2025-05-19 18:49:04.257 69739 INFO tempest.lib.common.rest_client [req-bc92c7a7-ec4b-47ff-94c1-c3b1294a2254 req-bc92c7a7-ec4b-47ff-94c1-c3b1294a2254 ] Request (HypervisorAdminTestJSON:setUpClass): 200 GET http://10.180.1.21/identity/v3/roles 0.099s
2025-05-19 18:49:04.277 69759 INFO tempest.lib.common.rest_client [req-833e1d20-e5c3-4682-853a-804cc1250d65 req-833e1d20-e5c3-4682-853a-804cc1250d65 ] Request (AggregatesAdminNegativeTestJSON:test_aggregate_delete_as_user): 200 POST http://10.180.1.21/compute/v2.1/os-aggregates 0.877s
2025-05-19 18:49:04.287 69793 INFO tempest.lib.common.rest_client [req-a81c2db5-daa7-49b0-b051-01e06783793a req-a81c2db5-daa7-49b0-b051-01e06783793a ] Request (ServersNegativeTestMultiTenantJSON:setUpClass): 200 PUT http://10.180.1.21:9696/networking/v2.0/routers/f25d4e07-3c07-4328-8bae-74d61d45af53/add_router_interface 3.123s
2025-05-19 18:49:04.287 69793 INFO tempest.lib.common.dynamic_creds [-] Created isolated network resources for: credentials: Credentials: {'domain_id': 'default', 'domain_name': 'Default', 'username': 'tempest-ServersNegativeTestMultiTenantJSON-123692000-project-member', 'project_domain_id': 'default', 'project_domain_name': 'Default', 'project_id': '16eeb20f0dcc4df9ab40f21b9895d332', 'project_name': 'tempest-ServersNegativeTestMultiTenantJSON-123692000', 'tenant_id': '16eeb20f0dcc4df9ab40f21b9895d332', 'tenant_name': 'tempest-ServersNegativeTestMultiTenantJSON-123692000', 'user_domain_id': 'default', 'user_domain_name': 'Default', 'user_id': '58804b38913547edb63db850208b7746', 'system': None}, Network: {'id': '8154edae-2aa1-4a85-be42-e804e500fab9', 'name': 'tempest-ServersNegativeTestMultiTenantJSON-2009524821-network', 'tenant_id': '16eeb20f0dcc4df9ab40f21b9895d332', 'admin_state_up': True, 'mtu': 8950, 'status': 'ACTIVE', 'subnets': [], 'shared': False, 'project_id': '16eeb20f0dcc4df9ab40f21b9895d332', 'port_security_enabled': True, 'router:external': False, 'provider:network_type': 'vlan', 'provider:physical_network': 'default', 'provider:segmentation_id': 873, 'availability_zone_hints': [], 'availability_zones': [], 'ipv4_address_scope': None, 'ipv6_address_scope': None, 'description': '', 'tags': [], 'created_at': '2025-05-19T18:48:58Z', 'updated_at': '2025-05-19T18:48:58Z', 'revision_number': 1}, Subnet: {'id': '1baca411-3f56-4b48-a638-eb225af0ea9e', 'name': 'tempest-ServersNegativeTestMultiTenantJSON-2009524821-subnet', 'tenant_id': '16eeb20f0dcc4df9ab40f21b9895d332', 'network_id': '8154edae-2aa1-4a85-be42-e804e500fab9', 'ip_version': 4, 'subnetpool_id': None, 'enable_dhcp': True, 'ipv6_ra_mode': None, 'ipv6_address_mode': None, 'gateway_ip': '192.168.128.1', 'cidr': '192.168.128.0/28', 'allocation_pools': [{'start': '192.168.128.2', 'end': '192.168.128.14'}], 'host_routes': [], 'dns_nameservers': [], 'description': '', 'router:external': False, 'service_types': [], 'tags': [], 'created_at': '2025-05-19T18:48:58Z', 'updated_at': '2025-05-19T18:48:58Z', 'revision_number': 0, 'project_id': '16eeb20f0dcc4df9ab40f21b9895d332'}, Router: {'id': 'f25d4e07-3c07-4328-8bae-74d61d45af53', 'name': 'tempest-ServersNegativeTestMultiTenantJSON-2009524821-router', 'tenant_id': '16eeb20f0dcc4df9ab40f21b9895d332', 'admin_state_up': True, 'status': 'ACTIVE', 'external_gateway_info': {'network_id': '109fead2-2e0b-46e4-84d5-5dcdcf5b282e', 'external_fixed_ips': [{'subnet_id': '66c1fd33-1eb8-4378-93ce-eae7bc5d3a09', 'ip_address': '10.180.180.179'}], 'enable_snat': True}, 'description': '', 'availability_zones': [], 'distributed': False, 'ha': False, 'availability_zone_hints': [], 'routes': [], 'flavor_id': None, 'tags': [], 'created_at': '2025-05-19T18:48:58Z', 'updated_at': '2025-05-19T18:49:00Z', 'revision_number': 2, 'project_id': '16eeb20f0dcc4df9ab40f21b9895d332'}
2025-05-19 18:49:04.295 69751 INFO tempest.lib.common.rest_client [req-feb51c53-c508-4bae-ae59-f831518ec9a5 req-feb51c53-c508-4bae-ae59-f831518ec9a5 ] Request (FlavorsAdminTestJSON:test_create_server_with_non_public_flavor): 400 POST http://10.180.1.21/compute/v2.1/servers 0.874s
2025-05-19 18:49:04.326 69757 INFO tempest.lib.common.rest_client [req-64f34346-82b3-4aa5-9e1e-dd6cb6d7a5a4 req-64f34346-82b3-4aa5-9e1e-dd6cb6d7a5a4 ] Request (ImagesTestJSON:test_delete_saving_image): 201 POST http://10.180.1.21/identity/v3/auth/tokens 0.068s
2025-05-19 18:49:04.326 69757 INFO tempest.lib.common.fixed_network [-] (ImagesTestJSON:test_delete_saving_image) Found network {'id': '0c8ece64-a5aa-4b6f-afeb-c80e71859a53', 'name': 'tempest-ImagesTestJSON-1703816147-network', 'tenant_id': '8dce7570ead54cfb9af64b3560a9f01d', 'admin_state_up': True, 'mtu': 8950, 'status': 'ACTIVE', 'subnets': [], 'shared': False, 'project_id': '8dce7570ead54cfb9af64b3560a9f01d', 'port_security_enabled': True, 'router:external': False, 'provider:network_type': 'vlan', 'provider:physical_network': 'default', 'provider:segmentation_id': 345, 'availability_zone_hints': [], 'availability_zones': [], 'ipv4_address_scope': None, 'ipv6_address_scope': None, 'description': '', 'tags': [], 'created_at': '2025-05-19T18:48:33Z', 'updated_at': '2025-05-19T18:48:33Z', 'revision_number': 1} available for tenant
2025-05-19 18:49:04.338 69741 INFO tempest.lib.common.rest_client [req-54116fda-91e6-4c23-8063-30305e965874 req-54116fda-91e6-4c23-8063-30305e965874 ] Request (MigrationsAdminTest:tearDownClass): 204 DELETE http://10.180.1.21/identity/v3/users/16141cd9bf2547b0890f170d785965e6 0.144s
2025-05-19 18:49:04.338 69741 INFO tempest.lib.common.dynamic_creds [-] Deleting project and security group for project: ce410a52bbed4de8a976495a1135df84
2025-05-19 18:49:04.395 69753 INFO tempest.lib.common.rest_client [req-295d2daf-d500-48e7-9d29-dfd4c5eb0971 req-295d2daf-d500-48e7-9d29-dfd4c5eb0971 ] Request (HypervisorAdminNegativeUnderV252Test:tearDownClass): 204 DELETE http://10.180.1.21:9696/networking/v2.0/security-groups/1a87452a-9b64-423c-a5e2-6c8585a95007 0.514s
2025-05-19 18:49:04.414 69739 INFO tempest.lib.common.rest_client [req-be94393d-dceb-4f6d-8960-c8acd9a93655 req-be94393d-dceb-4f6d-8960-c8acd9a93655 ] Request (HypervisorAdminTestJSON:setUpClass): 204 PUT http://10.180.1.21/identity/v3/projects/7202c596f1c44108acbe3fc1dbb3d41d/users/ad2538792b704e01a8c0677f8301c3c6/roles/b145f2edebe947658da02a7dcc0a6da9 0.157s
2025-05-19 18:49:04.420 69793 INFO tempest.lib.common.rest_client [req-7224afa7-b250-4cd4-842c-696426b3bed9 req-7224afa7-b250-4cd4-842c-696426b3bed9 ] Request (ServersNegativeTestMultiTenantJSON:setUpClass): 201 POST http://10.180.1.21/identity/v3/auth/tokens 0.127s
2025-05-19 18:49:04.435 69781 INFO tempest.lib.common.rest_client [req-018f09bb-a9ad-4536-909b-72b551a69276 req-018f09bb-a9ad-4536-909b-72b551a69276 ] Request (ValidationResourcesFixture:setUp): 201 POST http://10.180.1.21:9696/networking/v2.0/security-groups 0.589s
2025-05-19 18:49:04.445 69765 INFO tempest.lib.common.rest_client [req-81bbb5e7-d9a8-4d20-b32b-07e707bf48c7 req-81bbb5e7-d9a8-4d20-b32b-07e707bf48c7 ] Request (SecurityGroupRulesTestJSON:_run_cleanups): 202 DELETE http://10.180.1.21/compute/v2.1/os-security-group-rules/6bd9be36-6e1a-4e10-a7e5-c4be7d81874b 1.335s
2025-05-19 18:49:04.452 69737 INFO tempest.lib.common.rest_client [req-dffaa9b0-5607-47b8-9de3-50e53951485c req-dffaa9b0-5607-47b8-9de3-50e53951485c ] Request (FlavorsAccessNegativeTestJSON:test_flavor_non_admin_remove): 403 POST http://10.180.1.21/compute/v2.1/flavors/1196538022/action 0.642s
2025-05-19 18:49:04.484 69783 INFO tempest.lib.common.rest_client [req-d46f2edf-f758-4aa3-ac56-7b36c11231c9 req-d46f2edf-f758-4aa3-ac56-7b36c11231c9 ] Request (InstanceUsageAuditLogTestJSON:tearDownClass): 204 DELETE http://10.180.1.21:9696/networking/v2.0/security-groups/9caf37d4-95eb-4178-a5f1-423fe0428545 0.488s
2025-05-19 18:49:04.490 69741 INFO tempest.lib.common.rest_client [req-d20a3182-129f-494e-b739-abf68916f610 req-d20a3182-129f-494e-b739-abf68916f610 ] Request (MigrationsAdminTest:tearDownClass): 201 POST http://10.180.1.21/identity/v3/auth/tokens 0.152s
2025-05-19 18:49:04.511 69739 INFO tempest.lib.common.rest_client [req-b7425bbd-d0dc-4bab-8819-8221045cf3e7 req-b7425bbd-d0dc-4bab-8819-8221045cf3e7 ] Request (HypervisorAdminTestJSON:setUpClass): 200 GET http://10.180.1.21/identity/v3/roles 0.096s
2025-05-19 18:49:04.513 69787 INFO tempest.lib.common.rest_client [req-beca745f-f2da-4000-8974-8231d4caf92d req-beca745f-f2da-4000-8974-8231d4caf92d ] Request (QuotaClassesAdmin257Test:_run_cleanups): 200 PUT http://10.180.1.21/compute/v2.1/os-quota-class-sets/default 0.682s
2025-05-19 18:49:04.521 69775 INFO tempest.lib.common.rest_client [req-c0a45aca-47d2-43bf-aa62-c4a9a04feb3d req-c0a45aca-47d2-43bf-aa62-c4a9a04feb3d ] Request (TenantUsagesNegativeTestJSON:tearDownClass): 200 GET http://10.180.1.21:9696/networking/v2.0/security-groups?tenant_id=6e04439813364ce38dd7bc6bfe0e6dfa&name=default 0.945s
2025-05-19 18:49:04.535 69745 INFO tempest.lib.common.rest_client [req-a9d4e50c-cac2-49a3-86fe-4bf804b2bf43 req-a9d4e50c-cac2-49a3-86fe-4bf804b2bf43 ] Request (AZV2TestJSON:tearDownClass): 204 DELETE http://10.180.1.21:9696/networking/v2.0/security-groups/5b29c7a9-6543-458e-b5eb-6cd994c4ab96 0.427s
2025-05-19 18:49:04.573 69753 INFO tempest.lib.common.rest_client [req-ca419781-6e83-465d-929b-3c8960a36891 req-ca419781-6e83-465d-929b-3c8960a36891 ] Request (HypervisorAdminNegativeUnderV252Test:tearDownClass): 204 DELETE http://10.180.1.21/identity/v3/projects/9f2bf139e005443a918159307bc9de61 0.177s
2025-05-19 18:49:04.574 69753 INFO tempest.test [-] raised in LiveAutoBlockMigrationV225Test.setUpClass. Invoking tearDownClass.
2025-05-19 18:49:04.639 69793 INFO tempest.lib.common.rest_client [req-fd0c5587-bea3-4281-94a0-15311ef3c65a req-fd0c5587-bea3-4281-94a0-15311ef3c65a ] Request (ServersNegativeTestMultiTenantJSON:setUpClass): 201 POST http://10.180.1.21/identity/v3/projects 0.218s
2025-05-19 18:49:04.704 69761 INFO tempest.lib.common.rest_client [req-dd355c76-9c80-4c4a-8d23-5dd4ab9fad1a req-dd355c76-9c80-4c4a-8d23-5dd4ab9fad1a ] Request (QuotasAdminNegativeTest:_run_cleanups): 200 PUT http://10.180.1.21/compute/v2.1/os-quota-sets/db4656b00ace495dad75e02fa2cd7ed3 1.059s
2025-05-19 18:49:04.710 69739 INFO tempest.lib.common.rest_client [req-3fa416e6-2c1d-4920-a304-48de2ee0fcf4 req-3fa416e6-2c1d-4920-a304-48de2ee0fcf4 ] Request (HypervisorAdminTestJSON:setUpClass): 204 PUT http://10.180.1.21/identity/v3/projects/7202c596f1c44108acbe3fc1dbb3d41d/users/ad2538792b704e01a8c0677f8301c3c6/roles/b145f2edebe947658da02a7dcc0a6da9 0.199s
2025-05-19 18:49:04.710 69739 INFO tempest.lib.common.dynamic_creds [-] Dynamic test user ad2538792b704e01a8c0677f8301c3c6 is created with scope project and roles: ['admin']
2025-05-19 18:49:04.711 69739 INFO tempest.lib.common.dynamic_creds [-] Acquired dynamic creds: credentials: Credentials: {'domain_id': 'default', 'domain_name': 'Default', 'username': 'tempest-HypervisorAdminTestJSON-534136017-project-admin', 'project_domain_id': 'default', 'project_domain_name': 'Default', 'project_id': '7202c596f1c44108acbe3fc1dbb3d41d', 'project_name': 'tempest-HypervisorAdminTestJSON-534136017', 'tenant_id': '7202c596f1c44108acbe3fc1dbb3d41d', 'tenant_name': 'tempest-HypervisorAdminTestJSON-534136017', 'user_domain_id': 'default', 'user_domain_name': 'Default', 'user_id': 'ad2538792b704e01a8c0677f8301c3c6', 'system': None}, Network: None, Subnet: None, Router: None
2025-05-19 18:49:04.711 69739 INFO tempest.lib.common.dynamic_creds [-] Created isolated network resources for: credentials: Credentials: {'domain_id': 'default', 'domain_name': 'Default', 'username': 'tempest-HypervisorAdminTestJSON-534136017-project-admin', 'project_domain_id': 'default', 'project_domain_name': 'Default', 'project_id': '7202c596f1c44108acbe3fc1dbb3d41d', 'project_name': 'tempest-HypervisorAdminTestJSON-534136017', 'tenant_id': '7202c596f1c44108acbe3fc1dbb3d41d', 'tenant_name': 'tempest-HypervisorAdminTestJSON-534136017', 'user_domain_id': 'default', 'user_domain_name': 'Default', 'user_id': 'ad2538792b704e01a8c0677f8301c3c6', 'system': None}, Network: None, Subnet: None, Router: None
2025-05-19 18:49:04.748 69783 INFO tempest.lib.common.rest_client [req-6e57f34c-ce2a-479d-be5e-94e20ec80485 req-6e57f34c-ce2a-479d-be5e-94e20ec80485 ] Request (InstanceUsageAuditLogTestJSON:tearDownClass): 204 DELETE http://10.180.1.21/identity/v3/projects/eebb15d515d745f586a83118b9c47a50 0.261s
2025-05-19 18:49:04.748 69783 INFO tempest.lib.common.dynamic_creds [-] Deleting project and security group for project: 63027b3704a34d9eab8f19a6d7558010
2025-05-19 18:49:04.766 69781 INFO tempest.lib.common.rest_client [req-e7fc1bcd-7fbf-45cd-98be-4f4ac4a24675 req-e7fc1bcd-7fbf-45cd-98be-4f4ac4a24675 ] Request (ValidationResourcesFixture:setUp): 201 POST http://10.180.1.21:9696/networking/v2.0/security-group-rules 0.330s
2025-05-19 18:49:04.797 69791 INFO tempest.lib.common.rest_client [req-1db5df73-fdee-4a9f-b4c5-e44a9a4aef28 req-1db5df73-fdee-4a9f-b4c5-e44a9a4aef28 ] Request (VolumesAssistedSnapshotsTest:tearDownClass): 204 DELETE http://10.180.1.21:9696/networking/v2.0/floatingips/b4345e9c-7531-4823-9d02-b226b4ec217c 1.676s
2025-05-19 18:49:04.817 69791 INFO tempest.lib.common.rest_client [req-d7074c75-a576-4c9f-a4d5-08d370992edc req-d7074c75-a576-4c9f-a4d5-08d370992edc ] Request (VolumesAssistedSnapshotsTest:tearDownClass): 404 DELETE http://10.180.1.21/volume/v3/volumes/b8adc955-9c60-4c8f-9ef8-26d8045188f8 0.020s
2025-05-19 18:49:04.823 69775 INFO tempest.lib.common.rest_client [req-b00352d8-2569-4c9d-9ba2-94275a7ec79b req-b00352d8-2569-4c9d-9ba2-94275a7ec79b ] Request (TenantUsagesNegativeTestJSON:tearDownClass): 204 DELETE http://10.180.1.21:9696/networking/v2.0/security-groups/ed9b89ba-fa78-401f-ae73-8d1da22b341a 0.301s
2025-05-19 18:49:04.837 69791 INFO tempest.lib.common.rest_client [req-fcbd3794-7068-4fb6-a3ca-60db3d5814de req-fcbd3794-7068-4fb6-a3ca-60db3d5814de ] Request (VolumesAssistedSnapshotsTest:tearDownClass): 404 GET http://10.180.1.21/volume/v3/volumes/b8adc955-9c60-4c8f-9ef8-26d8045188f8 0.019s
2025-05-19 18:49:04.858 69743 INFO tempest.lib.common.rest_client [req-830dee14-be5e-44da-a220-52d346136b0a req-830dee14-be5e-44da-a220-52d346136b0a ] Request (ServicesAdminNegativeTestJSON:test_get_service_by_invalid_params): 200 GET http://10.180.1.21/compute/v2.1/os-services 0.918s
2025-05-19 18:49:04.864 69773 INFO tempest.lib.common.rest_client [req-33a80e8c-f853-4598-9534-6a02fe2c6814 req-33a80e8c-f853-4598-9534-6a02fe2c6814 ] Request (TenantUsagesTestJSON:setUpClass): 200 GET http://10.180.1.21/compute/v2.1/servers/90be798e-841d-48fe-8b68-d91e97b88499 0.924s
2025-05-19 18:49:04.871 69759 INFO tempest.lib.common.rest_client [req-fcaa7661-ff91-44ce-8c32-ea074e9b7eca req-fcaa7661-ff91-44ce-8c32-ea074e9b7eca ] Request (AggregatesAdminNegativeTestJSON:test_aggregate_delete_as_user): 403 DELETE http://10.180.1.21/compute/v2.1/os-aggregates/5 0.592s
2025-05-19 18:49:04.893 69751 INFO tempest.lib.common.rest_client [req-92b09001-ee15-4d0b-857e-6f1250aef8a8 req-92b09001-ee15-4d0b-857e-6f1250aef8a8 ] Request (FlavorsAdminTestJSON:_run_cleanups): 202 DELETE http://10.180.1.21/compute/v2.1/flavors/1483951927 0.597s
2025-05-19 18:49:04.905 69787 INFO tempest.lib.common.rest_client [req-ebfae6e2-7043-4e6c-86d1-65cc233735a7 req-ebfae6e2-7043-4e6c-86d1-65cc233735a7 ] Request (QuotaClassesAdmin257Test:tearDownClass): 204 DELETE http://10.180.1.21/identity/v3/users/224aee3b9cb44c84800da3d2fb39eab9 0.385s
2025-05-19 18:49:04.918 69769 INFO tempest.lib.common.rest_client [req-311b091d-8b04-4696-bd7d-a34ac77b93b1 req-311b091d-8b04-4696-bd7d-a34ac77b93b1 ] Request (QuotasAdminTestV257:test_get_updated_quotas): 200 GET http://10.180.1.21/identity/v3/domains?name=Default 0.395s
2025-05-19 18:49:04.971 69753 INFO tempest.lib.common.rest_client [req-6d392c3c-79d6-4ad7-be97-191e33e717dd req-6d392c3c-79d6-4ad7-be97-191e33e717dd ] Request (ListServersNegativeTestJSON:setUpClass): 201 POST http://10.180.1.21/identity/v3/auth/tokens 0.394s
2025-05-19 18:49:04.996 69793 INFO tempest.lib.common.rest_client [req-a0966fec-b65a-4df4-9c12-5bacb01b1f0b req-a0966fec-b65a-4df4-9c12-5bacb01b1f0b ] Request (ServersNegativeTestMultiTenantJSON:setUpClass): 201 POST http://10.180.1.21/identity/v3/users 0.357s
2025-05-19 18:49:05.006 69745 INFO tempest.lib.common.rest_client [req-425a05df-bed8-456c-b47a-70d152886363 req-425a05df-bed8-456c-b47a-70d152886363 ] Request (AZV2TestJSON:tearDownClass): 204 DELETE http://10.180.1.21/identity/v3/projects/f88bb07c6ee04c29a0b752579927f5a8 0.470s
2025-05-19 18:49:05.060 69739 INFO tempest.lib.common.rest_client [req-9a885e4e-d8d7-412e-a3a9-97efd8494323 req-9a885e4e-d8d7-412e-a3a9-97efd8494323 ] Request (HypervisorAdminTestJSON:setUpClass): 201 POST http://10.180.1.21/identity/v3/auth/tokens 0.343s
2025-05-19 18:49:05.071 69763 INFO tempest.lib.common.rest_client [req-cdc6e374-532f-4ba3-9086-862fdb091d1b req-cdc6e374-532f-4ba3-9086-862fdb091d1b ] Request (SecurityGroupsNegativeTestJSON:setUpClass): 201 POST http://10.180.1.21:9696/networking/v2.0/networks 1.006s
2025-05-19 18:49:05.107 69741 INFO tempest.lib.common.rest_client [req-0959a84b-f218-41a0-be3d-96aece05f2f9 req-0959a84b-f218-41a0-be3d-96aece05f2f9 ] Request (MigrationsAdminTest:tearDownClass): 200 GET http://10.180.1.21:9696/networking/v2.0/security-groups?tenant_id=ce410a52bbed4de8a976495a1135df84&name=default 0.616s
2025-05-19 18:49:05.114 69775 INFO tempest.lib.common.rest_client [req-a7219c5b-0b4d-4380-bff1-e053edbe93c9 req-a7219c5b-0b4d-4380-bff1-e053edbe93c9 ] Request (TenantUsagesNegativeTestJSON:tearDownClass): 204 DELETE http://10.180.1.21/identity/v3/projects/6e04439813364ce38dd7bc6bfe0e6dfa 0.291s
2025-05-19 18:49:05.115 69775 INFO tempest.test [-] raised in ServerPersonalityTestJSON.setUpClass. Invoking tearDownClass.
2025-05-19 18:49:05.136 69787 INFO tempest.lib.common.rest_client [req-85ae6b3d-d80a-4fad-ae61-951af6442ab8 req-85ae6b3d-d80a-4fad-ae61-951af6442ab8 ] Request (QuotaClassesAdmin257Test:tearDownClass): 204 DELETE http://10.180.1.21/identity/v3/users/11e1e952b8784231a68b34c2246039e9 0.231s
2025-05-19 18:49:05.137 69787 INFO tempest.lib.common.dynamic_creds [-] Deleting project and security group for project: bdb06e57f3a14be084f45b17b748c1bb
2025-05-19 18:49:05.141 69783 INFO tempest.lib.common.rest_client [req-f978c70f-bf3a-4bd2-ae76-c9dc09b52a0f req-f978c70f-bf3a-4bd2-ae76-c9dc09b52a0f ] Request (InstanceUsageAuditLogTestJSON:tearDownClass): 200 GET http://10.180.1.21:9696/networking/v2.0/security-groups?tenant_id=63027b3704a34d9eab8f19a6d7558010&name=default 0.392s
2025-05-19 18:49:05.140 69789 INFO tempest.lib.common.rest_client [req-f2691850-55b2-4e55-8631-f18df9a2961f req-f2691850-55b2-4e55-8631-f18df9a2961f ] Request (ListImageFiltersTestJSON:setUpClass): 204 DELETE http://10.180.1.21/compute/v2.1/servers/46e60563-09ca-4120-8189-4f97eae43c16 0.913s
2025-05-19 18:49:05.170 69781 INFO tempest.lib.common.rest_client [req-e9bff245-ca87-41e6-8132-7db341342c6b req-e9bff245-ca87-41e6-8132-7db341342c6b ] Request (ValidationResourcesFixture:setUp): 201 POST http://10.180.1.21:9696/networking/v2.0/security-group-rules 0.403s
2025-05-19 18:49:05.202 69753 INFO tempest.lib.common.rest_client [req-72681d4e-e8ce-46e8-acd3-194f3f3e91dd req-72681d4e-e8ce-46e8-acd3-194f3f3e91dd ] Request (ListServersNegativeTestJSON:setUpClass): 201 POST http://10.180.1.21/identity/v3/auth/tokens 0.227s
2025-05-19 18:49:05.226 69793 INFO tempest.lib.common.rest_client [req-41a2aa84-3cf0-4501-8543-a7c0a6461810 req-41a2aa84-3cf0-4501-8543-a7c0a6461810 ] Request (ServersNegativeTestMultiTenantJSON:setUpClass): 200 GET http://10.180.1.21/identity/v3/roles 0.229s
2025-05-19 18:49:05.235 69769 INFO tempest.lib.common.rest_client [req-11808173-ec5b-451c-a29f-d332c1f3518b req-11808173-ec5b-451c-a29f-d332c1f3518b ] Request (QuotasAdminTestV257:test_get_updated_quotas): 201 POST http://10.180.1.21/identity/v3/projects 0.317s
2025-05-19 18:49:05.291 69745 INFO tempest.lib.common.rest_client [req-347b3b3b-ca57-41f8-a827-c1789926bda6 req-347b3b3b-ca57-41f8-a827-c1789926bda6 ] Request (MultipleCreateNegativeTestJSON:setUpClass): 201 POST http://10.180.1.21/identity/v3/auth/tokens 0.283s
2025-05-19 18:49:05.303 69775 INFO tempest.lib.common.rest_client [req-a32c91dc-332f-47c9-9479-d15e25437b01 req-a32c91dc-332f-47c9-9479-d15e25437b01 ] Request (ServerShowV254Test:setUpClass): 201 POST http://10.180.1.21/identity/v3/auth/tokens 0.184s
2025-05-19 18:49:05.315 69787 INFO tempest.lib.common.rest_client [req-398612fd-949d-45b2-b9c7-62fb25340f5b req-398612fd-949d-45b2-b9c7-62fb25340f5b ] Request (QuotaClassesAdmin257Test:tearDownClass): 201 POST http://10.180.1.21/identity/v3/auth/tokens 0.178s
2025-05-19 18:49:05.324 69753 INFO tempest.lib.common.rest_client [req-4cdf01ad-9797-4703-8dd7-badc73886e18 req-4cdf01ad-9797-4703-8dd7-badc73886e18 ] Request (ListServersNegativeTestJSON:setUpClass): 200 GET http://10.180.1.21/identity/v3/domains?name=Default 0.121s
2025-05-19 18:49:05.340 69793 INFO tempest.lib.common.rest_client [req-78488055-5a5b-4b45-9d21-688b5a0e7acf req-78488055-5a5b-4b45-9d21-688b5a0e7acf ] Request (ServersNegativeTestMultiTenantJSON:setUpClass): 204 PUT http://10.180.1.21/identity/v3/projects/4f4141d411ea402eae174d07750ecce9/users/f674562246884ab590fd8df5dada2f07/roles/eea3e0f4155e44c9bcbed79a08e1b091 0.113s
2025-05-19 18:49:05.340 69793 INFO tempest.lib.common.dynamic_creds [-] Dynamic test user f674562246884ab590fd8df5dada2f07 is created with scope project and roles: ['member']
2025-05-19 18:49:05.340 69793 INFO tempest.lib.common.dynamic_creds [-] Acquired dynamic creds: credentials: Credentials: {'domain_id': 'default', 'domain_name': 'Default', 'username': 'tempest-ServersNegativeTestMultiTenantJSON-132885275-project-member', 'project_domain_id': 'default', 'project_domain_name': 'Default', 'project_id': '4f4141d411ea402eae174d07750ecce9', 'project_name': 'tempest-ServersNegativeTestMultiTenantJSON-132885275', 'tenant_id': '4f4141d411ea402eae174d07750ecce9', 'tenant_name': 'tempest-ServersNegativeTestMultiTenantJSON-132885275', 'user_domain_id': 'default', 'user_domain_name': 'Default', 'user_id': 'f674562246884ab590fd8df5dada2f07', 'system': None}, Network: None, Subnet: None, Router: None
2025-05-19 18:49:05.396 69745 INFO tempest.lib.common.rest_client [req-5c39d03e-e55c-4590-94ff-7e4df03061cf req-5c39d03e-e55c-4590-94ff-7e4df03061cf ] Request (MultipleCreateNegativeTestJSON:setUpClass): 201 POST http://10.180.1.21/identity/v3/auth/tokens 0.102s
2025-05-19 18:49:05.415 69769 INFO tempest.lib.common.rest_client [req-e5910763-3209-4bab-b4e7-91f3b6f783cc req-e5910763-3209-4bab-b4e7-91f3b6f783cc ] Request (QuotasAdminTestV257:test_get_updated_quotas): 200 GET http://10.180.1.21/identity/v3/domains?name=Default 0.179s
2025-05-19 18:49:05.419 69775 INFO tempest.lib.common.rest_client [req-c53619ae-f3f2-49a6-830e-db0f31383396 req-c53619ae-f3f2-49a6-830e-db0f31383396 ] Request (ServerShowV254Test:setUpClass): 201 POST http://10.180.1.21/identity/v3/auth/tokens 0.112s
2025-05-19 18:49:05.440 69753 INFO tempest.lib.common.rest_client [req-5cfdf2ad-5a52-42eb-b194-019a1a540d5b req-5cfdf2ad-5a52-42eb-b194-019a1a540d5b ] Request (ListServersNegativeTestJSON:setUpClass): 201 POST http://10.180.1.21/identity/v3/projects 0.116s
2025-05-19 18:49:05.473 69771 INFO tempest.lib.common.rest_client [req-e8190e42-d17b-481d-b510-3be485982f7e req-e8190e42-d17b-481d-b510-3be485982f7e ] Request (AttachInterfacesUnderV243Test:tearDownClass): 200 PUT http://10.180.1.21:9696/networking/v2.0/routers/0ef28683-8451-4649-b841-5d1c87fb59ce/remove_router_interface 4.707s
2025-05-19 18:49:05.495 69745 INFO tempest.lib.common.rest_client [req-6ada68f1-241e-4599-95a9-62e08d9b7e6a req-6ada68f1-241e-4599-95a9-62e08d9b7e6a ] Request (MultipleCreateNegativeTestJSON:setUpClass): 200 GET http://10.180.1.21/identity/v3/domains?name=Default 0.099s
2025-05-19 18:49:05.519 69775 INFO tempest.lib.common.rest_client [req-4013c476-36bd-4751-889b-76d404d3acd3 req-4013c476-36bd-4751-889b-76d404d3acd3 ] Request (ServerShowV254Test:setUpClass): 200 GET http://10.180.1.21/identity/v3/domains?name=Default 0.099s
2025-05-19 18:49:05.523 69753 INFO tempest.lib.common.rest_client [req-d982b018-3bca-44d3-befa-4e6ed9f39671 req-d982b018-3bca-44d3-befa-4e6ed9f39671 ] Request (ListServersNegativeTestJSON:setUpClass): 201 POST http://10.180.1.21/identity/v3/users 0.082s
2025-05-19 18:49:05.541 69745 INFO tempest.lib.common.rest_client [req-3c6480e1-82f9-46c0-bd3f-c536318f44d6 req-3c6480e1-82f9-46c0-bd3f-c536318f44d6 ] Request (MultipleCreateNegativeTestJSON:setUpClass): 201 POST http://10.180.1.21/identity/v3/projects 0.045s
2025-05-19 18:49:05.548 69775 INFO tempest.lib.common.rest_client [req-22a8ce22-6a1f-4b77-93e8-45ec5a1dc0eb req-22a8ce22-6a1f-4b77-93e8-45ec5a1dc0eb ] Request (ServerShowV254Test:setUpClass): 201 POST http://10.180.1.21/identity/v3/projects 0.028s
2025-05-19 18:49:05.598 69745 INFO tempest.lib.common.rest_client [req-87855fd7-087f-41fc-98b9-88287a740be8 req-87855fd7-087f-41fc-98b9-88287a740be8 ] Request (MultipleCreateNegativeTestJSON:setUpClass): 201 POST http://10.180.1.21/identity/v3/users 0.056s
2025-05-19 18:49:05.614 69753 INFO tempest.lib.common.rest_client [req-cb68170e-0d09-4e7b-8e1b-971ceba391f7 req-cb68170e-0d09-4e7b-8e1b-971ceba391f7 ] Request (ListServersNegativeTestJSON:setUpClass): 200 GET http://10.180.1.21/identity/v3/roles 0.091s
2025-05-19 18:49:05.618 69775 INFO tempest.lib.common.rest_client [req-97948cd7-cb2b-470c-80f4-2399d4237b47 req-97948cd7-cb2b-470c-80f4-2399d4237b47 ] Request (ServerShowV254Test:setUpClass): 201 POST http://10.180.1.21/identity/v3/users 0.069s
2025-05-19 18:49:05.632 69745 INFO tempest.lib.common.rest_client [req-8ddb717a-cd0a-49a4-a56a-876010bbcb23 req-8ddb717a-cd0a-49a4-a56a-876010bbcb23 ] Request (MultipleCreateNegativeTestJSON:setUpClass): 200 GET http://10.180.1.21/identity/v3/roles 0.033s
2025-05-19 18:49:05.644 69753 INFO tempest.lib.common.rest_client [req-74d8d3f1-d1a1-4cbe-a397-8266707b68e7 req-74d8d3f1-d1a1-4cbe-a397-8266707b68e7 ] Request (ListServersNegativeTestJSON:setUpClass): 204 PUT http://10.180.1.21/identity/v3/projects/17d9a92d52134b23999d3e2b6c3f8559/users/69949ff8d8bc44549340c1b6b2a94c0f/roles/eea3e0f4155e44c9bcbed79a08e1b091 0.029s
2025-05-19 18:49:05.644 69753 INFO tempest.lib.common.dynamic_creds [-] Dynamic test user 69949ff8d8bc44549340c1b6b2a94c0f is created with scope project and roles: ['member']
2025-05-19 18:49:05.644 69753 INFO tempest.lib.common.dynamic_creds [-] Acquired dynamic creds: credentials: Credentials: {'domain_id': 'default', 'domain_name': 'Default', 'username': 'tempest-ListServersNegativeTestJSON-1599202292-project-member', 'project_domain_id': 'default', 'project_domain_name': 'Default', 'project_id': '17d9a92d52134b23999d3e2b6c3f8559', 'project_name': 'tempest-ListServersNegativeTestJSON-1599202292', 'tenant_id': '17d9a92d52134b23999d3e2b6c3f8559', 'tenant_name': 'tempest-ListServersNegativeTestJSON-1599202292', 'user_domain_id': 'default', 'user_domain_name': 'Default', 'user_id': '69949ff8d8bc44549340c1b6b2a94c0f', 'system': None}, Network: None, Subnet: None, Router: None
2025-05-19 18:49:05.647 69775 INFO tempest.lib.common.rest_client [req-fef3d99d-6797-4d87-9635-3a2c396ca46b req-fef3d99d-6797-4d87-9635-3a2c396ca46b ] Request (ServerShowV254Test:setUpClass): 200 GET http://10.180.1.21/identity/v3/roles 0.028s
2025-05-19 18:49:05.695 69745 INFO tempest.lib.common.rest_client [req-d47a26c8-d9e5-4001-ad75-907101608f49 req-d47a26c8-d9e5-4001-ad75-907101608f49 ] Request (MultipleCreateNegativeTestJSON:setUpClass): 204 PUT http://10.180.1.21/identity/v3/projects/f1a60ca8a25b45069de840810599d76c/users/95393e79c1d943b1958f36caa8077e6e/roles/eea3e0f4155e44c9bcbed79a08e1b091 0.062s
2025-05-19 18:49:05.695 69745 INFO tempest.lib.common.dynamic_creds [-] Dynamic test user 95393e79c1d943b1958f36caa8077e6e is created with scope project and roles: ['member']
2025-05-19 18:49:05.695 69745 INFO tempest.lib.common.dynamic_creds [-] Acquired dynamic creds: credentials: Credentials: {'domain_id': 'default', 'domain_name': 'Default', 'username': 'tempest-MultipleCreateNegativeTestJSON-1114454007-project-member', 'project_domain_id': 'default', 'project_domain_name': 'Default', 'project_id': 'f1a60ca8a25b45069de840810599d76c', 'project_name': 'tempest-MultipleCreateNegativeTestJSON-1114454007', 'tenant_id': 'f1a60ca8a25b45069de840810599d76c', 'tenant_name': 'tempest-MultipleCreateNegativeTestJSON-1114454007', 'user_domain_id': 'default', 'user_domain_name': 'Default', 'user_id': '95393e79c1d943b1958f36caa8077e6e', 'system': None}, Network: None, Subnet: None, Router: None
2025-05-19 18:49:05.695 69745 INFO tempest.lib.common.dynamic_creds [-] Created isolated network resources for: credentials: Credentials: {'domain_id': 'default', 'domain_name': 'Default', 'username': 'tempest-MultipleCreateNegativeTestJSON-1114454007-project-member', 'project_domain_id': 'default', 'project_domain_name': 'Default', 'project_id': 'f1a60ca8a25b45069de840810599d76c', 'project_name': 'tempest-MultipleCreateNegativeTestJSON-1114454007', 'tenant_id': 'f1a60ca8a25b45069de840810599d76c', 'tenant_name': 'tempest-MultipleCreateNegativeTestJSON-1114454007', 'user_domain_id': 'default', 'user_domain_name': 'Default', 'user_id': '95393e79c1d943b1958f36caa8077e6e', 'system': None}, Network: None, Subnet: None, Router: None
2025-05-19 18:49:05.701 69741 INFO tempest.lib.common.rest_client [req-57c4b546-ab39-4303-abd0-fec169555727 req-57c4b546-ab39-4303-abd0-fec169555727 ] Request (MigrationsAdminTest:tearDownClass): 204 DELETE http://10.180.1.21:9696/networking/v2.0/security-groups/e4669803-51a2-4d98-97cf-189607b51069 0.593s
2025-05-19 18:49:05.701 69753 INFO tempest.lib.common.rest_client [req-0c7aac6f-7a75-4619-8eb1-bf515bea1450 req-0c7aac6f-7a75-4619-8eb1-bf515bea1450 ] Request (ListServersNegativeTestJSON:setUpClass): 201 POST http://10.180.1.21/identity/v3/auth/tokens 0.057s
2025-05-19 18:49:05.719 69783 INFO tempest.lib.common.rest_client [req-ed2ff0d9-65f8-4743-9b0f-cdca7e24c21a req-ed2ff0d9-65f8-4743-9b0f-cdca7e24c21a ] Request (InstanceUsageAuditLogTestJSON:tearDownClass): 204 DELETE http://10.180.1.21:9696/networking/v2.0/security-groups/d06f9fcc-465d-47b3-91c6-ba94fc165d09 0.578s
2025-05-19 18:49:05.747 69775 INFO tempest.lib.common.rest_client [req-b052eed8-4140-4b4e-8ea8-4a86004f024c req-b052eed8-4140-4b4e-8ea8-4a86004f024c ] Request (ServerShowV254Test:setUpClass): 204 PUT http://10.180.1.21/identity/v3/projects/612be10cd05a4654b19bbf9dc83b0d7d/users/01eb64196bee47da9ec2b701b77b4796/roles/eea3e0f4155e44c9bcbed79a08e1b091 0.100s
2025-05-19 18:49:05.747 69775 INFO tempest.lib.common.dynamic_creds [-] Dynamic test user 01eb64196bee47da9ec2b701b77b4796 is created with scope project and roles: ['member']
2025-05-19 18:49:05.747 69775 INFO tempest.lib.common.dynamic_creds [-] Acquired dynamic creds: credentials: Credentials: {'domain_id': 'default', 'domain_name': 'Default', 'username': 'tempest-ServerShowV254Test-2118902262-project-member', 'project_domain_id': 'default', 'project_domain_name': 'Default', 'project_id': '612be10cd05a4654b19bbf9dc83b0d7d', 'project_name': 'tempest-ServerShowV254Test-2118902262', 'tenant_id': '612be10cd05a4654b19bbf9dc83b0d7d', 'tenant_name': 'tempest-ServerShowV254Test-2118902262', 'user_domain_id': 'default', 'user_domain_name': 'Default', 'user_id': '01eb64196bee47da9ec2b701b77b4796', 'system': None}, Network: None, Subnet: None, Router: None
2025-05-19 18:49:05.747 69775 INFO tempest.lib.common.dynamic_creds [-] Created isolated network resources for: credentials: Credentials: {'domain_id': 'default', 'domain_name': 'Default', 'username': 'tempest-ServerShowV254Test-2118902262-project-member', 'project_domain_id': 'default', 'project_domain_name': 'Default', 'project_id': '612be10cd05a4654b19bbf9dc83b0d7d', 'project_name': 'tempest-ServerShowV254Test-2118902262', 'tenant_id': '612be10cd05a4654b19bbf9dc83b0d7d', 'tenant_name': 'tempest-ServerShowV254Test-2118902262', 'user_domain_id': 'default', 'user_domain_name': 'Default', 'user_id': '01eb64196bee47da9ec2b701b77b4796', 'system': None}, Network: None, Subnet: None, Router: None
2025-05-19 18:49:05.783 69779 INFO tempest.lib.common.rest_client [req-beb45f3b-3cdd-4ff9-b1e2-597d1f60a3c9 req-beb45f3b-3cdd-4ff9-b1e2-597d1f60a3c9 ] Request (ServersWithSpecificFlavorTestJSON:_run_cleanups): 204 DELETE http://10.180.1.21:9696/networking/v2.0/floatingips/098998c5-dcdd-41a5-bf77-2a8d1610e248 1.843s
2025-05-19 18:49:05.793 69765 INFO tempest.lib.common.rest_client [req-1d973fb0-bef6-4a94-b302-6d98c10effae req-1d973fb0-bef6-4a94-b302-6d98c10effae ] Request (SecurityGroupRulesTestJSON:tearDownClass): 202 DELETE http://10.180.1.21/compute/v2.1/os-security-groups/16fedd12-5da3-4687-8ee9-c4f13a6662ea 1.347s
2025-05-19 18:49:05.796 69749 INFO tempest.lib.common.rest_client [req-036d9c3f-91f6-49fd-8197-2f0383028beb req-036d9c3f-91f6-49fd-8197-2f0383028beb ] Request (ServersV294TestFqdnHostnames:setUpClass): 201 POST http://10.180.1.21:9696/networking/v2.0/subnets 1.813s
2025-05-19 18:49:05.804 69741 INFO tempest.lib.common.rest_client [req-c01b6864-2f71-4d86-9cb3-02f055b901f9 req-c01b6864-2f71-4d86-9cb3-02f055b901f9 ] Request (MigrationsAdminTest:tearDownClass): 204 DELETE http://10.180.1.21/identity/v3/projects/ce410a52bbed4de8a976495a1135df84 0.102s
2025-05-19 18:49:05.804 69741 INFO tempest.lib.common.dynamic_creds [-] Deleting project and security group for project: 33df7b7d74584ad8a6eee25162671da7
2025-05-19 18:49:05.810 69745 INFO tempest.lib.common.rest_client [req-ce88ed17-35e8-4617-9449-0d7f83e43559 req-ce88ed17-35e8-4617-9449-0d7f83e43559 ] Request (MultipleCreateNegativeTestJSON:setUpClass): 201 POST http://10.180.1.21/identity/v3/auth/tokens 0.104s
2025-05-19 18:49:05.906 69783 INFO tempest.lib.common.rest_client [req-6f5df9b5-9a6c-40c4-901b-aafd1b6bab0b req-6f5df9b5-9a6c-40c4-901b-aafd1b6bab0b ] Request (InstanceUsageAuditLogTestJSON:tearDownClass): 204 DELETE http://10.180.1.21/identity/v3/projects/63027b3704a34d9eab8f19a6d7558010 0.186s
2025-05-19 18:49:05.934 69775 INFO tempest.lib.common.rest_client [req-bb8b6270-2502-41be-93e7-450ae30de7ad req-bb8b6270-2502-41be-93e7-450ae30de7ad ] Request (ServerShowV254Test:setUpClass): 201 POST http://10.180.1.21/identity/v3/auth/tokens 0.182s
2025-05-19 18:49:05.960 69745 INFO tempest.lib.common.rest_client [req-99d9c45a-17f1-4cb4-bf1a-30d9818c8d9d req-99d9c45a-17f1-4cb4-bf1a-30d9818c8d9d ] Request (MultipleCreateNegativeTestJSON:test_max_count_less_than_min_count): 201 POST http://10.180.1.21/identity/v3/auth/tokens 0.146s
2025-05-19 18:49:05.961 69745 INFO tempest.lib.common.fixed_network [-] (MultipleCreateNegativeTestJSON:test_max_count_less_than_min_count) Found network None available for tenant
2025-05-19 18:49:05.990 69783 INFO tempest.lib.common.rest_client [req-1f7d9813-5399-41c8-9638-3cfa5d45c702 req-1f7d9813-5399-41c8-9638-3cfa5d45c702 ] Request (ServicesAdminTestJSON:setUpClass): 201 POST http://10.180.1.21/identity/v3/auth/tokens 0.082s
2025-05-19 18:49:06.016 69775 INFO tempest.lib.common.rest_client [req-de6a4963-472e-460d-865a-749b7c4e2123 req-de6a4963-472e-460d-865a-749b7c4e2123 ] Request (ServerShowV254Test:test_rebuild_server): 201 POST http://10.180.1.21/identity/v3/auth/tokens 0.078s
2025-05-19 18:49:06.016 69775 INFO tempest.lib.common.fixed_network [-] (ServerShowV254Test:test_rebuild_server) Found network None available for tenant
2025-05-19 18:49:06.041 69783 INFO tempest.lib.common.rest_client [req-4330b0f4-3bb2-4438-803a-7c64d58fb69c req-4330b0f4-3bb2-4438-803a-7c64d58fb69c ] Request (ServicesAdminTestJSON:setUpClass): 201 POST http://10.180.1.21/identity/v3/auth/tokens 0.047s
2025-05-19 18:49:06.064 69783 INFO tempest.lib.common.rest_client [req-5b9a3f0f-1647-45ac-95f4-95582665a39f req-5b9a3f0f-1647-45ac-95f4-95582665a39f ] Request (ServicesAdminTestJSON:setUpClass): 200 GET http://10.180.1.21/identity/v3/domains?name=Default 0.022s
2025-05-19 18:49:06.104 69783 INFO tempest.lib.common.rest_client [req-461b53e9-9336-4471-bd58-7738d0a3d6a1 req-461b53e9-9336-4471-bd58-7738d0a3d6a1 ] Request (ServicesAdminTestJSON:setUpClass): 201 POST http://10.180.1.21/identity/v3/projects 0.039s
2025-05-19 18:49:06.108 69737 INFO tempest.lib.common.rest_client [req-ae0225e8-bbe7-4dac-a5fd-203730574322 req-ae0225e8-bbe7-4dac-a5fd-203730574322 ] Request (FlavorsAccessNegativeTestJSON:_run_cleanups): 200 POST http://10.180.1.21/compute/v2.1/flavors/1196538022/action 1.655s
2025-05-19 18:49:06.112 69761 INFO tempest.lib.common.rest_client [req-6a12aafe-1ffa-4f98-95d4-c9611aacc380 req-6a12aafe-1ffa-4f98-95d4-c9611aacc380 ] Request (QuotasAdminNegativeTest:test_update_quota_normal_user): 403 PUT http://10.180.1.21/compute/v2.1/os-quota-sets/db4656b00ace495dad75e02fa2cd7ed3 1.404s
2025-05-19 18:49:06.115 69763 INFO tempest.lib.common.rest_client [req-4336d11a-50e6-4379-a63f-bf676d78aa78 req-4336d11a-50e6-4379-a63f-bf676d78aa78 ] Request (SecurityGroupsNegativeTestJSON:setUpClass): 201 POST http://10.180.1.21:9696/networking/v2.0/subnets 1.043s
2025-05-19 18:49:06.144 69743 INFO tempest.lib.common.rest_client [req-b9130452-1cf0-4368-a414-7b4c9c8d552f req-b9130452-1cf0-4368-a414-7b4c9c8d552f ] Request (ServicesAdminNegativeTestJSON:test_get_service_by_invalid_params): 200 GET http://10.180.1.21/compute/v2.1/os-services?xxx=nova-compute 1.281s
2025-05-19 18:49:06.202 69783 INFO tempest.lib.common.rest_client [req-57f5505e-ae62-417c-af23-45c59b124a7a req-57f5505e-ae62-417c-af23-45c59b124a7a ] Request (ServicesAdminTestJSON:setUpClass): 201 POST http://10.180.1.21/identity/v3/users 0.096s
2025-05-19 18:49:06.245 69761 INFO tempest.lib.common.rest_client [req-d0456c64-68c9-4b4e-b082-20c373587610 req-d0456c64-68c9-4b4e-b082-20c373587610 ] Request (QuotasAdminNegativeTest:tearDownClass): 204 DELETE http://10.180.1.21/identity/v3/users/2137c18359394cb7a19d7bc1daeb2c51 0.132s
2025-05-19 18:49:06.273 69783 INFO tempest.lib.common.rest_client [req-c6a1ee60-fa2d-4c62-bef1-df4a988169b1 req-c6a1ee60-fa2d-4c62-bef1-df4a988169b1 ] Request (ServicesAdminTestJSON:setUpClass): 200 GET http://10.180.1.21/identity/v3/roles 0.070s
2025-05-19 18:49:06.324 69783 INFO tempest.lib.common.rest_client [req-3ca07537-6dc2-4940-8a47-5066cf9da76d req-3ca07537-6dc2-4940-8a47-5066cf9da76d ] Request (ServicesAdminTestJSON:setUpClass): 204 PUT http://10.180.1.21/identity/v3/projects/1ce003028cd8471cbb0445a691f2ec28/users/fbcb146c9de04437b2eb120281de6084/roles/eea3e0f4155e44c9bcbed79a08e1b091 0.051s
2025-05-19 18:49:06.324 69783 INFO tempest.lib.common.dynamic_creds [-] Dynamic test user fbcb146c9de04437b2eb120281de6084 is created with scope project and roles: ['member']
2025-05-19 18:49:06.324 69783 INFO tempest.lib.common.dynamic_creds [-] Acquired dynamic creds: credentials: Credentials: {'domain_id': 'default', 'domain_name': 'Default', 'username': 'tempest-ServicesAdminTestJSON-1039461619-project-member', 'project_domain_id': 'default', 'project_domain_name': 'Default', 'project_id': '1ce003028cd8471cbb0445a691f2ec28', 'project_name': 'tempest-ServicesAdminTestJSON-1039461619', 'tenant_id': '1ce003028cd8471cbb0445a691f2ec28', 'tenant_name': 'tempest-ServicesAdminTestJSON-1039461619', 'user_domain_id': 'default', 'user_domain_name': 'Default', 'user_id': 'fbcb146c9de04437b2eb120281de6084', 'system': None}, Network: None, Subnet: None, Router: None
2025-05-19 18:49:06.325 69783 INFO tempest.lib.common.dynamic_creds [-] Created isolated network resources for: credentials: Credentials: {'domain_id': 'default', 'domain_name': 'Default', 'username': 'tempest-ServicesAdminTestJSON-1039461619-project-member', 'project_domain_id': 'default', 'project_domain_name': 'Default', 'project_id': '1ce003028cd8471cbb0445a691f2ec28', 'project_name': 'tempest-ServicesAdminTestJSON-1039461619', 'tenant_id': '1ce003028cd8471cbb0445a691f2ec28', 'tenant_name': 'tempest-ServicesAdminTestJSON-1039461619', 'user_domain_id': 'default', 'user_domain_name': 'Default', 'user_id': 'fbcb146c9de04437b2eb120281de6084', 'system': None}, Network: None, Subnet: None, Router: None
2025-05-19 18:49:06.345 69787 INFO tempest.lib.common.rest_client [req-087a9d17-bd3e-42bd-9757-279a2944e7be req-087a9d17-bd3e-42bd-9757-279a2944e7be ] Request (QuotaClassesAdmin257Test:tearDownClass): 200 GET http://10.180.1.21:9696/networking/v2.0/security-groups?tenant_id=bdb06e57f3a14be084f45b17b748c1bb&name=default 1.029s
2025-05-19 18:49:06.349 69793 INFO tempest.lib.common.rest_client [req-0d6597df-6883-4c9e-af41-b140332216e8 req-0d6597df-6883-4c9e-af41-b140332216e8 ] Request (ServersNegativeTestMultiTenantJSON:setUpClass): 201 POST http://10.180.1.21:9696/networking/v2.0/networks 1.008s
2025-05-19 18:49:06.387 69761 INFO tempest.lib.common.rest_client [req-d05e6644-3686-4a6d-9a3e-2b45812efc7a req-d05e6644-3686-4a6d-9a3e-2b45812efc7a ] Request (QuotasAdminNegativeTest:tearDownClass): 204 DELETE http://10.180.1.21/identity/v3/users/cdb8f13f3c2b45eeb21ee0f1333596c6 0.142s
2025-05-19 18:49:06.387 69761 INFO tempest.lib.common.dynamic_creds [-] Deleting project and security group for project: 7a7ba183547f4884bfcc0042b0dbe228
2025-05-19 18:49:06.405 69783 INFO tempest.lib.common.rest_client [req-01511341-7c5e-4e6e-af9c-6714161374c0 req-01511341-7c5e-4e6e-af9c-6714161374c0 ] Request (ServicesAdminTestJSON:setUpClass): 201 POST http://10.180.1.21/identity/v3/auth/tokens 0.076s
2025-05-19 18:49:06.431 69773 INFO tempest.lib.common.rest_client [req-7d534140-b95f-469e-ae74-a0de3340095b req-7d534140-b95f-469e-ae74-a0de3340095b ] Request (TenantUsagesTestJSON:setUpClass): 204 DELETE http://10.180.1.21/compute/v2.1/servers/90be798e-841d-48fe-8b68-d91e97b88499 1.559s
2025-05-19 18:49:06.452 69759 INFO tempest.lib.common.rest_client [req-6d59a656-9684-4018-8009-684530b17f49 req-6d59a656-9684-4018-8009-684530b17f49 ] Request (AggregatesAdminNegativeTestJSON:_run_cleanups): 200 DELETE http://10.180.1.21/compute/v2.1/os-aggregates/5 1.580s
2025-05-19 18:49:06.473 69761 INFO tempest.lib.common.rest_client [req-a4e45846-5100-42e2-9af9-eb270bb23989 req-a4e45846-5100-42e2-9af9-eb270bb23989 ] Request (QuotasAdminNegativeTest:tearDownClass): 201 POST http://10.180.1.21/identity/v3/auth/tokens 0.085s
2025-05-19 18:49:06.488 69751 INFO tempest.lib.common.rest_client [req-6c3f7f21-92e6-4758-9bf0-9cea888526b7 req-6c3f7f21-92e6-4758-9bf0-9cea888526b7 ] Request (FlavorsAdminTestJSON:_run_cleanups): 200 GET http://10.180.1.21/compute/v2.1/flavors/detail 1.594s
2025-05-19 18:49:06.518 69783 INFO tempest.lib.common.rest_client [req-4890c340-e1da-4fc0-96a3-712014a0343a req-4890c340-e1da-4fc0-96a3-712014a0343a ] Request (ServicesAdminTestJSON:setUpClass): 201 POST http://10.180.1.21/identity/v3/projects 0.112s
2025-05-19 18:49:06.615 69783 INFO tempest.lib.common.rest_client [req-e5676007-869f-4790-a5d8-eea0d3c1dfa2 req-e5676007-869f-4790-a5d8-eea0d3c1dfa2 ] Request (ServicesAdminTestJSON:setUpClass): 201 POST http://10.180.1.21/identity/v3/users 0.097s
2025-05-19 18:49:06.635 69783 INFO tempest.lib.common.rest_client [req-f27ebcc3-5a19-48c9-af36-d4630a57c440 req-f27ebcc3-5a19-48c9-af36-d4630a57c440 ] Request (ServicesAdminTestJSON:setUpClass): 200 GET http://10.180.1.21/identity/v3/roles 0.019s
2025-05-19 18:49:06.648 69739 INFO tempest.lib.common.rest_client [req-ded826da-73a8-4225-a95f-f3e4d37b241c req-ded826da-73a8-4225-a95f-f3e4d37b241c ] Request (HypervisorAdminTestJSON:test_get_hypervisor_list): 200 GET http://10.180.1.21/compute/v2.1/os-hypervisors 1.586s
2025-05-19 18:49:06.666 69783 INFO tempest.lib.common.rest_client [req-a0a23003-02ba-45c4-9feb-d21c0af5264d req-a0a23003-02ba-45c4-9feb-d21c0af5264d ] Request (ServicesAdminTestJSON:setUpClass): 204 PUT http://10.180.1.21/identity/v3/projects/485bf9366b204acaa75850a82e942f73/users/18a1359a9d934dd599ab1990908c3251/roles/b145f2edebe947658da02a7dcc0a6da9 0.030s
2025-05-19 18:49:06.672 69789 INFO tempest.lib.common.rest_client [req-f8ee5000-37fd-4026-9b84-d0a8ec09ccab req-f8ee5000-37fd-4026-9b84-d0a8ec09ccab ] Request (ListImageFiltersTestJSON:setUpClass): 404 GET http://10.180.1.21/compute/v2.1/servers/46e60563-09ca-4120-8189-4f97eae43c16 1.530s
2025-05-19 18:49:06.672 69789 INFO tempest.test [-] raised in ListImageFiltersTestJSON.setUpClass. Invoking tearDownClass.
2025-05-19 18:49:06.716 69783 INFO tempest.lib.common.rest_client [req-1719fd31-4253-4e95-97ea-67e5ca2f0f8c req-1719fd31-4253-4e95-97ea-67e5ca2f0f8c ] Request (ServicesAdminTestJSON:setUpClass): 200 GET http://10.180.1.21/identity/v3/roles 0.050s
2025-05-19 18:49:06.736 69783 INFO tempest.lib.common.rest_client [req-2614a58f-894c-4e3d-b84d-a93a0cb44780 req-2614a58f-894c-4e3d-b84d-a93a0cb44780 ] Request (ServicesAdminTestJSON:setUpClass): 204 PUT http://10.180.1.21/identity/v3/projects/485bf9366b204acaa75850a82e942f73/users/18a1359a9d934dd599ab1990908c3251/roles/b145f2edebe947658da02a7dcc0a6da9 0.019s
2025-05-19 18:49:06.736 69783 INFO tempest.lib.common.dynamic_creds [-] Dynamic test user 18a1359a9d934dd599ab1990908c3251 is created with scope project and roles: ['admin']
2025-05-19 18:49:06.736 69783 INFO tempest.lib.common.dynamic_creds [-] Acquired dynamic creds: credentials: Credentials: {'domain_id': 'default', 'domain_name': 'Default', 'username': 'tempest-ServicesAdminTestJSON-470097552-project-admin', 'project_domain_id': 'default', 'project_domain_name': 'Default', 'project_id': '485bf9366b204acaa75850a82e942f73', 'project_name': 'tempest-ServicesAdminTestJSON-470097552', 'tenant_id': '485bf9366b204acaa75850a82e942f73', 'tenant_name': 'tempest-ServicesAdminTestJSON-470097552', 'user_domain_id': 'default', 'user_domain_name': 'Default', 'user_id': '18a1359a9d934dd599ab1990908c3251', 'system': None}, Network: None, Subnet: None, Router: None
2025-05-19 18:49:06.737 69783 INFO tempest.lib.common.dynamic_creds [-] Created isolated network resources for: credentials: Credentials: {'domain_id': 'default', 'domain_name': 'Default', 'username': 'tempest-ServicesAdminTestJSON-470097552-project-admin', 'project_domain_id': 'default', 'project_domain_name': 'Default', 'project_id': '485bf9366b204acaa75850a82e942f73', 'project_name': 'tempest-ServicesAdminTestJSON-470097552', 'tenant_id': '485bf9366b204acaa75850a82e942f73', 'tenant_name': 'tempest-ServicesAdminTestJSON-470097552', 'user_domain_id': 'default', 'user_domain_name': 'Default', 'user_id': '18a1359a9d934dd599ab1990908c3251', 'system': None}, Network: None, Subnet: None, Router: None
2025-05-19 18:49:06.760 69777 INFO tempest.lib.common.rest_client [req-c8ee763d-859c-4f22-844c-ffb1c390169d req-c8ee763d-859c-4f22-844c-ffb1c390169d ] Request (ImagesOneServerNegativeTestJSON:setUpClass): 201 POST http://10.180.1.21:9696/networking/v2.0/routers 3.001s
2025-05-19 18:49:06.766 69753 INFO tempest.lib.common.rest_client [req-fda67784-164d-4c21-82d4-a60e89fc19e1 req-fda67784-164d-4c21-82d4-a60e89fc19e1 ] Request (ListServersNegativeTestJSON:setUpClass): 201 POST http://10.180.1.21:9696/networking/v2.0/networks 1.064s
2025-05-19 18:49:06.812 69741 INFO tempest.lib.common.rest_client [req-277791ce-6b44-4a2c-bf4c-460a014e0520 req-277791ce-6b44-4a2c-bf4c-460a014e0520 ] Request (MigrationsAdminTest:tearDownClass): 200 GET http://10.180.1.21:9696/networking/v2.0/security-groups?tenant_id=33df7b7d74584ad8a6eee25162671da7&name=default 1.007s
2025-05-19 18:49:06.822 69757 INFO tempest.lib.common.rest_client [req-1b5349cd-1687-42c7-8719-975720147ba2 req-1b5349cd-1687-42c7-8719-975720147ba2 ] Request (ImagesTestJSON:test_delete_saving_image): 202 POST http://10.180.1.21/compute/v2.1/servers 2.495s
2025-05-19 18:49:06.826 69783 INFO tempest.lib.common.rest_client [req-d0536847-9f31-458a-92f5-6d4cd427e4fb req-d0536847-9f31-458a-92f5-6d4cd427e4fb ] Request (ServicesAdminTestJSON:setUpClass): 201 POST http://10.180.1.21/identity/v3/auth/tokens 0.085s
2025-05-19 18:49:06.843 69779 INFO tempest.lib.common.rest_client [req-a4ef3df8-ba0c-429a-9d00-583d57f43ac1 req-a4ef3df8-ba0c-429a-9d00-583d57f43ac1 ] Request (ServersWithSpecificFlavorTestJSON:_run_cleanups): 202 DELETE http://10.180.1.21/compute/v2.1/flavors/1048942117 1.059s
2025-05-19 18:49:06.914 69769 INFO tempest.lib.common.rest_client [req-bd531882-b071-4c0b-93a0-06d35a7bfa76 req-bd531882-b071-4c0b-93a0-06d35a7bfa76 ] Request (QuotasAdminTestV257:test_get_updated_quotas): 200 PUT http://10.180.1.21/compute/v2.1/os-quota-sets/03e5b65119224e889b5644b80336e449 1.499s
2025-05-19 18:49:06.933 69765 INFO tempest.lib.common.rest_client [req-bf551408-43ea-408a-91d4-928b9dc4d678 req-bf551408-43ea-408a-91d4-928b9dc4d678 ] Request (SecurityGroupRulesTestJSON:tearDownClass): 404 DELETE http://10.180.1.21/compute/v2.1/os-security-groups/cc5af6e0-eceb-4136-b171-8bbffec640f8 1.140s
2025-05-19 18:49:06.975 69745 INFO tempest.lib.common.rest_client [req-51b4498e-864c-4734-83b4-867950da6c39 req-51b4498e-864c-4734-83b4-867950da6c39 ] Request (MultipleCreateNegativeTestJSON:test_max_count_less_than_min_count): 400 POST http://10.180.1.21/compute/v2.1/servers 1.013s
2025-05-19 18:49:06.994 69737 INFO tempest.lib.common.rest_client [req-ae132172-dfc0-40ad-8a1c-b2416935f43c req-ae132172-dfc0-40ad-8a1c-b2416935f43c ] Request (FlavorsAccessNegativeTestJSON:_run_cleanups): 202 DELETE http://10.180.1.21/compute/v2.1/flavors/1196538022 0.884s
2025-05-19 18:49:07.011 69745 INFO tempest.lib.common.rest_client [req-2394a65b-f637-4d1d-865a-d9ff3bda6a91 req-2394a65b-f637-4d1d-865a-d9ff3bda6a91 ] Request (MultipleCreateNegativeTestJSON:test_max_count_less_than_one): 201 POST http://10.180.1.21/identity/v3/auth/tokens 0.031s
2025-05-19 18:49:07.011 69745 INFO tempest.lib.common.fixed_network [-] (MultipleCreateNegativeTestJSON:test_max_count_less_than_one) Found network None available for tenant
