2025-05-19 18:50:18.284 69797 INFO tempest.lib.common.rest_client [req-75cff34a-b82b-4ff4-8a14-01e553dd3bdb req-75cff34a-b82b-4ff4-8a14-01e553dd3bdb ] Request (ValidationResourcesFixture:setUp): 200 POST http://10.180.1.21/compute/v2.1/os-keypairs 2.227s
2025-05-19 18:50:18.354 69737 INFO tempest.lib.common.rest_client [req-259b6eb3-c7ed-4363-87e0-19dc34ca330b req-259b6eb3-c7ed-4363-87e0-19dc34ca330b ] Request (ImagesOneServerTestJSON:setUpClass): 200 GET http://10.180.1.21/compute/v2.1/servers/2a489f60-ceef-40f1-b9f5-d255aac5b982 1.936s
2025-05-19 18:50:18.445 69765 INFO tempest.lib.common.rest_client [req-50ebbbf7-67b5-4f07-82af-826c7ad4ffb5 req-50ebbbf7-67b5-4f07-82af-826c7ad4ffb5 ] Request (ServersNegativeTestJSON:setUpClass): 200 GET http://10.180.1.21/compute/v2.1/servers/5a08cb06-4468-4fb7-8cb1-6f082e42c353 1.943s
2025-05-19 18:50:18.469 69741 INFO tempest.lib.common.rest_client [req-d9daf970-4eab-4f44-8ad3-43cd859e0bfb req-d9daf970-4eab-4f44-8ad3-43cd859e0bfb ] Request (ServerGroupTestJSON:test_show_server_group): 200 GET http://10.180.1.21/compute/v2.1/os-server-groups/920fd077-fef1-4452-b0dc-669629a111a5 1.924s
2025-05-19 18:50:18.528 69797 INFO tempest.lib.common.rest_client [req-ecfeeb3b-d90d-4c5f-99a9-35ac037c140b req-ecfeeb3b-d90d-4c5f-99a9-35ac037c140b ] Request (ValidationResourcesFixture:setUp): 201 POST http://10.180.1.21:9696/networking/v2.0/security-groups 0.242s
2025-05-19 18:50:18.672 69797 INFO tempest.lib.common.rest_client [req-8d79e3a4-29a1-4a62-b3d7-4fbaca3f6917 req-8d79e3a4-29a1-4a62-b3d7-4fbaca3f6917 ] Request (ValidationResourcesFixture:setUp): 201 POST http://10.180.1.21:9696/networking/v2.0/security-group-rules 0.144s
2025-05-19 18:50:18.750 69767 INFO tempest.lib.common.rest_client [req-08ce79d4-95c6-40d6-9002-f2643cec7049 req-08ce79d4-95c6-40d6-9002-f2643cec7049 ] Request (ServersAdminTestJSON:setUpClass): 202 POST http://10.180.1.21/compute/v2.1/servers 2.294s
2025-05-19 18:50:18.776 69751 INFO tempest.lib.common.rest_client [req-a2e8f9d8-0280-4ce0-a66b-90857359ff07 req-a2e8f9d8-0280-4ce0-a66b-90857359ff07 ] Request (KeyPairsV22TestJSON:_run_cleanups): 204 DELETE http://10.180.1.21/compute/v2.1/os-keypairs/tempest-keypair-797691622 2.076s
2025-05-19 18:50:18.810 69781 INFO tempest.lib.common.rest_client [req-34787cf3-146c-4c5f-8443-8ca6bfe3b6b0 req-34787cf3-146c-4c5f-8443-8ca6bfe3b6b0 ] Request (VolumesSnapshotsTestJSON:test_volume_snapshot_create_get_list_delete): 200 POST http://10.180.1.21/compute/v2.1/os-volumes 2.187s
2025-05-19 18:50:18.844 69793 INFO tempest.lib.common.rest_client [req-7537ad4e-e885-4918-8286-07350e936186 req-7537ad4e-e885-4918-8286-07350e936186 ] Request (VolumesTestJSON:test_volume_list_with_detail_param_offset_and_limit): 200 GET http://10.180.1.21/compute/v2.1/os-volumes/detail?offset=1&limit=1 2.024s
2025-05-19 18:50:18.898 69797 INFO tempest.lib.common.rest_client [req-f7e427cc-fc40-4f29-88bc-bdc6115c5f83 req-f7e427cc-fc40-4f29-88bc-bdc6115c5f83 ] Request (ValidationResourcesFixture:setUp): 201 POST http://10.180.1.21:9696/networking/v2.0/security-group-rules 0.225s
2025-05-19 18:50:18.922 69751 INFO tempest.lib.common.rest_client [req-c1ca88a7-61f4-449f-a608-d76ae992565f req-c1ca88a7-61f4-449f-a608-d76ae992565f ] Request (KeyPairsV22TestJSON:tearDownClass): 204 DELETE http://10.180.1.21/identity/v3/users/bdc697f09fa04eaaa3ba182ac1bd3653 0.140s
2025-05-19 18:50:18.922 69751 INFO tempest.lib.common.dynamic_creds [-] Deleting project and security group for project: 69ff51d0d4994baaa0f677a88b20ec23
2025-05-19 18:50:18.979 69751 INFO tempest.lib.common.rest_client [req-71006709-c593-446d-8448-ab230a83bf5b req-71006709-c593-446d-8448-ab230a83bf5b ] Request (KeyPairsV22TestJSON:tearDownClass): 201 POST http://10.180.1.21/identity/v3/auth/tokens 0.057s
2025-05-19 18:50:18.996 69743 INFO tempest.lib.common.rest_client [req-ea2f53b3-ac99-4b1a-baba-01128b0db34e req-ea2f53b3-ac99-4b1a-baba-01128b0db34e ] Request (SecurityGroupRulesNegativeTestJSON:tearDownClass): 202 DELETE http://10.180.1.21/compute/v2.1/os-security-groups/591c2efa-2af0-470d-9b41-eb1c2efd0c38 2.248s
2025-05-19 18:50:19.042 69791 INFO tempest.lib.common.rest_client [req-0b19a8a6-f3eb-43e9-a368-54eb1177f017 req-0b19a8a6-f3eb-43e9-a368-54eb1177f017 ] Request (ComputeTenantNetworksTest:test_list_show_tenant_networks): 200 GET http://10.180.1.21/compute/v2.1/os-tenant-networks/46a20934-0d23-4c35-9ebd-3e0672e4125d 1.959s
2025-05-19 18:50:19.065 69787 INFO tempest.lib.common.rest_client [req-9f841da5-7381-4201-bde7-08eeef269d5f req-9f841da5-7381-4201-bde7-08eeef269d5f ] Request (ServerTagsTestJSON:setUpClass): 404 GET http://10.180.1.21/compute/v2.1/servers/53fdf092-7fb0-4097-8968-2c0ba131d1fb 1.692s
2025-05-19 18:50:19.066 69787 INFO tempest.test [-] raised in ServerTagsTestJSON.setUpClass. Invoking tearDownClass.
2025-05-19 18:50:19.078 69789 INFO tempest.lib.common.rest_client [req-97487d0e-6161-4edf-9f57-a37dfa696cec req-97487d0e-6161-4edf-9f57-a37dfa696cec ] Request (InstanceActionsNegativeTestJSON:setUpClass): 204 DELETE http://10.180.1.21/compute/v2.1/servers/9bc1809a-e38e-4dc1-96e7-e3cf3e6a6497 2.162s
2025-05-19 18:50:19.103 69763 INFO tempest.lib.common.rest_client [req-c0a9aada-61dd-4444-8cd7-fbc3c74aacee req-c0a9aada-61dd-4444-8cd7-fbc3c74aacee ] Request (ServersTestJSON:test_create_specify_keypair): 200 POST http://10.180.1.21/compute/v2.1/os-keypairs 1.705s
2025-05-19 18:50:19.181 69795 INFO tempest.lib.common.rest_client [req-b0b904d4-a9f6-456d-a01c-f8b750519c6b req-b0b904d4-a9f6-456d-a01c-f8b750519c6b ] Request (ServersListShow298Test:test_list_show_update_rebuild_server_298): 200 GET http://10.180.1.21/compute/v2.1/servers/b941c526-4ba6-45e0-86d6-9cd48c70e065 1.481s
2025-05-19 18:50:19.290 69761 INFO tempest.lib.common.rest_client [req-15b0fa76-a0a0-43a7-90ef-bafa70226577 req-15b0fa76-a0a0-43a7-90ef-bafa70226577 ] Request (ServerMetadataNegativeTestJSON:setUpClass): 200 GET http://10.180.1.21/compute/v2.1/servers/57e6f381-3bb4-4399-aed9-cebf06183d48 1.536s
2025-05-19 18:50:19.300 69791 INFO tempest.lib.common.rest_client [req-11f64a07-3ee2-4e4d-81c4-853277d1aec4 req-11f64a07-3ee2-4e4d-81c4-853277d1aec4 ] Request (ComputeTenantNetworksTest:tearDownClass): 204 DELETE http://10.180.1.21:9696/networking/v2.0/networks/46a20934-0d23-4c35-9ebd-3e0672e4125d 0.252s
2025-05-19 18:50:19.329 69759 INFO tempest.lib.common.rest_client [req-92766327-27a5-4396-8cd7-d8e41cc1657b req-92766327-27a5-4396-8cd7-d8e41cc1657b ] Request (MultipleCreateTestJSON:setUpClass): 201 POST http://10.180.1.21:9696/networking/v2.0/routers 1.093s
2025-05-19 18:50:19.393 69745 INFO tempest.lib.common.rest_client [req-27ccb189-f777-4e8a-9bd7-0ab6fd6b50e3 req-27ccb189-f777-4e8a-9bd7-0ab6fd6b50e3 ] Request (ServerActionsV293TestJSON:setUpClass): 200 GET http://10.180.1.21/compute/v2.1/servers/b63e6c8b-9193-4494-bba1-82fc0782dfa9 1.600s
2025-05-19 18:50:19.402 69791 INFO tempest.lib.common.rest_client [req-7cf2b485-3749-4ed8-a5f4-c3cbf5b7f7a8 req-7cf2b485-3749-4ed8-a5f4-c3cbf5b7f7a8 ] Request (ComputeTenantNetworksTest:tearDownClass): 204 DELETE http://10.180.1.21/identity/v3/users/8087e14f8b6744108eb468eec10af71f 0.101s
2025-05-19 18:50:19.403 69791 INFO tempest.lib.common.dynamic_creds [-] Deleting project and security group for project: 9f62d299f883413f9754acbe24b5472d
2025-05-19 18:50:19.454 69791 INFO tempest.lib.common.rest_client [req-0ecd2b56-9a56-4ac3-8854-d369d9b338af req-0ecd2b56-9a56-4ac3-8854-d369d9b338af ] Request (ComputeTenantNetworksTest:tearDownClass): 200 GET http://10.180.1.21:9696/networking/v2.0/security-groups?tenant_id=9f62d299f883413f9754acbe24b5472d&name=default 0.051s
2025-05-19 18:50:19.563 69751 INFO tempest.lib.common.rest_client [req-6264deba-8a1b-4e8e-a78e-8c696619d9ae req-6264deba-8a1b-4e8e-a78e-8c696619d9ae ] Request (KeyPairsV22TestJSON:tearDownClass): 200 GET http://10.180.1.21:9696/networking/v2.0/security-groups?tenant_id=69ff51d0d4994baaa0f677a88b20ec23&name=default 0.583s
2025-05-19 18:50:19.569 69755 INFO tempest.lib.common.rest_client [req-19efb012-5dab-4f3a-92e1-4844fc9a0fc4 req-19efb012-5dab-4f3a-92e1-4844fc9a0fc4 ] Request (DeleteServersTestJSON:test_delete_server_while_in_shutoff_state): 204 DELETE http://10.180.1.21/compute/v2.1/servers/1e656505-edaa-4ef2-97e4-72ca571901b0 1.722s
2025-05-19 18:50:19.635 69749 INFO tempest.lib.common.rest_client [req-8f56f0a0-c9cc-456c-b136-d556e77e435b req-8f56f0a0-c9cc-456c-b136-d556e77e435b ] Request (ServersTestMultiNic:test_verify_duplicate_network_nics): 200 GET http://10.180.1.21/compute/v2.1/servers/99636e4a-4367-4aaa-b3d5-ac0e01576492 1.647s
2025-05-19 18:50:19.729 69751 INFO tempest.lib.common.rest_client [req-46f93b86-f082-4c93-b208-95f0107e1c1c req-46f93b86-f082-4c93-b208-95f0107e1c1c ] Request (KeyPairsV22TestJSON:tearDownClass): 204 DELETE http://10.180.1.21:9696/networking/v2.0/security-groups/739374ca-367a-4db1-9e4e-92daaa3ffdc5 0.165s
2025-05-19 18:50:19.826 69747 INFO tempest.lib.common.rest_client [req-8427993c-4810-4404-a480-9a751c454f1d req-8427993c-4810-4404-a480-9a751c454f1d ] Request (SecurityGroupsTestJSON:test_list_security_groups_by_server): 200 POST http://10.180.1.21/compute/v2.1/os-security-groups 1.758s
2025-05-19 18:50:19.875 69751 INFO tempest.lib.common.rest_client [req-1f2d7ade-32d1-4e95-9b02-a1359476c7d4 req-1f2d7ade-32d1-4e95-9b02-a1359476c7d4 ] Request (KeyPairsV22TestJSON:tearDownClass): 204 DELETE http://10.180.1.21/identity/v3/projects/69ff51d0d4994baaa0f677a88b20ec23 0.146s
2025-05-19 18:50:19.905 69753 INFO tempest.lib.common.rest_client [req-c5dc3a2e-6037-454b-8a99-b2699cf9fa55 req-c5dc3a2e-6037-454b-8a99-b2699cf9fa55 ] Request (ServerRescueTestJSONUnderV235:setUpClass): 200 GET http://10.180.1.21/compute/v2.1/servers/cc614b29-a53b-495a-9645-7f795c99fb7e 1.811s
2025-05-19 18:50:19.916 69747 INFO tempest.lib.common.rest_client [req-ae7eec69-64e4-4103-811e-d38e2ee91150 req-ae7eec69-64e4-4103-811e-d38e2ee91150 ] Request (SecurityGroupsTestJSON:test_list_security_groups_by_server): 201 POST http://10.180.1.21/identity/v3/auth/tokens 0.081s
2025-05-19 18:50:19.917 69747 INFO tempest.lib.common.fixed_network [-] (SecurityGroupsTestJSON:test_list_security_groups_by_server) Found network {'id': '29b4204e-c517-4004-a520-b10d65b38f8b', 'name': 'tempest-SecurityGroupsTestJSON-2088892212-network', 'tenant_id': '7c6536510a7a41d69d25b12db26553d0', 'admin_state_up': True, 'mtu': 8950, 'status': 'ACTIVE', 'subnets': [], 'shared': False, 'project_id': '7c6536510a7a41d69d25b12db26553d0', 'port_security_enabled': True, 'router:external': False, 'provider:network_type': 'vlan', 'provider:physical_network': 'default', 'provider:segmentation_id': 503, 'availability_zone_hints': [], 'availability_zones': [], 'ipv4_address_scope': None, 'ipv6_address_scope': None, 'description': '', 'tags': [], 'created_at': '2025-05-19T18:50:05Z', 'updated_at': '2025-05-19T18:50:05Z', 'revision_number': 1} available for tenant
2025-05-19 18:50:19.944 69751 INFO tempest.lib.common.rest_client [req-fc7fd94c-9bb5-4511-bc10-8372087e51c8 req-fc7fd94c-9bb5-4511-bc10-8372087e51c8 ] Request (ServerGroup264TestJSON:setUpClass): 201 POST http://10.180.1.21/identity/v3/auth/tokens 0.065s
2025-05-19 18:50:19.964 69779 INFO tempest.lib.common.rest_client [req-7e85fb7a-2e21-4d0a-8954-c108782ebcef req-7e85fb7a-2e21-4d0a-8954-c108782ebcef ] Request (ServerRescueNegativeTestJSON:setUpClass): 200 GET http://10.180.1.21/compute/v2.1/servers/65298ef8-d857-43b8-b6a9-02a54e7af577 1.848s
2025-05-19 18:50:19.984 69751 INFO tempest.lib.common.rest_client [req-a6ac68bb-188b-4a6e-8267-b764f5384c71 req-a6ac68bb-188b-4a6e-8267-b764f5384c71 ] Request (ServerGroup264TestJSON:setUpClass): 201 POST http://10.180.1.21/identity/v3/auth/tokens 0.038s
2025-05-19 18:50:20.009 69751 INFO tempest.lib.common.rest_client [req-1aab99ab-e109-4431-a7c0-3ffc50fe6ed1 req-1aab99ab-e109-4431-a7c0-3ffc50fe6ed1 ] Request (ServerGroup264TestJSON:setUpClass): 200 GET http://10.180.1.21/identity/v3/domains?name=Default 0.024s
2025-05-19 18:50:20.015 69735 INFO tempest.lib.common.rest_client [req-dd09b218-d3ed-46fe-8a9b-2080b6bff477 req-dd09b218-d3ed-46fe-8a9b-2080b6bff477 ] Request (ServerDiskConfigTestJSON:setUpClass): 200 PUT http://10.180.1.21:9696/networking/v2.0/routers/62a3c1fe-9e67-47fe-aebe-ba4bf8171247/add_router_interface 2.251s
2025-05-19 18:50:20.015 69735 INFO tempest.lib.common.dynamic_creds [-] Created isolated network resources for: credentials: Credentials: {'domain_id': 'default', 'domain_name': 'Default', 'username': 'tempest-ServerDiskConfigTestJSON-834013494-project-member', 'project_domain_id': 'default', 'project_domain_name': 'Default', 'project_id': 'bfdb177e56264548a7074a4059d2bd35', 'project_name': 'tempest-ServerDiskConfigTestJSON-834013494', 'tenant_id': 'bfdb177e56264548a7074a4059d2bd35', 'tenant_name': 'tempest-ServerDiskConfigTestJSON-834013494', 'user_domain_id': 'default', 'user_domain_name': 'Default', 'user_id': 'c315482a7b3c40c0a7dab22374665102', 'system': None}, Network: {'id': 'a56958ea-28d6-41ca-8f92-25a05eecb997', 'name': 'tempest-ServerDiskConfigTestJSON-1436377864-network', 'tenant_id': 'bfdb177e56264548a7074a4059d2bd35', 'admin_state_up': True, 'mtu': 8950, 'status': 'ACTIVE', 'subnets': [], 'shared': False, 'project_id': 'bfdb177e56264548a7074a4059d2bd35', 'port_security_enabled': True, 'router:external': False, 'provider:network_type': 'vlan', 'provider:physical_network': 'default', 'provider:segmentation_id': 674, 'availability_zone_hints': [], 'availability_zones': [], 'ipv4_address_scope': None, 'ipv6_address_scope': None, 'description': '', 'tags': [], 'created_at': '2025-05-19T18:50:16Z', 'updated_at': '2025-05-19T18:50:16Z', 'revision_number': 1}, Subnet: {'id': '5209106f-78c9-4f78-85e4-66dad0b88aeb', 'name': 'tempest-ServerDiskConfigTestJSON-1436377864-subnet', 'tenant_id': 'bfdb177e56264548a7074a4059d2bd35', 'network_id': 'a56958ea-28d6-41ca-8f92-25a05eecb997', 'ip_version': 4, 'subnetpool_id': None, 'enable_dhcp': True, 'ipv6_ra_mode': None, 'ipv6_address_mode': None, 'gateway_ip': '192.168.128.1', 'cidr': '192.168.128.0/28', 'allocation_pools': [{'start': '192.168.128.2', 'end': '192.168.128.14'}], 'host_routes': [], 'dns_nameservers': [], 'description': '', 'router:external': False, 'service_types': [], 'tags': [], 'created_at': '2025-05-19T18:50:16Z', 'updated_at': '2025-05-19T18:50:16Z', 'revision_number': 0, 'project_id': 'bfdb177e56264548a7074a4059d2bd35'}, Router: {'id': '62a3c1fe-9e67-47fe-aebe-ba4bf8171247', 'name': 'tempest-ServerDiskConfigTestJSON-1436377864-router', 'tenant_id': 'bfdb177e56264548a7074a4059d2bd35', 'admin_state_up': True, 'status': 'ACTIVE', 'external_gateway_info': {'network_id': '109fead2-2e0b-46e4-84d5-5dcdcf5b282e', 'external_fixed_ips': [{'subnet_id': '66c1fd33-1eb8-4378-93ce-eae7bc5d3a09', 'ip_address': '10.180.180.166'}], 'enable_snat': True}, 'description': '', 'availability_zones': [], 'distributed': False, 'ha': False, 'availability_zone_hints': [], 'routes': [], 'flavor_id': None, 'tags': [], 'created_at': '2025-05-19T18:50:16Z', 'updated_at': '2025-05-19T18:50:17Z', 'revision_number': 2, 'project_id': 'bfdb177e56264548a7074a4059d2bd35'}
2025-05-19 18:50:20.044 69779 INFO tempest.lib.common.rest_client [req-fd18929d-2c9e-41d5-96ac-b0239c8cb0f7 req-fd18929d-2c9e-41d5-96ac-b0239c8cb0f7 ] Request (ServerRescueNegativeTestJSON:setUpClass): 201 POST http://10.180.1.21/identity/v3/auth/tokens 0.060s
2025-05-19 18:50:20.044 69779 INFO tempest.lib.common.fixed_network [-] (ServerRescueNegativeTestJSON:setUpClass) Found network {'id': '484a7572-3fe0-4e22-b3d7-560be471c81a', 'name': 'tempest-ServerRescueNegativeTestJSON-805470733-network', 'tenant_id': '8be065bef35d46d2913a64e377e25d70', 'admin_state_up': True, 'mtu': 8950, 'status': 'ACTIVE', 'subnets': [], 'shared': False, 'project_id': '8be065bef35d46d2913a64e377e25d70', 'port_security_enabled': True, 'router:external': False, 'provider:network_type': 'vlan', 'provider:physical_network': 'default', 'provider:segmentation_id': 646, 'availability_zone_hints': [], 'availability_zones': [], 'ipv4_address_scope': None, 'ipv6_address_scope': None, 'description': '', 'tags': [], 'created_at': '2025-05-19T18:50:06Z', 'updated_at': '2025-05-19T18:50:06Z', 'revision_number': 1} available for tenant
2025-05-19 18:50:20.047 69751 INFO tempest.lib.common.rest_client [req-5dadc659-8ae2-42fd-bf3e-3d26e82f8966 req-5dadc659-8ae2-42fd-bf3e-3d26e82f8966 ] Request (ServerGroup264TestJSON:setUpClass): 201 POST http://10.180.1.21/identity/v3/projects 0.037s
2025-05-19 18:50:20.056 69791 INFO tempest.lib.common.rest_client [req-9b601449-f685-4d90-9714-c255a7cb9f89 req-9b601449-f685-4d90-9714-c255a7cb9f89 ] Request (ComputeTenantNetworksTest:tearDownClass): 204 DELETE http://10.180.1.21:9696/networking/v2.0/security-groups/8469634a-620c-43ef-a004-5b06d27b158f 0.602s
2025-05-19 18:50:20.117 69735 INFO tempest.lib.common.rest_client [req-b4fb56f8-3b71-45c2-ab66-48f48adf0edb req-b4fb56f8-3b71-45c2-ab66-48f48adf0edb ] Request (ServerDiskConfigTestJSON:setUpClass): 201 POST http://10.180.1.21/identity/v3/auth/tokens 0.099s
2025-05-19 18:50:20.123 69751 INFO tempest.lib.common.rest_client [req-e4c83cae-3c74-4cab-9f4b-f96c47a6831d req-e4c83cae-3c74-4cab-9f4b-f96c47a6831d ] Request (ServerGroup264TestJSON:setUpClass): 201 POST http://10.180.1.21/identity/v3/users 0.075s
2025-05-19 18:50:20.155 69735 INFO tempest.lib.common.rest_client [req-e048b894-a7c8-42b3-93ef-1be1514b63ae req-e048b894-a7c8-42b3-93ef-1be1514b63ae ] Request (ServerDiskConfigTestJSON:test_rebuild_server_with_auto_disk_config): 201 POST http://10.180.1.21/identity/v3/auth/tokens 0.032s
2025-05-19 18:50:20.155 69735 INFO tempest.lib.common.fixed_network [-] (ServerDiskConfigTestJSON:test_rebuild_server_with_auto_disk_config) Found network {'id': 'a56958ea-28d6-41ca-8f92-25a05eecb997', 'name': 'tempest-ServerDiskConfigTestJSON-1436377864-network', 'tenant_id': 'bfdb177e56264548a7074a4059d2bd35', 'admin_state_up': True, 'mtu': 8950, 'status': 'ACTIVE', 'subnets': [], 'shared': False, 'project_id': 'bfdb177e56264548a7074a4059d2bd35', 'port_security_enabled': True, 'router:external': False, 'provider:network_type': 'vlan', 'provider:physical_network': 'default', 'provider:segmentation_id': 674, 'availability_zone_hints': [], 'availability_zones': [], 'ipv4_address_scope': None, 'ipv6_address_scope': None, 'description': '', 'tags': [], 'created_at': '2025-05-19T18:50:16Z', 'updated_at': '2025-05-19T18:50:16Z', 'revision_number': 1} available for tenant
2025-05-19 18:50:20.197 69791 INFO tempest.lib.common.rest_client [req-d9e40464-9e44-471f-8933-824d20445de2 req-d9e40464-9e44-471f-8933-824d20445de2 ] Request (ComputeTenantNetworksTest:tearDownClass): 204 DELETE http://10.180.1.21/identity/v3/projects/9f62d299f883413f9754acbe24b5472d 0.140s
2025-05-19 18:50:20.233 69751 INFO tempest.lib.common.rest_client [req-3452c590-a3eb-46dd-806d-d4dbae63ab92 req-3452c590-a3eb-46dd-806d-d4dbae63ab92 ] Request (ServerGroup264TestJSON:setUpClass): 200 GET http://10.180.1.21/identity/v3/roles 0.110s
2025-05-19 18:50:20.294 69751 INFO tempest.lib.common.rest_client [req-4d856574-b4ea-4c22-8827-e09991f37842 req-4d856574-b4ea-4c22-8827-e09991f37842 ] Request (ServerGroup264TestJSON:setUpClass): 204 PUT http://10.180.1.21/identity/v3/projects/1d083c26ff2e4f309cb91b5c539c65d7/users/8e1c0655ce3d4422a7800a669b970a19/roles/eea3e0f4155e44c9bcbed79a08e1b091 0.060s
2025-05-19 18:50:20.294 69751 INFO tempest.lib.common.dynamic_creds [-] Dynamic test user 8e1c0655ce3d4422a7800a669b970a19 is created with scope project and roles: ['member']
2025-05-19 18:50:20.295 69751 INFO tempest.lib.common.dynamic_creds [-] Acquired dynamic creds: credentials: Credentials: {'domain_id': 'default', 'domain_name': 'Default', 'username': 'tempest-ServerGroup264TestJSON-1823307437-project-member', 'project_domain_id': 'default', 'project_domain_name': 'Default', 'project_id': '1d083c26ff2e4f309cb91b5c539c65d7', 'project_name': 'tempest-ServerGroup264TestJSON-1823307437', 'tenant_id': '1d083c26ff2e4f309cb91b5c539c65d7', 'tenant_name': 'tempest-ServerGroup264TestJSON-1823307437', 'user_domain_id': 'default', 'user_domain_name': 'Default', 'user_id': '8e1c0655ce3d4422a7800a669b970a19', 'system': None}, Network: None, Subnet: None, Router: None
2025-05-19 18:50:20.332 69757 INFO tempest.lib.common.rest_client [req-6773d5c8-93b7-4ef6-b20d-e6526f90eee9 req-6773d5c8-93b7-4ef6-b20d-e6526f90eee9 ] Request (ServerMetadataTestJSON:setUpClass): 202 POST http://10.180.1.21/compute/v2.1/servers 2.917s
2025-05-19 18:50:20.387 69751 INFO tempest.lib.common.rest_client [req-ba3e2d92-e0c6-465a-98cd-8a6fded2203e req-ba3e2d92-e0c6-465a-98cd-8a6fded2203e ] Request (ServerGroup264TestJSON:setUpClass): 201 POST http://10.180.1.21/identity/v3/auth/tokens 0.092s
2025-05-19 18:50:20.400 69769 INFO tempest.lib.common.rest_client [req-87012708-47a3-4019-b244-b06629cf7c01 req-87012708-47a3-4019-b244-b06629cf7c01 ] Request (ServersTestBootFromVolume:setUpClass): 204 DELETE http://10.180.1.21/compute/v2.1/servers/a7eb8fa8-af07-4d7a-9cb4-e227a9c90659 2.173s
2025-05-19 18:50:20.417 69741 INFO tempest.lib.common.rest_client [req-0ee39ec5-4ee2-4596-abd3-634521847935 req-0ee39ec5-4ee2-4596-abd3-634521847935 ] Request (ServerGroupTestJSON:tearDownClass): 404 DELETE http://10.180.1.21/compute/v2.1/os-server-groups/904146a2-ad5d-4dac-969a-1f7ca08d55f7 1.945s
2025-05-19 18:50:20.438 69759 INFO tempest.lib.common.rest_client [req-8d340e03-334f-4cd4-860c-6e586436a261 req-8d340e03-334f-4cd4-860c-6e586436a261 ] Request (MultipleCreateTestJSON:setUpClass): 200 PUT http://10.180.1.21:9696/networking/v2.0/routers/c0278915-bcb7-4f4f-a24e-abdac8c67fa2/add_router_interface 1.108s
2025-05-19 18:50:20.438 69759 INFO tempest.lib.common.dynamic_creds [-] Created isolated network resources for: credentials: Credentials: {'domain_id': 'default', 'domain_name': 'Default', 'username': 'tempest-MultipleCreateTestJSON-1134408870-project-member', 'project_domain_id': 'default', 'project_domain_name': 'Default', 'project_id': '1288555030234394b167762f8422fc09', 'project_name': 'tempest-MultipleCreateTestJSON-1134408870', 'tenant_id': '1288555030234394b167762f8422fc09', 'tenant_name': 'tempest-MultipleCreateTestJSON-1134408870', 'user_domain_id': 'default', 'user_domain_name': 'Default', 'user_id': 'f68323065ea148e6931d0494ef4c2e91', 'system': None}, Network: {'id': '0b63176f-79e9-4680-84ff-59b9775a8d51', 'name': 'tempest-MultipleCreateTestJSON-398917159-network', 'tenant_id': '1288555030234394b167762f8422fc09', 'admin_state_up': True, 'mtu': 8950, 'status': 'ACTIVE', 'subnets': [], 'shared': False, 'project_id': '1288555030234394b167762f8422fc09', 'port_security_enabled': True, 'router:external': False, 'provider:network_type': 'vlan', 'provider:physical_network': 'default', 'provider:segmentation_id': 742, 'availability_zone_hints': [], 'availability_zones': [], 'ipv4_address_scope': None, 'ipv6_address_scope': None, 'description': '', 'tags': [], 'created_at': '2025-05-19T18:50:17Z', 'updated_at': '2025-05-19T18:50:17Z', 'revision_number': 1}, Subnet: {'id': 'cfb8ce39-bdf4-4134-9829-ade1038b3dde', 'name': 'tempest-MultipleCreateTestJSON-398917159-subnet', 'tenant_id': '1288555030234394b167762f8422fc09', 'network_id': '0b63176f-79e9-4680-84ff-59b9775a8d51', 'ip_version': 4, 'subnetpool_id': None, 'enable_dhcp': True, 'ipv6_ra_mode': None, 'ipv6_address_mode': None, 'gateway_ip': '192.168.128.1', 'cidr': '192.168.128.0/28', 'allocation_pools': [{'start': '192.168.128.2', 'end': '192.168.128.14'}], 'host_routes': [], 'dns_nameservers': [], 'description': '', 'router:external': False, 'service_types': [], 'tags': [], 'created_at': '2025-05-19T18:50:17Z', 'updated_at': '2025-05-19T18:50:17Z', 'revision_number': 0, 'project_id': '1288555030234394b167762f8422fc09'}, Router: {'id': 'c0278915-bcb7-4f4f-a24e-abdac8c67fa2', 'name': 'tempest-MultipleCreateTestJSON-398917159-router', 'tenant_id': '1288555030234394b167762f8422fc09', 'admin_state_up': True, 'status': 'ACTIVE', 'external_gateway_info': {'network_id': '109fead2-2e0b-46e4-84d5-5dcdcf5b282e', 'external_fixed_ips': [{'subnet_id': '66c1fd33-1eb8-4378-93ce-eae7bc5d3a09', 'ip_address': '10.180.180.240'}], 'enable_snat': True}, 'description': '', 'availability_zones': [], 'distributed': False, 'ha': False, 'availability_zone_hints': [], 'routes': [], 'flavor_id': None, 'tags': [], 'created_at': '2025-05-19T18:50:18Z', 'updated_at': '2025-05-19T18:50:18Z', 'revision_number': 2, 'project_id': '1288555030234394b167762f8422fc09'}
2025-05-19 18:50:20.526 69767 INFO tempest.lib.common.rest_client [req-f568d74a-3802-4a5e-a1c8-e2ffe9a9fa3b req-f568d74a-3802-4a5e-a1c8-e2ffe9a9fa3b ] Request (ServersAdminTestJSON:setUpClass): 200 GET http://10.180.1.21/compute/v2.1/servers/e2b57c24-368a-44bb-bbac-1bf16937dfc8 1.772s
2025-05-19 18:50:20.573 69759 INFO tempest.lib.common.rest_client [req-a33a29f7-07ae-426e-9905-a02eaa40cff9 req-a33a29f7-07ae-426e-9905-a02eaa40cff9 ] Request (MultipleCreateTestJSON:setUpClass): 201 POST http://10.180.1.21/identity/v3/auth/tokens 0.128s
2025-05-19 18:50:20.577 69781 INFO tempest.lib.common.rest_client [req-d4e2ea0b-6da9-461a-9771-7544a56e4114 req-d4e2ea0b-6da9-461a-9771-7544a56e4114 ] Request (VolumesSnapshotsTestJSON:test_volume_snapshot_create_get_list_delete): 200 GET http://10.180.1.21/compute/v2.1/os-volumes/fa08a6e4-65d4-4020-a7b6-16c0e3386417 1.764s
2025-05-19 18:50:20.580 69781 INFO tempest.common.waiters [-] volume fa08a6e4-65d4-4020-a7b6-16c0e3386417 reached available after waiting for 0.580302 seconds
2025-05-19 18:50:20.618 69759 INFO tempest.lib.common.rest_client [req-9b1fb5d0-c61d-452b-b262-ddab3658dd54 req-9b1fb5d0-c61d-452b-b262-ddab3658dd54 ] Request (MultipleCreateTestJSON:test_multiple_create): 201 POST http://10.180.1.21/identity/v3/auth/tokens 0.039s
2025-05-19 18:50:20.618 69759 INFO tempest.lib.common.fixed_network [-] (MultipleCreateTestJSON:test_multiple_create) Found network {'id': '0b63176f-79e9-4680-84ff-59b9775a8d51', 'name': 'tempest-MultipleCreateTestJSON-398917159-network', 'tenant_id': '1288555030234394b167762f8422fc09', 'admin_state_up': True, 'mtu': 8950, 'status': 'ACTIVE', 'subnets': [], 'shared': False, 'project_id': '1288555030234394b167762f8422fc09', 'port_security_enabled': True, 'router:external': False, 'provider:network_type': 'vlan', 'provider:physical_network': 'default', 'provider:segmentation_id': 742, 'availability_zone_hints': [], 'availability_zones': [], 'ipv4_address_scope': None, 'ipv6_address_scope': None, 'description': '', 'tags': [], 'created_at': '2025-05-19T18:50:17Z', 'updated_at': '2025-05-19T18:50:17Z', 'revision_number': 1} available for tenant
2025-05-19 18:50:20.632 69797 INFO tempest.lib.common.rest_client [req-efc330b1-e157-4099-92c0-b42c1229f48b req-efc330b1-e157-4099-92c0-b42c1229f48b ] Request (ValidationResourcesFixture:setUp): 201 POST http://10.180.1.21:9696/networking/v2.0/floatingips 1.733s
2025-05-19 18:50:20.632 69793 INFO tempest.lib.common.rest_client [req-961800e5-df89-43bb-b2d4-852c756a88e7 req-961800e5-df89-43bb-b2d4-852c756a88e7 ] Request (VolumesTestJSON:test_volume_list_with_details): 200 GET http://10.180.1.21/compute/v2.1/os-volumes/detail 1.783s
2025-05-19 18:50:20.657 69737 INFO tempest.lib.common.rest_client [req-a806f89c-79c5-4653-adbc-153556903236 req-a806f89c-79c5-4653-adbc-153556903236 ] Request (ImagesOneServerTestJSON:setUpClass): 204 DELETE http://10.180.1.21/compute/v2.1/servers/2a489f60-ceef-40f1-b9f5-d255aac5b982 2.294s
2025-05-19 18:50:20.666 69789 INFO tempest.lib.common.rest_client [req-21e456c5-ddfc-4c64-9254-20f03a341727 req-21e456c5-ddfc-4c64-9254-20f03a341727 ] Request (InstanceActionsNegativeTestJSON:setUpClass): 404 GET http://10.180.1.21/compute/v2.1/servers/9bc1809a-e38e-4dc1-96e7-e3cf3e6a6497 1.587s
2025-05-19 18:50:20.666 69789 INFO tempest.test [-] raised in InstanceActionsNegativeTestJSON.setUpClass. Invoking tearDownClass.
2025-05-19 18:50:20.676 69763 INFO tempest.lib.common.rest_client [req-03a05298-1410-44de-be01-e4c40c7c12ef req-03a05298-1410-44de-be01-e4c40c7c12ef ] Request (ServersTestJSON:test_create_specify_keypair): 200 GET http://10.180.1.21/compute/v2.1/os-keypairs 1.572s
2025-05-19 18:50:20.709 69793 INFO tempest.lib.common.rest_client [req-804da97e-7bf8-44c3-9153-1a20f889f2eb req-804da97e-7bf8-44c3-9153-1a20f889f2eb ] Request (VolumesTestJSON:tearDownClass): 202 DELETE http://10.180.1.21/volume/v3/volumes/732873db-4ee1-431e-9ca6-0e606c381bc2 0.066s
2025-05-19 18:50:20.752 69797 INFO tempest.lib.common.rest_client [req-189e6c1f-9e8a-4a13-a6d7-85887216143f req-189e6c1f-9e8a-4a13-a6d7-85887216143f ] Request (AttachInterfacesTestJSON:test_create_list_show_delete_interfaces_by_fixed_ip): 201 POST http://10.180.1.21/identity/v3/auth/tokens 0.113s
2025-05-19 18:50:20.752 69797 INFO tempest.lib.common.fixed_network [-] (AttachInterfacesTestJSON:test_create_list_show_delete_interfaces_by_fixed_ip) Found network {'id': '21acdca8-cdc9-494b-8791-ca4cd9ea73f1', 'name': 'tempest-AttachInterfacesTestJSON-250523259-network', 'tenant_id': 'faa36f2d0c004262ad37cabe72ada3e4', 'admin_state_up': True, 'mtu': 8950, 'status': 'ACTIVE', 'subnets': [], 'shared': False, 'project_id': 'faa36f2d0c004262ad37cabe72ada3e4', 'port_security_enabled': True, 'router:external': False, 'provider:network_type': 'vlan', 'provider:physical_network': 'default', 'provider:segmentation_id': 146, 'availability_zone_hints': [], 'availability_zones': [], 'ipv4_address_scope': None, 'ipv6_address_scope': None, 'description': '', 'tags': [], 'created_at': '2025-05-19T18:50:05Z', 'updated_at': '2025-05-19T18:50:05Z', 'revision_number': 1} available for tenant
2025-05-19 18:50:20.755 69793 INFO tempest.lib.common.rest_client [req-8e8142bc-337d-4fee-af1a-1a51b1fb7a5e req-8e8142bc-337d-4fee-af1a-1a51b1fb7a5e ] Request (VolumesTestJSON:tearDownClass): 200 GET http://10.180.1.21/volume/v3/volumes/732873db-4ee1-431e-9ca6-0e606c381bc2 0.046s
2025-05-19 18:50:20.782 69763 INFO tempest.lib.common.rest_client [req-636454da-de91-4870-8d40-947238ec5562 req-636454da-de91-4870-8d40-947238ec5562 ] Request (ServersTestJSON:test_create_specify_keypair): 201 POST http://10.180.1.21/identity/v3/auth/tokens 0.100s
2025-05-19 18:50:20.782 69763 INFO tempest.lib.common.fixed_network [-] (ServersTestJSON:test_create_specify_keypair) Found network {'id': 'b92e9f19-85ba-4472-bad3-daae57cb6368', 'name': 'tempest-ServersTestJSON-1990291092-network', 'tenant_id': '86c188035b0b414584c1b4d60b60dcd7', 'admin_state_up': True, 'mtu': 8950, 'status': 'ACTIVE', 'subnets': [], 'shared': False, 'project_id': '86c188035b0b414584c1b4d60b60dcd7', 'port_security_enabled': True, 'router:external': False, 'provider:network_type': 'vlan', 'provider:physical_network': 'default', 'provider:segmentation_id': 604, 'availability_zone_hints': [], 'availability_zones': [], 'ipv4_address_scope': None, 'ipv6_address_scope': None, 'description': '', 'tags': [], 'created_at': '2025-05-19T18:49:41Z', 'updated_at': '2025-05-19T18:49:41Z', 'revision_number': 1} available for tenant
2025-05-19 18:50:20.826 69751 INFO tempest.lib.common.rest_client [req-b0e954ea-7504-47d7-9f2c-fad12a589932 req-b0e954ea-7504-47d7-9f2c-fad12a589932 ] Request (ServerGroup264TestJSON:setUpClass): 201 POST http://10.180.1.21:9696/networking/v2.0/networks 0.438s
2025-05-19 18:50:20.940 69795 INFO tempest.lib.common.rest_client [req-4e3f805e-f69b-4fdc-89cc-9efde4aa9656 req-4e3f805e-f69b-4fdc-89cc-9efde4aa9656 ] Request (ServersListShow298Test:test_list_show_update_rebuild_server_298): 204 DELETE http://10.180.1.21/compute/v2.1/servers/b941c526-4ba6-45e0-86d6-9cd48c70e065 1.744s
2025-05-19 18:50:21.010 69765 INFO tempest.lib.common.rest_client [req-ac291e73-92ef-4b53-a5df-17fdb85fe756 req-ac291e73-92ef-4b53-a5df-17fdb85fe756 ] Request (ServersNegativeTestJSON:setUpClass): 200 GET http://10.180.1.21/compute/v2.1/servers/5a08cb06-4468-4fb7-8cb1-6f082e42c353 1.555s
2025-05-19 18:50:21.036 69755 INFO tempest.lib.common.rest_client [req-bee95715-d74f-437a-9f5d-872ccec2aa85 req-bee95715-d74f-437a-9f5d-872ccec2aa85 ] Request (DeleteServersTestJSON:test_delete_server_while_in_shutoff_state): 404 GET http://10.180.1.21/compute/v2.1/servers/1e656505-edaa-4ef2-97e4-72ca571901b0 1.467s
2025-05-19 18:50:21.041 69751 INFO tempest.lib.common.rest_client [req-c2bd3773-9b5a-4fdf-a0d6-ccb9b40ca1e2 req-c2bd3773-9b5a-4fdf-a0d6-ccb9b40ca1e2 ] Request (ServerGroup264TestJSON:setUpClass): 201 POST http://10.180.1.21:9696/networking/v2.0/subnets 0.214s
2025-05-19 18:50:21.072 69745 INFO tempest.lib.common.rest_client [req-72ce4426-dd63-4ea6-8ce5-e25425767301 req-72ce4426-dd63-4ea6-8ce5-e25425767301 ] Request (ServerActionsV293TestJSON:setUpClass): 204 DELETE http://10.180.1.21/compute/v2.1/servers/b63e6c8b-9193-4494-bba1-82fc0782dfa9 1.668s
2025-05-19 18:50:21.126 69755 INFO tempest.lib.common.rest_client [req-1e39ea73-be5e-427b-a6c6-90468609d727 req-1e39ea73-be5e-427b-a6c6-90468609d727 ] Request (DeleteServersTestJSON:test_delete_server_while_in_suspended_state): 201 POST http://10.180.1.21/identity/v3/auth/tokens 0.085s
2025-05-19 18:50:21.127 69755 INFO tempest.lib.common.fixed_network [-] (DeleteServersTestJSON:test_delete_server_while_in_suspended_state) Found network {'id': 'c5c2313a-1988-41b1-a9f2-3938d3d4ff9d', 'name': 'tempest-DeleteServersTestJSON-1103573261-network', 'tenant_id': '6af201f1961f4d8db92cbfc2453dbe90', 'admin_state_up': True, 'mtu': 8950, 'status': 'ACTIVE', 'subnets': [], 'shared': False, 'project_id': '6af201f1961f4d8db92cbfc2453dbe90', 'port_security_enabled': True, 'router:external': False, 'provider:network_type': 'vlan', 'provider:physical_network': 'default', 'provider:segmentation_id': 716, 'availability_zone_hints': [], 'availability_zones': [], 'ipv4_address_scope': None, 'ipv6_address_scope': None, 'description': '', 'tags': [], 'created_at': '2025-05-19T18:49:02Z', 'updated_at': '2025-05-19T18:49:02Z', 'revision_number': 1} available for tenant
2025-05-19 18:50:21.309 69749 INFO tempest.lib.common.rest_client [req-25b39b40-6f05-462a-8eb7-4ea0a24387a6 req-25b39b40-6f05-462a-8eb7-4ea0a24387a6 ] Request (ServersTestMultiNic:test_verify_duplicate_network_nics): 204 DELETE http://10.180.1.21/compute/v2.1/servers/99636e4a-4367-4aaa-b3d5-ac0e01576492 1.667s
2025-05-19 18:50:21.310 69753 INFO tempest.lib.common.rest_client [req-3d6ab5f1-64b8-45e0-89b8-d310e2760328 req-3d6ab5f1-64b8-45e0-89b8-d310e2760328 ] Request (ServerRescueTestJSONUnderV235:setUpClass): 204 DELETE http://10.180.1.21/compute/v2.1/servers/cc614b29-a53b-495a-9645-7f795c99fb7e 1.395s
2025-05-19 18:50:21.377 69743 INFO tempest.lib.common.rest_client [req-fd311001-38cd-47ae-9756-7bb969a08131 req-fd311001-38cd-47ae-9756-7bb969a08131 ] Request (SecurityGroupRulesNegativeTestJSON:tearDownClass): 200 PUT http://10.180.1.21:9696/networking/v2.0/routers/92575ee4-ee40-4df3-90d4-932a82b5970f/remove_router_interface 2.381s
2025-05-19 18:50:21.693 69787 INFO tempest.lib.common.rest_client [req-be12f803-bb3a-498b-8b7e-4606ade00c38 req-be12f803-bb3a-498b-8b7e-4606ade00c38 ] Request (ServerTagsTestJSON:tearDownClass): 200 PUT http://10.180.1.21:9696/networking/v2.0/routers/62b311ba-2a5e-4303-8135-6d2a36d19226/remove_router_interface 2.627s
2025-05-19 18:50:21.780 69793 INFO tempest.lib.common.rest_client [req-d4775ace-c5f6-4be3-b06c-455d810b7c80 req-d4775ace-c5f6-4be3-b06c-455d810b7c80 ] Request (VolumesTestJSON:tearDownClass): 404 GET http://10.180.1.21/volume/v3/volumes/732873db-4ee1-431e-9ca6-0e606c381bc2 0.013s
2025-05-19 18:50:21.824 69793 INFO tempest.lib.common.rest_client [req-0b3d7d88-6150-446c-85d0-bd5cb69e92ed req-0b3d7d88-6150-446c-85d0-bd5cb69e92ed ] Request (VolumesTestJSON:tearDownClass): 202 DELETE http://10.180.1.21/volume/v3/volumes/374b3de8-18ae-4172-8fd9-8eb8f6fccf89 0.044s
2025-05-19 18:50:21.856 69793 INFO tempest.lib.common.rest_client [req-11aa689f-6cb0-4461-95e1-e4c79f7aafd9 req-11aa689f-6cb0-4461-95e1-e4c79f7aafd9 ] Request (VolumesTestJSON:tearDownClass): 200 GET http://10.180.1.21/volume/v3/volumes/374b3de8-18ae-4172-8fd9-8eb8f6fccf89 0.031s
2025-05-19 18:50:22.013 69779 INFO tempest.lib.common.rest_client [req-f528b0a2-3665-493c-a1d3-2f9e23fafa83 req-f528b0a2-3665-493c-a1d3-2f9e23fafa83 ] Request (ServerRescueNegativeTestJSON:setUpClass): 202 POST http://10.180.1.21/compute/v2.1/servers 1.968s
2025-05-19 18:50:22.019 69747 INFO tempest.lib.common.rest_client [req-6d366b19-e434-4562-8e18-194562864607 req-6d366b19-e434-4562-8e18-194562864607 ] Request (SecurityGroupsTestJSON:test_list_security_groups_by_server): 202 POST http://10.180.1.21/compute/v2.1/servers 2.102s
2025-05-19 18:50:22.131 69761 INFO tempest.lib.common.rest_client [req-5a9a0996-f1e0-49f7-b148-8a9aa44495e5 req-5a9a0996-f1e0-49f7-b148-8a9aa44495e5 ] Request (ServerMetadataNegativeTestJSON:setUpClass): 200 GET http://10.180.1.21/compute/v2.1/servers/57e6f381-3bb4-4399-aed9-cebf06183d48 1.829s
2025-05-19 18:50:22.209 69757 INFO tempest.lib.common.rest_client [req-9c50d5b0-49fc-43a9-854d-552190cabebb req-9c50d5b0-49fc-43a9-854d-552190cabebb ] Request (ServerMetadataTestJSON:setUpClass): 200 GET http://10.180.1.21/compute/v2.1/servers/9189a812-f5c0-41d3-a0b5-3287aef60b77 1.875s
2025-05-19 18:50:22.238 69769 INFO tempest.lib.common.rest_client [req-c3bb4449-354b-4bda-bc9e-36cb8b03b0cd req-c3bb4449-354b-4bda-bc9e-36cb8b03b0cd ] Request (ServersTestBootFromVolume:setUpClass): 404 GET http://10.180.1.21/compute/v2.1/servers/a7eb8fa8-af07-4d7a-9cb4-e227a9c90659 1.838s
2025-05-19 18:50:22.238 69769 INFO tempest.test [-] raised in ServersTestBootFromVolume.setUpClass. Invoking tearDownClass.
2025-05-19 18:50:22.248 69741 INFO tempest.lib.common.rest_client [req-f4536442-0cca-4f5d-8345-b435399941b6 req-f4536442-0cca-4f5d-8345-b435399941b6 ] Request (ServerGroupTestJSON:tearDownClass): 404 DELETE http://10.180.1.21/compute/v2.1/os-server-groups/76d822fb-324e-4068-b66a-fa5bf34dff1f 1.831s
2025-05-19 18:50:22.254 69743 INFO tempest.lib.common.rest_client [req-7332643e-9827-4016-b831-a7798d77e5a0 req-7332643e-9827-4016-b831-a7798d77e5a0 ] Request (SecurityGroupRulesNegativeTestJSON:tearDownClass): 204 DELETE http://10.180.1.21:9696/networking/v2.0/routers/92575ee4-ee40-4df3-90d4-932a82b5970f 0.876s
2025-05-19 18:50:22.353 69781 INFO tempest.lib.common.rest_client [req-8a2ab48e-080b-4e0b-a21c-2fbb588dcfa9 req-8a2ab48e-080b-4e0b-a21c-2fbb588dcfa9 ] Request (VolumesSnapshotsTestJSON:test_volume_snapshot_create_get_list_delete): 200 POST http://10.180.1.21/compute/v2.1/os-snapshots 1.773s
2025-05-19 18:50:22.362 69751 INFO tempest.lib.common.rest_client [req-32c79677-75d0-4fa3-8f03-7d294267f2f4 req-32c79677-75d0-4fa3-8f03-7d294267f2f4 ] Request (ServerGroup264TestJSON:setUpClass): 201 POST http://10.180.1.21:9696/networking/v2.0/routers 1.321s
2025-05-19 18:50:22.434 69787 INFO tempest.lib.common.rest_client [req-d7472ad4-9594-40e2-b1ad-d5875507e496 req-d7472ad4-9594-40e2-b1ad-d5875507e496 ] Request (ServerTagsTestJSON:tearDownClass): 204 DELETE http://10.180.1.21:9696/networking/v2.0/routers/62b311ba-2a5e-4303-8135-6d2a36d19226 0.740s
2025-05-19 18:50:22.527 69743 INFO tempest.lib.common.rest_client [req-01062d97-eb3f-4d5f-8118-8f6cd7c8b714 req-01062d97-eb3f-4d5f-8118-8f6cd7c8b714 ] Request (SecurityGroupRulesNegativeTestJSON:tearDownClass): 204 DELETE http://10.180.1.21:9696/networking/v2.0/subnets/8515dd4d-f399-48e0-9139-d0f8623c0910 0.272s
2025-05-19 18:50:22.534 69789 INFO tempest.lib.common.rest_client [req-97a9e070-3a1d-4f11-a0f8-a2ec5aaf990a req-97a9e070-3a1d-4f11-a0f8-a2ec5aaf990a ] Request (InstanceActionsNegativeTestJSON:tearDownClass): 200 PUT http://10.180.1.21:9696/networking/v2.0/routers/836fe728-fe7c-4442-9d0d-7f80fcec76f5/remove_router_interface 1.867s
2025-05-19 18:50:22.653 69787 INFO tempest.lib.common.rest_client [req-81ad2de5-834f-425a-86e1-d350e91d6819 req-81ad2de5-834f-425a-86e1-d350e91d6819 ] Request (ServerTagsTestJSON:tearDownClass): 204 DELETE http://10.180.1.21:9696/networking/v2.0/subnets/184a68cc-05bb-49d8-b729-1670f9cd6263 0.219s
2025-05-19 18:50:22.773 69735 INFO tempest.lib.common.rest_client [req-7e5d434b-3c29-4f38-b248-f11d7046885a req-7e5d434b-3c29-4f38-b248-f11d7046885a ] Request (ServerDiskConfigTestJSON:test_rebuild_server_with_auto_disk_config): 202 POST http://10.180.1.21/compute/v2.1/servers 2.617s
2025-05-19 18:50:22.802 69737 INFO tempest.lib.common.rest_client [req-930d55ba-f428-41a2-ae97-03b7d9baa8f6 req-930d55ba-f428-41a2-ae97-03b7d9baa8f6 ] Request (ImagesOneServerTestJSON:setUpClass): 404 GET http://10.180.1.21/compute/v2.1/servers/2a489f60-ceef-40f1-b9f5-d255aac5b982 2.144s
2025-05-19 18:50:22.802 69737 INFO tempest.test [-] raised in ImagesOneServerTestJSON.setUpClass. Invoking tearDownClass.
2025-05-19 18:50:22.885 69793 INFO tempest.lib.common.rest_client [req-f948d85b-83bf-4830-a414-fd92b12d4d18 req-f948d85b-83bf-4830-a414-fd92b12d4d18 ] Request (VolumesTestJSON:tearDownClass): 404 GET http://10.180.1.21/volume/v3/volumes/374b3de8-18ae-4172-8fd9-8eb8f6fccf89 0.020s
2025-05-19 18:50:22.928 69793 INFO tempest.lib.common.rest_client [req-536bf93e-49d7-4cd4-a6f9-33129514bca3 req-536bf93e-49d7-4cd4-a6f9-33129514bca3 ] Request (VolumesTestJSON:tearDownClass): 202 DELETE http://10.180.1.21/volume/v3/volumes/233d2ab0-435c-48e0-a661-74119265da21 0.042s
2025-05-19 18:50:22.956 69793 INFO tempest.lib.common.rest_client [req-c0c1cfbd-3a3c-459b-bc7b-9c263e2f0567 req-c0c1cfbd-3a3c-459b-bc7b-9c263e2f0567 ] Request (VolumesTestJSON:tearDownClass): 200 GET http://10.180.1.21/volume/v3/volumes/233d2ab0-435c-48e0-a661-74119265da21 0.027s
2025-05-19 18:50:22.981 69787 INFO tempest.lib.common.rest_client [req-9b8066e7-4e05-4661-a09f-776b8f67b81e req-9b8066e7-4e05-4661-a09f-776b8f67b81e ] Request (ServerTagsTestJSON:tearDownClass): 204 DELETE http://10.180.1.21:9696/networking/v2.0/networks/5e37c9c8-2184-4274-97d5-2dc8276c22f6 0.327s
2025-05-19 18:50:23.038 69743 INFO tempest.lib.common.rest_client [req-ab0e2da2-5c00-42ec-b58e-1d959ebaa2a5 req-ab0e2da2-5c00-42ec-b58e-1d959ebaa2a5 ] Request (SecurityGroupRulesNegativeTestJSON:tearDownClass): 204 DELETE http://10.180.1.21:9696/networking/v2.0/networks/014abd71-9831-414f-a76d-2cc85d809c98 0.510s
2025-05-19 18:50:23.065 69759 INFO tempest.lib.common.rest_client [req-dd8e5a64-5c39-4722-8c92-9978e06e2f97 req-dd8e5a64-5c39-4722-8c92-9978e06e2f97 ] Request (MultipleCreateTestJSON:test_multiple_create): 202 POST http://10.180.1.21/compute/v2.1/servers 2.446s
2025-05-19 18:50:23.094 69787 INFO tempest.lib.common.rest_client [req-4db8a425-dd27-46ab-8b5c-3825afe78277 req-4db8a425-dd27-46ab-8b5c-3825afe78277 ] Request (ServerTagsTestJSON:tearDownClass): 204 DELETE http://10.180.1.21/identity/v3/users/599def4978fa41f0b03d41b4d5b39a0e 0.113s
2025-05-19 18:50:23.095 69787 INFO tempest.lib.common.dynamic_creds [-] Deleting project and security group for project: ae0563b6a708426b8f5fb8f34594e908
2025-05-19 18:50:23.123 69787 INFO tempest.lib.common.rest_client [req-177ee483-f794-439e-8911-afbf79d690a6 req-177ee483-f794-439e-8911-afbf79d690a6 ] Request (ServerTagsTestJSON:tearDownClass): 200 GET http://10.180.1.21:9696/networking/v2.0/security-groups?tenant_id=ae0563b6a708426b8f5fb8f34594e908&name=default 0.028s
2025-05-19 18:50:23.156 69743 INFO tempest.lib.common.rest_client [req-ef69057a-bf28-45a5-97f2-e23f341cb5e5 req-ef69057a-bf28-45a5-97f2-e23f341cb5e5 ] Request (SecurityGroupRulesNegativeTestJSON:tearDownClass): 204 DELETE http://10.180.1.21/identity/v3/users/737f7edb7bc14106a3405da5d0441024 0.117s
2025-05-19 18:50:23.157 69743 INFO tempest.lib.common.dynamic_creds [-] Deleting project and security group for project: 1ba68de4941146369c6d91dd2d5be1f7
2025-05-19 18:50:23.257 69787 INFO tempest.lib.common.rest_client [req-c5af3b73-3042-4db6-8f6e-d83e44f9c45e req-c5af3b73-3042-4db6-8f6e-d83e44f9c45e ] Request (ServerTagsTestJSON:tearDownClass): 204 DELETE http://10.180.1.21:9696/networking/v2.0/security-groups/28c782fb-6745-485b-81a7-577e9b903301 0.133s
2025-05-19 18:50:23.267 69743 INFO tempest.lib.common.rest_client [req-c33e1163-f15e-484f-9c80-caf58ed3e808 req-c33e1163-f15e-484f-9c80-caf58ed3e808 ] Request (SecurityGroupRulesNegativeTestJSON:tearDownClass): 200 GET http://10.180.1.21:9696/networking/v2.0/security-groups?tenant_id=1ba68de4941146369c6d91dd2d5be1f7&name=default 0.110s
2025-05-19 18:50:23.408 69743 INFO tempest.lib.common.rest_client [req-f82af17d-b35e-4092-99ce-716d3b6c29a6 req-f82af17d-b35e-4092-99ce-716d3b6c29a6 ] Request (SecurityGroupRulesNegativeTestJSON:tearDownClass): 204 DELETE http://10.180.1.21:9696/networking/v2.0/security-groups/c82ecdad-4dce-46f6-8eb2-de55afb2478e 0.140s
2025-05-19 18:50:23.444 69787 INFO tempest.lib.common.rest_client [req-e089b86a-7ce5-4977-9b9e-652089f05fbe req-e089b86a-7ce5-4977-9b9e-652089f05fbe ] Request (ServerTagsTestJSON:tearDownClass): 204 DELETE http://10.180.1.21/identity/v3/projects/ae0563b6a708426b8f5fb8f34594e908 0.187s
2025-05-19 18:50:23.474 69787 INFO tempest.lib.common.rest_client [req-70b3472d-c751-4ae5-945c-07586b3073d6 req-70b3472d-c751-4ae5-945c-07586b3073d6 ] Request (ExtensionsTest:setUpClass): 201 POST http://10.180.1.21/identity/v3/auth/tokens 0.026s
2025-05-19 18:50:23.512 69763 INFO tempest.lib.common.rest_client [req-1b4c4c7d-ffac-403d-ab51-05cbd1f7c2df req-1b4c4c7d-ffac-403d-ab51-05cbd1f7c2df ] Request (ServersTestJSON:test_create_specify_keypair): 202 POST http://10.180.1.21/compute/v2.1/servers 2.730s
2025-05-19 18:50:23.513 69743 INFO tempest.lib.common.rest_client [req-b63ec4ec-9582-47c4-a96a-56c71f56ddfd req-b63ec4ec-9582-47c4-a96a-56c71f56ddfd ] Request (SecurityGroupRulesNegativeTestJSON:tearDownClass): 204 DELETE http://10.180.1.21/identity/v3/projects/1ba68de4941146369c6d91dd2d5be1f7 0.105s
2025-05-19 18:50:23.536 69795 INFO tempest.lib.common.rest_client [req-4009d42f-80d4-41d7-8f4c-5dffb4a72b95 req-4009d42f-80d4-41d7-8f4c-5dffb4a72b95 ] Request (ServersListShow298Test:test_list_show_update_rebuild_server_298): 404 GET http://10.180.1.21/compute/v2.1/servers/b941c526-4ba6-45e0-86d6-9cd48c70e065 2.589s
2025-05-19 18:50:23.540 69787 INFO tempest.lib.common.rest_client [req-bc711e1d-2429-45f7-9ec0-5bc829756dac req-bc711e1d-2429-45f7-9ec0-5bc829756dac ] Request (ExtensionsTest:setUpClass): 201 POST http://10.180.1.21/identity/v3/auth/tokens 0.063s
2025-05-19 18:50:23.546 69743 INFO tempest.lib.common.rest_client [req-23959dba-94fe-46ad-93bb-a4718b876098 req-23959dba-94fe-46ad-93bb-a4718b876098 ] Request (ServerShowV263Test:setUpClass): 201 POST http://10.180.1.21/identity/v3/auth/tokens 0.030s
2025-05-19 18:50:23.567 69787 INFO tempest.lib.common.rest_client [req-71021da5-fae5-4146-96ed-037edab2d145 req-71021da5-fae5-4146-96ed-037edab2d145 ] Request (ExtensionsTest:setUpClass): 200 GET http://10.180.1.21/identity/v3/domains?name=Default 0.027s
2025-05-19 18:50:23.624 69795 INFO tempest.lib.common.rest_client [req-74af6565-75b3-418e-a30d-33c0d2d79a3b req-74af6565-75b3-418e-a30d-33c0d2d79a3b ] Request (ServersListShow298Test:tearDownClass): 204 DELETE http://10.180.1.21/identity/v3/users/0d35a1bec16144a2862d548b6e416c06 0.085s
2025-05-19 18:50:23.624 69795 INFO tempest.lib.common.dynamic_creds [-] Deleting project and security group for project: 89db446de5dc485db9478df7c15b2f04
2025-05-19 18:50:23.634 69743 INFO tempest.lib.common.rest_client [req-2f88a7f0-4d7d-40ea-9372-e3c18f05558e req-2f88a7f0-4d7d-40ea-9372-e3c18f05558e ] Request (ServerShowV263Test:setUpClass): 201 POST http://10.180.1.21/identity/v3/auth/tokens 0.086s
2025-05-19 18:50:23.689 69795 INFO tempest.lib.common.rest_client [req-73b5efd4-7d60-465b-875d-49b3afe3da8d req-73b5efd4-7d60-465b-875d-49b3afe3da8d ] Request (ServersListShow298Test:tearDownClass): 201 POST http://10.180.1.21/identity/v3/auth/tokens 0.065s
2025-05-19 18:50:23.689 69787 INFO tempest.lib.common.rest_client [req-e18ecd8f-a30e-4eec-8258-d32de9a84fb6 req-e18ecd8f-a30e-4eec-8258-d32de9a84fb6 ] Request (ExtensionsTest:setUpClass): 201 POST http://10.180.1.21/identity/v3/projects 0.122s
2025-05-19 18:50:23.715 69789 INFO tempest.lib.common.rest_client [req-399a1837-7c2a-4820-97df-aa889855774b req-399a1837-7c2a-4820-97df-aa889855774b ] Request (InstanceActionsNegativeTestJSON:tearDownClass): 204 DELETE http://10.180.1.21:9696/networking/v2.0/routers/836fe728-fe7c-4442-9d0d-7f80fcec76f5 1.181s
2025-05-19 18:50:23.745 69765 INFO tempest.lib.common.rest_client [req-9f6a7ec1-09a5-408f-bd21-26f1d359f97a req-9f6a7ec1-09a5-408f-bd21-26f1d359f97a ] Request (ServersNegativeTestJSON:setUpClass): 204 DELETE http://10.180.1.21/compute/v2.1/servers/5a08cb06-4468-4fb7-8cb1-6f082e42c353 2.727s
2025-05-19 18:50:23.749 69743 INFO tempest.lib.common.rest_client [req-1287ef44-f652-4ece-ab8b-637c0919df61 req-1287ef44-f652-4ece-ab8b-637c0919df61 ] Request (ServerShowV263Test:setUpClass): 200 GET http://10.180.1.21/identity/v3/domains?name=Default 0.115s
2025-05-19 18:50:23.755 69787 INFO tempest.lib.common.rest_client [req-fbdcf4c2-5571-4093-be6b-c7fd58119d16 req-fbdcf4c2-5571-4093-be6b-c7fd58119d16 ] Request (ExtensionsTest:setUpClass): 201 POST http://10.180.1.21/identity/v3/users 0.065s
2025-05-19 18:50:23.769 69745 INFO tempest.lib.common.rest_client [req-e8d0a448-2e46-404a-820e-84010a0cdcc0 req-e8d0a448-2e46-404a-820e-84010a0cdcc0 ] Request (ServerActionsV293TestJSON:setUpClass): 404 GET http://10.180.1.21/compute/v2.1/servers/b63e6c8b-9193-4494-bba1-82fc0782dfa9 2.696s
2025-05-19 18:50:23.769 69745 INFO tempest.test [-] raised in ServerActionsV293TestJSON.setUpClass. Invoking tearDownClass.
2025-05-19 18:50:23.781 69743 INFO tempest.lib.common.rest_client [req-997ab4db-8cad-4f7b-bab5-d3fcfc032ad3 req-997ab4db-8cad-4f7b-bab5-d3fcfc032ad3 ] Request (ServerShowV263Test:setUpClass): 201 POST http://10.180.1.21/identity/v3/projects 0.031s
