2025-05-19 18:48:35.682 69749 INFO tempest.lib.common.rest_client [req-7d5a37d3-e16e-45c2-91a5-2e62df863f3c req-7d5a37d3-e16e-45c2-91a5-2e62df863f3c ] Request (HypervisorAdminUnderV252Test:test_get_hypervisor_show_servers): 200 GET http://10.180.1.21/compute/v2.1/os-hypervisors 1.291s
2025-05-19 18:48:35.683 69791 INFO tempest.lib.common.rest_client [req-eacb18e2-c226-47bf-b111-30ecb44d6e3c req-eacb18e2-c226-47bf-b111-30ecb44d6e3c ] Request (VolumesAssistedSnapshotsTest:setUpClass): 201 POST http://10.180.1.21:9696/networking/v2.0/networks 1.404s
2025-05-19 18:48:35.693 69761 INFO tempest.lib.common.rest_client [req-c2b726c1-4b0c-4297-9f66-9951351d2e43 req-c2b726c1-4b0c-4297-9f66-9951351d2e43 ] Request (HypervisorAdminV228Test:setUpClass): 204 PUT http://10.180.1.21/identity/v3/projects/60977ef0c74e460aa812ecd583cab9fc/users/595652e07c984c1a9b905768b45495ee/roles/b145f2edebe947658da02a7dcc0a6da9 0.541s
2025-05-19 18:48:35.695 69767 INFO tempest.lib.common.rest_client [req-30349b66-aea8-4cd2-84bf-97b8f27cb848 req-30349b66-aea8-4cd2-84bf-97b8f27cb848 ] Request (QuotasAdminTestV236:setUpClass): 201 POST http://10.180.1.21/identity/v3/users 0.515s
2025-05-19 18:48:35.756 69757 INFO tempest.lib.common.rest_client [req-eaf96ede-d4f8-42c7-a552-96ecfce38142 req-eaf96ede-d4f8-42c7-a552-96ecfce38142 ] Request (ImagesTestJSON:setUpClass): 200 PUT http://10.180.1.21:9696/networking/v2.0/routers/466ffaa6-a083-421c-8e33-92cc5277dedb/add_router_interface 1.069s
2025-05-19 18:48:35.757 69757 INFO tempest.lib.common.dynamic_creds [-] Created isolated network resources for: credentials: Credentials: {'domain_id': 'default', 'domain_name': 'Default', 'username': 'tempest-ImagesTestJSON-797745490-project-member', 'project_domain_id': 'default', 'project_domain_name': 'Default', 'project_id': '8dce7570ead54cfb9af64b3560a9f01d', 'project_name': 'tempest-ImagesTestJSON-797745490', 'tenant_id': '8dce7570ead54cfb9af64b3560a9f01d', 'tenant_name': 'tempest-ImagesTestJSON-797745490', 'user_domain_id': 'default', 'user_domain_name': 'Default', 'user_id': 'af8426bae73c4fcc8612ef0cfbb2cba3', 'system': None}, Network: {'id': '0c8ece64-a5aa-4b6f-afeb-c80e71859a53', 'name': 'tempest-ImagesTestJSON-1703816147-network', 'tenant_id': '8dce7570ead54cfb9af64b3560a9f01d', 'admin_state_up': True, 'mtu': 8950, 'status': 'ACTIVE', 'subnets': [], 'shared': False, 'project_id': '8dce7570ead54cfb9af64b3560a9f01d', 'port_security_enabled': True, 'router:external': False, 'provider:network_type': 'vlan', 'provider:physical_network': 'default', 'provider:segmentation_id': 345, 'availability_zone_hints': [], 'availability_zones': [], 'ipv4_address_scope': None, 'ipv6_address_scope': None, 'description': '', 'tags': [], 'created_at': '2025-05-19T18:48:33Z', 'updated_at': '2025-05-19T18:48:33Z', 'revision_number': 1}, Subnet: {'id': '374b7873-ae27-4c45-bc56-32493ed90616', 'name': 'tempest-ImagesTestJSON-1703816147-subnet', 'tenant_id': '8dce7570ead54cfb9af64b3560a9f01d', 'network_id': '0c8ece64-a5aa-4b6f-afeb-c80e71859a53', 'ip_version': 4, 'subnetpool_id': None, 'enable_dhcp': True, 'ipv6_ra_mode': None, 'ipv6_address_mode': None, 'gateway_ip': '192.168.128.1', 'cidr': '192.168.128.0/28', 'allocation_pools': [{'start': '192.168.128.2', 'end': '192.168.128.14'}], 'host_routes': [], 'dns_nameservers': [], 'description': '', 'router:external': False, 'service_types': [], 'tags': [], 'created_at': '2025-05-19T18:48:33Z', 'updated_at': '2025-05-19T18:48:33Z', 'revision_number': 0, 'project_id': '8dce7570ead54cfb9af64b3560a9f01d'}, Router: {'id': '466ffaa6-a083-421c-8e33-92cc5277dedb', 'name': 'tempest-ImagesTestJSON-1703816147-router', 'tenant_id': '8dce7570ead54cfb9af64b3560a9f01d', 'admin_state_up': True, 'status': 'ACTIVE', 'external_gateway_info': {'network_id': '109fead2-2e0b-46e4-84d5-5dcdcf5b282e', 'external_fixed_ips': [{'subnet_id': '66c1fd33-1eb8-4378-93ce-eae7bc5d3a09', 'ip_address': '10.180.180.245'}], 'enable_snat': True}, 'description': '', 'availability_zones': [], 'distributed': False, 'ha': False, 'availability_zone_hints': [], 'routes': [], 'flavor_id': None, 'tags': [], 'created_at': '2025-05-19T18:48:33Z', 'updated_at': '2025-05-19T18:48:34Z', 'revision_number': 2, 'project_id': '8dce7570ead54cfb9af64b3560a9f01d'}
2025-05-19 18:48:35.758 69777 INFO tempest.lib.common.rest_client [req-820914ba-b51d-4567-9ab9-f0369c7075a9 req-820914ba-b51d-4567-9ab9-f0369c7075a9 ] Request (DeleteServersAdminTestJSON:setUpClass): 201 POST http://10.180.1.21/identity/v3/users 0.501s
2025-05-19 18:48:35.799 69775 INFO tempest.lib.common.rest_client [req-e9e7597c-e2f1-427c-984e-cbb126838c3a req-e9e7597c-e2f1-427c-984e-cbb126838c3a ] Request (HypervisorAdminNegativeTestJSON:setUpClass): 201 POST http://10.180.1.21/identity/v3/users 0.494s
2025-05-19 18:48:35.818 69783 INFO tempest.lib.common.rest_client [req-36ad0e7d-5581-4f70-a52f-3bcda5f9b64b req-36ad0e7d-5581-4f70-a52f-3bcda5f9b64b ] Request (FlavorsExtraSpecsNegativeTestJSON:setUpClass): 200 GET http://10.180.1.21/identity/v3/roles 0.508s
2025-05-19 18:48:35.834 69741 INFO tempest.lib.common.rest_client [req-ce4c96fb-36a4-4c82-aa26-adda9dc67f53 req-ce4c96fb-36a4-4c82-aa26-adda9dc67f53 ] Request (MigrationsAdminTest:setUpClass): 200 GET http://10.180.1.21/identity/v3/roles 0.473s
2025-05-19 18:48:35.849 69795 INFO tempest.lib.common.rest_client [req-04b5deb2-3d67-4be3-b447-9f4cf6a96003 req-04b5deb2-3d67-4be3-b447-9f4cf6a96003 ] Request (KeyPairsV210TestJSON:setUpClass): 200 GET http://10.180.1.21/identity/v3/roles 0.480s
2025-05-19 18:48:35.872 69793 INFO tempest.lib.common.rest_client [req-96b71e84-4a43-4c4a-ba15-894e62c2e0c5 req-96b71e84-4a43-4c4a-ba15-894e62c2e0c5 ] Request (NetworksTest:setUpClass): 204 PUT http://10.180.1.21/identity/v3/projects/dac5d708bb09409fb5bb4dddd327fa59/users/e8f4d6b4ab264da59360c7083ec9aefb/roles/b145f2edebe947658da02a7dcc0a6da9 0.452s
2025-05-19 18:48:35.877 69751 INFO tempest.lib.common.rest_client [req-0bff1cda-dba0-49ae-9814-e3fec5686e8c req-0bff1cda-dba0-49ae-9814-e3fec5686e8c ] Request (FlavorsAdminTestJSON:test_create_flavor_using_string_ram): 200 POST http://10.180.1.21/compute/v2.1/flavors 1.417s
2025-05-19 18:48:35.902 69791 INFO tempest.lib.common.rest_client [req-4ebf8ef6-26bd-4800-b19e-8c141d71a7bb req-4ebf8ef6-26bd-4800-b19e-8c141d71a7bb ] Request (VolumesAssistedSnapshotsTest:setUpClass): 201 POST http://10.180.1.21:9696/networking/v2.0/subnets 0.218s
2025-05-19 18:48:35.908 69797 INFO tempest.lib.common.rest_client [req-ac458a8d-8601-4471-b94a-a23627ce3bc4 req-ac458a8d-8601-4471-b94a-a23627ce3bc4 ] Request (FlavorsV2TestJSON:test_list_flavors): 200 GET http://10.180.1.21/compute/v2.1/flavors 1.036s
2025-05-19 18:48:35.922 69739 INFO tempest.lib.common.rest_client [req-bc264c20-5e21-4054-8537-c59b4a41a634 req-bc264c20-5e21-4054-8537-c59b4a41a634 ] Request (HostsAdminNegativeTestJSON:setUpClass): 204 PUT http://10.180.1.21/identity/v3/projects/00986cee04d44c4c89e0ceb13e4169c1/users/6b8676b543b043cd914539bc2bc27569/roles/b145f2edebe947658da02a7dcc0a6da9 0.492s
2025-05-19 18:48:35.932 69745 INFO tempest.lib.common.rest_client [req-78ac9e12-20cd-488b-b6d3-34e5a546fef1 req-78ac9e12-20cd-488b-b6d3-34e5a546fef1 ] Request (FlavorsExtraSpecsTestJSON:test_flavor_non_admin_get_all_keys): 200 POST http://10.180.1.21/compute/v2.1/flavors/682383566/os-extra_specs 0.645s
2025-05-19 18:48:35.965 69753 INFO tempest.lib.common.rest_client [req-b52834d7-67e5-48ae-8619-f3fdb1281ce4 req-b52834d7-67e5-48ae-8619-f3fdb1281ce4 ] Request (FlavorsV261TestJSON:setUpClass): 200 GET http://10.180.1.21/identity/v3/roles 0.522s
2025-05-19 18:48:35.969 69773 INFO tempest.lib.common.rest_client [req-a4195c3c-cb83-4352-b7d6-5466410d7ae6 req-a4195c3c-cb83-4352-b7d6-5466410d7ae6 ] Request (FlavorsV255TestJSON:setUpClass): 200 GET http://10.180.1.21/identity/v3/roles 0.519s
2025-05-19 18:48:35.988 69749 INFO tempest.lib.common.rest_client [req-69d2094a-e3ee-4ee1-be38-a59805f30929 req-69d2094a-e3ee-4ee1-be38-a59805f30929 ] Request (HypervisorAdminUnderV252Test:test_get_hypervisor_show_servers): 200 GET http://10.180.1.21/compute/v2.1/os-hypervisors/domain-c8.fc996f14-c53b-4953-92e3-bdfa48f5cc28/servers 0.304s
2025-05-19 18:48:35.992 69779 INFO tempest.lib.common.rest_client [req-ff440c0d-9d81-48ee-85cf-602ad68e814a req-ff440c0d-9d81-48ee-85cf-602ad68e814a ] Request (ServersWithSpecificFlavorTestJSON:setUpClass): 201 POST http://10.180.1.21/identity/v3/users 0.490s
2025-05-19 18:48:35.992 69759 INFO tempest.lib.common.rest_client [req-4903a0af-d0f2-46e9-9d36-ddc2dc767c8c req-4903a0af-d0f2-46e9-9d36-ddc2dc767c8c ] Request (AggregatesAdminNegativeTestJSON:setUpClass): 204 PUT http://10.180.1.21/identity/v3/projects/2b3945689a40497abf9044f00f633f4d/users/81c04329626040e58013e8a89df8d3f0/roles/b145f2edebe947658da02a7dcc0a6da9 0.488s
2025-05-19 18:48:36.008 69751 INFO tempest.lib.common.rest_client [req-f9369783-50a1-4d95-a20f-03ef31657f34 req-f9369783-50a1-4d95-a20f-03ef31657f34 ] Request (FlavorsAdminTestJSON:_run_cleanups): 202 DELETE http://10.180.1.21/compute/v2.1/flavors/2134361985 0.128s
2025-05-19 18:48:36.023 69797 INFO tempest.lib.common.rest_client [req-478c10c6-3fd2-4459-ad53-26208158270e req-478c10c6-3fd2-4459-ad53-26208158270e ] Request (FlavorsV2TestJSON:test_list_flavors): 200 GET http://10.180.1.21/compute/v2.1/flavors/42 0.108s
2025-05-19 18:48:36.038 69771 INFO tempest.lib.common.rest_client [req-beb7db27-71c4-4a08-8b47-9c432f2b8532 req-beb7db27-71c4-4a08-8b47-9c432f2b8532 ] Request (AZAdminNegativeTestJSON:setUpClass): 200 GET http://10.180.1.21/identity/v3/roles 0.484s
2025-05-19 18:48:36.052 69747 INFO tempest.lib.common.rest_client [req-7e409b33-e519-4945-9c84-7030f39701d2 req-7e409b33-e519-4945-9c84-7030f39701d2 ] Request (FlavorsAccessTestJSON:setUpClass): 204 PUT http://10.180.1.21/identity/v3/projects/0849ebf05d3c423587f25951f699ab07/users/1763065792284cdd9c094c651113befb/roles/b145f2edebe947658da02a7dcc0a6da9 0.502s
2025-05-19 18:48:36.052 69747 INFO tempest.lib.common.dynamic_creds [-] Dynamic test user 1763065792284cdd9c094c651113befb is created with scope project and roles: ['admin']
2025-05-19 18:48:36.052 69747 INFO tempest.lib.common.dynamic_creds [-] Acquired dynamic creds: credentials: Credentials: {'domain_id': 'default', 'domain_name': 'Default', 'username': 'tempest-FlavorsAccessTestJSON-1144532040-project-admin', 'project_domain_id': 'default', 'project_domain_name': 'Default', 'project_id': '0849ebf05d3c423587f25951f699ab07', 'project_name': 'tempest-FlavorsAccessTestJSON-1144532040', 'tenant_id': '0849ebf05d3c423587f25951f699ab07', 'tenant_name': 'tempest-FlavorsAccessTestJSON-1144532040', 'user_domain_id': 'default', 'user_domain_name': 'Default', 'user_id': '1763065792284cdd9c094c651113befb', 'system': None}, Network: None, Subnet: None, Router: None
2025-05-19 18:48:36.052 69747 INFO tempest.lib.common.dynamic_creds [-] Created isolated network resources for: credentials: Credentials: {'domain_id': 'default', 'domain_name': 'Default', 'username': 'tempest-FlavorsAccessTestJSON-1144532040-project-admin', 'project_domain_id': 'default', 'project_domain_name': 'Default', 'project_id': '0849ebf05d3c423587f25951f699ab07', 'project_name': 'tempest-FlavorsAccessTestJSON-1144532040', 'tenant_id': '0849ebf05d3c423587f25951f699ab07', 'tenant_name': 'tempest-FlavorsAccessTestJSON-1144532040', 'user_domain_id': 'default', 'user_domain_name': 'Default', 'user_id': '1763065792284cdd9c094c651113befb', 'system': None}, Network: None, Subnet: None, Router: None
2025-05-19 18:48:36.065 69743 INFO tempest.lib.common.rest_client [req-17062dbf-c5ef-4c41-8991-6c01933c25f3 req-17062dbf-c5ef-4c41-8991-6c01933c25f3 ] Request (QuotasAdminTestJSON:setUpClass): 204 PUT http://10.180.1.21/identity/v3/projects/00e38ef1fc6b431997f924e408296574/users/1286e9d5bcfc4699a3a808f3fe6d08e4/roles/b145f2edebe947658da02a7dcc0a6da9 0.493s
2025-05-19 18:48:36.136 69787 INFO tempest.lib.common.rest_client [req-c12b5c02-a3f0-4ee0-8d3c-e069b2c0b888 req-c12b5c02-a3f0-4ee0-8d3c-e069b2c0b888 ] Request (QuotaClassesAdmin257Test:setUpClass): 200 GET http://10.180.1.21/identity/v3/roles 0.542s
2025-05-19 18:48:36.138 69785 INFO tempest.lib.common.rest_client [req-f267c735-b616-425f-9562-ac17247a7fdd req-f267c735-b616-425f-9562-ac17247a7fdd ] Request (HostsAdminTestJSON:setUpClass): 204 PUT http://10.180.1.21/identity/v3/projects/9877ebae76eb49ed93a35c81af5598bf/users/0abeb4a217b3489785ce56c78c3b6a1f/roles/b145f2edebe947658da02a7dcc0a6da9 0.526s
2025-05-19 18:48:36.186 69763 INFO tempest.lib.common.rest_client [req-1a52aac9-4503-47c3-ad63-8d5e06348095 req-1a52aac9-4503-47c3-ad63-8d5e06348095 ] Request (FlavorMetadataValidation:tearDownClass): 200 GET http://10.180.1.21:9696/networking/v2.0/security-groups?tenant_id=01b861dcbece4d4caefaff8a88461e73&name=default 0.772s
2025-05-19 18:48:36.194 69737 INFO tempest.lib.common.rest_client [req-06bcce0c-23a1-4cc5-b35d-5e19cee2e256 req-06bcce0c-23a1-4cc5-b35d-5e19cee2e256 ] Request (FlavorsAccessNegativeTestJSON:setUpClass): 200 GET http://10.180.1.21/identity/v3/roles 0.558s
2025-05-19 18:48:36.197 69735 INFO tempest.lib.common.rest_client [req-5c61f7fb-21cd-4e28-858c-70a54b09a70a req-5c61f7fb-21cd-4e28-858c-70a54b09a70a ] Request (AZAdminV2TestJSON:setUpClass): 200 GET http://10.180.1.21/identity/v3/roles 0.528s
2025-05-19 18:48:36.213 69769 INFO tempest.lib.common.rest_client [req-b3e1e99f-7721-4396-b106-815ffb540a08 req-b3e1e99f-7721-4396-b106-815ffb540a08 ] Request (InstanceUsageAuditLogNegativeTestJSON:setUpClass): 200 GET http://10.180.1.21/identity/v3/roles 0.544s
2025-05-19 18:48:36.214 69761 INFO tempest.lib.common.rest_client [req-56fa8ed5-e8c7-4c36-aa93-d94f4bda4d68 req-56fa8ed5-e8c7-4c36-aa93-d94f4bda4d68 ] Request (HypervisorAdminV228Test:setUpClass): 200 GET http://10.180.1.21/identity/v3/roles 0.520s
2025-05-19 18:48:36.229 69767 INFO tempest.lib.common.rest_client [req-3402de91-8565-4454-8089-acd5d3ca2763 req-3402de91-8565-4454-8089-acd5d3ca2763 ] Request (QuotasAdminTestV236:setUpClass): 200 GET http://10.180.1.21/identity/v3/roles 0.533s
2025-05-19 18:48:36.236 69777 INFO tempest.lib.common.rest_client [req-a4a9d97b-c359-4db5-804f-445703f742c5 req-a4a9d97b-c359-4db5-804f-445703f742c5 ] Request (DeleteServersAdminTestJSON:setUpClass): 200 GET http://10.180.1.21/identity/v3/roles 0.477s
2025-05-19 18:48:36.255 69775 INFO tempest.lib.common.rest_client [req-7e4cbcd5-53e5-41a4-a2ad-4a8bf1906c4b req-7e4cbcd5-53e5-41a4-a2ad-4a8bf1906c4b ] Request (HypervisorAdminNegativeTestJSON:setUpClass): 200 GET http://10.180.1.21/identity/v3/roles 0.454s
2025-05-19 18:48:36.257 69781 INFO tempest.lib.common.rest_client [req-cb21ba47-7db7-4566-b6e2-cccf68135e7b req-cb21ba47-7db7-4566-b6e2-cccf68135e7b ] Request (ImagesNegativeTestJSON:setUpClass): 201 POST http://10.180.1.21:9696/networking/v2.0/routers 1.261s
2025-05-19 18:48:36.320 69783 INFO tempest.lib.common.rest_client [req-d15f7a8a-3ff2-4f8f-8f2f-ba9a60f409ca req-d15f7a8a-3ff2-4f8f-8f2f-ba9a60f409ca ] Request (FlavorsExtraSpecsNegativeTestJSON:setUpClass): 204 PUT http://10.180.1.21/identity/v3/projects/29d747fc3cd24522b3769f9c734bee84/users/11c9a2986c74407188d5e6549d3489a1/roles/b145f2edebe947658da02a7dcc0a6da9 0.500s
2025-05-19 18:48:36.333 69757 INFO tempest.lib.common.rest_client [req-f787b946-7e89-41b0-b2f5-5d8164a691b7 req-f787b946-7e89-41b0-b2f5-5d8164a691b7 ] Request (ImagesTestJSON:setUpClass): 201 POST http://10.180.1.21/identity/v3/auth/tokens 0.524s
2025-05-19 18:48:36.343 69763 INFO tempest.lib.common.rest_client [req-09e08048-09f4-4656-97e3-1d78eae07f52 req-09e08048-09f4-4656-97e3-1d78eae07f52 ] Request (FlavorMetadataValidation:tearDownClass): 204 DELETE http://10.180.1.21:9696/networking/v2.0/security-groups/b469af91-0d26-412e-83ad-213a75cbadf9 0.156s
2025-05-19 18:48:36.372 69741 INFO tempest.lib.common.rest_client [req-3eeef0f8-3f1a-438f-9f88-ffb1a9372ffd req-3eeef0f8-3f1a-438f-9f88-ffb1a9372ffd ] Request (MigrationsAdminTest:setUpClass): 204 PUT http://10.180.1.21/identity/v3/projects/33df7b7d74584ad8a6eee25162671da7/users/16141cd9bf2547b0890f170d785965e6/roles/b145f2edebe947658da02a7dcc0a6da9 0.537s
2025-05-19 18:48:36.372 69741 INFO tempest.lib.common.dynamic_creds [-] Dynamic test user 16141cd9bf2547b0890f170d785965e6 is created with scope project and roles: ['admin']
2025-05-19 18:48:36.372 69741 INFO tempest.lib.common.dynamic_creds [-] Acquired dynamic creds: credentials: Credentials: {'domain_id': 'default', 'domain_name': 'Default', 'username': 'tempest-MigrationsAdminTest-819281388-project-admin', 'project_domain_id': 'default', 'project_domain_name': 'Default', 'project_id': '33df7b7d74584ad8a6eee25162671da7', 'project_name': 'tempest-MigrationsAdminTest-819281388', 'tenant_id': '33df7b7d74584ad8a6eee25162671da7', 'tenant_name': 'tempest-MigrationsAdminTest-819281388', 'user_domain_id': 'default', 'user_domain_name': 'Default', 'user_id': '16141cd9bf2547b0890f170d785965e6', 'system': None}, Network: None, Subnet: None, Router: None
2025-05-19 18:48:36.372 69741 INFO tempest.lib.common.dynamic_creds [-] Created isolated network resources for: credentials: Credentials: {'domain_id': 'default', 'domain_name': 'Default', 'username': 'tempest-MigrationsAdminTest-819281388-project-admin', 'project_domain_id': 'default', 'project_domain_name': 'Default', 'project_id': '33df7b7d74584ad8a6eee25162671da7', 'project_name': 'tempest-MigrationsAdminTest-819281388', 'tenant_id': '33df7b7d74584ad8a6eee25162671da7', 'tenant_name': 'tempest-MigrationsAdminTest-819281388', 'user_domain_id': 'default', 'user_domain_name': 'Default', 'user_id': '16141cd9bf2547b0890f170d785965e6', 'system': None}, Network: None, Subnet: None, Router: None
2025-05-19 18:48:36.381 69795 INFO tempest.lib.common.rest_client [req-f58a8859-9d60-404f-bada-a69cbaa84ca6 req-f58a8859-9d60-404f-bada-a69cbaa84ca6 ] Request (KeyPairsV210TestJSON:setUpClass): 204 PUT http://10.180.1.21/identity/v3/projects/25c22084c85645cb911bc2ec94428930/users/6546bc28318a415682272b9878322372/roles/b145f2edebe947658da02a7dcc0a6da9 0.532s
2025-05-19 18:48:36.426 69739 INFO tempest.lib.common.rest_client [req-6a034d6a-b47f-4dc8-aeb6-cf2b599adb53 req-6a034d6a-b47f-4dc8-aeb6-cf2b599adb53 ] Request (HostsAdminNegativeTestJSON:setUpClass): 200 GET http://10.180.1.21/identity/v3/roles 0.503s
2025-05-19 18:48:36.446 69753 INFO tempest.lib.common.rest_client [req-bfd7cc05-a9ff-4f2b-aa8a-6374a3c81d8c req-bfd7cc05-a9ff-4f2b-aa8a-6374a3c81d8c ] Request (FlavorsV261TestJSON:setUpClass): 204 PUT http://10.180.1.21/identity/v3/projects/da37c3c5f2cc437ca7b9f0087cc896e6/users/5174b311cab4450c86b16683c90948f5/roles/b145f2edebe947658da02a7dcc0a6da9 0.481s
2025-05-19 18:48:36.447 69753 INFO tempest.lib.common.dynamic_creds [-] Dynamic test user 5174b311cab4450c86b16683c90948f5 is created with scope project and roles: ['admin']
2025-05-19 18:48:36.447 69753 INFO tempest.lib.common.dynamic_creds [-] Acquired dynamic creds: credentials: Credentials: {'domain_id': 'default', 'domain_name': 'Default', 'username': 'tempest-FlavorsV261TestJSON-195518941-project-admin', 'project_domain_id': 'default', 'project_domain_name': 'Default', 'project_id': 'da37c3c5f2cc437ca7b9f0087cc896e6', 'project_name': 'tempest-FlavorsV261TestJSON-195518941', 'tenant_id': 'da37c3c5f2cc437ca7b9f0087cc896e6', 'tenant_name': 'tempest-FlavorsV261TestJSON-195518941', 'user_domain_id': 'default', 'user_domain_name': 'Default', 'user_id': '5174b311cab4450c86b16683c90948f5', 'system': None}, Network: None, Subnet: None, Router: None
2025-05-19 18:48:36.447 69753 INFO tempest.lib.common.dynamic_creds [-] Created isolated network resources for: credentials: Credentials: {'domain_id': 'default', 'domain_name': 'Default', 'username': 'tempest-FlavorsV261TestJSON-195518941-project-admin', 'project_domain_id': 'default', 'project_domain_name': 'Default', 'project_id': 'da37c3c5f2cc437ca7b9f0087cc896e6', 'project_name': 'tempest-FlavorsV261TestJSON-195518941', 'tenant_id': 'da37c3c5f2cc437ca7b9f0087cc896e6', 'tenant_name': 'tempest-FlavorsV261TestJSON-195518941', 'user_domain_id': 'default', 'user_domain_name': 'Default', 'user_id': '5174b311cab4450c86b16683c90948f5', 'system': None}, Network: None, Subnet: None, Router: None
2025-05-19 18:48:36.453 69793 INFO tempest.lib.common.rest_client [req-2c584ae0-03ac-451c-bd56-40b57c45f6d7 req-2c584ae0-03ac-451c-bd56-40b57c45f6d7 ] Request (NetworksTest:setUpClass): 200 GET http://10.180.1.21/identity/v3/roles 0.581s
2025-05-19 18:48:36.499 69773 INFO tempest.lib.common.rest_client [req-991bbbad-76e4-4311-9fc5-6d128f608481 req-991bbbad-76e4-4311-9fc5-6d128f608481 ] Request (FlavorsV255TestJSON:setUpClass): 204 PUT http://10.180.1.21/identity/v3/projects/7594bd14fc6e4f48ab2c76c36c63e7cf/users/3bdf72c0927942f2b184463536616654/roles/b145f2edebe947658da02a7dcc0a6da9 0.529s
2025-05-19 18:48:36.525 69779 INFO tempest.lib.common.rest_client [req-050c6c44-7f71-468a-8e3b-602755babf53 req-050c6c44-7f71-468a-8e3b-602755babf53 ] Request (ServersWithSpecificFlavorTestJSON:setUpClass): 200 GET http://10.180.1.21/identity/v3/roles 0.533s
2025-05-19 18:48:36.544 69759 INFO tempest.lib.common.rest_client [req-f95708ad-21a0-40f6-a051-cbfb988f8969 req-f95708ad-21a0-40f6-a051-cbfb988f8969 ] Request (AggregatesAdminNegativeTestJSON:setUpClass): 200 GET http://10.180.1.21/identity/v3/roles 0.552s
2025-05-19 18:48:36.565 69771 INFO tempest.lib.common.rest_client [req-0a89c5b1-ec81-4d55-b5a8-ba8b3ac92616 req-0a89c5b1-ec81-4d55-b5a8-ba8b3ac92616 ] Request (AZAdminNegativeTestJSON:setUpClass): 204 PUT http://10.180.1.21/identity/v3/projects/141540b9a7914aa18f598a589a785720/users/a50cbb92842142ac83adf4fe23477841/roles/b145f2edebe947658da02a7dcc0a6da9 0.527s
2025-05-19 18:48:36.637 69747 INFO tempest.lib.common.rest_client [req-bb4b9689-4d2a-412d-8ead-2822b2db05fc req-bb4b9689-4d2a-412d-8ead-2822b2db05fc ] Request (FlavorsAccessTestJSON:setUpClass): 201 POST http://10.180.1.21/identity/v3/auth/tokens 0.582s
2025-05-19 18:48:36.638 69747 WARNING tempest.lib.common.rest_client [-] Deprecated: "tenant_id" property is deprecated for removal, use "project_id" instead
2025-05-19 18:48:36.654 69745 INFO tempest.lib.common.rest_client [req-2151b63f-2c1b-4e62-a813-5ecb11c382b4 req-2151b63f-2c1b-4e62-a813-5ecb11c382b4 ] Request (FlavorsExtraSpecsTestJSON:test_flavor_non_admin_get_all_keys): 200 GET http://10.180.1.21/compute/v2.1/flavors/682383566/os-extra_specs 0.720s
2025-05-19 18:48:36.680 69743 INFO tempest.lib.common.rest_client [req-a59b57bd-2cf8-4b89-958b-d4de55ed7b5b req-a59b57bd-2cf8-4b89-958b-d4de55ed7b5b ] Request (QuotasAdminTestJSON:setUpClass): 200 GET http://10.180.1.21/identity/v3/roles 0.614s
2025-05-19 18:48:36.682 69749 INFO tempest.lib.common.rest_client [req-4696c449-24cc-4d7c-ba7c-c11860292f85 req-4696c449-24cc-4d7c-ba7c-c11860292f85 ] Request (HypervisorAdminUnderV252Test:test_search_hypervisor): 200 GET http://10.180.1.21/compute/v2.1/os-hypervisors 0.684s
2025-05-19 18:48:36.698 69785 INFO tempest.lib.common.rest_client [req-ce39dad3-b994-4947-aea5-405179cd646a req-ce39dad3-b994-4947-aea5-405179cd646a ] Request (HostsAdminTestJSON:setUpClass): 200 GET http://10.180.1.21/identity/v3/roles 0.559s
2025-05-19 18:48:36.707 69751 INFO tempest.lib.common.rest_client [req-73d3b674-41a6-4a4d-9805-8b9f82f5483a req-73d3b674-41a6-4a4d-9805-8b9f82f5483a ] Request (FlavorsAdminTestJSON:_run_cleanups): 200 GET http://10.180.1.21/compute/v2.1/flavors/detail 0.698s
2025-05-19 18:48:36.720 69797 INFO tempest.lib.common.rest_client [req-96c4fa84-0a68-4f48-93f5-933b269726c1 req-96c4fa84-0a68-4f48-93f5-933b269726c1 ] Request (FlavorsV2TestJSON:test_list_flavors_detailed_filter_by_min_disk): 200 GET http://10.180.1.21/compute/v2.1/flavors/42 0.693s
2025-05-19 18:48:36.724 69787 INFO tempest.lib.common.rest_client [req-194fe031-bf32-4cf2-ac8c-50d0437f937c req-194fe031-bf32-4cf2-ac8c-50d0437f937c ] Request (QuotaClassesAdmin257Test:setUpClass): 204 PUT http://10.180.1.21/identity/v3/projects/bdb06e57f3a14be084f45b17b748c1bb/users/11e1e952b8784231a68b34c2246039e9/roles/b145f2edebe947658da02a7dcc0a6da9 0.588s
2025-05-19 18:48:36.739 69737 INFO tempest.lib.common.rest_client [req-ddebc8e3-5353-4aa5-9604-d03a7ff35b6c req-ddebc8e3-5353-4aa5-9604-d03a7ff35b6c ] Request (FlavorsAccessNegativeTestJSON:setUpClass): 204 PUT http://10.180.1.21/identity/v3/projects/b026387d00ad4f5a859a70321a97c521/users/efb5831268fb470087b9650554f483ca/roles/b145f2edebe947658da02a7dcc0a6da9 0.542s
2025-05-19 18:48:36.771 69791 INFO tempest.lib.common.rest_client [req-6d626554-cc8d-4ba5-ba0b-cff6fb5b2eec req-6d626554-cc8d-4ba5-ba0b-cff6fb5b2eec ] Request (VolumesAssistedSnapshotsTest:setUpClass): 201 POST http://10.180.1.21:9696/networking/v2.0/routers 0.868s
2025-05-19 18:48:36.806 69769 INFO tempest.lib.common.rest_client [req-9e7d9f92-c5bd-4ff6-bfef-6b42f45629b5 req-9e7d9f92-c5bd-4ff6-bfef-6b42f45629b5 ] Request (InstanceUsageAuditLogNegativeTestJSON:setUpClass): 204 PUT http://10.180.1.21/identity/v3/projects/34eb775ccbe34c3ea86f6e41a8c0e16b/users/018e929add22486d92adc174c53e95eb/roles/b145f2edebe947658da02a7dcc0a6da9 0.592s
2025-05-19 18:48:36.816 69735 INFO tempest.lib.common.rest_client [req-440bc5fb-da70-4b99-9b1c-1f952357ab81 req-440bc5fb-da70-4b99-9b1c-1f952357ab81 ] Request (AZAdminV2TestJSON:setUpClass): 204 PUT http://10.180.1.21/identity/v3/projects/effc72f166324faaa798e680c18f6a15/users/03590fc59bc448ee9b3302106000d834/roles/b145f2edebe947658da02a7dcc0a6da9 0.617s
2025-05-19 18:48:36.819 69765 INFO tempest.lib.common.rest_client [req-b467cb87-1c2c-4bf6-a3f7-4ff5dbddb760 req-b467cb87-1c2c-4bf6-a3f7-4ff5dbddb760 ] Request (SecurityGroupRulesTestJSON:setUpClass): 201 POST http://10.180.1.21:9696/networking/v2.0/routers 1.405s
2025-05-19 18:48:36.877 69767 INFO tempest.lib.common.rest_client [req-ebec6279-bb8c-44d6-a9c8-bc309249ca29 req-ebec6279-bb8c-44d6-a9c8-bc309249ca29 ] Request (QuotasAdminTestV236:setUpClass): 204 PUT http://10.180.1.21/identity/v3/projects/7d674f2ab49f46e19026d6893c500710/users/e3392f03a0744522a225ade29c407f38/roles/b145f2edebe947658da02a7dcc0a6da9 0.647s
2025-05-19 18:48:36.891 69761 INFO tempest.lib.common.rest_client [req-21b54dbd-b220-42ff-9da5-5888a3272b39 req-21b54dbd-b220-42ff-9da5-5888a3272b39 ] Request (HypervisorAdminV228Test:setUpClass): 204 PUT http://10.180.1.21/identity/v3/projects/60977ef0c74e460aa812ecd583cab9fc/users/595652e07c984c1a9b905768b45495ee/roles/b145f2edebe947658da02a7dcc0a6da9 0.677s
2025-05-19 18:48:36.891 69761 INFO tempest.lib.common.dynamic_creds [-] Dynamic test user 595652e07c984c1a9b905768b45495ee is created with scope project and roles: ['admin']
2025-05-19 18:48:36.891 69761 INFO tempest.lib.common.dynamic_creds [-] Acquired dynamic creds: credentials: Credentials: {'domain_id': 'default', 'domain_name': 'Default', 'username': 'tempest-HypervisorAdminV228Test-1821409811-project-admin', 'project_domain_id': 'default', 'project_domain_name': 'Default', 'project_id': '60977ef0c74e460aa812ecd583cab9fc', 'project_name': 'tempest-HypervisorAdminV228Test-1821409811', 'tenant_id': '60977ef0c74e460aa812ecd583cab9fc', 'tenant_name': 'tempest-HypervisorAdminV228Test-1821409811', 'user_domain_id': 'default', 'user_domain_name': 'Default', 'user_id': '595652e07c984c1a9b905768b45495ee', 'system': None}, Network: None, Subnet: None, Router: None
2025-05-19 18:48:36.891 69761 INFO tempest.lib.common.dynamic_creds [-] Created isolated network resources for: credentials: Credentials: {'domain_id': 'default', 'domain_name': 'Default', 'username': 'tempest-HypervisorAdminV228Test-1821409811-project-admin', 'project_domain_id': 'default', 'project_domain_name': 'Default', 'project_id': '60977ef0c74e460aa812ecd583cab9fc', 'project_name': 'tempest-HypervisorAdminV228Test-1821409811', 'tenant_id': '60977ef0c74e460aa812ecd583cab9fc', 'tenant_name': 'tempest-HypervisorAdminV228Test-1821409811', 'user_domain_id': 'default', 'user_domain_name': 'Default', 'user_id': '595652e07c984c1a9b905768b45495ee', 'system': None}, Network: None, Subnet: None, Router: None
2025-05-19 18:48:36.960 69777 INFO tempest.lib.common.rest_client [req-fd7325e6-2dd8-4047-a130-cfbd10d73a8a req-fd7325e6-2dd8-4047-a130-cfbd10d73a8a ] Request (DeleteServersAdminTestJSON:setUpClass): 204 PUT http://10.180.1.21/identity/v3/projects/8ce2573887394ebfa64365e514401433/users/0145f93506c84d71b9bced814288c1c7/roles/b145f2edebe947658da02a7dcc0a6da9 0.724s
2025-05-19 18:48:36.971 69775 INFO tempest.lib.common.rest_client [req-8f86137c-c167-4b9c-b9b5-c31f268c5554 req-8f86137c-c167-4b9c-b9b5-c31f268c5554 ] Request (HypervisorAdminNegativeTestJSON:setUpClass): 204 PUT http://10.180.1.21/identity/v3/projects/f33d8705a28e422386d53eccb388eb8e/users/989ab16ba6934f17a7c30c23385aee9f/roles/b145f2edebe947658da02a7dcc0a6da9 0.715s
2025-05-19 18:48:37.036 69783 INFO tempest.lib.common.rest_client [req-42db9f07-a648-4ef9-9d74-d2cead48da67 req-42db9f07-a648-4ef9-9d74-d2cead48da67 ] Request (FlavorsExtraSpecsNegativeTestJSON:setUpClass): 200 GET http://10.180.1.21/identity/v3/roles 0.713s
2025-05-19 18:48:37.081 69757 INFO tempest.lib.common.rest_client [req-296831a5-b93a-494c-984d-7ff98b093dc3 req-296831a5-b93a-494c-984d-7ff98b093dc3 ] Request (ImagesTestJSON:test_create_image_from_stopped_server): 201 POST http://10.180.1.21/identity/v3/auth/tokens 0.744s
2025-05-19 18:48:37.082 69757 INFO tempest.lib.common.fixed_network [-] (ImagesTestJSON:test_create_image_from_stopped_server) Found network {'id': '0c8ece64-a5aa-4b6f-afeb-c80e71859a53', 'name': 'tempest-ImagesTestJSON-1703816147-network', 'tenant_id': '8dce7570ead54cfb9af64b3560a9f01d', 'admin_state_up': True, 'mtu': 8950, 'status': 'ACTIVE', 'subnets': [], 'shared': False, 'project_id': '8dce7570ead54cfb9af64b3560a9f01d', 'port_security_enabled': True, 'router:external': False, 'provider:network_type': 'vlan', 'provider:physical_network': 'default', 'provider:segmentation_id': 345, 'availability_zone_hints': [], 'availability_zones': [], 'ipv4_address_scope': None, 'ipv6_address_scope': None, 'description': '', 'tags': [], 'created_at': '2025-05-19T18:48:33Z', 'updated_at': '2025-05-19T18:48:33Z', 'revision_number': 1} available for tenant
2025-05-19 18:48:37.103 69763 INFO tempest.lib.common.rest_client [req-a50a9bb3-d8bb-477a-be6b-280aeca06550 req-a50a9bb3-d8bb-477a-be6b-280aeca06550 ] Request (FlavorMetadataValidation:tearDownClass): 204 DELETE http://10.180.1.21/identity/v3/projects/01b861dcbece4d4caefaff8a88461e73 0.759s
2025-05-19 18:48:37.103 69763 INFO tempest.lib.common.dynamic_creds [-] Deleting project and security group for project: 468b915684ea463aa4615b27cd703d3e
2025-05-19 18:48:37.151 69741 INFO tempest.lib.common.rest_client [req-d108b90c-e0f4-4045-b8f4-73473cebce0c req-d108b90c-e0f4-4045-b8f4-73473cebce0c ] Request (MigrationsAdminTest:setUpClass): 201 POST http://10.180.1.21/identity/v3/auth/tokens 0.776s
2025-05-19 18:48:37.166 69795 INFO tempest.lib.common.rest_client [req-e0c9e38e-d425-4023-b7a0-a115b39548ac req-e0c9e38e-d425-4023-b7a0-a115b39548ac ] Request (KeyPairsV210TestJSON:setUpClass): 200 GET http://10.180.1.21/identity/v3/roles 0.784s
2025-05-19 18:48:37.173 69739 INFO tempest.lib.common.rest_client [req-d2021a87-264c-4b07-a29b-9049369421f3 req-d2021a87-264c-4b07-a29b-9049369421f3 ] Request (HostsAdminNegativeTestJSON:setUpClass): 204 PUT http://10.180.1.21/identity/v3/projects/00986cee04d44c4c89e0ceb13e4169c1/users/6b8676b543b043cd914539bc2bc27569/roles/b145f2edebe947658da02a7dcc0a6da9 0.745s
2025-05-19 18:48:37.173 69739 INFO tempest.lib.common.dynamic_creds [-] Dynamic test user 6b8676b543b043cd914539bc2bc27569 is created with scope project and roles: ['admin']
2025-05-19 18:48:37.174 69739 INFO tempest.lib.common.dynamic_creds [-] Acquired dynamic creds: credentials: Credentials: {'domain_id': 'default', 'domain_name': 'Default', 'username': 'tempest-HostsAdminNegativeTestJSON-1070193123-project-admin', 'project_domain_id': 'default', 'project_domain_name': 'Default', 'project_id': '00986cee04d44c4c89e0ceb13e4169c1', 'project_name': 'tempest-HostsAdminNegativeTestJSON-1070193123', 'tenant_id': '00986cee04d44c4c89e0ceb13e4169c1', 'tenant_name': 'tempest-HostsAdminNegativeTestJSON-1070193123', 'user_domain_id': 'default', 'user_domain_name': 'Default', 'user_id': '6b8676b543b043cd914539bc2bc27569', 'system': None}, Network: None, Subnet: None, Router: None
2025-05-19 18:48:37.174 69739 INFO tempest.lib.common.dynamic_creds [-] Created isolated network resources for: credentials: Credentials: {'domain_id': 'default', 'domain_name': 'Default', 'username': 'tempest-HostsAdminNegativeTestJSON-1070193123-project-admin', 'project_domain_id': 'default', 'project_domain_name': 'Default', 'project_id': '00986cee04d44c4c89e0ceb13e4169c1', 'project_name': 'tempest-HostsAdminNegativeTestJSON-1070193123', 'tenant_id': '00986cee04d44c4c89e0ceb13e4169c1', 'tenant_name': 'tempest-HostsAdminNegativeTestJSON-1070193123', 'user_domain_id': 'default', 'user_domain_name': 'Default', 'user_id': '6b8676b543b043cd914539bc2bc27569', 'system': None}, Network: None, Subnet: None, Router: None
2025-05-19 18:48:37.219 69793 INFO tempest.lib.common.rest_client [req-64913e1f-806c-4351-80cc-2da46c06e20d req-64913e1f-806c-4351-80cc-2da46c06e20d ] Request (NetworksTest:setUpClass): 204 PUT http://10.180.1.21/identity/v3/projects/dac5d708bb09409fb5bb4dddd327fa59/users/e8f4d6b4ab264da59360c7083ec9aefb/roles/b145f2edebe947658da02a7dcc0a6da9 0.765s
2025-05-19 18:48:37.219 69793 INFO tempest.lib.common.dynamic_creds [-] Dynamic test user e8f4d6b4ab264da59360c7083ec9aefb is created with scope project and roles: ['admin']
2025-05-19 18:48:37.220 69793 INFO tempest.lib.common.dynamic_creds [-] Acquired dynamic creds: credentials: Credentials: {'domain_id': 'default', 'domain_name': 'Default', 'username': 'tempest-NetworksTest-679388855-project-admin', 'project_domain_id': 'default', 'project_domain_name': 'Default', 'project_id': 'dac5d708bb09409fb5bb4dddd327fa59', 'project_name': 'tempest-NetworksTest-679388855', 'tenant_id': 'dac5d708bb09409fb5bb4dddd327fa59', 'tenant_name': 'tempest-NetworksTest-679388855', 'user_domain_id': 'default', 'user_domain_name': 'Default', 'user_id': 'e8f4d6b4ab264da59360c7083ec9aefb', 'system': None}, Network: None, Subnet: None, Router: None
2025-05-19 18:48:37.220 69793 INFO tempest.lib.common.dynamic_creds [-] Created isolated network resources for: credentials: Credentials: {'domain_id': 'default', 'domain_name': 'Default', 'username': 'tempest-NetworksTest-679388855-project-admin', 'project_domain_id': 'default', 'project_domain_name': 'Default', 'project_id': 'dac5d708bb09409fb5bb4dddd327fa59', 'project_name': 'tempest-NetworksTest-679388855', 'tenant_id': 'dac5d708bb09409fb5bb4dddd327fa59', 'tenant_name': 'tempest-NetworksTest-679388855', 'user_domain_id': 'default', 'user_domain_name': 'Default', 'user_id': 'e8f4d6b4ab264da59360c7083ec9aefb', 'system': None}, Network: None, Subnet: None, Router: None
2025-05-19 18:48:37.239 69753 INFO tempest.lib.common.rest_client [req-33f24f60-90ee-4b38-bf79-03a1f5391ca8 req-33f24f60-90ee-4b38-bf79-03a1f5391ca8 ] Request (FlavorsV261TestJSON:setUpClass): 201 POST http://10.180.1.21/identity/v3/auth/tokens 0.789s
2025-05-19 18:48:37.267 69763 INFO tempest.lib.common.rest_client [req-4e43cbc3-8851-4980-95c1-2c309f2bc108 req-4e43cbc3-8851-4980-95c1-2c309f2bc108 ] Request (FlavorMetadataValidation:tearDownClass): 200 GET http://10.180.1.21:9696/networking/v2.0/security-groups?tenant_id=468b915684ea463aa4615b27cd703d3e&name=default 0.163s
2025-05-19 18:48:37.270 69773 INFO tempest.lib.common.rest_client [req-7f0befdf-17e2-43d7-b49a-048e0af4d1f4 req-7f0befdf-17e2-43d7-b49a-048e0af4d1f4 ] Request (FlavorsV255TestJSON:setUpClass): 200 GET http://10.180.1.21/identity/v3/roles 0.771s
2025-05-19 18:48:37.291 69759 INFO tempest.lib.common.rest_client [req-a1ab42cf-c640-4bf4-8f26-3dbba3882434 req-a1ab42cf-c640-4bf4-8f26-3dbba3882434 ] Request (AggregatesAdminNegativeTestJSON:setUpClass): 204 PUT http://10.180.1.21/identity/v3/projects/2b3945689a40497abf9044f00f633f4d/users/81c04329626040e58013e8a89df8d3f0/roles/b145f2edebe947658da02a7dcc0a6da9 0.746s
2025-05-19 18:48:37.291 69759 INFO tempest.lib.common.dynamic_creds [-] Dynamic test user 81c04329626040e58013e8a89df8d3f0 is created with scope project and roles: ['admin']
2025-05-19 18:48:37.291 69759 INFO tempest.lib.common.dynamic_creds [-] Acquired dynamic creds: credentials: Credentials: {'domain_id': 'default', 'domain_name': 'Default', 'username': 'tempest-AggregatesAdminNegativeTestJSON-715309392-project-admin', 'project_domain_id': 'default', 'project_domain_name': 'Default', 'project_id': '2b3945689a40497abf9044f00f633f4d', 'project_name': 'tempest-AggregatesAdminNegativeTestJSON-715309392', 'tenant_id': '2b3945689a40497abf9044f00f633f4d', 'tenant_name': 'tempest-AggregatesAdminNegativeTestJSON-715309392', 'user_domain_id': 'default', 'user_domain_name': 'Default', 'user_id': '81c04329626040e58013e8a89df8d3f0', 'system': None}, Network: None, Subnet: None, Router: None
2025-05-19 18:48:37.291 69759 INFO tempest.lib.common.dynamic_creds [-] Created isolated network resources for: credentials: Credentials: {'domain_id': 'default', 'domain_name': 'Default', 'username': 'tempest-AggregatesAdminNegativeTestJSON-715309392-project-admin', 'project_domain_id': 'default', 'project_domain_name': 'Default', 'project_id': '2b3945689a40497abf9044f00f633f4d', 'project_name': 'tempest-AggregatesAdminNegativeTestJSON-715309392', 'tenant_id': '2b3945689a40497abf9044f00f633f4d', 'tenant_name': 'tempest-AggregatesAdminNegativeTestJSON-715309392', 'user_domain_id': 'default', 'user_domain_name': 'Default', 'user_id': '81c04329626040e58013e8a89df8d3f0', 'system': None}, Network: None, Subnet: None, Router: None
2025-05-19 18:48:37.299 69779 INFO tempest.lib.common.rest_client [req-d2927435-b905-4908-bc57-b67df0624bf8 req-d2927435-b905-4908-bc57-b67df0624bf8 ] Request (ServersWithSpecificFlavorTestJSON:setUpClass): 204 PUT http://10.180.1.21/identity/v3/projects/f97d397ebea745aa933eab4de8670ca0/users/c9f6d0d84ba64ed480ff18aae90a901a/roles/b145f2edebe947658da02a7dcc0a6da9 0.773s
2025-05-19 18:48:37.348 69743 INFO tempest.lib.common.rest_client [req-855c13a5-af4b-49e2-aa6e-d371b248d7a7 req-855c13a5-af4b-49e2-aa6e-d371b248d7a7 ] Request (QuotasAdminTestJSON:setUpClass): 204 PUT http://10.180.1.21/identity/v3/projects/00e38ef1fc6b431997f924e408296574/users/1286e9d5bcfc4699a3a808f3fe6d08e4/roles/b145f2edebe947658da02a7dcc0a6da9 0.667s
2025-05-19 18:48:37.349 69743 INFO tempest.lib.common.dynamic_creds [-] Dynamic test user 1286e9d5bcfc4699a3a808f3fe6d08e4 is created with scope project and roles: ['admin']
2025-05-19 18:48:37.349 69743 INFO tempest.lib.common.dynamic_creds [-] Acquired dynamic creds: credentials: Credentials: {'domain_id': 'default', 'domain_name': 'Default', 'username': 'tempest-QuotasAdminTestJSON-430643642-project-admin', 'project_domain_id': 'default', 'project_domain_name': 'Default', 'project_id': '00e38ef1fc6b431997f924e408296574', 'project_name': 'tempest-QuotasAdminTestJSON-430643642', 'tenant_id': '00e38ef1fc6b431997f924e408296574', 'tenant_name': 'tempest-QuotasAdminTestJSON-430643642', 'user_domain_id': 'default', 'user_domain_name': 'Default', 'user_id': '1286e9d5bcfc4699a3a808f3fe6d08e4', 'system': None}, Network: None, Subnet: None, Router: None
2025-05-19 18:48:37.349 69743 INFO tempest.lib.common.dynamic_creds [-] Created isolated network resources for: credentials: Credentials: {'domain_id': 'default', 'domain_name': 'Default', 'username': 'tempest-QuotasAdminTestJSON-430643642-project-admin', 'project_domain_id': 'default', 'project_domain_name': 'Default', 'project_id': '00e38ef1fc6b431997f924e408296574', 'project_name': 'tempest-QuotasAdminTestJSON-430643642', 'tenant_id': '00e38ef1fc6b431997f924e408296574', 'tenant_name': 'tempest-QuotasAdminTestJSON-430643642', 'user_domain_id': 'default', 'user_domain_name': 'Default', 'user_id': '1286e9d5bcfc4699a3a808f3fe6d08e4', 'system': None}, Network: None, Subnet: None, Router: None
2025-05-19 18:48:37.374 69771 INFO tempest.lib.common.rest_client [req-8f573269-08a2-4853-a618-2f0bc4a95548 req-8f573269-08a2-4853-a618-2f0bc4a95548 ] Request (AZAdminNegativeTestJSON:setUpClass): 200 GET http://10.180.1.21/identity/v3/roles 0.808s
2025-05-19 18:48:37.402 69785 INFO tempest.lib.common.rest_client [req-a0a948fd-f270-492c-a121-8c82c90718c7 req-a0a948fd-f270-492c-a121-8c82c90718c7 ] Request (HostsAdminTestJSON:setUpClass): 204 PUT http://10.180.1.21/identity/v3/projects/9877ebae76eb49ed93a35c81af5598bf/users/0abeb4a217b3489785ce56c78c3b6a1f/roles/b145f2edebe947658da02a7dcc0a6da9 0.703s
2025-05-19 18:48:37.402 69785 INFO tempest.lib.common.dynamic_creds [-] Dynamic test user 0abeb4a217b3489785ce56c78c3b6a1f is created with scope project and roles: ['admin']
2025-05-19 18:48:37.402 69785 INFO tempest.lib.common.dynamic_creds [-] Acquired dynamic creds: credentials: Credentials: {'domain_id': 'default', 'domain_name': 'Default', 'username': 'tempest-HostsAdminTestJSON-153294387-project-admin', 'project_domain_id': 'default', 'project_domain_name': 'Default', 'project_id': '9877ebae76eb49ed93a35c81af5598bf', 'project_name': 'tempest-HostsAdminTestJSON-153294387', 'tenant_id': '9877ebae76eb49ed93a35c81af5598bf', 'tenant_name': 'tempest-HostsAdminTestJSON-153294387', 'user_domain_id': 'default', 'user_domain_name': 'Default', 'user_id': '0abeb4a217b3489785ce56c78c3b6a1f', 'system': None}, Network: None, Subnet: None, Router: None
2025-05-19 18:48:37.403 69785 INFO tempest.lib.common.dynamic_creds [-] Created isolated network resources for: credentials: Credentials: {'domain_id': 'default', 'domain_name': 'Default', 'username': 'tempest-HostsAdminTestJSON-153294387-project-admin', 'project_domain_id': 'default', 'project_domain_name': 'Default', 'project_id': '9877ebae76eb49ed93a35c81af5598bf', 'project_name': 'tempest-HostsAdminTestJSON-153294387', 'tenant_id': '9877ebae76eb49ed93a35c81af5598bf', 'tenant_name': 'tempest-HostsAdminTestJSON-153294387', 'user_domain_id': 'default', 'user_domain_name': 'Default', 'user_id': '0abeb4a217b3489785ce56c78c3b6a1f', 'system': None}, Network: None, Subnet: None, Router: None
2025-05-19 18:48:37.417 69763 INFO tempest.lib.common.rest_client [req-cc0ec20a-8f66-4657-9111-9ea99c23db0e req-cc0ec20a-8f66-4657-9111-9ea99c23db0e ] Request (FlavorMetadataValidation:tearDownClass): 204 DELETE http://10.180.1.21:9696/networking/v2.0/security-groups/865524b6-d7e8-4b2a-b6d1-493640a89d9a 0.150s
2025-05-19 18:48:37.458 69787 INFO tempest.lib.common.rest_client [req-7169265e-8a7c-44d4-952c-92d83b2b7a07 req-7169265e-8a7c-44d4-952c-92d83b2b7a07 ] Request (QuotaClassesAdmin257Test:setUpClass): 200 GET http://10.180.1.21/identity/v3/roles 0.733s
2025-05-19 18:48:37.481 69737 INFO tempest.lib.common.rest_client [req-aa9ec7cd-a9c5-49cc-a50c-0e5b781a4dab req-aa9ec7cd-a9c5-49cc-a50c-0e5b781a4dab ] Request (FlavorsAccessNegativeTestJSON:setUpClass): 200 GET http://10.180.1.21/identity/v3/roles 0.741s
2025-05-19 18:48:37.505 69747 INFO tempest.lib.common.rest_client [req-d7534a7a-d247-43a0-a72c-015f5e31085e req-d7534a7a-d247-43a0-a72c-015f5e31085e ] Request (FlavorsAccessTestJSON:test_flavor_access_add_remove): 200 POST http://10.180.1.21/compute/v2.1/flavors 0.867s
2025-05-19 18:48:37.510 69769 INFO tempest.lib.common.rest_client [req-ea9cced1-8657-4f94-99f4-1ce9a63c08ab req-ea9cced1-8657-4f94-99f4-1ce9a63c08ab ] Request (InstanceUsageAuditLogNegativeTestJSON:setUpClass): 200 GET http://10.180.1.21/identity/v3/roles 0.704s
2025-05-19 18:48:37.514 69735 INFO tempest.lib.common.rest_client [req-9ad844ff-1047-4122-aa5a-1a84c6ac34ba req-9ad844ff-1047-4122-aa5a-1a84c6ac34ba ] Request (AZAdminV2TestJSON:setUpClass): 200 GET http://10.180.1.21/identity/v3/roles 0.698s
2025-05-19 18:48:37.532 69745 INFO tempest.lib.common.rest_client [req-3cb27fc6-2143-4fc6-95f9-5730788b8b73 req-3cb27fc6-2143-4fc6-95f9-5730788b8b73 ] Request (FlavorsExtraSpecsTestJSON:test_flavor_non_admin_get_specific_key): 200 POST http://10.180.1.21/compute/v2.1/flavors/682383566/os-extra_specs 0.869s
2025-05-19 18:48:37.534 69767 INFO tempest.lib.common.rest_client [req-640fb9ea-1b60-4a39-aacb-0c659429693f req-640fb9ea-1b60-4a39-aacb-0c659429693f ] Request (QuotasAdminTestV236:setUpClass): 200 GET http://10.180.1.21/identity/v3/roles 0.657s
2025-05-19 18:48:37.559 69749 INFO tempest.lib.common.rest_client [req-18df2a23-5b80-46b6-a4ff-03729913d03d req-18df2a23-5b80-46b6-a4ff-03729913d03d ] Request (HypervisorAdminUnderV252Test:test_search_hypervisor): 200 GET http://10.180.1.21/compute/v2.1/os-hypervisors/domain-c8.fc996f14-c53b-4953-92e3-bdfa48f5cc28/search 0.875s
2025-05-19 18:48:37.574 69751 INFO tempest.lib.common.rest_client [req-3d08ddc8-468c-4a7c-a56e-cee66462ee59 req-3d08ddc8-468c-4a7c-a56e-cee66462ee59 ] Request (FlavorsAdminTestJSON:test_create_flavor_verify_entry_in_list_details): 200 POST http://10.180.1.21/compute/v2.1/flavors 0.854s
2025-05-19 18:48:37.575 69761 INFO tempest.lib.common.rest_client [req-b3f1ab42-d2fe-4135-a474-8da061db0f6b req-b3f1ab42-d2fe-4135-a474-8da061db0f6b ] Request (HypervisorAdminV228Test:setUpClass): 201 POST http://10.180.1.21/identity/v3/auth/tokens 0.681s
2025-05-19 18:48:37.600 69797 INFO tempest.lib.common.rest_client [req-985c6608-88d2-40ea-84f2-a95dc487937c req-985c6608-88d2-40ea-84f2-a95dc487937c ] Request (FlavorsV2TestJSON:test_list_flavors_detailed_filter_by_min_disk): 200 GET http://10.180.1.21/compute/v2.1/flavors/detail?minDisk=2 0.873s
2025-05-19 18:48:37.602 69777 INFO tempest.lib.common.rest_client [req-a46dbde4-0850-479b-8f07-ecaea50f0384 req-a46dbde4-0850-479b-8f07-ecaea50f0384 ] Request (DeleteServersAdminTestJSON:setUpClass): 200 GET http://10.180.1.21/identity/v3/roles 0.639s
2025-05-19 18:48:37.604 69775 INFO tempest.lib.common.rest_client [req-89fe8616-79d1-4f6e-97b3-a5092e6f4a4d req-89fe8616-79d1-4f6e-97b3-a5092e6f4a4d ] Request (HypervisorAdminNegativeTestJSON:setUpClass): 200 GET http://10.180.1.21/identity/v3/roles 0.632s
2025-05-19 18:48:37.629 69783 INFO tempest.lib.common.rest_client [req-973b7973-c4ea-45c8-a03c-23bf4ec6ae78 req-973b7973-c4ea-45c8-a03c-23bf4ec6ae78 ] Request (FlavorsExtraSpecsNegativeTestJSON:setUpClass): 204 PUT http://10.180.1.21/identity/v3/projects/29d747fc3cd24522b3769f9c734bee84/users/11c9a2986c74407188d5e6549d3489a1/roles/b145f2edebe947658da02a7dcc0a6da9 0.591s
2025-05-19 18:48:37.629 69783 INFO tempest.lib.common.dynamic_creds [-] Dynamic test user 11c9a2986c74407188d5e6549d3489a1 is created with scope project and roles: ['admin']
2025-05-19 18:48:37.629 69783 INFO tempest.lib.common.dynamic_creds [-] Acquired dynamic creds: credentials: Credentials: {'domain_id': 'default', 'domain_name': 'Default', 'username': 'tempest-FlavorsExtraSpecsNegativeTestJSON-757043769-project-admin', 'project_domain_id': 'default', 'project_domain_name': 'Default', 'project_id': '29d747fc3cd24522b3769f9c734bee84', 'project_name': 'tempest-FlavorsExtraSpecsNegativeTestJSON-757043769', 'tenant_id': '29d747fc3cd24522b3769f9c734bee84', 'tenant_name': 'tempest-FlavorsExtraSpecsNegativeTestJSON-757043769', 'user_domain_id': 'default', 'user_domain_name': 'Default', 'user_id': '11c9a2986c74407188d5e6549d3489a1', 'system': None}, Network: None, Subnet: None, Router: None
2025-05-19 18:48:37.629 69783 INFO tempest.lib.common.dynamic_creds [-] Created isolated network resources for: credentials: Credentials: {'domain_id': 'default', 'domain_name': 'Default', 'username': 'tempest-FlavorsExtraSpecsNegativeTestJSON-757043769-project-admin', 'project_domain_id': 'default', 'project_domain_name': 'Default', 'project_id': '29d747fc3cd24522b3769f9c734bee84', 'project_name': 'tempest-FlavorsExtraSpecsNegativeTestJSON-757043769', 'tenant_id': '29d747fc3cd24522b3769f9c734bee84', 'tenant_name': 'tempest-FlavorsExtraSpecsNegativeTestJSON-757043769', 'user_domain_id': 'default', 'user_domain_name': 'Default', 'user_id': '11c9a2986c74407188d5e6549d3489a1', 'system': None}, Network: None, Subnet: None, Router: None
2025-05-19 18:48:37.649 69755 INFO tempest.lib.common.rest_client [req-179f803e-4af6-4a33-a546-2d0a3f02bb9b req-179f803e-4af6-4a33-a546-2d0a3f02bb9b ] Request (ServerDiagnosticsNegativeTest:test_get_server_diagnostics_by_non_admin): 200 GET http://10.180.1.21/compute/v2.1/servers/d89ddc44-c27c-48dd-9996-f3a1df781f8c 2.967s
2025-05-19 18:48:37.659 69755 INFO tempest.common.waiters [-] State transition "BUILD/scheduling" ==> "ERROR/None" after 5 second wait
2025-05-19 18:48:37.669 69791 INFO tempest.lib.common.rest_client [req-91559d33-f618-4426-a83d-eb550a66a088 req-91559d33-f618-4426-a83d-eb550a66a088 ] Request (VolumesAssistedSnapshotsTest:setUpClass): 200 PUT http://10.180.1.21:9696/networking/v2.0/routers/ad9c98ca-7a64-4a4e-a9ad-51e7b2cb8221/add_router_interface 0.898s
