2025-05-19 18:48:52.116 69737 INFO tempest.lib.common.rest_client [req-f2c39e32-f206-4890-ab78-bafc15da6885 req-f2c39e32-f206-4890-ab78-bafc15da6885 ] Request (FlavorsAccessNegativeTestJSON:_run_cleanups): 202 DELETE http://10.180.1.21/compute/v2.1/flavors/726325396 1.326s
2025-05-19 18:48:52.136 69775 INFO tempest.lib.common.rest_client [req-9537fd0d-d9b4-4504-b13e-f366307d4f31 req-9537fd0d-d9b4-4504-b13e-f366307d4f31 ] Request (HypervisorAdminNegativeTestJSON:tearDownClass): 200 GET http://10.180.1.21:9696/networking/v2.0/security-groups?tenant_id=9b5eb929d8074b8fb4ccf799e96b607f&name=default 0.304s
2025-05-19 18:48:52.154 69785 INFO tempest.lib.common.rest_client [req-ef43c384-c664-42e0-b3b2-bba5ba56b981 req-ef43c384-c664-42e0-b3b2-bba5ba56b981 ] Request (HostsAdminTestJSON:tearDownClass): 204 DELETE http://10.180.1.21/identity/v3/users/c5e891426797460da765dced628d17b1 0.344s
2025-05-19 18:48:52.157 69741 INFO tempest.lib.common.rest_client [req-802b3b15-0191-4df2-a06f-e81e9b75b963 req-802b3b15-0191-4df2-a06f-e81e9b75b963 ] Request (MigrationsAdminTest:test_resize_server_revert_deleted_flavor): 200 POST http://10.180.1.21/compute/v2.1/flavors/9b07fa1f-e46f-4bac-b9f5-44e2bb904fed/os-extra_specs 1.351s
2025-05-19 18:48:52.166 69755 INFO tempest.lib.common.rest_client [req-547ea97c-d7e2-41e6-b979-057c91604097 req-547ea97c-d7e2-41e6-b979-057c91604097 ] Request (KeyPairsNegativeTestJSON:test_create_keypair_with_empty_name_string): 400 POST http://10.180.1.21/compute/v2.1/os-keypairs 1.323s
2025-05-19 18:48:52.214 69773 INFO tempest.lib.common.rest_client [req-a3d3176a-7afc-4257-9f91-d31857e581ac req-a3d3176a-7afc-4257-9f91-d31857e581ac ] Request (HypervisorAdminV253TestBase:setUpClass): 204 PUT http://10.180.1.21/identity/v3/projects/0025f178b95c4e46ba0a57fe133761eb/users/675ddab1b426492c9c57e18babc36dc9/roles/b145f2edebe947658da02a7dcc0a6da9 0.319s
2025-05-19 18:48:52.215 69773 INFO tempest.lib.common.dynamic_creds [-] Dynamic test user 675ddab1b426492c9c57e18babc36dc9 is created with scope project and roles: ['admin']
2025-05-19 18:48:52.215 69773 INFO tempest.lib.common.dynamic_creds [-] Acquired dynamic creds: credentials: Credentials: {'domain_id': 'default', 'domain_name': 'Default', 'username': 'tempest-HypervisorAdminV253TestBase-940822771-project-admin', 'project_domain_id': 'default', 'project_domain_name': 'Default', 'project_id': '0025f178b95c4e46ba0a57fe133761eb', 'project_name': 'tempest-HypervisorAdminV253TestBase-940822771', 'tenant_id': '0025f178b95c4e46ba0a57fe133761eb', 'tenant_name': 'tempest-HypervisorAdminV253TestBase-940822771', 'user_domain_id': 'default', 'user_domain_name': 'Default', 'user_id': '675ddab1b426492c9c57e18babc36dc9', 'system': None}, Network: None, Subnet: None, Router: None
2025-05-19 18:48:52.215 69773 INFO tempest.lib.common.dynamic_creds [-] Created isolated network resources for: credentials: Credentials: {'domain_id': 'default', 'domain_name': 'Default', 'username': 'tempest-HypervisorAdminV253TestBase-940822771-project-admin', 'project_domain_id': 'default', 'project_domain_name': 'Default', 'project_id': '0025f178b95c4e46ba0a57fe133761eb', 'project_name': 'tempest-HypervisorAdminV253TestBase-940822771', 'tenant_id': '0025f178b95c4e46ba0a57fe133761eb', 'tenant_name': 'tempest-HypervisorAdminV253TestBase-940822771', 'user_domain_id': 'default', 'user_domain_name': 'Default', 'user_id': '675ddab1b426492c9c57e18babc36dc9', 'system': None}, Network: None, Subnet: None, Router: None
2025-05-19 18:48:52.286 69749 INFO tempest.lib.common.rest_client [req-34e0185e-9445-4d8a-aac6-b412a8d6d911 req-34e0185e-9445-4d8a-aac6-b412a8d6d911 ] Request (FlavorsV2NegativeTest:setUpClass): 200 GET http://10.180.1.21/identity/v3/roles 0.288s
2025-05-19 18:48:52.295 69781 INFO tempest.lib.common.rest_client [req-13ed6ffc-b3b0-4d5b-b1cd-ca06e2a92605 req-13ed6ffc-b3b0-4d5b-b1cd-ca06e2a92605 ] Request (ImagesNegativeTestJSON:tearDownClass): 200 PUT http://10.180.1.21:9696/networking/v2.0/routers/88a46d13-08c1-4651-9848-16037537731f/remove_router_interface 1.475s
2025-05-19 18:48:52.343 69795 INFO tempest.lib.common.rest_client [req-28a6341b-ac60-4aea-92a9-86c51df4e0a8 req-28a6341b-ac60-4aea-92a9-86c51df4e0a8 ] Request (VolumesAdminNegativeTest:setUpClass): 201 POST http://10.180.1.21/identity/v3/projects 0.312s
2025-05-19 18:48:52.354 69775 INFO tempest.lib.common.rest_client [req-f00f1948-1db8-4965-9d8a-7a70b134c79d req-f00f1948-1db8-4965-9d8a-7a70b134c79d ] Request (HypervisorAdminNegativeTestJSON:tearDownClass): 204 DELETE http://10.180.1.21:9696/networking/v2.0/security-groups/f33bcd17-392f-4dc4-b593-dd51efa8695d 0.217s
2025-05-19 18:48:52.358 69747 INFO tempest.lib.common.rest_client [req-04948261-486e-4f57-90a7-423610548b69 req-04948261-486e-4f57-90a7-423610548b69 ] Request (FlavorsAccessTestJSON:tearDownClass): 204 DELETE http://10.180.1.21/identity/v3/users/1763065792284cdd9c094c651113befb 0.431s
2025-05-19 18:48:52.358 69747 INFO tempest.lib.common.dynamic_creds [-] Deleting project and security group for project: ad6a22882e144383b85d100857c8df6b
2025-05-19 18:48:52.361 69745 INFO tempest.lib.common.rest_client [req-406e24ea-fb1f-46ad-9b4c-3c0fc2443e8c req-406e24ea-fb1f-46ad-9b4c-3c0fc2443e8c ] Request (FlavorsExtraSpecsTestJSON:tearDownClass): 200 GET http://10.180.1.21:9696/networking/v2.0/security-groups?tenant_id=26a644aa172f45b0beaf347600d222cd&name=default 0.513s
2025-05-19 18:48:52.467 69745 INFO tempest.lib.common.rest_client [req-237efcf5-508a-4ced-9e2e-d05f17439459 req-237efcf5-508a-4ced-9e2e-d05f17439459 ] Request (FlavorsExtraSpecsTestJSON:tearDownClass): 204 DELETE http://10.180.1.21:9696/networking/v2.0/security-groups/5e6b9b04-0cac-4f02-8e44-48483fca06ef 0.106s
2025-05-19 18:48:52.470 69793 INFO tempest.lib.common.rest_client [req-d630971b-1538-4867-925d-fab7a2cc9f6a req-d630971b-1538-4867-925d-fab7a2cc9f6a ] Request (ServersListShow2100Test:test_list_show_rebuild_update_server_2100): 204 DELETE http://10.180.1.21/compute/v2.1/servers/d3fc2eae-55ef-4a44-be76-a00e2855cbb3 1.505s
2025-05-19 18:48:52.507 69741 INFO tempest.lib.common.rest_client [req-61df6566-5b10-4411-8f24-361c51661edc req-61df6566-5b10-4411-8f24-361c51661edc ] Request (MigrationsAdminTest:test_resize_server_revert_deleted_flavor): 201 POST http://10.180.1.21/identity/v3/auth/tokens 0.334s
2025-05-19 18:48:52.507 69741 INFO tempest.lib.common.fixed_network [-] (MigrationsAdminTest:test_resize_server_revert_deleted_flavor) Found network None available for tenant
2025-05-19 18:48:52.510 69785 INFO tempest.lib.common.rest_client [req-6024d6c0-d5b7-45d6-a434-2a98503205a2 req-6024d6c0-d5b7-45d6-a434-2a98503205a2 ] Request (HostsAdminTestJSON:tearDownClass): 204 DELETE http://10.180.1.21/identity/v3/users/0abeb4a217b3489785ce56c78c3b6a1f 0.356s
2025-05-19 18:48:52.511 69785 INFO tempest.lib.common.dynamic_creds [-] Deleting project and security group for project: 145282b39e16471eb5f99e5baf3c3389
2025-05-19 18:48:52.542 69757 INFO tempest.lib.common.rest_client [req-6472cd13-3e22-46c4-88ad-545423ef590f req-6472cd13-3e22-46c4-88ad-545423ef590f ] Request (ImagesTestJSON:test_create_image_from_suspended_server): 200 GET http://10.180.1.21/compute/v2.1/servers/7c0f1415-2c38-429e-aedc-de899746a9aa 1.443s
2025-05-19 18:48:52.571 69791 INFO tempest.lib.common.rest_client [req-5a93c9b0-722c-4521-ac21-6fe5661c4084 req-5a93c9b0-722c-4521-ac21-6fe5661c4084 ] Request (VolumesAssistedSnapshotsTest:test_volume_assisted_snapshot_create_delete): 202 POST http://10.180.1.21/compute/v2.1/servers 1.806s
2025-05-19 18:48:52.602 69773 INFO tempest.lib.common.rest_client [req-20842298-4f43-4a9a-b7ff-ee2917e3f9e1 req-20842298-4f43-4a9a-b7ff-ee2917e3f9e1 ] Request (HypervisorAdminV253TestBase:setUpClass): 201 POST http://10.180.1.21/identity/v3/auth/tokens 0.382s
2025-05-19 18:48:52.621 69771 INFO tempest.lib.common.rest_client [req-bc1ff21e-c12a-4857-aa7c-36e76ccee2b3 req-bc1ff21e-c12a-4857-aa7c-36e76ccee2b3 ] Request (AttachInterfacesUnderV243Test:test_add_remove_fixed_ip): 200 GET http://10.180.1.21/compute/v2.1/servers/61bbecd6-e3f5-47f8-ac4e-424b553129ba 1.483s
2025-05-19 18:48:52.635 69749 INFO tempest.lib.common.rest_client [req-57538cd7-5047-4976-96a8-1cec336c2c64 req-57538cd7-5047-4976-96a8-1cec336c2c64 ] Request (FlavorsV2NegativeTest:setUpClass): 204 PUT http://10.180.1.21/identity/v3/projects/2cc7cf1e3aea48b2a11856db89fe78de/users/f7d23ca186094884a945a8b3da011243/roles/eea3e0f4155e44c9bcbed79a08e1b091 0.349s
2025-05-19 18:48:52.636 69749 INFO tempest.lib.common.dynamic_creds [-] Dynamic test user f7d23ca186094884a945a8b3da011243 is created with scope project and roles: ['member']
2025-05-19 18:48:52.636 69749 INFO tempest.lib.common.dynamic_creds [-] Acquired dynamic creds: credentials: Credentials: {'domain_id': 'default', 'domain_name': 'Default', 'username': 'tempest-FlavorsV2NegativeTest-1417266081-project-member', 'project_domain_id': 'default', 'project_domain_name': 'Default', 'project_id': '2cc7cf1e3aea48b2a11856db89fe78de', 'project_name': 'tempest-FlavorsV2NegativeTest-1417266081', 'tenant_id': '2cc7cf1e3aea48b2a11856db89fe78de', 'tenant_name': 'tempest-FlavorsV2NegativeTest-1417266081', 'user_domain_id': 'default', 'user_domain_name': 'Default', 'user_id': 'f7d23ca186094884a945a8b3da011243', 'system': None}, Network: None, Subnet: None, Router: None
2025-05-19 18:48:52.636 69749 INFO tempest.lib.common.dynamic_creds [-] Created isolated network resources for: credentials: Credentials: {'domain_id': 'default', 'domain_name': 'Default', 'username': 'tempest-FlavorsV2NegativeTest-1417266081-project-member', 'project_domain_id': 'default', 'project_domain_name': 'Default', 'project_id': '2cc7cf1e3aea48b2a11856db89fe78de', 'project_name': 'tempest-FlavorsV2NegativeTest-1417266081', 'tenant_id': '2cc7cf1e3aea48b2a11856db89fe78de', 'tenant_name': 'tempest-FlavorsV2NegativeTest-1417266081', 'user_domain_id': 'default', 'user_domain_name': 'Default', 'user_id': 'f7d23ca186094884a945a8b3da011243', 'system': None}, Network: None, Subnet: None, Router: None
2025-05-19 18:48:52.639 69795 INFO tempest.lib.common.rest_client [req-44ea614d-9fac-4595-8686-a2bc37188c8e req-44ea614d-9fac-4595-8686-a2bc37188c8e ] Request (VolumesAdminNegativeTest:setUpClass): 201 POST http://10.180.1.21/identity/v3/users 0.295s
2025-05-19 18:48:52.712 69747 INFO tempest.lib.common.rest_client [req-aacac0a8-3d81-49ac-8b81-8f0ea242d1c1 req-aacac0a8-3d81-49ac-8b81-8f0ea242d1c1 ] Request (FlavorsAccessTestJSON:tearDownClass): 201 POST http://10.180.1.21/identity/v3/auth/tokens 0.354s
2025-05-19 18:48:52.759 69775 INFO tempest.lib.common.rest_client [req-51521e71-2318-4481-8397-b7f371e1a321 req-51521e71-2318-4481-8397-b7f371e1a321 ] Request (HypervisorAdminNegativeTestJSON:tearDownClass): 204 DELETE http://10.180.1.21/identity/v3/projects/9b5eb929d8074b8fb4ccf799e96b607f 0.405s
2025-05-19 18:48:52.818 69785 INFO tempest.lib.common.rest_client [req-946dbd07-af3e-45a2-8138-fb42b06059d9 req-946dbd07-af3e-45a2-8138-fb42b06059d9 ] Request (HostsAdminTestJSON:tearDownClass): 201 POST http://10.180.1.21/identity/v3/auth/tokens 0.306s
2025-05-19 18:48:52.840 69781 INFO tempest.lib.common.rest_client [req-b9302da7-e90b-4614-8675-adbea67e41f2 req-b9302da7-e90b-4614-8675-adbea67e41f2 ] Request (ImagesNegativeTestJSON:tearDownClass): 204 DELETE http://10.180.1.21:9696/networking/v2.0/routers/88a46d13-08c1-4651-9848-16037537731f 0.544s
2025-05-19 18:48:52.862 69745 INFO tempest.lib.common.rest_client [req-9b28270b-4ba2-464d-bba8-1588a59d9b4f req-9b28270b-4ba2-464d-bba8-1588a59d9b4f ] Request (FlavorsExtraSpecsTestJSON:tearDownClass): 204 DELETE http://10.180.1.21/identity/v3/projects/26a644aa172f45b0beaf347600d222cd 0.395s
2025-05-19 18:48:52.863 69745 INFO tempest.lib.common.dynamic_creds [-] Deleting project and security group for project: 67eacb402e604797b7aed820d0e7da94
2025-05-19 18:48:52.940 69795 INFO tempest.lib.common.rest_client [req-8729817e-488a-4ccb-9564-f0a0ccd2c60d req-8729817e-488a-4ccb-9564-f0a0ccd2c60d ] Request (VolumesAdminNegativeTest:setUpClass): 200 GET http://10.180.1.21/identity/v3/roles 0.300s
2025-05-19 18:48:52.979 69781 INFO tempest.lib.common.rest_client [req-df4eb288-efc3-4913-a9b9-c3d60576bc1d req-df4eb288-efc3-4913-a9b9-c3d60576bc1d ] Request (ImagesNegativeTestJSON:tearDownClass): 204 DELETE http://10.180.1.21:9696/networking/v2.0/subnets/6f17eb45-1263-43d6-894a-aa8ebde79398 0.139s
2025-05-19 18:48:52.984 69753 INFO tempest.lib.common.rest_client [req-dc0f2c61-ed7c-4a21-9082-f744e4f10138 req-dc0f2c61-ed7c-4a21-9082-f744e4f10138 ] Request (HypervisorAdminNegativeUnderV252Test:test_search_hypervisor_with_non_admin_user): 200 GET http://10.180.1.21/compute/v2.1/os-hypervisors 1.813s
2025-05-19 18:48:53.011 69749 INFO tempest.lib.common.rest_client [req-847f6a53-5d4f-43e2-8545-50e0760ce233 req-847f6a53-5d4f-43e2-8545-50e0760ce233 ] Request (FlavorsV2NegativeTest:setUpClass): 201 POST http://10.180.1.21/identity/v3/auth/tokens 0.366s
2025-05-19 18:48:53.027 69745 INFO tempest.lib.common.rest_client [req-27c21aaa-533d-4ace-a9bc-2777e24fcd7f req-27c21aaa-533d-4ace-a9bc-2777e24fcd7f ] Request (FlavorsExtraSpecsTestJSON:tearDownClass): 200 GET http://10.180.1.21:9696/networking/v2.0/security-groups?tenant_id=67eacb402e604797b7aed820d0e7da94&name=default 0.163s
2025-05-19 18:48:53.034 69775 INFO tempest.lib.common.rest_client [req-a932b8c6-8301-46ae-ab63-d8bf51f1c359 req-a932b8c6-8301-46ae-ab63-d8bf51f1c359 ] Request (TenantUsagesNegativeTestJSON:setUpClass): 201 POST http://10.180.1.21/identity/v3/auth/tokens 0.273s
2025-05-19 18:48:53.145 69795 INFO tempest.lib.common.rest_client [req-d275fec6-1d74-4c19-9ef0-e9c93d0ffb70 req-d275fec6-1d74-4c19-9ef0-e9c93d0ffb70 ] Request (VolumesAdminNegativeTest:setUpClass): 204 PUT http://10.180.1.21/identity/v3/projects/74023804a2214ffca0c332fb76e5c2a7/users/d4b318a94ce542fb856bddcc8396ecf4/roles/eea3e0f4155e44c9bcbed79a08e1b091 0.205s
2025-05-19 18:48:53.146 69795 INFO tempest.lib.common.dynamic_creds [-] Dynamic test user d4b318a94ce542fb856bddcc8396ecf4 is created with scope project and roles: ['member']
2025-05-19 18:48:53.147 69795 INFO tempest.lib.common.dynamic_creds [-] Acquired dynamic creds: credentials: Credentials: {'domain_id': 'default', 'domain_name': 'Default', 'username': 'tempest-VolumesAdminNegativeTest-1152438510-project-member', 'project_domain_id': 'default', 'project_domain_name': 'Default', 'project_id': '74023804a2214ffca0c332fb76e5c2a7', 'project_name': 'tempest-VolumesAdminNegativeTest-1152438510', 'tenant_id': '74023804a2214ffca0c332fb76e5c2a7', 'tenant_name': 'tempest-VolumesAdminNegativeTest-1152438510', 'user_domain_id': 'default', 'user_domain_name': 'Default', 'user_id': 'd4b318a94ce542fb856bddcc8396ecf4', 'system': None}, Network: None, Subnet: None, Router: None
2025-05-19 18:48:53.175 69761 INFO tempest.lib.common.rest_client [req-45b420f7-5fe9-4a86-84e0-dd0f8312c0be req-45b420f7-5fe9-4a86-84e0-dd0f8312c0be ] Request (QuotasAdminNegativeTest:test_create_server_when_instances_quota_is_full): 200 GET http://10.180.1.21/compute/v2.1/os-quota-sets/db4656b00ace495dad75e02fa2cd7ed3 1.649s
2025-05-19 18:48:53.177 69747 INFO tempest.lib.common.rest_client [req-4f9539f8-f6dd-44eb-8b40-56c0e565e340 req-4f9539f8-f6dd-44eb-8b40-56c0e565e340 ] Request (FlavorsAccessTestJSON:tearDownClass): 200 GET http://10.180.1.21:9696/networking/v2.0/security-groups?tenant_id=ad6a22882e144383b85d100857c8df6b&name=default 0.464s
2025-05-19 18:48:53.184 69789 INFO tempest.lib.common.rest_client [req-432a5ca4-79f4-49f2-861f-314dd4b2ee04 req-432a5ca4-79f4-49f2-861f-314dd4b2ee04 ] Request (ListImageFiltersTestJSON:setUpClass): 204 PUT http://10.180.1.21/image/v2/images/b3566875-0afa-4649-bcc9-5ce7e4cdd182/file 2.553s
2025-05-19 18:48:53.207 69745 INFO tempest.lib.common.rest_client [req-1e758680-89e0-4bec-b5d2-880fa02c226f req-1e758680-89e0-4bec-b5d2-880fa02c226f ] Request (FlavorsExtraSpecsTestJSON:tearDownClass): 204 DELETE http://10.180.1.21:9696/networking/v2.0/security-groups/1394ccf8-ca72-4283-8238-e86e1fd39e7e 0.179s
2025-05-19 18:48:53.236 69775 INFO tempest.lib.common.rest_client [req-b68482a7-3a61-46bf-b07e-c5569596c9c1 req-b68482a7-3a61-46bf-b07e-c5569596c9c1 ] Request (TenantUsagesNegativeTestJSON:setUpClass): 201 POST http://10.180.1.21/identity/v3/auth/tokens 0.197s
2025-05-19 18:48:53.259 69785 INFO tempest.lib.common.rest_client [req-a640d002-6e69-416b-bd23-986e8fd1e381 req-a640d002-6e69-416b-bd23-986e8fd1e381 ] Request (HostsAdminTestJSON:tearDownClass): 200 GET http://10.180.1.21:9696/networking/v2.0/security-groups?tenant_id=145282b39e16471eb5f99e5baf3c3389&name=default 0.440s
2025-05-19 18:48:53.263 69795 INFO tempest.lib.common.rest_client [req-830b7a2b-2f42-4e7d-8264-9d24e07f16dc req-830b7a2b-2f42-4e7d-8264-9d24e07f16dc ] Request (VolumesAdminNegativeTest:setUpClass): 201 POST http://10.180.1.21/identity/v3/auth/tokens 0.116s
2025-05-19 18:48:53.289 69747 INFO tempest.lib.common.rest_client [req-55d11a0a-6754-4900-859b-c9c1673aa109 req-55d11a0a-6754-4900-859b-c9c1673aa109 ] Request (FlavorsAccessTestJSON:tearDownClass): 204 DELETE http://10.180.1.21:9696/networking/v2.0/security-groups/54e88001-97ea-4937-a714-50f2d92b5002 0.111s
2025-05-19 18:48:53.312 69763 INFO tempest.lib.common.rest_client [req-4ab2ea4a-d9f5-4f6d-858e-c8220b1f1096 req-4ab2ea4a-d9f5-4f6d-858e-c8220b1f1096 ] Request (ImagesMetadataNegativeTestJSON:test_delete_nonexistent_image_metadata_item): 404 DELETE http://10.180.1.21/compute/v2.1/images/be524663-f9e6-4dcc-a686-fbb12e0da47c/metadata/os_distro 1.733s
2025-05-19 18:48:53.316 69775 INFO tempest.lib.common.rest_client [req-d8b346ab-3e0d-458b-993b-5ab8e3b44d2e req-d8b346ab-3e0d-458b-993b-5ab8e3b44d2e ] Request (TenantUsagesNegativeTestJSON:setUpClass): 200 GET http://10.180.1.21/identity/v3/domains?name=Default 0.080s
2025-05-19 18:48:53.332 69751 INFO tempest.lib.common.rest_client [req-a9aa142c-e993-43d8-a5e9-2388fd2da43a req-a9aa142c-e993-43d8-a5e9-2388fd2da43a ] Request (FlavorsAdminTestJSON:_run_cleanups): 202 DELETE http://10.180.1.21/compute/v2.1/flavors/abeba607-3833-452a-aeb8-663a62818d6e 1.658s
2025-05-19 18:48:53.336 69745 INFO tempest.lib.common.rest_client [req-c80fa46b-86d3-40b5-bde6-6140b21e92c8 req-c80fa46b-86d3-40b5-bde6-6140b21e92c8 ] Request (FlavorsExtraSpecsTestJSON:tearDownClass): 204 DELETE http://10.180.1.21/identity/v3/projects/67eacb402e604797b7aed820d0e7da94 0.128s
2025-05-19 18:48:53.337 69739 INFO tempest.lib.common.rest_client [req-4a0e54d7-1e1e-44d1-809f-6c8f855587a4 req-4a0e54d7-1e1e-44d1-809f-6c8f855587a4 ] Request (HostsAdminNegativeTestJSON:test_update_host_with_invalid_maintenance_mode): 400 PUT http://10.180.1.21/compute/v2.1/os-hosts/devstack 1.644s
2025-05-19 18:48:53.353 69785 INFO tempest.lib.common.rest_client [req-61667ef6-578b-479f-9f71-55f7c9a06f67 req-61667ef6-578b-479f-9f71-55f7c9a06f67 ] Request (HostsAdminTestJSON:tearDownClass): 204 DELETE http://10.180.1.21:9696/networking/v2.0/security-groups/d996842c-84e0-41fd-8632-4efe2c9353a7 0.094s
2025-05-19 18:48:53.355 69783 INFO tempest.lib.common.rest_client [req-10cbb0f8-27a4-4af1-8ccf-add241611bc2 req-10cbb0f8-27a4-4af1-8ccf-add241611bc2 ] Request (FlavorsExtraSpecsNegativeTestJSON:tearDownClass): 202 DELETE http://10.180.1.21/compute/v2.1/flavors/1581041384 1.648s
2025-05-19 18:48:53.367 69797 INFO tempest.lib.common.rest_client [req-05df1102-db49-4f67-b3c0-840093a04bbc req-05df1102-db49-4f67-b3c0-840093a04bbc ] Request (FlavorsV2TestJSON:test_list_flavors_using_marker): 200 GET http://10.180.1.21/compute/v2.1/flavors/42 1.643s
2025-05-19 18:48:53.395 69759 INFO tempest.lib.common.rest_client [req-5a606419-d018-44c2-8e88-ad3a6d325538 req-5a606419-d018-44c2-8e88-ad3a6d325538 ] Request (AggregatesAdminNegativeTestJSON:test_aggregate_add_non_exist_host): 404 POST http://10.180.1.21/compute/v2.1/os-aggregates/3/action 1.632s
2025-05-19 18:48:53.425 69743 INFO tempest.lib.common.rest_client [req-3e9998dc-7a6b-4448-91fd-80b8cf4265ac req-3e9998dc-7a6b-4448-91fd-80b8cf4265ac ] Request (QuotasAdminTestJSON:test_get_updated_quotas): 200 GET http://10.180.1.21/compute/v2.1/os-quota-sets/207de8a9fcac432fa69b734d078257f4?user_id=b3d659964bc746eab409f395e8d8f09f 1.779s
2025-05-19 18:48:53.463 69775 INFO tempest.lib.common.rest_client [req-8dc21b6d-4cbe-48c6-a44e-96dc9918ff65 req-8dc21b6d-4cbe-48c6-a44e-96dc9918ff65 ] Request (TenantUsagesNegativeTestJSON:setUpClass): 201 POST http://10.180.1.21/identity/v3/projects 0.146s
2025-05-19 18:48:53.483 69781 INFO tempest.lib.common.rest_client [req-ceb15a75-bad4-440b-a1e2-aedeac12c335 req-ceb15a75-bad4-440b-a1e2-aedeac12c335 ] Request (ImagesNegativeTestJSON:tearDownClass): 204 DELETE http://10.180.1.21:9696/networking/v2.0/networks/53e89fd7-66d7-4a44-8517-b27822c90de2 0.503s
2025-05-19 18:48:53.496 69747 INFO tempest.lib.common.rest_client [req-90f89493-181e-41ca-8119-6ae455fec772 req-90f89493-181e-41ca-8119-6ae455fec772 ] Request (FlavorsAccessTestJSON:tearDownClass): 204 DELETE http://10.180.1.21/identity/v3/projects/ad6a22882e144383b85d100857c8df6b 0.206s
2025-05-19 18:48:53.496 69747 INFO tempest.lib.common.dynamic_creds [-] Deleting project and security group for project: 0849ebf05d3c423587f25951f699ab07
2025-05-19 18:48:53.519 69745 INFO tempest.lib.common.rest_client [req-754b2e89-d04b-40bf-8809-888c4c699b2b req-754b2e89-d04b-40bf-8809-888c4c699b2b ] Request (QuotasSecurityGroupAdminNegativeTest:setUpClass): 201 POST http://10.180.1.21/identity/v3/auth/tokens 0.181s
2025-05-19 18:48:53.595 69785 INFO tempest.lib.common.rest_client [req-26d7ec7b-acd0-488b-a5f2-bf89f748d364 req-26d7ec7b-acd0-488b-a5f2-bf89f748d364 ] Request (HostsAdminTestJSON:tearDownClass): 204 DELETE http://10.180.1.21/identity/v3/projects/145282b39e16471eb5f99e5baf3c3389 0.241s
2025-05-19 18:48:53.596 69785 INFO tempest.lib.common.dynamic_creds [-] Deleting project and security group for project: 9877ebae76eb49ed93a35c81af5598bf
2025-05-19 18:48:53.628 69743 INFO tempest.lib.common.rest_client [req-e002f762-3b26-4b2f-a58d-8a48112af016 req-e002f762-3b26-4b2f-a58d-8a48112af016 ] Request (QuotasAdminTestJSON:_run_cleanups): 204 DELETE http://10.180.1.21/identity/v3/users/b3d659964bc746eab409f395e8d8f09f 0.200s
2025-05-19 18:48:53.692 69775 INFO tempest.lib.common.rest_client [req-5dc86ce6-4082-4f3a-b275-3f4b83afebbc req-5dc86ce6-4082-4f3a-b275-3f4b83afebbc ] Request (TenantUsagesNegativeTestJSON:setUpClass): 201 POST http://10.180.1.21/identity/v3/users 0.228s
2025-05-19 18:48:53.721 69781 INFO tempest.lib.common.rest_client [req-5202881e-3e79-4bc5-879c-142aec6d6c6c req-5202881e-3e79-4bc5-879c-142aec6d6c6c ] Request (ImagesNegativeTestJSON:tearDownClass): 204 DELETE http://10.180.1.21/identity/v3/users/f4d8d237784a462a8fe54ea12d661f8e 0.238s
2025-05-19 18:48:53.721 69781 INFO tempest.lib.common.dynamic_creds [-] Deleting project and security group for project: 95ce5bb2de244e28a0a81f5e1c012c02
2025-05-19 18:48:53.741 69765 INFO tempest.lib.common.rest_client [req-87a7f86f-048d-4666-8111-e8d8305746bb req-87a7f86f-048d-4666-8111-e8d8305746bb ] Request (SecurityGroupRulesTestJSON:test_security_group_rules_delete_when_peer_group_deleted): 200 POST http://10.180.1.21/compute/v2.1/os-security-group-rules 1.895s
2025-05-19 18:48:53.750 69745 INFO tempest.lib.common.rest_client [req-6b6f9674-1242-44e9-a99d-f8c9d8e85417 req-6b6f9674-1242-44e9-a99d-f8c9d8e85417 ] Request (QuotasSecurityGroupAdminNegativeTest:setUpClass): 201 POST http://10.180.1.21/identity/v3/auth/tokens 0.227s
2025-05-19 18:48:53.760 69795 INFO tempest.lib.common.rest_client [req-ab6ccc30-fa46-4dba-9979-92ebb1597c81 req-ab6ccc30-fa46-4dba-9979-92ebb1597c81 ] Request (VolumesAdminNegativeTest:setUpClass): 201 POST http://10.180.1.21:9696/networking/v2.0/networks 0.496s
2025-05-19 18:48:53.785 69781 INFO tempest.lib.common.rest_client [req-d49e9884-c4ed-4922-9862-6384c66d724c req-d49e9884-c4ed-4922-9862-6384c66d724c ] Request (ImagesNegativeTestJSON:tearDownClass): 200 GET http://10.180.1.21:9696/networking/v2.0/security-groups?tenant_id=95ce5bb2de244e28a0a81f5e1c012c02&name=default 0.063s
2025-05-19 18:48:53.822 69785 INFO tempest.lib.common.rest_client [req-844312e5-968b-42bf-9343-6fff11939ada req-844312e5-968b-42bf-9343-6fff11939ada ] Request (HostsAdminTestJSON:tearDownClass): 200 GET http://10.180.1.21:9696/networking/v2.0/security-groups?tenant_id=9877ebae76eb49ed93a35c81af5598bf&name=default 0.226s
2025-05-19 18:48:53.836 69775 INFO tempest.lib.common.rest_client [req-22810d85-5cd5-4ebb-9c2b-d0a1e7152171 req-22810d85-5cd5-4ebb-9c2b-d0a1e7152171 ] Request (TenantUsagesNegativeTestJSON:setUpClass): 200 GET http://10.180.1.21/identity/v3/roles 0.143s
2025-05-19 18:48:53.844 69747 INFO tempest.lib.common.rest_client [req-13c30d4f-62d3-457b-99af-19f1c45cad60 req-13c30d4f-62d3-457b-99af-19f1c45cad60 ] Request (FlavorsAccessTestJSON:tearDownClass): 200 GET http://10.180.1.21:9696/networking/v2.0/security-groups?tenant_id=0849ebf05d3c423587f25951f699ab07&name=default 0.348s
2025-05-19 18:48:53.856 69745 INFO tempest.lib.common.rest_client [req-cad31c99-b07a-4927-9b66-dd22a4d060fc req-cad31c99-b07a-4927-9b66-dd22a4d060fc ] Request (QuotasSecurityGroupAdminNegativeTest:setUpClass): 200 GET http://10.180.1.21/identity/v3/domains?name=Default 0.105s
2025-05-19 18:48:53.873 69743 INFO tempest.lib.common.rest_client [req-2b2f90f9-8bba-47ed-a7bd-5de4f65d0892 req-2b2f90f9-8bba-47ed-a7bd-5de4f65d0892 ] Request (QuotasAdminTestJSON:_run_cleanups): 204 DELETE http://10.180.1.21/identity/v3/projects/207de8a9fcac432fa69b734d078257f4 0.244s
2025-05-19 18:48:53.905 69735 INFO tempest.lib.common.rest_client [req-2c9f6d5e-b3da-4018-a04e-56286c3acb49 req-2c9f6d5e-b3da-4018-a04e-56286c3acb49 ] Request (FloatingIPsTestJSON:test_allocate_floating_ip): 200 GET http://10.180.1.21/compute/v2.1/os-floating-ips 1.807s
2025-05-19 18:48:53.929 69737 INFO tempest.lib.common.rest_client [req-2fd4a1b0-8305-4e33-aea7-da87ee588aec req-2fd4a1b0-8305-4e33-aea7-da87ee588aec ] Request (FlavorsAccessNegativeTestJSON:_run_cleanups): 200 GET http://10.180.1.21/compute/v2.1/flavors/detail 1.812s
2025-05-19 18:48:53.937 69775 INFO tempest.lib.common.rest_client [req-44289464-5ed7-4781-8047-067597e33ae4 req-44289464-5ed7-4781-8047-067597e33ae4 ] Request (TenantUsagesNegativeTestJSON:setUpClass): 204 PUT http://10.180.1.21/identity/v3/projects/6e04439813364ce38dd7bc6bfe0e6dfa/users/086ecfab36b040938e9a445b2d068910/roles/eea3e0f4155e44c9bcbed79a08e1b091 0.101s
2025-05-19 18:48:53.937 69775 INFO tempest.lib.common.dynamic_creds [-] Dynamic test user 086ecfab36b040938e9a445b2d068910 is created with scope project and roles: ['member']
2025-05-19 18:48:53.937 69775 INFO tempest.lib.common.dynamic_creds [-] Acquired dynamic creds: credentials: Credentials: {'domain_id': 'default', 'domain_name': 'Default', 'username': 'tempest-TenantUsagesNegativeTestJSON-519924196-project-member', 'project_domain_id': 'default', 'project_domain_name': 'Default', 'project_id': '6e04439813364ce38dd7bc6bfe0e6dfa', 'project_name': 'tempest-TenantUsagesNegativeTestJSON-519924196', 'tenant_id': '6e04439813364ce38dd7bc6bfe0e6dfa', 'tenant_name': 'tempest-TenantUsagesNegativeTestJSON-519924196', 'user_domain_id': 'default', 'user_domain_name': 'Default', 'user_id': '086ecfab36b040938e9a445b2d068910', 'system': None}, Network: None, Subnet: None, Router: None
2025-05-19 18:48:53.937 69775 INFO tempest.lib.common.dynamic_creds [-] Created isolated network resources for: credentials: Credentials: {'domain_id': 'default', 'domain_name': 'Default', 'username': 'tempest-TenantUsagesNegativeTestJSON-519924196-project-member', 'project_domain_id': 'default', 'project_domain_name': 'Default', 'project_id': '6e04439813364ce38dd7bc6bfe0e6dfa', 'project_name': 'tempest-TenantUsagesNegativeTestJSON-519924196', 'tenant_id': '6e04439813364ce38dd7bc6bfe0e6dfa', 'tenant_name': 'tempest-TenantUsagesNegativeTestJSON-519924196', 'user_domain_id': 'default', 'user_domain_name': 'Default', 'user_id': '086ecfab36b040938e9a445b2d068910', 'system': None}, Network: None, Subnet: None, Router: None
2025-05-19 18:48:53.950 69745 INFO tempest.lib.common.rest_client [req-c55c8354-211d-4931-b160-3ec3f407c683 req-c55c8354-211d-4931-b160-3ec3f407c683 ] Request (QuotasSecurityGroupAdminNegativeTest:setUpClass): 201 POST http://10.180.1.21/identity/v3/projects 0.093s
2025-05-19 18:48:53.962 69755 INFO tempest.lib.common.rest_client [req-d815b391-73af-4951-b76e-95419d32354b req-d815b391-73af-4951-b76e-95419d32354b ] Request (KeyPairsNegativeTestJSON:test_create_keypair_with_empty_public_key): 400 POST http://10.180.1.21/compute/v2.1/os-keypairs 1.794s
2025-05-19 18:48:53.981 69785 INFO tempest.lib.common.rest_client [req-8b6390a4-1e36-47a5-b8c6-aad84421fd88 req-8b6390a4-1e36-47a5-b8c6-aad84421fd88 ] Request (HostsAdminTestJSON:tearDownClass): 204 DELETE http://10.180.1.21:9696/networking/v2.0/security-groups/1a8d52c1-9cd5-4f83-b579-1c3a95cef33d 0.158s
2025-05-19 18:48:53.985 69747 INFO tempest.lib.common.rest_client [req-62a2f7bb-7cd3-460d-b0ea-51a700279915 req-62a2f7bb-7cd3-460d-b0ea-51a700279915 ] Request (FlavorsAccessTestJSON:tearDownClass): 204 DELETE http://10.180.1.21:9696/networking/v2.0/security-groups/5b486b51-8a8d-4da2-97ba-3a14c0bece34 0.141s
2025-05-19 18:48:53.988 69793 INFO tempest.lib.common.rest_client [req-c2636072-0234-4f81-866f-e5818ce2e374 req-c2636072-0234-4f81-866f-e5818ce2e374 ] Request (ServersListShow2100Test:test_list_show_rebuild_update_server_2100): 404 GET http://10.180.1.21/compute/v2.1/servers/d3fc2eae-55ef-4a44-be76-a00e2855cbb3 1.518s
2025-05-19 18:48:53.991 69781 INFO tempest.lib.common.rest_client [req-b42018da-78c6-41d1-b0bb-daf53968d794 req-b42018da-78c6-41d1-b0bb-daf53968d794 ] Request (ImagesNegativeTestJSON:tearDownClass): 204 DELETE http://10.180.1.21:9696/networking/v2.0/security-groups/08a20d42-55a3-49eb-89e3-6cf7f2e923f3 0.205s
2025-05-19 18:48:54.015 69745 INFO tempest.lib.common.rest_client [req-e432c71f-a9f8-4b15-ad74-2a9a9f769bfc req-e432c71f-a9f8-4b15-ad74-2a9a9f769bfc ] Request (QuotasSecurityGroupAdminNegativeTest:setUpClass): 201 POST http://10.180.1.21/identity/v3/users 0.064s
2025-05-19 18:48:54.020 69775 INFO tempest.lib.common.rest_client [req-3d2ee51c-945d-4d57-bd4a-c5a941617d9a req-3d2ee51c-945d-4d57-bd4a-c5a941617d9a ] Request (TenantUsagesNegativeTestJSON:setUpClass): 201 POST http://10.180.1.21/identity/v3/auth/tokens 0.079s
2025-05-19 18:48:54.021 69779 INFO tempest.lib.common.rest_client [req-1eabf1e8-a5df-46a4-b181-34bd16cff77f req-1eabf1e8-a5df-46a4-b181-34bd16cff77f ] Request (ServersWithSpecificFlavorTestJSON:test_verify_created_server_ephemeral_disk): 202 POST http://10.180.1.21/compute/v2.1/servers 2.062s
2025-05-19 18:48:54.052 69795 INFO tempest.lib.common.rest_client [req-12649e1e-b8ed-4680-b82f-99cfc51335d2 req-12649e1e-b8ed-4680-b82f-99cfc51335d2 ] Request (VolumesAdminNegativeTest:setUpClass): 201 POST http://10.180.1.21:9696/networking/v2.0/subnets 0.292s
2025-05-19 18:48:54.100 69785 INFO tempest.lib.common.rest_client [req-f47b4c13-30b0-4ffc-9e8a-c3320b72481f req-f47b4c13-30b0-4ffc-9e8a-c3320b72481f ] Request (HostsAdminTestJSON:tearDownClass): 204 DELETE http://10.180.1.21/identity/v3/projects/9877ebae76eb49ed93a35c81af5598bf 0.119s
2025-05-19 18:48:54.111 69747 INFO tempest.lib.common.rest_client [req-15968630-4d24-46a5-9618-945cab273b8b req-15968630-4d24-46a5-9618-945cab273b8b ] Request (FlavorsAccessTestJSON:tearDownClass): 204 DELETE http://10.180.1.21/identity/v3/projects/0849ebf05d3c423587f25951f699ab07 0.125s
2025-05-19 18:48:54.231 69741 INFO tempest.lib.common.rest_client [req-89b1c7ac-6b93-4747-b73f-c02c19c52865 req-89b1c7ac-6b93-4747-b73f-c02c19c52865 ] Request (MigrationsAdminTest:test_resize_server_revert_deleted_flavor): 202 POST http://10.180.1.21/compute/v2.1/servers 1.723s
2025-05-19 18:48:54.263 69781 INFO tempest.lib.common.rest_client [req-bcc3b63e-4db7-4ff7-a46b-5131e815d144 req-bcc3b63e-4db7-4ff7-a46b-5131e815d144 ] Request (ImagesNegativeTestJSON:tearDownClass): 204 DELETE http://10.180.1.21/identity/v3/projects/95ce5bb2de244e28a0a81f5e1c012c02 0.272s
2025-05-19 18:48:54.265 69781 INFO tempest.test [-] raised in AttachVolumeMultiAttachTest.setUpClass. Invoking tearDownClass.
2025-05-19 18:48:54.308 69791 INFO tempest.lib.common.rest_client [req-d32b39ac-e099-432e-87a7-f488c505dfdc req-d32b39ac-e099-432e-87a7-f488c505dfdc ] Request (VolumesAssistedSnapshotsTest:test_volume_assisted_snapshot_create_delete): 200 GET http://10.180.1.21/compute/v2.1/servers/0207debb-929f-4d76-9696-5759fd7c965b 1.733s
2025-05-19 18:48:54.351 69793 INFO tempest.lib.common.rest_client [req-919babcc-6557-432b-acfe-63a76952e961 req-919babcc-6557-432b-acfe-63a76952e961 ] Request (ServersListShow2100Test:tearDownClass): 204 DELETE http://10.180.1.21/identity/v3/users/2794ecc673154460ab2f3b4a3686839f 0.360s
2025-05-19 18:48:54.352 69793 INFO tempest.lib.common.dynamic_creds [-] Deleting project and security group for project: ef8b1848dae44bd7898217a12c6e5dd0
2025-05-19 18:48:54.377 69745 INFO tempest.lib.common.rest_client [req-06c928a8-90bc-455b-9dfc-99788f68a50b req-06c928a8-90bc-455b-9dfc-99788f68a50b ] Request (QuotasSecurityGroupAdminNegativeTest:setUpClass): 200 GET http://10.180.1.21/identity/v3/roles 0.361s
2025-05-19 18:48:54.384 69757 INFO tempest.lib.common.rest_client [req-a076da84-f1b5-4803-bcec-4e784e9c2ae2 req-a076da84-f1b5-4803-bcec-4e784e9c2ae2 ] Request (ImagesTestJSON:test_create_image_from_suspended_server): 204 DELETE http://10.180.1.21/compute/v2.1/servers/7c0f1415-2c38-429e-aedc-de899746a9aa 1.827s
2025-05-19 18:48:54.401 69785 INFO tempest.lib.common.rest_client [req-d737b60a-7abf-48e4-98a8-62a7f9b27176 req-d737b60a-7abf-48e4-98a8-62a7f9b27176 ] Request (QuotaClassesAdminTestJSON:setUpClass): 201 POST http://10.180.1.21/identity/v3/auth/tokens 0.298s
2025-05-19 18:48:54.427 69747 INFO tempest.lib.common.rest_client [req-166dd2e6-9eed-4683-b411-4db7c559e7a1 req-166dd2e6-9eed-4683-b411-4db7c559e7a1 ] Request (FloatingIPsNegativeTestJSON:setUpClass): 201 POST http://10.180.1.21/identity/v3/auth/tokens 0.315s
2025-05-19 18:48:54.429 69775 INFO tempest.lib.common.rest_client [req-c1410daa-4d47-4dd6-aac7-e7f37471df85 req-c1410daa-4d47-4dd6-aac7-e7f37471df85 ] Request (TenantUsagesNegativeTestJSON:setUpClass): 201 POST http://10.180.1.21/identity/v3/projects 0.409s
2025-05-19 18:48:54.461 69777 INFO tempest.lib.common.rest_client [req-29b7eabd-7b38-468d-b3a5-87eeb2c3838b req-29b7eabd-7b38-468d-b3a5-87eeb2c3838b ] Request (DeleteServersAdminTestJSON:test_delete_server_while_in_error_state): 200 GET http://10.180.1.21/compute/v2.1/servers/87d31975-7580-42c1-b31b-6ebd2432e48f 1.789s
2025-05-19 18:48:54.483 69781 INFO tempest.lib.common.rest_client [req-d08796c9-c0e0-49c8-bf6a-fda20a6f13b1 req-d08796c9-c0e0-49c8-bf6a-fda20a6f13b1 ] Request (AttachVolumeNegativeTest:setUpClass): 201 POST http://10.180.1.21/identity/v3/auth/tokens 0.216s
2025-05-19 18:48:54.506 69793 INFO tempest.lib.common.rest_client [req-b7a15ba8-8969-441e-b01c-a042347bc075 req-b7a15ba8-8969-441e-b01c-a042347bc075 ] Request (ServersListShow2100Test:tearDownClass): 201 POST http://10.180.1.21/identity/v3/auth/tokens 0.154s
2025-05-19 18:48:54.531 69745 INFO tempest.lib.common.rest_client [req-61893f04-0d6a-4d42-82fb-1bd24dcca472 req-61893f04-0d6a-4d42-82fb-1bd24dcca472 ] Request (QuotasSecurityGroupAdminNegativeTest:setUpClass): 204 PUT http://10.180.1.21/identity/v3/projects/650fde230d6f4eef9efa8e692dc85a5f/users/74aae62716d344ceb7c881eff90bd0cc/roles/eea3e0f4155e44c9bcbed79a08e1b091 0.154s
2025-05-19 18:48:54.531 69745 INFO tempest.lib.common.dynamic_creds [-] Dynamic test user 74aae62716d344ceb7c881eff90bd0cc is created with scope project and roles: ['member']
2025-05-19 18:48:54.532 69745 INFO tempest.lib.common.dynamic_creds [-] Acquired dynamic creds: credentials: Credentials: {'domain_id': 'default', 'domain_name': 'Default', 'username': 'tempest-QuotasSecurityGroupAdminNegativeTest-1158822782-project-member', 'project_domain_id': 'default', 'project_domain_name': 'Default', 'project_id': '650fde230d6f4eef9efa8e692dc85a5f', 'project_name': 'tempest-QuotasSecurityGroupAdminNegativeTest-1158822782', 'tenant_id': '650fde230d6f4eef9efa8e692dc85a5f', 'tenant_name': 'tempest-QuotasSecurityGroupAdminNegativeTest-1158822782', 'user_domain_id': 'default', 'user_domain_name': 'Default', 'user_id': '74aae62716d344ceb7c881eff90bd0cc', 'system': None}, Network: None, Subnet: None, Router: None
2025-05-19 18:48:54.532 69745 INFO tempest.lib.common.dynamic_creds [-] Created isolated network resources for: credentials: Credentials: {'domain_id': 'default', 'domain_name': 'Default', 'username': 'tempest-QuotasSecurityGroupAdminNegativeTest-1158822782-project-member', 'project_domain_id': 'default', 'project_domain_name': 'Default', 'project_id': '650fde230d6f4eef9efa8e692dc85a5f', 'project_name': 'tempest-QuotasSecurityGroupAdminNegativeTest-1158822782', 'tenant_id': '650fde230d6f4eef9efa8e692dc85a5f', 'tenant_name': 'tempest-QuotasSecurityGroupAdminNegativeTest-1158822782', 'user_domain_id': 'default', 'user_domain_name': 'Default', 'user_id': '74aae62716d344ceb7c881eff90bd0cc', 'system': None}, Network: None, Subnet: None, Router: None
2025-05-19 18:48:54.559 69773 INFO tempest.lib.common.rest_client [req-d19515a1-6264-44b5-976d-12962cfbbeb2 req-d19515a1-6264-44b5-976d-12962cfbbeb2 ] Request (HypervisorAdminV253TestBase:test_list_show_detail_hypervisors): 200 GET http://10.180.1.21/compute/v2.1/os-hypervisors/detail?with_servers=True 1.955s
2025-05-19 18:48:54.579 69785 INFO tempest.lib.common.rest_client [req-7d465e5a-6fbe-4820-95f7-9e1d00973099 req-7d465e5a-6fbe-4820-95f7-9e1d00973099 ] Request (QuotaClassesAdminTestJSON:setUpClass): 201 POST http://10.180.1.21/identity/v3/auth/tokens 0.174s
2025-05-19 18:48:54.594 69775 INFO tempest.lib.common.rest_client [req-22de192c-95a4-45d3-8fd6-2a300462be0d req-22de192c-95a4-45d3-8fd6-2a300462be0d ] Request (TenantUsagesNegativeTestJSON:setUpClass): 201 POST http://10.180.1.21/identity/v3/users 0.164s
2025-05-19 18:48:54.603 69747 INFO tempest.lib.common.rest_client [req-904bb31c-cf69-4670-a59c-64570c697c03 req-904bb31c-cf69-4670-a59c-64570c697c03 ] Request (FloatingIPsNegativeTestJSON:setUpClass): 201 POST http://10.180.1.21/identity/v3/auth/tokens 0.172s
2025-05-19 18:48:54.632 69781 INFO tempest.lib.common.rest_client [req-0b10a68e-4e0f-4e6c-a4e7-5447130c3017 req-0b10a68e-4e0f-4e6c-a4e7-5447130c3017 ] Request (AttachVolumeNegativeTest:setUpClass): 201 POST http://10.180.1.21/identity/v3/auth/tokens 0.144s
2025-05-19 18:48:54.700 69753 INFO tempest.lib.common.rest_client [req-b7053484-fd05-4c36-a4ea-76818dbd8417 req-b7053484-fd05-4c36-a4ea-76818dbd8417 ] Request (HypervisorAdminNegativeUnderV252Test:test_search_hypervisor_with_non_admin_user): 403 GET http://10.180.1.21/compute/v2.1/os-hypervisors/domain-c8.fc996f14-c53b-4953-92e3-bdfa48f5cc28/search 1.714s
2025-05-19 18:48:54.754 69749 INFO tempest.lib.common.rest_client [req-065548e0-1f04-4335-8dc8-2a0447d3ee96 req-065548e0-1f04-4335-8dc8-2a0447d3ee96 ] Request (FlavorsV2NegativeTest:test_boot_with_low_ram): 200 GET http://10.180.1.21/compute/v2.1/flavors/42 1.742s
2025-05-19 18:48:54.754 69745 INFO tempest.lib.common.rest_client [req-08a8ca87-65dd-40b2-96d2-87e5c507759b req-08a8ca87-65dd-40b2-96d2-87e5c507759b ] Request (QuotasSecurityGroupAdminNegativeTest:setUpClass): 201 POST http://10.180.1.21/identity/v3/auth/tokens 0.218s
2025-05-19 18:48:54.782 69785 INFO tempest.lib.common.rest_client [req-8d36c325-2310-4ea9-9630-c753f3cdcb8d req-8d36c325-2310-4ea9-9630-c753f3cdcb8d ] Request (QuotaClassesAdminTestJSON:setUpClass): 200 GET http://10.180.1.21/identity/v3/domains?name=Default 0.203s
2025-05-19 18:48:54.794 69789 INFO tempest.lib.common.rest_client [req-48ad8f69-6223-4b40-afa7-ecb0fd7576de req-48ad8f69-6223-4b40-afa7-ecb0fd7576de ] Request (ListImageFiltersTestJSON:setUpClass): 200 GET http://10.180.1.21/compute/v2.1/images/b3566875-0afa-4649-bcc9-5ce7e4cdd182 1.609s
2025-05-19 18:48:54.803 69793 INFO tempest.lib.common.rest_client [req-6e3c4e57-5886-4160-b6f1-8ea37264e307 req-6e3c4e57-5886-4160-b6f1-8ea37264e307 ] Request (ServersListShow2100Test:tearDownClass): 200 GET http://10.180.1.21:9696/networking/v2.0/security-groups?tenant_id=ef8b1848dae44bd7898217a12c6e5dd0&name=default 0.297s
2025-05-19 18:48:54.815 69763 INFO tempest.lib.common.rest_client [req-17296260-488d-4484-be41-aa7c5c71a2e2 req-17296260-488d-4484-be41-aa7c5c71a2e2 ] Request (ImagesMetadataNegativeTestJSON:test_get_nonexistent_image_metadata_item): 404 GET http://10.180.1.21/compute/v2.1/images/87989189-1976-4e52-8ee1-63cad1859e74/metadata/os_version 1.501s
2025-05-19 18:48:54.827 69773 INFO tempest.lib.common.rest_client [req-92089566-5e8b-4454-8695-21b620087760 req-92089566-5e8b-4454-8695-21b620087760 ] Request (HypervisorAdminV253TestBase:tearDownClass): 204 DELETE http://10.180.1.21/identity/v3/users/5f87ba6797a44d84bc3009b70b641ea6 0.257s
2025-05-19 18:48:54.839 69775 INFO tempest.lib.common.rest_client [req-0b4f4774-dec3-4e39-ba4a-f88f4e56d639 req-0b4f4774-dec3-4e39-ba4a-f88f4e56d639 ] Request (TenantUsagesNegativeTestJSON:setUpClass): 200 GET http://10.180.1.21/identity/v3/roles 0.244s
2025-05-19 18:48:54.841 69751 INFO tempest.lib.common.rest_client [req-c1ffcbe1-8a18-4af5-9630-d737bfafd7ac req-c1ffcbe1-8a18-4af5-9630-d737bfafd7ac ] Request (FlavorsAdminTestJSON:_run_cleanups): 200 GET http://10.180.1.21/compute/v2.1/flavors/detail 1.508s
2025-05-19 18:48:54.847 69739 INFO tempest.lib.common.rest_client [req-ae0d05e2-4082-4f90-b812-93ba2af70b75 req-ae0d05e2-4082-4f90-b812-93ba2af70b75 ] Request (HostsAdminNegativeTestJSON:test_update_host_with_invalid_status): 400 PUT http://10.180.1.21/compute/v2.1/os-hosts/devstack 1.509s
2025-05-19 18:48:54.863 69795 INFO tempest.lib.common.rest_client [req-0d94106f-4976-4cf9-9133-f06f09a6c0ad req-0d94106f-4976-4cf9-9133-f06f09a6c0ad ] Request (VolumesAdminNegativeTest:setUpClass): 201 POST http://10.180.1.21:9696/networking/v2.0/routers 0.810s
2025-05-19 18:48:54.874 69783 INFO tempest.lib.common.rest_client [req-2a3c71e6-4985-4e80-9eb7-154952400855 req-2a3c71e6-4985-4e80-9eb7-154952400855 ] Request (FlavorsExtraSpecsNegativeTestJSON:tearDownClass): 200 GET http://10.180.1.21/compute/v2.1/flavors/detail 1.518s
2025-05-19 18:48:54.886 69747 INFO tempest.lib.common.rest_client [req-f303e259-6626-4fc9-804d-a262e3a27fb1 req-f303e259-6626-4fc9-804d-a262e3a27fb1 ] Request (FloatingIPsNegativeTestJSON:setUpClass): 200 GET http://10.180.1.21/identity/v3/domains?name=Default 0.282s
2025-05-19 18:48:54.896 69797 INFO tempest.lib.common.rest_client [req-da65f951-462b-48c7-a398-da658b7a8909 req-da65f951-462b-48c7-a398-da658b7a8909 ] Request (FlavorsV2TestJSON:test_list_flavors_using_marker): 200 GET http://10.180.1.21/compute/v2.1/flavors?marker=42 1.526s
2025-05-19 18:48:54.904 69781 INFO tempest.lib.common.rest_client [req-a92281a9-db1c-4754-8f78-dbe0fc0c3020 req-a92281a9-db1c-4754-8f78-dbe0fc0c3020 ] Request (AttachVolumeNegativeTest:setUpClass): 200 GET http://10.180.1.21/identity/v3/domains?name=Default 0.272s
2025-05-19 18:48:54.917 69745 INFO tempest.lib.common.rest_client [req-8e97ca0d-a169-4ce4-856c-6343b7fc7104 req-8e97ca0d-a169-4ce4-856c-6343b7fc7104 ] Request (QuotasSecurityGroupAdminNegativeTest:setUpClass): 201 POST http://10.180.1.21/identity/v3/projects 0.163s
2025-05-19 18:48:54.920 69759 INFO tempest.lib.common.rest_client [req-7ae40bd4-ca47-42b0-b1ba-91f95f0320c8 req-7ae40bd4-ca47-42b0-b1ba-91f95f0320c8 ] Request (AggregatesAdminNegativeTestJSON:_run_cleanups): 200 DELETE http://10.180.1.21/compute/v2.1/os-aggregates/3 1.521s
2025-05-19 18:48:54.924 69793 INFO tempest.lib.common.rest_client [req-d693c4b3-3e67-4c3d-87fa-28b6f88601da req-d693c4b3-3e67-4c3d-87fa-28b6f88601da ] Request (ServersListShow2100Test:tearDownClass): 204 DELETE http://10.180.1.21:9696/networking/v2.0/security-groups/12ca13c4-de37-4c0c-99fb-155e6d798724 0.120s
2025-05-19 18:48:54.934 69785 INFO tempest.lib.common.rest_client [req-e8adb766-0b79-40a1-8e45-8c91dab4ad54 req-e8adb766-0b79-40a1-8e45-8c91dab4ad54 ] Request (QuotaClassesAdminTestJSON:setUpClass): 201 POST http://10.180.1.21/identity/v3/projects 0.151s
2025-05-19 18:48:54.985 69771 INFO tempest.lib.common.rest_client [req-88407564-366f-462c-ac73-a89ec4bc078c req-88407564-366f-462c-ac73-a89ec4bc078c ] Request (AttachInterfacesUnderV243Test:test_add_remove_fixed_ip): 200 GET http://10.180.1.21/compute/v2.1/servers/61bbecd6-e3f5-47f8-ac4e-424b553129ba 1.343s
2025-05-19 18:48:55.015 69775 INFO tempest.lib.common.rest_client [req-3c954a67-4cd7-41c0-b726-cfa12404558d req-3c954a67-4cd7-41c0-b726-cfa12404558d ] Request (TenantUsagesNegativeTestJSON:setUpClass): 204 PUT http://10.180.1.21/identity/v3/projects/f3122fa269354bafad6b5b218b3d6a8f/users/22026440355442aa8300f9933273d135/roles/b145f2edebe947658da02a7dcc0a6da9 0.175s
2025-05-19 18:48:55.023 69773 INFO tempest.lib.common.rest_client [req-9642e580-ac50-4313-888f-eb7cfc8ef0ff req-9642e580-ac50-4313-888f-eb7cfc8ef0ff ] Request (HypervisorAdminV253TestBase:tearDownClass): 204 DELETE http://10.180.1.21/identity/v3/users/675ddab1b426492c9c57e18babc36dc9 0.195s
2025-05-19 18:48:55.023 69773 INFO tempest.lib.common.dynamic_creds [-] Deleting project and security group for project: 0025f178b95c4e46ba0a57fe133761eb
2025-05-19 18:48:55.218 69747 INFO tempest.lib.common.rest_client [req-99f96556-89a9-4741-804a-95f7b63705d1 req-99f96556-89a9-4741-804a-95f7b63705d1 ] Request (FloatingIPsNegativeTestJSON:setUpClass): 201 POST http://10.180.1.21/identity/v3/projects 0.331s
2025-05-19 18:48:55.225 69765 INFO tempest.lib.common.rest_client [req-965b06d4-7a3f-419f-b831-c8b84ab82cc0 req-965b06d4-7a3f-419f-b831-c8b84ab82cc0 ] Request (SecurityGroupRulesTestJSON:test_security_group_rules_delete_when_peer_group_deleted): 202 DELETE http://10.180.1.21/compute/v2.1/os-security-groups/cc5af6e0-eceb-4136-b171-8bbffec640f8 1.481s
2025-05-19 18:48:55.229 69761 INFO tempest.lib.common.rest_client [req-42dcc3b0-1290-43f6-a4ec-0b58e0a62975 req-42dcc3b0-1290-43f6-a4ec-0b58e0a62975 ] Request (QuotasAdminNegativeTest:test_create_server_when_instances_quota_is_full): 200 PUT http://10.180.1.21/compute/v2.1/os-quota-sets/db4656b00ace495dad75e02fa2cd7ed3 2.050s
2025-05-19 18:48:55.257 69783 INFO tempest.lib.common.rest_client [req-b364d372-6f2e-4340-8c43-5ce200e38169 req-b364d372-6f2e-4340-8c43-5ce200e38169 ] Request (FlavorsExtraSpecsNegativeTestJSON:tearDownClass): 204 DELETE http://10.180.1.21/identity/v3/users/50fdbe040d4145c990fcd2818e4f1e22 0.378s
2025-05-19 18:48:55.315 69745 INFO tempest.lib.common.rest_client [req-b6d0c47a-3c16-43e6-b7ff-243983707ef2 req-b6d0c47a-3c16-43e6-b7ff-243983707ef2 ] Request (QuotasSecurityGroupAdminNegativeTest:setUpClass): 201 POST http://10.180.1.21/identity/v3/users 0.396s
2025-05-19 18:48:55.320 69781 INFO tempest.lib.common.rest_client [req-b0de7111-36c9-48f0-870f-95839dde9080 req-b0de7111-36c9-48f0-870f-95839dde9080 ] Request (AttachVolumeNegativeTest:setUpClass): 201 POST http://10.180.1.21/identity/v3/projects 0.416s
2025-05-19 18:48:55.375 69785 INFO tempest.lib.common.rest_client [req-a9dc0e22-572d-4bc2-aa60-9a6e6ed2827b req-a9dc0e22-572d-4bc2-aa60-9a6e6ed2827b ] Request (QuotaClassesAdminTestJSON:setUpClass): 201 POST http://10.180.1.21/identity/v3/users 0.441s
2025-05-19 18:48:55.399 69793 INFO tempest.lib.common.rest_client [req-365454bb-bc1c-47de-935b-988a7023706a req-365454bb-bc1c-47de-935b-988a7023706a ] Request (ServersListShow2100Test:tearDownClass): 204 DELETE http://10.180.1.21/identity/v3/projects/ef8b1848dae44bd7898217a12c6e5dd0 0.475s
2025-05-19 18:48:55.449 69775 INFO tempest.lib.common.rest_client [req-8b362637-04bc-4346-be63-dc51b81e29fd req-8b362637-04bc-4346-be63-dc51b81e29fd ] Request (TenantUsagesNegativeTestJSON:setUpClass): 200 GET http://10.180.1.21/identity/v3/roles 0.434s
2025-05-19 18:48:55.474 69773 INFO tempest.lib.common.rest_client [req-860de99e-f4d0-478f-ba7c-6ac92e223428 req-860de99e-f4d0-478f-ba7c-6ac92e223428 ] Request (HypervisorAdminV253TestBase:tearDownClass): 201 POST http://10.180.1.21/identity/v3/auth/tokens 0.450s
2025-05-19 18:48:55.487 69747 INFO tempest.lib.common.rest_client [req-0d161cfd-b93d-4d83-8d6c-5a7f9e44ecf0 req-0d161cfd-b93d-4d83-8d6c-5a7f9e44ecf0 ] Request (FloatingIPsNegativeTestJSON:setUpClass): 201 POST http://10.180.1.21/identity/v3/users 0.269s
2025-05-19 18:48:55.527 69761 INFO tempest.lib.common.rest_client [req-ee75f648-000e-4c77-bee7-bc912dd93a2a req-ee75f648-000e-4c77-bee7-bc912dd93a2a ] Request (QuotasAdminNegativeTest:test_create_server_when_instances_quota_is_full): 201 POST http://10.180.1.21/identity/v3/auth/tokens 0.293s
2025-05-19 18:48:55.527 69761 INFO tempest.lib.common.fixed_network [-] (QuotasAdminNegativeTest:test_create_server_when_instances_quota_is_full) Found network None available for tenant
2025-05-19 18:48:55.557 69783 INFO tempest.lib.common.rest_client [req-f7c0cdea-c221-4020-a39b-802a825cd833 req-f7c0cdea-c221-4020-a39b-802a825cd833 ] Request (FlavorsExtraSpecsNegativeTestJSON:tearDownClass): 204 DELETE http://10.180.1.21/identity/v3/users/11c9a2986c74407188d5e6549d3489a1 0.300s
2025-05-19 18:48:55.558 69783 INFO tempest.lib.common.dynamic_creds [-] Deleting project and security group for project: 9cd4ddd1ce044db6b242aa71b30d86eb
2025-05-19 18:48:55.593 69745 INFO tempest.lib.common.rest_client [req-b5afe703-82f9-42a2-b0ef-ca6a54969d30 req-b5afe703-82f9-42a2-b0ef-ca6a54969d30 ] Request (QuotasSecurityGroupAdminNegativeTest:setUpClass): 200 GET http://10.180.1.21/identity/v3/roles 0.278s
2025-05-19 18:48:55.617 69785 INFO tempest.lib.common.rest_client [req-a12b3431-50d7-451f-aa9e-23396ca0b997 req-a12b3431-50d7-451f-aa9e-23396ca0b997 ] Request (QuotaClassesAdminTestJSON:setUpClass): 200 GET http://10.180.1.21/identity/v3/roles 0.241s
