2025-05-19 18:50:48.581 69767 INFO tempest.lib.common.rest_client [req-e7084aa0-97dc-45eb-9d70-5f125e2c6333 req-e7084aa0-97dc-45eb-9d70-5f125e2c6333 ] Request (FloatingIPsAssociationNegativeTestJSON:tearDownClass): 204 DELETE http://10.180.1.21:9696/networking/v2.0/networks/54148c92-9ed9-40c3-9d50-0dc1f6da5250 0.289s
2025-05-19 18:50:48.583 69737 INFO tempest.lib.common.rest_client [req-136cfa36-238d-45d4-9481-39ce96b28d00 req-136cfa36-238d-45d4-9481-39ce96b28d00 ] Request (ServersTestFqdnHostnames:tearDownClass): 204 DELETE http://10.180.1.21:9696/networking/v2.0/routers/6a1716f7-224e-4fef-8b7a-613b606ad008 1.464s
2025-05-19 18:50:48.591 69735 INFO tempest.lib.common.rest_client [req-e09b41d8-94b4-4c0f-a60a-cb19aa946eeb req-e09b41d8-94b4-4c0f-a60a-cb19aa946eeb ] Request (ServerDiskConfigTestJSON:tearDownClass): 200 PUT http://10.180.1.21:9696/networking/v2.0/routers/62a3c1fe-9e67-47fe-aebe-ba4bf8171247/remove_router_interface 2.386s
2025-05-19 18:50:48.665 69763 INFO tempest.lib.common.rest_client [req-dcda1914-eb05-4e1b-98da-340d8b62721f req-dcda1914-eb05-4e1b-98da-340d8b62721f ] Request (ServersTestJSON:tearDownClass): 204 DELETE http://10.180.1.21/identity/v3/projects/86c188035b0b414584c1b4d60b60dcd7 0.136s
2025-05-19 18:50:48.704 69737 INFO tempest.lib.common.rest_client [req-276c9555-822a-42eb-974e-be7c6fdf15b9 req-276c9555-822a-42eb-974e-be7c6fdf15b9 ] Request (ServersTestFqdnHostnames:tearDownClass): 204 DELETE http://10.180.1.21:9696/networking/v2.0/subnets/b4f97af2-2806-4043-8d06-6dccdde40f9e 0.120s
2025-05-19 18:50:48.725 69795 INFO tempest.lib.common.rest_client [req-9efa267f-f2bd-46f3-b79f-4e1f849ef688 req-9efa267f-f2bd-46f3-b79f-4e1f849ef688 ] Request (AttachVolumeTestJSON:_run_cleanups): 204 DELETE http://10.180.1.21:9696/networking/v2.0/floatingips/7ba27db1-0164-4162-b0e6-7d84b9e37091 0.362s
2025-05-19 18:50:48.758 69767 INFO tempest.lib.common.rest_client [req-6b98b893-36ca-4e9b-8ef9-1a496df5c3dc req-6b98b893-36ca-4e9b-8ef9-1a496df5c3dc ] Request (FloatingIPsAssociationNegativeTestJSON:tearDownClass): 204 DELETE http://10.180.1.21/identity/v3/users/6f5f4384d70e46419bc995e10bce386b 0.177s
2025-05-19 18:50:48.759 69767 INFO tempest.lib.common.dynamic_creds [-] Deleting project and security group for project: 6f35c592b3ce44a194ec48c0ade6591e
2025-05-19 18:50:48.865 69767 INFO tempest.lib.common.rest_client [req-235f59e1-fd5e-4888-a03f-876a270222f0 req-235f59e1-fd5e-4888-a03f-876a270222f0 ] Request (FloatingIPsAssociationNegativeTestJSON:tearDownClass): 200 GET http://10.180.1.21:9696/networking/v2.0/security-groups?tenant_id=6f35c592b3ce44a194ec48c0ade6591e&name=default 0.106s
2025-05-19 18:50:49.007 69767 INFO tempest.lib.common.rest_client [req-9132e942-8b86-414b-bb89-0ccfa9c4981c req-9132e942-8b86-414b-bb89-0ccfa9c4981c ] Request (FloatingIPsAssociationNegativeTestJSON:tearDownClass): 204 DELETE http://10.180.1.21:9696/networking/v2.0/security-groups/805bb466-217a-4b0b-8037-3b18e224f08c 0.142s
2025-05-19 18:50:49.105 69767 INFO tempest.lib.common.rest_client [req-07868c2a-610c-47c3-be22-b9b0c5da78d2 req-07868c2a-610c-47c3-be22-b9b0c5da78d2 ] Request (FloatingIPsAssociationNegativeTestJSON:tearDownClass): 204 DELETE http://10.180.1.21/identity/v3/projects/6f35c592b3ce44a194ec48c0ade6591e 0.097s
2025-05-19 18:50:49.178 69767 INFO tempest.lib.common.rest_client [req-f7008685-7043-4a52-92d0-bc088c864b5c req-f7008685-7043-4a52-92d0-bc088c864b5c ] Request (TestVersions:setUpClass): 201 POST http://10.180.1.21/identity/v3/auth/tokens 0.068s
2025-05-19 18:50:49.210 69767 INFO tempest.lib.common.rest_client [req-c9da8728-a2dc-4c44-b628-1011893f6720 req-c9da8728-a2dc-4c44-b628-1011893f6720 ] Request (TestVersions:setUpClass): 201 POST http://10.180.1.21/identity/v3/auth/tokens 0.029s
2025-05-19 18:50:49.244 69767 INFO tempest.lib.common.rest_client [req-bf318e41-ffec-46d5-b0d5-94f046a7047a req-bf318e41-ffec-46d5-b0d5-94f046a7047a ] Request (TestVersions:setUpClass): 200 GET http://10.180.1.21/identity/v3/domains?name=Default 0.034s
2025-05-19 18:50:49.248 69737 INFO tempest.lib.common.rest_client [req-45be4384-45eb-44bf-8ee2-fbc1be11842e req-45be4384-45eb-44bf-8ee2-fbc1be11842e ] Request (ServersTestFqdnHostnames:tearDownClass): 204 DELETE http://10.180.1.21:9696/networking/v2.0/networks/56b9174f-03fe-423c-84b7-5c38ef26aa3d 0.544s
2025-05-19 18:50:49.287 69767 INFO tempest.lib.common.rest_client [req-9fc6d7d9-8c63-4ee7-b89e-8eeab52ee8f4 req-9fc6d7d9-8c63-4ee7-b89e-8eeab52ee8f4 ] Request (TestVersions:setUpClass): 201 POST http://10.180.1.21/identity/v3/projects 0.041s
2025-05-19 18:50:49.336 69737 INFO tempest.lib.common.rest_client [req-a47f16b2-eda8-46ab-ab12-214ab1e5cb97 req-a47f16b2-eda8-46ab-ab12-214ab1e5cb97 ] Request (ServersTestFqdnHostnames:tearDownClass): 204 DELETE http://10.180.1.21/identity/v3/users/14bf9ea84df6466abb0126614e50de15 0.087s
2025-05-19 18:50:49.336 69737 INFO tempest.lib.common.dynamic_creds [-] Deleting project and security group for project: e2a4e77e4eb84fc48572029b756e8e31
2025-05-19 18:50:49.375 69767 INFO tempest.lib.common.rest_client [req-60b128bb-ddc4-4f46-ba4c-1e820b862255 req-60b128bb-ddc4-4f46-ba4c-1e820b862255 ] Request (TestVersions:setUpClass): 201 POST http://10.180.1.21/identity/v3/users 0.088s
2025-05-19 18:50:49.379 69737 INFO tempest.lib.common.rest_client [req-8ab2768b-0bf8-410b-91c0-6ef561123e36 req-8ab2768b-0bf8-410b-91c0-6ef561123e36 ] Request (ServersTestFqdnHostnames:tearDownClass): 200 GET http://10.180.1.21:9696/networking/v2.0/security-groups?tenant_id=e2a4e77e4eb84fc48572029b756e8e31&name=default 0.043s
2025-05-19 18:50:49.438 69767 INFO tempest.lib.common.rest_client [req-1e6ced90-b8fc-4bfe-9351-9c3c9660830b req-1e6ced90-b8fc-4bfe-9351-9c3c9660830b ] Request (TestVersions:setUpClass): 200 GET http://10.180.1.21/identity/v3/roles 0.062s
2025-05-19 18:50:49.466 69767 INFO tempest.lib.common.rest_client [req-bad2a02a-92e1-4d14-a6c3-7fb81bf2ce15 req-bad2a02a-92e1-4d14-a6c3-7fb81bf2ce15 ] Request (TestVersions:setUpClass): 204 PUT http://10.180.1.21/identity/v3/projects/ea1f5102b988436c84bfb648a992e781/users/ed15d224370e47b1bf87b54b04ee947c/roles/eea3e0f4155e44c9bcbed79a08e1b091 0.027s
2025-05-19 18:50:49.466 69767 INFO tempest.lib.common.dynamic_creds [-] Dynamic test user ed15d224370e47b1bf87b54b04ee947c is created with scope project and roles: ['member']
2025-05-19 18:50:49.466 69767 INFO tempest.lib.common.dynamic_creds [-] Acquired dynamic creds: credentials: Credentials: {'domain_id': 'default', 'domain_name': 'Default', 'username': 'tempest-TestVersions-1656178029-project-member', 'project_domain_id': 'default', 'project_domain_name': 'Default', 'project_id': 'ea1f5102b988436c84bfb648a992e781', 'project_name': 'tempest-TestVersions-1656178029', 'tenant_id': 'ea1f5102b988436c84bfb648a992e781', 'tenant_name': 'tempest-TestVersions-1656178029', 'user_domain_id': 'default', 'user_domain_name': 'Default', 'user_id': 'ed15d224370e47b1bf87b54b04ee947c', 'system': None}, Network: None, Subnet: None, Router: None
2025-05-19 18:50:49.466 69767 INFO tempest.lib.common.dynamic_creds [-] Created isolated network resources for: credentials: Credentials: {'domain_id': 'default', 'domain_name': 'Default', 'username': 'tempest-TestVersions-1656178029-project-member', 'project_domain_id': 'default', 'project_domain_name': 'Default', 'project_id': 'ea1f5102b988436c84bfb648a992e781', 'project_name': 'tempest-TestVersions-1656178029', 'tenant_id': 'ea1f5102b988436c84bfb648a992e781', 'tenant_name': 'tempest-TestVersions-1656178029', 'user_domain_id': 'default', 'user_domain_name': 'Default', 'user_id': 'ed15d224370e47b1bf87b54b04ee947c', 'system': None}, Network: None, Subnet: None, Router: None
2025-05-19 18:50:49.559 69767 INFO tempest.lib.common.rest_client [req-2b6325c2-246c-4fec-a2c6-29815a5c6aa5 req-2b6325c2-246c-4fec-a2c6-29815a5c6aa5 ] Request (TestVersions:setUpClass): 201 POST http://10.180.1.21/identity/v3/auth/tokens 0.086s
2025-05-19 18:50:49.567 69767 INFO tempest.lib.common.rest_client [-] Request (TestVersions:test_get_version_details): 200 GET http://10.180.1.21/compute/ 0.006s
2025-05-19 18:50:49.574 69767 INFO tempest.lib.common.rest_client [req-9e4585d5-53bc-4010-a09d-87505c07f12f req-9e4585d5-53bc-4010-a09d-87505c07f12f ] Request (TestVersions:test_get_version_details): 200 GET http://10.180.1.21/compute/v2/ 0.005s
2025-05-19 18:50:49.580 69755 INFO tempest.lib.common.rest_client [req-ad9d3c15-bb4f-4213-a377-32f9b7529562 req-ad9d3c15-bb4f-4213-a377-32f9b7529562 ] Request (ServerAddressesTestJSON:setUpClass): 200 GET http://10.180.1.21/compute/v2.1/servers/5ccb088f-8c1e-4d04-8dc8-fbc73a4f7b80 0.105s
2025-05-19 18:50:49.583 69767 INFO tempest.lib.common.rest_client [req-ce7a3662-7d48-4c39-8264-0bb9a3cd6545 req-ce7a3662-7d48-4c39-8264-0bb9a3cd6545 ] Request (TestVersions:test_get_version_details): 200 GET http://10.180.1.21/compute/v2.1/ 0.007s
2025-05-19 18:50:49.592 69755 INFO tempest.common.waiters [-] State transition "BUILD/scheduling" ==> "ERROR/None" after 1 second wait
2025-05-19 18:50:49.601 69767 INFO tempest.lib.common.rest_client [-] Request (TestVersions:test_list_api_versions): 200 GET http://10.180.1.21/compute/ 0.005s
2025-05-19 18:50:49.662 69737 INFO tempest.lib.common.rest_client [req-4f0ef635-697c-40a5-9682-10f277ac6c63 req-4f0ef635-697c-40a5-9682-10f277ac6c63 ] Request (ServersTestFqdnHostnames:tearDownClass): 204 DELETE http://10.180.1.21:9696/networking/v2.0/security-groups/01bcaec0-ce57-410a-839c-44f33f9c14d1 0.282s
2025-05-19 18:50:49.682 69795 INFO tempest.lib.common.rest_client [req-d3d957d4-2fc2-4699-bff6-9ec28f81e771 req-d3d957d4-2fc2-4699-bff6-9ec28f81e771 ] Request (AttachVolumeTestJSON:tearDownClass): 200 PUT http://10.180.1.21:9696/networking/v2.0/routers/393a2859-1c24-4dde-a7b5-cb8734d7547f/remove_router_interface 0.945s
2025-05-19 18:50:49.705 69767 INFO tempest.lib.common.rest_client [req-fbf7acf5-7dbe-469c-a91e-660a8b2e9db1 req-fbf7acf5-7dbe-469c-a91e-660a8b2e9db1 ] Request (TestVersions:tearDownClass): 204 DELETE http://10.180.1.21/identity/v3/users/ed15d224370e47b1bf87b54b04ee947c 0.095s
2025-05-19 18:50:49.705 69767 INFO tempest.lib.common.dynamic_creds [-] Deleting project and security group for project: ea1f5102b988436c84bfb648a992e781
2025-05-19 18:50:49.710 69735 INFO tempest.lib.common.rest_client [req-6a334e54-40af-470d-86ee-21be96a0c8bd req-6a334e54-40af-470d-86ee-21be96a0c8bd ] Request (ServerDiskConfigTestJSON:tearDownClass): 204 DELETE http://10.180.1.21:9696/networking/v2.0/routers/62a3c1fe-9e67-47fe-aebe-ba4bf8171247 1.118s
2025-05-19 18:50:49.765 69747 INFO tempest.lib.common.rest_client [req-0402335b-e75c-45e1-9efd-c31c80974545 req-0402335b-e75c-45e1-9efd-c31c80974545 ] Request (SecurityGroupsTestJSON:tearDownClass): 200 PUT http://10.180.1.21:9696/networking/v2.0/routers/44f9ecc4-729d-4fc3-9aae-f2c856d0151a/remove_router_interface 2.517s
2025-05-19 18:50:49.776 69797 INFO tempest.lib.common.rest_client [req-7bf825ec-c701-40ac-8cd9-e81b4c5f8768 req-7bf825ec-c701-40ac-8cd9-e81b4c5f8768 ] Request (AttachInterfacesTestJSON:tearDownClass): 200 PUT http://10.180.1.21:9696/networking/v2.0/routers/9f94a549-4632-4a36-8c52-9a498e140274/remove_router_interface 2.514s
2025-05-19 18:50:49.782 69767 INFO tempest.lib.common.rest_client [req-4b526822-0dc1-44f9-9a91-f7a2afed8097 req-4b526822-0dc1-44f9-9a91-f7a2afed8097 ] Request (TestVersions:tearDownClass): 201 POST http://10.180.1.21/identity/v3/auth/tokens 0.076s
2025-05-19 18:50:49.789 69737 INFO tempest.lib.common.rest_client [req-1a32352a-97fd-40e0-b6e6-b0be452ec0ed req-1a32352a-97fd-40e0-b6e6-b0be452ec0ed ] Request (ServersTestFqdnHostnames:tearDownClass): 204 DELETE http://10.180.1.21/identity/v3/projects/e2a4e77e4eb84fc48572029b756e8e31 0.127s
2025-05-19 18:50:49.845 69755 INFO tempest.lib.common.rest_client [req-e736cda9-9a0d-41b6-8394-ab4a8f202a22 req-e736cda9-9a0d-41b6-8394-ab4a8f202a22 ] Request (ServerAddressesTestJSON:setUpClass): 204 DELETE http://10.180.1.21/compute/v2.1/servers/5ccb088f-8c1e-4d04-8dc8-fbc73a4f7b80 0.253s
2025-05-19 18:50:49.869 69735 INFO tempest.lib.common.rest_client [req-d921e36a-5c6d-4b67-8ce8-f5975f65a171 req-d921e36a-5c6d-4b67-8ce8-f5975f65a171 ] Request (ServerDiskConfigTestJSON:tearDownClass): 204 DELETE http://10.180.1.21:9696/networking/v2.0/subnets/5209106f-78c9-4f78-85e4-66dad0b88aeb 0.158s
2025-05-19 18:50:49.893 69755 INFO tempest.lib.common.rest_client [req-8f3f3d36-7da9-4e42-b8da-7d1dbbf46624 req-8f3f3d36-7da9-4e42-b8da-7d1dbbf46624 ] Request (ServerAddressesTestJSON:setUpClass): 404 GET http://10.180.1.21/compute/v2.1/servers/5ccb088f-8c1e-4d04-8dc8-fbc73a4f7b80 0.048s
2025-05-19 18:50:49.894 69755 INFO tempest.test [-] raised in ServerAddressesTestJSON.setUpClass. Invoking tearDownClass.
2025-05-19 18:50:50.194 69767 INFO tempest.lib.common.rest_client [req-3d495423-a935-4142-91c5-0aad9148de51 req-3d495423-a935-4142-91c5-0aad9148de51 ] Request (TestVersions:tearDownClass): 200 GET http://10.180.1.21:9696/networking/v2.0/security-groups?tenant_id=ea1f5102b988436c84bfb648a992e781&name=default 0.412s
2025-05-19 18:50:50.226 69735 INFO tempest.lib.common.rest_client [req-3a4cfb8c-668f-4f04-83f7-12853b333a9f req-3a4cfb8c-668f-4f04-83f7-12853b333a9f ] Request (ServerDiskConfigTestJSON:tearDownClass): 204 DELETE http://10.180.1.21:9696/networking/v2.0/networks/a56958ea-28d6-41ca-8f92-25a05eecb997 0.357s
2025-05-19 18:50:50.375 69795 INFO tempest.lib.common.rest_client [req-0160bf13-833a-4bf0-8b14-3c2506692bdd req-0160bf13-833a-4bf0-8b14-3c2506692bdd ] Request (AttachVolumeTestJSON:tearDownClass): 204 DELETE http://10.180.1.21:9696/networking/v2.0/routers/393a2859-1c24-4dde-a7b5-cb8734d7547f 0.692s
2025-05-19 18:50:50.375 69735 INFO tempest.lib.common.rest_client [req-53dd1fe1-3e5c-44bc-b7a3-0d65d0c1366f req-53dd1fe1-3e5c-44bc-b7a3-0d65d0c1366f ] Request (ServerDiskConfigTestJSON:tearDownClass): 204 DELETE http://10.180.1.21/identity/v3/users/c315482a7b3c40c0a7dab22374665102 0.148s
2025-05-19 18:50:50.375 69735 INFO tempest.lib.common.dynamic_creds [-] Deleting project and security group for project: bfdb177e56264548a7074a4059d2bd35
2025-05-19 18:50:50.388 69747 INFO tempest.lib.common.rest_client [req-6b96e5ad-0854-4a84-b9d7-67233c4afcb6 req-6b96e5ad-0854-4a84-b9d7-67233c4afcb6 ] Request (SecurityGroupsTestJSON:tearDownClass): 204 DELETE http://10.180.1.21:9696/networking/v2.0/routers/44f9ecc4-729d-4fc3-9aae-f2c856d0151a 0.622s
2025-05-19 18:50:50.403 69797 INFO tempest.lib.common.rest_client [req-f92e140e-f7f2-4bd4-8195-3e153f9087e7 req-f92e140e-f7f2-4bd4-8195-3e153f9087e7 ] Request (AttachInterfacesTestJSON:tearDownClass): 204 DELETE http://10.180.1.21:9696/networking/v2.0/routers/9f94a549-4632-4a36-8c52-9a498e140274 0.626s
2025-05-19 18:50:50.445 69735 INFO tempest.lib.common.rest_client [req-b8cb19a1-4776-4c36-a919-8ca5a48a433f req-b8cb19a1-4776-4c36-a919-8ca5a48a433f ] Request (ServerDiskConfigTestJSON:tearDownClass): 200 GET http://10.180.1.21:9696/networking/v2.0/security-groups?tenant_id=bfdb177e56264548a7074a4059d2bd35&name=default 0.070s
2025-05-19 18:50:50.604 69767 INFO tempest.lib.common.rest_client [req-314ee547-5143-45f6-83b7-c5439ae5ef35 req-314ee547-5143-45f6-83b7-c5439ae5ef35 ] Request (TestVersions:tearDownClass): 204 DELETE http://10.180.1.21:9696/networking/v2.0/security-groups/1f858437-8aa9-4ddc-9650-a31cf5f34ac0 0.409s
2025-05-19 18:50:50.667 69735 INFO tempest.lib.common.rest_client [req-a2273e80-5f92-475c-941d-45fec7b9fb9e req-a2273e80-5f92-475c-941d-45fec7b9fb9e ] Request (ServerDiskConfigTestJSON:tearDownClass): 204 DELETE http://10.180.1.21:9696/networking/v2.0/security-groups/06422cb9-4288-4e9a-bb23-d785b5812390 0.222s
2025-05-19 18:50:50.670 69797 INFO tempest.lib.common.rest_client [req-abe68acb-251a-40ca-8bd7-b76b5edffd0d req-abe68acb-251a-40ca-8bd7-b76b5edffd0d ] Request (AttachInterfacesTestJSON:tearDownClass): 204 DELETE http://10.180.1.21:9696/networking/v2.0/subnets/881524b3-bff5-4d4a-b67f-c16464acb7a2 0.267s
2025-05-19 18:50:50.672 69747 INFO tempest.lib.common.rest_client [req-5f846bc1-c757-4713-821c-3af52e56d3b7 req-5f846bc1-c757-4713-821c-3af52e56d3b7 ] Request (SecurityGroupsTestJSON:tearDownClass): 204 DELETE http://10.180.1.21:9696/networking/v2.0/subnets/2f0a576d-6bbc-4d20-90f9-1b4f97b3e300 0.284s
2025-05-19 18:50:50.683 69795 INFO tempest.lib.common.rest_client [req-a2777905-b407-47e6-b3be-4cb7e15e858f req-a2777905-b407-47e6-b3be-4cb7e15e858f ] Request (AttachVolumeTestJSON:tearDownClass): 204 DELETE http://10.180.1.21:9696/networking/v2.0/subnets/0ab86d72-6433-4020-bb56-4a4d18e3a099 0.307s
2025-05-19 18:50:50.721 69767 INFO tempest.lib.common.rest_client [req-21726c6e-037c-4b7b-b35b-971986675e88 req-21726c6e-037c-4b7b-b35b-971986675e88 ] Request (TestVersions:tearDownClass): 204 DELETE http://10.180.1.21/identity/v3/projects/ea1f5102b988436c84bfb648a992e781 0.117s
2025-05-19 18:50:50.770 69735 INFO tempest.lib.common.rest_client [req-91d430e8-87cd-4ddc-8063-cb1c0da95ecc req-91d430e8-87cd-4ddc-8063-cb1c0da95ecc ] Request (ServerDiskConfigTestJSON:tearDownClass): 204 DELETE http://10.180.1.21/identity/v3/projects/bfdb177e56264548a7074a4059d2bd35 0.103s
2025-05-19 18:50:50.838 69735 INFO tempest.lib.common.rest_client [req-43237317-9230-45e1-a6de-9e08d52f6efa req-43237317-9230-45e1-a6de-9e08d52f6efa ] Request (AttachVolumeShelveTestJSON:setUpClass): 201 POST http://10.180.1.21/identity/v3/auth/tokens 0.066s
2025-05-19 18:50:50.845 69797 INFO tempest.lib.common.rest_client [req-14077447-7faa-4533-8e0f-c563f971a79a req-14077447-7faa-4533-8e0f-c563f971a79a ] Request (AttachInterfacesTestJSON:tearDownClass): 204 DELETE http://10.180.1.21:9696/networking/v2.0/networks/21acdca8-cdc9-494b-8791-ca4cd9ea73f1 0.175s
2025-05-19 18:50:50.849 69747 INFO tempest.lib.common.rest_client [req-25a36566-6d19-48f8-8de7-181ccbf1581b req-25a36566-6d19-48f8-8de7-181ccbf1581b ] Request (SecurityGroupsTestJSON:tearDownClass): 204 DELETE http://10.180.1.21:9696/networking/v2.0/networks/29b4204e-c517-4004-a520-b10d65b38f8b 0.177s
2025-05-19 18:50:50.860 69795 INFO tempest.lib.common.rest_client [req-a7aabbba-3c5d-4ae7-8484-1d3464c54638 req-a7aabbba-3c5d-4ae7-8484-1d3464c54638 ] Request (AttachVolumeTestJSON:tearDownClass): 204 DELETE http://10.180.1.21:9696/networking/v2.0/networks/8c36eec4-6510-4ac8-94d8-f0899c5f08ac 0.177s
2025-05-19 18:50:50.875 69735 INFO tempest.lib.common.rest_client [req-e9bd26f6-2992-456e-ae05-3567b42b2160 req-e9bd26f6-2992-456e-ae05-3567b42b2160 ] Request (AttachVolumeShelveTestJSON:setUpClass): 201 POST http://10.180.1.21/identity/v3/auth/tokens 0.033s
2025-05-19 18:50:50.907 69797 INFO tempest.lib.common.rest_client [req-9ae2a2ac-36dd-4503-bf51-e13e8fa25406 req-9ae2a2ac-36dd-4503-bf51-e13e8fa25406 ] Request (AttachInterfacesTestJSON:tearDownClass): 204 DELETE http://10.180.1.21/identity/v3/users/b8996aa5dda74fb59b5ec9fdd59a6a42 0.061s
2025-05-19 18:50:50.907 69797 INFO tempest.lib.common.dynamic_creds [-] Deleting project and security group for project: faa36f2d0c004262ad37cabe72ada3e4
2025-05-19 18:50:50.932 69797 INFO tempest.lib.common.rest_client [req-b06c8ffa-17a1-4a21-94b2-268ecf4c1575 req-b06c8ffa-17a1-4a21-94b2-268ecf4c1575 ] Request (AttachInterfacesTestJSON:tearDownClass): 200 GET http://10.180.1.21:9696/networking/v2.0/security-groups?tenant_id=faa36f2d0c004262ad37cabe72ada3e4&name=default 0.024s
2025-05-19 18:50:50.961 69747 INFO tempest.lib.common.rest_client [req-ef58ac33-ea20-44f5-98e9-860cea96407e req-ef58ac33-ea20-44f5-98e9-860cea96407e ] Request (SecurityGroupsTestJSON:tearDownClass): 204 DELETE http://10.180.1.21/identity/v3/users/955c4fed2a6c431fb05736917c29d343 0.111s
2025-05-19 18:50:50.962 69747 INFO tempest.lib.common.dynamic_creds [-] Deleting project and security group for project: 7c6536510a7a41d69d25b12db26553d0
2025-05-19 18:50:51.003 69747 INFO tempest.lib.common.rest_client [req-53501a22-0136-4261-8120-d866083bb143 req-53501a22-0136-4261-8120-d866083bb143 ] Request (SecurityGroupsTestJSON:tearDownClass): 200 GET http://10.180.1.21:9696/networking/v2.0/security-groups?tenant_id=7c6536510a7a41d69d25b12db26553d0&name=default 0.041s
2025-05-19 18:50:51.008 69797 INFO tempest.lib.common.rest_client [req-eae8ad61-0404-49d9-bc6b-5cf812d80f62 req-eae8ad61-0404-49d9-bc6b-5cf812d80f62 ] Request (AttachInterfacesTestJSON:tearDownClass): 204 DELETE http://10.180.1.21:9696/networking/v2.0/security-groups/8b85be55-37e8-4f19-acfa-f7140c8b6b17 0.075s
2025-05-19 18:50:51.030 69795 INFO tempest.lib.common.rest_client [req-628a75ca-1e3f-4448-8957-2928aa435c07 req-628a75ca-1e3f-4448-8957-2928aa435c07 ] Request (AttachVolumeTestJSON:tearDownClass): 204 DELETE http://10.180.1.21/identity/v3/users/ca4bbabee38c47a5b71435a71ce6ea13 0.170s
2025-05-19 18:50:51.031 69795 INFO tempest.lib.common.dynamic_creds [-] Deleting project and security group for project: e5fc9734dd7d47b3949240fb42b97424
2025-05-19 18:50:51.051 69735 INFO tempest.lib.common.rest_client [req-03014e51-f5f6-42fd-b3f7-4e1eedb26a05 req-03014e51-f5f6-42fd-b3f7-4e1eedb26a05 ] Request (AttachVolumeShelveTestJSON:setUpClass): 200 GET http://10.180.1.21/identity/v3/domains?name=Default 0.176s
2025-05-19 18:50:51.065 69795 INFO tempest.lib.common.rest_client [req-ac9ab1a1-cfc5-49f6-ae19-8d446a2adaa3 req-ac9ab1a1-cfc5-49f6-ae19-8d446a2adaa3 ] Request (AttachVolumeTestJSON:tearDownClass): 200 GET http://10.180.1.21:9696/networking/v2.0/security-groups?tenant_id=e5fc9734dd7d47b3949240fb42b97424&name=default 0.034s
2025-05-19 18:50:51.079 69747 INFO tempest.lib.common.rest_client [req-d2c1d975-cb45-4ad7-ae8d-b399dc5a251c req-d2c1d975-cb45-4ad7-ae8d-b399dc5a251c ] Request (SecurityGroupsTestJSON:tearDownClass): 204 DELETE http://10.180.1.21:9696/networking/v2.0/security-groups/342c1772-dd98-49ef-9518-7a413099300b 0.075s
2025-05-19 18:50:51.089 69735 INFO tempest.lib.common.rest_client [req-a663f562-bfda-46cf-9c05-0ce66cffb6c6 req-a663f562-bfda-46cf-9c05-0ce66cffb6c6 ] Request (AttachVolumeShelveTestJSON:setUpClass): 201 POST http://10.180.1.21/identity/v3/projects 0.037s
2025-05-19 18:50:51.112 69797 INFO tempest.lib.common.rest_client [req-4eac6aca-4b5c-4911-9396-21b58a2c2a97 req-4eac6aca-4b5c-4911-9396-21b58a2c2a97 ] Request (AttachInterfacesTestJSON:tearDownClass): 204 DELETE http://10.180.1.21/identity/v3/projects/faa36f2d0c004262ad37cabe72ada3e4 0.104s
2025-05-19 18:50:51.127 69755 INFO tempest.lib.common.rest_client [req-e3c22cbb-525a-4e9d-b450-917c1cd3ba91 req-e3c22cbb-525a-4e9d-b450-917c1cd3ba91 ] Request (ServerAddressesTestJSON:tearDownClass): 200 PUT http://10.180.1.21:9696/networking/v2.0/routers/0ea6aec9-294d-43f8-be18-5820134fc482/remove_router_interface 1.233s
2025-05-19 18:50:51.167 69795 INFO tempest.lib.common.rest_client [req-efb18207-0530-402a-949a-73929c8c0b30 req-efb18207-0530-402a-949a-73929c8c0b30 ] Request (AttachVolumeTestJSON:tearDownClass): 204 DELETE http://10.180.1.21:9696/networking/v2.0/security-groups/f5edfd9b-db1e-48ad-9668-7fddcbedd32a 0.101s
2025-05-19 18:50:51.187 69735 INFO tempest.lib.common.rest_client [req-9caa9f18-8e7b-4392-9e00-90ffc738965e req-9caa9f18-8e7b-4392-9e00-90ffc738965e ] Request (AttachVolumeShelveTestJSON:setUpClass): 201 POST http://10.180.1.21/identity/v3/users 0.097s
2025-05-19 18:50:51.221 69747 INFO tempest.lib.common.rest_client [req-4b84691b-085d-4d4f-aaba-341d0bdb455b req-4b84691b-085d-4d4f-aaba-341d0bdb455b ] Request (SecurityGroupsTestJSON:tearDownClass): 204 DELETE http://10.180.1.21/identity/v3/projects/7c6536510a7a41d69d25b12db26553d0 0.142s
2025-05-19 18:50:51.290 69795 INFO tempest.lib.common.rest_client [req-bd2d7cff-d565-40d4-bea1-0783e38e2cdc req-bd2d7cff-d565-40d4-bea1-0783e38e2cdc ] Request (AttachVolumeTestJSON:tearDownClass): 204 DELETE http://10.180.1.21/identity/v3/projects/e5fc9734dd7d47b3949240fb42b97424 0.122s
2025-05-19 18:50:51.312 69747 INFO tempest.lib.common.rest_client [req-4c3c60cc-6526-4acf-9c2d-734d83383b82 req-4c3c60cc-6526-4acf-9c2d-734d83383b82 ] Request (ServerAddressesNegativeTestJSON:setUpClass): 201 POST http://10.180.1.21/identity/v3/auth/tokens 0.088s
2025-05-19 18:50:51.319 69735 INFO tempest.lib.common.rest_client [req-c9012420-f22f-47c9-91ff-a763890772af req-c9012420-f22f-47c9-91ff-a763890772af ] Request (AttachVolumeShelveTestJSON:setUpClass): 200 GET http://10.180.1.21/identity/v3/roles 0.131s
2025-05-19 18:50:51.343 69747 INFO tempest.lib.common.rest_client [req-2a4d979b-c27f-49fe-9874-4dd757321af2 req-2a4d979b-c27f-49fe-9874-4dd757321af2 ] Request (ServerAddressesNegativeTestJSON:setUpClass): 201 POST http://10.180.1.21/identity/v3/auth/tokens 0.028s
2025-05-19 18:50:51.348 69735 INFO tempest.lib.common.rest_client [req-6edc27c6-45a4-4dc3-9717-e3cb02786792 req-6edc27c6-45a4-4dc3-9717-e3cb02786792 ] Request (AttachVolumeShelveTestJSON:setUpClass): 204 PUT http://10.180.1.21/identity/v3/projects/8c0f3d7a314c4b41af00c70712f30b33/users/45c339bac22b49b9ad9f906408c5e0e8/roles/eea3e0f4155e44c9bcbed79a08e1b091 0.028s
2025-05-19 18:50:51.349 69735 INFO tempest.lib.common.dynamic_creds [-] Dynamic test user 45c339bac22b49b9ad9f906408c5e0e8 is created with scope project and roles: ['member']
2025-05-19 18:50:51.349 69735 INFO tempest.lib.common.dynamic_creds [-] Acquired dynamic creds: credentials: Credentials: {'domain_id': 'default', 'domain_name': 'Default', 'username': 'tempest-AttachVolumeShelveTestJSON-463491427-project-member', 'project_domain_id': 'default', 'project_domain_name': 'Default', 'project_id': '8c0f3d7a314c4b41af00c70712f30b33', 'project_name': 'tempest-AttachVolumeShelveTestJSON-463491427', 'tenant_id': '8c0f3d7a314c4b41af00c70712f30b33', 'tenant_name': 'tempest-AttachVolumeShelveTestJSON-463491427', 'user_domain_id': 'default', 'user_domain_name': 'Default', 'user_id': '45c339bac22b49b9ad9f906408c5e0e8', 'system': None}, Network: None, Subnet: None, Router: None
2025-05-19 18:50:51.399 69747 INFO tempest.lib.common.rest_client [req-9f2eff63-e5d0-405f-82e5-32c242eb534b req-9f2eff63-e5d0-405f-82e5-32c242eb534b ] Request (ServerAddressesNegativeTestJSON:setUpClass): 200 GET http://10.180.1.21/identity/v3/domains?name=Default 0.055s
2025-05-19 18:50:51.405 69735 INFO tempest.lib.common.rest_client [req-2bb4552f-c5d8-426d-86e2-74f73a98522f req-2bb4552f-c5d8-426d-86e2-74f73a98522f ] Request (AttachVolumeShelveTestJSON:setUpClass): 201 POST http://10.180.1.21/identity/v3/auth/tokens 0.055s
2025-05-19 18:50:51.430 69747 INFO tempest.lib.common.rest_client [req-a54116b5-3839-4a41-af59-2327a00d9969 req-a54116b5-3839-4a41-af59-2327a00d9969 ] Request (ServerAddressesNegativeTestJSON:setUpClass): 201 POST http://10.180.1.21/identity/v3/projects 0.030s
2025-05-19 18:50:51.493 69747 INFO tempest.lib.common.rest_client [req-8102f019-8379-43bd-a471-5a2c10e46745 req-8102f019-8379-43bd-a471-5a2c10e46745 ] Request (ServerAddressesNegativeTestJSON:setUpClass): 201 POST http://10.180.1.21/identity/v3/users 0.062s
2025-05-19 18:50:51.495 69755 INFO tempest.lib.common.rest_client [req-55e7024a-7934-4f64-aa79-88936570ebda req-55e7024a-7934-4f64-aa79-88936570ebda ] Request (ServerAddressesTestJSON:tearDownClass): 204 DELETE http://10.180.1.21:9696/networking/v2.0/routers/0ea6aec9-294d-43f8-be18-5820134fc482 0.367s
2025-05-19 18:50:51.513 69747 INFO tempest.lib.common.rest_client [req-5646438a-651b-4e07-b808-7a3e5acc37cb req-5646438a-651b-4e07-b808-7a3e5acc37cb ] Request (ServerAddressesNegativeTestJSON:setUpClass): 200 GET http://10.180.1.21/identity/v3/roles 0.019s
2025-05-19 18:50:51.538 69747 INFO tempest.lib.common.rest_client [req-3b3948df-d634-42c3-8db0-887039f892e8 req-3b3948df-d634-42c3-8db0-887039f892e8 ] Request (ServerAddressesNegativeTestJSON:setUpClass): 204 PUT http://10.180.1.21/identity/v3/projects/8fec24274245424887ca73b3d1b26a42/users/4acc4d37cf834bd89b7de6038da54dfc/roles/eea3e0f4155e44c9bcbed79a08e1b091 0.025s
2025-05-19 18:50:51.538 69747 INFO tempest.lib.common.dynamic_creds [-] Dynamic test user 4acc4d37cf834bd89b7de6038da54dfc is created with scope project and roles: ['member']
2025-05-19 18:50:51.539 69747 INFO tempest.lib.common.dynamic_creds [-] Acquired dynamic creds: credentials: Credentials: {'domain_id': 'default', 'domain_name': 'Default', 'username': 'tempest-ServerAddressesNegativeTestJSON-68670014-project-member', 'project_domain_id': 'default', 'project_domain_name': 'Default', 'project_id': '8fec24274245424887ca73b3d1b26a42', 'project_name': 'tempest-ServerAddressesNegativeTestJSON-68670014', 'tenant_id': '8fec24274245424887ca73b3d1b26a42', 'tenant_name': 'tempest-ServerAddressesNegativeTestJSON-68670014', 'user_domain_id': 'default', 'user_domain_name': 'Default', 'user_id': '4acc4d37cf834bd89b7de6038da54dfc', 'system': None}, Network: None, Subnet: None, Router: None
2025-05-19 18:50:51.591 69747 INFO tempest.lib.common.rest_client [req-0fe850ca-a781-4a70-a015-9a512a7f2d1a req-0fe850ca-a781-4a70-a015-9a512a7f2d1a ] Request (ServerAddressesNegativeTestJSON:setUpClass): 201 POST http://10.180.1.21/identity/v3/auth/tokens 0.052s
2025-05-19 18:50:51.636 69755 INFO tempest.lib.common.rest_client [req-cdf7fb4d-7cfa-4d56-9e04-5c355cffef84 req-cdf7fb4d-7cfa-4d56-9e04-5c355cffef84 ] Request (ServerAddressesTestJSON:tearDownClass): 204 DELETE http://10.180.1.21:9696/networking/v2.0/subnets/4c04a72e-6f51-4f4e-b7a0-9d0bb82141a7 0.141s
2025-05-19 18:50:51.720 69735 INFO tempest.lib.common.rest_client [req-91fdb9d4-38b5-441c-9428-110549398e22 req-91fdb9d4-38b5-441c-9428-110549398e22 ] Request (AttachVolumeShelveTestJSON:setUpClass): 201 POST http://10.180.1.21:9696/networking/v2.0/networks 0.315s
2025-05-19 18:50:51.843 69755 INFO tempest.lib.common.rest_client [req-9cdbfdd0-3ddd-420b-bc96-27f73b8936a7 req-9cdbfdd0-3ddd-420b-bc96-27f73b8936a7 ] Request (ServerAddressesTestJSON:tearDownClass): 204 DELETE http://10.180.1.21:9696/networking/v2.0/networks/6bdc56a5-75a4-4376-aca4-d67f94319267 0.206s
2025-05-19 18:50:51.914 69747 INFO tempest.lib.common.rest_client [req-d2354d33-e73e-4657-8838-7d4d474f6c64 req-d2354d33-e73e-4657-8838-7d4d474f6c64 ] Request (ServerAddressesNegativeTestJSON:setUpClass): 201 POST http://10.180.1.21:9696/networking/v2.0/networks 0.322s
2025-05-19 18:50:51.919 69735 INFO tempest.lib.common.rest_client [req-c34c9f8c-482a-4299-8687-4cccdad321e6 req-c34c9f8c-482a-4299-8687-4cccdad321e6 ] Request (AttachVolumeShelveTestJSON:setUpClass): 201 POST http://10.180.1.21:9696/networking/v2.0/subnets 0.198s
2025-05-19 18:50:51.924 69755 INFO tempest.lib.common.rest_client [req-496d1bcb-aeff-447a-8176-11a25b600d15 req-496d1bcb-aeff-447a-8176-11a25b600d15 ] Request (ServerAddressesTestJSON:tearDownClass): 204 DELETE http://10.180.1.21/identity/v3/users/d44d6600ef12423b9ab5b53dc932bdf1 0.081s
2025-05-19 18:50:51.925 69755 INFO tempest.lib.common.dynamic_creds [-] Deleting project and security group for project: 19be5b5b16cf4a87a74406a48d1a7a1f
2025-05-19 18:50:51.979 69755 INFO tempest.lib.common.rest_client [req-6f832523-0c32-4832-b8e3-cf03a4c6231e req-6f832523-0c32-4832-b8e3-cf03a4c6231e ] Request (ServerAddressesTestJSON:tearDownClass): 200 GET http://10.180.1.21:9696/networking/v2.0/security-groups?tenant_id=19be5b5b16cf4a87a74406a48d1a7a1f&name=default 0.054s
2025-05-19 18:50:52.129 69755 INFO tempest.lib.common.rest_client [req-b5fb658f-0ebb-4c4a-9a45-cb3bf048465d req-b5fb658f-0ebb-4c4a-9a45-cb3bf048465d ] Request (ServerAddressesTestJSON:tearDownClass): 204 DELETE http://10.180.1.21:9696/networking/v2.0/security-groups/32be3f7f-5d60-459d-be27-f0959d9e1178 0.149s
2025-05-19 18:50:52.180 69747 INFO tempest.lib.common.rest_client [req-19195b73-a3a2-4bde-bb1a-1a4ffd7bc393 req-19195b73-a3a2-4bde-bb1a-1a4ffd7bc393 ] Request (ServerAddressesNegativeTestJSON:setUpClass): 201 POST http://10.180.1.21:9696/networking/v2.0/subnets 0.266s
2025-05-19 18:50:52.232 69755 INFO tempest.lib.common.rest_client [req-4cc890b0-ffe2-48c3-a7f3-5c0c32b7cca5 req-4cc890b0-ffe2-48c3-a7f3-5c0c32b7cca5 ] Request (ServerAddressesTestJSON:tearDownClass): 204 DELETE http://10.180.1.21/identity/v3/projects/19be5b5b16cf4a87a74406a48d1a7a1f 0.103s
2025-05-19 18:50:52.730 69735 INFO tempest.lib.common.rest_client [req-b448890b-ad26-4f61-9ae2-db63ad7a8277 req-b448890b-ad26-4f61-9ae2-db63ad7a8277 ] Request (AttachVolumeShelveTestJSON:setUpClass): 201 POST http://10.180.1.21:9696/networking/v2.0/routers 0.811s
2025-05-19 18:50:52.836 69747 INFO tempest.lib.common.rest_client [req-9cee968f-e613-4766-8c82-c0c79b4c0241 req-9cee968f-e613-4766-8c82-c0c79b4c0241 ] Request (ServerAddressesNegativeTestJSON:setUpClass): 201 POST http://10.180.1.21:9696/networking/v2.0/routers 0.655s
2025-05-19 18:50:53.538 69735 INFO tempest.lib.common.rest_client [req-89ad04de-bf86-412c-b7c2-4dc3f538bef0 req-89ad04de-bf86-412c-b7c2-4dc3f538bef0 ] Request (AttachVolumeShelveTestJSON:setUpClass): 200 PUT http://10.180.1.21:9696/networking/v2.0/routers/6751e25f-386b-4bd4-85e7-5217362cc9b1/add_router_interface 0.808s
2025-05-19 18:50:53.539 69735 INFO tempest.lib.common.dynamic_creds [-] Created isolated network resources for: credentials: Credentials: {'domain_id': 'default', 'domain_name': 'Default', 'username': 'tempest-AttachVolumeShelveTestJSON-463491427-project-member', 'project_domain_id': 'default', 'project_domain_name': 'Default', 'project_id': '8c0f3d7a314c4b41af00c70712f30b33', 'project_name': 'tempest-AttachVolumeShelveTestJSON-463491427', 'tenant_id': '8c0f3d7a314c4b41af00c70712f30b33', 'tenant_name': 'tempest-AttachVolumeShelveTestJSON-463491427', 'user_domain_id': 'default', 'user_domain_name': 'Default', 'user_id': '45c339bac22b49b9ad9f906408c5e0e8', 'system': None}, Network: {'id': '1a967d26-d2c7-483d-8df2-90e2a50b81f2', 'name': 'tempest-AttachVolumeShelveTestJSON-1303065339-network', 'tenant_id': '8c0f3d7a314c4b41af00c70712f30b33', 'admin_state_up': True, 'mtu': 8950, 'status': 'ACTIVE', 'subnets': [], 'shared': False, 'project_id': '8c0f3d7a314c4b41af00c70712f30b33', 'port_security_enabled': True, 'router:external': False, 'provider:network_type': 'vlan', 'provider:physical_network': 'default', 'provider:segmentation_id': 112, 'availability_zone_hints': [], 'availability_zones': [], 'ipv4_address_scope': None, 'ipv6_address_scope': None, 'description': '', 'tags': [], 'created_at': '2025-05-19T18:50:51Z', 'updated_at': '2025-05-19T18:50:51Z', 'revision_number': 1}, Subnet: {'id': '97dec8d0-de74-4c2e-ab5c-825206bb471a', 'name': 'tempest-AttachVolumeShelveTestJSON-1303065339-subnet', 'tenant_id': '8c0f3d7a314c4b41af00c70712f30b33', 'network_id': '1a967d26-d2c7-483d-8df2-90e2a50b81f2', 'ip_version': 4, 'subnetpool_id': None, 'enable_dhcp': True, 'ipv6_ra_mode': None, 'ipv6_address_mode': None, 'gateway_ip': '192.168.128.1', 'cidr': '192.168.128.0/28', 'allocation_pools': [{'start': '192.168.128.2', 'end': '192.168.128.14'}], 'host_routes': [], 'dns_nameservers': [], 'description': '', 'router:external': False, 'service_types': [], 'tags': [], 'created_at': '2025-05-19T18:50:51Z', 'updated_at': '2025-05-19T18:50:51Z', 'revision_number': 0, 'project_id': '8c0f3d7a314c4b41af00c70712f30b33'}, Router: {'id': '6751e25f-386b-4bd4-85e7-5217362cc9b1', 'name': 'tempest-AttachVolumeShelveTestJSON-1303065339-router', 'tenant_id': '8c0f3d7a314c4b41af00c70712f30b33', 'admin_state_up': True, 'status': 'ACTIVE', 'external_gateway_info': {'network_id': '109fead2-2e0b-46e4-84d5-5dcdcf5b282e', 'external_fixed_ips': [{'subnet_id': '66c1fd33-1eb8-4378-93ce-eae7bc5d3a09', 'ip_address': '10.180.180.216'}], 'enable_snat': True}, 'description': '', 'availability_zones': [], 'distributed': False, 'ha': False, 'availability_zone_hints': [], 'routes': [], 'flavor_id': None, 'tags': [], 'created_at': '2025-05-19T18:50:51Z', 'updated_at': '2025-05-19T18:50:52Z', 'revision_number': 2, 'project_id': '8c0f3d7a314c4b41af00c70712f30b33'}
2025-05-19 18:50:53.589 69747 INFO tempest.lib.common.rest_client [req-7e9169f3-549a-498c-a338-7b7355a811b7 req-7e9169f3-549a-498c-a338-7b7355a811b7 ] Request (ServerAddressesNegativeTestJSON:setUpClass): 200 PUT http://10.180.1.21:9696/networking/v2.0/routers/614ccc52-f249-4ab4-a5cc-924b2b693c87/add_router_interface 0.753s
2025-05-19 18:50:53.590 69747 INFO tempest.lib.common.dynamic_creds [-] Created isolated network resources for: credentials: Credentials: {'domain_id': 'default', 'domain_name': 'Default', 'username': 'tempest-ServerAddressesNegativeTestJSON-68670014-project-member', 'project_domain_id': 'default', 'project_domain_name': 'Default', 'project_id': '8fec24274245424887ca73b3d1b26a42', 'project_name': 'tempest-ServerAddressesNegativeTestJSON-68670014', 'tenant_id': '8fec24274245424887ca73b3d1b26a42', 'tenant_name': 'tempest-ServerAddressesNegativeTestJSON-68670014', 'user_domain_id': 'default', 'user_domain_name': 'Default', 'user_id': '4acc4d37cf834bd89b7de6038da54dfc', 'system': None}, Network: {'id': '7eae02b5-a2ae-416a-8f4f-b94cffd9f915', 'name': 'tempest-ServerAddressesNegativeTestJSON-844923645-network', 'tenant_id': '8fec24274245424887ca73b3d1b26a42', 'admin_state_up': True, 'mtu': 8950, 'status': 'ACTIVE', 'subnets': [], 'shared': False, 'project_id': '8fec24274245424887ca73b3d1b26a42', 'port_security_enabled': True, 'router:external': False, 'provider:network_type': 'vlan', 'provider:physical_network': 'default', 'provider:segmentation_id': 106, 'availability_zone_hints': [], 'availability_zones': [], 'ipv4_address_scope': None, 'ipv6_address_scope': None, 'description': '', 'tags': [], 'created_at': '2025-05-19T18:50:51Z', 'updated_at': '2025-05-19T18:50:51Z', 'revision_number': 1}, Subnet: {'id': 'd01e192a-0b27-46f7-9c68-4769dba94a86', 'name': 'tempest-ServerAddressesNegativeTestJSON-844923645-subnet', 'tenant_id': '8fec24274245424887ca73b3d1b26a42', 'network_id': '7eae02b5-a2ae-416a-8f4f-b94cffd9f915', 'ip_version': 4, 'subnetpool_id': None, 'enable_dhcp': True, 'ipv6_ra_mode': None, 'ipv6_address_mode': None, 'gateway_ip': '192.168.128.1', 'cidr': '192.168.128.0/28', 'allocation_pools': [{'start': '192.168.128.2', 'end': '192.168.128.14'}], 'host_routes': [], 'dns_nameservers': [], 'description': '', 'router:external': False, 'service_types': [], 'tags': [], 'created_at': '2025-05-19T18:50:52Z', 'updated_at': '2025-05-19T18:50:52Z', 'revision_number': 0, 'project_id': '8fec24274245424887ca73b3d1b26a42'}, Router: {'id': '614ccc52-f249-4ab4-a5cc-924b2b693c87', 'name': 'tempest-ServerAddressesNegativeTestJSON-844923645-router', 'tenant_id': '8fec24274245424887ca73b3d1b26a42', 'admin_state_up': True, 'status': 'ACTIVE', 'external_gateway_info': {'network_id': '109fead2-2e0b-46e4-84d5-5dcdcf5b282e', 'external_fixed_ips': [{'subnet_id': '66c1fd33-1eb8-4378-93ce-eae7bc5d3a09', 'ip_address': '10.180.180.203'}], 'enable_snat': True}, 'description': '', 'availability_zones': [], 'distributed': False, 'ha': False, 'availability_zone_hints': [], 'routes': [], 'flavor_id': None, 'tags': [], 'created_at': '2025-05-19T18:50:52Z', 'updated_at': '2025-05-19T18:50:52Z', 'revision_number': 2, 'project_id': '8fec24274245424887ca73b3d1b26a42'}
2025-05-19 18:50:53.616 69735 INFO tempest.lib.common.rest_client [req-6e33eb1e-f9b2-4d02-a4ff-4dda7662c552 req-6e33eb1e-f9b2-4d02-a4ff-4dda7662c552 ] Request (AttachVolumeShelveTestJSON:setUpClass): 201 POST http://10.180.1.21/identity/v3/auth/tokens 0.073s
2025-05-19 18:50:53.652 69747 INFO tempest.lib.common.rest_client [req-aa7067e7-4762-4d1d-951b-331dbca6d77a req-aa7067e7-4762-4d1d-951b-331dbca6d77a ] Request (ServerAddressesNegativeTestJSON:setUpClass): 201 POST http://10.180.1.21/identity/v3/auth/tokens 0.058s
2025-05-19 18:50:53.677 69747 INFO tempest.lib.common.rest_client [req-bdcc359b-fdba-4c93-90ed-6586f7b9362d req-bdcc359b-fdba-4c93-90ed-6586f7b9362d ] Request (ServerAddressesNegativeTestJSON:setUpClass): 201 POST http://10.180.1.21/identity/v3/auth/tokens 0.022s
2025-05-19 18:50:53.678 69747 INFO tempest.lib.common.fixed_network [-] (ServerAddressesNegativeTestJSON:setUpClass) Found network {'id': '7eae02b5-a2ae-416a-8f4f-b94cffd9f915', 'name': 'tempest-ServerAddressesNegativeTestJSON-844923645-network', 'tenant_id': '8fec24274245424887ca73b3d1b26a42', 'admin_state_up': True, 'mtu': 8950, 'status': 'ACTIVE', 'subnets': [], 'shared': False, 'project_id': '8fec24274245424887ca73b3d1b26a42', 'port_security_enabled': True, 'router:external': False, 'provider:network_type': 'vlan', 'provider:physical_network': 'default', 'provider:segmentation_id': 106, 'availability_zone_hints': [], 'availability_zones': [], 'ipv4_address_scope': None, 'ipv6_address_scope': None, 'description': '', 'tags': [], 'created_at': '2025-05-19T18:50:51Z', 'updated_at': '2025-05-19T18:50:51Z', 'revision_number': 1} available for tenant
2025-05-19 18:50:53.708 69735 INFO tempest.lib.common.rest_client [req-57d70056-32ae-4e78-84bc-45b7f8822231 req-57d70056-32ae-4e78-84bc-45b7f8822231 ] Request (ValidationResourcesFixture:setUp): 201 POST http://10.180.1.21/compute/v2.1/os-keypairs 0.089s
2025-05-19 18:50:53.849 69735 INFO tempest.lib.common.rest_client [req-b33a0a47-ebca-4883-a7b1-0769e44d9e5f req-b33a0a47-ebca-4883-a7b1-0769e44d9e5f ] Request (ValidationResourcesFixture:setUp): 201 POST http://10.180.1.21:9696/networking/v2.0/security-groups 0.139s
2025-05-19 18:50:53.946 69735 INFO tempest.lib.common.rest_client [req-c11d0f3d-e990-44e1-9ebf-322d8acc85c6 req-c11d0f3d-e990-44e1-9ebf-322d8acc85c6 ] Request (ValidationResourcesFixture:setUp): 201 POST http://10.180.1.21:9696/networking/v2.0/security-group-rules 0.096s
2025-05-19 18:50:54.036 69735 INFO tempest.lib.common.rest_client [req-2988d9de-87b7-4cd4-b924-2d104c5bba1f req-2988d9de-87b7-4cd4-b924-2d104c5bba1f ] Request (ValidationResourcesFixture:setUp): 201 POST http://10.180.1.21:9696/networking/v2.0/security-group-rules 0.089s
2025-05-19 18:50:54.050 69747 INFO tempest.lib.common.rest_client [req-d72401db-cb2e-4ca9-83fc-43b29139fc90 req-d72401db-cb2e-4ca9-83fc-43b29139fc90 ] Request (ServerAddressesNegativeTestJSON:setUpClass): 202 POST http://10.180.1.21/compute/v2.1/servers 0.371s
2025-05-19 18:50:54.103 69747 INFO tempest.lib.common.rest_client [req-d194a32b-23d5-432d-b9d6-efef0eddf14a req-d194a32b-23d5-432d-b9d6-efef0eddf14a ] Request (ServerAddressesNegativeTestJSON:setUpClass): 200 GET http://10.180.1.21/compute/v2.1/servers/1da4984c-d23f-4cf7-8974-20e9593245d4 0.051s
2025-05-19 18:50:54.443 69735 INFO tempest.lib.common.rest_client [req-aeda4d89-9054-4328-a59c-2ccd1bdb18d4 req-aeda4d89-9054-4328-a59c-2ccd1bdb18d4 ] Request (ValidationResourcesFixture:setUp): 201 POST http://10.180.1.21:9696/networking/v2.0/floatingips 0.406s
2025-05-19 18:50:54.487 69735 INFO tempest.lib.common.rest_client [req-04ccc71a-eb57-47c0-b7d5-3260f98e1d1b req-04ccc71a-eb57-47c0-b7d5-3260f98e1d1b ] Request (AttachVolumeShelveTestJSON:test_attach_volume_shelved_or_offload_server): 201 POST http://10.180.1.21/identity/v3/auth/tokens 0.040s
2025-05-19 18:50:54.487 69735 INFO tempest.lib.common.fixed_network [-] (AttachVolumeShelveTestJSON:test_attach_volume_shelved_or_offload_server) Found network {'id': '1a967d26-d2c7-483d-8df2-90e2a50b81f2', 'name': 'tempest-AttachVolumeShelveTestJSON-1303065339-network', 'tenant_id': '8c0f3d7a314c4b41af00c70712f30b33', 'admin_state_up': True, 'mtu': 8950, 'status': 'ACTIVE', 'subnets': [], 'shared': False, 'project_id': '8c0f3d7a314c4b41af00c70712f30b33', 'port_security_enabled': True, 'router:external': False, 'provider:network_type': 'vlan', 'provider:physical_network': 'default', 'provider:segmentation_id': 112, 'availability_zone_hints': [], 'availability_zones': [], 'ipv4_address_scope': None, 'ipv6_address_scope': None, 'description': '', 'tags': [], 'created_at': '2025-05-19T18:50:51Z', 'updated_at': '2025-05-19T18:50:51Z', 'revision_number': 1} available for tenant
2025-05-19 18:50:54.823 69735 INFO tempest.lib.common.rest_client [req-124c1e79-5c07-4496-b5df-1b2835228471 req-124c1e79-5c07-4496-b5df-1b2835228471 ] Request (AttachVolumeShelveTestJSON:test_attach_volume_shelved_or_offload_server): 202 POST http://10.180.1.21/compute/v2.1/servers 0.335s
2025-05-19 18:50:54.868 69735 INFO tempest.lib.common.rest_client [req-310d9231-5fe7-4fef-8f78-52a756110a52 req-310d9231-5fe7-4fef-8f78-52a756110a52 ] Request (AttachVolumeShelveTestJSON:test_attach_volume_shelved_or_offload_server): 200 GET http://10.180.1.21/compute/v2.1/servers/edec4e3e-970d-4983-931a-7f40353d0e85 0.044s
2025-05-19 18:50:55.172 69747 INFO tempest.lib.common.rest_client [req-a8fa06e8-5811-4231-9536-f4d4881e7717 req-a8fa06e8-5811-4231-9536-f4d4881e7717 ] Request (ServerAddressesNegativeTestJSON:setUpClass): 200 GET http://10.180.1.21/compute/v2.1/servers/1da4984c-d23f-4cf7-8974-20e9593245d4 0.061s
2025-05-19 18:50:55.181 69747 INFO tempest.common.waiters [-] State transition "BUILD/scheduling" ==> "ERROR/None" after 1 second wait
2025-05-19 18:50:55.371 69747 INFO tempest.lib.common.rest_client [req-7e8f3eaa-b31a-481c-853c-39ad34668efa req-7e8f3eaa-b31a-481c-853c-39ad34668efa ] Request (ServerAddressesNegativeTestJSON:setUpClass): 204 DELETE http://10.180.1.21/compute/v2.1/servers/1da4984c-d23f-4cf7-8974-20e9593245d4 0.190s
2025-05-19 18:50:55.401 69747 INFO tempest.lib.common.rest_client [req-dc48022a-156a-46d3-b0a9-51beaa864623 req-dc48022a-156a-46d3-b0a9-51beaa864623 ] Request (ServerAddressesNegativeTestJSON:setUpClass): 404 GET http://10.180.1.21/compute/v2.1/servers/1da4984c-d23f-4cf7-8974-20e9593245d4 0.029s
2025-05-19 18:50:55.401 69747 INFO tempest.test [-] raised in ServerAddressesNegativeTestJSON.setUpClass. Invoking tearDownClass.
2025-05-19 18:50:55.948 69735 INFO tempest.lib.common.rest_client [req-d77f38bd-e8d2-467e-aa51-c7a7eed478ae req-d77f38bd-e8d2-467e-aa51-c7a7eed478ae ] Request (AttachVolumeShelveTestJSON:test_attach_volume_shelved_or_offload_server): 200 GET http://10.180.1.21/compute/v2.1/servers/edec4e3e-970d-4983-931a-7f40353d0e85 0.070s
2025-05-19 18:50:55.955 69735 INFO tempest.common.waiters [-] State transition "BUILD/scheduling" ==> "ERROR/None" after 1 second wait
2025-05-19 18:50:56.027 69747 INFO tempest.lib.common.rest_client [req-71711c2a-307c-4bfe-8220-d4601a3a372d req-71711c2a-307c-4bfe-8220-d4601a3a372d ] Request (ServerAddressesNegativeTestJSON:tearDownClass): 200 PUT http://10.180.1.21:9696/networking/v2.0/routers/614ccc52-f249-4ab4-a5cc-924b2b693c87/remove_router_interface 0.626s
2025-05-19 18:50:56.170 69735 INFO tempest.lib.common.rest_client [req-c2e8f2e5-40b6-4f25-a411-5d19f097fb31 req-c2e8f2e5-40b6-4f25-a411-5d19f097fb31 ] Request (AttachVolumeShelveTestJSON:test_attach_volume_shelved_or_offload_server): 204 DELETE http://10.180.1.21/compute/v2.1/servers/edec4e3e-970d-4983-931a-7f40353d0e85 0.214s
2025-05-19 18:50:56.196 69735 INFO tempest.lib.common.rest_client [req-ec45b6ea-b326-4dc2-a780-98fc0d3f49c2 req-ec45b6ea-b326-4dc2-a780-98fc0d3f49c2 ] Request (AttachVolumeShelveTestJSON:test_attach_volume_shelved_or_offload_server): 404 GET http://10.180.1.21/compute/v2.1/servers/edec4e3e-970d-4983-931a-7f40353d0e85 0.025s
2025-05-19 18:50:56.216 69735 INFO tempest.lib.common.rest_client [req-1f7ed1aa-033c-438d-acc1-329e99af06a3 req-1f7ed1aa-033c-438d-acc1-329e99af06a3 ] Request (AttachVolumeShelveTestJSON:_run_cleanups): 204 DELETE http://10.180.1.21/compute/v2.1/os-keypairs/tempest-keypair-103669509 0.019s
2025-05-19 18:50:56.309 69735 INFO tempest.lib.common.rest_client [req-d3c2be33-7f92-41e3-87b0-dfed8597b12b req-d3c2be33-7f92-41e3-87b0-dfed8597b12b ] Request (AttachVolumeShelveTestJSON:_run_cleanups): 204 DELETE http://10.180.1.21:9696/networking/v2.0/security-groups/c852174e-2ea6-4958-8cc3-c63f5f27635f 0.091s
2025-05-19 18:50:56.319 69735 INFO tempest.lib.common.rest_client [req-7261bc3f-a607-4b02-9d60-dea5695e59d4 req-7261bc3f-a607-4b02-9d60-dea5695e59d4 ] Request (AttachVolumeShelveTestJSON:_run_cleanups): 404 GET http://10.180.1.21:9696/networking/v2.0/security-groups/c852174e-2ea6-4958-8cc3-c63f5f27635f 0.010s
2025-05-19 18:50:56.492 69735 INFO tempest.lib.common.rest_client [req-0e53e7ba-55e8-4b4f-943d-16294da69434 req-0e53e7ba-55e8-4b4f-943d-16294da69434 ] Request (AttachVolumeShelveTestJSON:_run_cleanups): 204 DELETE http://10.180.1.21:9696/networking/v2.0/floatingips/e0ab9761-fe5d-40c6-813c-00cb99b59de4 0.173s
2025-05-19 18:50:56.533 69747 INFO tempest.lib.common.rest_client [req-6f3a6dbd-38c3-4040-ae23-0febfed5c6d6 req-6f3a6dbd-38c3-4040-ae23-0febfed5c6d6 ] Request (ServerAddressesNegativeTestJSON:tearDownClass): 204 DELETE http://10.180.1.21:9696/networking/v2.0/routers/614ccc52-f249-4ab4-a5cc-924b2b693c87 0.505s
2025-05-19 18:50:56.533 69735 INFO tempest.lib.common.rest_client [req-1a4f3e22-022d-4402-9397-d47dfc3b4581 req-1a4f3e22-022d-4402-9397-d47dfc3b4581 ] Request (ValidationResourcesFixture:setUp): 201 POST http://10.180.1.21/compute/v2.1/os-keypairs 0.039s
2025-05-19 18:50:56.612 69747 INFO tempest.lib.common.rest_client [req-95969039-ee54-4794-817b-a4ef3dae8015 req-95969039-ee54-4794-817b-a4ef3dae8015 ] Request (ServerAddressesNegativeTestJSON:tearDownClass): 204 DELETE http://10.180.1.21:9696/networking/v2.0/subnets/d01e192a-0b27-46f7-9c68-4769dba94a86 0.079s
2025-05-19 18:50:56.620 69735 INFO tempest.lib.common.rest_client [req-c83f0c00-f15b-4aab-9c53-88271a3eeb8b req-c83f0c00-f15b-4aab-9c53-88271a3eeb8b ] Request (ValidationResourcesFixture:setUp): 201 POST http://10.180.1.21:9696/networking/v2.0/security-groups 0.085s
2025-05-19 18:50:56.691 69735 INFO tempest.lib.common.rest_client [req-565ea910-b1a4-4306-a007-1afb11fecd7a req-565ea910-b1a4-4306-a007-1afb11fecd7a ] Request (ValidationResourcesFixture:setUp): 201 POST http://10.180.1.21:9696/networking/v2.0/security-group-rules 0.071s
2025-05-19 18:50:56.725 69747 INFO tempest.lib.common.rest_client [req-bab4d654-59e5-4a6d-a6f9-2ca1a382c5ae req-bab4d654-59e5-4a6d-a6f9-2ca1a382c5ae ] Request (ServerAddressesNegativeTestJSON:tearDownClass): 204 DELETE http://10.180.1.21:9696/networking/v2.0/networks/7eae02b5-a2ae-416a-8f4f-b94cffd9f915 0.112s
