2025-05-19 18:48:39.850 69791 INFO tempest.lib.common.dynamic_creds [-] Acquired dynamic creds: credentials: Credentials: {'domain_id': 'default', 'domain_name': 'Default', 'username': 'tempest-VolumesAssistedSnapshotsTest-779989889-project-admin', 'project_domain_id': 'default', 'project_domain_name': 'Default', 'project_id': '4618626a4c7345a581a0d4c9f5dc72a8', 'project_name': 'tempest-VolumesAssistedSnapshotsTest-779989889', 'tenant_id': '4618626a4c7345a581a0d4c9f5dc72a8', 'tenant_name': 'tempest-VolumesAssistedSnapshotsTest-779989889', 'user_domain_id': 'default', 'user_domain_name': 'Default', 'user_id': '129e3119b1c64777ac03a82b1b038aad', 'system': None}, Network: None, Subnet: None, Router: None
2025-05-19 18:48:39.939 69737 INFO tempest.lib.common.rest_client [req-c67ca6e6-05f1-4467-8db7-0a6e041df3b5 req-c67ca6e6-05f1-4467-8db7-0a6e041df3b5 ] Request (FlavorsAccessNegativeTestJSON:setUpClass): 201 POST http://10.180.1.21/identity/v3/auth/tokens 0.173s
2025-05-19 18:48:39.940 69749 INFO tempest.lib.common.rest_client [req-0de2c846-f5ee-495b-bf4b-dceb8667208f req-0de2c846-f5ee-495b-bf4b-dceb8667208f ] Request (HypervisorAdminUnderV252Test:tearDownClass): 204 DELETE http://10.180.1.21:9696/networking/v2.0/security-groups/647ef76f-8b01-4ef3-a1d2-4a2dd5a362ad 0.206s
2025-05-19 18:48:39.941 69737 WARNING tempest.lib.common.rest_client [-] Deprecated: "tenant_id" property is deprecated for removal, use "project_id" instead
2025-05-19 18:48:39.969 69761 INFO tempest.lib.common.rest_client [req-e0765b13-5117-4f51-bdf3-004fe0a28294 req-e0765b13-5117-4f51-bdf3-004fe0a28294 ] Request (HypervisorAdminV228Test:test_get_list_hypervisor_details): 200 GET http://10.180.1.21/compute/v2.1/os-hypervisors 2.392s
2025-05-19 18:48:40.006 69763 INFO tempest.lib.common.rest_client [req-0116187f-55af-4a6e-aeba-ace045739496 req-0116187f-55af-4a6e-aeba-ace045739496 ] Request (ServerDiagnosticsV248Test:setUpClass): 204 PUT http://10.180.1.21/identity/v3/projects/45dcfb20fbcc42b78858e8c02f0ee843/users/e8eab18c77c84878b8bbfa939b40968a/roles/eea3e0f4155e44c9bcbed79a08e1b091 0.183s
2025-05-19 18:48:40.007 69763 INFO tempest.lib.common.dynamic_creds [-] Dynamic test user e8eab18c77c84878b8bbfa939b40968a is created with scope project and roles: ['member']
2025-05-19 18:48:40.007 69763 INFO tempest.lib.common.dynamic_creds [-] Acquired dynamic creds: credentials: Credentials: {'domain_id': 'default', 'domain_name': 'Default', 'username': 'tempest-ServerDiagnosticsV248Test-90961284-project-member', 'project_domain_id': 'default', 'project_domain_name': 'Default', 'project_id': '45dcfb20fbcc42b78858e8c02f0ee843', 'project_name': 'tempest-ServerDiagnosticsV248Test-90961284', 'tenant_id': '45dcfb20fbcc42b78858e8c02f0ee843', 'tenant_name': 'tempest-ServerDiagnosticsV248Test-90961284', 'user_domain_id': 'default', 'user_domain_name': 'Default', 'user_id': 'e8eab18c77c84878b8bbfa939b40968a', 'system': None}, Network: None, Subnet: None, Router: None
2025-05-19 18:48:40.007 69763 INFO tempest.lib.common.dynamic_creds [-] Created isolated network resources for: credentials: Credentials: {'domain_id': 'default', 'domain_name': 'Default', 'username': 'tempest-ServerDiagnosticsV248Test-90961284-project-member', 'project_domain_id': 'default', 'project_domain_name': 'Default', 'project_id': '45dcfb20fbcc42b78858e8c02f0ee843', 'project_name': 'tempest-ServerDiagnosticsV248Test-90961284', 'tenant_id': '45dcfb20fbcc42b78858e8c02f0ee843', 'tenant_name': 'tempest-ServerDiagnosticsV248Test-90961284', 'user_domain_id': 'default', 'user_domain_name': 'Default', 'user_id': 'e8eab18c77c84878b8bbfa939b40968a', 'system': None}, Network: None, Subnet: None, Router: None
2025-05-19 18:48:40.063 69749 INFO tempest.lib.common.rest_client [req-cded0b88-245c-4773-8b03-ffd831c6124b req-cded0b88-245c-4773-8b03-ffd831c6124b ] Request (HypervisorAdminUnderV252Test:tearDownClass): 204 DELETE http://10.180.1.21/identity/v3/projects/7ae11f262d8a4182928a85ee9ce3296e 0.122s
2025-05-19 18:48:40.063 69749 INFO tempest.lib.common.dynamic_creds [-] Deleting project and security group for project: 3d952cbfc1df4f72b75f4f121ab1aebc
2025-05-19 18:48:40.160 69763 INFO tempest.lib.common.rest_client [req-0807cfa7-8981-4c89-a1df-359709a86731 req-0807cfa7-8981-4c89-a1df-359709a86731 ] Request (ServerDiagnosticsV248Test:setUpClass): 201 POST http://10.180.1.21/identity/v3/auth/tokens 0.149s
2025-05-19 18:48:40.170 69791 INFO tempest.lib.common.rest_client [req-24c66e2b-0020-4ac1-aa92-4495167a9c02 req-24c66e2b-0020-4ac1-aa92-4495167a9c02 ] Request (VolumesAssistedSnapshotsTest:setUpClass): 201 POST http://10.180.1.21:9696/networking/v2.0/networks 0.319s
2025-05-19 18:48:40.259 69793 INFO tempest.lib.common.rest_client [req-9f04cae5-6383-459b-ac40-b684543dc684 req-9f04cae5-6383-459b-ac40-b684543dc684 ] Request (NetworksTest:test_get_network): 200 GET http://10.180.1.21/compute/v2.1/os-networks 2.502s
2025-05-19 18:48:40.267 69763 INFO tempest.lib.common.rest_client [req-32675de4-c618-45b8-a760-66ca838fd075 req-32675de4-c618-45b8-a760-66ca838fd075 ] Request (ServerDiagnosticsV248Test:setUpClass): 201 POST http://10.180.1.21/identity/v3/projects 0.106s
2025-05-19 18:48:40.285 69749 INFO tempest.lib.common.rest_client [req-bae7016c-d41c-4797-8f7d-82635a2bbae9 req-bae7016c-d41c-4797-8f7d-82635a2bbae9 ] Request (HypervisorAdminUnderV252Test:tearDownClass): 200 GET http://10.180.1.21:9696/networking/v2.0/security-groups?tenant_id=3d952cbfc1df4f72b75f4f121ab1aebc&name=default 0.220s
2025-05-19 18:48:40.380 69763 INFO tempest.lib.common.rest_client [req-858f5be3-3043-4c94-89d3-11561f16176f req-858f5be3-3043-4c94-89d3-11561f16176f ] Request (ServerDiagnosticsV248Test:setUpClass): 201 POST http://10.180.1.21/identity/v3/users 0.112s
2025-05-19 18:48:40.387 69749 INFO tempest.lib.common.rest_client [req-c449cd2d-83a2-49f3-933f-d9e8a1d7b479 req-c449cd2d-83a2-49f3-933f-d9e8a1d7b479 ] Request (HypervisorAdminUnderV252Test:tearDownClass): 204 DELETE http://10.180.1.21:9696/networking/v2.0/security-groups/51c7943f-089c-4b3f-b022-e0b1f477955c 0.102s
2025-05-19 18:48:40.425 69739 INFO tempest.lib.common.rest_client [req-9711cdd3-ff2b-498e-af98-faf43b3149ba req-9711cdd3-ff2b-498e-af98-faf43b3149ba ] Request (HostsAdminNegativeTestJSON:setUpClass): 200 GET http://10.180.1.21/compute/v2.1/os-hosts 2.668s
2025-05-19 18:48:40.445 69763 INFO tempest.lib.common.rest_client [req-34cc9930-7708-4ed5-9653-e4aa86ab04f9 req-34cc9930-7708-4ed5-9653-e4aa86ab04f9 ] Request (ServerDiagnosticsV248Test:setUpClass): 200 GET http://10.180.1.21/identity/v3/roles 0.064s
2025-05-19 18:48:40.530 69789 INFO tempest.lib.common.rest_client [req-9fc7d23c-2ff8-4cf8-8274-9e9513378829 req-9fc7d23c-2ff8-4cf8-8274-9e9513378829 ] Request (ListImageFiltersTestJSON:setUpClass): 204 PUT http://10.180.1.21/image/v2/images/1624ada1-27a7-418a-a8a2-b19bbddf6136/file 1.785s
2025-05-19 18:48:40.556 69755 INFO tempest.lib.common.rest_client [req-3ef085fe-5585-42de-bf03-399224b7467e req-3ef085fe-5585-42de-bf03-399224b7467e ] Request (ServerDiagnosticsNegativeTest:test_get_server_diagnostics_by_non_admin): 204 DELETE http://10.180.1.21/compute/v2.1/servers/d89ddc44-c27c-48dd-9996-f3a1df781f8c 2.897s
2025-05-19 18:48:40.559 69749 INFO tempest.lib.common.rest_client [req-d8c39d6d-ed13-4e5d-bb61-9d0c4d2bfe52 req-d8c39d6d-ed13-4e5d-bb61-9d0c4d2bfe52 ] Request (HypervisorAdminUnderV252Test:tearDownClass): 204 DELETE http://10.180.1.21/identity/v3/projects/3d952cbfc1df4f72b75f4f121ab1aebc 0.172s
2025-05-19 18:48:40.592 69759 INFO tempest.lib.common.rest_client [req-59812b1a-e44d-4d5e-b2dd-fd73eac14d87 req-59812b1a-e44d-4d5e-b2dd-fd73eac14d87 ] Request (AggregatesAdminNegativeTestJSON:setUpClass): 200 GET http://10.180.1.21/compute/v2.1/os-services?binary=nova-compute 2.746s
2025-05-19 18:48:40.609 69791 INFO tempest.lib.common.rest_client [req-547e72ba-ad1e-4aba-bae2-b23e911077b7 req-547e72ba-ad1e-4aba-bae2-b23e911077b7 ] Request (VolumesAssistedSnapshotsTest:setUpClass): 201 POST http://10.180.1.21:9696/networking/v2.0/subnets 0.439s
2025-05-19 18:48:40.624 69763 INFO tempest.lib.common.rest_client [req-a49a0235-fab2-4db2-8745-004f87d2bc7e req-a49a0235-fab2-4db2-8745-004f87d2bc7e ] Request (ServerDiagnosticsV248Test:setUpClass): 204 PUT http://10.180.1.21/identity/v3/projects/67798e21dc4d4726a1441a25d7e24b5a/users/b2f53a4e833d4e62bfc715e70ce1a6ad/roles/b145f2edebe947658da02a7dcc0a6da9 0.179s
2025-05-19 18:48:40.690 69785 INFO tempest.lib.common.rest_client [req-f7df60ef-49ec-43b6-8440-35fc32b45767 req-f7df60ef-49ec-43b6-8440-35fc32b45767 ] Request (HostsAdminTestJSON:test_list_hosts): 200 GET http://10.180.1.21/compute/v2.1/os-hosts 2.752s
2025-05-19 18:48:40.690 69749 INFO tempest.lib.common.rest_client [req-36b2d11e-b55d-4caf-b084-534bb9f6b54c req-36b2d11e-b55d-4caf-b084-534bb9f6b54c ] Request (ServersAdminNegativeTestJSON:setUpClass): 201 POST http://10.180.1.21/identity/v3/auth/tokens 0.129s
2025-05-19 18:48:40.708 69763 INFO tempest.lib.common.rest_client [req-a6ae1440-7190-4db6-827a-75435792a4b8 req-a6ae1440-7190-4db6-827a-75435792a4b8 ] Request (ServerDiagnosticsV248Test:setUpClass): 200 GET http://10.180.1.21/identity/v3/roles 0.084s
2025-05-19 18:48:40.776 69749 INFO tempest.lib.common.rest_client [req-58083c26-dc69-415b-8ff2-cba0054802c5 req-58083c26-dc69-415b-8ff2-cba0054802c5 ] Request (ServersAdminNegativeTestJSON:setUpClass): 201 POST http://10.180.1.21/identity/v3/auth/tokens 0.083s
2025-05-19 18:48:40.779 69783 INFO tempest.lib.common.rest_client [req-048da3fd-142f-4b01-94c6-ffebff69502f req-048da3fd-142f-4b01-94c6-ffebff69502f ] Request (FlavorsExtraSpecsNegativeTestJSON:setUpClass): 200 POST http://10.180.1.21/compute/v2.1/flavors 2.341s
2025-05-19 18:48:40.789 69763 INFO tempest.lib.common.rest_client [req-5ab46d73-77dc-499b-80a2-3a65b640e933 req-5ab46d73-77dc-499b-80a2-3a65b640e933 ] Request (ServerDiagnosticsV248Test:setUpClass): 204 PUT http://10.180.1.21/identity/v3/projects/67798e21dc4d4726a1441a25d7e24b5a/users/b2f53a4e833d4e62bfc715e70ce1a6ad/roles/b145f2edebe947658da02a7dcc0a6da9 0.080s
2025-05-19 18:48:40.789 69763 INFO tempest.lib.common.dynamic_creds [-] Dynamic test user b2f53a4e833d4e62bfc715e70ce1a6ad is created with scope project and roles: ['admin']
2025-05-19 18:48:40.789 69763 INFO tempest.lib.common.dynamic_creds [-] Acquired dynamic creds: credentials: Credentials: {'domain_id': 'default', 'domain_name': 'Default', 'username': 'tempest-ServerDiagnosticsV248Test-467066650-project-admin', 'project_domain_id': 'default', 'project_domain_name': 'Default', 'project_id': '67798e21dc4d4726a1441a25d7e24b5a', 'project_name': 'tempest-ServerDiagnosticsV248Test-467066650', 'tenant_id': '67798e21dc4d4726a1441a25d7e24b5a', 'tenant_name': 'tempest-ServerDiagnosticsV248Test-467066650', 'user_domain_id': 'default', 'user_domain_name': 'Default', 'user_id': 'b2f53a4e833d4e62bfc715e70ce1a6ad', 'system': None}, Network: None, Subnet: None, Router: None
2025-05-19 18:48:40.789 69763 INFO tempest.lib.common.dynamic_creds [-] Created isolated network resources for: credentials: Credentials: {'domain_id': 'default', 'domain_name': 'Default', 'username': 'tempest-ServerDiagnosticsV248Test-467066650-project-admin', 'project_domain_id': 'default', 'project_domain_name': 'Default', 'project_id': '67798e21dc4d4726a1441a25d7e24b5a', 'project_name': 'tempest-ServerDiagnosticsV248Test-467066650', 'tenant_id': '67798e21dc4d4726a1441a25d7e24b5a', 'tenant_name': 'tempest-ServerDiagnosticsV248Test-467066650', 'user_domain_id': 'default', 'user_domain_name': 'Default', 'user_id': 'b2f53a4e833d4e62bfc715e70ce1a6ad', 'system': None}, Network: None, Subnet: None, Router: None
2025-05-19 18:48:40.826 69795 INFO tempest.lib.common.rest_client [req-0afd5efd-342d-4d2b-83d3-6d794d87a4a8 req-0afd5efd-342d-4d2b-83d3-6d794d87a4a8 ] Request (KeyPairsV210TestJSON:test_admin_manage_keypairs_for_other_users): 201 POST http://10.180.1.21/compute/v2.1/os-keypairs 2.323s
2025-05-19 18:48:40.833 69749 INFO tempest.lib.common.rest_client [req-8394cc70-4f70-460a-b510-9f61c84201ad req-8394cc70-4f70-460a-b510-9f61c84201ad ] Request (ServersAdminNegativeTestJSON:setUpClass): 200 GET http://10.180.1.21/identity/v3/domains?name=Default 0.057s
2025-05-19 18:48:40.893 69773 INFO tempest.lib.common.rest_client [req-19352441-ac71-48a2-bf01-ed97f2c2d7eb req-19352441-ac71-48a2-bf01-ed97f2c2d7eb ] Request (FlavorsV255TestJSON:test_crud_flavor): 200 POST http://10.180.1.21/compute/v2.1/flavors 2.264s
2025-05-19 18:48:40.906 69763 INFO tempest.lib.common.rest_client [req-a09bb0ad-8379-4de8-ac5b-4a3e2f1da22e req-a09bb0ad-8379-4de8-ac5b-4a3e2f1da22e ] Request (ServerDiagnosticsV248Test:setUpClass): 201 POST http://10.180.1.21/identity/v3/auth/tokens 0.114s
2025-05-19 18:48:40.930 69771 INFO tempest.lib.common.rest_client [req-2b7009d8-a082-4fc8-973a-0ac4561ebd08 req-2b7009d8-a082-4fc8-973a-0ac4561ebd08 ] Request (AZAdminNegativeTestJSON:test_get_availability_zone_list_detail_with_non_admin_user): 403 GET http://10.180.1.21/compute/v2.1/os-availability-zone/detail 2.234s
2025-05-19 18:48:40.934 69749 INFO tempest.lib.common.rest_client [req-9c2a02bb-5aef-4fa3-886e-d5cf6937f339 req-9c2a02bb-5aef-4fa3-886e-d5cf6937f339 ] Request (ServersAdminNegativeTestJSON:setUpClass): 201 POST http://10.180.1.21/identity/v3/projects 0.100s
2025-05-19 18:48:40.986 69763 INFO tempest.lib.common.rest_client [req-734fdfb9-0c0e-40ec-9987-02b790cc8130 req-734fdfb9-0c0e-40ec-9987-02b790cc8130 ] Request (ServerDiagnosticsV248Test:test_get_server_diagnostics): 201 POST http://10.180.1.21/identity/v3/auth/tokens 0.072s
2025-05-19 18:48:40.986 69763 INFO tempest.lib.common.fixed_network [-] (ServerDiagnosticsV248Test:test_get_server_diagnostics) Found network None available for tenant
2025-05-19 18:48:40.988 69779 INFO tempest.lib.common.rest_client [req-3a6954bd-1029-4cfd-b795-6c3764df4646 req-3a6954bd-1029-4cfd-b795-6c3764df4646 ] Request (ServersWithSpecificFlavorTestJSON:setUpClass): 200 PUT http://10.180.1.21:9696/networking/v2.0/routers/63157aae-6e58-4b91-bf61-b0519c17a0e4/add_router_interface 1.226s
2025-05-19 18:48:40.989 69779 INFO tempest.lib.common.dynamic_creds [-] Created isolated network resources for: credentials: Credentials: {'domain_id': 'default', 'domain_name': 'Default', 'username': 'tempest-ServersWithSpecificFlavorTestJSON-1983675963-project-admin', 'project_domain_id': 'default', 'project_domain_name': 'Default', 'project_id': 'f97d397ebea745aa933eab4de8670ca0', 'project_name': 'tempest-ServersWithSpecificFlavorTestJSON-1983675963', 'tenant_id': 'f97d397ebea745aa933eab4de8670ca0', 'tenant_name': 'tempest-ServersWithSpecificFlavorTestJSON-1983675963', 'user_domain_id': 'default', 'user_domain_name': 'Default', 'user_id': 'c9f6d0d84ba64ed480ff18aae90a901a', 'system': None}, Network: {'id': '6dae6aee-5fa2-4b61-8ade-fdf2f3b3fce4', 'name': 'tempest-ServersWithSpecificFlavorTestJSON-1270953915-network', 'tenant_id': 'f97d397ebea745aa933eab4de8670ca0', 'admin_state_up': True, 'mtu': 8950, 'status': 'ACTIVE', 'subnets': [], 'shared': False, 'project_id': 'f97d397ebea745aa933eab4de8670ca0', 'port_security_enabled': True, 'router:external': False, 'provider:network_type': 'vlan', 'provider:physical_network': 'default', 'provider:segmentation_id': 297, 'availability_zone_hints': [], 'availability_zones': [], 'ipv4_address_scope': None, 'ipv6_address_scope': None, 'description': '', 'tags': [], 'created_at': '2025-05-19T18:48:38Z', 'updated_at': '2025-05-19T18:48:38Z', 'revision_number': 1}, Subnet: {'id': '9dadd611-77e5-4bd6-ad51-6df50aa495bf', 'name': 'tempest-ServersWithSpecificFlavorTestJSON-1270953915-subnet', 'tenant_id': 'f97d397ebea745aa933eab4de8670ca0', 'network_id': '6dae6aee-5fa2-4b61-8ade-fdf2f3b3fce4', 'ip_version': 4, 'subnetpool_id': None, 'enable_dhcp': True, 'ipv6_ra_mode': None, 'ipv6_address_mode': None, 'gateway_ip': '192.168.128.1', 'cidr': '192.168.128.0/28', 'allocation_pools': [{'start': '192.168.128.2', 'end': '192.168.128.14'}], 'host_routes': [], 'dns_nameservers': [], 'description': '', 'router:external': False, 'service_types': [], 'tags': [], 'created_at': '2025-05-19T18:48:38Z', 'updated_at': '2025-05-19T18:48:38Z', 'revision_number': 0, 'project_id': 'f97d397ebea745aa933eab4de8670ca0'}, Router: {'id': '63157aae-6e58-4b91-bf61-b0519c17a0e4', 'name': 'tempest-ServersWithSpecificFlavorTestJSON-1270953915-router', 'tenant_id': 'f97d397ebea745aa933eab4de8670ca0', 'admin_state_up': True, 'status': 'ACTIVE', 'external_gateway_info': {'network_id': '109fead2-2e0b-46e4-84d5-5dcdcf5b282e', 'external_fixed_ips': [{'subnet_id': '66c1fd33-1eb8-4378-93ce-eae7bc5d3a09', 'ip_address': '10.180.180.221'}], 'enable_snat': True}, 'description': '', 'availability_zones': [], 'distributed': False, 'ha': False, 'availability_zone_hints': [], 'routes': [], 'flavor_id': None, 'tags': [], 'created_at': '2025-05-19T18:48:38Z', 'updated_at': '2025-05-19T18:48:39Z', 'revision_number': 2, 'project_id': 'f97d397ebea745aa933eab4de8670ca0'}
2025-05-19 18:48:41.045 69749 INFO tempest.lib.common.rest_client [req-9216b8b3-fa94-419c-93e9-64298bd323d6 req-9216b8b3-fa94-419c-93e9-64298bd323d6 ] Request (ServersAdminNegativeTestJSON:setUpClass): 201 POST http://10.180.1.21/identity/v3/users 0.110s
2025-05-19 18:48:41.081 69735 INFO tempest.lib.common.rest_client [req-92ec9f6d-d6d5-4786-8aed-9a2fe48a90e1 req-92ec9f6d-d6d5-4786-8aed-9a2fe48a90e1 ] Request (AZAdminV2TestJSON:test_get_availability_zone_list): 200 GET http://10.180.1.21/compute/v2.1/os-availability-zone 2.181s
2025-05-19 18:48:41.126 69779 INFO tempest.lib.common.rest_client [req-6b0290ca-8fb4-467a-a142-616871dec7e9 req-6b0290ca-8fb4-467a-a142-616871dec7e9 ] Request (ServersWithSpecificFlavorTestJSON:setUpClass): 201 POST http://10.180.1.21/identity/v3/auth/tokens 0.133s
2025-05-19 18:48:41.126 69771 INFO tempest.lib.common.rest_client [req-edac9695-512c-49bc-89a6-9e8534b1ccf8 req-edac9695-512c-49bc-89a6-9e8534b1ccf8 ] Request (AZAdminNegativeTestJSON:tearDownClass): 204 DELETE http://10.180.1.21/identity/v3/users/a74432a578934285a21eb5e21c0c79e9 0.187s
2025-05-19 18:48:41.179 69749 INFO tempest.lib.common.rest_client [req-aef7dbe0-23e6-4588-a0f5-df06b270f471 req-aef7dbe0-23e6-4588-a0f5-df06b270f471 ] Request (ServersAdminNegativeTestJSON:setUpClass): 200 GET http://10.180.1.21/identity/v3/roles 0.134s
2025-05-19 18:48:41.228 69769 INFO tempest.lib.common.rest_client [req-65224d80-8ac3-4e4a-84c7-dcaf7ac2c6c3 req-65224d80-8ac3-4e4a-84c7-dcaf7ac2c6c3 ] Request (InstanceUsageAuditLogNegativeTestJSON:test_get_instance_usage_audit_logs_with_invalid_time): 400 GET http://10.180.1.21/compute/v2.1/os-instance_usage_audit_log/invalid_time 2.309s
2025-05-19 18:48:41.250 69771 INFO tempest.lib.common.rest_client [req-91328e1b-fd99-4530-a0d3-be5f08dfb91f req-91328e1b-fd99-4530-a0d3-be5f08dfb91f ] Request (AZAdminNegativeTestJSON:tearDownClass): 204 DELETE http://10.180.1.21/identity/v3/users/a50cbb92842142ac83adf4fe23477841 0.119s
2025-05-19 18:48:41.251 69771 INFO tempest.lib.common.dynamic_creds [-] Deleting project and security group for project: 141540b9a7914aa18f598a589a785720
2025-05-19 18:48:41.270 69765 INFO tempest.lib.common.rest_client [req-eab4fbe3-d382-46b9-a296-2b85d66bf480 req-eab4fbe3-d382-46b9-a296-2b85d66bf480 ] Request (SecurityGroupRulesTestJSON:test_security_group_rules_create): 200 POST http://10.180.1.21/compute/v2.1/os-security-groups 2.422s
2025-05-19 18:48:41.283 69749 INFO tempest.lib.common.rest_client [req-6ff7127c-ff6a-4888-858d-b15fce43afcf req-6ff7127c-ff6a-4888-858d-b15fce43afcf ] Request (ServersAdminNegativeTestJSON:setUpClass): 204 PUT http://10.180.1.21/identity/v3/projects/a8d476db54ed427fb3c02278427f2452/users/e5eadb7d15c44c49942fb2cbd0344a29/roles/eea3e0f4155e44c9bcbed79a08e1b091 0.104s
2025-05-19 18:48:41.284 69749 INFO tempest.lib.common.dynamic_creds [-] Dynamic test user e5eadb7d15c44c49942fb2cbd0344a29 is created with scope project and roles: ['member']
2025-05-19 18:48:41.284 69749 INFO tempest.lib.common.dynamic_creds [-] Acquired dynamic creds: credentials: Credentials: {'domain_id': 'default', 'domain_name': 'Default', 'username': 'tempest-ServersAdminNegativeTestJSON-528531812-project-member', 'project_domain_id': 'default', 'project_domain_name': 'Default', 'project_id': 'a8d476db54ed427fb3c02278427f2452', 'project_name': 'tempest-ServersAdminNegativeTestJSON-528531812', 'tenant_id': 'a8d476db54ed427fb3c02278427f2452', 'tenant_name': 'tempest-ServersAdminNegativeTestJSON-528531812', 'user_domain_id': 'default', 'user_domain_name': 'Default', 'user_id': 'e5eadb7d15c44c49942fb2cbd0344a29', 'system': None}, Network: None, Subnet: None, Router: None
2025-05-19 18:48:41.284 69749 INFO tempest.lib.common.dynamic_creds [-] Created isolated network resources for: credentials: Credentials: {'domain_id': 'default', 'domain_name': 'Default', 'username': 'tempest-ServersAdminNegativeTestJSON-528531812-project-member', 'project_domain_id': 'default', 'project_domain_name': 'Default', 'project_id': 'a8d476db54ed427fb3c02278427f2452', 'project_name': 'tempest-ServersAdminNegativeTestJSON-528531812', 'tenant_id': 'a8d476db54ed427fb3c02278427f2452', 'tenant_name': 'tempest-ServersAdminNegativeTestJSON-528531812', 'user_domain_id': 'default', 'user_domain_name': 'Default', 'user_id': 'e5eadb7d15c44c49942fb2cbd0344a29', 'system': None}, Network: None, Subnet: None, Router: None
2025-05-19 18:48:41.341 69771 INFO tempest.lib.common.rest_client [req-ee2d6b45-26d3-4ff3-aabb-fb0152b054d7 req-ee2d6b45-26d3-4ff3-aabb-fb0152b054d7 ] Request (AZAdminNegativeTestJSON:tearDownClass): 201 POST http://10.180.1.21/identity/v3/auth/tokens 0.089s
2025-05-19 18:48:41.378 69775 INFO tempest.lib.common.rest_client [req-dbdb6692-0914-4c85-b651-79615f2c9726 req-dbdb6692-0914-4c85-b651-79615f2c9726 ] Request (HypervisorAdminNegativeTestJSON:test_get_hypervisor_list_details_with_non_admin_user): 403 GET http://10.180.1.21/compute/v2.1/os-hypervisors/detail 2.350s
2025-05-19 18:48:41.431 69749 INFO tempest.lib.common.rest_client [req-f7cb32e0-e40d-4c2d-bf8a-6c2d948c9f20 req-f7cb32e0-e40d-4c2d-bf8a-6c2d948c9f20 ] Request (ServersAdminNegativeTestJSON:setUpClass): 201 POST http://10.180.1.21/identity/v3/auth/tokens 0.143s
2025-05-19 18:48:41.444 69791 INFO tempest.lib.common.rest_client [req-c8a3a9f2-3676-4d9a-9069-566b94663497 req-c8a3a9f2-3676-4d9a-9069-566b94663497 ] Request (VolumesAssistedSnapshotsTest:setUpClass): 201 POST http://10.180.1.21:9696/networking/v2.0/routers 0.833s
2025-05-19 18:48:41.499 69749 INFO tempest.lib.common.rest_client [req-0a112f3c-78b3-4444-b801-828db03543df req-0a112f3c-78b3-4444-b801-828db03543df ] Request (ServersAdminNegativeTestJSON:setUpClass): 201 POST http://10.180.1.21/identity/v3/projects 0.067s
2025-05-19 18:48:41.576 69749 INFO tempest.lib.common.rest_client [req-c201259e-507f-4854-b3f1-75fc8c3aa80b req-c201259e-507f-4854-b3f1-75fc8c3aa80b ] Request (ServersAdminNegativeTestJSON:setUpClass): 201 POST http://10.180.1.21/identity/v3/users 0.076s
2025-05-19 18:48:41.597 69771 INFO tempest.lib.common.rest_client [req-caea5ab6-7e07-49d0-b875-fd5427fd597e req-caea5ab6-7e07-49d0-b875-fd5427fd597e ] Request (AZAdminNegativeTestJSON:tearDownClass): 200 GET http://10.180.1.21:9696/networking/v2.0/security-groups?tenant_id=141540b9a7914aa18f598a589a785720&name=default 0.256s
2025-05-19 18:48:41.600 69749 INFO tempest.lib.common.rest_client [req-736832fb-4789-44a4-a32f-970ec3b66acf req-736832fb-4789-44a4-a32f-970ec3b66acf ] Request (ServersAdminNegativeTestJSON:setUpClass): 200 GET http://10.180.1.21/identity/v3/roles 0.024s
2025-05-19 18:48:41.630 69749 INFO tempest.lib.common.rest_client [req-5d2fa597-5166-42df-9989-06e0288871ea req-5d2fa597-5166-42df-9989-06e0288871ea ] Request (ServersAdminNegativeTestJSON:setUpClass): 204 PUT http://10.180.1.21/identity/v3/projects/8cafedc934cc4cce89fc63c005caf0eb/users/d5c972eef39e4e8cbd0c5a01f277b577/roles/b145f2edebe947658da02a7dcc0a6da9 0.029s
2025-05-19 18:48:41.701 69749 INFO tempest.lib.common.rest_client [req-6f653757-9708-4015-9680-c710bdd28cf2 req-6f653757-9708-4015-9680-c710bdd28cf2 ] Request (ServersAdminNegativeTestJSON:setUpClass): 200 GET http://10.180.1.21/identity/v3/roles 0.070s
2025-05-19 18:48:41.728 69749 INFO tempest.lib.common.rest_client [req-70c4c152-0fba-400f-add7-8db553192ec9 req-70c4c152-0fba-400f-add7-8db553192ec9 ] Request (ServersAdminNegativeTestJSON:setUpClass): 204 PUT http://10.180.1.21/identity/v3/projects/8cafedc934cc4cce89fc63c005caf0eb/users/d5c972eef39e4e8cbd0c5a01f277b577/roles/b145f2edebe947658da02a7dcc0a6da9 0.026s
2025-05-19 18:48:41.728 69749 INFO tempest.lib.common.dynamic_creds [-] Dynamic test user d5c972eef39e4e8cbd0c5a01f277b577 is created with scope project and roles: ['admin']
2025-05-19 18:48:41.728 69749 INFO tempest.lib.common.dynamic_creds [-] Acquired dynamic creds: credentials: Credentials: {'domain_id': 'default', 'domain_name': 'Default', 'username': 'tempest-ServersAdminNegativeTestJSON-1487686219-project-admin', 'project_domain_id': 'default', 'project_domain_name': 'Default', 'project_id': '8cafedc934cc4cce89fc63c005caf0eb', 'project_name': 'tempest-ServersAdminNegativeTestJSON-1487686219', 'tenant_id': '8cafedc934cc4cce89fc63c005caf0eb', 'tenant_name': 'tempest-ServersAdminNegativeTestJSON-1487686219', 'user_domain_id': 'default', 'user_domain_name': 'Default', 'user_id': 'd5c972eef39e4e8cbd0c5a01f277b577', 'system': None}, Network: None, Subnet: None, Router: None
2025-05-19 18:48:41.728 69749 INFO tempest.lib.common.dynamic_creds [-] Created isolated network resources for: credentials: Credentials: {'domain_id': 'default', 'domain_name': 'Default', 'username': 'tempest-ServersAdminNegativeTestJSON-1487686219-project-admin', 'project_domain_id': 'default', 'project_domain_name': 'Default', 'project_id': '8cafedc934cc4cce89fc63c005caf0eb', 'project_name': 'tempest-ServersAdminNegativeTestJSON-1487686219', 'tenant_id': '8cafedc934cc4cce89fc63c005caf0eb', 'tenant_name': 'tempest-ServersAdminNegativeTestJSON-1487686219', 'user_domain_id': 'default', 'user_domain_name': 'Default', 'user_id': 'd5c972eef39e4e8cbd0c5a01f277b577', 'system': None}, Network: None, Subnet: None, Router: None
2025-05-19 18:48:41.737 69771 INFO tempest.lib.common.rest_client [req-15ab806b-6726-42d3-a90c-7baac5b41a24 req-15ab806b-6726-42d3-a90c-7baac5b41a24 ] Request (AZAdminNegativeTestJSON:tearDownClass): 204 DELETE http://10.180.1.21:9696/networking/v2.0/security-groups/788eee48-55a7-490d-a015-47ad09eab7e2 0.139s
2025-05-19 18:48:41.737 69741 INFO tempest.lib.common.rest_client [req-d3d27e9b-78c7-45f5-b986-014eb052a9bd req-d3d27e9b-78c7-45f5-b986-014eb052a9bd ] Request (MigrationsAdminTest:test_list_migrations_in_flavor_resize_situation): 202 POST http://10.180.1.21/compute/v2.1/servers 2.640s
2025-05-19 18:48:41.824 69749 INFO tempest.lib.common.rest_client [req-bfe88b73-c1f0-4fd0-a393-1ecc933a498b req-bfe88b73-c1f0-4fd0-a393-1ecc933a498b ] Request (ServersAdminNegativeTestJSON:setUpClass): 201 POST http://10.180.1.21/identity/v3/auth/tokens 0.093s
2025-05-19 18:48:41.824 69749 WARNING tempest.lib.common.rest_client [-] Deprecated: "tenant_id" property is deprecated for removal, use "project_id" instead
2025-05-19 18:48:41.842 69771 INFO tempest.lib.common.rest_client [req-d05171e4-55c6-4d5e-905f-0100128b1a9e req-d05171e4-55c6-4d5e-905f-0100128b1a9e ] Request (AZAdminNegativeTestJSON:tearDownClass): 204 DELETE http://10.180.1.21/identity/v3/projects/141540b9a7914aa18f598a589a785720 0.105s
2025-05-19 18:48:41.842 69771 INFO tempest.lib.common.dynamic_creds [-] Deleting project and security group for project: e399ed8f6ec84e16ad6909115e1f1f45
2025-05-19 18:48:41.881 69781 INFO tempest.lib.common.rest_client [req-6a410c09-cc25-4418-8b71-655504ba85c3 req-6a410c09-cc25-4418-8b71-655504ba85c3 ] Request (ImagesNegativeTestJSON:test_create_image_from_deleted_server): 202 POST http://10.180.1.21/compute/v2.1/servers 2.703s
2025-05-19 18:48:41.913 69749 INFO tempest.lib.common.rest_client [req-a5022bde-ff38-4ab5-ae65-05a778e4c1be req-a5022bde-ff38-4ab5-ae65-05a778e4c1be ] Request (ServersAdminNegativeTestJSON:setUpClass): 201 POST http://10.180.1.21/identity/v3/auth/tokens 0.082s
2025-05-19 18:48:41.913 69749 INFO tempest.lib.common.fixed_network [-] (ServersAdminNegativeTestJSON:setUpClass) Found network None available for tenant
2025-05-19 18:48:41.976 69753 INFO tempest.lib.common.rest_client [req-c82a738b-b523-4d22-8f2b-56b8152a0cff req-c82a738b-b523-4d22-8f2b-56b8152a0cff ] Request (FlavorsV261TestJSON:test_crud_flavor): 200 GET http://10.180.1.21/compute/v2.1/flavors/2119878047 2.650s
2025-05-19 18:48:41.996 69771 INFO tempest.lib.common.rest_client [req-36e0192e-acf1-4945-b415-99d9eb19b318 req-36e0192e-acf1-4945-b415-99d9eb19b318 ] Request (AZAdminNegativeTestJSON:tearDownClass): 200 GET http://10.180.1.21:9696/networking/v2.0/security-groups?tenant_id=e399ed8f6ec84e16ad6909115e1f1f45&name=default 0.153s
2025-05-19 18:48:42.080 69743 INFO tempest.lib.common.rest_client [req-34ece2d2-3a4a-4c16-959f-71596dae4517 req-34ece2d2-3a4a-4c16-959f-71596dae4517 ] Request (QuotasAdminTestJSON:test_delete_quota): 200 GET http://10.180.1.21/compute/v2.1/os-quota-sets/21709ee31e74450f8005f692018ec3bd 2.623s
2025-05-19 18:48:42.155 69771 INFO tempest.lib.common.rest_client [req-e3f0a025-7fce-4c8f-bbf0-a168adedbf59 req-e3f0a025-7fce-4c8f-bbf0-a168adedbf59 ] Request (AZAdminNegativeTestJSON:tearDownClass): 204 DELETE http://10.180.1.21:9696/networking/v2.0/security-groups/498246ad-aba1-402a-bf87-8cb20d1bca94 0.158s
2025-05-19 18:48:42.189 69747 INFO tempest.lib.common.rest_client [req-c2396eb2-6d93-40c1-848b-aeaac538b971 req-c2396eb2-6d93-40c1-848b-aeaac538b971 ] Request (FlavorsAccessTestJSON:test_flavor_access_add_remove): 200 GET http://10.180.1.21/compute/v2.1/flavors/detail 2.553s
2025-05-19 18:48:42.217 69745 INFO tempest.lib.common.rest_client [req-ef08bb11-8f11-43d0-bc57-8ff6a710d233 req-ef08bb11-8f11-43d0-bc57-8ff6a710d233 ] Request (FlavorsExtraSpecsTestJSON:test_flavor_set_get_update_show_unset_keys): 200 POST http://10.180.1.21/compute/v2.1/flavors/682383566/os-extra_specs 2.567s
2025-05-19 18:48:42.224 69777 INFO tempest.lib.common.rest_client [req-57a6284f-09e8-4f6a-81b5-27cee24aac8e req-57a6284f-09e8-4f6a-81b5-27cee24aac8e ] Request (DeleteServersAdminTestJSON:test_admin_delete_servers_of_others): 202 POST http://10.180.1.21/compute/v2.1/servers 2.854s
2025-05-19 18:48:42.235 69751 INFO tempest.lib.common.rest_client [req-b4cb7197-db03-43ae-a9e9-c994d6e31c31 req-b4cb7197-db03-43ae-a9e9-c994d6e31c31 ] Request (FlavorsAdminTestJSON:_run_cleanups): 202 DELETE http://10.180.1.21/compute/v2.1/flavors/848900684 2.555s
2025-05-19 18:48:42.262 69797 INFO tempest.lib.common.rest_client [req-3d4414d1-ff35-47c8-8f9c-00d516877000 req-3d4414d1-ff35-47c8-8f9c-00d516877000 ] Request (FlavorsV2TestJSON:test_list_flavors_detailed_filter_by_min_ram): 200 GET http://10.180.1.21/compute/v2.1/flavors/detail?minRam=193 2.413s
2025-05-19 18:48:42.294 69771 INFO tempest.lib.common.rest_client [req-82b6861d-c37f-4aea-8537-2717b60a4057 req-82b6861d-c37f-4aea-8537-2717b60a4057 ] Request (AZAdminNegativeTestJSON:tearDownClass): 204 DELETE http://10.180.1.21/identity/v3/projects/e399ed8f6ec84e16ad6909115e1f1f45 0.138s
2025-05-19 18:48:42.295 69771 INFO tempest.test [-] raised in LiveMigrationNegativeTest.setUpClass. Invoking tearDownClass.
2025-05-19 18:48:42.296 69771 INFO tempest.test [-] raised in ServersOnMultiNodesTest.setUpClass. Invoking tearDownClass.
2025-05-19 18:48:42.327 69757 INFO tempest.lib.common.rest_client [req-04442ae9-7fe0-470a-8257-7411f05c88a1 req-04442ae9-7fe0-470a-8257-7411f05c88a1 ] Request (ImagesTestJSON:test_create_image_from_stopped_server): 200 GET http://10.180.1.21/compute/v2.1/servers/82b5d52d-04da-4771-87bc-110ccdf247b3 2.496s
2025-05-19 18:48:42.352 69761 INFO tempest.lib.common.rest_client [req-7c6027e7-32de-46fb-af59-22e94b11452d req-7c6027e7-32de-46fb-af59-22e94b11452d ] Request (HypervisorAdminV228Test:test_get_list_hypervisor_details): 200 GET http://10.180.1.21/compute/v2.1/os-hypervisors/1 2.381s
2025-05-19 18:48:42.372 69771 INFO tempest.lib.common.rest_client [req-93234ee9-bb19-4859-b8b4-50ce130e54c8 req-93234ee9-bb19-4859-b8b4-50ce130e54c8 ] Request (AttachInterfacesUnderV243Test:setUpClass): 201 POST http://10.180.1.21/identity/v3/auth/tokens 0.074s
2025-05-19 18:48:42.398 69793 INFO tempest.lib.common.rest_client [req-b8ad8439-b1f6-43e2-a99e-84f6a212c1ff req-b8ad8439-b1f6-43e2-a99e-84f6a212c1ff ] Request (NetworksTest:test_get_network): 200 GET http://10.180.1.21/compute/v2.1/os-networks/109fead2-2e0b-46e4-84d5-5dcdcf5b282e 2.138s
2025-05-19 18:48:42.401 69737 INFO tempest.lib.common.rest_client [req-89a738ae-4135-4bcc-8227-ac76c1dd5dd2 req-89a738ae-4135-4bcc-8227-ac76c1dd5dd2 ] Request (FlavorsAccessNegativeTestJSON:test_add_flavor_access_duplicate): 200 POST http://10.180.1.21/compute/v2.1/flavors 2.460s
2025-05-19 18:48:42.405 69771 INFO tempest.lib.common.rest_client [req-241266c6-957c-4e3c-a60c-aa02c4413d7d req-241266c6-957c-4e3c-a60c-aa02c4413d7d ] Request (AttachInterfacesUnderV243Test:setUpClass): 201 POST http://10.180.1.21/identity/v3/auth/tokens 0.029s
2025-05-19 18:48:42.451 69789 INFO tempest.lib.common.rest_client [req-89389536-e0cd-4e6b-84d7-65955eee15c6 req-89389536-e0cd-4e6b-84d7-65955eee15c6 ] Request (ListImageFiltersTestJSON:setUpClass): 200 GET http://10.180.1.21/compute/v2.1/images/1624ada1-27a7-418a-a8a2-b19bbddf6136 1.921s
2025-05-19 18:48:42.452 69761 INFO tempest.lib.common.rest_client [req-283d4f3b-22e4-4ed9-9282-5508cd547990 req-283d4f3b-22e4-4ed9-9282-5508cd547990 ] Request (HypervisorAdminV228Test:tearDownClass): 204 DELETE http://10.180.1.21/identity/v3/users/17257c9639bc40b7858ce754bd8e2416 0.090s
2025-05-19 18:48:42.463 69791 INFO tempest.lib.common.rest_client [req-9ad67934-3ebe-4b26-a8fe-0ead25b0cd6b req-9ad67934-3ebe-4b26-a8fe-0ead25b0cd6b ] Request (VolumesAssistedSnapshotsTest:setUpClass): 200 PUT http://10.180.1.21:9696/networking/v2.0/routers/9492db47-ceb5-4267-87dd-2a669811f690/add_router_interface 1.018s
2025-05-19 18:48:42.463 69791 INFO tempest.lib.common.dynamic_creds [-] Created isolated network resources for: credentials: Credentials: {'domain_id': 'default', 'domain_name': 'Default', 'username': 'tempest-VolumesAssistedSnapshotsTest-779989889-project-admin', 'project_domain_id': 'default', 'project_domain_name': 'Default', 'project_id': '4618626a4c7345a581a0d4c9f5dc72a8', 'project_name': 'tempest-VolumesAssistedSnapshotsTest-779989889', 'tenant_id': '4618626a4c7345a581a0d4c9f5dc72a8', 'tenant_name': 'tempest-VolumesAssistedSnapshotsTest-779989889', 'user_domain_id': 'default', 'user_domain_name': 'Default', 'user_id': '129e3119b1c64777ac03a82b1b038aad', 'system': None}, Network: {'id': '9bb6f2f0-a6bb-4042-a9b4-1b05482727b7', 'name': 'tempest-VolumesAssistedSnapshotsTest-1632820860-network', 'tenant_id': '4618626a4c7345a581a0d4c9f5dc72a8', 'admin_state_up': True, 'mtu': 8950, 'status': 'ACTIVE', 'subnets': [], 'shared': False, 'project_id': '4618626a4c7345a581a0d4c9f5dc72a8', 'port_security_enabled': True, 'router:external': False, 'provider:network_type': 'vlan', 'provider:physical_network': 'default', 'provider:segmentation_id': 14, 'availability_zone_hints': [], 'availability_zones': [], 'ipv4_address_scope': None, 'ipv6_address_scope': None, 'description': '', 'tags': [], 'created_at': '2025-05-19T18:48:40Z', 'updated_at': '2025-05-19T18:48:40Z', 'revision_number': 1}, Subnet: {'id': 'eb60cfe5-1a92-469e-9b00-7d87fb847aba', 'name': 'tempest-VolumesAssistedSnapshotsTest-1632820860-subnet', 'tenant_id': '4618626a4c7345a581a0d4c9f5dc72a8', 'network_id': '9bb6f2f0-a6bb-4042-a9b4-1b05482727b7', 'ip_version': 4, 'subnetpool_id': None, 'enable_dhcp': True, 'ipv6_ra_mode': None, 'ipv6_address_mode': None, 'gateway_ip': '192.168.128.1', 'cidr': '192.168.128.0/28', 'allocation_pools': [{'start': '192.168.128.2', 'end': '192.168.128.14'}], 'host_routes': [], 'dns_nameservers': [], 'description': '', 'router:external': False, 'service_types': [], 'tags': [], 'created_at': '2025-05-19T18:48:40Z', 'updated_at': '2025-05-19T18:48:40Z', 'revision_number': 0, 'project_id': '4618626a4c7345a581a0d4c9f5dc72a8'}, Router: {'id': '9492db47-ceb5-4267-87dd-2a669811f690', 'name': 'tempest-VolumesAssistedSnapshotsTest-1632820860-router', 'tenant_id': '4618626a4c7345a581a0d4c9f5dc72a8', 'admin_state_up': True, 'status': 'ACTIVE', 'external_gateway_info': {'network_id': '109fead2-2e0b-46e4-84d5-5dcdcf5b282e', 'external_fixed_ips': [{'subnet_id': '66c1fd33-1eb8-4378-93ce-eae7bc5d3a09', 'ip_address': '10.180.180.231'}], 'enable_snat': True}, 'description': '', 'availability_zones': [], 'distributed': False, 'ha': False, 'availability_zone_hints': [], 'routes': [], 'flavor_id': None, 'tags': [], 'created_at': '2025-05-19T18:48:40Z', 'updated_at': '2025-05-19T18:48:41Z', 'revision_number': 2, 'project_id': '4618626a4c7345a581a0d4c9f5dc72a8'}
2025-05-19 18:48:42.488 69755 INFO tempest.lib.common.rest_client [req-b8eb324e-d60b-4a37-b82b-3d47cf38cfb0 req-b8eb324e-d60b-4a37-b82b-3d47cf38cfb0 ] Request (ServerDiagnosticsNegativeTest:test_get_server_diagnostics_by_non_admin): 404 GET http://10.180.1.21/compute/v2.1/servers/d89ddc44-c27c-48dd-9996-f3a1df781f8c 1.931s
2025-05-19 18:48:42.517 69739 INFO tempest.lib.common.rest_client [req-e6a3591e-2bc6-4b41-8cd7-fc50e9c2b159 req-e6a3591e-2bc6-4b41-8cd7-fc50e9c2b159 ] Request (HostsAdminNegativeTestJSON:test_list_hosts_with_non_admin_user): 403 GET http://10.180.1.21/compute/v2.1/os-hosts 2.090s
2025-05-19 18:48:42.527 69759 INFO tempest.lib.common.rest_client [req-f627d96e-5b0b-444a-b895-f9766d5be209 req-f627d96e-5b0b-444a-b895-f9766d5be209 ] Request (AggregatesAdminNegativeTestJSON:test_aggregate_add_existent_host): 200 POST http://10.180.1.21/compute/v2.1/os-aggregates 1.929s
2025-05-19 18:48:42.536 69785 INFO tempest.lib.common.rest_client [req-f826dec0-27c1-4c4c-9e0b-3c1e8abbc177 req-f826dec0-27c1-4c4c-9e0b-3c1e8abbc177 ] Request (HostsAdminTestJSON:test_list_hosts_with_a_blank_zone): 200 GET http://10.180.1.21/compute/v2.1/os-hosts?zone= 1.838s
2025-05-19 18:48:42.545 69771 INFO tempest.lib.common.rest_client [req-b71d1a0b-ccad-4ce7-9a83-340fefa03998 req-b71d1a0b-ccad-4ce7-9a83-340fefa03998 ] Request (AttachInterfacesUnderV243Test:setUpClass): 200 GET http://10.180.1.21/identity/v3/domains?name=Default 0.140s
2025-05-19 18:48:42.577 69795 INFO tempest.lib.common.rest_client [req-37dfc9ff-75cc-4153-bacb-4a083c598b4c req-37dfc9ff-75cc-4153-bacb-4a083c598b4c ] Request (KeyPairsV210TestJSON:test_admin_manage_keypairs_for_other_users): 201 POST http://10.180.1.21/compute/v2.1/os-keypairs 1.748s
2025-05-19 18:48:42.605 69761 INFO tempest.lib.common.rest_client [req-9ef2b34c-c72f-4049-a41e-51d771f456fc req-9ef2b34c-c72f-4049-a41e-51d771f456fc ] Request (HypervisorAdminV228Test:tearDownClass): 204 DELETE http://10.180.1.21/identity/v3/users/595652e07c984c1a9b905768b45495ee 0.153s
2025-05-19 18:48:42.606 69761 INFO tempest.lib.common.dynamic_creds [-] Deleting project and security group for project: 60977ef0c74e460aa812ecd583cab9fc
2025-05-19 18:48:42.622 69791 INFO tempest.lib.common.rest_client [req-9e7502b1-207d-4349-9922-184bf4b03da3 req-9e7502b1-207d-4349-9922-184bf4b03da3 ] Request (VolumesAssistedSnapshotsTest:setUpClass): 201 POST http://10.180.1.21/identity/v3/auth/tokens 0.155s
2025-05-19 18:48:42.694 69755 INFO tempest.lib.common.rest_client [req-e76969a2-c362-499b-8d17-33292fc1a4c8 req-e76969a2-c362-499b-8d17-33292fc1a4c8 ] Request (ServerDiagnosticsNegativeTest:tearDownClass): 204 DELETE http://10.180.1.21/identity/v3/users/c1877ee8b1564d8a82337d97b01ffe0c 0.195s
2025-05-19 18:48:42.756 69771 INFO tempest.lib.common.rest_client [req-068ba9cf-6a1e-464d-8315-64308e3094ec req-068ba9cf-6a1e-464d-8315-64308e3094ec ] Request (AttachInterfacesUnderV243Test:setUpClass): 201 POST http://10.180.1.21/identity/v3/projects 0.210s
2025-05-19 18:48:42.756 69783 INFO tempest.lib.common.rest_client [req-51b5d349-6bcf-4a61-bea4-ebcf738c836b req-51b5d349-6bcf-4a61-bea4-ebcf738c836b ] Request (FlavorsExtraSpecsNegativeTestJSON:test_flavor_get_nonexistent_key): 404 GET http://10.180.1.21/compute/v2.1/flavors/1581041384/os-extra_specs/hw:cpu_thread_policy 1.973s
2025-05-19 18:48:42.812 69761 INFO tempest.lib.common.rest_client [req-b5c0a2cf-05d1-457f-839e-b5480978671c req-b5c0a2cf-05d1-457f-839e-b5480978671c ] Request (HypervisorAdminV228Test:tearDownClass): 201 POST http://10.180.1.21/identity/v3/auth/tokens 0.206s
2025-05-19 18:48:42.838 69773 INFO tempest.lib.common.rest_client [req-b0e7d027-6c57-40bc-bf9c-a7c3fe5007bb req-b0e7d027-6c57-40bc-bf9c-a7c3fe5007bb ] Request (FlavorsV255TestJSON:test_crud_flavor): 200 GET http://10.180.1.21/compute/v2.1/flavors/922351566 1.942s
2025-05-19 18:48:42.842 69791 INFO tempest.lib.common.rest_client [req-951a02b8-85d5-4a00-8abc-460d6a3ef26d req-951a02b8-85d5-4a00-8abc-460d6a3ef26d ] Request (VolumesAssistedSnapshotsTest:setUpClass): 201 POST http://10.180.1.21/identity/v3/projects 0.219s
2025-05-19 18:48:42.863 69735 INFO tempest.lib.common.rest_client [req-c25aedfe-36aa-4d30-94e0-643a60a12913 req-c25aedfe-36aa-4d30-94e0-643a60a12913 ] Request (AZAdminV2TestJSON:test_get_availability_zone_list_detail): 200 GET http://10.180.1.21/compute/v2.1/os-availability-zone/detail 1.773s
2025-05-19 18:48:42.896 69755 INFO tempest.lib.common.rest_client [req-37737907-08d1-41a3-b074-eb8393216311 req-37737907-08d1-41a3-b074-eb8393216311 ] Request (ServerDiagnosticsNegativeTest:tearDownClass): 204 DELETE http://10.180.1.21/identity/v3/users/0152338cf2aa47c98bb9d429682931d9 0.201s
2025-05-19 18:48:42.896 69755 INFO tempest.lib.common.dynamic_creds [-] Deleting project and security group for project: 5f5d81bb76bf479d98ea64186d483379
2025-05-19 18:48:42.928 69771 INFO tempest.lib.common.rest_client [req-7f6a8744-9965-4ce2-af24-20df590d263b req-7f6a8744-9965-4ce2-af24-20df590d263b ] Request (AttachInterfacesUnderV243Test:setUpClass): 201 POST http://10.180.1.21/identity/v3/users 0.171s
2025-05-19 18:48:43.051 69791 INFO tempest.lib.common.rest_client [req-28505f9c-ee77-4173-9686-38aaaec4e51f req-28505f9c-ee77-4173-9686-38aaaec4e51f ] Request (VolumesAssistedSnapshotsTest:setUpClass): 201 POST http://10.180.1.21/identity/v3/users 0.209s
2025-05-19 18:48:43.115 69779 INFO tempest.lib.common.rest_client [req-48342d04-8aad-4d8c-99dc-27d1e01560ef req-48342d04-8aad-4d8c-99dc-27d1e01560ef ] Request (ServersWithSpecificFlavorTestJSON:test_verify_created_server_ephemeral_disk): 200 GET http://10.180.1.21/compute/v2.1/flavors/42 1.987s
2025-05-19 18:48:43.119 69735 INFO tempest.lib.common.rest_client [req-56cb8a83-9816-4ce0-add1-17ce12866419 req-56cb8a83-9816-4ce0-add1-17ce12866419 ] Request (AZAdminV2TestJSON:tearDownClass): 204 DELETE http://10.180.1.21/identity/v3/users/5a8919fb62694499a45d15f18e96eaaa 0.251s
2025-05-19 18:48:43.142 69761 INFO tempest.lib.common.rest_client [req-7ca0510b-fff3-42da-8e83-6794b5254435 req-7ca0510b-fff3-42da-8e83-6794b5254435 ] Request (HypervisorAdminV228Test:tearDownClass): 200 GET http://10.180.1.21:9696/networking/v2.0/security-groups?tenant_id=60977ef0c74e460aa812ecd583cab9fc&name=default 0.330s
2025-05-19 18:48:43.148 69763 INFO tempest.lib.common.rest_client [req-dd9d6067-5f99-49c4-9d2c-f8a7dd90ec8b req-dd9d6067-5f99-49c4-9d2c-f8a7dd90ec8b ] Request (ServerDiagnosticsV248Test:test_get_server_diagnostics): 202 POST http://10.180.1.21/compute/v2.1/servers 2.161s
2025-05-19 18:48:43.164 69755 INFO tempest.lib.common.rest_client [req-0eba9943-2eec-4e1c-823f-df6b50fcaf9e req-0eba9943-2eec-4e1c-823f-df6b50fcaf9e ] Request (ServerDiagnosticsNegativeTest:tearDownClass): 201 POST http://10.180.1.21/identity/v3/auth/tokens 0.266s
2025-05-19 18:48:43.176 69771 INFO tempest.lib.common.rest_client [req-74c65e26-eaf9-4b70-8d8b-47291ce22062 req-74c65e26-eaf9-4b70-8d8b-47291ce22062 ] Request (AttachInterfacesUnderV243Test:setUpClass): 200 GET http://10.180.1.21/identity/v3/roles 0.248s
2025-05-19 18:48:43.191 69791 INFO tempest.lib.common.rest_client [req-83513a51-9c5f-47c4-8896-8d2f595fa734 req-83513a51-9c5f-47c4-8896-8d2f595fa734 ] Request (VolumesAssistedSnapshotsTest:setUpClass): 200 GET http://10.180.1.21/identity/v3/roles 0.139s
2025-05-19 18:48:43.256 69761 INFO tempest.lib.common.rest_client [req-cad162a3-74e0-4fb8-9293-f8a49747d9c1 req-cad162a3-74e0-4fb8-9293-f8a49747d9c1 ] Request (HypervisorAdminV228Test:tearDownClass): 204 DELETE http://10.180.1.21:9696/networking/v2.0/security-groups/35026140-ed16-4458-a6fd-fa9a14d8ed53 0.113s
2025-05-19 18:48:43.260 69735 INFO tempest.lib.common.rest_client [req-7f000bbf-5da1-4337-bf40-6262a67500b1 req-7f000bbf-5da1-4337-bf40-6262a67500b1 ] Request (AZAdminV2TestJSON:tearDownClass): 204 DELETE http://10.180.1.21/identity/v3/users/03590fc59bc448ee9b3302106000d834 0.139s
2025-05-19 18:48:43.261 69735 INFO tempest.lib.common.dynamic_creds [-] Deleting project and security group for project: effc72f166324faaa798e680c18f6a15
2025-05-19 18:48:43.267 69769 INFO tempest.lib.common.rest_client [req-1ed62d30-4d14-4d07-a0d2-8ab0f8c40be3 req-1ed62d30-4d14-4d07-a0d2-8ab0f8c40be3 ] Request (InstanceUsageAuditLogNegativeTestJSON:test_instance_usage_audit_logs_with_nonadmin_user): 403 GET http://10.180.1.21/compute/v2.1/os-instance_usage_audit_log 2.029s
2025-05-19 18:48:43.273 69775 INFO tempest.lib.common.rest_client [req-f4a7f067-e3a7-459c-ba7a-dfac82a6f1dd req-f4a7f067-e3a7-459c-ba7a-dfac82a6f1dd ] Request (HypervisorAdminNegativeTestJSON:test_get_hypervisor_list_with_non_admin_user): 403 GET http://10.180.1.21/compute/v2.1/os-hypervisors 1.890s
2025-05-19 18:48:43.296 69765 INFO tempest.lib.common.rest_client [req-ada9c122-9fca-4474-9874-87395d27ca28 req-ada9c122-9fca-4474-9874-87395d27ca28 ] Request (SecurityGroupRulesTestJSON:test_security_group_rules_create): 200 POST http://10.180.1.21/compute/v2.1/os-security-group-rules 2.020s
2025-05-19 18:48:43.318 69771 INFO tempest.lib.common.rest_client [req-7c31159a-b76f-4106-b981-f96fa993a467 req-7c31159a-b76f-4106-b981-f96fa993a467 ] Request (AttachInterfacesUnderV243Test:setUpClass): 204 PUT http://10.180.1.21/identity/v3/projects/a4799508c1ed41e59a5ff7124d93a594/users/da29b8758fb84a91a4b8ba43ad6021c2/roles/eea3e0f4155e44c9bcbed79a08e1b091 0.141s
2025-05-19 18:48:43.318 69771 INFO tempest.lib.common.dynamic_creds [-] Dynamic test user da29b8758fb84a91a4b8ba43ad6021c2 is created with scope project and roles: ['member']
2025-05-19 18:48:43.318 69771 INFO tempest.lib.common.dynamic_creds [-] Acquired dynamic creds: credentials: Credentials: {'domain_id': 'default', 'domain_name': 'Default', 'username': 'tempest-AttachInterfacesUnderV243Test-1447128109-project-member', 'project_domain_id': 'default', 'project_domain_name': 'Default', 'project_id': 'a4799508c1ed41e59a5ff7124d93a594', 'project_name': 'tempest-AttachInterfacesUnderV243Test-1447128109', 'tenant_id': 'a4799508c1ed41e59a5ff7124d93a594', 'tenant_name': 'tempest-AttachInterfacesUnderV243Test-1447128109', 'user_domain_id': 'default', 'user_domain_name': 'Default', 'user_id': 'da29b8758fb84a91a4b8ba43ad6021c2', 'system': None}, Network: None, Subnet: None, Router: None
2025-05-19 18:48:43.363 69741 INFO tempest.lib.common.rest_client [req-3435c347-ad19-474a-bb24-5dd50fd0c23a req-3435c347-ad19-474a-bb24-5dd50fd0c23a ] Request (MigrationsAdminTest:test_list_migrations_in_flavor_resize_situation): 200 GET http://10.180.1.21/compute/v2.1/servers/ac1ace10-6773-4110-8a17-c9bb90fdd072 1.624s
2025-05-19 18:48:43.367 69781 INFO tempest.lib.common.rest_client [req-76eea4fe-ee21-4fd0-8d49-80a8b0311238 req-76eea4fe-ee21-4fd0-8d49-80a8b0311238 ] Request (ImagesNegativeTestJSON:test_create_image_from_deleted_server): 200 GET http://10.180.1.21/compute/v2.1/servers/c7dcf459-d9c6-4276-8d5f-22cf3cc75ffc 1.484s
2025-05-19 18:48:43.393 69791 INFO tempest.lib.common.rest_client [req-cbd5633e-6dde-4ae9-90dc-5316dba13487 req-cbd5633e-6dde-4ae9-90dc-5316dba13487 ] Request (VolumesAssistedSnapshotsTest:setUpClass): 204 PUT http://10.180.1.21/identity/v3/projects/720407874d5949838926bcfd64e307b2/users/8749cceeedfe4fbdb286924bf536c766/roles/b145f2edebe947658da02a7dcc0a6da9 0.202s
2025-05-19 18:48:43.407 69753 INFO tempest.lib.common.rest_client [req-c19f1f5a-f07e-4259-bcab-21a8d3fb37c3 req-c19f1f5a-f07e-4259-bcab-21a8d3fb37c3 ] Request (FlavorsV261TestJSON:test_crud_flavor): 200 PUT http://10.180.1.21/compute/v2.1/flavors/2119878047 1.426s
2025-05-19 18:48:43.428 69761 INFO tempest.lib.common.rest_client [req-94d6346c-c639-4d59-a5ee-69705b2af81e req-94d6346c-c639-4d59-a5ee-69705b2af81e ] Request (HypervisorAdminV228Test:tearDownClass): 204 DELETE http://10.180.1.21/identity/v3/projects/60977ef0c74e460aa812ecd583cab9fc 0.171s
2025-05-19 18:48:43.428 69761 INFO tempest.lib.common.dynamic_creds [-] Deleting project and security group for project: 089a48c5f9ed40ea89d061d1e56b5b3d
2025-05-19 18:48:43.430 69755 INFO tempest.lib.common.rest_client [req-8734b542-97e8-4a5e-bc0a-3ab5ef33e982 req-8734b542-97e8-4a5e-bc0a-3ab5ef33e982 ] Request (ServerDiagnosticsNegativeTest:tearDownClass): 200 GET http://10.180.1.21:9696/networking/v2.0/security-groups?tenant_id=5f5d81bb76bf479d98ea64186d483379&name=default 0.266s
2025-05-19 18:48:43.447 69735 INFO tempest.lib.common.rest_client [req-f47b78b5-c835-4e2b-838f-f15e2336cf43 req-f47b78b5-c835-4e2b-838f-f15e2336cf43 ] Request (AZAdminV2TestJSON:tearDownClass): 201 POST http://10.180.1.21/identity/v3/auth/tokens 0.186s
2025-05-19 18:48:43.450 69771 INFO tempest.lib.common.rest_client [req-e5f39316-3e57-4e1d-b760-48a3a02fb1bd req-e5f39316-3e57-4e1d-b760-48a3a02fb1bd ] Request (AttachInterfacesUnderV243Test:setUpClass): 201 POST http://10.180.1.21/identity/v3/auth/tokens 0.132s
2025-05-19 18:48:43.475 69791 INFO tempest.lib.common.rest_client [req-c4aab32c-dec4-4da2-8af7-6514fa7c620d req-c4aab32c-dec4-4da2-8af7-6514fa7c620d ] Request (VolumesAssistedSnapshotsTest:setUpClass): 200 GET http://10.180.1.21/identity/v3/roles 0.081s
