2025-05-19 18:49:21.067 69761 INFO tempest.lib.common.rest_client [req-b2a139f6-118e-44a2-bc09-8f3a3cc0f4ad req-b2a139f6-118e-44a2-bc09-8f3a3cc0f4ad ] Request (ServersAdmin275Test:tearDownClass): 200 GET http://10.180.1.21:9696/networking/v2.0/security-groups?tenant_id=51570c3ddc564491b9d7309d558d7a31&name=default 1.141s
2025-05-19 18:49:21.087 69767 INFO tempest.lib.common.rest_client [req-c8d72b80-dc87-42b3-a6a3-cc99a7f06511 req-c8d72b80-dc87-42b3-a6a3-cc99a7f06511 ] Request (QuotasAdminTestV236:_run_cleanups): 204 DELETE http://10.180.1.21/identity/v3/users/dc7eb1daa4594838938e5ec94b976312 0.087s
2025-05-19 18:49:21.097 69759 INFO tempest.lib.common.rest_client [req-dcdcbdb7-a3a3-412c-b022-bd0abb91e9b7 req-dcdcbdb7-a3a3-412c-b022-bd0abb91e9b7 ] Request (ServerDiagnosticsTest:setUpClass): 201 POST http://10.180.1.21/identity/v3/auth/tokens 0.062s
2025-05-19 18:49:21.148 69751 INFO tempest.lib.common.rest_client [req-95a9df79-567d-4c0d-9302-eda9be24c3a6 req-95a9df79-567d-4c0d-9302-eda9be24c3a6 ] Request (FlavorsAdminTestJSON:tearDownClass): 200 GET http://10.180.1.21:9696/networking/v2.0/security-groups?tenant_id=226fd52049c444e29f36137db48e25f3&name=default 0.734s
2025-05-19 18:49:21.191 69759 INFO tempest.lib.common.rest_client [req-b2da7d3d-2e55-41e0-9b56-abce03fcea2f req-b2da7d3d-2e55-41e0-9b56-abce03fcea2f ] Request (ServerDiagnosticsTest:setUpClass): 200 GET http://10.180.1.21/identity/v3/domains?name=Default 0.091s
2025-05-19 18:49:21.223 69767 INFO tempest.lib.common.rest_client [req-a6fc9a59-637e-42fc-96c1-1a3d7adc7ff3 req-a6fc9a59-637e-42fc-96c1-1a3d7adc7ff3 ] Request (QuotasAdminTestV236:_run_cleanups): 204 DELETE http://10.180.1.21/identity/v3/projects/49ad5a1f12584ce6852451eaa3ae5786 0.135s
2025-05-19 18:49:21.288 69759 INFO tempest.lib.common.rest_client [req-4310eaff-c679-4c5c-b065-ce1ef28e6811 req-4310eaff-c679-4c5c-b065-ce1ef28e6811 ] Request (ServerDiagnosticsTest:setUpClass): 201 POST http://10.180.1.21/identity/v3/projects 0.096s
2025-05-19 18:49:21.344 69767 INFO tempest.lib.common.rest_client [req-8546d557-6456-4b5b-9bb8-d34e3eebbf98 req-8546d557-6456-4b5b-9bb8-d34e3eebbf98 ] Request (QuotasAdminTestV236:tearDownClass): 204 DELETE http://10.180.1.21/identity/v3/users/872e1f8d52a64f58872dde5bad66b504 0.111s
2025-05-19 18:49:21.423 69781 INFO tempest.lib.common.rest_client [req-95a084ff-6934-4621-85a8-3f72120a52bc req-95a084ff-6934-4621-85a8-3f72120a52bc ] Request (ValidationResourcesFixture:setUp): 201 POST http://10.180.1.21:9696/networking/v2.0/security-group-rules 0.659s
2025-05-19 18:49:21.424 69777 INFO tempest.lib.common.rest_client [req-eea72a6a-e521-4f4d-9991-ae198a16c3db req-eea72a6a-e521-4f4d-9991-ae198a16c3db ] Request (ImagesOneServerNegativeTestJSON:setUpClass): 204 DELETE http://10.180.1.21/compute/v2.1/servers/e4d42585-401f-429a-83f1-c73bb56ee277 1.862s
2025-05-19 18:49:21.428 69763 INFO tempest.lib.common.rest_client [req-90dfa6df-950d-40c9-97a1-56fa1cee8b20 req-90dfa6df-950d-40c9-97a1-56fa1cee8b20 ] Request (SecurityGroupsNegativeTestJSON:test_delete_security_group_without_passing_id): 404 DELETE http://10.180.1.21/compute/v2.1/os-security-groups/ 1.686s
2025-05-19 18:49:21.455 69759 INFO tempest.lib.common.rest_client [req-8907f2fc-3567-479b-bf84-178b9db4f5c2 req-8907f2fc-3567-479b-bf84-178b9db4f5c2 ] Request (ServerDiagnosticsTest:setUpClass): 201 POST http://10.180.1.21/identity/v3/users 0.166s
2025-05-19 18:49:21.456 69749 INFO tempest.lib.common.rest_client [req-43e51e96-f017-4cb2-910f-8f9794c8aa16 req-43e51e96-f017-4cb2-910f-8f9794c8aa16 ] Request (ServersV294TestFqdnHostnames:setUpClass): 201 POST http://10.180.1.21:9696/networking/v2.0/security-group-rules 0.564s
2025-05-19 18:49:21.476 69747 INFO tempest.lib.common.rest_client [req-a5e9d9f3-0429-423c-a363-83e6c8615411 req-a5e9d9f3-0429-423c-a363-83e6c8615411 ] Request (ImagesMetadataTestJSON:setUpClass): 200 GET http://10.180.1.21/compute/v2.1/images/b2b53214-b14e-4de9-9ac8-bf0bb3eefb9e 1.552s
2025-05-19 18:49:21.501 69759 INFO tempest.lib.common.rest_client [req-aa7c4773-6f70-4070-9799-18852c1d6332 req-aa7c4773-6f70-4070-9799-18852c1d6332 ] Request (ServerDiagnosticsTest:setUpClass): 200 GET http://10.180.1.21/identity/v3/roles 0.045s
2025-05-19 18:49:21.543 69767 INFO tempest.lib.common.rest_client [req-8f9aa8dc-8ddd-48ce-af87-10e54763a230 req-8f9aa8dc-8ddd-48ce-af87-10e54763a230 ] Request (QuotasAdminTestV236:tearDownClass): 204 DELETE http://10.180.1.21/identity/v3/users/e3392f03a0744522a225ade29c407f38 0.198s
2025-05-19 18:49:21.543 69767 INFO tempest.lib.common.dynamic_creds [-] Deleting project and security group for project: aab01a2a913744b9bd1b588e450f216d
2025-05-19 18:49:21.591 69741 INFO tempest.lib.common.rest_client [req-78c84e18-028b-4609-beab-af898be49751 req-78c84e18-028b-4609-beab-af898be49751 ] Request (ServicesAdminNegativeV253TestJSON:tearDownClass): 204 DELETE http://10.180.1.21:9696/networking/v2.0/security-groups/953e775b-22fc-446d-a0dd-16c550a5a664 0.570s
2025-05-19 18:49:21.607 69759 INFO tempest.lib.common.rest_client [req-cfa857d3-7dc3-41b8-9619-1fc01440c076 req-cfa857d3-7dc3-41b8-9619-1fc01440c076 ] Request (ServerDiagnosticsTest:setUpClass): 204 PUT http://10.180.1.21/identity/v3/projects/dfcbd330876e4b05894e310c50c9be43/users/f91ea91a6ca843cc9f1f293005f1155c/roles/eea3e0f4155e44c9bcbed79a08e1b091 0.106s
2025-05-19 18:49:21.608 69759 INFO tempest.lib.common.dynamic_creds [-] Dynamic test user f91ea91a6ca843cc9f1f293005f1155c is created with scope project and roles: ['member']
2025-05-19 18:49:21.608 69759 INFO tempest.lib.common.dynamic_creds [-] Acquired dynamic creds: credentials: Credentials: {'domain_id': 'default', 'domain_name': 'Default', 'username': 'tempest-ServerDiagnosticsTest-1134062439-project-member', 'project_domain_id': 'default', 'project_domain_name': 'Default', 'project_id': 'dfcbd330876e4b05894e310c50c9be43', 'project_name': 'tempest-ServerDiagnosticsTest-1134062439', 'tenant_id': 'dfcbd330876e4b05894e310c50c9be43', 'tenant_name': 'tempest-ServerDiagnosticsTest-1134062439', 'user_domain_id': 'default', 'user_domain_name': 'Default', 'user_id': 'f91ea91a6ca843cc9f1f293005f1155c', 'system': None}, Network: None, Subnet: None, Router: None
2025-05-19 18:49:21.608 69759 INFO tempest.lib.common.dynamic_creds [-] Created isolated network resources for: credentials: Credentials: {'domain_id': 'default', 'domain_name': 'Default', 'username': 'tempest-ServerDiagnosticsTest-1134062439-project-member', 'project_domain_id': 'default', 'project_domain_name': 'Default', 'project_id': 'dfcbd330876e4b05894e310c50c9be43', 'project_name': 'tempest-ServerDiagnosticsTest-1134062439', 'tenant_id': 'dfcbd330876e4b05894e310c50c9be43', 'tenant_name': 'tempest-ServerDiagnosticsTest-1134062439', 'user_domain_id': 'default', 'user_domain_name': 'Default', 'user_id': 'f91ea91a6ca843cc9f1f293005f1155c', 'system': None}, Network: None, Subnet: None, Router: None
2025-05-19 18:49:21.661 69767 INFO tempest.lib.common.rest_client [req-aeeca3ca-14be-49b5-9075-a723162c736e req-aeeca3ca-14be-49b5-9075-a723162c736e ] Request (QuotasAdminTestV236:tearDownClass): 201 POST http://10.180.1.21/identity/v3/auth/tokens 0.118s
2025-05-19 18:49:21.736 69741 INFO tempest.lib.common.rest_client [req-9ee9d623-cf50-4800-82b1-d97073fbf185 req-9ee9d623-cf50-4800-82b1-d97073fbf185 ] Request (ServicesAdminNegativeV253TestJSON:tearDownClass): 204 DELETE http://10.180.1.21/identity/v3/projects/d04edc04ed2e4238ba21d950f6953cd6 0.145s
2025-05-19 18:49:21.737 69759 INFO tempest.lib.common.rest_client [req-c6ca4956-0f8a-4938-b18f-319d9f679930 req-c6ca4956-0f8a-4938-b18f-319d9f679930 ] Request (ServerDiagnosticsTest:setUpClass): 201 POST http://10.180.1.21/identity/v3/auth/tokens 0.126s
2025-05-19 18:49:21.801 69759 INFO tempest.lib.common.rest_client [req-251eb546-18e5-4a54-a453-4f21d7c58fd2 req-251eb546-18e5-4a54-a453-4f21d7c58fd2 ] Request (ServerDiagnosticsTest:setUpClass): 201 POST http://10.180.1.21/identity/v3/projects 0.064s
2025-05-19 18:49:21.869 69735 INFO tempest.lib.common.rest_client [req-b3e1bff7-9ae1-4aa8-8127-b43a2f38e23a req-b3e1bff7-9ae1-4aa8-8127-b43a2f38e23a ] Request (FloatingIPDetailsTestJSON:setUpClass): 201 POST http://10.180.1.21:9696/networking/v2.0/subnets 2.204s
2025-05-19 18:49:21.891 69741 INFO tempest.lib.common.rest_client [req-8ebf3d21-33af-4b05-985d-f41b2567af55 req-8ebf3d21-33af-4b05-985d-f41b2567af55 ] Request (ServerGroupTestJSON:setUpClass): 201 POST http://10.180.1.21/identity/v3/auth/tokens 0.153s
2025-05-19 18:49:21.902 69755 INFO tempest.lib.common.rest_client [req-74ddb22b-fabe-4f29-8c9b-daecc18b9588 req-74ddb22b-fabe-4f29-8c9b-daecc18b9588 ] Request (DeleteServersTestJSON:test_delete_active_server): 202 POST http://10.180.1.21/compute/v2.1/servers 4.115s
2025-05-19 18:49:21.902 69759 INFO tempest.lib.common.rest_client [req-c8734765-917c-49b9-8a92-887067cc8849 req-c8734765-917c-49b9-8a92-887067cc8849 ] Request (ServerDiagnosticsTest:setUpClass): 201 POST http://10.180.1.21/identity/v3/users 0.099s
2025-05-19 18:49:21.932 69759 INFO tempest.lib.common.rest_client [req-d4890b20-9a5d-4518-ab50-1188fcb99700 req-d4890b20-9a5d-4518-ab50-1188fcb99700 ] Request (ServerDiagnosticsTest:setUpClass): 200 GET http://10.180.1.21/identity/v3/roles 0.029s
2025-05-19 18:49:21.933 69741 INFO tempest.lib.common.rest_client [req-1bb40837-a682-44e6-82ed-058b16cc9388 req-1bb40837-a682-44e6-82ed-058b16cc9388 ] Request (ServerGroupTestJSON:setUpClass): 201 POST http://10.180.1.21/identity/v3/auth/tokens 0.040s
2025-05-19 18:49:21.946 69783 INFO tempest.lib.common.rest_client [req-0d02df1d-2eb7-4d0e-92ef-9c06c59d50eb req-0d02df1d-2eb7-4d0e-92ef-9c06c59d50eb ] Request (ListImagesTestJSON:test_list_images_with_detail): 200 GET http://10.180.1.21/compute/v2.1/images/detail 1.117s
2025-05-19 18:49:21.970 69741 INFO tempest.lib.common.rest_client [req-dc6f9fea-dcfc-4f77-959b-dbb2a27678eb req-dc6f9fea-dcfc-4f77-959b-dbb2a27678eb ] Request (ServerGroupTestJSON:setUpClass): 200 GET http://10.180.1.21/identity/v3/domains?name=Default 0.036s
2025-05-19 18:49:21.975 69759 INFO tempest.lib.common.rest_client [req-141b6000-18e9-4aa6-ad21-97b8b1aa907a req-141b6000-18e9-4aa6-ad21-97b8b1aa907a ] Request (ServerDiagnosticsTest:setUpClass): 204 PUT http://10.180.1.21/identity/v3/projects/3f7c900d648f4008b89cf66f95213a3f/users/66770542c182459290a02df41dc7a162/roles/b145f2edebe947658da02a7dcc0a6da9 0.042s
2025-05-19 18:49:21.978 69737 INFO tempest.lib.common.rest_client [req-52f2cf8e-98f0-4576-bb43-42b0ab2a6e74 req-52f2cf8e-98f0-4576-bb43-42b0ab2a6e74 ] Request (FloatingIPsAssociationTestJSON:setUpClass): 201 POST http://10.180.1.21:9696/networking/v2.0/subnets 1.384s
2025-05-19 18:49:22.079 69783 INFO tempest.lib.common.rest_client [req-16d64f6b-a856-49c1-bc54-5b6852e31adc req-16d64f6b-a856-49c1-bc54-5b6852e31adc ] Request (ListImagesTestJSON:tearDownClass): 204 DELETE http://10.180.1.21/identity/v3/users/e4d14ad859684f4490c0c1a48d330985 0.122s
2025-05-19 18:49:22.079 69783 INFO tempest.lib.common.dynamic_creds [-] Deleting project and security group for project: 5ef8a9e6558d40049894070ab0a40674
2025-05-19 18:49:22.165 69741 INFO tempest.lib.common.rest_client [req-47e90c6a-4a19-4b7e-9aa2-4484bbd2d7cc req-47e90c6a-4a19-4b7e-9aa2-4484bbd2d7cc ] Request (ServerGroupTestJSON:setUpClass): 201 POST http://10.180.1.21/identity/v3/projects 0.194s
2025-05-19 18:49:22.172 69759 INFO tempest.lib.common.rest_client [req-55c9973d-5415-4eff-af04-285a0f57f21d req-55c9973d-5415-4eff-af04-285a0f57f21d ] Request (ServerDiagnosticsTest:setUpClass): 200 GET http://10.180.1.21/identity/v3/roles 0.196s
2025-05-19 18:49:22.236 69741 INFO tempest.lib.common.rest_client [req-0b314d11-38cf-452c-bd82-e2462660969f req-0b314d11-38cf-452c-bd82-e2462660969f ] Request (ServerGroupTestJSON:setUpClass): 201 POST http://10.180.1.21/identity/v3/users 0.070s
2025-05-19 18:49:22.238 69783 INFO tempest.lib.common.rest_client [req-17ae3cf5-947b-4a87-bc95-d9d85ac4a577 req-17ae3cf5-947b-4a87-bc95-d9d85ac4a577 ] Request (ListImagesTestJSON:tearDownClass): 201 POST http://10.180.1.21/identity/v3/auth/tokens 0.158s
2025-05-19 18:49:22.259 69759 INFO tempest.lib.common.rest_client [req-03977142-1128-4044-a52e-6c24616e82ea req-03977142-1128-4044-a52e-6c24616e82ea ] Request (ServerDiagnosticsTest:setUpClass): 204 PUT http://10.180.1.21/identity/v3/projects/3f7c900d648f4008b89cf66f95213a3f/users/66770542c182459290a02df41dc7a162/roles/b145f2edebe947658da02a7dcc0a6da9 0.087s
2025-05-19 18:49:22.260 69759 INFO tempest.lib.common.dynamic_creds [-] Dynamic test user 66770542c182459290a02df41dc7a162 is created with scope project and roles: ['admin']
2025-05-19 18:49:22.260 69759 INFO tempest.lib.common.dynamic_creds [-] Acquired dynamic creds: credentials: Credentials: {'domain_id': 'default', 'domain_name': 'Default', 'username': 'tempest-ServerDiagnosticsTest-1679919189-project-admin', 'project_domain_id': 'default', 'project_domain_name': 'Default', 'project_id': '3f7c900d648f4008b89cf66f95213a3f', 'project_name': 'tempest-ServerDiagnosticsTest-1679919189', 'tenant_id': '3f7c900d648f4008b89cf66f95213a3f', 'tenant_name': 'tempest-ServerDiagnosticsTest-1679919189', 'user_domain_id': 'default', 'user_domain_name': 'Default', 'user_id': '66770542c182459290a02df41dc7a162', 'system': None}, Network: None, Subnet: None, Router: None
2025-05-19 18:49:22.260 69759 INFO tempest.lib.common.dynamic_creds [-] Created isolated network resources for: credentials: Credentials: {'domain_id': 'default', 'domain_name': 'Default', 'username': 'tempest-ServerDiagnosticsTest-1679919189-project-admin', 'project_domain_id': 'default', 'project_domain_name': 'Default', 'project_id': '3f7c900d648f4008b89cf66f95213a3f', 'project_name': 'tempest-ServerDiagnosticsTest-1679919189', 'tenant_id': '3f7c900d648f4008b89cf66f95213a3f', 'tenant_name': 'tempest-ServerDiagnosticsTest-1679919189', 'user_domain_id': 'default', 'user_domain_name': 'Default', 'user_id': '66770542c182459290a02df41dc7a162', 'system': None}, Network: None, Subnet: None, Router: None
2025-05-19 18:49:22.261 69741 INFO tempest.lib.common.rest_client [req-5b85a5cb-1255-4841-8c31-8fa110249111 req-5b85a5cb-1255-4841-8c31-8fa110249111 ] Request (ServerGroupTestJSON:setUpClass): 200 GET http://10.180.1.21/identity/v3/roles 0.024s
2025-05-19 18:49:22.315 69761 INFO tempest.lib.common.rest_client [req-5a442aa1-98b1-484f-99dd-204adbc3eb44 req-5a442aa1-98b1-484f-99dd-204adbc3eb44 ] Request (ServersAdmin275Test:tearDownClass): 204 DELETE http://10.180.1.21:9696/networking/v2.0/security-groups/bf1646ed-28cd-4326-9dca-82656b917ff0 1.247s
2025-05-19 18:49:22.337 69759 INFO tempest.lib.common.rest_client [req-99d43c86-26fb-4f6c-9869-1be839c34f87 req-99d43c86-26fb-4f6c-9869-1be839c34f87 ] Request (ServerDiagnosticsTest:setUpClass): 201 POST http://10.180.1.21/identity/v3/auth/tokens 0.073s
2025-05-19 18:49:22.344 69741 INFO tempest.lib.common.rest_client [req-4918fe83-d2ca-4e0a-b9b6-df29998c4af8 req-4918fe83-d2ca-4e0a-b9b6-df29998c4af8 ] Request (ServerGroupTestJSON:setUpClass): 204 PUT http://10.180.1.21/identity/v3/projects/c254f9752ada4c6296f946d3701d9002/users/5d435408d0ad49afb4b5d85c2795283f/roles/eea3e0f4155e44c9bcbed79a08e1b091 0.083s
2025-05-19 18:49:22.344 69741 INFO tempest.lib.common.dynamic_creds [-] Dynamic test user 5d435408d0ad49afb4b5d85c2795283f is created with scope project and roles: ['member']
2025-05-19 18:49:22.345 69741 INFO tempest.lib.common.dynamic_creds [-] Acquired dynamic creds: credentials: Credentials: {'domain_id': 'default', 'domain_name': 'Default', 'username': 'tempest-ServerGroupTestJSON-1148950657-project-member', 'project_domain_id': 'default', 'project_domain_name': 'Default', 'project_id': 'c254f9752ada4c6296f946d3701d9002', 'project_name': 'tempest-ServerGroupTestJSON-1148950657', 'tenant_id': 'c254f9752ada4c6296f946d3701d9002', 'tenant_name': 'tempest-ServerGroupTestJSON-1148950657', 'user_domain_id': 'default', 'user_domain_name': 'Default', 'user_id': '5d435408d0ad49afb4b5d85c2795283f', 'system': None}, Network: None, Subnet: None, Router: None
2025-05-19 18:49:22.407 69751 INFO tempest.lib.common.rest_client [req-e881d719-01d6-4fef-8642-4f63e333be3f req-e881d719-01d6-4fef-8642-4f63e333be3f ] Request (FlavorsAdminTestJSON:tearDownClass): 204 DELETE http://10.180.1.21:9696/networking/v2.0/security-groups/0fb825af-3d45-4b1a-9980-309af527ff61 1.258s
2025-05-19 18:49:22.425 69757 INFO tempest.lib.common.rest_client [req-1f708d6d-8267-4df5-bffa-c5bff390ec4e req-1f708d6d-8267-4df5-bffa-c5bff390ec4e ] Request (ImagesTestJSON:tearDownClass): 204 DELETE http://10.180.1.21:9696/networking/v2.0/routers/466ffaa6-a083-421c-8e33-92cc5277dedb 4.220s
2025-05-19 18:49:22.445 69761 INFO tempest.lib.common.rest_client [req-481e414a-3184-4c26-9580-39cbe93a121c req-481e414a-3184-4c26-9580-39cbe93a121c ] Request (ServersAdmin275Test:tearDownClass): 204 DELETE http://10.180.1.21/identity/v3/projects/51570c3ddc564491b9d7309d558d7a31 0.129s
2025-05-19 18:49:22.477 69759 INFO tempest.lib.common.rest_client [req-e59bc2ca-e1b3-48de-8b66-412efaf0eb88 req-e59bc2ca-e1b3-48de-8b66-412efaf0eb88 ] Request (ServerDiagnosticsTest:test_get_server_diagnostics): 201 POST http://10.180.1.21/identity/v3/auth/tokens 0.135s
2025-05-19 18:49:22.477 69759 INFO tempest.lib.common.fixed_network [-] (ServerDiagnosticsTest:test_get_server_diagnostics) Found network None available for tenant
2025-05-19 18:49:22.526 69741 INFO tempest.lib.common.rest_client [req-1a40fc7e-2783-4a5f-8146-899d2e74d7ab req-1a40fc7e-2783-4a5f-8146-899d2e74d7ab ] Request (ServerGroupTestJSON:setUpClass): 201 POST http://10.180.1.21/identity/v3/auth/tokens 0.181s
2025-05-19 18:49:22.551 69793 INFO tempest.lib.common.rest_client [req-1bf4b386-611c-4f35-a564-f37f15458c28 req-1bf4b386-611c-4f35-a564-f37f15458c28 ] Request (ServersNegativeTestMultiTenantJSON:setUpClass): 200 PUT http://10.180.1.21:9696/networking/v2.0/routers/e03c0fde-7fea-48a0-9655-d39d05373372/add_router_interface 8.961s
2025-05-19 18:49:22.551 69793 INFO tempest.lib.common.dynamic_creds [-] Created isolated network resources for: credentials: Credentials: {'domain_id': 'default', 'domain_name': 'Default', 'username': 'tempest-ServersNegativeTestMultiTenantJSON-132885275-project-member', 'project_domain_id': 'default', 'project_domain_name': 'Default', 'project_id': '4f4141d411ea402eae174d07750ecce9', 'project_name': 'tempest-ServersNegativeTestMultiTenantJSON-132885275', 'tenant_id': '4f4141d411ea402eae174d07750ecce9', 'tenant_name': 'tempest-ServersNegativeTestMultiTenantJSON-132885275', 'user_domain_id': 'default', 'user_domain_name': 'Default', 'user_id': 'f674562246884ab590fd8df5dada2f07', 'system': None}, Network: {'id': '12d17555-6796-4a92-acf1-f0fa7e1624bc', 'name': 'tempest-ServersNegativeTestMultiTenantJSON-778646388-network', 'tenant_id': '4f4141d411ea402eae174d07750ecce9', 'admin_state_up': True, 'mtu': 8950, 'status': 'ACTIVE', 'subnets': [], 'shared': False, 'project_id': '4f4141d411ea402eae174d07750ecce9', 'port_security_enabled': True, 'router:external': False, 'provider:network_type': 'vlan', 'provider:physical_network': 'default', 'provider:segmentation_id': 463, 'availability_zone_hints': [], 'availability_zones': [], 'ipv4_address_scope': None, 'ipv6_address_scope': None, 'description': '', 'tags': [], 'created_at': '2025-05-19T18:49:05Z', 'updated_at': '2025-05-19T18:49:06Z', 'revision_number': 1}, Subnet: {'id': '6bfaabcc-bca7-4879-a8b3-ef5f3fe3edae', 'name': 'tempest-ServersNegativeTestMultiTenantJSON-778646388-subnet', 'tenant_id': '4f4141d411ea402eae174d07750ecce9', 'network_id': '12d17555-6796-4a92-acf1-f0fa7e1624bc', 'ip_version': 4, 'subnetpool_id': None, 'enable_dhcp': True, 'ipv6_ra_mode': None, 'ipv6_address_mode': None, 'gateway_ip': '192.168.128.1', 'cidr': '192.168.128.0/28', 'allocation_pools': [{'start': '192.168.128.2', 'end': '192.168.128.14'}], 'host_routes': [], 'dns_nameservers': [], 'description': '', 'router:external': False, 'service_types': [], 'tags': [], 'created_at': '2025-05-19T18:49:06Z', 'updated_at': '2025-05-19T18:49:06Z', 'revision_number': 0, 'project_id': '4f4141d411ea402eae174d07750ecce9'}, Router: {'id': 'e03c0fde-7fea-48a0-9655-d39d05373372', 'name': 'tempest-ServersNegativeTestMultiTenantJSON-778646388-router', 'tenant_id': '4f4141d411ea402eae174d07750ecce9', 'admin_state_up': True, 'status': 'ACTIVE', 'external_gateway_info': {'network_id': '109fead2-2e0b-46e4-84d5-5dcdcf5b282e', 'external_fixed_ips': [{'subnet_id': '66c1fd33-1eb8-4378-93ce-eae7bc5d3a09', 'ip_address': '10.180.180.238'}], 'enable_snat': True}, 'description': '', 'availability_zones': [], 'distributed': False, 'ha': False, 'availability_zone_hints': [], 'routes': [], 'flavor_id': None, 'tags': [], 'created_at': '2025-05-19T18:49:08Z', 'updated_at': '2025-05-19T18:49:10Z', 'revision_number': 2, 'project_id': '4f4141d411ea402eae174d07750ecce9'}
2025-05-19 18:49:22.556 69761 INFO tempest.lib.common.rest_client [req-253a3687-c994-42f8-9928-156c20c06a03 req-253a3687-c994-42f8-9928-156c20c06a03 ] Request (ServerActionsTestJSON:setUpClass): 201 POST http://10.180.1.21/identity/v3/auth/tokens 0.109s
2025-05-19 18:49:22.584 69751 INFO tempest.lib.common.rest_client [req-437d883f-f262-44c7-a6f2-050983711430 req-437d883f-f262-44c7-a6f2-050983711430 ] Request (FlavorsAdminTestJSON:tearDownClass): 204 DELETE http://10.180.1.21/identity/v3/projects/226fd52049c444e29f36137db48e25f3 0.175s
2025-05-19 18:49:22.584 69751 INFO tempest.lib.common.dynamic_creds [-] Deleting project and security group for project: d1a0be64edfe4387b4ae5893922abb72
2025-05-19 18:49:22.626 69793 INFO tempest.lib.common.rest_client [req-f7c2b12c-2abe-4b91-bb90-d598be74b2d9 req-f7c2b12c-2abe-4b91-bb90-d598be74b2d9 ] Request (ServersNegativeTestMultiTenantJSON:setUpClass): 201 POST http://10.180.1.21/identity/v3/auth/tokens 0.072s
2025-05-19 18:49:22.673 69767 INFO tempest.lib.common.rest_client [req-17ba17dc-f96d-4e06-949b-8edf471652c9 req-17ba17dc-f96d-4e06-949b-8edf471652c9 ] Request (QuotasAdminTestV236:tearDownClass): 200 GET http://10.180.1.21:9696/networking/v2.0/security-groups?tenant_id=aab01a2a913744b9bd1b588e450f216d&name=default 1.011s
2025-05-19 18:49:22.674 69781 INFO tempest.lib.common.rest_client [req-d2461cb1-28a6-407b-b5d1-2d3e7fe61be6 req-d2461cb1-28a6-407b-b5d1-2d3e7fe61be6 ] Request (ValidationResourcesFixture:setUp): 201 POST http://10.180.1.21:9696/networking/v2.0/security-group-rules 1.250s
2025-05-19 18:49:22.681 69761 INFO tempest.lib.common.rest_client [req-24004cb1-576f-4b09-b4f1-670869d430ce req-24004cb1-576f-4b09-b4f1-670869d430ce ] Request (ServerActionsTestJSON:setUpClass): 201 POST http://10.180.1.21/identity/v3/auth/tokens 0.122s
2025-05-19 18:49:22.709 69761 INFO tempest.lib.common.rest_client [req-553fcfad-7761-4f5f-86ee-9f325a1d8621 req-553fcfad-7761-4f5f-86ee-9f325a1d8621 ] Request (ServerActionsTestJSON:setUpClass): 200 GET http://10.180.1.21/identity/v3/domains?name=Default 0.027s
2025-05-19 18:49:22.727 69793 INFO tempest.lib.common.rest_client [req-1c4a56c1-b0d2-4301-96de-015a42381e5a req-1c4a56c1-b0d2-4301-96de-015a42381e5a ] Request (ServersNegativeTestMultiTenantJSON:setUpClass): 201 POST http://10.180.1.21/identity/v3/auth/tokens 0.096s
2025-05-19 18:49:22.728 69793 INFO tempest.lib.common.fixed_network [-] (ServersNegativeTestMultiTenantJSON:setUpClass) Found network {'id': '8154edae-2aa1-4a85-be42-e804e500fab9', 'name': 'tempest-ServersNegativeTestMultiTenantJSON-2009524821-network', 'tenant_id': '16eeb20f0dcc4df9ab40f21b9895d332', 'admin_state_up': True, 'mtu': 8950, 'status': 'ACTIVE', 'subnets': [], 'shared': False, 'project_id': '16eeb20f0dcc4df9ab40f21b9895d332', 'port_security_enabled': True, 'router:external': False, 'provider:network_type': 'vlan', 'provider:physical_network': 'default', 'provider:segmentation_id': 873, 'availability_zone_hints': [], 'availability_zones': [], 'ipv4_address_scope': None, 'ipv6_address_scope': None, 'description': '', 'tags': [], 'created_at': '2025-05-19T18:48:58Z', 'updated_at': '2025-05-19T18:48:58Z', 'revision_number': 1} available for tenant
2025-05-19 18:49:22.739 69761 INFO tempest.lib.common.rest_client [req-7817c4c2-b8c1-4f80-ba41-5063e302a730 req-7817c4c2-b8c1-4f80-ba41-5063e302a730 ] Request (ServerActionsTestJSON:setUpClass): 201 POST http://10.180.1.21/identity/v3/projects 0.029s
2025-05-19 18:49:22.798 69761 INFO tempest.lib.common.rest_client [req-1521db55-4222-48d8-ac76-d33ea215dbb9 req-1521db55-4222-48d8-ac76-d33ea215dbb9 ] Request (ServerActionsTestJSON:setUpClass): 201 POST http://10.180.1.21/identity/v3/users 0.059s
2025-05-19 18:49:22.822 69761 INFO tempest.lib.common.rest_client [req-a4dc319d-86b1-4b54-ba30-39a5020b5fa8 req-a4dc319d-86b1-4b54-ba30-39a5020b5fa8 ] Request (ServerActionsTestJSON:setUpClass): 200 GET http://10.180.1.21/identity/v3/roles 0.023s
2025-05-19 18:49:22.850 69761 INFO tempest.lib.common.rest_client [req-c36ff7d6-b2ab-44db-a764-cec70f093c98 req-c36ff7d6-b2ab-44db-a764-cec70f093c98 ] Request (ServerActionsTestJSON:setUpClass): 204 PUT http://10.180.1.21/identity/v3/projects/150794db30434bb4881504534ed6164e/users/f80139747e4843e6bc41e02d95bb5e95/roles/eea3e0f4155e44c9bcbed79a08e1b091 0.027s
2025-05-19 18:49:22.850 69761 INFO tempest.lib.common.dynamic_creds [-] Dynamic test user f80139747e4843e6bc41e02d95bb5e95 is created with scope project and roles: ['member']
2025-05-19 18:49:22.850 69761 INFO tempest.lib.common.dynamic_creds [-] Acquired dynamic creds: credentials: Credentials: {'domain_id': 'default', 'domain_name': 'Default', 'username': 'tempest-ServerActionsTestJSON-1921181245-project-member', 'project_domain_id': 'default', 'project_domain_name': 'Default', 'project_id': '150794db30434bb4881504534ed6164e', 'project_name': 'tempest-ServerActionsTestJSON-1921181245', 'tenant_id': '150794db30434bb4881504534ed6164e', 'tenant_name': 'tempest-ServerActionsTestJSON-1921181245', 'user_domain_id': 'default', 'user_domain_name': 'Default', 'user_id': 'f80139747e4843e6bc41e02d95bb5e95', 'system': None}, Network: None, Subnet: None, Router: None
2025-05-19 18:49:22.915 69761 INFO tempest.lib.common.rest_client [req-5e79e04c-b8c8-481d-9179-c55df681fe2d req-5e79e04c-b8c8-481d-9179-c55df681fe2d ] Request (ServerActionsTestJSON:setUpClass): 201 POST http://10.180.1.21/identity/v3/auth/tokens 0.065s
2025-05-19 18:49:23.096 69783 INFO tempest.lib.common.rest_client [req-6a675550-ba39-4c33-873d-9a2f962321ee req-6a675550-ba39-4c33-873d-9a2f962321ee ] Request (ListImagesTestJSON:tearDownClass): 200 GET http://10.180.1.21:9696/networking/v2.0/security-groups?tenant_id=5ef8a9e6558d40049894070ab0a40674&name=default 0.857s
2025-05-19 18:49:23.102 69739 INFO tempest.lib.common.rest_client [req-ca0ff5f3-9469-4609-9ec7-e18a7d1e14da req-ca0ff5f3-9469-4609-9ec7-e18a7d1e14da ] Request (SecurityGroupsTestAdminJSON:test_list_security_groups_list_all_tenants_filter): 200 POST http://10.180.1.21/compute/v2.1/os-security-groups 2.345s
2025-05-19 18:49:23.246 69797 INFO tempest.lib.common.rest_client [req-54e23e4d-4e8c-49ce-8af0-4a712d68dba2 req-54e23e4d-4e8c-49ce-8af0-4a712d68dba2 ] Request (FloatingIPDetailsNegativeTestJSON:tearDownClass): 200 PUT http://10.180.1.21:9696/networking/v2.0/routers/3fcda03f-bb72-4b7b-9729-79820b91ccd6/remove_router_interface 7.235s
2025-05-19 18:49:23.258 69795 INFO tempest.lib.common.rest_client [req-6de4f5c2-5720-4ce4-9375-368f3699100f req-6de4f5c2-5720-4ce4-9375-368f3699100f ] Request (VolumesAdminNegativeTest:test_update_attached_volume_with_nonexistent_volume_in_body): 200 GET http://10.180.1.21/compute/v2.1/servers/c32541ea-07e0-4298-9b7c-2aac2be17e92 2.205s
2025-05-19 18:49:23.426 69785 INFO tempest.lib.common.rest_client [req-b4475e16-9a77-4b46-aff3-82c8f157f96e req-b4475e16-9a77-4b46-aff3-82c8f157f96e ] Request (AbsoluteLimitsNegativeTestJSON:test_max_metadata_exceed_limit): 200 GET http://10.180.1.21/compute/v2.1/limits 2.118s
2025-05-19 18:49:23.450 69777 INFO tempest.lib.common.rest_client [req-f5b03922-9b57-4551-ada2-dd3eb31c7cdf req-f5b03922-9b57-4551-ada2-dd3eb31c7cdf ] Request (ImagesOneServerNegativeTestJSON:setUpClass): 404 GET http://10.180.1.21/compute/v2.1/servers/e4d42585-401f-429a-83f1-c73bb56ee277 2.025s
2025-05-19 18:49:23.450 69777 INFO tempest.test [-] raised in ImagesOneServerNegativeTestJSON.setUpClass. Invoking tearDownClass.
2025-05-19 18:49:23.457 69785 INFO tempest.lib.common.rest_client [req-6bb6b5d2-14ce-4a6d-bac2-05a5d753d82c req-6bb6b5d2-14ce-4a6d-bac2-05a5d753d82c ] Request (AbsoluteLimitsNegativeTestJSON:test_max_metadata_exceed_limit): 201 POST http://10.180.1.21/identity/v3/auth/tokens 0.024s
2025-05-19 18:49:23.458 69785 INFO tempest.lib.common.fixed_network [-] (AbsoluteLimitsNegativeTestJSON:test_max_metadata_exceed_limit) Found network None available for tenant
2025-05-19 18:49:23.463 69751 INFO tempest.lib.common.rest_client [req-4e8d9950-3df7-490e-916a-23a0cf52d061 req-4e8d9950-3df7-490e-916a-23a0cf52d061 ] Request (FlavorsAdminTestJSON:tearDownClass): 200 GET http://10.180.1.21:9696/networking/v2.0/security-groups?tenant_id=d1a0be64edfe4387b4ae5893922abb72&name=default 0.878s
2025-05-19 18:49:23.555 69767 INFO tempest.lib.common.rest_client [req-6cc6de4e-8cf7-449f-b0f3-ebc8bf0668fc req-6cc6de4e-8cf7-449f-b0f3-ebc8bf0668fc ] Request (QuotasAdminTestV236:tearDownClass): 204 DELETE http://10.180.1.21:9696/networking/v2.0/security-groups/8ce1505e-7923-45a8-aaf2-13ecc3e779d2 0.881s
2025-05-19 18:49:23.631 69757 INFO tempest.lib.common.rest_client [req-ec11a32b-5187-4ca8-8598-78e5c35eb77d req-ec11a32b-5187-4ca8-8598-78e5c35eb77d ] Request (ImagesTestJSON:tearDownClass): 204 DELETE http://10.180.1.21:9696/networking/v2.0/subnets/374b7873-ae27-4c45-bc56-32493ed90616 1.204s
2025-05-19 18:49:23.639 69767 INFO tempest.lib.common.rest_client [req-2d254eed-7dd8-4174-b987-9dff9690b04b req-2d254eed-7dd8-4174-b987-9dff9690b04b ] Request (QuotasAdminTestV236:tearDownClass): 204 DELETE http://10.180.1.21/identity/v3/projects/aab01a2a913744b9bd1b588e450f216d 0.084s
2025-05-19 18:49:23.640 69767 INFO tempest.lib.common.dynamic_creds [-] Deleting project and security group for project: 7d674f2ab49f46e19026d6893c500710
2025-05-19 18:49:23.670 69789 INFO tempest.lib.common.rest_client [req-83638723-f086-4f5d-a5c4-62de39caf8a9 req-83638723-f086-4f5d-a5c4-62de39caf8a9 ] Request (InstanceActionsV221TestJSON:setUpClass): 201 POST http://10.180.1.21:9696/networking/v2.0/routers 4.936s
2025-05-19 18:49:23.710 69779 INFO tempest.lib.common.rest_client [req-4bcfcfd0-a064-40a7-aeb1-3e8fa99932fd req-4bcfcfd0-a064-40a7-aeb1-3e8fa99932fd ] Request (ServersWithSpecificFlavorTestJSON:tearDownClass): 204 DELETE http://10.180.1.21:9696/networking/v2.0/networks/5befffbe-798b-425d-8e7e-6866a6752b13 2.966s
2025-05-19 18:49:23.927 69783 INFO tempest.lib.common.rest_client [req-2944ac54-de7a-49c4-b4a3-0228f234c5cf req-2944ac54-de7a-49c4-b4a3-0228f234c5cf ] Request (ListImagesTestJSON:tearDownClass): 204 DELETE http://10.180.1.21:9696/networking/v2.0/security-groups/6c1d77c4-0f24-4e3f-9b14-f6ad9373a2ab 0.831s
2025-05-19 18:49:24.045 69783 INFO tempest.lib.common.rest_client [req-af57f80a-1520-45e3-8959-7dc3398231a4 req-af57f80a-1520-45e3-8959-7dc3398231a4 ] Request (ListImagesTestJSON:tearDownClass): 204 DELETE http://10.180.1.21/identity/v3/projects/5ef8a9e6558d40049894070ab0a40674 0.116s
2025-05-19 18:49:24.065 69763 INFO tempest.lib.common.rest_client [req-ece22084-3d8d-4cb9-9154-331c05278a63 req-ece22084-3d8d-4cb9-9154-331c05278a63 ] Request (SecurityGroupsNegativeTestJSON:test_delete_the_default_security_group): 200 GET http://10.180.1.21/compute/v2.1/os-security-groups 2.636s
2025-05-19 18:49:24.188 69751 INFO tempest.lib.common.rest_client [req-a2ae44d5-2193-479e-8abd-636404afff9c req-a2ae44d5-2193-479e-8abd-636404afff9c ] Request (FlavorsAdminTestJSON:tearDownClass): 204 DELETE http://10.180.1.21:9696/networking/v2.0/security-groups/b0976b92-7651-4c86-8aaf-4c15d6265f9d 0.725s
2025-05-19 18:49:24.334 69753 INFO tempest.lib.common.rest_client [req-b9aea5ce-b2b9-451f-b698-f4d71793943d req-b9aea5ce-b2b9-451f-b698-f4d71793943d ] Request (ListServersNegativeTestJSON:setUpClass): 202 POST http://10.180.1.21/compute/v2.1/servers 3.330s
2025-05-19 18:49:24.343 69791 INFO tempest.lib.common.rest_client [req-edba6857-b1a6-4dcc-9034-c89b38fb7695 req-edba6857-b1a6-4dcc-9034-c89b38fb7695 ] Request (VolumesAssistedSnapshotsTest:tearDownClass): 200 PUT http://10.180.1.21:9696/networking/v2.0/routers/9492db47-ceb5-4267-87dd-2a669811f690/remove_router_interface 7.493s
2025-05-19 18:49:24.361 69747 INFO tempest.lib.common.rest_client [req-6c9d2072-341c-43a4-a557-a89b1b864ca0 req-6c9d2072-341c-43a4-a557-a89b1b864ca0 ] Request (ImagesMetadataTestJSON:setUp): 200 PUT http://10.180.1.21/compute/v2.1/images/b2b53214-b14e-4de9-9ac8-bf0bb3eefb9e/metadata 2.877s
2025-05-19 18:49:24.369 69751 INFO tempest.lib.common.rest_client [req-b1d9a1cd-c9b8-449e-81f6-f5b75adb23fd req-b1d9a1cd-c9b8-449e-81f6-f5b75adb23fd ] Request (FlavorsAdminTestJSON:tearDownClass): 204 DELETE http://10.180.1.21/identity/v3/projects/d1a0be64edfe4387b4ae5893922abb72 0.180s
2025-05-19 18:49:24.370 69751 INFO tempest.test [-] raised in TestMultiAttachVolumeSwap.setUpClass. Invoking tearDownClass.
2025-05-19 18:49:24.431 69751 INFO tempest.lib.common.rest_client [req-26ffd4e5-fc50-46d8-8eb7-0324ec1d3489 req-26ffd4e5-fc50-46d8-8eb7-0324ec1d3489 ] Request (ListImageFiltersNegativeTestJSON:setUpClass): 201 POST http://10.180.1.21/identity/v3/auth/tokens 0.058s
2025-05-19 18:49:24.463 69751 INFO tempest.lib.common.rest_client [req-e3f8beeb-f2d7-4578-b195-c35de5510c2e req-e3f8beeb-f2d7-4578-b195-c35de5510c2e ] Request (ListImageFiltersNegativeTestJSON:setUpClass): 201 POST http://10.180.1.21/identity/v3/auth/tokens 0.029s
2025-05-19 18:49:24.492 69751 INFO tempest.lib.common.rest_client [req-1519e8fd-71ef-4118-938c-e08fc6cd085d req-1519e8fd-71ef-4118-938c-e08fc6cd085d ] Request (ListImageFiltersNegativeTestJSON:setUpClass): 200 GET http://10.180.1.21/identity/v3/domains?name=Default 0.028s
2025-05-19 18:49:24.522 69751 INFO tempest.lib.common.rest_client [req-42198a86-0fbb-4c80-a918-a204513b5eb3 req-42198a86-0fbb-4c80-a918-a204513b5eb3 ] Request (ListImageFiltersNegativeTestJSON:setUpClass): 201 POST http://10.180.1.21/identity/v3/projects 0.029s
2025-05-19 18:49:24.556 69755 INFO tempest.lib.common.rest_client [req-6fe3d131-46eb-42de-9164-519c29e41ddb req-6fe3d131-46eb-42de-9164-519c29e41ddb ] Request (DeleteServersTestJSON:test_delete_active_server): 200 GET http://10.180.1.21/compute/v2.1/servers/d29e3d91-eba2-49d7-9f8b-19fe66ea3b5b 2.652s
2025-05-19 18:49:24.601 69751 INFO tempest.lib.common.rest_client [req-0675a089-44c8-46b7-87cf-c233fc4a64a2 req-0675a089-44c8-46b7-87cf-c233fc4a64a2 ] Request (ListImageFiltersNegativeTestJSON:setUpClass): 201 POST http://10.180.1.21/identity/v3/users 0.078s
2025-05-19 18:49:24.624 69751 INFO tempest.lib.common.rest_client [req-d676c2b0-0daf-4a07-908d-467aadd9bd4c req-d676c2b0-0daf-4a07-908d-467aadd9bd4c ] Request (ListImageFiltersNegativeTestJSON:setUpClass): 200 GET http://10.180.1.21/identity/v3/roles 0.022s
2025-05-19 18:49:24.655 69751 INFO tempest.lib.common.rest_client [req-1729d711-7d9e-43cf-976c-e9c5e3c977e2 req-1729d711-7d9e-43cf-976c-e9c5e3c977e2 ] Request (ListImageFiltersNegativeTestJSON:setUpClass): 204 PUT http://10.180.1.21/identity/v3/projects/7fb8f672b55f4f8bad717979c3081f37/users/d21ff30c63ca41b6a38048469b864d5a/roles/eea3e0f4155e44c9bcbed79a08e1b091 0.030s
2025-05-19 18:49:24.655 69751 INFO tempest.lib.common.dynamic_creds [-] Dynamic test user d21ff30c63ca41b6a38048469b864d5a is created with scope project and roles: ['member']
2025-05-19 18:49:24.656 69751 INFO tempest.lib.common.dynamic_creds [-] Acquired dynamic creds: credentials: Credentials: {'domain_id': 'default', 'domain_name': 'Default', 'username': 'tempest-ListImageFiltersNegativeTestJSON-1956961519-project-member', 'project_domain_id': 'default', 'project_domain_name': 'Default', 'project_id': '7fb8f672b55f4f8bad717979c3081f37', 'project_name': 'tempest-ListImageFiltersNegativeTestJSON-1956961519', 'tenant_id': '7fb8f672b55f4f8bad717979c3081f37', 'tenant_name': 'tempest-ListImageFiltersNegativeTestJSON-1956961519', 'user_domain_id': 'default', 'user_domain_name': 'Default', 'user_id': 'd21ff30c63ca41b6a38048469b864d5a', 'system': None}, Network: None, Subnet: None, Router: None
2025-05-19 18:49:24.656 69751 INFO tempest.lib.common.dynamic_creds [-] Created isolated network resources for: credentials: Credentials: {'domain_id': 'default', 'domain_name': 'Default', 'username': 'tempest-ListImageFiltersNegativeTestJSON-1956961519-project-member', 'project_domain_id': 'default', 'project_domain_name': 'Default', 'project_id': '7fb8f672b55f4f8bad717979c3081f37', 'project_name': 'tempest-ListImageFiltersNegativeTestJSON-1956961519', 'tenant_id': '7fb8f672b55f4f8bad717979c3081f37', 'tenant_name': 'tempest-ListImageFiltersNegativeTestJSON-1956961519', 'user_domain_id': 'default', 'user_domain_name': 'Default', 'user_id': 'd21ff30c63ca41b6a38048469b864d5a', 'system': None}, Network: None, Subnet: None, Router: None
2025-05-19 18:49:24.708 69741 INFO tempest.lib.common.rest_client [req-e3743bce-e860-4484-ba8d-c6f6a787907b req-e3743bce-e860-4484-ba8d-c6f6a787907b ] Request (ServerGroupTestJSON:setUpClass): 201 POST http://10.180.1.21:9696/networking/v2.0/networks 2.182s
2025-05-19 18:49:24.742 69751 INFO tempest.lib.common.rest_client [req-d002b398-f7d1-4542-bd3a-8061e586dd37 req-d002b398-f7d1-4542-bd3a-8061e586dd37 ] Request (ListImageFiltersNegativeTestJSON:setUpClass): 201 POST http://10.180.1.21/identity/v3/auth/tokens 0.082s
2025-05-19 18:49:24.788 69749 INFO tempest.lib.common.rest_client [req-660a80c3-4b93-44fc-9d45-3c602c699809 req-660a80c3-4b93-44fc-9d45-3c602c699809 ] Request (ServersV294TestFqdnHostnames:setUpClass): 201 POST http://10.180.1.21:9696/networking/v2.0/floatingips 3.332s
2025-05-19 18:49:24.800 69767 INFO tempest.lib.common.rest_client [req-56964763-edf0-4bb1-ac51-c3400f505aa0 req-56964763-edf0-4bb1-ac51-c3400f505aa0 ] Request (QuotasAdminTestV236:tearDownClass): 200 GET http://10.180.1.21:9696/networking/v2.0/security-groups?tenant_id=7d674f2ab49f46e19026d6893c500710&name=default 1.160s
2025-05-19 18:49:24.806 69771 INFO tempest.lib.common.rest_client [req-97afae65-1cd1-4041-810c-6ed8e68b8750 req-97afae65-1cd1-4041-810c-6ed8e68b8750 ] Request (InstanceActionsTestJSON:setUpClass): 201 POST http://10.180.1.21:9696/networking/v2.0/routers 7.096s
2025-05-19 18:49:24.884 69749 INFO tempest.lib.common.rest_client [req-f0c37c92-3be3-4b97-a9ea-28f5019ae632 req-f0c37c92-3be3-4b97-a9ea-28f5019ae632 ] Request (ServersV294TestFqdnHostnames:setUpClass): 201 POST http://10.180.1.21/identity/v3/auth/tokens 0.089s
2025-05-19 18:49:24.885 69749 INFO tempest.lib.common.fixed_network [-] (ServersV294TestFqdnHostnames:setUpClass) Found network {'id': 'd9ed2af7-eada-4207-8e7b-8068075e826e', 'name': 'tempest-ServersV294TestFqdnHostnames-973901579-network', 'tenant_id': '2003e9fc10ff4e3abea49febe100ee39', 'admin_state_up': True, 'mtu': 8950, 'status': 'ACTIVE', 'subnets': [], 'shared': False, 'project_id': '2003e9fc10ff4e3abea49febe100ee39', 'port_security_enabled': True, 'router:external': False, 'provider:network_type': 'vlan', 'provider:physical_network': 'default', 'provider:segmentation_id': 617, 'availability_zone_hints': [], 'availability_zones': [], 'ipv4_address_scope': None, 'ipv6_address_scope': None, 'description': '', 'tags': [], 'created_at': '2025-05-19T18:49:03Z', 'updated_at': '2025-05-19T18:49:03Z', 'revision_number': 1} available for tenant
2025-05-19 18:49:24.895 69765 INFO tempest.lib.common.rest_client [req-ce3762d7-2202-491b-acb3-5da19ed7f679 req-ce3762d7-2202-491b-acb3-5da19ed7f679 ] Request (SecurityGroupRulesTestJSON:tearDownClass): 204 DELETE http://10.180.1.21:9696/networking/v2.0/routers/a9d23dc7-e752-4501-ad57-5d198ebc033c 3.830s
2025-05-19 18:49:24.970 69769 INFO tempest.lib.common.rest_client [req-e14d44ea-d537-4cfd-89b5-9bee7a64f57c req-e14d44ea-d537-4cfd-89b5-9bee7a64f57c ] Request (ServersTestBootFromVolume:setUpClass): 201 POST http://10.180.1.21:9696/networking/v2.0/routers 5.154s
2025-05-19 18:49:25.134 69761 INFO tempest.lib.common.rest_client [req-ecb7e795-6839-41b3-8d8c-cf46231582fc req-ecb7e795-6839-41b3-8d8c-cf46231582fc ] Request (ServerActionsTestJSON:setUpClass): 201 POST http://10.180.1.21:9696/networking/v2.0/networks 2.218s
2025-05-19 18:49:25.439 69759 INFO tempest.lib.common.rest_client [req-d63c00ca-36aa-4f75-9dd2-3490c31be433 req-d63c00ca-36aa-4f75-9dd2-3490c31be433 ] Request (ServerDiagnosticsTest:test_get_server_diagnostics): 202 POST http://10.180.1.21/compute/v2.1/servers 2.961s
2025-05-19 18:49:25.527 69767 INFO tempest.lib.common.rest_client [req-da78708c-c6bc-4ff2-bd87-c3da2e1b4536 req-da78708c-c6bc-4ff2-bd87-c3da2e1b4536 ] Request (QuotasAdminTestV236:tearDownClass): 204 DELETE http://10.180.1.21:9696/networking/v2.0/security-groups/4bc7a475-42bc-4344-bd39-49948dbc7a70 0.726s
2025-05-19 18:49:25.645 69767 INFO tempest.lib.common.rest_client [req-5149fa0b-b8bf-404d-b9fd-6dc831400604 req-5149fa0b-b8bf-404d-b9fd-6dc831400604 ] Request (QuotasAdminTestV236:tearDownClass): 204 DELETE http://10.180.1.21/identity/v3/projects/7d674f2ab49f46e19026d6893c500710 0.118s
2025-05-19 18:49:25.712 69767 INFO tempest.lib.common.rest_client [req-e2afedc2-df85-4bf2-9aa1-30a273bf5420 req-e2afedc2-df85-4bf2-9aa1-30a273bf5420 ] Request (ServerExternalEventsTest:setUpClass): 201 POST http://10.180.1.21/identity/v3/auth/tokens 0.066s
2025-05-19 18:49:25.750 69767 INFO tempest.lib.common.rest_client [req-a3d7b1cf-2218-4cb6-87e7-34eaad94fb61 req-a3d7b1cf-2218-4cb6-87e7-34eaad94fb61 ] Request (ServerExternalEventsTest:setUpClass): 201 POST http://10.180.1.21/identity/v3/auth/tokens 0.035s
2025-05-19 18:49:25.783 69767 INFO tempest.lib.common.rest_client [req-679d539e-a9a5-4b1e-976e-c52defd4a98e req-679d539e-a9a5-4b1e-976e-c52defd4a98e ] Request (ServerExternalEventsTest:setUpClass): 200 GET http://10.180.1.21/identity/v3/domains?name=Default 0.032s
2025-05-19 18:49:25.799 69745 INFO tempest.lib.common.rest_client [req-6d089627-e0b6-4821-ae4c-f8b3a3e7ba44 req-6d089627-e0b6-4821-ae4c-f8b3a3e7ba44 ] Request (ServerActionsV293TestJSON:setUpClass): 201 POST http://10.180.1.21:9696/networking/v2.0/routers 7.579s
2025-05-19 18:49:25.826 69767 INFO tempest.lib.common.rest_client [req-6ec33e8e-0c9c-43c0-8a49-0cfca95706c2 req-6ec33e8e-0c9c-43c0-8a49-0cfca95706c2 ] Request (ServerExternalEventsTest:setUpClass): 201 POST http://10.180.1.21/identity/v3/projects 0.042s
2025-05-19 18:49:25.865 69765 INFO tempest.lib.common.rest_client [req-0d07b982-cd89-4303-9319-f5bf1730e22b req-0d07b982-cd89-4303-9319-f5bf1730e22b ] Request (SecurityGroupRulesTestJSON:tearDownClass): 204 DELETE http://10.180.1.21:9696/networking/v2.0/subnets/2184e10a-2f65-46d4-9ab7-03efc81bd17b 0.970s
2025-05-19 18:49:25.894 69767 INFO tempest.lib.common.rest_client [req-db1dd935-5cc9-43fb-8248-12157f4429a9 req-db1dd935-5cc9-43fb-8248-12157f4429a9 ] Request (ServerExternalEventsTest:setUpClass): 201 POST http://10.180.1.21/identity/v3/users 0.067s
2025-05-19 18:49:25.926 69767 INFO tempest.lib.common.rest_client [req-ce2969b9-7b45-47d2-adfc-6b7e3ed8ac9b req-ce2969b9-7b45-47d2-adfc-6b7e3ed8ac9b ] Request (ServerExternalEventsTest:setUpClass): 200 GET http://10.180.1.21/identity/v3/roles 0.032s
2025-05-19 18:49:25.968 69767 INFO tempest.lib.common.rest_client [req-094e116a-2ce4-426c-95dc-de8db0f4b424 req-094e116a-2ce4-426c-95dc-de8db0f4b424 ] Request (ServerExternalEventsTest:setUpClass): 204 PUT http://10.180.1.21/identity/v3/projects/b9698e1142424cc9b9c7183b5cdcb6b6/users/b7f4ddee115c44e4a16b072c4516a0f9/roles/eea3e0f4155e44c9bcbed79a08e1b091 0.041s
2025-05-19 18:49:25.968 69767 INFO tempest.lib.common.dynamic_creds [-] Dynamic test user b7f4ddee115c44e4a16b072c4516a0f9 is created with scope project and roles: ['member']
2025-05-19 18:49:25.968 69767 INFO tempest.lib.common.dynamic_creds [-] Acquired dynamic creds: credentials: Credentials: {'domain_id': 'default', 'domain_name': 'Default', 'username': 'tempest-ServerExternalEventsTest-2062246909-project-member', 'project_domain_id': 'default', 'project_domain_name': 'Default', 'project_id': 'b9698e1142424cc9b9c7183b5cdcb6b6', 'project_name': 'tempest-ServerExternalEventsTest-2062246909', 'tenant_id': 'b9698e1142424cc9b9c7183b5cdcb6b6', 'tenant_name': 'tempest-ServerExternalEventsTest-2062246909', 'user_domain_id': 'default', 'user_domain_name': 'Default', 'user_id': 'b7f4ddee115c44e4a16b072c4516a0f9', 'system': None}, Network: None, Subnet: None, Router: None
2025-05-19 18:49:25.969 69767 INFO tempest.lib.common.dynamic_creds [-] Created isolated network resources for: credentials: Credentials: {'domain_id': 'default', 'domain_name': 'Default', 'username': 'tempest-ServerExternalEventsTest-2062246909-project-member', 'project_domain_id': 'default', 'project_domain_name': 'Default', 'project_id': 'b9698e1142424cc9b9c7183b5cdcb6b6', 'project_name': 'tempest-ServerExternalEventsTest-2062246909', 'tenant_id': 'b9698e1142424cc9b9c7183b5cdcb6b6', 'tenant_name': 'tempest-ServerExternalEventsTest-2062246909', 'user_domain_id': 'default', 'user_domain_name': 'Default', 'user_id': 'b7f4ddee115c44e4a16b072c4516a0f9', 'system': None}, Network: None, Subnet: None, Router: None
2025-05-19 18:49:26.084 69767 INFO tempest.lib.common.rest_client [req-0946ddbf-a8da-4bae-8e24-f8c454a61407 req-0946ddbf-a8da-4bae-8e24-f8c454a61407 ] Request (ServerExternalEventsTest:setUpClass): 201 POST http://10.180.1.21/identity/v3/auth/tokens 0.112s
2025-05-19 18:49:26.124 69743 INFO tempest.lib.common.rest_client [req-7c32199c-dd4a-485c-b322-f30c2240afc5 req-7c32199c-dd4a-485c-b322-f30c2240afc5 ] Request (SecurityGroupRulesNegativeTestJSON:setUpClass): 201 POST http://10.180.1.21:9696/networking/v2.0/routers 5.115s
2025-05-19 18:49:26.188 69767 INFO tempest.lib.common.rest_client [req-a607c27e-d5d2-4459-a001-9e2618cb9104 req-a607c27e-d5d2-4459-a001-9e2618cb9104 ] Request (ServerExternalEventsTest:setUpClass): 201 POST http://10.180.1.21/identity/v3/projects 0.104s
2025-05-19 18:49:26.272 69767 INFO tempest.lib.common.rest_client [req-31f790b6-e7b5-4dbd-b593-1f27f85d8bd9 req-31f790b6-e7b5-4dbd-b593-1f27f85d8bd9 ] Request (ServerExternalEventsTest:setUpClass): 201 POST http://10.180.1.21/identity/v3/users 0.083s
2025-05-19 18:49:26.301 69767 INFO tempest.lib.common.rest_client [req-e732144c-218d-4732-8a12-a54fdd988972 req-e732144c-218d-4732-8a12-a54fdd988972 ] Request (ServerExternalEventsTest:setUpClass): 200 GET http://10.180.1.21/identity/v3/roles 0.029s
2025-05-19 18:49:26.345 69767 INFO tempest.lib.common.rest_client [req-fe6f575f-bcb2-41cb-a7e5-08ea9d95983d req-fe6f575f-bcb2-41cb-a7e5-08ea9d95983d ] Request (ServerExternalEventsTest:setUpClass): 204 PUT http://10.180.1.21/identity/v3/projects/bbe08117303f43048895c87b9fbb5254/users/0617b608275d4040941fc9b35be0624f/roles/b145f2edebe947658da02a7dcc0a6da9 0.044s
2025-05-19 18:49:26.357 69757 INFO tempest.lib.common.rest_client [req-48f0ee72-7e54-4a7b-8729-7259257fbe01 req-48f0ee72-7e54-4a7b-8729-7259257fbe01 ] Request (ImagesTestJSON:tearDownClass): 204 DELETE http://10.180.1.21:9696/networking/v2.0/networks/0c8ece64-a5aa-4b6f-afeb-c80e71859a53 2.725s
2025-05-19 18:49:26.425 69767 INFO tempest.lib.common.rest_client [req-cf102e83-006b-469b-807b-6316240f6d4d req-cf102e83-006b-469b-807b-6316240f6d4d ] Request (ServerExternalEventsTest:setUpClass): 200 GET http://10.180.1.21/identity/v3/roles 0.079s
2025-05-19 18:49:26.455 69767 INFO tempest.lib.common.rest_client [req-c109ab21-2233-4691-8f1b-9340ccba739e req-c109ab21-2233-4691-8f1b-9340ccba739e ] Request (ServerExternalEventsTest:setUpClass): 204 PUT http://10.180.1.21/identity/v3/projects/bbe08117303f43048895c87b9fbb5254/users/0617b608275d4040941fc9b35be0624f/roles/b145f2edebe947658da02a7dcc0a6da9 0.029s
2025-05-19 18:49:26.456 69767 INFO tempest.lib.common.dynamic_creds [-] Dynamic test user 0617b608275d4040941fc9b35be0624f is created with scope project and roles: ['admin']
2025-05-19 18:49:26.456 69767 INFO tempest.lib.common.dynamic_creds [-] Acquired dynamic creds: credentials: Credentials: {'domain_id': 'default', 'domain_name': 'Default', 'username': 'tempest-ServerExternalEventsTest-679861956-project-admin', 'project_domain_id': 'default', 'project_domain_name': 'Default', 'project_id': 'bbe08117303f43048895c87b9fbb5254', 'project_name': 'tempest-ServerExternalEventsTest-679861956', 'tenant_id': 'bbe08117303f43048895c87b9fbb5254', 'tenant_name': 'tempest-ServerExternalEventsTest-679861956', 'user_domain_id': 'default', 'user_domain_name': 'Default', 'user_id': '0617b608275d4040941fc9b35be0624f', 'system': None}, Network: None, Subnet: None, Router: None
2025-05-19 18:49:26.456 69767 INFO tempest.lib.common.dynamic_creds [-] Created isolated network resources for: credentials: Credentials: {'domain_id': 'default', 'domain_name': 'Default', 'username': 'tempest-ServerExternalEventsTest-679861956-project-admin', 'project_domain_id': 'default', 'project_domain_name': 'Default', 'project_id': 'bbe08117303f43048895c87b9fbb5254', 'project_name': 'tempest-ServerExternalEventsTest-679861956', 'tenant_id': 'bbe08117303f43048895c87b9fbb5254', 'tenant_name': 'tempest-ServerExternalEventsTest-679861956', 'user_domain_id': 'default', 'user_domain_name': 'Default', 'user_id': '0617b608275d4040941fc9b35be0624f', 'system': None}, Network: None, Subnet: None, Router: None
2025-05-19 18:49:26.503 69757 INFO tempest.lib.common.rest_client [req-f3f4ea29-375a-44da-a8d9-2df7983a64c3 req-f3f4ea29-375a-44da-a8d9-2df7983a64c3 ] Request (ImagesTestJSON:tearDownClass): 204 DELETE http://10.180.1.21/identity/v3/users/af8426bae73c4fcc8612ef0cfbb2cba3 0.144s
2025-05-19 18:49:26.503 69757 INFO tempest.lib.common.dynamic_creds [-] Deleting project and security group for project: 8dce7570ead54cfb9af64b3560a9f01d
