2025-05-19 11:35:57.931 70325 INFO tempest.lib.common.rest_client [req-2e4527e5-ad1a-4c7d-8fd6-c511a36a8ea1 req-2e4527e5-ad1a-4c7d-8fd6-c511a36a8ea1 ] Request (ServersWithSpecificFlavorTestJSON:test_verify_created_server_ephemeral_disk): 204 DELETE http://10.180.1.21/compute/v2.1/servers/d17e76e7-37ea-42b4-a1cd-3e4364216785 0.677s
2025-05-19 11:35:57.998 70289 INFO tempest.lib.common.rest_client [req-d63349b8-bcf5-4863-a835-d7033823f571 req-d63349b8-bcf5-4863-a835-d7033823f571 ] Request (FlavorsV2NegativeTest:test_boot_with_low_ram): 400 POST http://10.180.1.21/compute/v2.1/servers 0.521s
2025-05-19 11:35:58.001 70341 INFO tempest.lib.common.rest_client [req-719ae064-2457-49f8-8fcd-10f851ca5887 req-719ae064-2457-49f8-8fcd-10f851ca5887 ] Request (ServerAddressesTestJSON:setUpClass): 200 GET http://10.180.1.21/compute/v2.1/servers/0a56e30f-fb07-4a5e-9d69-9603fd38ff9f 0.464s
2025-05-19 11:35:58.070 70295 INFO tempest.lib.common.rest_client [req-93f4575e-3684-4d35-90cd-f19dc8226d8a req-93f4575e-3684-4d35-90cd-f19dc8226d8a ] Request (SecurityGroupsTestJSON:test_server_security_groups): 200 GET http://10.180.1.21/compute/v2.1/servers/a53389ce-d0c2-48ae-83e3-ee58fbdbfb01 0.469s
2025-05-19 11:35:58.072 70289 INFO tempest.lib.common.rest_client [req-c9f54e2d-8c41-488b-a318-d5124a30b6af req-c9f54e2d-8c41-488b-a318-d5124a30b6af ] Request (FlavorsV2NegativeTest:_run_cleanups): 204 DELETE http://10.180.1.21/image/v2/images/3a5722e1-2e11-461e-9df3-33c30ec210a2 0.074s
2025-05-19 11:35:58.157 70305 INFO tempest.lib.common.rest_client [req-cc4d463d-2963-4304-bd0d-f4b337a75ee3 req-cc4d463d-2963-4304-bd0d-f4b337a75ee3 ] Request (ServerRescueNegativeTestJSON:setUpClass): 200 GET http://10.180.1.21/compute/v2.1/servers/ef64a05a-b514-4c35-81d3-664ae1ad3ff1 0.504s
2025-05-19 11:35:58.247 70311 INFO tempest.lib.common.rest_client [req-fc925e9d-87d9-4962-91c5-6ce81332dd1f req-fc925e9d-87d9-4962-91c5-6ce81332dd1f ] Request (AttachInterfacesTestJSON:_run_cleanups): 200 GET http://10.180.1.21/compute/v2.1/servers/9a0ecd6c-5853-446d-8f41-b2ee51e5259a 0.532s
2025-05-19 11:35:58.250 70289 INFO tempest.lib.common.rest_client [req-dc09872e-a1a9-49a7-8714-b35a6e54f9d3 req-dc09872e-a1a9-49a7-8714-b35a6e54f9d3 ] Request (FlavorsV2NegativeTest:tearDownClass): 204 DELETE http://10.180.1.21/identity/v3/users/1da96ecbb51b4b0ea96ebc914bdef260 0.173s
2025-05-19 11:35:58.251 70289 INFO tempest.lib.common.dynamic_creds [-] Deleting project and security group for project: b4e4ced45c1f4a55883be9ac3f59d547
2025-05-19 11:35:58.317 70343 INFO tempest.lib.common.rest_client [req-c723d6c9-ce8b-40fb-9696-cd3197eab341 req-c723d6c9-ce8b-40fb-9696-cd3197eab341 ] Request (DeleteServersTestJSON:test_delete_server_while_in_attached_volume): 204 DELETE http://10.180.1.21/compute/v2.1/servers/57485f78-b97e-423c-b1f1-8648e963e5dd 0.716s
2025-05-19 11:35:58.329 70345 INFO tempest.lib.common.rest_client [req-9e5679e5-7ff9-4639-bfeb-e0f4fdd7847b req-9e5679e5-7ff9-4639-bfeb-e0f4fdd7847b ] Request (DeleteServersAdminTestJSON:test_delete_server_while_in_error_state): 200 GET http://10.180.1.21/compute/v2.1/servers/85488f5e-bd8a-4bcf-8420-744c54176c2e 0.531s
2025-05-19 11:35:58.344 70289 INFO tempest.lib.common.rest_client [req-bd6f0d2e-74bf-462f-ab0d-d844fec82d41 req-bd6f0d2e-74bf-462f-ab0d-d844fec82d41 ] Request (FlavorsV2NegativeTest:tearDownClass): 201 POST http://10.180.1.21/identity/v3/auth/tokens 0.093s
2025-05-19 11:35:58.399 70303 INFO tempest.lib.common.rest_client [req-226fd231-651d-4307-8fc9-d78937ee9abd req-226fd231-651d-4307-8fc9-d78937ee9abd ] Request (ServersV294TestFqdnHostnames:setUpClass): 200 GET http://10.180.1.21/compute/v2.1/servers/9137a6bc-8f1e-47b7-b1ec-5b4035d36fff 0.538s
2025-05-19 11:35:58.401 70291 INFO tempest.lib.common.rest_client [req-6d407583-e52d-4177-97b5-95b72b1c2d2f req-6d407583-e52d-4177-97b5-95b72b1c2d2f ] Request (ImagesTestJSON:test_create_server_from_snapshot): 200 GET http://10.180.1.21/compute/v2.1/servers/eab0c393-4d3d-4659-8225-c82ddadb330b 0.478s
2025-05-19 11:35:58.411 70303 INFO tempest.common.waiters [-] State transition "BUILD/scheduling" ==> "BUILD/None" after 51 second wait
2025-05-19 11:35:58.424 70325 INFO tempest.lib.common.rest_client [req-630e5e64-d48c-4e1d-aa55-b038abb29e54 req-630e5e64-d48c-4e1d-aa55-b038abb29e54 ] Request (ServersWithSpecificFlavorTestJSON:test_verify_created_server_ephemeral_disk): 404 GET http://10.180.1.21/compute/v2.1/servers/d17e76e7-37ea-42b4-a1cd-3e4364216785 0.493s
2025-05-19 11:35:58.512 70329 INFO tempest.lib.common.rest_client [req-f474ee00-6d21-4abe-b36d-77ae2a1cfeeb req-f474ee00-6d21-4abe-b36d-77ae2a1cfeeb ] Request (ServersListShow2100Test:test_list_show_rebuild_update_server_2100): 200 GET http://10.180.1.21/compute/v2.1/servers/965480de-4fe2-48ce-94ad-0838d78239dd 0.498s
2025-05-19 11:35:58.574 70321 INFO tempest.lib.common.rest_client [req-efa40f2c-9b26-498d-b226-30d50fdc0277 req-efa40f2c-9b26-498d-b226-30d50fdc0277 ] Request (ServersTestManualDisk:setUpClass): 200 GET http://10.180.1.21/compute/v2.1/servers/cfccb245-dec8-4dec-bd73-33fe18ec8a19 0.503s
2025-05-19 11:35:58.636 70315 INFO tempest.lib.common.rest_client [req-3223a420-9831-449f-af6d-c5c614968454 req-3223a420-9831-449f-af6d-c5c614968454 ] Request (MultipleCreateTestJSON:test_multiple_create): 200 GET http://10.180.1.21/compute/v2.1/servers/2aefaa91-c439-486a-8b19-c6f45f52583f 0.560s
2025-05-19 11:35:58.657 70351 INFO tempest.lib.common.rest_client [req-93dc6836-5dbf-4838-b62b-578c064a8d73 req-93dc6836-5dbf-4838-b62b-578c064a8d73 ] Request (ServersTestJSON:_run_cleanups): 200 GET http://10.180.1.21/compute/v2.1/servers/f715cf45-81f1-4979-abfc-455b3e64f00e 0.649s
2025-05-19 11:35:58.672 70327 INFO tempest.lib.common.rest_client [req-c9bf5c86-e34c-4bd1-99f4-e648656e831a req-c9bf5c86-e34c-4bd1-99f4-e648656e831a ] Request (VolumesAssistedSnapshotsTest:_run_cleanups): 200 GET http://10.180.1.21/compute/v2.1/servers/b7cb13ef-25eb-4e83-9b53-d9f1ddc62b25/os-volume_attachments 0.577s
2025-05-19 11:35:58.679 70289 INFO tempest.lib.common.rest_client [req-4bfdf640-4691-4df2-8018-8a517f70735d req-4bfdf640-4691-4df2-8018-8a517f70735d ] Request (FlavorsV2NegativeTest:tearDownClass): 200 GET http://10.180.1.21:9696/networking/v2.0/security-groups?tenant_id=b4e4ced45c1f4a55883be9ac3f59d547&name=default 0.334s
2025-05-19 11:35:58.708 70327 INFO tempest.lib.common.rest_client [req-940c5726-1c54-4881-b60d-ee9ab537b396 req-940c5726-1c54-4881-b60d-ee9ab537b396 ] Request (VolumesAssistedSnapshotsTest:_run_cleanups): 200 GET http://10.180.1.21/volume/v3/volumes/7c68bccf-7eb8-4bca-a0f2-8e81c644591e 0.035s
2025-05-19 11:35:58.717 70299 INFO tempest.lib.common.rest_client [req-193b4d6e-4dfa-49f6-af82-a1c7e93af9f8 req-193b4d6e-4dfa-49f6-af82-a1c7e93af9f8 ] Request (AttachVolumeNegativeTest:test_attach_attached_volume_to_different_server): 200 GET http://10.180.1.21/compute/v2.1/servers/b853f0c4-b79e-4e30-8ba1-3d3fb7041809 0.563s
2025-05-19 11:35:58.718 70327 INFO tempest.common.waiters [-] volume 7c68bccf-7eb8-4bca-a0f2-8e81c644591e reached available after waiting for 0.718148 seconds
2025-05-19 11:35:58.736 70343 INFO tempest.lib.common.rest_client [req-bce32510-9fe1-42b4-bc0e-200e27716290 req-bce32510-9fe1-42b4-bc0e-200e27716290 ] Request (DeleteServersTestJSON:test_delete_server_while_in_attached_volume): 404 GET http://10.180.1.21/compute/v2.1/servers/57485f78-b97e-423c-b1f1-8648e963e5dd 0.419s
2025-05-19 11:35:58.744 70293 INFO tempest.lib.common.rest_client [req-001fdaed-d555-40ed-a168-49f2f87cc410 req-001fdaed-d555-40ed-a168-49f2f87cc410 ] Request (ListServersNegativeTestJSON:setUpClass): 200 GET http://10.180.1.21/compute/v2.1/servers/b1d844cc-dcdc-47e2-85c3-484d0862be60 0.571s
2025-05-19 11:35:58.764 70327 INFO tempest.lib.common.rest_client [req-245179ea-7b0a-4a15-bd4c-bbf0ad3c1317 req-245179ea-7b0a-4a15-bd4c-bbf0ad3c1317 ] Request (VolumesAssistedSnapshotsTest:_run_cleanups): 202 DELETE http://10.180.1.21/volume/v3/volumes/7c68bccf-7eb8-4bca-a0f2-8e81c644591e 0.046s
2025-05-19 11:35:58.795 70327 INFO tempest.lib.common.rest_client [req-b5c2093b-cc8b-44f6-9006-2876c8381187 req-b5c2093b-cc8b-44f6-9006-2876c8381187 ] Request (VolumesAssistedSnapshotsTest:_run_cleanups): 200 GET http://10.180.1.21/volume/v3/volumes/7c68bccf-7eb8-4bca-a0f2-8e81c644591e 0.030s
2025-05-19 11:35:58.846 70343 INFO tempest.lib.common.rest_client [req-342804ff-611d-4f55-a76b-81fbafbf587a req-342804ff-611d-4f55-a76b-81fbafbf587a ] Request (DeleteServersTestJSON:test_delete_server_while_in_building_state): 201 POST http://10.180.1.21/identity/v3/auth/tokens 0.099s
2025-05-19 11:35:58.846 70343 INFO tempest.lib.common.fixed_network [-] (DeleteServersTestJSON:test_delete_server_while_in_building_state) Found network {'id': '616efc9a-ffea-4886-91ab-eb073a21dd37', 'name': 'tempest-DeleteServersTestJSON-393103639-network', 'tenant_id': 'c3d42e73dc0a4a06a2022d8b54e13e12', 'admin_state_up': True, 'mtu': 8950, 'status': 'ACTIVE', 'subnets': [], 'shared': False, 'project_id': 'c3d42e73dc0a4a06a2022d8b54e13e12', 'port_security_enabled': True, 'router:external': False, 'provider:network_type': 'vlan', 'provider:physical_network': 'default', 'provider:segmentation_id': 414, 'availability_zone_hints': [], 'availability_zones': [], 'ipv4_address_scope': None, 'ipv6_address_scope': None, 'description': '', 'tags': [], 'created_at': '2025-05-19T11:33:18Z', 'updated_at': '2025-05-19T11:33:18Z', 'revision_number': 1} available for tenant
2025-05-19 11:35:58.870 70289 INFO tempest.lib.common.rest_client [req-731f8249-af1a-44f1-9cb7-1c13debb7548 req-731f8249-af1a-44f1-9cb7-1c13debb7548 ] Request (FlavorsV2NegativeTest:tearDownClass): 204 DELETE http://10.180.1.21:9696/networking/v2.0/security-groups/3934bdc6-194b-424e-8749-704eb90e9015 0.191s
2025-05-19 11:35:58.904 70317 INFO tempest.lib.common.rest_client [req-dace3ade-acf8-4fc9-a5f3-f470816f9d17 req-dace3ade-acf8-4fc9-a5f3-f470816f9d17 ] Request (VolumesAdminNegativeTest:test_update_attached_volume_with_nonexistent_volume_in_uri): 200 GET http://10.180.1.21/compute/v2.1/servers/be9a565b-c74c-442e-8087-cc4579b1c8e7 0.494s
2025-05-19 11:35:58.912 70317 INFO tempest.common.waiters [-] State transition "BUILD/spawning" ==> "ACTIVE/None" after 75 second wait
2025-05-19 11:35:58.915 70323 INFO tempest.lib.common.rest_client [req-65803903-c451-4b99-bfdc-0032383d6766 req-65803903-c451-4b99-bfdc-0032383d6766 ] Request (ServerActionsV293TestJSON:test_rebuild_volume_backed_server): 200 GET http://10.180.1.21/compute/v2.1/servers/5c5fbdae-4916-4beb-ada0-57f36fb0f84c 0.499s
2025-05-19 11:35:58.961 70289 INFO tempest.lib.common.rest_client [req-34ea81a7-9d4d-4a46-88b4-0ac86cabe583 req-34ea81a7-9d4d-4a46-88b4-0ac86cabe583 ] Request (FlavorsV2NegativeTest:tearDownClass): 204 DELETE http://10.180.1.21/identity/v3/projects/b4e4ced45c1f4a55883be9ac3f59d547 0.090s
2025-05-19 11:35:58.973 70301 INFO tempest.lib.common.rest_client [req-d05b71f9-020e-444c-a23a-1be10e8be7f1 req-d05b71f9-020e-444c-a23a-1be10e8be7f1 ] Request (ServersAdminTestJSON:setUpClass): 200 GET http://10.180.1.21/compute/v2.1/servers/0b0b2769-74ba-4ba2-9e8b-148cc2976321 0.486s
2025-05-19 11:35:58.990 70325 INFO tempest.lib.common.rest_client [req-50344d30-7fb4-40ad-9b84-73dab1ae4a29 req-50344d30-7fb4-40ad-9b84-73dab1ae4a29 ] Request (ServersWithSpecificFlavorTestJSON:_run_cleanups): 204 DELETE http://10.180.1.21/compute/v2.1/servers/b23b4e67-67a6-4117-9a62-3c0dcd25e828 0.564s
2025-05-19 11:35:59.041 70289 INFO tempest.lib.common.rest_client [req-f29e9440-bc94-4f58-9fb3-20052d02ccf6 req-f29e9440-bc94-4f58-9fb3-20052d02ccf6 ] Request (SecurityGroupsNegativeTestJSON:setUpClass): 201 POST http://10.180.1.21/identity/v3/auth/tokens 0.079s
2025-05-19 11:35:59.052 70335 INFO tempest.lib.common.rest_client [req-a51e5f58-ff2d-45b0-b6c4-1efa37a10965 req-a51e5f58-ff2d-45b0-b6c4-1efa37a10965 ] Request (ListImageFiltersTestJSON:tearDownClass): 200 GET http://10.180.1.21/compute/v2.1/servers/352790fe-057f-45ee-aff0-549b456fd181 0.506s
2025-05-19 11:35:59.080 70289 INFO tempest.lib.common.rest_client [req-a0aae124-da3d-4db4-a9e7-821176b015fc req-a0aae124-da3d-4db4-a9e7-821176b015fc ] Request (SecurityGroupsNegativeTestJSON:setUpClass): 201 POST http://10.180.1.21/identity/v3/auth/tokens 0.037s
2025-05-19 11:35:59.090 70317 INFO tempest.lib.common.rest_client [req-67988dd4-5363-4838-91bb-69dc448e5a90 req-67988dd4-5363-4838-91bb-69dc448e5a90 ] Request (VolumesAdminNegativeTest:test_update_attached_volume_with_nonexistent_volume_in_uri): 202 POST http://10.180.1.21/volume/v3/volumes 0.177s
2025-05-19 11:35:59.115 70289 INFO tempest.lib.common.rest_client [req-fb629138-013c-45de-94a2-bdd8892a05b8 req-fb629138-013c-45de-94a2-bdd8892a05b8 ] Request (SecurityGroupsNegativeTestJSON:setUpClass): 200 GET http://10.180.1.21/identity/v3/domains?name=Default 0.034s
2025-05-19 11:35:59.116 70309 INFO tempest.lib.common.rest_client [req-04cb2445-c7d4-4a45-bf61-1de6c8544f17 req-04cb2445-c7d4-4a45-bf61-1de6c8544f17 ] Request (MigrationsAdminTest:test_resize_server_revert_deleted_flavor): 200 GET http://10.180.1.21/compute/v2.1/servers/c1aacf70-a6b5-4528-bcaa-b8f1c955a1c3 0.318s
2025-05-19 11:35:59.140 70317 INFO tempest.lib.common.rest_client [req-179d6f38-c197-431e-9f2a-32c3fc374c80 req-179d6f38-c197-431e-9f2a-32c3fc374c80 ] Request (VolumesAdminNegativeTest:test_update_attached_volume_with_nonexistent_volume_in_uri): 200 GET http://10.180.1.21/volume/v3/volumes/f54b5bf1-dc0d-463b-af79-a1e7f2497dd1 0.041s
2025-05-19 11:35:59.150 70289 INFO tempest.lib.common.rest_client [req-eb2a685d-fa35-45c7-b46a-0c29546a1bf8 req-eb2a685d-fa35-45c7-b46a-0c29546a1bf8 ] Request (SecurityGroupsNegativeTestJSON:setUpClass): 201 POST http://10.180.1.21/identity/v3/projects 0.035s
2025-05-19 11:35:59.161 70319 INFO tempest.lib.common.rest_client [req-59effad1-a24d-4f40-a5c9-641a34eb9030 req-59effad1-a24d-4f40-a5c9-641a34eb9030 ] Request (InstanceActionsTestJSON:setUpClass): 200 GET http://10.180.1.21/compute/v2.1/servers/6b458a7e-f786-41f6-b8ac-9f6f4ddcb268 0.425s
2025-05-19 11:35:59.216 70289 INFO tempest.lib.common.rest_client [req-ce4494fb-8e1a-4968-ba42-80deb14d4c25 req-ce4494fb-8e1a-4968-ba42-80deb14d4c25 ] Request (SecurityGroupsNegativeTestJSON:setUpClass): 201 POST http://10.180.1.21/identity/v3/users 0.064s
2025-05-19 11:35:59.235 70325 INFO tempest.lib.common.rest_client [req-36428e50-9c38-4add-a582-e9a3792aaddd req-36428e50-9c38-4add-a582-e9a3792aaddd ] Request (ServersWithSpecificFlavorTestJSON:_run_cleanups): 200 GET http://10.180.1.21/compute/v2.1/servers/b23b4e67-67a6-4117-9a62-3c0dcd25e828 0.245s
2025-05-19 11:35:59.247 70289 INFO tempest.lib.common.rest_client [req-3394f0dd-0164-47ae-ab3b-863262d7e1f1 req-3394f0dd-0164-47ae-ab3b-863262d7e1f1 ] Request (SecurityGroupsNegativeTestJSON:setUpClass): 200 GET http://10.180.1.21/identity/v3/roles 0.031s
2025-05-19 11:35:59.284 70289 INFO tempest.lib.common.rest_client [req-1723bf09-753d-408c-9945-56b3682ff3bc req-1723bf09-753d-408c-9945-56b3682ff3bc ] Request (SecurityGroupsNegativeTestJSON:setUpClass): 204 PUT http://10.180.1.21/identity/v3/projects/d240ae0a99ca44919021fcf795763b0c/users/53a7673c94ca4e34b684ca67ba8dbdd1/roles/102f085e1a454ba18372d96fd56df80a 0.036s
2025-05-19 11:35:59.284 70289 INFO tempest.lib.common.dynamic_creds [-] Dynamic test user 53a7673c94ca4e34b684ca67ba8dbdd1 is created with scope project and roles: ['member']
2025-05-19 11:35:59.285 70289 INFO tempest.lib.common.dynamic_creds [-] Acquired dynamic creds: credentials: Credentials: {'domain_id': 'default', 'domain_name': 'Default', 'username': 'tempest-SecurityGroupsNegativeTestJSON-1589191128-project-member', 'project_domain_id': 'default', 'project_domain_name': 'Default', 'project_id': 'd240ae0a99ca44919021fcf795763b0c', 'project_name': 'tempest-SecurityGroupsNegativeTestJSON-1589191128', 'tenant_id': 'd240ae0a99ca44919021fcf795763b0c', 'tenant_name': 'tempest-SecurityGroupsNegativeTestJSON-1589191128', 'user_domain_id': 'default', 'user_domain_name': 'Default', 'user_id': '53a7673c94ca4e34b684ca67ba8dbdd1', 'system': None}, Network: None, Subnet: None, Router: None
2025-05-19 11:35:59.315 70341 INFO tempest.lib.common.rest_client [req-e2b50268-3088-405f-a122-792b190d67fa req-e2b50268-3088-405f-a122-792b190d67fa ] Request (ServerAddressesTestJSON:setUpClass): 200 GET http://10.180.1.21/compute/v2.1/servers/0a56e30f-fb07-4a5e-9d69-9603fd38ff9f 0.306s
2025-05-19 11:35:59.328 70341 INFO tempest.common.waiters [-] State transition "BUILD/scheduling" ==> "BUILD/None" after 48 second wait
2025-05-19 11:35:59.361 70289 INFO tempest.lib.common.rest_client [req-698aa63c-2ca6-4f22-9e0c-c563d9c8ae51 req-698aa63c-2ca6-4f22-9e0c-c563d9c8ae51 ] Request (SecurityGroupsNegativeTestJSON:setUpClass): 201 POST http://10.180.1.21/identity/v3/auth/tokens 0.076s
2025-05-19 11:35:59.628 70289 INFO tempest.lib.common.rest_client [req-26d39ed4-b734-4cc9-9ee2-d7d98d068635 req-26d39ed4-b734-4cc9-9ee2-d7d98d068635 ] Request (SecurityGroupsNegativeTestJSON:setUpClass): 201 POST http://10.180.1.21:9696/networking/v2.0/networks 0.267s
2025-05-19 11:35:59.666 70295 INFO tempest.lib.common.rest_client [req-d2685117-10e2-47c0-96e5-569f1293dff1 req-d2685117-10e2-47c0-96e5-569f1293dff1 ] Request (SecurityGroupsTestJSON:test_server_security_groups): 200 GET http://10.180.1.21/compute/v2.1/servers/a53389ce-d0c2-48ae-83e3-ee58fbdbfb01 0.586s
2025-05-19 11:35:59.744 70305 INFO tempest.lib.common.rest_client [req-6b64fffe-5df3-47fd-96d8-7b103a193e6a req-6b64fffe-5df3-47fd-96d8-7b103a193e6a ] Request (ServerRescueNegativeTestJSON:setUpClass): 200 GET http://10.180.1.21/compute/v2.1/servers/ef64a05a-b514-4c35-81d3-664ae1ad3ff1 0.576s
2025-05-19 11:35:59.799 70289 INFO tempest.lib.common.rest_client [req-a0d1df0f-6c7b-4e94-acb4-fbd4268f1e66 req-a0d1df0f-6c7b-4e94-acb4-fbd4268f1e66 ] Request (SecurityGroupsNegativeTestJSON:setUpClass): 201 POST http://10.180.1.21:9696/networking/v2.0/subnets 0.170s
2025-05-19 11:35:59.800 70343 INFO tempest.lib.common.rest_client [req-96db3534-d379-4849-be84-94384c9dadd4 req-96db3534-d379-4849-be84-94384c9dadd4 ] Request (DeleteServersTestJSON:test_delete_server_while_in_building_state): 202 POST http://10.180.1.21/compute/v2.1/servers 0.953s
2025-05-19 11:35:59.814 70311 INFO tempest.lib.common.rest_client [req-5712240d-8046-4ebf-b9ec-b763bd278365 req-5712240d-8046-4ebf-b9ec-b763bd278365 ] Request (AttachInterfacesTestJSON:_run_cleanups): 200 GET http://10.180.1.21/compute/v2.1/servers/9a0ecd6c-5853-446d-8f41-b2ee51e5259a 0.552s
2025-05-19 11:35:59.846 70327 INFO tempest.lib.common.rest_client [req-f6c04e0d-89b5-478a-bde5-15d2f0c5bb11 req-f6c04e0d-89b5-478a-bde5-15d2f0c5bb11 ] Request (VolumesAssistedSnapshotsTest:_run_cleanups): 200 GET http://10.180.1.21/volume/v3/volumes/7c68bccf-7eb8-4bca-a0f2-8e81c644591e 0.042s
2025-05-19 11:35:59.877 70303 INFO tempest.lib.common.rest_client [req-4a6026c0-81c2-42ce-bc68-f8c0fbf628b6 req-4a6026c0-81c2-42ce-bc68-f8c0fbf628b6 ] Request (ServersV294TestFqdnHostnames:setUpClass): 200 GET http://10.180.1.21/compute/v2.1/servers/9137a6bc-8f1e-47b7-b1ec-5b4035d36fff 0.463s
2025-05-19 11:35:59.895 70345 INFO tempest.lib.common.rest_client [req-96d2377b-1224-475d-a48f-be04e4a81ba0 req-96d2377b-1224-475d-a48f-be04e4a81ba0 ] Request (DeleteServersAdminTestJSON:test_delete_server_while_in_error_state): 200 GET http://10.180.1.21/compute/v2.1/servers/85488f5e-bd8a-4bcf-8420-744c54176c2e 0.554s
2025-05-19 11:35:59.946 70291 INFO tempest.lib.common.rest_client [req-98e9eb8d-3186-4ffc-8b1b-2bc1230e0f60 req-98e9eb8d-3186-4ffc-8b1b-2bc1230e0f60 ] Request (ImagesTestJSON:test_create_server_from_snapshot): 200 GET http://10.180.1.21/compute/v2.1/servers/eab0c393-4d3d-4659-8225-c82ddadb330b 0.529s
2025-05-19 11:35:59.959 70291 INFO tempest.common.waiters [-] State transition "BUILD/scheduling" ==> "BUILD/None" after 32 second wait
2025-05-19 11:35:59.965 70329 INFO tempest.lib.common.rest_client [req-16deea77-4e7b-46e5-abe1-9975421f218c req-16deea77-4e7b-46e5-abe1-9975421f218c ] Request (ServersListShow2100Test:test_list_show_rebuild_update_server_2100): 200 GET http://10.180.1.21/compute/v2.1/servers/965480de-4fe2-48ce-94ad-0838d78239dd 0.436s
2025-05-19 11:36:00.011 70321 INFO tempest.lib.common.rest_client [req-0b760a7b-5fcc-43e6-a7e2-e28c0da5e712 req-0b760a7b-5fcc-43e6-a7e2-e28c0da5e712 ] Request (ServersTestManualDisk:setUpClass): 200 GET http://10.180.1.21/compute/v2.1/servers/cfccb245-dec8-4dec-bd73-33fe18ec8a19 0.424s
2025-05-19 11:36:00.022 70315 INFO tempest.lib.common.rest_client [req-4f13db1e-878d-4ed3-bc67-baa5cf7b13f6 req-4f13db1e-878d-4ed3-bc67-baa5cf7b13f6 ] Request (MultipleCreateTestJSON:test_multiple_create): 200 GET http://10.180.1.21/compute/v2.1/servers/2aefaa91-c439-486a-8b19-c6f45f52583f 0.378s
2025-05-19 11:36:00.073 70351 INFO tempest.lib.common.rest_client [req-d8092c28-04ce-49d6-9b57-c07b3327f280 req-d8092c28-04ce-49d6-9b57-c07b3327f280 ] Request (ServersTestJSON:_run_cleanups): 200 GET http://10.180.1.21/compute/v2.1/servers/f715cf45-81f1-4979-abfc-455b3e64f00e 0.407s
2025-05-19 11:36:00.084 70299 INFO tempest.lib.common.rest_client [req-ee1a23f5-6f92-4778-8718-936882bdb235 req-ee1a23f5-6f92-4778-8718-936882bdb235 ] Request (AttachVolumeNegativeTest:test_attach_attached_volume_to_different_server): 200 GET http://10.180.1.21/compute/v2.1/servers/b853f0c4-b79e-4e30-8ba1-3d3fb7041809 0.359s
2025-05-19 11:36:00.122 70343 INFO tempest.lib.common.rest_client [req-d247e340-7e4e-456c-9644-90f85e7a1c65 req-d247e340-7e4e-456c-9644-90f85e7a1c65 ] Request (DeleteServersTestJSON:test_delete_server_while_in_building_state): 200 GET http://10.180.1.21/compute/v2.1/servers/69709093-19c4-4eac-9d38-78fd88feedb8 0.321s
2025-05-19 11:36:00.144 70293 INFO tempest.lib.common.rest_client [req-0d64d4c4-670c-4e8f-ab79-ecbca300f87a req-0d64d4c4-670c-4e8f-ab79-ecbca300f87a ] Request (ListServersNegativeTestJSON:setUpClass): 200 GET http://10.180.1.21/compute/v2.1/servers/b1d844cc-dcdc-47e2-85c3-484d0862be60 0.390s
2025-05-19 11:36:00.176 70317 INFO tempest.lib.common.rest_client [req-92c9169d-fb74-47a6-bfdf-00bbf031af1e req-92c9169d-fb74-47a6-bfdf-00bbf031af1e ] Request (VolumesAdminNegativeTest:test_update_attached_volume_with_nonexistent_volume_in_uri): 200 GET http://10.180.1.21/volume/v3/volumes/f54b5bf1-dc0d-463b-af79-a1e7f2497dd1 0.025s
2025-05-19 11:36:00.185 70317 INFO tempest.common.waiters [-] volume f54b5bf1-dc0d-463b-af79-a1e7f2497dd1 reached available after waiting for 1.185407 seconds
2025-05-19 11:36:00.204 70301 INFO tempest.lib.common.rest_client [req-fdf32ab8-d824-4189-a75c-ba96cbc74092 req-fdf32ab8-d824-4189-a75c-ba96cbc74092 ] Request (ServersAdminTestJSON:setUpClass): 200 GET http://10.180.1.21/compute/v2.1/servers/0b0b2769-74ba-4ba2-9e8b-148cc2976321 0.216s
2025-05-19 11:36:00.212 70301 INFO tempest.common.waiters [-] State transition "BUILD/None" ==> "BUILD/networking" after 67 second wait
2025-05-19 11:36:00.268 70335 INFO tempest.lib.common.rest_client [req-e3dea259-7e54-4680-93c2-a19363e6b509 req-e3dea259-7e54-4680-93c2-a19363e6b509 ] Request (ListImageFiltersTestJSON:tearDownClass): 200 GET http://10.180.1.21/compute/v2.1/servers/352790fe-057f-45ee-aff0-549b456fd181 0.208s
2025-05-19 11:36:00.288 70323 INFO tempest.lib.common.rest_client [req-263d9129-056f-4d5e-8c22-821eb52de059 req-263d9129-056f-4d5e-8c22-821eb52de059 ] Request (ServerActionsV293TestJSON:test_rebuild_volume_backed_server): 200 GET http://10.180.1.21/compute/v2.1/servers/5c5fbdae-4916-4beb-ada0-57f36fb0f84c 0.361s
2025-05-19 11:36:00.300 70323 INFO tempest.common.waiters [-] State transition "REBUILD/rebuilding" ==> "ERROR/None" after 5 second wait
2025-05-19 11:36:00.332 70309 INFO tempest.lib.common.rest_client [req-2489577f-56d1-44c4-9a05-921eff62ee2a req-2489577f-56d1-44c4-9a05-921eff62ee2a ] Request (MigrationsAdminTest:test_resize_server_revert_deleted_flavor): 200 GET http://10.180.1.21/compute/v2.1/servers/c1aacf70-a6b5-4528-bcaa-b8f1c955a1c3 0.208s
2025-05-19 11:36:00.373 70343 INFO tempest.lib.common.rest_client [req-63082923-8c98-4cd2-a91f-f3df33147b48 req-63082923-8c98-4cd2-a91f-f3df33147b48 ] Request (DeleteServersTestJSON:test_delete_server_while_in_building_state): 204 DELETE http://10.180.1.21/compute/v2.1/servers/69709093-19c4-4eac-9d38-78fd88feedb8 0.243s
2025-05-19 11:36:00.419 70317 INFO tempest.lib.common.rest_client [req-cce02fcc-2274-46ed-b63a-ef01ba19fa55 req-cce02fcc-2274-46ed-b63a-ef01ba19fa55 ] Request (VolumesAdminNegativeTest:test_update_attached_volume_with_nonexistent_volume_in_uri): 404 PUT http://10.180.1.21/compute/v2.1/servers/be9a565b-c74c-442e-8087-cc4579b1c8e7/os-volume_attachments/5c8c5ad0-cf94-4e49-87f6-2b135a7e0065 0.234s
2025-05-19 11:36:00.457 70319 INFO tempest.lib.common.rest_client [req-6d1c0284-fc74-44e9-82ab-652136f3d7fc req-6d1c0284-fc74-44e9-82ab-652136f3d7fc ] Request (InstanceActionsTestJSON:setUpClass): 200 GET http://10.180.1.21/compute/v2.1/servers/6b458a7e-f786-41f6-b8ac-9f6f4ddcb268 0.284s
2025-05-19 11:36:00.470 70317 INFO tempest.lib.common.rest_client [req-e1b0980b-0595-4a73-93f4-571e30577142 req-e1b0980b-0595-4a73-93f4-571e30577142 ] Request (VolumesAdminNegativeTest:tearDownClass): 202 DELETE http://10.180.1.21/volume/v3/volumes/f54b5bf1-dc0d-463b-af79-a1e7f2497dd1 0.049s
2025-05-19 11:36:00.494 70325 INFO tempest.lib.common.rest_client [req-28dd68e2-8c23-41f2-a039-6481282880a1 req-28dd68e2-8c23-41f2-a039-6481282880a1 ] Request (ServersWithSpecificFlavorTestJSON:_run_cleanups): 200 GET http://10.180.1.21/compute/v2.1/servers/b23b4e67-67a6-4117-9a62-3c0dcd25e828 0.250s
2025-05-19 11:36:00.504 70317 INFO tempest.lib.common.rest_client [req-e3af9865-297a-4e0b-b33f-fb05133cd189 req-e3af9865-297a-4e0b-b33f-fb05133cd189 ] Request (VolumesAdminNegativeTest:tearDownClass): 200 GET http://10.180.1.21/volume/v3/volumes/f54b5bf1-dc0d-463b-af79-a1e7f2497dd1 0.033s
2025-05-19 11:36:00.548 70341 INFO tempest.lib.common.rest_client [req-abfa7ff5-1851-4f9e-a479-0aa407fc3829 req-abfa7ff5-1851-4f9e-a479-0aa407fc3829 ] Request (ServerAddressesTestJSON:setUpClass): 200 GET http://10.180.1.21/compute/v2.1/servers/0a56e30f-fb07-4a5e-9d69-9603fd38ff9f 0.220s
2025-05-19 11:36:00.556 70323 INFO tempest.lib.common.rest_client [req-5ac79e0c-6557-4fed-83ca-3c5994e02748 req-5ac79e0c-6557-4fed-83ca-3c5994e02748 ] Request (ServerActionsV293TestJSON:tearDownClass): 204 DELETE http://10.180.1.21/compute/v2.1/servers/5c5fbdae-4916-4beb-ada0-57f36fb0f84c 0.252s
2025-05-19 11:36:00.558 70343 INFO tempest.lib.common.rest_client [req-a8d06ed5-1bab-4d3d-8666-77925ac668b8 req-a8d06ed5-1bab-4d3d-8666-77925ac668b8 ] Request (DeleteServersTestJSON:test_delete_server_while_in_building_state): 404 GET http://10.180.1.21/compute/v2.1/servers/69709093-19c4-4eac-9d38-78fd88feedb8 0.185s
2025-05-19 11:36:00.636 70343 INFO tempest.lib.common.rest_client [req-559c2824-cade-47f3-8b40-25c808465e3b req-559c2824-cade-47f3-8b40-25c808465e3b ] Request (DeleteServersTestJSON:test_delete_server_while_in_shelved_state): 201 POST http://10.180.1.21/identity/v3/auth/tokens 0.074s
2025-05-19 11:36:00.637 70343 INFO tempest.lib.common.fixed_network [-] (DeleteServersTestJSON:test_delete_server_while_in_shelved_state) Found network {'id': '616efc9a-ffea-4886-91ab-eb073a21dd37', 'name': 'tempest-DeleteServersTestJSON-393103639-network', 'tenant_id': 'c3d42e73dc0a4a06a2022d8b54e13e12', 'admin_state_up': True, 'mtu': 8950, 'status': 'ACTIVE', 'subnets': [], 'shared': False, 'project_id': 'c3d42e73dc0a4a06a2022d8b54e13e12', 'port_security_enabled': True, 'router:external': False, 'provider:network_type': 'vlan', 'provider:physical_network': 'default', 'provider:segmentation_id': 414, 'availability_zone_hints': [], 'availability_zones': [], 'ipv4_address_scope': None, 'ipv6_address_scope': None, 'description': '', 'tags': [], 'created_at': '2025-05-19T11:33:18Z', 'updated_at': '2025-05-19T11:33:18Z', 'revision_number': 1} available for tenant
2025-05-19 11:36:00.700 70323 INFO tempest.lib.common.rest_client [req-d8ffbf6e-78c7-4e52-a8e7-f26a00579410 req-d8ffbf6e-78c7-4e52-a8e7-f26a00579410 ] Request (ServerActionsV293TestJSON:tearDownClass): 200 GET http://10.180.1.21/compute/v2.1/servers/5c5fbdae-4916-4beb-ada0-57f36fb0f84c 0.142s
2025-05-19 11:36:00.765 70295 INFO tempest.lib.common.rest_client [req-ed23e4d3-e3e5-45f3-975a-03e9b3fb9357 req-ed23e4d3-e3e5-45f3-975a-03e9b3fb9357 ] Request (SecurityGroupsTestJSON:test_server_security_groups): 200 GET http://10.180.1.21/compute/v2.1/servers/a53389ce-d0c2-48ae-83e3-ee58fbdbfb01 0.092s
2025-05-19 11:36:00.823 70305 INFO tempest.lib.common.rest_client [req-1d6ee418-a91a-428d-8ed3-712c1c8aeb70 req-1d6ee418-a91a-428d-8ed3-712c1c8aeb70 ] Request (ServerRescueNegativeTestJSON:setUpClass): 200 GET http://10.180.1.21/compute/v2.1/servers/ef64a05a-b514-4c35-81d3-664ae1ad3ff1 0.071s
2025-05-19 11:36:00.877 70327 INFO tempest.lib.common.rest_client [req-f50c332c-f750-486a-8e82-b1e5632eb262 req-f50c332c-f750-486a-8e82-b1e5632eb262 ] Request (VolumesAssistedSnapshotsTest:_run_cleanups): 404 GET http://10.180.1.21/volume/v3/volumes/7c68bccf-7eb8-4bca-a0f2-8e81c644591e 0.023s
2025-05-19 11:36:00.900 70311 INFO tempest.lib.common.rest_client [req-ef0b6f0d-f809-42cc-a9d4-68f12964167a req-ef0b6f0d-f809-42cc-a9d4-68f12964167a ] Request (AttachInterfacesTestJSON:_run_cleanups): 200 GET http://10.180.1.21/compute/v2.1/servers/9a0ecd6c-5853-446d-8f41-b2ee51e5259a 0.074s
2025-05-19 11:36:00.976 70327 INFO tempest.lib.common.rest_client [req-cfbaee93-5218-44ac-987e-67d5b715ca78 req-cfbaee93-5218-44ac-987e-67d5b715ca78 ] Request (VolumesAssistedSnapshotsTest:tearDownClass): 204 DELETE http://10.180.1.21/compute/v2.1/servers/b7cb13ef-25eb-4e83-9b53-d9f1ddc62b25 0.091s
2025-05-19 11:36:00.988 70343 INFO tempest.lib.common.rest_client [req-52517634-fdf2-494c-8359-52b97cb4080e req-52517634-fdf2-494c-8359-52b97cb4080e ] Request (DeleteServersTestJSON:test_delete_server_while_in_shelved_state): 202 POST http://10.180.1.21/compute/v2.1/servers 0.351s
2025-05-19 11:36:01.037 70303 INFO tempest.lib.common.rest_client [req-51c61c26-5145-490b-9979-90494e2a5613 req-51c61c26-5145-490b-9979-90494e2a5613 ] Request (ServersV294TestFqdnHostnames:setUpClass): 200 GET http://10.180.1.21/compute/v2.1/servers/9137a6bc-8f1e-47b7-b1ec-5b4035d36fff 0.142s
2025-05-19 11:36:01.050 70345 INFO tempest.lib.common.rest_client [req-92adbbaf-18f2-43a6-8654-27df9c206d7e req-92adbbaf-18f2-43a6-8654-27df9c206d7e ] Request (DeleteServersAdminTestJSON:test_delete_server_while_in_error_state): 200 GET http://10.180.1.21/compute/v2.1/servers/85488f5e-bd8a-4bcf-8420-744c54176c2e 0.139s
2025-05-19 11:36:01.100 70291 INFO tempest.lib.common.rest_client [req-fd5d64ad-b2d6-4ba0-b54e-eab5b388b8e1 req-fd5d64ad-b2d6-4ba0-b54e-eab5b388b8e1 ] Request (ImagesTestJSON:test_create_server_from_snapshot): 200 GET http://10.180.1.21/compute/v2.1/servers/eab0c393-4d3d-4659-8225-c82ddadb330b 0.141s
2025-05-19 11:36:01.110 70289 INFO tempest.lib.common.rest_client [req-f1f5a599-39ba-473d-8bae-7dea11bdbee9 req-f1f5a599-39ba-473d-8bae-7dea11bdbee9 ] Request (SecurityGroupsNegativeTestJSON:setUpClass): 201 POST http://10.180.1.21:9696/networking/v2.0/routers 1.310s
2025-05-19 11:36:01.185 70329 INFO tempest.lib.common.rest_client [req-151f7f96-fd56-4294-a13e-d3e5981bdea6 req-151f7f96-fd56-4294-a13e-d3e5981bdea6 ] Request (ServersListShow2100Test:test_list_show_rebuild_update_server_2100): 200 GET http://10.180.1.21/compute/v2.1/servers/965480de-4fe2-48ce-94ad-0838d78239dd 0.203s
2025-05-19 11:36:01.245 70343 INFO tempest.lib.common.rest_client [req-0aababb6-d8c5-4b11-8b24-d672a9e20a75 req-0aababb6-d8c5-4b11-8b24-d672a9e20a75 ] Request (DeleteServersTestJSON:test_delete_server_while_in_shelved_state): 200 GET http://10.180.1.21/compute/v2.1/servers/30fcb8c7-0947-426e-9aa5-081446e31c28 0.255s
2025-05-19 11:36:01.299 70327 INFO tempest.lib.common.rest_client [req-47dee46e-81a2-4ebb-9fb2-11711d6b535f req-47dee46e-81a2-4ebb-9fb2-11711d6b535f ] Request (VolumesAssistedSnapshotsTest:tearDownClass): 200 GET http://10.180.1.21/compute/v2.1/servers/b7cb13ef-25eb-4e83-9b53-d9f1ddc62b25 0.322s
2025-05-19 11:36:01.311 70321 INFO tempest.lib.common.rest_client [req-b81be1a7-7e00-4cfe-a091-81c43afbdea5 req-b81be1a7-7e00-4cfe-a091-81c43afbdea5 ] Request (ServersTestManualDisk:setUpClass): 200 GET http://10.180.1.21/compute/v2.1/servers/cfccb245-dec8-4dec-bd73-33fe18ec8a19 0.290s
2025-05-19 11:36:01.375 70315 INFO tempest.lib.common.rest_client [req-1af1e7c1-6c87-44e0-bcae-ca9007eee393 req-1af1e7c1-6c87-44e0-bcae-ca9007eee393 ] Request (MultipleCreateTestJSON:test_multiple_create): 200 GET http://10.180.1.21/compute/v2.1/servers/2aefaa91-c439-486a-8b19-c6f45f52583f 0.339s
2025-05-19 11:36:01.389 70351 INFO tempest.lib.common.rest_client [req-3cf37f3e-77ea-4270-93f6-d71630b2a4d9 req-3cf37f3e-77ea-4270-93f6-d71630b2a4d9 ] Request (ServersTestJSON:_run_cleanups): 200 GET http://10.180.1.21/compute/v2.1/servers/f715cf45-81f1-4979-abfc-455b3e64f00e 0.304s
2025-05-19 11:36:01.400 70351 INFO tempest.common.waiters [-] State transition "ACTIVE/deleting" ==> "DELETED/None" after 4 second wait
2025-05-19 11:36:01.434 70299 INFO tempest.lib.common.rest_client [req-3cc03252-4301-4c7b-8a00-2408dba33f23 req-3cc03252-4301-4c7b-8a00-2408dba33f23 ] Request (AttachVolumeNegativeTest:test_attach_attached_volume_to_different_server): 200 GET http://10.180.1.21/compute/v2.1/servers/b853f0c4-b79e-4e30-8ba1-3d3fb7041809 0.337s
2025-05-19 11:36:01.455 70293 INFO tempest.lib.common.rest_client [req-23d1a35a-7de7-43c4-91a2-d7f10c13b816 req-23d1a35a-7de7-43c4-91a2-d7f10c13b816 ] Request (ListServersNegativeTestJSON:setUpClass): 200 GET http://10.180.1.21/compute/v2.1/servers/b1d844cc-dcdc-47e2-85c3-484d0862be60 0.301s
2025-05-19 11:36:01.532 70335 INFO tempest.lib.common.rest_client [req-a5c547e0-629b-42d1-8d52-037ce4516a71 req-a5c547e0-629b-42d1-8d52-037ce4516a71 ] Request (ListImageFiltersTestJSON:tearDownClass): 200 GET http://10.180.1.21/compute/v2.1/servers/352790fe-057f-45ee-aff0-549b456fd181 0.254s
2025-05-19 11:36:01.539 70317 INFO tempest.lib.common.rest_client [req-4379e9cd-9e85-4376-8e8d-bd68c7193629 req-4379e9cd-9e85-4376-8e8d-bd68c7193629 ] Request (VolumesAdminNegativeTest:tearDownClass): 404 GET http://10.180.1.21/volume/v3/volumes/f54b5bf1-dc0d-463b-af79-a1e7f2497dd1 0.024s
2025-05-19 11:36:01.606 70309 INFO tempest.lib.common.rest_client [req-d237a385-86e0-47a5-ba75-7d53ad66381b req-d237a385-86e0-47a5-ba75-7d53ad66381b ] Request (MigrationsAdminTest:test_resize_server_revert_deleted_flavor): 200 GET http://10.180.1.21/compute/v2.1/servers/c1aacf70-a6b5-4528-bcaa-b8f1c955a1c3 0.263s
2025-05-19 11:36:01.622 70301 INFO tempest.lib.common.rest_client [req-70b070d2-856b-4f16-a092-3b70b1c778d8 req-70b070d2-856b-4f16-a092-3b70b1c778d8 ] Request (ServersAdminTestJSON:setUpClass): 200 GET http://10.180.1.21/compute/v2.1/servers/0b0b2769-74ba-4ba2-9e8b-148cc2976321 0.406s
2025-05-19 11:36:01.632 70301 INFO tempest.common.waiters [-] State transition "BUILD/networking" ==> "BUILD/spawning" after 68 second wait
2025-05-19 11:36:01.711 70325 INFO tempest.lib.common.rest_client [req-0097d76b-d09e-4401-abed-1887bbeae9d2 req-0097d76b-d09e-4401-abed-1887bbeae9d2 ] Request (ServersWithSpecificFlavorTestJSON:_run_cleanups): 200 GET http://10.180.1.21/compute/v2.1/servers/b23b4e67-67a6-4117-9a62-3c0dcd25e828 0.206s
2025-05-19 11:36:01.803 70317 INFO tempest.lib.common.rest_client [req-3be523cf-1ca4-49e2-a04c-a7e9a4ac871a req-3be523cf-1ca4-49e2-a04c-a7e9a4ac871a ] Request (VolumesAdminNegativeTest:tearDownClass): 204 DELETE http://10.180.1.21/compute/v2.1/servers/be9a565b-c74c-442e-8087-cc4579b1c8e7 0.263s
2025-05-19 11:36:01.826 70319 INFO tempest.lib.common.rest_client [req-796ca8a2-719c-49a4-a9e8-29efa436a984 req-796ca8a2-719c-49a4-a9e8-29efa436a984 ] Request (InstanceActionsTestJSON:setUpClass): 200 GET http://10.180.1.21/compute/v2.1/servers/6b458a7e-f786-41f6-b8ac-9f6f4ddcb268 0.357s
2025-05-19 11:36:01.863 70341 INFO tempest.lib.common.rest_client [req-bf576e19-f959-4fac-b0aa-75a6a3e26bbf req-bf576e19-f959-4fac-b0aa-75a6a3e26bbf ] Request (ServerAddressesTestJSON:setUpClass): 200 GET http://10.180.1.21/compute/v2.1/servers/0a56e30f-fb07-4a5e-9d69-9603fd38ff9f 0.300s
2025-05-19 11:36:01.935 70295 INFO tempest.lib.common.rest_client [req-9b52e81b-7106-451f-8295-c4f6c352bd5d req-9b52e81b-7106-451f-8295-c4f6c352bd5d ] Request (SecurityGroupsTestJSON:test_server_security_groups): 200 GET http://10.180.1.21/compute/v2.1/servers/a53389ce-d0c2-48ae-83e3-ee58fbdbfb01 0.158s
2025-05-19 11:36:02.112 70323 INFO tempest.lib.common.rest_client [req-edc17e9d-c5bb-48c8-8177-4531cdcfb8a9 req-edc17e9d-c5bb-48c8-8177-4531cdcfb8a9 ] Request (ServerActionsV293TestJSON:tearDownClass): 200 GET http://10.180.1.21/compute/v2.1/servers/5c5fbdae-4916-4beb-ada0-57f36fb0f84c 0.399s
2025-05-19 11:36:02.199 70305 INFO tempest.lib.common.rest_client [req-53d96b48-2ed8-455e-beba-7afb6399e344 req-53d96b48-2ed8-455e-beba-7afb6399e344 ] Request (ServerRescueNegativeTestJSON:setUpClass): 200 GET http://10.180.1.21/compute/v2.1/servers/ef64a05a-b514-4c35-81d3-664ae1ad3ff1 0.362s
2025-05-19 11:36:02.234 70317 INFO tempest.lib.common.rest_client [req-5b1cb2db-24a5-4ce1-b662-d09721ca12b1 req-5b1cb2db-24a5-4ce1-b662-d09721ca12b1 ] Request (VolumesAdminNegativeTest:tearDownClass): 200 GET http://10.180.1.21/compute/v2.1/servers/be9a565b-c74c-442e-8087-cc4579b1c8e7 0.431s
2025-05-19 11:36:02.291 70311 INFO tempest.lib.common.rest_client [req-4ce4bf02-0be3-42df-8ffc-f3a4fb8cd942 req-4ce4bf02-0be3-42df-8ffc-f3a4fb8cd942 ] Request (AttachInterfacesTestJSON:_run_cleanups): 200 GET http://10.180.1.21/compute/v2.1/servers/9a0ecd6c-5853-446d-8f41-b2ee51e5259a 0.382s
2025-05-19 11:36:02.329 70303 INFO tempest.lib.common.rest_client [req-0d700fd0-3a24-4d3d-9e88-5cc83577cd7d req-0d700fd0-3a24-4d3d-9e88-5cc83577cd7d ] Request (ServersV294TestFqdnHostnames:setUpClass): 200 GET http://10.180.1.21/compute/v2.1/servers/9137a6bc-8f1e-47b7-b1ec-5b4035d36fff 0.281s
2025-05-19 11:36:02.385 70345 INFO tempest.lib.common.rest_client [req-2d96c8d9-4dee-4e0f-bc45-e72ba7848096 req-2d96c8d9-4dee-4e0f-bc45-e72ba7848096 ] Request (DeleteServersAdminTestJSON:test_delete_server_while_in_error_state): 200 GET http://10.180.1.21/compute/v2.1/servers/85488f5e-bd8a-4bcf-8420-744c54176c2e 0.325s
2025-05-19 11:36:02.409 70323 INFO tempest.lib.common.rest_client [req-473b29cd-58b3-467c-a9c9-ea8b2f56a077 req-473b29cd-58b3-467c-a9c9-ea8b2f56a077 ] Request (ServerActionsV293TestJSON:tearDownClass): 204 DELETE http://10.180.1.21/compute/v2.1/os-keypairs/tempest-keypair-1738858078 0.285s
2025-05-19 11:36:02.413 70291 INFO tempest.lib.common.rest_client [req-d9d2e8ef-595a-4457-8a20-d77b7ab8e375 req-d9d2e8ef-595a-4457-8a20-d77b7ab8e375 ] Request (ImagesTestJSON:test_create_server_from_snapshot): 200 GET http://10.180.1.21/compute/v2.1/servers/eab0c393-4d3d-4659-8225-c82ddadb330b 0.300s
2025-05-19 11:36:02.483 70343 INFO tempest.lib.common.rest_client [req-057aae05-70cb-4f15-afaf-0a8cc530dd38 req-057aae05-70cb-4f15-afaf-0a8cc530dd38 ] Request (DeleteServersTestJSON:test_delete_server_while_in_shelved_state): 200 GET http://10.180.1.21/compute/v2.1/servers/30fcb8c7-0947-426e-9aa5-081446e31c28 0.230s
2025-05-19 11:36:02.518 70329 INFO tempest.lib.common.rest_client [req-c411fd92-4771-4389-a78c-dfc0a72d77a2 req-c411fd92-4771-4389-a78c-dfc0a72d77a2 ] Request (ServersListShow2100Test:test_list_show_rebuild_update_server_2100): 200 GET http://10.180.1.21/compute/v2.1/servers/965480de-4fe2-48ce-94ad-0838d78239dd 0.317s
2025-05-19 11:36:02.617 70321 INFO tempest.lib.common.rest_client [req-a71697aa-f0a8-4256-bd6b-4ec6f72b3bd7 req-a71697aa-f0a8-4256-bd6b-4ec6f72b3bd7 ] Request (ServersTestManualDisk:setUpClass): 200 GET http://10.180.1.21/compute/v2.1/servers/cfccb245-dec8-4dec-bd73-33fe18ec8a19 0.294s
2025-05-19 11:36:02.696 70323 INFO tempest.lib.common.rest_client [req-5160fc2a-916c-4a8e-a4ac-b39b2fd1e73b req-5160fc2a-916c-4a8e-a4ac-b39b2fd1e73b ] Request (ServerActionsV293TestJSON:tearDownClass): 204 DELETE http://10.180.1.21:9696/networking/v2.0/security-groups/b62110f9-4181-4c43-9e99-43fd5dff214d 0.286s
2025-05-19 11:36:02.698 70315 INFO tempest.lib.common.rest_client [req-cd1a0d3e-6edb-4077-b8b5-f5c2e6b1ab0a req-cd1a0d3e-6edb-4077-b8b5-f5c2e6b1ab0a ] Request (MultipleCreateTestJSON:test_multiple_create): 200 GET http://10.180.1.21/compute/v2.1/servers/2aefaa91-c439-486a-8b19-c6f45f52583f 0.314s
2025-05-19 11:36:02.708 70323 INFO tempest.lib.common.rest_client [req-53177a21-91e0-4fb3-aaa7-c5ec44c70202 req-53177a21-91e0-4fb3-aaa7-c5ec44c70202 ] Request (ServerActionsV293TestJSON:tearDownClass): 404 GET http://10.180.1.21:9696/networking/v2.0/security-groups/b62110f9-4181-4c43-9e99-43fd5dff214d 0.012s
2025-05-19 11:36:02.725 70327 INFO tempest.lib.common.rest_client [req-8dd805e5-d9e8-426f-9f7c-2816ab000ddc req-8dd805e5-d9e8-426f-9f7c-2816ab000ddc ] Request (VolumesAssistedSnapshotsTest:tearDownClass): 200 GET http://10.180.1.21/compute/v2.1/servers/b7cb13ef-25eb-4e83-9b53-d9f1ddc62b25 0.417s
2025-05-19 11:36:02.774 70351 INFO tempest.lib.common.rest_client [req-35acec62-1dac-4706-a65b-e194f0721e9d req-35acec62-1dac-4706-a65b-e194f0721e9d ] Request (ServersTestJSON:_run_cleanups): 200 GET http://10.180.1.21/compute/v2.1/servers/f715cf45-81f1-4979-abfc-455b3e64f00e 0.373s
2025-05-19 11:36:02.800 70299 INFO tempest.lib.common.rest_client [req-5c285cc5-f0ac-47b8-8a16-f49c80e6f924 req-5c285cc5-f0ac-47b8-8a16-f49c80e6f924 ] Request (AttachVolumeNegativeTest:test_attach_attached_volume_to_different_server): 200 GET http://10.180.1.21/compute/v2.1/servers/b853f0c4-b79e-4e30-8ba1-3d3fb7041809 0.357s
2025-05-19 11:36:02.846 70293 INFO tempest.lib.common.rest_client [req-4e71264e-d000-4dde-b13f-f57f3876a8dc req-4e71264e-d000-4dde-b13f-f57f3876a8dc ] Request (ListServersNegativeTestJSON:setUpClass): 200 GET http://10.180.1.21/compute/v2.1/servers/b1d844cc-dcdc-47e2-85c3-484d0862be60 0.381s
2025-05-19 11:36:02.887 70335 INFO tempest.lib.common.rest_client [req-9481d83b-ecce-4771-8b14-164e837b8b2a req-9481d83b-ecce-4771-8b14-164e837b8b2a ] Request (ListImageFiltersTestJSON:tearDownClass): 200 GET http://10.180.1.21/compute/v2.1/servers/352790fe-057f-45ee-aff0-549b456fd181 0.334s
2025-05-19 11:36:02.927 70309 INFO tempest.lib.common.rest_client [req-278f3c4f-6f01-435d-9a72-6bb440e58222 req-278f3c4f-6f01-435d-9a72-6bb440e58222 ] Request (MigrationsAdminTest:test_resize_server_revert_deleted_flavor): 200 GET http://10.180.1.21/compute/v2.1/servers/c1aacf70-a6b5-4528-bcaa-b8f1c955a1c3 0.312s
2025-05-19 11:36:02.947 70323 INFO tempest.lib.common.rest_client [req-8acb989c-14f1-4cf5-aac3-b597783ce62a req-8acb989c-14f1-4cf5-aac3-b597783ce62a ] Request (ServerActionsV293TestJSON:tearDownClass): 204 DELETE http://10.180.1.21:9696/networking/v2.0/floatingips/e1d3adcb-bb85-4222-9728-b0ea56304f67 0.238s
2025-05-19 11:36:02.947 70323 ERROR tempest.test [-] teardown of resources failed: (, Resource %(resource_id)s failed to delete and is in ERROR status Details: Server 5c5fbdae-4916-4beb-ada0-57f36fb0f84c failed to delete and is in ERROR status. Fault: {'code': 500, 'created': '2025-05-19T11:35:58Z', 'message': 'Build of instance 5c5fbdae-4916-4beb-ada0-57f36fb0f84c aborted: Failed to rebuild volume backed instance.'}., ): testtools.runtest.MultipleExceptions: (, Resource %(resource_id)s failed to delete and is in ERROR status Details: Server 5c5fbdae-4916-4beb-ada0-57f36fb0f84c failed to delete and is in ERROR status. Fault: {'code': 500, 'created': '2025-05-19T11:35:58Z', 'message': 'Build of instance 5c5fbdae-4916-4beb-ada0-57f36fb0f84c aborted: Failed to rebuild volume backed instance.'}., )
2025-05-19 11:36:02.947 70323 ERROR tempest.test
Traceback (most recent call last):
2025-05-19 11:36:02.947 70323 ERROR tempest.test
File "/opt/stack/tempest/tempest/test.py", line 210, in tearDownClass
2025-05-19 11:36:02.947 70323 ERROR tempest.test teardown()
2025-05-19 11:36:02.947 70323 ERROR tempest.test
File "/opt/stack/tempest/tempest/test.py", line 628, in resource_cleanup
2025-05-19 11:36:02.947 70323 ERROR tempest.test raise testtools.MultipleExceptions(*cleanup_errors)
2025-05-19 11:36:02.947 70323 ERROR tempest.test testtools.runtest.MultipleExceptions: (, Resource %(resource_id)s failed to delete and is in ERROR status
2025-05-19 11:36:02.947 70323 ERROR tempest.test Details: Server 5c5fbdae-4916-4beb-ada0-57f36fb0f84c failed to delete and is in ERROR status. Fault: {'code': 500, 'created': '2025-05-19T11:35:58Z', 'message': 'Build of instance 5c5fbdae-4916-4beb-ada0-57f36fb0f84c aborted: Failed to rebuild volume backed instance.'}., )
2025-05-19 11:36:02.947 70323 ERROR tempest.test
2025-05-19 11:36:03.027 70325 INFO tempest.lib.common.rest_client [req-76e00b98-5167-444f-a23f-6e303e8cfd2f req-76e00b98-5167-444f-a23f-6e303e8cfd2f ] Request (ServersWithSpecificFlavorTestJSON:_run_cleanups): 200 GET http://10.180.1.21/compute/v2.1/servers/b23b4e67-67a6-4117-9a62-3c0dcd25e828 0.307s
2025-05-19 11:36:03.044 70301 INFO tempest.lib.common.rest_client [req-07696d35-427b-4e5e-9a63-bc508d2d5d9b req-07696d35-427b-4e5e-9a63-bc508d2d5d9b ] Request (ServersAdminTestJSON:setUpClass): 200 GET http://10.180.1.21/compute/v2.1/servers/0b0b2769-74ba-4ba2-9e8b-148cc2976321 0.410s
2025-05-19 11:36:03.118 70313 WARNING tempest.lib.common.ssh [-] Failed to establish authenticated ssh connection to cirros@10.180.180.172 ([Errno None] Unable to connect to port 22 on 10.180.180.172). Number attempts: 13. Retry after 14 seconds.: paramiko.ssh_exception.NoValidConnectionsError: [Errno None] Unable to connect to port 22 on 10.180.180.172
2025-05-19 11:36:03.133 70341 INFO tempest.lib.common.rest_client [req-28cf6f4a-745d-444c-b8fb-dd3b897b3051 req-28cf6f4a-745d-444c-b8fb-dd3b897b3051 ] Request (ServerAddressesTestJSON:setUpClass): 200 GET http://10.180.1.21/compute/v2.1/servers/0a56e30f-fb07-4a5e-9d69-9603fd38ff9f 0.258s
2025-05-19 11:36:03.197 70289 INFO tempest.lib.common.rest_client [req-5bc0b63d-4794-48f3-88b5-922b13874ae2 req-5bc0b63d-4794-48f3-88b5-922b13874ae2 ] Request (SecurityGroupsNegativeTestJSON:setUpClass): 200 PUT http://10.180.1.21:9696/networking/v2.0/routers/2f402709-d01d-425b-bb61-ccfefe88230e/add_router_interface 2.086s
2025-05-19 11:36:03.197 70289 INFO tempest.lib.common.dynamic_creds [-] Created isolated network resources for: credentials: Credentials: {'domain_id': 'default', 'domain_name': 'Default', 'username': 'tempest-SecurityGroupsNegativeTestJSON-1589191128-project-member', 'project_domain_id': 'default', 'project_domain_name': 'Default', 'project_id': 'd240ae0a99ca44919021fcf795763b0c', 'project_name': 'tempest-SecurityGroupsNegativeTestJSON-1589191128', 'tenant_id': 'd240ae0a99ca44919021fcf795763b0c', 'tenant_name': 'tempest-SecurityGroupsNegativeTestJSON-1589191128', 'user_domain_id': 'default', 'user_domain_name': 'Default', 'user_id': '53a7673c94ca4e34b684ca67ba8dbdd1', 'system': None}, Network: {'id': '9d7ec718-b560-44b7-8f3b-6a1413881d44', 'name': 'tempest-SecurityGroupsNegativeTestJSON-22783516-network', 'tenant_id': 'd240ae0a99ca44919021fcf795763b0c', 'admin_state_up': True, 'mtu': 8950, 'status': 'ACTIVE', 'subnets': [], 'shared': False, 'project_id': 'd240ae0a99ca44919021fcf795763b0c', 'port_security_enabled': True, 'router:external': False, 'provider:network_type': 'vlan', 'provider:physical_network': 'default', 'provider:segmentation_id': 362, 'availability_zone_hints': [], 'availability_zones': [], 'ipv4_address_scope': None, 'ipv6_address_scope': None, 'description': '', 'tags': [], 'created_at': '2025-05-19T11:35:59Z', 'updated_at': '2025-05-19T11:35:59Z', 'revision_number': 1}, Subnet: {'id': 'e1e036ee-dbc0-4e5b-8606-8ad8131871b9', 'name': 'tempest-SecurityGroupsNegativeTestJSON-22783516-subnet', 'tenant_id': 'd240ae0a99ca44919021fcf795763b0c', 'network_id': '9d7ec718-b560-44b7-8f3b-6a1413881d44', 'ip_version': 4, 'subnetpool_id': None, 'enable_dhcp': True, 'ipv6_ra_mode': None, 'ipv6_address_mode': None, 'gateway_ip': '192.168.128.1', 'cidr': '192.168.128.0/28', 'allocation_pools': [{'start': '192.168.128.2', 'end': '192.168.128.14'}], 'host_routes': [], 'dns_nameservers': [], 'description': '', 'router:external': False, 'service_types': [], 'tags': [], 'created_at': '2025-05-19T11:35:59Z', 'updated_at': '2025-05-19T11:35:59Z', 'revision_number': 0, 'project_id': 'd240ae0a99ca44919021fcf795763b0c'}, Router: {'id': '2f402709-d01d-425b-bb61-ccfefe88230e', 'name': 'tempest-SecurityGroupsNegativeTestJSON-22783516-router', 'tenant_id': 'd240ae0a99ca44919021fcf795763b0c', 'admin_state_up': True, 'status': 'ACTIVE', 'external_gateway_info': {'network_id': '15b27981-d00e-4d47-b81a-56e283ec4304', 'external_fixed_ips': [{'subnet_id': '01b77569-382c-4c4f-9235-ce3b02c3a752', 'ip_address': '10.180.180.192'}], 'enable_snat': True}, 'description': '', 'availability_zones': [], 'distributed': False, 'ha': False, 'availability_zone_hints': [], 'routes': [], 'flavor_id': None, 'tags': [], 'created_at': '2025-05-19T11:35:59Z', 'updated_at': '2025-05-19T11:36:00Z', 'revision_number': 2, 'project_id': 'd240ae0a99ca44919021fcf795763b0c'}
2025-05-19 11:36:03.240 70295 INFO tempest.lib.common.rest_client [req-dc9f95d8-43fc-4034-8501-1c7f161fd68f req-dc9f95d8-43fc-4034-8501-1c7f161fd68f ] Request (SecurityGroupsTestJSON:test_server_security_groups): 200 GET http://10.180.1.21/compute/v2.1/servers/a53389ce-d0c2-48ae-83e3-ee58fbdbfb01 0.297s
2025-05-19 11:36:03.266 70319 INFO tempest.lib.common.rest_client [req-27c2ebf0-b0a0-47c5-8107-e30826082144 req-27c2ebf0-b0a0-47c5-8107-e30826082144 ] Request (InstanceActionsTestJSON:setUpClass): 200 GET http://10.180.1.21/compute/v2.1/servers/6b458a7e-f786-41f6-b8ac-9f6f4ddcb268 0.428s
2025-05-19 11:36:03.276 70319 INFO tempest.common.waiters [-] State transition "BUILD/spawning" ==> "ACTIVE/None" after 80 second wait
