2025-05-19 11:35:17.953 70317 INFO tempest.lib.common.rest_client [req-bf20f1a0-e8f5-44c5-9c67-5da98fdb4ba9 req-bf20f1a0-e8f5-44c5-9c67-5da98fdb4ba9 ] Request (VolumesAdminNegativeTest:test_update_attached_volume_with_nonexistent_volume_in_uri): 200 GET http://10.180.1.21/compute/v2.1/servers/be9a565b-c74c-442e-8087-cc4579b1c8e7 0.056s
2025-05-19 11:35:18.003 70351 INFO tempest.lib.common.rest_client [req-c32e1c8f-e1bb-4317-b542-61b3e94960a7 req-c32e1c8f-e1bb-4317-b542-61b3e94960a7 ] Request (ServersTestJSON:test_create_server_with_ipv6_addr_only): 200 GET http://10.180.1.21/compute/v2.1/servers/f715cf45-81f1-4979-abfc-455b3e64f00e 0.054s
2025-05-19 11:35:18.058 70315 INFO tempest.lib.common.rest_client [req-b8f7a490-7bed-4f30-bd00-f690177ec538 req-b8f7a490-7bed-4f30-bd00-f690177ec538 ] Request (TenantUsagesTestJSON:tearDownClass): 200 GET http://10.180.1.21/compute/v2.1/servers/cfe1478c-53f2-4df8-99a8-ab23209f5306 0.066s
2025-05-19 11:35:18.095 70321 INFO tempest.lib.common.rest_client [req-c4e592b4-82c2-4cc7-a7be-789942f9e2ec req-c4e592b4-82c2-4cc7-a7be-789942f9e2ec ] Request (ImagesOneServerTestJSON:tearDownClass): 200 GET http://10.180.1.21/compute/v2.1/servers/f12b8575-5082-4be9-9bf5-f4279860d19d 0.065s
2025-05-19 11:35:18.124 70329 INFO tempest.lib.common.rest_client [req-06f29048-4e67-4cbf-94ac-e9f603bd48cc req-06f29048-4e67-4cbf-94ac-e9f603bd48cc ] Request (ServersAaction247Test:tearDownClass): 200 GET http://10.180.1.21/compute/v2.1/servers/ac8aa41c-375a-4231-9a5d-12d6c4bba44c 0.067s
2025-05-19 11:35:18.150 70293 INFO tempest.lib.common.rest_client [req-cec225ae-b4c8-4cc5-98ff-ed9d07b18323 req-cec225ae-b4c8-4cc5-98ff-ed9d07b18323 ] Request (ListServersNegativeTestJSON:setUpClass): 200 GET http://10.180.1.21/compute/v2.1/servers/c0e830f3-e28b-4637-bcce-601596e82360 0.064s
2025-05-19 11:35:18.171 70319 INFO tempest.lib.common.rest_client [req-c0d15644-c379-4ee9-9b75-4df5938059cd req-c0d15644-c379-4ee9-9b75-4df5938059cd ] Request (InstanceActionsTestJSON:setUpClass): 200 GET http://10.180.1.21/compute/v2.1/servers/6b458a7e-f786-41f6-b8ac-9f6f4ddcb268 0.057s
2025-05-19 11:35:18.201 70301 INFO tempest.lib.common.rest_client [req-ef28e899-fdb0-4718-9798-3cdcb554a184 req-ef28e899-fdb0-4718-9798-3cdcb554a184 ] Request (ServersAdminTestJSON:setUpClass): 200 GET http://10.180.1.21/compute/v2.1/servers/0b0b2769-74ba-4ba2-9e8b-148cc2976321 0.056s
2025-05-19 11:35:18.219 70333 INFO tempest.lib.common.rest_client [req-e9a648f2-17f8-45cd-8528-550098ebdac0 req-e9a648f2-17f8-45cd-8528-550098ebdac0 ] Request (ServerActionsTestOtherB:setUpClass): 200 GET http://10.180.1.21/compute/v2.1/servers/0b42f938-50aa-4576-9231-d8f3461ee94e 0.056s
2025-05-19 11:35:18.269 70343 INFO tempest.lib.common.rest_client [req-1fedef62-8b76-408f-a4ce-2516ca7ecc86 req-1fedef62-8b76-408f-a4ce-2516ca7ecc86 ] Request (DeleteServersTestJSON:test_delete_server_while_in_attached_volume): 200 GET http://10.180.1.21/compute/v2.1/servers/57485f78-b97e-423c-b1f1-8648e963e5dd 0.058s
2025-05-19 11:35:18.279 70341 INFO tempest.lib.common.rest_client [req-116a9680-45be-46ce-ae0c-cbf7a2d2a391 req-116a9680-45be-46ce-ae0c-cbf7a2d2a391 ] Request (ServerAddressesTestJSON:setUpClass): 200 GET http://10.180.1.21/compute/v2.1/servers/0a56e30f-fb07-4a5e-9d69-9603fd38ff9f 0.060s
2025-05-19 11:35:18.327 70309 INFO tempest.lib.common.rest_client [req-4f33eae8-19f7-42a2-822a-da84bb6cb2f2 req-4f33eae8-19f7-42a2-822a-da84bb6cb2f2 ] Request (MigrationsAdminTest:test_resize_server_revert_deleted_flavor): 200 GET http://10.180.1.21/compute/v2.1/servers/c1aacf70-a6b5-4528-bcaa-b8f1c955a1c3 0.066s
2025-05-19 11:35:18.333 70335 INFO tempest.lib.common.rest_client [req-4539a6c3-8726-494c-b332-b688c57f14fe req-4539a6c3-8726-494c-b332-b688c57f14fe ] Request (ListImageFiltersTestJSON:setUpClass): 200 GET http://10.180.1.21/compute/v2.1/servers/352790fe-057f-45ee-aff0-549b456fd181 0.060s
2025-05-19 11:35:18.427 70295 INFO tempest.lib.common.rest_client [req-7e71d562-3317-4b34-9fce-385f2d652d9c req-7e71d562-3317-4b34-9fce-385f2d652d9c ] Request (SecurityGroupsTestJSON:test_server_security_groups): 200 GET http://10.180.1.21/compute/v2.1/servers/a53389ce-d0c2-48ae-83e3-ee58fbdbfb01 0.050s
2025-05-19 11:35:18.750 70303 INFO tempest.lib.common.rest_client [req-62281f45-43cb-43e6-9250-b38eeadb5418 req-62281f45-43cb-43e6-9250-b38eeadb5418 ] Request (ServersV294TestFqdnHostnames:setUpClass): 200 GET http://10.180.1.21/compute/v2.1/servers/9137a6bc-8f1e-47b7-b1ec-5b4035d36fff 0.057s
2025-05-19 11:35:18.813 70345 INFO tempest.lib.common.rest_client [req-dce0ceec-2685-4e45-bc0d-bd9c2311dd84 req-dce0ceec-2685-4e45-bc0d-bd9c2311dd84 ] Request (DeleteServersAdminTestJSON:test_delete_server_while_in_error_state): 200 GET http://10.180.1.21/compute/v2.1/servers/85488f5e-bd8a-4bcf-8420-744c54176c2e 0.062s
2025-05-19 11:35:18.876 70305 INFO tempest.lib.common.rest_client [req-4f41e9a1-669f-4551-ae42-454d1065c417 req-4f41e9a1-669f-4551-ae42-454d1065c417 ] Request (ServerRescueNegativeTestJSON:setUpClass): 200 GET http://10.180.1.21/compute/v2.1/servers/ef64a05a-b514-4c35-81d3-664ae1ad3ff1 0.072s
2025-05-19 11:35:18.881 70289 INFO tempest.lib.common.rest_client [req-e7e981ad-cbc6-479e-bc68-81820a617a1b req-e7e981ad-cbc6-479e-bc68-81820a617a1b ] Request (ServersAdminNegativeTestJSON:tearDownClass): 200 GET http://10.180.1.21/compute/v2.1/servers/3e938bb3-54a6-49f8-809d-d5aee0349eae 0.070s
2025-05-19 11:35:18.907 70291 INFO tempest.lib.common.rest_client [req-4d376148-aa3c-4521-a063-e999c2bf29f0 req-4d376148-aa3c-4521-a063-e999c2bf29f0 ] Request (ImagesTestJSON:test_create_image_from_suspended_server): 200 GET http://10.180.1.21/compute/v2.1/images/22b09a9a-acd0-43ee-8b3e-e07135e60269 0.072s
2025-05-19 11:35:18.944 70331 INFO tempest.lib.common.rest_client [req-d92ec5f7-d7c8-4f5c-abf6-7942d1664722 req-d92ec5f7-d7c8-4f5c-abf6-7942d1664722 ] Request (ServersNegativeTestMultiTenantJSON:tearDownClass): 200 GET http://10.180.1.21/compute/v2.1/servers/2ee62ad3-0125-47dc-b163-7d15b6a17c8a 0.056s
2025-05-19 11:35:19.012 70317 INFO tempest.lib.common.rest_client [req-61931f1a-d4bb-407f-a434-572e5d9b28ae req-61931f1a-d4bb-407f-a434-572e5d9b28ae ] Request (VolumesAdminNegativeTest:test_update_attached_volume_with_nonexistent_volume_in_uri): 200 GET http://10.180.1.21/compute/v2.1/servers/be9a565b-c74c-442e-8087-cc4579b1c8e7 0.050s
2025-05-19 11:35:19.060 70351 INFO tempest.lib.common.rest_client [req-14763fd0-8c8f-4a79-819e-f4d67f33d485 req-14763fd0-8c8f-4a79-819e-f4d67f33d485 ] Request (ServersTestJSON:test_create_server_with_ipv6_addr_only): 200 GET http://10.180.1.21/compute/v2.1/servers/f715cf45-81f1-4979-abfc-455b3e64f00e 0.049s
2025-05-19 11:35:19.141 70315 INFO tempest.lib.common.rest_client [req-b603fa83-1d64-4543-9f99-c2d9991becd1 req-b603fa83-1d64-4543-9f99-c2d9991becd1 ] Request (TenantUsagesTestJSON:tearDownClass): 200 GET http://10.180.1.21/compute/v2.1/servers/cfe1478c-53f2-4df8-99a8-ab23209f5306 0.072s
2025-05-19 11:35:19.174 70321 INFO tempest.lib.common.rest_client [req-ef281978-7e3f-41d2-b3e7-94106232e862 req-ef281978-7e3f-41d2-b3e7-94106232e862 ] Request (ImagesOneServerTestJSON:tearDownClass): 200 GET http://10.180.1.21/compute/v2.1/servers/f12b8575-5082-4be9-9bf5-f4279860d19d 0.072s
2025-05-19 11:35:19.206 70299 WARNING tempest.lib.common.ssh [-] Failed to establish authenticated ssh connection to cirros@10.180.180.147 ([Errno None] Unable to connect to port 22 on 10.180.180.147). Number attempts: 7. Retry after 8 seconds.: paramiko.ssh_exception.NoValidConnectionsError: [Errno None] Unable to connect to port 22 on 10.180.180.147
2025-05-19 11:35:19.209 70329 INFO tempest.lib.common.rest_client [req-1dfaab0f-dba7-4e1e-b82c-8c030e5bb1f9 req-1dfaab0f-dba7-4e1e-b82c-8c030e5bb1f9 ] Request (ServersAaction247Test:tearDownClass): 200 GET http://10.180.1.21/compute/v2.1/servers/ac8aa41c-375a-4231-9a5d-12d6c4bba44c 0.075s
2025-05-19 11:35:19.231 70293 INFO tempest.lib.common.rest_client [req-542db1e0-fb50-40eb-b9bd-41ef0b3a42bd req-542db1e0-fb50-40eb-b9bd-41ef0b3a42bd ] Request (ListServersNegativeTestJSON:setUpClass): 200 GET http://10.180.1.21/compute/v2.1/servers/c0e830f3-e28b-4637-bcce-601596e82360 0.071s
2025-05-19 11:35:19.261 70319 INFO tempest.lib.common.rest_client [req-53cb4bbf-e594-4de4-8f80-774782e8f282 req-53cb4bbf-e594-4de4-8f80-774782e8f282 ] Request (InstanceActionsTestJSON:setUpClass): 200 GET http://10.180.1.21/compute/v2.1/servers/6b458a7e-f786-41f6-b8ac-9f6f4ddcb268 0.082s
2025-05-19 11:35:19.314 70301 INFO tempest.lib.common.rest_client [req-94795073-9833-4f1f-833a-39d8e0c46177 req-94795073-9833-4f1f-833a-39d8e0c46177 ] Request (ServersAdminTestJSON:setUpClass): 200 GET http://10.180.1.21/compute/v2.1/servers/0b0b2769-74ba-4ba2-9e8b-148cc2976321 0.104s
2025-05-19 11:35:19.330 70333 INFO tempest.lib.common.rest_client [req-343f4ea7-162d-4bab-a201-cde1d35ebfed req-343f4ea7-162d-4bab-a201-cde1d35ebfed ] Request (ServerActionsTestOtherB:setUpClass): 200 GET http://10.180.1.21/compute/v2.1/servers/0b42f938-50aa-4576-9231-d8f3461ee94e 0.103s
2025-05-19 11:35:19.337 70333 INFO tempest.common.waiters [-] State transition "BUILD/None" ==> "ERROR/None" after 49 second wait
2025-05-19 11:35:19.373 70343 INFO tempest.lib.common.rest_client [req-a631c326-4dc1-43ea-b060-259a479851c8 req-a631c326-4dc1-43ea-b060-259a479851c8 ] Request (DeleteServersTestJSON:test_delete_server_while_in_attached_volume): 200 GET http://10.180.1.21/compute/v2.1/servers/57485f78-b97e-423c-b1f1-8648e963e5dd 0.096s
2025-05-19 11:35:19.393 70313 WARNING tempest.lib.common.ssh [-] Failed to establish authenticated ssh connection to cirros@10.180.180.172 ([Errno None] Unable to connect to port 22 on 10.180.180.172). Number attempts: 10. Retry after 11 seconds.: paramiko.ssh_exception.NoValidConnectionsError: [Errno None] Unable to connect to port 22 on 10.180.180.172
2025-05-19 11:35:19.393 70341 INFO tempest.lib.common.rest_client [req-820c2a6d-a0be-475c-b0e0-f366b787b465 req-820c2a6d-a0be-475c-b0e0-f366b787b465 ] Request (ServerAddressesTestJSON:setUpClass): 200 GET http://10.180.1.21/compute/v2.1/servers/0a56e30f-fb07-4a5e-9d69-9603fd38ff9f 0.106s
2025-05-19 11:35:19.436 70309 INFO tempest.lib.common.rest_client [req-9268ca00-dffe-44e8-bd8f-c6c0e04abf25 req-9268ca00-dffe-44e8-bd8f-c6c0e04abf25 ] Request (MigrationsAdminTest:test_resize_server_revert_deleted_flavor): 200 GET http://10.180.1.21/compute/v2.1/servers/c1aacf70-a6b5-4528-bcaa-b8f1c955a1c3 0.100s
2025-05-19 11:35:19.499 70335 INFO tempest.lib.common.rest_client [req-08b1bada-3ecd-49a9-b5b3-4ae5a3aa02a4 req-08b1bada-3ecd-49a9-b5b3-4ae5a3aa02a4 ] Request (ListImageFiltersTestJSON:setUpClass): 200 GET http://10.180.1.21/compute/v2.1/servers/352790fe-057f-45ee-aff0-549b456fd181 0.158s
2025-05-19 11:35:19.507 70335 INFO tempest.common.waiters [-] State transition "BUILD/None" ==> "BUILD/networking" after 49 second wait
2025-05-19 11:35:19.556 70295 INFO tempest.lib.common.rest_client [req-2ff02940-e564-4a31-93cf-317c6b62177c req-2ff02940-e564-4a31-93cf-317c6b62177c ] Request (SecurityGroupsTestJSON:test_server_security_groups): 200 GET http://10.180.1.21/compute/v2.1/servers/a53389ce-d0c2-48ae-83e3-ee58fbdbfb01 0.122s
2025-05-19 11:35:19.599 70333 INFO tempest.lib.common.rest_client [req-4bead40d-17b4-4605-9633-79145314eca6 req-4bead40d-17b4-4605-9633-79145314eca6 ] Request (ServerActionsTestOtherB:setUpClass): 204 DELETE http://10.180.1.21/compute/v2.1/servers/0b42f938-50aa-4576-9231-d8f3461ee94e 0.262s
2025-05-19 11:35:19.629 70333 INFO tempest.lib.common.rest_client [req-e2e8d806-07bb-4c0b-b79c-dc94e813b262 req-e2e8d806-07bb-4c0b-b79c-dc94e813b262 ] Request (ServerActionsTestOtherB:setUpClass): 404 GET http://10.180.1.21/compute/v2.1/servers/0b42f938-50aa-4576-9231-d8f3461ee94e 0.029s
2025-05-19 11:35:19.629 70333 INFO tempest.test [-] raised in ServerActionsTestOtherB.setUpClass. Invoking tearDownClass.
2025-05-19 11:35:19.654 70333 INFO tempest.lib.common.rest_client [req-6bed8be9-0349-4519-aaf1-f726b27bbe61 req-6bed8be9-0349-4519-aaf1-f726b27bbe61 ] Request (ServerActionsTestOtherB:tearDownClass): 202 DELETE http://10.180.1.21/compute/v2.1/os-keypairs/tempest-keypair-1721484064 0.024s
2025-05-19 11:35:19.767 70333 INFO tempest.lib.common.rest_client [req-6f1689f6-4dcf-4aa5-ab1f-7fac85b49eaa req-6f1689f6-4dcf-4aa5-ab1f-7fac85b49eaa ] Request (ServerActionsTestOtherB:tearDownClass): 204 DELETE http://10.180.1.21:9696/networking/v2.0/security-groups/3bfcced0-302f-485f-8f97-567dcec9496b 0.113s
2025-05-19 11:35:19.783 70333 INFO tempest.lib.common.rest_client [req-96f920d9-78c7-41bd-aead-be92998102dd req-96f920d9-78c7-41bd-aead-be92998102dd ] Request (ServerActionsTestOtherB:tearDownClass): 404 GET http://10.180.1.21:9696/networking/v2.0/security-groups/3bfcced0-302f-485f-8f97-567dcec9496b 0.015s
2025-05-19 11:35:19.858 70303 INFO tempest.lib.common.rest_client [req-d2881146-2341-49dc-9e35-9bb930f5ac10 req-d2881146-2341-49dc-9e35-9bb930f5ac10 ] Request (ServersV294TestFqdnHostnames:setUpClass): 200 GET http://10.180.1.21/compute/v2.1/servers/9137a6bc-8f1e-47b7-b1ec-5b4035d36fff 0.097s
2025-05-19 11:35:19.917 70345 INFO tempest.lib.common.rest_client [req-fb253355-3b3f-4378-ba18-f145c171a19a req-fb253355-3b3f-4378-ba18-f145c171a19a ] Request (DeleteServersAdminTestJSON:test_delete_server_while_in_error_state): 200 GET http://10.180.1.21/compute/v2.1/servers/85488f5e-bd8a-4bcf-8420-744c54176c2e 0.096s
2025-05-19 11:35:19.966 70305 INFO tempest.lib.common.rest_client [req-db8c3b3e-9f30-4eea-8e0d-e758335e8750 req-db8c3b3e-9f30-4eea-8e0d-e758335e8750 ] Request (ServerRescueNegativeTestJSON:setUpClass): 200 GET http://10.180.1.21/compute/v2.1/servers/ef64a05a-b514-4c35-81d3-664ae1ad3ff1 0.081s
2025-05-19 11:35:20.006 70289 INFO tempest.lib.common.rest_client [req-18b8195d-8808-4c6a-be2b-448daa65dde3 req-18b8195d-8808-4c6a-be2b-448daa65dde3 ] Request (ServersAdminNegativeTestJSON:tearDownClass): 200 GET http://10.180.1.21/compute/v2.1/servers/3e938bb3-54a6-49f8-809d-d5aee0349eae 0.116s
2025-05-19 11:35:20.007 70291 INFO tempest.lib.common.rest_client [req-29faa142-3611-4959-a681-efee5960512f req-29faa142-3611-4959-a681-efee5960512f ] Request (ImagesTestJSON:test_create_image_from_suspended_server): 200 GET http://10.180.1.21/compute/v2.1/images/22b09a9a-acd0-43ee-8b3e-e07135e60269 0.097s
2025-05-19 11:35:20.065 70333 INFO tempest.lib.common.rest_client [req-4df1d2bc-31c2-4be8-a522-d3016c1eb033 req-4df1d2bc-31c2-4be8-a522-d3016c1eb033 ] Request (ServerActionsTestOtherB:tearDownClass): 204 DELETE http://10.180.1.21:9696/networking/v2.0/floatingips/d2156e4b-8e7c-458d-9421-46cbbc68225b 0.281s
2025-05-19 11:35:20.076 70331 INFO tempest.lib.common.rest_client [req-49a58f38-a00b-4dbb-88a5-5fd26a82fac0 req-49a58f38-a00b-4dbb-88a5-5fd26a82fac0 ] Request (ServersNegativeTestMultiTenantJSON:tearDownClass): 200 GET http://10.180.1.21/compute/v2.1/servers/2ee62ad3-0125-47dc-b163-7d15b6a17c8a 0.120s
2025-05-19 11:35:20.096 70317 INFO tempest.lib.common.rest_client [req-34880c46-bf2e-4d72-944c-c51fc949e24a req-34880c46-bf2e-4d72-944c-c51fc949e24a ] Request (VolumesAdminNegativeTest:test_update_attached_volume_with_nonexistent_volume_in_uri): 200 GET http://10.180.1.21/compute/v2.1/servers/be9a565b-c74c-442e-8087-cc4579b1c8e7 0.077s
2025-05-19 11:35:20.150 70351 INFO tempest.lib.common.rest_client [req-ded61b86-7893-4646-a56e-95056bcdd9fb req-ded61b86-7893-4646-a56e-95056bcdd9fb ] Request (ServersTestJSON:test_create_server_with_ipv6_addr_only): 200 GET http://10.180.1.21/compute/v2.1/servers/f715cf45-81f1-4979-abfc-455b3e64f00e 0.082s
2025-05-19 11:35:20.217 70315 INFO tempest.lib.common.rest_client [req-979f0655-0d28-4b25-a0d9-84bf0455535c req-979f0655-0d28-4b25-a0d9-84bf0455535c ] Request (TenantUsagesTestJSON:tearDownClass): 200 GET http://10.180.1.21/compute/v2.1/servers/cfe1478c-53f2-4df8-99a8-ab23209f5306 0.068s
2025-05-19 11:35:20.270 70321 INFO tempest.lib.common.rest_client [req-db717895-8b7e-4d14-ab34-597c40bab1ca req-db717895-8b7e-4d14-ab34-597c40bab1ca ] Request (ImagesOneServerTestJSON:tearDownClass): 200 GET http://10.180.1.21/compute/v2.1/servers/f12b8575-5082-4be9-9bf5-f4279860d19d 0.087s
2025-05-19 11:35:20.309 70329 INFO tempest.lib.common.rest_client [req-93ff0797-3c46-43fa-91b9-f65615136a7a req-93ff0797-3c46-43fa-91b9-f65615136a7a ] Request (ServersAaction247Test:tearDownClass): 200 GET http://10.180.1.21/compute/v2.1/servers/ac8aa41c-375a-4231-9a5d-12d6c4bba44c 0.088s
2025-05-19 11:35:20.329 70293 INFO tempest.lib.common.rest_client [req-e7e94d18-1ef6-405b-a9de-a842e9ac2ed0 req-e7e94d18-1ef6-405b-a9de-a842e9ac2ed0 ] Request (ListServersNegativeTestJSON:setUpClass): 200 GET http://10.180.1.21/compute/v2.1/servers/c0e830f3-e28b-4637-bcce-601596e82360 0.090s
2025-05-19 11:35:20.360 70319 INFO tempest.lib.common.rest_client [req-01f5feb8-6491-4fe6-98ce-4edfecdd4fe4 req-01f5feb8-6491-4fe6-98ce-4edfecdd4fe4 ] Request (InstanceActionsTestJSON:setUpClass): 200 GET http://10.180.1.21/compute/v2.1/servers/6b458a7e-f786-41f6-b8ac-9f6f4ddcb268 0.091s
2025-05-19 11:35:20.380 70301 INFO tempest.lib.common.rest_client [req-670b445b-a9b9-4f74-9856-7210670648f9 req-670b445b-a9b9-4f74-9856-7210670648f9 ] Request (ServersAdminTestJSON:setUpClass): 200 GET http://10.180.1.21/compute/v2.1/servers/0b0b2769-74ba-4ba2-9e8b-148cc2976321 0.053s
2025-05-19 11:35:20.388 70301 INFO tempest.common.waiters [-] State transition "BUILD/scheduling" ==> "BUILD/None" after 27 second wait
2025-05-19 11:35:20.438 70343 INFO tempest.lib.common.rest_client [req-8e4cc1d6-1c1b-4b79-87fa-c0a0b685a18f req-8e4cc1d6-1c1b-4b79-87fa-c0a0b685a18f ] Request (DeleteServersTestJSON:test_delete_server_while_in_attached_volume): 200 GET http://10.180.1.21/compute/v2.1/servers/57485f78-b97e-423c-b1f1-8648e963e5dd 0.057s
2025-05-19 11:35:20.451 70341 INFO tempest.lib.common.rest_client [req-da3c28a8-a9c4-4cde-9fae-7bcb00cc6bea req-da3c28a8-a9c4-4cde-9fae-7bcb00cc6bea ] Request (ServerAddressesTestJSON:setUpClass): 200 GET http://10.180.1.21/compute/v2.1/servers/0a56e30f-fb07-4a5e-9d69-9603fd38ff9f 0.050s
2025-05-19 11:35:20.497 70309 INFO tempest.lib.common.rest_client [req-5d8de46b-358c-4f64-9d7b-a9a1346f54d5 req-5d8de46b-358c-4f64-9d7b-a9a1346f54d5 ] Request (MigrationsAdminTest:test_resize_server_revert_deleted_flavor): 200 GET http://10.180.1.21/compute/v2.1/servers/c1aacf70-a6b5-4528-bcaa-b8f1c955a1c3 0.049s
2025-05-19 11:35:20.614 70335 INFO tempest.lib.common.rest_client [req-bc4a824b-017c-4dea-ae67-f9f726099284 req-bc4a824b-017c-4dea-ae67-f9f726099284 ] Request (ListImageFiltersTestJSON:setUpClass): 200 GET http://10.180.1.21/compute/v2.1/servers/352790fe-057f-45ee-aff0-549b456fd181 0.106s
2025-05-19 11:35:20.622 70335 INFO tempest.common.waiters [-] State transition "BUILD/networking" ==> "BUILD/spawning" after 50 second wait
2025-05-19 11:35:20.623 70295 INFO tempest.lib.common.rest_client [req-66c8b9b1-3454-4bc6-92eb-3763815ded34 req-66c8b9b1-3454-4bc6-92eb-3763815ded34 ] Request (SecurityGroupsTestJSON:test_server_security_groups): 200 GET http://10.180.1.21/compute/v2.1/servers/a53389ce-d0c2-48ae-83e3-ee58fbdbfb01 0.057s
2025-05-19 11:35:20.651 70327 WARNING tempest.lib.common.ssh [-] Failed to establish authenticated ssh connection to cirros@10.180.180.196 ([Errno None] Unable to connect to port 22 on 10.180.180.196). Number attempts: 9. Retry after 10 seconds.: paramiko.ssh_exception.NoValidConnectionsError: [Errno None] Unable to connect to port 22 on 10.180.180.196
2025-05-19 11:35:20.775 70333 INFO tempest.lib.common.rest_client [req-239bf296-1bd0-4522-b527-6abe807a4be1 req-239bf296-1bd0-4522-b527-6abe807a4be1 ] Request (ServerActionsTestOtherB:tearDownClass): 200 PUT http://10.180.1.21:9696/networking/v2.0/routers/dbf91a19-03f0-4452-b34f-cf239e9f53f6/remove_router_interface 0.710s
2025-05-19 11:35:20.953 70303 INFO tempest.lib.common.rest_client [req-51599442-5a12-47e7-b303-5ef3a59d3f3a req-51599442-5a12-47e7-b303-5ef3a59d3f3a ] Request (ServersV294TestFqdnHostnames:setUpClass): 200 GET http://10.180.1.21/compute/v2.1/servers/9137a6bc-8f1e-47b7-b1ec-5b4035d36fff 0.071s
2025-05-19 11:35:20.999 70311 WARNING tempest.lib.common.ssh [-] Failed to establish authenticated ssh connection to cirros@10.180.180.227 ([Errno None] Unable to connect to port 22 on 10.180.180.227). Number attempts: 8. Retry after 9 seconds.: paramiko.ssh_exception.NoValidConnectionsError: [Errno None] Unable to connect to port 22 on 10.180.180.227
2025-05-19 11:35:21.016 70345 INFO tempest.lib.common.rest_client [req-12fdffbe-b36f-4e4a-b74a-2e21e9732dc6 req-12fdffbe-b36f-4e4a-b74a-2e21e9732dc6 ] Request (DeleteServersAdminTestJSON:test_delete_server_while_in_error_state): 200 GET http://10.180.1.21/compute/v2.1/servers/85488f5e-bd8a-4bcf-8420-744c54176c2e 0.088s
2025-05-19 11:35:21.043 70305 INFO tempest.lib.common.rest_client [req-4394939e-35f4-4f20-934e-5379d0485f18 req-4394939e-35f4-4f20-934e-5379d0485f18 ] Request (ServerRescueNegativeTestJSON:setUpClass): 200 GET http://10.180.1.21/compute/v2.1/servers/ef64a05a-b514-4c35-81d3-664ae1ad3ff1 0.067s
2025-05-19 11:35:21.056 70291 INFO tempest.lib.common.rest_client [req-2090b5bb-a056-4948-8ba5-d61513c7b06c req-2090b5bb-a056-4948-8ba5-d61513c7b06c ] Request (ImagesTestJSON:test_create_image_from_suspended_server): 200 GET http://10.180.1.21/compute/v2.1/images/22b09a9a-acd0-43ee-8b3e-e07135e60269 0.040s
2025-05-19 11:35:21.060 70323 WARNING tempest.lib.common.ssh [-] Failed to establish authenticated ssh connection to cirros@10.180.180.249 ([Errno None] Unable to connect to port 22 on 10.180.180.249). Number attempts: 1. Retry after 2 seconds.: paramiko.ssh_exception.NoValidConnectionsError: [Errno None] Unable to connect to port 22 on 10.180.180.249
2025-05-19 11:35:21.104 70289 INFO tempest.lib.common.rest_client [req-5a9c33c3-2b2e-4e69-b446-fe0524ac2582 req-5a9c33c3-2b2e-4e69-b446-fe0524ac2582 ] Request (ServersAdminNegativeTestJSON:tearDownClass): 200 GET http://10.180.1.21/compute/v2.1/servers/3e938bb3-54a6-49f8-809d-d5aee0349eae 0.084s
2025-05-19 11:35:21.123 70333 INFO tempest.lib.common.rest_client [req-4afa068f-a471-49ff-adc7-08dc03ce626c req-4afa068f-a471-49ff-adc7-08dc03ce626c ] Request (ServerActionsTestOtherB:tearDownClass): 204 DELETE http://10.180.1.21:9696/networking/v2.0/routers/dbf91a19-03f0-4452-b34f-cf239e9f53f6 0.348s
2025-05-19 11:35:21.168 70331 INFO tempest.lib.common.rest_client [req-850f7e70-fe15-49f6-8b08-292fee39cbdd req-850f7e70-fe15-49f6-8b08-292fee39cbdd ] Request (ServersNegativeTestMultiTenantJSON:tearDownClass): 200 GET http://10.180.1.21/compute/v2.1/servers/2ee62ad3-0125-47dc-b163-7d15b6a17c8a 0.082s
2025-05-19 11:35:21.174 70317 INFO tempest.lib.common.rest_client [req-d6aa39cc-2779-433b-8136-aab7b9bf6b3b req-d6aa39cc-2779-433b-8136-aab7b9bf6b3b ] Request (VolumesAdminNegativeTest:test_update_attached_volume_with_nonexistent_volume_in_uri): 200 GET http://10.180.1.21/compute/v2.1/servers/be9a565b-c74c-442e-8087-cc4579b1c8e7 0.067s
2025-05-19 11:35:21.221 70351 INFO tempest.lib.common.rest_client [req-1c76acb5-36f4-47af-b9d5-bda5d3e1cf68 req-1c76acb5-36f4-47af-b9d5-bda5d3e1cf68 ] Request (ServersTestJSON:test_create_server_with_ipv6_addr_only): 200 GET http://10.180.1.21/compute/v2.1/servers/f715cf45-81f1-4979-abfc-455b3e64f00e 0.057s
2025-05-19 11:35:21.238 70333 INFO tempest.lib.common.rest_client [req-3e561326-1405-46c2-b6a1-cb2ad96539e0 req-3e561326-1405-46c2-b6a1-cb2ad96539e0 ] Request (ServerActionsTestOtherB:tearDownClass): 204 DELETE http://10.180.1.21:9696/networking/v2.0/subnets/d2bbf3a3-a0f4-41c5-a6d2-6ebf25197977 0.115s
2025-05-19 11:35:21.295 70315 INFO tempest.lib.common.rest_client [req-28213373-43ce-44fd-a241-8f8a0f04f82d req-28213373-43ce-44fd-a241-8f8a0f04f82d ] Request (TenantUsagesTestJSON:tearDownClass): 200 GET http://10.180.1.21/compute/v2.1/servers/cfe1478c-53f2-4df8-99a8-ab23209f5306 0.068s
2025-05-19 11:35:21.373 70321 INFO tempest.lib.common.rest_client [req-9297580a-d0b2-4989-820f-37dbf5f90e08 req-9297580a-d0b2-4989-820f-37dbf5f90e08 ] Request (ImagesOneServerTestJSON:tearDownClass): 200 GET http://10.180.1.21/compute/v2.1/servers/f12b8575-5082-4be9-9bf5-f4279860d19d 0.092s
2025-05-19 11:35:21.435 70293 INFO tempest.lib.common.rest_client [req-fd975909-c12a-45f7-8007-08e70a85c3df req-fd975909-c12a-45f7-8007-08e70a85c3df ] Request (ListServersNegativeTestJSON:setUpClass): 200 GET http://10.180.1.21/compute/v2.1/servers/c0e830f3-e28b-4637-bcce-601596e82360 0.095s
2025-05-19 11:35:21.439 70329 INFO tempest.lib.common.rest_client [req-d97cac00-2418-478e-8836-98d277917118 req-d97cac00-2418-478e-8836-98d277917118 ] Request (ServersAaction247Test:tearDownClass): 200 GET http://10.180.1.21/compute/v2.1/servers/ac8aa41c-375a-4231-9a5d-12d6c4bba44c 0.119s
2025-05-19 11:35:21.503 70333 INFO tempest.lib.common.rest_client [req-12a92f42-ed7c-472c-91f5-04a66ec603e2 req-12a92f42-ed7c-472c-91f5-04a66ec603e2 ] Request (ServerActionsTestOtherB:tearDownClass): 204 DELETE http://10.180.1.21:9696/networking/v2.0/networks/2d0f8bb6-4718-46b4-8e2c-21a2eb8742c7 0.264s
2025-05-19 11:35:21.514 70319 INFO tempest.lib.common.rest_client [req-83b5889a-9ba9-46f6-99f9-b1f07dc82716 req-83b5889a-9ba9-46f6-99f9-b1f07dc82716 ] Request (InstanceActionsTestJSON:setUpClass): 200 GET http://10.180.1.21/compute/v2.1/servers/6b458a7e-f786-41f6-b8ac-9f6f4ddcb268 0.145s
2025-05-19 11:35:21.526 70301 INFO tempest.lib.common.rest_client [req-3426b254-24d4-4b1f-b322-2cca54212189 req-3426b254-24d4-4b1f-b322-2cca54212189 ] Request (ServersAdminTestJSON:setUpClass): 200 GET http://10.180.1.21/compute/v2.1/servers/0b0b2769-74ba-4ba2-9e8b-148cc2976321 0.137s
2025-05-19 11:35:21.586 70343 INFO tempest.lib.common.rest_client [req-27206a5d-5f30-4ece-9a4e-9a010a16afbb req-27206a5d-5f30-4ece-9a4e-9a010a16afbb ] Request (DeleteServersTestJSON:test_delete_server_while_in_attached_volume): 200 GET http://10.180.1.21/compute/v2.1/servers/57485f78-b97e-423c-b1f1-8648e963e5dd 0.139s
2025-05-19 11:35:21.591 70333 INFO tempest.lib.common.rest_client [req-16b2f293-d508-4a33-8a05-a1adf931e236 req-16b2f293-d508-4a33-8a05-a1adf931e236 ] Request (ServerActionsTestOtherB:tearDownClass): 204 DELETE http://10.180.1.21/identity/v3/users/5c3188c560e941b892c9ba666e64fac8 0.088s
2025-05-19 11:35:21.592 70333 INFO tempest.lib.common.dynamic_creds [-] Deleting project and security group for project: e6eacf14484a4291a264263655eef003
2025-05-19 11:35:21.599 70341 INFO tempest.lib.common.rest_client [req-a423ab52-9fcc-4d07-9485-1586b6dc44fc req-a423ab52-9fcc-4d07-9485-1586b6dc44fc ] Request (ServerAddressesTestJSON:setUpClass): 200 GET http://10.180.1.21/compute/v2.1/servers/0a56e30f-fb07-4a5e-9d69-9603fd38ff9f 0.140s
2025-05-19 11:35:21.622 70333 INFO tempest.lib.common.rest_client [req-12d3545f-8f4d-487d-beca-ffd5f7c01bed req-12d3545f-8f4d-487d-beca-ffd5f7c01bed ] Request (ServerActionsTestOtherB:tearDownClass): 200 GET http://10.180.1.21:9696/networking/v2.0/security-groups?tenant_id=e6eacf14484a4291a264263655eef003&name=default 0.030s
2025-05-19 11:35:21.656 70309 INFO tempest.lib.common.rest_client [req-27c12633-b4b1-4508-9298-094ba1a36bb8 req-27c12633-b4b1-4508-9298-094ba1a36bb8 ] Request (MigrationsAdminTest:test_resize_server_revert_deleted_flavor): 200 GET http://10.180.1.21/compute/v2.1/servers/c1aacf70-a6b5-4528-bcaa-b8f1c955a1c3 0.151s
2025-05-19 11:35:21.713 70295 INFO tempest.lib.common.rest_client [req-a0d4eb27-5393-44ea-a78a-1505d340290c req-a0d4eb27-5393-44ea-a78a-1505d340290c ] Request (SecurityGroupsTestJSON:test_server_security_groups): 200 GET http://10.180.1.21/compute/v2.1/servers/a53389ce-d0c2-48ae-83e3-ee58fbdbfb01 0.080s
2025-05-19 11:35:21.757 70335 INFO tempest.lib.common.rest_client [req-ac6a782c-8a58-4e5a-992d-23ac2519dd8d req-ac6a782c-8a58-4e5a-992d-23ac2519dd8d ] Request (ListImageFiltersTestJSON:setUpClass): 200 GET http://10.180.1.21/compute/v2.1/servers/352790fe-057f-45ee-aff0-549b456fd181 0.134s
2025-05-19 11:35:21.763 70333 INFO tempest.lib.common.rest_client [req-66f0d965-1300-4052-bdba-96a30fd682f3 req-66f0d965-1300-4052-bdba-96a30fd682f3 ] Request (ServerActionsTestOtherB:tearDownClass): 204 DELETE http://10.180.1.21:9696/networking/v2.0/security-groups/2c633a8e-a4cc-4083-87b1-789c9112cfb4 0.140s
2025-05-19 11:35:21.851 70333 INFO tempest.lib.common.rest_client [req-93d802b5-1215-4c01-9a7a-6461a637a303 req-93d802b5-1215-4c01-9a7a-6461a637a303 ] Request (ServerActionsTestOtherB:tearDownClass): 204 DELETE http://10.180.1.21/identity/v3/projects/e6eacf14484a4291a264263655eef003 0.087s
2025-05-19 11:35:21.853 70333 INFO tempest.test [-] raised in ServerPersonalityTestJSON.setUpClass. Invoking tearDownClass.
2025-05-19 11:35:22.044 70303 INFO tempest.lib.common.rest_client [req-98a77c17-abd0-481e-a023-4fbae4421ac5 req-98a77c17-abd0-481e-a023-4fbae4421ac5 ] Request (ServersV294TestFqdnHostnames:setUpClass): 200 GET http://10.180.1.21/compute/v2.1/servers/9137a6bc-8f1e-47b7-b1ec-5b4035d36fff 0.079s
2025-05-19 11:35:22.109 70345 INFO tempest.lib.common.rest_client [req-415e969c-4062-4484-9456-4569987051c8 req-415e969c-4062-4484-9456-4569987051c8 ] Request (DeleteServersAdminTestJSON:test_delete_server_while_in_error_state): 200 GET http://10.180.1.21/compute/v2.1/servers/85488f5e-bd8a-4bcf-8420-744c54176c2e 0.084s
2025-05-19 11:35:22.124 70305 INFO tempest.lib.common.rest_client [req-2605d5ba-d5b1-4cce-8901-d135780c6e2b req-2605d5ba-d5b1-4cce-8901-d135780c6e2b ] Request (ServerRescueNegativeTestJSON:setUpClass): 200 GET http://10.180.1.21/compute/v2.1/servers/ef64a05a-b514-4c35-81d3-664ae1ad3ff1 0.069s
2025-05-19 11:35:22.159 70291 INFO tempest.lib.common.rest_client [req-fae707e2-4473-4010-866a-3f26a22597ca req-fae707e2-4473-4010-866a-3f26a22597ca ] Request (ImagesTestJSON:test_create_image_from_suspended_server): 200 GET http://10.180.1.21/compute/v2.1/images/22b09a9a-acd0-43ee-8b3e-e07135e60269 0.097s
2025-05-19 11:35:22.200 70289 INFO tempest.lib.common.rest_client [req-95228cf9-866a-4084-9fb0-2e1d737c5994 req-95228cf9-866a-4084-9fb0-2e1d737c5994 ] Request (ServersAdminNegativeTestJSON:tearDownClass): 200 GET http://10.180.1.21/compute/v2.1/servers/3e938bb3-54a6-49f8-809d-d5aee0349eae 0.085s
2025-05-19 11:35:22.269 70317 INFO tempest.lib.common.rest_client [req-73df70fb-8de7-44f4-846d-17aa457bf6da req-73df70fb-8de7-44f4-846d-17aa457bf6da ] Request (VolumesAdminNegativeTest:test_update_attached_volume_with_nonexistent_volume_in_uri): 200 GET http://10.180.1.21/compute/v2.1/servers/be9a565b-c74c-442e-8087-cc4579b1c8e7 0.086s
2025-05-19 11:35:22.269 70331 INFO tempest.lib.common.rest_client [req-4d35f3e1-e177-4fca-ad7b-a22177a0b148 req-4d35f3e1-e177-4fca-ad7b-a22177a0b148 ] Request (ServersNegativeTestMultiTenantJSON:tearDownClass): 200 GET http://10.180.1.21/compute/v2.1/servers/2ee62ad3-0125-47dc-b163-7d15b6a17c8a 0.093s
2025-05-19 11:35:22.333 70351 INFO tempest.lib.common.rest_client [req-6b6d1fe6-59ed-47bb-896f-79b9377e7149 req-6b6d1fe6-59ed-47bb-896f-79b9377e7149 ] Request (ServersTestJSON:test_create_server_with_ipv6_addr_only): 200 GET http://10.180.1.21/compute/v2.1/servers/f715cf45-81f1-4979-abfc-455b3e64f00e 0.098s
2025-05-19 11:35:22.397 70315 INFO tempest.lib.common.rest_client [req-b1a0a138-817c-48ab-863a-f1ec3aa3de93 req-b1a0a138-817c-48ab-863a-f1ec3aa3de93 ] Request (TenantUsagesTestJSON:tearDownClass): 200 GET http://10.180.1.21/compute/v2.1/servers/cfe1478c-53f2-4df8-99a8-ab23209f5306 0.093s
2025-05-19 11:35:22.458 70321 INFO tempest.lib.common.rest_client [req-a2a471ab-4c63-427d-a1bd-cc5a346d4116 req-a2a471ab-4c63-427d-a1bd-cc5a346d4116 ] Request (ImagesOneServerTestJSON:tearDownClass): 200 GET http://10.180.1.21/compute/v2.1/servers/f12b8575-5082-4be9-9bf5-f4279860d19d 0.076s
2025-05-19 11:35:22.507 70293 INFO tempest.lib.common.rest_client [req-45bb418b-14b7-4db7-abaf-e4dcb069d6bf req-45bb418b-14b7-4db7-abaf-e4dcb069d6bf ] Request (ListServersNegativeTestJSON:setUpClass): 200 GET http://10.180.1.21/compute/v2.1/servers/c0e830f3-e28b-4637-bcce-601596e82360 0.058s
2025-05-19 11:35:22.526 70329 INFO tempest.lib.common.rest_client [req-5b875bae-2d55-4644-9bac-6ec78a401071 req-5b875bae-2d55-4644-9bac-6ec78a401071 ] Request (ServersAaction247Test:tearDownClass): 200 GET http://10.180.1.21/compute/v2.1/servers/ac8aa41c-375a-4231-9a5d-12d6c4bba44c 0.075s
2025-05-19 11:35:22.591 70319 INFO tempest.lib.common.rest_client [req-92a4a093-6798-4625-9122-dc10c6709d48 req-92a4a093-6798-4625-9122-dc10c6709d48 ] Request (InstanceActionsTestJSON:setUpClass): 200 GET http://10.180.1.21/compute/v2.1/servers/6b458a7e-f786-41f6-b8ac-9f6f4ddcb268 0.064s
2025-05-19 11:35:22.600 70301 INFO tempest.lib.common.rest_client [req-ea509a0d-4de8-433c-9abf-540bcc193a7a req-ea509a0d-4de8-433c-9abf-540bcc193a7a ] Request (ServersAdminTestJSON:setUpClass): 200 GET http://10.180.1.21/compute/v2.1/servers/0b0b2769-74ba-4ba2-9e8b-148cc2976321 0.061s
2025-05-19 11:35:22.647 70343 INFO tempest.lib.common.rest_client [req-06eae727-a55f-42ab-b593-8b7d0a26944c req-06eae727-a55f-42ab-b593-8b7d0a26944c ] Request (DeleteServersTestJSON:test_delete_server_while_in_attached_volume): 200 GET http://10.180.1.21/compute/v2.1/servers/57485f78-b97e-423c-b1f1-8648e963e5dd 0.052s
2025-05-19 11:35:22.667 70341 INFO tempest.lib.common.rest_client [req-fc22dc66-10d7-485d-8605-bed515364bcb req-fc22dc66-10d7-485d-8605-bed515364bcb ] Request (ServerAddressesTestJSON:setUpClass): 200 GET http://10.180.1.21/compute/v2.1/servers/0a56e30f-fb07-4a5e-9d69-9603fd38ff9f 0.060s
2025-05-19 11:35:22.717 70309 INFO tempest.lib.common.rest_client [req-46d0979a-0e4c-4c9a-a688-b0ec520a6fd0 req-46d0979a-0e4c-4c9a-a688-b0ec520a6fd0 ] Request (MigrationsAdminTest:test_resize_server_revert_deleted_flavor): 200 GET http://10.180.1.21/compute/v2.1/servers/c1aacf70-a6b5-4528-bcaa-b8f1c955a1c3 0.053s
2025-05-19 11:35:22.777 70295 INFO tempest.lib.common.rest_client [req-127de16f-ff88-42a6-b6f1-63b56ba9960f req-127de16f-ff88-42a6-b6f1-63b56ba9960f ] Request (SecurityGroupsTestJSON:test_server_security_groups): 200 GET http://10.180.1.21/compute/v2.1/servers/a53389ce-d0c2-48ae-83e3-ee58fbdbfb01 0.055s
2025-05-19 11:35:22.864 70335 INFO tempest.lib.common.rest_client [req-c069762c-7522-44cb-b591-ac7b614aff59 req-c069762c-7522-44cb-b591-ac7b614aff59 ] Request (ListImageFiltersTestJSON:setUpClass): 200 GET http://10.180.1.21/compute/v2.1/servers/352790fe-057f-45ee-aff0-549b456fd181 0.099s
2025-05-19 11:35:23.115 70303 INFO tempest.lib.common.rest_client [req-ce9a8c04-6b9b-471a-9c2c-d39dc77abe47 req-ce9a8c04-6b9b-471a-9c2c-d39dc77abe47 ] Request (ServersV294TestFqdnHostnames:setUpClass): 200 GET http://10.180.1.21/compute/v2.1/servers/9137a6bc-8f1e-47b7-b1ec-5b4035d36fff 0.061s
2025-05-19 11:35:23.170 70325 WARNING tempest.lib.common.ssh [-] Failed to establish authenticated ssh connection to cirros@10.180.180.247 ([Errno None] Unable to connect to port 22 on 10.180.180.247). Number attempts: 8. Retry after 9 seconds.: paramiko.ssh_exception.NoValidConnectionsError: [Errno None] Unable to connect to port 22 on 10.180.180.247
2025-05-19 11:35:23.184 70345 INFO tempest.lib.common.rest_client [req-ae4cef2a-6817-4804-9ffe-a977ca8dd7e6 req-ae4cef2a-6817-4804-9ffe-a977ca8dd7e6 ] Request (DeleteServersAdminTestJSON:test_delete_server_while_in_error_state): 200 GET http://10.180.1.21/compute/v2.1/servers/85488f5e-bd8a-4bcf-8420-744c54176c2e 0.062s
2025-05-19 11:35:23.197 70305 INFO tempest.lib.common.rest_client [req-946eb827-0f58-4aa6-af19-4374643ac8fe req-946eb827-0f58-4aa6-af19-4374643ac8fe ] Request (ServerRescueNegativeTestJSON:setUpClass): 200 GET http://10.180.1.21/compute/v2.1/servers/ef64a05a-b514-4c35-81d3-664ae1ad3ff1 0.060s
2025-05-19 11:35:23.220 70291 INFO tempest.lib.common.rest_client [req-f568a202-369c-4630-a311-063b81c845cb req-f568a202-369c-4630-a311-063b81c845cb ] Request (ImagesTestJSON:test_create_image_from_suspended_server): 200 GET http://10.180.1.21/compute/v2.1/images/22b09a9a-acd0-43ee-8b3e-e07135e60269 0.056s
2025-05-19 11:35:23.282 70289 INFO tempest.lib.common.rest_client [req-6d5dbc1f-8707-4002-b498-166ad8c9cb8b req-6d5dbc1f-8707-4002-b498-166ad8c9cb8b ] Request (ServersAdminNegativeTestJSON:tearDownClass): 200 GET http://10.180.1.21/compute/v2.1/servers/3e938bb3-54a6-49f8-809d-d5aee0349eae 0.074s
2025-05-19 11:35:23.350 70317 INFO tempest.lib.common.rest_client [req-e2a497ff-d5c5-481f-a9d0-07921f71bba1 req-e2a497ff-d5c5-481f-a9d0-07921f71bba1 ] Request (VolumesAdminNegativeTest:test_update_attached_volume_with_nonexistent_volume_in_uri): 200 GET http://10.180.1.21/compute/v2.1/servers/be9a565b-c74c-442e-8087-cc4579b1c8e7 0.071s
2025-05-19 11:35:23.357 70331 INFO tempest.lib.common.rest_client [req-593a2f83-9344-4baa-ab35-e04247fa9f45 req-593a2f83-9344-4baa-ab35-e04247fa9f45 ] Request (ServersNegativeTestMultiTenantJSON:tearDownClass): 200 GET http://10.180.1.21/compute/v2.1/servers/2ee62ad3-0125-47dc-b163-7d15b6a17c8a 0.077s
2025-05-19 11:35:23.402 70351 INFO tempest.lib.common.rest_client [req-e64a324d-9acb-4494-8dfa-1cf15864a58e req-e64a324d-9acb-4494-8dfa-1cf15864a58e ] Request (ServersTestJSON:test_create_server_with_ipv6_addr_only): 200 GET http://10.180.1.21/compute/v2.1/servers/f715cf45-81f1-4979-abfc-455b3e64f00e 0.062s
2025-05-19 11:35:23.468 70315 INFO tempest.lib.common.rest_client [req-95bcd493-7b4c-4636-b8a6-fe0f084b8207 req-95bcd493-7b4c-4636-b8a6-fe0f084b8207 ] Request (TenantUsagesTestJSON:tearDownClass): 200 GET http://10.180.1.21/compute/v2.1/servers/cfe1478c-53f2-4df8-99a8-ab23209f5306 0.063s
2025-05-19 11:35:23.535 70321 INFO tempest.lib.common.rest_client [req-5319024a-10c4-419b-870c-6cc54e4ab67a req-5319024a-10c4-419b-870c-6cc54e4ab67a ] Request (ImagesOneServerTestJSON:tearDownClass): 200 GET http://10.180.1.21/compute/v2.1/servers/f12b8575-5082-4be9-9bf5-f4279860d19d 0.069s
2025-05-19 11:35:23.572 70293 INFO tempest.lib.common.rest_client [req-0abe1161-7fa4-48aa-b36a-a3993eadf30c req-0abe1161-7fa4-48aa-b36a-a3993eadf30c ] Request (ListServersNegativeTestJSON:setUpClass): 200 GET http://10.180.1.21/compute/v2.1/servers/c0e830f3-e28b-4637-bcce-601596e82360 0.057s
2025-05-19 11:35:23.593 70329 INFO tempest.lib.common.rest_client [req-4fb11ed0-a703-4ce7-9670-c1b0f9f28dd0 req-4fb11ed0-a703-4ce7-9670-c1b0f9f28dd0 ] Request (ServersAaction247Test:tearDownClass): 200 GET http://10.180.1.21/compute/v2.1/servers/ac8aa41c-375a-4231-9a5d-12d6c4bba44c 0.058s
2025-05-19 11:35:23.671 70319 INFO tempest.lib.common.rest_client [req-3c76d0a4-9cff-4083-b9d0-39659ec42e58 req-3c76d0a4-9cff-4083-b9d0-39659ec42e58 ] Request (InstanceActionsTestJSON:setUpClass): 200 GET http://10.180.1.21/compute/v2.1/servers/6b458a7e-f786-41f6-b8ac-9f6f4ddcb268 0.071s
2025-05-19 11:35:23.673 70301 INFO tempest.lib.common.rest_client [req-a42f7ad2-2763-4fb6-8b2e-2888e53ca7a1 req-a42f7ad2-2763-4fb6-8b2e-2888e53ca7a1 ] Request (ServersAdminTestJSON:setUpClass): 200 GET http://10.180.1.21/compute/v2.1/servers/0b0b2769-74ba-4ba2-9e8b-148cc2976321 0.065s
2025-05-19 11:35:23.739 70343 INFO tempest.lib.common.rest_client [req-03fa632d-8caa-4953-adeb-42d71de8b470 req-03fa632d-8caa-4953-adeb-42d71de8b470 ] Request (DeleteServersTestJSON:test_delete_server_while_in_attached_volume): 200 GET http://10.180.1.21/compute/v2.1/servers/57485f78-b97e-423c-b1f1-8648e963e5dd 0.084s
2025-05-19 11:35:23.747 70341 INFO tempest.lib.common.rest_client [req-bb7b8e59-b065-49df-bcaf-c1161ded3637 req-bb7b8e59-b065-49df-bcaf-c1161ded3637 ] Request (ServerAddressesTestJSON:setUpClass): 200 GET http://10.180.1.21/compute/v2.1/servers/0a56e30f-fb07-4a5e-9d69-9603fd38ff9f 0.072s
2025-05-19 11:35:23.808 70309 INFO tempest.lib.common.rest_client [req-1158d471-1d68-4824-81b9-0b349add7efd req-1158d471-1d68-4824-81b9-0b349add7efd ] Request (MigrationsAdminTest:test_resize_server_revert_deleted_flavor): 200 GET http://10.180.1.21/compute/v2.1/servers/c1aacf70-a6b5-4528-bcaa-b8f1c955a1c3 0.082s
2025-05-19 11:35:23.846 70295 INFO tempest.lib.common.rest_client [req-2ff0fbb3-e912-4951-b643-e24181cd9cad req-2ff0fbb3-e912-4951-b643-e24181cd9cad ] Request (SecurityGroupsTestJSON:test_server_security_groups): 200 GET http://10.180.1.21/compute/v2.1/servers/a53389ce-d0c2-48ae-83e3-ee58fbdbfb01 0.060s
2025-05-19 11:35:23.995 70335 INFO tempest.lib.common.rest_client [req-9b822470-e56e-4392-b78a-91e4745e2631 req-9b822470-e56e-4392-b78a-91e4745e2631 ] Request (ListImageFiltersTestJSON:setUpClass): 200 GET http://10.180.1.21/compute/v2.1/servers/352790fe-057f-45ee-aff0-549b456fd181 0.122s
2025-05-19 11:35:24.130 70323 WARNING tempest.lib.common.ssh [-] Failed to establish authenticated ssh connection to cirros@10.180.180.249 ([Errno None] Unable to connect to port 22 on 10.180.180.249). Number attempts: 2. Retry after 3 seconds.: paramiko.ssh_exception.NoValidConnectionsError: [Errno None] Unable to connect to port 22 on 10.180.180.249
2025-05-19 11:35:24.189 70303 INFO tempest.lib.common.rest_client [req-5494608e-94e2-45fb-9708-e17b7773bfa5 req-5494608e-94e2-45fb-9708-e17b7773bfa5 ] Request (ServersV294TestFqdnHostnames:setUpClass): 200 GET http://10.180.1.21/compute/v2.1/servers/9137a6bc-8f1e-47b7-b1ec-5b4035d36fff 0.063s
2025-05-19 11:35:24.266 70305 INFO tempest.lib.common.rest_client [req-63cfd688-c6f5-4556-bc23-5e72ddae2ced req-63cfd688-c6f5-4556-bc23-5e72ddae2ced ] Request (ServerRescueNegativeTestJSON:setUpClass): 200 GET http://10.180.1.21/compute/v2.1/servers/ef64a05a-b514-4c35-81d3-664ae1ad3ff1 0.061s
2025-05-19 11:35:24.267 70345 INFO tempest.lib.common.rest_client [req-42dd22a6-58cb-40ba-8084-5a0ae32e82ab req-42dd22a6-58cb-40ba-8084-5a0ae32e82ab ] Request (DeleteServersAdminTestJSON:test_delete_server_while_in_error_state): 200 GET http://10.180.1.21/compute/v2.1/servers/85488f5e-bd8a-4bcf-8420-744c54176c2e 0.076s
2025-05-19 11:35:24.303 70291 INFO tempest.lib.common.rest_client [req-89123df5-8578-4f80-b070-903c87ba4e66 req-89123df5-8578-4f80-b070-903c87ba4e66 ] Request (ImagesTestJSON:test_create_image_from_suspended_server): 200 GET http://10.180.1.21/compute/v2.1/images/22b09a9a-acd0-43ee-8b3e-e07135e60269 0.078s
2025-05-19 11:35:24.356 70289 INFO tempest.lib.common.rest_client [req-7c6b7c86-36ed-42f9-8839-c9a06e2ed0c7 req-7c6b7c86-36ed-42f9-8839-c9a06e2ed0c7 ] Request (ServersAdminNegativeTestJSON:tearDownClass): 200 GET http://10.180.1.21/compute/v2.1/servers/3e938bb3-54a6-49f8-809d-d5aee0349eae 0.065s
2025-05-19 11:35:24.413 70317 INFO tempest.lib.common.rest_client [req-f4444a28-f801-41dd-ac8d-21ad848cf106 req-f4444a28-f801-41dd-ac8d-21ad848cf106 ] Request (VolumesAdminNegativeTest:test_update_attached_volume_with_nonexistent_volume_in_uri): 200 GET http://10.180.1.21/compute/v2.1/servers/be9a565b-c74c-442e-8087-cc4579b1c8e7 0.055s
2025-05-19 11:35:24.425 70331 INFO tempest.lib.common.rest_client [req-fe736acf-b344-42ee-9766-085f73c9d3db req-fe736acf-b344-42ee-9766-085f73c9d3db ] Request (ServersNegativeTestMultiTenantJSON:tearDownClass): 200 GET http://10.180.1.21/compute/v2.1/servers/2ee62ad3-0125-47dc-b163-7d15b6a17c8a 0.060s
2025-05-19 11:35:24.460 70351 INFO tempest.lib.common.rest_client [req-5be9edeb-fe81-434e-a9bd-2806216f3b5d req-5be9edeb-fe81-434e-a9bd-2806216f3b5d ] Request (ServersTestJSON:test_create_server_with_ipv6_addr_only): 200 GET http://10.180.1.21/compute/v2.1/servers/f715cf45-81f1-4979-abfc-455b3e64f00e 0.049s
2025-05-19 11:35:24.497 70315 INFO tempest.lib.common.rest_client [req-03f9de2c-e10e-49f2-a275-e6b3e307ae39 req-03f9de2c-e10e-49f2-a275-e6b3e307ae39 ] Request (TenantUsagesTestJSON:tearDownClass): 404 GET http://10.180.1.21/compute/v2.1/servers/cfe1478c-53f2-4df8-99a8-ab23209f5306 0.022s
2025-05-19 11:35:24.614 70321 INFO tempest.lib.common.rest_client [req-c0810d4a-c228-4eda-8620-53d220b1e327 req-c0810d4a-c228-4eda-8620-53d220b1e327 ] Request (ImagesOneServerTestJSON:tearDownClass): 200 GET http://10.180.1.21/compute/v2.1/servers/f12b8575-5082-4be9-9bf5-f4279860d19d 0.070s
2025-05-19 11:35:24.624 70315 INFO tempest.lib.common.rest_client [req-b56fdc49-bd5e-4ae8-99e1-c96a0ddf953a req-b56fdc49-bd5e-4ae8-99e1-c96a0ddf953a ] Request (TenantUsagesTestJSON:tearDownClass): 204 DELETE http://10.180.1.21/identity/v3/users/a6588ea7b79c413cba9eee31d01dd3f1 0.126s
2025-05-19 11:35:24.646 70293 INFO tempest.lib.common.rest_client [req-6493f1ca-34b1-44aa-93ed-64df7c908359 req-6493f1ca-34b1-44aa-93ed-64df7c908359 ] Request (ListServersNegativeTestJSON:setUpClass): 200 GET http://10.180.1.21/compute/v2.1/servers/c0e830f3-e28b-4637-bcce-601596e82360 0.066s
2025-05-19 11:35:24.682 70329 INFO tempest.lib.common.rest_client [req-7b50fdf1-4d03-43d3-8732-73e70a27a245 req-7b50fdf1-4d03-43d3-8732-73e70a27a245 ] Request (ServersAaction247Test:tearDownClass): 200 GET http://10.180.1.21/compute/v2.1/servers/ac8aa41c-375a-4231-9a5d-12d6c4bba44c 0.078s
2025-05-19 11:35:24.739 70315 INFO tempest.lib.common.rest_client [req-6aecb647-ef68-4c60-9ff3-a6a4cc9def1a req-6aecb647-ef68-4c60-9ff3-a6a4cc9def1a ] Request (TenantUsagesTestJSON:tearDownClass): 204 DELETE http://10.180.1.21/identity/v3/users/cc7ef5409d254b2589269258c9d89930 0.114s
2025-05-19 11:35:24.739 70315 INFO tempest.lib.common.dynamic_creds [-] Deleting project and security group for project: 02168307ea9347dd8f6d6993dc1f9b2c
2025-05-19 11:35:24.744 70319 INFO tempest.lib.common.rest_client [req-27430a7f-c646-4ef0-a88a-9c3ffac6f243 req-27430a7f-c646-4ef0-a88a-9c3ffac6f243 ] Request (InstanceActionsTestJSON:setUpClass): 200 GET http://10.180.1.21/compute/v2.1/servers/6b458a7e-f786-41f6-b8ac-9f6f4ddcb268 0.065s
2025-05-19 11:35:24.752 70301 INFO tempest.lib.common.rest_client [req-5e32da8b-f5fb-43ea-9676-dc523b9141ec req-5e32da8b-f5fb-43ea-9676-dc523b9141ec ] Request (ServersAdminTestJSON:setUpClass): 200 GET http://10.180.1.21/compute/v2.1/servers/0b0b2769-74ba-4ba2-9e8b-148cc2976321 0.069s
2025-05-19 11:35:24.815 70343 INFO tempest.lib.common.rest_client [req-1cd8bc98-9862-4b22-9d63-e227cb2d6b68 req-1cd8bc98-9862-4b22-9d63-e227cb2d6b68 ] Request (DeleteServersTestJSON:test_delete_server_while_in_attached_volume): 200 GET http://10.180.1.21/compute/v2.1/servers/57485f78-b97e-423c-b1f1-8648e963e5dd 0.068s
2025-05-19 11:35:24.817 70315 INFO tempest.lib.common.rest_client [req-d0258737-e183-468d-830f-69f3d4947643 req-d0258737-e183-468d-830f-69f3d4947643 ] Request (TenantUsagesTestJSON:tearDownClass): 201 POST http://10.180.1.21/identity/v3/auth/tokens 0.078s
2025-05-19 11:35:24.823 70341 INFO tempest.lib.common.rest_client [req-001a863b-a77b-4e6f-b7bf-7cbb026cb2e2 req-001a863b-a77b-4e6f-b7bf-7cbb026cb2e2 ] Request (ServerAddressesTestJSON:setUpClass): 200 GET http://10.180.1.21/compute/v2.1/servers/0a56e30f-fb07-4a5e-9d69-9603fd38ff9f 0.068s
2025-05-19 11:35:24.878 70309 INFO tempest.lib.common.rest_client [req-51f4f966-c055-44ef-8931-4855f74eb205 req-51f4f966-c055-44ef-8931-4855f74eb205 ] Request (MigrationsAdminTest:test_resize_server_revert_deleted_flavor): 200 GET http://10.180.1.21/compute/v2.1/servers/c1aacf70-a6b5-4528-bcaa-b8f1c955a1c3 0.062s
2025-05-19 11:35:24.911 70315 INFO tempest.lib.common.rest_client [req-3c44740c-4595-422b-ac43-761c934fb80b req-3c44740c-4595-422b-ac43-761c934fb80b ] Request (TenantUsagesTestJSON:tearDownClass): 200 GET http://10.180.1.21:9696/networking/v2.0/security-groups?tenant_id=02168307ea9347dd8f6d6993dc1f9b2c&name=default 0.094s
2025-05-19 11:35:24.911 70295 INFO tempest.lib.common.rest_client [req-783f227d-54d1-44ab-a35a-57dd32e5948f req-783f227d-54d1-44ab-a35a-57dd32e5948f ] Request (SecurityGroupsTestJSON:test_server_security_groups): 200 GET http://10.180.1.21/compute/v2.1/servers/a53389ce-d0c2-48ae-83e3-ee58fbdbfb01 0.054s
2025-05-19 11:35:25.004 70315 INFO tempest.lib.common.rest_client [req-765a203d-25ae-40df-93d6-476696c2116c req-765a203d-25ae-40df-93d6-476696c2116c ] Request (TenantUsagesTestJSON:tearDownClass): 204 DELETE http://10.180.1.21:9696/networking/v2.0/security-groups/c0b97f55-8a3c-470a-80b7-2654d4b73517 0.092s
2025-05-19 11:35:25.069 70315 INFO tempest.lib.common.rest_client [req-4f187813-6e14-46ce-957e-ae7bdcadbcf1 req-4f187813-6e14-46ce-957e-ae7bdcadbcf1 ] Request (TenantUsagesTestJSON:tearDownClass): 204 DELETE http://10.180.1.21/identity/v3/projects/02168307ea9347dd8f6d6993dc1f9b2c 0.065s
2025-05-19 11:35:25.069 70315 INFO tempest.lib.common.dynamic_creds [-] Deleting project and security group for project: b586259439804904958fb81877b4b6e4
2025-05-19 11:35:25.169 70335 INFO tempest.lib.common.rest_client [req-5c230412-cb12-4429-ae65-5d848d7f66ee req-5c230412-cb12-4429-ae65-5d848d7f66ee ] Request (ListImageFiltersTestJSON:setUpClass): 200 GET http://10.180.1.21/compute/v2.1/servers/352790fe-057f-45ee-aff0-549b456fd181 0.167s
2025-05-19 11:35:25.206 70315 INFO tempest.lib.common.rest_client [req-a518b1e4-53d3-4923-abe0-e78bdce393dd req-a518b1e4-53d3-4923-abe0-e78bdce393dd ] Request (TenantUsagesTestJSON:tearDownClass): 200 GET http://10.180.1.21:9696/networking/v2.0/security-groups?tenant_id=b586259439804904958fb81877b4b6e4&name=default 0.136s
2025-05-19 11:35:25.259 70303 INFO tempest.lib.common.rest_client [req-6bcea714-edef-484a-9001-7668b5431b5a req-6bcea714-edef-484a-9001-7668b5431b5a ] Request (ServersV294TestFqdnHostnames:setUpClass): 200 GET http://10.180.1.21/compute/v2.1/servers/9137a6bc-8f1e-47b7-b1ec-5b4035d36fff 0.060s
2025-05-19 11:35:25.279 70315 INFO tempest.lib.common.rest_client [req-591ba982-363b-4ff8-af43-0822b84ed780 req-591ba982-363b-4ff8-af43-0822b84ed780 ] Request (TenantUsagesTestJSON:tearDownClass): 204 DELETE http://10.180.1.21:9696/networking/v2.0/security-groups/473704e8-92d7-4f95-aeae-930712f28886 0.072s
2025-05-19 11:35:25.339 70305 INFO tempest.lib.common.rest_client [req-73bf7ee6-8fcf-4eaf-b7c8-8e9557ca3513 req-73bf7ee6-8fcf-4eaf-b7c8-8e9557ca3513 ] Request (ServerRescueNegativeTestJSON:setUpClass): 200 GET http://10.180.1.21/compute/v2.1/servers/ef64a05a-b514-4c35-81d3-664ae1ad3ff1 0.066s
