2025-05-19 11:33:49.494 70329 INFO tempest.lib.common.rest_client [req-f352aea0-35db-4abd-9c80-ffdccbc00294 req-f352aea0-35db-4abd-9c80-ffdccbc00294 ] Request (AggregatesAdminNegativeTestJSON:_run_cleanups): 200 DELETE http://10.180.1.21/compute/v2.1/os-aggregates/6 1.551s
2025-05-19 11:33:49.512 70307 INFO tempest.lib.common.rest_client [req-c07128ab-5ce2-4bff-9c5d-7afff8a01924 req-c07128ab-5ce2-4bff-9c5d-7afff8a01924 ] Request (HypervisorAdminV253TestBase:test_list_show_detail_hypervisors): 200 GET http://10.180.1.21/compute/v2.1/os-hypervisors?with_servers=True 1.681s
2025-05-19 11:33:49.540 70297 INFO tempest.lib.common.rest_client [req-dfb5c54e-8c4a-4aa0-817f-af50198dca72 req-dfb5c54e-8c4a-4aa0-817f-af50198dca72 ] Request (FlavorsAdminTestJSON:_run_cleanups): 200 GET http://10.180.1.21/compute/v2.1/flavors/detail 1.359s
2025-05-19 11:33:49.545 70303 INFO tempest.lib.common.rest_client [req-1ca124c1-47d4-403d-bec6-80211e84c2d4 req-1ca124c1-47d4-403d-bec6-80211e84c2d4 ] Request (FlavorsAccessNegativeTestJSON:tearDownClass): 201 POST http://10.180.1.21/identity/v3/auth/tokens 0.064s
2025-05-19 11:33:49.572 70345 INFO tempest.lib.common.rest_client [req-efd6f8dc-77cc-4c85-a195-ead4fe382eea req-efd6f8dc-77cc-4c85-a195-ead4fe382eea ] Request (DeleteServersAdminTestJSON:test_admin_delete_servers_of_others): 404 GET http://10.180.1.21/compute/v2.1/servers/e8998cab-533b-46b1-a1ea-5eb5db7d6d99 1.333s
2025-05-19 11:33:49.617 70319 INFO tempest.lib.common.rest_client [req-d753e634-6045-4dc7-9a52-5c25013608f2 req-d753e634-6045-4dc7-9a52-5c25013608f2 ] Request (ServersAdmin275Test:_run_cleanups): 200 GET http://10.180.1.21/compute/v2.1/servers/98a0199a-4209-4faf-adf5-7ae33b099d20 1.456s
2025-05-19 11:33:49.648 70349 INFO tempest.lib.common.rest_client [req-89736588-4fb4-4357-955a-3c24c9bdcc02 req-89736588-4fb4-4357-955a-3c24c9bdcc02 ] Request (ServerShowV254Test:test_rebuild_server): 200 GET http://10.180.1.21/compute/v2.1/servers/cf8be667-da84-466b-9b7b-3bdfda6a8193 1.329s
2025-05-19 11:33:49.662 70345 INFO tempest.lib.common.rest_client [req-7b9ae043-eb8f-4426-b0c6-6d9be8b674d3 req-7b9ae043-eb8f-4426-b0c6-6d9be8b674d3 ] Request (DeleteServersAdminTestJSON:test_delete_server_while_in_error_state): 201 POST http://10.180.1.21/identity/v3/auth/tokens 0.074s
2025-05-19 11:33:49.662 70345 INFO tempest.lib.common.fixed_network [-] (DeleteServersAdminTestJSON:test_delete_server_while_in_error_state) Found network None available for tenant
2025-05-19 11:33:49.736 70335 INFO tempest.lib.common.rest_client [req-1d3d8200-2fcb-4725-a0aa-e2781a5348af req-1d3d8200-2fcb-4725-a0aa-e2781a5348af ] Request (ImagesNegativeTestJSON:test_create_image_from_deleted_server): 200 GET http://10.180.1.21/compute/v2.1/servers/9c5f2422-820e-454b-98be-695e3ac6d1e3 1.169s
2025-05-19 11:33:49.742 70293 INFO tempest.lib.common.rest_client [req-d34ac467-7773-4252-abd2-a2018dc26168 req-d34ac467-7773-4252-abd2-a2018dc26168 ] Request (AttachInterfacesV270Test:tearDownClass): 204 DELETE http://10.180.1.21/compute/v2.1/servers/225c02d6-43df-4260-a428-14a6b1ed32cc 1.213s
2025-05-19 11:33:49.882 70323 INFO tempest.lib.common.rest_client [req-75169dd1-82fa-4824-a602-933e24088e8d req-75169dd1-82fa-4824-a602-933e24088e8d ] Request (ServerDiagnosticsTest:tearDownClass): 200 GET http://10.180.1.21:9696/networking/v2.0/security-groups?tenant_id=4e12c3219a7d474282920e691483ad71&name=default 0.457s
2025-05-19 11:33:49.906 70303 INFO tempest.lib.common.rest_client [req-09868a9a-7a10-44f5-ab8c-1914f86ad725 req-09868a9a-7a10-44f5-ab8c-1914f86ad725 ] Request (FlavorsAccessNegativeTestJSON:tearDownClass): 200 GET http://10.180.1.21:9696/networking/v2.0/security-groups?tenant_id=83085de87a0946fb931ab11f35b86bc7&name=default 0.361s
2025-05-19 11:33:50.016 70315 INFO tempest.lib.common.rest_client [req-c154ad3f-3879-420b-8f75-4000f7e315b4 req-c154ad3f-3879-420b-8f75-4000f7e315b4 ] Request (QuotasAdminTestJSON:test_update_all_quota_resources_for_tenant): 200 PUT http://10.180.1.21/compute/v2.1/os-quota-sets/340718625e6b450baf2be3b23e43fb35 1.377s
2025-05-19 11:33:50.255 70295 INFO tempest.lib.common.rest_client [req-ed04745a-3ef6-4b65-9681-91d10955338e req-ed04745a-3ef6-4b65-9681-91d10955338e ] Request (SecurityGroupsTestJSON:setUpClass): 200 PUT http://10.180.1.21:9696/networking/v2.0/routers/653bf086-261b-49c7-b11d-e053c2eec3a8/add_router_interface 1.129s
2025-05-19 11:33:50.255 70295 INFO tempest.lib.common.dynamic_creds [-] Created isolated network resources for: credentials: Credentials: {'domain_id': 'default', 'domain_name': 'Default', 'username': 'tempest-SecurityGroupsTestJSON-1428022973-project-member', 'project_domain_id': 'default', 'project_domain_name': 'Default', 'project_id': 'f85175ef2b004d5ea372f2dfe69549ec', 'project_name': 'tempest-SecurityGroupsTestJSON-1428022973', 'tenant_id': 'f85175ef2b004d5ea372f2dfe69549ec', 'tenant_name': 'tempest-SecurityGroupsTestJSON-1428022973', 'user_domain_id': 'default', 'user_domain_name': 'Default', 'user_id': '99104b73f6174c05a5272f023612bb49', 'system': None}, Network: {'id': '0a69de94-3d78-4e55-9f62-94f5fc74a7a5', 'name': 'tempest-SecurityGroupsTestJSON-178755679-network', 'tenant_id': 'f85175ef2b004d5ea372f2dfe69549ec', 'admin_state_up': True, 'mtu': 8950, 'status': 'ACTIVE', 'subnets': [], 'shared': False, 'project_id': 'f85175ef2b004d5ea372f2dfe69549ec', 'port_security_enabled': True, 'router:external': False, 'provider:network_type': 'vlan', 'provider:physical_network': 'default', 'provider:segmentation_id': 671, 'availability_zone_hints': [], 'availability_zones': [], 'ipv4_address_scope': None, 'ipv6_address_scope': None, 'description': '', 'tags': [], 'created_at': '2025-05-19T11:33:47Z', 'updated_at': '2025-05-19T11:33:47Z', 'revision_number': 1}, Subnet: {'id': '05f5201a-2233-4547-b71e-a33a0ea7d152', 'name': 'tempest-SecurityGroupsTestJSON-178755679-subnet', 'tenant_id': 'f85175ef2b004d5ea372f2dfe69549ec', 'network_id': '0a69de94-3d78-4e55-9f62-94f5fc74a7a5', 'ip_version': 4, 'subnetpool_id': None, 'enable_dhcp': True, 'ipv6_ra_mode': None, 'ipv6_address_mode': None, 'gateway_ip': '192.168.128.1', 'cidr': '192.168.128.0/28', 'allocation_pools': [{'start': '192.168.128.2', 'end': '192.168.128.14'}], 'host_routes': [], 'dns_nameservers': [], 'description': '', 'router:external': False, 'service_types': [], 'tags': [], 'created_at': '2025-05-19T11:33:47Z', 'updated_at': '2025-05-19T11:33:47Z', 'revision_number': 0, 'project_id': 'f85175ef2b004d5ea372f2dfe69549ec'}, Router: {'id': '653bf086-261b-49c7-b11d-e053c2eec3a8', 'name': 'tempest-SecurityGroupsTestJSON-178755679-router', 'tenant_id': 'f85175ef2b004d5ea372f2dfe69549ec', 'admin_state_up': True, 'status': 'ACTIVE', 'external_gateway_info': {'network_id': '15b27981-d00e-4d47-b81a-56e283ec4304', 'external_fixed_ips': [{'subnet_id': '01b77569-382c-4c4f-9235-ce3b02c3a752', 'ip_address': '10.180.180.234'}], 'enable_snat': True}, 'description': '', 'availability_zones': [], 'distributed': False, 'ha': False, 'availability_zone_hints': [], 'routes': [], 'flavor_id': None, 'tags': [], 'created_at': '2025-05-19T11:33:47Z', 'updated_at': '2025-05-19T11:33:48Z', 'revision_number': 2, 'project_id': 'f85175ef2b004d5ea372f2dfe69549ec'}
2025-05-19 11:33:50.337 70289 INFO tempest.lib.common.rest_client [req-63db6d2c-83d7-40df-b4c1-a64841efac14 req-63db6d2c-83d7-40df-b4c1-a64841efac14 ] Request (ServersAdminNegativeTestJSON:setUpClass): 200 GET http://10.180.1.21/compute/v2.1/servers/3e938bb3-54a6-49f8-809d-d5aee0349eae 1.651s
2025-05-19 11:33:50.377 70339 INFO tempest.lib.common.rest_client [req-6206fa7e-1d80-4112-b8f1-6fcc9225f6b5 req-6206fa7e-1d80-4112-b8f1-6fcc9225f6b5 ] Request (ServerDiagnosticsNegativeTest:test_get_server_diagnostics_by_non_admin): 403 GET http://10.180.1.21/compute/v2.1/servers/64308d7c-b63b-4fa6-b235-2f0586a888cf/diagnostics 1.551s
2025-05-19 11:33:50.381 70295 INFO tempest.lib.common.rest_client [req-5cfb3d71-9db3-4211-b3b1-e679bd087b91 req-5cfb3d71-9db3-4211-b3b1-e679bd087b91 ] Request (SecurityGroupsTestJSON:setUpClass): 201 POST http://10.180.1.21/identity/v3/auth/tokens 0.121s
2025-05-19 11:33:50.412 70323 INFO tempest.lib.common.rest_client [req-f9ca0c00-7ef4-40f1-b510-3e0eff51a167 req-f9ca0c00-7ef4-40f1-b510-3e0eff51a167 ] Request (ServerDiagnosticsTest:tearDownClass): 204 DELETE http://10.180.1.21:9696/networking/v2.0/security-groups/789f2a5b-205f-4293-b1cc-02912f8a9046 0.529s
2025-05-19 11:33:50.418 70303 INFO tempest.lib.common.rest_client [req-77610f2f-2713-4238-9832-c73037e4ab56 req-77610f2f-2713-4238-9832-c73037e4ab56 ] Request (FlavorsAccessNegativeTestJSON:tearDownClass): 204 DELETE http://10.180.1.21:9696/networking/v2.0/security-groups/70946c81-2d8b-48ce-89d6-8fe71b76a93e 0.511s
2025-05-19 11:33:50.425 70337 INFO tempest.lib.common.rest_client [req-a4d15b3e-3815-45d8-b1fe-63940a2754bf req-a4d15b3e-3815-45d8-b1fe-63940a2754bf ] Request (ImagesMetadataTestJSON:test_set_image_metadata_item): 200 GET http://10.180.1.21/compute/v2.1/images/d863b7f5-83bf-491b-b0cc-19de131fc852/metadata 1.595s
2025-05-19 11:33:50.484 70323 INFO tempest.lib.common.rest_client [req-4dc63f9c-3aed-4dd3-bf59-e3388f4b3be2 req-4dc63f9c-3aed-4dd3-bf59-e3388f4b3be2 ] Request (ServerDiagnosticsTest:tearDownClass): 204 DELETE http://10.180.1.21/identity/v3/projects/4e12c3219a7d474282920e691483ad71 0.071s
2025-05-19 11:33:50.484 70323 INFO tempest.lib.common.dynamic_creds [-] Deleting project and security group for project: 7691ed6dbc544b6e892c72a4235deac8
2025-05-19 11:33:50.489 70303 INFO tempest.lib.common.rest_client [req-1bf4379b-b4c1-433c-a477-98712761307a req-1bf4379b-b4c1-433c-a477-98712761307a ] Request (FlavorsAccessNegativeTestJSON:tearDownClass): 204 DELETE http://10.180.1.21/identity/v3/projects/83085de87a0946fb931ab11f35b86bc7 0.071s
2025-05-19 11:33:50.489 70303 INFO tempest.lib.common.dynamic_creds [-] Deleting project and security group for project: fe2637f60ed740fca06bc57f266176de
2025-05-19 11:33:50.495 70313 INFO tempest.lib.common.rest_client [req-5c822548-7e0e-4876-ab0b-2662aeb7501c req-5c822548-7e0e-4876-ab0b-2662aeb7501c ] Request (ServerActionsTestJSON:setUpClass): 200 PUT http://10.180.1.21:9696/networking/v2.0/floatingips/1eda9e52-a250-4836-9f04-cf93ac9a683a 1.303s
2025-05-19 11:33:50.497 70313 INFO tempest.lib.common.ssh [-] Creating ssh connection to '10.180.180.172:22' as 'cirros' with public key authentication
2025-05-19 11:33:50.501 70321 INFO tempest.lib.common.rest_client [req-7e61538c-e968-4885-a080-cc712a519592 req-7e61538c-e968-4885-a080-cc712a519592 ] Request (ImagesOneServerTestJSON:setUpClass): 200 GET http://10.180.1.21/compute/v2.1/servers/f12b8575-5082-4be9-9bf5-f4279860d19d 1.611s
2025-05-19 11:33:50.537 70323 INFO tempest.lib.common.rest_client [req-e2b88ffc-ca46-46d7-b7c1-384633c0eba5 req-e2b88ffc-ca46-46d7-b7c1-384633c0eba5 ] Request (ServerDiagnosticsTest:tearDownClass): 200 GET http://10.180.1.21:9696/networking/v2.0/security-groups?tenant_id=7691ed6dbc544b6e892c72a4235deac8&name=default 0.052s
2025-05-19 11:33:50.576 70325 INFO tempest.lib.common.rest_client [req-5de1686d-0eda-4740-9929-f463717cd822 req-5de1686d-0eda-4740-9929-f463717cd822 ] Request (ServersWithSpecificFlavorTestJSON:test_verify_created_server_ephemeral_disk): 200 GET http://10.180.1.21/compute/v2.1/servers/b23b4e67-67a6-4117-9a62-3c0dcd25e828 1.630s
2025-05-19 11:33:50.659 70323 INFO tempest.lib.common.rest_client [req-84e25729-892c-444a-88dc-74e0fb978e3e req-84e25729-892c-444a-88dc-74e0fb978e3e ] Request (ServerDiagnosticsTest:tearDownClass): 204 DELETE http://10.180.1.21:9696/networking/v2.0/security-groups/a36672b1-ead4-4521-bd0d-2babb803d619 0.122s
2025-05-19 11:33:50.685 70303 INFO tempest.lib.common.rest_client [req-cb6b88d9-5709-42bb-80a9-2eaec4d83760 req-cb6b88d9-5709-42bb-80a9-2eaec4d83760 ] Request (FlavorsAccessNegativeTestJSON:tearDownClass): 200 GET http://10.180.1.21:9696/networking/v2.0/security-groups?tenant_id=fe2637f60ed740fca06bc57f266176de&name=default 0.195s
2025-05-19 11:33:50.772 70351 INFO tempest.lib.common.rest_client [req-6fc4a87b-b8b3-4d59-a73a-0734feca339d req-6fc4a87b-b8b3-4d59-a73a-0734feca339d ] Request (ServersTestJSON:test_create_server_specify_multibyte_character_name): 202 POST http://10.180.1.21/compute/v2.1/servers 2.143s
2025-05-19 11:33:50.807 70303 INFO tempest.lib.common.rest_client [req-07a13f45-1644-49d4-b5cc-cf36041c1434 req-07a13f45-1644-49d4-b5cc-cf36041c1434 ] Request (FlavorsAccessNegativeTestJSON:tearDownClass): 204 DELETE http://10.180.1.21:9696/networking/v2.0/security-groups/44feb2ab-ce87-475e-b673-f4ba6b9aa016 0.121s
2025-05-19 11:33:50.816 70323 INFO tempest.lib.common.rest_client [req-1b59981c-6287-4645-bbc0-569c03334b13 req-1b59981c-6287-4645-bbc0-569c03334b13 ] Request (ServerDiagnosticsTest:tearDownClass): 204 DELETE http://10.180.1.21/identity/v3/projects/7691ed6dbc544b6e892c72a4235deac8 0.156s
2025-05-19 11:33:50.905 70323 INFO tempest.lib.common.rest_client [req-6958694a-8413-4f79-afa2-f13f5e6d83e8 req-6958694a-8413-4f79-afa2-f13f5e6d83e8 ] Request (ServerActionsV293TestJSON:setUpClass): 201 POST http://10.180.1.21/identity/v3/auth/tokens 0.086s
2025-05-19 11:33:50.950 70303 INFO tempest.lib.common.rest_client [req-85f36290-e087-40c4-99d0-9a590f6c818f req-85f36290-e087-40c4-99d0-9a590f6c818f ] Request (FlavorsAccessNegativeTestJSON:tearDownClass): 204 DELETE http://10.180.1.21/identity/v3/projects/fe2637f60ed740fca06bc57f266176de 0.142s
2025-05-19 11:33:50.952 70303 INFO tempest.lib.common.dynamic_creds [-] Deleting project and security group for project: d4923bab3b1d43f9bc8d6f506f046432
2025-05-19 11:33:50.976 70323 INFO tempest.lib.common.rest_client [req-256ddeec-f8f2-447a-9828-1f8106ca9bdd req-256ddeec-f8f2-447a-9828-1f8106ca9bdd ] Request (ServerActionsV293TestJSON:setUpClass): 201 POST http://10.180.1.21/identity/v3/auth/tokens 0.067s
2025-05-19 11:33:51.006 70309 INFO tempest.lib.common.rest_client [req-72e0192a-54bd-4e8b-98cb-3fca6f7cbfa6 req-72e0192a-54bd-4e8b-98cb-3fca6f7cbfa6 ] Request (MigrationsAdminTest:test_list_migrations_in_flavor_resize_situation): 200 GET http://10.180.1.21/compute/v2.1/servers/3b29c99a-0d55-40b1-a155-199b1ced2146 1.847s
2025-05-19 11:33:51.014 70323 INFO tempest.lib.common.rest_client [req-5af07049-5bb9-45ac-952b-6412c393e293 req-5af07049-5bb9-45ac-952b-6412c393e293 ] Request (ServerActionsV293TestJSON:setUpClass): 200 GET http://10.180.1.21/identity/v3/domains?name=Default 0.037s
2025-05-19 11:33:51.049 70323 INFO tempest.lib.common.rest_client [req-12e03b8b-cd9c-44dc-8b00-d9d88ad2e88e req-12e03b8b-cd9c-44dc-8b00-d9d88ad2e88e ] Request (ServerActionsV293TestJSON:setUpClass): 201 POST http://10.180.1.21/identity/v3/projects 0.034s
2025-05-19 11:33:51.092 70347 INFO tempest.lib.common.rest_client [req-513dc03a-e4d6-40d7-bacd-ccc397ef3b04 req-513dc03a-e4d6-40d7-bacd-ccc397ef3b04 ] Request (ServerAddressesNegativeTestJSON:tearDownClass): 200 GET http://10.180.1.21/compute/v2.1/servers/417f8c74-81cc-47d6-80ca-b61d03ebec50 1.799s
2025-05-19 11:33:51.118 70303 INFO tempest.lib.common.rest_client [req-d0e05890-9ade-4daf-82b4-1162a67cab21 req-d0e05890-9ade-4daf-82b4-1162a67cab21 ] Request (FlavorsAccessNegativeTestJSON:tearDownClass): 200 GET http://10.180.1.21:9696/networking/v2.0/security-groups?tenant_id=d4923bab3b1d43f9bc8d6f506f046432&name=default 0.166s
2025-05-19 11:33:51.137 70323 INFO tempest.lib.common.rest_client [req-237b8932-ee88-4837-850d-b203078d9318 req-237b8932-ee88-4837-850d-b203078d9318 ] Request (ServerActionsV293TestJSON:setUpClass): 201 POST http://10.180.1.21/identity/v3/users 0.087s
2025-05-19 11:33:51.167 70311 INFO tempest.lib.common.rest_client [req-e1ad553d-8fa2-4c59-8681-3bca68b7b28e req-e1ad553d-8fa2-4c59-8681-3bca68b7b28e ] Request (AttachInterfacesTestJSON:test_create_list_show_delete_interfaces_by_fixed_ip): 200 GET http://10.180.1.21/compute/v2.1/servers/9a0ecd6c-5853-446d-8f41-b2ee51e5259a 1.806s
2025-05-19 11:33:51.175 70323 INFO tempest.lib.common.rest_client [req-c3eb0446-695e-44ef-9460-e315c0c42773 req-c3eb0446-695e-44ef-9460-e315c0c42773 ] Request (ServerActionsV293TestJSON:setUpClass): 200 GET http://10.180.1.21/identity/v3/roles 0.036s
2025-05-19 11:33:51.248 70323 INFO tempest.lib.common.rest_client [req-ff9f7515-c736-492a-a4c4-79c65e9b63e4 req-ff9f7515-c736-492a-a4c4-79c65e9b63e4 ] Request (ServerActionsV293TestJSON:setUpClass): 204 PUT http://10.180.1.21/identity/v3/projects/a1fa3c6a4122484c831621d0f108a5f6/users/78c46c65317845ff9cfc895832fafaa9/roles/102f085e1a454ba18372d96fd56df80a 0.072s
2025-05-19 11:33:51.248 70323 INFO tempest.lib.common.dynamic_creds [-] Dynamic test user 78c46c65317845ff9cfc895832fafaa9 is created with scope project and roles: ['member']
2025-05-19 11:33:51.249 70323 INFO tempest.lib.common.dynamic_creds [-] Acquired dynamic creds: credentials: Credentials: {'domain_id': 'default', 'domain_name': 'Default', 'username': 'tempest-ServerActionsV293TestJSON-630636606-project-member', 'project_domain_id': 'default', 'project_domain_name': 'Default', 'project_id': 'a1fa3c6a4122484c831621d0f108a5f6', 'project_name': 'tempest-ServerActionsV293TestJSON-630636606', 'tenant_id': 'a1fa3c6a4122484c831621d0f108a5f6', 'tenant_name': 'tempest-ServerActionsV293TestJSON-630636606', 'user_domain_id': 'default', 'user_domain_name': 'Default', 'user_id': '78c46c65317845ff9cfc895832fafaa9', 'system': None}, Network: None, Subnet: None, Router: None
2025-05-19 11:33:51.251 70299 INFO tempest.lib.common.rest_client [req-940e4ffd-d7d9-4f86-becc-fc9648184986 req-940e4ffd-d7d9-4f86-becc-fc9648184986 ] Request (AttachVolumeNegativeTest:test_attach_attached_volume_to_different_server): 202 POST http://10.180.1.21/compute/v2.1/servers 2.255s
2025-05-19 11:33:51.310 70303 INFO tempest.lib.common.rest_client [req-45ae6d4e-9cc4-4df2-b606-6f763980a9cf req-45ae6d4e-9cc4-4df2-b606-6f763980a9cf ] Request (FlavorsAccessNegativeTestJSON:tearDownClass): 204 DELETE http://10.180.1.21:9696/networking/v2.0/security-groups/276527d2-c25a-4b5f-9797-0b51be3ea00a 0.192s
2025-05-19 11:33:51.323 70291 INFO tempest.lib.common.rest_client [req-7483a6d4-b402-4621-8ad1-7ff43cb4fee2 req-7483a6d4-b402-4621-8ad1-7ff43cb4fee2 ] Request (ImagesTestJSON:test_create_image_from_stopped_server): 202 POST http://10.180.1.21/compute/v2.1/servers/63c3b57c-022a-4eee-b215-6dd89142e659/action 1.911s
2025-05-19 11:33:51.342 70329 INFO tempest.lib.common.rest_client [req-88a5266e-9c64-4cdb-a28d-83a496b1954f req-88a5266e-9c64-4cdb-a28d-83a496b1954f ] Request (AggregatesAdminNegativeTestJSON:test_aggregate_get_details_with_invalid_id): 404 GET http://10.180.1.21/compute/v2.1/os-aggregates/-1 1.847s
2025-05-19 11:33:51.370 70323 INFO tempest.lib.common.rest_client [req-26fbff2c-7bc0-4742-98a1-0a88abee9ec6 req-26fbff2c-7bc0-4742-98a1-0a88abee9ec6 ] Request (ServerActionsV293TestJSON:setUpClass): 201 POST http://10.180.1.21/identity/v3/auth/tokens 0.119s
2025-05-19 11:33:51.378 70307 INFO tempest.lib.common.rest_client [req-0fa3c5f8-aa0b-4da9-9a24-c088b79b0046 req-0fa3c5f8-aa0b-4da9-9a24-c088b79b0046 ] Request (HypervisorAdminV253TestBase:test_list_show_detail_hypervisors): 200 GET http://10.180.1.21/compute/v2.1/os-hypervisors/dc0a4c9d-b611-453e-a900-41e280c29b95 1.864s
2025-05-19 11:33:51.387 70333 INFO tempest.lib.common.rest_client [req-19ad46d5-dc0e-473f-b562-7968d2a4e433 req-19ad46d5-dc0e-473f-b562-7968d2a4e433 ] Request (InstanceActionsV221TestJSON:test_get_list_deleted_instance_actions): 200 GET http://10.180.1.21/compute/v2.1/servers/9a553d85-5086-46c5-8df4-451928e38ed9 1.904s
2025-05-19 11:33:51.404 70297 INFO tempest.lib.common.rest_client [req-d4867f71-eb5f-4f3b-9833-9549eec8b22c req-d4867f71-eb5f-4f3b-9833-9549eec8b22c ] Request (FlavorsAdminTestJSON:test_list_non_public_flavor): 200 POST http://10.180.1.21/compute/v2.1/flavors 1.858s
2025-05-19 11:33:51.539 70303 INFO tempest.lib.common.rest_client [req-607da4b4-e5f2-48b2-b0cd-09d63e14d049 req-607da4b4-e5f2-48b2-b0cd-09d63e14d049 ] Request (FlavorsAccessNegativeTestJSON:tearDownClass): 204 DELETE http://10.180.1.21/identity/v3/projects/d4923bab3b1d43f9bc8d6f506f046432 0.228s
2025-05-19 11:33:51.582 70307 INFO tempest.lib.common.rest_client [req-f991ddae-3fa0-4e59-ac19-9d565a4590bd req-f991ddae-3fa0-4e59-ac19-9d565a4590bd ] Request (HypervisorAdminV253TestBase:tearDownClass): 204 DELETE http://10.180.1.21/identity/v3/users/5e73a19e613246d9b712dc42efd9e6ee 0.195s
2025-05-19 11:33:51.644 70303 INFO tempest.lib.common.rest_client [req-76688991-8e2f-4fe0-97a8-0e74cc9de09f req-76688991-8e2f-4fe0-97a8-0e74cc9de09f ] Request (FlavorsV255TestJSON:setUpClass): 201 POST http://10.180.1.21/identity/v3/auth/tokens 0.103s
2025-05-19 11:33:51.707 70303 INFO tempest.lib.common.rest_client [req-355fb074-31de-4c83-bce7-2ebeeaf2c357 req-355fb074-31de-4c83-bce7-2ebeeaf2c357 ] Request (FlavorsV255TestJSON:setUpClass): 201 POST http://10.180.1.21/identity/v3/auth/tokens 0.061s
2025-05-19 11:33:51.779 70307 INFO tempest.lib.common.rest_client [req-07df3baf-345b-4d08-a8e8-f658b683a286 req-07df3baf-345b-4d08-a8e8-f658b683a286 ] Request (HypervisorAdminV253TestBase:tearDownClass): 204 DELETE http://10.180.1.21/identity/v3/users/9d035b9ed8704d35a521df343ad150e8 0.196s
2025-05-19 11:33:51.779 70307 INFO tempest.lib.common.dynamic_creds [-] Deleting project and security group for project: f6872ec22dae4b40b43293adb0d8c136
2025-05-19 11:33:51.823 70303 INFO tempest.lib.common.rest_client [req-09f36f7a-3319-493c-981a-e6e7cd71085d req-09f36f7a-3319-493c-981a-e6e7cd71085d ] Request (FlavorsV255TestJSON:setUpClass): 200 GET http://10.180.1.21/identity/v3/domains?name=Default 0.115s
2025-05-19 11:33:51.859 70307 INFO tempest.lib.common.rest_client [req-5d086f31-7e5f-4d08-b099-c8b94c563c6a req-5d086f31-7e5f-4d08-b099-c8b94c563c6a ] Request (HypervisorAdminV253TestBase:tearDownClass): 201 POST http://10.180.1.21/identity/v3/auth/tokens 0.080s
2025-05-19 11:33:51.866 70293 INFO tempest.lib.common.rest_client [req-bc33fbc8-9f1c-40f0-9624-c2d34fc65c9a req-bc33fbc8-9f1c-40f0-9624-c2d34fc65c9a ] Request (AttachInterfacesV270Test:tearDownClass): 200 GET http://10.180.1.21/compute/v2.1/servers/225c02d6-43df-4260-a428-14a6b1ed32cc 2.123s
2025-05-19 11:33:51.933 70345 INFO tempest.lib.common.rest_client [req-99477257-dfbf-4ed1-836d-3b5dc227829d req-99477257-dfbf-4ed1-836d-3b5dc227829d ] Request (DeleteServersAdminTestJSON:test_delete_server_while_in_error_state): 202 POST http://10.180.1.21/compute/v2.1/servers 2.271s
2025-05-19 11:33:51.959 70303 INFO tempest.lib.common.rest_client [req-429e08b9-f285-473b-a617-583076f85432 req-429e08b9-f285-473b-a617-583076f85432 ] Request (FlavorsV255TestJSON:setUpClass): 201 POST http://10.180.1.21/identity/v3/projects 0.134s
2025-05-19 11:33:52.022 70303 INFO tempest.lib.common.rest_client [req-ebd9fee8-8455-4400-a2b8-87b8240fafa8 req-ebd9fee8-8455-4400-a2b8-87b8240fafa8 ] Request (FlavorsV255TestJSON:setUpClass): 201 POST http://10.180.1.21/identity/v3/users 0.062s
2025-05-19 11:33:52.039 70341 INFO tempest.lib.common.rest_client [req-8d338e29-8468-465f-a406-c00da0916cab req-8d338e29-8468-465f-a406-c00da0916cab ] Request (ServerDiagnosticsV248Test:test_get_server_diagnostics): 200 GET http://10.180.1.21/compute/v2.1/servers/062eff58-95fe-4c9b-a586-7e7434c77adf 2.034s
2025-05-19 11:33:52.053 70303 INFO tempest.lib.common.rest_client [req-8de2861a-fc8f-47db-84cb-4a69eab74846 req-8de2861a-fc8f-47db-84cb-4a69eab74846 ] Request (FlavorsV255TestJSON:setUpClass): 200 GET http://10.180.1.21/identity/v3/roles 0.030s
2025-05-19 11:33:52.087 70303 INFO tempest.lib.common.rest_client [req-6d790d2f-d8eb-42ce-bf59-4ac49b45324e req-6d790d2f-d8eb-42ce-bf59-4ac49b45324e ] Request (FlavorsV255TestJSON:setUpClass): 204 PUT http://10.180.1.21/identity/v3/projects/8cd0388cc07841f0baba8917e0572cf2/users/7527b456d2494f5a9aa40a3cf8249ecf/roles/102f085e1a454ba18372d96fd56df80a 0.033s
2025-05-19 11:33:52.087 70303 INFO tempest.lib.common.dynamic_creds [-] Dynamic test user 7527b456d2494f5a9aa40a3cf8249ecf is created with scope project and roles: ['member']
2025-05-19 11:33:52.087 70303 INFO tempest.lib.common.dynamic_creds [-] Acquired dynamic creds: credentials: Credentials: {'domain_id': 'default', 'domain_name': 'Default', 'username': 'tempest-FlavorsV255TestJSON-935174037-project-member', 'project_domain_id': 'default', 'project_domain_name': 'Default', 'project_id': '8cd0388cc07841f0baba8917e0572cf2', 'project_name': 'tempest-FlavorsV255TestJSON-935174037', 'tenant_id': '8cd0388cc07841f0baba8917e0572cf2', 'tenant_name': 'tempest-FlavorsV255TestJSON-935174037', 'user_domain_id': 'default', 'user_domain_name': 'Default', 'user_id': '7527b456d2494f5a9aa40a3cf8249ecf', 'system': None}, Network: None, Subnet: None, Router: None
2025-05-19 11:33:52.087 70303 INFO tempest.lib.common.dynamic_creds [-] Created isolated network resources for: credentials: Credentials: {'domain_id': 'default', 'domain_name': 'Default', 'username': 'tempest-FlavorsV255TestJSON-935174037-project-member', 'project_domain_id': 'default', 'project_domain_name': 'Default', 'project_id': '8cd0388cc07841f0baba8917e0572cf2', 'project_name': 'tempest-FlavorsV255TestJSON-935174037', 'tenant_id': '8cd0388cc07841f0baba8917e0572cf2', 'tenant_name': 'tempest-FlavorsV255TestJSON-935174037', 'user_domain_id': 'default', 'user_domain_name': 'Default', 'user_id': '7527b456d2494f5a9aa40a3cf8249ecf', 'system': None}, Network: None, Subnet: None, Router: None
2025-05-19 11:33:52.128 70307 INFO tempest.lib.common.rest_client [req-d053cb94-feef-40b5-8bfd-3346f3c7df45 req-d053cb94-feef-40b5-8bfd-3346f3c7df45 ] Request (HypervisorAdminV253TestBase:tearDownClass): 200 GET http://10.180.1.21:9696/networking/v2.0/security-groups?tenant_id=f6872ec22dae4b40b43293adb0d8c136&name=default 0.268s
2025-05-19 11:33:52.205 70303 INFO tempest.lib.common.rest_client [req-13e787ee-8a03-41e7-89cc-37e604f9e1c1 req-13e787ee-8a03-41e7-89cc-37e604f9e1c1 ] Request (FlavorsV255TestJSON:setUpClass): 201 POST http://10.180.1.21/identity/v3/auth/tokens 0.112s
2025-05-19 11:33:52.214 70343 INFO tempest.lib.common.rest_client [req-a8f92813-f7ab-4913-b2bb-4666518e57aa req-a8f92813-f7ab-4913-b2bb-4666518e57aa ] Request (DeleteServersTestJSON:test_delete_active_server): 200 GET http://10.180.1.21/compute/v2.1/servers/fc473d40-b57b-437e-9511-58a0ba700a69 2.292s
2025-05-19 11:33:52.224 70343 INFO tempest.common.waiters [-] State transition "BUILD/None" ==> "BUILD/spawning" after 23 second wait
2025-05-19 11:33:52.236 70323 INFO tempest.lib.common.rest_client [req-8768f9fc-0752-4f17-8c14-00c2e56f9cb6 req-8768f9fc-0752-4f17-8c14-00c2e56f9cb6 ] Request (ServerActionsV293TestJSON:setUpClass): 201 POST http://10.180.1.21:9696/networking/v2.0/networks 0.866s
2025-05-19 11:33:52.301 70303 INFO tempest.lib.common.rest_client [req-f717f7cc-1b8d-4c45-a6af-baaff20262d6 req-f717f7cc-1b8d-4c45-a6af-baaff20262d6 ] Request (FlavorsV255TestJSON:setUpClass): 201 POST http://10.180.1.21/identity/v3/projects 0.095s
2025-05-19 11:33:52.336 70307 INFO tempest.lib.common.rest_client [req-4ed26a0c-2ce6-40ad-a2d9-89d200e6e3dd req-4ed26a0c-2ce6-40ad-a2d9-89d200e6e3dd ] Request (HypervisorAdminV253TestBase:tearDownClass): 204 DELETE http://10.180.1.21:9696/networking/v2.0/security-groups/b155d7cb-3e32-4c42-8d31-18ec13243ca4 0.208s
2025-05-19 11:33:52.399 70317 INFO tempest.lib.common.rest_client [req-aa707627-3798-4b87-8114-52d2aff07c9a req-aa707627-3798-4b87-8114-52d2aff07c9a ] Request (VolumesAdminNegativeTest:test_update_attached_volume_with_nonexistent_volume_in_body): 200 GET http://10.180.1.21/compute/v2.1/servers/8ec4b86d-e83b-4b28-ac4b-d990177b0ba5 2.337s
2025-05-19 11:33:52.420 70303 INFO tempest.lib.common.rest_client [req-acddcbe2-ba99-4a98-b6d8-0cd442eb5b11 req-acddcbe2-ba99-4a98-b6d8-0cd442eb5b11 ] Request (FlavorsV255TestJSON:setUpClass): 201 POST http://10.180.1.21/identity/v3/users 0.118s
2025-05-19 11:33:52.449 70303 INFO tempest.lib.common.rest_client [req-10683463-75e6-4a76-a686-7dceab00dbe9 req-10683463-75e6-4a76-a686-7dceab00dbe9 ] Request (FlavorsV255TestJSON:setUpClass): 200 GET http://10.180.1.21/identity/v3/roles 0.028s
2025-05-19 11:33:52.483 70307 INFO tempest.lib.common.rest_client [req-9835ccc3-68df-41e1-aeed-cef0d43811b2 req-9835ccc3-68df-41e1-aeed-cef0d43811b2 ] Request (HypervisorAdminV253TestBase:tearDownClass): 204 DELETE http://10.180.1.21/identity/v3/projects/f6872ec22dae4b40b43293adb0d8c136 0.146s
2025-05-19 11:33:52.483 70307 INFO tempest.lib.common.dynamic_creds [-] Deleting project and security group for project: aa7f849f38054a47967b9bba14d8b2c1
2025-05-19 11:33:52.518 70315 INFO tempest.lib.common.rest_client [req-f8368b4d-2798-4141-9364-0ebe787136e6 req-f8368b4d-2798-4141-9364-0ebe787136e6 ] Request (QuotasAdminTestJSON:_run_cleanups): 200 PUT http://10.180.1.21/compute/v2.1/os-quota-sets/340718625e6b450baf2be3b23e43fb35 2.500s
2025-05-19 11:33:52.570 70303 INFO tempest.lib.common.rest_client [req-604abc6a-0762-4e8f-9892-8785b39a3a32 req-604abc6a-0762-4e8f-9892-8785b39a3a32 ] Request (FlavorsV255TestJSON:setUpClass): 204 PUT http://10.180.1.21/identity/v3/projects/62f95275ad284fb5873385e396d253f5/users/3cce1422d30548dbb087c8e1cb3d77cf/roles/a1fdac6a3c5a43aeaed4588587464a0d 0.119s
2025-05-19 11:33:52.578 70339 INFO tempest.lib.common.rest_client [req-8ef75a04-d9b1-44b3-b050-96324b08d6fd req-8ef75a04-d9b1-44b3-b050-96324b08d6fd ] Request (ServerDiagnosticsNegativeTest:tearDownClass): 204 DELETE http://10.180.1.21/compute/v2.1/servers/64308d7c-b63b-4fa6-b235-2f0586a888cf 2.199s
2025-05-19 11:33:52.610 70323 INFO tempest.lib.common.rest_client [req-c9ce5c53-1b30-4c8f-92f8-56aa0a37287e req-c9ce5c53-1b30-4c8f-92f8-56aa0a37287e ] Request (ServerActionsV293TestJSON:setUpClass): 201 POST http://10.180.1.21:9696/networking/v2.0/subnets 0.371s
2025-05-19 11:33:52.664 70307 INFO tempest.lib.common.rest_client [req-178b9c52-e2f0-4e17-b733-e3b60b14eeb6 req-178b9c52-e2f0-4e17-b733-e3b60b14eeb6 ] Request (HypervisorAdminV253TestBase:tearDownClass): 200 GET http://10.180.1.21:9696/networking/v2.0/security-groups?tenant_id=aa7f849f38054a47967b9bba14d8b2c1&name=default 0.179s
2025-05-19 11:33:52.703 70315 INFO tempest.lib.common.rest_client [req-b431610b-c2ad-46c3-b1a4-7f91494c33f2 req-b431610b-c2ad-46c3-b1a4-7f91494c33f2 ] Request (QuotasAdminTestJSON:tearDownClass): 204 DELETE http://10.180.1.21/identity/v3/users/0381c23169004c01b16380f5a58463fc 0.177s
2025-05-19 11:33:52.774 70303 INFO tempest.lib.common.rest_client [req-0e02eddc-020d-4275-808b-617967e0fd3f req-0e02eddc-020d-4275-808b-617967e0fd3f ] Request (FlavorsV255TestJSON:setUpClass): 200 GET http://10.180.1.21/identity/v3/roles 0.203s
2025-05-19 11:33:52.779 70307 INFO tempest.lib.common.rest_client [req-771c2afb-fc07-4585-82bf-3c50c30fbd9f req-771c2afb-fc07-4585-82bf-3c50c30fbd9f ] Request (HypervisorAdminV253TestBase:tearDownClass): 204 DELETE http://10.180.1.21:9696/networking/v2.0/security-groups/d57c8e6a-088b-4d99-8cbc-f2be805b1fce 0.114s
2025-05-19 11:33:52.813 70315 INFO tempest.lib.common.rest_client [req-0851c559-5ad0-4663-8a94-8a6085da83b7 req-0851c559-5ad0-4663-8a94-8a6085da83b7 ] Request (QuotasAdminTestJSON:tearDownClass): 204 DELETE http://10.180.1.21/identity/v3/users/1c7563838f534cb7bccda39fc7b8d0f9 0.110s
2025-05-19 11:33:52.814 70315 INFO tempest.lib.common.dynamic_creds [-] Deleting project and security group for project: 340718625e6b450baf2be3b23e43fb35
2025-05-19 11:33:52.835 70337 INFO tempest.lib.common.rest_client [req-20b0e45a-2fba-4dcf-926a-15f2759b040a req-20b0e45a-2fba-4dcf-926a-15f2759b040a ] Request (ImagesMetadataTestJSON:setUp): 200 PUT http://10.180.1.21/compute/v2.1/images/d863b7f5-83bf-491b-b0cc-19de131fc852/metadata 2.408s
2025-05-19 11:33:52.840 70303 INFO tempest.lib.common.rest_client [req-b0f8e3df-283a-4cd0-8e3c-a9ca951ba12a req-b0f8e3df-283a-4cd0-8e3c-a9ca951ba12a ] Request (FlavorsV255TestJSON:setUpClass): 204 PUT http://10.180.1.21/identity/v3/projects/62f95275ad284fb5873385e396d253f5/users/3cce1422d30548dbb087c8e1cb3d77cf/roles/a1fdac6a3c5a43aeaed4588587464a0d 0.065s
2025-05-19 11:33:52.840 70303 INFO tempest.lib.common.dynamic_creds [-] Dynamic test user 3cce1422d30548dbb087c8e1cb3d77cf is created with scope project and roles: ['admin']
2025-05-19 11:33:52.840 70303 INFO tempest.lib.common.dynamic_creds [-] Acquired dynamic creds: credentials: Credentials: {'domain_id': 'default', 'domain_name': 'Default', 'username': 'tempest-FlavorsV255TestJSON-714800270-project-admin', 'project_domain_id': 'default', 'project_domain_name': 'Default', 'project_id': '62f95275ad284fb5873385e396d253f5', 'project_name': 'tempest-FlavorsV255TestJSON-714800270', 'tenant_id': '62f95275ad284fb5873385e396d253f5', 'tenant_name': 'tempest-FlavorsV255TestJSON-714800270', 'user_domain_id': 'default', 'user_domain_name': 'Default', 'user_id': '3cce1422d30548dbb087c8e1cb3d77cf', 'system': None}, Network: None, Subnet: None, Router: None
2025-05-19 11:33:52.840 70303 INFO tempest.lib.common.dynamic_creds [-] Created isolated network resources for: credentials: Credentials: {'domain_id': 'default', 'domain_name': 'Default', 'username': 'tempest-FlavorsV255TestJSON-714800270-project-admin', 'project_domain_id': 'default', 'project_domain_name': 'Default', 'project_id': '62f95275ad284fb5873385e396d253f5', 'project_name': 'tempest-FlavorsV255TestJSON-714800270', 'tenant_id': '62f95275ad284fb5873385e396d253f5', 'tenant_name': 'tempest-FlavorsV255TestJSON-714800270', 'user_domain_id': 'default', 'user_domain_name': 'Default', 'user_id': '3cce1422d30548dbb087c8e1cb3d77cf', 'system': None}, Network: None, Subnet: None, Router: None
2025-05-19 11:33:52.910 70315 INFO tempest.lib.common.rest_client [req-d49fc5d0-4e6a-4bdd-a77e-6de17999bce6 req-d49fc5d0-4e6a-4bdd-a77e-6de17999bce6 ] Request (QuotasAdminTestJSON:tearDownClass): 201 POST http://10.180.1.21/identity/v3/auth/tokens 0.096s
2025-05-19 11:33:53.009 70307 INFO tempest.lib.common.rest_client [req-8ae42706-b6c7-4737-afe0-5b3c447b0fb1 req-8ae42706-b6c7-4737-afe0-5b3c447b0fb1 ] Request (HypervisorAdminV253TestBase:tearDownClass): 204 DELETE http://10.180.1.21/identity/v3/projects/aa7f849f38054a47967b9bba14d8b2c1 0.230s
2025-05-19 11:33:53.010 70307 INFO tempest.test [-] raised in UpdateMultiattachVolumeNegativeTest.setUpClass. Invoking tearDownClass.
2025-05-19 11:33:53.028 70303 INFO tempest.lib.common.rest_client [req-5d8e9b91-9a60-447d-9202-8ee5894adeea req-5d8e9b91-9a60-447d-9202-8ee5894adeea ] Request (FlavorsV255TestJSON:setUpClass): 201 POST http://10.180.1.21/identity/v3/auth/tokens 0.183s
2025-05-19 11:33:53.038 70295 INFO tempest.lib.common.rest_client [req-fe4a6ea2-6486-44a3-b551-e84babd64a63 req-fe4a6ea2-6486-44a3-b551-e84babd64a63 ] Request (SecurityGroupsTestJSON:test_list_security_groups_by_server): 200 POST http://10.180.1.21/compute/v2.1/os-security-groups 2.656s
2025-05-19 11:33:53.085 70301 INFO tempest.lib.common.rest_client [req-6a6d6968-066e-4000-b34c-ae876f2b57a8 req-6a6d6968-066e-4000-b34c-ae876f2b57a8 ] Request (ServerExternalEventsTest:test_create_server_external_events): 200 GET http://10.180.1.21/compute/v2.1/servers/fc0b7f87-8a36-440e-b158-30b9d9920572 2.629s
2025-05-19 11:33:53.136 70327 INFO tempest.lib.common.rest_client [req-f5cae175-49b9-48b0-9ea2-5f17d0573e48 req-f5cae175-49b9-48b0-9ea2-5f17d0573e48 ] Request (VolumesAssistedSnapshotsTest:test_volume_assisted_snapshot_create_delete): 200 GET http://10.180.1.21/compute/v2.1/servers/b7cb13ef-25eb-4e83-9b53-d9f1ddc62b25 2.650s
2025-05-19 11:33:53.137 70307 INFO tempest.lib.common.rest_client [req-36d6648f-1e29-485b-b490-23b7df8c3781 req-36d6648f-1e29-485b-b490-23b7df8c3781 ] Request (FloatingIPDetailsTestJSON:setUpClass): 201 POST http://10.180.1.21/identity/v3/auth/tokens 0.121s
2025-05-19 11:33:53.150 70327 INFO tempest.common.waiters [-] State transition "BUILD/None" ==> "BUILD/networking" after 24 second wait
2025-05-19 11:33:53.186 70319 INFO tempest.lib.common.rest_client [req-90cfd63c-497b-41a8-a5e3-1b247ebb830d req-90cfd63c-497b-41a8-a5e3-1b247ebb830d ] Request (ServersAdmin275Test:_run_cleanups): 200 GET http://10.180.1.21/compute/v2.1/servers/98a0199a-4209-4faf-adf5-7ae33b099d20 2.548s
2025-05-19 11:33:53.200 70319 INFO tempest.common.waiters [-] State transition "REBUILD/rebuild_spawning" ==> "ACTIVE/None" after 13 second wait
2025-05-19 11:33:53.208 70307 INFO tempest.lib.common.rest_client [req-ba1e4a35-2c3f-4c21-8a89-cd45fba4b9ec req-ba1e4a35-2c3f-4c21-8a89-cd45fba4b9ec ] Request (FloatingIPDetailsTestJSON:setUpClass): 201 POST http://10.180.1.21/identity/v3/auth/tokens 0.062s
2025-05-19 11:33:53.245 70307 INFO tempest.lib.common.rest_client [req-a934553b-4e79-44a1-9031-9b67f8a22f3b req-a934553b-4e79-44a1-9031-9b67f8a22f3b ] Request (FloatingIPDetailsTestJSON:setUpClass): 200 GET http://10.180.1.21/identity/v3/domains?name=Default 0.037s
2025-05-19 11:33:53.261 70349 INFO tempest.lib.common.rest_client [req-78602970-22db-4e01-a691-c60dc616c82c req-78602970-22db-4e01-a691-c60dc616c82c ] Request (ServerShowV254Test:test_rebuild_server): 200 GET http://10.180.1.21/compute/v2.1/servers/cf8be667-da84-466b-9b7b-3bdfda6a8193 2.596s
2025-05-19 11:33:53.273 70349 INFO tempest.common.waiters [-] State transition "REBUILD/rebuild_spawning" ==> "ACTIVE/None" after 10 second wait
2025-05-19 11:33:53.286 70307 INFO tempest.lib.common.rest_client [req-c49a3334-d843-4536-a31b-8e8e728d8165 req-c49a3334-d843-4536-a31b-8e8e728d8165 ] Request (FloatingIPDetailsTestJSON:setUpClass): 201 POST http://10.180.1.21/identity/v3/projects 0.040s
2025-05-19 11:33:53.313 70335 INFO tempest.lib.common.rest_client [req-9ab6e8cc-0bc1-47c8-a384-976d2e92e7e4 req-9ab6e8cc-0bc1-47c8-a384-976d2e92e7e4 ] Request (ImagesNegativeTestJSON:test_create_image_from_deleted_server): 200 GET http://10.180.1.21/compute/v2.1/servers/9c5f2422-820e-454b-98be-695e3ac6d1e3 2.565s
2025-05-19 11:33:53.348 70351 INFO tempest.lib.common.rest_client [req-d51ecd17-a80d-4552-ad06-11bd524785b5 req-d51ecd17-a80d-4552-ad06-11bd524785b5 ] Request (ServersTestJSON:test_create_server_specify_multibyte_character_name): 200 GET http://10.180.1.21/compute/v2.1/servers/09544922-6dc4-48b5-8cfd-e91e7f74c13f 2.575s
2025-05-19 11:33:53.383 70307 INFO tempest.lib.common.rest_client [req-4873bf96-9e45-4033-b624-1c9a9f71072e req-4873bf96-9e45-4033-b624-1c9a9f71072e ] Request (FloatingIPDetailsTestJSON:setUpClass): 201 POST http://10.180.1.21/identity/v3/users 0.097s
2025-05-19 11:33:53.385 70299 INFO tempest.lib.common.rest_client [req-ac1d3e7e-abbc-4f04-971c-032d38c597c1 req-ac1d3e7e-abbc-4f04-971c-032d38c597c1 ] Request (AttachVolumeNegativeTest:test_attach_attached_volume_to_different_server): 200 GET http://10.180.1.21/compute/v2.1/servers/2c0e4326-c33a-42bb-b793-a100157b1c03 2.130s
2025-05-19 11:33:53.393 70329 INFO tempest.lib.common.rest_client [req-3f424b09-7324-4473-9068-f42d7c4dc999 req-3f424b09-7324-4473-9068-f42d7c4dc999 ] Request (AggregatesAdminNegativeTestJSON:test_aggregate_list_as_user): 403 GET http://10.180.1.21/compute/v2.1/os-aggregates 2.049s
2025-05-19 11:33:53.415 70307 INFO tempest.lib.common.rest_client [req-d6a2405d-5e35-4c8d-aa6d-a032af4052db req-d6a2405d-5e35-4c8d-aa6d-a032af4052db ] Request (FloatingIPDetailsTestJSON:setUpClass): 200 GET http://10.180.1.21/identity/v3/roles 0.031s
2025-05-19 11:33:53.456 70307 INFO tempest.lib.common.rest_client [req-015c290a-5f6c-4efa-b175-04f5f3df284f req-015c290a-5f6c-4efa-b175-04f5f3df284f ] Request (FloatingIPDetailsTestJSON:setUpClass): 204 PUT http://10.180.1.21/identity/v3/projects/742db0eaf8284c4490bdbfc566b42b1c/users/c5e88378e6234094992e6fedaab09294/roles/102f085e1a454ba18372d96fd56df80a 0.040s
2025-05-19 11:33:53.456 70307 INFO tempest.lib.common.dynamic_creds [-] Dynamic test user c5e88378e6234094992e6fedaab09294 is created with scope project and roles: ['member']
2025-05-19 11:33:53.456 70307 INFO tempest.lib.common.dynamic_creds [-] Acquired dynamic creds: credentials: Credentials: {'domain_id': 'default', 'domain_name': 'Default', 'username': 'tempest-FloatingIPDetailsTestJSON-1133483909-project-member', 'project_domain_id': 'default', 'project_domain_name': 'Default', 'project_id': '742db0eaf8284c4490bdbfc566b42b1c', 'project_name': 'tempest-FloatingIPDetailsTestJSON-1133483909', 'tenant_id': '742db0eaf8284c4490bdbfc566b42b1c', 'tenant_name': 'tempest-FloatingIPDetailsTestJSON-1133483909', 'user_domain_id': 'default', 'user_domain_name': 'Default', 'user_id': 'c5e88378e6234094992e6fedaab09294', 'system': None}, Network: None, Subnet: None, Router: None
2025-05-19 11:33:53.481 70315 INFO tempest.lib.common.rest_client [req-c25d683e-ca34-4e14-bc76-8f2fb530624d req-c25d683e-ca34-4e14-bc76-8f2fb530624d ] Request (QuotasAdminTestJSON:tearDownClass): 200 GET http://10.180.1.21:9696/networking/v2.0/security-groups?tenant_id=340718625e6b450baf2be3b23e43fb35&name=default 0.570s
2025-05-19 11:33:53.483 70289 INFO tempest.lib.common.rest_client [req-5d79b968-adb8-40b5-9dfe-559e6165a15b req-5d79b968-adb8-40b5-9dfe-559e6165a15b ] Request (ServersAdminNegativeTestJSON:setUpClass): 200 GET http://10.180.1.21/compute/v2.1/servers/3e938bb3-54a6-49f8-809d-d5aee0349eae 2.135s
2025-05-19 11:33:53.510 70297 INFO tempest.lib.common.rest_client [req-84b6c25d-ded0-4b30-afc9-7830775428df req-84b6c25d-ded0-4b30-afc9-7830775428df ] Request (FlavorsAdminTestJSON:test_list_non_public_flavor): 200 GET http://10.180.1.21/compute/v2.1/flavors/detail 2.103s
2025-05-19 11:33:53.522 70307 INFO tempest.lib.common.rest_client [req-71fe0b4d-591d-4c72-a5a0-36ebee0df018 req-71fe0b4d-591d-4c72-a5a0-36ebee0df018 ] Request (FloatingIPDetailsTestJSON:setUpClass): 201 POST http://10.180.1.21/identity/v3/auth/tokens 0.066s
2025-05-19 11:33:53.570 70291 INFO tempest.lib.common.rest_client [req-6dc00fd2-afed-4352-b6fa-4753a3cba2f8 req-6dc00fd2-afed-4352-b6fa-4753a3cba2f8 ] Request (ImagesTestJSON:test_create_image_from_stopped_server): 200 GET http://10.180.1.21/compute/v2.1/servers/63c3b57c-022a-4eee-b215-6dd89142e659 2.247s
2025-05-19 11:33:53.585 70321 INFO tempest.lib.common.rest_client [req-da0675c3-354f-4010-897d-ad5bcab55cb3 req-da0675c3-354f-4010-897d-ad5bcab55cb3 ] Request (ImagesOneServerTestJSON:setUpClass): 200 GET http://10.180.1.21/compute/v2.1/servers/f12b8575-5082-4be9-9bf5-f4279860d19d 2.074s
2025-05-19 11:33:53.661 70325 INFO tempest.lib.common.rest_client [req-806065b8-f91f-42f6-8b15-412b393889d2 req-806065b8-f91f-42f6-8b15-412b393889d2 ] Request (ServersWithSpecificFlavorTestJSON:test_verify_created_server_ephemeral_disk): 200 GET http://10.180.1.21/compute/v2.1/servers/b23b4e67-67a6-4117-9a62-3c0dcd25e828 2.073s
2025-05-19 11:33:53.690 70345 INFO tempest.lib.common.rest_client [req-9637e9b4-a07e-493f-b31e-10314bb1e8cd req-9637e9b4-a07e-493f-b31e-10314bb1e8cd ] Request (DeleteServersAdminTestJSON:test_delete_server_while_in_error_state): 200 GET http://10.180.1.21/compute/v2.1/servers/85488f5e-bd8a-4bcf-8420-744c54176c2e 1.754s
2025-05-19 11:33:53.709 70315 INFO tempest.lib.common.rest_client [req-20e01a2f-fd0d-4357-a344-2e3642986e00 req-20e01a2f-fd0d-4357-a344-2e3642986e00 ] Request (QuotasAdminTestJSON:tearDownClass): 204 DELETE http://10.180.1.21:9696/networking/v2.0/security-groups/3256837f-1165-4ae2-9940-f9bdeacf8657 0.227s
2025-05-19 11:33:53.780 70347 INFO tempest.lib.common.rest_client [req-c4106fa9-4ea3-4986-9ba5-1075629d86fc req-c4106fa9-4ea3-4986-9ba5-1075629d86fc ] Request (ServerAddressesNegativeTestJSON:tearDownClass): 200 GET http://10.180.1.21/compute/v2.1/servers/417f8c74-81cc-47d6-80ca-b61d03ebec50 1.672s
2025-05-19 11:33:53.792 70315 INFO tempest.lib.common.rest_client [req-3ffb0228-bc86-4f22-afa4-ff129511b0b3 req-3ffb0228-bc86-4f22-afa4-ff129511b0b3 ] Request (QuotasAdminTestJSON:tearDownClass): 204 DELETE http://10.180.1.21/identity/v3/projects/340718625e6b450baf2be3b23e43fb35 0.082s
2025-05-19 11:33:53.792 70315 INFO tempest.lib.common.dynamic_creds [-] Deleting project and security group for project: 1587960a3957410caf0b4d84c4f7f729
2025-05-19 11:33:53.840 70311 INFO tempest.lib.common.rest_client [req-e902f09e-f258-4fff-b972-7ccd507ef6c6 req-e902f09e-f258-4fff-b972-7ccd507ef6c6 ] Request (AttachInterfacesTestJSON:test_create_list_show_delete_interfaces_by_fixed_ip): 200 GET http://10.180.1.21/compute/v2.1/servers/9a0ecd6c-5853-446d-8f41-b2ee51e5259a 1.663s
2025-05-19 11:33:53.912 70309 INFO tempest.lib.common.rest_client [req-c0e92cd7-6f59-4993-b143-26e1d23aeaf3 req-c0e92cd7-6f59-4993-b143-26e1d23aeaf3 ] Request (MigrationsAdminTest:test_list_migrations_in_flavor_resize_situation): 200 GET http://10.180.1.21/compute/v2.1/servers/3b29c99a-0d55-40b1-a155-199b1ced2146 1.897s
2025-05-19 11:33:53.924 70333 INFO tempest.lib.common.rest_client [req-8d059c55-e153-4231-abf3-f62ffa410c81 req-8d059c55-e153-4231-abf3-f62ffa410c81 ] Request (InstanceActionsV221TestJSON:test_get_list_deleted_instance_actions): 200 GET http://10.180.1.21/compute/v2.1/servers/9a553d85-5086-46c5-8df4-451928e38ed9 1.516s
2025-05-19 11:33:54.066 70307 INFO tempest.lib.common.rest_client [req-a862bb9f-6b77-4ee5-88e9-a99c0d07baa1 req-a862bb9f-6b77-4ee5-88e9-a99c0d07baa1 ] Request (FloatingIPDetailsTestJSON:setUpClass): 201 POST http://10.180.1.21:9696/networking/v2.0/networks 0.543s
2025-05-19 11:33:54.073 70315 INFO tempest.lib.common.rest_client [req-5ad750f9-4b99-4e56-9964-d99c88955a7f req-5ad750f9-4b99-4e56-9964-d99c88955a7f ] Request (QuotasAdminTestJSON:tearDownClass): 200 GET http://10.180.1.21:9696/networking/v2.0/security-groups?tenant_id=1587960a3957410caf0b4d84c4f7f729&name=default 0.281s
2025-05-19 11:33:54.099 70305 INFO tempest.lib.common.rest_client [req-9c5e2102-a82f-44b5-916e-3e7dc28b5d37 req-9c5e2102-a82f-44b5-916e-3e7dc28b5d37 ] Request (QuotaClassesAdmin257Test:test_update_default_quotas): 200 GET http://10.180.1.21/compute/v2.1/os-quota-class-sets/default 1.557s
2025-05-19 11:33:54.129 70339 INFO tempest.lib.common.rest_client [req-10e07681-0661-49e9-abf9-4c065e40b75c req-10e07681-0661-49e9-abf9-4c065e40b75c ] Request (ServerDiagnosticsNegativeTest:tearDownClass): 200 GET http://10.180.1.21/compute/v2.1/servers/64308d7c-b63b-4fa6-b235-2f0586a888cf 1.549s
2025-05-19 11:33:54.264 70293 INFO tempest.lib.common.rest_client [req-b64b0c0f-9e43-4582-9bfe-492846dfbd2f req-b64b0c0f-9e43-4582-9bfe-492846dfbd2f ] Request (AttachInterfacesV270Test:tearDownClass): 200 GET http://10.180.1.21/compute/v2.1/servers/225c02d6-43df-4260-a428-14a6b1ed32cc 1.384s
2025-05-19 11:33:54.279 70293 INFO tempest.common.waiters [-] State transition "ACTIVE/deleting" ==> "DELETED/None" after 3 second wait
2025-05-19 11:33:54.357 70323 INFO tempest.lib.common.rest_client [req-eb9a2553-4a76-4815-a388-6d9ea19757f7 req-eb9a2553-4a76-4815-a388-6d9ea19757f7 ] Request (ServerActionsV293TestJSON:setUpClass): 201 POST http://10.180.1.21:9696/networking/v2.0/routers 1.745s
2025-05-19 11:33:54.362 70337 INFO tempest.lib.common.rest_client [req-895548f1-1bbd-4c9c-a659-2cf5340cf8be req-895548f1-1bbd-4c9c-a659-2cf5340cf8be ] Request (ImagesMetadataTestJSON:test_update_image_metadata): 200 POST http://10.180.1.21/compute/v2.1/images/d863b7f5-83bf-491b-b0cc-19de131fc852/metadata 1.527s
2025-05-19 11:33:54.403 70303 INFO tempest.lib.common.rest_client [req-729cd44b-8409-4067-abe0-8d3e12b00012 req-729cd44b-8409-4067-abe0-8d3e12b00012 ] Request (FlavorsV255TestJSON:test_crud_flavor): 200 POST http://10.180.1.21/compute/v2.1/flavors 1.370s
2025-05-19 11:33:54.442 70315 INFO tempest.lib.common.rest_client [req-472bb24b-0930-43a3-89af-170063a276b6 req-472bb24b-0930-43a3-89af-170063a276b6 ] Request (QuotasAdminTestJSON:tearDownClass): 204 DELETE http://10.180.1.21:9696/networking/v2.0/security-groups/a12cf5a2-4170-44e6-9d05-fba0cf369d28 0.368s
2025-05-19 11:33:54.496 70341 INFO tempest.lib.common.rest_client [req-6ca3977b-85e3-4c39-b68e-ca65e2f792b7 req-6ca3977b-85e3-4c39-b68e-ca65e2f792b7 ] Request (ServerDiagnosticsV248Test:test_get_server_diagnostics): 200 GET http://10.180.1.21/compute/v2.1/servers/062eff58-95fe-4c9b-a586-7e7434c77adf 1.439s
2025-05-19 11:33:54.556 70307 INFO tempest.lib.common.rest_client [req-7a21d6a3-6889-4e7d-a2ef-2149837abdcf req-7a21d6a3-6889-4e7d-a2ef-2149837abdcf ] Request (FloatingIPDetailsTestJSON:setUpClass): 201 POST http://10.180.1.21:9696/networking/v2.0/subnets 0.489s
2025-05-19 11:33:54.573 70315 INFO tempest.lib.common.rest_client [req-6e3c79e4-09a7-46c3-8a74-1b62f1a98fa7 req-6e3c79e4-09a7-46c3-8a74-1b62f1a98fa7 ] Request (QuotasAdminTestJSON:tearDownClass): 204 DELETE http://10.180.1.21/identity/v3/projects/1587960a3957410caf0b4d84c4f7f729 0.131s
2025-05-19 11:33:54.591 70319 INFO tempest.lib.common.rest_client [req-532259ff-9e6f-40ee-8d43-6f26b062cb2b req-532259ff-9e6f-40ee-8d43-6f26b062cb2b ] Request (ServersAdmin275Test:tearDownClass): 204 DELETE http://10.180.1.21/compute/v2.1/servers/98a0199a-4209-4faf-adf5-7ae33b099d20 1.381s
2025-05-19 11:33:54.654 70315 INFO tempest.lib.common.rest_client [req-d034b682-1df5-40de-a08d-cad87c46712e req-d034b682-1df5-40de-a08d-cad87c46712e ] Request (TenantUsagesTestJSON:setUpClass): 201 POST http://10.180.1.21/identity/v3/auth/tokens 0.079s
2025-05-19 11:33:54.696 70315 INFO tempest.lib.common.rest_client [req-41f74b8f-0d37-49ef-b47b-d13d88a41f57 req-41f74b8f-0d37-49ef-b47b-d13d88a41f57 ] Request (TenantUsagesTestJSON:setUpClass): 201 POST http://10.180.1.21/identity/v3/auth/tokens 0.040s
2025-05-19 11:33:54.734 70315 INFO tempest.lib.common.rest_client [req-0e70429a-4222-4c94-a76f-0dd6be78ea8f req-0e70429a-4222-4c94-a76f-0dd6be78ea8f ] Request (TenantUsagesTestJSON:setUpClass): 200 GET http://10.180.1.21/identity/v3/domains?name=Default 0.037s
2025-05-19 11:33:54.766 70315 INFO tempest.lib.common.rest_client [req-ab76ae90-d5f0-44a6-968d-2badb51ed650 req-ab76ae90-d5f0-44a6-968d-2badb51ed650 ] Request (TenantUsagesTestJSON:setUpClass): 201 POST http://10.180.1.21/identity/v3/projects 0.031s
