2025-05-19 19:30:58.953 70681 INFO tempest.lib.common.fixed_network [-] (ServersTestJSON:test_create_server_with_ipv6_addr_only) Found network {'id': 'fb863663-1bc6-49e7-814e-e1a122893629', 'name': 'tempest-ServersTestJSON-202737913-network', 'tenant_id': 'aab0610788b448bcb144b58635b201ee', 'admin_state_up': True, 'mtu': 8950, 'status': 'ACTIVE', 'subnets': [], 'shared': False, 'project_id': 'aab0610788b448bcb144b58635b201ee', 'port_security_enabled': True, 'router:external': False, 'provider:network_type': 'vlan', 'provider:physical_network': 'default', 'provider:segmentation_id': 361, 'availability_zone_hints': [], 'availability_zones': [], 'ipv4_address_scope': None, 'ipv6_address_scope': None, 'description': '', 'tags': [], 'created_at': '2025-05-19T19:30:43Z', 'updated_at': '2025-05-19T19:30:43Z', 'revision_number': 1} available for tenant
2025-05-19 19:30:58.961 70628 INFO tempest.lib.common.rest_client [req-96193c3c-d7c3-4163-8428-0862c62e9fca req-96193c3c-d7c3-4163-8428-0862c62e9fca ] Request (ServerGroup264TestJSON:setUpClass): 201 POST http://10.180.1.21:9696/networking/v2.0/subnets 1.141s
2025-05-19 19:30:59.015 70659 INFO tempest.lib.common.rest_client [req-c4d86423-a727-4f52-8875-65d4abb2cf88 req-c4d86423-a727-4f52-8875-65d4abb2cf88 ] Request (VolumesGetTestJSON:tearDownClass): 202 DELETE http://10.180.1.21/compute/v2.1/os-volumes/f02b144b-a4a0-46c1-b944-4aea37f1e970 0.163s
2025-05-19 19:30:59.039 70644 INFO tempest.lib.common.rest_client [req-0686452c-aa50-4ee4-bd1f-c7dc0c3b674a req-0686452c-aa50-4ee4-bd1f-c7dc0c3b674a ] Request (ServersTestFqdnHostnames:setUpClass): 201 POST http://10.180.1.21:9696/networking/v2.0/routers 6.773s
2025-05-19 19:30:59.044 70648 INFO tempest.lib.common.rest_client [req-ffc66906-1875-4b26-a789-3364bfe9321e req-ffc66906-1875-4b26-a789-3364bfe9321e ] Request (QuotaClassesAdminTestJSON:setUpClass): 204 PUT http://10.180.1.21/identity/v3/projects/fa853597bfb8494d9a9e164d65aa916f/users/ec1fa47471a94f4aaf2d218b45fc33c7/roles/283864aeb03d49bcabc89f5420cf6984 0.411s
2025-05-19 19:30:59.044 70648 INFO tempest.lib.common.dynamic_creds [-] Dynamic test user ec1fa47471a94f4aaf2d218b45fc33c7 is created with scope project and roles: ['member']
2025-05-19 19:30:59.044 70648 INFO tempest.lib.common.dynamic_creds [-] Acquired dynamic creds: credentials: Credentials: {'domain_id': 'default', 'domain_name': 'Default', 'username': 'tempest-QuotaClassesAdminTestJSON-1740311698-project-member', 'project_domain_id': 'default', 'project_domain_name': 'Default', 'project_id': 'fa853597bfb8494d9a9e164d65aa916f', 'project_name': 'tempest-QuotaClassesAdminTestJSON-1740311698', 'tenant_id': 'fa853597bfb8494d9a9e164d65aa916f', 'tenant_name': 'tempest-QuotaClassesAdminTestJSON-1740311698', 'user_domain_id': 'default', 'user_domain_name': 'Default', 'user_id': 'ec1fa47471a94f4aaf2d218b45fc33c7', 'system': None}, Network: None, Subnet: None, Router: None
2025-05-19 19:30:59.044 70648 INFO tempest.lib.common.dynamic_creds [-] Created isolated network resources for: credentials: Credentials: {'domain_id': 'default', 'domain_name': 'Default', 'username': 'tempest-QuotaClassesAdminTestJSON-1740311698-project-member', 'project_domain_id': 'default', 'project_domain_name': 'Default', 'project_id': 'fa853597bfb8494d9a9e164d65aa916f', 'project_name': 'tempest-QuotaClassesAdminTestJSON-1740311698', 'tenant_id': 'fa853597bfb8494d9a9e164d65aa916f', 'tenant_name': 'tempest-QuotaClassesAdminTestJSON-1740311698', 'user_domain_id': 'default', 'user_domain_name': 'Default', 'user_id': 'ec1fa47471a94f4aaf2d218b45fc33c7', 'system': None}, Network: None, Subnet: None, Router: None
2025-05-19 19:30:59.051 70646 INFO tempest.lib.common.rest_client [req-9036e723-c999-4501-b805-d041a3401ba6 req-9036e723-c999-4501-b805-d041a3401ba6 ] Request (ServerMetadataNegativeTestJSON:setUpClass): 201 POST http://10.180.1.21/identity/v3/auth/tokens 0.412s
2025-05-19 19:30:59.051 70646 INFO tempest.lib.common.fixed_network [-] (ServerMetadataNegativeTestJSON:setUpClass) Found network {'id': '4f009344-ad26-45d7-9601-17dc3883a695', 'name': 'tempest-ServerMetadataNegativeTestJSON-1318438968-network', 'tenant_id': '1ea5dec35fd74ef49af78eced6f3afbe', 'admin_state_up': True, 'mtu': 8950, 'status': 'ACTIVE', 'subnets': [], 'shared': False, 'project_id': '1ea5dec35fd74ef49af78eced6f3afbe', 'port_security_enabled': True, 'router:external': False, 'provider:network_type': 'vlan', 'provider:physical_network': 'default', 'provider:segmentation_id': 974, 'availability_zone_hints': [], 'availability_zones': [], 'ipv4_address_scope': None, 'ipv6_address_scope': None, 'description': '', 'tags': [], 'created_at': '2025-05-19T19:30:45Z', 'updated_at': '2025-05-19T19:30:45Z', 'revision_number': 1} available for tenant
2025-05-19 19:30:59.115 70626 INFO tempest.lib.common.rest_client [req-c1394cd1-22ef-4e81-9a8c-409a489c4b37 req-c1394cd1-22ef-4e81-9a8c-409a489c4b37 ] Request (AZV2TestJSON:setUpClass): 201 POST http://10.180.1.21/identity/v3/auth/tokens 0.444s
2025-05-19 19:30:59.123 70668 INFO tempest.lib.common.rest_client [req-c1755ccf-892e-4262-9d05-7fab7fc522be req-c1755ccf-892e-4262-9d05-7fab7fc522be ] Request (AttachVolumeShelveTestJSON:test_detach_volume_shelved_or_offload_server): 201 POST http://10.180.1.21/identity/v3/auth/tokens 0.430s
2025-05-19 19:30:59.124 70668 INFO tempest.lib.common.fixed_network [-] (AttachVolumeShelveTestJSON:test_detach_volume_shelved_or_offload_server) Found network {'id': '0f02aacf-d8bd-42c4-b2ac-f7a00da44455', 'name': 'tempest-AttachVolumeShelveTestJSON-1008260256-network', 'tenant_id': '723141b720c449ee92f2288e9e053105', 'admin_state_up': True, 'mtu': 8950, 'status': 'ACTIVE', 'subnets': [], 'shared': False, 'project_id': '723141b720c449ee92f2288e9e053105', 'port_security_enabled': True, 'router:external': False, 'provider:network_type': 'vlan', 'provider:physical_network': 'default', 'provider:segmentation_id': 278, 'availability_zone_hints': [], 'availability_zones': [], 'ipv4_address_scope': None, 'ipv6_address_scope': None, 'description': '', 'tags': [], 'created_at': '2025-05-19T19:30:20Z', 'updated_at': '2025-05-19T19:30:21Z', 'revision_number': 1} available for tenant
2025-05-19 19:30:59.139 70650 INFO tempest.lib.common.rest_client [req-6e177b17-6a19-430e-945b-7619d9677aa4 req-6e177b17-6a19-430e-945b-7619d9677aa4 ] Request (ServerGroupTestJSON:tearDownClass): 200 PUT http://10.180.1.21:9696/networking/v2.0/routers/c681288e-8e04-43fe-b22f-9382b0ce4a9c/remove_router_interface 7.159s
2025-05-19 19:30:59.147 70635 INFO tempest.lib.common.rest_client [req-62ee36da-a1f1-4c59-8401-8d2f9b0d7db9 req-62ee36da-a1f1-4c59-8401-8d2f9b0d7db9 ] Request (FlavorsV2NegativeTest:tearDownClass): 200 GET http://10.180.1.21:9696/networking/v2.0/security-groups?tenant_id=16f96eebe84244bf8924c7ec05081cb1&name=default 1.012s
2025-05-19 19:30:59.148 70656 INFO tempest.lib.common.rest_client [req-8d46df70-921e-488f-bc83-863b6e47c526 req-8d46df70-921e-488f-bc83-863b6e47c526 ] Request (ServerShowV257Test:setUpClass): 201 POST http://10.180.1.21/identity/v3/auth/tokens 0.355s
2025-05-19 19:30:59.156 70632 INFO tempest.lib.common.rest_client [req-def6c8c9-0c2f-49a1-a6da-687801d047d9 req-def6c8c9-0c2f-49a1-a6da-687801d047d9 ] Request (FloatingIPDetailsNegativeTestJSON:setUpClass): 201 POST http://10.180.1.21:9696/networking/v2.0/networks 1.568s
2025-05-19 19:30:59.156 70682 INFO tempest.lib.common.rest_client [req-39f900b1-736d-48b2-9a21-3846449b0d51 req-39f900b1-736d-48b2-9a21-3846449b0d51 ] Request (MultipleCreateTestJSON:setUpClass): 201 POST http://10.180.1.21/identity/v3/projects 0.458s
2025-05-19 19:30:59.222 70648 INFO tempest.lib.common.rest_client [req-21386b62-762b-4dfe-9370-01b8c36518a9 req-21386b62-762b-4dfe-9370-01b8c36518a9 ] Request (QuotaClassesAdminTestJSON:setUpClass): 201 POST http://10.180.1.21/identity/v3/auth/tokens 0.173s
2025-05-19 19:30:59.295 70626 INFO tempest.lib.common.rest_client [req-ee6c1f29-ab64-4dfd-b527-e7f25d4ca1ed req-ee6c1f29-ab64-4dfd-b527-e7f25d4ca1ed ] Request (AZV2TestJSON:setUpClass): 200 GET http://10.180.1.21/identity/v3/domains?name=Default 0.179s
2025-05-19 19:30:59.300 70676 INFO tempest.lib.common.rest_client [req-eee076df-cada-481d-abb5-795696a08569 req-eee076df-cada-481d-abb5-795696a08569 ] Request (ValidationResourcesFixture:setUp): 200 POST http://10.180.1.21/compute/v2.1/os-keypairs 0.437s
2025-05-19 19:30:59.303 70630 INFO tempest.lib.common.rest_client [req-b17f3667-9f61-47dd-9fc5-884ff446efcf req-b17f3667-9f61-47dd-9fc5-884ff446efcf ] Request (QuotasAdminTestJSON:test_delete_quota): 200 GET http://10.180.1.21/compute/v2.1/os-quota-sets/c448a20e307643cc9143f4a0fcdb1799 0.843s
2025-05-19 19:30:59.310 70622 INFO tempest.lib.common.rest_client [req-5ff29763-026b-45cf-9c2d-b19fbbed8da3 req-5ff29763-026b-45cf-9c2d-b19fbbed8da3 ] Request (KeyPairsV210TestJSON:test_admin_manage_keypairs_for_other_users): 200 GET http://10.180.1.21/compute/v2.1/os-keypairs?user_id=4a6ab30832ca4e98bd76e70feac507dc 0.360s
2025-05-19 19:30:59.318 70682 INFO tempest.lib.common.rest_client [req-d996e29d-4c6a-4935-a6af-504c4371aada req-d996e29d-4c6a-4935-a6af-504c4371aada ] Request (MultipleCreateTestJSON:setUpClass): 201 POST http://10.180.1.21/identity/v3/users 0.161s
2025-05-19 19:30:59.319 70656 INFO tempest.lib.common.rest_client [req-a3beab06-434c-4426-8dae-556b248cf4fc req-a3beab06-434c-4426-8dae-556b248cf4fc ] Request (ServerShowV257Test:setUpClass): 201 POST http://10.180.1.21/identity/v3/auth/tokens 0.167s
2025-05-19 19:30:59.339 70659 INFO tempest.lib.common.rest_client [req-af131015-d565-42f0-aa16-728cb85b39a3 req-af131015-d565-42f0-aa16-728cb85b39a3 ] Request (VolumesGetTestJSON:tearDownClass): 404 GET http://10.180.1.21/compute/v2.1/os-volumes/f02b144b-a4a0-46c1-b944-4aea37f1e970 0.323s
2025-05-19 19:30:59.343 70648 INFO tempest.lib.common.rest_client [req-e6145f9e-8687-4e99-ada6-a2bf0a0058ed req-e6145f9e-8687-4e99-ada6-a2bf0a0058ed ] Request (QuotaClassesAdminTestJSON:setUpClass): 201 POST http://10.180.1.21/identity/v3/projects 0.119s
2025-05-19 19:30:59.343 70626 INFO tempest.lib.common.rest_client [req-0732c970-9993-4338-819b-77c96e2431cb req-0732c970-9993-4338-819b-77c96e2431cb ] Request (AZV2TestJSON:setUpClass): 201 POST http://10.180.1.21/identity/v3/projects 0.047s
2025-05-19 19:30:59.389 70682 INFO tempest.lib.common.rest_client [req-d4affc92-3910-43af-b6dc-58fa11d88e32 req-d4affc92-3910-43af-b6dc-58fa11d88e32 ] Request (MultipleCreateTestJSON:setUpClass): 200 GET http://10.180.1.21/identity/v3/roles 0.071s
2025-05-19 19:30:59.393 70656 INFO tempest.lib.common.rest_client [req-7a4498c4-9772-48d3-991c-47dfa2868a99 req-7a4498c4-9772-48d3-991c-47dfa2868a99 ] Request (ServerShowV257Test:setUpClass): 200 GET http://10.180.1.21/identity/v3/domains?name=Default 0.073s
2025-05-19 19:30:59.448 70659 INFO tempest.lib.common.rest_client [req-01cdb1ef-ae37-4341-89e7-63abf8561428 req-01cdb1ef-ae37-4341-89e7-63abf8561428 ] Request (VolumesGetTestJSON:tearDownClass): 204 DELETE http://10.180.1.21/identity/v3/users/753c7d84faad4d2bb3ff00c026d1543c 0.108s
2025-05-19 19:30:59.449 70659 INFO tempest.lib.common.dynamic_creds [-] Deleting project and security group for project: 971f781e1844467cb1f55c0378af68cd
2025-05-19 19:30:59.506 70648 INFO tempest.lib.common.rest_client [req-a801ac9a-2c55-47d3-a17c-ffaa82c4e5e9 req-a801ac9a-2c55-47d3-a17c-ffaa82c4e5e9 ] Request (QuotaClassesAdminTestJSON:setUpClass): 201 POST http://10.180.1.21/identity/v3/users 0.163s
2025-05-19 19:30:59.538 70682 INFO tempest.lib.common.rest_client [req-842df8ae-a791-4e16-a3bc-922d5325684c req-842df8ae-a791-4e16-a3bc-922d5325684c ] Request (MultipleCreateTestJSON:setUpClass): 204 PUT http://10.180.1.21/identity/v3/projects/c4af4f66dd694c52b58970f03e96f971/users/d406b074eceb44bd946ec713b11c792a/roles/283864aeb03d49bcabc89f5420cf6984 0.149s
2025-05-19 19:30:59.539 70682 INFO tempest.lib.common.dynamic_creds [-] Dynamic test user d406b074eceb44bd946ec713b11c792a is created with scope project and roles: ['member']
2025-05-19 19:30:59.539 70682 INFO tempest.lib.common.dynamic_creds [-] Acquired dynamic creds: credentials: Credentials: {'domain_id': 'default', 'domain_name': 'Default', 'username': 'tempest-MultipleCreateTestJSON-1294317825-project-member', 'project_domain_id': 'default', 'project_domain_name': 'Default', 'project_id': 'c4af4f66dd694c52b58970f03e96f971', 'project_name': 'tempest-MultipleCreateTestJSON-1294317825', 'tenant_id': 'c4af4f66dd694c52b58970f03e96f971', 'tenant_name': 'tempest-MultipleCreateTestJSON-1294317825', 'user_domain_id': 'default', 'user_domain_name': 'Default', 'user_id': 'd406b074eceb44bd946ec713b11c792a', 'system': None}, Network: None, Subnet: None, Router: None
2025-05-19 19:30:59.598 70626 INFO tempest.lib.common.rest_client [req-0a388f04-2c12-4538-85e3-4f0fb5e3c98d req-0a388f04-2c12-4538-85e3-4f0fb5e3c98d ] Request (AZV2TestJSON:setUpClass): 201 POST http://10.180.1.21/identity/v3/users 0.254s
2025-05-19 19:30:59.598 70656 INFO tempest.lib.common.rest_client [req-069eb36c-365c-43e0-aa6f-a85f9a2d0e1e req-069eb36c-365c-43e0-aa6f-a85f9a2d0e1e ] Request (ServerShowV257Test:setUpClass): 201 POST http://10.180.1.21/identity/v3/projects 0.204s
2025-05-19 19:30:59.611 70624 INFO tempest.lib.common.rest_client [req-9002a021-c464-40b3-939a-068bcf5402a2 req-9002a021-c464-40b3-939a-068bcf5402a2 ] Request (ServerActionsTestOtherA:tearDownClass): 200 PUT http://10.180.1.21:9696/networking/v2.0/routers/44f5d469-cb24-46e6-9b31-5d1b8097af58/remove_router_interface 6.860s
2025-05-19 19:30:59.647 70648 INFO tempest.lib.common.rest_client [req-04cd5171-01ba-495a-a624-e7ab17017837 req-04cd5171-01ba-495a-a624-e7ab17017837 ] Request (QuotaClassesAdminTestJSON:setUpClass): 200 GET http://10.180.1.21/identity/v3/roles 0.141s
2025-05-19 19:30:59.655 70659 INFO tempest.lib.common.rest_client [req-19890bc7-29c7-4cd2-bc2f-efea80f4d641 req-19890bc7-29c7-4cd2-bc2f-efea80f4d641 ] Request (VolumesGetTestJSON:tearDownClass): 201 POST http://10.180.1.21/identity/v3/auth/tokens 0.206s
2025-05-19 19:30:59.672 70626 INFO tempest.lib.common.rest_client [req-2bf7aa65-239c-42ad-a017-98eb62fe9285 req-2bf7aa65-239c-42ad-a017-98eb62fe9285 ] Request (AZV2TestJSON:setUpClass): 200 GET http://10.180.1.21/identity/v3/roles 0.073s
2025-05-19 19:30:59.690 70682 INFO tempest.lib.common.rest_client [req-1dfe9d76-25c9-4360-a9f8-3803c7b30c2a req-1dfe9d76-25c9-4360-a9f8-3803c7b30c2a ] Request (MultipleCreateTestJSON:setUpClass): 201 POST http://10.180.1.21/identity/v3/auth/tokens 0.151s
2025-05-19 19:30:59.698 70656 INFO tempest.lib.common.rest_client [req-3541e2f1-8de2-40b6-af13-5a0c6e919098 req-3541e2f1-8de2-40b6-af13-5a0c6e919098 ] Request (ServerShowV257Test:setUpClass): 201 POST http://10.180.1.21/identity/v3/users 0.099s
2025-05-19 19:30:59.733 70626 INFO tempest.lib.common.rest_client [req-c721fcfb-a427-4f54-b7e4-3460868e4086 req-c721fcfb-a427-4f54-b7e4-3460868e4086 ] Request (AZV2TestJSON:setUpClass): 204 PUT http://10.180.1.21/identity/v3/projects/e4c65da1a78c44018d7abd4827ccefe8/users/e6f9a4d86c564dfc9632dba8f6026d54/roles/283864aeb03d49bcabc89f5420cf6984 0.060s
2025-05-19 19:30:59.733 70626 INFO tempest.lib.common.dynamic_creds [-] Dynamic test user e6f9a4d86c564dfc9632dba8f6026d54 is created with scope project and roles: ['member']
2025-05-19 19:30:59.733 70626 INFO tempest.lib.common.dynamic_creds [-] Acquired dynamic creds: credentials: Credentials: {'domain_id': 'default', 'domain_name': 'Default', 'username': 'tempest-AZV2TestJSON-1087804010-project-member', 'project_domain_id': 'default', 'project_domain_name': 'Default', 'project_id': 'e4c65da1a78c44018d7abd4827ccefe8', 'project_name': 'tempest-AZV2TestJSON-1087804010', 'tenant_id': 'e4c65da1a78c44018d7abd4827ccefe8', 'tenant_name': 'tempest-AZV2TestJSON-1087804010', 'user_domain_id': 'default', 'user_domain_name': 'Default', 'user_id': 'e6f9a4d86c564dfc9632dba8f6026d54', 'system': None}, Network: None, Subnet: None, Router: None
2025-05-19 19:30:59.733 70626 INFO tempest.lib.common.dynamic_creds [-] Created isolated network resources for: credentials: Credentials: {'domain_id': 'default', 'domain_name': 'Default', 'username': 'tempest-AZV2TestJSON-1087804010-project-member', 'project_domain_id': 'default', 'project_domain_name': 'Default', 'project_id': 'e4c65da1a78c44018d7abd4827ccefe8', 'project_name': 'tempest-AZV2TestJSON-1087804010', 'tenant_id': 'e4c65da1a78c44018d7abd4827ccefe8', 'tenant_name': 'tempest-AZV2TestJSON-1087804010', 'user_domain_id': 'default', 'user_domain_name': 'Default', 'user_id': 'e6f9a4d86c564dfc9632dba8f6026d54', 'system': None}, Network: None, Subnet: None, Router: None
2025-05-19 19:30:59.738 70648 INFO tempest.lib.common.rest_client [req-7048251e-74b4-4f0a-a6ac-72048fb4db47 req-7048251e-74b4-4f0a-a6ac-72048fb4db47 ] Request (QuotaClassesAdminTestJSON:setUpClass): 204 PUT http://10.180.1.21/identity/v3/projects/82adcc62b009485f959bbf543aebd3c8/users/590eb4a414ae42dc95e832d1a2a9e87d/roles/26380e09c9454b11a8a0b2bd8a3a4b7d 0.090s
2025-05-19 19:30:59.786 70656 INFO tempest.lib.common.rest_client [req-0269de2a-e2b0-4e6d-b214-f0ff0174bc95 req-0269de2a-e2b0-4e6d-b214-f0ff0174bc95 ] Request (ServerShowV257Test:setUpClass): 200 GET http://10.180.1.21/identity/v3/roles 0.087s
2025-05-19 19:30:59.815 70654 INFO tempest.lib.common.rest_client [req-a025b212-9882-47f5-9e32-d9719f922c11 req-a025b212-9882-47f5-9e32-d9719f922c11 ] Request (ServerDiskConfigTestJSON:tearDownClass): 204 DELETE http://10.180.1.21:9696/networking/v2.0/routers/bcad9314-7053-4b23-9fb4-e9c4df3d81ee 3.353s
2025-05-19 19:30:59.856 70648 INFO tempest.lib.common.rest_client [req-6dd20027-2285-4aad-9d76-123cca0c584d req-6dd20027-2285-4aad-9d76-123cca0c584d ] Request (QuotaClassesAdminTestJSON:setUpClass): 200 GET http://10.180.1.21/identity/v3/roles 0.117s
2025-05-19 19:30:59.886 70635 INFO tempest.lib.common.rest_client [req-d79aee40-0636-4a1d-b2b0-56cb0561da7d req-d79aee40-0636-4a1d-b2b0-56cb0561da7d ] Request (FlavorsV2NegativeTest:tearDownClass): 204 DELETE http://10.180.1.21:9696/networking/v2.0/security-groups/1fab0d24-29a0-4345-8138-42ede4757f3f 0.738s
2025-05-19 19:30:59.907 70656 INFO tempest.lib.common.rest_client [req-17d2af97-d6d9-4e0a-b2a7-66513f2e4319 req-17d2af97-d6d9-4e0a-b2a7-66513f2e4319 ] Request (ServerShowV257Test:setUpClass): 204 PUT http://10.180.1.21/identity/v3/projects/7ee0f81a7e734d9cbfc0215960e5c5fb/users/8b8ae76698d84c99b972b2eafdaeb897/roles/283864aeb03d49bcabc89f5420cf6984 0.120s
2025-05-19 19:30:59.907 70656 INFO tempest.lib.common.dynamic_creds [-] Dynamic test user 8b8ae76698d84c99b972b2eafdaeb897 is created with scope project and roles: ['member']
2025-05-19 19:30:59.908 70656 INFO tempest.lib.common.dynamic_creds [-] Acquired dynamic creds: credentials: Credentials: {'domain_id': 'default', 'domain_name': 'Default', 'username': 'tempest-ServerShowV257Test-379609641-project-member', 'project_domain_id': 'default', 'project_domain_name': 'Default', 'project_id': '7ee0f81a7e734d9cbfc0215960e5c5fb', 'project_name': 'tempest-ServerShowV257Test-379609641', 'tenant_id': '7ee0f81a7e734d9cbfc0215960e5c5fb', 'tenant_name': 'tempest-ServerShowV257Test-379609641', 'user_domain_id': 'default', 'user_domain_name': 'Default', 'user_id': '8b8ae76698d84c99b972b2eafdaeb897', 'system': None}, Network: None, Subnet: None, Router: None
2025-05-19 19:30:59.908 70656 INFO tempest.lib.common.dynamic_creds [-] Created isolated network resources for: credentials: Credentials: {'domain_id': 'default', 'domain_name': 'Default', 'username': 'tempest-ServerShowV257Test-379609641-project-member', 'project_domain_id': 'default', 'project_domain_name': 'Default', 'project_id': '7ee0f81a7e734d9cbfc0215960e5c5fb', 'project_name': 'tempest-ServerShowV257Test-379609641', 'tenant_id': '7ee0f81a7e734d9cbfc0215960e5c5fb', 'tenant_name': 'tempest-ServerShowV257Test-379609641', 'user_domain_id': 'default', 'user_domain_name': 'Default', 'user_id': '8b8ae76698d84c99b972b2eafdaeb897', 'system': None}, Network: None, Subnet: None, Router: None
2025-05-19 19:30:59.917 70626 INFO tempest.lib.common.rest_client [req-93467ceb-439d-4407-b346-a731401dfa49 req-93467ceb-439d-4407-b346-a731401dfa49 ] Request (AZV2TestJSON:setUpClass): 201 POST http://10.180.1.21/identity/v3/auth/tokens 0.179s
2025-05-19 19:30:59.967 70648 INFO tempest.lib.common.rest_client [req-15942059-c827-41bb-8532-869b1344607e req-15942059-c827-41bb-8532-869b1344607e ] Request (QuotaClassesAdminTestJSON:setUpClass): 204 PUT http://10.180.1.21/identity/v3/projects/82adcc62b009485f959bbf543aebd3c8/users/590eb4a414ae42dc95e832d1a2a9e87d/roles/26380e09c9454b11a8a0b2bd8a3a4b7d 0.111s
2025-05-19 19:30:59.967 70648 INFO tempest.lib.common.dynamic_creds [-] Dynamic test user 590eb4a414ae42dc95e832d1a2a9e87d is created with scope project and roles: ['admin']
2025-05-19 19:30:59.967 70648 INFO tempest.lib.common.dynamic_creds [-] Acquired dynamic creds: credentials: Credentials: {'domain_id': 'default', 'domain_name': 'Default', 'username': 'tempest-QuotaClassesAdminTestJSON-1816009946-project-admin', 'project_domain_id': 'default', 'project_domain_name': 'Default', 'project_id': '82adcc62b009485f959bbf543aebd3c8', 'project_name': 'tempest-QuotaClassesAdminTestJSON-1816009946', 'tenant_id': '82adcc62b009485f959bbf543aebd3c8', 'tenant_name': 'tempest-QuotaClassesAdminTestJSON-1816009946', 'user_domain_id': 'default', 'user_domain_name': 'Default', 'user_id': '590eb4a414ae42dc95e832d1a2a9e87d', 'system': None}, Network: None, Subnet: None, Router: None
2025-05-19 19:30:59.967 70648 INFO tempest.lib.common.dynamic_creds [-] Created isolated network resources for: credentials: Credentials: {'domain_id': 'default', 'domain_name': 'Default', 'username': 'tempest-QuotaClassesAdminTestJSON-1816009946-project-admin', 'project_domain_id': 'default', 'project_domain_name': 'Default', 'project_id': '82adcc62b009485f959bbf543aebd3c8', 'project_name': 'tempest-QuotaClassesAdminTestJSON-1816009946', 'tenant_id': '82adcc62b009485f959bbf543aebd3c8', 'tenant_name': 'tempest-QuotaClassesAdminTestJSON-1816009946', 'user_domain_id': 'default', 'user_domain_name': 'Default', 'user_id': '590eb4a414ae42dc95e832d1a2a9e87d', 'system': None}, Network: None, Subnet: None, Router: None
2025-05-19 19:31:00.035 70656 INFO tempest.lib.common.rest_client [req-e659df98-9546-4c14-9570-867eb0b47867 req-e659df98-9546-4c14-9570-867eb0b47867 ] Request (ServerShowV257Test:setUpClass): 201 POST http://10.180.1.21/identity/v3/auth/tokens 0.122s
2025-05-19 19:31:00.043 70635 INFO tempest.lib.common.rest_client [req-99e4e561-14f7-4d00-a488-c557e58f9fb3 req-99e4e561-14f7-4d00-a488-c557e58f9fb3 ] Request (FlavorsV2NegativeTest:tearDownClass): 204 DELETE http://10.180.1.21/identity/v3/projects/16f96eebe84244bf8924c7ec05081cb1 0.157s
2025-05-19 19:31:00.115 70676 INFO tempest.lib.common.rest_client [req-f706dc35-d021-4efb-b4ab-42ea395b1dc8 req-f706dc35-d021-4efb-b4ab-42ea395b1dc8 ] Request (ValidationResourcesFixture:setUp): 201 POST http://10.180.1.21:9696/networking/v2.0/security-groups 0.813s
2025-05-19 19:31:00.121 70656 INFO tempest.lib.common.rest_client [req-e500997c-2d64-4c5a-a273-1b5640c4cdee req-e500997c-2d64-4c5a-a273-1b5640c4cdee ] Request (ServerShowV257Test:test_rebuild_server): 201 POST http://10.180.1.21/identity/v3/auth/tokens 0.080s
2025-05-19 19:31:00.121 70656 INFO tempest.lib.common.fixed_network [-] (ServerShowV257Test:test_rebuild_server) Found network None available for tenant
2025-05-19 19:31:00.128 70648 INFO tempest.lib.common.rest_client [req-23a4e5a4-1dc5-4b2d-ace4-5b7cd8f5b06b req-23a4e5a4-1dc5-4b2d-ace4-5b7cd8f5b06b ] Request (QuotaClassesAdminTestJSON:setUpClass): 201 POST http://10.180.1.21/identity/v3/auth/tokens 0.156s
2025-05-19 19:31:00.187 70635 INFO tempest.lib.common.rest_client [req-c81ba46d-4420-4155-8614-97477f48fb47 req-c81ba46d-4420-4155-8614-97477f48fb47 ] Request (ServerShowV247Test:setUpClass): 201 POST http://10.180.1.21/identity/v3/auth/tokens 0.143s
2025-05-19 19:31:00.226 70635 INFO tempest.lib.common.rest_client [req-84199e3c-fe92-432f-9564-e135caeea38d req-84199e3c-fe92-432f-9564-e135caeea38d ] Request (ServerShowV247Test:setUpClass): 201 POST http://10.180.1.21/identity/v3/auth/tokens 0.035s
2025-05-19 19:31:00.256 70635 INFO tempest.lib.common.rest_client [req-82c54286-d3c6-4720-83e3-0aa1a61241a4 req-82c54286-d3c6-4720-83e3-0aa1a61241a4 ] Request (ServerShowV247Test:setUpClass): 200 GET http://10.180.1.21/identity/v3/domains?name=Default 0.030s
2025-05-19 19:31:00.286 70635 INFO tempest.lib.common.rest_client [req-5ef1916c-f36e-41b8-9139-822467bd4f0b req-5ef1916c-f36e-41b8-9139-822467bd4f0b ] Request (ServerShowV247Test:setUpClass): 201 POST http://10.180.1.21/identity/v3/projects 0.029s
2025-05-19 19:31:00.347 70635 INFO tempest.lib.common.rest_client [req-23ea1825-34e5-450e-9165-1c5fde53184f req-23ea1825-34e5-450e-9165-1c5fde53184f ] Request (ServerShowV247Test:setUpClass): 201 POST http://10.180.1.21/identity/v3/users 0.060s
2025-05-19 19:31:00.356 70632 INFO tempest.lib.common.rest_client [req-eef70b55-a6e9-4eac-b529-509eac12a7de req-eef70b55-a6e9-4eac-b529-509eac12a7de ] Request (FloatingIPDetailsNegativeTestJSON:setUpClass): 201 POST http://10.180.1.21:9696/networking/v2.0/subnets 1.197s
2025-05-19 19:31:00.368 70620 INFO tempest.lib.common.rest_client [req-c57b6dcf-9961-4e75-99a9-5bc307719638 req-c57b6dcf-9961-4e75-99a9-5bc307719638 ] Request (ImagesTestJSON:setUpClass): 200 PUT http://10.180.1.21:9696/networking/v2.0/routers/190369dc-2cba-4225-bb33-10a9c72523f5/add_router_interface 5.596s
2025-05-19 19:31:00.369 70620 INFO tempest.lib.common.dynamic_creds [-] Created isolated network resources for: credentials: Credentials: {'domain_id': 'default', 'domain_name': 'Default', 'username': 'tempest-ImagesTestJSON-257418501-project-member', 'project_domain_id': 'default', 'project_domain_name': 'Default', 'project_id': '3610c9006a3044979c473aed0c55ef89', 'project_name': 'tempest-ImagesTestJSON-257418501', 'tenant_id': '3610c9006a3044979c473aed0c55ef89', 'tenant_name': 'tempest-ImagesTestJSON-257418501', 'user_domain_id': 'default', 'user_domain_name': 'Default', 'user_id': '896181d2e36e45b7a5ebbd08b80ff749', 'system': None}, Network: {'id': '260f3d01-cefc-4d94-ab25-52de6631c3a7', 'name': 'tempest-ImagesTestJSON-1783895447-network', 'tenant_id': '3610c9006a3044979c473aed0c55ef89', 'admin_state_up': True, 'mtu': 8950, 'status': 'ACTIVE', 'subnets': [], 'shared': False, 'project_id': '3610c9006a3044979c473aed0c55ef89', 'port_security_enabled': True, 'router:external': False, 'provider:network_type': 'vlan', 'provider:physical_network': 'default', 'provider:segmentation_id': 199, 'availability_zone_hints': [], 'availability_zones': [], 'ipv4_address_scope': None, 'ipv6_address_scope': None, 'description': '', 'tags': [], 'created_at': '2025-05-19T19:30:47Z', 'updated_at': '2025-05-19T19:30:47Z', 'revision_number': 1}, Subnet: {'id': 'eb67ba01-8e83-4114-907e-3e897a5a1689', 'name': 'tempest-ImagesTestJSON-1783895447-subnet', 'tenant_id': '3610c9006a3044979c473aed0c55ef89', 'network_id': '260f3d01-cefc-4d94-ab25-52de6631c3a7', 'ip_version': 4, 'subnetpool_id': None, 'enable_dhcp': True, 'ipv6_ra_mode': None, 'ipv6_address_mode': None, 'gateway_ip': '192.168.128.1', 'cidr': '192.168.128.0/28', 'allocation_pools': [{'start': '192.168.128.2', 'end': '192.168.128.14'}], 'host_routes': [], 'dns_nameservers': [], 'description': '', 'router:external': False, 'service_types': [], 'tags': [], 'created_at': '2025-05-19T19:30:47Z', 'updated_at': '2025-05-19T19:30:47Z', 'revision_number': 0, 'project_id': '3610c9006a3044979c473aed0c55ef89'}, Router: {'id': '190369dc-2cba-4225-bb33-10a9c72523f5', 'name': 'tempest-ImagesTestJSON-1783895447-router', 'tenant_id': '3610c9006a3044979c473aed0c55ef89', 'admin_state_up': True, 'status': 'ACTIVE', 'external_gateway_info': {'network_id': 'e4b35425-facb-4542-aea4-3871a85d16cf', 'external_fixed_ips': [{'subnet_id': '88fc8f68-f65f-4fba-b0b9-85804b2dee87', 'ip_address': '10.180.180.184'}], 'enable_snat': True}, 'description': '', 'availability_zones': [], 'distributed': False, 'ha': False, 'availability_zone_hints': [], 'routes': [], 'flavor_id': None, 'tags': [], 'created_at': '2025-05-19T19:30:48Z', 'updated_at': '2025-05-19T19:30:51Z', 'revision_number': 2, 'project_id': '3610c9006a3044979c473aed0c55ef89'}
2025-05-19 19:31:00.385 70635 INFO tempest.lib.common.rest_client [req-1d464d78-5e44-43ad-89d8-188f7e40236a req-1d464d78-5e44-43ad-89d8-188f7e40236a ] Request (ServerShowV247Test:setUpClass): 200 GET http://10.180.1.21/identity/v3/roles 0.038s
2025-05-19 19:31:00.432 70635 INFO tempest.lib.common.rest_client [req-abaf311d-f637-4711-b946-aab79b20a6d9 req-abaf311d-f637-4711-b946-aab79b20a6d9 ] Request (ServerShowV247Test:setUpClass): 204 PUT http://10.180.1.21/identity/v3/projects/8286cfeb1693442995f0795b57c6f3e9/users/82d8450fd0964f55a8b613a2decbc2b8/roles/283864aeb03d49bcabc89f5420cf6984 0.047s
2025-05-19 19:31:00.433 70635 INFO tempest.lib.common.dynamic_creds [-] Dynamic test user 82d8450fd0964f55a8b613a2decbc2b8 is created with scope project and roles: ['member']
2025-05-19 19:31:00.435 70635 INFO tempest.lib.common.dynamic_creds [-] Acquired dynamic creds: credentials: Credentials: {'domain_id': 'default', 'domain_name': 'Default', 'username': 'tempest-ServerShowV247Test-1764568081-project-member', 'project_domain_id': 'default', 'project_domain_name': 'Default', 'project_id': '8286cfeb1693442995f0795b57c6f3e9', 'project_name': 'tempest-ServerShowV247Test-1764568081', 'tenant_id': '8286cfeb1693442995f0795b57c6f3e9', 'tenant_name': 'tempest-ServerShowV247Test-1764568081', 'user_domain_id': 'default', 'user_domain_name': 'Default', 'user_id': '82d8450fd0964f55a8b613a2decbc2b8', 'system': None}, Network: None, Subnet: None, Router: None
2025-05-19 19:31:00.435 70635 INFO tempest.lib.common.dynamic_creds [-] Created isolated network resources for: credentials: Credentials: {'domain_id': 'default', 'domain_name': 'Default', 'username': 'tempest-ServerShowV247Test-1764568081-project-member', 'project_domain_id': 'default', 'project_domain_name': 'Default', 'project_id': '8286cfeb1693442995f0795b57c6f3e9', 'project_name': 'tempest-ServerShowV247Test-1764568081', 'tenant_id': '8286cfeb1693442995f0795b57c6f3e9', 'tenant_name': 'tempest-ServerShowV247Test-1764568081', 'user_domain_id': 'default', 'user_domain_name': 'Default', 'user_id': '82d8450fd0964f55a8b613a2decbc2b8', 'system': None}, Network: None, Subnet: None, Router: None
2025-05-19 19:31:00.451 70659 INFO tempest.lib.common.rest_client [req-87112cfb-3258-4bd3-ab0d-2f97a7f37cb0 req-87112cfb-3258-4bd3-ab0d-2f97a7f37cb0 ] Request (VolumesGetTestJSON:tearDownClass): 200 GET http://10.180.1.21:9696/networking/v2.0/security-groups?tenant_id=971f781e1844467cb1f55c0378af68cd&name=default 0.795s
2025-05-19 19:31:00.467 70620 INFO tempest.lib.common.rest_client [req-7841bb46-2a98-4a25-a412-6fc01679fa24 req-7841bb46-2a98-4a25-a412-6fc01679fa24 ] Request (ImagesTestJSON:setUpClass): 201 POST http://10.180.1.21/identity/v3/auth/tokens 0.094s
2025-05-19 19:31:00.544 70635 INFO tempest.lib.common.rest_client [req-30250900-ece3-4192-9f58-03db7a24d365 req-30250900-ece3-4192-9f58-03db7a24d365 ] Request (ServerShowV247Test:setUpClass): 201 POST http://10.180.1.21/identity/v3/auth/tokens 0.104s
2025-05-19 19:31:00.555 70676 INFO tempest.lib.common.rest_client [req-c89a188a-3429-43dd-85d5-8cf44c102db6 req-c89a188a-3429-43dd-85d5-8cf44c102db6 ] Request (ValidationResourcesFixture:setUp): 201 POST http://10.180.1.21:9696/networking/v2.0/security-group-rules 0.439s
2025-05-19 19:31:00.578 70646 INFO tempest.lib.common.rest_client [req-c7276c82-db9b-405a-9121-4cd00c091193 req-c7276c82-db9b-405a-9121-4cd00c091193 ] Request (ServerMetadataNegativeTestJSON:setUpClass): 202 POST http://10.180.1.21/compute/v2.1/servers 1.526s
2025-05-19 19:31:00.579 70620 INFO tempest.lib.common.rest_client [req-3260ce18-48d8-4053-840d-f711ab6c00b4 req-3260ce18-48d8-4053-840d-f711ab6c00b4 ] Request (ImagesTestJSON:test_create_image_from_stopped_server): 201 POST http://10.180.1.21/identity/v3/auth/tokens 0.107s
2025-05-19 19:31:00.580 70620 INFO tempest.lib.common.fixed_network [-] (ImagesTestJSON:test_create_image_from_stopped_server) Found network {'id': '260f3d01-cefc-4d94-ab25-52de6631c3a7', 'name': 'tempest-ImagesTestJSON-1783895447-network', 'tenant_id': '3610c9006a3044979c473aed0c55ef89', 'admin_state_up': True, 'mtu': 8950, 'status': 'ACTIVE', 'subnets': [], 'shared': False, 'project_id': '3610c9006a3044979c473aed0c55ef89', 'port_security_enabled': True, 'router:external': False, 'provider:network_type': 'vlan', 'provider:physical_network': 'default', 'provider:segmentation_id': 199, 'availability_zone_hints': [], 'availability_zones': [], 'ipv4_address_scope': None, 'ipv6_address_scope': None, 'description': '', 'tags': [], 'created_at': '2025-05-19T19:30:47Z', 'updated_at': '2025-05-19T19:30:47Z', 'revision_number': 1} available for tenant
2025-05-19 19:31:00.598 70638 INFO tempest.lib.common.rest_client [req-75ca687a-f360-4cd6-8060-9f9a05fa4fa4 req-75ca687a-f360-4cd6-8060-9f9a05fa4fa4 ] Request (DeleteServersTestJSON:setUpClass): 201 POST http://10.180.1.21:9696/networking/v2.0/subnets 1.714s
2025-05-19 19:31:00.610 70681 INFO tempest.lib.common.rest_client [req-3a0d789b-f3c0-474d-9d5f-35cc4e9530af req-3a0d789b-f3c0-474d-9d5f-35cc4e9530af ] Request (ServersTestJSON:test_create_server_with_ipv6_addr_only): 202 POST http://10.180.1.21/compute/v2.1/servers 1.657s
2025-05-19 19:31:00.619 70635 INFO tempest.lib.common.rest_client [req-c65735ff-0855-440a-b897-6c4a8d853f08 req-c65735ff-0855-440a-b897-6c4a8d853f08 ] Request (ServerShowV247Test:setUpClass): 200 GET http://10.180.1.21/identity/v3/projects/8286cfeb1693442995f0795b57c6f3e9 0.072s
2025-05-19 19:31:00.619 70635 INFO tempest.lib.common.dynamic_creds [-] Using the existing project 8286cfeb1693442995f0795b57c6f3e9 for scope project and roles: ['reader']
2025-05-19 19:31:00.662 70635 INFO tempest.lib.common.rest_client [req-8c10096b-abac-4f4d-9271-ec896ae268dd req-8c10096b-abac-4f4d-9271-ec896ae268dd ] Request (ServerShowV247Test:setUpClass): 201 POST http://10.180.1.21/identity/v3/users 0.043s
2025-05-19 19:31:00.695 70635 INFO tempest.lib.common.rest_client [req-a845b283-2ac0-4d4c-9a0a-4df8a9e89a44 req-a845b283-2ac0-4d4c-9a0a-4df8a9e89a44 ] Request (ServerShowV247Test:setUpClass): 200 GET http://10.180.1.21/identity/v3/roles 0.031s
2025-05-19 19:31:00.726 70635 INFO tempest.lib.common.rest_client [req-ad9f83fe-78c0-47db-a1ed-19bf1ce37174 req-ad9f83fe-78c0-47db-a1ed-19bf1ce37174 ] Request (ServerShowV247Test:setUpClass): 204 PUT http://10.180.1.21/identity/v3/projects/8286cfeb1693442995f0795b57c6f3e9/users/1f2cb4e4a7f842d79563f5cffea10a25/roles/dfa2e656d0d7483eabb6bbad0cec22f6 0.031s
2025-05-19 19:31:00.726 70635 INFO tempest.lib.common.dynamic_creds [-] Dynamic test user 1f2cb4e4a7f842d79563f5cffea10a25 is created with scope project and roles: ['reader']
2025-05-19 19:31:00.726 70635 INFO tempest.lib.common.dynamic_creds [-] Acquired dynamic creds: credentials: Credentials: {'domain_id': 'default', 'domain_name': 'Default', 'username': 'tempest-ServerShowV247Test-1764568081-project-reader', 'project_domain_id': 'default', 'project_domain_name': 'Default', 'project_id': '8286cfeb1693442995f0795b57c6f3e9', 'project_name': 'tempest-ServerShowV247Test-1764568081', 'tenant_id': '8286cfeb1693442995f0795b57c6f3e9', 'tenant_name': 'tempest-ServerShowV247Test-1764568081', 'user_domain_id': 'default', 'user_domain_name': 'Default', 'user_id': '1f2cb4e4a7f842d79563f5cffea10a25', 'system': None}, Network: None, Subnet: None, Router: None
2025-05-19 19:31:00.727 70635 INFO tempest.lib.common.dynamic_creds [-] Network resources are not created for requested scope: project and credentials: Credentials: {'domain_id': 'default', 'domain_name': 'Default', 'username': 'tempest-ServerShowV247Test-1764568081-project-reader', 'project_domain_id': 'default', 'project_domain_name': 'Default', 'project_id': '8286cfeb1693442995f0795b57c6f3e9', 'project_name': 'tempest-ServerShowV247Test-1764568081', 'tenant_id': '8286cfeb1693442995f0795b57c6f3e9', 'tenant_name': 'tempest-ServerShowV247Test-1764568081', 'user_domain_id': 'default', 'user_domain_name': 'Default', 'user_id': '1f2cb4e4a7f842d79563f5cffea10a25', 'system': None}, Network: None, Subnet: None, Router: None
2025-05-19 19:31:00.815 70635 INFO tempest.lib.common.rest_client [req-305a3652-a5bd-4866-86a0-4581acd204b5 req-305a3652-a5bd-4866-86a0-4581acd204b5 ] Request (ServerShowV247Test:setUpClass): 201 POST http://10.180.1.21/identity/v3/auth/tokens 0.086s
2025-05-19 19:31:00.850 70659 INFO tempest.lib.common.rest_client [req-bfb42a22-9e7c-4ba8-b76e-e7b427dffe5f req-bfb42a22-9e7c-4ba8-b76e-e7b427dffe5f ] Request (VolumesGetTestJSON:tearDownClass): 204 DELETE http://10.180.1.21:9696/networking/v2.0/security-groups/c6b1dde8-f770-469a-b2e5-00b7178a9070 0.399s
2025-05-19 19:31:00.878 70630 INFO tempest.lib.common.rest_client [req-f74aa339-6abf-4110-8018-145918d7103e req-f74aa339-6abf-4110-8018-145918d7103e ] Request (QuotasAdminTestJSON:test_delete_quota): 200 PUT http://10.180.1.21/compute/v2.1/os-quota-sets/c448a20e307643cc9143f4a0fcdb1799 1.573s
2025-05-19 19:31:00.899 70635 INFO tempest.lib.common.rest_client [req-df4daee7-d195-4d48-a8a3-1c5e18ebbf8b req-df4daee7-d195-4d48-a8a3-1c5e18ebbf8b ] Request (ServerShowV247Test:test_show_server): 201 POST http://10.180.1.21/identity/v3/auth/tokens 0.079s
2025-05-19 19:31:00.899 70635 INFO tempest.lib.common.fixed_network [-] (ServerShowV247Test:test_show_server) Found network None available for tenant
2025-05-19 19:31:00.904 70622 INFO tempest.lib.common.rest_client [req-d9ec35df-7186-4171-a5b6-6a14f4e152ca req-d9ec35df-7186-4171-a5b6-6a14f4e152ca ] Request (KeyPairsV210TestJSON:_run_cleanups): 204 DELETE http://10.180.1.21/compute/v2.1/os-keypairs/tempest-KeyPairsV210TestJSON-keypair-1061346051 1.592s
2025-05-19 19:31:00.971 70676 INFO tempest.lib.common.rest_client [req-7378662e-a8d5-4c4e-8e9c-bed8d9aded6b req-7378662e-a8d5-4c4e-8e9c-bed8d9aded6b ] Request (ValidationResourcesFixture:setUp): 201 POST http://10.180.1.21:9696/networking/v2.0/security-group-rules 0.416s
2025-05-19 19:31:00.978 70659 INFO tempest.lib.common.rest_client [req-af4d430e-cbb8-436a-ba1d-2da925226d94 req-af4d430e-cbb8-436a-ba1d-2da925226d94 ] Request (VolumesGetTestJSON:tearDownClass): 204 DELETE http://10.180.1.21/identity/v3/projects/971f781e1844467cb1f55c0378af68cd 0.128s
2025-05-19 19:31:01.036 70652 INFO tempest.lib.common.rest_client [req-7829234f-0809-4fcd-a2cb-2c44fcffa50f req-7829234f-0809-4fcd-a2cb-2c44fcffa50f ] Request (ServersNegativeTestJSON:setUpClass): 200 GET http://10.180.1.21/compute/v2.1/servers/a2e89ede-ed60-4be8-bce8-e9a828632fbd 1.466s
2025-05-19 19:31:01.044 70654 INFO tempest.lib.common.rest_client [req-1ed57991-2279-4c12-8abf-74233957dd17 req-1ed57991-2279-4c12-8abf-74233957dd17 ] Request (ServerDiskConfigTestJSON:tearDownClass): 204 DELETE http://10.180.1.21:9696/networking/v2.0/subnets/71d650ee-38d0-438e-8e46-b0465891251d 1.228s
2025-05-19 19:31:01.053 70652 INFO tempest.common.waiters [-] State transition "BUILD/scheduling" ==> "ERROR/None" after 3 second wait
2025-05-19 19:31:01.212 70626 INFO tempest.lib.common.rest_client [req-b419249f-11a8-4170-a6bf-4c4698aff6da req-b419249f-11a8-4170-a6bf-4c4698aff6da ] Request (AZV2TestJSON:test_get_availability_zone_list_with_non_admin_user): 200 GET http://10.180.1.21/compute/v2.1/os-availability-zone 1.293s
2025-05-19 19:31:01.239 70682 INFO tempest.lib.common.rest_client [req-199f0e29-6684-4f3a-a53b-251eca20341c req-199f0e29-6684-4f3a-a53b-251eca20341c ] Request (MultipleCreateTestJSON:setUpClass): 201 POST http://10.180.1.21:9696/networking/v2.0/networks 1.548s
2025-05-19 19:31:01.243 70624 INFO tempest.lib.common.rest_client [req-df2a9911-99f4-4110-9751-976fc8d766a3 req-df2a9911-99f4-4110-9751-976fc8d766a3 ] Request (ServerActionsTestOtherA:tearDownClass): 204 DELETE http://10.180.1.21:9696/networking/v2.0/routers/44f5d469-cb24-46e6-9b31-5d1b8097af58 1.631s
2025-05-19 19:31:01.358 70626 INFO tempest.lib.common.rest_client [req-aace635d-2953-4e17-9e70-e8704554ab66 req-aace635d-2953-4e17-9e70-e8704554ab66 ] Request (AZV2TestJSON:tearDownClass): 204 DELETE http://10.180.1.21/identity/v3/users/e6f9a4d86c564dfc9632dba8f6026d54 0.143s
2025-05-19 19:31:01.359 70626 INFO tempest.lib.common.dynamic_creds [-] Deleting project and security group for project: e4c65da1a78c44018d7abd4827ccefe8
2025-05-19 19:31:01.417 70656 INFO tempest.lib.common.rest_client [req-e6f18b3e-4b03-4fc7-9270-d8d1a40deb5c req-e6f18b3e-4b03-4fc7-9270-d8d1a40deb5c ] Request (ServerShowV257Test:test_rebuild_server): 202 POST http://10.180.1.21/compute/v2.1/servers 1.295s
2025-05-19 19:31:01.439 70626 INFO tempest.lib.common.rest_client [req-90b978f8-e69e-40ca-98d7-83f3e43ce3fb req-90b978f8-e69e-40ca-98d7-83f3e43ce3fb ] Request (AZV2TestJSON:tearDownClass): 201 POST http://10.180.1.21/identity/v3/auth/tokens 0.080s
2025-05-19 19:31:01.688 70650 INFO tempest.lib.common.rest_client [req-de503973-53a2-4ed0-9486-8d5d7190892b req-de503973-53a2-4ed0-9486-8d5d7190892b ] Request (ServerGroupTestJSON:tearDownClass): 204 DELETE http://10.180.1.21:9696/networking/v2.0/routers/c681288e-8e04-43fe-b22f-9382b0ce4a9c 2.548s
2025-05-19 19:31:01.921 70670 INFO tempest.lib.common.rest_client [req-75a4b5b9-e87f-48d4-a4c0-5a29f9185447 req-75a4b5b9-e87f-48d4-a4c0-5a29f9185447 ] Request (AttachInterfacesTestJSON:setUpClass): 201 POST http://10.180.1.21:9696/networking/v2.0/routers 4.311s
2025-05-19 19:31:01.966 70624 INFO tempest.lib.common.rest_client [req-30c46f97-69e5-44b3-b1ce-6f36be9a3937 req-30c46f97-69e5-44b3-b1ce-6f36be9a3937 ] Request (ServerActionsTestOtherA:tearDownClass): 204 DELETE http://10.180.1.21:9696/networking/v2.0/subnets/f14e9418-eb9a-4b7a-aa31-430861b5b735 0.722s
2025-05-19 19:31:01.971 70642 INFO tempest.lib.common.rest_client [req-c257e649-fbb8-4b86-8929-fd8ce8a52a00 req-c257e649-fbb8-4b86-8929-fd8ce8a52a00 ] Request (ServersTestBootFromVolume:setUpClass): 200 PUT http://10.180.1.21:9696/networking/v2.0/routers/cf6c6d3a-dbc1-4da3-a83e-9d1ab9a4631c/add_router_interface 6.608s
2025-05-19 19:31:01.971 70642 INFO tempest.lib.common.dynamic_creds [-] Created isolated network resources for: credentials: Credentials: {'domain_id': 'default', 'domain_name': 'Default', 'username': 'tempest-ServersTestBootFromVolume-91654592-project-member', 'project_domain_id': 'default', 'project_domain_name': 'Default', 'project_id': 'cb19fe09af794cc5a1b0831c7b5fbe3e', 'project_name': 'tempest-ServersTestBootFromVolume-91654592', 'tenant_id': 'cb19fe09af794cc5a1b0831c7b5fbe3e', 'tenant_name': 'tempest-ServersTestBootFromVolume-91654592', 'user_domain_id': 'default', 'user_domain_name': 'Default', 'user_id': '1bf307a3a9e544708545b3d2e2c01d62', 'system': None}, Network: {'id': '7946ae67-a3f7-4649-a60d-49a0cdb5ebdf', 'name': 'tempest-ServersTestBootFromVolume-1445762012-network', 'tenant_id': 'cb19fe09af794cc5a1b0831c7b5fbe3e', 'admin_state_up': True, 'mtu': 8950, 'status': 'ACTIVE', 'subnets': [], 'shared': False, 'project_id': 'cb19fe09af794cc5a1b0831c7b5fbe3e', 'port_security_enabled': True, 'router:external': False, 'provider:network_type': 'vlan', 'provider:physical_network': 'default', 'provider:segmentation_id': 313, 'availability_zone_hints': [], 'availability_zones': [], 'ipv4_address_scope': None, 'ipv6_address_scope': None, 'description': '', 'tags': [], 'created_at': '2025-05-19T19:30:47Z', 'updated_at': '2025-05-19T19:30:48Z', 'revision_number': 1}, Subnet: {'id': 'dda80b7a-2bca-4f21-8c52-232660806514', 'name': 'tempest-ServersTestBootFromVolume-1445762012-subnet', 'tenant_id': 'cb19fe09af794cc5a1b0831c7b5fbe3e', 'network_id': '7946ae67-a3f7-4649-a60d-49a0cdb5ebdf', 'ip_version': 4, 'subnetpool_id': None, 'enable_dhcp': True, 'ipv6_ra_mode': None, 'ipv6_address_mode': None, 'gateway_ip': '192.168.128.1', 'cidr': '192.168.128.0/28', 'allocation_pools': [{'start': '192.168.128.2', 'end': '192.168.128.14'}], 'host_routes': [], 'dns_nameservers': [], 'description': '', 'router:external': False, 'service_types': [], 'tags': [], 'created_at': '2025-05-19T19:30:48Z', 'updated_at': '2025-05-19T19:30:48Z', 'revision_number': 0, 'project_id': 'cb19fe09af794cc5a1b0831c7b5fbe3e'}, Router: {'id': 'cf6c6d3a-dbc1-4da3-a83e-9d1ab9a4631c', 'name': 'tempest-ServersTestBootFromVolume-1445762012-router', 'tenant_id': 'cb19fe09af794cc5a1b0831c7b5fbe3e', 'admin_state_up': True, 'status': 'ACTIVE', 'external_gateway_info': {'network_id': 'e4b35425-facb-4542-aea4-3871a85d16cf', 'external_fixed_ips': [{'subnet_id': '88fc8f68-f65f-4fba-b0b9-85804b2dee87', 'ip_address': '10.180.180.187'}], 'enable_snat': True}, 'description': '', 'availability_zones': [], 'distributed': False, 'ha': False, 'availability_zone_hints': [], 'routes': [], 'flavor_id': None, 'tags': [], 'created_at': '2025-05-19T19:30:50Z', 'updated_at': '2025-05-19T19:30:52Z', 'revision_number': 2, 'project_id': 'cb19fe09af794cc5a1b0831c7b5fbe3e'}
2025-05-19 19:31:01.991 70668 INFO tempest.lib.common.rest_client [req-e79f0f03-1e45-49ff-a2b8-06b3fe1ae34e req-e79f0f03-1e45-49ff-a2b8-06b3fe1ae34e ] Request (AttachVolumeShelveTestJSON:test_detach_volume_shelved_or_offload_server): 202 POST http://10.180.1.21/compute/v2.1/servers 2.866s
2025-05-19 19:31:02.063 70667 INFO tempest.lib.common.rest_client [req-fea26e98-ee7d-4344-b71c-fc7bc2528cc2 req-fea26e98-ee7d-4344-b71c-fc7bc2528cc2 ] Request (ServersTestMultiNic:setUpClass): 201 POST http://10.180.1.21:9696/networking/v2.0/routers 4.763s
2025-05-19 19:31:02.104 70642 INFO tempest.lib.common.rest_client [req-18435a34-ab84-4392-b46a-91e1db7b0114 req-18435a34-ab84-4392-b46a-91e1db7b0114 ] Request (ServersTestBootFromVolume:setUpClass): 201 POST http://10.180.1.21/identity/v3/auth/tokens 0.128s
2025-05-19 19:31:02.125 70646 INFO tempest.lib.common.rest_client [req-0ee40c47-8264-453b-88e0-cd04261032a3 req-0ee40c47-8264-453b-88e0-cd04261032a3 ] Request (ServerMetadataNegativeTestJSON:setUpClass): 200 GET http://10.180.1.21/compute/v2.1/servers/83f59050-2c9f-4c76-9e12-280c3ceffd94 1.545s
2025-05-19 19:31:02.252 70681 INFO tempest.lib.common.rest_client [req-9abf93bf-d156-43d3-832b-849861020339 req-9abf93bf-d156-43d3-832b-849861020339 ] Request (ServersTestJSON:test_create_server_with_ipv6_addr_only): 200 GET http://10.180.1.21/compute/v2.1/servers/59dbae0a-d968-4e26-bf92-ab6e3988d5ff 1.639s
2025-05-19 19:31:02.271 70626 INFO tempest.lib.common.rest_client [req-b6efc3f3-ad52-431c-8658-e2d9adb6daa1 req-b6efc3f3-ad52-431c-8658-e2d9adb6daa1 ] Request (AZV2TestJSON:tearDownClass): 200 GET http://10.180.1.21:9696/networking/v2.0/security-groups?tenant_id=e4c65da1a78c44018d7abd4827ccefe8&name=default 0.831s
2025-05-19 19:31:02.278 70630 INFO tempest.lib.common.rest_client [req-f10aea55-2845-414d-8717-fb88b1c68181 req-f10aea55-2845-414d-8717-fb88b1c68181 ] Request (QuotasAdminTestJSON:test_delete_quota): 202 DELETE http://10.180.1.21/compute/v2.1/os-quota-sets/c448a20e307643cc9143f4a0fcdb1799 1.398s
2025-05-19 19:31:02.342 70650 INFO tempest.lib.common.rest_client [req-d52b846b-b2d7-41f9-9fff-2766d0713d45 req-d52b846b-b2d7-41f9-9fff-2766d0713d45 ] Request (ServerGroupTestJSON:tearDownClass): 204 DELETE http://10.180.1.21:9696/networking/v2.0/subnets/1eb7765c-6f41-40d2-af23-4f7d1bf2e305 0.654s
2025-05-19 19:31:02.481 70682 INFO tempest.lib.common.rest_client [req-31946cf5-9e5c-475a-ac8d-597a4255636b req-31946cf5-9e5c-475a-ac8d-597a4255636b ] Request (MultipleCreateTestJSON:setUpClass): 201 POST http://10.180.1.21:9696/networking/v2.0/subnets 1.241s
2025-05-19 19:31:02.525 70635 INFO tempest.lib.common.rest_client [req-e5b246a1-c9ed-49cd-96df-7a48b4da7706 req-e5b246a1-c9ed-49cd-96df-7a48b4da7706 ] Request (ServerShowV247Test:test_show_server): 202 POST http://10.180.1.21/compute/v2.1/servers 1.625s
2025-05-19 19:31:02.540 70622 INFO tempest.lib.common.rest_client [req-8cd088af-f6b0-4068-bbe6-979a39c57d1a req-8cd088af-f6b0-4068-bbe6-979a39c57d1a ] Request (KeyPairsV210TestJSON:_run_cleanups): 204 DELETE http://10.180.1.21/compute/v2.1/os-keypairs/tempest-keypair-1703184181?user_id=4a6ab30832ca4e98bd76e70feac507dc 1.635s
2025-05-19 19:31:02.735 70624 INFO tempest.lib.common.rest_client [req-d7ba5422-c58d-4b9c-9d32-3129093d9fd6 req-d7ba5422-c58d-4b9c-9d32-3129093d9fd6 ] Request (ServerActionsTestOtherA:tearDownClass): 204 DELETE http://10.180.1.21:9696/networking/v2.0/networks/935f2ad0-b25f-45ba-9cc3-1987a79c5c8b 0.769s
2025-05-19 19:31:02.748 70654 INFO tempest.lib.common.rest_client [req-e2c7ae79-dbae-4cdf-aa3a-eaa433570007 req-e2c7ae79-dbae-4cdf-aa3a-eaa433570007 ] Request (ServerDiskConfigTestJSON:tearDownClass): 204 DELETE http://10.180.1.21:9696/networking/v2.0/networks/675fe462-fb5d-4fca-b2e8-59f02067b26b 1.704s
2025-05-19 19:31:02.838 70620 INFO tempest.lib.common.rest_client [req-a6e2ea5d-51c6-404a-ac19-6016d36e2a71 req-a6e2ea5d-51c6-404a-ac19-6016d36e2a71 ] Request (ImagesTestJSON:test_create_image_from_stopped_server): 202 POST http://10.180.1.21/compute/v2.1/servers 2.258s
2025-05-19 19:31:02.888 70624 INFO tempest.lib.common.rest_client [req-ae028ec8-40ae-492b-adf2-5a85c56954c7 req-ae028ec8-40ae-492b-adf2-5a85c56954c7 ] Request (ServerActionsTestOtherA:tearDownClass): 204 DELETE http://10.180.1.21/identity/v3/users/38075d65ae584e69acd8473e2918e886 0.153s
2025-05-19 19:31:02.889 70624 INFO tempest.lib.common.dynamic_creds [-] Deleting project and security group for project: 20fb2b597d6c4b1ca4ee07a6b9847658
2025-05-19 19:31:02.890 70654 INFO tempest.lib.common.rest_client [req-060501d2-8030-48ad-87bc-4be9dd27d828 req-060501d2-8030-48ad-87bc-4be9dd27d828 ] Request (ServerDiskConfigTestJSON:tearDownClass): 204 DELETE http://10.180.1.21/identity/v3/users/36e80f77215045108412e6bb0f91bcfb 0.141s
