2025-05-19 19:30:16.364 70668 INFO tempest.lib.common.rest_client [req-3dfd7a2a-43e1-412e-88a9-992a3bc0d538 req-3dfd7a2a-43e1-412e-88a9-992a3bc0d538 ] Request (ServersAdminNegativeTestJSON:tearDownClass): 204 DELETE http://10.180.1.21/identity/v3/users/e6decefbb2744baa980b02744651f292 0.111s
2025-05-19 19:30:16.365 70668 INFO tempest.lib.common.dynamic_creds [-] Deleting project and security group for project: 9a774bc8980b4e3cb3c1288f31396972
2025-05-19 19:30:16.394 70664 INFO tempest.lib.common.rest_client [req-eb4e6dcd-c1e5-4d66-ad8f-93ff70a5dce7 req-eb4e6dcd-c1e5-4d66-ad8f-93ff70a5dce7 ] Request (FloatingIPsAssociationNegativeTestJSON:tearDownClass): 200 PUT http://10.180.1.21:9696/networking/v2.0/routers/ca63b5b4-afbe-4306-81f5-c0be45fd435a/remove_router_interface 2.751s
2025-05-19 19:30:16.441 70668 INFO tempest.lib.common.rest_client [req-d238ebf9-7229-424d-859e-6eb485aa00ab req-d238ebf9-7229-424d-859e-6eb485aa00ab ] Request (ServersAdminNegativeTestJSON:tearDownClass): 201 POST http://10.180.1.21/identity/v3/auth/tokens 0.076s
2025-05-19 19:30:16.528 70626 INFO tempest.lib.common.rest_client [req-68ffbdec-dcfe-4440-8381-0d8328a343d3 req-68ffbdec-dcfe-4440-8381-0d8328a343d3 ] Request (ServersWithSpecificFlavorTestJSON:test_verify_created_server_ephemeral_disk): 204 DELETE http://10.180.1.21/compute/v2.1/servers/0df027e7-798e-44e0-a3df-d8fd72edcd04 2.048s
2025-05-19 19:30:16.530 70672 INFO tempest.lib.common.rest_client [req-bb82d684-aa14-4fb2-8f94-b2ffa8714116 req-bb82d684-aa14-4fb2-8f94-b2ffa8714116 ] Request (ServersTestJSON:tearDownClass): 204 DELETE http://10.180.1.21:9696/networking/v2.0/security-groups/4b64603c-2b98-461f-8683-1bf84a4ead63 0.400s
2025-05-19 19:30:16.594 70672 INFO tempest.lib.common.rest_client [req-265a23ed-5dc7-4709-93ba-6938d94ae031 req-265a23ed-5dc7-4709-93ba-6938d94ae031 ] Request (ServersTestJSON:tearDownClass): 404 GET http://10.180.1.21:9696/networking/v2.0/security-groups/4b64603c-2b98-461f-8683-1bf84a4ead63 0.060s
2025-05-19 19:30:16.817 70644 INFO tempest.lib.common.rest_client [req-a7bef9f8-47d5-4116-a869-aff3d63f2aab req-a7bef9f8-47d5-4116-a869-aff3d63f2aab ] Request (FlavorsExtraSpecsTestJSON:tearDownClass): 200 GET http://10.180.1.21:9696/networking/v2.0/security-groups?tenant_id=fa48734d68374ac5a5aea759a1b4d807&name=default 0.767s
2025-05-19 19:30:16.871 70678 INFO tempest.lib.common.rest_client [req-2c845ccf-ddbb-43a9-b2e6-d9f10409bf96 req-2c845ccf-ddbb-43a9-b2e6-d9f10409bf96 ] Request (ImagesNegativeTestJSON:tearDownClass): 204 DELETE http://10.180.1.21:9696/networking/v2.0/subnets/a749d354-0737-4f22-8d82-d785ece8899f 0.625s
2025-05-19 19:30:16.927 70635 INFO tempest.lib.common.rest_client [req-8fc914cb-6ae1-4e39-853e-33ec06c4d455 req-8fc914cb-6ae1-4e39-853e-33ec06c4d455 ] Request (MigrationsAdminTest:tearDownClass): 204 DELETE http://10.180.1.21:9696/networking/v2.0/security-groups/f7469814-48c3-43c5-9483-43ba1afdf64d 0.786s
2025-05-19 19:30:16.941 70652 INFO tempest.lib.common.rest_client [req-719f3a61-bc0d-4fee-94a5-cc6eab3d225f req-719f3a61-bc0d-4fee-94a5-cc6eab3d225f ] Request (ServerTagsTestJSON:setUpClass): 204 DELETE http://10.180.1.21/compute/v2.1/servers/3ef717e6-3e9a-42d5-92c8-d3fda966687e 2.326s
2025-05-19 19:30:16.960 70682 INFO tempest.lib.common.rest_client [req-171ec508-610b-4fb6-abe3-c9022d8a3683 req-171ec508-610b-4fb6-abe3-c9022d8a3683 ] Request (VolumesAssistedSnapshotsTest:tearDownClass): 202 DELETE http://10.180.1.21/compute/v2.1/os-keypairs/tempest-keypair-519762946 2.284s
2025-05-19 19:30:17.040 70635 INFO tempest.lib.common.rest_client [req-5f7e4a55-ceed-4c61-8bb3-bff87e3b32a1 req-5f7e4a55-ceed-4c61-8bb3-bff87e3b32a1 ] Request (MigrationsAdminTest:tearDownClass): 204 DELETE http://10.180.1.21/identity/v3/projects/af87808419e64422a94e6056df6598ad 0.110s
2025-05-19 19:30:17.041 70635 INFO tempest.lib.common.dynamic_creds [-] Deleting project and security group for project: afa71a31934544e792802408b9b99ee0
2025-05-19 19:30:17.057 70676 INFO tempest.lib.common.rest_client [req-142e5fba-3d33-42da-a42a-f96ed0f49643 req-142e5fba-3d33-42da-a42a-f96ed0f49643 ] Request (SecurityGroupsNegativeTestJSON:setUpClass): 201 POST http://10.180.1.21:9696/networking/v2.0/networks 1.244s
2025-05-19 19:30:17.169 70674 INFO tempest.lib.common.rest_client [req-e10e9e17-c2f0-47fa-9db0-0bda4631f4ad req-e10e9e17-c2f0-47fa-9db0-0bda4631f4ad ] Request (ServersAdminTestJSON:tearDownClass): 204 DELETE http://10.180.1.21:9696/networking/v2.0/subnets/c5122a1b-8b53-44d8-8ca4-2da98eb19d9e 1.030s
2025-05-19 19:30:17.222 70640 INFO tempest.lib.common.rest_client [req-6087d798-8290-4c9a-929f-91d0c9b41ad4 req-6087d798-8290-4c9a-929f-91d0c9b41ad4 ] Request (FloatingIPsTestJSON:tearDownClass): 200 PUT http://10.180.1.21:9696/networking/v2.0/routers/70ebe487-c931-4c13-bb35-d93795ff07dd/remove_router_interface 3.424s
2025-05-19 19:30:17.274 70659 INFO tempest.lib.common.rest_client [req-17f9c71b-7717-4c6f-9ef3-f52b5c69ad9e req-17f9c71b-7717-4c6f-9ef3-f52b5c69ad9e ] Request (ServersTestManualDisk:setUpClass): 201 POST http://10.180.1.21:9696/networking/v2.0/floatingips 2.112s
2025-05-19 19:30:17.332 70668 INFO tempest.lib.common.rest_client [req-e8e1abbd-6d4b-4218-9f5b-8b3efd10324c req-e8e1abbd-6d4b-4218-9f5b-8b3efd10324c ] Request (ServersAdminNegativeTestJSON:tearDownClass): 200 GET http://10.180.1.21:9696/networking/v2.0/security-groups?tenant_id=9a774bc8980b4e3cb3c1288f31396972&name=default 0.891s
2025-05-19 19:30:17.340 70659 INFO tempest.lib.common.rest_client [req-445f7031-dcda-4800-90f2-9e527a23f01a req-445f7031-dcda-4800-90f2-9e527a23f01a ] Request (ServersTestManualDisk:setUpClass): 201 POST http://10.180.1.21/identity/v3/auth/tokens 0.063s
2025-05-19 19:30:17.340 70659 INFO tempest.lib.common.fixed_network [-] (ServersTestManualDisk:setUpClass) Found network {'id': '9ddf08cf-60a3-466e-ac3a-c2079a839ae3', 'name': 'tempest-ServersTestManualDisk-1904782671-network', 'tenant_id': '275f1d25943f48a8ac6bae84ed5dba6c', 'admin_state_up': True, 'mtu': 8950, 'status': 'ACTIVE', 'subnets': [], 'shared': False, 'project_id': '275f1d25943f48a8ac6bae84ed5dba6c', 'port_security_enabled': True, 'router:external': False, 'provider:network_type': 'vlan', 'provider:physical_network': 'default', 'provider:segmentation_id': 122, 'availability_zone_hints': [], 'availability_zones': [], 'ipv4_address_scope': None, 'ipv6_address_scope': None, 'description': '', 'tags': [], 'created_at': '2025-05-19T19:30:08Z', 'updated_at': '2025-05-19T19:30:08Z', 'revision_number': 1} available for tenant
2025-05-19 19:30:17.400 70644 INFO tempest.lib.common.rest_client [req-82855693-1613-40b6-87fe-bf7c38ed85ca req-82855693-1613-40b6-87fe-bf7c38ed85ca ] Request (FlavorsExtraSpecsTestJSON:tearDownClass): 204 DELETE http://10.180.1.21:9696/networking/v2.0/security-groups/beb42033-26af-4a72-ae0b-d4bfcdf65c2e 0.582s
2025-05-19 19:30:17.485 70644 INFO tempest.lib.common.rest_client [req-92c6bf7e-3425-45de-8e5a-0fa9525b5b8f req-92c6bf7e-3425-45de-8e5a-0fa9525b5b8f ] Request (FlavorsExtraSpecsTestJSON:tearDownClass): 204 DELETE http://10.180.1.21/identity/v3/projects/fa48734d68374ac5a5aea759a1b4d807 0.085s
2025-05-19 19:30:17.485 70682 INFO tempest.lib.common.rest_client [req-82ceb3f2-ccc1-45cd-980e-2154d8a01199 req-82ceb3f2-ccc1-45cd-980e-2154d8a01199 ] Request (VolumesAssistedSnapshotsTest:tearDownClass): 204 DELETE http://10.180.1.21:9696/networking/v2.0/security-groups/aa8d0d14-8dfd-4be4-b96d-69dcfc21c4a6 0.524s
2025-05-19 19:30:17.542 70644 INFO tempest.lib.common.rest_client [req-424a4555-8c01-46d4-80e7-cfbddaf11a04 req-424a4555-8c01-46d4-80e7-cfbddaf11a04 ] Request (HypervisorAdminNegativeUnderV252Test:setUpClass): 201 POST http://10.180.1.21/identity/v3/auth/tokens 0.055s
2025-05-19 19:30:17.571 70644 INFO tempest.lib.common.rest_client [req-64412202-7402-424f-a418-a44e7771f625 req-64412202-7402-424f-a418-a44e7771f625 ] Request (HypervisorAdminNegativeUnderV252Test:setUpClass): 201 POST http://10.180.1.21/identity/v3/auth/tokens 0.026s
2025-05-19 19:30:17.597 70644 INFO tempest.lib.common.rest_client [req-6b49fd52-be47-4c71-9375-34de71bbd4ad req-6b49fd52-be47-4c71-9375-34de71bbd4ad ] Request (HypervisorAdminNegativeUnderV252Test:setUpClass): 200 GET http://10.180.1.21/identity/v3/domains?name=Default 0.026s
2025-05-19 19:30:17.602 70637 INFO tempest.lib.common.rest_client [req-aae46592-5101-4f5e-bb12-60112e370545 req-aae46592-5101-4f5e-bb12-60112e370545 ] Request (ServerRescueTestJSON:setUpClass): 201 POST http://10.180.1.21:9696/networking/v2.0/networks 1.644s
2025-05-19 19:30:17.647 70644 INFO tempest.lib.common.rest_client [req-def79614-0b74-4f8b-a43d-a9cce0c4510b req-def79614-0b74-4f8b-a43d-a9cce0c4510b ] Request (HypervisorAdminNegativeUnderV252Test:setUpClass): 201 POST http://10.180.1.21/identity/v3/projects 0.049s
2025-05-19 19:30:17.685 70682 INFO tempest.lib.common.rest_client [req-2210f8b8-6f50-4fc6-9200-f8487bbb04c0 req-2210f8b8-6f50-4fc6-9200-f8487bbb04c0 ] Request (VolumesAssistedSnapshotsTest:tearDownClass): 404 GET http://10.180.1.21:9696/networking/v2.0/security-groups/aa8d0d14-8dfd-4be4-b96d-69dcfc21c4a6 0.199s
2025-05-19 19:30:17.729 70644 INFO tempest.lib.common.rest_client [req-68932e94-69cb-4196-a775-5254b70044e6 req-68932e94-69cb-4196-a775-5254b70044e6 ] Request (HypervisorAdminNegativeUnderV252Test:setUpClass): 201 POST http://10.180.1.21/identity/v3/users 0.081s
2025-05-19 19:30:17.745 70635 INFO tempest.lib.common.rest_client [req-43fcc3ab-8666-4205-bd0c-bab3c47906be req-43fcc3ab-8666-4205-bd0c-bab3c47906be ] Request (MigrationsAdminTest:tearDownClass): 200 GET http://10.180.1.21:9696/networking/v2.0/security-groups?tenant_id=afa71a31934544e792802408b9b99ee0&name=default 0.704s
2025-05-19 19:30:17.752 70644 INFO tempest.lib.common.rest_client [req-f853c9b2-2ade-4d77-908c-38ea2cdcb031 req-f853c9b2-2ade-4d77-908c-38ea2cdcb031 ] Request (HypervisorAdminNegativeUnderV252Test:setUpClass): 200 GET http://10.180.1.21/identity/v3/roles 0.023s
2025-05-19 19:30:17.798 70644 INFO tempest.lib.common.rest_client [req-c8681a1b-40fa-4282-be61-69b8fc876e12 req-c8681a1b-40fa-4282-be61-69b8fc876e12 ] Request (HypervisorAdminNegativeUnderV252Test:setUpClass): 204 PUT http://10.180.1.21/identity/v3/projects/6fbf10b5b92343e98f4886cbdefade4b/users/547d0a68cd2749d2b3b5ef4551cb4d5f/roles/283864aeb03d49bcabc89f5420cf6984 0.046s
2025-05-19 19:30:17.799 70644 INFO tempest.lib.common.dynamic_creds [-] Dynamic test user 547d0a68cd2749d2b3b5ef4551cb4d5f is created with scope project and roles: ['member']
2025-05-19 19:30:17.799 70644 INFO tempest.lib.common.dynamic_creds [-] Acquired dynamic creds: credentials: Credentials: {'domain_id': 'default', 'domain_name': 'Default', 'username': 'tempest-HypervisorAdminNegativeUnderV252Test-799469045-project-member', 'project_domain_id': 'default', 'project_domain_name': 'Default', 'project_id': '6fbf10b5b92343e98f4886cbdefade4b', 'project_name': 'tempest-HypervisorAdminNegativeUnderV252Test-799469045', 'tenant_id': '6fbf10b5b92343e98f4886cbdefade4b', 'tenant_name': 'tempest-HypervisorAdminNegativeUnderV252Test-799469045', 'user_domain_id': 'default', 'user_domain_name': 'Default', 'user_id': '547d0a68cd2749d2b3b5ef4551cb4d5f', 'system': None}, Network: None, Subnet: None, Router: None
2025-05-19 19:30:17.799 70644 INFO tempest.lib.common.dynamic_creds [-] Created isolated network resources for: credentials: Credentials: {'domain_id': 'default', 'domain_name': 'Default', 'username': 'tempest-HypervisorAdminNegativeUnderV252Test-799469045-project-member', 'project_domain_id': 'default', 'project_domain_name': 'Default', 'project_id': '6fbf10b5b92343e98f4886cbdefade4b', 'project_name': 'tempest-HypervisorAdminNegativeUnderV252Test-799469045', 'tenant_id': '6fbf10b5b92343e98f4886cbdefade4b', 'tenant_name': 'tempest-HypervisorAdminNegativeUnderV252Test-799469045', 'user_domain_id': 'default', 'user_domain_name': 'Default', 'user_id': '547d0a68cd2749d2b3b5ef4551cb4d5f', 'system': None}, Network: None, Subnet: None, Router: None
2025-05-19 19:30:17.842 70672 INFO tempest.lib.common.rest_client [req-55a015ca-5a8f-46b9-997e-e7d095981b9c req-55a015ca-5a8f-46b9-997e-e7d095981b9c ] Request (ServersTestJSON:tearDownClass): 204 DELETE http://10.180.1.21:9696/networking/v2.0/floatingips/f8ce8b02-afcb-4790-822b-767a5d102797 1.247s
2025-05-19 19:30:17.863 70668 INFO tempest.lib.common.rest_client [req-9f48d87b-7755-48d9-a4e4-338e048d340d req-9f48d87b-7755-48d9-a4e4-338e048d340d ] Request (ServersAdminNegativeTestJSON:tearDownClass): 204 DELETE http://10.180.1.21:9696/networking/v2.0/security-groups/c16d335a-1cfb-47e9-9b52-db343f7460a4 0.530s
2025-05-19 19:30:17.876 70644 INFO tempest.lib.common.rest_client [req-a7e66e0b-ca0e-4d22-adf9-586a7ff8247a req-a7e66e0b-ca0e-4d22-adf9-586a7ff8247a ] Request (HypervisorAdminNegativeUnderV252Test:setUpClass): 201 POST http://10.180.1.21/identity/v3/auth/tokens 0.072s
2025-05-19 19:30:17.891 70660 INFO tempest.lib.common.rest_client [req-e67ecbdb-1da2-4f71-b474-d5f5087ca936 req-e67ecbdb-1da2-4f71-b474-d5f5087ca936 ] Request (ServerRescueTestJSONUnderV235:setUpClass): 200 PUT http://10.180.1.21:9696/networking/v2.0/routers/83ca5099-2580-4b7a-b260-a113b60b549f/add_router_interface 4.431s
2025-05-19 19:30:17.892 70660 INFO tempest.lib.common.dynamic_creds [-] Created isolated network resources for: credentials: Credentials: {'domain_id': 'default', 'domain_name': 'Default', 'username': 'tempest-ServerRescueTestJSONUnderV235-870209533-project-member', 'project_domain_id': 'default', 'project_domain_name': 'Default', 'project_id': '47ce418b5aab4211af52002c327bfe5d', 'project_name': 'tempest-ServerRescueTestJSONUnderV235-870209533', 'tenant_id': '47ce418b5aab4211af52002c327bfe5d', 'tenant_name': 'tempest-ServerRescueTestJSONUnderV235-870209533', 'user_domain_id': 'default', 'user_domain_name': 'Default', 'user_id': 'dd7b6734a68147cb8a3ce81d433a75a8', 'system': None}, Network: {'id': 'c6424f69-7770-40fb-b0f3-9d58c66ce07e', 'name': 'tempest-ServerRescueTestJSONUnderV235-1357525866-network', 'tenant_id': '47ce418b5aab4211af52002c327bfe5d', 'admin_state_up': True, 'mtu': 8950, 'status': 'ACTIVE', 'subnets': [], 'shared': False, 'project_id': '47ce418b5aab4211af52002c327bfe5d', 'port_security_enabled': True, 'router:external': False, 'provider:network_type': 'vlan', 'provider:physical_network': 'default', 'provider:segmentation_id': 422, 'availability_zone_hints': [], 'availability_zones': [], 'ipv4_address_scope': None, 'ipv6_address_scope': None, 'description': '', 'tags': [], 'created_at': '2025-05-19T19:30:11Z', 'updated_at': '2025-05-19T19:30:11Z', 'revision_number': 1}, Subnet: {'id': 'b60ebfff-db75-46af-af55-3c75bb5851dc', 'name': 'tempest-ServerRescueTestJSONUnderV235-1357525866-subnet', 'tenant_id': '47ce418b5aab4211af52002c327bfe5d', 'network_id': 'c6424f69-7770-40fb-b0f3-9d58c66ce07e', 'ip_version': 4, 'subnetpool_id': None, 'enable_dhcp': False, 'ipv6_ra_mode': None, 'ipv6_address_mode': None, 'gateway_ip': '192.168.128.1', 'cidr': '192.168.128.0/28', 'allocation_pools': [{'start': '192.168.128.2', 'end': '192.168.128.14'}], 'host_routes': [], 'dns_nameservers': [], 'description': '', 'router:external': False, 'service_types': [], 'tags': [], 'created_at': '2025-05-19T19:30:11Z', 'updated_at': '2025-05-19T19:30:11Z', 'revision_number': 0, 'project_id': '47ce418b5aab4211af52002c327bfe5d'}, Router: {'id': '83ca5099-2580-4b7a-b260-a113b60b549f', 'name': 'tempest-ServerRescueTestJSONUnderV235-1357525866-router', 'tenant_id': '47ce418b5aab4211af52002c327bfe5d', 'admin_state_up': True, 'status': 'ACTIVE', 'external_gateway_info': {'network_id': 'e4b35425-facb-4542-aea4-3871a85d16cf', 'external_fixed_ips': [{'subnet_id': '88fc8f68-f65f-4fba-b0b9-85804b2dee87', 'ip_address': '10.180.180.180'}], 'enable_snat': True}, 'description': '', 'availability_zones': [], 'distributed': False, 'ha': False, 'availability_zone_hints': [], 'routes': [], 'flavor_id': None, 'tags': [], 'created_at': '2025-05-19T19:30:12Z', 'updated_at': '2025-05-19T19:30:12Z', 'revision_number': 2, 'project_id': '47ce418b5aab4211af52002c327bfe5d'}
2025-05-19 19:30:17.942 70644 INFO tempest.lib.common.rest_client [req-9736de9c-d774-4ec4-b1ad-c41b668386de req-9736de9c-d774-4ec4-b1ad-c41b668386de ] Request (HypervisorAdminNegativeUnderV252Test:setUpClass): 201 POST http://10.180.1.21/identity/v3/projects 0.065s
2025-05-19 19:30:17.983 70668 INFO tempest.lib.common.rest_client [req-ab1b0726-09b9-489f-968d-a8eddd1b829a req-ab1b0726-09b9-489f-968d-a8eddd1b829a ] Request (ServersAdminNegativeTestJSON:tearDownClass): 204 DELETE http://10.180.1.21/identity/v3/projects/9a774bc8980b4e3cb3c1288f31396972 0.120s
2025-05-19 19:30:17.983 70668 INFO tempest.lib.common.dynamic_creds [-] Deleting project and security group for project: de3b4fdf25774a118730ff3ffdc610b6
2025-05-19 19:30:18.010 70660 INFO tempest.lib.common.rest_client [req-a1c6a045-42f9-43c1-8226-26a1d22fbffd req-a1c6a045-42f9-43c1-8226-26a1d22fbffd ] Request (ServerRescueTestJSONUnderV235:setUpClass): 201 POST http://10.180.1.21/identity/v3/auth/tokens 0.112s
2025-05-19 19:30:18.048 70656 INFO tempest.lib.common.rest_client [req-cb8a71bb-804e-487c-ab64-4e26b6a84744 req-cb8a71bb-804e-487c-ab64-4e26b6a84744 ] Request (FloatingIPDetailsTestJSON:tearDownClass): 202 DELETE http://10.180.1.21/compute/v2.1/os-floating-ips/c78aefac-f9fe-4879-b6ec-20feae8761ed 3.466s
2025-05-19 19:30:18.053 70644 INFO tempest.lib.common.rest_client [req-16e6c2f2-6549-45e6-ac06-7dc90c43b8ad req-16e6c2f2-6549-45e6-ac06-7dc90c43b8ad ] Request (HypervisorAdminNegativeUnderV252Test:setUpClass): 201 POST http://10.180.1.21/identity/v3/users 0.111s
2025-05-19 19:30:18.056 70660 INFO tempest.lib.common.rest_client [req-69b99499-1544-48fd-b31c-6f8efaa2d353 req-69b99499-1544-48fd-b31c-6f8efaa2d353 ] Request (ServerRescueTestJSONUnderV235:setUpClass): 201 POST http://10.180.1.21/identity/v3/auth/tokens 0.039s
2025-05-19 19:30:18.057 70660 INFO tempest.lib.common.fixed_network [-] (ServerRescueTestJSONUnderV235:setUpClass) Found network {'id': 'c6424f69-7770-40fb-b0f3-9d58c66ce07e', 'name': 'tempest-ServerRescueTestJSONUnderV235-1357525866-network', 'tenant_id': '47ce418b5aab4211af52002c327bfe5d', 'admin_state_up': True, 'mtu': 8950, 'status': 'ACTIVE', 'subnets': [], 'shared': False, 'project_id': '47ce418b5aab4211af52002c327bfe5d', 'port_security_enabled': True, 'router:external': False, 'provider:network_type': 'vlan', 'provider:physical_network': 'default', 'provider:segmentation_id': 422, 'availability_zone_hints': [], 'availability_zones': [], 'ipv4_address_scope': None, 'ipv6_address_scope': None, 'description': '', 'tags': [], 'created_at': '2025-05-19T19:30:11Z', 'updated_at': '2025-05-19T19:30:11Z', 'revision_number': 1} available for tenant
2025-05-19 19:30:18.083 70644 INFO tempest.lib.common.rest_client [req-48f26195-c576-4ff1-86b7-dcf1001a1069 req-48f26195-c576-4ff1-86b7-dcf1001a1069 ] Request (HypervisorAdminNegativeUnderV252Test:setUpClass): 200 GET http://10.180.1.21/identity/v3/roles 0.029s
2025-05-19 19:30:18.097 70654 INFO tempest.lib.common.rest_client [req-85d04650-db84-44ce-be65-f24212830ecc req-85d04650-db84-44ce-be65-f24212830ecc ] Request (ServerDiskConfigTestJSON:test_resize_server_from_auto_to_manual): 202 POST http://10.180.1.21/compute/v2.1/servers 3.390s
2025-05-19 19:30:18.126 70644 INFO tempest.lib.common.rest_client [req-f084decd-7ad4-46bd-a8b1-ca774db39c22 req-f084decd-7ad4-46bd-a8b1-ca774db39c22 ] Request (HypervisorAdminNegativeUnderV252Test:setUpClass): 204 PUT http://10.180.1.21/identity/v3/projects/408cf50754464fa9a0723fae945c506e/users/acd5f99a6cf84e15bb203610b6a860f0/roles/26380e09c9454b11a8a0b2bd8a3a4b7d 0.043s
2025-05-19 19:30:18.171 70676 INFO tempest.lib.common.rest_client [req-e62cf183-e814-4ed6-919a-c0d9054faff3 req-e62cf183-e814-4ed6-919a-c0d9054faff3 ] Request (SecurityGroupsNegativeTestJSON:setUpClass): 201 POST http://10.180.1.21:9696/networking/v2.0/subnets 1.113s
2025-05-19 19:30:18.190 70624 INFO tempest.lib.common.rest_client [req-a000f3e1-be4b-45ec-89a7-bd4bced98cdb req-a000f3e1-be4b-45ec-89a7-bd4bced98cdb ] Request (ImagesOneServerTestJSON:setUpClass): 200 GET http://10.180.1.21/compute/v2.1/servers/bb4eea27-a7b6-4871-bb9e-5b8be391fd68 3.415s
2025-05-19 19:30:18.193 70644 INFO tempest.lib.common.rest_client [req-d2691982-88c6-49e2-81fe-7ac18eb49b7c req-d2691982-88c6-49e2-81fe-7ac18eb49b7c ] Request (HypervisorAdminNegativeUnderV252Test:setUpClass): 200 GET http://10.180.1.21/identity/v3/roles 0.066s
2025-05-19 19:30:18.196 70678 INFO tempest.lib.common.rest_client [req-d3774997-5a18-4ab9-8e9a-b29bb09f1953 req-d3774997-5a18-4ab9-8e9a-b29bb09f1953 ] Request (ImagesNegativeTestJSON:tearDownClass): 204 DELETE http://10.180.1.21:9696/networking/v2.0/networks/b0110319-dc75-4a79-9b2a-9df7539c8afc 1.324s
2025-05-19 19:30:18.225 70644 INFO tempest.lib.common.rest_client [req-d8697286-0b3c-4ea0-80c4-7599660a9e53 req-d8697286-0b3c-4ea0-80c4-7599660a9e53 ] Request (HypervisorAdminNegativeUnderV252Test:setUpClass): 204 PUT http://10.180.1.21/identity/v3/projects/408cf50754464fa9a0723fae945c506e/users/acd5f99a6cf84e15bb203610b6a860f0/roles/26380e09c9454b11a8a0b2bd8a3a4b7d 0.031s
2025-05-19 19:30:18.225 70644 INFO tempest.lib.common.dynamic_creds [-] Dynamic test user acd5f99a6cf84e15bb203610b6a860f0 is created with scope project and roles: ['admin']
2025-05-19 19:30:18.226 70644 INFO tempest.lib.common.dynamic_creds [-] Acquired dynamic creds: credentials: Credentials: {'domain_id': 'default', 'domain_name': 'Default', 'username': 'tempest-HypervisorAdminNegativeUnderV252Test-1725847083-project-admin', 'project_domain_id': 'default', 'project_domain_name': 'Default', 'project_id': '408cf50754464fa9a0723fae945c506e', 'project_name': 'tempest-HypervisorAdminNegativeUnderV252Test-1725847083', 'tenant_id': '408cf50754464fa9a0723fae945c506e', 'tenant_name': 'tempest-HypervisorAdminNegativeUnderV252Test-1725847083', 'user_domain_id': 'default', 'user_domain_name': 'Default', 'user_id': 'acd5f99a6cf84e15bb203610b6a860f0', 'system': None}, Network: None, Subnet: None, Router: None
2025-05-19 19:30:18.226 70644 INFO tempest.lib.common.dynamic_creds [-] Created isolated network resources for: credentials: Credentials: {'domain_id': 'default', 'domain_name': 'Default', 'username': 'tempest-HypervisorAdminNegativeUnderV252Test-1725847083-project-admin', 'project_domain_id': 'default', 'project_domain_name': 'Default', 'project_id': '408cf50754464fa9a0723fae945c506e', 'project_name': 'tempest-HypervisorAdminNegativeUnderV252Test-1725847083', 'tenant_id': '408cf50754464fa9a0723fae945c506e', 'tenant_name': 'tempest-HypervisorAdminNegativeUnderV252Test-1725847083', 'user_domain_id': 'default', 'user_domain_name': 'Default', 'user_id': 'acd5f99a6cf84e15bb203610b6a860f0', 'system': None}, Network: None, Subnet: None, Router: None
2025-05-19 19:30:18.260 70635 INFO tempest.lib.common.rest_client [req-9f6dd7f7-7243-444f-8c35-805507d89b44 req-9f6dd7f7-7243-444f-8c35-805507d89b44 ] Request (MigrationsAdminTest:tearDownClass): 204 DELETE http://10.180.1.21:9696/networking/v2.0/security-groups/19fb0e6a-552a-47fc-92ac-5534c541f06d 0.514s
2025-05-19 19:30:18.289 70678 INFO tempest.lib.common.rest_client [req-a3e87398-bbd2-4616-bde6-e11f55c534a4 req-a3e87398-bbd2-4616-bde6-e11f55c534a4 ] Request (ImagesNegativeTestJSON:tearDownClass): 204 DELETE http://10.180.1.21/identity/v3/users/00fe04e8354b4f7d87bc2a1fbd0daaff 0.091s
2025-05-19 19:30:18.289 70678 INFO tempest.lib.common.dynamic_creds [-] Deleting project and security group for project: 511b86132d2c466da501fcc00ac30800
2025-05-19 19:30:18.321 70644 INFO tempest.lib.common.rest_client [req-58b3cfa6-d4f3-4322-b3e6-ad85379b7ee1 req-58b3cfa6-d4f3-4322-b3e6-ad85379b7ee1 ] Request (HypervisorAdminNegativeUnderV252Test:setUpClass): 201 POST http://10.180.1.21/identity/v3/auth/tokens 0.092s
2025-05-19 19:30:18.389 70635 INFO tempest.lib.common.rest_client [req-66d6d696-65e0-4262-bae0-c80c08dd498f req-66d6d696-65e0-4262-bae0-c80c08dd498f ] Request (MigrationsAdminTest:tearDownClass): 204 DELETE http://10.180.1.21/identity/v3/projects/afa71a31934544e792802408b9b99ee0 0.128s
2025-05-19 19:30:18.409 70678 INFO tempest.lib.common.rest_client [req-1f88cac9-5a0d-4cf7-b1d8-1ad84fde57ec req-1f88cac9-5a0d-4cf7-b1d8-1ad84fde57ec ] Request (ImagesNegativeTestJSON:tearDownClass): 200 GET http://10.180.1.21:9696/networking/v2.0/security-groups?tenant_id=511b86132d2c466da501fcc00ac30800&name=default 0.120s
2025-05-19 19:30:18.416 70668 INFO tempest.lib.common.rest_client [req-eddcd585-4103-493a-9d7d-68f2971b1ad8 req-eddcd585-4103-493a-9d7d-68f2971b1ad8 ] Request (ServersAdminNegativeTestJSON:tearDownClass): 200 GET http://10.180.1.21:9696/networking/v2.0/security-groups?tenant_id=de3b4fdf25774a118730ff3ffdc610b6&name=default 0.432s
2025-05-19 19:30:18.478 70635 INFO tempest.lib.common.rest_client [req-c1947a1f-73c5-4462-8e7a-d59fd0bf7369 req-c1947a1f-73c5-4462-8e7a-d59fd0bf7369 ] Request (QuotasAdminNegativeTest:setUpClass): 201 POST http://10.180.1.21/identity/v3/auth/tokens 0.088s
2025-05-19 19:30:18.515 70635 INFO tempest.lib.common.rest_client [req-5d722b56-5bac-4329-91d5-f3616d409e81 req-5d722b56-5bac-4329-91d5-f3616d409e81 ] Request (QuotasAdminNegativeTest:setUpClass): 201 POST http://10.180.1.21/identity/v3/auth/tokens 0.033s
2025-05-19 19:30:18.546 70635 INFO tempest.lib.common.rest_client [req-f5de9bea-6cb8-4d69-8243-70f40c16f8f1 req-f5de9bea-6cb8-4d69-8243-70f40c16f8f1 ] Request (QuotasAdminNegativeTest:setUpClass): 200 GET http://10.180.1.21/identity/v3/domains?name=Default 0.030s
2025-05-19 19:30:18.606 70674 INFO tempest.lib.common.rest_client [req-51c4be85-9574-4cc8-8c71-b9f8b42e01ff req-51c4be85-9574-4cc8-8c71-b9f8b42e01ff ] Request (ServersAdminTestJSON:tearDownClass): 204 DELETE http://10.180.1.21:9696/networking/v2.0/networks/712aad0e-dc0e-4778-a599-821b041a68c1 1.436s
2025-05-19 19:30:18.611 70635 INFO tempest.lib.common.rest_client [req-5d1e8e37-3240-464b-9aa2-470c8c83c667 req-5d1e8e37-3240-464b-9aa2-470c8c83c667 ] Request (QuotasAdminNegativeTest:setUpClass): 201 POST http://10.180.1.21/identity/v3/projects 0.064s
2025-05-19 19:30:18.641 70664 INFO tempest.lib.common.rest_client [req-db8bc835-2561-4666-b983-fbb7226655b1 req-db8bc835-2561-4666-b983-fbb7226655b1 ] Request (FloatingIPsAssociationNegativeTestJSON:tearDownClass): 204 DELETE http://10.180.1.21:9696/networking/v2.0/routers/ca63b5b4-afbe-4306-81f5-c0be45fd435a 2.246s
2025-05-19 19:30:18.707 70635 INFO tempest.lib.common.rest_client [req-895b8f31-faac-4baa-92be-e36bfb0cdc20 req-895b8f31-faac-4baa-92be-e36bfb0cdc20 ] Request (QuotasAdminNegativeTest:setUpClass): 201 POST http://10.180.1.21/identity/v3/users 0.095s
2025-05-19 19:30:18.740 70635 INFO tempest.lib.common.rest_client [req-8c46bc1f-2b8e-40f6-a419-f2bf4795f944 req-8c46bc1f-2b8e-40f6-a419-f2bf4795f944 ] Request (QuotasAdminNegativeTest:setUpClass): 200 GET http://10.180.1.21/identity/v3/roles 0.032s
2025-05-19 19:30:18.783 70637 INFO tempest.lib.common.rest_client [req-4b78ae76-47bb-4331-b99d-334fe55338dc req-4b78ae76-47bb-4331-b99d-334fe55338dc ] Request (ServerRescueTestJSON:setUpClass): 201 POST http://10.180.1.21:9696/networking/v2.0/subnets 1.181s
2025-05-19 19:30:18.796 70635 INFO tempest.lib.common.rest_client [req-f93cba32-7269-4121-963d-162225e00278 req-f93cba32-7269-4121-963d-162225e00278 ] Request (QuotasAdminNegativeTest:setUpClass): 204 PUT http://10.180.1.21/identity/v3/projects/232f6bc0797a4654a4fd2a3e4e088694/users/16be6c2c49ce4876ad994d860b926ca9/roles/283864aeb03d49bcabc89f5420cf6984 0.055s
2025-05-19 19:30:18.796 70635 INFO tempest.lib.common.dynamic_creds [-] Dynamic test user 16be6c2c49ce4876ad994d860b926ca9 is created with scope project and roles: ['member']
2025-05-19 19:30:18.797 70635 INFO tempest.lib.common.dynamic_creds [-] Acquired dynamic creds: credentials: Credentials: {'domain_id': 'default', 'domain_name': 'Default', 'username': 'tempest-QuotasAdminNegativeTest-1358002140-project-member', 'project_domain_id': 'default', 'project_domain_name': 'Default', 'project_id': '232f6bc0797a4654a4fd2a3e4e088694', 'project_name': 'tempest-QuotasAdminNegativeTest-1358002140', 'tenant_id': '232f6bc0797a4654a4fd2a3e4e088694', 'tenant_name': 'tempest-QuotasAdminNegativeTest-1358002140', 'user_domain_id': 'default', 'user_domain_name': 'Default', 'user_id': '16be6c2c49ce4876ad994d860b926ca9', 'system': None}, Network: None, Subnet: None, Router: None
2025-05-19 19:30:18.797 70635 INFO tempest.lib.common.dynamic_creds [-] Created isolated network resources for: credentials: Credentials: {'domain_id': 'default', 'domain_name': 'Default', 'username': 'tempest-QuotasAdminNegativeTest-1358002140-project-member', 'project_domain_id': 'default', 'project_domain_name': 'Default', 'project_id': '232f6bc0797a4654a4fd2a3e4e088694', 'project_name': 'tempest-QuotasAdminNegativeTest-1358002140', 'tenant_id': '232f6bc0797a4654a4fd2a3e4e088694', 'tenant_name': 'tempest-QuotasAdminNegativeTest-1358002140', 'user_domain_id': 'default', 'user_domain_name': 'Default', 'user_id': '16be6c2c49ce4876ad994d860b926ca9', 'system': None}, Network: None, Subnet: None, Router: None
2025-05-19 19:30:18.822 70678 INFO tempest.lib.common.rest_client [req-85676b9e-c745-4615-ae9a-0c82ced7f29f req-85676b9e-c745-4615-ae9a-0c82ced7f29f ] Request (ImagesNegativeTestJSON:tearDownClass): 204 DELETE http://10.180.1.21:9696/networking/v2.0/security-groups/d5e681f3-5b87-4ac2-9977-d7d446ca6f0a 0.413s
2025-05-19 19:30:18.825 70620 INFO tempest.lib.common.rest_client [req-da2b81dc-1fe5-4443-97dc-0ddac1f7bc4d req-da2b81dc-1fe5-4443-97dc-0ddac1f7bc4d ] Request (SecurityGroupsTestAdminJSON:test_list_security_groups_list_all_tenants_filter): 200 POST http://10.180.1.21/compute/v2.1/os-security-groups 3.412s
2025-05-19 19:30:18.846 70670 INFO tempest.lib.common.rest_client [req-6213f8c8-a8b9-4d62-9ce3-fa08b6bbf4fc req-6213f8c8-a8b9-4d62-9ce3-fa08b6bbf4fc ] Request (SecurityGroupRulesTestJSON:test_security_group_rules_list): 200 POST http://10.180.1.21/compute/v2.1/os-security-group-rules 3.636s
2025-05-19 19:30:18.860 70668 INFO tempest.lib.common.rest_client [req-727b6277-f07a-451f-8b2b-19b0bdfec837 req-727b6277-f07a-451f-8b2b-19b0bdfec837 ] Request (ServersAdminNegativeTestJSON:tearDownClass): 204 DELETE http://10.180.1.21:9696/networking/v2.0/security-groups/1123122a-ce4c-41a5-a827-a01a30b65a0b 0.443s
2025-05-19 19:30:18.877 70682 INFO tempest.lib.common.rest_client [req-fee70952-3963-4cc8-b476-fbba61cc872f req-fee70952-3963-4cc8-b476-fbba61cc872f ] Request (VolumesAssistedSnapshotsTest:tearDownClass): 204 DELETE http://10.180.1.21:9696/networking/v2.0/floatingips/873dfeeb-321e-41b1-b8f2-b2c34f1b3aa8 1.191s
2025-05-19 19:30:18.892 70642 INFO tempest.lib.common.rest_client [req-ea5abca0-a218-4f76-8828-1cfc3a04ac56 req-ea5abca0-a218-4f76-8828-1cfc3a04ac56 ] Request (VolumesAdminNegativeTest:test_update_attached_volume_with_nonexistent_volume_in_body): 404 GET http://10.180.1.21/compute/v2.1/servers/bc6a7b49-a8fe-49ed-846f-29f9b6de19a4 2.864s
2025-05-19 19:30:18.901 70682 INFO tempest.lib.common.rest_client [req-c312febf-f15b-4bb2-a9d1-320906da418d req-c312febf-f15b-4bb2-a9d1-320906da418d ] Request (VolumesAssistedSnapshotsTest:tearDownClass): 404 DELETE http://10.180.1.21/volume/v3/volumes/d05648bd-f06e-4521-b09b-b3d2b801cabd 0.023s
2025-05-19 19:30:18.917 70635 INFO tempest.lib.common.rest_client [req-8644b402-51d2-4e65-89de-fda573cb1c52 req-8644b402-51d2-4e65-89de-fda573cb1c52 ] Request (QuotasAdminNegativeTest:setUpClass): 201 POST http://10.180.1.21/identity/v3/auth/tokens 0.116s
2025-05-19 19:30:18.922 70682 INFO tempest.lib.common.rest_client [req-ef61f042-8762-4899-999c-7224947941de req-ef61f042-8762-4899-999c-7224947941de ] Request (VolumesAssistedSnapshotsTest:tearDownClass): 404 GET http://10.180.1.21/volume/v3/volumes/d05648bd-f06e-4521-b09b-b3d2b801cabd 0.021s
2025-05-19 19:30:18.927 70632 INFO tempest.lib.common.rest_client [req-56006f57-6bb8-4590-b64b-bcf07c4c8cfd req-56006f57-6bb8-4590-b64b-bcf07c4c8cfd ] Request (FlavorsAccessNegativeTestJSON:test_flavor_non_admin_remove): 200 POST http://10.180.1.21/compute/v2.1/flavors 2.866s
2025-05-19 19:30:18.987 70668 INFO tempest.lib.common.rest_client [req-26681e92-290b-4877-b767-523d76b03267 req-26681e92-290b-4877-b767-523d76b03267 ] Request (ServersAdminNegativeTestJSON:tearDownClass): 204 DELETE http://10.180.1.21/identity/v3/projects/de3b4fdf25774a118730ff3ffdc610b6 0.125s
2025-05-19 19:30:18.990 70668 INFO tempest.test [-] raised in TestVolumeSwap.setUpClass. Invoking tearDownClass.
2025-05-19 19:30:19.009 70678 INFO tempest.lib.common.rest_client [req-5008d7da-ce95-4f77-aaf0-3584640fe04d req-5008d7da-ce95-4f77-aaf0-3584640fe04d ] Request (ImagesNegativeTestJSON:tearDownClass): 204 DELETE http://10.180.1.21/identity/v3/projects/511b86132d2c466da501fcc00ac30800 0.186s
2025-05-19 19:30:19.010 70678 INFO tempest.test [-] raised in ServerBootFromVolumeStableRescueTest.setUpClass. Invoking tearDownClass.
2025-05-19 19:30:19.010 70640 INFO tempest.lib.common.rest_client [req-b155efa0-7308-4964-817b-99706575464f req-b155efa0-7308-4964-817b-99706575464f ] Request (FloatingIPsTestJSON:tearDownClass): 204 DELETE http://10.180.1.21:9696/networking/v2.0/routers/70ebe487-c931-4c13-bb35-d93795ff07dd 1.788s
2025-05-19 19:30:19.055 70667 INFO tempest.lib.common.rest_client [req-5c5b6e8b-4462-49f9-b654-4997d2edff87 req-5c5b6e8b-4462-49f9-b654-4997d2edff87 ] Request (ImagesMetadataTestJSON:test_delete_image_metadata_item): 204 DELETE http://10.180.1.21/compute/v2.1/images/061b0f46-8442-4b5f-b220-6bfd1f543cc8/metadata/os_version 3.555s
2025-05-19 19:30:19.058 70664 INFO tempest.lib.common.rest_client [req-f0f0388a-ee83-4b73-b2b5-e2568aef9fd1 req-f0f0388a-ee83-4b73-b2b5-e2568aef9fd1 ] Request (FloatingIPsAssociationNegativeTestJSON:tearDownClass): 204 DELETE http://10.180.1.21:9696/networking/v2.0/subnets/17a93bef-11e0-4f84-a79a-89778d695f9b 0.416s
2025-05-19 19:30:19.068 70642 INFO tempest.lib.common.rest_client [req-260c16d7-9fe0-41ef-a7d3-70638550432a req-260c16d7-9fe0-41ef-a7d3-70638550432a ] Request (VolumesAdminNegativeTest:test_update_attached_volume_with_nonexistent_volume_in_uri): 201 POST http://10.180.1.21/identity/v3/auth/tokens 0.167s
2025-05-19 19:30:19.068 70642 INFO tempest.lib.common.fixed_network [-] (VolumesAdminNegativeTest:test_update_attached_volume_with_nonexistent_volume_in_uri) Found network {'id': 'e6a781c6-f251-446b-8252-04bdb62e5cf1', 'name': 'tempest-VolumesAdminNegativeTest-538190327-network', 'tenant_id': 'ac5aeb947f23452189c16f0e0d525727', 'admin_state_up': True, 'mtu': 8950, 'status': 'ACTIVE', 'subnets': [], 'shared': False, 'project_id': 'ac5aeb947f23452189c16f0e0d525727', 'port_security_enabled': True, 'router:external': False, 'provider:network_type': 'vlan', 'provider:physical_network': 'default', 'provider:segmentation_id': 353, 'availability_zone_hints': [], 'availability_zones': [], 'ipv4_address_scope': None, 'ipv6_address_scope': None, 'description': '', 'tags': [], 'created_at': '2025-05-19T19:29:51Z', 'updated_at': '2025-05-19T19:29:51Z', 'revision_number': 1} available for tenant
2025-05-19 19:30:19.119 70635 INFO tempest.lib.common.rest_client [req-dab1035f-15f3-497e-88c4-3f008441935f req-dab1035f-15f3-497e-88c4-3f008441935f ] Request (QuotasAdminNegativeTest:setUpClass): 201 POST http://10.180.1.21/identity/v3/projects 0.200s
2025-05-19 19:30:19.178 70668 INFO tempest.lib.common.rest_client [req-8a46281e-0d0d-48cc-9931-b6cb7e746a7a req-8a46281e-0d0d-48cc-9931-b6cb7e746a7a ] Request (AttachVolumeShelveTestJSON:setUpClass): 201 POST http://10.180.1.21/identity/v3/auth/tokens 0.178s
2025-05-19 19:30:19.207 70678 INFO tempest.lib.common.rest_client [req-b0956860-b828-49ea-a6e0-dca8e541a818 req-b0956860-b828-49ea-a6e0-dca8e541a818 ] Request (ServerRescueNegativeTestJSON:setUpClass): 201 POST http://10.180.1.21/identity/v3/auth/tokens 0.190s
2025-05-19 19:30:19.230 70635 INFO tempest.lib.common.rest_client [req-05cafbe7-56d0-4099-8b8d-d34e65d6517a req-05cafbe7-56d0-4099-8b8d-d34e65d6517a ] Request (QuotasAdminNegativeTest:setUpClass): 201 POST http://10.180.1.21/identity/v3/users 0.111s
2025-05-19 19:30:19.238 70662 INFO tempest.lib.common.rest_client [req-17933cee-137a-4cb5-a72b-08cf3c1d806a req-17933cee-137a-4cb5-a72b-08cf3c1d806a ] Request (ServicesAdminNegativeV253TestJSON:test_list_services_with_non_admin_user): 403 GET http://10.180.1.21/compute/v2.1/os-services 3.138s
2025-05-19 19:30:19.256 70678 INFO tempest.lib.common.rest_client [req-9bc96bdf-b4d9-401c-842b-102633460f93 req-9bc96bdf-b4d9-401c-842b-102633460f93 ] Request (ServerRescueNegativeTestJSON:setUpClass): 201 POST http://10.180.1.21/identity/v3/auth/tokens 0.046s
2025-05-19 19:30:19.257 70668 INFO tempest.lib.common.rest_client [req-1d297eda-27b8-4343-a5df-036bd6f55aed req-1d297eda-27b8-4343-a5df-036bd6f55aed ] Request (AttachVolumeShelveTestJSON:setUpClass): 201 POST http://10.180.1.21/identity/v3/auth/tokens 0.076s
2025-05-19 19:30:19.274 70650 INFO tempest.lib.common.rest_client [req-b7fe712d-0bd2-4b1e-bc10-b8c79e405543 req-b7fe712d-0bd2-4b1e-bc10-b8c79e405543 ] Request (ServerGroupTestJSON:test_create_delete_multiple_server_groups_with_same_name_policy): 204 DELETE http://10.180.1.21/compute/v2.1/os-server-groups/4adbc0e1-2c10-449b-b422-450fd4023119 3.157s
2025-05-19 19:30:19.275 70635 INFO tempest.lib.common.rest_client [req-77c41551-6efb-4d15-bd48-9b6490e33fbf req-77c41551-6efb-4d15-bd48-9b6490e33fbf ] Request (QuotasAdminNegativeTest:setUpClass): 200 GET http://10.180.1.21/identity/v3/roles 0.044s
2025-05-19 19:30:19.296 70678 INFO tempest.lib.common.rest_client [req-c571567e-8688-400f-b167-19b0420704ef req-c571567e-8688-400f-b167-19b0420704ef ] Request (ServerRescueNegativeTestJSON:setUpClass): 200 GET http://10.180.1.21/identity/v3/domains?name=Default 0.039s
2025-05-19 19:30:19.300 70630 INFO tempest.lib.common.rest_client [req-dd920cc7-512f-4a57-b1bc-a8355c46ad18 req-dd920cc7-512f-4a57-b1bc-a8355c46ad18 ] Request (AggregatesAdminNegativeTestJSON:test_aggregate_create_with_existent_aggregate_name): 200 POST http://10.180.1.21/compute/v2.1/os-aggregates 3.162s
2025-05-19 19:30:19.306 70622 INFO tempest.lib.common.rest_client [req-be7b9355-6d05-4711-b196-4dcea110b51e req-be7b9355-6d05-4711-b196-4dcea110b51e ] Request (FlavorsExtraSpecsNegativeTestJSON:test_flavor_non_admin_set_keys): 403 POST http://10.180.1.21/compute/v2.1/flavors/87991010/os-extra_specs 3.147s
2025-05-19 19:30:19.330 70648 INFO tempest.lib.common.rest_client [req-9497a3e0-7485-416d-a029-0f52aaa4794d req-9497a3e0-7485-416d-a029-0f52aaa4794d ] Request (FlavorsAdminTestJSON:_run_cleanups): 200 GET http://10.180.1.21/compute/v2.1/flavors/detail 3.169s
2025-05-19 19:30:19.339 70662 INFO tempest.lib.common.rest_client [req-c76be8a8-7efa-4bfa-b9eb-080d2c517130 req-c76be8a8-7efa-4bfa-b9eb-080d2c517130 ] Request (ServicesAdminNegativeV253TestJSON:tearDownClass): 204 DELETE http://10.180.1.21/identity/v3/users/887cef9601cf42c68179457a83dbb501 0.098s
2025-05-19 19:30:19.347 70638 INFO tempest.lib.common.rest_client [req-23b55ed5-17cf-42b2-8a8c-3f06e356ec81 req-23b55ed5-17cf-42b2-8a8c-3f06e356ec81 ] Request (KeyPairsV22TestJSON:_run_cleanups): 204 DELETE http://10.180.1.21/compute/v2.1/os-keypairs/tempest-keypair-1606473885 3.170s
2025-05-19 19:30:19.360 70668 INFO tempest.lib.common.rest_client [req-78f981d2-4354-4f78-9153-e9b5f6b053c3 req-78f981d2-4354-4f78-9153-e9b5f6b053c3 ] Request (AttachVolumeShelveTestJSON:setUpClass): 200 GET http://10.180.1.21/identity/v3/domains?name=Default 0.102s
2025-05-19 19:30:19.374 70664 INFO tempest.lib.common.rest_client [req-de2e9f39-9739-4b45-acd9-66088d961abe req-de2e9f39-9739-4b45-acd9-66088d961abe ] Request (FloatingIPsAssociationNegativeTestJSON:tearDownClass): 204 DELETE http://10.180.1.21:9696/networking/v2.0/networks/addfe63c-74aa-48a0-8876-947b888f2540 0.316s
2025-05-19 19:30:19.378 70626 INFO tempest.lib.common.rest_client [req-d5a7f691-25b1-440f-8085-7dec7dc0f332 req-d5a7f691-25b1-440f-8085-7dec7dc0f332 ] Request (ServersWithSpecificFlavorTestJSON:test_verify_created_server_ephemeral_disk): 404 GET http://10.180.1.21/compute/v2.1/servers/0df027e7-798e-44e0-a3df-d8fd72edcd04 2.849s
2025-05-19 19:30:19.385 70640 INFO tempest.lib.common.rest_client [req-a48223fd-b8ff-4faa-b8f3-c490e39c4c55 req-a48223fd-b8ff-4faa-b8f3-c490e39c4c55 ] Request (FloatingIPsTestJSON:tearDownClass): 204 DELETE http://10.180.1.21:9696/networking/v2.0/subnets/f1e39cbf-15fb-4e3b-926e-d0f9ffd535e7 0.375s
2025-05-19 19:30:19.419 70635 INFO tempest.lib.common.rest_client [req-e35c8ec6-3ee5-42c1-90d5-0e8ed155f4f7 req-e35c8ec6-3ee5-42c1-90d5-0e8ed155f4f7 ] Request (QuotasAdminNegativeTest:setUpClass): 204 PUT http://10.180.1.21/identity/v3/projects/d621cb9800ec48eaa0f2150869f6b4ad/users/7472ebe619fc44d89aad0c250fe721c2/roles/26380e09c9454b11a8a0b2bd8a3a4b7d 0.144s
2025-05-19 19:30:19.443 70678 INFO tempest.lib.common.rest_client [req-1115e8f6-6108-4204-97b2-b7e5a0690f82 req-1115e8f6-6108-4204-97b2-b7e5a0690f82 ] Request (ServerRescueNegativeTestJSON:setUpClass): 201 POST http://10.180.1.21/identity/v3/projects 0.145s
2025-05-19 19:30:19.455 70646 INFO tempest.lib.common.rest_client [req-780f90d7-025d-430d-8a3a-2fe550db711b req-780f90d7-025d-430d-8a3a-2fe550db711b ] Request (ListImageFiltersTestJSON:setUpClass): 202 POST http://10.180.1.21/compute/v2.1/servers 3.348s
2025-05-19 19:30:19.489 70652 INFO tempest.lib.common.rest_client [req-69915df2-fbaa-4b37-9650-b084584cac23 req-69915df2-fbaa-4b37-9650-b084584cac23 ] Request (ServerTagsTestJSON:setUpClass): 404 GET http://10.180.1.21/compute/v2.1/servers/3ef717e6-3e9a-42d5-92c8-d3fda966687e 2.548s
2025-05-19 19:30:19.491 70652 INFO tempest.test [-] raised in ServerTagsTestJSON.setUpClass. Invoking tearDownClass.
2025-05-19 19:30:19.507 70628 INFO tempest.lib.common.rest_client [req-5f6c2c8d-71c5-4e48-b9d9-5c598a112e56 req-5f6c2c8d-71c5-4e48-b9d9-5c598a112e56 ] Request (ImagesOneServerNegativeTestJSON:setUpClass): 200 GET http://10.180.1.21/compute/v2.1/servers/895472a8-5b48-4a6b-a36a-d4b23cc80bc8 2.854s
2025-05-19 19:30:19.526 70668 INFO tempest.lib.common.rest_client [req-06b96739-55eb-4fcc-96de-468d0a294852 req-06b96739-55eb-4fcc-96de-468d0a294852 ] Request (AttachVolumeShelveTestJSON:setUpClass): 201 POST http://10.180.1.21/identity/v3/projects 0.166s
2025-05-19 19:30:19.575 70662 INFO tempest.lib.common.rest_client [req-7e43d8ae-ba17-45c6-8b4e-9c89eeb17817 req-7e43d8ae-ba17-45c6-8b4e-9c89eeb17817 ] Request (ServicesAdminNegativeV253TestJSON:tearDownClass): 204 DELETE http://10.180.1.21/identity/v3/users/7cd921415aed468497d6803019353e8f 0.236s
2025-05-19 19:30:19.576 70662 INFO tempest.lib.common.dynamic_creds [-] Deleting project and security group for project: 62daf32dadf143ac84026a2404a02657
2025-05-19 19:30:19.668 70681 INFO tempest.lib.common.rest_client [req-35a49b8c-e6b9-4d42-85ab-935db9ebbba7 req-35a49b8c-e6b9-4d42-85ab-935db9ebbba7 ] Request (AttachInterfacesV270Test:setUpClass): 201 POST http://10.180.1.21:9696/networking/v2.0/routers 3.330s
2025-05-19 19:30:19.677 70664 INFO tempest.lib.common.rest_client [req-a37b6dd5-c167-40d5-84dd-f4b2da1d2078 req-a37b6dd5-c167-40d5-84dd-f4b2da1d2078 ] Request (FloatingIPsAssociationNegativeTestJSON:tearDownClass): 204 DELETE http://10.180.1.21/identity/v3/users/325bc2babb6b4cbcb7a4c0fb9e5b59c6 0.301s
2025-05-19 19:30:19.678 70664 INFO tempest.lib.common.dynamic_creds [-] Deleting project and security group for project: c7b904a5036a4b87b117ebabb659dd1b
2025-05-19 19:30:19.689 70635 INFO tempest.lib.common.rest_client [req-4b259a25-66b8-461d-a83d-165c65b7ad71 req-4b259a25-66b8-461d-a83d-165c65b7ad71 ] Request (QuotasAdminNegativeTest:setUpClass): 200 GET http://10.180.1.21/identity/v3/roles 0.269s
2025-05-19 19:30:19.756 70678 INFO tempest.lib.common.rest_client [req-3824e1f8-5c56-40d9-a84a-f1bbad9a7156 req-3824e1f8-5c56-40d9-a84a-f1bbad9a7156 ] Request (ServerRescueNegativeTestJSON:setUpClass): 201 POST http://10.180.1.21/identity/v3/users 0.312s
2025-05-19 19:30:19.775 70668 INFO tempest.lib.common.rest_client [req-a5610a40-1c74-4449-86a0-34dc58e2a80e req-a5610a40-1c74-4449-86a0-34dc58e2a80e ] Request (AttachVolumeShelveTestJSON:setUpClass): 201 POST http://10.180.1.21/identity/v3/users 0.248s
2025-05-19 19:30:19.786 70662 INFO tempest.lib.common.rest_client [req-361aea74-b333-459f-befa-91375ad2b368 req-361aea74-b333-459f-befa-91375ad2b368 ] Request (ServicesAdminNegativeV253TestJSON:tearDownClass): 201 POST http://10.180.1.21/identity/v3/auth/tokens 0.210s
2025-05-19 19:30:19.802 70635 INFO tempest.lib.common.rest_client [req-cc751d63-9009-4db1-ab6e-fcef564d866c req-cc751d63-9009-4db1-ab6e-fcef564d866c ] Request (QuotasAdminNegativeTest:setUpClass): 204 PUT http://10.180.1.21/identity/v3/projects/d621cb9800ec48eaa0f2150869f6b4ad/users/7472ebe619fc44d89aad0c250fe721c2/roles/26380e09c9454b11a8a0b2bd8a3a4b7d 0.112s
2025-05-19 19:30:19.802 70635 INFO tempest.lib.common.dynamic_creds [-] Dynamic test user 7472ebe619fc44d89aad0c250fe721c2 is created with scope project and roles: ['admin']
2025-05-19 19:30:19.802 70635 INFO tempest.lib.common.dynamic_creds [-] Acquired dynamic creds: credentials: Credentials: {'domain_id': 'default', 'domain_name': 'Default', 'username': 'tempest-QuotasAdminNegativeTest-1595207945-project-admin', 'project_domain_id': 'default', 'project_domain_name': 'Default', 'project_id': 'd621cb9800ec48eaa0f2150869f6b4ad', 'project_name': 'tempest-QuotasAdminNegativeTest-1595207945', 'tenant_id': 'd621cb9800ec48eaa0f2150869f6b4ad', 'tenant_name': 'tempest-QuotasAdminNegativeTest-1595207945', 'user_domain_id': 'default', 'user_domain_name': 'Default', 'user_id': '7472ebe619fc44d89aad0c250fe721c2', 'system': None}, Network: None, Subnet: None, Router: None
2025-05-19 19:30:19.802 70635 INFO tempest.lib.common.dynamic_creds [-] Created isolated network resources for: credentials: Credentials: {'domain_id': 'default', 'domain_name': 'Default', 'username': 'tempest-QuotasAdminNegativeTest-1595207945-project-admin', 'project_domain_id': 'default', 'project_domain_name': 'Default', 'project_id': 'd621cb9800ec48eaa0f2150869f6b4ad', 'project_name': 'tempest-QuotasAdminNegativeTest-1595207945', 'tenant_id': 'd621cb9800ec48eaa0f2150869f6b4ad', 'tenant_name': 'tempest-QuotasAdminNegativeTest-1595207945', 'user_domain_id': 'default', 'user_domain_name': 'Default', 'user_id': '7472ebe619fc44d89aad0c250fe721c2', 'system': None}, Network: None, Subnet: None, Router: None
2025-05-19 19:30:19.805 70678 INFO tempest.lib.common.rest_client [req-af1d1666-80b5-474d-92dc-28a8b012ef1b req-af1d1666-80b5-474d-92dc-28a8b012ef1b ] Request (ServerRescueNegativeTestJSON:setUpClass): 200 GET http://10.180.1.21/identity/v3/roles 0.048s
2025-05-19 19:30:19.833 70664 INFO tempest.lib.common.rest_client [req-0448dcbe-1db1-4820-8dfb-bce3c7208bd3 req-0448dcbe-1db1-4820-8dfb-bce3c7208bd3 ] Request (FloatingIPsAssociationNegativeTestJSON:tearDownClass): 200 GET http://10.180.1.21:9696/networking/v2.0/security-groups?tenant_id=c7b904a5036a4b87b117ebabb659dd1b&name=default 0.155s
2025-05-19 19:30:19.851 70668 INFO tempest.lib.common.rest_client [req-f741d8f0-edfa-467b-964c-779c8709267e req-f741d8f0-edfa-467b-964c-779c8709267e ] Request (AttachVolumeShelveTestJSON:setUpClass): 200 GET http://10.180.1.21/identity/v3/roles 0.076s
2025-05-19 19:30:19.887 70678 INFO tempest.lib.common.rest_client [req-2c19786b-4690-46c2-a9d3-01bac68cae5f req-2c19786b-4690-46c2-a9d3-01bac68cae5f ] Request (ServerRescueNegativeTestJSON:setUpClass): 204 PUT http://10.180.1.21/identity/v3/projects/7976c4a60f4d4ef69548ab7311fe9c7c/users/d919c9d7769d429d9d830d7b29795353/roles/283864aeb03d49bcabc89f5420cf6984 0.081s
2025-05-19 19:30:19.887 70678 INFO tempest.lib.common.dynamic_creds [-] Dynamic test user d919c9d7769d429d9d830d7b29795353 is created with scope project and roles: ['member']
2025-05-19 19:30:19.887 70678 INFO tempest.lib.common.dynamic_creds [-] Acquired dynamic creds: credentials: Credentials: {'domain_id': 'default', 'domain_name': 'Default', 'username': 'tempest-ServerRescueNegativeTestJSON-1516864942-project-member', 'project_domain_id': 'default', 'project_domain_name': 'Default', 'project_id': '7976c4a60f4d4ef69548ab7311fe9c7c', 'project_name': 'tempest-ServerRescueNegativeTestJSON-1516864942', 'tenant_id': '7976c4a60f4d4ef69548ab7311fe9c7c', 'tenant_name': 'tempest-ServerRescueNegativeTestJSON-1516864942', 'user_domain_id': 'default', 'user_domain_name': 'Default', 'user_id': 'd919c9d7769d429d9d830d7b29795353', 'system': None}, Network: None, Subnet: None, Router: None
2025-05-19 19:30:19.929 70635 INFO tempest.lib.common.rest_client [req-7d78b675-c7b0-40e1-a29d-28df63796f18 req-7d78b675-c7b0-40e1-a29d-28df63796f18 ] Request (QuotasAdminNegativeTest:setUpClass): 201 POST http://10.180.1.21/identity/v3/auth/tokens 0.123s
2025-05-19 19:30:19.931 70635 WARNING tempest.lib.common.rest_client [-] Deprecated: "tenant_id" property is deprecated for removal, use "project_id" instead
2025-05-19 19:30:19.993 70668 INFO tempest.lib.common.rest_client [req-a3ac9b18-3659-4d72-898f-8bd19b0c70d8 req-a3ac9b18-3659-4d72-898f-8bd19b0c70d8 ] Request (AttachVolumeShelveTestJSON:setUpClass): 204 PUT http://10.180.1.21/identity/v3/projects/723141b720c449ee92f2288e9e053105/users/7d0efa7866d14742b0d2fac52cb0251e/roles/283864aeb03d49bcabc89f5420cf6984 0.141s
2025-05-19 19:30:19.993 70668 INFO tempest.lib.common.dynamic_creds [-] Dynamic test user 7d0efa7866d14742b0d2fac52cb0251e is created with scope project and roles: ['member']
