2025-05-19 19:31:25.072 70630 INFO tempest.lib.common.dynamic_creds [-] Created isolated network resources for: credentials: Credentials: {'domain_id': 'default', 'domain_name': 'Default', 'username': 'tempest-ServersV294TestFqdnHostnames-1115102920-project-member', 'project_domain_id': 'default', 'project_domain_name': 'Default', 'project_id': 'b5cd735888a74320bf01c4ce5030222e', 'project_name': 'tempest-ServersV294TestFqdnHostnames-1115102920', 'tenant_id': 'b5cd735888a74320bf01c4ce5030222e', 'tenant_name': 'tempest-ServersV294TestFqdnHostnames-1115102920', 'user_domain_id': 'default', 'user_domain_name': 'Default', 'user_id': 'e34b6768453c432a8197667b89cc04ce', 'system': None}, Network: {'id': '3a04dabc-3bca-4a17-903d-def2f5d1e0f1', 'name': 'tempest-ServersV294TestFqdnHostnames-1842316004-network', 'tenant_id': 'b5cd735888a74320bf01c4ce5030222e', 'admin_state_up': True, 'mtu': 8950, 'status': 'ACTIVE', 'subnets': [], 'shared': False, 'project_id': 'b5cd735888a74320bf01c4ce5030222e', 'port_security_enabled': True, 'router:external': False, 'provider:network_type': 'vlan', 'provider:physical_network': 'default', 'provider:segmentation_id': 656, 'availability_zone_hints': [], 'availability_zones': [], 'ipv4_address_scope': None, 'ipv6_address_scope': None, 'description': '', 'tags': [], 'created_at': '2025-05-19T19:31:22Z', 'updated_at': '2025-05-19T19:31:22Z', 'revision_number': 1}, Subnet: {'id': '276a278a-8483-4716-a565-ca14cb0f1a09', 'name': 'tempest-ServersV294TestFqdnHostnames-1842316004-subnet', 'tenant_id': 'b5cd735888a74320bf01c4ce5030222e', 'network_id': '3a04dabc-3bca-4a17-903d-def2f5d1e0f1', 'ip_version': 4, 'subnetpool_id': None, 'enable_dhcp': True, 'ipv6_ra_mode': None, 'ipv6_address_mode': None, 'gateway_ip': '192.168.128.1', 'cidr': '192.168.128.0/28', 'allocation_pools': [{'start': '192.168.128.2', 'end': '192.168.128.14'}], 'host_routes': [], 'dns_nameservers': [], 'description': '', 'router:external': False, 'service_types': [], 'tags': [], 'created_at': '2025-05-19T19:31:22Z', 'updated_at': '2025-05-19T19:31:22Z', 'revision_number': 0, 'project_id': 'b5cd735888a74320bf01c4ce5030222e'}, Router: {'id': '35de6f1f-9922-43b5-89d1-bf58829dae41', 'name': 'tempest-ServersV294TestFqdnHostnames-1842316004-router', 'tenant_id': 'b5cd735888a74320bf01c4ce5030222e', 'admin_state_up': True, 'status': 'ACTIVE', 'external_gateway_info': {'network_id': 'e4b35425-facb-4542-aea4-3871a85d16cf', 'external_fixed_ips': [{'subnet_id': '88fc8f68-f65f-4fba-b0b9-85804b2dee87', 'ip_address': '10.180.180.167'}], 'enable_snat': True}, 'description': '', 'availability_zones': [], 'distributed': False, 'ha': False, 'availability_zone_hints': [], 'routes': [], 'flavor_id': None, 'tags': [], 'created_at': '2025-05-19T19:31:22Z', 'updated_at': '2025-05-19T19:31:23Z', 'revision_number': 2, 'project_id': 'b5cd735888a74320bf01c4ce5030222e'}
2025-05-19 19:31:25.088 70626 INFO tempest.lib.common.rest_client [req-43a7b38c-a224-440f-8114-333ac46e6ec5 req-43a7b38c-a224-440f-8114-333ac46e6ec5 ] Request (ServerActionsTestJSON:setUpClass): 404 GET http://10.180.1.21/compute/v2.1/servers/752cd35d-a791-4c75-9dc1-efb1f0a92797 0.828s
2025-05-19 19:31:25.089 70626 INFO tempest.test [-] raised in ServerActionsTestJSON.setUpClass. Invoking tearDownClass.
2025-05-19 19:31:25.115 70638 INFO tempest.lib.common.rest_client [req-1104ab39-e676-47de-8a05-0d5c76218e48 req-1104ab39-e676-47de-8a05-0d5c76218e48 ] Request (DeleteServersTestJSON:test_delete_server_while_in_attached_volume): 404 GET http://10.180.1.21/compute/v2.1/servers/419f44b1-c1c7-47ba-8a4c-bf409e34c920 0.379s
2025-05-19 19:31:25.121 70654 INFO tempest.lib.common.rest_client [req-60018894-7949-4961-9575-54222711adf4 req-60018894-7949-4961-9575-54222711adf4 ] Request (VolumesTestJSON:test_volume_list_param_offset_and_limit): 200 GET http://10.180.1.21/compute/v2.1/os-volumes 0.959s
2025-05-19 19:31:25.149 70642 INFO tempest.lib.common.rest_client [req-054a66f2-2522-44cc-a986-17397eefae45 req-054a66f2-2522-44cc-a986-17397eefae45 ] Request (ServersTestBootFromVolume:setUpClass): 200 GET http://10.180.1.21/volume/v3/volumes/b3a9951a-64d1-4f11-85d7-3f4cdaa60de8 0.045s
2025-05-19 19:31:25.159 70624 INFO tempest.lib.common.rest_client [req-15891f21-bad3-422e-b2c0-c58181d777ea req-15891f21-bad3-422e-b2c0-c58181d777ea ] Request (AttachVolumeTestJSON:test_attach_detach_volume): 404 GET http://10.180.1.21/compute/v2.1/servers/75981806-ed97-415a-afe0-fa45294a8a8b 0.128s
2025-05-19 19:31:25.188 70620 INFO tempest.lib.common.rest_client [req-e805dcd6-8c8c-4525-812c-dbe037c22eab req-e805dcd6-8c8c-4525-812c-dbe037c22eab ] Request (ImagesTestJSON:tearDownClass): 204 DELETE http://10.180.1.21:9696/networking/v2.0/security-groups/cc95fa23-3f05-4b28-b414-65bf0179ef24 0.116s
2025-05-19 19:31:25.195 70630 INFO tempest.lib.common.rest_client [req-4da14444-2b2d-406e-b9c2-cf913f6dc407 req-4da14444-2b2d-406e-b9c2-cf913f6dc407 ] Request (ServersV294TestFqdnHostnames:setUpClass): 201 POST http://10.180.1.21/identity/v3/auth/tokens 0.119s
2025-05-19 19:31:25.218 70681 INFO tempest.lib.common.rest_client [req-d8e49b76-7191-4639-821a-a58a530415b8 req-d8e49b76-7191-4639-821a-a58a530415b8 ] Request (ServersTestJSON:test_update_server_name): 200 GET http://10.180.1.21/compute/v2.1/servers/1fb7c689-ee07-4cd2-8abe-83adba7337d3 0.205s
2025-05-19 19:31:25.219 70638 INFO tempest.lib.common.rest_client [req-c3e853f1-c165-40d9-ba29-c6be9d78fc5c req-c3e853f1-c165-40d9-ba29-c6be9d78fc5c ] Request (DeleteServersTestJSON:test_delete_server_while_in_building_state): 201 POST http://10.180.1.21/identity/v3/auth/tokens 0.090s
2025-05-19 19:31:25.219 70638 INFO tempest.lib.common.fixed_network [-] (DeleteServersTestJSON:test_delete_server_while_in_building_state) Found network {'id': '7b0f3f08-4f78-4f4d-b10d-4f718c97255a', 'name': 'tempest-DeleteServersTestJSON-2040878133-network', 'tenant_id': '8fe2b52730e74c2aa32cced90677fa78', 'admin_state_up': True, 'mtu': 8950, 'status': 'ACTIVE', 'subnets': [], 'shared': False, 'project_id': '8fe2b52730e74c2aa32cced90677fa78', 'port_security_enabled': True, 'router:external': False, 'provider:network_type': 'vlan', 'provider:physical_network': 'default', 'provider:segmentation_id': 219, 'availability_zone_hints': [], 'availability_zones': [], 'ipv4_address_scope': None, 'ipv6_address_scope': None, 'description': '', 'tags': [], 'created_at': '2025-05-19T19:30:58Z', 'updated_at': '2025-05-19T19:30:58Z', 'revision_number': 1} available for tenant
2025-05-19 19:31:25.271 70670 INFO tempest.lib.common.rest_client [req-d81c0f74-0ad4-43d3-95e8-948c1bcc0ece req-d81c0f74-0ad4-43d3-95e8-948c1bcc0ece ] Request (AttachInterfacesTestJSON:test_create_list_show_delete_interfaces_by_network_port): 200 GET http://10.180.1.21/compute/v2.1/servers/1b001ff2-847a-468f-add9-b00504c5eec9 0.206s
2025-05-19 19:31:25.286 70626 INFO tempest.lib.common.rest_client [req-f323872b-96be-41a0-a814-c85879b9b87a req-f323872b-96be-41a0-a814-c85879b9b87a ] Request (ServerActionsTestJSON:tearDownClass): 202 DELETE http://10.180.1.21/compute/v2.1/os-keypairs/tempest-keypair-228101026 0.197s
2025-05-19 19:31:25.303 70620 INFO tempest.lib.common.rest_client [req-3ab09b7e-9770-4d96-a865-2320fdf2c8af req-3ab09b7e-9770-4d96-a865-2320fdf2c8af ] Request (ImagesTestJSON:tearDownClass): 204 DELETE http://10.180.1.21/identity/v3/projects/3610c9006a3044979c473aed0c55ef89 0.114s
2025-05-19 19:31:25.304 70620 INFO tempest.test [-] raised in ServerStableDeviceRescueTestIDE.setUpClass. Invoking tearDownClass.
2025-05-19 19:31:25.326 70654 INFO tempest.lib.common.rest_client [req-b1e33ce7-dbb3-4e27-a865-f6936b230418 req-b1e33ce7-dbb3-4e27-a865-f6936b230418 ] Request (VolumesTestJSON:test_volume_list_param_offset_and_limit): 200 GET http://10.180.1.21/compute/v2.1/os-volumes?offset=1&limit=1 0.202s
2025-05-19 19:31:25.380 70620 INFO tempest.lib.common.rest_client [req-c990cba6-c9e5-4532-a704-83cbf8000304 req-c990cba6-c9e5-4532-a704-83cbf8000304 ] Request (ServersNegativeTestMultiTenantJSON:setUpClass): 201 POST http://10.180.1.21/identity/v3/auth/tokens 0.074s
2025-05-19 19:31:25.381 70626 INFO tempest.lib.common.rest_client [req-9f10a3a8-dadf-45c7-a52a-30c3895b13a7 req-9f10a3a8-dadf-45c7-a52a-30c3895b13a7 ] Request (ServerActionsTestJSON:tearDownClass): 204 DELETE http://10.180.1.21:9696/networking/v2.0/security-groups/f9c06831-a232-4102-98ab-cbfb8650327d 0.095s
2025-05-19 19:31:25.390 70626 INFO tempest.lib.common.rest_client [req-02c5ea1c-9e66-4ba9-91ff-19b4be7536f7 req-02c5ea1c-9e66-4ba9-91ff-19b4be7536f7 ] Request (ServerActionsTestJSON:tearDownClass): 404 GET http://10.180.1.21:9696/networking/v2.0/security-groups/f9c06831-a232-4102-98ab-cbfb8650327d 0.009s
2025-05-19 19:31:25.417 70620 INFO tempest.lib.common.rest_client [req-b8288356-8a76-4b8e-bd69-053aba595da4 req-b8288356-8a76-4b8e-bd69-053aba595da4 ] Request (ServersNegativeTestMultiTenantJSON:setUpClass): 201 POST http://10.180.1.21/identity/v3/auth/tokens 0.033s
2025-05-19 19:31:25.420 70682 INFO tempest.lib.common.rest_client [req-f6fd21ca-7651-4b46-a27c-863a555d60ce req-f6fd21ca-7651-4b46-a27c-863a555d60ce ] Request (MultipleCreateTestJSON:test_multiple_create_with_reservation_return): 200 GET http://10.180.1.21/compute/v2.1/servers/9ade14d0-e091-4c85-af0c-5b6bced327c6 0.287s
2025-05-19 19:31:25.439 70624 INFO tempest.lib.common.rest_client [req-2974d928-3921-48f3-a560-50135b933ac9 req-2974d928-3921-48f3-a560-50135b933ac9 ] Request (AttachVolumeTestJSON:_run_cleanups): 202 DELETE http://10.180.1.21/compute/v2.1/os-keypairs/tempest-keypair-85641342 0.274s
2025-05-19 19:31:25.444 70620 INFO tempest.lib.common.rest_client [req-a5b3242a-4e78-47af-ab16-f2cb47545058 req-a5b3242a-4e78-47af-ab16-f2cb47545058 ] Request (ServersNegativeTestMultiTenantJSON:setUpClass): 200 GET http://10.180.1.21/identity/v3/domains?name=Default 0.026s
2025-05-19 19:31:25.470 70620 INFO tempest.lib.common.rest_client [req-fc80e5fd-a007-4308-98eb-b632c21d83b3 req-fc80e5fd-a007-4308-98eb-b632c21d83b3 ] Request (ServersNegativeTestMultiTenantJSON:setUpClass): 201 POST http://10.180.1.21/identity/v3/projects 0.026s
2025-05-19 19:31:25.471 70648 INFO tempest.lib.common.rest_client [req-6f732d40-4f49-49b3-83b0-f13a905340b3 req-6f732d40-4f49-49b3-83b0-f13a905340b3 ] Request (SecurityGroupRulesNegativeTestJSON:test_create_security_group_rule_with_invalid_ip_protocol): 200 POST http://10.180.1.21/compute/v2.1/os-security-groups 0.429s
2025-05-19 19:31:25.557 70620 INFO tempest.lib.common.rest_client [req-95139f7d-d8c3-498c-a093-4093ea64c26c req-95139f7d-d8c3-498c-a093-4093ea64c26c ] Request (ServersNegativeTestMultiTenantJSON:setUpClass): 201 POST http://10.180.1.21/identity/v3/users 0.086s
2025-05-19 19:31:25.581 70620 INFO tempest.lib.common.rest_client [req-f25f500e-abe0-4ff6-a2e4-94685a4df876 req-f25f500e-abe0-4ff6-a2e4-94685a4df876 ] Request (ServersNegativeTestMultiTenantJSON:setUpClass): 200 GET http://10.180.1.21/identity/v3/roles 0.023s
2025-05-19 19:31:25.612 70620 INFO tempest.lib.common.rest_client [req-3d52655e-77b8-43d6-b067-b8267b3e6b3e req-3d52655e-77b8-43d6-b067-b8267b3e6b3e ] Request (ServersNegativeTestMultiTenantJSON:setUpClass): 204 PUT http://10.180.1.21/identity/v3/projects/b3f6b623996545abb3679231c12ff3cb/users/921a1612bf164a76886e5cbf99f31b5f/roles/283864aeb03d49bcabc89f5420cf6984 0.031s
2025-05-19 19:31:25.613 70620 INFO tempest.lib.common.dynamic_creds [-] Dynamic test user 921a1612bf164a76886e5cbf99f31b5f is created with scope project and roles: ['member']
2025-05-19 19:31:25.613 70620 INFO tempest.lib.common.dynamic_creds [-] Acquired dynamic creds: credentials: Credentials: {'domain_id': 'default', 'domain_name': 'Default', 'username': 'tempest-ServersNegativeTestMultiTenantJSON-2017037745-project-member', 'project_domain_id': 'default', 'project_domain_name': 'Default', 'project_id': 'b3f6b623996545abb3679231c12ff3cb', 'project_name': 'tempest-ServersNegativeTestMultiTenantJSON-2017037745', 'tenant_id': 'b3f6b623996545abb3679231c12ff3cb', 'tenant_name': 'tempest-ServersNegativeTestMultiTenantJSON-2017037745', 'user_domain_id': 'default', 'user_domain_name': 'Default', 'user_id': '921a1612bf164a76886e5cbf99f31b5f', 'system': None}, Network: None, Subnet: None, Router: None
2025-05-19 19:31:25.626 70626 INFO tempest.lib.common.rest_client [req-e3908c2c-2186-4737-9993-d76141c3cb91 req-e3908c2c-2186-4737-9993-d76141c3cb91 ] Request (ServerActionsTestJSON:tearDownClass): 204 DELETE http://10.180.1.21:9696/networking/v2.0/floatingips/beaaaafb-a35a-4d94-894c-197a7e5bfd16 0.235s
2025-05-19 19:31:25.637 70630 INFO tempest.lib.common.rest_client [req-339873ef-2c5a-4b87-a5b6-3577faddb1c5 req-339873ef-2c5a-4b87-a5b6-3577faddb1c5 ] Request (ServersV294TestFqdnHostnames:setUpClass): 201 POST http://10.180.1.21/compute/v2.1/os-keypairs 0.440s
2025-05-19 19:31:25.688 70620 INFO tempest.lib.common.rest_client [req-29fbc7c2-3a8a-4b32-96cb-8cd05fc249fa req-29fbc7c2-3a8a-4b32-96cb-8cd05fc249fa ] Request (ServersNegativeTestMultiTenantJSON:setUpClass): 201 POST http://10.180.1.21/identity/v3/auth/tokens 0.074s
2025-05-19 19:31:25.718 70624 INFO tempest.lib.common.rest_client [req-59f1eaab-fbbe-4212-a95d-0c41c8c9c065 req-59f1eaab-fbbe-4212-a95d-0c41c8c9c065 ] Request (AttachVolumeTestJSON:_run_cleanups): 204 DELETE http://10.180.1.21:9696/networking/v2.0/security-groups/698ce95c-58a2-4061-b432-312ff6e58165 0.279s
2025-05-19 19:31:25.743 70624 INFO tempest.lib.common.rest_client [req-b069db3a-74e9-4cbb-8048-eda3544ff8a9 req-b069db3a-74e9-4cbb-8048-eda3544ff8a9 ] Request (AttachVolumeTestJSON:_run_cleanups): 404 GET http://10.180.1.21:9696/networking/v2.0/security-groups/698ce95c-58a2-4061-b432-312ff6e58165 0.024s
2025-05-19 19:31:25.911 70681 INFO tempest.lib.common.rest_client [req-4e72870d-5a4b-471f-a383-ea1bfa820351 req-4e72870d-5a4b-471f-a383-ea1bfa820351 ] Request (ServersTestJSON:test_update_server_name): 204 DELETE http://10.180.1.21/compute/v2.1/servers/1fb7c689-ee07-4cd2-8abe-83adba7337d3 0.684s
2025-05-19 19:31:25.944 70654 INFO tempest.lib.common.rest_client [req-c331c75e-17db-44cb-8c12-78342338a580 req-c331c75e-17db-44cb-8c12-78342338a580 ] Request (VolumesTestJSON:test_volume_list_with_detail_param_limit): 200 GET http://10.180.1.21/compute/v2.1/os-volumes/detail?limit=2 0.613s
2025-05-19 19:31:26.015 70630 INFO tempest.lib.common.rest_client [req-956f7efc-b670-47c2-b450-78857ccd1b0a req-956f7efc-b670-47c2-b450-78857ccd1b0a ] Request (ServersV294TestFqdnHostnames:setUpClass): 201 POST http://10.180.1.21:9696/networking/v2.0/security-groups 0.376s
2025-05-19 19:31:26.018 70622 INFO tempest.lib.common.rest_client [req-22c4f473-60a0-4e0a-bb51-8889f64d9f1f req-22c4f473-60a0-4e0a-bb51-8889f64d9f1f ] Request (InstanceActionsV221TestJSON:tearDownClass): 200 PUT http://10.180.1.21:9696/networking/v2.0/routers/20e2d282-d94e-47ae-bb72-6a3e39f76629/remove_router_interface 1.982s
2025-05-19 19:31:26.023 70667 INFO tempest.lib.common.rest_client [req-0051b404-70a0-4242-bbec-4f9b593bef55 req-0051b404-70a0-4242-bbec-4f9b593bef55 ] Request (ServersTestMultiNic:test_verify_multiple_nics_order): 200 GET http://10.180.1.21/compute/v2.1/servers/d9ff5c2a-fe90-4b08-a618-102d75e685cb 0.690s
2025-05-19 19:31:26.037 70667 INFO tempest.common.waiters [-] State transition "BUILD/scheduling" ==> "ERROR/None" after 2 second wait
2025-05-19 19:31:26.123 70638 INFO tempest.lib.common.rest_client [req-2c052f3f-664b-4df0-bed3-e511db497708 req-2c052f3f-664b-4df0-bed3-e511db497708 ] Request (DeleteServersTestJSON:test_delete_server_while_in_building_state): 202 POST http://10.180.1.21/compute/v2.1/servers 0.903s
2025-05-19 19:31:26.159 70648 INFO tempest.lib.common.rest_client [req-131bb998-2960-4245-a933-efe1d1e781d7 req-131bb998-2960-4245-a933-efe1d1e781d7 ] Request (SecurityGroupRulesNegativeTestJSON:test_create_security_group_rule_with_invalid_ip_protocol): 400 POST http://10.180.1.21/compute/v2.1/os-security-group-rules 0.683s
2025-05-19 19:31:26.188 70681 INFO tempest.lib.common.rest_client [req-d1790ff8-13b5-4c73-80ac-506a589898ca req-d1790ff8-13b5-4c73-80ac-506a589898ca ] Request (ServersTestJSON:test_update_server_name): 404 GET http://10.180.1.21/compute/v2.1/servers/1fb7c689-ee07-4cd2-8abe-83adba7337d3 0.276s
2025-05-19 19:31:26.197 70642 INFO tempest.lib.common.rest_client [req-a80ea274-c9e8-46c5-a5da-3d1e1db38d96 req-a80ea274-c9e8-46c5-a5da-3d1e1db38d96 ] Request (ServersTestBootFromVolume:setUpClass): 200 GET http://10.180.1.21/volume/v3/volumes/b3a9951a-64d1-4f11-85d7-3f4cdaa60de8 0.033s
2025-05-19 19:31:26.216 70632 INFO tempest.lib.common.rest_client [req-b02dc84a-086c-44b8-84e5-5ffc912f9060 req-b02dc84a-086c-44b8-84e5-5ffc912f9060 ] Request (SecurityGroupsTestJSON:setUpClass): 200 PUT http://10.180.1.21:9696/networking/v2.0/routers/2ad876b6-e0de-4e7d-8c25-763a362c2ac6/add_router_interface 2.076s
2025-05-19 19:31:26.219 70632 INFO tempest.lib.common.dynamic_creds [-] Created isolated network resources for: credentials: Credentials: {'domain_id': 'default', 'domain_name': 'Default', 'username': 'tempest-SecurityGroupsTestJSON-1172581764-project-member', 'project_domain_id': 'default', 'project_domain_name': 'Default', 'project_id': 'de10cd35eea44f648c5b717811e2bc5f', 'project_name': 'tempest-SecurityGroupsTestJSON-1172581764', 'tenant_id': 'de10cd35eea44f648c5b717811e2bc5f', 'tenant_name': 'tempest-SecurityGroupsTestJSON-1172581764', 'user_domain_id': 'default', 'user_domain_name': 'Default', 'user_id': 'c8e8d7a7607143e08c058047400a3f4e', 'system': None}, Network: {'id': 'a2abc032-7380-4fb4-b503-794baeeeb803', 'name': 'tempest-SecurityGroupsTestJSON-1225581987-network', 'tenant_id': 'de10cd35eea44f648c5b717811e2bc5f', 'admin_state_up': True, 'mtu': 8950, 'status': 'ACTIVE', 'subnets': [], 'shared': False, 'project_id': 'de10cd35eea44f648c5b717811e2bc5f', 'port_security_enabled': True, 'router:external': False, 'provider:network_type': 'vlan', 'provider:physical_network': 'default', 'provider:segmentation_id': 307, 'availability_zone_hints': [], 'availability_zones': [], 'ipv4_address_scope': None, 'ipv6_address_scope': None, 'description': '', 'tags': [], 'created_at': '2025-05-19T19:31:22Z', 'updated_at': '2025-05-19T19:31:22Z', 'revision_number': 1}, Subnet: {'id': '9e945c66-f498-4c64-9191-33a436a5d35b', 'name': 'tempest-SecurityGroupsTestJSON-1225581987-subnet', 'tenant_id': 'de10cd35eea44f648c5b717811e2bc5f', 'network_id': 'a2abc032-7380-4fb4-b503-794baeeeb803', 'ip_version': 4, 'subnetpool_id': None, 'enable_dhcp': True, 'ipv6_ra_mode': None, 'ipv6_address_mode': None, 'gateway_ip': '192.168.128.1', 'cidr': '192.168.128.0/28', 'allocation_pools': [{'start': '192.168.128.2', 'end': '192.168.128.14'}], 'host_routes': [], 'dns_nameservers': [], 'description': '', 'router:external': False, 'service_types': [], 'tags': [], 'created_at': '2025-05-19T19:31:22Z', 'updated_at': '2025-05-19T19:31:22Z', 'revision_number': 0, 'project_id': 'de10cd35eea44f648c5b717811e2bc5f'}, Router: {'id': '2ad876b6-e0de-4e7d-8c25-763a362c2ac6', 'name': 'tempest-SecurityGroupsTestJSON-1225581987-router', 'tenant_id': 'de10cd35eea44f648c5b717811e2bc5f', 'admin_state_up': True, 'status': 'ACTIVE', 'external_gateway_info': {'network_id': 'e4b35425-facb-4542-aea4-3871a85d16cf', 'external_fixed_ips': [{'subnet_id': '88fc8f68-f65f-4fba-b0b9-85804b2dee87', 'ip_address': '10.180.180.131'}], 'enable_snat': True}, 'description': '', 'availability_zones': [], 'distributed': False, 'ha': False, 'availability_zone_hints': [], 'routes': [], 'flavor_id': None, 'tags': [], 'created_at': '2025-05-19T19:31:22Z', 'updated_at': '2025-05-19T19:31:23Z', 'revision_number': 2, 'project_id': 'de10cd35eea44f648c5b717811e2bc5f'}
2025-05-19 19:31:26.223 70654 INFO tempest.lib.common.rest_client [req-14085080-874d-43ec-802c-e86dda436d21 req-14085080-874d-43ec-802c-e86dda436d21 ] Request (VolumesTestJSON:test_volume_list_with_detail_param_offset_and_limit): 200 GET http://10.180.1.21/compute/v2.1/os-volumes/detail 0.274s
2025-05-19 19:31:26.236 70682 INFO tempest.lib.common.rest_client [req-a315eb32-befe-4474-a80c-4f5bc6bce585 req-a315eb32-befe-4474-a80c-4f5bc6bce585 ] Request (MultipleCreateTestJSON:test_multiple_create_with_reservation_return): 204 DELETE http://10.180.1.21/compute/v2.1/servers/9ade14d0-e091-4c85-af0c-5b6bced327c6 0.809s
2025-05-19 19:31:26.288 70638 INFO tempest.lib.common.rest_client [req-1841890e-033f-4158-b26d-f1fa63f961e2 req-1841890e-033f-4158-b26d-f1fa63f961e2 ] Request (DeleteServersTestJSON:test_delete_server_while_in_building_state): 200 GET http://10.180.1.21/compute/v2.1/servers/43b9ccf6-9a50-48c4-adaa-63bddb3187b5 0.163s
2025-05-19 19:31:26.312 70632 INFO tempest.lib.common.rest_client [req-09fd11c7-f0cb-4721-a980-1aa6095b93ac req-09fd11c7-f0cb-4721-a980-1aa6095b93ac ] Request (SecurityGroupsTestJSON:setUpClass): 201 POST http://10.180.1.21/identity/v3/auth/tokens 0.087s
2025-05-19 19:31:26.425 70648 INFO tempest.lib.common.rest_client [req-a7b05072-3374-4a1f-94c0-6486c313bc90 req-a7b05072-3374-4a1f-94c0-6486c313bc90 ] Request (SecurityGroupRulesNegativeTestJSON:test_create_security_group_rule_with_invalid_port_range): 200 POST http://10.180.1.21/compute/v2.1/os-security-groups 0.265s
2025-05-19 19:31:26.446 70681 INFO tempest.lib.common.rest_client [req-8945b4aa-63da-438c-94ab-7ec7c763aabf req-8945b4aa-63da-438c-94ab-7ec7c763aabf ] Request (ServersTestJSON:tearDownClass): 404 DELETE http://10.180.1.21/compute/v2.1/servers/b13d1fe1-1939-4af8-9826-32ab9344edfd 0.250s
2025-05-19 19:31:26.453 70667 INFO tempest.lib.common.rest_client [req-e7991780-0cd7-46f8-a99c-911053f708e8 req-e7991780-0cd7-46f8-a99c-911053f708e8 ] Request (ServersTestMultiNic:test_verify_multiple_nics_order): 204 DELETE http://10.180.1.21/compute/v2.1/servers/d9ff5c2a-fe90-4b08-a618-102d75e685cb 0.415s
2025-05-19 19:31:26.485 70654 INFO tempest.lib.common.rest_client [req-492423e2-2c4e-4c16-b0ae-ce72b8ff15a9 req-492423e2-2c4e-4c16-b0ae-ce72b8ff15a9 ] Request (VolumesTestJSON:test_volume_list_with_detail_param_offset_and_limit): 200 GET http://10.180.1.21/compute/v2.1/os-volumes/detail?offset=1&limit=1 0.258s
2025-05-19 19:31:26.493 70624 INFO tempest.lib.common.rest_client [req-2449678d-0a5e-4d88-a846-26c7904c7efa req-2449678d-0a5e-4d88-a846-26c7904c7efa ] Request (AttachVolumeTestJSON:_run_cleanups): 204 DELETE http://10.180.1.21:9696/networking/v2.0/floatingips/e552bb92-74b4-470b-ac94-e923d0508887 0.749s
2025-05-19 19:31:26.514 70620 INFO tempest.lib.common.rest_client [req-4b8fdf24-6fb1-4bd9-ad52-7c4f082c7fd1 req-4b8fdf24-6fb1-4bd9-ad52-7c4f082c7fd1 ] Request (ServersNegativeTestMultiTenantJSON:setUpClass): 201 POST http://10.180.1.21:9696/networking/v2.0/networks 0.826s
2025-05-19 19:31:26.519 70630 INFO tempest.lib.common.rest_client [req-65c052e7-4992-4add-be27-4e77179dd5bd req-65c052e7-4992-4add-be27-4e77179dd5bd ] Request (ServersV294TestFqdnHostnames:setUpClass): 201 POST http://10.180.1.21:9696/networking/v2.0/security-group-rules 0.503s
2025-05-19 19:31:26.571 70670 INFO tempest.lib.common.rest_client [req-6c0e6d3c-e7e3-445e-aac6-8e76fbd02df9 req-6c0e6d3c-e7e3-445e-aac6-8e76fbd02df9 ] Request (AttachInterfacesTestJSON:test_create_list_show_delete_interfaces_by_network_port): 200 GET http://10.180.1.21/compute/v2.1/servers/1b001ff2-847a-468f-add9-b00504c5eec9 0.290s
2025-05-19 19:31:26.583 70670 INFO tempest.common.waiters [-] State transition "BUILD/scheduling" ==> "ERROR/None" after 1 second wait
2025-05-19 19:31:26.657 70682 INFO tempest.lib.common.rest_client [req-329e340b-19ce-4133-9a1c-6c9b18d91253 req-329e340b-19ce-4133-9a1c-6c9b18d91253 ] Request (MultipleCreateTestJSON:test_multiple_create_with_reservation_return): 204 DELETE http://10.180.1.21/compute/v2.1/servers/c8e11484-ef9e-4fca-b7ba-098b5f7da648 0.420s
2025-05-19 19:31:26.661 70638 INFO tempest.lib.common.rest_client [req-66342d73-a429-4f81-8cd9-eda7ad42b83d req-66342d73-a429-4f81-8cd9-eda7ad42b83d ] Request (DeleteServersTestJSON:test_delete_server_while_in_building_state): 204 DELETE http://10.180.1.21/compute/v2.1/servers/43b9ccf6-9a50-48c4-adaa-63bddb3187b5 0.366s
2025-05-19 19:31:26.704 70648 INFO tempest.lib.common.rest_client [req-c2fd60b9-0162-4286-a4d3-c9166cd72d75 req-c2fd60b9-0162-4286-a4d3-c9166cd72d75 ] Request (SecurityGroupRulesNegativeTestJSON:test_create_security_group_rule_with_invalid_port_range): 400 POST http://10.180.1.21/compute/v2.1/os-security-group-rules 0.273s
2025-05-19 19:31:26.710 70630 INFO tempest.lib.common.rest_client [req-5108056f-483e-4cbc-89c5-b661e9a25107 req-5108056f-483e-4cbc-89c5-b661e9a25107 ] Request (ServersV294TestFqdnHostnames:setUpClass): 201 POST http://10.180.1.21:9696/networking/v2.0/security-group-rules 0.190s
2025-05-19 19:31:26.730 70681 INFO tempest.lib.common.rest_client [req-dfe25c1a-09eb-47eb-8c7f-b61700eff892 req-dfe25c1a-09eb-47eb-8c7f-b61700eff892 ] Request (ServersTestJSON:tearDownClass): 404 GET http://10.180.1.21/compute/v2.1/servers/b13d1fe1-1939-4af8-9826-32ab9344edfd 0.284s
2025-05-19 19:31:26.756 70667 INFO tempest.lib.common.rest_client [req-72ba042e-a1ae-4d50-9560-0b3ede21439f req-72ba042e-a1ae-4d50-9560-0b3ede21439f ] Request (ServersTestMultiNic:test_verify_multiple_nics_order): 404 GET http://10.180.1.21/compute/v2.1/servers/d9ff5c2a-fe90-4b08-a618-102d75e685cb 0.302s
2025-05-19 19:31:26.797 70654 INFO tempest.lib.common.rest_client [req-abdaa2ce-5bf7-4808-ad3f-601a682992d8 req-abdaa2ce-5bf7-4808-ad3f-601a682992d8 ] Request (VolumesTestJSON:test_volume_list_with_details): 200 GET http://10.180.1.21/compute/v2.1/os-volumes/detail 0.308s
2025-05-19 19:31:26.851 70620 INFO tempest.lib.common.rest_client [req-d0df2261-7f88-4771-b963-4fadd52733c6 req-d0df2261-7f88-4771-b963-4fadd52733c6 ] Request (ServersNegativeTestMultiTenantJSON:setUpClass): 201 POST http://10.180.1.21:9696/networking/v2.0/subnets 0.336s
2025-05-19 19:31:26.852 70624 INFO tempest.lib.common.rest_client [req-04e662ca-391e-4125-96f0-3c42f8fb0b44 req-04e662ca-391e-4125-96f0-3c42f8fb0b44 ] Request (ValidationResourcesFixture:setUp): 200 POST http://10.180.1.21/compute/v2.1/os-keypairs 0.356s
2025-05-19 19:31:26.871 70654 INFO tempest.lib.common.rest_client [req-554d0edd-2061-4111-b9a0-6d2dc43a439f req-554d0edd-2061-4111-b9a0-6d2dc43a439f ] Request (VolumesTestJSON:tearDownClass): 202 DELETE http://10.180.1.21/volume/v3/volumes/453dd919-4022-4893-80d3-e9b0562028a9 0.062s
2025-05-19 19:31:26.903 70654 INFO tempest.lib.common.rest_client [req-d967e374-6a8f-4034-a0f6-db383cf228f2 req-d967e374-6a8f-4034-a0f6-db383cf228f2 ] Request (VolumesTestJSON:tearDownClass): 200 GET http://10.180.1.21/volume/v3/volumes/453dd919-4022-4893-80d3-e9b0562028a9 0.031s
2025-05-19 19:31:27.063 70667 INFO tempest.lib.common.rest_client [req-4efcd7e4-8d5f-4601-9a81-3079c7a0cb8d req-4efcd7e4-8d5f-4601-9a81-3079c7a0cb8d ] Request (ServersTestMultiNic:_run_cleanups): 204 DELETE http://10.180.1.21:9696/networking/v2.0/subnets/974b6840-1d00-44f0-a503-4cdc1e08e0eb 0.306s
2025-05-19 19:31:27.125 70632 INFO tempest.lib.common.rest_client [req-db20f429-c394-4c8c-89b5-682c2fe0a748 req-db20f429-c394-4c8c-89b5-682c2fe0a748 ] Request (SecurityGroupsTestJSON:test_list_security_groups_by_server): 200 POST http://10.180.1.21/compute/v2.1/os-security-groups 0.811s
2025-05-19 19:31:27.151 70670 INFO tempest.lib.common.rest_client [req-a953c834-ff5d-434f-b691-d27a7097597b req-a953c834-ff5d-434f-b691-d27a7097597b ] Request (AttachInterfacesTestJSON:test_create_list_show_delete_interfaces_by_network_port): 204 DELETE http://10.180.1.21/compute/v2.1/servers/1b001ff2-847a-468f-add9-b00504c5eec9 0.568s
2025-05-19 19:31:27.153 70682 INFO tempest.lib.common.rest_client [req-f985c43c-9b9e-459f-a72c-16ef1f545f75 req-f985c43c-9b9e-459f-a72c-16ef1f545f75 ] Request (MultipleCreateTestJSON:test_multiple_create_with_reservation_return): 404 GET http://10.180.1.21/compute/v2.1/servers/9ade14d0-e091-4c85-af0c-5b6bced327c6 0.495s
2025-05-19 19:31:27.163 70624 INFO tempest.lib.common.rest_client [req-b2abfcbb-c394-4f39-8c60-b68c3a4276ee req-b2abfcbb-c394-4f39-8c60-b68c3a4276ee ] Request (ValidationResourcesFixture:setUp): 201 POST http://10.180.1.21:9696/networking/v2.0/security-groups 0.308s
2025-05-19 19:31:27.181 70638 INFO tempest.lib.common.rest_client [req-62c12270-92b6-41eb-8000-d5de06080f94 req-62c12270-92b6-41eb-8000-d5de06080f94 ] Request (DeleteServersTestJSON:test_delete_server_while_in_building_state): 404 GET http://10.180.1.21/compute/v2.1/servers/43b9ccf6-9a50-48c4-adaa-63bddb3187b5 0.519s
2025-05-19 19:31:27.235 70642 INFO tempest.lib.common.rest_client [req-e6b63065-9820-4ae9-88ce-5e7462bdbf33 req-e6b63065-9820-4ae9-88ce-5e7462bdbf33 ] Request (ServersTestBootFromVolume:setUpClass): 200 GET http://10.180.1.21/volume/v3/volumes/b3a9951a-64d1-4f11-85d7-3f4cdaa60de8 0.030s
2025-05-19 19:31:27.236 70622 INFO tempest.lib.common.rest_client [req-74300836-4d0f-4575-875c-b54a56698bd3 req-74300836-4d0f-4575-875c-b54a56698bd3 ] Request (InstanceActionsV221TestJSON:tearDownClass): 204 DELETE http://10.180.1.21:9696/networking/v2.0/routers/20e2d282-d94e-47ae-bb72-6a3e39f76629 1.217s
2025-05-19 19:31:27.267 70638 INFO tempest.lib.common.rest_client [req-5a837abb-3782-4988-a632-7544972c0fbb req-5a837abb-3782-4988-a632-7544972c0fbb ] Request (DeleteServersTestJSON:test_delete_server_while_in_shelved_state): 201 POST http://10.180.1.21/identity/v3/auth/tokens 0.081s
2025-05-19 19:31:27.267 70638 INFO tempest.lib.common.fixed_network [-] (DeleteServersTestJSON:test_delete_server_while_in_shelved_state) Found network {'id': '7b0f3f08-4f78-4f4d-b10d-4f718c97255a', 'name': 'tempest-DeleteServersTestJSON-2040878133-network', 'tenant_id': '8fe2b52730e74c2aa32cced90677fa78', 'admin_state_up': True, 'mtu': 8950, 'status': 'ACTIVE', 'subnets': [], 'shared': False, 'project_id': '8fe2b52730e74c2aa32cced90677fa78', 'port_security_enabled': True, 'router:external': False, 'provider:network_type': 'vlan', 'provider:physical_network': 'default', 'provider:segmentation_id': 219, 'availability_zone_hints': [], 'availability_zones': [], 'ipv4_address_scope': None, 'ipv6_address_scope': None, 'description': '', 'tags': [], 'created_at': '2025-05-19T19:30:58Z', 'updated_at': '2025-05-19T19:30:58Z', 'revision_number': 1} available for tenant
2025-05-19 19:31:27.486 70624 INFO tempest.lib.common.rest_client [req-cccadfdc-f2e7-4041-9afe-e969ecaefd30 req-cccadfdc-f2e7-4041-9afe-e969ecaefd30 ] Request (ValidationResourcesFixture:setUp): 201 POST http://10.180.1.21:9696/networking/v2.0/security-group-rules 0.323s
2025-05-19 19:31:27.513 70667 INFO tempest.lib.common.rest_client [req-970381dd-e2db-4be6-a014-21f498681477 req-970381dd-e2db-4be6-a014-21f498681477 ] Request (ServersTestMultiNic:_run_cleanups): 204 DELETE http://10.180.1.21:9696/networking/v2.0/networks/0c0f70fd-0daa-45ed-b07e-3b65962755ba 0.450s
2025-05-19 19:31:27.542 70648 INFO tempest.lib.common.rest_client [req-fccd7afb-7892-413a-b232-e08f080d3578 req-fccd7afb-7892-413a-b232-e08f080d3578 ] Request (SecurityGroupRulesNegativeTestJSON:test_create_security_group_rule_with_invalid_to_port): 200 POST http://10.180.1.21/compute/v2.1/os-security-groups 0.835s
2025-05-19 19:31:27.556 70632 INFO tempest.lib.common.rest_client [req-0f23b27c-6ff0-456b-9567-ef9b23f25d65 req-0f23b27c-6ff0-456b-9567-ef9b23f25d65 ] Request (SecurityGroupsTestJSON:test_list_security_groups_by_server): 200 POST http://10.180.1.21/compute/v2.1/os-security-groups 0.427s
2025-05-19 19:31:27.582 70670 INFO tempest.lib.common.rest_client [req-0c0eda87-9028-4a69-88cb-16ffd1e8b100 req-0c0eda87-9028-4a69-88cb-16ffd1e8b100 ] Request (AttachInterfacesTestJSON:test_create_list_show_delete_interfaces_by_network_port): 404 GET http://10.180.1.21/compute/v2.1/servers/1b001ff2-847a-468f-add9-b00504c5eec9 0.430s
2025-05-19 19:31:27.582 70622 INFO tempest.lib.common.rest_client [req-1dce054e-baac-4f86-a1b9-b941403cd4e4 req-1dce054e-baac-4f86-a1b9-b941403cd4e4 ] Request (InstanceActionsV221TestJSON:tearDownClass): 204 DELETE http://10.180.1.21:9696/networking/v2.0/subnets/2d67c40f-0da7-484a-944a-9e3e462ecf30 0.346s
2025-05-19 19:31:27.585 70682 INFO tempest.lib.common.rest_client [req-cd978757-ccf6-4aa3-97a2-055a58dfa78e req-cd978757-ccf6-4aa3-97a2-055a58dfa78e ] Request (MultipleCreateTestJSON:test_multiple_create_with_reservation_return): 404 GET http://10.180.1.21/compute/v2.1/servers/c8e11484-ef9e-4fca-b7ba-098b5f7da648 0.432s
2025-05-19 19:31:27.601 70632 INFO tempest.lib.common.rest_client [req-75a7360e-f1e0-4b36-875c-e7b4c202914f req-75a7360e-f1e0-4b36-875c-e7b4c202914f ] Request (SecurityGroupsTestJSON:test_list_security_groups_by_server): 201 POST http://10.180.1.21/identity/v3/auth/tokens 0.039s
2025-05-19 19:31:27.601 70632 INFO tempest.lib.common.fixed_network [-] (SecurityGroupsTestJSON:test_list_security_groups_by_server) Found network {'id': 'a2abc032-7380-4fb4-b503-794baeeeb803', 'name': 'tempest-SecurityGroupsTestJSON-1225581987-network', 'tenant_id': 'de10cd35eea44f648c5b717811e2bc5f', 'admin_state_up': True, 'mtu': 8950, 'status': 'ACTIVE', 'subnets': [], 'shared': False, 'project_id': 'de10cd35eea44f648c5b717811e2bc5f', 'port_security_enabled': True, 'router:external': False, 'provider:network_type': 'vlan', 'provider:physical_network': 'default', 'provider:segmentation_id': 307, 'availability_zone_hints': [], 'availability_zones': [], 'ipv4_address_scope': None, 'ipv6_address_scope': None, 'description': '', 'tags': [], 'created_at': '2025-05-19T19:31:22Z', 'updated_at': '2025-05-19T19:31:22Z', 'revision_number': 1} available for tenant
2025-05-19 19:31:27.666 70648 INFO tempest.lib.common.rest_client [req-03b1deb6-7f7a-42d0-b0ba-860a63257965 req-03b1deb6-7f7a-42d0-b0ba-860a63257965 ] Request (SecurityGroupRulesNegativeTestJSON:test_create_security_group_rule_with_invalid_to_port): 400 POST http://10.180.1.21/compute/v2.1/os-security-group-rules 0.120s
2025-05-19 19:31:27.689 70670 INFO tempest.lib.common.rest_client [req-609a484b-72ae-454b-9e1c-068c70e1cde1 req-609a484b-72ae-454b-9e1c-068c70e1cde1 ] Request (AttachInterfacesTestJSON:_run_cleanups): 202 DELETE http://10.180.1.21/compute/v2.1/os-keypairs/tempest-keypair-1814391625 0.106s
2025-05-19 19:31:27.928 70654 INFO tempest.lib.common.rest_client [req-46f096f6-b500-4dcc-bdd0-e3c558f55975 req-46f096f6-b500-4dcc-bdd0-e3c558f55975 ] Request (VolumesTestJSON:tearDownClass): 404 GET http://10.180.1.21/volume/v3/volumes/453dd919-4022-4893-80d3-e9b0562028a9 0.013s
2025-05-19 19:31:27.974 70654 INFO tempest.lib.common.rest_client [req-645178d1-0ad9-4ec0-bb53-caea2054c10c req-645178d1-0ad9-4ec0-bb53-caea2054c10c ] Request (VolumesTestJSON:tearDownClass): 202 DELETE http://10.180.1.21/volume/v3/volumes/3baebc45-1fac-4ae8-ad5d-6ef8b872ac97 0.046s
2025-05-19 19:31:28.010 70654 INFO tempest.lib.common.rest_client [req-6440460a-6233-4192-be76-5ec1ec079b99 req-6440460a-6233-4192-be76-5ec1ec079b99 ] Request (VolumesTestJSON:tearDownClass): 200 GET http://10.180.1.21/volume/v3/volumes/3baebc45-1fac-4ae8-ad5d-6ef8b872ac97 0.035s
2025-05-19 19:31:28.064 70624 INFO tempest.lib.common.rest_client [req-010cad87-b92a-46c7-9222-afaa547a487c req-010cad87-b92a-46c7-9222-afaa547a487c ] Request (ValidationResourcesFixture:setUp): 201 POST http://10.180.1.21:9696/networking/v2.0/security-group-rules 0.578s
2025-05-19 19:31:28.082 70626 INFO tempest.lib.common.rest_client [req-c4884eda-fffb-4478-99c2-802d390c1a5f req-c4884eda-fffb-4478-99c2-802d390c1a5f ] Request (ServerActionsTestJSON:tearDownClass): 200 PUT http://10.180.1.21:9696/networking/v2.0/routers/1a4a29c6-ea9f-4365-b13e-e2eb1b4450d8/remove_router_interface 2.456s
2025-05-19 19:31:28.121 70667 INFO tempest.lib.common.rest_client [req-98d41b45-67a3-4b38-bcef-2fccf9ecb0f9 req-98d41b45-67a3-4b38-bcef-2fccf9ecb0f9 ] Request (ServersTestMultiNic:_run_cleanups): 204 DELETE http://10.180.1.21:9696/networking/v2.0/subnets/33e13145-d368-459d-bbc2-8189fd7f866e 0.607s
2025-05-19 19:31:28.225 70670 INFO tempest.lib.common.rest_client [req-508d769b-0a01-4a6c-acf1-76991193fc70 req-508d769b-0a01-4a6c-acf1-76991193fc70 ] Request (AttachInterfacesTestJSON:_run_cleanups): 204 DELETE http://10.180.1.21:9696/networking/v2.0/security-groups/757b1ae5-4f28-496b-8cb4-48f310177046 0.535s
2025-05-19 19:31:28.267 70670 INFO tempest.lib.common.rest_client [req-c86a6297-650a-4435-a73c-3063f44436a8 req-c86a6297-650a-4435-a73c-3063f44436a8 ] Request (AttachInterfacesTestJSON:_run_cleanups): 404 GET http://10.180.1.21:9696/networking/v2.0/security-groups/757b1ae5-4f28-496b-8cb4-48f310177046 0.041s
2025-05-19 19:31:28.272 70642 INFO tempest.lib.common.rest_client [req-19f8597f-1ad5-4a23-b9a6-d652374dcddf req-19f8597f-1ad5-4a23-b9a6-d652374dcddf ] Request (ServersTestBootFromVolume:setUpClass): 200 GET http://10.180.1.21/volume/v3/volumes/b3a9951a-64d1-4f11-85d7-3f4cdaa60de8 0.029s
2025-05-19 19:31:28.283 70642 INFO tempest.common.waiters [-] volume b3a9951a-64d1-4f11-85d7-3f4cdaa60de8 reached available after waiting for 19.283116 seconds
2025-05-19 19:31:28.329 70622 INFO tempest.lib.common.rest_client [req-eaf0c0a4-345f-45a6-b0d9-8f8893e55b32 req-eaf0c0a4-345f-45a6-b0d9-8f8893e55b32 ] Request (InstanceActionsV221TestJSON:tearDownClass): 204 DELETE http://10.180.1.21:9696/networking/v2.0/networks/95ce14f5-fc59-4e43-8572-32b0e3629452 0.747s
2025-05-19 19:31:28.348 70630 INFO tempest.lib.common.rest_client [req-52fd33e9-eb44-4736-abee-7740ff6c6626 req-52fd33e9-eb44-4736-abee-7740ff6c6626 ] Request (ServersV294TestFqdnHostnames:setUpClass): 201 POST http://10.180.1.21:9696/networking/v2.0/floatingips 1.637s
2025-05-19 19:31:28.410 70622 INFO tempest.lib.common.rest_client [req-95e1ccf7-7bda-41db-9f5d-66eff3803aa7 req-95e1ccf7-7bda-41db-9f5d-66eff3803aa7 ] Request (InstanceActionsV221TestJSON:tearDownClass): 204 DELETE http://10.180.1.21/identity/v3/users/1eb57c2806da473cafde7064c1f6386a 0.080s
2025-05-19 19:31:28.410 70622 INFO tempest.lib.common.dynamic_creds [-] Deleting project and security group for project: b3de3e5cf9d54476ad80d2128c7f86cb
2025-05-19 19:31:28.416 70630 INFO tempest.lib.common.rest_client [req-b0b76f62-0c4e-437a-a704-3a08faf5d4c7 req-b0b76f62-0c4e-437a-a704-3a08faf5d4c7 ] Request (ServersV294TestFqdnHostnames:setUpClass): 201 POST http://10.180.1.21/identity/v3/auth/tokens 0.065s
2025-05-19 19:31:28.416 70630 INFO tempest.lib.common.fixed_network [-] (ServersV294TestFqdnHostnames:setUpClass) Found network {'id': '3a04dabc-3bca-4a17-903d-def2f5d1e0f1', 'name': 'tempest-ServersV294TestFqdnHostnames-1842316004-network', 'tenant_id': 'b5cd735888a74320bf01c4ce5030222e', 'admin_state_up': True, 'mtu': 8950, 'status': 'ACTIVE', 'subnets': [], 'shared': False, 'project_id': 'b5cd735888a74320bf01c4ce5030222e', 'port_security_enabled': True, 'router:external': False, 'provider:network_type': 'vlan', 'provider:physical_network': 'default', 'provider:segmentation_id': 656, 'availability_zone_hints': [], 'availability_zones': [], 'ipv4_address_scope': None, 'ipv6_address_scope': None, 'description': '', 'tags': [], 'created_at': '2025-05-19T19:31:22Z', 'updated_at': '2025-05-19T19:31:22Z', 'revision_number': 1} available for tenant
2025-05-19 19:31:28.504 70622 INFO tempest.lib.common.rest_client [req-39ba2da0-0ddf-48fb-a738-a99f85891331 req-39ba2da0-0ddf-48fb-a738-a99f85891331 ] Request (InstanceActionsV221TestJSON:tearDownClass): 200 GET http://10.180.1.21:9696/networking/v2.0/security-groups?tenant_id=b3de3e5cf9d54476ad80d2128c7f86cb&name=default 0.094s
2025-05-19 19:31:28.526 70667 INFO tempest.lib.common.rest_client [req-642caa27-ba66-4945-8f2b-50ecf1a3e76a req-642caa27-ba66-4945-8f2b-50ecf1a3e76a ] Request (ServersTestMultiNic:_run_cleanups): 204 DELETE http://10.180.1.21:9696/networking/v2.0/networks/14de9cd8-1d7b-467d-a869-2d02acb8d1f5 0.404s
2025-05-19 19:31:28.710 70638 INFO tempest.lib.common.rest_client [req-c8880055-dbdf-4cb6-926c-428bf70cb41f req-c8880055-dbdf-4cb6-926c-428bf70cb41f ] Request (DeleteServersTestJSON:test_delete_server_while_in_shelved_state): 202 POST http://10.180.1.21/compute/v2.1/servers 1.442s
2025-05-19 19:31:28.728 70632 INFO tempest.lib.common.rest_client [req-510a252b-e164-473f-8880-4f4b48908f2d req-510a252b-e164-473f-8880-4f4b48908f2d ] Request (SecurityGroupsTestJSON:test_list_security_groups_by_server): 202 POST http://10.180.1.21/compute/v2.1/servers 1.125s
2025-05-19 19:31:28.763 70648 INFO tempest.lib.common.rest_client [req-2562eae3-346e-4b4f-b7a7-5fb772b74542 req-2562eae3-346e-4b4f-b7a7-5fb772b74542 ] Request (SecurityGroupRulesNegativeTestJSON:test_create_security_group_rule_with_non_existent_id): 404 POST http://10.180.1.21/compute/v2.1/os-security-group-rules 1.095s
2025-05-19 19:31:28.835 70622 INFO tempest.lib.common.rest_client [req-7bf14f7d-8891-461d-b5d9-670b54fd3f83 req-7bf14f7d-8891-461d-b5d9-670b54fd3f83 ] Request (InstanceActionsV221TestJSON:tearDownClass): 204 DELETE http://10.180.1.21:9696/networking/v2.0/security-groups/a6d7c454-5d55-406f-89ed-28c0dc29b77e 0.330s
2025-05-19 19:31:28.943 70622 INFO tempest.lib.common.rest_client [req-1b5dbf46-2eb0-44b7-8f98-39afc5584f99 req-1b5dbf46-2eb0-44b7-8f98-39afc5584f99 ] Request (InstanceActionsV221TestJSON:tearDownClass): 204 DELETE http://10.180.1.21/identity/v3/projects/b3de3e5cf9d54476ad80d2128c7f86cb 0.108s
2025-05-19 19:31:29.037 70654 INFO tempest.lib.common.rest_client [req-5334e99c-5232-48c2-ad48-c0b09f19cad4 req-5334e99c-5232-48c2-ad48-c0b09f19cad4 ] Request (VolumesTestJSON:tearDownClass): 404 GET http://10.180.1.21/volume/v3/volumes/3baebc45-1fac-4ae8-ad5d-6ef8b872ac97 0.016s
2025-05-19 19:31:29.102 70654 INFO tempest.lib.common.rest_client [req-cdc19d42-993b-47b0-bb64-1b0f065e795d req-cdc19d42-993b-47b0-bb64-1b0f065e795d ] Request (VolumesTestJSON:tearDownClass): 202 DELETE http://10.180.1.21/volume/v3/volumes/92f04d1e-f9a5-45b8-8084-1921ac05b224 0.064s
2025-05-19 19:31:29.106 70670 INFO tempest.lib.common.rest_client [req-ee444f84-338e-44c7-a49a-a5b951d76ae4 req-ee444f84-338e-44c7-a49a-a5b951d76ae4 ] Request (AttachInterfacesTestJSON:_run_cleanups): 204 DELETE http://10.180.1.21:9696/networking/v2.0/floatingips/907f7df6-3ddb-4e15-990a-9e8d3906e06b 0.839s
2025-05-19 19:31:29.146 70654 INFO tempest.lib.common.rest_client [req-b7044131-ed73-445c-8f7d-091de561e784 req-b7044131-ed73-445c-8f7d-091de561e784 ] Request (VolumesTestJSON:tearDownClass): 200 GET http://10.180.1.21/volume/v3/volumes/92f04d1e-f9a5-45b8-8084-1921ac05b224 0.043s
2025-05-19 19:31:29.187 70670 INFO tempest.lib.common.rest_client [req-e3ad56cc-214f-49e5-805f-7c975eb0fa86 req-e3ad56cc-214f-49e5-805f-7c975eb0fa86 ] Request (AttachInterfacesTestJSON:test_reassign_port_between_servers): 201 POST http://10.180.1.21/identity/v3/auth/tokens 0.071s
2025-05-19 19:31:29.187 70670 INFO tempest.lib.common.fixed_network [-] (AttachInterfacesTestJSON:test_reassign_port_between_servers) Found network {'id': '56e0f944-281e-4631-881a-c89d271c7aeb', 'name': 'tempest-AttachInterfacesTestJSON-931075163-network', 'tenant_id': 'cc1935aa36b84750a1c14ffc2e2feda3', 'admin_state_up': True, 'mtu': 8950, 'status': 'ACTIVE', 'subnets': [], 'shared': False, 'project_id': 'cc1935aa36b84750a1c14ffc2e2feda3', 'port_security_enabled': True, 'router:external': False, 'provider:network_type': 'vlan', 'provider:physical_network': 'default', 'provider:segmentation_id': 87, 'availability_zone_hints': [], 'availability_zones': [], 'ipv4_address_scope': None, 'ipv6_address_scope': None, 'description': '', 'tags': [], 'created_at': '2025-05-19T19:30:54Z', 'updated_at': '2025-05-19T19:30:54Z', 'revision_number': 1} available for tenant
2025-05-19 19:31:29.363 70681 INFO tempest.lib.common.rest_client [req-25764a54-d240-4d2b-9b1a-44b28f8d5c8a req-25764a54-d240-4d2b-9b1a-44b28f8d5c8a ] Request (ServersTestJSON:tearDownClass): 200 PUT http://10.180.1.21:9696/networking/v2.0/routers/c408e1b1-e5da-48b8-892a-9dd239f93c19/remove_router_interface 2.632s
2025-05-19 19:31:29.443 70620 INFO tempest.lib.common.rest_client [req-7723f4f5-6c28-4c28-9e4b-0f3b9e8fa468 req-7723f4f5-6c28-4c28-9e4b-0f3b9e8fa468 ] Request (ServersNegativeTestMultiTenantJSON:setUpClass): 201 POST http://10.180.1.21:9696/networking/v2.0/routers 2.591s
2025-05-19 19:31:29.543 70624 INFO tempest.lib.common.rest_client [req-461f535c-1936-45fe-96ea-0f7616322e48 req-461f535c-1936-45fe-96ea-0f7616322e48 ] Request (ValidationResourcesFixture:setUp): 201 POST http://10.180.1.21:9696/networking/v2.0/floatingips 1.477s
2025-05-19 19:31:29.610 70626 INFO tempest.lib.common.rest_client [req-a0c60ae4-1dab-45d3-82b9-f518b46aa778 req-a0c60ae4-1dab-45d3-82b9-f518b46aa778 ] Request (ServerActionsTestJSON:tearDownClass): 204 DELETE http://10.180.1.21:9696/networking/v2.0/routers/1a4a29c6-ea9f-4365-b13e-e2eb1b4450d8 1.528s
2025-05-19 19:31:29.624 70624 INFO tempest.lib.common.rest_client [req-e7e2c9ff-053a-4931-8519-daeee3fa9460 req-e7e2c9ff-053a-4931-8519-daeee3fa9460 ] Request (AttachVolumeTestJSON:test_list_get_volume_attachments): 201 POST http://10.180.1.21/identity/v3/auth/tokens 0.079s
2025-05-19 19:31:29.627 70624 INFO tempest.lib.common.fixed_network [-] (AttachVolumeTestJSON:test_list_get_volume_attachments) Found network {'id': '972b3e2d-5afa-4643-8b1a-52f3c7f96471', 'name': 'tempest-AttachVolumeTestJSON-761739341-network', 'tenant_id': 'aca13ddbd23d4e7bbf161ea25f85cc2c', 'admin_state_up': True, 'mtu': 8950, 'status': 'ACTIVE', 'subnets': [], 'shared': False, 'project_id': 'aca13ddbd23d4e7bbf161ea25f85cc2c', 'port_security_enabled': True, 'router:external': False, 'provider:network_type': 'vlan', 'provider:physical_network': 'default', 'provider:segmentation_id': 821, 'availability_zone_hints': [], 'availability_zones': [], 'ipv4_address_scope': None, 'ipv6_address_scope': None, 'description': '', 'tags': [], 'created_at': '2025-05-19T19:31:05Z', 'updated_at': '2025-05-19T19:31:05Z', 'revision_number': 1} available for tenant
2025-05-19 19:31:29.868 70630 INFO tempest.lib.common.rest_client [req-a56246e6-804e-4322-8801-3bb7793a3456 req-a56246e6-804e-4322-8801-3bb7793a3456 ] Request (ServersV294TestFqdnHostnames:setUpClass): 202 POST http://10.180.1.21/compute/v2.1/servers 1.451s
2025-05-19 19:31:29.869 70626 INFO tempest.lib.common.rest_client [req-38f17f2d-972d-4148-a72d-1149c9a9c2af req-38f17f2d-972d-4148-a72d-1149c9a9c2af ] Request (ServerActionsTestJSON:tearDownClass): 204 DELETE http://10.180.1.21:9696/networking/v2.0/subnets/4f56c6e3-ec8a-47fe-9f8d-2fb7ca9432e7 0.258s
2025-05-19 19:31:29.970 70642 INFO tempest.lib.common.rest_client [req-872cc5a2-1cd4-4510-8e53-9a260b9f294c req-872cc5a2-1cd4-4510-8e53-9a260b9f294c ] Request (ServersTestBootFromVolume:setUpClass): 202 POST http://10.180.1.21/compute/v2.1/servers 1.687s
2025-05-19 19:31:29.977 70638 INFO tempest.lib.common.rest_client [req-accdca24-8ed3-4850-ab57-33a6160eaee9 req-accdca24-8ed3-4850-ab57-33a6160eaee9 ] Request (DeleteServersTestJSON:test_delete_server_while_in_shelved_state): 200 GET http://10.180.1.21/compute/v2.1/servers/7e2f5e9c-4032-47ea-b0aa-521400e5d52c 1.265s
2025-05-19 19:31:30.043 70648 INFO tempest.lib.common.rest_client [req-4440ec88-4698-403a-8971-a34687178980 req-4440ec88-4698-403a-8971-a34687178980 ] Request (SecurityGroupRulesNegativeTestJSON:test_delete_security_group_rule_with_non_existent_id): 404 DELETE http://10.180.1.21/compute/v2.1/os-security-group-rules/875f62a4-1465-444e-84e8-ff028469ad9d 1.278s
2025-05-19 19:31:30.053 70632 INFO tempest.lib.common.rest_client [req-f85ae849-6f13-4700-8f26-c2dddb8c34f5 req-f85ae849-6f13-4700-8f26-c2dddb8c34f5 ] Request (SecurityGroupsTestJSON:test_list_security_groups_by_server): 200 GET http://10.180.1.21/compute/v2.1/servers/2a73b6a6-5e10-471a-8ed9-7c61b9bc0980 1.323s
2025-05-19 19:31:30.085 70670 INFO tempest.lib.common.rest_client [req-0dc507a0-a46a-4647-b31b-dcd7cf5edb3a req-0dc507a0-a46a-4647-b31b-dcd7cf5edb3a ] Request (ValidationResourcesFixture:setUp): 200 POST http://10.180.1.21/compute/v2.1/os-keypairs 0.897s
2025-05-19 19:31:30.151 70630 INFO tempest.lib.common.rest_client [req-73fa40c9-903b-4ca3-8c5e-5dc4cb8ac6fb req-73fa40c9-903b-4ca3-8c5e-5dc4cb8ac6fb ] Request (ServersV294TestFqdnHostnames:setUpClass): 200 GET http://10.180.1.21/compute/v2.1/servers/2e50f76d-b9ee-4903-aa77-3188d47571a1 0.281s
2025-05-19 19:31:30.172 70654 INFO tempest.lib.common.rest_client [req-e0d02634-9d2b-4e4f-be71-6477e8835517 req-e0d02634-9d2b-4e4f-be71-6477e8835517 ] Request (VolumesTestJSON:tearDownClass): 404 GET http://10.180.1.21/volume/v3/volumes/92f04d1e-f9a5-45b8-8084-1921ac05b224 0.017s
2025-05-19 19:31:30.218 70642 INFO tempest.lib.common.rest_client [req-e24ba767-6a31-4844-a882-5789645d795b req-e24ba767-6a31-4844-a882-5789645d795b ] Request (ServersTestBootFromVolume:setUpClass): 200 GET http://10.180.1.21/compute/v2.1/servers/024b9afb-e62f-4e27-a937-2248d50e1c84 0.246s
2025-05-19 19:31:30.248 70626 INFO tempest.lib.common.rest_client [req-e0b172a5-ecb3-4a37-b865-683d6785871c req-e0b172a5-ecb3-4a37-b865-683d6785871c ] Request (ServerActionsTestJSON:tearDownClass): 204 DELETE http://10.180.1.21:9696/networking/v2.0/networks/d0396034-7e27-4640-af78-fe253ea5f98e 0.378s
2025-05-19 19:31:30.269 70667 INFO tempest.lib.common.rest_client [req-6826abf6-1db7-408b-8d11-f22faa543e79 req-6826abf6-1db7-408b-8d11-f22faa543e79 ] Request (ServersTestMultiNic:tearDownClass): 200 PUT http://10.180.1.21:9696/networking/v2.0/routers/250c6762-a0f2-4860-b47c-8cba6435d909/remove_router_interface 1.736s
2025-05-19 19:31:30.307 70654 INFO tempest.lib.common.rest_client [req-7ca8edb0-df56-4e9e-b4b8-f3cc28385a6f req-7ca8edb0-df56-4e9e-b4b8-f3cc28385a6f ] Request (VolumesTestJSON:tearDownClass): 204 DELETE http://10.180.1.21/identity/v3/users/906981100f56463e879e6ad2b5f71caa 0.135s
2025-05-19 19:31:30.308 70654 INFO tempest.lib.common.dynamic_creds [-] Deleting project and security group for project: fb69f0a59dcc49d680787c6c6a0498cc
