2025-05-19 19:30:30.872 70664 INFO tempest.lib.common.rest_client [req-9ffcc89d-5007-4c55-9abd-3e9a81cd47ca req-9ffcc89d-5007-4c55-9abd-3e9a81cd47ca ] Request (ServerMetadataTestJSON:setUpClass): 201 POST http://10.180.1.21/identity/v3/auth/tokens 0.065s
2025-05-19 19:30:30.873 70664 INFO tempest.lib.common.fixed_network [-] (ServerMetadataTestJSON:setUpClass) Found network {'id': '4d01105b-ffa6-45c7-b94e-49f0a98dd70c', 'name': 'tempest-ServerMetadataTestJSON-972571987-network', 'tenant_id': 'd8b2573a210842869d920202c7c2d347', 'admin_state_up': True, 'mtu': 8950, 'status': 'ACTIVE', 'subnets': [], 'shared': False, 'project_id': 'd8b2573a210842869d920202c7c2d347', 'port_security_enabled': True, 'router:external': False, 'provider:network_type': 'vlan', 'provider:physical_network': 'default', 'provider:segmentation_id': 998, 'availability_zone_hints': [], 'availability_zones': [], 'ipv4_address_scope': None, 'ipv6_address_scope': None, 'description': '', 'tags': [], 'created_at': '2025-05-19T19:30:21Z', 'updated_at': '2025-05-19T19:30:21Z', 'revision_number': 1} available for tenant
2025-05-19 19:30:30.891 70624 INFO tempest.lib.common.rest_client [req-33478337-73b5-4fd5-99aa-8997485d0caf req-33478337-73b5-4fd5-99aa-8997485d0caf ] Request (ServerActionsTestOtherA:setUpClass): 201 POST http://10.180.1.21/identity/v3/users 0.094s
2025-05-19 19:30:30.914 70624 INFO tempest.lib.common.rest_client [req-77e9bcf6-ff3a-46a9-beaa-08b0f4cc39e2 req-77e9bcf6-ff3a-46a9-beaa-08b0f4cc39e2 ] Request (ServerActionsTestOtherA:setUpClass): 200 GET http://10.180.1.21/identity/v3/roles 0.022s
2025-05-19 19:30:30.941 70624 INFO tempest.lib.common.rest_client [req-b870703b-2f5b-487b-946f-9a76c5d049b4 req-b870703b-2f5b-487b-946f-9a76c5d049b4 ] Request (ServerActionsTestOtherA:setUpClass): 204 PUT http://10.180.1.21/identity/v3/projects/20fb2b597d6c4b1ca4ee07a6b9847658/users/38075d65ae584e69acd8473e2918e886/roles/283864aeb03d49bcabc89f5420cf6984 0.026s
2025-05-19 19:30:30.941 70624 INFO tempest.lib.common.dynamic_creds [-] Dynamic test user 38075d65ae584e69acd8473e2918e886 is created with scope project and roles: ['member']
2025-05-19 19:30:30.941 70624 INFO tempest.lib.common.dynamic_creds [-] Acquired dynamic creds: credentials: Credentials: {'domain_id': 'default', 'domain_name': 'Default', 'username': 'tempest-ServerActionsTestOtherA-1119337536-project-member', 'project_domain_id': 'default', 'project_domain_name': 'Default', 'project_id': '20fb2b597d6c4b1ca4ee07a6b9847658', 'project_name': 'tempest-ServerActionsTestOtherA-1119337536', 'tenant_id': '20fb2b597d6c4b1ca4ee07a6b9847658', 'tenant_name': 'tempest-ServerActionsTestOtherA-1119337536', 'user_domain_id': 'default', 'user_domain_name': 'Default', 'user_id': '38075d65ae584e69acd8473e2918e886', 'system': None}, Network: None, Subnet: None, Router: None
2025-05-19 19:30:30.952 70682 INFO tempest.lib.common.rest_client [req-aa812752-dea2-48de-8f3f-888c0d62a23c req-aa812752-dea2-48de-8f3f-888c0d62a23c ] Request (VolumesAssistedSnapshotsTest:tearDownClass): 204 DELETE http://10.180.1.21:9696/networking/v2.0/subnets/6577c6bf-93d6-4708-ae42-c805c2e2ce42 0.307s
2025-05-19 19:30:30.992 70628 INFO tempest.lib.common.rest_client [req-3d820dda-d86c-4c7e-a5e2-3607585218ab req-3d820dda-d86c-4c7e-a5e2-3607585218ab ] Request (ImagesOneServerNegativeTestJSON:tearDownClass): 204 DELETE http://10.180.1.21:9696/networking/v2.0/networks/9b53f013-0891-4f74-8da6-3588b8a3c193 0.325s
2025-05-19 19:30:30.999 70656 INFO tempest.lib.common.rest_client [req-9bb6e097-e329-4fde-a3e1-cb49dce1b25c req-9bb6e097-e329-4fde-a3e1-cb49dce1b25c ] Request (FloatingIPDetailsTestJSON:tearDownClass): 204 DELETE http://10.180.1.21:9696/networking/v2.0/security-groups/12405da5-e3f7-4748-b69d-bf5c0593dce5 0.250s
2025-05-19 19:30:31.012 70624 INFO tempest.lib.common.rest_client [req-0112050d-13f8-406e-a5f6-9aa99b9a45f7 req-0112050d-13f8-406e-a5f6-9aa99b9a45f7 ] Request (ServerActionsTestOtherA:setUpClass): 201 POST http://10.180.1.21/identity/v3/auth/tokens 0.071s
2025-05-19 19:30:31.069 70637 INFO tempest.lib.common.rest_client [req-85bc5052-4cd0-46f9-b509-c58a3df406ae req-85bc5052-4cd0-46f9-b509-c58a3df406ae ] Request (ServerRescueTestJSON:setUpClass): 202 POST http://10.180.1.21/compute/v2.1/servers 3.502s
2025-05-19 19:30:31.096 70656 INFO tempest.lib.common.rest_client [req-3279da42-ac7b-49c7-92df-9f167646b729 req-3279da42-ac7b-49c7-92df-9f167646b729 ] Request (FloatingIPDetailsTestJSON:tearDownClass): 204 DELETE http://10.180.1.21/identity/v3/projects/4b7fb5b62f6942e3aa9a128f7e7240b9 0.097s
2025-05-19 19:30:31.205 70674 INFO tempest.lib.common.rest_client [req-eefb4e97-baf6-4338-a75b-eac14fd6f37a req-eefb4e97-baf6-4338-a75b-eac14fd6f37a ] Request (FloatingIPsNegativeTestJSON:setUpClass): 201 POST http://10.180.1.21:9696/networking/v2.0/routers 1.064s
2025-05-19 19:30:31.222 70628 INFO tempest.lib.common.rest_client [req-f30aedc2-e8a8-446e-ab14-04c7fd0ab5f1 req-f30aedc2-e8a8-446e-ab14-04c7fd0ab5f1 ] Request (ImagesOneServerNegativeTestJSON:tearDownClass): 204 DELETE http://10.180.1.21/identity/v3/users/c228bf814bcf42bf8aa2d601c165e4e4 0.229s
2025-05-19 19:30:31.223 70628 INFO tempest.lib.common.dynamic_creds [-] Deleting project and security group for project: a942cd9dc1b04bd5b6e26d6f8e818641
2025-05-19 19:30:31.248 70628 INFO tempest.lib.common.rest_client [req-7dda6c45-428d-4e98-867e-0f9fe1295af1 req-7dda6c45-428d-4e98-867e-0f9fe1295af1 ] Request (ImagesOneServerNegativeTestJSON:tearDownClass): 200 GET http://10.180.1.21:9696/networking/v2.0/security-groups?tenant_id=a942cd9dc1b04bd5b6e26d6f8e818641&name=default 0.025s
2025-05-19 19:30:31.290 70656 INFO tempest.lib.common.rest_client [req-705ccb16-9af6-4711-9526-9957bab83ba4 req-705ccb16-9af6-4711-9526-9957bab83ba4 ] Request (ServerPasswordTestJSON:setUpClass): 201 POST http://10.180.1.21/identity/v3/auth/tokens 0.192s
2025-05-19 19:30:31.328 70656 INFO tempest.lib.common.rest_client [req-038eb9c9-d1c7-4b6d-92be-3ea8491f3f45 req-038eb9c9-d1c7-4b6d-92be-3ea8491f3f45 ] Request (ServerPasswordTestJSON:setUpClass): 201 POST http://10.180.1.21/identity/v3/auth/tokens 0.034s
2025-05-19 19:30:31.334 70628 INFO tempest.lib.common.rest_client [req-b6b292da-51a5-4d52-bcef-1745b9c5e5c5 req-b6b292da-51a5-4d52-bcef-1745b9c5e5c5 ] Request (ImagesOneServerNegativeTestJSON:tearDownClass): 204 DELETE http://10.180.1.21:9696/networking/v2.0/security-groups/a4f9895a-9faa-4221-b9b4-aa341c23a60f 0.085s
2025-05-19 19:30:31.429 70628 INFO tempest.lib.common.rest_client [req-6176ebab-f95f-4fda-97aa-0735b2d64ffc req-6176ebab-f95f-4fda-97aa-0735b2d64ffc ] Request (ImagesOneServerNegativeTestJSON:tearDownClass): 204 DELETE http://10.180.1.21/identity/v3/projects/a942cd9dc1b04bd5b6e26d6f8e818641 0.095s
2025-05-19 19:30:31.462 70656 INFO tempest.lib.common.rest_client [req-40ff1914-6dee-4bfc-bf46-1c76927cf558 req-40ff1914-6dee-4bfc-bf46-1c76927cf558 ] Request (ServerPasswordTestJSON:setUpClass): 200 GET http://10.180.1.21/identity/v3/domains?name=Default 0.133s
2025-05-19 19:30:31.481 70628 INFO tempest.lib.common.rest_client [req-0c86dbaf-3c7e-44bd-a8dd-a043e6541324 req-0c86dbaf-3c7e-44bd-a8dd-a043e6541324 ] Request (KeyPairsV2TestJSON:setUpClass): 201 POST http://10.180.1.21/identity/v3/auth/tokens 0.046s
2025-05-19 19:30:31.511 70656 INFO tempest.lib.common.rest_client [req-a61d2444-7c9a-445f-83d6-13f1ec9768ff req-a61d2444-7c9a-445f-83d6-13f1ec9768ff ] Request (ServerPasswordTestJSON:setUpClass): 201 POST http://10.180.1.21/identity/v3/projects 0.048s
2025-05-19 19:30:31.554 70628 INFO tempest.lib.common.rest_client [req-df1302be-b1fa-40bd-a7ff-54ea07b56d9e req-df1302be-b1fa-40bd-a7ff-54ea07b56d9e ] Request (KeyPairsV2TestJSON:setUpClass): 201 POST http://10.180.1.21/identity/v3/auth/tokens 0.071s
2025-05-19 19:30:31.574 70656 INFO tempest.lib.common.rest_client [req-4363310d-1164-4ea3-a658-82f601623d4d req-4363310d-1164-4ea3-a658-82f601623d4d ] Request (ServerPasswordTestJSON:setUpClass): 201 POST http://10.180.1.21/identity/v3/users 0.063s
2025-05-19 19:30:31.582 70628 INFO tempest.lib.common.rest_client [req-678e8a80-dc4f-439c-8fab-5d838a803a99 req-678e8a80-dc4f-439c-8fab-5d838a803a99 ] Request (KeyPairsV2TestJSON:setUpClass): 200 GET http://10.180.1.21/identity/v3/domains?name=Default 0.028s
2025-05-19 19:30:31.584 70682 INFO tempest.lib.common.rest_client [req-7d31b5ca-57dc-4df1-b09d-a0cb746d0648 req-7d31b5ca-57dc-4df1-b09d-a0cb746d0648 ] Request (VolumesAssistedSnapshotsTest:tearDownClass): 204 DELETE http://10.180.1.21:9696/networking/v2.0/networks/6e596b0d-f4e0-4355-a8a9-a500582ce236 0.631s
2025-05-19 19:30:31.601 70656 INFO tempest.lib.common.rest_client [req-0bdb08ab-c685-4238-ba4b-195ad22ef6e3 req-0bdb08ab-c685-4238-ba4b-195ad22ef6e3 ] Request (ServerPasswordTestJSON:setUpClass): 200 GET http://10.180.1.21/identity/v3/roles 0.026s
2025-05-19 19:30:31.621 70628 INFO tempest.lib.common.rest_client [req-4a94f919-3e94-4277-b6a6-946c3f5e8c0c req-4a94f919-3e94-4277-b6a6-946c3f5e8c0c ] Request (KeyPairsV2TestJSON:setUpClass): 201 POST http://10.180.1.21/identity/v3/projects 0.038s
2025-05-19 19:30:31.640 70656 INFO tempest.lib.common.rest_client [req-9aec9f60-f9dc-43ff-b55e-0d5965507d69 req-9aec9f60-f9dc-43ff-b55e-0d5965507d69 ] Request (ServerPasswordTestJSON:setUpClass): 204 PUT http://10.180.1.21/identity/v3/projects/1f11efd994744975a1ed8f87193209ec/users/857f7b930d554c059aef78c9c079272a/roles/283864aeb03d49bcabc89f5420cf6984 0.038s
2025-05-19 19:30:31.640 70656 INFO tempest.lib.common.dynamic_creds [-] Dynamic test user 857f7b930d554c059aef78c9c079272a is created with scope project and roles: ['member']
2025-05-19 19:30:31.640 70656 INFO tempest.lib.common.dynamic_creds [-] Acquired dynamic creds: credentials: Credentials: {'domain_id': 'default', 'domain_name': 'Default', 'username': 'tempest-ServerPasswordTestJSON-1390903153-project-member', 'project_domain_id': 'default', 'project_domain_name': 'Default', 'project_id': '1f11efd994744975a1ed8f87193209ec', 'project_name': 'tempest-ServerPasswordTestJSON-1390903153', 'tenant_id': '1f11efd994744975a1ed8f87193209ec', 'tenant_name': 'tempest-ServerPasswordTestJSON-1390903153', 'user_domain_id': 'default', 'user_domain_name': 'Default', 'user_id': '857f7b930d554c059aef78c9c079272a', 'system': None}, Network: None, Subnet: None, Router: None
2025-05-19 19:30:31.689 70652 INFO tempest.lib.common.rest_client [req-a89741f5-6703-4da6-98e3-c34bdeb6c1c5 req-a89741f5-6703-4da6-98e3-c34bdeb6c1c5 ] Request (ServerShowV254Test:test_rebuild_server): 202 POST http://10.180.1.21/compute/v2.1/servers 3.753s
2025-05-19 19:30:31.719 70656 INFO tempest.lib.common.rest_client [req-b95f1328-6ab8-4b21-9584-8c36400790d7 req-b95f1328-6ab8-4b21-9584-8c36400790d7 ] Request (ServerPasswordTestJSON:setUpClass): 201 POST http://10.180.1.21/identity/v3/auth/tokens 0.078s
2025-05-19 19:30:31.785 70628 INFO tempest.lib.common.rest_client [req-0be6c4f8-9c94-4f8e-b213-687139e47dc6 req-0be6c4f8-9c94-4f8e-b213-687139e47dc6 ] Request (KeyPairsV2TestJSON:setUpClass): 201 POST http://10.180.1.21/identity/v3/users 0.164s
2025-05-19 19:30:31.859 70628 INFO tempest.lib.common.rest_client [req-a41c10f7-dffb-4bdf-8bed-5f37ee7d924a req-a41c10f7-dffb-4bdf-8bed-5f37ee7d924a ] Request (KeyPairsV2TestJSON:setUpClass): 200 GET http://10.180.1.21/identity/v3/roles 0.073s
2025-05-19 19:30:31.900 70635 INFO tempest.lib.common.rest_client [req-60c143fd-11fc-492d-85f6-f120d1914a87 req-60c143fd-11fc-492d-85f6-f120d1914a87 ] Request (QuotasAdminNegativeTest:_run_cleanups): 200 PUT http://10.180.1.21/compute/v2.1/os-quota-sets/232f6bc0797a4654a4fd2a3e4e088694 3.858s
2025-05-19 19:30:31.907 70640 INFO tempest.lib.common.rest_client [req-a5422e92-dfbb-4639-afb7-c4f378d848ac req-a5422e92-dfbb-4639-afb7-c4f378d848ac ] Request (MultipleCreateNegativeTestJSON:test_min_count_less_than_one): 400 POST http://10.180.1.21/compute/v2.1/servers 3.775s
2025-05-19 19:30:31.913 70628 INFO tempest.lib.common.rest_client [req-229d2675-af57-4426-897b-c7a70256d845 req-229d2675-af57-4426-897b-c7a70256d845 ] Request (KeyPairsV2TestJSON:setUpClass): 204 PUT http://10.180.1.21/identity/v3/projects/19314270c84a46e4af6aa05933097129/users/1eb4919855584de2a6020ec0910a4886/roles/283864aeb03d49bcabc89f5420cf6984 0.053s
2025-05-19 19:30:31.913 70628 INFO tempest.lib.common.dynamic_creds [-] Dynamic test user 1eb4919855584de2a6020ec0910a4886 is created with scope project and roles: ['member']
2025-05-19 19:30:31.914 70628 INFO tempest.lib.common.dynamic_creds [-] Acquired dynamic creds: credentials: Credentials: {'domain_id': 'default', 'domain_name': 'Default', 'username': 'tempest-KeyPairsV2TestJSON-442539118-project-member', 'project_domain_id': 'default', 'project_domain_name': 'Default', 'project_id': '19314270c84a46e4af6aa05933097129', 'project_name': 'tempest-KeyPairsV2TestJSON-442539118', 'tenant_id': '19314270c84a46e4af6aa05933097129', 'tenant_name': 'tempest-KeyPairsV2TestJSON-442539118', 'user_domain_id': 'default', 'user_domain_name': 'Default', 'user_id': '1eb4919855584de2a6020ec0910a4886', 'system': None}, Network: None, Subnet: None, Router: None
2025-05-19 19:30:31.914 70628 INFO tempest.lib.common.dynamic_creds [-] Created isolated network resources for: credentials: Credentials: {'domain_id': 'default', 'domain_name': 'Default', 'username': 'tempest-KeyPairsV2TestJSON-442539118-project-member', 'project_domain_id': 'default', 'project_domain_name': 'Default', 'project_id': '19314270c84a46e4af6aa05933097129', 'project_name': 'tempest-KeyPairsV2TestJSON-442539118', 'tenant_id': '19314270c84a46e4af6aa05933097129', 'tenant_name': 'tempest-KeyPairsV2TestJSON-442539118', 'user_domain_id': 'default', 'user_domain_name': 'Default', 'user_id': '1eb4919855584de2a6020ec0910a4886', 'system': None}, Network: None, Subnet: None, Router: None
2025-05-19 19:30:31.991 70640 INFO tempest.lib.common.rest_client [req-65ae747a-f658-44a6-ba31-c807a2608603 req-65ae747a-f658-44a6-ba31-c807a2608603 ] Request (MultipleCreateNegativeTestJSON:test_min_count_non_integer): 201 POST http://10.180.1.21/identity/v3/auth/tokens 0.076s
2025-05-19 19:30:31.992 70640 INFO tempest.lib.common.fixed_network [-] (MultipleCreateNegativeTestJSON:test_min_count_non_integer) Found network None available for tenant
2025-05-19 19:30:32.004 70624 INFO tempest.lib.common.rest_client [req-9a41e35e-6f73-4c58-8970-784849d5a9bd req-9a41e35e-6f73-4c58-8970-784849d5a9bd ] Request (ServerActionsTestOtherA:setUpClass): 201 POST http://10.180.1.21:9696/networking/v2.0/networks 0.991s
2025-05-19 19:30:32.130 70628 INFO tempest.lib.common.rest_client [req-320fc2f7-9354-4d6c-afcc-57b619c780ac req-320fc2f7-9354-4d6c-afcc-57b619c780ac ] Request (KeyPairsV2TestJSON:setUpClass): 201 POST http://10.180.1.21/identity/v3/auth/tokens 0.211s
2025-05-19 19:30:32.153 70660 INFO tempest.lib.common.rest_client [req-26041538-c4f1-496c-9072-43c2384a769e req-26041538-c4f1-496c-9072-43c2384a769e ] Request (ServerRescueTestJSONUnderV235:setUpClass): 204 DELETE http://10.180.1.21/compute/v2.1/servers/07c8a9c0-4d0d-42ce-8dd2-dd277f554848 3.989s
2025-05-19 19:30:32.164 70656 INFO tempest.lib.common.rest_client [req-ece8b84b-d91a-4e19-97ea-283c2f7bf6d9 req-ece8b84b-d91a-4e19-97ea-283c2f7bf6d9 ] Request (ServerPasswordTestJSON:setUpClass): 201 POST http://10.180.1.21:9696/networking/v2.0/networks 0.444s
2025-05-19 19:30:32.176 70646 INFO tempest.lib.common.rest_client [req-35cb83fc-01ff-49dd-b441-b79a0cf60891 req-35cb83fc-01ff-49dd-b441-b79a0cf60891 ] Request (ListImageFiltersTestJSON:setUpClass): 404 GET http://10.180.1.21/compute/v2.1/servers/a932eedd-a898-4698-abaa-ea6dc3bd453a 3.691s
2025-05-19 19:30:32.177 70646 INFO tempest.test [-] raised in ListImageFiltersTestJSON.setUpClass. Invoking tearDownClass.
2025-05-19 19:30:32.192 70662 INFO tempest.lib.common.rest_client [req-b6b72ad0-70f6-45b7-9707-a6d753489566 req-b6b72ad0-70f6-45b7-9707-a6d753489566 ] Request (FlavorsV2TestJSON:test_list_flavors_detailed_filter_by_min_disk): 200 GET http://10.180.1.21/compute/v2.1/flavors/42 3.683s
2025-05-19 19:30:32.209 70672 INFO tempest.lib.common.rest_client [req-b73d713c-7201-46f0-935b-a5566ec674ec req-b73d713c-7201-46f0-935b-a5566ec674ec ] Request (ExtensionsTest:test_list_extensions): 200 GET http://10.180.1.21/compute/v2.1/extensions 3.577s
2025-05-19 19:30:32.309 70624 INFO tempest.lib.common.rest_client [req-e1ada515-fbe5-4490-baf0-879713acbc3e req-e1ada515-fbe5-4490-baf0-879713acbc3e ] Request (ServerActionsTestOtherA:setUpClass): 201 POST http://10.180.1.21:9696/networking/v2.0/subnets 0.305s
2025-05-19 19:30:32.370 70672 INFO tempest.lib.common.rest_client [req-5a79d7c7-d20e-44a1-be6a-64bf17449e5c req-5a79d7c7-d20e-44a1-be6a-64bf17449e5c ] Request (ExtensionsTest:tearDownClass): 204 DELETE http://10.180.1.21/identity/v3/users/2732f0b1f99f419fb91063eb9361c2f8 0.146s
2025-05-19 19:30:32.371 70672 INFO tempest.lib.common.dynamic_creds [-] Deleting project and security group for project: 054d254198734240887a750fef955328
2025-05-19 19:30:32.396 70620 INFO tempest.lib.common.rest_client [req-e8fcc755-1a1b-4574-81c8-7682e0b65d29 req-e8fcc755-1a1b-4574-81c8-7682e0b65d29 ] Request (SecurityGroupsTestAdminJSON:test_list_security_groups_list_all_tenants_filter): 200 GET http://10.180.1.21/compute/v2.1/os-security-groups?all_tenants=true 7.478s
2025-05-19 19:30:32.423 70656 INFO tempest.lib.common.rest_client [req-da29a2f3-84b4-4cee-8ba3-d8f2c67545e6 req-da29a2f3-84b4-4cee-8ba3-d8f2c67545e6 ] Request (ServerPasswordTestJSON:setUpClass): 201 POST http://10.180.1.21:9696/networking/v2.0/subnets 0.259s
2025-05-19 19:30:32.432 70672 INFO tempest.lib.common.rest_client [req-35727704-2be2-490d-a1ea-61b89c2c4a45 req-35727704-2be2-490d-a1ea-61b89c2c4a45 ] Request (ExtensionsTest:tearDownClass): 201 POST http://10.180.1.21/identity/v3/auth/tokens 0.061s
2025-05-19 19:30:32.449 70670 INFO tempest.lib.common.rest_client [req-d98c5dff-b84c-47bf-a01a-da2dab068753 req-d98c5dff-b84c-47bf-a01a-da2dab068753 ] Request (SecurityGroupRulesTestJSON:tearDownClass): 404 DELETE http://10.180.1.21/compute/v2.1/os-security-groups/bf4eb026-0dd0-4e5e-a988-94c0524b19f7 3.324s
2025-05-19 19:30:32.480 70659 INFO tempest.lib.common.rest_client [req-e7559eef-8bd0-4aef-807a-6abc62881c6b req-e7559eef-8bd0-4aef-807a-6abc62881c6b ] Request (ServersTestManualDisk:setUpClass): 404 GET http://10.180.1.21/compute/v2.1/servers/1c3c4c2c-68dd-43ca-bc40-08221cc28d33 3.092s
2025-05-19 19:30:32.480 70659 INFO tempest.test [-] raised in ServersTestManualDisk.setUpClass. Invoking tearDownClass.
2025-05-19 19:30:32.732 70672 INFO tempest.lib.common.rest_client [req-db4d60cc-010b-45b1-894c-9d72a12eddc9 req-db4d60cc-010b-45b1-894c-9d72a12eddc9 ] Request (ExtensionsTest:tearDownClass): 200 GET http://10.180.1.21:9696/networking/v2.0/security-groups?tenant_id=054d254198734240887a750fef955328&name=default 0.299s
2025-05-19 19:30:32.779 70642 INFO tempest.lib.common.rest_client [req-d8ec1abf-fc4e-4779-b3d9-fa33903ec46e req-d8ec1abf-fc4e-4779-b3d9-fa33903ec46e ] Request (VolumesAdminNegativeTest:test_update_attached_volume_with_nonexistent_volume_in_uri): 204 DELETE http://10.180.1.21/compute/v2.1/servers/7acdfe55-2e65-4900-bbce-7a22202c18d2 3.286s
2025-05-19 19:30:32.782 70676 INFO tempest.lib.common.rest_client [req-ed65b63f-b366-475c-8a20-f6c7f6989dca req-ed65b63f-b366-475c-8a20-f6c7f6989dca ] Request (SecurityGroupsNegativeTestJSON:test_delete_security_group_without_passing_id): 404 DELETE http://10.180.1.21/compute/v2.1/os-security-groups/ 3.006s
2025-05-19 19:30:32.810 70632 INFO tempest.lib.common.rest_client [req-221d73f6-b939-4773-bc85-7ff844168ddb req-221d73f6-b939-4773-bc85-7ff844168ddb ] Request (FlavorsAccessNegativeTestJSON:_run_cleanups): 200 GET http://10.180.1.21/compute/v2.1/flavors/detail 3.009s
2025-05-19 19:30:32.869 70650 INFO tempest.lib.common.rest_client [req-b2a40bdd-cb24-4f23-a9c1-3d2d49009cd4 req-b2a40bdd-cb24-4f23-a9c1-3d2d49009cd4 ] Request (ServerGroupTestJSON:test_create_delete_server_group_with_anti_affinity_policy): 200 POST http://10.180.1.21/compute/v2.1/os-server-groups 3.046s
2025-05-19 19:30:32.878 70672 INFO tempest.lib.common.rest_client [req-3a89b48a-78ea-468e-ae64-88a483fb715b req-3a89b48a-78ea-468e-ae64-88a483fb715b ] Request (ExtensionsTest:tearDownClass): 204 DELETE http://10.180.1.21:9696/networking/v2.0/security-groups/172cc4fd-0f8f-4cf7-9b08-c88047c2f62d 0.145s
2025-05-19 19:30:32.969 70672 INFO tempest.lib.common.rest_client [req-b3a64ef8-c3a4-4a13-a30a-83f0ffadda2f req-b3a64ef8-c3a4-4a13-a30a-83f0ffadda2f ] Request (ExtensionsTest:tearDownClass): 204 DELETE http://10.180.1.21/identity/v3/projects/054d254198734240887a750fef955328 0.091s
2025-05-19 19:30:33.053 70672 INFO tempest.lib.common.rest_client [req-f329d971-c42b-4a61-a101-e5b930f4f995 req-f329d971-c42b-4a61-a101-e5b930f4f995 ] Request (ComputeTenantNetworksTest:setUpClass): 201 POST http://10.180.1.21/identity/v3/auth/tokens 0.080s
2025-05-19 19:30:33.085 70672 INFO tempest.lib.common.rest_client [req-7aebc269-36fb-40c7-b2f3-7f073c114d6e req-7aebc269-36fb-40c7-b2f3-7f073c114d6e ] Request (ComputeTenantNetworksTest:setUpClass): 201 POST http://10.180.1.21/identity/v3/auth/tokens 0.030s
2025-05-19 19:30:33.112 70672 INFO tempest.lib.common.rest_client [req-41edc78b-0afd-4cf3-ab4a-88ed149f2254 req-41edc78b-0afd-4cf3-ab4a-88ed149f2254 ] Request (ComputeTenantNetworksTest:setUpClass): 200 GET http://10.180.1.21/identity/v3/domains?name=Default 0.026s
2025-05-19 19:30:33.144 70672 INFO tempest.lib.common.rest_client [req-b0e5aa0c-c255-4952-90ed-52cd6db835d7 req-b0e5aa0c-c255-4952-90ed-52cd6db835d7 ] Request (ComputeTenantNetworksTest:setUpClass): 201 POST http://10.180.1.21/identity/v3/projects 0.032s
2025-05-19 19:30:33.148 70654 INFO tempest.lib.common.rest_client [req-40e2fe41-62a2-40ae-bfa1-69267a950ba8 req-40e2fe41-62a2-40ae-bfa1-69267a950ba8 ] Request (ServerDiskConfigTestJSON:test_resize_server_from_manual_to_auto): 202 POST http://10.180.1.21/compute/v2.1/servers 4.412s
2025-05-19 19:30:33.211 70672 INFO tempest.lib.common.rest_client [req-39edd449-dbc6-46e9-a0e5-0170227439b3 req-39edd449-dbc6-46e9-a0e5-0170227439b3 ] Request (ComputeTenantNetworksTest:setUpClass): 201 POST http://10.180.1.21/identity/v3/users 0.066s
2025-05-19 19:30:33.235 70672 INFO tempest.lib.common.rest_client [req-693d9d92-08ce-445f-8705-5aa80828370d req-693d9d92-08ce-445f-8705-5aa80828370d ] Request (ComputeTenantNetworksTest:setUpClass): 200 GET http://10.180.1.21/identity/v3/roles 0.023s
2025-05-19 19:30:33.240 70624 INFO tempest.lib.common.rest_client [req-b87b5fd5-3ccc-4915-898f-72e14ea5b978 req-b87b5fd5-3ccc-4915-898f-72e14ea5b978 ] Request (ServerActionsTestOtherA:setUpClass): 201 POST http://10.180.1.21:9696/networking/v2.0/routers 0.930s
2025-05-19 19:30:33.265 70672 INFO tempest.lib.common.rest_client [req-c2ebcb2c-c0f4-412b-b626-4b14e39e5ba9 req-c2ebcb2c-c0f4-412b-b626-4b14e39e5ba9 ] Request (ComputeTenantNetworksTest:setUpClass): 204 PUT http://10.180.1.21/identity/v3/projects/6a4b4d8d652c40a096b7b361fd951019/users/68183f1a80cd4e8b9e2cb6b944101dce/roles/283864aeb03d49bcabc89f5420cf6984 0.030s
2025-05-19 19:30:33.266 70672 INFO tempest.lib.common.dynamic_creds [-] Dynamic test user 68183f1a80cd4e8b9e2cb6b944101dce is created with scope project and roles: ['member']
2025-05-19 19:30:33.266 70672 INFO tempest.lib.common.dynamic_creds [-] Acquired dynamic creds: credentials: Credentials: {'domain_id': 'default', 'domain_name': 'Default', 'username': 'tempest-ComputeTenantNetworksTest-1173080965-project-member', 'project_domain_id': 'default', 'project_domain_name': 'Default', 'project_id': '6a4b4d8d652c40a096b7b361fd951019', 'project_name': 'tempest-ComputeTenantNetworksTest-1173080965', 'tenant_id': '6a4b4d8d652c40a096b7b361fd951019', 'tenant_name': 'tempest-ComputeTenantNetworksTest-1173080965', 'user_domain_id': 'default', 'user_domain_name': 'Default', 'user_id': '68183f1a80cd4e8b9e2cb6b944101dce', 'system': None}, Network: None, Subnet: None, Router: None
2025-05-19 19:30:33.292 70668 INFO tempest.lib.common.rest_client [req-e53e1464-8e22-4435-83b4-103baaec0954 req-e53e1464-8e22-4435-83b4-103baaec0954 ] Request (ValidationResourcesFixture:setUp): 201 POST http://10.180.1.21/compute/v2.1/os-keypairs 3.306s
2025-05-19 19:30:33.323 70667 INFO tempest.lib.common.rest_client [req-68a76ed1-342f-4067-b64d-069f2649ec23 req-68a76ed1-342f-4067-b64d-069f2649ec23 ] Request (ImagesMetadataTestJSON:test_list_image_metadata): 200 GET http://10.180.1.21/compute/v2.1/images/061b0f46-8442-4b5f-b220-6bfd1f543cc8/metadata 3.317s
2025-05-19 19:30:33.331 70672 INFO tempest.lib.common.rest_client [req-9c79d234-ceed-46dd-98be-59592cb08ed5 req-9c79d234-ceed-46dd-98be-59592cb08ed5 ] Request (ComputeTenantNetworksTest:setUpClass): 201 POST http://10.180.1.21/identity/v3/auth/tokens 0.065s
2025-05-19 19:30:33.332 70622 INFO tempest.lib.common.rest_client [req-07ae8ef2-5633-4aa7-abf5-68b1574bd5be req-07ae8ef2-5633-4aa7-abf5-68b1574bd5be ] Request (FlavorsExtraSpecsNegativeTestJSON:test_flavor_unset_nonexistent_key): 404 DELETE http://10.180.1.21/compute/v2.1/flavors/87991010/os-extra_specs/hw:cpu_thread_policy 3.320s
2025-05-19 19:30:33.360 70630 INFO tempest.lib.common.rest_client [req-1914f8e8-1663-4d39-9aec-20979ecbf043 req-1914f8e8-1663-4d39-9aec-20979ecbf043 ] Request (AggregatesAdminNegativeTestJSON:_run_cleanups): 200 DELETE http://10.180.1.21/compute/v2.1/os-aggregates/5 3.345s
2025-05-19 19:30:33.377 70648 INFO tempest.lib.common.rest_client [req-118dc21e-915f-4ceb-8dcf-006d72e60d81 req-118dc21e-915f-4ceb-8dcf-006d72e60d81 ] Request (FlavorsAdminTestJSON:test_is_public_string_variations): 200 POST http://10.180.1.21/compute/v2.1/flavors 3.328s
2025-05-19 19:30:33.405 70638 INFO tempest.lib.common.rest_client [req-9cfa914f-d845-4b37-8177-13bdd7fc298d req-9cfa914f-d845-4b37-8177-13bdd7fc298d ] Request (KeyPairsV22TestJSON:test_keypairs_create_list_delete): 201 POST http://10.180.1.21/compute/v2.1/os-keypairs 3.339s
2025-05-19 19:30:33.421 70644 INFO tempest.lib.common.rest_client [req-3e84cfef-ae1d-47c3-a573-7da6b17d3e8c req-3e84cfef-ae1d-47c3-a573-7da6b17d3e8c ] Request (HypervisorAdminNegativeUnderV252Test:test_show_servers_with_nonexistent_hypervisor): 404 GET http://10.180.1.21/compute/v2.1/os-hypervisors/c2de71cb-ffcf-4bd3-b1e4-0c0b9ee09fea/servers 3.350s
2025-05-19 19:30:33.435 70626 INFO tempest.lib.common.rest_client [req-bff19a9c-b5d6-4f9f-9195-2f928a2af839 req-bff19a9c-b5d6-4f9f-9195-2f928a2af839 ] Request (ServersWithSpecificFlavorTestJSON:_run_cleanups): 202 DELETE http://10.180.1.21/compute/v2.1/flavors/2054633360 3.337s
2025-05-19 19:30:33.507 70644 INFO tempest.lib.common.rest_client [req-881418ed-e107-4352-9c23-0ab47a5e18fa req-881418ed-e107-4352-9c23-0ab47a5e18fa ] Request (HypervisorAdminNegativeUnderV252Test:tearDownClass): 204 DELETE http://10.180.1.21/identity/v3/users/547d0a68cd2749d2b3b5ef4551cb4d5f 0.085s
2025-05-19 19:30:33.510 70668 INFO tempest.lib.common.rest_client [req-ba242a74-4b11-413f-b19b-1d26c848d218 req-ba242a74-4b11-413f-b19b-1d26c848d218 ] Request (ValidationResourcesFixture:setUp): 201 POST http://10.180.1.21:9696/networking/v2.0/security-groups 0.216s
2025-05-19 19:30:33.544 70681 INFO tempest.lib.common.rest_client [req-f90100bc-0739-44d2-b55a-df36e75288c8 req-f90100bc-0739-44d2-b55a-df36e75288c8 ] Request (AttachInterfacesV270Test:test_create_get_list_interfaces): 200 GET http://10.180.1.21/compute/v2.1/servers/7ee47f19-7ebb-46e1-b37f-af7d1e45e79f 2.930s
2025-05-19 19:30:33.599 70644 INFO tempest.lib.common.rest_client [req-89d5d795-3e2b-4045-9bf7-94dbfe625936 req-89d5d795-3e2b-4045-9bf7-94dbfe625936 ] Request (HypervisorAdminNegativeUnderV252Test:tearDownClass): 204 DELETE http://10.180.1.21/identity/v3/users/acd5f99a6cf84e15bb203610b6a860f0 0.092s
2025-05-19 19:30:33.599 70644 INFO tempest.lib.common.dynamic_creds [-] Deleting project and security group for project: 408cf50754464fa9a0723fae945c506e
2025-05-19 19:30:33.679 70644 INFO tempest.lib.common.rest_client [req-f221f74d-b3c6-40bc-b5ef-34dda830daee req-f221f74d-b3c6-40bc-b5ef-34dda830daee ] Request (HypervisorAdminNegativeUnderV252Test:tearDownClass): 201 POST http://10.180.1.21/identity/v3/auth/tokens 0.079s
2025-05-19 19:30:33.787 70678 INFO tempest.lib.common.rest_client [req-7fb135a4-c3a4-4e46-a7d5-46641a1f646b req-7fb135a4-c3a4-4e46-a7d5-46641a1f646b ] Request (ServerRescueNegativeTestJSON:setUpClass): 202 POST http://10.180.1.21/compute/v2.1/servers 3.861s
2025-05-19 19:30:33.902 70637 INFO tempest.lib.common.rest_client [req-8e10d1cd-6422-4cc6-ae00-d2a16bd8195e req-8e10d1cd-6422-4cc6-ae00-d2a16bd8195e ] Request (ServerRescueTestJSON:setUpClass): 200 GET http://10.180.1.21/compute/v2.1/servers/9805c970-0471-4cdb-830a-65bf9ef8673f 2.830s
2025-05-19 19:30:33.905 70668 INFO tempest.lib.common.rest_client [req-7ebe9f0b-b433-4fa1-9c1d-bff31a410e0d req-7ebe9f0b-b433-4fa1-9c1d-bff31a410e0d ] Request (ValidationResourcesFixture:setUp): 201 POST http://10.180.1.21:9696/networking/v2.0/security-group-rules 0.395s
2025-05-19 19:30:33.944 70672 INFO tempest.lib.common.rest_client [req-627e4b16-f2b1-42ae-aa77-80a91a021379 req-627e4b16-f2b1-42ae-aa77-80a91a021379 ] Request (ComputeTenantNetworksTest:setUpClass): 201 POST http://10.180.1.21:9696/networking/v2.0/networks 0.612s
2025-05-19 19:30:33.944 70672 INFO tempest.lib.common.dynamic_creds [-] Created isolated network resources for: credentials: Credentials: {'domain_id': 'default', 'domain_name': 'Default', 'username': 'tempest-ComputeTenantNetworksTest-1173080965-project-member', 'project_domain_id': 'default', 'project_domain_name': 'Default', 'project_id': '6a4b4d8d652c40a096b7b361fd951019', 'project_name': 'tempest-ComputeTenantNetworksTest-1173080965', 'tenant_id': '6a4b4d8d652c40a096b7b361fd951019', 'tenant_name': 'tempest-ComputeTenantNetworksTest-1173080965', 'user_domain_id': 'default', 'user_domain_name': 'Default', 'user_id': '68183f1a80cd4e8b9e2cb6b944101dce', 'system': None}, Network: {'id': '88cf7f1c-fd37-401f-b377-aff48cae0146', 'name': 'tempest-ComputeTenantNetworksTest-2017753096-network', 'tenant_id': '6a4b4d8d652c40a096b7b361fd951019', 'admin_state_up': True, 'mtu': 8950, 'status': 'ACTIVE', 'subnets': [], 'shared': False, 'project_id': '6a4b4d8d652c40a096b7b361fd951019', 'port_security_enabled': True, 'router:external': False, 'provider:network_type': 'vlan', 'provider:physical_network': 'default', 'provider:segmentation_id': 21, 'availability_zone_hints': [], 'availability_zones': [], 'ipv4_address_scope': None, 'ipv6_address_scope': None, 'description': '', 'tags': [], 'created_at': '2025-05-19T19:30:33Z', 'updated_at': '2025-05-19T19:30:33Z', 'revision_number': 1}, Subnet: None, Router: None
2025-05-19 19:30:33.949 70682 INFO tempest.lib.common.rest_client [req-de68e6ba-1001-4e5d-8f2c-ce029e533347 req-de68e6ba-1001-4e5d-8f2c-ce029e533347 ] Request (VolumesAssistedSnapshotsTest:tearDownClass): 200 PUT http://10.180.1.21:9696/networking/v2.0/routers/7b62496d-188c-4fc2-a8ed-dd95746fcff4/remove_router_interface 2.364s
2025-05-19 19:30:34.048 70652 INFO tempest.lib.common.rest_client [req-6ca72ff2-d2f9-4c5a-90be-e125cd0eb4a9 req-6ca72ff2-d2f9-4c5a-90be-e125cd0eb4a9 ] Request (ServerShowV254Test:test_rebuild_server): 200 GET http://10.180.1.21/compute/v2.1/servers/61bd2d96-d7f7-499f-8e08-5e9010c8372d 2.357s
2025-05-19 19:30:34.053 70672 INFO tempest.lib.common.rest_client [req-2f6af6d8-329d-4c2b-b7b1-052e0ca6c197 req-2f6af6d8-329d-4c2b-b7b1-052e0ca6c197 ] Request (ComputeTenantNetworksTest:setUpClass): 201 POST http://10.180.1.21/identity/v3/auth/tokens 0.102s
2025-05-19 19:30:34.086 70672 INFO tempest.lib.common.rest_client [req-1733978a-fa5c-4ec4-adc3-1fe3f14d4451 req-1733978a-fa5c-4ec4-adc3-1fe3f14d4451 ] Request (ComputeTenantNetworksTest:setUpClass): 201 POST http://10.180.1.21/identity/v3/auth/tokens 0.029s
2025-05-19 19:30:34.086 70672 INFO tempest.lib.common.fixed_network [-] (ComputeTenantNetworksTest:setUpClass) Found network {'id': '88cf7f1c-fd37-401f-b377-aff48cae0146', 'name': 'tempest-ComputeTenantNetworksTest-2017753096-network', 'tenant_id': '6a4b4d8d652c40a096b7b361fd951019', 'admin_state_up': True, 'mtu': 8950, 'status': 'ACTIVE', 'subnets': [], 'shared': False, 'project_id': '6a4b4d8d652c40a096b7b361fd951019', 'port_security_enabled': True, 'router:external': False, 'provider:network_type': 'vlan', 'provider:physical_network': 'default', 'provider:segmentation_id': 21, 'availability_zone_hints': [], 'availability_zones': [], 'ipv4_address_scope': None, 'ipv6_address_scope': None, 'description': '', 'tags': [], 'created_at': '2025-05-19T19:30:33Z', 'updated_at': '2025-05-19T19:30:33Z', 'revision_number': 1} available for tenant
2025-05-19 19:30:34.133 70644 INFO tempest.lib.common.rest_client [req-04503a78-5149-4703-b75e-1dccada76e58 req-04503a78-5149-4703-b75e-1dccada76e58 ] Request (HypervisorAdminNegativeUnderV252Test:tearDownClass): 200 GET http://10.180.1.21:9696/networking/v2.0/security-groups?tenant_id=408cf50754464fa9a0723fae945c506e&name=default 0.454s
2025-05-19 19:30:34.143 70635 INFO tempest.lib.common.rest_client [req-795bce1c-204c-41fa-9ec6-da02b7e29693 req-795bce1c-204c-41fa-9ec6-da02b7e29693 ] Request (QuotasAdminNegativeTest:test_create_server_when_instances_quota_is_full): 200 GET http://10.180.1.21/compute/v2.1/os-quota-sets/232f6bc0797a4654a4fd2a3e4e088694 2.236s
2025-05-19 19:30:34.150 70640 INFO tempest.lib.common.rest_client [req-c68efde8-f3e5-4c52-bd81-b138c5768926 req-c68efde8-f3e5-4c52-bd81-b138c5768926 ] Request (MultipleCreateNegativeTestJSON:test_min_count_non_integer): 400 POST http://10.180.1.21/compute/v2.1/servers 2.156s
2025-05-19 19:30:34.236 70640 INFO tempest.lib.common.rest_client [req-bf0ddbcd-54d4-4dcd-b740-4a98080b8142 req-bf0ddbcd-54d4-4dcd-b740-4a98080b8142 ] Request (MultipleCreateNegativeTestJSON:tearDownClass): 204 DELETE http://10.180.1.21/identity/v3/users/d152f02f54f54291b971c5b31e7db723 0.084s
2025-05-19 19:30:34.237 70640 INFO tempest.lib.common.dynamic_creds [-] Deleting project and security group for project: 452d0bb9f486480f8071d92bc844d12a
2025-05-19 19:30:34.254 70628 INFO tempest.lib.common.rest_client [req-26340160-7e21-4c19-bed7-6985defc2db5 req-26340160-7e21-4c19-bed7-6985defc2db5 ] Request (KeyPairsV2TestJSON:test_get_keypair_detail): 200 POST http://10.180.1.21/compute/v2.1/os-keypairs 2.122s
2025-05-19 19:30:34.274 70660 INFO tempest.lib.common.rest_client [req-3bef1262-efef-4491-9d65-4216304b4448 req-3bef1262-efef-4491-9d65-4216304b4448 ] Request (ServerRescueTestJSONUnderV235:setUpClass): 404 GET http://10.180.1.21/compute/v2.1/servers/07c8a9c0-4d0d-42ce-8dd2-dd277f554848 2.121s
2025-05-19 19:30:34.275 70660 INFO tempest.test [-] raised in ServerRescueTestJSONUnderV235.setUpClass. Invoking tearDownClass.
2025-05-19 19:30:34.298 70640 INFO tempest.lib.common.rest_client [req-d6e6ac44-7625-45f3-8e0e-52c65c1c099a req-d6e6ac44-7625-45f3-8e0e-52c65c1c099a ] Request (MultipleCreateNegativeTestJSON:tearDownClass): 201 POST http://10.180.1.21/identity/v3/auth/tokens 0.061s
2025-05-19 19:30:34.308 70668 INFO tempest.lib.common.rest_client [req-b45f4d02-1f52-4000-9bc6-f99999d6c529 req-b45f4d02-1f52-4000-9bc6-f99999d6c529 ] Request (ValidationResourcesFixture:setUp): 201 POST http://10.180.1.21:9696/networking/v2.0/security-group-rules 0.402s
2025-05-19 19:30:34.640 70644 INFO tempest.lib.common.rest_client [req-08a395a3-73c2-4909-816d-7864a7c3323e req-08a395a3-73c2-4909-816d-7864a7c3323e ] Request (HypervisorAdminNegativeUnderV252Test:tearDownClass): 204 DELETE http://10.180.1.21:9696/networking/v2.0/security-groups/8a23849e-dbc9-403d-ad06-9ea274e3d3d1 0.506s
2025-05-19 19:30:34.713 70674 INFO tempest.lib.common.rest_client [req-16e04c1d-84dc-4993-b4b0-ae0a3816df63 req-16e04c1d-84dc-4993-b4b0-ae0a3816df63 ] Request (FloatingIPsNegativeTestJSON:setUpClass): 200 PUT http://10.180.1.21:9696/networking/v2.0/routers/89e3e156-cb37-4152-a647-0f34c9f5825e/add_router_interface 3.508s
2025-05-19 19:30:34.714 70674 INFO tempest.lib.common.dynamic_creds [-] Created isolated network resources for: credentials: Credentials: {'domain_id': 'default', 'domain_name': 'Default', 'username': 'tempest-FloatingIPsNegativeTestJSON-156086689-project-member', 'project_domain_id': 'default', 'project_domain_name': 'Default', 'project_id': '37b980eec1704eeeaad1a2d32ce15ebf', 'project_name': 'tempest-FloatingIPsNegativeTestJSON-156086689', 'tenant_id': '37b980eec1704eeeaad1a2d32ce15ebf', 'tenant_name': 'tempest-FloatingIPsNegativeTestJSON-156086689', 'user_domain_id': 'default', 'user_domain_name': 'Default', 'user_id': '1d14e4d517cc4eae826fa98890a67556', 'system': None}, Network: {'id': '307f002c-2ff0-4d9b-a45d-06b41710d527', 'name': 'tempest-FloatingIPsNegativeTestJSON-1891739124-network', 'tenant_id': '37b980eec1704eeeaad1a2d32ce15ebf', 'admin_state_up': True, 'mtu': 8950, 'status': 'ACTIVE', 'subnets': [], 'shared': False, 'project_id': '37b980eec1704eeeaad1a2d32ce15ebf', 'port_security_enabled': True, 'router:external': False, 'provider:network_type': 'vlan', 'provider:physical_network': 'default', 'provider:segmentation_id': 59, 'availability_zone_hints': [], 'availability_zones': [], 'ipv4_address_scope': None, 'ipv6_address_scope': None, 'description': '', 'tags': [], 'created_at': '2025-05-19T19:30:29Z', 'updated_at': '2025-05-19T19:30:29Z', 'revision_number': 1}, Subnet: {'id': 'f1b2da8f-6d1c-4db1-9a01-5a3ec5837943', 'name': 'tempest-FloatingIPsNegativeTestJSON-1891739124-subnet', 'tenant_id': '37b980eec1704eeeaad1a2d32ce15ebf', 'network_id': '307f002c-2ff0-4d9b-a45d-06b41710d527', 'ip_version': 4, 'subnetpool_id': None, 'enable_dhcp': True, 'ipv6_ra_mode': None, 'ipv6_address_mode': None, 'gateway_ip': '192.168.128.1', 'cidr': '192.168.128.0/28', 'allocation_pools': [{'start': '192.168.128.2', 'end': '192.168.128.14'}], 'host_routes': [], 'dns_nameservers': [], 'description': '', 'router:external': False, 'service_types': [], 'tags': [], 'created_at': '2025-05-19T19:30:29Z', 'updated_at': '2025-05-19T19:30:29Z', 'revision_number': 0, 'project_id': '37b980eec1704eeeaad1a2d32ce15ebf'}, Router: {'id': '89e3e156-cb37-4152-a647-0f34c9f5825e', 'name': 'tempest-FloatingIPsNegativeTestJSON-1891739124-router', 'tenant_id': '37b980eec1704eeeaad1a2d32ce15ebf', 'admin_state_up': True, 'status': 'ACTIVE', 'external_gateway_info': {'network_id': 'e4b35425-facb-4542-aea4-3871a85d16cf', 'external_fixed_ips': [{'subnet_id': '88fc8f68-f65f-4fba-b0b9-85804b2dee87', 'ip_address': '10.180.180.164'}], 'enable_snat': True}, 'description': '', 'availability_zones': [], 'distributed': False, 'ha': False, 'availability_zone_hints': [], 'routes': [], 'flavor_id': None, 'tags': [], 'created_at': '2025-05-19T19:30:30Z', 'updated_at': '2025-05-19T19:30:30Z', 'revision_number': 2, 'project_id': '37b980eec1704eeeaad1a2d32ce15ebf'}
2025-05-19 19:30:34.721 70646 INFO tempest.lib.common.rest_client [req-770ab491-f2fe-4613-aade-86435fb863bc req-770ab491-f2fe-4613-aade-86435fb863bc ] Request (ListImageFiltersTestJSON:tearDownClass): 204 DELETE http://10.180.1.21/compute/v2.1/servers/1006eca2-5dce-461a-a718-049484351670 2.544s
2025-05-19 19:30:34.734 70644 INFO tempest.lib.common.rest_client [req-994bd371-a2b4-4308-84de-6f524793f4af req-994bd371-a2b4-4308-84de-6f524793f4af ] Request (HypervisorAdminNegativeUnderV252Test:tearDownClass): 204 DELETE http://10.180.1.21/identity/v3/projects/408cf50754464fa9a0723fae945c506e 0.093s
2025-05-19 19:30:34.734 70644 INFO tempest.lib.common.dynamic_creds [-] Deleting project and security group for project: 6fbf10b5b92343e98f4886cbdefade4b
2025-05-19 19:30:34.760 70662 INFO tempest.lib.common.rest_client [req-530c2dc9-22ce-42b2-8573-53a6314ed077 req-530c2dc9-22ce-42b2-8573-53a6314ed077 ] Request (FlavorsV2TestJSON:test_list_flavors_detailed_filter_by_min_disk): 200 GET http://10.180.1.21/compute/v2.1/flavors/detail?minDisk=2 2.565s
2025-05-19 19:30:34.822 70664 INFO tempest.lib.common.rest_client [req-c04ab581-b419-48c2-98fa-c96505a1ea7f req-c04ab581-b419-48c2-98fa-c96505a1ea7f ] Request (ServerMetadataTestJSON:setUpClass): 202 POST http://10.180.1.21/compute/v2.1/servers 3.949s
2025-05-19 19:30:34.828 70674 INFO tempest.lib.common.rest_client [req-82518b13-fd2f-426e-81c7-f0f24483dfdd req-82518b13-fd2f-426e-81c7-f0f24483dfdd ] Request (FloatingIPsNegativeTestJSON:setUpClass): 201 POST http://10.180.1.21/identity/v3/auth/tokens 0.106s
2025-05-19 19:30:34.871 70640 INFO tempest.lib.common.rest_client [req-7caf013b-0d1d-457f-9126-64ed8b1a8341 req-7caf013b-0d1d-457f-9126-64ed8b1a8341 ] Request (MultipleCreateNegativeTestJSON:tearDownClass): 200 GET http://10.180.1.21:9696/networking/v2.0/security-groups?tenant_id=452d0bb9f486480f8071d92bc844d12a&name=default 0.573s
2025-05-19 19:30:34.893 70682 INFO tempest.lib.common.rest_client [req-796bfa71-3c43-47aa-ba5c-7d63164ccbe7 req-796bfa71-3c43-47aa-ba5c-7d63164ccbe7 ] Request (VolumesAssistedSnapshotsTest:tearDownClass): 204 DELETE http://10.180.1.21:9696/networking/v2.0/routers/7b62496d-188c-4fc2-a8ed-dd95746fcff4 0.944s
2025-05-19 19:30:35.014 70620 INFO tempest.lib.common.rest_client [req-9cec7011-ed48-46bb-b70c-8888efd4f8d1 req-9cec7011-ed48-46bb-b70c-8888efd4f8d1 ] Request (SecurityGroupsTestAdminJSON:test_list_security_groups_list_all_tenants_filter): 200 GET http://10.180.1.21/compute/v2.1/os-security-groups?all_tenants=true 2.603s
2025-05-19 19:30:35.037 70659 INFO tempest.lib.common.rest_client [req-06198e4b-5cea-4790-86ee-ff449ab40f05 req-06198e4b-5cea-4790-86ee-ff449ab40f05 ] Request (ServersTestManualDisk:tearDownClass): 202 DELETE http://10.180.1.21/compute/v2.1/os-keypairs/tempest-keypair-1507304475 2.556s
2025-05-19 19:30:35.050 70656 INFO tempest.lib.common.rest_client [req-f587b025-b3fb-4b40-9c9e-687022442ff4 req-f587b025-b3fb-4b40-9c9e-687022442ff4 ] Request (ServerPasswordTestJSON:setUpClass): 201 POST http://10.180.1.21:9696/networking/v2.0/routers 2.626s
2025-05-19 19:30:35.054 70644 INFO tempest.lib.common.rest_client [req-a00a7a6d-c2c9-4e5b-a33f-ea7c905cd902 req-a00a7a6d-c2c9-4e5b-a33f-ea7c905cd902 ] Request (HypervisorAdminNegativeUnderV252Test:tearDownClass): 200 GET http://10.180.1.21:9696/networking/v2.0/security-groups?tenant_id=6fbf10b5b92343e98f4886cbdefade4b&name=default 0.320s
2025-05-19 19:30:35.067 70642 INFO tempest.lib.common.rest_client [req-d3dd3625-7b8e-48bd-b27f-2f014a9d15ce req-d3dd3625-7b8e-48bd-b27f-2f014a9d15ce ] Request (VolumesAdminNegativeTest:test_update_attached_volume_with_nonexistent_volume_in_uri): 404 GET http://10.180.1.21/compute/v2.1/servers/7acdfe55-2e65-4900-bbce-7a22202c18d2 2.287s
2025-05-19 19:30:35.140 70670 INFO tempest.lib.common.rest_client [req-eaf2d324-d20a-4344-8071-23a3085e58fc req-eaf2d324-d20a-4344-8071-23a3085e58fc ] Request (SecurityGroupRulesTestJSON:tearDownClass): 202 DELETE http://10.180.1.21/compute/v2.1/os-security-groups/9037f18d-8c9a-4d88-b9e6-1335c03b834f 2.691s
2025-05-19 19:30:35.165 70632 INFO tempest.lib.common.rest_client [req-6b0d7c0a-d975-4d6c-b1fb-43224f0a78fb req-6b0d7c0a-d975-4d6c-b1fb-43224f0a78fb ] Request (FlavorsAccessNegativeTestJSON:test_remove_flavor_access_not_found): 200 POST http://10.180.1.21/compute/v2.1/flavors 2.348s
2025-05-19 19:30:35.189 70650 INFO tempest.lib.common.rest_client [req-30cae01a-f094-48c0-8291-62d5e1b8adb2 req-30cae01a-f094-48c0-8291-62d5e1b8adb2 ] Request (ServerGroupTestJSON:test_create_delete_server_group_with_anti_affinity_policy): 204 DELETE http://10.180.1.21/compute/v2.1/os-server-groups/a4f1bc5f-83cb-4f61-880f-074d77e66369 2.318s
2025-05-19 19:30:35.223 70640 INFO tempest.lib.common.rest_client [req-37f54e2f-abe4-4f8d-9342-85ce206f3ef7 req-37f54e2f-abe4-4f8d-9342-85ce206f3ef7 ] Request (MultipleCreateNegativeTestJSON:tearDownClass): 204 DELETE http://10.180.1.21:9696/networking/v2.0/security-groups/377fbd9d-a37e-4a88-a279-578b4bfe6b89 0.352s
2025-05-19 19:30:35.272 70676 INFO tempest.lib.common.rest_client [req-e5b8aaf6-6a65-48f5-93f2-182b11e33855 req-e5b8aaf6-6a65-48f5-93f2-182b11e33855 ] Request (SecurityGroupsNegativeTestJSON:test_delete_the_default_security_group): 200 GET http://10.180.1.21/compute/v2.1/os-security-groups 2.487s
2025-05-19 19:30:35.294 70654 INFO tempest.lib.common.rest_client [req-fe9b7468-264c-438f-b560-670009f7ece2 req-fe9b7468-264c-438f-b560-670009f7ece2 ] Request (ServerDiskConfigTestJSON:test_resize_server_from_manual_to_auto): 200 GET http://10.180.1.21/compute/v2.1/servers/fb79f4f9-5c0f-4b21-be07-3724d347ac3d 2.144s
2025-05-19 19:30:35.304 70622 INFO tempest.lib.common.rest_client [req-13d12a7e-5013-4861-b5cc-cfb12b4e1cb4 req-13d12a7e-5013-4861-b5cc-cfb12b4e1cb4 ] Request (FlavorsExtraSpecsNegativeTestJSON:test_flavor_update_mismatch_key): 400 PUT http://10.180.1.21/compute/v2.1/flavors/87991010/os-extra_specs/hw:numa_nodes 1.970s
2025-05-19 19:30:35.317 70630 INFO tempest.lib.common.rest_client [req-01342c52-0141-447c-812b-93debdea74cb req-01342c52-0141-447c-812b-93debdea74cb ] Request (AggregatesAdminNegativeTestJSON:test_aggregate_delete_with_invalid_id): 404 DELETE http://10.180.1.21/compute/v2.1/os-aggregates/-1 1.954s
2025-05-19 19:30:35.317 70644 INFO tempest.lib.common.rest_client [req-fe7cacfb-074b-4de9-9d31-1b6e3fb216f5 req-fe7cacfb-074b-4de9-9d31-1b6e3fb216f5 ] Request (HypervisorAdminNegativeUnderV252Test:tearDownClass): 204 DELETE http://10.180.1.21:9696/networking/v2.0/security-groups/e1eb8aa3-9af8-41e9-ab77-0404cc8b6f70 0.262s
2025-05-19 19:30:35.329 70648 INFO tempest.lib.common.rest_client [req-bfabcf85-b2c8-4169-a8e8-73d64ada17ca req-bfabcf85-b2c8-4169-a8e8-73d64ada17ca ] Request (FlavorsAdminTestJSON:test_is_public_string_variations): 200 POST http://10.180.1.21/compute/v2.1/flavors 1.947s
2025-05-19 19:30:35.364 70638 INFO tempest.lib.common.rest_client [req-8d6bbf6e-cced-4089-870a-e41c56490d0e req-8d6bbf6e-cced-4089-870a-e41c56490d0e ] Request (KeyPairsV22TestJSON:test_keypairs_create_list_delete): 201 POST http://10.180.1.21/compute/v2.1/os-keypairs 1.957s
2025-05-19 19:30:35.372 70640 INFO tempest.lib.common.rest_client [req-b2a28bdf-5a2e-4249-9916-8c5aeb940fca req-b2a28bdf-5a2e-4249-9916-8c5aeb940fca ] Request (MultipleCreateNegativeTestJSON:tearDownClass): 204 DELETE http://10.180.1.21/identity/v3/projects/452d0bb9f486480f8071d92bc844d12a 0.148s
2025-05-19 19:30:35.387 70626 INFO tempest.lib.common.rest_client [req-78b55181-3eb3-4939-b784-f01cab6fa006 req-78b55181-3eb3-4939-b784-f01cab6fa006 ] Request (ServersWithSpecificFlavorTestJSON:_run_cleanups): 200 GET http://10.180.1.21/compute/v2.1/flavors/detail 1.952s
2025-05-19 19:30:35.417 70640 INFO tempest.lib.common.rest_client [req-79a1065f-1968-4ad2-a694-9e554bec5ae4 req-79a1065f-1968-4ad2-a694-9e554bec5ae4 ] Request (ServersListShow296Test:setUpClass): 201 POST http://10.180.1.21/identity/v3/auth/tokens 0.044s
2025-05-19 19:30:35.482 70667 INFO tempest.lib.common.rest_client [req-c644a6f5-cbe1-4bbb-b063-040ae60d4b19 req-c644a6f5-cbe1-4bbb-b063-040ae60d4b19 ] Request (ImagesMetadataTestJSON:setUp): 200 PUT http://10.180.1.21/compute/v2.1/images/061b0f46-8442-4b5f-b220-6bfd1f543cc8/metadata 2.158s
2025-05-19 19:30:35.483 70644 INFO tempest.lib.common.rest_client [req-728623b6-d1f1-41e6-b46b-50d22b86f0e4 req-728623b6-d1f1-41e6-b46b-50d22b86f0e4 ] Request (HypervisorAdminNegativeUnderV252Test:tearDownClass): 204 DELETE http://10.180.1.21/identity/v3/projects/6fbf10b5b92343e98f4886cbdefade4b 0.164s
2025-05-19 19:30:35.485 70644 INFO tempest.test [-] raised in LiveMigrationTest.setUpClass. Invoking tearDownClass.
2025-05-19 19:30:35.520 70640 INFO tempest.lib.common.rest_client [req-b45eca04-9bfc-4e38-a405-8cf4b725069a req-b45eca04-9bfc-4e38-a405-8cf4b725069a ] Request (ServersListShow296Test:setUpClass): 201 POST http://10.180.1.21/identity/v3/auth/tokens 0.097s
2025-05-19 19:30:35.525 70644 INFO tempest.lib.common.rest_client [req-e411cf6e-7dca-4b3a-a406-0b90841e9e3d req-e411cf6e-7dca-4b3a-a406-0b90841e9e3d ] Request (QuotaClassesAdmin257Test:setUpClass): 201 POST http://10.180.1.21/identity/v3/auth/tokens 0.038s
2025-05-19 19:30:35.534 70682 INFO tempest.lib.common.rest_client [req-b5f39d2b-65ef-40ed-a115-b06d64c63d4d req-b5f39d2b-65ef-40ed-a115-b06d64c63d4d ] Request (VolumesAssistedSnapshotsTest:tearDownClass): 204 DELETE http://10.180.1.21:9696/networking/v2.0/subnets/9533c251-41bb-4520-b901-c51869a0333e 0.640s
2025-05-19 19:30:35.554 70640 INFO tempest.lib.common.rest_client [req-ebb3a9cd-ee56-40f7-a0cb-a067a7da4cf8 req-ebb3a9cd-ee56-40f7-a0cb-a067a7da4cf8 ] Request (ServersListShow296Test:setUpClass): 200 GET http://10.180.1.21/identity/v3/domains?name=Default 0.034s
2025-05-19 19:30:35.559 70644 INFO tempest.lib.common.rest_client [req-59cf148c-703b-4b1f-b7cd-4240b426b936 req-59cf148c-703b-4b1f-b7cd-4240b426b936 ] Request (QuotaClassesAdmin257Test:setUpClass): 201 POST http://10.180.1.21/identity/v3/auth/tokens 0.030s
2025-05-19 19:30:35.586 70644 INFO tempest.lib.common.rest_client [req-a0b88c00-ea30-48ad-86bf-3e2bd7709e98 req-a0b88c00-ea30-48ad-86bf-3e2bd7709e98 ] Request (QuotaClassesAdmin257Test:setUpClass): 200 GET http://10.180.1.21/identity/v3/domains?name=Default 0.026s
2025-05-19 19:30:35.587 70640 INFO tempest.lib.common.rest_client [req-0e06eca4-cb2d-4cce-b96a-c4fbbf258137 req-0e06eca4-cb2d-4cce-b96a-c4fbbf258137 ] Request (ServersListShow296Test:setUpClass): 201 POST http://10.180.1.21/identity/v3/projects 0.032s
2025-05-19 19:30:35.622 70678 INFO tempest.lib.common.rest_client [req-7d870139-d8c8-4249-9a6e-31ac11ae946c req-7d870139-d8c8-4249-9a6e-31ac11ae946c ] Request (ServerRescueNegativeTestJSON:setUpClass): 200 GET http://10.180.1.21/compute/v2.1/servers/d4fae7c8-a07e-4948-ae51-1985d8ea0968 1.833s
2025-05-19 19:30:35.630 70659 INFO tempest.lib.common.rest_client [req-c5dfcfb0-ba27-4cfc-add5-24c535e2ec6f req-c5dfcfb0-ba27-4cfc-add5-24c535e2ec6f ] Request (ServersTestManualDisk:tearDownClass): 204 DELETE http://10.180.1.21:9696/networking/v2.0/security-groups/796ae80f-9881-423f-94f6-e08c00a187eb 0.592s
