2025-05-19 12:51:42.577 69661 INFO tempest.lib.common.rest_client [req-863db3fb-1cd3-4170-801a-2d0f771d4d87 req-863db3fb-1cd3-4170-801a-2d0f771d4d87 ] Request (FlavorsExtraSpecsTestJSON:setUpClass): 200 GET http://10.180.1.21/identity/v3/domains?name=Default 0.340s
2025-05-19 12:51:42.583 69679 INFO tempest.lib.common.rest_client [req-16c1b74f-6da3-4f28-8f38-7aac4c4d862e req-16c1b74f-6da3-4f28-8f38-7aac4c4d862e ] Request (VolumesAssistedSnapshotsTest:setUpClass): 204 PUT http://10.180.1.21/identity/v3/projects/49e39ccbed5240cf97013d29d5b2e5a4/users/376547ef9cd843bb864eb4e3ef6a5405/roles/9b79a833486948fa8258a2d34a2c754a 0.322s
2025-05-19 12:51:42.583 69679 INFO tempest.lib.common.dynamic_creds [-] Dynamic test user 376547ef9cd843bb864eb4e3ef6a5405 is created with scope project and roles: ['admin']
2025-05-19 12:51:42.583 69679 INFO tempest.lib.common.dynamic_creds [-] Acquired dynamic creds: credentials: Credentials: {'domain_id': 'default', 'domain_name': 'Default', 'username': 'tempest-VolumesAssistedSnapshotsTest-2034926735-project-admin', 'project_domain_id': 'default', 'project_domain_name': 'Default', 'project_id': '49e39ccbed5240cf97013d29d5b2e5a4', 'project_name': 'tempest-VolumesAssistedSnapshotsTest-2034926735', 'tenant_id': '49e39ccbed5240cf97013d29d5b2e5a4', 'tenant_name': 'tempest-VolumesAssistedSnapshotsTest-2034926735', 'user_domain_id': 'default', 'user_domain_name': 'Default', 'user_id': '376547ef9cd843bb864eb4e3ef6a5405', 'system': None}, Network: None, Subnet: None, Router: None
2025-05-19 12:51:42.633 69649 INFO tempest.lib.common.rest_client [req-1c01e49d-6b30-4be7-9fa1-5c93ac580689 req-1c01e49d-6b30-4be7-9fa1-5c93ac580689 ] Request (ServersAaction247Test:setUpClass): 201 POST http://10.180.1.21/identity/v3/auth/tokens 0.304s
2025-05-19 12:51:42.645 69653 INFO tempest.lib.common.rest_client [req-d6fe78fe-0663-47c1-af88-b6978e68ee71 req-d6fe78fe-0663-47c1-af88-b6978e68ee71 ] Request (QuotaClassesAdminTestJSON:tearDownClass): 200 GET http://10.180.1.21:9696/networking/v2.0/security-groups?tenant_id=784bdb84a3274f51b932b428e48903eb&name=default 0.431s
2025-05-19 12:51:42.694 69645 INFO tempest.lib.common.rest_client [req-613cd641-f714-4c0b-b7fd-fea6d0c1ba8a req-613cd641-f714-4c0b-b7fd-fea6d0c1ba8a ] Request (ServersWithSpecificFlavorTestJSON:setUpClass): 200 GET http://10.180.1.21/identity/v3/roles 0.303s
2025-05-19 12:51:42.716 69683 INFO tempest.lib.common.rest_client [req-b21ba23f-e353-49ae-826d-6e389c1e814f req-b21ba23f-e353-49ae-826d-6e389c1e814f ] Request (QuotasSecurityGroupAdminNegativeTest:tearDownClass): 201 POST http://10.180.1.21/identity/v3/auth/tokens 0.201s
2025-05-19 12:51:42.724 69681 INFO tempest.lib.common.rest_client [req-e0f877bb-8d09-49e0-a231-d7a6a026c7dc req-e0f877bb-8d09-49e0-a231-d7a6a026c7dc ] Request (FlavorsExtraSpecsNegativeTestJSON:setUpClass): 200 POST http://10.180.1.21/compute/v2.1/flavors 2.381s
2025-05-19 12:51:42.744 69661 INFO tempest.lib.common.rest_client [req-8b475673-ba07-45b6-a5f4-04ed5455e325 req-8b475673-ba07-45b6-a5f4-04ed5455e325 ] Request (FlavorsExtraSpecsTestJSON:setUpClass): 201 POST http://10.180.1.21/identity/v3/projects 0.166s
2025-05-19 12:51:42.746 69653 INFO tempest.lib.common.rest_client [req-5f2dab5e-1d5b-45e6-a9af-ec6dd4c5f26b req-5f2dab5e-1d5b-45e6-a9af-ec6dd4c5f26b ] Request (QuotaClassesAdminTestJSON:tearDownClass): 204 DELETE http://10.180.1.21:9696/networking/v2.0/security-groups/4ddb4845-9227-4ee9-a7db-0b33ec68d8ea 0.101s
2025-05-19 12:51:42.777 69659 INFO tempest.lib.common.rest_client [req-d3f6f61f-e6a5-48c6-8e75-d0489acadcbd req-d3f6f61f-e6a5-48c6-8e75-d0489acadcbd ] Request (TenantUsagesNegativeTestJSON:tearDownClass): 204 DELETE http://10.180.1.21/identity/v3/users/6c8c230a22244a3081b3bfe941c97cdf 0.363s
2025-05-19 12:51:42.777 69659 INFO tempest.lib.common.dynamic_creds [-] Deleting project and security group for project: 6018aa3f7a7543d4a9dfd1fd8cfaca9d
2025-05-19 12:51:42.812 69679 INFO tempest.lib.common.rest_client [req-0e7356b8-9e5e-45d2-9722-9aa4661c7f3d req-0e7356b8-9e5e-45d2-9722-9aa4661c7f3d ] Request (VolumesAssistedSnapshotsTest:setUpClass): 201 POST http://10.180.1.21:9696/networking/v2.0/networks 0.228s
2025-05-19 12:51:42.817 69649 INFO tempest.lib.common.rest_client [req-8befb95e-12ba-4078-b0ad-a0bc1c6cc259 req-8befb95e-12ba-4078-b0ad-a0bc1c6cc259 ] Request (ServersAaction247Test:setUpClass): 201 POST http://10.180.1.21/identity/v3/auth/tokens 0.180s
2025-05-19 12:51:42.837 69645 INFO tempest.lib.common.rest_client [req-04cc9922-a7a2-4f75-8928-f7f10f4bf846 req-04cc9922-a7a2-4f75-8928-f7f10f4bf846 ] Request (ServersWithSpecificFlavorTestJSON:setUpClass): 204 PUT http://10.180.1.21/identity/v3/projects/1ddfb8600f564d74b4a26c51296a112b/users/49410614313549a0af850ab1c060d557/roles/9b79a833486948fa8258a2d34a2c754a 0.142s
2025-05-19 12:51:42.837 69645 INFO tempest.lib.common.dynamic_creds [-] Dynamic test user 49410614313549a0af850ab1c060d557 is created with scope project and roles: ['admin']
2025-05-19 12:51:42.837 69645 INFO tempest.lib.common.dynamic_creds [-] Acquired dynamic creds: credentials: Credentials: {'domain_id': 'default', 'domain_name': 'Default', 'username': 'tempest-ServersWithSpecificFlavorTestJSON-1859705075-project-admin', 'project_domain_id': 'default', 'project_domain_name': 'Default', 'project_id': '1ddfb8600f564d74b4a26c51296a112b', 'project_name': 'tempest-ServersWithSpecificFlavorTestJSON-1859705075', 'tenant_id': '1ddfb8600f564d74b4a26c51296a112b', 'tenant_name': 'tempest-ServersWithSpecificFlavorTestJSON-1859705075', 'user_domain_id': 'default', 'user_domain_name': 'Default', 'user_id': '49410614313549a0af850ab1c060d557', 'system': None}, Network: None, Subnet: None, Router: None
2025-05-19 12:51:42.907 69657 INFO tempest.lib.common.rest_client [req-884652f4-19e6-44e0-9139-d6a4f5905938 req-884652f4-19e6-44e0-9139-d6a4f5905938 ] Request (HypervisorAdminV253TestBase:test_list_show_detail_hypervisors): 200 GET http://10.180.1.21/compute/v2.1/os-hypervisors/detail?with_servers=True 2.589s
2025-05-19 12:51:42.954 69661 INFO tempest.lib.common.rest_client [req-8c57640b-0438-43ff-9efa-439b709e0ee2 req-8c57640b-0438-43ff-9efa-439b709e0ee2 ] Request (FlavorsExtraSpecsTestJSON:setUpClass): 201 POST http://10.180.1.21/identity/v3/users 0.209s
2025-05-19 12:51:42.962 69679 INFO tempest.lib.common.rest_client [req-9007bd62-eac6-4060-9b92-efd26ab54d8f req-9007bd62-eac6-4060-9b92-efd26ab54d8f ] Request (VolumesAssistedSnapshotsTest:setUpClass): 201 POST http://10.180.1.21:9696/networking/v2.0/subnets 0.150s
2025-05-19 12:51:43.011 69667 INFO tempest.lib.common.rest_client [req-d44e7c76-8e90-42ba-8c7b-9afb118c0cfc req-d44e7c76-8e90-42ba-8c7b-9afb118c0cfc ] Request (FlavorsV261TestJSON:test_crud_flavor): 200 GET http://10.180.1.21/compute/v2.1/flavors/1546302314 2.564s
2025-05-19 12:51:43.037 69653 INFO tempest.lib.common.rest_client [req-5b1ac70c-e403-489c-bc3a-1feaf36b4e47 req-5b1ac70c-e403-489c-bc3a-1feaf36b4e47 ] Request (QuotaClassesAdminTestJSON:tearDownClass): 204 DELETE http://10.180.1.21/identity/v3/projects/784bdb84a3274f51b932b428e48903eb 0.290s
2025-05-19 12:51:43.037 69653 INFO tempest.lib.common.dynamic_creds [-] Deleting project and security group for project: 21391d28f39f43bda5377bfee28f5ea3
2025-05-19 12:51:43.043 69659 INFO tempest.lib.common.rest_client [req-049d374e-bd70-49fb-b416-511b69e46c9e req-049d374e-bd70-49fb-b416-511b69e46c9e ] Request (TenantUsagesNegativeTestJSON:tearDownClass): 201 POST http://10.180.1.21/identity/v3/auth/tokens 0.266s
2025-05-19 12:51:43.068 69649 INFO tempest.lib.common.rest_client [req-2c8f839f-7def-410e-8364-c7e492025378 req-2c8f839f-7def-410e-8364-c7e492025378 ] Request (ServersAaction247Test:setUpClass): 200 GET http://10.180.1.21/identity/v3/domains?name=Default 0.251s
2025-05-19 12:51:43.081 69683 INFO tempest.lib.common.rest_client [req-dfdd8fc0-fc16-41c0-a1c2-33afc3747758 req-dfdd8fc0-fc16-41c0-a1c2-33afc3747758 ] Request (QuotasSecurityGroupAdminNegativeTest:tearDownClass): 200 GET http://10.180.1.21:9696/networking/v2.0/security-groups?tenant_id=f7ccb06e8a354b22b241b557ef52b5e5&name=default 0.365s
2025-05-19 12:51:43.138 69645 INFO tempest.lib.common.rest_client [req-61ba5b4a-f787-4bcd-8af8-c481b74cb456 req-61ba5b4a-f787-4bcd-8af8-c481b74cb456 ] Request (ServersWithSpecificFlavorTestJSON:setUpClass): 201 POST http://10.180.1.21:9696/networking/v2.0/networks 0.301s
2025-05-19 12:51:43.169 69661 INFO tempest.lib.common.rest_client [req-87ede7ce-cf74-4325-9a17-615f2c361b89 req-87ede7ce-cf74-4325-9a17-615f2c361b89 ] Request (FlavorsExtraSpecsTestJSON:setUpClass): 200 GET http://10.180.1.21/identity/v3/roles 0.215s
2025-05-19 12:51:43.187 69672 INFO tempest.lib.common.rest_client [req-ed0f2a92-a1d8-4f66-9cc8-ffa769dab2f1 req-ed0f2a92-a1d8-4f66-9cc8-ffa769dab2f1 ] Request (FlavorsAccessTestJSON:test_flavor_access_add_remove): 200 POST http://10.180.1.21/compute/v2.1/flavors 2.535s
2025-05-19 12:51:43.244 69653 INFO tempest.lib.common.rest_client [req-07d2f96a-1c83-4acc-8f90-ff01509e1949 req-07d2f96a-1c83-4acc-8f90-ff01509e1949 ] Request (QuotaClassesAdminTestJSON:tearDownClass): 200 GET http://10.180.1.21:9696/networking/v2.0/security-groups?tenant_id=21391d28f39f43bda5377bfee28f5ea3&name=default 0.205s
2025-05-19 12:51:43.268 69683 INFO tempest.lib.common.rest_client [req-0c57ddb5-53c8-468b-aac2-1c3e175204d1 req-0c57ddb5-53c8-468b-aac2-1c3e175204d1 ] Request (QuotasSecurityGroupAdminNegativeTest:tearDownClass): 204 DELETE http://10.180.1.21:9696/networking/v2.0/security-groups/ba440af6-cf9e-47fc-96d2-b38f9d0b13f2 0.186s
2025-05-19 12:51:43.269 69649 INFO tempest.lib.common.rest_client [req-4eca1f11-0489-43d6-9a6a-ac66981bab84 req-4eca1f11-0489-43d6-9a6a-ac66981bab84 ] Request (ServersAaction247Test:setUpClass): 201 POST http://10.180.1.21/identity/v3/projects 0.200s
2025-05-19 12:51:43.283 69661 INFO tempest.lib.common.rest_client [req-02499d10-d308-462c-8449-3e1ee7c15fa0 req-02499d10-d308-462c-8449-3e1ee7c15fa0 ] Request (FlavorsExtraSpecsTestJSON:setUpClass): 204 PUT http://10.180.1.21/identity/v3/projects/7284064791a64e868484f516e28c76d0/users/22ee22bb23784878a8b4a9b91a6a4728/roles/538c333c03804adab54baef251fe8158 0.114s
2025-05-19 12:51:43.284 69661 INFO tempest.lib.common.dynamic_creds [-] Dynamic test user 22ee22bb23784878a8b4a9b91a6a4728 is created with scope project and roles: ['member']
2025-05-19 12:51:43.284 69661 INFO tempest.lib.common.dynamic_creds [-] Acquired dynamic creds: credentials: Credentials: {'domain_id': 'default', 'domain_name': 'Default', 'username': 'tempest-FlavorsExtraSpecsTestJSON-1915110973-project-member', 'project_domain_id': 'default', 'project_domain_name': 'Default', 'project_id': '7284064791a64e868484f516e28c76d0', 'project_name': 'tempest-FlavorsExtraSpecsTestJSON-1915110973', 'tenant_id': '7284064791a64e868484f516e28c76d0', 'tenant_name': 'tempest-FlavorsExtraSpecsTestJSON-1915110973', 'user_domain_id': 'default', 'user_domain_name': 'Default', 'user_id': '22ee22bb23784878a8b4a9b91a6a4728', 'system': None}, Network: None, Subnet: None, Router: None
2025-05-19 12:51:43.284 69661 INFO tempest.lib.common.dynamic_creds [-] Created isolated network resources for: credentials: Credentials: {'domain_id': 'default', 'domain_name': 'Default', 'username': 'tempest-FlavorsExtraSpecsTestJSON-1915110973-project-member', 'project_domain_id': 'default', 'project_domain_name': 'Default', 'project_id': '7284064791a64e868484f516e28c76d0', 'project_name': 'tempest-FlavorsExtraSpecsTestJSON-1915110973', 'tenant_id': '7284064791a64e868484f516e28c76d0', 'tenant_name': 'tempest-FlavorsExtraSpecsTestJSON-1915110973', 'user_domain_id': 'default', 'user_domain_name': 'Default', 'user_id': '22ee22bb23784878a8b4a9b91a6a4728', 'system': None}, Network: None, Subnet: None, Router: None
2025-05-19 12:51:43.295 69677 INFO tempest.lib.common.rest_client [req-0bdc69c3-fe92-4fd5-a489-d17f39c64d8f req-0bdc69c3-fe92-4fd5-a489-d17f39c64d8f ] Request (HypervisorAdminUnderV252Test:test_get_hypervisor_show_servers): 200 GET http://10.180.1.21/compute/v2.1/os-hypervisors 2.489s
2025-05-19 12:51:43.349 69653 INFO tempest.lib.common.rest_client [req-eb3a9db2-184c-4176-94be-a2a547cb050b req-eb3a9db2-184c-4176-94be-a2a547cb050b ] Request (QuotaClassesAdminTestJSON:tearDownClass): 204 DELETE http://10.180.1.21:9696/networking/v2.0/security-groups/017593ed-0084-45a4-be21-6a6ce48652d9 0.105s
2025-05-19 12:51:43.373 69683 INFO tempest.lib.common.rest_client [req-8cd9566b-8242-472b-b916-ef6e994d500a req-8cd9566b-8242-472b-b916-ef6e994d500a ] Request (QuotasSecurityGroupAdminNegativeTest:tearDownClass): 204 DELETE http://10.180.1.21/identity/v3/projects/f7ccb06e8a354b22b241b557ef52b5e5 0.105s
2025-05-19 12:51:43.374 69683 INFO tempest.lib.common.dynamic_creds [-] Deleting project and security group for project: 69608d30f63641ffa3c2fa0926fded6a
2025-05-19 12:51:43.394 69645 INFO tempest.lib.common.rest_client [req-1b2e5d54-7828-4715-8d09-fd863c21e5f4 req-1b2e5d54-7828-4715-8d09-fd863c21e5f4 ] Request (ServersWithSpecificFlavorTestJSON:setUpClass): 201 POST http://10.180.1.21:9696/networking/v2.0/subnets 0.255s
2025-05-19 12:51:43.395 69659 INFO tempest.lib.common.rest_client [req-0d7b6036-1a07-4562-af72-7123efa77cd6 req-0d7b6036-1a07-4562-af72-7123efa77cd6 ] Request (TenantUsagesNegativeTestJSON:tearDownClass): 200 GET http://10.180.1.21:9696/networking/v2.0/security-groups?tenant_id=6018aa3f7a7543d4a9dfd1fd8cfaca9d&name=default 0.352s
2025-05-19 12:51:43.446 69649 INFO tempest.lib.common.rest_client [req-98bef693-d0e6-44ea-a190-b5a7964677fd req-98bef693-d0e6-44ea-a190-b5a7964677fd ] Request (ServersAaction247Test:setUpClass): 201 POST http://10.180.1.21/identity/v3/users 0.176s
2025-05-19 12:51:43.456 69661 INFO tempest.lib.common.rest_client [req-24792b79-0098-42be-8486-9eb88d7fe792 req-24792b79-0098-42be-8486-9eb88d7fe792 ] Request (FlavorsExtraSpecsTestJSON:setUpClass): 201 POST http://10.180.1.21/identity/v3/auth/tokens 0.166s
2025-05-19 12:51:43.518 69653 INFO tempest.lib.common.rest_client [req-a6219478-2352-4d06-9adb-3567142aa438 req-a6219478-2352-4d06-9adb-3567142aa438 ] Request (QuotaClassesAdminTestJSON:tearDownClass): 204 DELETE http://10.180.1.21/identity/v3/projects/21391d28f39f43bda5377bfee28f5ea3 0.168s
2025-05-19 12:51:43.528 69675 INFO tempest.lib.common.rest_client [req-8b5deaaf-6bdb-4474-82bb-2153b66897ea req-8b5deaaf-6bdb-4474-82bb-2153b66897ea ] Request (NetworksTest:test_get_network): 200 GET http://10.180.1.21/compute/v2.1/os-networks 2.628s
2025-05-19 12:51:43.542 69659 INFO tempest.lib.common.rest_client [req-dc4a64ef-2401-4942-b3d3-71de602cbc2a req-dc4a64ef-2401-4942-b3d3-71de602cbc2a ] Request (TenantUsagesNegativeTestJSON:tearDownClass): 204 DELETE http://10.180.1.21:9696/networking/v2.0/security-groups/f189cb13-100b-47b3-98a2-0294d07326e5 0.146s
2025-05-19 12:51:43.571 69649 INFO tempest.lib.common.rest_client [req-b3535d0f-b10c-4027-9385-a7797de81400 req-b3535d0f-b10c-4027-9385-a7797de81400 ] Request (ServersAaction247Test:setUpClass): 200 GET http://10.180.1.21/identity/v3/roles 0.124s
2025-05-19 12:51:43.578 69661 INFO tempest.lib.common.rest_client [req-84d206a2-9f6f-4739-b85a-8cae98be64ab req-84d206a2-9f6f-4739-b85a-8cae98be64ab ] Request (FlavorsExtraSpecsTestJSON:setUpClass): 201 POST http://10.180.1.21/identity/v3/projects 0.121s
2025-05-19 12:51:43.584 69703 INFO tempest.lib.common.rest_client [req-b2c8e68a-685d-4ab7-97a6-64e061a9ec88 req-b2c8e68a-685d-4ab7-97a6-64e061a9ec88 ] Request (AZAdminV2TestJSON:test_get_availability_zone_list): 200 GET http://10.180.1.21/compute/v2.1/os-availability-zone 2.646s
2025-05-19 12:51:43.621 69653 INFO tempest.lib.common.rest_client [req-f874156f-80c9-432d-b58e-26dd7f4ab7f2 req-f874156f-80c9-432d-b58e-26dd7f4ab7f2 ] Request (ImagesNegativeTestJSON:setUpClass): 201 POST http://10.180.1.21/identity/v3/auth/tokens 0.100s
2025-05-19 12:51:43.629 69683 INFO tempest.lib.common.rest_client [req-73f1ea8d-c14e-434f-85b7-83b7e63ef596 req-73f1ea8d-c14e-434f-85b7-83b7e63ef596 ] Request (QuotasSecurityGroupAdminNegativeTest:tearDownClass): 200 GET http://10.180.1.21:9696/networking/v2.0/security-groups?tenant_id=69608d30f63641ffa3c2fa0926fded6a&name=default 0.255s
2025-05-19 12:51:43.689 69641 INFO tempest.lib.common.rest_client [req-1842219b-027a-4aa8-8247-58702a5c6029 req-1842219b-027a-4aa8-8247-58702a5c6029 ] Request (HostsAdminTestJSON:test_list_hosts): 200 GET http://10.180.1.21/compute/v2.1/os-hosts 2.676s
2025-05-19 12:51:43.690 69673 INFO tempest.lib.common.rest_client [req-fde6a8ef-16fe-4944-afe7-00846996e6bf req-fde6a8ef-16fe-4944-afe7-00846996e6bf ] Request (ServersTestBootFromVolume:setUpClass): 202 POST http://10.180.1.21/volume/v3/volumes 1.241s
2025-05-19 12:51:43.706 69659 INFO tempest.lib.common.rest_client [req-a0e7bcb7-ffbd-4e88-983d-e5a5f6fc8144 req-a0e7bcb7-ffbd-4e88-983d-e5a5f6fc8144 ] Request (TenantUsagesNegativeTestJSON:tearDownClass): 204 DELETE http://10.180.1.21/identity/v3/projects/6018aa3f7a7543d4a9dfd1fd8cfaca9d 0.163s
2025-05-19 12:51:43.706 69659 INFO tempest.lib.common.dynamic_creds [-] Deleting project and security group for project: ec706e4fb1eb4737a81a462768b83669
2025-05-19 12:51:43.717 69683 INFO tempest.lib.common.rest_client [req-7ecf9b5d-33b3-4263-a28e-37c3439f63d4 req-7ecf9b5d-33b3-4263-a28e-37c3439f63d4 ] Request (QuotasSecurityGroupAdminNegativeTest:tearDownClass): 204 DELETE http://10.180.1.21:9696/networking/v2.0/security-groups/bfacc9bc-7a02-4b25-afc8-74b25a23b68c 0.086s
2025-05-19 12:51:43.724 69649 INFO tempest.lib.common.rest_client [req-8b1ffaa0-f1fb-416a-9674-5dc813995013 req-8b1ffaa0-f1fb-416a-9674-5dc813995013 ] Request (ServersAaction247Test:setUpClass): 204 PUT http://10.180.1.21/identity/v3/projects/2ae7c1c32dc84da9a4d60fe7cd6743a2/users/3a3dbfd28ce94df9bf0049d02bcc4a2d/roles/538c333c03804adab54baef251fe8158 0.152s
2025-05-19 12:51:43.724 69649 INFO tempest.lib.common.dynamic_creds [-] Dynamic test user 3a3dbfd28ce94df9bf0049d02bcc4a2d is created with scope project and roles: ['member']
2025-05-19 12:51:43.725 69649 INFO tempest.lib.common.dynamic_creds [-] Acquired dynamic creds: credentials: Credentials: {'domain_id': 'default', 'domain_name': 'Default', 'username': 'tempest-ServersAaction247Test-2053678796-project-member', 'project_domain_id': 'default', 'project_domain_name': 'Default', 'project_id': '2ae7c1c32dc84da9a4d60fe7cd6743a2', 'project_name': 'tempest-ServersAaction247Test-2053678796', 'tenant_id': '2ae7c1c32dc84da9a4d60fe7cd6743a2', 'tenant_name': 'tempest-ServersAaction247Test-2053678796', 'user_domain_id': 'default', 'user_domain_name': 'Default', 'user_id': '3a3dbfd28ce94df9bf0049d02bcc4a2d', 'system': None}, Network: None, Subnet: None, Router: None
2025-05-19 12:51:43.725 69649 INFO tempest.lib.common.dynamic_creds [-] Created isolated network resources for: credentials: Credentials: {'domain_id': 'default', 'domain_name': 'Default', 'username': 'tempest-ServersAaction247Test-2053678796-project-member', 'project_domain_id': 'default', 'project_domain_name': 'Default', 'project_id': '2ae7c1c32dc84da9a4d60fe7cd6743a2', 'project_name': 'tempest-ServersAaction247Test-2053678796', 'tenant_id': '2ae7c1c32dc84da9a4d60fe7cd6743a2', 'tenant_name': 'tempest-ServersAaction247Test-2053678796', 'user_domain_id': 'default', 'user_domain_name': 'Default', 'user_id': '3a3dbfd28ce94df9bf0049d02bcc4a2d', 'system': None}, Network: None, Subnet: None, Router: None
2025-05-19 12:51:43.741 69661 INFO tempest.lib.common.rest_client [req-9e5d9405-a0d6-4afa-ba8c-ddbc8b7da6a0 req-9e5d9405-a0d6-4afa-ba8c-ddbc8b7da6a0 ] Request (FlavorsExtraSpecsTestJSON:setUpClass): 201 POST http://10.180.1.21/identity/v3/users 0.162s
2025-05-19 12:51:43.772 69673 INFO tempest.lib.common.rest_client [req-90bf5061-dca9-4d85-ac77-9991650e5ae9 req-90bf5061-dca9-4d85-ac77-9991650e5ae9 ] Request (ServersTestBootFromVolume:setUpClass): 200 GET http://10.180.1.21/volume/v3/volumes/f4613fe0-2b9c-4d84-9cc2-95ae2c8bebd0 0.073s
2025-05-19 12:51:43.798 69653 INFO tempest.lib.common.rest_client [req-14bf427a-c60e-4a39-bee2-989e957f6237 req-14bf427a-c60e-4a39-bee2-989e957f6237 ] Request (ImagesNegativeTestJSON:setUpClass): 201 POST http://10.180.1.21/identity/v3/auth/tokens 0.173s
2025-05-19 12:51:43.829 69659 INFO tempest.lib.common.rest_client [req-035a4324-0478-43b7-a394-7c31f31dd354 req-035a4324-0478-43b7-a394-7c31f31dd354 ] Request (TenantUsagesNegativeTestJSON:tearDownClass): 200 GET http://10.180.1.21:9696/networking/v2.0/security-groups?tenant_id=ec706e4fb1eb4737a81a462768b83669&name=default 0.123s
2025-05-19 12:51:43.884 69683 INFO tempest.lib.common.rest_client [req-bf802d3f-2439-4c91-8648-fab23cf23060 req-bf802d3f-2439-4c91-8648-fab23cf23060 ] Request (QuotasSecurityGroupAdminNegativeTest:tearDownClass): 204 DELETE http://10.180.1.21/identity/v3/projects/69608d30f63641ffa3c2fa0926fded6a 0.166s
2025-05-19 12:51:43.886 69651 INFO tempest.lib.common.rest_client [req-dc0294c7-1975-445e-a85a-87632099cc3c req-dc0294c7-1975-445e-a85a-87632099cc3c ] Request (AggregatesAdminNegativeTestJSON:setUpClass): 200 GET http://10.180.1.21/compute/v2.1/os-services?binary=nova-compute 2.564s
2025-05-19 12:51:43.903 69643 INFO tempest.lib.common.rest_client [req-e612a487-7826-4fb9-b25e-2597623a96a7 req-e612a487-7826-4fb9-b25e-2597623a96a7 ] Request (ServicesAdminNegativeV253TestJSON:test_enable_service_with_invalid_service_id): 404 PUT http://10.180.1.21/compute/v2.1/os-services/852947fb-ce60-4663-9f24-efcb6efd918c 2.553s
2025-05-19 12:51:43.916 69659 INFO tempest.lib.common.rest_client [req-d28d13c4-4e7b-4693-9f02-3025b2f8f0dd req-d28d13c4-4e7b-4693-9f02-3025b2f8f0dd ] Request (TenantUsagesNegativeTestJSON:tearDownClass): 204 DELETE http://10.180.1.21:9696/networking/v2.0/security-groups/f457c199-1da3-4c83-81cc-4dabc2ee828e 0.086s
2025-05-19 12:51:43.926 69649 INFO tempest.lib.common.rest_client [req-17e8029f-e026-4c82-8a49-9c3f74ee80cb req-17e8029f-e026-4c82-8a49-9c3f74ee80cb ] Request (ServersAaction247Test:setUpClass): 201 POST http://10.180.1.21/identity/v3/auth/tokens 0.197s
2025-05-19 12:51:43.937 69661 INFO tempest.lib.common.rest_client [req-4eee3f01-36da-44a6-857f-954840e1ad24 req-4eee3f01-36da-44a6-857f-954840e1ad24 ] Request (FlavorsExtraSpecsTestJSON:setUpClass): 200 GET http://10.180.1.21/identity/v3/roles 0.195s
2025-05-19 12:51:43.949 69653 INFO tempest.lib.common.rest_client [req-93179d6f-52d6-4e7d-b543-e9e61a940385 req-93179d6f-52d6-4e7d-b543-e9e61a940385 ] Request (ImagesNegativeTestJSON:setUpClass): 200 GET http://10.180.1.21/identity/v3/domains?name=Default 0.151s
2025-05-19 12:51:43.961 69683 INFO tempest.lib.common.rest_client [req-2433a5a0-2cb7-4a5f-b6d5-8b7dadd1c7dd req-2433a5a0-2cb7-4a5f-b6d5-8b7dadd1c7dd ] Request (ServersAdmin275Test:setUpClass): 201 POST http://10.180.1.21/identity/v3/auth/tokens 0.076s
2025-05-19 12:51:44.009 69659 INFO tempest.lib.common.rest_client [req-a9be9e56-131c-4c25-8769-185852d3edcf req-a9be9e56-131c-4c25-8769-185852d3edcf ] Request (TenantUsagesNegativeTestJSON:tearDownClass): 204 DELETE http://10.180.1.21/identity/v3/projects/ec706e4fb1eb4737a81a462768b83669 0.093s
2025-05-19 12:51:44.051 69699 INFO tempest.lib.common.rest_client [req-6976311e-b60f-476a-80c2-fe0ae9f152b5 req-6976311e-b60f-476a-80c2-fe0ae9f152b5 ] Request (SecurityGroupsTestJSON:test_list_security_groups_by_server): 200 POST http://10.180.1.21/compute/v2.1/os-security-groups 2.976s
2025-05-19 12:51:44.062 69649 INFO tempest.lib.common.rest_client [req-9cd97cad-16b5-443a-80b9-59545b551e5f req-9cd97cad-16b5-443a-80b9-59545b551e5f ] Request (ServersAaction247Test:test_create_backup): 201 POST http://10.180.1.21/identity/v3/auth/tokens 0.131s
2025-05-19 12:51:44.062 69649 INFO tempest.lib.common.fixed_network [-] (ServersAaction247Test:test_create_backup) Found network None available for tenant
2025-05-19 12:51:44.089 69697 INFO tempest.lib.common.rest_client [req-73b55e01-2232-4e98-9323-9da1211284d6 req-73b55e01-2232-4e98-9323-9da1211284d6 ] Request (ServicesAdminNegativeTestJSON:test_get_service_by_invalid_params): 200 GET http://10.180.1.21/compute/v2.1/os-services 2.734s
2025-05-19 12:51:44.127 69661 INFO tempest.lib.common.rest_client [req-25fe7193-dec1-4053-ad75-48dffd2efe29 req-25fe7193-dec1-4053-ad75-48dffd2efe29 ] Request (FlavorsExtraSpecsTestJSON:setUpClass): 204 PUT http://10.180.1.21/identity/v3/projects/53aecd6b04204f17a98bab06719efeaf/users/324e09904d91442188925db016c77e16/roles/9b79a833486948fa8258a2d34a2c754a 0.190s
2025-05-19 12:51:44.179 69653 INFO tempest.lib.common.rest_client [req-f308b630-36fe-4321-9ac4-04df3b05659d req-f308b630-36fe-4321-9ac4-04df3b05659d ] Request (ImagesNegativeTestJSON:setUpClass): 201 POST http://10.180.1.21/identity/v3/projects 0.229s
2025-05-19 12:51:44.186 69683 INFO tempest.lib.common.rest_client [req-e90b89d0-105b-44f4-bd67-99f22f6454f8 req-e90b89d0-105b-44f4-bd67-99f22f6454f8 ] Request (ServersAdmin275Test:setUpClass): 201 POST http://10.180.1.21/identity/v3/auth/tokens 0.220s
2025-05-19 12:51:44.233 69659 INFO tempest.lib.common.rest_client [req-21429f7d-6bad-46bb-bffd-e150358a2f5f req-21429f7d-6bad-46bb-bffd-e150358a2f5f ] Request (ListImageFiltersTestJSON:setUpClass): 201 POST http://10.180.1.21/identity/v3/auth/tokens 0.223s
2025-05-19 12:51:44.280 69679 INFO tempest.lib.common.rest_client [req-b7b558b0-b756-4ea4-89d8-00692a31ce59 req-b7b558b0-b756-4ea4-89d8-00692a31ce59 ] Request (VolumesAssistedSnapshotsTest:setUpClass): 201 POST http://10.180.1.21:9696/networking/v2.0/routers 1.317s
2025-05-19 12:51:44.327 69687 INFO tempest.lib.common.rest_client [req-7b643822-0b37-4047-9035-c9f9a5770ff6 req-7b643822-0b37-4047-9035-c9f9a5770ff6 ] Request (InstanceUsageAuditLogNegativeTestJSON:test_get_instance_usage_audit_logs_with_invalid_time): 400 GET http://10.180.1.21/compute/v2.1/os-instance_usage_audit_log/invalid_time 2.941s
2025-05-19 12:51:44.338 69661 INFO tempest.lib.common.rest_client [req-86d01037-d36f-4b98-a156-4384a1aadb03 req-86d01037-d36f-4b98-a156-4384a1aadb03 ] Request (FlavorsExtraSpecsTestJSON:setUpClass): 200 GET http://10.180.1.21/identity/v3/roles 0.210s
2025-05-19 12:51:44.358 69683 INFO tempest.lib.common.rest_client [req-52afa900-5987-432a-819e-137f586f6932 req-52afa900-5987-432a-819e-137f586f6932 ] Request (ServersAdmin275Test:setUpClass): 200 GET http://10.180.1.21/identity/v3/domains?name=Default 0.172s
2025-05-19 12:51:44.364 69653 INFO tempest.lib.common.rest_client [req-d29c3ebc-6af8-4573-af0e-9c321f8fde3f req-d29c3ebc-6af8-4573-af0e-9c321f8fde3f ] Request (ImagesNegativeTestJSON:setUpClass): 201 POST http://10.180.1.21/identity/v3/users 0.184s
2025-05-19 12:51:44.368 69647 INFO tempest.lib.common.rest_client [req-1a6c5d77-e791-4cca-8505-3afd66466f7f req-1a6c5d77-e791-4cca-8505-3afd66466f7f ] Request (HostsAdminNegativeTestJSON:setUpClass): 200 GET http://10.180.1.21/compute/v2.1/os-hosts 2.914s
2025-05-19 12:51:44.388 69659 INFO tempest.lib.common.rest_client [req-eced3b48-64cb-47a3-85a9-7122ce2396f7 req-eced3b48-64cb-47a3-85a9-7122ce2396f7 ] Request (ListImageFiltersTestJSON:setUpClass): 201 POST http://10.180.1.21/identity/v3/auth/tokens 0.152s
2025-05-19 12:51:44.441 69661 INFO tempest.lib.common.rest_client [req-4d863622-97ea-4987-98d8-e67b4cd91a83 req-4d863622-97ea-4987-98d8-e67b4cd91a83 ] Request (FlavorsExtraSpecsTestJSON:setUpClass): 204 PUT http://10.180.1.21/identity/v3/projects/53aecd6b04204f17a98bab06719efeaf/users/324e09904d91442188925db016c77e16/roles/9b79a833486948fa8258a2d34a2c754a 0.099s
2025-05-19 12:51:44.441 69661 INFO tempest.lib.common.dynamic_creds [-] Dynamic test user 324e09904d91442188925db016c77e16 is created with scope project and roles: ['admin']
2025-05-19 12:51:44.441 69661 INFO tempest.lib.common.dynamic_creds [-] Acquired dynamic creds: credentials: Credentials: {'domain_id': 'default', 'domain_name': 'Default', 'username': 'tempest-FlavorsExtraSpecsTestJSON-1054104805-project-admin', 'project_domain_id': 'default', 'project_domain_name': 'Default', 'project_id': '53aecd6b04204f17a98bab06719efeaf', 'project_name': 'tempest-FlavorsExtraSpecsTestJSON-1054104805', 'tenant_id': '53aecd6b04204f17a98bab06719efeaf', 'tenant_name': 'tempest-FlavorsExtraSpecsTestJSON-1054104805', 'user_domain_id': 'default', 'user_domain_name': 'Default', 'user_id': '324e09904d91442188925db016c77e16', 'system': None}, Network: None, Subnet: None, Router: None
2025-05-19 12:51:44.441 69661 INFO tempest.lib.common.dynamic_creds [-] Created isolated network resources for: credentials: Credentials: {'domain_id': 'default', 'domain_name': 'Default', 'username': 'tempest-FlavorsExtraSpecsTestJSON-1054104805-project-admin', 'project_domain_id': 'default', 'project_domain_name': 'Default', 'project_id': '53aecd6b04204f17a98bab06719efeaf', 'project_name': 'tempest-FlavorsExtraSpecsTestJSON-1054104805', 'tenant_id': '53aecd6b04204f17a98bab06719efeaf', 'tenant_name': 'tempest-FlavorsExtraSpecsTestJSON-1054104805', 'user_domain_id': 'default', 'user_domain_name': 'Default', 'user_id': '324e09904d91442188925db016c77e16', 'system': None}, Network: None, Subnet: None, Router: None
2025-05-19 12:51:44.469 69685 INFO tempest.lib.common.rest_client [req-ec548264-631c-440f-abc9-31ed9847567e req-ec548264-631c-440f-abc9-31ed9847567e ] Request (QuotaClassesAdmin257Test:test_update_default_quotas): 200 GET http://10.180.1.21/compute/v2.1/os-quota-class-sets/default 2.940s
2025-05-19 12:51:44.498 69645 INFO tempest.lib.common.rest_client [req-b45713c9-35ec-41ce-bd49-c381c3b58b85 req-b45713c9-35ec-41ce-bd49-c381c3b58b85 ] Request (ServersWithSpecificFlavorTestJSON:setUpClass): 201 POST http://10.180.1.21:9696/networking/v2.0/routers 1.103s
2025-05-19 12:51:44.501 69683 INFO tempest.lib.common.rest_client [req-e80bfda4-d13c-4df7-9733-06dde54589cf req-e80bfda4-d13c-4df7-9733-06dde54589cf ] Request (ServersAdmin275Test:setUpClass): 201 POST http://10.180.1.21/identity/v3/projects 0.142s
2025-05-19 12:51:44.508 69653 INFO tempest.lib.common.rest_client [req-a6763369-4f6b-4aba-89ac-bd03425a800d req-a6763369-4f6b-4aba-89ac-bd03425a800d ] Request (ImagesNegativeTestJSON:setUpClass): 200 GET http://10.180.1.21/identity/v3/roles 0.143s
2025-05-19 12:51:44.566 69659 INFO tempest.lib.common.rest_client [req-e3ac0054-5136-4cd2-a889-53e23115fd45 req-e3ac0054-5136-4cd2-a889-53e23115fd45 ] Request (ListImageFiltersTestJSON:setUpClass): 200 GET http://10.180.1.21/identity/v3/domains?name=Default 0.177s
2025-05-19 12:51:44.633 69689 INFO tempest.lib.common.rest_client [req-0b928889-886d-42a2-b1b8-1a879d49c537 req-0b928889-886d-42a2-b1b8-1a879d49c537 ] Request (KeyPairsV210TestJSON:test_admin_manage_keypairs_for_other_users): 201 POST http://10.180.1.21/compute/v2.1/os-keypairs 3.094s
2025-05-19 12:51:44.663 69661 INFO tempest.lib.common.rest_client [req-7890f89f-2930-4df1-93a1-f696deab3bfc req-7890f89f-2930-4df1-93a1-f696deab3bfc ] Request (FlavorsExtraSpecsTestJSON:setUpClass): 201 POST http://10.180.1.21/identity/v3/auth/tokens 0.219s
2025-05-19 12:51:44.687 69683 INFO tempest.lib.common.rest_client [req-6165c442-9626-4de6-aff6-89e42e1f7d4f req-6165c442-9626-4de6-aff6-89e42e1f7d4f ] Request (ServersAdmin275Test:setUpClass): 201 POST http://10.180.1.21/identity/v3/users 0.185s
2025-05-19 12:51:44.720 69653 INFO tempest.lib.common.rest_client [req-82dfda02-ebd0-4b75-b688-8017420935fd req-82dfda02-ebd0-4b75-b688-8017420935fd ] Request (ImagesNegativeTestJSON:setUpClass): 204 PUT http://10.180.1.21/identity/v3/projects/4840471cf7844a1aac397d7ee7db12d4/users/20a486bd77ec4dacbf708b2f1b2bb9ea/roles/538c333c03804adab54baef251fe8158 0.211s
2025-05-19 12:51:44.720 69653 INFO tempest.lib.common.dynamic_creds [-] Dynamic test user 20a486bd77ec4dacbf708b2f1b2bb9ea is created with scope project and roles: ['member']
2025-05-19 12:51:44.720 69653 INFO tempest.lib.common.dynamic_creds [-] Acquired dynamic creds: credentials: Credentials: {'domain_id': 'default', 'domain_name': 'Default', 'username': 'tempest-ImagesNegativeTestJSON-1017324503-project-member', 'project_domain_id': 'default', 'project_domain_name': 'Default', 'project_id': '4840471cf7844a1aac397d7ee7db12d4', 'project_name': 'tempest-ImagesNegativeTestJSON-1017324503', 'tenant_id': '4840471cf7844a1aac397d7ee7db12d4', 'tenant_name': 'tempest-ImagesNegativeTestJSON-1017324503', 'user_domain_id': 'default', 'user_domain_name': 'Default', 'user_id': '20a486bd77ec4dacbf708b2f1b2bb9ea', 'system': None}, Network: None, Subnet: None, Router: None
2025-05-19 12:51:44.732 69669 INFO tempest.lib.common.rest_client [req-46e8405f-b69e-47c2-8f90-2b9a65d00ee7 req-46e8405f-b69e-47c2-8f90-2b9a65d00ee7 ] Request (HypervisorAdminTestJSON:test_get_hypervisor_list): 200 GET http://10.180.1.21/compute/v2.1/os-hypervisors 3.131s
2025-05-19 12:51:44.744 69659 INFO tempest.lib.common.rest_client [req-d3141b0c-5152-4f5f-9813-404e1847beba req-d3141b0c-5152-4f5f-9813-404e1847beba ] Request (ListImageFiltersTestJSON:setUpClass): 201 POST http://10.180.1.21/identity/v3/projects 0.178s
2025-05-19 12:51:44.813 69683 INFO tempest.lib.common.rest_client [req-a476e098-31d0-4305-afc8-d0a7fbc9f8eb req-a476e098-31d0-4305-afc8-d0a7fbc9f8eb ] Request (ServersAdmin275Test:setUpClass): 200 GET http://10.180.1.21/identity/v3/roles 0.124s
2025-05-19 12:51:44.828 69673 INFO tempest.lib.common.rest_client [req-b44644ec-1c32-48d1-823f-bf90b55b740a req-b44644ec-1c32-48d1-823f-bf90b55b740a ] Request (ServersTestBootFromVolume:setUpClass): 200 GET http://10.180.1.21/volume/v3/volumes/f4613fe0-2b9c-4d84-9cc2-95ae2c8bebd0 0.046s
2025-05-19 12:51:44.850 69653 INFO tempest.lib.common.rest_client [req-b5f88e46-b549-4182-ba78-c7ee5b8d5d0c req-b5f88e46-b549-4182-ba78-c7ee5b8d5d0c ] Request (ImagesNegativeTestJSON:setUpClass): 201 POST http://10.180.1.21/identity/v3/auth/tokens 0.129s
2025-05-19 12:51:44.897 69659 INFO tempest.lib.common.rest_client [req-22f10ac7-a115-4fcb-a392-05064b60f28d req-22f10ac7-a115-4fcb-a392-05064b60f28d ] Request (ListImageFiltersTestJSON:setUpClass): 201 POST http://10.180.1.21/identity/v3/users 0.152s
2025-05-19 12:51:44.921 69683 INFO tempest.lib.common.rest_client [req-e19cc11a-2ee3-4299-b0e5-694a238882ed req-e19cc11a-2ee3-4299-b0e5-694a238882ed ] Request (ServersAdmin275Test:setUpClass): 204 PUT http://10.180.1.21/identity/v3/projects/cf1defcf82d646c8aa2c0111cbaa13e6/users/556f45f8ca7e450ea250e406da7b9d69/roles/538c333c03804adab54baef251fe8158 0.107s
2025-05-19 12:51:44.921 69683 INFO tempest.lib.common.dynamic_creds [-] Dynamic test user 556f45f8ca7e450ea250e406da7b9d69 is created with scope project and roles: ['member']
2025-05-19 12:51:44.921 69683 INFO tempest.lib.common.dynamic_creds [-] Acquired dynamic creds: credentials: Credentials: {'domain_id': 'default', 'domain_name': 'Default', 'username': 'tempest-ServersAdmin275Test-256247193-project-member', 'project_domain_id': 'default', 'project_domain_name': 'Default', 'project_id': 'cf1defcf82d646c8aa2c0111cbaa13e6', 'project_name': 'tempest-ServersAdmin275Test-256247193', 'tenant_id': 'cf1defcf82d646c8aa2c0111cbaa13e6', 'tenant_name': 'tempest-ServersAdmin275Test-256247193', 'user_domain_id': 'default', 'user_domain_name': 'Default', 'user_id': '556f45f8ca7e450ea250e406da7b9d69', 'system': None}, Network: None, Subnet: None, Router: None
2025-05-19 12:51:44.921 69683 INFO tempest.lib.common.dynamic_creds [-] Created isolated network resources for: credentials: Credentials: {'domain_id': 'default', 'domain_name': 'Default', 'username': 'tempest-ServersAdmin275Test-256247193-project-member', 'project_domain_id': 'default', 'project_domain_name': 'Default', 'project_id': 'cf1defcf82d646c8aa2c0111cbaa13e6', 'project_name': 'tempest-ServersAdmin275Test-256247193', 'tenant_id': 'cf1defcf82d646c8aa2c0111cbaa13e6', 'tenant_name': 'tempest-ServersAdmin275Test-256247193', 'user_domain_id': 'default', 'user_domain_name': 'Default', 'user_id': '556f45f8ca7e450ea250e406da7b9d69', 'system': None}, Network: None, Subnet: None, Router: None
2025-05-19 12:51:44.970 69659 INFO tempest.lib.common.rest_client [req-836c1b84-4909-40ba-9b17-a616731cbea3 req-836c1b84-4909-40ba-9b17-a616731cbea3 ] Request (ListImageFiltersTestJSON:setUpClass): 200 GET http://10.180.1.21/identity/v3/roles 0.073s
2025-05-19 12:51:45.015 69659 INFO tempest.lib.common.rest_client [req-091e579b-aa04-4343-b2d5-135644eb25b4 req-091e579b-aa04-4343-b2d5-135644eb25b4 ] Request (ListImageFiltersTestJSON:setUpClass): 204 PUT http://10.180.1.21/identity/v3/projects/56d7f07c141f4ec7a74ff8b620bc420a/users/e1e7a6dd69e949ae8fd4c6e4d204fded/roles/538c333c03804adab54baef251fe8158 0.044s
2025-05-19 12:51:45.016 69659 INFO tempest.lib.common.dynamic_creds [-] Dynamic test user e1e7a6dd69e949ae8fd4c6e4d204fded is created with scope project and roles: ['member']
2025-05-19 12:51:45.016 69659 INFO tempest.lib.common.dynamic_creds [-] Acquired dynamic creds: credentials: Credentials: {'domain_id': 'default', 'domain_name': 'Default', 'username': 'tempest-ListImageFiltersTestJSON-127647720-project-member', 'project_domain_id': 'default', 'project_domain_name': 'Default', 'project_id': '56d7f07c141f4ec7a74ff8b620bc420a', 'project_name': 'tempest-ListImageFiltersTestJSON-127647720', 'tenant_id': '56d7f07c141f4ec7a74ff8b620bc420a', 'tenant_name': 'tempest-ListImageFiltersTestJSON-127647720', 'user_domain_id': 'default', 'user_domain_name': 'Default', 'user_id': 'e1e7a6dd69e949ae8fd4c6e4d204fded', 'system': None}, Network: None, Subnet: None, Router: None
2025-05-19 12:51:45.016 69659 INFO tempest.lib.common.dynamic_creds [-] Created isolated network resources for: credentials: Credentials: {'domain_id': 'default', 'domain_name': 'Default', 'username': 'tempest-ListImageFiltersTestJSON-127647720-project-member', 'project_domain_id': 'default', 'project_domain_name': 'Default', 'project_id': '56d7f07c141f4ec7a74ff8b620bc420a', 'project_name': 'tempest-ListImageFiltersTestJSON-127647720', 'tenant_id': '56d7f07c141f4ec7a74ff8b620bc420a', 'tenant_name': 'tempest-ListImageFiltersTestJSON-127647720', 'user_domain_id': 'default', 'user_domain_name': 'Default', 'user_id': 'e1e7a6dd69e949ae8fd4c6e4d204fded', 'system': None}, Network: None, Subnet: None, Router: None
2025-05-19 12:51:45.039 69683 INFO tempest.lib.common.rest_client [req-cc578c5d-ec8e-4432-885d-05e821fb6cbb req-cc578c5d-ec8e-4432-885d-05e821fb6cbb ] Request (ServersAdmin275Test:setUpClass): 201 POST http://10.180.1.21/identity/v3/auth/tokens 0.109s
2025-05-19 12:51:45.101 69683 INFO tempest.lib.common.rest_client [req-3d8dbb73-01cf-483c-8581-bf198c3ed87b req-3d8dbb73-01cf-483c-8581-bf198c3ed87b ] Request (ServersAdmin275Test:setUpClass): 201 POST http://10.180.1.21/identity/v3/projects 0.062s
2025-05-19 12:51:45.111 69659 INFO tempest.lib.common.rest_client [req-4dfc116b-c89c-46fb-93de-02c7190318d0 req-4dfc116b-c89c-46fb-93de-02c7190318d0 ] Request (ListImageFiltersTestJSON:setUpClass): 201 POST http://10.180.1.21/identity/v3/auth/tokens 0.091s
2025-05-19 12:51:45.118 69665 INFO tempest.lib.common.rest_client [req-6d88b232-94e5-4d08-bc7b-eb98e3ede295 req-6d88b232-94e5-4d08-bc7b-eb98e3ede295 ] Request (ServerDiagnosticsV248Test:test_get_server_diagnostics): 202 POST http://10.180.1.21/compute/v2.1/servers 3.323s
2025-05-19 12:51:45.158 69683 INFO tempest.lib.common.rest_client [req-5912f761-19d1-4d21-b281-a847309a7035 req-5912f761-19d1-4d21-b281-a847309a7035 ] Request (ServersAdmin275Test:setUpClass): 201 POST http://10.180.1.21/identity/v3/users 0.057s
2025-05-19 12:51:45.217 69679 INFO tempest.lib.common.rest_client [req-792612be-2bc1-470e-b880-1a069a9ef455 req-792612be-2bc1-470e-b880-1a069a9ef455 ] Request (VolumesAssistedSnapshotsTest:setUpClass): 200 PUT http://10.180.1.21:9696/networking/v2.0/routers/2cbc1ba3-7ba2-465e-b8be-143c37d68660/add_router_interface 0.937s
2025-05-19 12:51:45.218 69679 INFO tempest.lib.common.dynamic_creds [-] Created isolated network resources for: credentials: Credentials: {'domain_id': 'default', 'domain_name': 'Default', 'username': 'tempest-VolumesAssistedSnapshotsTest-2034926735-project-admin', 'project_domain_id': 'default', 'project_domain_name': 'Default', 'project_id': '49e39ccbed5240cf97013d29d5b2e5a4', 'project_name': 'tempest-VolumesAssistedSnapshotsTest-2034926735', 'tenant_id': '49e39ccbed5240cf97013d29d5b2e5a4', 'tenant_name': 'tempest-VolumesAssistedSnapshotsTest-2034926735', 'user_domain_id': 'default', 'user_domain_name': 'Default', 'user_id': '376547ef9cd843bb864eb4e3ef6a5405', 'system': None}, Network: {'id': '2670e3c5-33da-4f76-ab64-58143efbe71b', 'name': 'tempest-VolumesAssistedSnapshotsTest-521475016-network', 'tenant_id': '49e39ccbed5240cf97013d29d5b2e5a4', 'admin_state_up': True, 'mtu': 8950, 'status': 'ACTIVE', 'subnets': [], 'shared': False, 'project_id': '49e39ccbed5240cf97013d29d5b2e5a4', 'port_security_enabled': True, 'router:external': False, 'provider:network_type': 'vlan', 'provider:physical_network': 'default', 'provider:segmentation_id': 32, 'availability_zone_hints': [], 'availability_zones': [], 'ipv4_address_scope': None, 'ipv6_address_scope': None, 'description': '', 'tags': [], 'created_at': '2025-05-19T12:51:42Z', 'updated_at': '2025-05-19T12:51:42Z', 'revision_number': 1}, Subnet: {'id': 'a53d3254-e89d-40d4-83a0-09fa4814c7dd', 'name': 'tempest-VolumesAssistedSnapshotsTest-521475016-subnet', 'tenant_id': '49e39ccbed5240cf97013d29d5b2e5a4', 'network_id': '2670e3c5-33da-4f76-ab64-58143efbe71b', 'ip_version': 4, 'subnetpool_id': None, 'enable_dhcp': True, 'ipv6_ra_mode': None, 'ipv6_address_mode': None, 'gateway_ip': '192.168.128.1', 'cidr': '192.168.128.0/28', 'allocation_pools': [{'start': '192.168.128.2', 'end': '192.168.128.14'}], 'host_routes': [], 'dns_nameservers': [], 'description': '', 'router:external': False, 'service_types': [], 'tags': [], 'created_at': '2025-05-19T12:51:42Z', 'updated_at': '2025-05-19T12:51:42Z', 'revision_number': 0, 'project_id': '49e39ccbed5240cf97013d29d5b2e5a4'}, Router: {'id': '2cbc1ba3-7ba2-465e-b8be-143c37d68660', 'name': 'tempest-VolumesAssistedSnapshotsTest-521475016-router', 'tenant_id': '49e39ccbed5240cf97013d29d5b2e5a4', 'admin_state_up': True, 'status': 'ACTIVE', 'external_gateway_info': {'network_id': 'cffa084d-c047-4db5-ac5f-bde9bb56db4b', 'external_fixed_ips': [{'subnet_id': '9fa0a914-b41d-416f-ad28-af5ca2f052db', 'ip_address': '10.180.180.229'}], 'enable_snat': True}, 'description': '', 'availability_zones': [], 'distributed': False, 'ha': False, 'availability_zone_hints': [], 'routes': [], 'flavor_id': None, 'tags': [], 'created_at': '2025-05-19T12:51:42Z', 'updated_at': '2025-05-19T12:51:43Z', 'revision_number': 2, 'project_id': '49e39ccbed5240cf97013d29d5b2e5a4'}
2025-05-19 12:51:45.265 69683 INFO tempest.lib.common.rest_client [req-5d621277-2b64-4815-8570-fae9c0c0dab6 req-5d621277-2b64-4815-8570-fae9c0c0dab6 ] Request (ServersAdmin275Test:setUpClass): 200 GET http://10.180.1.21/identity/v3/roles 0.106s
2025-05-19 12:51:45.329 69701 INFO tempest.lib.common.rest_client [req-e4958974-e339-4194-a116-8b4af535abdc req-e4958974-e339-4194-a116-8b4af535abdc ] Request (FloatingIPsNegativeTestJSON:setUpClass): 200 GET http://10.180.1.21/compute/v2.1/os-floating-ips 3.362s
2025-05-19 12:51:45.335 69679 INFO tempest.lib.common.rest_client [req-d7acaa07-b544-4d04-92e9-51d2348a84ec req-d7acaa07-b544-4d04-92e9-51d2348a84ec ] Request (VolumesAssistedSnapshotsTest:setUpClass): 201 POST http://10.180.1.21/identity/v3/auth/tokens 0.115s
2025-05-19 12:51:45.358 69683 INFO tempest.lib.common.rest_client [req-eee00973-21a9-48ac-ac3d-c4fe944a1ed2 req-eee00973-21a9-48ac-ac3d-c4fe944a1ed2 ] Request (ServersAdmin275Test:setUpClass): 204 PUT http://10.180.1.21/identity/v3/projects/870711ef76b447d8a070088f0ebbddf6/users/aae4b4190c884e049e7ff8336235e6a8/roles/9b79a833486948fa8258a2d34a2c754a 0.093s
2025-05-19 12:51:45.357 69663 INFO tempest.lib.common.rest_client [req-e5c55306-db19-47a1-ba30-976ca079999c req-e5c55306-db19-47a1-ba30-976ca079999c ] Request (ServerDiagnosticsTest:test_get_server_diagnostics): 202 POST http://10.180.1.21/compute/v2.1/servers 3.674s
2025-05-19 12:51:45.466 69679 INFO tempest.lib.common.rest_client [req-33678f90-9a0c-41bf-b4a2-aade85ff5224 req-33678f90-9a0c-41bf-b4a2-aade85ff5224 ] Request (VolumesAssistedSnapshotsTest:setUpClass): 201 POST http://10.180.1.21/identity/v3/projects 0.130s
2025-05-19 12:51:45.481 69683 INFO tempest.lib.common.rest_client [req-8576e8ae-b167-4c09-9d2f-8766c5643156 req-8576e8ae-b167-4c09-9d2f-8766c5643156 ] Request (ServersAdmin275Test:setUpClass): 200 GET http://10.180.1.21/identity/v3/roles 0.122s
2025-05-19 12:51:45.509 69693 INFO tempest.lib.common.rest_client [req-2b314a3b-ef56-4cc8-a00f-ad23a54a373c req-2b314a3b-ef56-4cc8-a00f-ad23a54a373c ] Request (ServersTestManualDisk:setUpClass): 200 POST http://10.180.1.21/compute/v2.1/os-keypairs 3.463s
2025-05-19 12:51:45.534 69691 INFO tempest.lib.common.rest_client [req-50f05ff9-1085-431e-9176-2027faa5b454 req-50f05ff9-1085-431e-9176-2027faa5b454 ] Request (FlavorsAdminTestJSON:_run_cleanups): 202 DELETE http://10.180.1.21/compute/v2.1/flavors/1844201633 3.181s
2025-05-19 12:51:45.543 69653 INFO tempest.lib.common.rest_client [req-1f2c1a4f-7135-4f50-a514-f86aa0569cb5 req-1f2c1a4f-7135-4f50-a514-f86aa0569cb5 ] Request (ImagesNegativeTestJSON:setUpClass): 201 POST http://10.180.1.21:9696/networking/v2.0/networks 0.693s
2025-05-19 12:51:45.621 69679 INFO tempest.lib.common.rest_client [req-0c19e423-2b53-4034-9b3a-ec5212652c6f req-0c19e423-2b53-4034-9b3a-ec5212652c6f ] Request (VolumesAssistedSnapshotsTest:setUpClass): 201 POST http://10.180.1.21/identity/v3/users 0.153s
2025-05-19 12:51:45.639 69683 INFO tempest.lib.common.rest_client [req-fcada9b8-bf63-4798-8691-a3f8a2f6b2a2 req-fcada9b8-bf63-4798-8691-a3f8a2f6b2a2 ] Request (ServersAdmin275Test:setUpClass): 204 PUT http://10.180.1.21/identity/v3/projects/870711ef76b447d8a070088f0ebbddf6/users/aae4b4190c884e049e7ff8336235e6a8/roles/9b79a833486948fa8258a2d34a2c754a 0.157s
2025-05-19 12:51:45.639 69683 INFO tempest.lib.common.dynamic_creds [-] Dynamic test user aae4b4190c884e049e7ff8336235e6a8 is created with scope project and roles: ['admin']
2025-05-19 12:51:45.639 69683 INFO tempest.lib.common.dynamic_creds [-] Acquired dynamic creds: credentials: Credentials: {'domain_id': 'default', 'domain_name': 'Default', 'username': 'tempest-ServersAdmin275Test-153682517-project-admin', 'project_domain_id': 'default', 'project_domain_name': 'Default', 'project_id': '870711ef76b447d8a070088f0ebbddf6', 'project_name': 'tempest-ServersAdmin275Test-153682517', 'tenant_id': '870711ef76b447d8a070088f0ebbddf6', 'tenant_name': 'tempest-ServersAdmin275Test-153682517', 'user_domain_id': 'default', 'user_domain_name': 'Default', 'user_id': 'aae4b4190c884e049e7ff8336235e6a8', 'system': None}, Network: None, Subnet: None, Router: None
2025-05-19 12:51:45.640 69683 INFO tempest.lib.common.dynamic_creds [-] Created isolated network resources for: credentials: Credentials: {'domain_id': 'default', 'domain_name': 'Default', 'username': 'tempest-ServersAdmin275Test-153682517-project-admin', 'project_domain_id': 'default', 'project_domain_name': 'Default', 'project_id': '870711ef76b447d8a070088f0ebbddf6', 'project_name': 'tempest-ServersAdmin275Test-153682517', 'tenant_id': '870711ef76b447d8a070088f0ebbddf6', 'tenant_name': 'tempest-ServersAdmin275Test-153682517', 'user_domain_id': 'default', 'user_domain_name': 'Default', 'user_id': 'aae4b4190c884e049e7ff8336235e6a8', 'system': None}, Network: None, Subnet: None, Router: None
2025-05-19 12:51:45.700 69679 INFO tempest.lib.common.rest_client [req-8cc6744f-6e9e-4cef-a5ba-9e26ed639bcb req-8cc6744f-6e9e-4cef-a5ba-9e26ed639bcb ] Request (VolumesAssistedSnapshotsTest:setUpClass): 200 GET http://10.180.1.21/identity/v3/roles 0.079s
2025-05-19 12:51:45.749 69693 INFO tempest.lib.common.rest_client [req-d1b75faf-9e06-4559-9d3b-99d00cd896b8 req-d1b75faf-9e06-4559-9d3b-99d00cd896b8 ] Request (ServersTestManualDisk:setUpClass): 201 POST http://10.180.1.21:9696/networking/v2.0/security-groups 0.234s
2025-05-19 12:51:45.763 69683 INFO tempest.lib.common.rest_client [req-b74e11ba-8c82-4546-a1d0-663b80253cd1 req-b74e11ba-8c82-4546-a1d0-663b80253cd1 ] Request (ServersAdmin275Test:setUpClass): 201 POST http://10.180.1.21/identity/v3/auth/tokens 0.121s
2025-05-19 12:51:45.803 69659 INFO tempest.lib.common.rest_client [req-4cded7e1-ee07-4af5-8d99-04c113f0c4a9 req-4cded7e1-ee07-4af5-8d99-04c113f0c4a9 ] Request (ListImageFiltersTestJSON:setUpClass): 201 POST http://10.180.1.21/image/v2/images 0.691s
2025-05-19 12:51:45.807 69679 INFO tempest.lib.common.rest_client [req-b09b621c-bee6-41f2-a6bb-c3ef7792a392 req-b09b621c-bee6-41f2-a6bb-c3ef7792a392 ] Request (VolumesAssistedSnapshotsTest:setUpClass): 204 PUT http://10.180.1.21/identity/v3/projects/7b24eb38e33b4b3c8f1cf0a17532060e/users/895e85414e584ea996d16a3af9e99b60/roles/6affcee5eecc4353af3bcac9b0341aff 0.106s
2025-05-19 12:51:45.851 69683 INFO tempest.lib.common.rest_client [req-f44883e6-8690-442f-b0c6-6585b62fdba5 req-f44883e6-8690-442f-b0c6-6585b62fdba5 ] Request (ServersAdmin275Test:test_rebuild_update_server_275): 201 POST http://10.180.1.21/identity/v3/auth/tokens 0.079s
2025-05-19 12:51:45.851 69683 INFO tempest.lib.common.fixed_network [-] (ServersAdmin275Test:test_rebuild_update_server_275) Found network None available for tenant
2025-05-19 12:51:45.884 69673 INFO tempest.lib.common.rest_client [req-57a0011d-59c9-4a8e-a4e6-1621ff7306e2 req-57a0011d-59c9-4a8e-a4e6-1621ff7306e2 ] Request (ServersTestBootFromVolume:setUpClass): 200 GET http://10.180.1.21/volume/v3/volumes/f4613fe0-2b9c-4d84-9cc2-95ae2c8bebd0 0.045s
2025-05-19 12:51:45.894 69679 INFO tempest.lib.common.rest_client [req-f4a385a6-dada-4bbb-b13f-cf078094cd44 req-f4a385a6-dada-4bbb-b13f-cf078094cd44 ] Request (VolumesAssistedSnapshotsTest:setUpClass): 200 GET http://10.180.1.21/identity/v3/roles 0.086s
