2025-05-19 12:53:24.885 69675 INFO tempest.lib.common.rest_client [req-89f1736f-ef76-4bc5-98e1-36367045736e req-89f1736f-ef76-4bc5-98e1-36367045736e ] Request (ServersTestJSON:test_create_server_with_ipv6_addr_only): 202 POST http://10.180.1.21/compute/v2.1/servers 0.741s
2025-05-19 12:53:24.917 69689 INFO tempest.lib.common.rest_client [req-d298f4d0-19e5-4ad6-ac31-158268ec8ec7 req-d298f4d0-19e5-4ad6-ac31-158268ec8ec7 ] Request (KeyPairsV22TestJSON:test_keypairs_create_list_delete): 201 POST http://10.180.1.21/compute/v2.1/os-keypairs 0.617s
2025-05-19 12:53:24.928 69693 INFO tempest.lib.common.rest_client [req-8e09fe45-f3da-4de4-ba52-64621d175871 req-8e09fe45-f3da-4de4-ba52-64621d175871 ] Request (ServersTestManualDisk:tearDownClass): 204 DELETE http://10.180.1.21:9696/networking/v2.0/security-groups/ba24f13c-74ff-42d2-9330-b7ba6352bb54 0.095s
2025-05-19 12:53:24.952 69695 INFO tempest.lib.common.rest_client [req-8ef42d56-be69-4e55-9fcd-ebe0a5549101 req-8ef42d56-be69-4e55-9fcd-ebe0a5549101 ] Request (QuotasAdminTestJSON:_run_cleanups): 204 DELETE http://10.180.1.21/identity/v3/projects/d21caf2a39a447d1acc41bdb6112306e 0.172s
2025-05-19 12:53:24.977 69651 INFO tempest.lib.common.rest_client [req-7e19f182-0d86-4464-9f72-e01ff25ae021 req-7e19f182-0d86-4464-9f72-e01ff25ae021 ] Request (SecurityGroupsNegativeTestJSON:test_delete_the_default_security_group): 400 DELETE http://10.180.1.21/compute/v2.1/os-security-groups/0dec0b14-b14b-47e3-a400-d194bfd7f593 0.720s
2025-05-19 12:53:24.990 69667 INFO tempest.lib.common.rest_client [req-f254db54-38ad-4179-b21a-1fbe2e72fb28 req-f254db54-38ad-4179-b21a-1fbe2e72fb28 ] Request (ServerActionsTestOtherA:setUpClass): 200 GET http://10.180.1.21/compute/v2.1/servers/26418f26-07ae-45e4-87d6-bdcf99674fb5 0.670s
2025-05-19 12:53:25.065 69683 INFO tempest.lib.common.rest_client [req-e98250f2-eb1e-4b20-951c-5ddbe208cc15 req-e98250f2-eb1e-4b20-951c-5ddbe208cc15 ] Request (AttachInterfacesTestJSON:test_create_list_show_delete_interfaces_by_fixed_ip): 200 GET http://10.180.1.21/compute/v2.1/servers/837b4093-308b-440b-940d-fc0227a5c590 0.452s
2025-05-19 12:53:25.075 69647 INFO tempest.lib.common.rest_client [req-3f3d002a-bf39-448b-97a1-e271bcbf46b4 req-3f3d002a-bf39-448b-97a1-e271bcbf46b4 ] Request (TenantUsagesTestJSON:tearDownClass): 200 GET http://10.180.1.21/compute/v2.1/servers/ba4d981a-19f7-41ef-b7d1-a3f3830fe725 0.382s
2025-05-19 12:53:25.115 69693 INFO tempest.lib.common.rest_client [req-aebf91dc-56d7-4449-8e26-6acfc1b95a54 req-aebf91dc-56d7-4449-8e26-6acfc1b95a54 ] Request (ServersTestManualDisk:tearDownClass): 204 DELETE http://10.180.1.21/identity/v3/projects/06c46b0af1af4a788c5e7159fc2daa3d 0.186s
2025-05-19 12:53:25.134 69661 INFO tempest.lib.common.rest_client [req-05fb32a8-b55b-480d-956d-546b89d1ad6c req-05fb32a8-b55b-480d-956d-546b89d1ad6c ] Request (ServersAdminTestJSON:tearDownClass): 200 GET http://10.180.1.21/compute/v2.1/servers/92c27615-d377-492f-a9db-ff45b2e71537 0.289s
2025-05-19 12:53:25.144 69663 INFO tempest.lib.common.rest_client [req-9e3a0141-9c6a-499a-bd4f-2ebb102481ab req-9e3a0141-9c6a-499a-bd4f-2ebb102481ab ] Request (VolumesAdminNegativeTest:test_update_attached_volume_with_nonexistent_volume_in_body): 200 GET http://10.180.1.21/compute/v2.1/servers/de68478e-475a-45ef-9eed-44904fcfc1fd 0.373s
2025-05-19 12:53:25.185 69699 INFO tempest.lib.common.rest_client [req-64d275f3-5030-44f8-8c1a-6d6705e5b1b1 req-64d275f3-5030-44f8-8c1a-6d6705e5b1b1 ] Request (SecurityGroupsTestJSON:test_server_security_groups): 200 GET http://10.180.1.21/compute/v2.1/servers/788b843c-1496-4562-a761-44f3e1ce6da2 0.334s
2025-05-19 12:53:25.194 69693 INFO tempest.lib.common.rest_client [req-e9d8cdf9-55c4-44ef-bed4-1387ae512741 req-e9d8cdf9-55c4-44ef-bed4-1387ae512741 ] Request (InstanceActionsTestJSON:setUpClass): 201 POST http://10.180.1.21/identity/v3/auth/tokens 0.075s
2025-05-19 12:53:25.201 69675 INFO tempest.lib.common.rest_client [req-1ec37ccd-abed-4151-b23c-2b750e6c669b req-1ec37ccd-abed-4151-b23c-2b750e6c669b ] Request (ServersTestJSON:test_create_server_with_ipv6_addr_only): 200 GET http://10.180.1.21/compute/v2.1/servers/10419c72-9876-45d3-a941-46464b47fddc 0.314s
2025-05-19 12:53:25.228 69689 INFO tempest.lib.common.rest_client [req-2c57e76b-3ac0-474d-a46d-38e329cbd378 req-2c57e76b-3ac0-474d-a46d-38e329cbd378 ] Request (KeyPairsV22TestJSON:test_keypairs_create_list_delete): 201 POST http://10.180.1.21/compute/v2.1/os-keypairs 0.309s
2025-05-19 12:53:25.236 69693 INFO tempest.lib.common.rest_client [req-df370a3c-878f-4869-b479-4ae8ecee107a req-df370a3c-878f-4869-b479-4ae8ecee107a ] Request (InstanceActionsTestJSON:setUpClass): 201 POST http://10.180.1.21/identity/v3/auth/tokens 0.037s
2025-05-19 12:53:25.259 69693 INFO tempest.lib.common.rest_client [req-165ba6bf-cba5-4a62-8661-880d8c9479c4 req-165ba6bf-cba5-4a62-8661-880d8c9479c4 ] Request (InstanceActionsTestJSON:setUpClass): 200 GET http://10.180.1.21/identity/v3/domains?name=Default 0.022s
2025-05-19 12:53:25.286 69643 INFO tempest.lib.common.rest_client [req-6eb61c3d-2961-4f49-bdf8-0da043b7d8df req-6eb61c3d-2961-4f49-bdf8-0da043b7d8df ] Request (MultipleCreateTestJSON:_run_cleanups): 200 GET http://10.180.1.21/compute/v2.1/servers/c17525ee-d038-4c81-932b-ed74a6de6cb5 0.344s
2025-05-19 12:53:25.291 69693 INFO tempest.lib.common.rest_client [req-f566eeab-5fa9-4e68-9482-0234966c8d82 req-f566eeab-5fa9-4e68-9482-0234966c8d82 ] Request (InstanceActionsTestJSON:setUpClass): 201 POST http://10.180.1.21/identity/v3/projects 0.031s
2025-05-19 12:53:25.369 69693 INFO tempest.lib.common.rest_client [req-9252526f-8815-4ffb-b380-bda79452eaaf req-9252526f-8815-4ffb-b380-bda79452eaaf ] Request (InstanceActionsTestJSON:setUpClass): 201 POST http://10.180.1.21/identity/v3/users 0.078s
2025-05-19 12:53:25.390 69695 INFO tempest.lib.common.rest_client [req-f552adf4-706d-4925-a2b2-61d33ab47c2c req-f552adf4-706d-4925-a2b2-61d33ab47c2c ] Request (QuotasAdminTestJSON:test_update_all_quota_resources_for_tenant): 200 GET http://10.180.1.21/compute/v2.1/os-quota-sets/a64d89c9a6c14d4bb9a115ee2f878069/defaults 0.436s
2025-05-19 12:53:25.391 69693 INFO tempest.lib.common.rest_client [req-091e3c64-686f-412f-a319-a5b43ac21633 req-091e3c64-686f-412f-a319-a5b43ac21633 ] Request (InstanceActionsTestJSON:setUpClass): 200 GET http://10.180.1.21/identity/v3/roles 0.021s
2025-05-19 12:53:25.412 69651 INFO tempest.lib.common.rest_client [req-a041e707-5055-4125-8184-bbca45c22ffe req-a041e707-5055-4125-8184-bbca45c22ffe ] Request (SecurityGroupsNegativeTestJSON:test_security_group_get_nonexistent_group): 404 GET http://10.180.1.21/compute/v2.1/os-security-groups/ce3953f9-0bf1-4f56-8d9c-96ad5ae229b1 0.427s
2025-05-19 12:53:25.422 69693 INFO tempest.lib.common.rest_client [req-030e5c8b-b211-4ad3-ba6c-86fe172908fb req-030e5c8b-b211-4ad3-ba6c-86fe172908fb ] Request (InstanceActionsTestJSON:setUpClass): 204 PUT http://10.180.1.21/identity/v3/projects/f13f145539c845c98cb0d6024387470e/users/7aa31d5960c84e2c8988aee342dedb04/roles/538c333c03804adab54baef251fe8158 0.030s
2025-05-19 12:53:25.422 69693 INFO tempest.lib.common.dynamic_creds [-] Dynamic test user 7aa31d5960c84e2c8988aee342dedb04 is created with scope project and roles: ['member']
2025-05-19 12:53:25.423 69693 INFO tempest.lib.common.dynamic_creds [-] Acquired dynamic creds: credentials: Credentials: {'domain_id': 'default', 'domain_name': 'Default', 'username': 'tempest-InstanceActionsTestJSON-640821445-project-member', 'project_domain_id': 'default', 'project_domain_name': 'Default', 'project_id': 'f13f145539c845c98cb0d6024387470e', 'project_name': 'tempest-InstanceActionsTestJSON-640821445', 'tenant_id': 'f13f145539c845c98cb0d6024387470e', 'tenant_name': 'tempest-InstanceActionsTestJSON-640821445', 'user_domain_id': 'default', 'user_domain_name': 'Default', 'user_id': '7aa31d5960c84e2c8988aee342dedb04', 'system': None}, Network: None, Subnet: None, Router: None
2025-05-19 12:53:25.477 69657 INFO tempest.lib.common.rest_client [req-be4e2d8a-6897-4535-b8b2-f79346e5138a req-be4e2d8a-6897-4535-b8b2-f79346e5138a ] Request (ServerTagsTestJSON:tearDownClass): 200 GET http://10.180.1.21/compute/v2.1/servers/fa4a5dbc-b885-4439-8520-0bfff38438b3 0.413s
2025-05-19 12:53:25.478 69693 INFO tempest.lib.common.rest_client [req-2d117bae-af3a-4cda-83d6-17c41335eb3e req-2d117bae-af3a-4cda-83d6-17c41335eb3e ] Request (InstanceActionsTestJSON:setUpClass): 201 POST http://10.180.1.21/identity/v3/auth/tokens 0.055s
2025-05-19 12:53:25.486 69689 INFO tempest.lib.common.rest_client [req-0e7cf0b2-8d60-4ce3-8b98-d96106b84da8 req-0e7cf0b2-8d60-4ce3-8b98-d96106b84da8 ] Request (KeyPairsV22TestJSON:test_keypairs_create_list_delete): 200 GET http://10.180.1.21/compute/v2.1/os-keypairs 0.256s
2025-05-19 12:53:25.504 69659 INFO tempest.lib.common.rest_client [req-2489e5b1-3bd0-4090-be3e-7f55c1fe91e8 req-2489e5b1-3bd0-4090-be3e-7f55c1fe91e8 ] Request (AttachInterfacesUnderV243Test:test_add_remove_fixed_ip): 200 GET http://10.180.1.21/compute/v2.1/servers/250a50bf-c4b0-4997-9ce5-6dbeb617e9ed 0.570s
2025-05-19 12:53:25.587 69685 INFO tempest.lib.common.rest_client [req-0a3b36db-bf55-46ae-8fd7-4a8aeea03518 req-0a3b36db-bf55-46ae-8fd7-4a8aeea03518 ] Request (DeleteServersTestJSON:test_delete_server_while_in_attached_volume): 200 GET http://10.180.1.21/compute/v2.1/servers/a0b99237-8f23-40ec-827f-af75961a096d 0.217s
2025-05-19 12:53:25.624 69673 INFO tempest.lib.common.rest_client [req-c1d433d3-8e89-4c2c-8328-35de1968e046 req-c1d433d3-8e89-4c2c-8328-35de1968e046 ] Request (ServerMetadataTestJSON:setUpClass): 200 GET http://10.180.1.21/compute/v2.1/servers/10ffa1d6-87c3-4e83-9cab-7cdf65c1fe57 0.271s
2025-05-19 12:53:25.678 69697 INFO tempest.lib.common.rest_client [req-3f301e85-38c8-44ac-905c-fa780bceafae req-3f301e85-38c8-44ac-905c-fa780bceafae ] Request (ServerActionsV293TestJSON:setUpClass): 200 GET http://10.180.1.21/compute/v2.1/servers/e6a9b69c-e00d-4260-84c7-2d98ce80ead0 0.278s
2025-05-19 12:53:25.702 69651 INFO tempest.lib.common.rest_client [req-4e641ddc-c5be-4228-b94f-541c20f54126 req-4e641ddc-c5be-4228-b94f-541c20f54126 ] Request (SecurityGroupsNegativeTestJSON:test_update_non_existent_security_group): 404 PUT http://10.180.1.21/compute/v2.1/os-security-groups/59703947-254d-4298-9750-1b4bbc1f5003 0.288s
2025-05-19 12:53:25.847 69695 INFO tempest.lib.common.rest_client [req-09111504-82d9-4847-ae26-390abb8a7309 req-09111504-82d9-4847-ae26-390abb8a7309 ] Request (QuotasAdminTestJSON:test_update_all_quota_resources_for_tenant): 200 PUT http://10.180.1.21/compute/v2.1/os-quota-sets/a64d89c9a6c14d4bb9a115ee2f878069 0.454s
2025-05-19 12:53:25.872 69689 INFO tempest.lib.common.rest_client [req-c648589e-2e22-40c0-83d6-7983ec3d8b09 req-c648589e-2e22-40c0-83d6-7983ec3d8b09 ] Request (KeyPairsV22TestJSON:_run_cleanups): 204 DELETE http://10.180.1.21/compute/v2.1/os-keypairs/tempest-KeyPairsV22TestJSON-keypair-1144539724 0.384s
2025-05-19 12:53:25.902 69693 INFO tempest.lib.common.rest_client [req-428926c7-65d2-481d-83a1-bf30b45cbccb req-428926c7-65d2-481d-83a1-bf30b45cbccb ] Request (InstanceActionsTestJSON:setUpClass): 201 POST http://10.180.1.21:9696/networking/v2.0/networks 0.424s
2025-05-19 12:53:25.950 69649 INFO tempest.lib.common.rest_client [req-ede2e93d-33a4-4067-897e-e77fe83f50d6 req-ede2e93d-33a4-4067-897e-e77fe83f50d6 ] Request (ServerPasswordTestJSON:setUpClass): 200 GET http://10.180.1.21/compute/v2.1/servers/bdc0938b-60ef-463a-b3fd-1754f38a3b79 0.517s
2025-05-19 12:53:25.959 69649 INFO tempest.common.waiters [-] State transition "BUILD/networking" ==> "BUILD/spawning" after 31 second wait
2025-05-19 12:53:25.972 69655 INFO tempest.lib.common.rest_client [req-7eb64bea-2547-4579-b95b-ab9310063443 req-7eb64bea-2547-4579-b95b-ab9310063443 ] Request (ServersV294TestFqdnHostnames:setUpClass): 200 GET http://10.180.1.21/compute/v2.1/servers/73d75c52-7ac9-4a28-8bfd-855fba7950b6 0.478s
2025-05-19 12:53:26.027 69653 INFO tempest.lib.common.rest_client [req-8b156c6a-a308-4f3e-b8b5-e709f3f0190e req-8b156c6a-a308-4f3e-b8b5-e709f3f0190e ] Request (ServerRescueTestJSON:setUpClass): 200 GET http://10.180.1.21/compute/v2.1/servers/f8c07fa1-d27c-4d0f-847b-481477cd04bf 0.528s
2025-05-19 12:53:26.069 69681 INFO tempest.lib.common.rest_client [req-fbd65d95-ae20-4c2f-b657-c6855b39d85f req-fbd65d95-ae20-4c2f-b657-c6855b39d85f ] Request (ServersListShow296Test:test_list_show_update_rebuild_server_296): 200 GET http://10.180.1.21/compute/v2.1/servers/011ab7de-98a7-41fc-9e05-e71965c73c09 0.496s
2025-05-19 12:53:26.095 69679 INFO tempest.lib.common.rest_client [req-cf1a5d11-e09e-4402-a5fc-123f9cbdde29 req-cf1a5d11-e09e-4402-a5fc-123f9cbdde29 ] Request (ServerExternalEventsTest:test_create_server_external_events): 200 GET http://10.180.1.21/compute/v2.1/servers/d785944c-d65e-4a9e-91e5-0c0911b25227 0.520s
2025-05-19 12:53:26.141 69645 INFO tempest.lib.common.rest_client [req-ea9dc2bf-3006-4acf-8e2d-0778af873ce0 req-ea9dc2bf-3006-4acf-8e2d-0778af873ce0 ] Request (ImagesTestJSON:test_create_image_from_stopped_server): 200 GET http://10.180.1.21/compute/v2.1/servers/25be9c82-df06-498d-b5e7-c59e0ceed475 0.485s
2025-05-19 12:53:26.162 69669 INFO tempest.lib.common.rest_client [req-8f92bde1-0c5e-4699-bb09-00e8f9ed12f3 req-8f92bde1-0c5e-4699-bb09-00e8f9ed12f3 ] Request (ServersNegativeTestMultiTenantJSON:setUpClass): 200 GET http://10.180.1.21/compute/v2.1/servers/13c1b1aa-2190-4d28-81ad-697e4c098897 0.387s
2025-05-19 12:53:26.182 69689 INFO tempest.lib.common.rest_client [req-6bec3027-95f7-41df-91ae-f79f9a62e795 req-6bec3027-95f7-41df-91ae-f79f9a62e795 ] Request (KeyPairsV22TestJSON:_run_cleanups): 204 DELETE http://10.180.1.21/compute/v2.1/os-keypairs/tempest-KeyPairsV22TestJSON-keypair-1330264581 0.309s
2025-05-19 12:53:26.246 69667 INFO tempest.lib.common.rest_client [req-92c5e06c-6894-440b-ab0b-784438de15e4 req-92c5e06c-6894-440b-ab0b-784438de15e4 ] Request (ServerActionsTestOtherA:setUpClass): 200 GET http://10.180.1.21/compute/v2.1/servers/26418f26-07ae-45e4-87d6-bdcf99674fb5 0.247s
2025-05-19 12:53:26.258 69693 INFO tempest.lib.common.rest_client [req-b40af477-917e-4c8c-8ebc-062782ca567a req-b40af477-917e-4c8c-8ebc-062782ca567a ] Request (InstanceActionsTestJSON:setUpClass): 201 POST http://10.180.1.21:9696/networking/v2.0/subnets 0.355s
2025-05-19 12:53:26.307 69683 INFO tempest.lib.common.rest_client [req-d63bd326-bebd-4615-a99f-c1149fa4c152 req-d63bd326-bebd-4615-a99f-c1149fa4c152 ] Request (AttachInterfacesTestJSON:test_create_list_show_delete_interfaces_by_fixed_ip): 200 GET http://10.180.1.21/compute/v2.1/servers/837b4093-308b-440b-940d-fc0227a5c590 0.234s
2025-05-19 12:53:26.315 69695 INFO tempest.lib.common.rest_client [req-c9d6d5e4-b9a0-443a-8938-1b62d9f74b08 req-c9d6d5e4-b9a0-443a-8938-1b62d9f74b08 ] Request (QuotasAdminTestJSON:_run_cleanups): 200 PUT http://10.180.1.21/compute/v2.1/os-quota-sets/a64d89c9a6c14d4bb9a115ee2f878069 0.459s
2025-05-19 12:53:26.327 69647 INFO tempest.lib.common.rest_client [req-12504d08-953f-466c-9b0d-dc34f45d1892 req-12504d08-953f-466c-9b0d-dc34f45d1892 ] Request (TenantUsagesTestJSON:tearDownClass): 404 GET http://10.180.1.21/compute/v2.1/servers/ba4d981a-19f7-41ef-b7d1-a3f3830fe725 0.244s
2025-05-19 12:53:26.390 69661 INFO tempest.lib.common.rest_client [req-8a7fca90-f517-4d17-aa2e-81155cadfe4e req-8a7fca90-f517-4d17-aa2e-81155cadfe4e ] Request (ServersAdminTestJSON:tearDownClass): 200 GET http://10.180.1.21/compute/v2.1/servers/92c27615-d377-492f-a9db-ff45b2e71537 0.239s
2025-05-19 12:53:26.408 69689 INFO tempest.lib.common.rest_client [req-273ee612-ad1d-4997-bd0e-e812015bec98 req-273ee612-ad1d-4997-bd0e-e812015bec98 ] Request (KeyPairsV22TestJSON:_run_cleanups): 204 DELETE http://10.180.1.21/compute/v2.1/os-keypairs/tempest-KeyPairsV22TestJSON-keypair-1152848330 0.226s
2025-05-19 12:53:26.423 69695 INFO tempest.lib.common.rest_client [req-68543547-04cf-4e2e-acd4-c9a2bb8552c1 req-68543547-04cf-4e2e-acd4-c9a2bb8552c1 ] Request (QuotasAdminTestJSON:tearDownClass): 204 DELETE http://10.180.1.21/identity/v3/users/93c23bcd2f2549bab46573a922a6d995 0.100s
2025-05-19 12:53:26.423 69647 INFO tempest.lib.common.rest_client [req-b146165e-d0dc-4b40-b998-4dacf9211980 req-b146165e-d0dc-4b40-b998-4dacf9211980 ] Request (TenantUsagesTestJSON:tearDownClass): 204 DELETE http://10.180.1.21/identity/v3/users/82eb3de090e94f019532210e1a5ed361 0.095s
2025-05-19 12:53:26.469 69699 INFO tempest.lib.common.rest_client [req-ac92b753-6c81-41ed-aa48-8a2aba91a4d6 req-ac92b753-6c81-41ed-aa48-8a2aba91a4d6 ] Request (SecurityGroupsTestJSON:test_server_security_groups): 200 GET http://10.180.1.21/compute/v2.1/servers/788b843c-1496-4562-a761-44f3e1ce6da2 0.273s
2025-05-19 12:53:26.473 69665 INFO tempest.lib.common.rest_client [req-987c8ca4-9896-4b5f-94b0-ef9fb267d00b req-987c8ca4-9896-4b5f-94b0-ef9fb267d00b ] Request (ServersTestFqdnHostnames:setUpClass): 201 POST http://10.180.1.21:9696/networking/v2.0/routers 2.015s
2025-05-19 12:53:26.522 69647 INFO tempest.lib.common.rest_client [req-459108dc-4724-4f95-ab75-f35331117f2f req-459108dc-4724-4f95-ab75-f35331117f2f ] Request (TenantUsagesTestJSON:tearDownClass): 204 DELETE http://10.180.1.21/identity/v3/users/dd1fcf43bd004077b7b4329ddbcaa315 0.098s
2025-05-19 12:53:26.522 69647 INFO tempest.lib.common.dynamic_creds [-] Deleting project and security group for project: 06843abdd2d64c4da6e4a569d4d48f36
2025-05-19 12:53:26.527 69695 INFO tempest.lib.common.rest_client [req-fde6cf0e-12b8-4751-8f18-bb1002b73545 req-fde6cf0e-12b8-4751-8f18-bb1002b73545 ] Request (QuotasAdminTestJSON:tearDownClass): 204 DELETE http://10.180.1.21/identity/v3/users/11bc09d853bd40d0861fd431bdc1d06e 0.103s
2025-05-19 12:53:26.527 69675 INFO tempest.lib.common.rest_client [req-c29dedf4-b1b6-4275-9b4f-9920d91874d8 req-c29dedf4-b1b6-4275-9b4f-9920d91874d8 ] Request (ServersTestJSON:test_create_server_with_ipv6_addr_only): 200 GET http://10.180.1.21/compute/v2.1/servers/10419c72-9876-45d3-a941-46464b47fddc 0.317s
2025-05-19 12:53:26.527 69695 INFO tempest.lib.common.dynamic_creds [-] Deleting project and security group for project: a64d89c9a6c14d4bb9a115ee2f878069
2025-05-19 12:53:26.593 69647 INFO tempest.lib.common.rest_client [req-5d95ffb3-e76d-4563-93bd-9b6c4387fa83 req-5d95ffb3-e76d-4563-93bd-9b6c4387fa83 ] Request (TenantUsagesTestJSON:tearDownClass): 201 POST http://10.180.1.21/identity/v3/auth/tokens 0.071s
2025-05-19 12:53:26.598 69695 INFO tempest.lib.common.rest_client [req-779efea2-a8c7-4a34-afc9-1e0dc5f27dd4 req-779efea2-a8c7-4a34-afc9-1e0dc5f27dd4 ] Request (QuotasAdminTestJSON:tearDownClass): 201 POST http://10.180.1.21/identity/v3/auth/tokens 0.070s
2025-05-19 12:53:26.608 69663 INFO tempest.lib.common.rest_client [req-9dc4c1c8-99b8-4174-a3de-f47f76aabfda req-9dc4c1c8-99b8-4174-a3de-f47f76aabfda ] Request (VolumesAdminNegativeTest:test_update_attached_volume_with_nonexistent_volume_in_body): 200 GET http://10.180.1.21/compute/v2.1/servers/de68478e-475a-45ef-9eed-44904fcfc1fd 0.451s
2025-05-19 12:53:26.614 69691 INFO tempest.lib.common.rest_client [req-f4ea5347-a882-4548-9fef-f7e1a91a5cde req-f4ea5347-a882-4548-9fef-f7e1a91a5cde ] Request (ServersTestJSON:setUpClass): 201 POST http://10.180.1.21:9696/networking/v2.0/routers 1.997s
2025-05-19 12:53:26.621 69643 INFO tempest.lib.common.rest_client [req-e482d167-39da-43f3-9fcd-f436eed76bb6 req-e482d167-39da-43f3-9fcd-f436eed76bb6 ] Request (MultipleCreateTestJSON:_run_cleanups): 200 GET http://10.180.1.21/compute/v2.1/servers/c17525ee-d038-4c81-932b-ed74a6de6cb5 0.326s
2025-05-19 12:53:26.661 69689 INFO tempest.lib.common.rest_client [req-51259e68-fb1f-4d9e-bb48-97df175563e2 req-51259e68-fb1f-4d9e-bb48-97df175563e2 ] Request (KeyPairsV22TestJSON:test_keypairsv22_create_list_show): 201 POST http://10.180.1.21/compute/v2.1/os-keypairs 0.251s
2025-05-19 12:53:26.712 69657 INFO tempest.lib.common.rest_client [req-e4bd0e89-7b6e-4869-8dbb-400238440b78 req-e4bd0e89-7b6e-4869-8dbb-400238440b78 ] Request (ServerTagsTestJSON:tearDownClass): 200 GET http://10.180.1.21/compute/v2.1/servers/fa4a5dbc-b885-4439-8520-0bfff38438b3 0.226s
2025-05-19 12:53:26.747 69659 INFO tempest.lib.common.rest_client [req-91cec2f1-2ac3-437f-b6dd-ee8e971b126b req-91cec2f1-2ac3-437f-b6dd-ee8e971b126b ] Request (AttachInterfacesUnderV243Test:test_add_remove_fixed_ip): 200 GET http://10.180.1.21/compute/v2.1/servers/250a50bf-c4b0-4997-9ce5-6dbeb617e9ed 0.235s
2025-05-19 12:53:26.813 69685 INFO tempest.lib.common.rest_client [req-b3fcb89d-d5db-4cd6-bac0-3f189ea60533 req-b3fcb89d-d5db-4cd6-bac0-3f189ea60533 ] Request (DeleteServersTestJSON:test_delete_server_while_in_attached_volume): 200 GET http://10.180.1.21/compute/v2.1/servers/a0b99237-8f23-40ec-827f-af75961a096d 0.211s
2025-05-19 12:53:26.824 69689 INFO tempest.lib.common.rest_client [req-35ae3503-f57f-47f5-b90f-6caf8c3568a2 req-35ae3503-f57f-47f5-b90f-6caf8c3568a2 ] Request (KeyPairsV22TestJSON:test_keypairsv22_create_list_show): 200 GET http://10.180.1.21/compute/v2.1/os-keypairs/tempest-keypair-1494274486 0.162s
2025-05-19 12:53:26.928 69697 INFO tempest.lib.common.rest_client [req-84e1902c-81d3-492c-8659-454c40333f08 req-84e1902c-81d3-492c-8659-454c40333f08 ] Request (ServerActionsV293TestJSON:setUpClass): 200 GET http://10.180.1.21/compute/v2.1/servers/e6a9b69c-e00d-4260-84c7-2d98ce80ead0 0.239s
2025-05-19 12:53:26.937 69689 INFO tempest.lib.common.rest_client [req-bff3c355-7af7-4eee-a505-edf967adedf9 req-bff3c355-7af7-4eee-a505-edf967adedf9 ] Request (KeyPairsV22TestJSON:test_keypairsv22_create_list_show): 200 GET http://10.180.1.21/compute/v2.1/os-keypairs 0.111s
2025-05-19 12:53:26.985 69695 INFO tempest.lib.common.rest_client [req-9ce07f18-06fc-42c9-b231-462c646b4ca5 req-9ce07f18-06fc-42c9-b231-462c646b4ca5 ] Request (QuotasAdminTestJSON:tearDownClass): 200 GET http://10.180.1.21:9696/networking/v2.0/security-groups?tenant_id=a64d89c9a6c14d4bb9a115ee2f878069&name=default 0.387s
2025-05-19 12:53:26.990 69673 INFO tempest.lib.common.rest_client [req-3e05568f-4098-4862-8d1f-ce1c209e13a7 req-3e05568f-4098-4862-8d1f-ce1c209e13a7 ] Request (ServerMetadataTestJSON:setUpClass): 200 GET http://10.180.1.21/compute/v2.1/servers/10ffa1d6-87c3-4e83-9cab-7cdf65c1fe57 0.352s
2025-05-19 12:53:27.007 69689 INFO tempest.lib.common.rest_client [req-53d4a24e-fccb-40d2-b960-2fd3df50278d req-53d4a24e-fccb-40d2-b960-2fd3df50278d ] Request (KeyPairsV22TestJSON:_run_cleanups): 204 DELETE http://10.180.1.21/compute/v2.1/os-keypairs/tempest-keypair-1494274486 0.068s
2025-05-19 12:53:27.094 69655 INFO tempest.lib.common.rest_client [req-67f47143-6c33-41b8-a23b-df3886305674 req-67f47143-6c33-41b8-a23b-df3886305674 ] Request (ServersV294TestFqdnHostnames:setUpClass): 200 GET http://10.180.1.21/compute/v2.1/servers/73d75c52-7ac9-4a28-8bfd-855fba7950b6 0.108s
2025-05-19 12:53:27.107 69647 INFO tempest.lib.common.rest_client [req-ae3d4dc6-f4c0-496e-a338-260b8c678e7e req-ae3d4dc6-f4c0-496e-a338-260b8c678e7e ] Request (TenantUsagesTestJSON:tearDownClass): 200 GET http://10.180.1.21:9696/networking/v2.0/security-groups?tenant_id=06843abdd2d64c4da6e4a569d4d48f36&name=default 0.513s
2025-05-19 12:53:27.190 69695 INFO tempest.lib.common.rest_client [req-e2ada005-6f7e-4a79-a617-fb55f0ab7480 req-e2ada005-6f7e-4a79-a617-fb55f0ab7480 ] Request (QuotasAdminTestJSON:tearDownClass): 204 DELETE http://10.180.1.21:9696/networking/v2.0/security-groups/d8d26c7a-e5a0-4611-b4ae-2cf0c6b412a1 0.204s
2025-05-19 12:53:27.204 69701 WARNING tempest.lib.common.ssh [-] Failed to establish authenticated ssh connection to cirros@10.180.180.159 ([Errno None] Unable to connect to port 22 on 10.180.180.159). Number attempts: 6. Retry after 7 seconds.: paramiko.ssh_exception.NoValidConnectionsError: [Errno None] Unable to connect to port 22 on 10.180.180.159
2025-05-19 12:53:27.232 69649 INFO tempest.lib.common.rest_client [req-00148a16-1748-41f5-baa4-fe6ef12afaba req-00148a16-1748-41f5-baa4-fe6ef12afaba ] Request (ServerPasswordTestJSON:setUpClass): 200 GET http://10.180.1.21/compute/v2.1/servers/bdc0938b-60ef-463a-b3fd-1754f38a3b79 0.272s
2025-05-19 12:53:27.302 69695 INFO tempest.lib.common.rest_client [req-1e5facf6-e7fd-4f80-a47d-aafaa7674fba req-1e5facf6-e7fd-4f80-a47d-aafaa7674fba ] Request (QuotasAdminTestJSON:tearDownClass): 204 DELETE http://10.180.1.21/identity/v3/projects/a64d89c9a6c14d4bb9a115ee2f878069 0.112s
2025-05-19 12:53:27.303 69695 INFO tempest.lib.common.dynamic_creds [-] Deleting project and security group for project: 5303754f43bc423da0ae90fedd4a97c4
2025-05-19 12:53:27.322 69653 INFO tempest.lib.common.rest_client [req-5401c654-70e9-4b6e-96d6-9d5bfa4bff01 req-5401c654-70e9-4b6e-96d6-9d5bfa4bff01 ] Request (ServerRescueTestJSON:setUpClass): 200 GET http://10.180.1.21/compute/v2.1/servers/f8c07fa1-d27c-4d0f-847b-481477cd04bf 0.288s
2025-05-19 12:53:27.354 69647 INFO tempest.lib.common.rest_client [req-8a1e4ae0-13ee-49cf-a2e8-b6a4ab01c307 req-8a1e4ae0-13ee-49cf-a2e8-b6a4ab01c307 ] Request (TenantUsagesTestJSON:tearDownClass): 204 DELETE http://10.180.1.21:9696/networking/v2.0/security-groups/bea4d440-e8bb-43ac-b9e0-7f9c2e5db2cd 0.246s
2025-05-19 12:53:27.435 69681 INFO tempest.lib.common.rest_client [req-ed4a6bbd-024c-42ae-8d74-4f0cd78cf7db req-ed4a6bbd-024c-42ae-8d74-4f0cd78cf7db ] Request (ServersListShow296Test:test_list_show_update_rebuild_server_296): 200 GET http://10.180.1.21/compute/v2.1/servers/011ab7de-98a7-41fc-9e05-e71965c73c09 0.352s
2025-05-19 12:53:27.476 69647 INFO tempest.lib.common.rest_client [req-1a39859b-8c5d-4990-b7bd-bc55e3c1652f req-1a39859b-8c5d-4990-b7bd-bc55e3c1652f ] Request (TenantUsagesTestJSON:tearDownClass): 204 DELETE http://10.180.1.21/identity/v3/projects/06843abdd2d64c4da6e4a569d4d48f36 0.121s
2025-05-19 12:53:27.476 69647 INFO tempest.lib.common.dynamic_creds [-] Deleting project and security group for project: c210e789b141449ba9a29ab8bbc39746
2025-05-19 12:53:27.512 69679 INFO tempest.lib.common.rest_client [req-721481b6-6e13-4440-83e4-4ebcd17919cb req-721481b6-6e13-4440-83e4-4ebcd17919cb ] Request (ServerExternalEventsTest:test_create_server_external_events): 200 GET http://10.180.1.21/compute/v2.1/servers/d785944c-d65e-4a9e-91e5-0c0911b25227 0.405s
2025-05-19 12:53:27.554 69647 INFO tempest.lib.common.rest_client [req-c79a1204-057c-4762-a28b-4dd0e9d0c9b3 req-c79a1204-057c-4762-a28b-4dd0e9d0c9b3 ] Request (TenantUsagesTestJSON:tearDownClass): 200 GET http://10.180.1.21:9696/networking/v2.0/security-groups?tenant_id=c210e789b141449ba9a29ab8bbc39746&name=default 0.077s
2025-05-19 12:53:27.587 69651 INFO tempest.lib.common.rest_client [req-4b9491ac-5c10-46cf-8c30-dba14924a2cc req-4b9491ac-5c10-46cf-8c30-dba14924a2cc ] Request (SecurityGroupsNegativeTestJSON:tearDownClass): 200 PUT http://10.180.1.21:9696/networking/v2.0/routers/5f015927-ffd0-4959-8f9f-d21521a4adcb/remove_router_interface 1.882s
2025-05-19 12:53:27.593 69645 INFO tempest.lib.common.rest_client [req-483aadc1-90b3-4370-b6b5-13b2cd1991b1 req-483aadc1-90b3-4370-b6b5-13b2cd1991b1 ] Request (ImagesTestJSON:test_create_image_from_stopped_server): 200 GET http://10.180.1.21/compute/v2.1/servers/25be9c82-df06-498d-b5e7-c59e0ceed475 0.440s
2025-05-19 12:53:27.689 69689 INFO tempest.lib.common.rest_client [req-6caf658c-dd7e-4707-a913-2fbb53ca691d req-6caf658c-dd7e-4707-a913-2fbb53ca691d ] Request (KeyPairsV22TestJSON:test_keypairsv22_create_list_show_with_type): 201 POST http://10.180.1.21/compute/v2.1/os-keypairs 0.680s
2025-05-19 12:53:27.697 69669 INFO tempest.lib.common.rest_client [req-85778045-67b4-427d-babb-8e1cc892ab27 req-85778045-67b4-427d-babb-8e1cc892ab27 ] Request (ServersNegativeTestMultiTenantJSON:setUpClass): 200 GET http://10.180.1.21/compute/v2.1/servers/13c1b1aa-2190-4d28-81ad-697e4c098897 0.525s
2025-05-19 12:53:27.708 69695 INFO tempest.lib.common.rest_client [req-7ba7d4c4-b451-4fde-afca-4ec0edeea41f req-7ba7d4c4-b451-4fde-afca-4ec0edeea41f ] Request (QuotasAdminTestJSON:tearDownClass): 200 GET http://10.180.1.21:9696/networking/v2.0/security-groups?tenant_id=5303754f43bc423da0ae90fedd4a97c4&name=default 0.405s
2025-05-19 12:53:27.776 69683 INFO tempest.lib.common.rest_client [req-df83807d-ab5f-47b5-a522-0f33d870ccd1 req-df83807d-ab5f-47b5-a522-0f33d870ccd1 ] Request (AttachInterfacesTestJSON:test_create_list_show_delete_interfaces_by_fixed_ip): 200 GET http://10.180.1.21/compute/v2.1/servers/837b4093-308b-440b-940d-fc0227a5c590 0.457s
2025-05-19 12:53:27.783 69667 INFO tempest.lib.common.rest_client [req-b55fe459-62bc-4eff-b85e-bc29288fbe98 req-b55fe459-62bc-4eff-b85e-bc29288fbe98 ] Request (ServerActionsTestOtherA:setUpClass): 200 GET http://10.180.1.21/compute/v2.1/servers/26418f26-07ae-45e4-87d6-bdcf99674fb5 0.527s
2025-05-19 12:53:27.799 69647 INFO tempest.lib.common.rest_client [req-495021f5-27cd-489c-bba2-b7719b47bb53 req-495021f5-27cd-489c-bba2-b7719b47bb53 ] Request (TenantUsagesTestJSON:tearDownClass): 204 DELETE http://10.180.1.21:9696/networking/v2.0/security-groups/f9363c60-0dc4-4a51-8ca5-3290a7dda024 0.244s
2025-05-19 12:53:27.875 69661 INFO tempest.lib.common.rest_client [req-9003495f-27ce-43f1-a052-740fd5cf415d req-9003495f-27ce-43f1-a052-740fd5cf415d ] Request (ServersAdminTestJSON:tearDownClass): 200 GET http://10.180.1.21/compute/v2.1/servers/92c27615-d377-492f-a9db-ff45b2e71537 0.477s
2025-05-19 12:53:27.916 69647 INFO tempest.lib.common.rest_client [req-a0e11721-1b3e-4695-9cea-b4233ab9044e req-a0e11721-1b3e-4695-9cea-b4233ab9044e ] Request (TenantUsagesTestJSON:tearDownClass): 204 DELETE http://10.180.1.21/identity/v3/projects/c210e789b141449ba9a29ab8bbc39746 0.117s
2025-05-19 12:53:27.923 69687 WARNING tempest.lib.common.ssh [-] Failed to establish authenticated ssh connection to cirros@10.180.180.138 ([Errno None] Unable to connect to port 22 on 10.180.180.138). Number attempts: 3. Retry after 4 seconds.: paramiko.ssh_exception.NoValidConnectionsError: [Errno None] Unable to connect to port 22 on 10.180.180.138
2025-05-19 12:53:27.936 69695 INFO tempest.lib.common.rest_client [req-791c9041-01f6-4249-8231-44a8bbec6c9c req-791c9041-01f6-4249-8231-44a8bbec6c9c ] Request (QuotasAdminTestJSON:tearDownClass): 204 DELETE http://10.180.1.21:9696/networking/v2.0/security-groups/7744a34d-2422-4947-b173-b9b176ea1247 0.226s
2025-05-19 12:53:27.954 69675 INFO tempest.lib.common.rest_client [req-e6923774-391c-4143-ba72-a5cd75374c97 req-e6923774-391c-4143-ba72-a5cd75374c97 ] Request (ServersTestJSON:test_create_server_with_ipv6_addr_only): 200 GET http://10.180.1.21/compute/v2.1/servers/10419c72-9876-45d3-a941-46464b47fddc 0.417s
2025-05-19 12:53:27.992 69647 INFO tempest.lib.common.rest_client [req-5b2927df-d28e-4e88-94a9-805204b6a4ad req-5b2927df-d28e-4e88-94a9-805204b6a4ad ] Request (ImagesMetadataTestJSON:setUpClass): 201 POST http://10.180.1.21/identity/v3/auth/tokens 0.074s
2025-05-19 12:53:28.041 69663 INFO tempest.lib.common.rest_client [req-7c7f620c-317d-4d0e-ad2b-f397b72491d3 req-7c7f620c-317d-4d0e-ad2b-f397b72491d3 ] Request (VolumesAdminNegativeTest:test_update_attached_volume_with_nonexistent_volume_in_body): 200 GET http://10.180.1.21/compute/v2.1/servers/de68478e-475a-45ef-9eed-44904fcfc1fd 0.424s
2025-05-19 12:53:28.051 69695 INFO tempest.lib.common.rest_client [req-e2f1eb2a-b3d4-4423-a1c5-75bde95a64cc req-e2f1eb2a-b3d4-4423-a1c5-75bde95a64cc ] Request (QuotasAdminTestJSON:tearDownClass): 204 DELETE http://10.180.1.21/identity/v3/projects/5303754f43bc423da0ae90fedd4a97c4 0.114s
2025-05-19 12:53:28.052 69695 INFO tempest.test [-] raised in UnshelveToHostMultiNodesTest.setUpClass. Invoking tearDownClass.
2025-05-19 12:53:28.067 69647 INFO tempest.lib.common.rest_client [req-ad92f05f-bc84-439b-acce-c3b2834c2a2d req-ad92f05f-bc84-439b-acce-c3b2834c2a2d ] Request (ImagesMetadataTestJSON:setUpClass): 201 POST http://10.180.1.21/identity/v3/auth/tokens 0.069s
2025-05-19 12:53:28.075 69693 INFO tempest.lib.common.rest_client [req-f9b28e26-c6cb-4f81-bc8f-3d26558edae7 req-f9b28e26-c6cb-4f81-bc8f-3d26558edae7 ] Request (InstanceActionsTestJSON:setUpClass): 201 POST http://10.180.1.21:9696/networking/v2.0/routers 1.815s
2025-05-19 12:53:28.091 69695 INFO tempest.lib.common.rest_client [req-81e0610f-646a-4d38-9f32-69d35fa1e337 req-81e0610f-646a-4d38-9f32-69d35fa1e337 ] Request (ServerAddressesNegativeTestJSON:setUpClass): 201 POST http://10.180.1.21/identity/v3/auth/tokens 0.033s
2025-05-19 12:53:28.104 69647 INFO tempest.lib.common.rest_client [req-e35d38d3-b3f3-45b4-8e13-f3e06d0a4be1 req-e35d38d3-b3f3-45b4-8e13-f3e06d0a4be1 ] Request (ImagesMetadataTestJSON:setUpClass): 200 GET http://10.180.1.21/identity/v3/domains?name=Default 0.036s
2025-05-19 12:53:28.140 69695 INFO tempest.lib.common.rest_client [req-8e25ca73-8f76-4b08-b7c1-96516b5d85d7 req-8e25ca73-8f76-4b08-b7c1-96516b5d85d7 ] Request (ServerAddressesNegativeTestJSON:setUpClass): 201 POST http://10.180.1.21/identity/v3/auth/tokens 0.046s
2025-05-19 12:53:28.154 69647 INFO tempest.lib.common.rest_client [req-0a3d2399-cc26-4c0b-a98f-7c747074097f req-0a3d2399-cc26-4c0b-a98f-7c747074097f ] Request (ImagesMetadataTestJSON:setUpClass): 201 POST http://10.180.1.21/identity/v3/projects 0.049s
2025-05-19 12:53:28.159 69699 INFO tempest.lib.common.rest_client [req-12e1b60b-b1d5-41af-bacf-c135ad15b9bf req-12e1b60b-b1d5-41af-bacf-c135ad15b9bf ] Request (SecurityGroupsTestJSON:test_server_security_groups): 200 GET http://10.180.1.21/compute/v2.1/servers/788b843c-1496-4562-a761-44f3e1ce6da2 0.678s
2025-05-19 12:53:28.176 69643 INFO tempest.lib.common.rest_client [req-cb342f6d-83a3-45f0-a9f7-50437cd91fe7 req-cb342f6d-83a3-45f0-a9f7-50437cd91fe7 ] Request (MultipleCreateTestJSON:_run_cleanups): 200 GET http://10.180.1.21/compute/v2.1/servers/c17525ee-d038-4c81-932b-ed74a6de6cb5 0.542s
2025-05-19 12:53:28.179 69689 INFO tempest.lib.common.rest_client [req-63f46e22-e2b4-48c4-b129-55fbc0b6c954 req-63f46e22-e2b4-48c4-b129-55fbc0b6c954 ] Request (KeyPairsV22TestJSON:test_keypairsv22_create_list_show_with_type): 200 GET http://10.180.1.21/compute/v2.1/os-keypairs/tempest-keypair-916036727 0.489s
2025-05-19 12:53:28.239 69695 INFO tempest.lib.common.rest_client [req-511d759f-e9be-42a6-87d4-4ceffbb8fff2 req-511d759f-e9be-42a6-87d4-4ceffbb8fff2 ] Request (ServerAddressesNegativeTestJSON:setUpClass): 200 GET http://10.180.1.21/identity/v3/domains?name=Default 0.098s
2025-05-19 12:53:28.242 69647 INFO tempest.lib.common.rest_client [req-de6b1388-7f8c-4db0-bb59-4b6478986f10 req-de6b1388-7f8c-4db0-bb59-4b6478986f10 ] Request (ImagesMetadataTestJSON:setUpClass): 201 POST http://10.180.1.21/identity/v3/users 0.088s
2025-05-19 12:53:28.278 69695 INFO tempest.lib.common.rest_client [req-61111bd7-0ffc-4bf3-b69d-e8a04c28774f req-61111bd7-0ffc-4bf3-b69d-e8a04c28774f ] Request (ServerAddressesNegativeTestJSON:setUpClass): 201 POST http://10.180.1.21/identity/v3/projects 0.039s
2025-05-19 12:53:28.280 69647 INFO tempest.lib.common.rest_client [req-9bc17e75-d4c7-402c-885c-d45865b2377c req-9bc17e75-d4c7-402c-885c-d45865b2377c ] Request (ImagesMetadataTestJSON:setUpClass): 200 GET http://10.180.1.21/identity/v3/roles 0.037s
2025-05-19 12:53:28.300 69657 INFO tempest.lib.common.rest_client [req-bafa09e7-07b4-486d-a114-2cb95e43eb99 req-bafa09e7-07b4-486d-a114-2cb95e43eb99 ] Request (ServerTagsTestJSON:tearDownClass): 200 GET http://10.180.1.21/compute/v2.1/servers/fa4a5dbc-b885-4439-8520-0bfff38438b3 0.574s
2025-05-19 12:53:28.314 69659 INFO tempest.lib.common.rest_client [req-54c6d17f-7592-4f2c-8cc7-b2a2590a1f5c req-54c6d17f-7592-4f2c-8cc7-b2a2590a1f5c ] Request (AttachInterfacesUnderV243Test:test_add_remove_fixed_ip): 200 GET http://10.180.1.21/compute/v2.1/servers/250a50bf-c4b0-4997-9ce5-6dbeb617e9ed 0.555s
2025-05-19 12:53:28.359 69695 INFO tempest.lib.common.rest_client [req-6186ea47-7b9e-46e5-adf5-b190cc93d677 req-6186ea47-7b9e-46e5-adf5-b190cc93d677 ] Request (ServerAddressesNegativeTestJSON:setUpClass): 201 POST http://10.180.1.21/identity/v3/users 0.080s
2025-05-19 12:53:28.379 69647 INFO tempest.lib.common.rest_client [req-e20db037-3bac-4e6b-ba7a-a093b4a81923 req-e20db037-3bac-4e6b-ba7a-a093b4a81923 ] Request (ImagesMetadataTestJSON:setUpClass): 204 PUT http://10.180.1.21/identity/v3/projects/e7f83fc53f214910956086156afda19a/users/787d484dae3d44ab9bbf5fc7d8d88863/roles/538c333c03804adab54baef251fe8158 0.096s
2025-05-19 12:53:28.380 69647 INFO tempest.lib.common.dynamic_creds [-] Dynamic test user 787d484dae3d44ab9bbf5fc7d8d88863 is created with scope project and roles: ['member']
2025-05-19 12:53:28.380 69647 INFO tempest.lib.common.dynamic_creds [-] Acquired dynamic creds: credentials: Credentials: {'domain_id': 'default', 'domain_name': 'Default', 'username': 'tempest-ImagesMetadataTestJSON-753694390-project-member', 'project_domain_id': 'default', 'project_domain_name': 'Default', 'project_id': 'e7f83fc53f214910956086156afda19a', 'project_name': 'tempest-ImagesMetadataTestJSON-753694390', 'tenant_id': 'e7f83fc53f214910956086156afda19a', 'tenant_name': 'tempest-ImagesMetadataTestJSON-753694390', 'user_domain_id': 'default', 'user_domain_name': 'Default', 'user_id': '787d484dae3d44ab9bbf5fc7d8d88863', 'system': None}, Network: None, Subnet: None, Router: None
2025-05-19 12:53:28.380 69647 INFO tempest.lib.common.dynamic_creds [-] Created isolated network resources for: credentials: Credentials: {'domain_id': 'default', 'domain_name': 'Default', 'username': 'tempest-ImagesMetadataTestJSON-753694390-project-member', 'project_domain_id': 'default', 'project_domain_name': 'Default', 'project_id': 'e7f83fc53f214910956086156afda19a', 'project_name': 'tempest-ImagesMetadataTestJSON-753694390', 'tenant_id': 'e7f83fc53f214910956086156afda19a', 'tenant_name': 'tempest-ImagesMetadataTestJSON-753694390', 'user_domain_id': 'default', 'user_domain_name': 'Default', 'user_id': '787d484dae3d44ab9bbf5fc7d8d88863', 'system': None}, Network: None, Subnet: None, Router: None
2025-05-19 12:53:28.382 69695 INFO tempest.lib.common.rest_client [req-820adb8c-bc89-40f0-b517-72e1970fe9a4 req-820adb8c-bc89-40f0-b517-72e1970fe9a4 ] Request (ServerAddressesNegativeTestJSON:setUpClass): 200 GET http://10.180.1.21/identity/v3/roles 0.022s
2025-05-19 12:53:28.426 69685 INFO tempest.lib.common.rest_client [req-a1ece850-e358-4c3a-8233-c62f38d2afad req-a1ece850-e358-4c3a-8233-c62f38d2afad ] Request (DeleteServersTestJSON:test_delete_server_while_in_attached_volume): 200 GET http://10.180.1.21/compute/v2.1/servers/a0b99237-8f23-40ec-827f-af75961a096d 0.605s
2025-05-19 12:53:28.431 69697 INFO tempest.lib.common.rest_client [req-d8485554-ea80-4645-b074-6386d74a10f6 req-d8485554-ea80-4645-b074-6386d74a10f6 ] Request (ServerActionsV293TestJSON:setUpClass): 200 GET http://10.180.1.21/compute/v2.1/servers/e6a9b69c-e00d-4260-84c7-2d98ce80ead0 0.487s
2025-05-19 12:53:28.478 69647 INFO tempest.lib.common.rest_client [req-013ade06-9345-4ce7-a754-e00bc77469d5 req-013ade06-9345-4ce7-a754-e00bc77469d5 ] Request (ImagesMetadataTestJSON:setUpClass): 201 POST http://10.180.1.21/identity/v3/auth/tokens 0.094s
2025-05-19 12:53:28.498 69695 INFO tempest.lib.common.rest_client [req-b019f671-e22a-4794-a270-d324712ae196 req-b019f671-e22a-4794-a270-d324712ae196 ] Request (ServerAddressesNegativeTestJSON:setUpClass): 204 PUT http://10.180.1.21/identity/v3/projects/7ef969f7a67741acaf35ed64873149dc/users/fe99f384a9604d23b9ee7d0bd7dd7835/roles/538c333c03804adab54baef251fe8158 0.115s
2025-05-19 12:53:28.498 69695 INFO tempest.lib.common.dynamic_creds [-] Dynamic test user fe99f384a9604d23b9ee7d0bd7dd7835 is created with scope project and roles: ['member']
2025-05-19 12:53:28.498 69695 INFO tempest.lib.common.dynamic_creds [-] Acquired dynamic creds: credentials: Credentials: {'domain_id': 'default', 'domain_name': 'Default', 'username': 'tempest-ServerAddressesNegativeTestJSON-302550741-project-member', 'project_domain_id': 'default', 'project_domain_name': 'Default', 'project_id': '7ef969f7a67741acaf35ed64873149dc', 'project_name': 'tempest-ServerAddressesNegativeTestJSON-302550741', 'tenant_id': '7ef969f7a67741acaf35ed64873149dc', 'tenant_name': 'tempest-ServerAddressesNegativeTestJSON-302550741', 'user_domain_id': 'default', 'user_domain_name': 'Default', 'user_id': 'fe99f384a9604d23b9ee7d0bd7dd7835', 'system': None}, Network: None, Subnet: None, Router: None
2025-05-19 12:53:28.537 69655 INFO tempest.lib.common.rest_client [req-9a3e2802-d300-4391-a1a5-f4e223422951 req-9a3e2802-d300-4391-a1a5-f4e223422951 ] Request (ServersV294TestFqdnHostnames:setUpClass): 200 GET http://10.180.1.21/compute/v2.1/servers/73d75c52-7ac9-4a28-8bfd-855fba7950b6 0.426s
2025-05-19 12:53:28.551 69689 INFO tempest.lib.common.rest_client [req-61bdd60b-c9db-4c0c-8e6d-7b36abbed417 req-61bdd60b-c9db-4c0c-8e6d-7b36abbed417 ] Request (KeyPairsV22TestJSON:test_keypairsv22_create_list_show_with_type): 200 GET http://10.180.1.21/compute/v2.1/os-keypairs 0.370s
2025-05-19 12:53:28.587 69695 INFO tempest.lib.common.rest_client [req-88246ddd-5660-47a9-95fb-0b19f79b5ec9 req-88246ddd-5660-47a9-95fb-0b19f79b5ec9 ] Request (ServerAddressesNegativeTestJSON:setUpClass): 201 POST http://10.180.1.21/identity/v3/auth/tokens 0.088s
2025-05-19 12:53:28.646 69673 INFO tempest.lib.common.rest_client [req-9557bbec-ae12-4871-a116-a0f80fc4b3a8 req-9557bbec-ae12-4871-a116-a0f80fc4b3a8 ] Request (ServerMetadataTestJSON:setUpClass): 200 GET http://10.180.1.21/compute/v2.1/servers/10ffa1d6-87c3-4e83-9cab-7cdf65c1fe57 0.642s
2025-05-19 12:53:28.759 69653 INFO tempest.lib.common.rest_client [req-8ea043f0-de55-439e-a7aa-918c9779e463 req-8ea043f0-de55-439e-a7aa-918c9779e463 ] Request (ServerRescueTestJSON:setUpClass): 200 GET http://10.180.1.21/compute/v2.1/servers/f8c07fa1-d27c-4d0f-847b-481477cd04bf 0.427s
2025-05-19 12:53:28.848 69681 INFO tempest.lib.common.rest_client [req-95cd8fe3-edd2-41e4-9629-d9b527b7fe77 req-95cd8fe3-edd2-41e4-9629-d9b527b7fe77 ] Request (ServersListShow296Test:test_list_show_update_rebuild_server_296): 200 GET http://10.180.1.21/compute/v2.1/servers/011ab7de-98a7-41fc-9e05-e71965c73c09 0.398s
2025-05-19 12:53:28.908 69649 INFO tempest.lib.common.rest_client [req-677eb8ca-eaa6-4e54-aa38-0af7a2dd7a1c req-677eb8ca-eaa6-4e54-aa38-0af7a2dd7a1c ] Request (ServerPasswordTestJSON:setUpClass): 200 GET http://10.180.1.21/compute/v2.1/servers/bdc0938b-60ef-463a-b3fd-1754f38a3b79 0.660s
2025-05-19 12:53:28.927 69689 INFO tempest.lib.common.rest_client [req-9b987d80-4bc1-430f-8bdf-1271a72447cf req-9b987d80-4bc1-430f-8bdf-1271a72447cf ] Request (KeyPairsV22TestJSON:_run_cleanups): 204 DELETE http://10.180.1.21/compute/v2.1/os-keypairs/tempest-keypair-916036727 0.374s
2025-05-19 12:53:28.933 69679 INFO tempest.lib.common.rest_client [req-46e84187-66c9-447c-980d-abc38fa61f78 req-46e84187-66c9-447c-980d-abc38fa61f78 ] Request (ServerExternalEventsTest:test_create_server_external_events): 200 GET http://10.180.1.21/compute/v2.1/servers/d785944c-d65e-4a9e-91e5-0c0911b25227 0.408s
2025-05-19 12:53:29.022 69647 INFO tempest.lib.common.rest_client [req-1a33cb38-6aee-469b-a99a-fc63486d5092 req-1a33cb38-6aee-469b-a99a-fc63486d5092 ] Request (ImagesMetadataTestJSON:setUpClass): 201 POST http://10.180.1.21/image/v2/images 0.542s
2025-05-19 12:53:29.027 69669 INFO tempest.lib.common.rest_client [req-6d99cde2-fe19-4e11-bab1-2a9ece12b3e8 req-6d99cde2-fe19-4e11-bab1-2a9ece12b3e8 ] Request (ServersNegativeTestMultiTenantJSON:setUpClass): 200 GET http://10.180.1.21/compute/v2.1/servers/13c1b1aa-2190-4d28-81ad-697e4c098897 0.318s
2025-05-19 12:53:29.045 69689 INFO tempest.lib.common.rest_client [req-51362bb7-846a-4ca2-9247-7843426ac39f req-51362bb7-846a-4ca2-9247-7843426ac39f ] Request (KeyPairsV22TestJSON:tearDownClass): 204 DELETE http://10.180.1.21/identity/v3/users/dd2028dc8fca4d1c8420aaa270ed3f73 0.111s
2025-05-19 12:53:29.045 69689 INFO tempest.lib.common.dynamic_creds [-] Deleting project and security group for project: 99b2ea736b4c4fbc9e00be15172ed43e
2025-05-19 12:53:29.063 69645 INFO tempest.lib.common.rest_client [req-ef5f026c-e503-4f19-9c06-e3535602d8c7 req-ef5f026c-e503-4f19-9c06-e3535602d8c7 ] Request (ImagesTestJSON:test_create_image_from_stopped_server): 200 GET http://10.180.1.21/compute/v2.1/servers/25be9c82-df06-498d-b5e7-c59e0ceed475 0.452s
2025-05-19 12:53:29.116 69689 INFO tempest.lib.common.rest_client [req-4b3c72da-aebd-4866-9d73-0e0c98cf4dbf req-4b3c72da-aebd-4866-9d73-0e0c98cf4dbf ] Request (KeyPairsV22TestJSON:tearDownClass): 201 POST http://10.180.1.21/identity/v3/auth/tokens 0.071s
2025-05-19 12:53:29.150 69683 INFO tempest.lib.common.rest_client [req-9f98a8ff-d78b-4883-a76b-5948187de44c req-9f98a8ff-d78b-4883-a76b-5948187de44c ] Request (AttachInterfacesTestJSON:test_create_list_show_delete_interfaces_by_fixed_ip): 200 GET http://10.180.1.21/compute/v2.1/servers/837b4093-308b-440b-940d-fc0227a5c590 0.361s
2025-05-19 12:53:29.153 69695 INFO tempest.lib.common.rest_client [req-8519d848-205a-4a1f-b88c-926a1944d60c req-8519d848-205a-4a1f-b88c-926a1944d60c ] Request (ServerAddressesNegativeTestJSON:setUpClass): 201 POST http://10.180.1.21:9696/networking/v2.0/networks 0.566s
2025-05-19 12:53:29.177 69667 INFO tempest.lib.common.rest_client [req-d3c65928-6bae-4811-aba5-9af195d2f321 req-d3c65928-6bae-4811-aba5-9af195d2f321 ] Request (ServerActionsTestOtherA:setUpClass): 200 GET http://10.180.1.21/compute/v2.1/servers/26418f26-07ae-45e4-87d6-bdcf99674fb5 0.378s
2025-05-19 12:53:29.238 69661 INFO tempest.lib.common.rest_client [req-761852de-28bc-4ed9-ab05-2f1f03352585 req-761852de-28bc-4ed9-ab05-2f1f03352585 ] Request (ServersAdminTestJSON:tearDownClass): 200 GET http://10.180.1.21/compute/v2.1/servers/92c27615-d377-492f-a9db-ff45b2e71537 0.354s
2025-05-19 12:53:29.276 69675 INFO tempest.lib.common.rest_client [req-6c9e4bfd-e55f-43db-b14f-fa7819f318eb req-6c9e4bfd-e55f-43db-b14f-fa7819f318eb ] Request (ServersTestJSON:test_create_server_with_ipv6_addr_only): 200 GET http://10.180.1.21/compute/v2.1/servers/10419c72-9876-45d3-a941-46464b47fddc 0.312s
2025-05-19 12:53:29.306 69663 INFO tempest.lib.common.rest_client [req-8063a9ef-0365-4e69-bb89-893789ae314c req-8063a9ef-0365-4e69-bb89-893789ae314c ] Request (VolumesAdminNegativeTest:test_update_attached_volume_with_nonexistent_volume_in_body): 200 GET http://10.180.1.21/compute/v2.1/servers/de68478e-475a-45ef-9eed-44904fcfc1fd 0.254s
2025-05-19 12:53:29.350 69699 INFO tempest.lib.common.rest_client [req-347ba0cb-fa81-44a9-83f5-0af0cbd44139 req-347ba0cb-fa81-44a9-83f5-0af0cbd44139 ] Request (SecurityGroupsTestJSON:test_server_security_groups): 200 GET http://10.180.1.21/compute/v2.1/servers/788b843c-1496-4562-a761-44f3e1ce6da2 0.182s
2025-05-19 12:53:29.361 69699 INFO tempest.common.waiters [-] State transition "BUILD/None" ==> "BUILD/networking" after 32 second wait
2025-05-19 12:53:29.381 69643 INFO tempest.lib.common.rest_client [req-b30dfb5a-ea2f-4c9d-a2e8-f778f8ac3702 req-b30dfb5a-ea2f-4c9d-a2e8-f778f8ac3702 ] Request (MultipleCreateTestJSON:_run_cleanups): 200 GET http://10.180.1.21/compute/v2.1/servers/c17525ee-d038-4c81-932b-ed74a6de6cb5 0.194s
2025-05-19 12:53:29.446 69657 INFO tempest.lib.common.rest_client [req-bc26a116-c617-457c-8c77-9663fc24e2bf req-bc26a116-c617-457c-8c77-9663fc24e2bf ] Request (ServerTagsTestJSON:tearDownClass): 200 GET http://10.180.1.21/compute/v2.1/servers/fa4a5dbc-b885-4439-8520-0bfff38438b3 0.131s
2025-05-19 12:53:29.459 69659 INFO tempest.lib.common.rest_client [req-6195da17-b9d3-44b4-a23b-5afe1ae868bf req-6195da17-b9d3-44b4-a23b-5afe1ae868bf ] Request (AttachInterfacesUnderV243Test:test_add_remove_fixed_ip): 200 GET http://10.180.1.21/compute/v2.1/servers/250a50bf-c4b0-4997-9ce5-6dbeb617e9ed 0.131s
2025-05-19 12:53:29.462 69689 INFO tempest.lib.common.rest_client [req-fca84475-a036-44c6-8e13-959109d5a00a req-fca84475-a036-44c6-8e13-959109d5a00a ] Request (KeyPairsV22TestJSON:tearDownClass): 200 GET http://10.180.1.21:9696/networking/v2.0/security-groups?tenant_id=99b2ea736b4c4fbc9e00be15172ed43e&name=default 0.345s
2025-05-19 12:53:29.498 69651 INFO tempest.lib.common.rest_client [req-d7b128ec-f00a-4cfe-9f22-917db9ac296e req-d7b128ec-f00a-4cfe-9f22-917db9ac296e ] Request (SecurityGroupsNegativeTestJSON:tearDownClass): 204 DELETE http://10.180.1.21:9696/networking/v2.0/routers/5f015927-ffd0-4959-8f9f-d21521a4adcb 1.910s
2025-05-19 12:53:29.536 69697 INFO tempest.lib.common.rest_client [req-7806ba1f-727f-4e03-9ed8-d0b3b7732011 req-7806ba1f-727f-4e03-9ed8-d0b3b7732011 ] Request (ServerActionsV293TestJSON:setUpClass): 200 GET http://10.180.1.21/compute/v2.1/servers/e6a9b69c-e00d-4260-84c7-2d98ce80ead0 0.080s
2025-05-19 12:53:29.564 69685 INFO tempest.lib.common.rest_client [req-87959656-45c5-494b-be58-c06697b098ec req-87959656-45c5-494b-be58-c06697b098ec ] Request (DeleteServersTestJSON:test_delete_server_while_in_attached_volume): 200 GET http://10.180.1.21/compute/v2.1/servers/a0b99237-8f23-40ec-827f-af75961a096d 0.115s
2025-05-19 12:53:29.629 69655 INFO tempest.lib.common.rest_client [req-6f16c393-d215-4cb4-b2fb-99614e93ba8e req-6f16c393-d215-4cb4-b2fb-99614e93ba8e ] Request (ServersV294TestFqdnHostnames:setUpClass): 200 GET http://10.180.1.21/compute/v2.1/servers/73d75c52-7ac9-4a28-8bfd-855fba7950b6 0.075s
2025-05-19 12:53:29.634 69695 INFO tempest.lib.common.rest_client [req-143576a8-e1b5-42c8-ba04-d2c6d6dd4213 req-143576a8-e1b5-42c8-ba04-d2c6d6dd4213 ] Request (ServerAddressesNegativeTestJSON:setUpClass): 201 POST http://10.180.1.21:9696/networking/v2.0/subnets 0.480s
2025-05-19 12:53:29.651 69689 INFO tempest.lib.common.rest_client [req-7a2dfecf-4f3d-4a16-bb2b-11d6d234e924 req-7a2dfecf-4f3d-4a16-bb2b-11d6d234e924 ] Request (KeyPairsV22TestJSON:tearDownClass): 204 DELETE http://10.180.1.21:9696/networking/v2.0/security-groups/a06c0ca5-05e3-4cba-a07b-ea14299343a5 0.188s
2025-05-19 12:53:29.723 69647 INFO tempest.lib.common.rest_client [req-09870bc1-7eb5-4a17-8c2e-c88978bcec69 req-09870bc1-7eb5-4a17-8c2e-c88978bcec69 ] Request (ImagesMetadataTestJSON:setUpClass): 204 PUT http://10.180.1.21/image/v2/images/2d764866-3ff8-4578-890e-06bee5c559b0/file 0.701s
