2025-05-19 12:52:29.364 69661 INFO tempest.lib.common.rest_client [req-a48b03e0-f30d-42ce-9ddb-007d365759f6 req-a48b03e0-f30d-42ce-9ddb-007d365759f6 ] Request (ServersAdminTestJSON:setUpClass): 200 GET http://10.180.1.21/compute/v2.1/servers/f66c0467-a408-4e56-abdf-2c19cc3d9c11 1.848s
2025-05-19 12:52:29.408 69677 INFO tempest.lib.common.rest_client [req-5917af20-1b34-46b4-8386-c14ff725c344 req-5917af20-1b34-46b4-8386-c14ff725c344 ] Request (ServerShowV263Test:setUpClass): 201 POST http://10.180.1.21/identity/v3/users 0.077s
2025-05-19 12:52:29.440 69677 INFO tempest.lib.common.rest_client [req-fbc11ecb-4fec-4c1e-aa6b-f82da51b3cb3 req-fbc11ecb-4fec-4c1e-aa6b-f82da51b3cb3 ] Request (ServerShowV263Test:setUpClass): 200 GET http://10.180.1.21/identity/v3/roles 0.031s
2025-05-19 12:52:29.478 69677 INFO tempest.lib.common.rest_client [req-9fbb723b-dad4-408e-b1c6-d451e9570788 req-9fbb723b-dad4-408e-b1c6-d451e9570788 ] Request (ServerShowV263Test:setUpClass): 204 PUT http://10.180.1.21/identity/v3/projects/c0df9cad3e4841749a6a7fb4163c3a91/users/ab7073af30c1464a8e9acc490fb4758d/roles/538c333c03804adab54baef251fe8158 0.038s
2025-05-19 12:52:29.479 69677 INFO tempest.lib.common.dynamic_creds [-] Dynamic test user ab7073af30c1464a8e9acc490fb4758d is created with scope project and roles: ['member']
2025-05-19 12:52:29.479 69677 INFO tempest.lib.common.dynamic_creds [-] Acquired dynamic creds: credentials: Credentials: {'domain_id': 'default', 'domain_name': 'Default', 'username': 'tempest-ServerShowV263Test-1013476394-project-member', 'project_domain_id': 'default', 'project_domain_name': 'Default', 'project_id': 'c0df9cad3e4841749a6a7fb4163c3a91', 'project_name': 'tempest-ServerShowV263Test-1013476394', 'tenant_id': 'c0df9cad3e4841749a6a7fb4163c3a91', 'tenant_name': 'tempest-ServerShowV263Test-1013476394', 'user_domain_id': 'default', 'user_domain_name': 'Default', 'user_id': 'ab7073af30c1464a8e9acc490fb4758d', 'system': None}, Network: None, Subnet: None, Router: None
2025-05-19 12:52:29.479 69677 INFO tempest.lib.common.dynamic_creds [-] Created isolated network resources for: credentials: Credentials: {'domain_id': 'default', 'domain_name': 'Default', 'username': 'tempest-ServerShowV263Test-1013476394-project-member', 'project_domain_id': 'default', 'project_domain_name': 'Default', 'project_id': 'c0df9cad3e4841749a6a7fb4163c3a91', 'project_name': 'tempest-ServerShowV263Test-1013476394', 'tenant_id': 'c0df9cad3e4841749a6a7fb4163c3a91', 'tenant_name': 'tempest-ServerShowV263Test-1013476394', 'user_domain_id': 'default', 'user_domain_name': 'Default', 'user_id': 'ab7073af30c1464a8e9acc490fb4758d', 'system': None}, Network: None, Subnet: None, Router: None
2025-05-19 12:52:29.509 69667 INFO tempest.lib.common.rest_client [req-15309201-2251-41eb-918f-fde5eba3ce66 req-15309201-2251-41eb-918f-fde5eba3ce66 ] Request (KeyPairsV2TestJSON:tearDownClass): 200 GET http://10.180.1.21:9696/networking/v2.0/security-groups?tenant_id=4794395cd5264362899531a08e8fda53&name=default 0.331s
2025-05-19 12:52:29.567 69677 INFO tempest.lib.common.rest_client [req-c8a6fde7-9463-455b-b03e-d6291c1cf12c req-c8a6fde7-9463-455b-b03e-d6291c1cf12c ] Request (ServerShowV263Test:setUpClass): 201 POST http://10.180.1.21/identity/v3/auth/tokens 0.081s
2025-05-19 12:52:29.623 69677 INFO tempest.lib.common.rest_client [req-2ee26710-fbf4-4b3d-a912-e579b320d8f2 req-2ee26710-fbf4-4b3d-a912-e579b320d8f2 ] Request (ServerShowV263Test:setUpClass): 200 GET http://10.180.1.21/identity/v3/projects/c0df9cad3e4841749a6a7fb4163c3a91 0.055s
2025-05-19 12:52:29.623 69677 INFO tempest.lib.common.dynamic_creds [-] Using the existing project c0df9cad3e4841749a6a7fb4163c3a91 for scope project and roles: ['reader']
2025-05-19 12:52:29.634 69699 INFO tempest.lib.common.rest_client [req-926ca239-d38a-4024-acb5-3f92308f6333 req-926ca239-d38a-4024-acb5-3f92308f6333 ] Request (SecurityGroupsTestJSON:test_security_group_create_get_delete): 200 POST http://10.180.1.21/compute/v2.1/os-security-groups 2.005s
2025-05-19 12:52:29.654 69677 INFO tempest.lib.common.rest_client [req-daefe3c8-1a72-4215-908b-b3dcc798c50c req-daefe3c8-1a72-4215-908b-b3dcc798c50c ] Request (ServerShowV263Test:setUpClass): 201 POST http://10.180.1.21/identity/v3/users 0.030s
2025-05-19 12:52:29.676 69677 INFO tempest.lib.common.rest_client [req-c7daa393-c56b-44ec-9dde-eb2e2738cc40 req-c7daa393-c56b-44ec-9dde-eb2e2738cc40 ] Request (ServerShowV263Test:setUpClass): 200 GET http://10.180.1.21/identity/v3/roles 0.021s
2025-05-19 12:52:29.713 69677 INFO tempest.lib.common.rest_client [req-353f514a-238a-49e0-bfa1-2735654be407 req-353f514a-238a-49e0-bfa1-2735654be407 ] Request (ServerShowV263Test:setUpClass): 204 PUT http://10.180.1.21/identity/v3/projects/c0df9cad3e4841749a6a7fb4163c3a91/users/042bba7d5a3f438c87ddde7f8453098c/roles/6a0b4eef59424e30863ccb02e6e2362e 0.036s
2025-05-19 12:52:29.713 69677 INFO tempest.lib.common.dynamic_creds [-] Dynamic test user 042bba7d5a3f438c87ddde7f8453098c is created with scope project and roles: ['reader']
2025-05-19 12:52:29.713 69677 INFO tempest.lib.common.dynamic_creds [-] Acquired dynamic creds: credentials: Credentials: {'domain_id': 'default', 'domain_name': 'Default', 'username': 'tempest-ServerShowV263Test-1013476394-project-reader', 'project_domain_id': 'default', 'project_domain_name': 'Default', 'project_id': 'c0df9cad3e4841749a6a7fb4163c3a91', 'project_name': 'tempest-ServerShowV263Test-1013476394', 'tenant_id': 'c0df9cad3e4841749a6a7fb4163c3a91', 'tenant_name': 'tempest-ServerShowV263Test-1013476394', 'user_domain_id': 'default', 'user_domain_name': 'Default', 'user_id': '042bba7d5a3f438c87ddde7f8453098c', 'system': None}, Network: None, Subnet: None, Router: None
2025-05-19 12:52:29.713 69677 INFO tempest.lib.common.dynamic_creds [-] Network resources are not created for requested scope: project and credentials: Credentials: {'domain_id': 'default', 'domain_name': 'Default', 'username': 'tempest-ServerShowV263Test-1013476394-project-reader', 'project_domain_id': 'default', 'project_domain_name': 'Default', 'project_id': 'c0df9cad3e4841749a6a7fb4163c3a91', 'project_name': 'tempest-ServerShowV263Test-1013476394', 'tenant_id': 'c0df9cad3e4841749a6a7fb4163c3a91', 'tenant_name': 'tempest-ServerShowV263Test-1013476394', 'user_domain_id': 'default', 'user_domain_name': 'Default', 'user_id': '042bba7d5a3f438c87ddde7f8453098c', 'system': None}, Network: None, Subnet: None, Router: None
2025-05-19 12:52:29.735 69667 INFO tempest.lib.common.rest_client [req-df912f90-622d-4974-8222-fab5b5484acd req-df912f90-622d-4974-8222-fab5b5484acd ] Request (KeyPairsV2TestJSON:tearDownClass): 204 DELETE http://10.180.1.21:9696/networking/v2.0/security-groups/004867b6-cb5c-4b23-bfec-5fe8146c4bc5 0.225s
2025-05-19 12:52:29.743 69679 INFO tempest.lib.common.rest_client [req-81360b61-4312-423c-930f-d6432e0d7ed9 req-81360b61-4312-423c-930f-d6432e0d7ed9 ] Request (VolumesAssistedSnapshotsTest:tearDownClass): 200 PUT http://10.180.1.21:9696/networking/v2.0/routers/cd73d776-5957-400c-aca4-015298da7e0f/remove_router_interface 1.184s
2025-05-19 12:52:29.859 69667 INFO tempest.lib.common.rest_client [req-e059fbf3-8a4e-4b3e-ae1d-59d35d873265 req-e059fbf3-8a4e-4b3e-ae1d-59d35d873265 ] Request (KeyPairsV2TestJSON:tearDownClass): 204 DELETE http://10.180.1.21/identity/v3/projects/4794395cd5264362899531a08e8fda53 0.123s
2025-05-19 12:52:29.930 69667 INFO tempest.lib.common.rest_client [req-a703822f-8960-449c-8452-afc8247c87d2 req-a703822f-8960-449c-8452-afc8247c87d2 ] Request (AbsoluteLimitsNegativeTestJSON:setUpClass): 201 POST http://10.180.1.21/identity/v3/auth/tokens 0.069s
2025-05-19 12:52:29.953 69677 INFO tempest.lib.common.rest_client [req-d78b0634-5e7b-4e2b-8845-ddfd37eed4b0 req-d78b0634-5e7b-4e2b-8845-ddfd37eed4b0 ] Request (ServerShowV263Test:setUpClass): 201 POST http://10.180.1.21/identity/v3/auth/tokens 0.237s
2025-05-19 12:52:29.973 69667 INFO tempest.lib.common.rest_client [req-4d12bf32-e9d3-408f-9886-3e2e67603751 req-4d12bf32-e9d3-408f-9886-3e2e67603751 ] Request (AbsoluteLimitsNegativeTestJSON:setUpClass): 201 POST http://10.180.1.21/identity/v3/auth/tokens 0.041s
2025-05-19 12:52:29.983 69641 INFO tempest.lib.common.rest_client [req-37ca9143-c1ac-4eb9-94b8-60af63bbbf52 req-37ca9143-c1ac-4eb9-94b8-60af63bbbf52 ] Request (FloatingIPsTestJSON:test_delete_floating_ip): 202 DELETE http://10.180.1.21/compute/v2.1/os-floating-ips/3b9e8da1-45f8-4162-bcaa-9b2788cd7e8b 2.739s
2025-05-19 12:52:30.000 69667 INFO tempest.lib.common.rest_client [req-1928878b-982c-4b70-bbf8-ed5d11515159 req-1928878b-982c-4b70-bbf8-ed5d11515159 ] Request (AbsoluteLimitsNegativeTestJSON:setUpClass): 200 GET http://10.180.1.21/identity/v3/domains?name=Default 0.026s
2025-05-19 12:52:30.004 69645 INFO tempest.lib.common.rest_client [req-f3c26798-48ff-47b9-9ea7-8afd38f9ac50 req-f3c26798-48ff-47b9-9ea7-8afd38f9ac50 ] Request (ServersWithSpecificFlavorTestJSON:_run_cleanups): 202 DELETE http://10.180.1.21/compute/v2.1/os-keypairs/tempest-keypair-1540795135 2.192s
2025-05-19 12:52:30.030 69691 INFO tempest.lib.common.rest_client [req-80edded8-7035-433e-b8c3-d5a7b858cd8b req-80edded8-7035-433e-b8c3-d5a7b858cd8b ] Request (FlavorsAdminTestJSON:_run_cleanups): 200 GET http://10.180.1.21/compute/v2.1/flavors/detail 2.202s
2025-05-19 12:52:30.043 69667 INFO tempest.lib.common.rest_client [req-7b4f7961-c486-4da8-883e-12e2413f06c3 req-7b4f7961-c486-4da8-883e-12e2413f06c3 ] Request (AbsoluteLimitsNegativeTestJSON:setUpClass): 201 POST http://10.180.1.21/identity/v3/projects 0.042s
2025-05-19 12:52:30.062 69677 INFO tempest.lib.common.rest_client [req-dd8081b4-f4d2-4743-826a-b5696d896623 req-dd8081b4-f4d2-4743-826a-b5696d896623 ] Request (ServerShowV263Test:tearDownClass): 204 DELETE http://10.180.1.21/identity/v3/users/ab7073af30c1464a8e9acc490fb4758d 0.100s
2025-05-19 12:52:30.139 69667 INFO tempest.lib.common.rest_client [req-41900b45-c44d-4ac1-9bc0-a3d3a1734295 req-41900b45-c44d-4ac1-9bc0-a3d3a1734295 ] Request (AbsoluteLimitsNegativeTestJSON:setUpClass): 201 POST http://10.180.1.21/identity/v3/users 0.095s
2025-05-19 12:52:30.146 69663 INFO tempest.lib.common.rest_client [req-5d4d5cc0-8fe4-407a-a4e0-4b17789a13a6 req-5d4d5cc0-8fe4-407a-a4e0-4b17789a13a6 ] Request (ServerDiagnosticsTest:tearDownClass): 200 GET http://10.180.1.21/compute/v2.1/servers/1302cad6-55b7-4905-92c1-dfdd37042e30 2.018s
2025-05-19 12:52:30.158 69677 INFO tempest.lib.common.rest_client [req-a60e79d9-72d3-48a6-a961-263bf28d1bca req-a60e79d9-72d3-48a6-a961-263bf28d1bca ] Request (ServerShowV263Test:tearDownClass): 204 DELETE http://10.180.1.21/identity/v3/users/042bba7d5a3f438c87ddde7f8453098c 0.096s
2025-05-19 12:52:30.158 69677 INFO tempest.lib.common.dynamic_creds [-] Deleting project and security group for project: c0df9cad3e4841749a6a7fb4163c3a91
2025-05-19 12:52:30.202 69667 INFO tempest.lib.common.rest_client [req-48c8aadb-792f-444f-8c94-74e02206d83f req-48c8aadb-792f-444f-8c94-74e02206d83f ] Request (AbsoluteLimitsNegativeTestJSON:setUpClass): 200 GET http://10.180.1.21/identity/v3/roles 0.063s
2025-05-19 12:52:30.206 69645 INFO tempest.lib.common.rest_client [req-005d22a4-517b-4bba-adb5-c3236dbca2f0 req-005d22a4-517b-4bba-adb5-c3236dbca2f0 ] Request (ServersWithSpecificFlavorTestJSON:_run_cleanups): 204 DELETE http://10.180.1.21:9696/networking/v2.0/security-groups/d868ea9d-5d7c-4b77-a067-725e79576a3c 0.200s
2025-05-19 12:52:30.212 69677 INFO tempest.lib.common.rest_client [req-7f8b35e6-40dc-4194-ab34-60774a23a070 req-7f8b35e6-40dc-4194-ab34-60774a23a070 ] Request (ServerShowV263Test:tearDownClass): 201 POST http://10.180.1.21/identity/v3/auth/tokens 0.053s
2025-05-19 12:52:30.224 69645 INFO tempest.lib.common.rest_client [req-a1f21418-54ea-494a-9b93-b6afa0bd780d req-a1f21418-54ea-494a-9b93-b6afa0bd780d ] Request (ServersWithSpecificFlavorTestJSON:_run_cleanups): 404 GET http://10.180.1.21:9696/networking/v2.0/security-groups/d868ea9d-5d7c-4b77-a067-725e79576a3c 0.017s
2025-05-19 12:52:30.241 69667 INFO tempest.lib.common.rest_client [req-c83a625f-86d3-4d56-b5f0-62e6ba749de6 req-c83a625f-86d3-4d56-b5f0-62e6ba749de6 ] Request (AbsoluteLimitsNegativeTestJSON:setUpClass): 204 PUT http://10.180.1.21/identity/v3/projects/230ddfe3d43342d6b08d87fa4664b1ea/users/112017da8364405ba4b30412738eadad/roles/538c333c03804adab54baef251fe8158 0.037s
2025-05-19 12:52:30.242 69667 INFO tempest.lib.common.dynamic_creds [-] Dynamic test user 112017da8364405ba4b30412738eadad is created with scope project and roles: ['member']
2025-05-19 12:52:30.242 69667 INFO tempest.lib.common.dynamic_creds [-] Acquired dynamic creds: credentials: Credentials: {'domain_id': 'default', 'domain_name': 'Default', 'username': 'tempest-AbsoluteLimitsNegativeTestJSON-2120463006-project-member', 'project_domain_id': 'default', 'project_domain_name': 'Default', 'project_id': '230ddfe3d43342d6b08d87fa4664b1ea', 'project_name': 'tempest-AbsoluteLimitsNegativeTestJSON-2120463006', 'tenant_id': '230ddfe3d43342d6b08d87fa4664b1ea', 'tenant_name': 'tempest-AbsoluteLimitsNegativeTestJSON-2120463006', 'user_domain_id': 'default', 'user_domain_name': 'Default', 'user_id': '112017da8364405ba4b30412738eadad', 'system': None}, Network: None, Subnet: None, Router: None
2025-05-19 12:52:30.242 69667 INFO tempest.lib.common.dynamic_creds [-] Created isolated network resources for: credentials: Credentials: {'domain_id': 'default', 'domain_name': 'Default', 'username': 'tempest-AbsoluteLimitsNegativeTestJSON-2120463006-project-member', 'project_domain_id': 'default', 'project_domain_name': 'Default', 'project_id': '230ddfe3d43342d6b08d87fa4664b1ea', 'project_name': 'tempest-AbsoluteLimitsNegativeTestJSON-2120463006', 'tenant_id': '230ddfe3d43342d6b08d87fa4664b1ea', 'tenant_name': 'tempest-AbsoluteLimitsNegativeTestJSON-2120463006', 'user_domain_id': 'default', 'user_domain_name': 'Default', 'user_id': '112017da8364405ba4b30412738eadad', 'system': None}, Network: None, Subnet: None, Router: None
2025-05-19 12:52:30.262 69675 INFO tempest.lib.common.rest_client [req-ff805a31-c13a-46f3-ad65-0d8914ad3097 req-ff805a31-c13a-46f3-ad65-0d8914ad3097 ] Request (ServerAddressesTestJSON:tearDownClass): 200 PUT http://10.180.1.21:9696/networking/v2.0/routers/3e05107b-af5b-4193-b6fc-6503a86126ce/remove_router_interface 2.405s
2025-05-19 12:52:30.388 69667 INFO tempest.lib.common.rest_client [req-d933df57-80d6-4684-9e36-d3b928387772 req-d933df57-80d6-4684-9e36-d3b928387772 ] Request (AbsoluteLimitsNegativeTestJSON:setUpClass): 201 POST http://10.180.1.21/identity/v3/auth/tokens 0.141s
2025-05-19 12:52:30.442 69672 INFO tempest.lib.common.rest_client [req-f2cfa0c2-e3d9-4878-987e-4342d629a40a req-f2cfa0c2-e3d9-4878-987e-4342d629a40a ] Request (QuotasAdminTestV257:test_get_updated_quotas): 200 PUT http://10.180.1.21/compute/v2.1/os-quota-sets/00d7ae26cc93444d9fa78754b865ac5b?user_id=79fbe8ef668e4fd9b89c5d70a04e7f23 2.311s
2025-05-19 12:52:30.499 69655 INFO tempest.lib.common.rest_client [req-7fe5b595-88cf-4ee2-aa44-40f06670b01c req-7fe5b595-88cf-4ee2-aa44-40f06670b01c ] Request (FloatingIPDetailsTestJSON:_run_cleanups): 202 DELETE http://10.180.1.21/compute/v2.1/os-floating-ips/3db2c8f5-d315-4425-bb70-dfb6a5baa7ee 2.728s
2025-05-19 12:52:30.532 69703 INFO tempest.lib.common.rest_client [req-a6aa6a47-fcbc-40ee-a41b-a88402f4aa57 req-a6aa6a47-fcbc-40ee-a41b-a88402f4aa57 ] Request (ServerGroup264TestJSON:setUpClass): 200 PUT http://10.180.1.21:9696/networking/v2.0/routers/549ecf9c-19a4-437d-841a-26f4640560bb/add_router_interface 2.802s
2025-05-19 12:52:30.532 69703 INFO tempest.lib.common.dynamic_creds [-] Created isolated network resources for: credentials: Credentials: {'domain_id': 'default', 'domain_name': 'Default', 'username': 'tempest-ServerGroup264TestJSON-1243501146-project-member', 'project_domain_id': 'default', 'project_domain_name': 'Default', 'project_id': 'ace8a0beb9da4cf5a9dcb427e64ec760', 'project_name': 'tempest-ServerGroup264TestJSON-1243501146', 'tenant_id': 'ace8a0beb9da4cf5a9dcb427e64ec760', 'tenant_name': 'tempest-ServerGroup264TestJSON-1243501146', 'user_domain_id': 'default', 'user_domain_name': 'Default', 'user_id': 'bb26790b08814656aef9bf9d7185c4fd', 'system': None}, Network: {'id': '60bc5b02-ad8c-4900-bbec-839359053859', 'name': 'tempest-ServerGroup264TestJSON-1090135736-network', 'tenant_id': 'ace8a0beb9da4cf5a9dcb427e64ec760', 'admin_state_up': True, 'mtu': 8950, 'status': 'ACTIVE', 'subnets': [], 'shared': False, 'project_id': 'ace8a0beb9da4cf5a9dcb427e64ec760', 'port_security_enabled': True, 'router:external': False, 'provider:network_type': 'vlan', 'provider:physical_network': 'default', 'provider:segmentation_id': 168, 'availability_zone_hints': [], 'availability_zones': [], 'ipv4_address_scope': None, 'ipv6_address_scope': None, 'description': '', 'tags': [], 'created_at': '2025-05-19T12:52:25Z', 'updated_at': '2025-05-19T12:52:25Z', 'revision_number': 1}, Subnet: {'id': '3cea0159-20e4-4dbf-a65e-4cb20e97ce36', 'name': 'tempest-ServerGroup264TestJSON-1090135736-subnet', 'tenant_id': 'ace8a0beb9da4cf5a9dcb427e64ec760', 'network_id': '60bc5b02-ad8c-4900-bbec-839359053859', 'ip_version': 4, 'subnetpool_id': None, 'enable_dhcp': True, 'ipv6_ra_mode': None, 'ipv6_address_mode': None, 'gateway_ip': '192.168.128.1', 'cidr': '192.168.128.0/28', 'allocation_pools': [{'start': '192.168.128.2', 'end': '192.168.128.14'}], 'host_routes': [], 'dns_nameservers': [], 'description': '', 'router:external': False, 'service_types': [], 'tags': [], 'created_at': '2025-05-19T12:52:26Z', 'updated_at': '2025-05-19T12:52:26Z', 'revision_number': 0, 'project_id': 'ace8a0beb9da4cf5a9dcb427e64ec760'}, Router: {'id': '549ecf9c-19a4-437d-841a-26f4640560bb', 'name': 'tempest-ServerGroup264TestJSON-1090135736-router', 'tenant_id': 'ace8a0beb9da4cf5a9dcb427e64ec760', 'admin_state_up': True, 'status': 'ACTIVE', 'external_gateway_info': {'network_id': 'cffa084d-c047-4db5-ac5f-bde9bb56db4b', 'external_fixed_ips': [{'subnet_id': '9fa0a914-b41d-416f-ad28-af5ca2f052db', 'ip_address': '10.180.180.211'}], 'enable_snat': True}, 'description': '', 'availability_zones': [], 'distributed': False, 'ha': False, 'availability_zone_hints': [], 'routes': [], 'flavor_id': None, 'tags': [], 'created_at': '2025-05-19T12:52:26Z', 'updated_at': '2025-05-19T12:52:27Z', 'revision_number': 2, 'project_id': 'ace8a0beb9da4cf5a9dcb427e64ec760'}
2025-05-19 12:52:30.537 69695 INFO tempest.lib.common.rest_client [req-a8e2f652-f71b-4635-ad7d-6932bf030a01 req-a8e2f652-f71b-4635-ad7d-6932bf030a01 ] Request (DeleteServersAdminTestJSON:test_admin_delete_servers_of_others): 200 GET http://10.180.1.21/compute/v2.1/servers/5c7b2127-e875-4222-8148-a2ea60631c25 2.343s
2025-05-19 12:52:30.563 69677 INFO tempest.lib.common.rest_client [req-3f441b9b-457b-4c44-a453-57ce91f97028 req-3f441b9b-457b-4c44-a453-57ce91f97028 ] Request (ServerShowV263Test:tearDownClass): 200 GET http://10.180.1.21:9696/networking/v2.0/security-groups?tenant_id=c0df9cad3e4841749a6a7fb4163c3a91&name=default 0.351s
2025-05-19 12:52:30.583 69701 INFO tempest.lib.common.rest_client [req-a98386b0-8e15-4368-b483-4f7bcec4f74e req-a98386b0-8e15-4368-b483-4f7bcec4f74e ] Request (AttachVolumeShelveTestJSON:test_attach_volume_shelved_or_offload_server): 200 GET http://10.180.1.21/compute/v2.1/servers/8a9bdd5c-b2f2-4b0a-9e9d-ac8984e8a5fa 2.320s
2025-05-19 12:52:30.611 69679 INFO tempest.lib.common.rest_client [req-893aa18b-7aa5-4bdc-936e-f7518c0cca3e req-893aa18b-7aa5-4bdc-936e-f7518c0cca3e ] Request (VolumesAssistedSnapshotsTest:tearDownClass): 204 DELETE http://10.180.1.21:9696/networking/v2.0/routers/cd73d776-5957-400c-aca4-015298da7e0f 0.867s
2025-05-19 12:52:30.623 69703 INFO tempest.lib.common.rest_client [req-9283a077-2b81-4ee8-aba4-305e472fa03b req-9283a077-2b81-4ee8-aba4-305e472fa03b ] Request (ServerGroup264TestJSON:setUpClass): 201 POST http://10.180.1.21/identity/v3/auth/tokens 0.084s
2025-05-19 12:52:30.638 69651 INFO tempest.lib.common.rest_client [req-a0666ab6-6077-4141-9d31-ca3c48a5dff3 req-a0666ab6-6077-4141-9d31-ca3c48a5dff3 ] Request (ServerDiagnosticsNegativeTest:test_get_server_diagnostics_by_non_admin): 200 GET http://10.180.1.21/compute/v2.1/servers/c7bc6ebd-d7fd-439a-829f-8f4bf2065623 2.214s
2025-05-19 12:52:30.646 69659 INFO tempest.lib.common.rest_client [req-5bc89a49-bdfc-470e-b11b-6ce46041321a req-5bc89a49-bdfc-470e-b11b-6ce46041321a ] Request (ListImageFiltersTestJSON:setUpClass): 200 GET http://10.180.1.21/compute/v2.1/servers/5994e782-02fc-47a9-81f8-aa4b6d9fec4b 2.276s
2025-05-19 12:52:30.716 69649 INFO tempest.lib.common.rest_client [req-7a3f6247-49c1-4044-be01-3d58358c263b req-7a3f6247-49c1-4044-be01-3d58358c263b ] Request (ServersAaction247Test:tearDownClass): 200 GET http://10.180.1.21/compute/v2.1/servers/a358ce6d-9826-4ddb-8c2f-51bac8db59d4 2.277s
2025-05-19 12:52:30.717 69693 WARNING tempest.lib.common.ssh [-] Failed to establish authenticated ssh connection to cirros@10.180.180.199 ([Errno None] Unable to connect to port 22 on 10.180.180.199). Number attempts: 1. Retry after 2 seconds.: paramiko.ssh_exception.NoValidConnectionsError: [Errno None] Unable to connect to port 22 on 10.180.180.199
2025-05-19 12:52:30.743 69673 INFO tempest.lib.common.rest_client [req-560d87da-d29e-41c3-a310-f89804b59f36 req-560d87da-d29e-41c3-a310-f89804b59f36 ] Request (ServersTestBootFromVolume:setUpClass): 404 GET http://10.180.1.21/compute/v2.1/servers/1df0055c-938e-4048-938c-37590b0138ac 2.254s
2025-05-19 12:52:30.743 69673 INFO tempest.test [-] raised in ServersTestBootFromVolume.setUpClass. Invoking tearDownClass.
2025-05-19 12:52:30.749 69643 INFO tempest.lib.common.rest_client [req-d0a48db4-2ecc-49d8-a51a-8658fda40146 req-d0a48db4-2ecc-49d8-a51a-8658fda40146 ] Request (MultipleCreateTestJSON:test_multiple_create): 200 GET http://10.180.1.21/compute/v2.1/servers/ab365570-ac29-4094-be4c-d49563a465c8 2.306s
2025-05-19 12:52:30.760 69685 INFO tempest.lib.common.rest_client [req-5d50e230-f75b-42d1-b3b4-30c5ca28f4ed req-5d50e230-f75b-42d1-b3b4-30c5ca28f4ed ] Request (QuotasAdminNegativeTest:test_update_quota_normal_user): 403 PUT http://10.180.1.21/compute/v2.1/os-quota-sets/6fdd22cbee274cf187ed8328ad470fc4 2.064s
2025-05-19 12:52:30.800 69679 INFO tempest.lib.common.rest_client [req-45c4a3c6-372b-47f0-b59d-dcdf49215eb0 req-45c4a3c6-372b-47f0-b59d-dcdf49215eb0 ] Request (VolumesAssistedSnapshotsTest:tearDownClass): 204 DELETE http://10.180.1.21:9696/networking/v2.0/subnets/cad577ad-10a7-4f98-9e72-d98ef86118df 0.188s
2025-05-19 12:52:30.813 69687 INFO tempest.lib.common.rest_client [req-083fadb5-670b-4aab-8566-c947f6cdb8c5 req-083fadb5-670b-4aab-8566-c947f6cdb8c5 ] Request (AttachVolumeNegativeTest:test_attach_attached_volume_to_different_server): 200 GET http://10.180.1.21/compute/v2.1/servers/d2f8328d-fd05-4e63-9cbd-a6e3ec948964 2.312s
2025-05-19 12:52:30.831 69687 INFO tempest.common.waiters [-] State transition "BUILD/scheduling" ==> "BUILD/None" after 6 second wait
2025-05-19 12:52:30.889 69647 INFO tempest.lib.common.rest_client [req-8736ee4b-b2e5-48f6-abaa-b2316126d1f4 req-8736ee4b-b2e5-48f6-abaa-b2316126d1f4 ] Request (TenantUsagesTestJSON:setUpClass): 200 GET http://10.180.1.21/compute/v2.1/servers/ba4d981a-19f7-41ef-b7d1-a3f3830fe725 2.170s
2025-05-19 12:52:30.902 69685 INFO tempest.lib.common.rest_client [req-fa95597a-b161-4b6b-ac2c-c653638c01f5 req-fa95597a-b161-4b6b-ac2c-c653638c01f5 ] Request (QuotasAdminNegativeTest:tearDownClass): 204 DELETE http://10.180.1.21/identity/v3/users/debf36a2864a4073b7eb667b61a301bd 0.140s
2025-05-19 12:52:30.910 69645 INFO tempest.lib.common.rest_client [req-b0fc0d05-2156-4a75-b3c3-e390c273d082 req-b0fc0d05-2156-4a75-b3c3-e390c273d082 ] Request (ServersWithSpecificFlavorTestJSON:_run_cleanups): 204 DELETE http://10.180.1.21:9696/networking/v2.0/floatingips/e299f42c-a86d-4e69-9021-6cf1bb8d569b 0.685s
2025-05-19 12:52:30.939 69677 INFO tempest.lib.common.rest_client [req-9fcd4491-57f2-4e1c-b93a-fd68df9455c6 req-9fcd4491-57f2-4e1c-b93a-fd68df9455c6 ] Request (ServerShowV263Test:tearDownClass): 204 DELETE http://10.180.1.21:9696/networking/v2.0/security-groups/781a977d-ce1f-42ee-908d-c30a21a46213 0.375s
2025-05-19 12:52:31.008 69653 INFO tempest.lib.common.rest_client [req-f04a1714-ab12-4246-afb6-8c4e098d68ed req-f04a1714-ab12-4246-afb6-8c4e098d68ed ] Request (ImagesNegativeTestJSON:test_create_image_from_deleted_server): 200 GET http://10.180.1.21/compute/v2.1/servers/92bdb1b1-d8ab-46b2-9037-ee8fea4642ce 2.214s
2025-05-19 12:52:31.038 69669 INFO tempest.lib.common.rest_client [req-0d6eb63e-5d22-4587-81e3-8185f6328a78 req-0d6eb63e-5d22-4587-81e3-8185f6328a78 ] Request (FlavorsV2TestJSON:test_list_flavors_limit_results): 200 GET http://10.180.1.21/compute/v2.1/flavors?limit=1 2.152s
2025-05-19 12:52:31.063 69689 INFO tempest.lib.common.rest_client [req-06be5d84-22a2-4e57-8219-8f9a2413c12d req-06be5d84-22a2-4e57-8219-8f9a2413c12d ] Request (MigrationsAdminTest:test_list_migrations_in_flavor_resize_situation): 404 GET http://10.180.1.21/compute/v2.1/servers/db11f64c-0881-4a06-ba8d-6f52ec7fab16 1.765s
2025-05-19 12:52:31.107 69685 INFO tempest.lib.common.rest_client [req-c9038fca-dfb3-431d-aa08-52611b246cfd req-c9038fca-dfb3-431d-aa08-52611b246cfd ] Request (QuotasAdminNegativeTest:tearDownClass): 204 DELETE http://10.180.1.21/identity/v3/users/6aa8606f248440dc8756afb8a7b000f8 0.204s
2025-05-19 12:52:31.107 69685 INFO tempest.lib.common.dynamic_creds [-] Deleting project and security group for project: 6862e6317b43433cbbf828bda57a613f
2025-05-19 12:52:31.156 69677 INFO tempest.lib.common.rest_client [req-e4fe4916-c088-40dc-aa2f-ffaa27ea1ffa req-e4fe4916-c088-40dc-aa2f-ffaa27ea1ffa ] Request (ServerShowV263Test:tearDownClass): 204 DELETE http://10.180.1.21/identity/v3/projects/c0df9cad3e4841749a6a7fb4163c3a91 0.216s
2025-05-19 12:52:31.159 69665 INFO tempest.lib.common.rest_client [req-f2636740-c236-4552-8cba-039e7ef087d3 req-f2636740-c236-4552-8cba-039e7ef087d3 ] Request (ServerDiagnosticsV248Test:tearDownClass): 200 GET http://10.180.1.21/compute/v2.1/servers/937c05e9-06f1-4a5f-9f8c-ac40c262ce4e 1.568s
2025-05-19 12:52:31.175 69675 INFO tempest.lib.common.rest_client [req-ef07a403-107f-4271-9521-d2373660a3a3 req-ef07a403-107f-4271-9521-d2373660a3a3 ] Request (ServerAddressesTestJSON:tearDownClass): 204 DELETE http://10.180.1.21:9696/networking/v2.0/routers/3e05107b-af5b-4193-b6fc-6503a86126ce 0.912s
2025-05-19 12:52:31.202 69685 INFO tempest.lib.common.rest_client [req-becdc179-0a22-4119-9267-5cf32f23d7aa req-becdc179-0a22-4119-9267-5cf32f23d7aa ] Request (QuotasAdminNegativeTest:tearDownClass): 201 POST http://10.180.1.21/identity/v3/auth/tokens 0.095s
2025-05-19 12:52:31.261 69679 INFO tempest.lib.common.rest_client [req-45792d0b-f230-49b4-9453-c7f833a1a3ec req-45792d0b-f230-49b4-9453-c7f833a1a3ec ] Request (VolumesAssistedSnapshotsTest:tearDownClass): 204 DELETE http://10.180.1.21:9696/networking/v2.0/networks/2ffdba72-75bf-469e-8176-81b94360bd1f 0.460s
2025-05-19 12:52:31.265 69699 INFO tempest.lib.common.rest_client [req-cf0fdb90-7ae0-42a5-839e-04342e21a3d6 req-cf0fdb90-7ae0-42a5-839e-04342e21a3d6 ] Request (SecurityGroupsTestJSON:test_security_group_create_get_delete): 200 GET http://10.180.1.21/compute/v2.1/os-security-groups/cc0b164e-bc28-4edf-8732-8fbdbd34544b 1.626s
2025-05-19 12:52:31.358 69681 INFO tempest.lib.common.rest_client [req-e3fba7a3-fa3b-4cf9-bac7-52256502dd88 req-e3fba7a3-fa3b-4cf9-bac7-52256502dd88 ] Request (FloatingIPsAssociationNegativeTestJSON:setUpClass): 200 GET http://10.180.1.21/compute/v2.1/servers/8001cca4-9b9f-4425-b6e4-d27866395886 1.597s
2025-05-19 12:52:31.368 69681 INFO tempest.common.waiters [-] State transition "BUILD/scheduling" ==> "BUILD/None" after 5 second wait
2025-05-19 12:52:31.369 69679 INFO tempest.lib.common.rest_client [req-a16fb778-568a-4c0a-885e-302b81c967c7 req-a16fb778-568a-4c0a-885e-302b81c967c7 ] Request (VolumesAssistedSnapshotsTest:tearDownClass): 204 DELETE http://10.180.1.21/identity/v3/users/71f3315899cd49358a9ac852450ea171 0.108s
2025-05-19 12:52:31.428 69697 INFO tempest.lib.common.rest_client [req-0b208f28-b902-4446-8c15-ee89b3a33089 req-0b208f28-b902-4446-8c15-ee89b3a33089 ] Request (ImagesOneServerNegativeTestJSON:setUpClass): 200 GET http://10.180.1.21/compute/v2.1/servers/4bef75af-bbe8-4c6e-8c06-9c827ece1134 1.619s
2025-05-19 12:52:31.452 69683 INFO tempest.lib.common.rest_client [req-33acfe44-1c86-4d68-9fe6-a9daa0bdae37 req-33acfe44-1c86-4d68-9fe6-a9daa0bdae37 ] Request (ServersAdmin275Test:test_rebuild_update_server_275): 202 POST http://10.180.1.21/compute/v2.1/servers/4e346ed1-36e9-421d-975f-e8bb6f05c0a0/action 2.731s
2025-05-19 12:52:31.488 69641 INFO tempest.lib.common.rest_client [req-dc4da1b2-5614-4211-8599-0eb5483ec6ab req-dc4da1b2-5614-4211-8599-0eb5483ec6ab ] Request (FloatingIPsTestJSON:test_delete_floating_ip): 404 GET http://10.180.1.21/compute/v2.1/os-floating-ips/3b9e8da1-45f8-4162-bcaa-9b2788cd7e8b 1.504s
2025-05-19 12:52:31.493 69675 INFO tempest.lib.common.rest_client [req-ae740ab8-e961-4314-a057-c654ac6639e6 req-ae740ab8-e961-4314-a057-c654ac6639e6 ] Request (ServerAddressesTestJSON:tearDownClass): 204 DELETE http://10.180.1.21:9696/networking/v2.0/subnets/9d714954-1e5d-449c-9c82-79c28fe4efbd 0.318s
2025-05-19 12:52:31.494 69679 INFO tempest.lib.common.rest_client [req-d7f09d24-c951-4ad8-81c3-da94995ee887 req-d7f09d24-c951-4ad8-81c3-da94995ee887 ] Request (VolumesAssistedSnapshotsTest:tearDownClass): 204 DELETE http://10.180.1.21/identity/v3/users/376547ef9cd843bb864eb4e3ef6a5405 0.125s
2025-05-19 12:52:31.506 69657 INFO tempest.lib.common.rest_client [req-c69a1a5f-9315-4bc9-8a0d-bb087335878f req-c69a1a5f-9315-4bc9-8a0d-bb087335878f ] Request (ServerTagsTestJSON:setUpClass): 200 GET http://10.180.1.21/compute/v2.1/servers/fa4a5dbc-b885-4439-8520-0bfff38438b3 1.670s
2025-05-19 12:52:31.514 69691 INFO tempest.lib.common.rest_client [req-b2ecf51d-d2af-4cd2-b360-46813b1264fc req-b2ecf51d-d2af-4cd2-b360-46813b1264fc ] Request (FlavorsAdminTestJSON:_run_cleanups): 202 DELETE http://10.180.1.21/compute/v2.1/flavors/803721114 1.476s
2025-05-19 12:52:31.548 69685 INFO tempest.lib.common.rest_client [req-26c16589-298f-4472-95a4-372e95f8603d req-26c16589-298f-4472-95a4-372e95f8603d ] Request (QuotasAdminNegativeTest:tearDownClass): 200 GET http://10.180.1.21:9696/networking/v2.0/security-groups?tenant_id=6862e6317b43433cbbf828bda57a613f&name=default 0.345s
2025-05-19 12:52:31.569 69661 INFO tempest.lib.common.rest_client [req-c6b8ae5d-38ad-4c0f-a16d-b0d98b48573f req-c6b8ae5d-38ad-4c0f-a16d-b0d98b48573f ] Request (ServersAdminTestJSON:setUpClass): 200 GET http://10.180.1.21/compute/v2.1/servers/f66c0467-a408-4e56-abdf-2c19cc3d9c11 1.192s
2025-05-19 12:52:31.601 69679 INFO tempest.lib.common.rest_client [req-b98c3594-6860-44fb-9613-f6b41e9bb670 req-b98c3594-6860-44fb-9613-f6b41e9bb670 ] Request (VolumesAssistedSnapshotsTest:tearDownClass): 204 DELETE http://10.180.1.21/identity/v3/users/895e85414e584ea996d16a3af9e99b60 0.107s
2025-05-19 12:52:31.602 69679 INFO tempest.lib.common.dynamic_creds [-] Deleting project and security group for project: 49e39ccbed5240cf97013d29d5b2e5a4
2025-05-19 12:52:31.629 69679 INFO tempest.lib.common.rest_client [req-5094f031-4969-416b-b42a-a10878761f52 req-5094f031-4969-416b-b42a-a10878761f52 ] Request (VolumesAssistedSnapshotsTest:tearDownClass): 200 GET http://10.180.1.21:9696/networking/v2.0/security-groups?tenant_id=49e39ccbed5240cf97013d29d5b2e5a4&name=default 0.027s
2025-05-19 12:52:31.635 69685 INFO tempest.lib.common.rest_client [req-0502c228-c059-43fc-a015-9c632df15837 req-0502c228-c059-43fc-a015-9c632df15837 ] Request (QuotasAdminNegativeTest:tearDownClass): 204 DELETE http://10.180.1.21:9696/networking/v2.0/security-groups/a006a4b9-5594-4715-99ef-b43dd5113ea5 0.087s
2025-05-19 12:52:31.693 69655 INFO tempest.lib.common.rest_client [req-850ae07e-a1e3-4aac-9f79-ed5588d44b34 req-850ae07e-a1e3-4aac-9f79-ed5588d44b34 ] Request (FloatingIPDetailsTestJSON:test_list_floating_ips): 200 GET http://10.180.1.21/compute/v2.1/os-floating-ips 1.192s
2025-05-19 12:52:31.722 69685 INFO tempest.lib.common.rest_client [req-c79c5803-09fb-4915-947b-1e1e4b16f7ab req-c79c5803-09fb-4915-947b-1e1e4b16f7ab ] Request (QuotasAdminNegativeTest:tearDownClass): 204 DELETE http://10.180.1.21/identity/v3/projects/6862e6317b43433cbbf828bda57a613f 0.086s
2025-05-19 12:52:31.722 69685 INFO tempest.lib.common.dynamic_creds [-] Deleting project and security group for project: 6fdd22cbee274cf187ed8328ad470fc4
2025-05-19 12:52:31.761 69679 INFO tempest.lib.common.rest_client [req-c294fa50-4cdc-4e75-b636-5a37feb4e715 req-c294fa50-4cdc-4e75-b636-5a37feb4e715 ] Request (VolumesAssistedSnapshotsTest:tearDownClass): 204 DELETE http://10.180.1.21:9696/networking/v2.0/security-groups/1f6a228f-c267-45b4-bf76-b0c8f18fcfbf 0.131s
2025-05-19 12:52:31.802 69672 INFO tempest.lib.common.rest_client [req-fc726b64-ad2f-4644-84b3-c84e372905f5 req-fc726b64-ad2f-4644-84b3-c84e372905f5 ] Request (QuotasAdminTestV257:test_get_updated_quotas): 200 GET http://10.180.1.21/compute/v2.1/os-quota-sets/00d7ae26cc93444d9fa78754b865ac5b?user_id=79fbe8ef668e4fd9b89c5d70a04e7f23 1.358s
2025-05-19 12:52:31.827 69673 INFO tempest.lib.common.rest_client [req-a669c40f-d572-488a-bab0-b4c1e5195b53 req-a669c40f-d572-488a-bab0-b4c1e5195b53 ] Request (ServersTestBootFromVolume:tearDownClass): 202 DELETE http://10.180.1.21/compute/v2.1/os-keypairs/tempest-keypair-1128015312 1.083s
2025-05-19 12:52:31.832 69685 INFO tempest.lib.common.rest_client [req-0144cc64-cda6-4e31-94ad-70a779bbd8c0 req-0144cc64-cda6-4e31-94ad-70a779bbd8c0 ] Request (QuotasAdminNegativeTest:tearDownClass): 200 GET http://10.180.1.21:9696/networking/v2.0/security-groups?tenant_id=6fdd22cbee274cf187ed8328ad470fc4&name=default 0.109s
2025-05-19 12:52:31.857 69645 INFO tempest.lib.common.rest_client [req-dc7350c9-cf47-43d0-ae16-d677015c80d3 req-dc7350c9-cf47-43d0-ae16-d677015c80d3 ] Request (ServersWithSpecificFlavorTestJSON:_run_cleanups): 202 DELETE http://10.180.1.21/compute/v2.1/flavors/1392472381 0.947s
2025-05-19 12:52:31.866 69675 INFO tempest.lib.common.rest_client [req-1cbeecac-d57d-4557-bb00-40471b0eea0b req-1cbeecac-d57d-4557-bb00-40471b0eea0b ] Request (ServerAddressesTestJSON:tearDownClass): 204 DELETE http://10.180.1.21:9696/networking/v2.0/networks/59d9ad8e-a424-414b-93e1-ae3fb7a1bb39 0.373s
2025-05-19 12:52:31.876 69669 INFO tempest.lib.common.rest_client [req-76699a82-6bec-4061-a643-5af0091a6665 req-76699a82-6bec-4061-a643-5af0091a6665 ] Request (FlavorsV2TestJSON:test_list_flavors_using_marker): 200 GET http://10.180.1.21/compute/v2.1/flavors/42 0.827s
2025-05-19 12:52:31.888 69679 INFO tempest.lib.common.rest_client [req-8fd949bf-a5e7-4172-84fb-beedd4ce3a23 req-8fd949bf-a5e7-4172-84fb-beedd4ce3a23 ] Request (VolumesAssistedSnapshotsTest:tearDownClass): 204 DELETE http://10.180.1.21/identity/v3/projects/49e39ccbed5240cf97013d29d5b2e5a4 0.126s
2025-05-19 12:52:31.888 69679 INFO tempest.lib.common.dynamic_creds [-] Deleting project and security group for project: 2496dc4fdf4f4fee847a5a2edfe76a63
2025-05-19 12:52:31.890 69689 INFO tempest.lib.common.rest_client [req-15293277-8b77-4b89-851b-9806d9457539 req-15293277-8b77-4b89-851b-9806d9457539 ] Request (MigrationsAdminTest:test_resize_server_revert_deleted_flavor): 200 GET http://10.180.1.21/compute/v2.1/flavors/42 0.823s
2025-05-19 12:52:31.925 69703 INFO tempest.lib.common.rest_client [req-626e0a1b-e320-4ae2-927b-d2f017ee64fe req-626e0a1b-e320-4ae2-927b-d2f017ee64fe ] Request (ServerGroup264TestJSON:test_create_get_server_group): 200 POST http://10.180.1.21/compute/v2.1/os-server-groups 1.296s
2025-05-19 12:52:31.927 69672 INFO tempest.lib.common.rest_client [req-e9f4a762-4f7c-4264-864f-8b40909afb59 req-e9f4a762-4f7c-4264-864f-8b40909afb59 ] Request (QuotasAdminTestV257:_run_cleanups): 204 DELETE http://10.180.1.21/identity/v3/users/79fbe8ef668e4fd9b89c5d70a04e7f23 0.123s
2025-05-19 12:52:31.940 69679 INFO tempest.lib.common.rest_client [req-7ed08ee9-368f-4860-b82f-f27ac5e62d79 req-7ed08ee9-368f-4860-b82f-f27ac5e62d79 ] Request (VolumesAssistedSnapshotsTest:tearDownClass): 200 GET http://10.180.1.21:9696/networking/v2.0/security-groups?tenant_id=2496dc4fdf4f4fee847a5a2edfe76a63&name=default 0.051s
2025-05-19 12:52:31.958 69685 INFO tempest.lib.common.rest_client [req-c6d11ce2-3b24-4445-a30e-d8bff56691a1 req-c6d11ce2-3b24-4445-a30e-d8bff56691a1 ] Request (QuotasAdminNegativeTest:tearDownClass): 204 DELETE http://10.180.1.21:9696/networking/v2.0/security-groups/4f726f8c-fd40-4930-8247-f62d8f4b834f 0.126s
2025-05-19 12:52:31.964 69673 INFO tempest.lib.common.rest_client [req-025ce961-36ff-4c0b-a189-a5f954e7e0ed req-025ce961-36ff-4c0b-a189-a5f954e7e0ed ] Request (ServersTestBootFromVolume:tearDownClass): 204 DELETE http://10.180.1.21:9696/networking/v2.0/security-groups/94bfd687-808a-4ffa-af42-895ec4570b44 0.137s
2025-05-19 12:52:31.975 69673 INFO tempest.lib.common.rest_client [req-0aed91a4-f876-44ec-8319-12648cfd8fc5 req-0aed91a4-f876-44ec-8319-12648cfd8fc5 ] Request (ServersTestBootFromVolume:tearDownClass): 404 GET http://10.180.1.21:9696/networking/v2.0/security-groups/94bfd687-808a-4ffa-af42-895ec4570b44 0.011s
2025-05-19 12:52:31.983 69663 INFO tempest.lib.common.rest_client [req-8313c99e-9b46-41c7-925b-41beec7d5d94 req-8313c99e-9b46-41c7-925b-41beec7d5d94 ] Request (ServerDiagnosticsTest:tearDownClass): 200 GET http://10.180.1.21/compute/v2.1/servers/1302cad6-55b7-4905-92c1-dfdd37042e30 0.824s
2025-05-19 12:52:32.055 69672 INFO tempest.lib.common.rest_client [req-67bde1f8-11c3-4d87-b6e8-a68768537e22 req-67bde1f8-11c3-4d87-b6e8-a68768537e22 ] Request (QuotasAdminTestV257:_run_cleanups): 204 DELETE http://10.180.1.21/identity/v3/projects/00d7ae26cc93444d9fa78754b865ac5b 0.126s
2025-05-19 12:52:32.059 69699 INFO tempest.lib.common.rest_client [req-269d65fb-7e8e-4479-a0f5-ad5ebae9b768 req-269d65fb-7e8e-4479-a0f5-ad5ebae9b768 ] Request (SecurityGroupsTestJSON:test_security_group_create_get_delete): 202 DELETE http://10.180.1.21/compute/v2.1/os-security-groups/cc0b164e-bc28-4edf-8732-8fbdbd34544b 0.785s
2025-05-19 12:52:32.067 69675 INFO tempest.lib.common.rest_client [req-a91e0f19-f460-4329-a522-31257d9cf6d8 req-a91e0f19-f460-4329-a522-31257d9cf6d8 ] Request (ServerAddressesTestJSON:tearDownClass): 204 DELETE http://10.180.1.21/identity/v3/users/55358b9f3a364f9694f67aab25d43d5f 0.200s
2025-05-19 12:52:32.067 69675 INFO tempest.lib.common.dynamic_creds [-] Deleting project and security group for project: 5a4eec3a787147a0868f2ce066ccbb39
2025-05-19 12:52:32.091 69683 INFO tempest.lib.common.rest_client [req-0ea4b5a5-885a-4274-97df-18f6025c4e82 req-0ea4b5a5-885a-4274-97df-18f6025c4e82 ] Request (ServersAdmin275Test:_run_cleanups): 200 GET http://10.180.1.21/compute/v2.1/servers/4e346ed1-36e9-421d-975f-e8bb6f05c0a0 0.626s
2025-05-19 12:52:32.108 69641 INFO tempest.lib.common.rest_client [req-e95909ad-6e10-45cb-bac8-7f107c0915bf req-e95909ad-6e10-45cb-bac8-7f107c0915bf ] Request (FloatingIPsTestJSON:_run_cleanups): 404 DELETE http://10.180.1.21/compute/v2.1/os-floating-ips/3b9e8da1-45f8-4162-bcaa-9b2788cd7e8b 0.619s
2025-05-19 12:52:32.116 69691 INFO tempest.lib.common.rest_client [req-fc925c13-d91f-4c35-8794-d2a0ece65d5a req-fc925c13-d91f-4c35-8794-d2a0ece65d5a ] Request (FlavorsAdminTestJSON:_run_cleanups): 200 GET http://10.180.1.21/compute/v2.1/flavors/detail 0.602s
2025-05-19 12:52:32.122 69675 INFO tempest.lib.common.rest_client [req-86827c32-94a7-4b77-9a1b-6778f781797d req-86827c32-94a7-4b77-9a1b-6778f781797d ] Request (ServerAddressesTestJSON:tearDownClass): 200 GET http://10.180.1.21:9696/networking/v2.0/security-groups?tenant_id=5a4eec3a787147a0868f2ce066ccbb39&name=default 0.055s
2025-05-19 12:52:32.140 69679 INFO tempest.lib.common.rest_client [req-8c1ba20f-66b4-4b16-a124-eea2f48c5819 req-8c1ba20f-66b4-4b16-a124-eea2f48c5819 ] Request (VolumesAssistedSnapshotsTest:tearDownClass): 204 DELETE http://10.180.1.21:9696/networking/v2.0/security-groups/3aee7cd1-77fc-4ce5-9b5a-8f123712e7ba 0.199s
2025-05-19 12:52:32.177 69672 INFO tempest.lib.common.rest_client [req-dd87e3aa-a297-4311-8b77-ac74de61593c req-dd87e3aa-a297-4311-8b77-ac74de61593c ] Request (QuotasAdminTestV257:tearDownClass): 204 DELETE http://10.180.1.21/identity/v3/users/fd9a750589b64362a2da07e9f2bd8fbb 0.119s
2025-05-19 12:52:32.179 69685 INFO tempest.lib.common.rest_client [req-4f1b5574-9a5d-49c5-a970-0d671cba63e5 req-4f1b5574-9a5d-49c5-a970-0d671cba63e5 ] Request (QuotasAdminNegativeTest:tearDownClass): 204 DELETE http://10.180.1.21/identity/v3/projects/6fdd22cbee274cf187ed8328ad470fc4 0.221s
2025-05-19 12:52:32.190 69695 INFO tempest.lib.common.rest_client [req-18570d50-5073-4b10-a8a3-204c53626df7 req-18570d50-5073-4b10-a8a3-204c53626df7 ] Request (DeleteServersAdminTestJSON:test_admin_delete_servers_of_others): 200 GET http://10.180.1.21/compute/v2.1/servers/5c7b2127-e875-4222-8148-a2ea60631c25 0.644s
2025-05-19 12:52:32.198 69695 INFO tempest.common.waiters [-] State transition "DELETED/None" ==> "ERROR/None" after 15 second wait
2025-05-19 12:52:32.203 69701 INFO tempest.lib.common.rest_client [req-f53979ea-fbec-4e8b-ae16-2e520e148985 req-f53979ea-fbec-4e8b-ae16-2e520e148985 ] Request (AttachVolumeShelveTestJSON:test_attach_volume_shelved_or_offload_server): 200 GET http://10.180.1.21/compute/v2.1/servers/8a9bdd5c-b2f2-4b0a-9e9d-ac8984e8a5fa 0.610s
2025-05-19 12:52:32.256 69675 INFO tempest.lib.common.rest_client [req-35a85356-15f5-4989-bb8a-63a45db8936e req-35a85356-15f5-4989-bb8a-63a45db8936e ] Request (ServerAddressesTestJSON:tearDownClass): 204 DELETE http://10.180.1.21:9696/networking/v2.0/security-groups/96ddd318-e4ae-4ff3-aefc-ab7e63d2e62d 0.133s
2025-05-19 12:52:32.263 69651 INFO tempest.lib.common.rest_client [req-a6209667-35fb-4fee-9669-e16f8be87dde req-a6209667-35fb-4fee-9669-e16f8be87dde ] Request (ServerDiagnosticsNegativeTest:test_get_server_diagnostics_by_non_admin): 200 GET http://10.180.1.21/compute/v2.1/servers/c7bc6ebd-d7fd-439a-829f-8f4bf2065623 0.608s
2025-05-19 12:52:32.291 69659 INFO tempest.lib.common.rest_client [req-ae8d0b91-04a9-4ce6-906e-d87c41171657 req-ae8d0b91-04a9-4ce6-906e-d87c41171657 ] Request (ListImageFiltersTestJSON:setUpClass): 200 GET http://10.180.1.21/compute/v2.1/servers/5994e782-02fc-47a9-81f8-aa4b6d9fec4b 0.631s
2025-05-19 12:52:32.297 69672 INFO tempest.lib.common.rest_client [req-3ae3ee87-0726-423f-88fd-824671dbeb72 req-3ae3ee87-0726-423f-88fd-824671dbeb72 ] Request (QuotasAdminTestV257:tearDownClass): 204 DELETE http://10.180.1.21/identity/v3/users/8d23d9a4b59a4c3c9074150a986701cf 0.120s
2025-05-19 12:52:32.297 69672 INFO tempest.lib.common.dynamic_creds [-] Deleting project and security group for project: f3ad6316797e4f4a98b2ce2c45a3337b
2025-05-19 12:52:32.299 69659 INFO tempest.common.waiters [-] State transition "BUILD/None" ==> "ERROR/None" after 19 second wait
2025-05-19 12:52:32.307 69679 INFO tempest.lib.common.rest_client [req-2af97d31-e7d7-4d16-8f10-a789dfbdb729 req-2af97d31-e7d7-4d16-8f10-a789dfbdb729 ] Request (VolumesAssistedSnapshotsTest:tearDownClass): 204 DELETE http://10.180.1.21/identity/v3/projects/2496dc4fdf4f4fee847a5a2edfe76a63 0.166s
2025-05-19 12:52:32.307 69679 INFO tempest.lib.common.dynamic_creds [-] Deleting project and security group for project: 7b24eb38e33b4b3c8f1cf0a17532060e
2025-05-19 12:52:32.349 69685 INFO tempest.lib.common.rest_client [req-6f8cea62-ccec-4340-a214-4713c7fe9678 req-6f8cea62-ccec-4340-a214-4713c7fe9678 ] Request (DeleteServersTestJSON:setUpClass): 201 POST http://10.180.1.21/identity/v3/auth/tokens 0.168s
2025-05-19 12:52:32.361 69695 INFO tempest.lib.common.rest_client [req-3cbf1a94-0052-497e-9151-0ee320635bd4 req-3cbf1a94-0052-497e-9151-0ee320635bd4 ] Request (DeleteServersAdminTestJSON:test_delete_server_while_in_error_state): 201 POST http://10.180.1.21/identity/v3/auth/tokens 0.148s
2025-05-19 12:52:32.362 69695 INFO tempest.lib.common.fixed_network [-] (DeleteServersAdminTestJSON:test_delete_server_while_in_error_state) Found network None available for tenant
2025-05-19 12:52:32.366 69679 INFO tempest.lib.common.rest_client [req-a3f7545a-1742-4edb-88b3-973656644063 req-a3f7545a-1742-4edb-88b3-973656644063 ] Request (VolumesAssistedSnapshotsTest:tearDownClass): 200 GET http://10.180.1.21:9696/networking/v2.0/security-groups?tenant_id=7b24eb38e33b4b3c8f1cf0a17532060e&name=default 0.058s
2025-05-19 12:52:32.369 69649 INFO tempest.lib.common.rest_client [req-becba794-c081-4c3d-a8cd-caa8a02f2f33 req-becba794-c081-4c3d-a8cd-caa8a02f2f33 ] Request (ServersAaction247Test:tearDownClass): 200 GET http://10.180.1.21/compute/v2.1/servers/a358ce6d-9826-4ddb-8c2f-51bac8db59d4 0.640s
2025-05-19 12:52:32.401 69675 INFO tempest.lib.common.rest_client [req-defac0e4-a20e-425c-aa48-787b28a917d7 req-defac0e4-a20e-425c-aa48-787b28a917d7 ] Request (ServerAddressesTestJSON:tearDownClass): 204 DELETE http://10.180.1.21/identity/v3/projects/5a4eec3a787147a0868f2ce066ccbb39 0.145s
2025-05-19 12:52:32.413 69672 INFO tempest.lib.common.rest_client [req-56b6ac43-fe36-4837-a119-a045f4747c23 req-56b6ac43-fe36-4837-a119-a045f4747c23 ] Request (QuotasAdminTestV257:tearDownClass): 201 POST http://10.180.1.21/identity/v3/auth/tokens 0.116s
2025-05-19 12:52:32.434 69685 INFO tempest.lib.common.rest_client [req-05160f00-7ba3-47f8-9dda-825f41aab117 req-05160f00-7ba3-47f8-9dda-825f41aab117 ] Request (DeleteServersTestJSON:setUpClass): 201 POST http://10.180.1.21/identity/v3/auth/tokens 0.081s
2025-05-19 12:52:32.439 69643 INFO tempest.lib.common.rest_client [req-d44e9641-c363-449b-9e81-0b9b8b9ecf3a req-d44e9641-c363-449b-9e81-0b9b8b9ecf3a ] Request (MultipleCreateTestJSON:test_multiple_create): 200 GET http://10.180.1.21/compute/v2.1/servers/ab365570-ac29-4094-be4c-d49563a465c8 0.672s
2025-05-19 12:52:32.439 69675 INFO tempest.lib.common.rest_client [req-2f57cf4d-a398-4e4e-b2a3-b8667c7d3357 req-2f57cf4d-a398-4e4e-b2a3-b8667c7d3357 ] Request (ServersTestJSON:setUpClass): 201 POST http://10.180.1.21/identity/v3/auth/tokens 0.034s
2025-05-19 12:52:32.462 69685 INFO tempest.lib.common.rest_client [req-e61e0bac-9e3c-47a9-ba26-db8146a7a417 req-e61e0bac-9e3c-47a9-ba26-db8146a7a417 ] Request (DeleteServersTestJSON:setUpClass): 200 GET http://10.180.1.21/identity/v3/domains?name=Default 0.027s
2025-05-19 12:52:32.486 69675 INFO tempest.lib.common.rest_client [req-54b9fe84-207e-4114-a5fe-8ae6193cc456 req-54b9fe84-207e-4114-a5fe-8ae6193cc456 ] Request (ServersTestJSON:setUpClass): 201 POST http://10.180.1.21/identity/v3/auth/tokens 0.043s
2025-05-19 12:52:32.513 69685 INFO tempest.lib.common.rest_client [req-9f5817d1-694d-4692-bddf-fe8ce188293b req-9f5817d1-694d-4692-bddf-fe8ce188293b ] Request (DeleteServersTestJSON:setUpClass): 201 POST http://10.180.1.21/identity/v3/projects 0.049s
2025-05-19 12:52:32.528 69675 INFO tempest.lib.common.rest_client [req-5f0d7449-2a07-4602-b0f2-db66b7e3a25c req-5f0d7449-2a07-4602-b0f2-db66b7e3a25c ] Request (ServersTestJSON:setUpClass): 200 GET http://10.180.1.21/identity/v3/domains?name=Default 0.041s
2025-05-19 12:52:32.549 69687 INFO tempest.lib.common.rest_client [req-75377e13-4e46-4a8a-b8ad-4553c5320de8 req-75377e13-4e46-4a8a-b8ad-4553c5320de8 ] Request (AttachVolumeNegativeTest:test_attach_attached_volume_to_different_server): 200 GET http://10.180.1.21/compute/v2.1/servers/d2f8328d-fd05-4e63-9cbd-a6e3ec948964 0.716s
2025-05-19 12:52:32.574 69645 INFO tempest.lib.common.rest_client [req-9159353b-dcd7-46f7-9000-46d640212e62 req-9159353b-dcd7-46f7-9000-46d640212e62 ] Request (ServersWithSpecificFlavorTestJSON:_run_cleanups): 200 GET http://10.180.1.21/compute/v2.1/flavors/detail 0.717s
2025-05-19 12:52:32.580 69673 INFO tempest.lib.common.rest_client [req-c45b2b95-52dc-48ef-aaf7-784fdbe27c83 req-c45b2b95-52dc-48ef-aaf7-784fdbe27c83 ] Request (ServersTestBootFromVolume:tearDownClass): 204 DELETE http://10.180.1.21:9696/networking/v2.0/floatingips/31e304d1-e261-405c-afdd-303f7c7f5613 0.604s
2025-05-19 12:52:32.590 69685 INFO tempest.lib.common.rest_client [req-fbe64a56-16e2-499f-903b-e7f7ba7f4d95 req-fbe64a56-16e2-499f-903b-e7f7ba7f4d95 ] Request (DeleteServersTestJSON:setUpClass): 201 POST http://10.180.1.21/identity/v3/users 0.076s
2025-05-19 12:52:32.598 69669 INFO tempest.lib.common.rest_client [req-1e86b0b4-d94a-42f9-ada7-e58dff6e8fae req-1e86b0b4-d94a-42f9-ada7-e58dff6e8fae ] Request (FlavorsV2TestJSON:test_list_flavors_using_marker): 200 GET http://10.180.1.21/compute/v2.1/flavors?marker=42 0.719s
2025-05-19 12:52:32.612 69685 INFO tempest.lib.common.rest_client [req-8534cbb1-c1ef-4825-a312-c50593562a21 req-8534cbb1-c1ef-4825-a312-c50593562a21 ] Request (DeleteServersTestJSON:setUpClass): 200 GET http://10.180.1.21/identity/v3/roles 0.021s
2025-05-19 12:52:32.625 69689 INFO tempest.lib.common.rest_client [req-0886f0b2-2347-4ab7-9577-e7b34a80f61c req-0886f0b2-2347-4ab7-9577-e7b34a80f61c ] Request (MigrationsAdminTest:test_resize_server_revert_deleted_flavor): 200 POST http://10.180.1.21/compute/v2.1/flavors 0.732s
2025-05-19 12:52:32.626 69675 INFO tempest.lib.common.rest_client [req-66c551ce-1be4-4972-8d10-711acc1ebe75 req-66c551ce-1be4-4972-8d10-711acc1ebe75 ] Request (ServersTestJSON:setUpClass): 201 POST http://10.180.1.21/identity/v3/projects 0.098s
2025-05-19 12:52:32.630 69679 INFO tempest.lib.common.rest_client [req-4d59b7a1-8a8d-40ad-9c98-63e7c4e0946a req-4d59b7a1-8a8d-40ad-9c98-63e7c4e0946a ] Request (VolumesAssistedSnapshotsTest:tearDownClass): 204 DELETE http://10.180.1.21:9696/networking/v2.0/security-groups/a787c243-5a7d-45e7-8c20-ee12dfc4ba20 0.263s
2025-05-19 12:52:32.652 69685 INFO tempest.lib.common.rest_client [req-05892a3e-f817-4777-9be0-9e322d239c68 req-05892a3e-f817-4777-9be0-9e322d239c68 ] Request (DeleteServersTestJSON:setUpClass): 204 PUT http://10.180.1.21/identity/v3/projects/80eef9220a894ec6be8fa10278c4399f/users/8107863df58441408d76d6caf97bb940/roles/538c333c03804adab54baef251fe8158 0.038s
