2025-05-19 19:02:47.723 70254 INFO tempest.lib.common.rest_client [req-ca3f2be5-1914-4b8f-bd67-6c9e16a5d191 req-ca3f2be5-1914-4b8f-bd67-6c9e16a5d191 ] Request (AggregatesAdminNegativeTestJSON:test_aggregate_delete_with_invalid_id): 404 DELETE http://10.180.1.21/compute/v2.1/os-aggregates/-1 0.978s
2025-05-19 19:02:47.756 70280 INFO tempest.lib.common.rest_client [req-1d31a4ce-b9ab-4000-a2d8-e27781d8c6da req-1d31a4ce-b9ab-4000-a2d8-e27781d8c6da ] Request (HostsAdminNegativeTestJSON:tearDownClass): 204 DELETE http://10.180.1.21/identity/v3/projects/0bd7aa43be884ab9862caea9cee03cf0 0.325s
2025-05-19 19:02:47.763 70256 INFO tempest.lib.common.rest_client [req-1ac282b1-82bb-49e8-b2f7-987f168d1a37 req-1ac282b1-82bb-49e8-b2f7-987f168d1a37 ] Request (ImagesMetadataTestJSON:tearDownClass): 204 DELETE http://10.180.1.21/identity/v3/users/8afb6962c77b465789a76988a34ce5ba 0.346s
2025-05-19 19:02:47.763 70256 INFO tempest.lib.common.dynamic_creds [-] Deleting project and security group for project: c92b03c5a8584e0ebb90afefff7021b8
2025-05-19 19:02:47.836 70282 INFO tempest.lib.common.rest_client [req-0ee9869f-7e9c-480e-8f14-ce92125e2997 req-0ee9869f-7e9c-480e-8f14-ce92125e2997 ] Request (MigrationsAdminTest:tearDownClass): 201 POST http://10.180.1.21/identity/v3/auth/tokens 0.343s
2025-05-19 19:02:47.841 70278 INFO tempest.lib.common.rest_client [req-166448fc-c85c-4344-b6a7-edba4c0c171d req-166448fc-c85c-4344-b6a7-edba4c0c171d ] Request (VolumesAssistedSnapshotsTest:tearDownClass): 204 DELETE http://10.180.1.21:9696/networking/v2.0/security-groups/498d9fad-4cea-471b-9ad3-9368218db8fc 0.588s
2025-05-19 19:02:47.843 70230 INFO tempest.lib.common.rest_client [req-c133fee5-b4ac-4ef7-9ac3-8d448ee7b160 req-c133fee5-b4ac-4ef7-9ac3-8d448ee7b160 ] Request (ServerActionsTestOtherB:setUpClass): 201 POST http://10.180.1.21:9696/networking/v2.0/networks 1.522s
2025-05-19 19:02:47.847 70250 INFO tempest.lib.common.rest_client [req-3f9eb8de-e0d8-416d-bfc0-fc1c2a4c7eb6 req-3f9eb8de-e0d8-416d-bfc0-fc1c2a4c7eb6 ] Request (ServerDiagnosticsNegativeTest:tearDownClass): 204 DELETE http://10.180.1.21:9696/networking/v2.0/security-groups/a4eee23d-feb7-443f-a504-00696ac21069 0.632s
2025-05-19 19:02:47.852 70274 INFO tempest.lib.common.rest_client [req-c11d4678-3db5-4b3e-aebb-dff102480a6f req-c11d4678-3db5-4b3e-aebb-dff102480a6f ] Request (ListImagesTestJSON:setUpClass): 204 PUT http://10.180.1.21/identity/v3/projects/e94ad413db6e496797fbbb574db51601/users/449decd5579a4eaea1f272ac02666c5e/roles/4e1a9b2a63ec43869e9293a3733349e0 0.412s
2025-05-19 19:02:47.852 70274 INFO tempest.lib.common.dynamic_creds [-] Dynamic test user 449decd5579a4eaea1f272ac02666c5e is created with scope project and roles: ['member']
2025-05-19 19:02:47.853 70274 INFO tempest.lib.common.dynamic_creds [-] Acquired dynamic creds: credentials: Credentials: {'domain_id': 'default', 'domain_name': 'Default', 'username': 'tempest-ListImagesTestJSON-132114191-project-member', 'project_domain_id': 'default', 'project_domain_name': 'Default', 'project_id': 'e94ad413db6e496797fbbb574db51601', 'project_name': 'tempest-ListImagesTestJSON-132114191', 'tenant_id': 'e94ad413db6e496797fbbb574db51601', 'tenant_name': 'tempest-ListImagesTestJSON-132114191', 'user_domain_id': 'default', 'user_domain_name': 'Default', 'user_id': '449decd5579a4eaea1f272ac02666c5e', 'system': None}, Network: None, Subnet: None, Router: None
2025-05-19 19:02:47.853 70274 INFO tempest.lib.common.dynamic_creds [-] Created isolated network resources for: credentials: Credentials: {'domain_id': 'default', 'domain_name': 'Default', 'username': 'tempest-ListImagesTestJSON-132114191-project-member', 'project_domain_id': 'default', 'project_domain_name': 'Default', 'project_id': 'e94ad413db6e496797fbbb574db51601', 'project_name': 'tempest-ListImagesTestJSON-132114191', 'tenant_id': 'e94ad413db6e496797fbbb574db51601', 'tenant_name': 'tempest-ListImagesTestJSON-132114191', 'user_domain_id': 'default', 'user_domain_name': 'Default', 'user_id': '449decd5579a4eaea1f272ac02666c5e', 'system': None}, Network: None, Subnet: None, Router: None
2025-05-19 19:02:47.888 70286 INFO tempest.lib.common.rest_client [req-9c75cd5d-b748-426e-aa37-1550f8d00e7b req-9c75cd5d-b748-426e-aa37-1550f8d00e7b ] Request (ServersAdmin275Test:test_rebuild_update_server_275): 201 POST http://10.180.1.21/identity/v3/auth/tokens 0.368s
2025-05-19 19:02:47.890 70286 INFO tempest.lib.common.fixed_network [-] (ServersAdmin275Test:test_rebuild_update_server_275) Found network None available for tenant
2025-05-19 19:02:47.898 70246 INFO tempest.lib.common.rest_client [req-65022985-b04d-41c1-b84f-c51b052f4655 req-65022985-b04d-41c1-b84f-c51b052f4655 ] Request (ImagesOneServerNegativeTestJSON:tearDownClass): 200 PUT http://10.180.1.21:9696/networking/v2.0/routers/9defb2fc-cca2-48bf-b8d4-b83028181416/remove_router_interface 3.798s
2025-05-19 19:02:47.903 70278 INFO tempest.lib.common.rest_client [req-108cd6d0-b6a1-4a3b-96d2-4ce6b4f4fd32 req-108cd6d0-b6a1-4a3b-96d2-4ce6b4f4fd32 ] Request (VolumesAssistedSnapshotsTest:tearDownClass): 404 GET http://10.180.1.21:9696/networking/v2.0/security-groups/498d9fad-4cea-471b-9ad3-9368218db8fc 0.061s
2025-05-19 19:02:47.910 70228 INFO tempest.lib.common.rest_client [req-50425146-084d-4f07-aacc-1acb57eb5c3a req-50425146-084d-4f07-aacc-1acb57eb5c3a ] Request (ServersTestJSON:setUpClass): 200 GET http://10.180.1.21/identity/v3/domains?name=Default 0.370s
2025-05-19 19:02:47.916 70242 INFO tempest.lib.common.rest_client [req-6da8b0e1-380b-4514-8c97-247750ff2ab1 req-6da8b0e1-380b-4514-8c97-247750ff2ab1 ] Request (InstanceUsageAuditLogTestJSON:setUpClass): 200 GET http://10.180.1.21/identity/v3/roles 0.361s
2025-05-19 19:02:47.928 70268 INFO tempest.lib.common.rest_client [req-3d9fd02a-7963-4c43-8623-10837813adca req-3d9fd02a-7963-4c43-8623-10837813adca ] Request (AttachInterfacesUnderV243Test:setUpClass): 201 POST http://10.180.1.21:9696/networking/v2.0/routers 3.668s
2025-05-19 19:02:48.042 70258 INFO tempest.lib.common.rest_client [req-c87db247-4ba3-4328-917e-db4dac6cf977 req-c87db247-4ba3-4328-917e-db4dac6cf977 ] Request (QuotaClassesAdmin257Test:setUpClass): 204 PUT http://10.180.1.21/identity/v3/projects/538d05dc340d489ab32755f5ed121a3d/users/38fde2bcb28741dcb055e17b78b01189/roles/4e1a9b2a63ec43869e9293a3733349e0 0.429s
2025-05-19 19:02:48.042 70258 INFO tempest.lib.common.dynamic_creds [-] Dynamic test user 38fde2bcb28741dcb055e17b78b01189 is created with scope project and roles: ['member']
2025-05-19 19:02:48.042 70258 INFO tempest.lib.common.dynamic_creds [-] Acquired dynamic creds: credentials: Credentials: {'domain_id': 'default', 'domain_name': 'Default', 'username': 'tempest-QuotaClassesAdmin257Test-248093019-project-member', 'project_domain_id': 'default', 'project_domain_name': 'Default', 'project_id': '538d05dc340d489ab32755f5ed121a3d', 'project_name': 'tempest-QuotaClassesAdmin257Test-248093019', 'tenant_id': '538d05dc340d489ab32755f5ed121a3d', 'tenant_name': 'tempest-QuotaClassesAdmin257Test-248093019', 'user_domain_id': 'default', 'user_domain_name': 'Default', 'user_id': '38fde2bcb28741dcb055e17b78b01189', 'system': None}, Network: None, Subnet: None, Router: None
2025-05-19 19:02:48.043 70258 INFO tempest.lib.common.dynamic_creds [-] Created isolated network resources for: credentials: Credentials: {'domain_id': 'default', 'domain_name': 'Default', 'username': 'tempest-QuotaClassesAdmin257Test-248093019-project-member', 'project_domain_id': 'default', 'project_domain_name': 'Default', 'project_id': '538d05dc340d489ab32755f5ed121a3d', 'project_name': 'tempest-QuotaClassesAdmin257Test-248093019', 'tenant_id': '538d05dc340d489ab32755f5ed121a3d', 'tenant_name': 'tempest-QuotaClassesAdmin257Test-248093019', 'user_domain_id': 'default', 'user_domain_name': 'Default', 'user_id': '38fde2bcb28741dcb055e17b78b01189', 'system': None}, Network: None, Subnet: None, Router: None
2025-05-19 19:02:48.050 70290 INFO tempest.lib.common.rest_client [req-46d15914-2ec3-4829-a044-5d031254680c req-46d15914-2ec3-4829-a044-5d031254680c ] Request (QuotasAdminTestJSON:test_get_updated_quotas): 200 GET http://10.180.1.21/compute/v2.1/os-quota-sets/6ac9ddd525114312ac4c0ee3f19ba615?user_id=6c1bc188d34a4dd9bec177cf6969d135 1.366s
2025-05-19 19:02:48.078 70240 INFO tempest.lib.common.rest_client [req-ef469a35-8465-46bc-8c0c-c12c407bc9ad req-ef469a35-8465-46bc-8c0c-c12c407bc9ad ] Request (ImagesMetadataNegativeTestJSON:setUpClass): 201 POST http://10.180.1.21/identity/v3/users 0.408s
2025-05-19 19:02:48.158 70270 INFO tempest.lib.common.rest_client [req-b05132b1-c4fd-47d8-b396-231dd560bc3a req-b05132b1-c4fd-47d8-b396-231dd560bc3a ] Request (ServicesAdminTestJSON:tearDownClass): 204 DELETE http://10.180.1.21/identity/v3/users/ae2791dca2c34910a0b7acd22bea9ebd 0.484s
2025-05-19 19:02:48.158 70270 INFO tempest.lib.common.dynamic_creds [-] Deleting project and security group for project: ef471704f4944ccabd3c4e886cae1316
2025-05-19 19:02:48.253 70280 INFO tempest.lib.common.rest_client [req-9ba991db-21ac-47cd-9fa6-04357f262fc0 req-9ba991db-21ac-47cd-9fa6-04357f262fc0 ] Request (HypervisorAdminTestJSON:setUpClass): 201 POST http://10.180.1.21/identity/v3/auth/tokens 0.495s
2025-05-19 19:02:48.279 70256 INFO tempest.lib.common.rest_client [req-d0b7c8a6-b602-45e1-8aa4-eda9ed6d0be9 req-d0b7c8a6-b602-45e1-8aa4-eda9ed6d0be9 ] Request (ImagesMetadataTestJSON:tearDownClass): 201 POST http://10.180.1.21/identity/v3/auth/tokens 0.516s
2025-05-19 19:02:48.323 70250 INFO tempest.lib.common.rest_client [req-1de3886b-2cc9-4e5c-ba5d-7c824f29ea7d req-1de3886b-2cc9-4e5c-ba5d-7c824f29ea7d ] Request (ServerDiagnosticsNegativeTest:tearDownClass): 204 DELETE http://10.180.1.21/identity/v3/projects/f5cd7d6a3be24f2f9a44c5f3e251d282 0.475s
2025-05-19 19:02:48.342 70238 INFO tempest.lib.common.rest_client [req-4b2474d9-ea7c-48cb-aaac-2241c5a6ac17 req-4b2474d9-ea7c-48cb-aaac-2241c5a6ac17 ] Request (MultipleCreateTestJSON:test_multiple_create_with_reservation_return): 204 DELETE http://10.180.1.21/compute/v2.1/servers/59015f82-4a84-4d8f-b186-b860a8159385 1.110s
2025-05-19 19:02:48.349 70274 INFO tempest.lib.common.rest_client [req-d58e5cb7-4d9f-41be-86ab-a5efea0d5965 req-d58e5cb7-4d9f-41be-86ab-a5efea0d5965 ] Request (ListImagesTestJSON:setUpClass): 201 POST http://10.180.1.21/identity/v3/auth/tokens 0.492s
2025-05-19 19:02:48.366 70288 INFO tempest.lib.common.rest_client [req-d34cefc9-b714-4785-acd1-76546b35253b req-d34cefc9-b714-4785-acd1-76546b35253b ] Request (ServersWithSpecificFlavorTestJSON:test_verify_created_server_ephemeral_disk): 404 GET http://10.180.1.21/compute/v2.1/servers/38356482-1499-4eae-81aa-5fc61ce41a18 0.655s
2025-05-19 19:02:48.389 70254 INFO tempest.lib.common.rest_client [req-f328535f-77d2-430a-9d10-c2d63ffc465c req-f328535f-77d2-430a-9d10-c2d63ffc465c ] Request (AggregatesAdminNegativeTestJSON:test_aggregate_get_details_as_user): 200 POST http://10.180.1.21/compute/v2.1/os-aggregates 0.663s
2025-05-19 19:02:48.413 70228 INFO tempest.lib.common.rest_client [req-40daf4e0-86fb-4fd5-9fd3-014d6d2aafa2 req-40daf4e0-86fb-4fd5-9fd3-014d6d2aafa2 ] Request (ServersTestJSON:setUpClass): 201 POST http://10.180.1.21/identity/v3/projects 0.502s
2025-05-19 19:02:48.489 70242 INFO tempest.lib.common.rest_client [req-da90a8ef-8c7f-4f71-871f-193475309303 req-da90a8ef-8c7f-4f71-871f-193475309303 ] Request (InstanceUsageAuditLogTestJSON:setUpClass): 204 PUT http://10.180.1.21/identity/v3/projects/84478b6f0f0643d295cf6b0eda11d1fb/users/9aca4d85559149a192973ba4f8d7a308/roles/e2ecee176e3d48008ae8f3669dc760bd 0.572s
2025-05-19 19:02:48.489 70242 INFO tempest.lib.common.dynamic_creds [-] Dynamic test user 9aca4d85559149a192973ba4f8d7a308 is created with scope project and roles: ['admin']
2025-05-19 19:02:48.489 70242 INFO tempest.lib.common.dynamic_creds [-] Acquired dynamic creds: credentials: Credentials: {'domain_id': 'default', 'domain_name': 'Default', 'username': 'tempest-InstanceUsageAuditLogTestJSON-945703845-project-admin', 'project_domain_id': 'default', 'project_domain_name': 'Default', 'project_id': '84478b6f0f0643d295cf6b0eda11d1fb', 'project_name': 'tempest-InstanceUsageAuditLogTestJSON-945703845', 'tenant_id': '84478b6f0f0643d295cf6b0eda11d1fb', 'tenant_name': 'tempest-InstanceUsageAuditLogTestJSON-945703845', 'user_domain_id': 'default', 'user_domain_name': 'Default', 'user_id': '9aca4d85559149a192973ba4f8d7a308', 'system': None}, Network: None, Subnet: None, Router: None
2025-05-19 19:02:48.489 70242 INFO tempest.lib.common.dynamic_creds [-] Created isolated network resources for: credentials: Credentials: {'domain_id': 'default', 'domain_name': 'Default', 'username': 'tempest-InstanceUsageAuditLogTestJSON-945703845-project-admin', 'project_domain_id': 'default', 'project_domain_name': 'Default', 'project_id': '84478b6f0f0643d295cf6b0eda11d1fb', 'project_name': 'tempest-InstanceUsageAuditLogTestJSON-945703845', 'tenant_id': '84478b6f0f0643d295cf6b0eda11d1fb', 'tenant_name': 'tempest-InstanceUsageAuditLogTestJSON-945703845', 'user_domain_id': 'default', 'user_domain_name': 'Default', 'user_id': '9aca4d85559149a192973ba4f8d7a308', 'system': None}, Network: None, Subnet: None, Router: None
2025-05-19 19:02:48.517 70260 INFO tempest.lib.common.rest_client [req-2767dcb3-7518-43d1-9786-1f72f30d0574 req-2767dcb3-7518-43d1-9786-1f72f30d0574 ] Request (NetworksTest:test_get_network): 200 GET http://10.180.1.21/compute/v2.1/os-networks 1.493s
2025-05-19 19:02:48.545 70238 INFO tempest.lib.common.rest_client [req-6697a343-69c5-4bc3-9cd0-fe0bdcbf848a req-6697a343-69c5-4bc3-9cd0-fe0bdcbf848a ] Request (MultipleCreateTestJSON:test_multiple_create_with_reservation_return): 404 GET http://10.180.1.21/compute/v2.1/servers/fc5f9348-dd6f-463b-adce-0f16be1277d1 0.202s
2025-05-19 19:02:48.553 70258 INFO tempest.lib.common.rest_client [req-635dda5e-06df-48ac-9546-68c42f183ca6 req-635dda5e-06df-48ac-9546-68c42f183ca6 ] Request (QuotaClassesAdmin257Test:setUpClass): 201 POST http://10.180.1.21/identity/v3/auth/tokens 0.506s
2025-05-19 19:02:48.611 70290 INFO tempest.lib.common.rest_client [req-acaa0f81-6bcc-434d-a679-437f2deb87f8 req-acaa0f81-6bcc-434d-a679-437f2deb87f8 ] Request (QuotasAdminTestJSON:_run_cleanups): 204 DELETE http://10.180.1.21/identity/v3/users/6c1bc188d34a4dd9bec177cf6969d135 0.556s
2025-05-19 19:02:48.631 70240 INFO tempest.lib.common.rest_client [req-daf1174a-6232-43e5-a23a-29e969ec7536 req-daf1174a-6232-43e5-a23a-29e969ec7536 ] Request (ImagesMetadataNegativeTestJSON:setUpClass): 200 GET http://10.180.1.21/identity/v3/roles 0.552s
2025-05-19 19:02:48.659 70270 INFO tempest.lib.common.rest_client [req-31d03e61-167e-4f24-ab6d-723e81706190 req-31d03e61-167e-4f24-ab6d-723e81706190 ] Request (ServicesAdminTestJSON:tearDownClass): 201 POST http://10.180.1.21/identity/v3/auth/tokens 0.501s
2025-05-19 19:02:48.678 70280 INFO tempest.lib.common.rest_client [req-681d76f7-a93c-4cb3-9eb5-dab21a0eb3cd req-681d76f7-a93c-4cb3-9eb5-dab21a0eb3cd ] Request (HypervisorAdminTestJSON:setUpClass): 201 POST http://10.180.1.21/identity/v3/auth/tokens 0.420s
2025-05-19 19:02:48.699 70250 INFO tempest.lib.common.rest_client [req-8947446a-0a25-494f-8a03-8b8f9e1a68bb req-8947446a-0a25-494f-8a03-8b8f9e1a68bb ] Request (ServerMetadataTestJSON:setUpClass): 201 POST http://10.180.1.21/identity/v3/auth/tokens 0.374s
2025-05-19 19:02:48.731 70228 INFO tempest.lib.common.rest_client [req-8583219d-4981-4fe4-a962-25a713c94aac req-8583219d-4981-4fe4-a962-25a713c94aac ] Request (ServersTestJSON:setUpClass): 201 POST http://10.180.1.21/identity/v3/users 0.317s
2025-05-19 19:02:48.818 70242 INFO tempest.lib.common.rest_client [req-ce5b03f6-edc9-4b7e-b21d-0bd1944e3511 req-ce5b03f6-edc9-4b7e-b21d-0bd1944e3511 ] Request (InstanceUsageAuditLogTestJSON:setUpClass): 201 POST http://10.180.1.21/identity/v3/auth/tokens 0.322s
2025-05-19 19:02:48.877 70284 INFO tempest.lib.common.rest_client [req-faa9e253-e9c2-4ab8-a683-60d8110ea6e7 req-faa9e253-e9c2-4ab8-a683-60d8110ea6e7 ] Request (FlavorsV2NegativeTest:test_boot_with_low_ram): 201 POST http://10.180.1.21/image/v2/images 1.565s
2025-05-19 19:02:48.884 70258 INFO tempest.lib.common.rest_client [req-d2b58587-55ed-4a2a-aa6c-ec096224cc51 req-d2b58587-55ed-4a2a-aa6c-ec096224cc51 ] Request (QuotaClassesAdmin257Test:setUpClass): 201 POST http://10.180.1.21/identity/v3/projects 0.331s
2025-05-19 19:02:48.916 70274 INFO tempest.lib.common.rest_client [req-ddda3647-471f-44de-8639-846d21aa4884 req-ddda3647-471f-44de-8639-846d21aa4884 ] Request (ListImagesTestJSON:test_get_image): 200 GET http://10.180.1.21/compute/v2.1/images/675119e6-9774-448f-900e-147a50028ade 0.566s
2025-05-19 19:02:48.923 70286 INFO tempest.lib.common.rest_client [req-3d2106fa-6484-4f36-8d9b-8f6d74d1270c req-3d2106fa-6484-4f36-8d9b-8f6d74d1270c ] Request (ServersAdmin275Test:test_rebuild_update_server_275): 202 POST http://10.180.1.21/compute/v2.1/servers 1.032s
2025-05-19 19:02:48.925 70230 INFO tempest.lib.common.rest_client [req-b2f701f7-192c-48aa-b5ac-5ce9782d555e req-b2f701f7-192c-48aa-b5ac-5ce9782d555e ] Request (ServerActionsTestOtherB:setUpClass): 201 POST http://10.180.1.21:9696/networking/v2.0/subnets 1.080s
2025-05-19 19:02:48.930 70254 INFO tempest.lib.common.rest_client [req-514ca1e3-998d-4c08-832c-038a1d425cee req-514ca1e3-998d-4c08-832c-038a1d425cee ] Request (AggregatesAdminNegativeTestJSON:test_aggregate_get_details_as_user): 403 GET http://10.180.1.21/compute/v2.1/os-aggregates/6 0.540s
2025-05-19 19:02:48.946 70278 INFO tempest.lib.common.rest_client [req-81752bd7-23c0-4af3-b263-69f50b89cd85 req-81752bd7-23c0-4af3-b263-69f50b89cd85 ] Request (VolumesAssistedSnapshotsTest:tearDownClass): 204 DELETE http://10.180.1.21:9696/networking/v2.0/floatingips/70591f28-cf93-44a9-a430-a9835f1b811b 1.043s
2025-05-19 19:02:48.951 70282 INFO tempest.lib.common.rest_client [req-10a9eb5b-a8b5-4a54-8e1e-85c74b513aa5 req-10a9eb5b-a8b5-4a54-8e1e-85c74b513aa5 ] Request (MigrationsAdminTest:tearDownClass): 200 GET http://10.180.1.21:9696/networking/v2.0/security-groups?tenant_id=d04db40ff8df4aadbc146c35bb1d3fb1&name=default 1.114s
2025-05-19 19:02:48.958 70288 INFO tempest.lib.common.rest_client [req-87ca1ba6-c514-4d15-b4ae-970cd993ba2a req-87ca1ba6-c514-4d15-b4ae-970cd993ba2a ] Request (ServersWithSpecificFlavorTestJSON:_run_cleanups): 202 DELETE http://10.180.1.21/compute/v2.1/os-keypairs/tempest-keypair-984135848 0.591s
2025-05-19 19:02:48.968 70240 INFO tempest.lib.common.rest_client [req-1d4c1f60-e83f-4a95-9bc0-10ddaf9436c9 req-1d4c1f60-e83f-4a95-9bc0-10ddaf9436c9 ] Request (ImagesMetadataNegativeTestJSON:setUpClass): 204 PUT http://10.180.1.21/identity/v3/projects/b069292ff7134fb48e87ae42b546f4ad/users/1855f560965a40e89be507a5a3c38c09/roles/4e1a9b2a63ec43869e9293a3733349e0 0.336s
2025-05-19 19:02:48.968 70240 INFO tempest.lib.common.dynamic_creds [-] Dynamic test user 1855f560965a40e89be507a5a3c38c09 is created with scope project and roles: ['member']
2025-05-19 19:02:48.968 70240 INFO tempest.lib.common.dynamic_creds [-] Acquired dynamic creds: credentials: Credentials: {'domain_id': 'default', 'domain_name': 'Default', 'username': 'tempest-ImagesMetadataNegativeTestJSON-2071976547-project-member', 'project_domain_id': 'default', 'project_domain_name': 'Default', 'project_id': 'b069292ff7134fb48e87ae42b546f4ad', 'project_name': 'tempest-ImagesMetadataNegativeTestJSON-2071976547', 'tenant_id': 'b069292ff7134fb48e87ae42b546f4ad', 'tenant_name': 'tempest-ImagesMetadataNegativeTestJSON-2071976547', 'user_domain_id': 'default', 'user_domain_name': 'Default', 'user_id': '1855f560965a40e89be507a5a3c38c09', 'system': None}, Network: None, Subnet: None, Router: None
2025-05-19 19:02:48.968 70240 INFO tempest.lib.common.dynamic_creds [-] Created isolated network resources for: credentials: Credentials: {'domain_id': 'default', 'domain_name': 'Default', 'username': 'tempest-ImagesMetadataNegativeTestJSON-2071976547-project-member', 'project_domain_id': 'default', 'project_domain_name': 'Default', 'project_id': 'b069292ff7134fb48e87ae42b546f4ad', 'project_name': 'tempest-ImagesMetadataNegativeTestJSON-2071976547', 'tenant_id': 'b069292ff7134fb48e87ae42b546f4ad', 'tenant_name': 'tempest-ImagesMetadataNegativeTestJSON-2071976547', 'user_domain_id': 'default', 'user_domain_name': 'Default', 'user_id': '1855f560965a40e89be507a5a3c38c09', 'system': None}, Network: None, Subnet: None, Router: None
2025-05-19 19:02:48.970 70245 INFO tempest.lib.common.rest_client [req-9fd2a868-1f95-4bb4-affc-bda8dc537527 req-9fd2a868-1f95-4bb4-affc-bda8dc537527 ] Request (FloatingIPsNegativeTestJSON:setUpClass): 200 PUT http://10.180.1.21:9696/networking/v2.0/routers/f335d3d1-ff58-4f04-a9c4-51066c12401e/add_router_interface 4.332s
2025-05-19 19:02:48.971 70245 INFO tempest.lib.common.dynamic_creds [-] Created isolated network resources for: credentials: Credentials: {'domain_id': 'default', 'domain_name': 'Default', 'username': 'tempest-FloatingIPsNegativeTestJSON-1928381165-project-member', 'project_domain_id': 'default', 'project_domain_name': 'Default', 'project_id': '4bb7459b25b0478a88b94ba453dd89a5', 'project_name': 'tempest-FloatingIPsNegativeTestJSON-1928381165', 'tenant_id': '4bb7459b25b0478a88b94ba453dd89a5', 'tenant_name': 'tempest-FloatingIPsNegativeTestJSON-1928381165', 'user_domain_id': 'default', 'user_domain_name': 'Default', 'user_id': 'e72531ee956847f3bbb423c473d27941', 'system': None}, Network: {'id': 'c8350842-a3ac-4ac6-a685-09d551374581', 'name': 'tempest-FloatingIPsNegativeTestJSON-1004240241-network', 'tenant_id': '4bb7459b25b0478a88b94ba453dd89a5', 'admin_state_up': True, 'mtu': 8950, 'status': 'ACTIVE', 'subnets': [], 'shared': False, 'project_id': '4bb7459b25b0478a88b94ba453dd89a5', 'port_security_enabled': True, 'router:external': False, 'provider:network_type': 'vlan', 'provider:physical_network': 'default', 'provider:segmentation_id': 499, 'availability_zone_hints': [], 'availability_zones': [], 'ipv4_address_scope': None, 'ipv6_address_scope': None, 'description': '', 'tags': [], 'created_at': '2025-05-19T19:02:42Z', 'updated_at': '2025-05-19T19:02:42Z', 'revision_number': 1}, Subnet: {'id': '7b4553c5-aa0d-42d6-8d0d-73f7afe6a29a', 'name': 'tempest-FloatingIPsNegativeTestJSON-1004240241-subnet', 'tenant_id': '4bb7459b25b0478a88b94ba453dd89a5', 'network_id': 'c8350842-a3ac-4ac6-a685-09d551374581', 'ip_version': 4, 'subnetpool_id': None, 'enable_dhcp': True, 'ipv6_ra_mode': None, 'ipv6_address_mode': None, 'gateway_ip': '192.168.128.1', 'cidr': '192.168.128.0/28', 'allocation_pools': [{'start': '192.168.128.2', 'end': '192.168.128.14'}], 'host_routes': [], 'dns_nameservers': [], 'description': '', 'router:external': False, 'service_types': [], 'tags': [], 'created_at': '2025-05-19T19:02:42Z', 'updated_at': '2025-05-19T19:02:42Z', 'revision_number': 0, 'project_id': '4bb7459b25b0478a88b94ba453dd89a5'}, Router: {'id': 'f335d3d1-ff58-4f04-a9c4-51066c12401e', 'name': 'tempest-FloatingIPsNegativeTestJSON-1004240241-router', 'tenant_id': '4bb7459b25b0478a88b94ba453dd89a5', 'admin_state_up': True, 'status': 'ACTIVE', 'external_gateway_info': {'network_id': '753d41e2-1849-4814-8159-9c60e06d00c1', 'external_fixed_ips': [{'subnet_id': '12401943-0a10-4694-9201-3dfae86c7c15', 'ip_address': '10.180.180.167'}], 'enable_snat': True}, 'description': '', 'availability_zones': [], 'distributed': False, 'ha': False, 'availability_zone_hints': [], 'routes': [], 'flavor_id': None, 'tags': [], 'created_at': '2025-05-19T19:02:42Z', 'updated_at': '2025-05-19T19:02:43Z', 'revision_number': 2, 'project_id': '4bb7459b25b0478a88b94ba453dd89a5'}
2025-05-19 19:02:48.974 70278 INFO tempest.lib.common.rest_client [req-bd48ebac-59cd-41d8-a8cd-0077b5d1c928 req-bd48ebac-59cd-41d8-a8cd-0077b5d1c928 ] Request (VolumesAssistedSnapshotsTest:tearDownClass): 404 DELETE http://10.180.1.21/volume/v3/volumes/4455b7a5-8ec5-4857-b426-095d151dd72e 0.027s
2025-05-19 19:02:48.997 70278 INFO tempest.lib.common.rest_client [req-bccd61e3-1e4d-4156-ba62-781ec54146f8 req-bccd61e3-1e4d-4156-ba62-781ec54146f8 ] Request (VolumesAssistedSnapshotsTest:tearDownClass): 404 GET http://10.180.1.21/volume/v3/volumes/4455b7a5-8ec5-4857-b426-095d151dd72e 0.021s
2025-05-19 19:02:49.070 70290 INFO tempest.lib.common.rest_client [req-1241c155-756f-43bb-9af0-bac310ef47c5 req-1241c155-756f-43bb-9af0-bac310ef47c5 ] Request (QuotasAdminTestJSON:_run_cleanups): 204 DELETE http://10.180.1.21/identity/v3/projects/6ac9ddd525114312ac4c0ee3f19ba615 0.458s
2025-05-19 19:02:49.097 70280 INFO tempest.lib.common.rest_client [req-46cc76cc-42f3-41bb-94ac-b7801a26d667 req-46cc76cc-42f3-41bb-94ac-b7801a26d667 ] Request (HypervisorAdminTestJSON:setUpClass): 200 GET http://10.180.1.21/identity/v3/domains?name=Default 0.418s
2025-05-19 19:02:49.110 70252 INFO tempest.lib.common.rest_client [req-88b4f4c5-5fa0-4d0a-918e-e4093a506b18 req-88b4f4c5-5fa0-4d0a-918e-e4093a506b18 ] Request (InstanceActionsTestJSON:setUpClass): 200 GET http://10.180.1.21/compute/v2.1/servers/ff3fba76-7bbb-49ee-8a6e-ca8667b469e1 0.659s
2025-05-19 19:02:49.126 70250 INFO tempest.lib.common.rest_client [req-21aa77e8-fe3e-43b1-865b-c22996c5da34 req-21aa77e8-fe3e-43b1-865b-c22996c5da34 ] Request (ServerMetadataTestJSON:setUpClass): 201 POST http://10.180.1.21/identity/v3/auth/tokens 0.423s
2025-05-19 19:02:49.147 70238 INFO tempest.lib.common.rest_client [req-79000289-c96d-4745-9ad1-f4dfcd7e3717 req-79000289-c96d-4745-9ad1-f4dfcd7e3717 ] Request (MultipleCreateTestJSON:test_multiple_create_with_reservation_return): 404 GET http://10.180.1.21/compute/v2.1/servers/59015f82-4a84-4d8f-b186-b860a8159385 0.601s
2025-05-19 19:02:49.150 70228 INFO tempest.lib.common.rest_client [req-d450a7d5-098a-4baf-96d0-03680b01e9e2 req-d450a7d5-098a-4baf-96d0-03680b01e9e2 ] Request (ServersTestJSON:setUpClass): 200 GET http://10.180.1.21/identity/v3/roles 0.419s
2025-05-19 19:02:49.187 70258 INFO tempest.lib.common.rest_client [req-ae83dc65-a08d-4781-89e3-90e2bea9f8da req-ae83dc65-a08d-4781-89e3-90e2bea9f8da ] Request (QuotaClassesAdmin257Test:setUpClass): 201 POST http://10.180.1.21/identity/v3/users 0.302s
2025-05-19 19:02:49.255 70245 INFO tempest.lib.common.rest_client [req-e5fefd78-b88b-49b4-a9f0-9a46cf8e1e8a req-e5fefd78-b88b-49b4-a9f0-9a46cf8e1e8a ] Request (FloatingIPsNegativeTestJSON:setUpClass): 201 POST http://10.180.1.21/identity/v3/auth/tokens 0.278s
2025-05-19 19:02:49.285 70280 INFO tempest.lib.common.rest_client [req-45a4527f-af76-4097-899f-4b0b393ed61e req-45a4527f-af76-4097-899f-4b0b393ed61e ] Request (HypervisorAdminTestJSON:setUpClass): 201 POST http://10.180.1.21/identity/v3/projects 0.188s
2025-05-19 19:02:49.298 70240 INFO tempest.lib.common.rest_client [req-ea4f988a-b9a8-4480-9ae3-2acec15b2616 req-ea4f988a-b9a8-4480-9ae3-2acec15b2616 ] Request (ImagesMetadataNegativeTestJSON:setUpClass): 201 POST http://10.180.1.21/identity/v3/auth/tokens 0.323s
2025-05-19 19:02:49.342 70250 INFO tempest.lib.common.rest_client [req-2c59e1a5-dd07-4898-b895-269d6143b1ad req-2c59e1a5-dd07-4898-b895-269d6143b1ad ] Request (ServerMetadataTestJSON:setUpClass): 200 GET http://10.180.1.21/identity/v3/domains?name=Default 0.216s
2025-05-19 19:02:49.355 70260 INFO tempest.lib.common.rest_client [req-c3fafb7b-875c-45cd-afc9-643922cdd1dd req-c3fafb7b-875c-45cd-afc9-643922cdd1dd ] Request (NetworksTest:test_get_network): 200 GET http://10.180.1.21/compute/v2.1/os-networks/753d41e2-1849-4814-8159-9c60e06d00c1 0.837s
2025-05-19 19:02:49.371 70228 INFO tempest.lib.common.rest_client [req-239eb9de-6c6b-42b1-8542-b1778aa3077b req-239eb9de-6c6b-42b1-8542-b1778aa3077b ] Request (ServersTestJSON:setUpClass): 204 PUT http://10.180.1.21/identity/v3/projects/6f43924262cf44d19e767505b576496d/users/5c558549c2ca4e8cbc223602a5a2c897/roles/4e1a9b2a63ec43869e9293a3733349e0 0.220s
2025-05-19 19:02:49.371 70228 INFO tempest.lib.common.dynamic_creds [-] Dynamic test user 5c558549c2ca4e8cbc223602a5a2c897 is created with scope project and roles: ['member']
2025-05-19 19:02:49.371 70228 INFO tempest.lib.common.dynamic_creds [-] Acquired dynamic creds: credentials: Credentials: {'domain_id': 'default', 'domain_name': 'Default', 'username': 'tempest-ServersTestJSON-2068741873-project-member', 'project_domain_id': 'default', 'project_domain_name': 'Default', 'project_id': '6f43924262cf44d19e767505b576496d', 'project_name': 'tempest-ServersTestJSON-2068741873', 'tenant_id': '6f43924262cf44d19e767505b576496d', 'tenant_name': 'tempest-ServersTestJSON-2068741873', 'user_domain_id': 'default', 'user_domain_name': 'Default', 'user_id': '5c558549c2ca4e8cbc223602a5a2c897', 'system': None}, Network: None, Subnet: None, Router: None
2025-05-19 19:02:49.372 70248 INFO tempest.lib.common.rest_client [req-d7ce4783-b4f1-4f44-a60f-6a31f29543d2 req-d7ce4783-b4f1-4f44-a60f-6a31f29543d2 ] Request (FloatingIPDetailsNegativeTestJSON:setUpClass): 201 POST http://10.180.1.21:9696/networking/v2.0/routers 3.468s
2025-05-19 19:02:49.433 70274 INFO tempest.lib.common.rest_client [req-fa7b0b96-c197-4ce0-a66f-b341fff30c81 req-fa7b0b96-c197-4ce0-a66f-b341fff30c81 ] Request (ListImagesTestJSON:test_list_images): 200 GET http://10.180.1.21/compute/v2.1/images 0.508s
2025-05-19 19:02:49.437 70258 INFO tempest.lib.common.rest_client [req-52524e37-46cb-4aee-aa85-d640abad68e8 req-52524e37-46cb-4aee-aa85-d640abad68e8 ] Request (QuotaClassesAdmin257Test:setUpClass): 200 GET http://10.180.1.21/identity/v3/roles 0.250s
2025-05-19 19:02:49.461 70254 INFO tempest.lib.common.rest_client [req-717e7e7e-7ad1-46d4-97f3-99edfccd7c82 req-717e7e7e-7ad1-46d4-97f3-99edfccd7c82 ] Request (AggregatesAdminNegativeTestJSON:_run_cleanups): 200 DELETE http://10.180.1.21/compute/v2.1/os-aggregates/6 0.529s
2025-05-19 19:02:49.479 70242 INFO tempest.lib.common.rest_client [req-55fa3d6b-99f9-41c3-bb74-1a8f5972088f req-55fa3d6b-99f9-41c3-bb74-1a8f5972088f ] Request (InstanceUsageAuditLogTestJSON:test_get_instance_usage_audit_log): 200 GET http://10.180.1.21/compute/v2.1/os-instance_usage_audit_log/2025-05-19%2019%3A02%3A48 0.656s
2025-05-19 19:02:49.492 70280 INFO tempest.lib.common.rest_client [req-4bcc601b-c789-4f20-85a4-f4f27bca4fdb req-4bcc601b-c789-4f20-85a4-f4f27bca4fdb ] Request (HypervisorAdminTestJSON:setUpClass): 201 POST http://10.180.1.21/identity/v3/users 0.206s
2025-05-19 19:02:49.527 70250 INFO tempest.lib.common.rest_client [req-bf334210-61ae-48ee-8b8a-e3594d96b515 req-bf334210-61ae-48ee-8b8a-e3594d96b515 ] Request (ServerMetadataTestJSON:setUpClass): 201 POST http://10.180.1.21/identity/v3/projects 0.183s
2025-05-19 19:02:49.548 70288 INFO tempest.lib.common.rest_client [req-e2462b04-9698-4079-a03d-4b0816c3d8de req-e2462b04-9698-4079-a03d-4b0816c3d8de ] Request (ServersWithSpecificFlavorTestJSON:_run_cleanups): 204 DELETE http://10.180.1.21:9696/networking/v2.0/security-groups/87c18e0b-976c-4490-8b71-8b1d3e780c8a 0.589s
2025-05-19 19:02:49.560 70234 INFO tempest.lib.common.rest_client [req-0e2e39a4-d03b-43e7-aa10-8fe2b08e1789 req-0e2e39a4-d03b-43e7-aa10-8fe2b08e1789 ] Request (ServerGroup264TestJSON:setUpClass): 201 POST http://10.180.1.21:9696/networking/v2.0/networks 1.925s
2025-05-19 19:02:49.562 70228 INFO tempest.lib.common.rest_client [req-dcfd3b36-5928-4aa3-9b47-5b65382ab7d1 req-dcfd3b36-5928-4aa3-9b47-5b65382ab7d1 ] Request (ServersTestJSON:setUpClass): 201 POST http://10.180.1.21/identity/v3/auth/tokens 0.191s
2025-05-19 19:02:49.572 70282 INFO tempest.lib.common.rest_client [req-d87f5354-82d0-4269-861c-fdf80b3b3c56 req-d87f5354-82d0-4269-861c-fdf80b3b3c56 ] Request (MigrationsAdminTest:tearDownClass): 204 DELETE http://10.180.1.21:9696/networking/v2.0/security-groups/6beba33b-9d59-441a-8402-860b90c57425 0.619s
2025-05-19 19:02:49.584 70280 INFO tempest.lib.common.rest_client [req-37d8ad29-91ce-4258-9cc7-07febc5806ca req-37d8ad29-91ce-4258-9cc7-07febc5806ca ] Request (HypervisorAdminTestJSON:setUpClass): 200 GET http://10.180.1.21/identity/v3/roles 0.092s
2025-05-19 19:02:49.593 70258 INFO tempest.lib.common.rest_client [req-f8c130e3-f8d8-4218-a5c1-aa34f645d566 req-f8c130e3-f8d8-4218-a5c1-aa34f645d566 ] Request (QuotaClassesAdmin257Test:setUpClass): 204 PUT http://10.180.1.21/identity/v3/projects/78ab8034abd8411eb154ce1314f18afa/users/4c35ab1f3bf84c9eab73a97ef24eea0c/roles/e2ecee176e3d48008ae8f3669dc760bd 0.155s
2025-05-19 19:02:49.606 70288 INFO tempest.lib.common.rest_client [req-9c0688ee-7660-4640-bd6a-9aae4ed78dc3 req-9c0688ee-7660-4640-bd6a-9aae4ed78dc3 ] Request (ServersWithSpecificFlavorTestJSON:_run_cleanups): 404 GET http://10.180.1.21:9696/networking/v2.0/security-groups/87c18e0b-976c-4490-8b71-8b1d3e780c8a 0.058s
2025-05-19 19:02:49.616 70286 INFO tempest.lib.common.rest_client [req-d96bbd90-1265-48c8-8750-ed962b88e271 req-d96bbd90-1265-48c8-8750-ed962b88e271 ] Request (ServersAdmin275Test:test_rebuild_update_server_275): 200 PUT http://10.180.1.21/compute/v2.1/servers/8dd9b62f-51bb-4533-9183-7704d7d86e66 0.684s
2025-05-19 19:02:49.660 70250 INFO tempest.lib.common.rest_client [req-c58a70ed-3466-44e2-9d49-34fe4e466db6 req-c58a70ed-3466-44e2-9d49-34fe4e466db6 ] Request (ServerMetadataTestJSON:setUpClass): 201 POST http://10.180.1.21/identity/v3/users 0.132s
2025-05-19 19:02:49.743 70282 INFO tempest.lib.common.rest_client [req-95bf5db7-8741-4a8a-a187-91e39ef8a310 req-95bf5db7-8741-4a8a-a187-91e39ef8a310 ] Request (MigrationsAdminTest:tearDownClass): 204 DELETE http://10.180.1.21/identity/v3/projects/d04db40ff8df4aadbc146c35bb1d3fb1 0.170s
2025-05-19 19:02:49.744 70282 INFO tempest.lib.common.dynamic_creds [-] Deleting project and security group for project: 69dd117e3dbc45458262ce2bc8c1491e
2025-05-19 19:02:49.775 70290 INFO tempest.lib.common.rest_client [req-b5a99bec-79e8-4f12-ac8b-655f0756776b req-b5a99bec-79e8-4f12-ac8b-655f0756776b ] Request (QuotasAdminTestJSON:test_update_all_quota_resources_for_tenant): 200 GET http://10.180.1.21/compute/v2.1/os-quota-sets/5095398c3f5e4e08a473139aa467572f/defaults 0.703s
2025-05-19 19:02:49.816 70280 INFO tempest.lib.common.rest_client [req-69abd8bd-5dc0-4d96-be81-4c94297ec8a3 req-69abd8bd-5dc0-4d96-be81-4c94297ec8a3 ] Request (HypervisorAdminTestJSON:setUpClass): 204 PUT http://10.180.1.21/identity/v3/projects/13904914f57a476686fc9093a8284952/users/7453d2417bb54c3794f46ad9d4b5fad2/roles/4e1a9b2a63ec43869e9293a3733349e0 0.231s
2025-05-19 19:02:49.816 70280 INFO tempest.lib.common.dynamic_creds [-] Dynamic test user 7453d2417bb54c3794f46ad9d4b5fad2 is created with scope project and roles: ['member']
2025-05-19 19:02:49.816 70280 INFO tempest.lib.common.dynamic_creds [-] Acquired dynamic creds: credentials: Credentials: {'domain_id': 'default', 'domain_name': 'Default', 'username': 'tempest-HypervisorAdminTestJSON-1502435352-project-member', 'project_domain_id': 'default', 'project_domain_name': 'Default', 'project_id': '13904914f57a476686fc9093a8284952', 'project_name': 'tempest-HypervisorAdminTestJSON-1502435352', 'tenant_id': '13904914f57a476686fc9093a8284952', 'tenant_name': 'tempest-HypervisorAdminTestJSON-1502435352', 'user_domain_id': 'default', 'user_domain_name': 'Default', 'user_id': '7453d2417bb54c3794f46ad9d4b5fad2', 'system': None}, Network: None, Subnet: None, Router: None
2025-05-19 19:02:49.816 70280 INFO tempest.lib.common.dynamic_creds [-] Created isolated network resources for: credentials: Credentials: {'domain_id': 'default', 'domain_name': 'Default', 'username': 'tempest-HypervisorAdminTestJSON-1502435352-project-member', 'project_domain_id': 'default', 'project_domain_name': 'Default', 'project_id': '13904914f57a476686fc9093a8284952', 'project_name': 'tempest-HypervisorAdminTestJSON-1502435352', 'tenant_id': '13904914f57a476686fc9093a8284952', 'tenant_name': 'tempest-HypervisorAdminTestJSON-1502435352', 'user_domain_id': 'default', 'user_domain_name': 'Default', 'user_id': '7453d2417bb54c3794f46ad9d4b5fad2', 'system': None}, Network: None, Subnet: None, Router: None
2025-05-19 19:02:49.860 70256 INFO tempest.lib.common.rest_client [req-6ba06427-482f-4e2e-806d-c72ea3a913d4 req-6ba06427-482f-4e2e-806d-c72ea3a913d4 ] Request (ImagesMetadataTestJSON:tearDownClass): 200 GET http://10.180.1.21:9696/networking/v2.0/security-groups?tenant_id=c92b03c5a8584e0ebb90afefff7021b8&name=default 1.580s
2025-05-19 19:02:49.875 70258 INFO tempest.lib.common.rest_client [req-a3e03bce-2aa6-4f32-bea9-1fae009a56fa req-a3e03bce-2aa6-4f32-bea9-1fae009a56fa ] Request (QuotaClassesAdmin257Test:setUpClass): 200 GET http://10.180.1.21/identity/v3/roles 0.281s
2025-05-19 19:02:49.897 70252 INFO tempest.lib.common.rest_client [req-2b225f9d-484b-44af-8b28-b4b4d07bc181 req-2b225f9d-484b-44af-8b28-b4b4d07bc181 ] Request (InstanceActionsTestJSON:setUpClass): 204 DELETE http://10.180.1.21/compute/v2.1/servers/ff3fba76-7bbb-49ee-8a6e-ca8667b469e1 0.775s
2025-05-19 19:02:49.910 70250 INFO tempest.lib.common.rest_client [req-a6139bdd-0704-4226-b47f-4c8eb4366f55 req-a6139bdd-0704-4226-b47f-4c8eb4366f55 ] Request (ServerMetadataTestJSON:setUpClass): 200 GET http://10.180.1.21/identity/v3/roles 0.250s
2025-05-19 19:02:49.985 70280 INFO tempest.lib.common.rest_client [req-0e7b09b6-d8be-4f80-914c-00e8e6b9649c req-0e7b09b6-d8be-4f80-914c-00e8e6b9649c ] Request (HypervisorAdminTestJSON:setUpClass): 201 POST http://10.180.1.21/identity/v3/auth/tokens 0.165s
2025-05-19 19:02:50.002 70258 INFO tempest.lib.common.rest_client [req-2a460bfc-045c-4084-b00c-690fb634346e req-2a460bfc-045c-4084-b00c-690fb634346e ] Request (QuotaClassesAdmin257Test:setUpClass): 204 PUT http://10.180.1.21/identity/v3/projects/78ab8034abd8411eb154ce1314f18afa/users/4c35ab1f3bf84c9eab73a97ef24eea0c/roles/e2ecee176e3d48008ae8f3669dc760bd 0.127s
2025-05-19 19:02:50.002 70258 INFO tempest.lib.common.dynamic_creds [-] Dynamic test user 4c35ab1f3bf84c9eab73a97ef24eea0c is created with scope project and roles: ['admin']
2025-05-19 19:02:50.002 70258 INFO tempest.lib.common.dynamic_creds [-] Acquired dynamic creds: credentials: Credentials: {'domain_id': 'default', 'domain_name': 'Default', 'username': 'tempest-QuotaClassesAdmin257Test-1277064571-project-admin', 'project_domain_id': 'default', 'project_domain_name': 'Default', 'project_id': '78ab8034abd8411eb154ce1314f18afa', 'project_name': 'tempest-QuotaClassesAdmin257Test-1277064571', 'tenant_id': '78ab8034abd8411eb154ce1314f18afa', 'tenant_name': 'tempest-QuotaClassesAdmin257Test-1277064571', 'user_domain_id': 'default', 'user_domain_name': 'Default', 'user_id': '4c35ab1f3bf84c9eab73a97ef24eea0c', 'system': None}, Network: None, Subnet: None, Router: None
2025-05-19 19:02:50.002 70258 INFO tempest.lib.common.dynamic_creds [-] Created isolated network resources for: credentials: Credentials: {'domain_id': 'default', 'domain_name': 'Default', 'username': 'tempest-QuotaClassesAdmin257Test-1277064571-project-admin', 'project_domain_id': 'default', 'project_domain_name': 'Default', 'project_id': '78ab8034abd8411eb154ce1314f18afa', 'project_name': 'tempest-QuotaClassesAdmin257Test-1277064571', 'tenant_id': '78ab8034abd8411eb154ce1314f18afa', 'tenant_name': 'tempest-QuotaClassesAdmin257Test-1277064571', 'user_domain_id': 'default', 'user_domain_name': 'Default', 'user_id': '4c35ab1f3bf84c9eab73a97ef24eea0c', 'system': None}, Network: None, Subnet: None, Router: None
2025-05-19 19:02:50.016 70236 INFO tempest.lib.common.rest_client [req-1e88b237-7111-4662-8213-a26d97febf83 req-1e88b237-7111-4662-8213-a26d97febf83 ] Request (ServersAdminTestJSON:tearDownClass): 204 DELETE http://10.180.1.21:9696/networking/v2.0/routers/f6232da7-3b33-4dcf-a6e5-eefe2d3c4d9c 2.493s
2025-05-19 19:02:50.085 70250 INFO tempest.lib.common.rest_client [req-6e1c79d3-5cd0-4817-a786-5d10df459c7f req-6e1c79d3-5cd0-4817-a786-5d10df459c7f ] Request (ServerMetadataTestJSON:setUpClass): 204 PUT http://10.180.1.21/identity/v3/projects/632bddad35ac4579b038ab65f75cda02/users/6eb996d5928349d38f096ea8efb31b0a/roles/4e1a9b2a63ec43869e9293a3733349e0 0.174s
2025-05-19 19:02:50.085 70250 INFO tempest.lib.common.dynamic_creds [-] Dynamic test user 6eb996d5928349d38f096ea8efb31b0a is created with scope project and roles: ['member']
2025-05-19 19:02:50.086 70250 INFO tempest.lib.common.dynamic_creds [-] Acquired dynamic creds: credentials: Credentials: {'domain_id': 'default', 'domain_name': 'Default', 'username': 'tempest-ServerMetadataTestJSON-224389623-project-member', 'project_domain_id': 'default', 'project_domain_name': 'Default', 'project_id': '632bddad35ac4579b038ab65f75cda02', 'project_name': 'tempest-ServerMetadataTestJSON-224389623', 'tenant_id': '632bddad35ac4579b038ab65f75cda02', 'tenant_name': 'tempest-ServerMetadataTestJSON-224389623', 'user_domain_id': 'default', 'user_domain_name': 'Default', 'user_id': '6eb996d5928349d38f096ea8efb31b0a', 'system': None}, Network: None, Subnet: None, Router: None
2025-05-19 19:02:50.116 70240 INFO tempest.lib.common.rest_client [req-bdffeba3-dda8-457e-969e-3718bb7a957d req-bdffeba3-dda8-457e-969e-3718bb7a957d ] Request (ImagesMetadataNegativeTestJSON:test_delete_nonexistent_image_metadata_item): 404 DELETE http://10.180.1.21/compute/v2.1/images/b752f138-2487-4817-92f7-9f8df5a2b09c/metadata/os_distro 0.817s
2025-05-19 19:02:50.161 70280 INFO tempest.lib.common.rest_client [req-3422dab1-274b-4486-b689-71e9d958d39f req-3422dab1-274b-4486-b689-71e9d958d39f ] Request (HypervisorAdminTestJSON:setUpClass): 201 POST http://10.180.1.21/identity/v3/projects 0.175s
2025-05-19 19:02:50.218 70250 INFO tempest.lib.common.rest_client [req-b96234ec-25d8-43a1-a551-d677368ee63d req-b96234ec-25d8-43a1-a551-d677368ee63d ] Request (ServerMetadataTestJSON:setUpClass): 201 POST http://10.180.1.21/identity/v3/auth/tokens 0.131s
2025-05-19 19:02:50.221 70258 INFO tempest.lib.common.rest_client [req-22a4f5a1-170a-4667-bbf7-fcc91f476840 req-22a4f5a1-170a-4667-bbf7-fcc91f476840 ] Request (QuotaClassesAdmin257Test:setUpClass): 201 POST http://10.180.1.21/identity/v3/auth/tokens 0.214s
2025-05-19 19:02:50.245 70280 INFO tempest.lib.common.rest_client [req-78add4da-0c3c-4ad4-b237-42613a61963e req-78add4da-0c3c-4ad4-b237-42613a61963e ] Request (HypervisorAdminTestJSON:setUpClass): 201 POST http://10.180.1.21/identity/v3/users 0.083s
2025-05-19 19:02:50.251 70245 INFO tempest.lib.common.rest_client [req-e934798a-593e-4e90-ab71-872a90ba78fe req-e934798a-593e-4e90-ab71-872a90ba78fe ] Request (FloatingIPsNegativeTestJSON:setUpClass): 200 GET http://10.180.1.21/compute/v2.1/os-floating-ips 0.995s
2025-05-19 19:02:50.294 70274 INFO tempest.lib.common.rest_client [req-733917d0-b693-47ff-b200-6ff5745bd1fc req-733917d0-b693-47ff-b200-6ff5745bd1fc ] Request (ListImagesTestJSON:test_list_images_with_detail): 200 GET http://10.180.1.21/compute/v2.1/images/detail 0.857s
2025-05-19 19:02:50.306 70270 INFO tempest.lib.common.rest_client [req-5a42e797-b7a6-419c-a40a-99686303f736 req-5a42e797-b7a6-419c-a40a-99686303f736 ] Request (ServicesAdminTestJSON:tearDownClass): 200 GET http://10.180.1.21:9696/networking/v2.0/security-groups?tenant_id=ef471704f4944ccabd3c4e886cae1316&name=default 1.647s
2025-05-19 19:02:50.308 70254 INFO tempest.lib.common.rest_client [req-806bee0b-cc27-42b0-8bcb-c369a24fb392 req-806bee0b-cc27-42b0-8bcb-c369a24fb392 ] Request (AggregatesAdminNegativeTestJSON:test_aggregate_get_details_with_invalid_id): 404 GET http://10.180.1.21/compute/v2.1/os-aggregates/-1 0.842s
2025-05-19 19:02:50.322 70242 INFO tempest.lib.common.rest_client [req-ac961dd9-dbba-4d18-bb50-84bb33e812a2 req-ac961dd9-dbba-4d18-bb50-84bb33e812a2 ] Request (InstanceUsageAuditLogTestJSON:test_list_instance_usage_audit_logs): 200 GET http://10.180.1.21/compute/v2.1/os-instance_usage_audit_log 0.839s
2025-05-19 19:02:50.378 70246 INFO tempest.lib.common.rest_client [req-4906d86b-4d40-4c84-8817-78131c11ac38 req-4906d86b-4d40-4c84-8817-78131c11ac38 ] Request (ImagesOneServerNegativeTestJSON:tearDownClass): 204 DELETE http://10.180.1.21:9696/networking/v2.0/routers/9defb2fc-cca2-48bf-b8d4-b83028181416 2.479s
2025-05-19 19:02:50.447 70280 INFO tempest.lib.common.rest_client [req-fb865656-724c-4007-ae07-1af9a1991963 req-fb865656-724c-4007-ae07-1af9a1991963 ] Request (HypervisorAdminTestJSON:setUpClass): 200 GET http://10.180.1.21/identity/v3/roles 0.200s
2025-05-19 19:02:50.488 70256 INFO tempest.lib.common.rest_client [req-d86a5b11-428e-4386-afdb-d72bf5aec7e7 req-d86a5b11-428e-4386-afdb-d72bf5aec7e7 ] Request (ImagesMetadataTestJSON:tearDownClass): 204 DELETE http://10.180.1.21:9696/networking/v2.0/security-groups/4cfe35a1-e6ab-4b8a-9f39-884ba3415096 0.628s
2025-05-19 19:02:50.501 70282 INFO tempest.lib.common.rest_client [req-1732f87e-515c-4dbb-8250-f32943208e9a req-1732f87e-515c-4dbb-8250-f32943208e9a ] Request (MigrationsAdminTest:tearDownClass): 200 GET http://10.180.1.21:9696/networking/v2.0/security-groups?tenant_id=69dd117e3dbc45458262ce2bc8c1491e&name=default 0.757s
2025-05-19 19:02:50.528 70274 INFO tempest.lib.common.rest_client [req-a85c488d-b0e2-4ac0-b38b-1fb326042d7d req-a85c488d-b0e2-4ac0-b38b-1fb326042d7d ] Request (ListImagesTestJSON:tearDownClass): 204 DELETE http://10.180.1.21/identity/v3/users/449decd5579a4eaea1f272ac02666c5e 0.227s
2025-05-19 19:02:50.528 70274 INFO tempest.lib.common.dynamic_creds [-] Deleting project and security group for project: e94ad413db6e496797fbbb574db51601
2025-05-19 19:02:50.574 70286 INFO tempest.lib.common.rest_client [req-9e142605-5fcc-40a1-9b43-0405efbed527 req-9e142605-5fcc-40a1-9b43-0405efbed527 ] Request (ServersAdmin275Test:test_rebuild_update_server_275): 200 GET http://10.180.1.21/compute/v2.1/servers/8dd9b62f-51bb-4533-9183-7704d7d86e66 0.943s
2025-05-19 19:02:50.595 70280 INFO tempest.lib.common.rest_client [req-15e6be1c-df1e-4f39-b02a-3a8795d418a3 req-15e6be1c-df1e-4f39-b02a-3a8795d418a3 ] Request (HypervisorAdminTestJSON:setUpClass): 204 PUT http://10.180.1.21/identity/v3/projects/88a84ec36d8d48b5a817d8e29fb40f4d/users/0dcfb45047b045dd8fe05f1937f895a3/roles/e2ecee176e3d48008ae8f3669dc760bd 0.148s
2025-05-19 19:02:50.632 70242 INFO tempest.lib.common.rest_client [req-b1607ef9-8a8c-4b65-886b-ffd65814f443 req-b1607ef9-8a8c-4b65-886b-ffd65814f443 ] Request (InstanceUsageAuditLogTestJSON:tearDownClass): 204 DELETE http://10.180.1.21/identity/v3/users/4be8887685b944e59ba12e6536055f0c 0.305s
2025-05-19 19:02:50.654 70260 INFO tempest.lib.common.rest_client [req-935e690a-d8bb-497f-9820-3b4614cdae29 req-935e690a-d8bb-497f-9820-3b4614cdae29 ] Request (NetworksTest:test_list_all_networks): 200 GET http://10.180.1.21/compute/v2.1/os-networks 1.296s
2025-05-19 19:02:50.678 70252 INFO tempest.lib.common.rest_client [req-6676ce47-c189-439f-a09b-3b0dcace0e58 req-6676ce47-c189-439f-a09b-3b0dcace0e58 ] Request (InstanceActionsTestJSON:setUpClass): 404 GET http://10.180.1.21/compute/v2.1/servers/ff3fba76-7bbb-49ee-8a6e-ca8667b469e1 0.781s
2025-05-19 19:02:50.679 70252 INFO tempest.test [-] raised in InstanceActionsTestJSON.setUpClass. Invoking tearDownClass.
2025-05-19 19:02:50.704 70240 INFO tempest.lib.common.rest_client [req-ee364038-f677-4049-975a-6c0fdb801c7f req-ee364038-f677-4049-975a-6c0fdb801c7f ] Request (ImagesMetadataNegativeTestJSON:test_get_nonexistent_image_metadata_item): 404 GET http://10.180.1.21/compute/v2.1/images/5a4db89f-c248-4981-8f2a-41b284dca49a/metadata/os_version 0.587s
2025-05-19 19:02:50.728 70256 INFO tempest.lib.common.rest_client [req-0729e20b-40ab-46e0-8899-03769415c0db req-0729e20b-40ab-46e0-8899-03769415c0db ] Request (ImagesMetadataTestJSON:tearDownClass): 204 DELETE http://10.180.1.21/identity/v3/projects/c92b03c5a8584e0ebb90afefff7021b8 0.240s
2025-05-19 19:02:50.756 70274 INFO tempest.lib.common.rest_client [req-30120be7-917c-4f61-998b-def42b8fae83 req-30120be7-917c-4f61-998b-def42b8fae83 ] Request (ListImagesTestJSON:tearDownClass): 201 POST http://10.180.1.21/identity/v3/auth/tokens 0.227s
2025-05-19 19:02:50.762 70284 INFO tempest.lib.common.rest_client [req-38eabc10-97d5-4d59-b30a-0ea59041ca3e req-38eabc10-97d5-4d59-b30a-0ea59041ca3e ] Request (FlavorsV2NegativeTest:test_boot_with_low_ram): 204 PUT http://10.180.1.21/image/v2/images/bbd1fd89-1208-4139-83ad-bbf3d7c5d1fa/file 1.884s
2025-05-19 19:02:50.791 70280 INFO tempest.lib.common.rest_client [req-569e3ca3-209a-4a9c-88e2-1e4c3033ebdd req-569e3ca3-209a-4a9c-88e2-1e4c3033ebdd ] Request (HypervisorAdminTestJSON:setUpClass): 200 GET http://10.180.1.21/identity/v3/roles 0.195s
2025-05-19 19:02:50.831 70242 INFO tempest.lib.common.rest_client [req-db4874d2-0f03-4f29-8639-d221c80dce21 req-db4874d2-0f03-4f29-8639-d221c80dce21 ] Request (InstanceUsageAuditLogTestJSON:tearDownClass): 204 DELETE http://10.180.1.21/identity/v3/users/9aca4d85559149a192973ba4f8d7a308 0.198s
2025-05-19 19:02:50.831 70242 INFO tempest.lib.common.dynamic_creds [-] Deleting project and security group for project: e11179701e4e4a82b79121dfd0fa1561
2025-05-19 19:02:50.897 70256 INFO tempest.lib.common.rest_client [req-45ab3262-09e8-495a-82f0-3a242e8d5d87 req-45ab3262-09e8-495a-82f0-3a242e8d5d87 ] Request (ImagesDeleteNegativeTestJSON:setUpClass): 201 POST http://10.180.1.21/identity/v3/auth/tokens 0.166s
2025-05-19 19:02:50.905 70260 INFO tempest.lib.common.rest_client [req-111769dc-8c54-458e-9268-1706c49e3cd9 req-111769dc-8c54-458e-9268-1706c49e3cd9 ] Request (NetworksTest:tearDownClass): 204 DELETE http://10.180.1.21/identity/v3/users/8b71cf2e52ae41dcaec146228bee962a 0.249s
2025-05-19 19:02:50.951 70245 INFO tempest.lib.common.rest_client [req-4f662cf3-7184-4f62-b238-05d07ce3fc92 req-4f662cf3-7184-4f62-b238-05d07ce3fc92 ] Request (FloatingIPsNegativeTestJSON:test_allocate_floating_ip_from_nonexistent_pool): 404 POST http://10.180.1.21/compute/v2.1/os-floating-ips 0.697s
2025-05-19 19:02:50.959 70254 INFO tempest.lib.common.rest_client [req-8466f285-3877-4396-a1b9-2a9717d15731 req-8466f285-3877-4396-a1b9-2a9717d15731 ] Request (AggregatesAdminNegativeTestJSON:test_aggregate_list_as_user): 403 GET http://10.180.1.21/compute/v2.1/os-aggregates 0.649s
