2025-05-19 19:04:18.841 70254 INFO tempest.lib.common.rest_client [req-3562b510-6532-4c37-b851-ffb58e8a6b93 req-3562b510-6532-4c37-b851-ffb58e8a6b93 ] Request (ServersTestJSON:test_create_server_with_ipv6_addr_only): 201 POST http://10.180.1.21/identity/v3/auth/tokens 0.121s
2025-05-19 19:04:18.842 70254 INFO tempest.lib.common.fixed_network [-] (ServersTestJSON:test_create_server_with_ipv6_addr_only) Found network {'id': 'fa76703e-58a2-4e1b-932b-b6ee611137c8', 'name': 'tempest-ServersTestJSON-958435068-network', 'tenant_id': '121912a70e0b4b2088149e037b5ee373', 'admin_state_up': True, 'mtu': 8950, 'status': 'ACTIVE', 'subnets': [], 'shared': False, 'project_id': '121912a70e0b4b2088149e037b5ee373', 'port_security_enabled': True, 'router:external': False, 'provider:network_type': 'vlan', 'provider:physical_network': 'default', 'provider:segmentation_id': 295, 'availability_zone_hints': [], 'availability_zones': [], 'ipv4_address_scope': None, 'ipv6_address_scope': None, 'description': '', 'tags': [], 'created_at': '2025-05-19T19:03:59Z', 'updated_at': '2025-05-19T19:03:59Z', 'revision_number': 1} available for tenant
2025-05-19 19:04:18.878 70280 INFO tempest.lib.common.rest_client [req-a7ab4804-bb5c-419b-b299-7ef7b6d8c200 req-a7ab4804-bb5c-419b-b299-7ef7b6d8c200 ] Request (SecurityGroupsTestJSON:test_server_security_groups): 200 GET http://10.180.1.21/compute/v2.1/servers/25c6d254-c8aa-49eb-83e3-18f589842bda 0.196s
2025-05-19 19:04:18.897 70264 INFO tempest.lib.common.rest_client [req-af1d4562-cf72-4d33-91ae-6b7dacb3722b req-af1d4562-cf72-4d33-91ae-6b7dacb3722b ] Request (FloatingIPsAssociationNegativeTestJSON:tearDownClass): 204 DELETE http://10.180.1.21/identity/v3/projects/d5e27567c1bb400f81c13a9d2cbcd89d 0.086s
2025-05-19 19:04:18.970 70264 INFO tempest.lib.common.rest_client [req-14b053fd-a4f7-439a-9109-2f37e0b4d6d6 req-14b053fd-a4f7-439a-9109-2f37e0b4d6d6 ] Request (AttachInterfacesTestJSON:setUpClass): 201 POST http://10.180.1.21/identity/v3/auth/tokens 0.069s
2025-05-19 19:04:19.003 70264 INFO tempest.lib.common.rest_client [req-c5c21995-1feb-4fa2-af64-528bec25d6e7 req-c5c21995-1feb-4fa2-af64-528bec25d6e7 ] Request (AttachInterfacesTestJSON:setUpClass): 201 POST http://10.180.1.21/identity/v3/auth/tokens 0.030s
2025-05-19 19:04:19.033 70264 INFO tempest.lib.common.rest_client [req-09a1595e-91c3-4495-a4af-532af7704c84 req-09a1595e-91c3-4495-a4af-532af7704c84 ] Request (AttachInterfacesTestJSON:setUpClass): 200 GET http://10.180.1.21/identity/v3/domains?name=Default 0.029s
2025-05-19 19:04:19.079 70264 INFO tempest.lib.common.rest_client [req-444c9f64-62b3-4670-b31c-b74978035e89 req-444c9f64-62b3-4670-b31c-b74978035e89 ] Request (AttachInterfacesTestJSON:setUpClass): 201 POST http://10.180.1.21/identity/v3/projects 0.046s
2025-05-19 19:04:19.167 70264 INFO tempest.lib.common.rest_client [req-06fa4740-fa80-4ffd-86ec-96f37aa5aba6 req-06fa4740-fa80-4ffd-86ec-96f37aa5aba6 ] Request (AttachInterfacesTestJSON:setUpClass): 201 POST http://10.180.1.21/identity/v3/users 0.087s
2025-05-19 19:04:19.196 70264 INFO tempest.lib.common.rest_client [req-acf8dcb8-2467-4d62-85eb-bdb0eb2a45b4 req-acf8dcb8-2467-4d62-85eb-bdb0eb2a45b4 ] Request (AttachInterfacesTestJSON:setUpClass): 200 GET http://10.180.1.21/identity/v3/roles 0.029s
2025-05-19 19:04:19.208 70238 INFO tempest.lib.common.rest_client [req-743f58d5-c2f3-4e7a-a7a8-01ebc7c6bbc1 req-743f58d5-c2f3-4e7a-a7a8-01ebc7c6bbc1 ] Request (AttachVolumeShelveTestJSON:_run_cleanups): 204 DELETE http://10.180.1.21:9696/networking/v2.0/floatingips/3d9b825e-8f30-4979-a38c-d664f3de61bb 0.673s
2025-05-19 19:04:19.241 70264 INFO tempest.lib.common.rest_client [req-bf503b2a-8e2e-4d33-94a5-948afcdbb166 req-bf503b2a-8e2e-4d33-94a5-948afcdbb166 ] Request (AttachInterfacesTestJSON:setUpClass): 204 PUT http://10.180.1.21/identity/v3/projects/ce9341a2d09d4ae591d1d478bebfc85a/users/578eaac858a84b089f6c18f1d3a59fc0/roles/4e1a9b2a63ec43869e9293a3733349e0 0.044s
2025-05-19 19:04:19.241 70264 INFO tempest.lib.common.dynamic_creds [-] Dynamic test user 578eaac858a84b089f6c18f1d3a59fc0 is created with scope project and roles: ['member']
2025-05-19 19:04:19.241 70264 INFO tempest.lib.common.dynamic_creds [-] Acquired dynamic creds: credentials: Credentials: {'domain_id': 'default', 'domain_name': 'Default', 'username': 'tempest-AttachInterfacesTestJSON-1769333570-project-member', 'project_domain_id': 'default', 'project_domain_name': 'Default', 'project_id': 'ce9341a2d09d4ae591d1d478bebfc85a', 'project_name': 'tempest-AttachInterfacesTestJSON-1769333570', 'tenant_id': 'ce9341a2d09d4ae591d1d478bebfc85a', 'tenant_name': 'tempest-AttachInterfacesTestJSON-1769333570', 'user_domain_id': 'default', 'user_domain_name': 'Default', 'user_id': '578eaac858a84b089f6c18f1d3a59fc0', 'system': None}, Network: None, Subnet: None, Router: None
2025-05-19 19:04:19.243 70260 INFO tempest.lib.common.rest_client [req-16ebb478-9829-443f-ab4b-6c89450278eb req-16ebb478-9829-443f-ab4b-6c89450278eb ] Request (SecurityGroupRulesTestJSON:tearDownClass): 202 DELETE http://10.180.1.21/compute/v2.1/os-security-groups/35abd271-ed57-41a0-b581-52e368444618 0.512s
2025-05-19 19:04:19.272 70286 INFO tempest.lib.common.rest_client [req-cb2852ce-f03d-4fc8-a18f-eb11418528c4 req-cb2852ce-f03d-4fc8-a18f-eb11418528c4 ] Request (VolumesGetTestJSON:tearDownClass): 404 GET http://10.180.1.21/compute/v2.1/os-volumes/f67ab745-bfdb-4a44-b89d-e604b5cb37f7 0.479s
2025-05-19 19:04:19.303 70258 INFO tempest.lib.common.rest_client [req-11a597c0-3825-4dda-b166-5480d3a62e76 req-11a597c0-3825-4dda-b166-5480d3a62e76 ] Request (VolumesSnapshotsTestJSON:_run_cleanups): 404 GET http://10.180.1.21/compute/v2.1/os-volumes/4e746415-f98f-467f-b829-c398bd7cdba9 0.492s
2025-05-19 19:04:19.341 70264 INFO tempest.lib.common.rest_client [req-7d4ede12-5078-46e3-beae-768e2e504df9 req-7d4ede12-5078-46e3-beae-768e2e504df9 ] Request (AttachInterfacesTestJSON:setUpClass): 201 POST http://10.180.1.21/identity/v3/auth/tokens 0.099s
2025-05-19 19:04:19.413 70286 INFO tempest.lib.common.rest_client [req-973f3aee-c1a2-4512-b423-c094f4e97318 req-973f3aee-c1a2-4512-b423-c094f4e97318 ] Request (VolumesGetTestJSON:tearDownClass): 204 DELETE http://10.180.1.21/identity/v3/users/a76b333f9217422183876ca329c20373 0.138s
2025-05-19 19:04:19.413 70286 INFO tempest.lib.common.dynamic_creds [-] Deleting project and security group for project: 95d3c01d957741319a2dff98093aff9e
2025-05-19 19:04:19.467 70286 INFO tempest.lib.common.rest_client [req-2a7a6638-c0ae-4cdc-9670-530e09593bed req-2a7a6638-c0ae-4cdc-9670-530e09593bed ] Request (VolumesGetTestJSON:tearDownClass): 201 POST http://10.180.1.21/identity/v3/auth/tokens 0.053s
2025-05-19 19:04:19.535 70240 INFO tempest.lib.common.rest_client [req-7687149d-64d5-41ca-a2f8-eb0589402ea2 req-7687149d-64d5-41ca-a2f8-eb0589402ea2 ] Request (VolumesTestJSON:tearDownClass): 404 GET http://10.180.1.21/volume/v3/volumes/7c8f4bc7-3b91-4810-bd03-d0528dad5a8c 0.016s
2025-05-19 19:04:19.589 70240 INFO tempest.lib.common.rest_client [req-b5320420-902a-4255-b2da-4fc02ff6f575 req-b5320420-902a-4255-b2da-4fc02ff6f575 ] Request (VolumesTestJSON:tearDownClass): 204 DELETE http://10.180.1.21/identity/v3/users/03d0c8dcc8a74d1a96e7ab986efae782 0.054s
2025-05-19 19:04:19.589 70240 INFO tempest.lib.common.dynamic_creds [-] Deleting project and security group for project: a70ae25b391f49e2b3018265b8dc2bdc
2025-05-19 19:04:19.606 70228 INFO tempest.lib.common.rest_client [req-3bfc76d3-8aa4-4f98-bcef-f2f55ab96af5 req-3bfc76d3-8aa4-4f98-bcef-f2f55ab96af5 ] Request (ServerActionsTestOtherA:tearDownClass): 200 PUT http://10.180.1.21:9696/networking/v2.0/routers/14cec33f-7c5d-4a8b-9e79-0dca2ffe264c/remove_router_interface 2.852s
2025-05-19 19:04:19.646 70240 INFO tempest.lib.common.rest_client [req-e53cca68-1884-44dd-9de4-4872d35f1f71 req-e53cca68-1884-44dd-9de4-4872d35f1f71 ] Request (VolumesTestJSON:tearDownClass): 201 POST http://10.180.1.21/identity/v3/auth/tokens 0.056s
2025-05-19 19:04:19.755 70278 INFO tempest.lib.common.rest_client [req-1d6a3a30-2e5a-41ab-9a4e-bfb74a8f73e5 req-1d6a3a30-2e5a-41ab-9a4e-bfb74a8f73e5 ] Request (InstanceActionsNegativeTestJSON:setUpClass): 201 POST http://10.180.1.21:9696/networking/v2.0/networks 1.235s
2025-05-19 19:04:19.762 70232 INFO tempest.lib.common.rest_client [req-7e2c5358-627d-4357-9e68-b88ad8c5fd0a req-7e2c5358-627d-4357-9e68-b88ad8c5fd0a ] Request (ServerDiskConfigTestJSON:test_rebuild_server_with_manual_disk_config): 202 POST http://10.180.1.21/compute/v2.1/servers 1.387s
2025-05-19 19:04:19.865 70260 INFO tempest.lib.common.rest_client [req-39a5b737-1354-4a54-988d-637702da6e90 req-39a5b737-1354-4a54-988d-637702da6e90 ] Request (SecurityGroupRulesTestJSON:tearDownClass): 404 DELETE http://10.180.1.21/compute/v2.1/os-security-groups/3c74583e-a873-4c39-9805-860452d8cff8 0.622s
2025-05-19 19:04:19.886 70258 INFO tempest.lib.common.rest_client [req-8f380478-658e-4794-a3e8-8c8a937c6e6e req-8f380478-658e-4794-a3e8-8c8a937c6e6e ] Request (VolumesSnapshotsTestJSON:tearDownClass): 404 DELETE http://10.180.1.21/compute/v2.1/os-volumes/4e746415-f98f-467f-b829-c398bd7cdba9 0.577s
2025-05-19 19:04:20.011 70266 INFO tempest.lib.common.rest_client [req-c0f342fa-f370-4ca3-8a48-cb518f375132 req-c0f342fa-f370-4ca3-8a48-cb518f375132 ] Request (DeleteServersTestJSON:test_delete_server_while_in_attached_volume): 200 GET http://10.180.1.21/compute/v2.1/servers/59ed5de1-cf44-4b65-b673-3b7a7a6ced71 0.615s
2025-05-19 19:04:20.027 70266 INFO tempest.common.waiters [-] State transition "BUILD/scheduling" ==> "ERROR/None" after 2 second wait
2025-05-19 19:04:20.031 70282 INFO tempest.lib.common.rest_client [req-2b17f612-65a4-4c7b-91f0-4a804110217c req-2b17f612-65a4-4c7b-91f0-4a804110217c ] Request (ValidationResourcesFixture:setUp): 201 POST http://10.180.1.21:9696/networking/v2.0/floatingips 1.665s
2025-05-19 19:04:20.092 70254 INFO tempest.lib.common.rest_client [req-25fd1fb0-b94c-483e-9dd1-90c9e333f1fb req-25fd1fb0-b94c-483e-9dd1-90c9e333f1fb ] Request (ServersTestJSON:test_create_server_with_ipv6_addr_only): 202 POST http://10.180.1.21/compute/v2.1/servers 1.249s
2025-05-19 19:04:20.109 70282 INFO tempest.lib.common.rest_client [req-77b4a773-03ee-4f9b-82ab-61b3eb953b7a req-77b4a773-03ee-4f9b-82ab-61b3eb953b7a ] Request (AttachVolumeNegativeTest:test_attach_attached_volume_to_same_server): 201 POST http://10.180.1.21/identity/v3/auth/tokens 0.068s
2025-05-19 19:04:20.110 70282 INFO tempest.lib.common.fixed_network [-] (AttachVolumeNegativeTest:test_attach_attached_volume_to_same_server) Found network {'id': 'f78efb00-63d1-48b9-928d-39bb5fd5c8b9', 'name': 'tempest-AttachVolumeNegativeTest-938707114-network', 'tenant_id': '718f0e3e01954c76baa70d3bfbaadb46', 'admin_state_up': True, 'mtu': 8950, 'status': 'ACTIVE', 'subnets': [], 'shared': False, 'project_id': '718f0e3e01954c76baa70d3bfbaadb46', 'port_security_enabled': True, 'router:external': False, 'provider:network_type': 'vlan', 'provider:physical_network': 'default', 'provider:segmentation_id': 242, 'availability_zone_hints': [], 'availability_zones': [], 'ipv4_address_scope': None, 'ipv6_address_scope': None, 'description': '', 'tags': [], 'created_at': '2025-05-19T19:03:49Z', 'updated_at': '2025-05-19T19:03:49Z', 'revision_number': 1} available for tenant
2025-05-19 19:04:20.117 70240 INFO tempest.lib.common.rest_client [req-1237496f-f87c-4f9f-b7c2-b72b984305f0 req-1237496f-f87c-4f9f-b7c2-b72b984305f0 ] Request (VolumesTestJSON:tearDownClass): 200 GET http://10.180.1.21:9696/networking/v2.0/security-groups?tenant_id=a70ae25b391f49e2b3018265b8dc2bdc&name=default 0.471s
2025-05-19 19:04:20.118 70232 INFO tempest.lib.common.rest_client [req-e798a073-0393-4432-8e40-8eba457c751a req-e798a073-0393-4432-8e40-8eba457c751a ] Request (ServerDiskConfigTestJSON:test_rebuild_server_with_manual_disk_config): 200 GET http://10.180.1.21/compute/v2.1/servers/6546927b-0a12-4b2b-aea4-87b3b891bd33 0.353s
2025-05-19 19:04:20.158 70258 INFO tempest.lib.common.rest_client [req-6a49fc07-d955-4ae9-b4e4-cecffd8c349d req-6a49fc07-d955-4ae9-b4e4-cecffd8c349d ] Request (VolumesSnapshotsTestJSON:tearDownClass): 404 GET http://10.180.1.21/compute/v2.1/os-volumes/4e746415-f98f-467f-b829-c398bd7cdba9 0.272s
2025-05-19 19:04:20.245 70258 INFO tempest.lib.common.rest_client [req-2aca35a3-e27c-4ede-a707-30971ab00ae4 req-2aca35a3-e27c-4ede-a707-30971ab00ae4 ] Request (VolumesSnapshotsTestJSON:tearDownClass): 204 DELETE http://10.180.1.21/identity/v3/users/547d624ea4c84d358aac28aed9429eca 0.086s
2025-05-19 19:04:20.246 70258 INFO tempest.lib.common.dynamic_creds [-] Deleting project and security group for project: b34b5f8a11df4fc1b5ccdab2c5c2e170
2025-05-19 19:04:20.264 70280 INFO tempest.lib.common.rest_client [req-69b8477c-e520-46b8-af80-b6564edde319 req-69b8477c-e520-46b8-af80-b6564edde319 ] Request (SecurityGroupsTestJSON:test_server_security_groups): 200 GET http://10.180.1.21/compute/v2.1/servers/25c6d254-c8aa-49eb-83e3-18f589842bda 0.376s
2025-05-19 19:04:20.267 70286 INFO tempest.lib.common.rest_client [req-b69ecfc7-552a-4b6c-92c4-49601caf9601 req-b69ecfc7-552a-4b6c-92c4-49601caf9601 ] Request (VolumesGetTestJSON:tearDownClass): 200 GET http://10.180.1.21:9696/networking/v2.0/security-groups?tenant_id=95d3c01d957741319a2dff98093aff9e&name=default 0.800s
2025-05-19 19:04:20.278 70280 INFO tempest.common.waiters [-] State transition "BUILD/scheduling" ==> "ERROR/None" after 2 second wait
2025-05-19 19:04:20.313 70290 INFO tempest.lib.common.rest_client [req-4855f5a3-5edd-46c3-a3a5-832ea9804bbd req-4855f5a3-5edd-46c3-a3a5-832ea9804bbd ] Request (ServersTestFqdnHostnames:tearDownClass): 204 DELETE http://10.180.1.21:9696/networking/v2.0/routers/6eb0c6f0-f934-4c1a-bdc8-609fd49e9903 1.971s
2025-05-19 19:04:20.331 70258 INFO tempest.lib.common.rest_client [req-585e2303-eace-4acc-9ccb-e5eba248a0db req-585e2303-eace-4acc-9ccb-e5eba248a0db ] Request (VolumesSnapshotsTestJSON:tearDownClass): 201 POST http://10.180.1.21/identity/v3/auth/tokens 0.085s
2025-05-19 19:04:20.406 70260 INFO tempest.lib.common.rest_client [req-ba049d95-266a-450e-afa7-e2b9dd68705b req-ba049d95-266a-450e-afa7-e2b9dd68705b ] Request (SecurityGroupRulesTestJSON:tearDownClass): 202 DELETE http://10.180.1.21/compute/v2.1/os-security-groups/5138cba7-1853-441d-a0f9-1d158fbeabc8 0.541s
2025-05-19 19:04:20.485 70254 INFO tempest.lib.common.rest_client [req-62d35c3a-f1b9-45b8-b359-a2ff4f387324 req-62d35c3a-f1b9-45b8-b359-a2ff4f387324 ] Request (ServersTestJSON:test_create_server_with_ipv6_addr_only): 200 GET http://10.180.1.21/compute/v2.1/servers/f3449cb4-84fd-49be-ba9a-e6e28320c52b 0.391s
2025-05-19 19:04:20.520 70278 INFO tempest.lib.common.rest_client [req-cd6fdeb2-46f3-45a2-b6d6-870dd9dd7040 req-cd6fdeb2-46f3-45a2-b6d6-870dd9dd7040 ] Request (InstanceActionsNegativeTestJSON:setUpClass): 201 POST http://10.180.1.21:9696/networking/v2.0/subnets 0.765s
2025-05-19 19:04:20.536 70266 INFO tempest.lib.common.rest_client [req-8719b20d-a5a0-466d-b7ce-290c54738ead req-8719b20d-a5a0-466d-b7ce-290c54738ead ] Request (DeleteServersTestJSON:test_delete_server_while_in_attached_volume): 204 DELETE http://10.180.1.21/compute/v2.1/servers/59ed5de1-cf44-4b65-b673-3b7a7a6ced71 0.509s
2025-05-19 19:04:20.545 70286 INFO tempest.lib.common.rest_client [req-2c72e51b-dc8c-43c1-8cf0-e4d96e7bbfa1 req-2c72e51b-dc8c-43c1-8cf0-e4d96e7bbfa1 ] Request (VolumesGetTestJSON:tearDownClass): 204 DELETE http://10.180.1.21:9696/networking/v2.0/security-groups/708a0a9a-6f30-4299-a02f-22c1317b5f9f 0.277s
2025-05-19 19:04:20.573 70240 INFO tempest.lib.common.rest_client [req-79b9bf23-2c7a-45a4-9999-c7584b885779 req-79b9bf23-2c7a-45a4-9999-c7584b885779 ] Request (VolumesTestJSON:tearDownClass): 204 DELETE http://10.180.1.21:9696/networking/v2.0/security-groups/126b4cf0-aa8c-49e6-aa72-da8f521d85c9 0.456s
2025-05-19 19:04:20.633 70286 INFO tempest.lib.common.rest_client [req-7430a0ec-7498-488c-b245-e6010d29ef40 req-7430a0ec-7498-488c-b245-e6010d29ef40 ] Request (VolumesGetTestJSON:tearDownClass): 204 DELETE http://10.180.1.21/identity/v3/projects/95d3c01d957741319a2dff98093aff9e 0.088s
2025-05-19 19:04:20.655 70240 INFO tempest.lib.common.rest_client [req-b32780f4-3259-4bd3-b41d-8cad08a8192b req-b32780f4-3259-4bd3-b41d-8cad08a8192b ] Request (VolumesTestJSON:tearDownClass): 204 DELETE http://10.180.1.21/identity/v3/projects/a70ae25b391f49e2b3018265b8dc2bdc 0.082s
2025-05-19 19:04:20.728 70264 INFO tempest.lib.common.rest_client [req-791fb0b2-9821-4cf3-bf26-f7a32a64e142 req-791fb0b2-9821-4cf3-bf26-f7a32a64e142 ] Request (AttachInterfacesTestJSON:setUpClass): 201 POST http://10.180.1.21:9696/networking/v2.0/networks 1.387s
2025-05-19 19:04:20.766 70230 INFO tempest.lib.common.rest_client [req-c129ad2e-3a4b-47d8-9c6a-53758feb08a1 req-c129ad2e-3a4b-47d8-9c6a-53758feb08a1 ] Request (ServerRescueNegativeTestJSON:tearDownClass): 204 DELETE http://10.180.1.21:9696/networking/v2.0/routers/127edbd8-4deb-4530-ae7b-d9758e4320e9 2.019s
2025-05-19 19:04:20.776 70280 INFO tempest.lib.common.rest_client [req-fd571e77-39d9-46f9-98bf-7087492f406c req-fd571e77-39d9-46f9-98bf-7087492f406c ] Request (SecurityGroupsTestJSON:test_server_security_groups): 204 DELETE http://10.180.1.21/compute/v2.1/servers/25c6d254-c8aa-49eb-83e3-18f589842bda 0.497s
2025-05-19 19:04:20.891 70290 INFO tempest.lib.common.rest_client [req-657a9827-a972-44ac-a7ab-abade5f29112 req-657a9827-a972-44ac-a7ab-abade5f29112 ] Request (ServersTestFqdnHostnames:tearDownClass): 204 DELETE http://10.180.1.21:9696/networking/v2.0/subnets/fb728c62-1c87-4ce5-90d5-d0808be1e98b 0.578s
2025-05-19 19:04:20.916 70258 INFO tempest.lib.common.rest_client [req-e420e45a-3452-4a44-b45a-d9523e20c26c req-e420e45a-3452-4a44-b45a-d9523e20c26c ] Request (VolumesSnapshotsTestJSON:tearDownClass): 200 GET http://10.180.1.21:9696/networking/v2.0/security-groups?tenant_id=b34b5f8a11df4fc1b5ccdab2c5c2e170&name=default 0.585s
2025-05-19 19:04:21.211 70230 INFO tempest.lib.common.rest_client [req-8824c07b-0c33-4717-b98f-779dee3e66bc req-8824c07b-0c33-4717-b98f-779dee3e66bc ] Request (ServerRescueNegativeTestJSON:tearDownClass): 204 DELETE http://10.180.1.21:9696/networking/v2.0/subnets/47077488-0e17-40ba-ab8b-7e2bf69849e5 0.444s
2025-05-19 19:04:21.269 70258 INFO tempest.lib.common.rest_client [req-243e445e-f7d4-450d-9377-59919080194a req-243e445e-f7d4-450d-9377-59919080194a ] Request (VolumesSnapshotsTestJSON:tearDownClass): 204 DELETE http://10.180.1.21:9696/networking/v2.0/security-groups/213409d3-bede-4259-aefc-33114bf2305b 0.352s
2025-05-19 19:04:21.396 70290 INFO tempest.lib.common.rest_client [req-4cb958d3-6731-4f97-98a6-4458564b599c req-4cb958d3-6731-4f97-98a6-4458564b599c ] Request (ServersTestFqdnHostnames:tearDownClass): 204 DELETE http://10.180.1.21:9696/networking/v2.0/networks/229de9a9-3461-4a59-a476-f2252a8f3e52 0.504s
2025-05-19 19:04:21.401 70260 INFO tempest.lib.common.rest_client [req-b2c4d58e-f88e-448b-80b2-cd976e61c4dd req-b2c4d58e-f88e-448b-80b2-cd976e61c4dd ] Request (SecurityGroupRulesTestJSON:tearDownClass): 202 DELETE http://10.180.1.21/compute/v2.1/os-security-groups/e48c3eba-4385-43d8-bf84-c4247d40f0e1 0.995s
2025-05-19 19:04:21.412 70228 INFO tempest.lib.common.rest_client [req-14e24ef2-918b-429c-83ae-fbcbf176af39 req-14e24ef2-918b-429c-83ae-fbcbf176af39 ] Request (ServerActionsTestOtherA:tearDownClass): 204 DELETE http://10.180.1.21:9696/networking/v2.0/routers/14cec33f-7c5d-4a8b-9e79-0dca2ffe264c 1.806s
2025-05-19 19:04:21.430 70258 INFO tempest.lib.common.rest_client [req-a2b921a1-a41f-4183-befb-8cb89ad0e079 req-a2b921a1-a41f-4183-befb-8cb89ad0e079 ] Request (VolumesSnapshotsTestJSON:tearDownClass): 204 DELETE http://10.180.1.21/identity/v3/projects/b34b5f8a11df4fc1b5ccdab2c5c2e170 0.161s
2025-05-19 19:04:21.434 70266 INFO tempest.lib.common.rest_client [req-dceaae4b-826b-44db-b57a-9de086407f86 req-dceaae4b-826b-44db-b57a-9de086407f86 ] Request (DeleteServersTestJSON:test_delete_server_while_in_attached_volume): 404 GET http://10.180.1.21/compute/v2.1/servers/59ed5de1-cf44-4b65-b673-3b7a7a6ced71 0.897s
2025-05-19 19:04:21.453 70268 INFO tempest.lib.common.rest_client [req-b2bedfd7-d8ae-4376-aa14-d82ecc16c34a req-b2bedfd7-d8ae-4376-aa14-d82ecc16c34a ] Request (ServersTestBootFromVolume:tearDownClass): 200 PUT http://10.180.1.21:9696/networking/v2.0/routers/fa652bfb-c7ad-4c1c-8f26-166a39d3a1ac/remove_router_interface 2.810s
2025-05-19 19:04:21.463 70280 INFO tempest.lib.common.rest_client [req-76cff9f2-7c94-41f4-9d96-f6648cda1c51 req-76cff9f2-7c94-41f4-9d96-f6648cda1c51 ] Request (SecurityGroupsTestJSON:test_server_security_groups): 404 GET http://10.180.1.21/compute/v2.1/servers/25c6d254-c8aa-49eb-83e3-18f589842bda 0.686s
2025-05-19 19:04:21.508 70266 INFO tempest.lib.common.rest_client [req-ab456071-f6b6-4efb-8c1a-811581efe323 req-ab456071-f6b6-4efb-8c1a-811581efe323 ] Request (DeleteServersTestJSON:test_delete_server_while_in_building_state): 201 POST http://10.180.1.21/identity/v3/auth/tokens 0.065s
2025-05-19 19:04:21.508 70266 INFO tempest.lib.common.fixed_network [-] (DeleteServersTestJSON:test_delete_server_while_in_building_state) Found network {'id': 'c0903dc3-efc2-4921-9145-575777432952', 'name': 'tempest-DeleteServersTestJSON-761400457-network', 'tenant_id': '4ea9360ba8174bd3a391945ae1d4179f', 'admin_state_up': True, 'mtu': 8950, 'status': 'ACTIVE', 'subnets': [], 'shared': False, 'project_id': '4ea9360ba8174bd3a391945ae1d4179f', 'port_security_enabled': True, 'router:external': False, 'provider:network_type': 'vlan', 'provider:physical_network': 'default', 'provider:segmentation_id': 876, 'availability_zone_hints': [], 'availability_zones': [], 'ipv4_address_scope': None, 'ipv6_address_scope': None, 'description': '', 'tags': [], 'created_at': '2025-05-19T19:03:59Z', 'updated_at': '2025-05-19T19:03:59Z', 'revision_number': 1} available for tenant
2025-05-19 19:04:21.543 70290 INFO tempest.lib.common.rest_client [req-62f60158-627c-4c9c-8222-a9e28089f51a req-62f60158-627c-4c9c-8222-a9e28089f51a ] Request (ServersTestFqdnHostnames:tearDownClass): 204 DELETE http://10.180.1.21/identity/v3/users/f162789cfbd8455ba3ea8fe30b34cc4e 0.147s
2025-05-19 19:04:21.543 70290 INFO tempest.lib.common.dynamic_creds [-] Deleting project and security group for project: 88d8f0ded4f545458b2e63bb236c81ba
2025-05-19 19:04:21.601 70232 INFO tempest.lib.common.rest_client [req-010587ec-1e54-4fff-9447-0f2a716f6e51 req-010587ec-1e54-4fff-9447-0f2a716f6e51 ] Request (ServerDiskConfigTestJSON:test_rebuild_server_with_manual_disk_config): 200 GET http://10.180.1.21/compute/v2.1/servers/6546927b-0a12-4b2b-aea4-87b3b891bd33 0.472s
2025-05-19 19:04:21.609 70232 INFO tempest.common.waiters [-] State transition "BUILD/scheduling" ==> "ERROR/None" after 1 second wait
2025-05-19 19:04:21.702 70230 INFO tempest.lib.common.rest_client [req-26c71c1b-4ee7-432e-a126-4307de62c40b req-26c71c1b-4ee7-432e-a126-4307de62c40b ] Request (ServerRescueNegativeTestJSON:tearDownClass): 204 DELETE http://10.180.1.21:9696/networking/v2.0/networks/ac628d93-f043-467f-ae87-e4f70005e814 0.490s
2025-05-19 19:04:21.732 70290 INFO tempest.lib.common.rest_client [req-ad533c9c-21e2-4253-80b2-f4cca91f74a8 req-ad533c9c-21e2-4253-80b2-f4cca91f74a8 ] Request (ServersTestFqdnHostnames:tearDownClass): 200 GET http://10.180.1.21:9696/networking/v2.0/security-groups?tenant_id=88d8f0ded4f545458b2e63bb236c81ba&name=default 0.188s
2025-05-19 19:04:21.742 70282 INFO tempest.lib.common.rest_client [req-22ba3bb5-f37b-4d11-bb1b-6361921f6f89 req-22ba3bb5-f37b-4d11-bb1b-6361921f6f89 ] Request (AttachVolumeNegativeTest:test_attach_attached_volume_to_same_server): 202 POST http://10.180.1.21/compute/v2.1/servers 1.631s
2025-05-19 19:04:21.818 70230 INFO tempest.lib.common.rest_client [req-4c9e74e9-4286-4e48-abf9-a832152a8c07 req-4c9e74e9-4286-4e48-abf9-a832152a8c07 ] Request (ServerRescueNegativeTestJSON:tearDownClass): 204 DELETE http://10.180.1.21/identity/v3/users/1b66bb9955514199a7f73a758bee99f7 0.115s
2025-05-19 19:04:21.818 70230 INFO tempest.lib.common.dynamic_creds [-] Deleting project and security group for project: 1a8bd4aac5e8409da3e884bda4772504
2025-05-19 19:04:21.871 70264 INFO tempest.lib.common.rest_client [req-45cb76eb-7ab9-4914-a9e0-c174dacb6376 req-45cb76eb-7ab9-4914-a9e0-c174dacb6376 ] Request (AttachInterfacesTestJSON:setUpClass): 201 POST http://10.180.1.21:9696/networking/v2.0/subnets 1.142s
2025-05-19 19:04:21.900 70230 INFO tempest.lib.common.rest_client [req-ed1a26f5-1192-48a9-836c-543c62c01885 req-ed1a26f5-1192-48a9-836c-543c62c01885 ] Request (ServerRescueNegativeTestJSON:tearDownClass): 200 GET http://10.180.1.21:9696/networking/v2.0/security-groups?tenant_id=1a8bd4aac5e8409da3e884bda4772504&name=default 0.082s
2025-05-19 19:04:21.921 70242 INFO tempest.lib.common.rest_client [req-68883a8e-8337-42ef-82b1-49454a2f51d3 req-68883a8e-8337-42ef-82b1-49454a2f51d3 ] Request (ServersNegativeTestJSON:setUpClass): 201 POST http://10.180.1.21:9696/networking/v2.0/routers 3.115s
2025-05-19 19:04:21.939 70228 INFO tempest.lib.common.rest_client [req-1cf0df83-c4eb-4461-8686-eaec84dcca3a req-1cf0df83-c4eb-4461-8686-eaec84dcca3a ] Request (ServerActionsTestOtherA:tearDownClass): 204 DELETE http://10.180.1.21:9696/networking/v2.0/subnets/2e5f23a8-72d1-4127-af9b-9c202d91e5bc 0.526s
2025-05-19 19:04:21.965 70290 INFO tempest.lib.common.rest_client [req-504581d9-f7c3-4d92-bddf-744652b7aba6 req-504581d9-f7c3-4d92-bddf-744652b7aba6 ] Request (ServersTestFqdnHostnames:tearDownClass): 204 DELETE http://10.180.1.21:9696/networking/v2.0/security-groups/7b97bc4b-bdb3-41fc-9eee-dddbc3b7cd21 0.232s
2025-05-19 19:04:21.999 70252 INFO tempest.lib.common.rest_client [req-d805979c-a438-456b-ba09-7daaf4e8705a req-d805979c-a438-456b-ba09-7daaf4e8705a ] Request (ServerGroupTestJSON:tearDownClass): 200 PUT http://10.180.1.21:9696/networking/v2.0/routers/ee117184-0922-4d0d-8e70-05b63daecb5c/remove_router_interface 3.248s
2025-05-19 19:04:22.006 70260 INFO tempest.lib.common.rest_client [req-f755bfa8-ad89-42dd-9d07-896d9e12df60 req-f755bfa8-ad89-42dd-9d07-896d9e12df60 ] Request (SecurityGroupRulesTestJSON:tearDownClass): 202 DELETE http://10.180.1.21/compute/v2.1/os-security-groups/bb97a60c-ff20-46ea-bdd7-8f9be2dff318 0.604s
2025-05-19 19:04:22.096 70290 INFO tempest.lib.common.rest_client [req-a8e2a725-a4c9-459c-84cb-2b0f24890933 req-a8e2a725-a4c9-459c-84cb-2b0f24890933 ] Request (ServersTestFqdnHostnames:tearDownClass): 204 DELETE http://10.180.1.21/identity/v3/projects/88d8f0ded4f545458b2e63bb236c81ba 0.131s
2025-05-19 19:04:22.168 70254 INFO tempest.lib.common.rest_client [req-06d6a082-c5c9-48b5-923d-3f708af9568c req-06d6a082-c5c9-48b5-923d-3f708af9568c ] Request (ServersTestJSON:test_create_server_with_ipv6_addr_only): 200 GET http://10.180.1.21/compute/v2.1/servers/f3449cb4-84fd-49be-ba9a-e6e28320c52b 0.669s
2025-05-19 19:04:22.172 70230 INFO tempest.lib.common.rest_client [req-cf6d5fca-8e5c-4a5f-ba5b-97964cdba4bb req-cf6d5fca-8e5c-4a5f-ba5b-97964cdba4bb ] Request (ServerRescueNegativeTestJSON:tearDownClass): 204 DELETE http://10.180.1.21:9696/networking/v2.0/security-groups/53338e1c-320e-436f-bb75-768ed9c158b9 0.271s
2025-05-19 19:04:22.182 70254 INFO tempest.common.waiters [-] State transition "BUILD/scheduling" ==> "ERROR/None" after 2 second wait
2025-05-19 19:04:22.275 70280 INFO tempest.lib.common.rest_client [req-dadda4d8-ac10-4e10-a211-f85794f402b9 req-dadda4d8-ac10-4e10-a211-f85794f402b9 ] Request (SecurityGroupsTestJSON:test_update_security_groups): 200 POST http://10.180.1.21/compute/v2.1/os-security-groups 0.810s
2025-05-19 19:04:22.325 70230 INFO tempest.lib.common.rest_client [req-a3004075-2b37-47c2-a699-3ecc5379efdc req-a3004075-2b37-47c2-a699-3ecc5379efdc ] Request (ServerRescueNegativeTestJSON:tearDownClass): 204 DELETE http://10.180.1.21/identity/v3/projects/1a8bd4aac5e8409da3e884bda4772504 0.152s
2025-05-19 19:04:22.351 70238 INFO tempest.lib.common.rest_client [req-760c681a-e94c-448f-8277-8425ee79ef4c req-760c681a-e94c-448f-8277-8425ee79ef4c ] Request (AttachVolumeShelveTestJSON:tearDownClass): 200 PUT http://10.180.1.21:9696/networking/v2.0/routers/a46b7dca-3f8b-49ae-b9d3-d93442549625/remove_router_interface 3.132s
2025-05-19 19:04:22.529 70232 INFO tempest.lib.common.rest_client [req-2772175c-86c9-45f8-98eb-a7b07d5ba94e req-2772175c-86c9-45f8-98eb-a7b07d5ba94e ] Request (ServerDiskConfigTestJSON:test_rebuild_server_with_manual_disk_config): 204 DELETE http://10.180.1.21/compute/v2.1/servers/6546927b-0a12-4b2b-aea4-87b3b891bd33 0.919s
2025-05-19 19:04:22.703 70282 INFO tempest.lib.common.rest_client [req-0cc8eabd-5d33-4816-94ed-68a662bfcb1f req-0cc8eabd-5d33-4816-94ed-68a662bfcb1f ] Request (AttachVolumeNegativeTest:test_attach_attached_volume_to_same_server): 200 GET http://10.180.1.21/compute/v2.1/servers/e8aef607-35ba-4edf-a3f7-33f7a9d6e52b 0.959s
2025-05-19 19:04:22.768 70228 INFO tempest.lib.common.rest_client [req-e4045dde-b132-41af-b7f5-ce161c87083f req-e4045dde-b132-41af-b7f5-ce161c87083f ] Request (ServerActionsTestOtherA:tearDownClass): 204 DELETE http://10.180.1.21:9696/networking/v2.0/networks/0616da8b-123b-4cbf-a4ae-b6057ab2a0be 0.829s
2025-05-19 19:04:22.872 70228 INFO tempest.lib.common.rest_client [req-92e90014-50ba-447d-93ee-1d5bc508cf41 req-92e90014-50ba-447d-93ee-1d5bc508cf41 ] Request (ServerActionsTestOtherA:tearDownClass): 204 DELETE http://10.180.1.21/identity/v3/users/fbce5568a22e4703b7908cca904d95dd 0.103s
2025-05-19 19:04:22.872 70228 INFO tempest.lib.common.dynamic_creds [-] Deleting project and security group for project: 493cac0484b34082a683f3b32bfb214d
2025-05-19 19:04:22.988 70228 INFO tempest.lib.common.rest_client [req-8fffa266-6ea9-40f2-86bb-288b40cbc6c8 req-8fffa266-6ea9-40f2-86bb-288b40cbc6c8 ] Request (ServerActionsTestOtherA:tearDownClass): 200 GET http://10.180.1.21:9696/networking/v2.0/security-groups?tenant_id=493cac0484b34082a683f3b32bfb214d&name=default 0.115s
2025-05-19 19:04:23.127 70260 INFO tempest.lib.common.rest_client [req-c457a1c1-9609-4137-88bd-54826849bf53 req-c457a1c1-9609-4137-88bd-54826849bf53 ] Request (SecurityGroupRulesTestJSON:tearDownClass): 202 DELETE http://10.180.1.21/compute/v2.1/os-security-groups/6f2a01f3-b33c-4636-a5ea-89306f9e24e2 1.120s
2025-05-19 19:04:23.232 70268 INFO tempest.lib.common.rest_client [req-356c6a4b-192c-4c38-90e0-91ade5f20f43 req-356c6a4b-192c-4c38-90e0-91ade5f20f43 ] Request (ServersTestBootFromVolume:tearDownClass): 204 DELETE http://10.180.1.21:9696/networking/v2.0/routers/fa652bfb-c7ad-4c1c-8f26-166a39d3a1ac 1.778s
2025-05-19 19:04:23.256 70228 INFO tempest.lib.common.rest_client [req-e3ed7f21-56f0-486d-bc92-2a232415b36c req-e3ed7f21-56f0-486d-bc92-2a232415b36c ] Request (ServerActionsTestOtherA:tearDownClass): 204 DELETE http://10.180.1.21:9696/networking/v2.0/security-groups/879668c3-9209-40da-be57-37b3542d9aef 0.267s
2025-05-19 19:04:23.288 70266 INFO tempest.lib.common.rest_client [req-778a519b-4765-47de-826b-ce952a498370 req-778a519b-4765-47de-826b-ce952a498370 ] Request (DeleteServersTestJSON:test_delete_server_while_in_building_state): 202 POST http://10.180.1.21/compute/v2.1/servers 1.779s
2025-05-19 19:04:23.339 70238 INFO tempest.lib.common.rest_client [req-888b598b-7f9b-4428-9c0b-38959c93d156 req-888b598b-7f9b-4428-9c0b-38959c93d156 ] Request (AttachVolumeShelveTestJSON:tearDownClass): 204 DELETE http://10.180.1.21:9696/networking/v2.0/routers/a46b7dca-3f8b-49ae-b9d3-d93442549625 0.987s
2025-05-19 19:04:23.383 70254 INFO tempest.lib.common.rest_client [req-a59f96e4-1ad1-4b2b-ac6b-416eb19a6683 req-a59f96e4-1ad1-4b2b-ac6b-416eb19a6683 ] Request (ServersTestJSON:test_create_server_with_ipv6_addr_only): 204 DELETE http://10.180.1.21/compute/v2.1/servers/f3449cb4-84fd-49be-ba9a-e6e28320c52b 1.200s
2025-05-19 19:04:23.403 70232 INFO tempest.lib.common.rest_client [req-8e2defbd-8218-4fc7-a4b7-fa59f4778d73 req-8e2defbd-8218-4fc7-a4b7-fa59f4778d73 ] Request (ServerDiskConfigTestJSON:test_rebuild_server_with_manual_disk_config): 404 GET http://10.180.1.21/compute/v2.1/servers/6546927b-0a12-4b2b-aea4-87b3b891bd33 0.874s
2025-05-19 19:04:23.403 70228 INFO tempest.lib.common.rest_client [req-638120dc-e091-4e96-83d4-c9938ffbd679 req-638120dc-e091-4e96-83d4-c9938ffbd679 ] Request (ServerActionsTestOtherA:tearDownClass): 204 DELETE http://10.180.1.21/identity/v3/projects/493cac0484b34082a683f3b32bfb214d 0.147s
2025-05-19 19:04:23.463 70232 INFO tempest.lib.common.rest_client [req-31113e86-5e46-4fa6-86ef-b7c9b23022b0 req-31113e86-5e46-4fa6-86ef-b7c9b23022b0 ] Request (ServerDiskConfigTestJSON:test_resize_server_from_auto_to_manual): 201 POST http://10.180.1.21/identity/v3/auth/tokens 0.052s
2025-05-19 19:04:23.464 70232 INFO tempest.lib.common.fixed_network [-] (ServerDiskConfigTestJSON:test_resize_server_from_auto_to_manual) Found network {'id': '2e9b292e-ef34-4920-8366-ab8e77230e28', 'name': 'tempest-ServerDiskConfigTestJSON-2142038074-network', 'tenant_id': '5c94ef79642041e2a7ab1babf015f309', 'admin_state_up': True, 'mtu': 8950, 'status': 'ACTIVE', 'subnets': [], 'shared': False, 'project_id': '5c94ef79642041e2a7ab1babf015f309', 'port_security_enabled': True, 'router:external': False, 'provider:network_type': 'vlan', 'provider:physical_network': 'default', 'provider:segmentation_id': 678, 'availability_zone_hints': [], 'availability_zones': [], 'ipv4_address_scope': None, 'ipv6_address_scope': None, 'description': '', 'tags': [], 'created_at': '2025-05-19T19:04:08Z', 'updated_at': '2025-05-19T19:04:08Z', 'revision_number': 1} available for tenant
2025-05-19 19:04:23.474 70228 INFO tempest.lib.common.rest_client [req-61063a16-c75a-499c-b96c-ab6a148a8d11 req-61063a16-c75a-499c-b96c-ab6a148a8d11 ] Request (ServerShowV263Test:setUpClass): 201 POST http://10.180.1.21/identity/v3/auth/tokens 0.066s
2025-05-19 19:04:23.505 70228 INFO tempest.lib.common.rest_client [req-b2aa8641-de38-4c33-a5f6-2752f2a970a3 req-b2aa8641-de38-4c33-a5f6-2752f2a970a3 ] Request (ServerShowV263Test:setUpClass): 201 POST http://10.180.1.21/identity/v3/auth/tokens 0.028s
2025-05-19 19:04:23.536 70228 INFO tempest.lib.common.rest_client [req-c88c99c1-e334-4e5a-9f85-05a5be4d8431 req-c88c99c1-e334-4e5a-9f85-05a5be4d8431 ] Request (ServerShowV263Test:setUpClass): 200 GET http://10.180.1.21/identity/v3/domains?name=Default 0.030s
2025-05-19 19:04:23.557 70280 INFO tempest.lib.common.rest_client [req-a02b0d43-5e7c-4e7e-be36-4531b3a37e9c req-a02b0d43-5e7c-4e7e-be36-4531b3a37e9c ] Request (SecurityGroupsTestJSON:test_update_security_groups): 200 PUT http://10.180.1.21/compute/v2.1/os-security-groups/150be184-380d-4d06-897e-6e0be85e63bb 1.278s
2025-05-19 19:04:23.580 70264 INFO tempest.lib.common.rest_client [req-ec277621-7bb6-4dd3-aa17-2045fffbe6b2 req-ec277621-7bb6-4dd3-aa17-2045fffbe6b2 ] Request (AttachInterfacesTestJSON:setUpClass): 201 POST http://10.180.1.21:9696/networking/v2.0/routers 1.709s
2025-05-19 19:04:23.581 70228 INFO tempest.lib.common.rest_client [req-e6e30b49-4ec3-4511-9222-76d005ea8a0c req-e6e30b49-4ec3-4511-9222-76d005ea8a0c ] Request (ServerShowV263Test:setUpClass): 201 POST http://10.180.1.21/identity/v3/projects 0.045s
2025-05-19 19:04:23.637 70266 INFO tempest.lib.common.rest_client [req-d5d1b896-bd5a-4abb-92d0-654f364cd379 req-d5d1b896-bd5a-4abb-92d0-654f364cd379 ] Request (DeleteServersTestJSON:test_delete_server_while_in_building_state): 200 GET http://10.180.1.21/compute/v2.1/servers/89a143e9-7bc6-4aab-9478-a23c8f9652fe 0.346s
2025-05-19 19:04:23.641 70268 INFO tempest.lib.common.rest_client [req-3c24550a-eb54-47fc-b7bf-2b437af1afcb req-3c24550a-eb54-47fc-b7bf-2b437af1afcb ] Request (ServersTestBootFromVolume:tearDownClass): 204 DELETE http://10.180.1.21:9696/networking/v2.0/subnets/04e43b74-158f-4523-9d3a-57b89e76956d 0.408s
2025-05-19 19:04:23.645 70238 INFO tempest.lib.common.rest_client [req-0869b452-950b-4877-b749-ca573ac9fd0d req-0869b452-950b-4877-b749-ca573ac9fd0d ] Request (AttachVolumeShelveTestJSON:tearDownClass): 204 DELETE http://10.180.1.21:9696/networking/v2.0/subnets/41319873-070a-4140-ad65-f9feafe4c957 0.306s
2025-05-19 19:04:23.652 70228 INFO tempest.lib.common.rest_client [req-f3ee2a86-181c-4c9b-8a32-613c289130b0 req-f3ee2a86-181c-4c9b-8a32-613c289130b0 ] Request (ServerShowV263Test:setUpClass): 201 POST http://10.180.1.21/identity/v3/users 0.071s
2025-05-19 19:04:23.661 70254 INFO tempest.lib.common.rest_client [req-08880c5e-9413-41e8-9cee-8415afd00e8b req-08880c5e-9413-41e8-9cee-8415afd00e8b ] Request (ServersTestJSON:test_create_server_with_ipv6_addr_only): 404 GET http://10.180.1.21/compute/v2.1/servers/f3449cb4-84fd-49be-ba9a-e6e28320c52b 0.275s
2025-05-19 19:04:23.678 70228 INFO tempest.lib.common.rest_client [req-787eca9a-5263-478f-a7b8-790cc97f53cc req-787eca9a-5263-478f-a7b8-790cc97f53cc ] Request (ServerShowV263Test:setUpClass): 200 GET http://10.180.1.21/identity/v3/roles 0.025s
2025-05-19 19:04:23.701 70252 INFO tempest.lib.common.rest_client [req-9c2640cf-8a47-4386-805c-b17c73d426c0 req-9c2640cf-8a47-4386-805c-b17c73d426c0 ] Request (ServerGroupTestJSON:tearDownClass): 204 DELETE http://10.180.1.21:9696/networking/v2.0/routers/ee117184-0922-4d0d-8e70-05b63daecb5c 1.702s
2025-05-19 19:04:23.720 70228 INFO tempest.lib.common.rest_client [req-ea8b8648-b89d-42ad-86cc-ce716f62e27b req-ea8b8648-b89d-42ad-86cc-ce716f62e27b ] Request (ServerShowV263Test:setUpClass): 204 PUT http://10.180.1.21/identity/v3/projects/4fc79b58373347c69d509c63c261da60/users/45a0469c4d964547bc04ee89baafe00e/roles/4e1a9b2a63ec43869e9293a3733349e0 0.040s
2025-05-19 19:04:23.720 70228 INFO tempest.lib.common.dynamic_creds [-] Dynamic test user 45a0469c4d964547bc04ee89baafe00e is created with scope project and roles: ['member']
2025-05-19 19:04:23.720 70228 INFO tempest.lib.common.dynamic_creds [-] Acquired dynamic creds: credentials: Credentials: {'domain_id': 'default', 'domain_name': 'Default', 'username': 'tempest-ServerShowV263Test-600860346-project-member', 'project_domain_id': 'default', 'project_domain_name': 'Default', 'project_id': '4fc79b58373347c69d509c63c261da60', 'project_name': 'tempest-ServerShowV263Test-600860346', 'tenant_id': '4fc79b58373347c69d509c63c261da60', 'tenant_name': 'tempest-ServerShowV263Test-600860346', 'user_domain_id': 'default', 'user_domain_name': 'Default', 'user_id': '45a0469c4d964547bc04ee89baafe00e', 'system': None}, Network: None, Subnet: None, Router: None
2025-05-19 19:04:23.720 70228 INFO tempest.lib.common.dynamic_creds [-] Created isolated network resources for: credentials: Credentials: {'domain_id': 'default', 'domain_name': 'Default', 'username': 'tempest-ServerShowV263Test-600860346-project-member', 'project_domain_id': 'default', 'project_domain_name': 'Default', 'project_id': '4fc79b58373347c69d509c63c261da60', 'project_name': 'tempest-ServerShowV263Test-600860346', 'tenant_id': '4fc79b58373347c69d509c63c261da60', 'tenant_name': 'tempest-ServerShowV263Test-600860346', 'user_domain_id': 'default', 'user_domain_name': 'Default', 'user_id': '45a0469c4d964547bc04ee89baafe00e', 'system': None}, Network: None, Subnet: None, Router: None
2025-05-19 19:04:23.759 70260 INFO tempest.lib.common.rest_client [req-dee8d132-62e0-4572-911e-d7d595be75e1 req-dee8d132-62e0-4572-911e-d7d595be75e1 ] Request (SecurityGroupRulesTestJSON:tearDownClass): 202 DELETE http://10.180.1.21/compute/v2.1/os-security-groups/3cf13cec-1931-4c72-98c5-5dfa0d385add 0.631s
2025-05-19 19:04:23.786 70278 INFO tempest.lib.common.rest_client [req-4be6cf00-1519-468a-82db-dc44e6d7250d req-4be6cf00-1519-468a-82db-dc44e6d7250d ] Request (InstanceActionsNegativeTestJSON:setUpClass): 201 POST http://10.180.1.21:9696/networking/v2.0/routers 3.263s
2025-05-19 19:04:23.824 70228 INFO tempest.lib.common.rest_client [req-dcb7c4ec-1d57-4a77-a380-1127a9e5265e req-dcb7c4ec-1d57-4a77-a380-1127a9e5265e ] Request (ServerShowV263Test:setUpClass): 201 POST http://10.180.1.21/identity/v3/auth/tokens 0.097s
2025-05-19 19:04:23.832 70280 INFO tempest.lib.common.rest_client [req-00f6cd42-d9b2-4d37-a803-040eec7db120 req-00f6cd42-d9b2-4d37-a803-040eec7db120 ] Request (SecurityGroupsTestJSON:test_update_security_groups): 200 GET http://10.180.1.21/compute/v2.1/os-security-groups/150be184-380d-4d06-897e-6e0be85e63bb 0.272s
2025-05-19 19:04:23.903 70228 INFO tempest.lib.common.rest_client [req-192813ec-4f94-4a48-97c3-26f66b4dbc44 req-192813ec-4f94-4a48-97c3-26f66b4dbc44 ] Request (ServerShowV263Test:setUpClass): 200 GET http://10.180.1.21/identity/v3/projects/4fc79b58373347c69d509c63c261da60 0.077s
2025-05-19 19:04:23.905 70228 INFO tempest.lib.common.dynamic_creds [-] Using the existing project 4fc79b58373347c69d509c63c261da60 for scope project and roles: ['reader']
2025-05-19 19:04:23.940 70228 INFO tempest.lib.common.rest_client [req-1defbaf6-d229-42a3-bcdf-8bcadce218f9 req-1defbaf6-d229-42a3-bcdf-8bcadce218f9 ] Request (ServerShowV263Test:setUpClass): 201 POST http://10.180.1.21/identity/v3/users 0.034s
2025-05-19 19:04:23.943 70266 INFO tempest.lib.common.rest_client [req-c59b1eb5-bffc-4e0c-9395-a2ca7d735eb1 req-c59b1eb5-bffc-4e0c-9395-a2ca7d735eb1 ] Request (DeleteServersTestJSON:test_delete_server_while_in_building_state): 204 DELETE http://10.180.1.21/compute/v2.1/servers/89a143e9-7bc6-4aab-9478-a23c8f9652fe 0.297s
2025-05-19 19:04:23.965 70228 INFO tempest.lib.common.rest_client [req-e4b60b7b-4640-4559-aec1-b24e7a4c8262 req-e4b60b7b-4640-4559-aec1-b24e7a4c8262 ] Request (ServerShowV263Test:setUpClass): 200 GET http://10.180.1.21/identity/v3/roles 0.025s
2025-05-19 19:04:23.978 70254 INFO tempest.lib.common.rest_client [req-7790c7ba-7330-40ad-8d36-6c063cf0bb8a req-7790c7ba-7330-40ad-8d36-6c063cf0bb8a ] Request (ServersTestJSON:test_create_specify_keypair): 200 POST http://10.180.1.21/compute/v2.1/os-keypairs 0.315s
2025-05-19 19:04:24.005 70228 INFO tempest.lib.common.rest_client [req-aca7b8ed-4b37-4fc5-bb6e-6d2bedabed4c req-aca7b8ed-4b37-4fc5-bb6e-6d2bedabed4c ] Request (ServerShowV263Test:setUpClass): 204 PUT http://10.180.1.21/identity/v3/projects/4fc79b58373347c69d509c63c261da60/users/40848599a3d94160b51545c182ddcee9/roles/6ecd168cb54f467fa4fe3b4859ac0830 0.039s
2025-05-19 19:04:24.005 70228 INFO tempest.lib.common.dynamic_creds [-] Dynamic test user 40848599a3d94160b51545c182ddcee9 is created with scope project and roles: ['reader']
2025-05-19 19:04:24.005 70228 INFO tempest.lib.common.dynamic_creds [-] Acquired dynamic creds: credentials: Credentials: {'domain_id': 'default', 'domain_name': 'Default', 'username': 'tempest-ServerShowV263Test-600860346-project-reader', 'project_domain_id': 'default', 'project_domain_name': 'Default', 'project_id': '4fc79b58373347c69d509c63c261da60', 'project_name': 'tempest-ServerShowV263Test-600860346', 'tenant_id': '4fc79b58373347c69d509c63c261da60', 'tenant_name': 'tempest-ServerShowV263Test-600860346', 'user_domain_id': 'default', 'user_domain_name': 'Default', 'user_id': '40848599a3d94160b51545c182ddcee9', 'system': None}, Network: None, Subnet: None, Router: None
2025-05-19 19:04:24.006 70228 INFO tempest.lib.common.dynamic_creds [-] Network resources are not created for requested scope: project and credentials: Credentials: {'domain_id': 'default', 'domain_name': 'Default', 'username': 'tempest-ServerShowV263Test-600860346-project-reader', 'project_domain_id': 'default', 'project_domain_name': 'Default', 'project_id': '4fc79b58373347c69d509c63c261da60', 'project_name': 'tempest-ServerShowV263Test-600860346', 'tenant_id': '4fc79b58373347c69d509c63c261da60', 'tenant_name': 'tempest-ServerShowV263Test-600860346', 'user_domain_id': 'default', 'user_domain_name': 'Default', 'user_id': '40848599a3d94160b51545c182ddcee9', 'system': None}, Network: None, Subnet: None, Router: None
2025-05-19 19:04:24.051 70282 INFO tempest.lib.common.rest_client [req-1baca115-5260-4f2b-811c-16ead4fdca44 req-1baca115-5260-4f2b-811c-16ead4fdca44 ] Request (AttachVolumeNegativeTest:test_attach_attached_volume_to_same_server): 200 GET http://10.180.1.21/compute/v2.1/servers/e8aef607-35ba-4edf-a3f7-33f7a9d6e52b 0.339s
2025-05-19 19:04:24.097 70228 INFO tempest.lib.common.rest_client [req-dddc69f8-d384-48b0-b396-e66183a38d66 req-dddc69f8-d384-48b0-b396-e66183a38d66 ] Request (ServerShowV263Test:setUpClass): 201 POST http://10.180.1.21/identity/v3/auth/tokens 0.088s
2025-05-19 19:04:24.220 70228 INFO tempest.lib.common.rest_client [req-6471a114-0ac8-4bc2-9983-9a8125767a41 req-6471a114-0ac8-4bc2-9983-9a8125767a41 ] Request (ServerShowV263Test:tearDownClass): 204 DELETE http://10.180.1.21/identity/v3/users/45a0469c4d964547bc04ee89baafe00e 0.117s
2025-05-19 19:04:24.276 70232 INFO tempest.lib.common.rest_client [req-98363b7c-ebf6-4faf-9e9f-bb7e9bc762b8 req-98363b7c-ebf6-4faf-9e9f-bb7e9bc762b8 ] Request (ServerDiskConfigTestJSON:test_resize_server_from_auto_to_manual): 202 POST http://10.180.1.21/compute/v2.1/servers 0.812s
2025-05-19 19:04:24.300 70280 INFO tempest.lib.common.rest_client [req-afbcc1a9-5c08-44d6-b077-8a61d9054f27 req-afbcc1a9-5c08-44d6-b077-8a61d9054f27 ] Request (SecurityGroupsTestJSON:tearDownClass): 202 DELETE http://10.180.1.21/compute/v2.1/os-security-groups/150be184-380d-4d06-897e-6e0be85e63bb 0.461s
2025-05-19 19:04:24.305 70266 INFO tempest.lib.common.rest_client [req-c3e18d50-a89f-4682-8442-783220781396 req-c3e18d50-a89f-4682-8442-783220781396 ] Request (DeleteServersTestJSON:test_delete_server_while_in_building_state): 404 GET http://10.180.1.21/compute/v2.1/servers/89a143e9-7bc6-4aab-9478-a23c8f9652fe 0.361s
2025-05-19 19:04:24.316 70252 INFO tempest.lib.common.rest_client [req-cbfbd49a-9c26-4eae-a05f-4bb8b766531f req-cbfbd49a-9c26-4eae-a05f-4bb8b766531f ] Request (ServerGroupTestJSON:tearDownClass): 204 DELETE http://10.180.1.21:9696/networking/v2.0/subnets/f7fbdefd-c566-4646-9743-966e107309ad 0.613s
2025-05-19 19:04:24.319 70254 INFO tempest.lib.common.rest_client [req-500692ea-27de-442e-bed5-47eb0494c4c4 req-500692ea-27de-442e-bed5-47eb0494c4c4 ] Request (ServersTestJSON:test_create_specify_keypair): 200 GET http://10.180.1.21/compute/v2.1/os-keypairs 0.339s
2025-05-19 19:04:24.352 70228 INFO tempest.lib.common.rest_client [req-f6a86fcc-a1b2-4a09-b393-44c3cc3951da req-f6a86fcc-a1b2-4a09-b393-44c3cc3951da ] Request (ServerShowV263Test:tearDownClass): 204 DELETE http://10.180.1.21/identity/v3/users/40848599a3d94160b51545c182ddcee9 0.131s
2025-05-19 19:04:24.352 70228 INFO tempest.lib.common.dynamic_creds [-] Deleting project and security group for project: 4fc79b58373347c69d509c63c261da60
2025-05-19 19:04:24.361 70242 INFO tempest.lib.common.rest_client [req-9cc6f075-37a6-4b55-b2a2-a4d479c445f3 req-9cc6f075-37a6-4b55-b2a2-a4d479c445f3 ] Request (ServersNegativeTestJSON:setUpClass): 200 PUT http://10.180.1.21:9696/networking/v2.0/routers/0012a609-8b47-4b15-861f-5cb5ab25f413/add_router_interface 2.440s
2025-05-19 19:04:24.362 70242 INFO tempest.lib.common.dynamic_creds [-] Created isolated network resources for: credentials: Credentials: {'domain_id': 'default', 'domain_name': 'Default', 'username': 'tempest-ServersNegativeTestJSON-1421344119-project-member', 'project_domain_id': 'default', 'project_domain_name': 'Default', 'project_id': '7505ab01768d450591c071f9ab4aafdc', 'project_name': 'tempest-ServersNegativeTestJSON-1421344119', 'tenant_id': '7505ab01768d450591c071f9ab4aafdc', 'tenant_name': 'tempest-ServersNegativeTestJSON-1421344119', 'user_domain_id': 'default', 'user_domain_name': 'Default', 'user_id': '8eaacb6dd2c24ec0b71f7290841a6c9a', 'system': None}, Network: {'id': '9d245391-7581-4523-92c5-a6c53b575516', 'name': 'tempest-ServersNegativeTestJSON-1156693054-network', 'tenant_id': '7505ab01768d450591c071f9ab4aafdc', 'admin_state_up': True, 'mtu': 8950, 'status': 'ACTIVE', 'subnets': [], 'shared': False, 'project_id': '7505ab01768d450591c071f9ab4aafdc', 'port_security_enabled': True, 'router:external': False, 'provider:network_type': 'vlan', 'provider:physical_network': 'default', 'provider:segmentation_id': 772, 'availability_zone_hints': [], 'availability_zones': [], 'ipv4_address_scope': None, 'ipv6_address_scope': None, 'description': '', 'tags': [], 'created_at': '2025-05-19T19:04:17Z', 'updated_at': '2025-05-19T19:04:17Z', 'revision_number': 1}, Subnet: {'id': 'faa80b15-d15c-43b3-9bd7-5c0fa047e233', 'name': 'tempest-ServersNegativeTestJSON-1156693054-subnet', 'tenant_id': '7505ab01768d450591c071f9ab4aafdc', 'network_id': '9d245391-7581-4523-92c5-a6c53b575516', 'ip_version': 4, 'subnetpool_id': None, 'enable_dhcp': True, 'ipv6_ra_mode': None, 'ipv6_address_mode': None, 'gateway_ip': '192.168.128.1', 'cidr': '192.168.128.0/28', 'allocation_pools': [{'start': '192.168.128.2', 'end': '192.168.128.14'}], 'host_routes': [], 'dns_nameservers': [], 'description': '', 'router:external': False, 'service_types': [], 'tags': [], 'created_at': '2025-05-19T19:04:18Z', 'updated_at': '2025-05-19T19:04:18Z', 'revision_number': 0, 'project_id': '7505ab01768d450591c071f9ab4aafdc'}, Router: {'id': '0012a609-8b47-4b15-861f-5cb5ab25f413', 'name': 'tempest-ServersNegativeTestJSON-1156693054-router', 'tenant_id': '7505ab01768d450591c071f9ab4aafdc', 'admin_state_up': True, 'status': 'ACTIVE', 'external_gateway_info': {'network_id': '753d41e2-1849-4814-8159-9c60e06d00c1', 'external_fixed_ips': [{'subnet_id': '12401943-0a10-4694-9201-3dfae86c7c15', 'ip_address': '10.180.180.199'}], 'enable_snat': True}, 'description': '', 'availability_zones': [], 'distributed': False, 'ha': False, 'availability_zone_hints': [], 'routes': [], 'flavor_id': None, 'tags': [], 'created_at': '2025-05-19T19:04:18Z', 'updated_at': '2025-05-19T19:04:20Z', 'revision_number': 2, 'project_id': '7505ab01768d450591c071f9ab4aafdc'}
2025-05-19 19:04:24.397 70268 INFO tempest.lib.common.rest_client [req-629500c4-547e-48fb-9dd6-509461964192 req-629500c4-547e-48fb-9dd6-509461964192 ] Request (ServersTestBootFromVolume:tearDownClass): 204 DELETE http://10.180.1.21:9696/networking/v2.0/networks/b7dc7a39-aeac-4336-a371-d2a3f71a939e 0.756s
