2025-05-19 19:02:13.323 70266 WARNING oslo_config.cfg [-] Deprecated: Option "import_image" from group "image-feature-enabled" is deprecated for removal (Issue with image import in WSGI mode was fixed in Victoria, and this feature works in any deployment architecture now.). Its value may be silently ignored in the future.
2025-05-19 19:02:13.323 70266 WARNING oslo_config.cfg [-] Deprecated: Option "os_glance_reserved" from group "image-feature-enabled" is deprecated for removal (os_glance namespace is always reserved since Wallaby). Its value may be silently ignored in the future.
2025-05-19 19:02:13.325 70278 WARNING oslo_config.cfg [-] Deprecated: Option "auth_version" from group "identity" is deprecated for removal (Identity v2 API was removed and v3 is the only available identity API version now). Its value may be silently ignored in the future.
2025-05-19 19:02:13.326 70278 WARNING oslo_config.cfg [-] Deprecated: Option "access_rules" from group "identity-feature-enabled" is deprecated for removal (Access rules for application credentials is a default feature since Train). Its value may be silently ignored in the future.
2025-05-19 19:02:13.333 70242 INFO tempest.lib.common.rest_client [req-e98a37a8-f40f-4b79-900f-3a2673697948 req-e98a37a8-f40f-4b79-900f-3a2673697948 ] Request (FlavorsAccessNegativeTestJSON:setUpClass): 204 PUT http://10.180.1.21/identity/v3/projects/fc4390f700ef4c7bb3d52a5cb9672cbd/users/43ed88cf5c5f40fcb1a5b013ac52cf86/roles/e2ecee176e3d48008ae8f3669dc760bd 0.060s
2025-05-19 19:02:13.336 70262 WARNING oslo_config.cfg [-] Deprecated: Option "auth_version" from group "identity" is deprecated for removal (Identity v2 API was removed and v3 is the only available identity API version now). Its value may be silently ignored in the future.
2025-05-19 19:02:13.337 70262 WARNING oslo_config.cfg [-] Deprecated: Option "access_rules" from group "identity-feature-enabled" is deprecated for removal (Access rules for application credentials is a default feature since Train). Its value may be silently ignored in the future.
2025-05-19 19:02:13.334 70278 WARNING oslo_config.cfg [-] Deprecated: Option "import_image" from group "image-feature-enabled" is deprecated for removal (Issue with image import in WSGI mode was fixed in Victoria, and this feature works in any deployment architecture now.). Its value may be silently ignored in the future.
2025-05-19 19:02:13.338 70278 WARNING oslo_config.cfg [-] Deprecated: Option "os_glance_reserved" from group "image-feature-enabled" is deprecated for removal (os_glance namespace is always reserved since Wallaby). Its value may be silently ignored in the future.
2025-05-19 19:02:13.359 70262 WARNING oslo_config.cfg [-] Deprecated: Option "import_image" from group "image-feature-enabled" is deprecated for removal (Issue with image import in WSGI mode was fixed in Victoria, and this feature works in any deployment architecture now.). Its value may be silently ignored in the future.
2025-05-19 19:02:13.359 70262 WARNING oslo_config.cfg [-] Deprecated: Option "os_glance_reserved" from group "image-feature-enabled" is deprecated for removal (os_glance namespace is always reserved since Wallaby). Its value may be silently ignored in the future.
2025-05-19 19:02:13.360 70238 INFO tempest.lib.common.rest_client [req-86fdf741-d5fb-478d-a437-a154bb6d0f49 req-86fdf741-d5fb-478d-a437-a154bb6d0f49 ] Request (FlavorsAdminTestJSON:test_create_flavor_using_string_ram): 200 POST http://10.180.1.21/compute/v2.1/flavors 0.138s
2025-05-19 19:02:13.374 70264 INFO tempest.lib.common.rest_client [req-ceeadb46-3790-424b-a670-c1437de5b1f4 req-ceeadb46-3790-424b-a670-c1437de5b1f4 ] Request (QuotasAdminTestV236:setUpClass): 200 GET http://10.180.1.21/identity/v3/domains?name=Default 0.072s
2025-05-19 19:02:13.389 70242 INFO tempest.lib.common.rest_client [req-4e266274-a9f8-4050-89c2-83ee46998fb8 req-4e266274-a9f8-4050-89c2-83ee46998fb8 ] Request (FlavorsAccessNegativeTestJSON:setUpClass): 200 GET http://10.180.1.21/identity/v3/roles 0.056s
2025-05-19 19:02:13.392 70240 INFO tempest.lib.common.rest_client [req-5bce6718-e5ad-4381-b80d-0a361129c0aa req-5bce6718-e5ad-4381-b80d-0a361129c0aa ] Request (FlavorsV255TestJSON:setUpClass): 201 POST http://10.180.1.21/identity/v3/auth/tokens 0.117s
2025-05-19 19:02:13.407 70242 INFO tempest.lib.common.rest_client [req-a0b89669-71be-4753-9f22-d52bb310cb71 req-a0b89669-71be-4753-9f22-d52bb310cb71 ] Request (FlavorsAccessNegativeTestJSON:setUpClass): 204 PUT http://10.180.1.21/identity/v3/projects/fc4390f700ef4c7bb3d52a5cb9672cbd/users/43ed88cf5c5f40fcb1a5b013ac52cf86/roles/e2ecee176e3d48008ae8f3669dc760bd 0.017s
2025-05-19 19:02:13.408 70242 INFO tempest.lib.common.dynamic_creds [-] Dynamic test user 43ed88cf5c5f40fcb1a5b013ac52cf86 is created with scope project and roles: ['admin']
2025-05-19 19:02:13.408 70242 INFO tempest.lib.common.dynamic_creds [-] Acquired dynamic creds: credentials: Credentials: {'domain_id': 'default', 'domain_name': 'Default', 'username': 'tempest-FlavorsAccessNegativeTestJSON-538936503-project-admin', 'project_domain_id': 'default', 'project_domain_name': 'Default', 'project_id': 'fc4390f700ef4c7bb3d52a5cb9672cbd', 'project_name': 'tempest-FlavorsAccessNegativeTestJSON-538936503', 'tenant_id': 'fc4390f700ef4c7bb3d52a5cb9672cbd', 'tenant_name': 'tempest-FlavorsAccessNegativeTestJSON-538936503', 'user_domain_id': 'default', 'user_domain_name': 'Default', 'user_id': '43ed88cf5c5f40fcb1a5b013ac52cf86', 'system': None}, Network: None, Subnet: None, Router: None
2025-05-19 19:02:13.408 70242 INFO tempest.lib.common.dynamic_creds [-] Created isolated network resources for: credentials: Credentials: {'domain_id': 'default', 'domain_name': 'Default', 'username': 'tempest-FlavorsAccessNegativeTestJSON-538936503-project-admin', 'project_domain_id': 'default', 'project_domain_name': 'Default', 'project_id': 'fc4390f700ef4c7bb3d52a5cb9672cbd', 'project_name': 'tempest-FlavorsAccessNegativeTestJSON-538936503', 'tenant_id': 'fc4390f700ef4c7bb3d52a5cb9672cbd', 'tenant_name': 'tempest-FlavorsAccessNegativeTestJSON-538936503', 'user_domain_id': 'default', 'user_domain_name': 'Default', 'user_id': '43ed88cf5c5f40fcb1a5b013ac52cf86', 'system': None}, Network: None, Subnet: None, Router: None
2025-05-19 19:02:13.418 70264 INFO tempest.lib.common.rest_client [req-a7cdd42b-2d4b-49f6-ba8f-cf03a863fee8 req-a7cdd42b-2d4b-49f6-ba8f-cf03a863fee8 ] Request (QuotasAdminTestV236:setUpClass): 201 POST http://10.180.1.21/identity/v3/projects 0.040s
2025-05-19 19:02:13.425 70238 INFO tempest.lib.common.rest_client [req-217167d7-8c50-4af4-91e5-ecf79101b3bb req-217167d7-8c50-4af4-91e5-ecf79101b3bb ] Request (FlavorsAdminTestJSON:_run_cleanups): 202 DELETE http://10.180.1.21/compute/v2.1/flavors/894719210 0.041s
2025-05-19 19:02:13.469 70238 INFO tempest.lib.common.rest_client [req-e57de2e4-65f9-4971-94b7-0892547c8b7e req-e57de2e4-65f9-4971-94b7-0892547c8b7e ] Request (FlavorsAdminTestJSON:_run_cleanups): 200 GET http://10.180.1.21/compute/v2.1/flavors/detail 0.043s
2025-05-19 19:02:13.488 70240 INFO tempest.lib.common.rest_client [req-14eee26f-e539-4ca3-be2c-364fcc068f5e req-14eee26f-e539-4ca3-be2c-364fcc068f5e ] Request (FlavorsV255TestJSON:setUpClass): 200 GET http://10.180.1.21/identity/v3/domains?name=Default 0.095s
2025-05-19 19:02:13.492 70264 INFO tempest.lib.common.rest_client [req-2561bc35-2d86-44ba-83c9-fd675e7ca8a2 req-2561bc35-2d86-44ba-83c9-fd675e7ca8a2 ] Request (QuotasAdminTestV236:setUpClass): 201 POST http://10.180.1.21/identity/v3/users 0.073s
2025-05-19 19:02:13.517 70264 INFO tempest.lib.common.rest_client [req-3e98b871-1f6c-4969-af1e-21aa99e5a49e req-3e98b871-1f6c-4969-af1e-21aa99e5a49e ] Request (QuotasAdminTestV236:setUpClass): 200 GET http://10.180.1.21/identity/v3/roles 0.024s
2025-05-19 19:02:13.519 70234 INFO tempest.test [-] raised in TestMultiAttachVolumeSwap.setUpClass. Invoking tearDownClass.
2025-05-19 19:02:13.520 70274 INFO tempest [-] Using tempest config file /opt/stack/testrun/etc/tempest.conf
2025-05-19 19:02:13.530 70274 WARNING oslo_config.cfg [-] Deprecated: Option "auth_version" from group "identity" is deprecated for removal (Identity v2 API was removed and v3 is the only available identity API version now). Its value may be silently ignored in the future.
2025-05-19 19:02:13.531 70274 WARNING oslo_config.cfg [-] Deprecated: Option "access_rules" from group "identity-feature-enabled" is deprecated for removal (Access rules for application credentials is a default feature since Train). Its value may be silently ignored in the future.
2025-05-19 19:02:13.536 70274 WARNING oslo_config.cfg [-] Deprecated: Option "import_image" from group "image-feature-enabled" is deprecated for removal (Issue with image import in WSGI mode was fixed in Victoria, and this feature works in any deployment architecture now.). Its value may be silently ignored in the future.
2025-05-19 19:02:13.540 70274 WARNING oslo_config.cfg [-] Deprecated: Option "os_glance_reserved" from group "image-feature-enabled" is deprecated for removal (os_glance namespace is always reserved since Wallaby). Its value may be silently ignored in the future.
2025-05-19 19:02:13.545 70272 INFO tempest.lib.common.rest_client [req-9a21842d-403f-4f0c-bb6c-4310b0e07c70 req-9a21842d-403f-4f0c-bb6c-4310b0e07c70 ] Request (FlavorMetadataValidation:setUpClass): 201 POST http://10.180.1.21/identity/v3/auth/tokens 0.055s
2025-05-19 19:02:13.553 70242 INFO tempest.lib.common.rest_client [req-49394322-1d4d-47e2-b3ec-9c4344b71e68 req-49394322-1d4d-47e2-b3ec-9c4344b71e68 ] Request (FlavorsAccessNegativeTestJSON:setUpClass): 201 POST http://10.180.1.21/identity/v3/auth/tokens 0.132s
2025-05-19 19:02:13.568 70238 INFO tempest.lib.common.rest_client [req-112a4469-9a8f-4ad4-bf80-3895fcc99563 req-112a4469-9a8f-4ad4-bf80-3895fcc99563 ] Request (FlavorsAdminTestJSON:test_create_flavor_verify_entry_in_list_details): 200 POST http://10.180.1.21/compute/v2.1/flavors 0.030s
2025-05-19 19:02:13.569 70264 INFO tempest.lib.common.rest_client [req-c299fb64-9159-4746-b99b-95eb25598ee4 req-c299fb64-9159-4746-b99b-95eb25598ee4 ] Request (QuotasAdminTestV236:setUpClass): 204 PUT http://10.180.1.21/identity/v3/projects/4a3e5462632c4a18b1f20ad1a55bca7e/users/1f2e908253874ff3a86e2d6ec0301356/roles/4e1a9b2a63ec43869e9293a3733349e0 0.052s
2025-05-19 19:02:13.569 70264 INFO tempest.lib.common.dynamic_creds [-] Dynamic test user 1f2e908253874ff3a86e2d6ec0301356 is created with scope project and roles: ['member']
2025-05-19 19:02:13.570 70264 INFO tempest.lib.common.dynamic_creds [-] Acquired dynamic creds: credentials: Credentials: {'domain_id': 'default', 'domain_name': 'Default', 'username': 'tempest-QuotasAdminTestV236-458345267-project-member', 'project_domain_id': 'default', 'project_domain_name': 'Default', 'project_id': '4a3e5462632c4a18b1f20ad1a55bca7e', 'project_name': 'tempest-QuotasAdminTestV236-458345267', 'tenant_id': '4a3e5462632c4a18b1f20ad1a55bca7e', 'tenant_name': 'tempest-QuotasAdminTestV236-458345267', 'user_domain_id': 'default', 'user_domain_name': 'Default', 'user_id': '1f2e908253874ff3a86e2d6ec0301356', 'system': None}, Network: None, Subnet: None, Router: None
2025-05-19 19:02:13.573 70264 INFO tempest.lib.common.dynamic_creds [-] Created isolated network resources for: credentials: Credentials: {'domain_id': 'default', 'domain_name': 'Default', 'username': 'tempest-QuotasAdminTestV236-458345267-project-member', 'project_domain_id': 'default', 'project_domain_name': 'Default', 'project_id': '4a3e5462632c4a18b1f20ad1a55bca7e', 'project_name': 'tempest-QuotasAdminTestV236-458345267', 'tenant_id': '4a3e5462632c4a18b1f20ad1a55bca7e', 'tenant_name': 'tempest-QuotasAdminTestV236-458345267', 'user_domain_id': 'default', 'user_domain_name': 'Default', 'user_id': '1f2e908253874ff3a86e2d6ec0301356', 'system': None}, Network: None, Subnet: None, Router: None
2025-05-19 19:02:13.574 70240 INFO tempest.lib.common.rest_client [req-615cbee1-0429-482a-97d2-77015bd57f44 req-615cbee1-0429-482a-97d2-77015bd57f44 ] Request (FlavorsV255TestJSON:setUpClass): 201 POST http://10.180.1.21/identity/v3/projects 0.070s
2025-05-19 19:02:13.629 70238 INFO tempest.lib.common.rest_client [req-fbc896e7-4001-406a-bc50-3454f4756169 req-fbc896e7-4001-406a-bc50-3454f4756169 ] Request (FlavorsAdminTestJSON:test_create_flavor_verify_entry_in_list_details): 200 GET http://10.180.1.21/compute/v2.1/flavors/detail 0.054s
2025-05-19 19:02:13.646 70254 INFO tempest.lib.common.rest_client [req-f5b3c670-1840-4883-af9f-84daebc670f2 req-f5b3c670-1840-4883-af9f-84daebc670f2 ] Request (AggregatesAdminNegativeTestJSON:setUpClass): 201 POST http://10.180.1.21/identity/v3/auth/tokens 0.116s
2025-05-19 19:02:13.649 70242 INFO tempest.lib.common.rest_client [req-30811f3b-2360-42d6-87ff-2f621c4f0b8c req-30811f3b-2360-42d6-87ff-2f621c4f0b8c ] Request (FlavorsAccessNegativeTestJSON:setUpClass): 201 POST http://10.180.1.21/identity/v3/projects 0.096s
2025-05-19 19:02:13.676 70234 INFO tempest.lib.common.rest_client [req-e5dc2e5d-49c2-4fe2-a428-d4e9ba99316b req-e5dc2e5d-49c2-4fe2-a428-d4e9ba99316b ] Request (KeyPairsV22TestJSON:setUpClass): 201 POST http://10.180.1.21/identity/v3/auth/tokens 0.123s
2025-05-19 19:02:13.687 70238 INFO tempest.lib.common.rest_client [req-9bc4e6e8-3fec-464b-9f55-8f025d003fb2 req-9bc4e6e8-3fec-464b-9f55-8f025d003fb2 ] Request (FlavorsAdminTestJSON:_run_cleanups): 202 DELETE http://10.180.1.21/compute/v2.1/flavors/1541604547 0.036s
2025-05-19 19:02:13.694 70240 INFO tempest.lib.common.rest_client [req-a5faba01-9660-4472-8ad7-dc27f15e012e req-a5faba01-9660-4472-8ad7-dc27f15e012e ] Request (FlavorsV255TestJSON:setUpClass): 201 POST http://10.180.1.21/identity/v3/users 0.119s
2025-05-19 19:02:13.702 70272 INFO tempest.lib.common.rest_client [req-db7dd577-1e3f-4fd6-92cc-53557b1d26f4 req-db7dd577-1e3f-4fd6-92cc-53557b1d26f4 ] Request (FlavorMetadataValidation:setUpClass): 201 POST http://10.180.1.21/identity/v3/auth/tokens 0.153s
2025-05-19 19:02:13.718 70238 INFO tempest.lib.common.rest_client [req-66f623b7-27d1-4086-b970-2fae5d8639ae req-66f623b7-27d1-4086-b970-2fae5d8639ae ] Request (FlavorsAdminTestJSON:_run_cleanups): 200 GET http://10.180.1.21/compute/v2.1/flavors/detail 0.030s
2025-05-19 19:02:13.725 70252 INFO tempest.lib.common.rest_client [req-1c4365ab-4aae-45fe-b57e-8e8cc03a8662 req-1c4365ab-4aae-45fe-b57e-8e8cc03a8662 ] Request (SecurityGroupsNegativeTestJSON:setUpClass): 201 POST http://10.180.1.21/identity/v3/auth/tokens 0.143s
2025-05-19 19:02:13.738 70254 INFO tempest.lib.common.rest_client [req-22471508-8d5a-4080-aeae-9c44846cf912 req-22471508-8d5a-4080-aeae-9c44846cf912 ] Request (AggregatesAdminNegativeTestJSON:setUpClass): 201 POST http://10.180.1.21/identity/v3/auth/tokens 0.074s
2025-05-19 19:02:13.747 70242 INFO tempest.lib.common.rest_client [req-2b7f6a9a-0113-4612-8eac-9b244f9b326e req-2b7f6a9a-0113-4612-8eac-9b244f9b326e ] Request (FlavorsAccessNegativeTestJSON:setUpClass): 201 POST http://10.180.1.21/identity/v3/users 0.097s
2025-05-19 19:02:13.757 70240 INFO tempest.lib.common.rest_client [req-ee5c30d7-b3d8-4b79-9e0f-19af951fa384 req-ee5c30d7-b3d8-4b79-9e0f-19af951fa384 ] Request (FlavorsV255TestJSON:setUpClass): 200 GET http://10.180.1.21/identity/v3/roles 0.063s
2025-05-19 19:02:13.759 70234 INFO tempest.lib.common.rest_client [req-9d2caf84-e075-44e9-8c8f-0eb77be854fc req-9d2caf84-e075-44e9-8c8f-0eb77be854fc ] Request (KeyPairsV22TestJSON:setUpClass): 201 POST http://10.180.1.21/identity/v3/auth/tokens 0.067s
2025-05-19 19:02:13.775 70272 INFO tempest.lib.common.rest_client [req-899a69f5-fb42-47c2-8829-50899e4d7b89 req-899a69f5-fb42-47c2-8829-50899e4d7b89 ] Request (FlavorMetadataValidation:setUpClass): 200 GET http://10.180.1.21/identity/v3/domains?name=Default 0.073s
2025-05-19 19:02:13.781 70236 INFO tempest.lib.common.rest_client [req-fe5ef801-ffd1-467a-bace-4fcc9ef52f7e req-fe5ef801-ffd1-467a-bace-4fcc9ef52f7e ] Request (ServersAdminTestJSON:setUpClass): 201 POST http://10.180.1.21/identity/v3/auth/tokens 0.097s
2025-05-19 19:02:13.794 70254 INFO tempest.lib.common.rest_client [req-e4c99f67-8962-4251-8c19-e038d5650ed4 req-e4c99f67-8962-4251-8c19-e038d5650ed4 ] Request (AggregatesAdminNegativeTestJSON:setUpClass): 200 GET http://10.180.1.21/identity/v3/domains?name=Default 0.055s
2025-05-19 19:02:13.810 70242 INFO tempest.lib.common.rest_client [req-61873509-a395-4302-9e78-1e6fdf2ec83b req-61873509-a395-4302-9e78-1e6fdf2ec83b ] Request (FlavorsAccessNegativeTestJSON:setUpClass): 200 GET http://10.180.1.21/identity/v3/roles 0.062s
2025-05-19 19:02:13.804 70238 INFO tempest.lib.common.rest_client [req-8ce84398-6bc2-4a9a-a3e9-d23c21457821 req-8ce84398-6bc2-4a9a-a3e9-d23c21457821 ] Request (FlavorsAdminTestJSON:test_create_flavor_with_int_id): 200 POST http://10.180.1.21/compute/v2.1/flavors 0.026s
2025-05-19 19:02:13.814 70252 INFO tempest.lib.common.rest_client [req-31ee16f6-9e6f-4821-b3ff-28f2cf544777 req-31ee16f6-9e6f-4821-b3ff-28f2cf544777 ] Request (SecurityGroupsNegativeTestJSON:setUpClass): 201 POST http://10.180.1.21/identity/v3/auth/tokens 0.086s
2025-05-19 19:02:13.837 70234 INFO tempest.lib.common.rest_client [req-79109ea3-8319-4a66-b143-acd0620bc3f1 req-79109ea3-8319-4a66-b143-acd0620bc3f1 ] Request (KeyPairsV22TestJSON:setUpClass): 200 GET http://10.180.1.21/identity/v3/domains?name=Default 0.077s
2025-05-19 19:02:13.839 70240 INFO tempest.lib.common.rest_client [req-994f8f50-8ac2-47da-bc56-79a13a9a0c8d req-994f8f50-8ac2-47da-bc56-79a13a9a0c8d ] Request (FlavorsV255TestJSON:setUpClass): 204 PUT http://10.180.1.21/identity/v3/projects/e4c18594ccac4c3692cd6bcd0671b476/users/8554d04b12dc48328651e1940864ab3e/roles/4e1a9b2a63ec43869e9293a3733349e0 0.081s
2025-05-19 19:02:13.839 70240 INFO tempest.lib.common.dynamic_creds [-] Dynamic test user 8554d04b12dc48328651e1940864ab3e is created with scope project and roles: ['member']
2025-05-19 19:02:13.839 70240 INFO tempest.lib.common.dynamic_creds [-] Acquired dynamic creds: credentials: Credentials: {'domain_id': 'default', 'domain_name': 'Default', 'username': 'tempest-FlavorsV255TestJSON-908012202-project-member', 'project_domain_id': 'default', 'project_domain_name': 'Default', 'project_id': 'e4c18594ccac4c3692cd6bcd0671b476', 'project_name': 'tempest-FlavorsV255TestJSON-908012202', 'tenant_id': 'e4c18594ccac4c3692cd6bcd0671b476', 'tenant_name': 'tempest-FlavorsV255TestJSON-908012202', 'user_domain_id': 'default', 'user_domain_name': 'Default', 'user_id': '8554d04b12dc48328651e1940864ab3e', 'system': None}, Network: None, Subnet: None, Router: None
2025-05-19 19:02:13.846 70240 INFO tempest.lib.common.dynamic_creds [-] Created isolated network resources for: credentials: Credentials: {'domain_id': 'default', 'domain_name': 'Default', 'username': 'tempest-FlavorsV255TestJSON-908012202-project-member', 'project_domain_id': 'default', 'project_domain_name': 'Default', 'project_id': 'e4c18594ccac4c3692cd6bcd0671b476', 'project_name': 'tempest-FlavorsV255TestJSON-908012202', 'tenant_id': 'e4c18594ccac4c3692cd6bcd0671b476', 'tenant_name': 'tempest-FlavorsV255TestJSON-908012202', 'user_domain_id': 'default', 'user_domain_name': 'Default', 'user_id': '8554d04b12dc48328651e1940864ab3e', 'system': None}, Network: None, Subnet: None, Router: None
2025-05-19 19:02:13.849 70238 INFO tempest.lib.common.rest_client [req-03ff6b15-4b70-4da7-b539-5d79c5904f98 req-03ff6b15-4b70-4da7-b539-5d79c5904f98 ] Request (FlavorsAdminTestJSON:_run_cleanups): 202 DELETE http://10.180.1.21/compute/v2.1/flavors/1227938840 0.030s
2025-05-19 19:02:13.877 70238 INFO tempest.lib.common.rest_client [req-c6b38a48-84f2-429d-8610-025c1a1706c3 req-c6b38a48-84f2-429d-8610-025c1a1706c3 ] Request (FlavorsAdminTestJSON:_run_cleanups): 200 GET http://10.180.1.21/compute/v2.1/flavors/detail 0.028s
2025-05-19 19:02:13.881 70230 INFO tempest.lib.common.rest_client [req-e2986c15-6ba8-46b4-969a-1bbfcfa9b03b req-e2986c15-6ba8-46b4-969a-1bbfcfa9b03b ] Request (HypervisorAdminV253TestBase:setUpClass): 201 POST http://10.180.1.21/identity/v3/auth/tokens 0.107s
2025-05-19 19:02:13.887 70272 INFO tempest.lib.common.rest_client [req-404b86ef-9fad-461f-af55-6d4a295fa121 req-404b86ef-9fad-461f-af55-6d4a295fa121 ] Request (FlavorMetadataValidation:setUpClass): 201 POST http://10.180.1.21/identity/v3/projects 0.109s
2025-05-19 19:02:13.919 70238 INFO tempest.lib.common.rest_client [req-4e5bed8d-b068-474f-b116-f915b5af9a25 req-4e5bed8d-b068-474f-b116-f915b5af9a25 ] Request (FlavorsAdminTestJSON:test_create_flavor_with_none_id): 200 POST http://10.180.1.21/compute/v2.1/flavors 0.022s
2025-05-19 19:02:13.934 70264 INFO tempest.lib.common.rest_client [req-e0d2809e-f3f5-4fde-85fe-afad8fcb3cf0 req-e0d2809e-f3f5-4fde-85fe-afad8fcb3cf0 ] Request (QuotasAdminTestV236:setUpClass): 201 POST http://10.180.1.21/identity/v3/auth/tokens 0.154s
2025-05-19 19:02:13.944 70238 INFO tempest.lib.common.rest_client [req-23412b39-73fd-4a4f-96af-0967c3082dcd req-23412b39-73fd-4a4f-96af-0967c3082dcd ] Request (FlavorsAdminTestJSON:_run_cleanups): 202 DELETE http://10.180.1.21/compute/v2.1/flavors/48ad08bd-e092-4051-b7b3-7c61fa794cdf 0.017s
2025-05-19 19:02:13.951 70236 INFO tempest.lib.common.rest_client [req-a1a61b6b-5e07-4244-aa76-17858aeff5c6 req-a1a61b6b-5e07-4244-aa76-17858aeff5c6 ] Request (ServersAdminTestJSON:setUpClass): 201 POST http://10.180.1.21/identity/v3/auth/tokens 0.167s
2025-05-19 19:02:13.972 70238 INFO tempest.lib.common.rest_client [req-77b986b9-d93c-4cae-9d0c-0a78ea4deec1 req-77b986b9-d93c-4cae-9d0c-0a78ea4deec1 ] Request (FlavorsAdminTestJSON:_run_cleanups): 200 GET http://10.180.1.21/compute/v2.1/flavors/detail 0.028s
2025-05-19 19:02:13.985 70242 INFO tempest.lib.common.rest_client [req-6b3d5315-77fb-40bb-ba0a-3c78b3729e17 req-6b3d5315-77fb-40bb-ba0a-3c78b3729e17 ] Request (FlavorsAccessNegativeTestJSON:setUpClass): 204 PUT http://10.180.1.21/identity/v3/projects/72ff01d18a3c46858598d2ea69d6636c/users/285542e133cc4d878077876594cffeaf/roles/4e1a9b2a63ec43869e9293a3733349e0 0.174s
2025-05-19 19:02:13.985 70242 INFO tempest.lib.common.dynamic_creds [-] Dynamic test user 285542e133cc4d878077876594cffeaf is created with scope project and roles: ['member']
2025-05-19 19:02:13.985 70242 INFO tempest.lib.common.dynamic_creds [-] Acquired dynamic creds: credentials: Credentials: {'domain_id': 'default', 'domain_name': 'Default', 'username': 'tempest-FlavorsAccessNegativeTestJSON-905388373-project-member', 'project_domain_id': 'default', 'project_domain_name': 'Default', 'project_id': '72ff01d18a3c46858598d2ea69d6636c', 'project_name': 'tempest-FlavorsAccessNegativeTestJSON-905388373', 'tenant_id': '72ff01d18a3c46858598d2ea69d6636c', 'tenant_name': 'tempest-FlavorsAccessNegativeTestJSON-905388373', 'user_domain_id': 'default', 'user_domain_name': 'Default', 'user_id': '285542e133cc4d878077876594cffeaf', 'system': None}, Network: None, Subnet: None, Router: None
2025-05-19 19:02:13.985 70242 INFO tempest.lib.common.dynamic_creds [-] Created isolated network resources for: credentials: Credentials: {'domain_id': 'default', 'domain_name': 'Default', 'username': 'tempest-FlavorsAccessNegativeTestJSON-905388373-project-member', 'project_domain_id': 'default', 'project_domain_name': 'Default', 'project_id': '72ff01d18a3c46858598d2ea69d6636c', 'project_name': 'tempest-FlavorsAccessNegativeTestJSON-905388373', 'tenant_id': '72ff01d18a3c46858598d2ea69d6636c', 'tenant_name': 'tempest-FlavorsAccessNegativeTestJSON-905388373', 'user_domain_id': 'default', 'user_domain_name': 'Default', 'user_id': '285542e133cc4d878077876594cffeaf', 'system': None}, Network: None, Subnet: None, Router: None
2025-05-19 19:02:14.010 70238 INFO tempest.lib.common.rest_client [req-1ea7d3cb-c096-45cd-9039-21e2320869ac req-1ea7d3cb-c096-45cd-9039-21e2320869ac ] Request (FlavorsAdminTestJSON:test_create_flavor_with_uuid_id): 200 POST http://10.180.1.21/compute/v2.1/flavors 0.023s
2025-05-19 19:02:14.034 70238 INFO tempest.lib.common.rest_client [req-d7357026-a0e1-46a6-8fa5-bc5247f27d47 req-d7357026-a0e1-46a6-8fa5-bc5247f27d47 ] Request (FlavorsAdminTestJSON:_run_cleanups): 202 DELETE http://10.180.1.21/compute/v2.1/flavors/15b1f778-e799-4ae3-96d5-77706b4dc0e5 0.019s
2025-05-19 19:02:14.039 70254 INFO tempest.lib.common.rest_client [req-1ff6da9c-f872-4528-9437-9ac6090b1eaf req-1ff6da9c-f872-4528-9437-9ac6090b1eaf ] Request (AggregatesAdminNegativeTestJSON:setUpClass): 201 POST http://10.180.1.21/identity/v3/projects 0.238s
2025-05-19 19:02:14.050 70252 INFO tempest.lib.common.rest_client [req-34687d1c-e59d-4e7a-8e63-20ed4de0e922 req-34687d1c-e59d-4e7a-8e63-20ed4de0e922 ] Request (SecurityGroupsNegativeTestJSON:setUpClass): 200 GET http://10.180.1.21/identity/v3/domains?name=Default 0.232s
2025-05-19 19:02:14.062 70238 INFO tempest.lib.common.rest_client [req-bad673af-d8fe-4c95-a8d5-5cbbd861a431 req-bad673af-d8fe-4c95-a8d5-5cbbd861a431 ] Request (FlavorsAdminTestJSON:_run_cleanups): 200 GET http://10.180.1.21/compute/v2.1/flavors/detail 0.026s
2025-05-19 19:02:14.096 70234 INFO tempest.lib.common.rest_client [req-a17fbc6f-c01d-4d0a-bf29-843072bbdce0 req-a17fbc6f-c01d-4d0a-bf29-843072bbdce0 ] Request (KeyPairsV22TestJSON:setUpClass): 201 POST http://10.180.1.21/identity/v3/projects 0.243s
2025-05-19 19:02:14.096 70238 INFO tempest.lib.common.rest_client [req-79263af4-ae90-47b8-a95d-5c40b0fbd4ba req-79263af4-ae90-47b8-a95d-5c40b0fbd4ba ] Request (FlavorsAdminTestJSON:test_create_list_flavor_without_extra_data): 200 POST http://10.180.1.21/compute/v2.1/flavors 0.022s
2025-05-19 19:02:14.117 70260 INFO tempest.lib.common.rest_client [req-24715263-544f-4910-a0e1-cfb29ca2e7f8 req-24715263-544f-4910-a0e1-cfb29ca2e7f8 ] Request (HostsAdminTestJSON:setUpClass): 201 POST http://10.180.1.21/identity/v3/auth/tokens 0.256s
2025-05-19 19:02:14.119 70238 INFO tempest.lib.common.rest_client [req-37d73c94-484f-4cc0-a6b5-62a3b6d59052 req-37d73c94-484f-4cc0-a6b5-62a3b6d59052 ] Request (FlavorsAdminTestJSON:test_create_list_flavor_without_extra_data): 200 GET http://10.180.1.21/compute/v2.1/flavors/1801920333 0.015s
2025-05-19 19:02:14.150 70272 INFO tempest.lib.common.rest_client [req-8467ac8a-5bbb-4ccd-b22d-5dda00c3550f req-8467ac8a-5bbb-4ccd-b22d-5dda00c3550f ] Request (FlavorMetadataValidation:setUpClass): 201 POST http://10.180.1.21/identity/v3/users 0.262s
2025-05-19 19:02:14.161 70230 INFO tempest.lib.common.rest_client [req-3cdc3247-5639-4bfe-9efb-1c491235c0bf req-3cdc3247-5639-4bfe-9efb-1c491235c0bf ] Request (HypervisorAdminV253TestBase:setUpClass): 201 POST http://10.180.1.21/identity/v3/auth/tokens 0.273s
2025-05-19 19:02:14.172 70264 INFO tempest.lib.common.rest_client [req-a10d2fcb-3543-4d79-83c8-cf273bf2f391 req-a10d2fcb-3543-4d79-83c8-cf273bf2f391 ] Request (QuotasAdminTestV236:setUpClass): 201 POST http://10.180.1.21/identity/v3/projects 0.236s
2025-05-19 19:02:14.213 70236 INFO tempest.lib.common.rest_client [req-1d8b745f-f9bd-4e62-855a-76f28fb53935 req-1d8b745f-f9bd-4e62-855a-76f28fb53935 ] Request (ServersAdminTestJSON:setUpClass): 200 GET http://10.180.1.21/identity/v3/domains?name=Default 0.261s
2025-05-19 19:02:14.226 70284 INFO tempest.lib.common.rest_client [req-d802c4d5-546a-4b1a-bdca-bcfd539032ce req-d802c4d5-546a-4b1a-bdca-bcfd539032ce ] Request (ServicesAdminNegativeV253TestJSON:setUpClass): 201 POST http://10.180.1.21/identity/v3/auth/tokens 0.242s
2025-05-19 19:02:14.236 70288 INFO tempest.lib.common.rest_client [req-a6c6067d-00d9-4d85-a2c7-fafdc716345f req-a6c6067d-00d9-4d85-a2c7-fafdc716345f ] Request (ServersWithSpecificFlavorTestJSON:setUpClass): 201 POST http://10.180.1.21/identity/v3/auth/tokens 0.240s
2025-05-19 19:02:14.275 70282 INFO tempest.lib.common.rest_client [req-ec3d0a2c-46d7-4ce4-8aa6-b21e6f87b45f req-ec3d0a2c-46d7-4ce4-8aa6-b21e6f87b45f ] Request (MigrationsAdminTest:setUpClass): 201 POST http://10.180.1.21/identity/v3/auth/tokens 0.244s
2025-05-19 19:02:14.297 70254 INFO tempest.lib.common.rest_client [req-ac2b0592-95e4-451c-9bf1-d6fa814919a7 req-ac2b0592-95e4-451c-9bf1-d6fa814919a7 ] Request (AggregatesAdminNegativeTestJSON:setUpClass): 201 POST http://10.180.1.21/identity/v3/users 0.256s
2025-05-19 19:02:14.302 70242 INFO tempest.lib.common.rest_client [req-56eda084-ee51-4c21-a981-3be00ca139ee req-56eda084-ee51-4c21-a981-3be00ca139ee ] Request (FlavorsAccessNegativeTestJSON:setUpClass): 201 POST http://10.180.1.21/identity/v3/auth/tokens 0.293s
2025-05-19 19:02:14.303 70242 WARNING tempest.lib.common.rest_client [-] Deprecated: "tenant_id" property is deprecated for removal, use "project_id" instead
2025-05-19 19:02:14.316 70246 INFO tempest.test [-] raised in LiveMigrationNegativeTest.setUpClass. Invoking tearDownClass.
2025-05-19 19:02:14.323 70252 INFO tempest.lib.common.rest_client [req-352a0e07-59b3-4626-8719-a9ecd0ccfa11 req-352a0e07-59b3-4626-8719-a9ecd0ccfa11 ] Request (SecurityGroupsNegativeTestJSON:setUpClass): 201 POST http://10.180.1.21/identity/v3/projects 0.258s
2025-05-19 19:02:14.326 70234 INFO tempest.lib.common.rest_client [req-23925c70-d503-4b41-ac54-a0c787ae38f3 req-23925c70-d503-4b41-ac54-a0c787ae38f3 ] Request (KeyPairsV22TestJSON:setUpClass): 201 POST http://10.180.1.21/identity/v3/users 0.229s
2025-05-19 19:02:14.377 70240 INFO tempest.lib.common.rest_client [req-d3db8fd7-e26f-47d5-b7e5-378a5cb98be5 req-d3db8fd7-e26f-47d5-b7e5-378a5cb98be5 ] Request (FlavorsV255TestJSON:setUpClass): 201 POST http://10.180.1.21/identity/v3/auth/tokens 0.268s
2025-05-19 19:02:14.401 70248 INFO tempest.test [-] raised in ServersOnMultiNodesTest.setUpClass. Invoking tearDownClass.
2025-05-19 19:02:14.423 70260 INFO tempest.lib.common.rest_client [req-94ea96a9-2cae-4a09-b08e-1890756d5da3 req-94ea96a9-2cae-4a09-b08e-1890756d5da3 ] Request (HostsAdminTestJSON:setUpClass): 201 POST http://10.180.1.21/identity/v3/auth/tokens 0.289s
2025-05-19 19:02:14.439 70230 INFO tempest.lib.common.rest_client [req-a22369c2-8095-449d-96c8-81751b5b2abb req-a22369c2-8095-449d-96c8-81751b5b2abb ] Request (HypervisorAdminV253TestBase:setUpClass): 200 GET http://10.180.1.21/identity/v3/domains?name=Default 0.277s
2025-05-19 19:02:14.444 70280 INFO tempest.lib.common.rest_client [req-639b3814-d977-4a29-8543-70362f4644a7 req-639b3814-d977-4a29-8543-70362f4644a7 ] Request (HostsAdminNegativeTestJSON:setUpClass): 201 POST http://10.180.1.21/identity/v3/auth/tokens 0.283s
2025-05-19 19:02:14.453 70238 INFO tempest.lib.common.rest_client [req-29b685b9-6ad8-4edd-bb99-2c8bb0d0397c req-29b685b9-6ad8-4edd-bb99-2c8bb0d0397c ] Request (FlavorsAdminTestJSON:test_create_list_flavor_without_extra_data): 200 GET http://10.180.1.21/compute/v2.1/flavors/detail 0.330s
2025-05-19 19:02:14.454 70272 INFO tempest.lib.common.rest_client [req-bdd03f9c-04a3-4bcc-97cb-b248d318cdd2 req-bdd03f9c-04a3-4bcc-97cb-b248d318cdd2 ] Request (FlavorMetadataValidation:setUpClass): 200 GET http://10.180.1.21/identity/v3/roles 0.304s
2025-05-19 19:02:14.463 70264 INFO tempest.lib.common.rest_client [req-c00c5667-52ae-4696-81a1-c4239638d3bf req-c00c5667-52ae-4696-81a1-c4239638d3bf ] Request (QuotasAdminTestV236:setUpClass): 201 POST http://10.180.1.21/identity/v3/users 0.290s
2025-05-19 19:02:14.475 70238 INFO tempest.lib.common.rest_client [req-1f358f6c-ce95-469a-a6cd-0f75e04ffa45 req-1f358f6c-ce95-469a-a6cd-0f75e04ffa45 ] Request (FlavorsAdminTestJSON:_run_cleanups): 202 DELETE http://10.180.1.21/compute/v2.1/flavors/1801920333 0.016s
2025-05-19 19:02:14.476 70256 INFO tempest.lib.common.rest_client [req-94b8d015-c242-4f55-8a25-da0f41872677 req-94b8d015-c242-4f55-8a25-da0f41872677 ] Request (QuotasSecurityGroupAdminNegativeTest:setUpClass): 201 POST http://10.180.1.21/identity/v3/auth/tokens 0.303s
2025-05-19 19:02:14.484 70232 INFO tempest.lib.common.rest_client [req-6b2d38f4-8424-43a2-8bc1-bf13accee175 req-6b2d38f4-8424-43a2-8bc1-bf13accee175 ] Request (ServerExternalEventsTest:setUpClass): 201 POST http://10.180.1.21/identity/v3/auth/tokens 0.283s
2025-05-19 19:02:14.495 70238 INFO tempest.lib.common.rest_client [req-5dbed1c0-30f0-41ad-be61-ebae313c5068 req-5dbed1c0-30f0-41ad-be61-ebae313c5068 ] Request (FlavorsAdminTestJSON:_run_cleanups): 200 GET http://10.180.1.21/compute/v2.1/flavors/detail 0.020s
2025-05-19 19:02:14.498 70236 INFO tempest.lib.common.rest_client [req-d67e64ed-d330-4dfb-8dbd-e475f974492b req-d67e64ed-d330-4dfb-8dbd-e475f974492b ] Request (ServersAdminTestJSON:setUpClass): 201 POST http://10.180.1.21/identity/v3/projects 0.283s
2025-05-19 19:02:14.516 70238 INFO tempest.lib.common.rest_client [req-53a2e0ca-0580-43bf-913f-b2c6e9f8d760 req-53a2e0ca-0580-43bf-913f-b2c6e9f8d760 ] Request (FlavorsAdminTestJSON:test_create_server_with_non_public_flavor): 200 POST http://10.180.1.21/compute/v2.1/flavors 0.016s
2025-05-19 19:02:14.537 70284 INFO tempest.lib.common.rest_client [req-2f2a6bc7-2485-4d87-92f5-d8205bdbb5f9 req-2f2a6bc7-2485-4d87-92f5-d8205bdbb5f9 ] Request (ServicesAdminNegativeV253TestJSON:setUpClass): 201 POST http://10.180.1.21/identity/v3/auth/tokens 0.307s
2025-05-19 19:02:14.547 70268 INFO tempest.lib.common.rest_client [req-9de73775-d044-44bb-965e-6fea601d18ca req-9de73775-d044-44bb-965e-6fea601d18ca ] Request (FloatingIPsAssociationTestJSON:setUpClass): 201 POST http://10.180.1.21/identity/v3/auth/tokens 0.307s
2025-05-19 19:02:14.557 70288 INFO tempest.lib.common.rest_client [req-a4a1ce5d-29eb-4688-89d6-66de46a6342f req-a4a1ce5d-29eb-4688-89d6-66de46a6342f ] Request (ServersWithSpecificFlavorTestJSON:setUpClass): 201 POST http://10.180.1.21/identity/v3/auth/tokens 0.318s
2025-05-19 19:02:14.569 70286 INFO tempest.lib.common.rest_client [req-3145d665-689c-4afd-8add-73283f4c4b53 req-3145d665-689c-4afd-8add-73283f4c4b53 ] Request (HypervisorAdminNegativeTestJSON:setUpClass): 201 POST http://10.180.1.21/identity/v3/auth/tokens 0.323s
2025-05-19 19:02:14.578 70258 INFO tempest.lib.common.rest_client [req-7dc3e5a2-4b74-4cd9-972a-bd0a8f02f8d6 req-7dc3e5a2-4b74-4cd9-972a-bd0a8f02f8d6 ] Request (FlavorsExtraSpecsNegativeTestJSON:setUpClass): 201 POST http://10.180.1.21/identity/v3/auth/tokens 0.328s
2025-05-19 19:02:14.592 70266 INFO tempest.lib.common.rest_client [req-8a79d06c-1ccb-458a-a579-369d987b8914 req-8a79d06c-1ccb-458a-a579-369d987b8914 ] Request (KeyPairsV210TestJSON:setUpClass): 201 POST http://10.180.1.21/identity/v3/auth/tokens 0.335s
2025-05-19 19:02:14.600 70262 INFO tempest.lib.common.rest_client [req-559a81f5-9a31-45ee-b31c-de4bbec98152 req-559a81f5-9a31-45ee-b31c-de4bbec98152 ] Request (FlavorsV261TestJSON:setUpClass): 201 POST http://10.180.1.21/identity/v3/auth/tokens 0.321s
2025-05-19 19:02:14.613 70282 INFO tempest.lib.common.rest_client [req-88be3928-007e-4cdb-af74-001839430fc3 req-88be3928-007e-4cdb-af74-001839430fc3 ] Request (MigrationsAdminTest:setUpClass): 201 POST http://10.180.1.21/identity/v3/auth/tokens 0.330s
2025-05-19 19:02:14.621 70250 INFO tempest.lib.common.rest_client [req-5e162edb-37b3-4ede-87d0-ef60ebfea084 req-5e162edb-37b3-4ede-87d0-ef60ebfea084 ] Request (AZAdminNegativeTestJSON:setUpClass): 201 POST http://10.180.1.21/identity/v3/auth/tokens 0.331s
2025-05-19 19:02:14.635 70276 INFO tempest.lib.common.rest_client [req-20102ad2-d164-4ceb-9697-c210ce463c07 req-20102ad2-d164-4ceb-9697-c210ce463c07 ] Request (HypervisorAdminNegativeUnderV252Test:setUpClass): 201 POST http://10.180.1.21/identity/v3/auth/tokens 0.343s
2025-05-19 19:02:14.645 70270 INFO tempest.lib.common.rest_client [req-ce4fca7e-6fea-4b48-b88b-6942c2a1ce07 req-ce4fca7e-6fea-4b48-b88b-6942c2a1ce07 ] Request (ServerDiagnosticsTest:setUpClass): 201 POST http://10.180.1.21/identity/v3/auth/tokens 0.351s
2025-05-19 19:02:14.650 70254 INFO tempest.lib.common.rest_client [req-8363d727-e5ee-4f88-9234-cdf3decfb6b8 req-8363d727-e5ee-4f88-9234-cdf3decfb6b8 ] Request (AggregatesAdminNegativeTestJSON:setUpClass): 200 GET http://10.180.1.21/identity/v3/roles 0.352s
2025-05-19 19:02:14.672 70245 INFO tempest.lib.common.rest_client [req-c484b140-c3ef-4ec8-b69c-eaeedbca80a5 req-c484b140-c3ef-4ec8-b69c-eaeedbca80a5 ] Request (ServerDiagnosticsV248Test:setUpClass): 201 POST http://10.180.1.21/identity/v3/auth/tokens 0.363s
2025-05-19 19:02:14.679 70238 INFO tempest.lib.common.rest_client [req-23d47e47-6eed-4242-9118-87b392c1f44e req-23d47e47-6eed-4242-9118-87b392c1f44e ] Request (FlavorsAdminTestJSON:test_create_server_with_non_public_flavor): 400 POST http://10.180.1.21/compute/v2.1/servers 0.160s
2025-05-19 19:02:14.691 70252 INFO tempest.lib.common.rest_client [req-c4831273-d6e9-4fe0-9c64-5d5f243c667d req-c4831273-d6e9-4fe0-9c64-5d5f243c667d ] Request (SecurityGroupsNegativeTestJSON:setUpClass): 201 POST http://10.180.1.21/identity/v3/users 0.368s
2025-05-19 19:02:14.694 70238 INFO tempest.lib.common.rest_client [req-6276752d-7448-4904-b579-6d26216d2699 req-6276752d-7448-4904-b579-6d26216d2699 ] Request (FlavorsAdminTestJSON:_run_cleanups): 202 DELETE http://10.180.1.21/compute/v2.1/flavors/1509041547 0.014s
2025-05-19 19:02:14.706 70234 INFO tempest.lib.common.rest_client [req-8aa13ad7-c258-443c-a50d-8c54a42f7201 req-8aa13ad7-c258-443c-a50d-8c54a42f7201 ] Request (KeyPairsV22TestJSON:setUpClass): 200 GET http://10.180.1.21/identity/v3/roles 0.379s
2025-05-19 19:02:14.714 70238 INFO tempest.lib.common.rest_client [req-c06c1535-b995-40e0-b639-e21ca3452563 req-c06c1535-b995-40e0-b639-e21ca3452563 ] Request (FlavorsAdminTestJSON:_run_cleanups): 200 GET http://10.180.1.21/compute/v2.1/flavors/detail 0.019s
2025-05-19 19:02:14.729 70246 INFO tempest.lib.common.rest_client [req-6c7a21de-46b7-458a-81cb-43a893e9797d req-6c7a21de-46b7-458a-81cb-43a893e9797d ] Request (TenantUsagesNegativeTestJSON:setUpClass): 201 POST http://10.180.1.21/identity/v3/auth/tokens 0.402s
2025-05-19 19:02:14.734 70242 INFO tempest.lib.common.rest_client [req-292378ab-50d5-41c1-abee-5e3b4038f374 req-292378ab-50d5-41c1-abee-5e3b4038f374 ] Request (FlavorsAccessNegativeTestJSON:test_add_flavor_access_duplicate): 200 POST http://10.180.1.21/compute/v2.1/flavors 0.428s
2025-05-19 19:02:14.738 70238 INFO tempest.lib.common.rest_client [req-4201a982-b7a4-4d86-add8-9baf2a6ab760 req-4201a982-b7a4-4d86-add8-9baf2a6ab760 ] Request (FlavorsAdminTestJSON:test_is_public_string_variations): 200 POST http://10.180.1.21/compute/v2.1/flavors 0.018s
2025-05-19 19:02:14.741 70228 INFO tempest.lib.common.rest_client [req-782f1e30-baff-4bc1-a38b-0a602500fd42 req-782f1e30-baff-4bc1-a38b-0a602500fd42 ] Request (DeleteServersAdminTestJSON:setUpClass): 201 POST http://10.180.1.21/identity/v3/auth/tokens 0.411s
2025-05-19 19:02:14.758 70238 INFO tempest.lib.common.rest_client [req-2e0e91fc-7719-48ae-bd06-6c6e21ac5e9f req-2e0e91fc-7719-48ae-bd06-6c6e21ac5e9f ] Request (FlavorsAdminTestJSON:test_is_public_string_variations): 200 POST http://10.180.1.21/compute/v2.1/flavors 0.017s
2025-05-19 19:02:14.758 70290 INFO tempest.lib.common.rest_client [req-bf0952ce-99e5-4553-8d05-2bf9b9be9123 req-bf0952ce-99e5-4553-8d05-2bf9b9be9123 ] Request (QuotasAdminTestJSON:setUpClass): 201 POST http://10.180.1.21/identity/v3/auth/tokens 0.426s
2025-05-19 19:02:14.765 70274 INFO tempest.lib.common.rest_client [req-cd0159d1-9323-46a8-9d26-1d249cf62597 req-cd0159d1-9323-46a8-9d26-1d249cf62597 ] Request (FlavorsAccessTestJSON:setUpClass): 201 POST http://10.180.1.21/identity/v3/auth/tokens 0.416s
2025-05-19 19:02:14.780 70238 INFO tempest.lib.common.rest_client [req-c80cc560-c1b6-4a3a-b2e2-e819d6de931d req-c80cc560-c1b6-4a3a-b2e2-e819d6de931d ] Request (FlavorsAdminTestJSON:test_is_public_string_variations): 200 GET http://10.180.1.21/compute/v2.1/flavors/detail?is_public=f 0.019s
2025-05-19 19:02:14.780 70278 INFO tempest.lib.common.rest_client [req-efcbc844-d2a0-48d0-aa58-3bdbc0ca68a5 req-efcbc844-d2a0-48d0-aa58-3bdbc0ca68a5 ] Request (VolumesAssistedSnapshotsTest:setUpClass): 201 POST http://10.180.1.21/identity/v3/auth/tokens 0.418s
2025-05-19 19:02:14.788 70240 INFO tempest.lib.common.rest_client [req-7df56828-65f1-4d72-aaa3-4fea09e57979 req-7df56828-65f1-4d72-aaa3-4fea09e57979 ] Request (FlavorsV255TestJSON:setUpClass): 201 POST http://10.180.1.21/identity/v3/projects 0.410s
2025-05-19 19:02:14.797 70238 INFO tempest.lib.common.rest_client [req-fd3fda05-e287-41e3-b2d4-31c22dabeb73 req-fd3fda05-e287-41e3-b2d4-31c22dabeb73 ] Request (FlavorsAdminTestJSON:test_is_public_string_variations): 200 GET http://10.180.1.21/compute/v2.1/flavors/detail?is_public=false 0.014s
2025-05-19 19:02:14.813 70238 INFO tempest.lib.common.rest_client [req-9079e1c2-4211-45c1-9bf2-a8c26f7bb3e5 req-9079e1c2-4211-45c1-9bf2-a8c26f7bb3e5 ] Request (FlavorsAdminTestJSON:test_is_public_string_variations): 200 GET http://10.180.1.21/compute/v2.1/flavors/detail?is_public=no 0.013s
2025-05-19 19:02:14.829 70238 INFO tempest.lib.common.rest_client [req-8781d301-5ded-4a74-bf85-7e8942a4b6fc req-8781d301-5ded-4a74-bf85-7e8942a4b6fc ] Request (FlavorsAdminTestJSON:test_is_public_string_variations): 200 GET http://10.180.1.21/compute/v2.1/flavors/detail?is_public=0 0.012s
2025-05-19 19:02:14.829 70248 INFO tempest.lib.common.rest_client [req-eca228ea-34aa-4ec9-90ce-6242c5fd124d req-eca228ea-34aa-4ec9-90ce-6242c5fd124d ] Request (ServicesAdminNegativeTestJSON:setUpClass): 201 POST http://10.180.1.21/identity/v3/auth/tokens 0.422s
2025-05-19 19:02:14.837 70260 INFO tempest.lib.common.rest_client [req-ed80cd74-e18a-4509-b7ad-112af1fbda21 req-ed80cd74-e18a-4509-b7ad-112af1fbda21 ] Request (HostsAdminTestJSON:setUpClass): 200 GET http://10.180.1.21/identity/v3/domains?name=Default 0.413s
2025-05-19 19:02:14.850 70230 INFO tempest.lib.common.rest_client [req-a3ec0aea-e57f-49d5-b888-b0b178f8f5a1 req-a3ec0aea-e57f-49d5-b888-b0b178f8f5a1 ] Request (HypervisorAdminV253TestBase:setUpClass): 201 POST http://10.180.1.21/identity/v3/projects 0.408s
2025-05-19 19:02:14.854 70238 INFO tempest.lib.common.rest_client [req-b464b03c-6b97-49b4-a097-76b1f5a7d906 req-b464b03c-6b97-49b4-a097-76b1f5a7d906 ] Request (FlavorsAdminTestJSON:test_is_public_string_variations): 200 GET http://10.180.1.21/compute/v2.1/flavors/detail?is_public=t 0.022s
2025-05-19 19:02:14.880 70238 INFO tempest.lib.common.rest_client [req-e148515b-0efe-4597-844e-6b3e157599fd req-e148515b-0efe-4597-844e-6b3e157599fd ] Request (FlavorsAdminTestJSON:test_is_public_string_variations): 200 GET http://10.180.1.21/compute/v2.1/flavors/detail?is_public=true 0.021s
2025-05-19 19:02:14.886 70280 INFO tempest.lib.common.rest_client [req-b88fa4fe-a1ba-4dfa-90f1-c9f81a4b005c req-b88fa4fe-a1ba-4dfa-90f1-c9f81a4b005c ] Request (HostsAdminNegativeTestJSON:setUpClass): 201 POST http://10.180.1.21/identity/v3/auth/tokens 0.439s
2025-05-19 19:02:14.897 70272 INFO tempest.lib.common.rest_client [req-9d19990f-7ede-4144-bcd8-b4f9fa1ddc65 req-9d19990f-7ede-4144-bcd8-b4f9fa1ddc65 ] Request (FlavorMetadataValidation:setUpClass): 204 PUT http://10.180.1.21/identity/v3/projects/1990d59057fa4dc8b52a1a09d3dff2f4/users/991ca8b7af224aadae1b06140e1725b7/roles/4e1a9b2a63ec43869e9293a3733349e0 0.443s
2025-05-19 19:02:14.897 70272 INFO tempest.lib.common.dynamic_creds [-] Dynamic test user 991ca8b7af224aadae1b06140e1725b7 is created with scope project and roles: ['member']
2025-05-19 19:02:14.898 70272 INFO tempest.lib.common.dynamic_creds [-] Acquired dynamic creds: credentials: Credentials: {'domain_id': 'default', 'domain_name': 'Default', 'username': 'tempest-FlavorMetadataValidation-1988710005-project-member', 'project_domain_id': 'default', 'project_domain_name': 'Default', 'project_id': '1990d59057fa4dc8b52a1a09d3dff2f4', 'project_name': 'tempest-FlavorMetadataValidation-1988710005', 'tenant_id': '1990d59057fa4dc8b52a1a09d3dff2f4', 'tenant_name': 'tempest-FlavorMetadataValidation-1988710005', 'user_domain_id': 'default', 'user_domain_name': 'Default', 'user_id': '991ca8b7af224aadae1b06140e1725b7', 'system': None}, Network: None, Subnet: None, Router: None
2025-05-19 19:02:14.898 70272 INFO tempest.lib.common.dynamic_creds [-] Created isolated network resources for: credentials: Credentials: {'domain_id': 'default', 'domain_name': 'Default', 'username': 'tempest-FlavorMetadataValidation-1988710005-project-member', 'project_domain_id': 'default', 'project_domain_name': 'Default', 'project_id': '1990d59057fa4dc8b52a1a09d3dff2f4', 'project_name': 'tempest-FlavorMetadataValidation-1988710005', 'tenant_id': '1990d59057fa4dc8b52a1a09d3dff2f4', 'tenant_name': 'tempest-FlavorMetadataValidation-1988710005', 'user_domain_id': 'default', 'user_domain_name': 'Default', 'user_id': '991ca8b7af224aadae1b06140e1725b7', 'system': None}, Network: None, Subnet: None, Router: None
2025-05-19 19:02:14.901 70264 INFO tempest.lib.common.rest_client [req-6eca0b39-9167-42b8-86e5-b145df26ae8e req-6eca0b39-9167-42b8-86e5-b145df26ae8e ] Request (QuotasAdminTestV236:setUpClass): 200 GET http://10.180.1.21/identity/v3/roles 0.438s
2025-05-19 19:02:14.906 70238 INFO tempest.lib.common.rest_client [req-179c37cf-1918-47ad-bb19-b2ca3561c8cd req-179c37cf-1918-47ad-bb19-b2ca3561c8cd ] Request (FlavorsAdminTestJSON:test_is_public_string_variations): 200 GET http://10.180.1.21/compute/v2.1/flavors/detail?is_public=yes 0.021s
2025-05-19 19:02:14.932 70238 INFO tempest.lib.common.rest_client [req-ce1d4c22-922c-4946-9abd-65e5d27ec9ce req-ce1d4c22-922c-4946-9abd-65e5d27ec9ce ] Request (FlavorsAdminTestJSON:test_is_public_string_variations): 200 GET http://10.180.1.21/compute/v2.1/flavors/detail?is_public=1 0.022s
2025-05-19 19:02:14.949 70256 INFO tempest.lib.common.rest_client [req-93d8822e-57c4-4e2f-a18e-dfbad45c2e39 req-93d8822e-57c4-4e2f-a18e-dfbad45c2e39 ] Request (QuotasSecurityGroupAdminNegativeTest:setUpClass): 201 POST http://10.180.1.21/identity/v3/auth/tokens 0.470s
2025-05-19 19:02:14.953 70238 INFO tempest.lib.common.rest_client [req-bb4731d5-b22a-43b6-bedd-01c03732e984 req-bb4731d5-b22a-43b6-bedd-01c03732e984 ] Request (FlavorsAdminTestJSON:_run_cleanups): 202 DELETE http://10.180.1.21/compute/v2.1/flavors/2120036120 0.016s
2025-05-19 19:02:14.953 70232 INFO tempest.lib.common.rest_client [req-3aabef63-be86-4e55-8484-48cae6060ee0 req-3aabef63-be86-4e55-8484-48cae6060ee0 ] Request (ServerExternalEventsTest:setUpClass): 201 POST http://10.180.1.21/identity/v3/auth/tokens 0.466s
2025-05-19 19:02:14.968 70236 INFO tempest.lib.common.rest_client [req-025e195d-8531-4ee4-aca9-a1758008bdd5 req-025e195d-8531-4ee4-aca9-a1758008bdd5 ] Request (ServersAdminTestJSON:setUpClass): 201 POST http://10.180.1.21/identity/v3/users 0.470s
2025-05-19 19:02:14.972 70284 INFO tempest.lib.common.rest_client [req-dfc0c7e0-a69a-478b-a255-191ce16151f3 req-dfc0c7e0-a69a-478b-a255-191ce16151f3 ] Request (ServicesAdminNegativeV253TestJSON:setUpClass): 200 GET http://10.180.1.21/identity/v3/domains?name=Default 0.434s
2025-05-19 19:02:14.973 70238 INFO tempest.lib.common.rest_client [req-2ee2afed-8dd4-45b6-9310-10a846c01aa9 req-2ee2afed-8dd4-45b6-9310-10a846c01aa9 ] Request (FlavorsAdminTestJSON:_run_cleanups): 200 GET http://10.180.1.21/compute/v2.1/flavors/detail 0.019s
2025-05-19 19:02:14.990 70288 INFO tempest.lib.common.rest_client [req-bdeb7aff-5d30-4126-9f79-b1a26e08f422 req-bdeb7aff-5d30-4126-9f79-b1a26e08f422 ] Request (ServersWithSpecificFlavorTestJSON:setUpClass): 200 GET http://10.180.1.21/identity/v3/domains?name=Default 0.432s
2025-05-19 19:02:14.992 70238 INFO tempest.lib.common.rest_client [req-b4e195f5-417c-4299-89b3-6f0bec7c52ab req-b4e195f5-417c-4299-89b3-6f0bec7c52ab ] Request (FlavorsAdminTestJSON:_run_cleanups): 202 DELETE http://10.180.1.21/compute/v2.1/flavors/511174240 0.014s
2025-05-19 19:02:14.993 70268 INFO tempest.lib.common.rest_client [req-66eaa56a-e304-48cf-ab2d-e5b2bdcdea82 req-66eaa56a-e304-48cf-ab2d-e5b2bdcdea82 ] Request (FloatingIPsAssociationTestJSON:setUpClass): 201 POST http://10.180.1.21/identity/v3/auth/tokens 0.443s
2025-05-19 19:02:15.011 70286 INFO tempest.lib.common.rest_client [req-5650f97e-aa86-4f2f-a4ef-8693c0194dfc req-5650f97e-aa86-4f2f-a4ef-8693c0194dfc ] Request (HypervisorAdminNegativeTestJSON:setUpClass): 201 POST http://10.180.1.21/identity/v3/auth/tokens 0.438s
2025-05-19 19:02:15.012 70238 INFO tempest.lib.common.rest_client [req-bcf0be38-6695-47de-8b4c-a638b959cc74 req-bcf0be38-6695-47de-8b4c-a638b959cc74 ] Request (FlavorsAdminTestJSON:_run_cleanups): 200 GET http://10.180.1.21/compute/v2.1/flavors/detail 0.020s
2025-05-19 19:02:15.013 70258 INFO tempest.lib.common.rest_client [req-d60cba9d-cf59-48a9-bd11-9749e9932f0a req-d60cba9d-cf59-48a9-bd11-9749e9932f0a ] Request (FlavorsExtraSpecsNegativeTestJSON:setUpClass): 201 POST http://10.180.1.21/identity/v3/auth/tokens 0.432s
2025-05-19 19:02:15.032 70266 INFO tempest.lib.common.rest_client [req-3853d790-7676-443f-9ea6-bd88c5b87694 req-3853d790-7676-443f-9ea6-bd88c5b87694 ] Request (KeyPairsV210TestJSON:setUpClass): 201 POST http://10.180.1.21/identity/v3/auth/tokens 0.437s
2025-05-19 19:02:15.033 70262 INFO tempest.lib.common.rest_client [req-fc6ab48a-ca66-47b8-b712-4f7be2d9a2b8 req-fc6ab48a-ca66-47b8-b712-4f7be2d9a2b8 ] Request (FlavorsV261TestJSON:setUpClass): 201 POST http://10.180.1.21/identity/v3/auth/tokens 0.430s
2025-05-19 19:02:15.036 70238 INFO tempest.lib.common.rest_client [req-5d535b0a-f66e-4f70-9b87-a7a775e4162c req-5d535b0a-f66e-4f70-9b87-a7a775e4162c ] Request (FlavorsAdminTestJSON:test_list_non_public_flavor): 200 POST http://10.180.1.21/compute/v2.1/flavors 0.017s
2025-05-19 19:02:15.050 70282 INFO tempest.lib.common.rest_client [req-ace9235e-c5a3-4bd4-9faf-c96b9f0d3b91 req-ace9235e-c5a3-4bd4-9faf-c96b9f0d3b91 ] Request (MigrationsAdminTest:setUpClass): 200 GET http://10.180.1.21/identity/v3/domains?name=Default 0.437s
2025-05-19 19:02:15.054 70250 INFO tempest.lib.common.rest_client [req-afc0a130-a27c-4aa8-a67c-b514f3c7c5e6 req-afc0a130-a27c-4aa8-a67c-b514f3c7c5e6 ] Request (AZAdminNegativeTestJSON:setUpClass): 201 POST http://10.180.1.21/identity/v3/auth/tokens 0.429s
