2025-05-19 19:18:08.976 70022 INFO tempest.lib.common.rest_client [req-f4a1d277-2679-4970-96a9-5c1c260c1094 req-f4a1d277-2679-4970-96a9-5c1c260c1094 ] Request (DeleteServersTestJSON:tearDownClass): 204 DELETE http://10.180.1.21:9696/networking/v2.0/networks/9cd75a71-634f-41fa-9400-930fb08d9d8b 1.009s
2025-05-19 19:18:08.989 70024 INFO tempest.lib.common.rest_client [req-6ba49c36-7e2c-4bfd-92ff-0e3f08b77a11 req-6ba49c36-7e2c-4bfd-92ff-0e3f08b77a11 ] Request (SecurityGroupsTestJSON:tearDownClass): 204 DELETE http://10.180.1.21:9696/networking/v2.0/networks/1791d541-759e-4fcd-9deb-a9acb3f025b5 1.551s
2025-05-19 19:18:08.997 69974 INFO tempest.lib.common.rest_client [req-1e9007ae-3234-46e1-a40e-6d301dc792fd req-1e9007ae-3234-46e1-a40e-6d301dc792fd ] Request (AttachVolumeNegativeTest:tearDownClass): 204 DELETE http://10.180.1.21/identity/v3/projects/ec4d8314aafd43798e73650b7c74d864 0.066s
2025-05-19 19:18:09.012 69968 INFO tempest.lib.common.rest_client [req-a2e7813a-d28f-4ce2-91ae-2a19554b2f95 req-a2e7813a-d28f-4ce2-91ae-2a19554b2f95 ] Request (ServerRescueNegativeTestJSON:tearDownClass): 204 DELETE http://10.180.1.21:9696/networking/v2.0/security-groups/c60e47de-b212-4d04-9c08-860860b8cf62 0.363s
2025-05-19 19:18:09.031 69964 INFO tempest.lib.common.rest_client [req-bea51da1-8b78-48e4-bdb8-3529f740951b req-bea51da1-8b78-48e4-bdb8-3529f740951b ] Request (AttachInterfacesTestJSON:_run_cleanups): 204 DELETE http://10.180.1.21:9696/networking/v2.0/security-groups/5f323774-1bb7-45cb-9189-5476769ab4ef 0.356s
2025-05-19 19:18:09.033 69998 INFO tempest.lib.common.rest_client [req-774df384-5341-485a-9195-ab4f5b356428 req-774df384-5341-485a-9195-ab4f5b356428 ] Request (ListServersNegativeTestJSON:setUpClass): 200 GET http://10.180.1.21/identity/v3/domains?name=Default 0.087s
2025-05-19 19:18:09.046 69978 INFO tempest.lib.common.rest_client [req-df282c55-cdec-407b-9ecf-ace469a62a52 req-df282c55-cdec-407b-9ecf-ace469a62a52 ] Request (ServersTestJSON:setUpClass): 201 POST http://10.180.1.21:9696/networking/v2.0/security-group-rules 0.392s
2025-05-19 19:18:09.052 69964 INFO tempest.lib.common.rest_client [req-d1d6104f-56cc-41b5-b75a-8dabdd3f0e64 req-d1d6104f-56cc-41b5-b75a-8dabdd3f0e64 ] Request (AttachInterfacesTestJSON:_run_cleanups): 404 GET http://10.180.1.21:9696/networking/v2.0/security-groups/5f323774-1bb7-45cb-9189-5476769ab4ef 0.020s
2025-05-19 19:18:09.055 70006 INFO tempest.lib.common.rest_client [req-56e1698f-5d12-4106-af55-287f2f1bf6bf req-56e1698f-5d12-4106-af55-287f2f1bf6bf ] Request (SecurityGroupRulesTestJSON:tearDownClass): 204 DELETE http://10.180.1.21:9696/networking/v2.0/security-groups/c176f319-4fd6-4504-8463-a60156fa61f6 0.369s
2025-05-19 19:18:09.107 70022 INFO tempest.lib.common.rest_client [req-87e3b393-143d-4ffd-9c7b-eb86bf101623 req-87e3b393-143d-4ffd-9c7b-eb86bf101623 ] Request (DeleteServersTestJSON:tearDownClass): 204 DELETE http://10.180.1.21/identity/v3/users/4150e6805d4c4aa9b567d4cdb989a53b 0.130s
2025-05-19 19:18:09.107 70022 INFO tempest.lib.common.dynamic_creds [-] Deleting project and security group for project: aac22de20293457facf0cf9a939b2f29
2025-05-19 19:18:09.226 70024 INFO tempest.lib.common.rest_client [req-3caf283c-6363-4755-9cf2-c07d65b508de req-3caf283c-6363-4755-9cf2-c07d65b508de ] Request (SecurityGroupsTestJSON:tearDownClass): 204 DELETE http://10.180.1.21/identity/v3/users/286534afae9443389afde15da7e9f5da 0.237s
2025-05-19 19:18:09.226 70024 INFO tempest.lib.common.dynamic_creds [-] Deleting project and security group for project: aa186d7043ce4e3c89236bc20f32ae19
2025-05-19 19:18:09.227 70022 INFO tempest.lib.common.rest_client [req-ef72b8ed-a884-4e10-8392-d59c2a664872 req-ef72b8ed-a884-4e10-8392-d59c2a664872 ] Request (DeleteServersTestJSON:tearDownClass): 200 GET http://10.180.1.21:9696/networking/v2.0/security-groups?tenant_id=aac22de20293457facf0cf9a939b2f29&name=default 0.119s
2025-05-19 19:18:09.302 69972 INFO tempest.lib.common.rest_client [req-07d0412b-74f6-467f-98c7-2d7e6091d8b4 req-07d0412b-74f6-467f-98c7-2d7e6091d8b4 ] Request (ServerActionsV293TestJSON:setUpClass): 200 GET http://10.180.1.21/volume/v3/volumes/502ec786-4e0e-43d6-abde-996f6f315965 0.050s
2025-05-19 19:18:09.323 69968 INFO tempest.lib.common.rest_client [req-24c7617f-578c-4cd2-91a3-37bc303ad9f4 req-24c7617f-578c-4cd2-91a3-37bc303ad9f4 ] Request (ServerRescueNegativeTestJSON:tearDownClass): 204 DELETE http://10.180.1.21/identity/v3/projects/b4748cd1d531484395eb84ba79936b32 0.311s
2025-05-19 19:18:09.356 70008 INFO tempest.lib.common.rest_client [req-a046a64e-98e3-416c-9c7b-64b92e30331a req-a046a64e-98e3-416c-9c7b-64b92e30331a ] Request (VolumesTestJSON:setUpClass): 202 POST http://10.180.1.21/volume/v3/volumes 0.386s
2025-05-19 19:18:09.369 70024 INFO tempest.lib.common.rest_client [req-914eba22-ee21-4abf-bcc5-6ebb7b5f29bd req-914eba22-ee21-4abf-bcc5-6ebb7b5f29bd ] Request (SecurityGroupsTestJSON:tearDownClass): 200 GET http://10.180.1.21:9696/networking/v2.0/security-groups?tenant_id=aa186d7043ce4e3c89236bc20f32ae19&name=default 0.142s
2025-05-19 19:18:09.417 70008 INFO tempest.lib.common.rest_client [req-f1ec3c58-9714-4ce4-960d-c2d6bb757046 req-f1ec3c58-9714-4ce4-960d-c2d6bb757046 ] Request (VolumesTestJSON:setUpClass): 200 GET http://10.180.1.21/volume/v3/volumes/592fbbc9-6958-474d-a3f8-1a9cac378d96 0.051s
2025-05-19 19:18:09.434 69998 INFO tempest.lib.common.rest_client [req-80b5e3a3-33fe-4917-8d03-0bf528a4bf02 req-80b5e3a3-33fe-4917-8d03-0bf528a4bf02 ] Request (ListServersNegativeTestJSON:setUpClass): 201 POST http://10.180.1.21/identity/v3/projects 0.401s
2025-05-19 19:18:09.456 69990 INFO tempest.lib.common.rest_client [req-df88513b-7706-4dbb-8ba9-5677c2eef531 req-df88513b-7706-4dbb-8ba9-5677c2eef531 ] Request (ServersV294TestFqdnHostnames:tearDownClass): 204 DELETE http://10.180.1.21:9696/networking/v2.0/networks/5f671554-4b3a-42fb-a9e4-5fbaecd891a3 0.602s
2025-05-19 19:18:09.494 69970 INFO tempest.lib.common.rest_client [req-0acb5598-e570-471d-bb07-b8a05ab8a501 req-0acb5598-e570-471d-bb07-b8a05ab8a501 ] Request (ServerMetadataNegativeTestJSON:tearDownClass): 204 DELETE http://10.180.1.21:9696/networking/v2.0/networks/6c5f7916-0031-4046-9baf-6421e5c4b0c1 0.649s
2025-05-19 19:18:09.496 70006 INFO tempest.lib.common.rest_client [req-697fb5ed-6180-43e9-afd5-3f4bb24a5b09 req-697fb5ed-6180-43e9-afd5-3f4bb24a5b09 ] Request (SecurityGroupRulesTestJSON:tearDownClass): 204 DELETE http://10.180.1.21/identity/v3/projects/368dfe07f44d41cb8631941718e4a4f9 0.440s
2025-05-19 19:18:09.527 69978 INFO tempest.lib.common.rest_client [req-5c26ce66-0538-4814-8610-ce4845e857a6 req-5c26ce66-0538-4814-8610-ce4845e857a6 ] Request (ServersTestJSON:setUpClass): 201 POST http://10.180.1.21:9696/networking/v2.0/security-group-rules 0.481s
2025-05-19 19:18:09.585 69998 INFO tempest.lib.common.rest_client [req-7ce6f929-e0e9-44b3-b27e-122aff654b88 req-7ce6f929-e0e9-44b3-b27e-122aff654b88 ] Request (ListServersNegativeTestJSON:setUpClass): 201 POST http://10.180.1.21/identity/v3/users 0.150s
2025-05-19 19:18:09.641 69990 INFO tempest.lib.common.rest_client [req-5feecbad-9145-421b-9a8a-2c920f9e8173 req-5feecbad-9145-421b-9a8a-2c920f9e8173 ] Request (ServersV294TestFqdnHostnames:tearDownClass): 204 DELETE http://10.180.1.21/identity/v3/users/5f4288a0f5664183a41dd46cba360f82 0.183s
2025-05-19 19:18:09.641 69990 INFO tempest.lib.common.dynamic_creds [-] Deleting project and security group for project: 027a739cdf8441d192ed38af45ce2131
2025-05-19 19:18:09.651 69970 INFO tempest.lib.common.rest_client [req-72d2673b-e4d0-47b7-9dd9-27301f791f4b req-72d2673b-e4d0-47b7-9dd9-27301f791f4b ] Request (ServerMetadataNegativeTestJSON:tearDownClass): 204 DELETE http://10.180.1.21/identity/v3/users/9a51b16bb829422d8645899b3bf1bf7a 0.156s
2025-05-19 19:18:09.651 69970 INFO tempest.lib.common.dynamic_creds [-] Deleting project and security group for project: b81505e7dc14435b9a599b03dc4f94fc
2025-05-19 19:18:09.656 70022 INFO tempest.lib.common.rest_client [req-e253e3e4-0f34-46f6-b938-a31ce52217d3 req-e253e3e4-0f34-46f6-b938-a31ce52217d3 ] Request (DeleteServersTestJSON:tearDownClass): 204 DELETE http://10.180.1.21:9696/networking/v2.0/security-groups/6cab2f9c-189b-4ded-adb1-3055ddf72143 0.429s
2025-05-19 19:18:09.704 70006 INFO tempest.lib.common.rest_client [req-49096f83-a32d-4d48-b238-d36d3e371acf req-49096f83-a32d-4d48-b238-d36d3e371acf ] Request (AttachVolumeTestJSON:setUpClass): 201 POST http://10.180.1.21/identity/v3/auth/tokens 0.206s
2025-05-19 19:18:09.710 69990 INFO tempest.lib.common.rest_client [req-9d5bcb4a-863a-4a55-b749-a99748efacb0 req-9d5bcb4a-863a-4a55-b749-a99748efacb0 ] Request (ServersV294TestFqdnHostnames:tearDownClass): 200 GET http://10.180.1.21:9696/networking/v2.0/security-groups?tenant_id=027a739cdf8441d192ed38af45ce2131&name=default 0.069s
2025-05-19 19:18:09.719 69998 INFO tempest.lib.common.rest_client [req-aea65fa5-f7b9-4040-92cb-a90a16157705 req-aea65fa5-f7b9-4040-92cb-a90a16157705 ] Request (ListServersNegativeTestJSON:setUpClass): 200 GET http://10.180.1.21/identity/v3/roles 0.134s
2025-05-19 19:18:09.763 70022 INFO tempest.lib.common.rest_client [req-4af80c8b-b570-4d8c-9cf0-d619deb90045 req-4af80c8b-b570-4d8c-9cf0-d619deb90045 ] Request (DeleteServersTestJSON:tearDownClass): 204 DELETE http://10.180.1.21/identity/v3/projects/aac22de20293457facf0cf9a939b2f29 0.106s
2025-05-19 19:18:09.782 70006 INFO tempest.lib.common.rest_client [req-85c99d54-dfb1-409e-98ff-18cf0c47868d req-85c99d54-dfb1-409e-98ff-18cf0c47868d ] Request (AttachVolumeTestJSON:setUpClass): 201 POST http://10.180.1.21/identity/v3/auth/tokens 0.075s
2025-05-19 19:18:09.815 70022 INFO tempest.lib.common.rest_client [req-4498776e-fae5-4d92-b7a8-1fbe3b9b814b req-4498776e-fae5-4d92-b7a8-1fbe3b9b814b ] Request (ServerAddressesNegativeTestJSON:setUpClass): 201 POST http://10.180.1.21/identity/v3/auth/tokens 0.050s
2025-05-19 19:18:09.826 69998 INFO tempest.lib.common.rest_client [req-66619294-e31d-45d4-bc67-6e84c155fcbe req-66619294-e31d-45d4-bc67-6e84c155fcbe ] Request (ListServersNegativeTestJSON:setUpClass): 204 PUT http://10.180.1.21/identity/v3/projects/482f3957eb914ce7b7f681aaefbeee0a/users/a342dbfb3ee846a1a9221044acbea652/roles/9db8bcd66cf44d809f2f23ff6ff2f096 0.106s
2025-05-19 19:18:09.827 69998 INFO tempest.lib.common.dynamic_creds [-] Dynamic test user a342dbfb3ee846a1a9221044acbea652 is created with scope project and roles: ['member']
2025-05-19 19:18:09.827 69998 INFO tempest.lib.common.dynamic_creds [-] Acquired dynamic creds: credentials: Credentials: {'domain_id': 'default', 'domain_name': 'Default', 'username': 'tempest-ListServersNegativeTestJSON-1370354058-project-member', 'project_domain_id': 'default', 'project_domain_name': 'Default', 'project_id': '482f3957eb914ce7b7f681aaefbeee0a', 'project_name': 'tempest-ListServersNegativeTestJSON-1370354058', 'tenant_id': '482f3957eb914ce7b7f681aaefbeee0a', 'tenant_name': 'tempest-ListServersNegativeTestJSON-1370354058', 'user_domain_id': 'default', 'user_domain_name': 'Default', 'user_id': 'a342dbfb3ee846a1a9221044acbea652', 'system': None}, Network: None, Subnet: None, Router: None
2025-05-19 19:18:09.844 70006 INFO tempest.lib.common.rest_client [req-a9f2d886-4cd1-4e27-a042-edc8e9c44057 req-a9f2d886-4cd1-4e27-a042-edc8e9c44057 ] Request (AttachVolumeTestJSON:setUpClass): 200 GET http://10.180.1.21/identity/v3/domains?name=Default 0.058s
2025-05-19 19:18:09.868 70010 INFO tempest.lib.common.rest_client [req-d598f6d5-8c09-4188-a633-a7274a9cc12f req-d598f6d5-8c09-4188-a633-a7274a9cc12f ] Request (AttachVolumeShelveTestJSON:test_attach_volume_shelved_or_offload_server): 202 POST http://10.180.1.21/compute/v2.1/servers 1.059s
2025-05-19 19:18:09.901 69998 INFO tempest.lib.common.rest_client [req-f1320ecd-be5b-40e9-b9be-d5501218d036 req-f1320ecd-be5b-40e9-b9be-d5501218d036 ] Request (ListServersNegativeTestJSON:setUpClass): 201 POST http://10.180.1.21/identity/v3/auth/tokens 0.073s
2025-05-19 19:18:09.906 70022 INFO tempest.lib.common.rest_client [req-2491adc1-e56c-454a-938d-dbc942b45b16 req-2491adc1-e56c-454a-938d-dbc942b45b16 ] Request (ServerAddressesNegativeTestJSON:setUpClass): 201 POST http://10.180.1.21/identity/v3/auth/tokens 0.087s
2025-05-19 19:18:09.916 70024 INFO tempest.lib.common.rest_client [req-f309b838-844f-460f-b856-a8f14c67bc76 req-f309b838-844f-460f-b856-a8f14c67bc76 ] Request (SecurityGroupsTestJSON:tearDownClass): 204 DELETE http://10.180.1.21:9696/networking/v2.0/security-groups/d927bafc-1892-462c-b5dd-6f4866429f1b 0.544s
2025-05-19 19:18:09.928 69970 INFO tempest.lib.common.rest_client [req-be340e0e-570c-432d-8be0-48ad13bddb5a req-be340e0e-570c-432d-8be0-48ad13bddb5a ] Request (ServerMetadataNegativeTestJSON:tearDownClass): 200 GET http://10.180.1.21:9696/networking/v2.0/security-groups?tenant_id=b81505e7dc14435b9a599b03dc4f94fc&name=default 0.276s
2025-05-19 19:18:09.936 70006 INFO tempest.lib.common.rest_client [req-07466ddd-c410-4663-8468-10c69cbf13a2 req-07466ddd-c410-4663-8468-10c69cbf13a2 ] Request (AttachVolumeTestJSON:setUpClass): 201 POST http://10.180.1.21/identity/v3/projects 0.092s
2025-05-19 19:18:09.942 70022 INFO tempest.lib.common.rest_client [req-985dc585-14fb-4fdc-9d4d-c019b8e6f7be req-985dc585-14fb-4fdc-9d4d-c019b8e6f7be ] Request (ServerAddressesNegativeTestJSON:setUpClass): 200 GET http://10.180.1.21/identity/v3/domains?name=Default 0.035s
2025-05-19 19:18:09.979 70010 INFO tempest.lib.common.rest_client [req-c53deb63-dc18-4402-bea5-5f93ddc1e5e1 req-c53deb63-dc18-4402-bea5-5f93ddc1e5e1 ] Request (AttachVolumeShelveTestJSON:test_attach_volume_shelved_or_offload_server): 200 GET http://10.180.1.21/compute/v2.1/servers/2ef08c25-5a68-477b-a4e8-4f3d94f7bc60 0.109s
2025-05-19 19:18:10.049 70024 INFO tempest.lib.common.rest_client [req-eab7601e-2404-4a11-ad23-59f6073a19c8 req-eab7601e-2404-4a11-ad23-59f6073a19c8 ] Request (SecurityGroupsTestJSON:tearDownClass): 204 DELETE http://10.180.1.21/identity/v3/projects/aa186d7043ce4e3c89236bc20f32ae19 0.133s
2025-05-19 19:18:10.071 69990 INFO tempest.lib.common.rest_client [req-3b8a23b7-10c3-4de4-bd4f-c77c844065aa req-3b8a23b7-10c3-4de4-bd4f-c77c844065aa ] Request (ServersV294TestFqdnHostnames:tearDownClass): 204 DELETE http://10.180.1.21:9696/networking/v2.0/security-groups/d58b63d8-b63e-46b7-9a94-83e13f14a2cd 0.360s
2025-05-19 19:18:10.082 69964 INFO tempest.lib.common.rest_client [req-29dee0ba-8dc4-4a1e-8820-87f06d8c485c req-29dee0ba-8dc4-4a1e-8820-87f06d8c485c ] Request (AttachInterfacesTestJSON:_run_cleanups): 204 DELETE http://10.180.1.21:9696/networking/v2.0/floatingips/3d8a7f57-ea5a-408d-b4b7-8e4f6beb6e6a 1.030s
2025-05-19 19:18:10.134 70006 INFO tempest.lib.common.rest_client [req-801e57cd-ef26-4a46-9673-6688f0ee60bf req-801e57cd-ef26-4a46-9673-6688f0ee60bf ] Request (AttachVolumeTestJSON:setUpClass): 201 POST http://10.180.1.21/identity/v3/users 0.197s
2025-05-19 19:18:10.136 69970 INFO tempest.lib.common.rest_client [req-5cdfa3ab-a44a-4d96-a99b-03f0a3cb8ca0 req-5cdfa3ab-a44a-4d96-a99b-03f0a3cb8ca0 ] Request (ServerMetadataNegativeTestJSON:tearDownClass): 204 DELETE http://10.180.1.21:9696/networking/v2.0/security-groups/8df210fd-7b2f-4835-97bf-583bd1dca519 0.208s
2025-05-19 19:18:10.142 70022 INFO tempest.lib.common.rest_client [req-c53b481a-3ecc-4054-a219-896c4d6f0ffb req-c53b481a-3ecc-4054-a219-896c4d6f0ffb ] Request (ServerAddressesNegativeTestJSON:setUpClass): 201 POST http://10.180.1.21/identity/v3/projects 0.198s
2025-05-19 19:18:10.226 69964 INFO tempest.lib.common.rest_client [req-eeea9c64-7e96-4088-8dd8-65f015b4f7bc req-eeea9c64-7e96-4088-8dd8-65f015b4f7bc ] Request (AttachInterfacesTestJSON:test_reassign_port_between_servers): 201 POST http://10.180.1.21/identity/v3/auth/tokens 0.138s
2025-05-19 19:18:10.227 69964 INFO tempest.lib.common.fixed_network [-] (AttachInterfacesTestJSON:test_reassign_port_between_servers) Found network {'id': '29d6e1bd-4f51-4021-b26f-0741a5fcab32', 'name': 'tempest-AttachInterfacesTestJSON-500473866-network', 'tenant_id': 'dc541847be0c4e46993bcb8d97440dcd', 'admin_state_up': True, 'mtu': 8950, 'status': 'ACTIVE', 'subnets': [], 'shared': False, 'project_id': 'dc541847be0c4e46993bcb8d97440dcd', 'port_security_enabled': True, 'router:external': False, 'provider:network_type': 'vlan', 'provider:physical_network': 'default', 'provider:segmentation_id': 386, 'availability_zone_hints': [], 'availability_zones': [], 'ipv4_address_scope': None, 'ipv6_address_scope': None, 'description': '', 'tags': [], 'created_at': '2025-05-19T19:17:36Z', 'updated_at': '2025-05-19T19:17:36Z', 'revision_number': 1} available for tenant
2025-05-19 19:18:10.283 69964 INFO tempest.lib.common.rest_client [req-caa7a16b-b1fd-4d17-83e4-40feb92e546e req-caa7a16b-b1fd-4d17-83e4-40feb92e546e ] Request (ValidationResourcesFixture:setUp): 200 POST http://10.180.1.21/compute/v2.1/os-keypairs 0.055s
2025-05-19 19:18:10.304 70006 INFO tempest.lib.common.rest_client [req-9d305f94-79de-43a2-b1f8-0e7b10a7278f req-9d305f94-79de-43a2-b1f8-0e7b10a7278f ] Request (AttachVolumeTestJSON:setUpClass): 200 GET http://10.180.1.21/identity/v3/roles 0.169s
2025-05-19 19:18:10.332 69990 INFO tempest.lib.common.rest_client [req-ccc0e7a6-9f03-4d80-9f6b-4df7d7a4764e req-ccc0e7a6-9f03-4d80-9f6b-4df7d7a4764e ] Request (ServersV294TestFqdnHostnames:tearDownClass): 204 DELETE http://10.180.1.21/identity/v3/projects/027a739cdf8441d192ed38af45ce2131 0.261s
2025-05-19 19:18:10.362 69972 INFO tempest.lib.common.rest_client [req-e93507be-9ace-4cef-9d08-7ad6b996a394 req-e93507be-9ace-4cef-9d08-7ad6b996a394 ] Request (ServerActionsV293TestJSON:setUpClass): 200 GET http://10.180.1.21/volume/v3/volumes/502ec786-4e0e-43d6-abde-996f6f315965 0.044s
2025-05-19 19:18:10.402 70022 INFO tempest.lib.common.rest_client [req-a1710d8f-643e-45f2-99a7-271bceab2cba req-a1710d8f-643e-45f2-99a7-271bceab2cba ] Request (ServerAddressesNegativeTestJSON:setUpClass): 201 POST http://10.180.1.21/identity/v3/users 0.259s
2025-05-19 19:18:10.407 69970 INFO tempest.lib.common.rest_client [req-aa73fcb9-c1c6-4be9-93e8-e5fe4b7ceca7 req-aa73fcb9-c1c6-4be9-93e8-e5fe4b7ceca7 ] Request (ServerMetadataNegativeTestJSON:tearDownClass): 204 DELETE http://10.180.1.21/identity/v3/projects/b81505e7dc14435b9a599b03dc4f94fc 0.270s
2025-05-19 19:18:10.411 69970 INFO tempest.test [-] raised in ServerBootFromVolumeStableRescueTest.setUpClass. Invoking tearDownClass.
2025-05-19 19:18:10.460 69998 INFO tempest.lib.common.rest_client [req-7dfab95c-32ed-4835-bc20-5be38a31d7fb req-7dfab95c-32ed-4835-bc20-5be38a31d7fb ] Request (ListServersNegativeTestJSON:setUpClass): 201 POST http://10.180.1.21:9696/networking/v2.0/networks 0.558s
2025-05-19 19:18:10.463 69978 INFO tempest.lib.common.rest_client [req-576ad578-87d8-4c8f-83c2-16d1c083473d req-576ad578-87d8-4c8f-83c2-16d1c083473d ] Request (ServersTestJSON:setUpClass): 201 POST http://10.180.1.21:9696/networking/v2.0/floatingips 0.935s
2025-05-19 19:18:10.465 70008 INFO tempest.lib.common.rest_client [req-b0d1e18f-fd34-4cf9-8156-64de6ff02945 req-b0d1e18f-fd34-4cf9-8156-64de6ff02945 ] Request (VolumesTestJSON:setUpClass): 200 GET http://10.180.1.21/volume/v3/volumes/592fbbc9-6958-474d-a3f8-1a9cac378d96 0.037s
2025-05-19 19:18:10.466 69990 INFO tempest.lib.common.rest_client [req-e40df46e-fa7e-499a-8285-8e165a24b33c req-e40df46e-fa7e-499a-8285-8e165a24b33c ] Request (TestVersions:setUpClass): 201 POST http://10.180.1.21/identity/v3/auth/tokens 0.131s
2025-05-19 19:18:10.473 70008 INFO tempest.common.waiters [-] volume 592fbbc9-6958-474d-a3f8-1a9cac378d96 reached available after waiting for 1.473856 seconds
2025-05-19 19:18:10.501 70022 INFO tempest.lib.common.rest_client [req-c1c6ca18-c7c2-42f1-8f2b-e5bc12f425f3 req-c1c6ca18-c7c2-42f1-8f2b-e5bc12f425f3 ] Request (ServerAddressesNegativeTestJSON:setUpClass): 200 GET http://10.180.1.21/identity/v3/roles 0.098s
2025-05-19 19:18:10.509 69964 INFO tempest.lib.common.rest_client [req-ab547412-fb3c-4ea8-855f-79c47ba50cc2 req-ab547412-fb3c-4ea8-855f-79c47ba50cc2 ] Request (ValidationResourcesFixture:setUp): 201 POST http://10.180.1.21:9696/networking/v2.0/security-groups 0.223s
2025-05-19 19:18:10.512 70008 INFO tempest.lib.common.rest_client [req-d64b646b-97a3-46ba-a99c-d2d45d804d64 req-d64b646b-97a3-46ba-a99c-d2d45d804d64 ] Request (VolumesTestJSON:setUpClass): 200 GET http://10.180.1.21/compute/v2.1/os-volumes/592fbbc9-6958-474d-a3f8-1a9cac378d96 0.038s
2025-05-19 19:18:10.534 70006 INFO tempest.lib.common.rest_client [req-4409fef2-d728-403e-ac0b-dc67ca5f21d7 req-4409fef2-d728-403e-ac0b-dc67ca5f21d7 ] Request (AttachVolumeTestJSON:setUpClass): 204 PUT http://10.180.1.21/identity/v3/projects/7f634738bcc1410685e96982bddc861f/users/502222ad7f6c45ed896d7f1a8628237d/roles/9db8bcd66cf44d809f2f23ff6ff2f096 0.230s
2025-05-19 19:18:10.535 70006 INFO tempest.lib.common.dynamic_creds [-] Dynamic test user 502222ad7f6c45ed896d7f1a8628237d is created with scope project and roles: ['member']
2025-05-19 19:18:10.535 70006 INFO tempest.lib.common.dynamic_creds [-] Acquired dynamic creds: credentials: Credentials: {'domain_id': 'default', 'domain_name': 'Default', 'username': 'tempest-AttachVolumeTestJSON-808931292-project-member', 'project_domain_id': 'default', 'project_domain_name': 'Default', 'project_id': '7f634738bcc1410685e96982bddc861f', 'project_name': 'tempest-AttachVolumeTestJSON-808931292', 'tenant_id': '7f634738bcc1410685e96982bddc861f', 'tenant_name': 'tempest-AttachVolumeTestJSON-808931292', 'user_domain_id': 'default', 'user_domain_name': 'Default', 'user_id': '502222ad7f6c45ed896d7f1a8628237d', 'system': None}, Network: None, Subnet: None, Router: None
2025-05-19 19:18:10.581 69990 INFO tempest.lib.common.rest_client [req-bca73f1c-bc4b-41ea-a15d-e67c576a53b8 req-bca73f1c-bc4b-41ea-a15d-e67c576a53b8 ] Request (TestVersions:setUpClass): 201 POST http://10.180.1.21/identity/v3/auth/tokens 0.110s
2025-05-19 19:18:10.598 69978 INFO tempest.lib.common.rest_client [req-d263de39-14f2-4f1a-9df1-4d504df83cf4 req-d263de39-14f2-4f1a-9df1-4d504df83cf4 ] Request (ServersTestJSON:setUpClass): 201 POST http://10.180.1.21/identity/v3/auth/tokens 0.132s
2025-05-19 19:18:10.598 69978 INFO tempest.lib.common.fixed_network [-] (ServersTestJSON:setUpClass) Found network {'id': '49fe85b4-20bc-4491-b786-8e53b528ae7f', 'name': 'tempest-ServersTestJSON-1770618754-network', 'tenant_id': 'f30bad2e9fdf4f27a15eeb7fbdb52284', 'admin_state_up': True, 'mtu': 8950, 'status': 'ACTIVE', 'subnets': [], 'shared': False, 'project_id': 'f30bad2e9fdf4f27a15eeb7fbdb52284', 'port_security_enabled': True, 'router:external': False, 'provider:network_type': 'vlan', 'provider:physical_network': 'default', 'provider:segmentation_id': 828, 'availability_zone_hints': [], 'availability_zones': [], 'ipv4_address_scope': None, 'ipv6_address_scope': None, 'description': '', 'tags': [], 'created_at': '2025-05-19T19:17:57Z', 'updated_at': '2025-05-19T19:17:57Z', 'revision_number': 1} available for tenant
2025-05-19 19:18:10.606 70022 INFO tempest.lib.common.rest_client [req-f5df844d-7ae2-4210-9372-46126a358945 req-f5df844d-7ae2-4210-9372-46126a358945 ] Request (ServerAddressesNegativeTestJSON:setUpClass): 204 PUT http://10.180.1.21/identity/v3/projects/f76dd271dbc34484902e7560b1d3639b/users/54ad9e5541ff42658935b6709da0bb7b/roles/9db8bcd66cf44d809f2f23ff6ff2f096 0.104s
2025-05-19 19:18:10.607 70022 INFO tempest.lib.common.dynamic_creds [-] Dynamic test user 54ad9e5541ff42658935b6709da0bb7b is created with scope project and roles: ['member']
2025-05-19 19:18:10.607 70022 INFO tempest.lib.common.dynamic_creds [-] Acquired dynamic creds: credentials: Credentials: {'domain_id': 'default', 'domain_name': 'Default', 'username': 'tempest-ServerAddressesNegativeTestJSON-33003269-project-member', 'project_domain_id': 'default', 'project_domain_name': 'Default', 'project_id': 'f76dd271dbc34484902e7560b1d3639b', 'project_name': 'tempest-ServerAddressesNegativeTestJSON-33003269', 'tenant_id': 'f76dd271dbc34484902e7560b1d3639b', 'tenant_name': 'tempest-ServerAddressesNegativeTestJSON-33003269', 'user_domain_id': 'default', 'user_domain_name': 'Default', 'user_id': '54ad9e5541ff42658935b6709da0bb7b', 'system': None}, Network: None, Subnet: None, Router: None
2025-05-19 19:18:10.634 69996 INFO tempest.lib.common.rest_client [req-f1416b56-d268-4ed0-87c9-94ba76ab0114 req-f1416b56-d268-4ed0-87c9-94ba76ab0114 ] Request (FloatingIPsTestJSON:setUpClass): 200 PUT http://10.180.1.21:9696/networking/v2.0/routers/a3476fc8-859a-4954-acc6-70a955a918c6/add_router_interface 2.729s
2025-05-19 19:18:10.634 69996 INFO tempest.lib.common.dynamic_creds [-] Created isolated network resources for: credentials: Credentials: {'domain_id': 'default', 'domain_name': 'Default', 'username': 'tempest-FloatingIPsTestJSON-1189419601-project-member', 'project_domain_id': 'default', 'project_domain_name': 'Default', 'project_id': '0e6859e153c14a88accdc6739e69eee0', 'project_name': 'tempest-FloatingIPsTestJSON-1189419601', 'tenant_id': '0e6859e153c14a88accdc6739e69eee0', 'tenant_name': 'tempest-FloatingIPsTestJSON-1189419601', 'user_domain_id': 'default', 'user_domain_name': 'Default', 'user_id': '16e713af34524ba9aab512724f9a6bf7', 'system': None}, Network: {'id': 'ec2ff253-b387-4435-b570-915a732b955e', 'name': 'tempest-FloatingIPsTestJSON-1175101487-network', 'tenant_id': '0e6859e153c14a88accdc6739e69eee0', 'admin_state_up': True, 'mtu': 8950, 'status': 'ACTIVE', 'subnets': [], 'shared': False, 'project_id': '0e6859e153c14a88accdc6739e69eee0', 'port_security_enabled': True, 'router:external': False, 'provider:network_type': 'vlan', 'provider:physical_network': 'default', 'provider:segmentation_id': 970, 'availability_zone_hints': [], 'availability_zones': [], 'ipv4_address_scope': None, 'ipv6_address_scope': None, 'description': '', 'tags': [], 'created_at': '2025-05-19T19:18:02Z', 'updated_at': '2025-05-19T19:18:02Z', 'revision_number': 1}, Subnet: {'id': 'f42e3943-3329-4a43-a6d5-8a86a484626e', 'name': 'tempest-FloatingIPsTestJSON-1175101487-subnet', 'tenant_id': '0e6859e153c14a88accdc6739e69eee0', 'network_id': 'ec2ff253-b387-4435-b570-915a732b955e', 'ip_version': 4, 'subnetpool_id': None, 'enable_dhcp': True, 'ipv6_ra_mode': None, 'ipv6_address_mode': None, 'gateway_ip': '192.168.128.1', 'cidr': '192.168.128.0/28', 'allocation_pools': [{'start': '192.168.128.2', 'end': '192.168.128.14'}], 'host_routes': [], 'dns_nameservers': [], 'description': '', 'router:external': False, 'service_types': [], 'tags': [], 'created_at': '2025-05-19T19:18:03Z', 'updated_at': '2025-05-19T19:18:03Z', 'revision_number': 0, 'project_id': '0e6859e153c14a88accdc6739e69eee0'}, Router: {'id': 'a3476fc8-859a-4954-acc6-70a955a918c6', 'name': 'tempest-FloatingIPsTestJSON-1175101487-router', 'tenant_id': '0e6859e153c14a88accdc6739e69eee0', 'admin_state_up': True, 'status': 'ACTIVE', 'external_gateway_info': {'network_id': 'c5ccbd8b-5bcc-4b48-9ee2-c90d6adde6df', 'external_fixed_ips': [{'subnet_id': '9747c866-2ab2-41c6-822a-be6863d545ae', 'ip_address': '10.180.180.212'}], 'enable_snat': True}, 'description': '', 'availability_zones': [], 'distributed': False, 'ha': False, 'availability_zone_hints': [], 'routes': [], 'flavor_id': None, 'tags': [], 'created_at': '2025-05-19T19:18:04Z', 'updated_at': '2025-05-19T19:18:05Z', 'revision_number': 2, 'project_id': '0e6859e153c14a88accdc6739e69eee0'}
2025-05-19 19:18:10.659 69990 INFO tempest.lib.common.rest_client [req-f5052f06-d596-4974-91a0-67eab71bea25 req-f5052f06-d596-4974-91a0-67eab71bea25 ] Request (TestVersions:setUpClass): 200 GET http://10.180.1.21/identity/v3/domains?name=Default 0.078s
2025-05-19 19:18:10.679 70006 INFO tempest.lib.common.rest_client [req-49dc47ab-8462-40f7-9c59-f6802e774152 req-49dc47ab-8462-40f7-9c59-f6802e774152 ] Request (AttachVolumeTestJSON:setUpClass): 201 POST http://10.180.1.21/identity/v3/auth/tokens 0.143s
2025-05-19 19:18:10.681 70022 INFO tempest.lib.common.rest_client [req-bb5bf8e2-1e20-4e91-87ac-ae23523ea03a req-bb5bf8e2-1e20-4e91-87ac-ae23523ea03a ] Request (ServerAddressesNegativeTestJSON:setUpClass): 201 POST http://10.180.1.21/identity/v3/auth/tokens 0.074s
2025-05-19 19:18:10.707 69990 INFO tempest.lib.common.rest_client [req-b5bdd3e8-d9d7-4409-9af6-1c473b128dab req-b5bdd3e8-d9d7-4409-9af6-1c473b128dab ] Request (TestVersions:setUpClass): 201 POST http://10.180.1.21/identity/v3/projects 0.047s
2025-05-19 19:18:10.736 70008 INFO tempest.lib.common.rest_client [req-88127d09-27db-41af-9e82-d271f9f7b8bf req-88127d09-27db-41af-9e82-d271f9f7b8bf ] Request (VolumesTestJSON:setUpClass): 202 POST http://10.180.1.21/volume/v3/volumes 0.220s
2025-05-19 19:18:10.751 69996 INFO tempest.lib.common.rest_client [req-7ce5fce2-7b2c-4b86-9fe7-b229d99b1009 req-7ce5fce2-7b2c-4b86-9fe7-b229d99b1009 ] Request (FloatingIPsTestJSON:setUpClass): 201 POST http://10.180.1.21/identity/v3/auth/tokens 0.110s
2025-05-19 19:18:10.776 69964 INFO tempest.lib.common.rest_client [req-3273ef10-239e-424a-8d00-b33b7c4ac523 req-3273ef10-239e-424a-8d00-b33b7c4ac523 ] Request (ValidationResourcesFixture:setUp): 201 POST http://10.180.1.21:9696/networking/v2.0/security-group-rules 0.266s
2025-05-19 19:18:10.785 70008 INFO tempest.lib.common.rest_client [req-eecc2f69-fc1b-4c3c-8258-4564f5ffacce req-eecc2f69-fc1b-4c3c-8258-4564f5ffacce ] Request (VolumesTestJSON:setUpClass): 200 GET http://10.180.1.21/volume/v3/volumes/6655b089-c88f-49b5-8bfb-df3933119588 0.040s
2025-05-19 19:18:10.816 69990 INFO tempest.lib.common.rest_client [req-1d133f5a-2cc9-4703-a91f-364ae2b0e48a req-1d133f5a-2cc9-4703-a91f-364ae2b0e48a ] Request (TestVersions:setUpClass): 201 POST http://10.180.1.21/identity/v3/users 0.108s
2025-05-19 19:18:10.862 69990 INFO tempest.lib.common.rest_client [req-869dbf0d-0a83-485b-b157-dab6abc1dc32 req-869dbf0d-0a83-485b-b157-dab6abc1dc32 ] Request (TestVersions:setUpClass): 200 GET http://10.180.1.21/identity/v3/roles 0.045s
2025-05-19 19:18:10.889 69990 INFO tempest.lib.common.rest_client [req-4af5533d-aa06-49e2-a487-33df9b0082e1 req-4af5533d-aa06-49e2-a487-33df9b0082e1 ] Request (TestVersions:setUpClass): 204 PUT http://10.180.1.21/identity/v3/projects/a636609f79ab4e13b7af29749692e5a6/users/817fa0f0da784c628d8d8585370297ee/roles/9db8bcd66cf44d809f2f23ff6ff2f096 0.027s
2025-05-19 19:18:10.889 69990 INFO tempest.lib.common.dynamic_creds [-] Dynamic test user 817fa0f0da784c628d8d8585370297ee is created with scope project and roles: ['member']
2025-05-19 19:18:10.889 69990 INFO tempest.lib.common.dynamic_creds [-] Acquired dynamic creds: credentials: Credentials: {'domain_id': 'default', 'domain_name': 'Default', 'username': 'tempest-TestVersions-6947253-project-member', 'project_domain_id': 'default', 'project_domain_name': 'Default', 'project_id': 'a636609f79ab4e13b7af29749692e5a6', 'project_name': 'tempest-TestVersions-6947253', 'tenant_id': 'a636609f79ab4e13b7af29749692e5a6', 'tenant_name': 'tempest-TestVersions-6947253', 'user_domain_id': 'default', 'user_domain_name': 'Default', 'user_id': '817fa0f0da784c628d8d8585370297ee', 'system': None}, Network: None, Subnet: None, Router: None
2025-05-19 19:18:10.890 69990 INFO tempest.lib.common.dynamic_creds [-] Created isolated network resources for: credentials: Credentials: {'domain_id': 'default', 'domain_name': 'Default', 'username': 'tempest-TestVersions-6947253-project-member', 'project_domain_id': 'default', 'project_domain_name': 'Default', 'project_id': 'a636609f79ab4e13b7af29749692e5a6', 'project_name': 'tempest-TestVersions-6947253', 'tenant_id': 'a636609f79ab4e13b7af29749692e5a6', 'tenant_name': 'tempest-TestVersions-6947253', 'user_domain_id': 'default', 'user_domain_name': 'Default', 'user_id': '817fa0f0da784c628d8d8585370297ee', 'system': None}, Network: None, Subnet: None, Router: None
2025-05-19 19:18:10.905 69998 INFO tempest.lib.common.rest_client [req-b514815e-7513-4d3c-af60-efb6f17e853f req-b514815e-7513-4d3c-af60-efb6f17e853f ] Request (ListServersNegativeTestJSON:setUpClass): 201 POST http://10.180.1.21:9696/networking/v2.0/subnets 0.445s
2025-05-19 19:18:10.960 69990 INFO tempest.lib.common.rest_client [req-6a70f7ac-1022-435d-b94d-ce694a2f720a req-6a70f7ac-1022-435d-b94d-ce694a2f720a ] Request (TestVersions:setUpClass): 201 POST http://10.180.1.21/identity/v3/auth/tokens 0.067s
2025-05-19 19:18:11.127 69978 INFO tempest.lib.common.rest_client [req-45d7ba7e-2f6b-452f-8a1f-e87343af4fbf req-45d7ba7e-2f6b-452f-8a1f-e87343af4fbf ] Request (ServersTestJSON:setUpClass): 202 POST http://10.180.1.21/compute/v2.1/servers 0.528s
2025-05-19 19:18:11.132 69964 INFO tempest.lib.common.rest_client [req-ac80f5e2-d1b7-4693-b828-c846228e9c1a req-ac80f5e2-d1b7-4693-b828-c846228e9c1a ] Request (ValidationResourcesFixture:setUp): 201 POST http://10.180.1.21:9696/networking/v2.0/security-group-rules 0.355s
2025-05-19 19:18:11.133 69990 INFO tempest.lib.common.rest_client [-] Request (TestVersions:test_get_version_details): 200 GET http://10.180.1.21/compute/ 0.172s
2025-05-19 19:18:11.235 70010 INFO tempest.lib.common.rest_client [req-a9c22789-144f-4a6b-adb4-56af61cb3a38 req-a9c22789-144f-4a6b-adb4-56af61cb3a38 ] Request (AttachVolumeShelveTestJSON:test_attach_volume_shelved_or_offload_server): 200 GET http://10.180.1.21/compute/v2.1/servers/2ef08c25-5a68-477b-a4e8-4f3d94f7bc60 0.247s
2025-05-19 19:18:11.250 70010 INFO tempest.common.waiters [-] State transition "BUILD/scheduling" ==> "ERROR/None" after 2 second wait
2025-05-19 19:18:11.256 69980 INFO tempest.lib.common.rest_client [req-003a64df-f0a4-4910-8363-17492a9b4730 req-003a64df-f0a4-4910-8363-17492a9b4730 ] Request (ServerActionsTestJSON:setUpClass): 200 PUT http://10.180.1.21:9696/networking/v2.0/routers/70df9905-a45f-4e65-a3b1-2d7e3bff246e/add_router_interface 2.705s
2025-05-19 19:18:11.256 69980 INFO tempest.lib.common.dynamic_creds [-] Created isolated network resources for: credentials: Credentials: {'domain_id': 'default', 'domain_name': 'Default', 'username': 'tempest-ServerActionsTestJSON-882500613-project-member', 'project_domain_id': 'default', 'project_domain_name': 'Default', 'project_id': '2be08735003349d897e763ef5f98ad4e', 'project_name': 'tempest-ServerActionsTestJSON-882500613', 'tenant_id': '2be08735003349d897e763ef5f98ad4e', 'tenant_name': 'tempest-ServerActionsTestJSON-882500613', 'user_domain_id': 'default', 'user_domain_name': 'Default', 'user_id': 'e330e3cd2ae14c9e8ce7bc80457bcd23', 'system': None}, Network: {'id': 'b80ce45d-58f1-4a7e-8bfa-3ec8756ace6b', 'name': 'tempest-ServerActionsTestJSON-129845129-network', 'tenant_id': '2be08735003349d897e763ef5f98ad4e', 'admin_state_up': True, 'mtu': 8950, 'status': 'ACTIVE', 'subnets': [], 'shared': False, 'project_id': '2be08735003349d897e763ef5f98ad4e', 'port_security_enabled': True, 'router:external': False, 'provider:network_type': 'vlan', 'provider:physical_network': 'default', 'provider:segmentation_id': 850, 'availability_zone_hints': [], 'availability_zones': [], 'ipv4_address_scope': None, 'ipv6_address_scope': None, 'description': '', 'tags': [], 'created_at': '2025-05-19T19:18:02Z', 'updated_at': '2025-05-19T19:18:02Z', 'revision_number': 1}, Subnet: {'id': '1fca2f70-e4e4-413a-ac6b-507e8a0e31d4', 'name': 'tempest-ServerActionsTestJSON-129845129-subnet', 'tenant_id': '2be08735003349d897e763ef5f98ad4e', 'network_id': 'b80ce45d-58f1-4a7e-8bfa-3ec8756ace6b', 'ip_version': 4, 'subnetpool_id': None, 'enable_dhcp': True, 'ipv6_ra_mode': None, 'ipv6_address_mode': None, 'gateway_ip': '192.168.128.1', 'cidr': '192.168.128.0/28', 'allocation_pools': [{'start': '192.168.128.2', 'end': '192.168.128.14'}], 'host_routes': [], 'dns_nameservers': [], 'description': '', 'router:external': False, 'service_types': [], 'tags': [], 'created_at': '2025-05-19T19:18:03Z', 'updated_at': '2025-05-19T19:18:03Z', 'revision_number': 0, 'project_id': '2be08735003349d897e763ef5f98ad4e'}, Router: {'id': '70df9905-a45f-4e65-a3b1-2d7e3bff246e', 'name': 'tempest-ServerActionsTestJSON-129845129-router', 'tenant_id': '2be08735003349d897e763ef5f98ad4e', 'admin_state_up': True, 'status': 'ACTIVE', 'external_gateway_info': {'network_id': 'c5ccbd8b-5bcc-4b48-9ee2-c90d6adde6df', 'external_fixed_ips': [{'subnet_id': '9747c866-2ab2-41c6-822a-be6863d545ae', 'ip_address': '10.180.180.161'}], 'enable_snat': True}, 'description': '', 'availability_zones': [], 'distributed': False, 'ha': False, 'availability_zone_hints': [], 'routes': [], 'flavor_id': None, 'tags': [], 'created_at': '2025-05-19T19:18:04Z', 'updated_at': '2025-05-19T19:18:06Z', 'revision_number': 2, 'project_id': '2be08735003349d897e763ef5f98ad4e'}
2025-05-19 19:18:11.294 69978 INFO tempest.lib.common.rest_client [req-eb5ecd95-4e97-4045-8968-e440ff6e3faf req-eb5ecd95-4e97-4045-8968-e440ff6e3faf ] Request (ServersTestJSON:setUpClass): 200 GET http://10.180.1.21/compute/v2.1/servers/f0171fda-82ed-4c9c-ba54-142eafacafa4 0.165s
2025-05-19 19:18:11.302 69990 INFO tempest.lib.common.rest_client [req-b87a4d3d-a0be-425d-a177-d5d59c316d12 req-b87a4d3d-a0be-425d-a177-d5d59c316d12 ] Request (TestVersions:test_get_version_details): 200 GET http://10.180.1.21/compute/v2/ 0.166s
2025-05-19 19:18:11.372 69980 INFO tempest.lib.common.rest_client [req-17ab8df1-c140-4f87-bb10-15558e67bf51 req-17ab8df1-c140-4f87-bb10-15558e67bf51 ] Request (ServerActionsTestJSON:setUpClass): 201 POST http://10.180.1.21/identity/v3/auth/tokens 0.112s
2025-05-19 19:18:11.400 70006 INFO tempest.lib.common.rest_client [req-6352a7fd-9997-4620-bd82-9e6b8318d214 req-6352a7fd-9997-4620-bd82-9e6b8318d214 ] Request (AttachVolumeTestJSON:setUpClass): 201 POST http://10.180.1.21:9696/networking/v2.0/networks 0.718s
2025-05-19 19:18:11.400 70022 INFO tempest.lib.common.rest_client [req-44d95ae4-1180-4f15-aaa2-3838e2a9f670 req-44d95ae4-1180-4f15-aaa2-3838e2a9f670 ] Request (ServerAddressesNegativeTestJSON:setUpClass): 201 POST http://10.180.1.21:9696/networking/v2.0/networks 0.718s
2025-05-19 19:18:11.412 69972 INFO tempest.lib.common.rest_client [req-0ba3f4ab-4dd7-4325-9091-9edcf9a7cf77 req-0ba3f4ab-4dd7-4325-9091-9edcf9a7cf77 ] Request (ServerActionsV293TestJSON:setUpClass): 200 GET http://10.180.1.21/volume/v3/volumes/502ec786-4e0e-43d6-abde-996f6f315965 0.040s
2025-05-19 19:18:11.551 70010 INFO tempest.lib.common.rest_client [req-8ec0cedd-0a0f-4334-b1b5-532cd2593deb req-8ec0cedd-0a0f-4334-b1b5-532cd2593deb ] Request (AttachVolumeShelveTestJSON:test_attach_volume_shelved_or_offload_server): 204 DELETE http://10.180.1.21/compute/v2.1/servers/2ef08c25-5a68-477b-a4e8-4f3d94f7bc60 0.300s
2025-05-19 19:18:11.556 69990 INFO tempest.lib.common.rest_client [req-4638bcc3-a9be-45c5-9184-f5e62eb00cf0 req-4638bcc3-a9be-45c5-9184-f5e62eb00cf0 ] Request (TestVersions:test_get_version_details): 200 GET http://10.180.1.21/compute/v2.1/ 0.251s
2025-05-19 19:18:11.663 70006 INFO tempest.lib.common.rest_client [req-0baabc4c-8482-47d6-bb0c-630357d03cd3 req-0baabc4c-8482-47d6-bb0c-630357d03cd3 ] Request (AttachVolumeTestJSON:setUpClass): 201 POST http://10.180.1.21:9696/networking/v2.0/subnets 0.262s
2025-05-19 19:18:11.701 69980 INFO tempest.lib.common.rest_client [req-fd1dad6b-19a4-46e8-b2c6-6a0c4a6be79e req-fd1dad6b-19a4-46e8-b2c6-6a0c4a6be79e ] Request (ServerActionsTestJSON:setUpClass): 200 POST http://10.180.1.21/compute/v2.1/os-keypairs 0.325s
2025-05-19 19:18:11.721 70010 INFO tempest.lib.common.rest_client [req-2a9fa17e-8bbd-4751-b590-0bec91695c85 req-2a9fa17e-8bbd-4751-b590-0bec91695c85 ] Request (AttachVolumeShelveTestJSON:test_attach_volume_shelved_or_offload_server): 404 GET http://10.180.1.21/compute/v2.1/servers/2ef08c25-5a68-477b-a4e8-4f3d94f7bc60 0.169s
2025-05-19 19:18:11.724 69990 INFO tempest.lib.common.rest_client [-] Request (TestVersions:test_list_api_versions): 200 GET http://10.180.1.21/compute/ 0.163s
2025-05-19 19:18:11.741 70010 INFO tempest.lib.common.rest_client [req-cf0786ae-7965-4ed6-a3d2-d0e8464c443a req-cf0786ae-7965-4ed6-a3d2-d0e8464c443a ] Request (AttachVolumeShelveTestJSON:_run_cleanups): 204 DELETE http://10.180.1.21/compute/v2.1/os-keypairs/tempest-keypair-667836105 0.019s
2025-05-19 19:18:11.827 70008 INFO tempest.lib.common.rest_client [req-a878bbe4-aff8-48ec-9476-8777a269062b req-a878bbe4-aff8-48ec-9476-8777a269062b ] Request (VolumesTestJSON:setUpClass): 200 GET http://10.180.1.21/volume/v3/volumes/6655b089-c88f-49b5-8bfb-df3933119588 0.034s
2025-05-19 19:18:11.835 70008 INFO tempest.common.waiters [-] volume 6655b089-c88f-49b5-8bfb-df3933119588 reached available after waiting for 1.835725 seconds
2025-05-19 19:18:11.844 69990 INFO tempest.lib.common.rest_client [req-351bf98b-85c1-47b1-b414-ad2a0a50f9c1 req-351bf98b-85c1-47b1-b414-ad2a0a50f9c1 ] Request (TestVersions:tearDownClass): 204 DELETE http://10.180.1.21/identity/v3/users/817fa0f0da784c628d8d8585370297ee 0.111s
2025-05-19 19:18:11.844 69990 INFO tempest.lib.common.dynamic_creds [-] Deleting project and security group for project: a636609f79ab4e13b7af29749692e5a6
2025-05-19 19:18:11.876 70008 INFO tempest.lib.common.rest_client [req-33dcc875-9479-433b-bf1a-91cbdd78f453 req-33dcc875-9479-433b-bf1a-91cbdd78f453 ] Request (VolumesTestJSON:setUpClass): 200 GET http://10.180.1.21/compute/v2.1/os-volumes/6655b089-c88f-49b5-8bfb-df3933119588 0.040s
2025-05-19 19:18:11.906 70022 INFO tempest.lib.common.rest_client [req-d78e0391-d713-4cdb-85e7-9365c8c0505b req-d78e0391-d713-4cdb-85e7-9365c8c0505b ] Request (ServerAddressesNegativeTestJSON:setUpClass): 201 POST http://10.180.1.21:9696/networking/v2.0/subnets 0.502s
2025-05-19 19:18:11.915 69990 INFO tempest.lib.common.rest_client [req-bad72e62-e545-4d59-9502-10640f4e10c2 req-bad72e62-e545-4d59-9502-10640f4e10c2 ] Request (TestVersions:tearDownClass): 201 POST http://10.180.1.21/identity/v3/auth/tokens 0.070s
2025-05-19 19:18:11.970 70010 INFO tempest.lib.common.rest_client [req-72bc560f-3f96-42c8-b13e-64821ca00937 req-72bc560f-3f96-42c8-b13e-64821ca00937 ] Request (AttachVolumeShelveTestJSON:_run_cleanups): 204 DELETE http://10.180.1.21:9696/networking/v2.0/security-groups/ae46b4f3-e771-4b6b-99dc-c0035a4533bd 0.228s
2025-05-19 19:18:11.977 69980 INFO tempest.lib.common.rest_client [req-1e526108-a3da-4714-bbc9-7b48153b33ea req-1e526108-a3da-4714-bbc9-7b48153b33ea ] Request (ServerActionsTestJSON:setUpClass): 201 POST http://10.180.1.21:9696/networking/v2.0/security-groups 0.274s
2025-05-19 19:18:12.000 70010 INFO tempest.lib.common.rest_client [req-bf8ce427-b3c8-4e6b-ac86-23b1d46db9ad req-bf8ce427-b3c8-4e6b-ac86-23b1d46db9ad ] Request (AttachVolumeShelveTestJSON:_run_cleanups): 404 GET http://10.180.1.21:9696/networking/v2.0/security-groups/ae46b4f3-e771-4b6b-99dc-c0035a4533bd 0.030s
2025-05-19 19:18:12.009 69996 INFO tempest.lib.common.rest_client [req-358a52f4-aa21-4047-bd32-db4605c23c11 req-358a52f4-aa21-4047-bd32-db4605c23c11 ] Request (FloatingIPsTestJSON:test_allocate_floating_ip): 200 POST http://10.180.1.21/compute/v2.1/os-floating-ips 1.256s
2025-05-19 19:18:12.010 70008 INFO tempest.lib.common.rest_client [req-11b08125-3fbf-4368-b808-a0aa54c0104c req-11b08125-3fbf-4368-b808-a0aa54c0104c ] Request (VolumesTestJSON:setUpClass): 202 POST http://10.180.1.21/volume/v3/volumes 0.132s
2025-05-19 19:18:12.052 70008 INFO tempest.lib.common.rest_client [req-256f0af7-6cec-454f-ac4e-d7130c69ce7a req-256f0af7-6cec-454f-ac4e-d7130c69ce7a ] Request (VolumesTestJSON:setUpClass): 200 GET http://10.180.1.21/volume/v3/volumes/66dae4ad-b031-4080-b6c4-a3fc31d1fe51 0.034s
2025-05-19 19:18:12.291 69996 INFO tempest.lib.common.rest_client [req-8922ea7f-6e46-4e06-bc9c-59bb88dba971 req-8922ea7f-6e46-4e06-bc9c-59bb88dba971 ] Request (FloatingIPsTestJSON:test_allocate_floating_ip): 200 GET http://10.180.1.21/compute/v2.1/os-floating-ips/4a2e0fd7-0973-48c5-8c0b-d0ae1d485ebb 0.279s
2025-05-19 19:18:12.312 69964 INFO tempest.lib.common.rest_client [req-d914aaa7-bdff-4f46-9fa7-1589cafceb7b req-d914aaa7-bdff-4f46-9fa7-1589cafceb7b ] Request (ValidationResourcesFixture:setUp): 201 POST http://10.180.1.21:9696/networking/v2.0/floatingips 1.179s
2025-05-19 19:18:12.377 69990 INFO tempest.lib.common.rest_client [req-fb8f3350-930f-42db-bcde-865e1896c88b req-fb8f3350-930f-42db-bcde-865e1896c88b ] Request (TestVersions:tearDownClass): 200 GET http://10.180.1.21:9696/networking/v2.0/security-groups?tenant_id=a636609f79ab4e13b7af29749692e5a6&name=default 0.462s
2025-05-19 19:18:12.384 69980 INFO tempest.lib.common.rest_client [req-a75f431e-4db5-4d73-81f8-739f7373f280 req-a75f431e-4db5-4d73-81f8-739f7373f280 ] Request (ServerActionsTestJSON:setUpClass): 201 POST http://10.180.1.21:9696/networking/v2.0/security-group-rules 0.406s
2025-05-19 19:18:12.423 69978 INFO tempest.lib.common.rest_client [req-470dfc9a-4a96-48bd-a1ae-bf8a1fa4e3f2 req-470dfc9a-4a96-48bd-a1ae-bf8a1fa4e3f2 ] Request (ServersTestJSON:setUpClass): 200 GET http://10.180.1.21/compute/v2.1/servers/f0171fda-82ed-4c9c-ba54-142eafacafa4 0.116s
2025-05-19 19:18:12.433 69978 INFO tempest.common.waiters [-] State transition "BUILD/scheduling" ==> "ERROR/None" after 1 second wait
2025-05-19 19:18:12.453 69972 INFO tempest.lib.common.rest_client [req-667bee10-81e5-4056-b0d1-79f27d1f1ef1 req-667bee10-81e5-4056-b0d1-79f27d1f1ef1 ] Request (ServerActionsV293TestJSON:setUpClass): 200 GET http://10.180.1.21/volume/v3/volumes/502ec786-4e0e-43d6-abde-996f6f315965 0.032s
2025-05-19 19:18:12.467 69998 INFO tempest.lib.common.rest_client [req-e20ece4b-5ba1-47a2-aa84-f3772a49e178 req-e20ece4b-5ba1-47a2-aa84-f3772a49e178 ] Request (ListServersNegativeTestJSON:setUpClass): 201 POST http://10.180.1.21:9696/networking/v2.0/routers 1.561s
2025-05-19 19:18:12.503 69996 INFO tempest.lib.common.rest_client [req-1e557e28-e964-4247-a35e-c9a1325e903f req-1e557e28-e964-4247-a35e-c9a1325e903f ] Request (FloatingIPsTestJSON:test_allocate_floating_ip): 200 GET http://10.180.1.21/compute/v2.1/os-floating-ips 0.210s
2025-05-19 19:18:12.565 69990 INFO tempest.lib.common.rest_client [req-90e69569-72f3-41f8-a834-ae1ad554e572 req-90e69569-72f3-41f8-a834-ae1ad554e572 ] Request (TestVersions:tearDownClass): 204 DELETE http://10.180.1.21:9696/networking/v2.0/security-groups/90197999-6344-4bd4-8079-68723be2dce6 0.187s
2025-05-19 19:18:12.647 69990 INFO tempest.lib.common.rest_client [req-ef8514fd-7ae5-4441-9b87-6a3ea655d762 req-ef8514fd-7ae5-4441-9b87-6a3ea655d762 ] Request (TestVersions:tearDownClass): 204 DELETE http://10.180.1.21/identity/v3/projects/a636609f79ab4e13b7af29749692e5a6 0.082s
2025-05-19 19:18:12.790 69980 INFO tempest.lib.common.rest_client [req-553d9a92-a2e6-48fb-96de-5e57dd0247e6 req-553d9a92-a2e6-48fb-96de-5e57dd0247e6 ] Request (ServerActionsTestJSON:setUpClass): 201 POST http://10.180.1.21:9696/networking/v2.0/security-group-rules 0.406s
2025-05-19 19:18:12.845 70010 INFO tempest.lib.common.rest_client [req-fe69931d-8dd4-432a-9cd4-f51c04b3ef4e req-fe69931d-8dd4-432a-9cd4-f51c04b3ef4e ] Request (AttachVolumeShelveTestJSON:_run_cleanups): 204 DELETE http://10.180.1.21:9696/networking/v2.0/floatingips/f938ba18-93c5-4173-b811-6cdbdf5e4945 0.844s
2025-05-19 19:18:12.905 69978 INFO tempest.lib.common.rest_client [req-3738b4a5-e467-4ffd-99ec-826a7fb14d5c req-3738b4a5-e467-4ffd-99ec-826a7fb14d5c ] Request (ServersTestJSON:setUpClass): 204 DELETE http://10.180.1.21/compute/v2.1/servers/f0171fda-82ed-4c9c-ba54-142eafacafa4 0.472s
2025-05-19 19:18:13.092 70008 INFO tempest.lib.common.rest_client [req-5ca9162d-0d71-4a34-b30d-0c42ba0b4c06 req-5ca9162d-0d71-4a34-b30d-0c42ba0b4c06 ] Request (VolumesTestJSON:setUpClass): 200 GET http://10.180.1.21/volume/v3/volumes/66dae4ad-b031-4080-b6c4-a3fc31d1fe51 0.030s
2025-05-19 19:18:13.102 70008 INFO tempest.common.waiters [-] volume 66dae4ad-b031-4080-b6c4-a3fc31d1fe51 reached available after waiting for 1.102933 seconds
2025-05-19 19:18:13.159 69964 INFO tempest.lib.common.rest_client [req-43464be3-5e8f-4e2a-a538-8c7232969bc4 req-43464be3-5e8f-4e2a-a538-8c7232969bc4 ] Request (AttachInterfacesTestJSON:test_reassign_port_between_servers): 202 POST http://10.180.1.21/compute/v2.1/servers 0.845s
2025-05-19 19:18:13.201 70010 INFO tempest.lib.common.rest_client [req-dfedb922-6880-4dec-90ea-759c86d378f6 req-dfedb922-6880-4dec-90ea-759c86d378f6 ] Request (ValidationResourcesFixture:setUp): 201 POST http://10.180.1.21/compute/v2.1/os-keypairs 0.354s
2025-05-19 19:18:13.229 69978 INFO tempest.lib.common.rest_client [req-4a3b7918-06f2-4d5c-bd93-897c25f09a8d req-4a3b7918-06f2-4d5c-bd93-897c25f09a8d ] Request (ServersTestJSON:setUpClass): 404 GET http://10.180.1.21/compute/v2.1/servers/f0171fda-82ed-4c9c-ba54-142eafacafa4 0.323s
2025-05-19 19:18:13.229 69978 INFO tempest.test [-] raised in ServersTestJSON.setUpClass. Invoking tearDownClass.
2025-05-19 19:18:13.265 70008 INFO tempest.lib.common.rest_client [req-d3dc977a-95c8-42a1-9ce4-2f9fb616d8af req-d3dc977a-95c8-42a1-9ce4-2f9fb616d8af ] Request (VolumesTestJSON:setUpClass): 200 GET http://10.180.1.21/compute/v2.1/os-volumes/66dae4ad-b031-4080-b6c4-a3fc31d1fe51 0.162s
2025-05-19 19:18:13.313 69964 INFO tempest.lib.common.rest_client [req-fcb1502f-42ce-4833-a7ff-2ee70fd4500b req-fcb1502f-42ce-4833-a7ff-2ee70fd4500b ] Request (AttachInterfacesTestJSON:test_reassign_port_between_servers): 200 GET http://10.180.1.21/compute/v2.1/servers/9e21e76d-bf0c-496b-bd94-6ae1b5265043 0.151s
2025-05-19 19:18:13.329 69978 INFO tempest.lib.common.rest_client [req-099f3e62-4571-4f3e-8952-fe9640ab0278 req-099f3e62-4571-4f3e-8952-fe9640ab0278 ] Request (ServersTestJSON:tearDownClass): 202 DELETE http://10.180.1.21/compute/v2.1/os-keypairs/tempest-keypair-1483875861 0.100s
2025-05-19 19:18:13.368 70010 INFO tempest.lib.common.rest_client [req-53bd85dd-bf71-40ff-a390-c81bee0b447f req-53bd85dd-bf71-40ff-a390-c81bee0b447f ] Request (ValidationResourcesFixture:setUp): 201 POST http://10.180.1.21:9696/networking/v2.0/security-groups 0.165s
2025-05-19 19:18:13.381 70008 INFO tempest.lib.common.rest_client [req-7c3f62dd-19a4-4c13-85dc-3a513f1c0a93 req-7c3f62dd-19a4-4c13-85dc-3a513f1c0a93 ] Request (VolumesTestJSON:test_volume_list): 200 GET http://10.180.1.21/compute/v2.1/os-volumes 0.113s
