2025-05-19 19:18:24.080 69978 INFO tempest.lib.common.dynamic_creds [-] Network resources are not created for requested scope: project and credentials: Credentials: {'domain_id': 'default', 'domain_name': 'Default', 'username': 'tempest-ServersTestJSON-2014769720-project-reader', 'project_domain_id': 'default', 'project_domain_name': 'Default', 'project_id': '9717ac940c564fb0877e8183f2925472', 'project_name': 'tempest-ServersTestJSON-2014769720', 'tenant_id': '9717ac940c564fb0877e8183f2925472', 'tenant_name': 'tempest-ServersTestJSON-2014769720', 'user_domain_id': 'default', 'user_domain_name': 'Default', 'user_id': 'e5085c4121394103a331d0da23e3713f', 'system': None}, Network: None, Subnet: None, Router: None
2025-05-19 19:18:24.109 69972 INFO tempest.lib.common.rest_client [req-5ade5a32-fb7e-4caa-898e-abb64bb658a8 req-5ade5a32-fb7e-4caa-898e-abb64bb658a8 ] Request (ServerActionsV293TestJSON:tearDownClass): 204 DELETE http://10.180.1.21/identity/v3/projects/3ca93a6027d449099c3814b7c6efe4cb 0.102s
2025-05-19 19:18:24.129 69998 INFO tempest.lib.common.rest_client [req-14b5c32c-395f-4d34-ad00-546c33de0c65 req-14b5c32c-395f-4d34-ad00-546c33de0c65 ] Request (VolumesNegativeTest:setUpClass): 201 POST http://10.180.1.21/identity/v3/auth/tokens 0.071s
2025-05-19 19:18:24.154 69998 INFO tempest.lib.common.rest_client [req-43b3e982-f231-4d31-80d3-9fed2525a62c req-43b3e982-f231-4d31-80d3-9fed2525a62c ] Request (VolumesNegativeTest:setUpClass): 200 GET http://10.180.1.21/identity/v3/domains?name=Default 0.024s
2025-05-19 19:18:24.167 69978 INFO tempest.lib.common.rest_client [req-b52de5cc-b466-4f2b-b797-e888df76e62d req-b52de5cc-b466-4f2b-b797-e888df76e62d ] Request (ServersTestJSON:setUpClass): 201 POST http://10.180.1.21/identity/v3/auth/tokens 0.085s
2025-05-19 19:18:24.188 69998 INFO tempest.lib.common.rest_client [req-c1ee02d2-f397-43ce-8639-63493c52e582 req-c1ee02d2-f397-43ce-8639-63493c52e582 ] Request (VolumesNegativeTest:setUpClass): 201 POST http://10.180.1.21/identity/v3/projects 0.033s
2025-05-19 19:18:24.224 69978 INFO tempest.lib.common.rest_client [req-9db6eacc-70a6-4beb-a0eb-70a33668c492 req-9db6eacc-70a6-4beb-a0eb-70a33668c492 ] Request (ServersTestJSON:test_create_server_specify_multibyte_character_name): 201 POST http://10.180.1.21/identity/v3/auth/tokens 0.051s
2025-05-19 19:18:24.224 69978 INFO tempest.lib.common.fixed_network [-] (ServersTestJSON:test_create_server_specify_multibyte_character_name) Found network {'id': '726c06f3-6791-4e34-b3eb-044ca007e04f', 'name': 'tempest-ServersTestJSON-1137739239-network', 'tenant_id': '9717ac940c564fb0877e8183f2925472', 'admin_state_up': True, 'mtu': 8950, 'status': 'ACTIVE', 'subnets': [], 'shared': False, 'project_id': '9717ac940c564fb0877e8183f2925472', 'port_security_enabled': True, 'router:external': False, 'provider:network_type': 'vlan', 'provider:physical_network': 'default', 'provider:segmentation_id': 588, 'availability_zone_hints': [], 'availability_zones': [], 'ipv4_address_scope': None, 'ipv6_address_scope': None, 'description': '', 'tags': [], 'created_at': '2025-05-19T19:18:18Z', 'updated_at': '2025-05-19T19:18:18Z', 'revision_number': 1} available for tenant
2025-05-19 19:18:24.226 69980 INFO tempest.lib.common.rest_client [req-528fa60f-fd1e-4ffa-8762-88c23c08fcd0 req-528fa60f-fd1e-4ffa-8762-88c23c08fcd0 ] Request (ServerActionsTestOtherB:setUpClass): 201 POST http://10.180.1.21:9696/networking/v2.0/routers 0.679s
2025-05-19 19:18:24.254 69998 INFO tempest.lib.common.rest_client [req-64498811-8613-400f-8927-6a1dbc1e36d3 req-64498811-8613-400f-8927-6a1dbc1e36d3 ] Request (VolumesNegativeTest:setUpClass): 201 POST http://10.180.1.21/identity/v3/users 0.066s
2025-05-19 19:18:24.279 69998 INFO tempest.lib.common.rest_client [req-aa242461-2b2b-4b51-8b4c-7617d9d7b0e9 req-aa242461-2b2b-4b51-8b4c-7617d9d7b0e9 ] Request (VolumesNegativeTest:setUpClass): 200 GET http://10.180.1.21/identity/v3/roles 0.024s
2025-05-19 19:18:24.309 69998 INFO tempest.lib.common.rest_client [req-35063730-0f1c-40e0-aff0-8a0892c26ad0 req-35063730-0f1c-40e0-aff0-8a0892c26ad0 ] Request (VolumesNegativeTest:setUpClass): 204 PUT http://10.180.1.21/identity/v3/projects/edd6d1a6f185486d99e7d4e925fbd89b/users/d45844a6a882464ea474e5912169dc8e/roles/9db8bcd66cf44d809f2f23ff6ff2f096 0.029s
2025-05-19 19:18:24.309 69998 INFO tempest.lib.common.dynamic_creds [-] Dynamic test user d45844a6a882464ea474e5912169dc8e is created with scope project and roles: ['member']
2025-05-19 19:18:24.310 69998 INFO tempest.lib.common.dynamic_creds [-] Acquired dynamic creds: credentials: Credentials: {'domain_id': 'default', 'domain_name': 'Default', 'username': 'tempest-VolumesNegativeTest-1953941776-project-member', 'project_domain_id': 'default', 'project_domain_name': 'Default', 'project_id': 'edd6d1a6f185486d99e7d4e925fbd89b', 'project_name': 'tempest-VolumesNegativeTest-1953941776', 'tenant_id': 'edd6d1a6f185486d99e7d4e925fbd89b', 'tenant_name': 'tempest-VolumesNegativeTest-1953941776', 'user_domain_id': 'default', 'user_domain_name': 'Default', 'user_id': 'd45844a6a882464ea474e5912169dc8e', 'system': None}, Network: None, Subnet: None, Router: None
2025-05-19 19:18:24.310 69998 INFO tempest.lib.common.dynamic_creds [-] Created isolated network resources for: credentials: Credentials: {'domain_id': 'default', 'domain_name': 'Default', 'username': 'tempest-VolumesNegativeTest-1953941776-project-member', 'project_domain_id': 'default', 'project_domain_name': 'Default', 'project_id': 'edd6d1a6f185486d99e7d4e925fbd89b', 'project_name': 'tempest-VolumesNegativeTest-1953941776', 'tenant_id': 'edd6d1a6f185486d99e7d4e925fbd89b', 'tenant_name': 'tempest-VolumesNegativeTest-1953941776', 'user_domain_id': 'default', 'user_domain_name': 'Default', 'user_id': 'd45844a6a882464ea474e5912169dc8e', 'system': None}, Network: None, Subnet: None, Router: None
2025-05-19 19:18:24.345 70006 INFO tempest.lib.common.rest_client [req-83bd3686-3c1d-4f36-ad9c-4ec3b6a5cb48 req-83bd3686-3c1d-4f36-ad9c-4ec3b6a5cb48 ] Request (AttachVolumeTestJSON:test_list_get_volume_attachments): 200 GET http://10.180.1.21/compute/v2.1/servers/2bf25b3f-f498-437b-b6c7-eec930cd704c 0.109s
2025-05-19 19:18:24.353 70006 INFO tempest.common.waiters [-] State transition "BUILD/scheduling" ==> "ERROR/None" after 1 second wait
2025-05-19 19:18:24.390 69998 INFO tempest.lib.common.rest_client [req-6342cec8-793a-4296-a5e2-b92e83be7e7c req-6342cec8-793a-4296-a5e2-b92e83be7e7c ] Request (VolumesNegativeTest:setUpClass): 201 POST http://10.180.1.21/identity/v3/auth/tokens 0.078s
2025-05-19 19:18:24.731 70006 INFO tempest.lib.common.rest_client [req-71170996-0294-40e7-a006-582a5c0ae098 req-71170996-0294-40e7-a006-582a5c0ae098 ] Request (AttachVolumeTestJSON:test_list_get_volume_attachments): 204 DELETE http://10.180.1.21/compute/v2.1/servers/2bf25b3f-f498-437b-b6c7-eec930cd704c 0.377s
2025-05-19 19:18:24.781 69978 INFO tempest.lib.common.rest_client [req-9b49ada1-c2d7-45a6-bcf7-f6bfc110ce92 req-9b49ada1-c2d7-45a6-bcf7-f6bfc110ce92 ] Request (ServersTestJSON:test_create_server_specify_multibyte_character_name): 202 POST http://10.180.1.21/compute/v2.1/servers 0.556s
2025-05-19 19:18:24.815 70006 INFO tempest.lib.common.rest_client [req-a377d3ad-ea23-4b3f-a946-3afed9a65b16 req-a377d3ad-ea23-4b3f-a946-3afed9a65b16 ] Request (AttachVolumeTestJSON:test_list_get_volume_attachments): 404 GET http://10.180.1.21/compute/v2.1/servers/2bf25b3f-f498-437b-b6c7-eec930cd704c 0.084s
2025-05-19 19:18:24.839 69998 INFO tempest.lib.common.rest_client [req-2c70279e-0fa4-4c71-823f-8e2e88ad8529 req-2c70279e-0fa4-4c71-823f-8e2e88ad8529 ] Request (VolumesNegativeTest:test_create_volume_with_invalid_size): 400 POST http://10.180.1.21/compute/v2.1/os-volumes 0.447s
2025-05-19 19:18:24.858 69978 INFO tempest.lib.common.rest_client [req-b5a29219-1058-4db0-bb98-367d8909a676 req-b5a29219-1058-4db0-bb98-367d8909a676 ] Request (ServersTestJSON:test_create_server_specify_multibyte_character_name): 200 GET http://10.180.1.21/compute/v2.1/servers/eff9d1fb-ae6e-4877-a4b2-4b510cf72f15 0.074s
2025-05-19 19:18:24.865 69998 INFO tempest.lib.common.rest_client [req-b9780210-7b1a-46fc-b293-37b46c979ab7 req-b9780210-7b1a-46fc-b293-37b46c979ab7 ] Request (VolumesNegativeTest:test_create_volume_with_size_zero): 400 POST http://10.180.1.21/compute/v2.1/os-volumes 0.024s
2025-05-19 19:18:24.866 70006 INFO tempest.lib.common.rest_client [req-c863c4e3-d224-420f-aca5-0d0ed25cd0a7 req-c863c4e3-d224-420f-aca5-0d0ed25cd0a7 ] Request (AttachVolumeTestJSON:_run_cleanups): 202 DELETE http://10.180.1.21/compute/v2.1/os-keypairs/tempest-keypair-1015792275 0.050s
2025-05-19 19:18:24.879 69998 INFO tempest.lib.common.rest_client [req-fc1f2fbc-dd2c-4f7b-85d7-52c406539f85 req-fc1f2fbc-dd2c-4f7b-85d7-52c406539f85 ] Request (VolumesNegativeTest:test_create_volume_without_passing_size): 400 POST http://10.180.1.21/compute/v2.1/os-volumes 0.011s
2025-05-19 19:18:24.914 69998 INFO tempest.lib.common.rest_client [req-ad7c7426-cea6-49d8-bf73-7501fb3a46a1 req-ad7c7426-cea6-49d8-bf73-7501fb3a46a1 ] Request (VolumesNegativeTest:test_delete_invalid_volume_id): 404 DELETE http://10.180.1.21/compute/v2.1/os-volumes/tempest-invalid-1537208455 0.032s
2025-05-19 19:18:24.922 69998 INFO tempest.lib.common.rest_client [req-211590db-96d3-476b-b44e-98af6cd1c009 req-211590db-96d3-476b-b44e-98af6cd1c009 ] Request (VolumesNegativeTest:test_delete_volume_without_passing_volume_id): 404 DELETE http://10.180.1.21/compute/v2.1/os-volumes/ 0.007s
2025-05-19 19:18:24.930 69998 INFO tempest.lib.common.rest_client [req-9980b7d6-ad86-439e-be7a-52b7322d2e53 req-9980b7d6-ad86-439e-be7a-52b7322d2e53 ] Request (VolumesNegativeTest:test_get_volume_without_passing_volume_id): 404 GET http://10.180.1.21/compute/v2.1/os-volumes/ 0.007s
2025-05-19 19:18:24.954 69998 INFO tempest.lib.common.rest_client [req-bf9e27d7-2533-40d4-a391-44bc25aa0165 req-bf9e27d7-2533-40d4-a391-44bc25aa0165 ] Request (VolumesNegativeTest:test_volume_delete_nonexistent_volume_id): 404 DELETE http://10.180.1.21/compute/v2.1/os-volumes/9ea6f8bf-42f6-4683-b07c-403df6ce74cb 0.022s
2025-05-19 19:18:24.957 70006 INFO tempest.lib.common.rest_client [req-ac71cb04-d389-4b85-bb8b-326682eb93fd req-ac71cb04-d389-4b85-bb8b-326682eb93fd ] Request (AttachVolumeTestJSON:_run_cleanups): 204 DELETE http://10.180.1.21:9696/networking/v2.0/security-groups/45062946-f7bd-4c35-9ef5-09453ba6a350 0.090s
2025-05-19 19:18:24.969 70006 INFO tempest.lib.common.rest_client [req-81f94255-da3c-4ab7-908d-0f7b87bdbd00 req-81f94255-da3c-4ab7-908d-0f7b87bdbd00 ] Request (AttachVolumeTestJSON:_run_cleanups): 404 GET http://10.180.1.21:9696/networking/v2.0/security-groups/45062946-f7bd-4c35-9ef5-09453ba6a350 0.012s
2025-05-19 19:18:24.988 69998 INFO tempest.lib.common.rest_client [req-829c0537-b919-4031-838c-76a2b1f2f148 req-829c0537-b919-4031-838c-76a2b1f2f148 ] Request (VolumesNegativeTest:test_volume_get_nonexistent_volume_id): 404 GET http://10.180.1.21/compute/v2.1/os-volumes/62cadb4b-d9a7-4f09-a694-bef952537ef9 0.030s
2025-05-19 19:18:25.095 69998 INFO tempest.lib.common.rest_client [req-cc16fed0-3b4b-4977-83b4-2433e17e229f req-cc16fed0-3b4b-4977-83b4-2433e17e229f ] Request (VolumesNegativeTest:tearDownClass): 204 DELETE http://10.180.1.21/identity/v3/users/d45844a6a882464ea474e5912169dc8e 0.101s
2025-05-19 19:18:25.095 69998 INFO tempest.lib.common.dynamic_creds [-] Deleting project and security group for project: edd6d1a6f185486d99e7d4e925fbd89b
2025-05-19 19:18:25.157 69998 INFO tempest.lib.common.rest_client [req-0ff9dac0-bb50-4db5-94f8-32b8334341bc req-0ff9dac0-bb50-4db5-94f8-32b8334341bc ] Request (VolumesNegativeTest:tearDownClass): 201 POST http://10.180.1.21/identity/v3/auth/tokens 0.062s
2025-05-19 19:18:25.171 70006 INFO tempest.lib.common.rest_client [req-591162f2-fed0-4693-85e8-5bdaa9973c14 req-591162f2-fed0-4693-85e8-5bdaa9973c14 ] Request (AttachVolumeTestJSON:_run_cleanups): 204 DELETE http://10.180.1.21:9696/networking/v2.0/floatingips/be31c16f-ac9c-4160-a663-58c6d1a222bb 0.202s
2025-05-19 19:18:25.380 69980 INFO tempest.lib.common.rest_client [req-9104f3b2-a1a3-4093-992d-92598502a632 req-9104f3b2-a1a3-4093-992d-92598502a632 ] Request (ServerActionsTestOtherB:setUpClass): 200 PUT http://10.180.1.21:9696/networking/v2.0/routers/7821d78c-f1c2-4b72-b4dd-26a86f1f7ee2/add_router_interface 1.152s
2025-05-19 19:18:25.380 69980 INFO tempest.lib.common.dynamic_creds [-] Created isolated network resources for: credentials: Credentials: {'domain_id': 'default', 'domain_name': 'Default', 'username': 'tempest-ServerActionsTestOtherB-1125987159-project-member', 'project_domain_id': 'default', 'project_domain_name': 'Default', 'project_id': '82ccb815a73c4ecab52d4e6754407036', 'project_name': 'tempest-ServerActionsTestOtherB-1125987159', 'tenant_id': '82ccb815a73c4ecab52d4e6754407036', 'tenant_name': 'tempest-ServerActionsTestOtherB-1125987159', 'user_domain_id': 'default', 'user_domain_name': 'Default', 'user_id': '5c46495acca64180b316076dad46b7a0', 'system': None}, Network: {'id': 'd96b849b-e43d-4056-9234-62d3704d60a0', 'name': 'tempest-ServerActionsTestOtherB-1598262518-network', 'tenant_id': '82ccb815a73c4ecab52d4e6754407036', 'admin_state_up': True, 'mtu': 8950, 'status': 'ACTIVE', 'subnets': [], 'shared': False, 'project_id': '82ccb815a73c4ecab52d4e6754407036', 'port_security_enabled': True, 'router:external': False, 'provider:network_type': 'vlan', 'provider:physical_network': 'default', 'provider:segmentation_id': 63, 'availability_zone_hints': [], 'availability_zones': [], 'ipv4_address_scope': None, 'ipv6_address_scope': None, 'description': '', 'tags': [], 'created_at': '2025-05-19T19:18:22Z', 'updated_at': '2025-05-19T19:18:23Z', 'revision_number': 1}, Subnet: {'id': '0583d998-cbc0-4946-9f18-558e7df895cb', 'name': 'tempest-ServerActionsTestOtherB-1598262518-subnet', 'tenant_id': '82ccb815a73c4ecab52d4e6754407036', 'network_id': 'd96b849b-e43d-4056-9234-62d3704d60a0', 'ip_version': 4, 'subnetpool_id': None, 'enable_dhcp': True, 'ipv6_ra_mode': None, 'ipv6_address_mode': None, 'gateway_ip': '192.168.128.1', 'cidr': '192.168.128.0/28', 'allocation_pools': [{'start': '192.168.128.2', 'end': '192.168.128.14'}], 'host_routes': [], 'dns_nameservers': [], 'description': '', 'router:external': False, 'service_types': [], 'tags': [], 'created_at': '2025-05-19T19:18:23Z', 'updated_at': '2025-05-19T19:18:23Z', 'revision_number': 0, 'project_id': '82ccb815a73c4ecab52d4e6754407036'}, Router: {'id': '7821d78c-f1c2-4b72-b4dd-26a86f1f7ee2', 'name': 'tempest-ServerActionsTestOtherB-1598262518-router', 'tenant_id': '82ccb815a73c4ecab52d4e6754407036', 'admin_state_up': True, 'status': 'ACTIVE', 'external_gateway_info': {'network_id': 'c5ccbd8b-5bcc-4b48-9ee2-c90d6adde6df', 'external_fixed_ips': [{'subnet_id': '9747c866-2ab2-41c6-822a-be6863d545ae', 'ip_address': '10.180.180.223'}], 'enable_snat': True}, 'description': '', 'availability_zones': [], 'distributed': False, 'ha': False, 'availability_zone_hints': [], 'routes': [], 'flavor_id': None, 'tags': [], 'created_at': '2025-05-19T19:18:23Z', 'updated_at': '2025-05-19T19:18:23Z', 'revision_number': 2, 'project_id': '82ccb815a73c4ecab52d4e6754407036'}
2025-05-19 19:18:25.384 69998 INFO tempest.lib.common.rest_client [req-9429ef5a-8aa2-4cf2-aa3d-237df520f6e0 req-9429ef5a-8aa2-4cf2-aa3d-237df520f6e0 ] Request (VolumesNegativeTest:tearDownClass): 200 GET http://10.180.1.21:9696/networking/v2.0/security-groups?tenant_id=edd6d1a6f185486d99e7d4e925fbd89b&name=default 0.225s
2025-05-19 19:18:25.465 69980 INFO tempest.lib.common.rest_client [req-bde0b375-2f02-4e35-983c-5db847b8c94f req-bde0b375-2f02-4e35-983c-5db847b8c94f ] Request (ServerActionsTestOtherB:setUpClass): 201 POST http://10.180.1.21/identity/v3/auth/tokens 0.078s
2025-05-19 19:18:25.466 69998 INFO tempest.lib.common.rest_client [req-8b2fb7b7-59e5-4ee4-b124-2121f05c6ea1 req-8b2fb7b7-59e5-4ee4-b124-2121f05c6ea1 ] Request (VolumesNegativeTest:tearDownClass): 204 DELETE http://10.180.1.21:9696/networking/v2.0/security-groups/7274647b-ba5a-4b86-964e-cfafabeff4c9 0.081s
2025-05-19 19:18:25.542 69998 INFO tempest.lib.common.rest_client [req-ad248bab-13c4-44cb-add7-9b2f45da11c9 req-ad248bab-13c4-44cb-add7-9b2f45da11c9 ] Request (VolumesNegativeTest:tearDownClass): 204 DELETE http://10.180.1.21/identity/v3/projects/edd6d1a6f185486d99e7d4e925fbd89b 0.076s
2025-05-19 19:18:25.623 69980 INFO tempest.lib.common.rest_client [req-1b953b02-ae9d-49fa-bfd5-3ce873885a08 req-1b953b02-ae9d-49fa-bfd5-3ce873885a08 ] Request (ServerActionsTestOtherB:setUpClass): 200 POST http://10.180.1.21/compute/v2.1/os-keypairs 0.157s
2025-05-19 19:18:25.768 69980 INFO tempest.lib.common.rest_client [req-97f04054-0c7e-4407-8131-1e301f86239f req-97f04054-0c7e-4407-8131-1e301f86239f ] Request (ServerActionsTestOtherB:setUpClass): 201 POST http://10.180.1.21:9696/networking/v2.0/security-groups 0.143s
2025-05-19 19:18:25.846 69980 INFO tempest.lib.common.rest_client [req-66a61bd6-ade6-436a-91b0-0d092f2b76b8 req-66a61bd6-ade6-436a-91b0-0d092f2b76b8 ] Request (ServerActionsTestOtherB:setUpClass): 201 POST http://10.180.1.21:9696/networking/v2.0/security-group-rules 0.077s
2025-05-19 19:18:25.891 70006 INFO tempest.lib.common.rest_client [req-4522853c-7f95-41d5-b121-36112e0f710e req-4522853c-7f95-41d5-b121-36112e0f710e ] Request (AttachVolumeTestJSON:tearDownClass): 200 PUT http://10.180.1.21:9696/networking/v2.0/routers/4f113621-6061-4207-9675-6a05ba63ecd7/remove_router_interface 0.712s
2025-05-19 19:18:25.938 69978 INFO tempest.lib.common.rest_client [req-20d322ab-46f1-454a-8994-ebd22d28b66a req-20d322ab-46f1-454a-8994-ebd22d28b66a ] Request (ServersTestJSON:test_create_server_specify_multibyte_character_name): 200 GET http://10.180.1.21/compute/v2.1/servers/eff9d1fb-ae6e-4877-a4b2-4b510cf72f15 0.068s
2025-05-19 19:18:25.944 69978 INFO tempest.common.waiters [-] State transition "BUILD/scheduling" ==> "ERROR/None" after 1 second wait
2025-05-19 19:18:25.953 69980 INFO tempest.lib.common.rest_client [req-6dbbd4a4-fa45-4784-b662-2fd6fc274843 req-6dbbd4a4-fa45-4784-b662-2fd6fc274843 ] Request (ServerActionsTestOtherB:setUpClass): 201 POST http://10.180.1.21:9696/networking/v2.0/security-group-rules 0.107s
2025-05-19 19:18:26.152 69978 INFO tempest.lib.common.rest_client [req-fbc94a57-8737-4ebc-96aa-736ebdff73c9 req-fbc94a57-8737-4ebc-96aa-736ebdff73c9 ] Request (ServersTestJSON:test_create_server_specify_multibyte_character_name): 204 DELETE http://10.180.1.21/compute/v2.1/servers/eff9d1fb-ae6e-4877-a4b2-4b510cf72f15 0.207s
2025-05-19 19:18:26.182 69978 INFO tempest.lib.common.rest_client [req-c0e51139-0979-42f6-968f-dd43767ab040 req-c0e51139-0979-42f6-968f-dd43767ab040 ] Request (ServersTestJSON:test_create_server_specify_multibyte_character_name): 404 GET http://10.180.1.21/compute/v2.1/servers/eff9d1fb-ae6e-4877-a4b2-4b510cf72f15 0.030s
2025-05-19 19:18:26.183 69978 ERROR tempest.lib.decorators [-] Hints: This test was made for the bug_type 1730756. The failure could be related to https://launchpad.net/bugs/1730756: tempest.exceptions.BuildErrorException: Server eff9d1fb-ae6e-4877-a4b2-4b510cf72f15 failed to build and is in ERROR status
2025-05-19 19:18:26.252 69978 INFO tempest.lib.common.rest_client [req-dd02f7c3-3baa-4817-800e-af1d29d5c865 req-dd02f7c3-3baa-4817-800e-af1d29d5c865 ] Request (ServersTestJSON:test_create_server_with_admin_password): 201 POST http://10.180.1.21/identity/v3/auth/tokens 0.064s
2025-05-19 19:18:26.252 69978 INFO tempest.lib.common.fixed_network [-] (ServersTestJSON:test_create_server_with_admin_password) Found network {'id': '726c06f3-6791-4e34-b3eb-044ca007e04f', 'name': 'tempest-ServersTestJSON-1137739239-network', 'tenant_id': '9717ac940c564fb0877e8183f2925472', 'admin_state_up': True, 'mtu': 8950, 'status': 'ACTIVE', 'subnets': [], 'shared': False, 'project_id': '9717ac940c564fb0877e8183f2925472', 'port_security_enabled': True, 'router:external': False, 'provider:network_type': 'vlan', 'provider:physical_network': 'default', 'provider:segmentation_id': 588, 'availability_zone_hints': [], 'availability_zones': [], 'ipv4_address_scope': None, 'ipv6_address_scope': None, 'description': '', 'tags': [], 'created_at': '2025-05-19T19:18:18Z', 'updated_at': '2025-05-19T19:18:18Z', 'revision_number': 1} available for tenant
2025-05-19 19:18:26.301 70006 INFO tempest.lib.common.rest_client [req-f78e45a9-1968-4fb3-8265-44c324212f91 req-f78e45a9-1968-4fb3-8265-44c324212f91 ] Request (AttachVolumeTestJSON:tearDownClass): 204 DELETE http://10.180.1.21:9696/networking/v2.0/routers/4f113621-6061-4207-9675-6a05ba63ecd7 0.410s
2025-05-19 19:18:26.314 69980 INFO tempest.lib.common.rest_client [req-3997c256-5676-47e9-bbb9-a128165ad8c0 req-3997c256-5676-47e9-bbb9-a128165ad8c0 ] Request (ServerActionsTestOtherB:setUpClass): 201 POST http://10.180.1.21:9696/networking/v2.0/floatingips 0.361s
2025-05-19 19:18:26.344 69980 INFO tempest.lib.common.rest_client [req-69a37b8f-cba7-46a9-99c3-84f33d9c0ac1 req-69a37b8f-cba7-46a9-99c3-84f33d9c0ac1 ] Request (ServerActionsTestOtherB:setUpClass): 201 POST http://10.180.1.21/identity/v3/auth/tokens 0.026s
2025-05-19 19:18:26.345 69980 INFO tempest.lib.common.fixed_network [-] (ServerActionsTestOtherB:setUpClass) Found network {'id': 'd96b849b-e43d-4056-9234-62d3704d60a0', 'name': 'tempest-ServerActionsTestOtherB-1598262518-network', 'tenant_id': '82ccb815a73c4ecab52d4e6754407036', 'admin_state_up': True, 'mtu': 8950, 'status': 'ACTIVE', 'subnets': [], 'shared': False, 'project_id': '82ccb815a73c4ecab52d4e6754407036', 'port_security_enabled': True, 'router:external': False, 'provider:network_type': 'vlan', 'provider:physical_network': 'default', 'provider:segmentation_id': 63, 'availability_zone_hints': [], 'availability_zones': [], 'ipv4_address_scope': None, 'ipv6_address_scope': None, 'description': '', 'tags': [], 'created_at': '2025-05-19T19:18:22Z', 'updated_at': '2025-05-19T19:18:23Z', 'revision_number': 1} available for tenant
2025-05-19 19:18:26.456 70006 INFO tempest.lib.common.rest_client [req-fc407c01-370f-4f81-bc1d-d706637ee3ff req-fc407c01-370f-4f81-bc1d-d706637ee3ff ] Request (AttachVolumeTestJSON:tearDownClass): 204 DELETE http://10.180.1.21:9696/networking/v2.0/subnets/4cc05190-7692-40a9-8b85-efd1255334c6 0.155s
2025-05-19 19:18:26.570 69978 INFO tempest.lib.common.rest_client [req-5fea32de-5a6c-44bb-8bdf-7fcefdd17e74 req-5fea32de-5a6c-44bb-8bdf-7fcefdd17e74 ] Request (ServersTestJSON:test_create_server_with_admin_password): 202 POST http://10.180.1.21/compute/v2.1/servers 0.317s
2025-05-19 19:18:26.651 69978 INFO tempest.lib.common.rest_client [req-c6364a2d-114b-4967-8d4e-abdaaf0b020c req-c6364a2d-114b-4967-8d4e-abdaaf0b020c ] Request (ServersTestJSON:_run_cleanups): 204 DELETE http://10.180.1.21/compute/v2.1/servers/4be80ea5-d3c0-40ee-97e9-6f37ad035cf6 0.079s
2025-05-19 19:18:26.652 70006 INFO tempest.lib.common.rest_client [req-93fa293a-f21f-454d-b5ea-f6eaf1b0069b req-93fa293a-f21f-454d-b5ea-f6eaf1b0069b ] Request (AttachVolumeTestJSON:tearDownClass): 204 DELETE http://10.180.1.21:9696/networking/v2.0/networks/4c1df601-de71-4eba-a918-4438369548cc 0.196s
2025-05-19 19:18:26.667 69978 INFO tempest.lib.common.rest_client [req-241e5e6a-0c80-4369-9bc0-bff16fa64f19 req-241e5e6a-0c80-4369-9bc0-bff16fa64f19 ] Request (ServersTestJSON:_run_cleanups): 404 GET http://10.180.1.21/compute/v2.1/servers/4be80ea5-d3c0-40ee-97e9-6f37ad035cf6 0.015s
2025-05-19 19:18:26.701 69978 INFO tempest.lib.common.rest_client [req-5838d192-d6bf-41e7-8a37-e1d7fd8dde32 req-5838d192-d6bf-41e7-8a37-e1d7fd8dde32 ] Request (ServersTestJSON:test_create_server_with_ipv6_addr_only): 201 POST http://10.180.1.21/identity/v3/auth/tokens 0.029s
2025-05-19 19:18:26.701 69978 INFO tempest.lib.common.fixed_network [-] (ServersTestJSON:test_create_server_with_ipv6_addr_only) Found network {'id': '726c06f3-6791-4e34-b3eb-044ca007e04f', 'name': 'tempest-ServersTestJSON-1137739239-network', 'tenant_id': '9717ac940c564fb0877e8183f2925472', 'admin_state_up': True, 'mtu': 8950, 'status': 'ACTIVE', 'subnets': [], 'shared': False, 'project_id': '9717ac940c564fb0877e8183f2925472', 'port_security_enabled': True, 'router:external': False, 'provider:network_type': 'vlan', 'provider:physical_network': 'default', 'provider:segmentation_id': 588, 'availability_zone_hints': [], 'availability_zones': [], 'ipv4_address_scope': None, 'ipv6_address_scope': None, 'description': '', 'tags': [], 'created_at': '2025-05-19T19:18:18Z', 'updated_at': '2025-05-19T19:18:18Z', 'revision_number': 1} available for tenant
2025-05-19 19:18:26.744 69980 INFO tempest.lib.common.rest_client [req-f4f5b2d6-206e-4d54-bcba-4c65adf738e6 req-f4f5b2d6-206e-4d54-bcba-4c65adf738e6 ] Request (ServerActionsTestOtherB:setUpClass): 202 POST http://10.180.1.21/compute/v2.1/servers 0.399s
2025-05-19 19:18:26.787 70006 INFO tempest.lib.common.rest_client [req-eca11d56-2eb6-4c43-8110-65187dcc2956 req-eca11d56-2eb6-4c43-8110-65187dcc2956 ] Request (AttachVolumeTestJSON:tearDownClass): 204 DELETE http://10.180.1.21/identity/v3/users/502222ad7f6c45ed896d7f1a8628237d 0.134s
2025-05-19 19:18:26.787 70006 INFO tempest.lib.common.dynamic_creds [-] Deleting project and security group for project: 7f634738bcc1410685e96982bddc861f
2025-05-19 19:18:26.791 69980 INFO tempest.lib.common.rest_client [req-4b5b8dec-a510-443a-a462-f9e40efbbbbf req-4b5b8dec-a510-443a-a462-f9e40efbbbbf ] Request (ServerActionsTestOtherB:setUpClass): 200 GET http://10.180.1.21/compute/v2.1/servers/4a158009-286a-44cb-a6e3-812f3554b898 0.045s
2025-05-19 19:18:26.813 70006 INFO tempest.lib.common.rest_client [req-a01e9d88-546e-4760-a906-894fe6fbb860 req-a01e9d88-546e-4760-a906-894fe6fbb860 ] Request (AttachVolumeTestJSON:tearDownClass): 200 GET http://10.180.1.21:9696/networking/v2.0/security-groups?tenant_id=7f634738bcc1410685e96982bddc861f&name=default 0.025s
2025-05-19 19:18:26.889 70006 INFO tempest.lib.common.rest_client [req-514051d0-23c5-4fde-924f-62a263c97303 req-514051d0-23c5-4fde-924f-62a263c97303 ] Request (AttachVolumeTestJSON:tearDownClass): 204 DELETE http://10.180.1.21:9696/networking/v2.0/security-groups/719e347c-69ee-407c-8993-030c37138921 0.076s
2025-05-19 19:18:26.958 69978 INFO tempest.lib.common.rest_client [req-7daedd1f-c520-43b7-8243-c4edd717af10 req-7daedd1f-c520-43b7-8243-c4edd717af10 ] Request (ServersTestJSON:test_create_server_with_ipv6_addr_only): 202 POST http://10.180.1.21/compute/v2.1/servers 0.256s
2025-05-19 19:18:26.972 70006 INFO tempest.lib.common.rest_client [req-bc4216f8-5e79-48d3-8399-8677856fe6ce req-bc4216f8-5e79-48d3-8399-8677856fe6ce ] Request (AttachVolumeTestJSON:tearDownClass): 204 DELETE http://10.180.1.21/identity/v3/projects/7f634738bcc1410685e96982bddc861f 0.082s
2025-05-19 19:18:27.000 69978 INFO tempest.lib.common.rest_client [req-6408fef7-3776-4f96-84d6-0944998eb1ac req-6408fef7-3776-4f96-84d6-0944998eb1ac ] Request (ServersTestJSON:test_create_server_with_ipv6_addr_only): 200 GET http://10.180.1.21/compute/v2.1/servers/c2395d94-7f53-4fa0-86a8-7168be5eae9d 0.040s
2025-05-19 19:18:27.855 69980 INFO tempest.lib.common.rest_client [req-f5e31bde-e9a1-48f0-ac0c-acbce46977ef req-f5e31bde-e9a1-48f0-ac0c-acbce46977ef ] Request (ServerActionsTestOtherB:setUpClass): 200 GET http://10.180.1.21/compute/v2.1/servers/4a158009-286a-44cb-a6e3-812f3554b898 0.056s
2025-05-19 19:18:27.862 69980 INFO tempest.common.waiters [-] State transition "BUILD/scheduling" ==> "ERROR/None" after 1 second wait
2025-05-19 19:18:28.014 69980 INFO tempest.lib.common.rest_client [req-1d27b8df-4e9d-4779-b135-994b458fd4e0 req-1d27b8df-4e9d-4779-b135-994b458fd4e0 ] Request (ServerActionsTestOtherB:setUpClass): 204 DELETE http://10.180.1.21/compute/v2.1/servers/4a158009-286a-44cb-a6e3-812f3554b898 0.152s
2025-05-19 19:18:28.034 69980 INFO tempest.lib.common.rest_client [req-c3fb0637-aaf5-47ad-a401-dbe65e8ee511 req-c3fb0637-aaf5-47ad-a401-dbe65e8ee511 ] Request (ServerActionsTestOtherB:setUpClass): 404 GET http://10.180.1.21/compute/v2.1/servers/4a158009-286a-44cb-a6e3-812f3554b898 0.019s
2025-05-19 19:18:28.034 69980 INFO tempest.test [-] raised in ServerActionsTestOtherB.setUpClass. Invoking tearDownClass.
2025-05-19 19:18:28.051 69980 INFO tempest.lib.common.rest_client [req-1abcea93-c741-43a2-829f-30550315c043 req-1abcea93-c741-43a2-829f-30550315c043 ] Request (ServerActionsTestOtherB:tearDownClass): 202 DELETE http://10.180.1.21/compute/v2.1/os-keypairs/tempest-keypair-304309035 0.016s
2025-05-19 19:18:28.070 69978 INFO tempest.lib.common.rest_client [req-7b94ca30-20ca-4537-a47c-e040dd386fa3 req-7b94ca30-20ca-4537-a47c-e040dd386fa3 ] Request (ServersTestJSON:test_create_server_with_ipv6_addr_only): 200 GET http://10.180.1.21/compute/v2.1/servers/c2395d94-7f53-4fa0-86a8-7168be5eae9d 0.059s
2025-05-19 19:18:28.077 69978 INFO tempest.common.waiters [-] State transition "BUILD/scheduling" ==> "ERROR/None" after 1 second wait
2025-05-19 19:18:28.138 69980 INFO tempest.lib.common.rest_client [req-27d25ffa-5e78-4be7-afea-93a1d3906958 req-27d25ffa-5e78-4be7-afea-93a1d3906958 ] Request (ServerActionsTestOtherB:tearDownClass): 204 DELETE http://10.180.1.21:9696/networking/v2.0/security-groups/b2e46579-e21c-4583-94ef-9281dac91ce5 0.087s
2025-05-19 19:18:28.147 69980 INFO tempest.lib.common.rest_client [req-c5fb7ff3-d96c-4baf-9f63-146df95bedab req-c5fb7ff3-d96c-4baf-9f63-146df95bedab ] Request (ServerActionsTestOtherB:tearDownClass): 404 GET http://10.180.1.21:9696/networking/v2.0/security-groups/b2e46579-e21c-4583-94ef-9281dac91ce5 0.008s
2025-05-19 19:18:28.252 69978 INFO tempest.lib.common.rest_client [req-5d41e77d-561f-494d-85e1-77cf9b41e82c req-5d41e77d-561f-494d-85e1-77cf9b41e82c ] Request (ServersTestJSON:test_create_server_with_ipv6_addr_only): 204 DELETE http://10.180.1.21/compute/v2.1/servers/c2395d94-7f53-4fa0-86a8-7168be5eae9d 0.174s
2025-05-19 19:18:28.273 69978 INFO tempest.lib.common.rest_client [req-de9fc9a4-dba9-45e5-9c16-97b0e19046fd req-de9fc9a4-dba9-45e5-9c16-97b0e19046fd ] Request (ServersTestJSON:test_create_server_with_ipv6_addr_only): 404 GET http://10.180.1.21/compute/v2.1/servers/c2395d94-7f53-4fa0-86a8-7168be5eae9d 0.021s
2025-05-19 19:18:28.308 69978 INFO tempest.lib.common.rest_client [req-7adee95e-de89-4b0e-9931-bd4ae6c8021b req-7adee95e-de89-4b0e-9931-bd4ae6c8021b ] Request (ServersTestJSON:test_create_specify_keypair): 200 POST http://10.180.1.21/compute/v2.1/os-keypairs 0.032s
2025-05-19 19:18:28.319 69978 INFO tempest.lib.common.rest_client [req-5d8af5e1-607e-490a-b508-43dad16ecebd req-5d8af5e1-607e-490a-b508-43dad16ecebd ] Request (ServersTestJSON:test_create_specify_keypair): 200 GET http://10.180.1.21/compute/v2.1/os-keypairs 0.010s
2025-05-19 19:18:28.360 69980 INFO tempest.lib.common.rest_client [req-c8b8b659-0fe5-4683-b1b8-7fa809e67f2b req-c8b8b659-0fe5-4683-b1b8-7fa809e67f2b ] Request (ServerActionsTestOtherB:tearDownClass): 204 DELETE http://10.180.1.21:9696/networking/v2.0/floatingips/fe18cfb5-3b76-446f-9c3f-81a6c2fb37f3 0.212s
2025-05-19 19:18:28.382 69978 INFO tempest.lib.common.rest_client [req-cef95f22-6ac3-4a8c-9608-6b113078a87a req-cef95f22-6ac3-4a8c-9608-6b113078a87a ] Request (ServersTestJSON:test_create_specify_keypair): 201 POST http://10.180.1.21/identity/v3/auth/tokens 0.059s
2025-05-19 19:18:28.382 69978 INFO tempest.lib.common.fixed_network [-] (ServersTestJSON:test_create_specify_keypair) Found network {'id': '726c06f3-6791-4e34-b3eb-044ca007e04f', 'name': 'tempest-ServersTestJSON-1137739239-network', 'tenant_id': '9717ac940c564fb0877e8183f2925472', 'admin_state_up': True, 'mtu': 8950, 'status': 'ACTIVE', 'subnets': [], 'shared': False, 'project_id': '9717ac940c564fb0877e8183f2925472', 'port_security_enabled': True, 'router:external': False, 'provider:network_type': 'vlan', 'provider:physical_network': 'default', 'provider:segmentation_id': 588, 'availability_zone_hints': [], 'availability_zones': [], 'ipv4_address_scope': None, 'ipv6_address_scope': None, 'description': '', 'tags': [], 'created_at': '2025-05-19T19:18:18Z', 'updated_at': '2025-05-19T19:18:18Z', 'revision_number': 1} available for tenant
2025-05-19 19:18:28.665 69978 INFO tempest.lib.common.rest_client [req-df795b64-6c16-4a4b-bcc0-5acc7438b50a req-df795b64-6c16-4a4b-bcc0-5acc7438b50a ] Request (ServersTestJSON:test_create_specify_keypair): 202 POST http://10.180.1.21/compute/v2.1/servers 0.282s
2025-05-19 19:18:28.712 69978 INFO tempest.lib.common.rest_client [req-bd26490d-fcc9-4869-8b75-7264f657cb13 req-bd26490d-fcc9-4869-8b75-7264f657cb13 ] Request (ServersTestJSON:test_create_specify_keypair): 200 GET http://10.180.1.21/compute/v2.1/servers/5cda0a2f-4f98-4295-b017-07d205d11dc0 0.045s
2025-05-19 19:18:28.938 69980 INFO tempest.lib.common.rest_client [req-d6341968-f85b-4fe6-b438-7d7ba303020a req-d6341968-f85b-4fe6-b438-7d7ba303020a ] Request (ServerActionsTestOtherB:tearDownClass): 200 PUT http://10.180.1.21:9696/networking/v2.0/routers/7821d78c-f1c2-4b72-b4dd-26a86f1f7ee2/remove_router_interface 0.577s
2025-05-19 19:18:29.249 69980 INFO tempest.lib.common.rest_client [req-0d049320-318a-4d33-9b4e-cc50aa33bed7 req-0d049320-318a-4d33-9b4e-cc50aa33bed7 ] Request (ServerActionsTestOtherB:tearDownClass): 204 DELETE http://10.180.1.21:9696/networking/v2.0/routers/7821d78c-f1c2-4b72-b4dd-26a86f1f7ee2 0.310s
2025-05-19 19:18:29.333 69980 INFO tempest.lib.common.rest_client [req-6324ec3b-9b58-4b86-9fc5-e7f953c62121 req-6324ec3b-9b58-4b86-9fc5-e7f953c62121 ] Request (ServerActionsTestOtherB:tearDownClass): 204 DELETE http://10.180.1.21:9696/networking/v2.0/subnets/0583d998-cbc0-4946-9f18-558e7df895cb 0.084s
2025-05-19 19:18:29.437 69980 INFO tempest.lib.common.rest_client [req-333b58f8-957c-4dd3-989a-3b35449b0c65 req-333b58f8-957c-4dd3-989a-3b35449b0c65 ] Request (ServerActionsTestOtherB:tearDownClass): 204 DELETE http://10.180.1.21:9696/networking/v2.0/networks/d96b849b-e43d-4056-9234-62d3704d60a0 0.103s
2025-05-19 19:18:29.534 69980 INFO tempest.lib.common.rest_client [req-0cddc05c-a97d-47dc-823b-e792302fc67a req-0cddc05c-a97d-47dc-823b-e792302fc67a ] Request (ServerActionsTestOtherB:tearDownClass): 204 DELETE http://10.180.1.21/identity/v3/users/5c46495acca64180b316076dad46b7a0 0.097s
2025-05-19 19:18:29.535 69980 INFO tempest.lib.common.dynamic_creds [-] Deleting project and security group for project: 82ccb815a73c4ecab52d4e6754407036
2025-05-19 19:18:29.558 69980 INFO tempest.lib.common.rest_client [req-5a525ba4-b34a-4a82-b2de-241b00f88771 req-5a525ba4-b34a-4a82-b2de-241b00f88771 ] Request (ServerActionsTestOtherB:tearDownClass): 200 GET http://10.180.1.21:9696/networking/v2.0/security-groups?tenant_id=82ccb815a73c4ecab52d4e6754407036&name=default 0.023s
2025-05-19 19:18:29.625 69980 INFO tempest.lib.common.rest_client [req-6f9b461e-8b17-4b88-bea7-96c7f3860ec6 req-6f9b461e-8b17-4b88-bea7-96c7f3860ec6 ] Request (ServerActionsTestOtherB:tearDownClass): 204 DELETE http://10.180.1.21:9696/networking/v2.0/security-groups/3ddb2955-c765-4595-a369-1d3b449a2425 0.066s
2025-05-19 19:18:29.700 69980 INFO tempest.lib.common.rest_client [req-50768277-31ab-41c8-8af0-f026721cc7bb req-50768277-31ab-41c8-8af0-f026721cc7bb ] Request (ServerActionsTestOtherB:tearDownClass): 204 DELETE http://10.180.1.21/identity/v3/projects/82ccb815a73c4ecab52d4e6754407036 0.075s
2025-05-19 19:18:29.703 69980 INFO tempest.test [-] raised in ServerStableDeviceRescueTest.setUpClass. Invoking tearDownClass.
2025-05-19 19:18:29.791 69978 INFO tempest.lib.common.rest_client [req-9dc6e86c-6640-428f-b7b4-66da973bbeab req-9dc6e86c-6640-428f-b7b4-66da973bbeab ] Request (ServersTestJSON:test_create_specify_keypair): 200 GET http://10.180.1.21/compute/v2.1/servers/5cda0a2f-4f98-4295-b017-07d205d11dc0 0.067s
2025-05-19 19:18:29.798 69978 INFO tempest.common.waiters [-] State transition "BUILD/scheduling" ==> "ERROR/None" after 1 second wait
2025-05-19 19:18:29.971 69978 INFO tempest.lib.common.rest_client [req-263ac52c-8a72-4cfb-8fe9-9fe30cd9c586 req-263ac52c-8a72-4cfb-8fe9-9fe30cd9c586 ] Request (ServersTestJSON:test_create_specify_keypair): 204 DELETE http://10.180.1.21/compute/v2.1/servers/5cda0a2f-4f98-4295-b017-07d205d11dc0 0.173s
2025-05-19 19:18:29.993 69978 INFO tempest.lib.common.rest_client [req-fd5703f6-94c9-4396-a6eb-9eef3d0583d7 req-fd5703f6-94c9-4396-a6eb-9eef3d0583d7 ] Request (ServersTestJSON:test_create_specify_keypair): 404 GET http://10.180.1.21/compute/v2.1/servers/5cda0a2f-4f98-4295-b017-07d205d11dc0 0.022s
2025-05-19 19:18:30.011 69978 INFO tempest.lib.common.rest_client [req-ebcf705e-ed58-46af-bbbf-306d00fbb777 req-ebcf705e-ed58-46af-bbbf-306d00fbb777 ] Request (ServersTestJSON:_run_cleanups): 202 DELETE http://10.180.1.21/compute/v2.1/os-keypairs/tempest-key-2107728204 0.016s
2025-05-19 19:18:30.061 69978 INFO tempest.lib.common.rest_client [req-d97c886a-a9e5-47ab-8474-6afe5457e3d2 req-d97c886a-a9e5-47ab-8474-6afe5457e3d2 ] Request (ServersTestJSON:test_create_with_existing_server_name): 201 POST http://10.180.1.21/identity/v3/auth/tokens 0.046s
2025-05-19 19:18:30.061 69978 INFO tempest.lib.common.fixed_network [-] (ServersTestJSON:test_create_with_existing_server_name) Found network {'id': '726c06f3-6791-4e34-b3eb-044ca007e04f', 'name': 'tempest-ServersTestJSON-1137739239-network', 'tenant_id': '9717ac940c564fb0877e8183f2925472', 'admin_state_up': True, 'mtu': 8950, 'status': 'ACTIVE', 'subnets': [], 'shared': False, 'project_id': '9717ac940c564fb0877e8183f2925472', 'port_security_enabled': True, 'router:external': False, 'provider:network_type': 'vlan', 'provider:physical_network': 'default', 'provider:segmentation_id': 588, 'availability_zone_hints': [], 'availability_zones': [], 'ipv4_address_scope': None, 'ipv6_address_scope': None, 'description': '', 'tags': [], 'created_at': '2025-05-19T19:18:18Z', 'updated_at': '2025-05-19T19:18:18Z', 'revision_number': 1} available for tenant
2025-05-19 19:18:30.347 69978 INFO tempest.lib.common.rest_client [req-6d36e9dc-fcaf-46b5-b690-d2826038d1a0 req-6d36e9dc-fcaf-46b5-b690-d2826038d1a0 ] Request (ServersTestJSON:test_create_with_existing_server_name): 202 POST http://10.180.1.21/compute/v2.1/servers 0.285s
2025-05-19 19:18:30.388 69978 INFO tempest.lib.common.rest_client [req-424f0416-be9b-4c85-9ed4-0d21dd931903 req-424f0416-be9b-4c85-9ed4-0d21dd931903 ] Request (ServersTestJSON:test_create_with_existing_server_name): 200 GET http://10.180.1.21/compute/v2.1/servers/1f00d3f3-0cbe-4cc7-8608-2d75fa58aebe 0.039s
2025-05-19 19:18:31.451 69978 INFO tempest.lib.common.rest_client [req-ecd86b1d-1993-4b1c-a99a-f3bcafbf9e93 req-ecd86b1d-1993-4b1c-a99a-f3bcafbf9e93 ] Request (ServersTestJSON:test_create_with_existing_server_name): 200 GET http://10.180.1.21/compute/v2.1/servers/1f00d3f3-0cbe-4cc7-8608-2d75fa58aebe 0.055s
2025-05-19 19:18:31.458 69978 INFO tempest.common.waiters [-] State transition "BUILD/scheduling" ==> "ERROR/None" after 1 second wait
2025-05-19 19:18:31.617 69978 INFO tempest.lib.common.rest_client [req-7f751f23-ef01-4711-8b60-fcc9ad34cfe7 req-7f751f23-ef01-4711-8b60-fcc9ad34cfe7 ] Request (ServersTestJSON:test_create_with_existing_server_name): 204 DELETE http://10.180.1.21/compute/v2.1/servers/1f00d3f3-0cbe-4cc7-8608-2d75fa58aebe 0.159s
2025-05-19 19:18:31.638 69978 INFO tempest.lib.common.rest_client [req-6e1b8c0f-3178-4c44-a207-68159554b998 req-6e1b8c0f-3178-4c44-a207-68159554b998 ] Request (ServersTestJSON:test_create_with_existing_server_name): 404 GET http://10.180.1.21/compute/v2.1/servers/1f00d3f3-0cbe-4cc7-8608-2d75fa58aebe 0.020s
2025-05-19 19:18:31.672 69978 INFO tempest.lib.common.rest_client [req-91bfa6b8-3b21-4fe2-98c8-22de3676af68 req-91bfa6b8-3b21-4fe2-98c8-22de3676af68 ] Request (ServersTestJSON:test_update_access_server_address): 201 POST http://10.180.1.21/identity/v3/auth/tokens 0.029s
2025-05-19 19:18:31.672 69978 INFO tempest.lib.common.fixed_network [-] (ServersTestJSON:test_update_access_server_address) Found network {'id': '726c06f3-6791-4e34-b3eb-044ca007e04f', 'name': 'tempest-ServersTestJSON-1137739239-network', 'tenant_id': '9717ac940c564fb0877e8183f2925472', 'admin_state_up': True, 'mtu': 8950, 'status': 'ACTIVE', 'subnets': [], 'shared': False, 'project_id': '9717ac940c564fb0877e8183f2925472', 'port_security_enabled': True, 'router:external': False, 'provider:network_type': 'vlan', 'provider:physical_network': 'default', 'provider:segmentation_id': 588, 'availability_zone_hints': [], 'availability_zones': [], 'ipv4_address_scope': None, 'ipv6_address_scope': None, 'description': '', 'tags': [], 'created_at': '2025-05-19T19:18:18Z', 'updated_at': '2025-05-19T19:18:18Z', 'revision_number': 1} available for tenant
2025-05-19 19:18:31.933 69978 INFO tempest.lib.common.rest_client [req-4b4aca28-c84c-4009-bbd9-db7e4ec0b532 req-4b4aca28-c84c-4009-bbd9-db7e4ec0b532 ] Request (ServersTestJSON:test_update_access_server_address): 202 POST http://10.180.1.21/compute/v2.1/servers 0.261s
2025-05-19 19:18:31.974 69978 INFO tempest.lib.common.rest_client [req-ffd29126-34d4-4cf2-a9bf-fd8b499ecdde req-ffd29126-34d4-4cf2-a9bf-fd8b499ecdde ] Request (ServersTestJSON:test_update_access_server_address): 200 GET http://10.180.1.21/compute/v2.1/servers/7e12b173-3da4-41d6-a463-03075996a752 0.039s
2025-05-19 19:18:33.039 69978 INFO tempest.lib.common.rest_client [req-2935ce0c-c6d8-41f4-b969-76a2ba2fa7ee req-2935ce0c-c6d8-41f4-b969-76a2ba2fa7ee ] Request (ServersTestJSON:test_update_access_server_address): 200 GET http://10.180.1.21/compute/v2.1/servers/7e12b173-3da4-41d6-a463-03075996a752 0.057s
2025-05-19 19:18:33.046 69978 INFO tempest.common.waiters [-] State transition "BUILD/scheduling" ==> "ERROR/None" after 2 second wait
2025-05-19 19:18:33.203 69978 INFO tempest.lib.common.rest_client [req-6d629487-4c7f-4672-a806-43685f5ef381 req-6d629487-4c7f-4672-a806-43685f5ef381 ] Request (ServersTestJSON:test_update_access_server_address): 204 DELETE http://10.180.1.21/compute/v2.1/servers/7e12b173-3da4-41d6-a463-03075996a752 0.157s
2025-05-19 19:18:33.417 69978 INFO tempest.lib.common.rest_client [req-c783e21d-3aa7-4118-b054-cabdbbc17e7b req-c783e21d-3aa7-4118-b054-cabdbbc17e7b ] Request (ServersTestJSON:test_update_access_server_address): 404 GET http://10.180.1.21/compute/v2.1/servers/7e12b173-3da4-41d6-a463-03075996a752 0.214s
2025-05-19 19:18:33.450 69978 INFO tempest.lib.common.rest_client [req-9149f31a-3f3d-4de7-8d49-403dca4b92d5 req-9149f31a-3f3d-4de7-8d49-403dca4b92d5 ] Request (ServersTestJSON:test_update_server_name): 201 POST http://10.180.1.21/identity/v3/auth/tokens 0.028s
2025-05-19 19:18:33.450 69978 INFO tempest.lib.common.fixed_network [-] (ServersTestJSON:test_update_server_name) Found network {'id': '726c06f3-6791-4e34-b3eb-044ca007e04f', 'name': 'tempest-ServersTestJSON-1137739239-network', 'tenant_id': '9717ac940c564fb0877e8183f2925472', 'admin_state_up': True, 'mtu': 8950, 'status': 'ACTIVE', 'subnets': [], 'shared': False, 'project_id': '9717ac940c564fb0877e8183f2925472', 'port_security_enabled': True, 'router:external': False, 'provider:network_type': 'vlan', 'provider:physical_network': 'default', 'provider:segmentation_id': 588, 'availability_zone_hints': [], 'availability_zones': [], 'ipv4_address_scope': None, 'ipv6_address_scope': None, 'description': '', 'tags': [], 'created_at': '2025-05-19T19:18:18Z', 'updated_at': '2025-05-19T19:18:18Z', 'revision_number': 1} available for tenant
2025-05-19 19:18:33.740 69978 INFO tempest.lib.common.rest_client [req-93b71955-c619-41d4-8bcd-f9caa211c6df req-93b71955-c619-41d4-8bcd-f9caa211c6df ] Request (ServersTestJSON:test_update_server_name): 202 POST http://10.180.1.21/compute/v2.1/servers 0.290s
2025-05-19 19:18:33.782 69978 INFO tempest.lib.common.rest_client [req-a13fdb33-1a4f-41f7-904a-e845f01fac67 req-a13fdb33-1a4f-41f7-904a-e845f01fac67 ] Request (ServersTestJSON:test_update_server_name): 200 GET http://10.180.1.21/compute/v2.1/servers/b490700f-4e79-4ce7-88e3-7d75c501e062 0.040s
2025-05-19 19:18:34.845 69978 INFO tempest.lib.common.rest_client [req-4cc971d2-0866-48a7-85e2-4f6b5cf8ba22 req-4cc971d2-0866-48a7-85e2-4f6b5cf8ba22 ] Request (ServersTestJSON:test_update_server_name): 200 GET http://10.180.1.21/compute/v2.1/servers/b490700f-4e79-4ce7-88e3-7d75c501e062 0.055s
2025-05-19 19:18:34.851 69978 INFO tempest.common.waiters [-] State transition "BUILD/scheduling" ==> "ERROR/None" after 1 second wait
2025-05-19 19:18:34.999 69978 INFO tempest.lib.common.rest_client [req-5c146171-81dd-4472-9ec0-601a2c5acb34 req-5c146171-81dd-4472-9ec0-601a2c5acb34 ] Request (ServersTestJSON:test_update_server_name): 204 DELETE http://10.180.1.21/compute/v2.1/servers/b490700f-4e79-4ce7-88e3-7d75c501e062 0.147s
2025-05-19 19:18:35.027 69978 INFO tempest.lib.common.rest_client [req-e25e2fcf-4868-495e-ac93-5ab9fcf54baf req-e25e2fcf-4868-495e-ac93-5ab9fcf54baf ] Request (ServersTestJSON:test_update_server_name): 404 GET http://10.180.1.21/compute/v2.1/servers/b490700f-4e79-4ce7-88e3-7d75c501e062 0.027s
2025-05-19 19:18:35.048 69978 INFO tempest.lib.common.rest_client [req-95ebd52a-07cb-404b-ab95-83d4ed2d119f req-95ebd52a-07cb-404b-ab95-83d4ed2d119f ] Request (ServersTestJSON:tearDownClass): 404 DELETE http://10.180.1.21/compute/v2.1/servers/4be80ea5-d3c0-40ee-97e9-6f37ad035cf6 0.019s
2025-05-19 19:18:35.068 69978 INFO tempest.lib.common.rest_client [req-24bb684a-1fe3-4e50-9982-4cb34f81e70a req-24bb684a-1fe3-4e50-9982-4cb34f81e70a ] Request (ServersTestJSON:tearDownClass): 404 GET http://10.180.1.21/compute/v2.1/servers/4be80ea5-d3c0-40ee-97e9-6f37ad035cf6 0.020s
2025-05-19 19:18:35.629 69978 INFO tempest.lib.common.rest_client [req-61df6389-435a-4892-a4ef-80a0485ef4d7 req-61df6389-435a-4892-a4ef-80a0485ef4d7 ] Request (ServersTestJSON:tearDownClass): 200 PUT http://10.180.1.21:9696/networking/v2.0/routers/fb1843aa-10a6-4759-b18c-00ef81fa3d68/remove_router_interface 0.560s
2025-05-19 19:18:36.065 69978 INFO tempest.lib.common.rest_client [req-ce8e7209-d36f-43a1-acc0-52aa6786972c req-ce8e7209-d36f-43a1-acc0-52aa6786972c ] Request (ServersTestJSON:tearDownClass): 204 DELETE http://10.180.1.21:9696/networking/v2.0/routers/fb1843aa-10a6-4759-b18c-00ef81fa3d68 0.436s
2025-05-19 19:18:36.167 69978 INFO tempest.lib.common.rest_client [req-44b1b863-0229-491f-a927-d76c5cd37787 req-44b1b863-0229-491f-a927-d76c5cd37787 ] Request (ServersTestJSON:tearDownClass): 204 DELETE http://10.180.1.21:9696/networking/v2.0/subnets/5ca69e49-99c0-408e-9f6a-dcfac9c7fbaa 0.101s
2025-05-19 19:18:36.385 69978 INFO tempest.lib.common.rest_client [req-cff77db2-90e5-427d-9ea6-0a2139e52821 req-cff77db2-90e5-427d-9ea6-0a2139e52821 ] Request (ServersTestJSON:tearDownClass): 204 DELETE http://10.180.1.21:9696/networking/v2.0/networks/726c06f3-6791-4e34-b3eb-044ca007e04f 0.217s
2025-05-19 19:18:36.485 69978 INFO tempest.lib.common.rest_client [req-f784940d-bcd6-471e-aca0-a22c76bbec88 req-f784940d-bcd6-471e-aca0-a22c76bbec88 ] Request (ServersTestJSON:tearDownClass): 204 DELETE http://10.180.1.21/identity/v3/users/03f715b2f8f6484b913564c6031096aa 0.100s
2025-05-19 19:18:36.560 69978 INFO tempest.lib.common.rest_client [req-d4b5e994-2ba2-4c04-aa84-f304a2e0a9cb req-d4b5e994-2ba2-4c04-aa84-f304a2e0a9cb ] Request (ServersTestJSON:tearDownClass): 204 DELETE http://10.180.1.21/identity/v3/users/e5085c4121394103a331d0da23e3713f 0.074s
2025-05-19 19:18:36.560 69978 INFO tempest.lib.common.dynamic_creds [-] Deleting project and security group for project: 9717ac940c564fb0877e8183f2925472
2025-05-19 19:18:36.586 69978 INFO tempest.lib.common.rest_client [req-e33e6cf1-82df-46d5-82e5-b69a0f51ebf4 req-e33e6cf1-82df-46d5-82e5-b69a0f51ebf4 ] Request (ServersTestJSON:tearDownClass): 200 GET http://10.180.1.21:9696/networking/v2.0/security-groups?tenant_id=9717ac940c564fb0877e8183f2925472&name=default 0.025s
2025-05-19 19:18:36.651 69978 INFO tempest.lib.common.rest_client [req-a6b1adb9-6793-4f43-aa3a-6a68e1cb7649 req-a6b1adb9-6793-4f43-aa3a-6a68e1cb7649 ] Request (ServersTestJSON:tearDownClass): 204 DELETE http://10.180.1.21:9696/networking/v2.0/security-groups/285e21ae-b38c-42eb-8d9a-8cfa1d5fd00c 0.064s
2025-05-19 19:18:36.730 69978 INFO tempest.lib.common.rest_client [req-d3675c53-07bf-498b-864d-95cf657a0336 req-d3675c53-07bf-498b-864d-95cf657a0336 ] Request (ServersTestJSON:tearDownClass): 204 DELETE http://10.180.1.21/identity/v3/projects/9717ac940c564fb0877e8183f2925472 0.079s
2025-05-19 19:18:36.779 69978 INFO tempest.lib.common.rest_client [req-673af2c3-247c-4df4-9035-3bf21a0ff989 req-673af2c3-247c-4df4-9035-3bf21a0ff989 ] Request (ServerShowV257Test:setUpClass): 201 POST http://10.180.1.21/identity/v3/auth/tokens 0.047s
2025-05-19 19:18:36.805 69978 INFO tempest.lib.common.rest_client [req-eb3b93a4-deec-4c28-806c-fc7f7f1f04f9 req-eb3b93a4-deec-4c28-806c-fc7f7f1f04f9 ] Request (ServerShowV257Test:setUpClass): 201 POST http://10.180.1.21/identity/v3/auth/tokens 0.023s
2025-05-19 19:18:36.826 69978 INFO tempest.lib.common.rest_client [req-5289ee8d-07a5-4176-822f-bd61b6fd585a req-5289ee8d-07a5-4176-822f-bd61b6fd585a ] Request (ServerShowV257Test:setUpClass): 200 GET http://10.180.1.21/identity/v3/domains?name=Default 0.020s
2025-05-19 19:18:36.849 69978 INFO tempest.lib.common.rest_client [req-108ca7cb-184e-4125-8e65-ff15532b178b req-108ca7cb-184e-4125-8e65-ff15532b178b ] Request (ServerShowV257Test:setUpClass): 201 POST http://10.180.1.21/identity/v3/projects 0.023s
2025-05-19 19:18:36.899 69978 INFO tempest.lib.common.rest_client [req-7c25b0ac-b3e7-4b33-9e09-a79e71bbca69 req-7c25b0ac-b3e7-4b33-9e09-a79e71bbca69 ] Request (ServerShowV257Test:setUpClass): 201 POST http://10.180.1.21/identity/v3/users 0.049s
2025-05-19 19:18:36.919 69978 INFO tempest.lib.common.rest_client [req-93a67b0c-c0ab-42c7-b8e5-a14712c5901d req-93a67b0c-c0ab-42c7-b8e5-a14712c5901d ] Request (ServerShowV257Test:setUpClass): 200 GET http://10.180.1.21/identity/v3/roles 0.019s
