2025-05-19 19:18:02.806 69998 INFO tempest.lib.common.rest_client [req-1a5f4f0e-2ed5-4a56-a66f-41b01fff97b6 req-1a5f4f0e-2ed5-4a56-a66f-41b01fff97b6 ] Request (FlavorsAccessNegativeTestJSON:tearDownClass): 204 DELETE http://10.180.1.21/identity/v3/projects/d7d205038b1a4d72b6bc7e585dd2acb6 0.066s
2025-05-19 19:18:02.864 69998 INFO tempest.lib.common.rest_client [req-4ef46801-d624-4e67-b131-1f158d243c2c req-4ef46801-d624-4e67-b131-1f158d243c2c ] Request (ServerDiagnosticsV248Test:setUpClass): 201 POST http://10.180.1.21/identity/v3/auth/tokens 0.056s
2025-05-19 19:18:02.903 69998 INFO tempest.lib.common.rest_client [req-9f767f98-17cb-4191-88dd-cadd826da448 req-9f767f98-17cb-4191-88dd-cadd826da448 ] Request (ServerDiagnosticsV248Test:setUpClass): 201 POST http://10.180.1.21/identity/v3/auth/tokens 0.036s
2025-05-19 19:18:02.930 69998 INFO tempest.lib.common.rest_client [req-56c4dd82-26ba-40f9-aaf0-b34c51c3b40e req-56c4dd82-26ba-40f9-aaf0-b34c51c3b40e ] Request (ServerDiagnosticsV248Test:setUpClass): 200 GET http://10.180.1.21/identity/v3/domains?name=Default 0.026s
2025-05-19 19:18:02.967 69998 INFO tempest.lib.common.rest_client [req-bcab1db4-65d9-4e40-beef-48b68eb540ab req-bcab1db4-65d9-4e40-beef-48b68eb540ab ] Request (ServerDiagnosticsV248Test:setUpClass): 201 POST http://10.180.1.21/identity/v3/projects 0.037s
2025-05-19 19:18:02.996 69980 INFO tempest.lib.common.rest_client [req-e54f3973-ebfd-4f21-b3ef-9de1fe5dfc51 req-e54f3973-ebfd-4f21-b3ef-9de1fe5dfc51 ] Request (ServerActionsTestJSON:setUpClass): 201 POST http://10.180.1.21:9696/networking/v2.0/networks 1.555s
2025-05-19 19:18:03.007 69972 INFO tempest.lib.common.rest_client [req-7f6557b5-7391-4bb7-87a2-0799cbd7654d req-7f6557b5-7391-4bb7-87a2-0799cbd7654d ] Request (ServerActionsV293TestJSON:setUpClass): 200 GET http://10.180.1.21/volume/v3/volumes/502ec786-4e0e-43d6-abde-996f6f315965 0.040s
2025-05-19 19:18:03.009 69996 INFO tempest.lib.common.rest_client [req-91620638-c806-4627-be3f-49210077f86f req-91620638-c806-4627-be3f-49210077f86f ] Request (FloatingIPsTestJSON:setUpClass): 201 POST http://10.180.1.21:9696/networking/v2.0/networks 1.502s
2025-05-19 19:18:03.047 69998 INFO tempest.lib.common.rest_client [req-5bd32a2a-4ac1-4bd9-91ce-e69a25c52d75 req-5bd32a2a-4ac1-4bd9-91ce-e69a25c52d75 ] Request (ServerDiagnosticsV248Test:setUpClass): 201 POST http://10.180.1.21/identity/v3/users 0.079s
2025-05-19 19:18:03.075 69998 INFO tempest.lib.common.rest_client [req-c79a4f2c-54eb-4b82-90e7-69468fdeeda6 req-c79a4f2c-54eb-4b82-90e7-69468fdeeda6 ] Request (ServerDiagnosticsV248Test:setUpClass): 200 GET http://10.180.1.21/identity/v3/roles 0.028s
2025-05-19 19:18:03.087 69974 INFO tempest.lib.common.rest_client [req-c105e238-7ba1-46f8-bab5-df5227cd0d48 req-c105e238-7ba1-46f8-bab5-df5227cd0d48 ] Request (AttachVolumeNegativeTest:tearDownClass): 200 PUT http://10.180.1.21:9696/networking/v2.0/routers/4e494a74-41e3-460a-83a8-fe647b0d7b2d/remove_router_interface 3.464s
2025-05-19 19:18:03.108 69998 INFO tempest.lib.common.rest_client [req-0b5e4a79-c33d-48da-b2cb-a66941bb6117 req-0b5e4a79-c33d-48da-b2cb-a66941bb6117 ] Request (ServerDiagnosticsV248Test:setUpClass): 204 PUT http://10.180.1.21/identity/v3/projects/2ae2942bea79434abcd7a33d54bb930a/users/65fd94301ee7446e97a32f62d9b93947/roles/9db8bcd66cf44d809f2f23ff6ff2f096 0.032s
2025-05-19 19:18:03.108 69998 INFO tempest.lib.common.dynamic_creds [-] Dynamic test user 65fd94301ee7446e97a32f62d9b93947 is created with scope project and roles: ['member']
2025-05-19 19:18:03.108 69998 INFO tempest.lib.common.dynamic_creds [-] Acquired dynamic creds: credentials: Credentials: {'domain_id': 'default', 'domain_name': 'Default', 'username': 'tempest-ServerDiagnosticsV248Test-1140844075-project-member', 'project_domain_id': 'default', 'project_domain_name': 'Default', 'project_id': '2ae2942bea79434abcd7a33d54bb930a', 'project_name': 'tempest-ServerDiagnosticsV248Test-1140844075', 'tenant_id': '2ae2942bea79434abcd7a33d54bb930a', 'tenant_name': 'tempest-ServerDiagnosticsV248Test-1140844075', 'user_domain_id': 'default', 'user_domain_name': 'Default', 'user_id': '65fd94301ee7446e97a32f62d9b93947', 'system': None}, Network: None, Subnet: None, Router: None
2025-05-19 19:18:03.108 69998 INFO tempest.lib.common.dynamic_creds [-] Created isolated network resources for: credentials: Credentials: {'domain_id': 'default', 'domain_name': 'Default', 'username': 'tempest-ServerDiagnosticsV248Test-1140844075-project-member', 'project_domain_id': 'default', 'project_domain_name': 'Default', 'project_id': '2ae2942bea79434abcd7a33d54bb930a', 'project_name': 'tempest-ServerDiagnosticsV248Test-1140844075', 'tenant_id': '2ae2942bea79434abcd7a33d54bb930a', 'tenant_name': 'tempest-ServerDiagnosticsV248Test-1140844075', 'user_domain_id': 'default', 'user_domain_name': 'Default', 'user_id': '65fd94301ee7446e97a32f62d9b93947', 'system': None}, Network: None, Subnet: None, Router: None
2025-05-19 19:18:03.184 70018 INFO tempest.lib.common.rest_client [req-dcefe5a0-a59b-4aae-adcf-a6712144ee57 req-dcefe5a0-a59b-4aae-adcf-a6712144ee57 ] Request (VolumesSnapshotsTestJSON:tearDownClass): 200 GET http://10.180.1.21:9696/networking/v2.0/security-groups?tenant_id=15f14bfed92048a9a1bbc4dc380138cd&name=default 0.735s
2025-05-19 19:18:03.213 69998 INFO tempest.lib.common.rest_client [req-70481b1f-6204-4211-a8fe-b925fe365816 req-70481b1f-6204-4211-a8fe-b925fe365816 ] Request (ServerDiagnosticsV248Test:setUpClass): 201 POST http://10.180.1.21/identity/v3/auth/tokens 0.101s
2025-05-19 19:18:03.238 70008 INFO tempest.lib.common.rest_client [req-4c42a51c-a016-4d9a-86b7-064dcaf869f9 req-4c42a51c-a016-4d9a-86b7-064dcaf869f9 ] Request (ServerGroupTestJSON:tearDownClass): 200 PUT http://10.180.1.21:9696/networking/v2.0/routers/3da38593-b1f4-483e-bc54-88cd0dfe1d75/remove_router_interface 3.608s
2025-05-19 19:18:03.246 69964 INFO tempest.lib.common.rest_client [req-efa5adce-408e-4f37-b0fa-8a794f2be118 req-efa5adce-408e-4f37-b0fa-8a794f2be118 ] Request (ValidationResourcesFixture:setUp): 201 POST http://10.180.1.21:9696/networking/v2.0/security-group-rules 0.527s
2025-05-19 19:18:03.286 69998 INFO tempest.lib.common.rest_client [req-beb9ec1c-e7f5-456f-8cb8-604da4df7c2f req-beb9ec1c-e7f5-456f-8cb8-604da4df7c2f ] Request (ServerDiagnosticsV248Test:setUpClass): 201 POST http://10.180.1.21/identity/v3/projects 0.072s
2025-05-19 19:18:03.350 69998 INFO tempest.lib.common.rest_client [req-2702ec8a-1641-424a-ac5f-cee9b0630beb req-2702ec8a-1641-424a-ac5f-cee9b0630beb ] Request (ServerDiagnosticsV248Test:setUpClass): 201 POST http://10.180.1.21/identity/v3/users 0.064s
2025-05-19 19:18:03.376 69998 INFO tempest.lib.common.rest_client [req-e5827cab-903e-45db-a4bc-1e73fbc5154c req-e5827cab-903e-45db-a4bc-1e73fbc5154c ] Request (ServerDiagnosticsV248Test:setUpClass): 200 GET http://10.180.1.21/identity/v3/roles 0.025s
2025-05-19 19:18:03.403 69998 INFO tempest.lib.common.rest_client [req-f0abdb8d-78f3-49b3-aed5-06f09923ea8d req-f0abdb8d-78f3-49b3-aed5-06f09923ea8d ] Request (ServerDiagnosticsV248Test:setUpClass): 204 PUT http://10.180.1.21/identity/v3/projects/555335813ca24847b8ead778897f4707/users/33e2e9bd35da452381a0780ba6f8ecb8/roles/6f2b35225e0c4d589e8140b321edfbb2 0.027s
2025-05-19 19:18:03.456 70006 INFO tempest.lib.common.rest_client [req-f75c5876-a022-49c4-ac84-efac733c2748 req-f75c5876-a022-49c4-ac84-efac733c2748 ] Request (SecurityGroupRulesTestJSON:tearDownClass): 200 PUT http://10.180.1.21:9696/networking/v2.0/routers/d2dff3d4-71ad-4268-b6f7-fe9e26a0f281/remove_router_interface 4.025s
2025-05-19 19:18:03.463 69998 INFO tempest.lib.common.rest_client [req-c3402fad-438b-4a68-9f15-60d94b4bc2f8 req-c3402fad-438b-4a68-9f15-60d94b4bc2f8 ] Request (ServerDiagnosticsV248Test:setUpClass): 200 GET http://10.180.1.21/identity/v3/roles 0.060s
2025-05-19 19:18:03.483 69998 INFO tempest.lib.common.rest_client [req-7b0ff32c-7de2-4c8c-b83e-5475501a12ad req-7b0ff32c-7de2-4c8c-b83e-5475501a12ad ] Request (ServerDiagnosticsV248Test:setUpClass): 204 PUT http://10.180.1.21/identity/v3/projects/555335813ca24847b8ead778897f4707/users/33e2e9bd35da452381a0780ba6f8ecb8/roles/6f2b35225e0c4d589e8140b321edfbb2 0.019s
2025-05-19 19:18:03.484 69998 INFO tempest.lib.common.dynamic_creds [-] Dynamic test user 33e2e9bd35da452381a0780ba6f8ecb8 is created with scope project and roles: ['admin']
2025-05-19 19:18:03.484 69998 INFO tempest.lib.common.dynamic_creds [-] Acquired dynamic creds: credentials: Credentials: {'domain_id': 'default', 'domain_name': 'Default', 'username': 'tempest-ServerDiagnosticsV248Test-1817777141-project-admin', 'project_domain_id': 'default', 'project_domain_name': 'Default', 'project_id': '555335813ca24847b8ead778897f4707', 'project_name': 'tempest-ServerDiagnosticsV248Test-1817777141', 'tenant_id': '555335813ca24847b8ead778897f4707', 'tenant_name': 'tempest-ServerDiagnosticsV248Test-1817777141', 'user_domain_id': 'default', 'user_domain_name': 'Default', 'user_id': '33e2e9bd35da452381a0780ba6f8ecb8', 'system': None}, Network: None, Subnet: None, Router: None
2025-05-19 19:18:03.484 69998 INFO tempest.lib.common.dynamic_creds [-] Created isolated network resources for: credentials: Credentials: {'domain_id': 'default', 'domain_name': 'Default', 'username': 'tempest-ServerDiagnosticsV248Test-1817777141-project-admin', 'project_domain_id': 'default', 'project_domain_name': 'Default', 'project_id': '555335813ca24847b8ead778897f4707', 'project_name': 'tempest-ServerDiagnosticsV248Test-1817777141', 'tenant_id': '555335813ca24847b8ead778897f4707', 'tenant_name': 'tempest-ServerDiagnosticsV248Test-1817777141', 'user_domain_id': 'default', 'user_domain_name': 'Default', 'user_id': '33e2e9bd35da452381a0780ba6f8ecb8', 'system': None}, Network: None, Subnet: None, Router: None
2025-05-19 19:18:03.572 69998 INFO tempest.lib.common.rest_client [req-551cb3b3-5433-4459-b3ef-143409380ec0 req-551cb3b3-5433-4459-b3ef-143409380ec0 ] Request (ServerDiagnosticsV248Test:setUpClass): 201 POST http://10.180.1.21/identity/v3/auth/tokens 0.085s
2025-05-19 19:18:03.651 69998 INFO tempest.lib.common.rest_client [req-cf23805c-fafa-448a-a746-5b80eab821ef req-cf23805c-fafa-448a-a746-5b80eab821ef ] Request (ServerDiagnosticsV248Test:test_get_server_diagnostics): 201 POST http://10.180.1.21/identity/v3/auth/tokens 0.072s
2025-05-19 19:18:03.651 69998 INFO tempest.lib.common.fixed_network [-] (ServerDiagnosticsV248Test:test_get_server_diagnostics) Found network None available for tenant
2025-05-19 19:18:03.720 70018 INFO tempest.lib.common.rest_client [req-a55170f7-7e7c-4f47-9545-089318761239 req-a55170f7-7e7c-4f47-9545-089318761239 ] Request (VolumesSnapshotsTestJSON:tearDownClass): 204 DELETE http://10.180.1.21:9696/networking/v2.0/security-groups/cab485b4-fdc8-4aa4-9551-50839d182615 0.535s
2025-05-19 19:18:03.848 70018 INFO tempest.lib.common.rest_client [req-194ee122-81a9-47e7-8ea9-31df3ca9c16e req-194ee122-81a9-47e7-8ea9-31df3ca9c16e ] Request (VolumesSnapshotsTestJSON:tearDownClass): 204 DELETE http://10.180.1.21/identity/v3/projects/15f14bfed92048a9a1bbc4dc380138cd 0.127s
2025-05-19 19:18:03.898 69998 INFO tempest.lib.common.rest_client [req-faf53cfa-0107-4412-a579-5df86d631b9a req-faf53cfa-0107-4412-a579-5df86d631b9a ] Request (ServerDiagnosticsV248Test:test_get_server_diagnostics): 202 POST http://10.180.1.21/compute/v2.1/servers 0.246s
2025-05-19 19:18:04.026 69996 INFO tempest.lib.common.rest_client [req-c5334348-2fd4-4788-8892-038e3eef9ff8 req-c5334348-2fd4-4788-8892-038e3eef9ff8 ] Request (FloatingIPsTestJSON:setUpClass): 201 POST http://10.180.1.21:9696/networking/v2.0/subnets 1.016s
2025-05-19 19:18:04.054 69972 INFO tempest.lib.common.rest_client [req-94c0cef7-6219-4ab2-9928-0f9d5a8cfe3f req-94c0cef7-6219-4ab2-9928-0f9d5a8cfe3f ] Request (ServerActionsV293TestJSON:setUpClass): 200 GET http://10.180.1.21/volume/v3/volumes/502ec786-4e0e-43d6-abde-996f6f315965 0.035s
2025-05-19 19:18:04.121 70010 INFO tempest.lib.common.rest_client [req-cafcbbe0-6152-474b-8795-cf49dd312f3c req-cafcbbe0-6152-474b-8795-cf49dd312f3c ] Request (AttachVolumeShelveTestJSON:setUpClass): 200 PUT http://10.180.1.21:9696/networking/v2.0/routers/53d0f2f4-90ea-42d1-8a0a-41f01d9c803f/add_router_interface 4.583s
2025-05-19 19:18:04.121 70010 INFO tempest.lib.common.dynamic_creds [-] Created isolated network resources for: credentials: Credentials: {'domain_id': 'default', 'domain_name': 'Default', 'username': 'tempest-AttachVolumeShelveTestJSON-853480736-project-member', 'project_domain_id': 'default', 'project_domain_name': 'Default', 'project_id': '3a19474de40a4d6eaef5888206edfcbd', 'project_name': 'tempest-AttachVolumeShelveTestJSON-853480736', 'tenant_id': '3a19474de40a4d6eaef5888206edfcbd', 'tenant_name': 'tempest-AttachVolumeShelveTestJSON-853480736', 'user_domain_id': 'default', 'user_domain_name': 'Default', 'user_id': 'dee2ee3449a24d21bc8e82898a0a634c', 'system': None}, Network: {'id': '60ea4f93-6351-4b4f-abf9-11c8d2fb3696', 'name': 'tempest-AttachVolumeShelveTestJSON-378840045-network', 'tenant_id': '3a19474de40a4d6eaef5888206edfcbd', 'admin_state_up': True, 'mtu': 8950, 'status': 'ACTIVE', 'subnets': [], 'shared': False, 'project_id': '3a19474de40a4d6eaef5888206edfcbd', 'port_security_enabled': True, 'router:external': False, 'provider:network_type': 'vlan', 'provider:physical_network': 'default', 'provider:segmentation_id': 867, 'availability_zone_hints': [], 'availability_zones': [], 'ipv4_address_scope': None, 'ipv6_address_scope': None, 'description': '', 'tags': [], 'created_at': '2025-05-19T19:17:57Z', 'updated_at': '2025-05-19T19:17:57Z', 'revision_number': 1}, Subnet: {'id': '34c1312e-d5d5-404f-bbf8-3dc0ea1a0c45', 'name': 'tempest-AttachVolumeShelveTestJSON-378840045-subnet', 'tenant_id': '3a19474de40a4d6eaef5888206edfcbd', 'network_id': '60ea4f93-6351-4b4f-abf9-11c8d2fb3696', 'ip_version': 4, 'subnetpool_id': None, 'enable_dhcp': True, 'ipv6_ra_mode': None, 'ipv6_address_mode': None, 'gateway_ip': '192.168.128.1', 'cidr': '192.168.128.0/28', 'allocation_pools': [{'start': '192.168.128.2', 'end': '192.168.128.14'}], 'host_routes': [], 'dns_nameservers': [], 'description': '', 'router:external': False, 'service_types': [], 'tags': [], 'created_at': '2025-05-19T19:17:57Z', 'updated_at': '2025-05-19T19:17:57Z', 'revision_number': 0, 'project_id': '3a19474de40a4d6eaef5888206edfcbd'}, Router: {'id': '53d0f2f4-90ea-42d1-8a0a-41f01d9c803f', 'name': 'tempest-AttachVolumeShelveTestJSON-378840045-router', 'tenant_id': '3a19474de40a4d6eaef5888206edfcbd', 'admin_state_up': True, 'status': 'ACTIVE', 'external_gateway_info': {'network_id': 'c5ccbd8b-5bcc-4b48-9ee2-c90d6adde6df', 'external_fixed_ips': [{'subnet_id': '9747c866-2ab2-41c6-822a-be6863d545ae', 'ip_address': '10.180.180.178'}], 'enable_snat': True}, 'description': '', 'availability_zones': [], 'distributed': False, 'ha': False, 'availability_zone_hints': [], 'routes': [], 'flavor_id': None, 'tags': [], 'created_at': '2025-05-19T19:17:57Z', 'updated_at': '2025-05-19T19:17:58Z', 'revision_number': 2, 'project_id': '3a19474de40a4d6eaef5888206edfcbd'}
2025-05-19 19:18:04.206 70010 INFO tempest.lib.common.rest_client [req-4cd36e81-3d32-4f5f-8725-83217daa138e req-4cd36e81-3d32-4f5f-8725-83217daa138e ] Request (AttachVolumeShelveTestJSON:setUpClass): 201 POST http://10.180.1.21/identity/v3/auth/tokens 0.081s
2025-05-19 19:18:04.260 69998 INFO tempest.lib.common.rest_client [req-c7420516-d1ed-4886-b529-40640d66eb05 req-c7420516-d1ed-4886-b529-40640d66eb05 ] Request (ServerDiagnosticsV248Test:test_get_server_diagnostics): 200 GET http://10.180.1.21/compute/v2.1/servers/122e4e83-b072-404e-86cd-357b26e274ca 0.360s
2025-05-19 19:18:04.347 70010 INFO tempest.lib.common.rest_client [req-6cfc3986-6203-4c26-a639-5efc31c0dbc4 req-6cfc3986-6203-4c26-a639-5efc31c0dbc4 ] Request (ValidationResourcesFixture:setUp): 201 POST http://10.180.1.21/compute/v2.1/os-keypairs 0.137s
2025-05-19 19:18:04.428 69966 INFO tempest.lib.common.rest_client [req-fffd9107-d055-4d83-b101-2c693f4339a5 req-fffd9107-d055-4d83-b101-2c693f4339a5 ] Request (ServerTagsTestJSON:tearDownClass): 200 PUT http://10.180.1.21:9696/networking/v2.0/routers/9a278813-4b11-425d-9261-0c2e6af0771e/remove_router_interface 3.352s
2025-05-19 19:18:04.520 69980 INFO tempest.lib.common.rest_client [req-b7ec36e6-d387-4ebe-8dea-3f41112631ef req-b7ec36e6-d387-4ebe-8dea-3f41112631ef ] Request (ServerActionsTestJSON:setUpClass): 201 POST http://10.180.1.21:9696/networking/v2.0/subnets 1.523s
2025-05-19 19:18:04.676 70024 INFO tempest.lib.common.rest_client [req-277389c9-ce62-44b5-8b1b-0d6ea4d74659 req-277389c9-ce62-44b5-8b1b-0d6ea4d74659 ] Request (SecurityGroupsTestJSON:tearDownClass): 200 PUT http://10.180.1.21:9696/networking/v2.0/routers/a835def2-a365-4663-b017-f68e1fbcc719/remove_router_interface 3.303s
2025-05-19 19:18:04.968 70010 INFO tempest.lib.common.rest_client [req-b0d4a35b-5ffc-4cf6-a74b-286ec8bed5f0 req-b0d4a35b-5ffc-4cf6-a74b-286ec8bed5f0 ] Request (ValidationResourcesFixture:setUp): 201 POST http://10.180.1.21:9696/networking/v2.0/security-groups 0.619s
2025-05-19 19:18:05.087 69972 INFO tempest.lib.common.rest_client [req-9758e3e7-161c-4bc4-b287-a6b78a668315 req-9758e3e7-161c-4bc4-b287-a6b78a668315 ] Request (ServerActionsV293TestJSON:setUpClass): 200 GET http://10.180.1.21/volume/v3/volumes/502ec786-4e0e-43d6-abde-996f6f315965 0.025s
2025-05-19 19:18:05.232 69964 INFO tempest.lib.common.rest_client [req-3cda6a05-bc54-4e6f-a6f2-73cfc5cfd34a req-3cda6a05-bc54-4e6f-a6f2-73cfc5cfd34a ] Request (ValidationResourcesFixture:setUp): 201 POST http://10.180.1.21:9696/networking/v2.0/floatingips 1.985s
2025-05-19 19:18:05.310 69964 INFO tempest.lib.common.rest_client [req-ebb611b0-4cd4-49c2-99a3-bc938a209d8b req-ebb611b0-4cd4-49c2-99a3-bc938a209d8b ] Request (AttachInterfacesTestJSON:test_create_list_show_delete_interfaces_by_network_port): 201 POST http://10.180.1.21/identity/v3/auth/tokens 0.074s
2025-05-19 19:18:05.311 69964 INFO tempest.lib.common.fixed_network [-] (AttachInterfacesTestJSON:test_create_list_show_delete_interfaces_by_network_port) Found network {'id': '29d6e1bd-4f51-4021-b26f-0741a5fcab32', 'name': 'tempest-AttachInterfacesTestJSON-500473866-network', 'tenant_id': 'dc541847be0c4e46993bcb8d97440dcd', 'admin_state_up': True, 'mtu': 8950, 'status': 'ACTIVE', 'subnets': [], 'shared': False, 'project_id': 'dc541847be0c4e46993bcb8d97440dcd', 'port_security_enabled': True, 'router:external': False, 'provider:network_type': 'vlan', 'provider:physical_network': 'default', 'provider:segmentation_id': 386, 'availability_zone_hints': [], 'availability_zones': [], 'ipv4_address_scope': None, 'ipv6_address_scope': None, 'description': '', 'tags': [], 'created_at': '2025-05-19T19:17:36Z', 'updated_at': '2025-05-19T19:17:36Z', 'revision_number': 1} available for tenant
2025-05-19 19:18:05.361 70010 INFO tempest.lib.common.rest_client [req-cb580b06-6260-42a2-9204-aed4731c2769 req-cb580b06-6260-42a2-9204-aed4731c2769 ] Request (ValidationResourcesFixture:setUp): 201 POST http://10.180.1.21:9696/networking/v2.0/security-group-rules 0.392s
2025-05-19 19:18:05.627 69998 INFO tempest.lib.common.rest_client [req-c8a5c70d-bedd-47b3-a4a0-3781affb9a34 req-c8a5c70d-bedd-47b3-a4a0-3781affb9a34 ] Request (ServerDiagnosticsV248Test:test_get_server_diagnostics): 200 GET http://10.180.1.21/compute/v2.1/servers/122e4e83-b072-404e-86cd-357b26e274ca 0.355s
2025-05-19 19:18:05.638 69998 INFO tempest.common.waiters [-] State transition "BUILD/scheduling" ==> "ERROR/None" after 1 second wait
2025-05-19 19:18:05.706 69974 INFO tempest.lib.common.rest_client [req-89addef1-59b7-46d6-ada8-27d365ab3f24 req-89addef1-59b7-46d6-ada8-27d365ab3f24 ] Request (AttachVolumeNegativeTest:tearDownClass): 204 DELETE http://10.180.1.21:9696/networking/v2.0/routers/4e494a74-41e3-460a-83a8-fe647b0d7b2d 2.619s
2025-05-19 19:18:05.746 70008 INFO tempest.lib.common.rest_client [req-c4e02f42-b325-4443-b4e4-50438027580c req-c4e02f42-b325-4443-b4e4-50438027580c ] Request (ServerGroupTestJSON:tearDownClass): 204 DELETE http://10.180.1.21:9696/networking/v2.0/routers/3da38593-b1f4-483e-bc54-88cd0dfe1d75 2.507s
2025-05-19 19:18:05.785 70010 INFO tempest.lib.common.rest_client [req-f1c1b00e-e2e8-43ef-8f8d-33e97520734a req-f1c1b00e-e2e8-43ef-8f8d-33e97520734a ] Request (ValidationResourcesFixture:setUp): 201 POST http://10.180.1.21:9696/networking/v2.0/security-group-rules 0.424s
2025-05-19 19:18:05.914 69970 INFO tempest.lib.common.rest_client [req-5bafd681-e80b-4037-8f9b-9cee814990a9 req-5bafd681-e80b-4037-8f9b-9cee814990a9 ] Request (ServerMetadataNegativeTestJSON:tearDownClass): 200 PUT http://10.180.1.21:9696/networking/v2.0/routers/ab87c67e-a2cf-4ff8-82c1-67a2c9820536/remove_router_interface 5.212s
2025-05-19 19:18:05.962 69998 INFO tempest.lib.common.rest_client [req-998ebcd2-5bb5-4b59-a56c-09d6560e9129 req-998ebcd2-5bb5-4b59-a56c-09d6560e9129 ] Request (ServerDiagnosticsV248Test:test_get_server_diagnostics): 204 DELETE http://10.180.1.21/compute/v2.1/servers/122e4e83-b072-404e-86cd-357b26e274ca 0.324s
2025-05-19 19:18:05.986 69998 INFO tempest.lib.common.rest_client [req-38092609-dcf6-4b46-a738-5c7a9fe52403 req-38092609-dcf6-4b46-a738-5c7a9fe52403 ] Request (ServerDiagnosticsV248Test:test_get_server_diagnostics): 404 GET http://10.180.1.21/compute/v2.1/servers/122e4e83-b072-404e-86cd-357b26e274ca 0.023s
2025-05-19 19:18:05.995 70006 INFO tempest.lib.common.rest_client [req-8c678a5b-c986-40a5-8bb2-30f20c199f05 req-8c678a5b-c986-40a5-8bb2-30f20c199f05 ] Request (SecurityGroupRulesTestJSON:tearDownClass): 204 DELETE http://10.180.1.21:9696/networking/v2.0/routers/d2dff3d4-71ad-4268-b6f7-fe9e26a0f281 2.539s
2025-05-19 19:18:06.048 70022 INFO tempest.lib.common.rest_client [req-97f48924-a2e2-46a6-bad3-fd7941eef74e req-97f48924-a2e2-46a6-bad3-fd7941eef74e ] Request (DeleteServersTestJSON:tearDownClass): 200 PUT http://10.180.1.21:9696/networking/v2.0/routers/49ba8c0d-282a-4be7-a42f-d6842bfa399a/remove_router_interface 5.258s
2025-05-19 19:18:06.054 69968 INFO tempest.lib.common.rest_client [req-a513385a-5cbf-438a-b4b7-aaec6116ae9c req-a513385a-5cbf-438a-b4b7-aaec6116ae9c ] Request (ServerRescueNegativeTestJSON:tearDownClass): 200 PUT http://10.180.1.21:9696/networking/v2.0/routers/81282dd2-3bad-47ae-a765-eccec9047376/remove_router_interface 5.234s
2025-05-19 19:18:06.142 69972 INFO tempest.lib.common.rest_client [req-a4e6a5aa-b188-4570-aa8c-0a709e268309 req-a4e6a5aa-b188-4570-aa8c-0a709e268309 ] Request (ServerActionsV293TestJSON:setUpClass): 200 GET http://10.180.1.21/volume/v3/volumes/502ec786-4e0e-43d6-abde-996f6f315965 0.041s
2025-05-19 19:18:06.161 69998 INFO tempest.lib.common.rest_client [req-c0c003bd-dec9-4cc0-8f29-08d1520168c9 req-c0c003bd-dec9-4cc0-8f29-08d1520168c9 ] Request (ServerDiagnosticsV248Test:tearDownClass): 204 DELETE http://10.180.1.21/identity/v3/users/65fd94301ee7446e97a32f62d9b93947 0.170s
2025-05-19 19:18:06.169 69966 INFO tempest.lib.common.rest_client [req-e2d15098-649b-4e79-b533-8096ea05bb9d req-e2d15098-649b-4e79-b533-8096ea05bb9d ] Request (ServerTagsTestJSON:tearDownClass): 204 DELETE http://10.180.1.21:9696/networking/v2.0/routers/9a278813-4b11-425d-9261-0c2e6af0771e 1.740s
2025-05-19 19:18:06.286 69998 INFO tempest.lib.common.rest_client [req-98c57015-c4d6-4414-b21f-a94bd1f9e7b8 req-98c57015-c4d6-4414-b21f-a94bd1f9e7b8 ] Request (ServerDiagnosticsV248Test:tearDownClass): 204 DELETE http://10.180.1.21/identity/v3/users/33e2e9bd35da452381a0780ba6f8ecb8 0.124s
2025-05-19 19:18:06.286 69998 INFO tempest.lib.common.dynamic_creds [-] Deleting project and security group for project: 555335813ca24847b8ead778897f4707
2025-05-19 19:18:06.352 70008 INFO tempest.lib.common.rest_client [req-ff530ebb-2f4b-47a0-84f8-3bf3d560665a req-ff530ebb-2f4b-47a0-84f8-3bf3d560665a ] Request (ServerGroupTestJSON:tearDownClass): 204 DELETE http://10.180.1.21:9696/networking/v2.0/subnets/3a6afb9f-f8ea-4de6-9139-aa547eb9d39a 0.606s
2025-05-19 19:18:06.365 69998 INFO tempest.lib.common.rest_client [req-4311d315-c853-44ee-8eeb-5a292c4ff701 req-4311d315-c853-44ee-8eeb-5a292c4ff701 ] Request (ServerDiagnosticsV248Test:tearDownClass): 201 POST http://10.180.1.21/identity/v3/auth/tokens 0.079s
2025-05-19 19:18:06.396 69990 INFO tempest.lib.common.rest_client [req-c896695c-d937-49e2-aaef-e74d88c0f7c0 req-c896695c-d937-49e2-aaef-e74d88c0f7c0 ] Request (ServersV294TestFqdnHostnames:tearDownClass): 200 PUT http://10.180.1.21:9696/networking/v2.0/routers/0a46fef7-ef9f-46e4-b90e-5efc4a465920/remove_router_interface 4.946s
2025-05-19 19:18:06.683 70006 INFO tempest.lib.common.rest_client [req-aa0b10b6-4c9b-429f-b943-92c25c57c904 req-aa0b10b6-4c9b-429f-b943-92c25c57c904 ] Request (SecurityGroupRulesTestJSON:tearDownClass): 204 DELETE http://10.180.1.21:9696/networking/v2.0/subnets/82058ba1-3fa3-4b0c-ac03-e67b33134dc4 0.687s
2025-05-19 19:18:06.696 69966 INFO tempest.lib.common.rest_client [req-0038ae31-a2aa-4535-a473-9c18153d1e51 req-0038ae31-a2aa-4535-a473-9c18153d1e51 ] Request (ServerTagsTestJSON:tearDownClass): 204 DELETE http://10.180.1.21:9696/networking/v2.0/subnets/a441db2b-ea9b-40a0-bfe9-9c226b5459cf 0.527s
2025-05-19 19:18:06.719 69974 INFO tempest.lib.common.rest_client [req-748f061c-db3d-47df-b437-6d6398a0b8ef req-748f061c-db3d-47df-b437-6d6398a0b8ef ] Request (AttachVolumeNegativeTest:tearDownClass): 204 DELETE http://10.180.1.21:9696/networking/v2.0/subnets/2eff9682-f2bd-4842-a0a8-897a1bf31d8c 1.013s
2025-05-19 19:18:06.744 70024 INFO tempest.lib.common.rest_client [req-7b63c9d3-e0c3-47e9-964e-5f44ebac2614 req-7b63c9d3-e0c3-47e9-964e-5f44ebac2614 ] Request (SecurityGroupsTestJSON:tearDownClass): 204 DELETE http://10.180.1.21:9696/networking/v2.0/routers/a835def2-a365-4663-b017-f68e1fbcc719 2.067s
2025-05-19 19:18:06.854 69964 INFO tempest.lib.common.rest_client [req-bf9203c2-5063-4a7d-9523-3b6fd4576675 req-bf9203c2-5063-4a7d-9523-3b6fd4576675 ] Request (AttachInterfacesTestJSON:test_create_list_show_delete_interfaces_by_network_port): 202 POST http://10.180.1.21/compute/v2.1/servers 1.542s
2025-05-19 19:18:07.133 69998 INFO tempest.lib.common.rest_client [req-150f76b5-85c0-4ffd-a54a-2727aff4e4c5 req-150f76b5-85c0-4ffd-a54a-2727aff4e4c5 ] Request (ServerDiagnosticsV248Test:tearDownClass): 200 GET http://10.180.1.21:9696/networking/v2.0/security-groups?tenant_id=555335813ca24847b8ead778897f4707&name=default 0.768s
2025-05-19 19:18:07.138 69964 INFO tempest.lib.common.rest_client [req-c92df495-b7ea-4fda-80fa-f64d49650cd7 req-c92df495-b7ea-4fda-80fa-f64d49650cd7 ] Request (AttachInterfacesTestJSON:test_create_list_show_delete_interfaces_by_network_port): 200 GET http://10.180.1.21/compute/v2.1/servers/ddcf1749-aeac-4d64-bd96-d1211277cded 0.282s
2025-05-19 19:18:07.185 69972 INFO tempest.lib.common.rest_client [req-4f1caf21-6402-4fba-8b1d-6705d53b3a1b req-4f1caf21-6402-4fba-8b1d-6705d53b3a1b ] Request (ServerActionsV293TestJSON:setUpClass): 200 GET http://10.180.1.21/volume/v3/volumes/502ec786-4e0e-43d6-abde-996f6f315965 0.034s
2025-05-19 19:18:07.198 70008 INFO tempest.lib.common.rest_client [req-4a249432-f7eb-4bdb-8cd9-c0dd4a937f2c req-4a249432-f7eb-4bdb-8cd9-c0dd4a937f2c ] Request (ServerGroupTestJSON:tearDownClass): 204 DELETE http://10.180.1.21:9696/networking/v2.0/networks/991bd45c-a70d-4f0b-bed5-6e4c07fa3bf2 0.845s
2025-05-19 19:18:07.287 70008 INFO tempest.lib.common.rest_client [req-eb061131-5109-4601-905c-f8ded12e729f req-eb061131-5109-4601-905c-f8ded12e729f ] Request (ServerGroupTestJSON:tearDownClass): 204 DELETE http://10.180.1.21/identity/v3/users/c0ec62a971374951ae62eab05471a1c6 0.089s
2025-05-19 19:18:07.288 70008 INFO tempest.lib.common.dynamic_creds [-] Deleting project and security group for project: 36977426e5bd490a9a8c6758a4a49238
2025-05-19 19:18:07.408 69966 INFO tempest.lib.common.rest_client [req-113c99b4-b20c-46cf-b138-98d7030c6db2 req-113c99b4-b20c-46cf-b138-98d7030c6db2 ] Request (ServerTagsTestJSON:tearDownClass): 204 DELETE http://10.180.1.21:9696/networking/v2.0/networks/ccf6275b-7647-4eb2-9520-ae1afcc9ea7c 0.711s
2025-05-19 19:18:07.437 70024 INFO tempest.lib.common.rest_client [req-60323cf1-3003-4185-a124-d4c2c3f9d1e5 req-60323cf1-3003-4185-a124-d4c2c3f9d1e5 ] Request (SecurityGroupsTestJSON:tearDownClass): 204 DELETE http://10.180.1.21:9696/networking/v2.0/subnets/e547431e-39f6-4985-a5b7-094a46d491cf 0.693s
2025-05-19 19:18:07.439 70008 INFO tempest.lib.common.rest_client [req-fe622965-1444-42d4-9e3e-d1f734309ef4 req-fe622965-1444-42d4-9e3e-d1f734309ef4 ] Request (ServerGroupTestJSON:tearDownClass): 200 GET http://10.180.1.21:9696/networking/v2.0/security-groups?tenant_id=36977426e5bd490a9a8c6758a4a49238&name=default 0.151s
2025-05-19 19:18:07.517 69966 INFO tempest.lib.common.rest_client [req-1bcb2f09-9a15-4b0a-aba3-fa8b36f74c03 req-1bcb2f09-9a15-4b0a-aba3-fa8b36f74c03 ] Request (ServerTagsTestJSON:tearDownClass): 204 DELETE http://10.180.1.21/identity/v3/users/2ae6724daeee47d598212474421a0e64 0.108s
2025-05-19 19:18:07.517 69966 INFO tempest.lib.common.dynamic_creds [-] Deleting project and security group for project: 4b933488f42648cda3be9dd7b854c22c
2025-05-19 19:18:07.642 69966 INFO tempest.lib.common.rest_client [req-354b2b50-157f-4436-963e-69fb1869ced4 req-354b2b50-157f-4436-963e-69fb1869ced4 ] Request (ServerTagsTestJSON:tearDownClass): 200 GET http://10.180.1.21:9696/networking/v2.0/security-groups?tenant_id=4b933488f42648cda3be9dd7b854c22c&name=default 0.125s
2025-05-19 19:18:07.658 70022 INFO tempest.lib.common.rest_client [req-53ef8456-a87d-4171-a66b-868e9c4ac9e3 req-53ef8456-a87d-4171-a66b-868e9c4ac9e3 ] Request (DeleteServersTestJSON:tearDownClass): 204 DELETE http://10.180.1.21:9696/networking/v2.0/routers/49ba8c0d-282a-4be7-a42f-d6842bfa399a 1.609s
2025-05-19 19:18:07.666 69968 INFO tempest.lib.common.rest_client [req-02277604-f221-440c-a9ae-e087e0571cec req-02277604-f221-440c-a9ae-e087e0571cec ] Request (ServerRescueNegativeTestJSON:tearDownClass): 204 DELETE http://10.180.1.21:9696/networking/v2.0/routers/81282dd2-3bad-47ae-a765-eccec9047376 1.612s
2025-05-19 19:18:07.862 69978 INFO tempest.lib.common.rest_client [req-71ea890c-dc6e-45b9-9400-6bdce4476b74 req-71ea890c-dc6e-45b9-9400-6bdce4476b74 ] Request (ServersTestJSON:setUpClass): 200 PUT http://10.180.1.21:9696/networking/v2.0/routers/bf562f47-e9ee-4b04-9624-4b9f9620d9bb/add_router_interface 5.347s
2025-05-19 19:18:07.863 69978 INFO tempest.lib.common.dynamic_creds [-] Created isolated network resources for: credentials: Credentials: {'domain_id': 'default', 'domain_name': 'Default', 'username': 'tempest-ServersTestJSON-900470292-project-member', 'project_domain_id': 'default', 'project_domain_name': 'Default', 'project_id': 'f30bad2e9fdf4f27a15eeb7fbdb52284', 'project_name': 'tempest-ServersTestJSON-900470292', 'tenant_id': 'f30bad2e9fdf4f27a15eeb7fbdb52284', 'tenant_name': 'tempest-ServersTestJSON-900470292', 'user_domain_id': 'default', 'user_domain_name': 'Default', 'user_id': '5baedc7cf0a4446eb32ee654d2c6a5f3', 'system': None}, Network: {'id': '49fe85b4-20bc-4491-b786-8e53b528ae7f', 'name': 'tempest-ServersTestJSON-1770618754-network', 'tenant_id': 'f30bad2e9fdf4f27a15eeb7fbdb52284', 'admin_state_up': True, 'mtu': 8950, 'status': 'ACTIVE', 'subnets': [], 'shared': False, 'project_id': 'f30bad2e9fdf4f27a15eeb7fbdb52284', 'port_security_enabled': True, 'router:external': False, 'provider:network_type': 'vlan', 'provider:physical_network': 'default', 'provider:segmentation_id': 828, 'availability_zone_hints': [], 'availability_zones': [], 'ipv4_address_scope': None, 'ipv6_address_scope': None, 'description': '', 'tags': [], 'created_at': '2025-05-19T19:17:57Z', 'updated_at': '2025-05-19T19:17:57Z', 'revision_number': 1}, Subnet: {'id': '8b9576ea-2de9-4019-aac4-976e9623ab8d', 'name': 'tempest-ServersTestJSON-1770618754-subnet', 'tenant_id': 'f30bad2e9fdf4f27a15eeb7fbdb52284', 'network_id': '49fe85b4-20bc-4491-b786-8e53b528ae7f', 'ip_version': 4, 'subnetpool_id': None, 'enable_dhcp': True, 'ipv6_ra_mode': None, 'ipv6_address_mode': None, 'gateway_ip': '192.168.128.1', 'cidr': '192.168.128.0/28', 'allocation_pools': [{'start': '192.168.128.2', 'end': '192.168.128.14'}], 'host_routes': [], 'dns_nameservers': [], 'description': '', 'router:external': False, 'service_types': [], 'tags': [], 'created_at': '2025-05-19T19:17:58Z', 'updated_at': '2025-05-19T19:17:58Z', 'revision_number': 0, 'project_id': 'f30bad2e9fdf4f27a15eeb7fbdb52284'}, Router: {'id': 'bf562f47-e9ee-4b04-9624-4b9f9620d9bb', 'name': 'tempest-ServersTestJSON-1770618754-router', 'tenant_id': 'f30bad2e9fdf4f27a15eeb7fbdb52284', 'admin_state_up': True, 'status': 'ACTIVE', 'external_gateway_info': {'network_id': 'c5ccbd8b-5bcc-4b48-9ee2-c90d6adde6df', 'external_fixed_ips': [{'subnet_id': '9747c866-2ab2-41c6-822a-be6863d545ae', 'ip_address': '10.180.180.171'}], 'enable_snat': True}, 'description': '', 'availability_zones': [], 'distributed': False, 'ha': False, 'availability_zone_hints': [], 'routes': [], 'flavor_id': None, 'tags': [], 'created_at': '2025-05-19T19:17:59Z', 'updated_at': '2025-05-19T19:18:00Z', 'revision_number': 2, 'project_id': 'f30bad2e9fdf4f27a15eeb7fbdb52284'}
2025-05-19 19:18:07.868 69998 INFO tempest.lib.common.rest_client [req-3c90e814-0095-4046-8f5c-792cc29c93fd req-3c90e814-0095-4046-8f5c-792cc29c93fd ] Request (ServerDiagnosticsV248Test:tearDownClass): 204 DELETE http://10.180.1.21:9696/networking/v2.0/security-groups/cd65851b-2030-4b72-a948-8267b2f04493 0.734s
2025-05-19 19:18:07.886 69966 INFO tempest.lib.common.rest_client [req-4a635ab0-1432-4e26-9f3b-f6706263a240 req-4a635ab0-1432-4e26-9f3b-f6706263a240 ] Request (ServerTagsTestJSON:tearDownClass): 204 DELETE http://10.180.1.21:9696/networking/v2.0/security-groups/70ea75d8-2a2e-4cad-965c-5d313e7992ac 0.243s
2025-05-19 19:18:07.905 69996 INFO tempest.lib.common.rest_client [req-60f04d87-ff6e-4606-b108-686c2797f0df req-60f04d87-ff6e-4606-b108-686c2797f0df ] Request (FloatingIPsTestJSON:setUpClass): 201 POST http://10.180.1.21:9696/networking/v2.0/routers 3.878s
2025-05-19 19:18:07.916 69968 INFO tempest.lib.common.rest_client [req-beddace1-b808-406c-acbb-a48747015699 req-beddace1-b808-406c-acbb-a48747015699 ] Request (ServerRescueNegativeTestJSON:tearDownClass): 204 DELETE http://10.180.1.21:9696/networking/v2.0/subnets/13c65bb8-bc48-4b7b-a0e8-74401e94c950 0.249s
2025-05-19 19:18:07.950 69978 INFO tempest.lib.common.rest_client [req-97565437-9653-4c07-a094-a8c2c6bf1b87 req-97565437-9653-4c07-a094-a8c2c6bf1b87 ] Request (ServersTestJSON:setUpClass): 201 POST http://10.180.1.21/identity/v3/auth/tokens 0.083s
2025-05-19 19:18:07.967 70022 INFO tempest.lib.common.rest_client [req-2dc2a5bd-9bac-44be-8d53-0f803a17523f req-2dc2a5bd-9bac-44be-8d53-0f803a17523f ] Request (DeleteServersTestJSON:tearDownClass): 204 DELETE http://10.180.1.21:9696/networking/v2.0/subnets/a4847c9e-cb39-4994-88a5-651026fce926 0.308s
2025-05-19 19:18:07.979 69998 INFO tempest.lib.common.rest_client [req-0604babd-6d7a-44ef-bb29-f6d661606319 req-0604babd-6d7a-44ef-bb29-f6d661606319 ] Request (ServerDiagnosticsV248Test:tearDownClass): 204 DELETE http://10.180.1.21/identity/v3/projects/555335813ca24847b8ead778897f4707 0.111s
2025-05-19 19:18:07.980 69998 INFO tempest.lib.common.dynamic_creds [-] Deleting project and security group for project: 2ae2942bea79434abcd7a33d54bb930a
2025-05-19 19:18:08.045 69966 INFO tempest.lib.common.rest_client [req-18005730-8581-480c-a896-9f74ec4267ce req-18005730-8581-480c-a896-9f74ec4267ce ] Request (ServerTagsTestJSON:tearDownClass): 204 DELETE http://10.180.1.21/identity/v3/projects/4b933488f42648cda3be9dd7b854c22c 0.158s
2025-05-19 19:18:08.130 70008 INFO tempest.lib.common.rest_client [req-db43504a-6016-4b47-aef2-0779b91f2822 req-db43504a-6016-4b47-aef2-0779b91f2822 ] Request (ServerGroupTestJSON:tearDownClass): 204 DELETE http://10.180.1.21:9696/networking/v2.0/security-groups/0c6057e5-815a-40ac-9420-8ccb488fdcf9 0.691s
2025-05-19 19:18:08.169 69978 INFO tempest.lib.common.rest_client [req-60a60e17-63ef-4a07-9c2f-f226da49cd44 req-60a60e17-63ef-4a07-9c2f-f226da49cd44 ] Request (ServersTestJSON:setUpClass): 200 POST http://10.180.1.21/compute/v2.1/os-keypairs 0.217s
2025-05-19 19:18:08.239 69972 INFO tempest.lib.common.rest_client [req-53518d68-ae65-4d03-9acb-d0ae5099e6d3 req-53518d68-ae65-4d03-9acb-d0ae5099e6d3 ] Request (ServerActionsV293TestJSON:setUpClass): 200 GET http://10.180.1.21/volume/v3/volumes/502ec786-4e0e-43d6-abde-996f6f315965 0.043s
2025-05-19 19:18:08.243 69974 INFO tempest.lib.common.rest_client [req-3fa86ef2-a080-492a-b99d-5ef47139e167 req-3fa86ef2-a080-492a-b99d-5ef47139e167 ] Request (AttachVolumeNegativeTest:tearDownClass): 204 DELETE http://10.180.1.21:9696/networking/v2.0/networks/348d13d9-1c84-47ae-923e-9964c776b682 1.523s
2025-05-19 19:18:08.257 70006 INFO tempest.lib.common.rest_client [req-dfdd615c-375d-47af-be09-078e41e212e1 req-dfdd615c-375d-47af-be09-078e41e212e1 ] Request (SecurityGroupRulesTestJSON:tearDownClass): 204 DELETE http://10.180.1.21:9696/networking/v2.0/networks/947a55e1-2d51-42c0-9d67-451a3122922e 1.573s
2025-05-19 19:18:08.284 69964 INFO tempest.lib.common.rest_client [req-e6a9dadd-e45e-47ed-9edb-24f191997b40 req-e6a9dadd-e45e-47ed-9edb-24f191997b40 ] Request (AttachInterfacesTestJSON:test_create_list_show_delete_interfaces_by_network_port): 200 GET http://10.180.1.21/compute/v2.1/servers/ddcf1749-aeac-4d64-bd96-d1211277cded 0.132s
2025-05-19 19:18:08.292 69964 INFO tempest.common.waiters [-] State transition "BUILD/scheduling" ==> "ERROR/None" after 1 second wait
2025-05-19 19:18:08.298 70008 INFO tempest.lib.common.rest_client [req-512e1c02-c241-416f-a520-1c0b34da633e req-512e1c02-c241-416f-a520-1c0b34da633e ] Request (ServerGroupTestJSON:tearDownClass): 204 DELETE http://10.180.1.21/identity/v3/projects/36977426e5bd490a9a8c6758a4a49238 0.167s
2025-05-19 19:18:08.326 69998 INFO tempest.lib.common.rest_client [req-dcab5018-e4dc-4a8b-a32d-af81fbb5c620 req-dcab5018-e4dc-4a8b-a32d-af81fbb5c620 ] Request (ServerDiagnosticsV248Test:tearDownClass): 200 GET http://10.180.1.21:9696/networking/v2.0/security-groups?tenant_id=2ae2942bea79434abcd7a33d54bb930a&name=default 0.346s
2025-05-19 19:18:08.333 69970 INFO tempest.lib.common.rest_client [req-578fdbe0-13a7-4eb4-93ae-66ed6508b572 req-578fdbe0-13a7-4eb4-93ae-66ed6508b572 ] Request (ServerMetadataNegativeTestJSON:tearDownClass): 204 DELETE http://10.180.1.21:9696/networking/v2.0/routers/ab87c67e-a2cf-4ff8-82c1-67a2c9820536 2.419s
2025-05-19 19:18:08.344 69968 INFO tempest.lib.common.rest_client [req-3abcd6a2-3af4-4861-9e7a-61a3d9ac0c1a req-3abcd6a2-3af4-4861-9e7a-61a3d9ac0c1a ] Request (ServerRescueNegativeTestJSON:tearDownClass): 204 DELETE http://10.180.1.21:9696/networking/v2.0/networks/0bc76cab-3337-481f-bea1-5c6185bb1dfa 0.426s
2025-05-19 19:18:08.381 69974 INFO tempest.lib.common.rest_client [req-7cbd9ec3-db91-467f-a603-5171a67dfcf7 req-7cbd9ec3-db91-467f-a603-5171a67dfcf7 ] Request (AttachVolumeNegativeTest:tearDownClass): 204 DELETE http://10.180.1.21/identity/v3/users/0e9cc2a0edb8435a922c20abdf342e16 0.137s
2025-05-19 19:18:08.381 69974 INFO tempest.lib.common.dynamic_creds [-] Deleting project and security group for project: ec4d8314aafd43798e73650b7c74d864
2025-05-19 19:18:08.441 70008 INFO tempest.lib.common.rest_client [req-985ecca2-8131-4c24-98bb-f52459a60c25 req-985ecca2-8131-4c24-98bb-f52459a60c25 ] Request (VolumesTestJSON:setUpClass): 201 POST http://10.180.1.21/identity/v3/auth/tokens 0.138s
2025-05-19 19:18:08.472 70006 INFO tempest.lib.common.rest_client [req-8b05278c-f381-485b-ab72-4301000ab101 req-8b05278c-f381-485b-ab72-4301000ab101 ] Request (SecurityGroupRulesTestJSON:tearDownClass): 204 DELETE http://10.180.1.21/identity/v3/users/b621c40ced9140c58cc9c5069df12bd0 0.214s
2025-05-19 19:18:08.472 70006 INFO tempest.lib.common.dynamic_creds [-] Deleting project and security group for project: 368dfe07f44d41cb8631941718e4a4f9
2025-05-19 19:18:08.483 69974 INFO tempest.lib.common.rest_client [req-8e5dd25c-8ec9-4cfa-9f25-e71e18ac1554 req-8e5dd25c-8ec9-4cfa-9f25-e71e18ac1554 ] Request (AttachVolumeNegativeTest:tearDownClass): 200 GET http://10.180.1.21:9696/networking/v2.0/security-groups?tenant_id=ec4d8314aafd43798e73650b7c74d864&name=default 0.102s
2025-05-19 19:18:08.498 69990 INFO tempest.lib.common.rest_client [req-0b1c68b8-b90d-412b-bc7c-8c43fae86ed4 req-0b1c68b8-b90d-412b-bc7c-8c43fae86ed4 ] Request (ServersV294TestFqdnHostnames:tearDownClass): 204 DELETE http://10.180.1.21:9696/networking/v2.0/routers/0a46fef7-ef9f-46e4-b90e-5efc4a465920 2.101s
2025-05-19 19:18:08.535 70008 INFO tempest.lib.common.rest_client [req-dbc11be3-a140-4a3c-99b9-c6b0f38d77a3 req-dbc11be3-a140-4a3c-99b9-c6b0f38d77a3 ] Request (VolumesTestJSON:setUpClass): 201 POST http://10.180.1.21/identity/v3/auth/tokens 0.091s
2025-05-19 19:18:08.548 69968 INFO tempest.lib.common.rest_client [req-cabbd9a4-b694-441d-86db-67e94c6c46f2 req-cabbd9a4-b694-441d-86db-67e94c6c46f2 ] Request (ServerRescueNegativeTestJSON:tearDownClass): 204 DELETE http://10.180.1.21/identity/v3/users/259e885d528d4574bf83cd9bf8e71fb9 0.202s
2025-05-19 19:18:08.548 69968 INFO tempest.lib.common.dynamic_creds [-] Deleting project and security group for project: b4748cd1d531484395eb84ba79936b32
2025-05-19 19:18:08.550 69980 INFO tempest.lib.common.rest_client [req-53d6c329-0f08-4f22-8fa1-f15b406ed1d5 req-53d6c329-0f08-4f22-8fa1-f15b406ed1d5 ] Request (ServerActionsTestJSON:setUpClass): 201 POST http://10.180.1.21:9696/networking/v2.0/routers 4.030s
2025-05-19 19:18:08.606 70008 INFO tempest.lib.common.rest_client [req-3a05cd65-f356-4de8-9299-097fd6fd9c03 req-3a05cd65-f356-4de8-9299-097fd6fd9c03 ] Request (VolumesTestJSON:setUpClass): 200 GET http://10.180.1.21/identity/v3/domains?name=Default 0.070s
2025-05-19 19:18:08.617 69964 INFO tempest.lib.common.rest_client [req-278fac18-1382-48b7-9bdb-29e3e292ca79 req-278fac18-1382-48b7-9bdb-29e3e292ca79 ] Request (AttachInterfacesTestJSON:test_create_list_show_delete_interfaces_by_network_port): 204 DELETE http://10.180.1.21/compute/v2.1/servers/ddcf1749-aeac-4d64-bd96-d1211277cded 0.324s
2025-05-19 19:18:08.648 69968 INFO tempest.lib.common.rest_client [req-c391a538-e321-4ac7-b920-56668107332c req-c391a538-e321-4ac7-b920-56668107332c ] Request (ServerRescueNegativeTestJSON:tearDownClass): 200 GET http://10.180.1.21:9696/networking/v2.0/security-groups?tenant_id=b4748cd1d531484395eb84ba79936b32&name=default 0.100s
2025-05-19 19:18:08.650 69964 INFO tempest.lib.common.rest_client [req-29bfe909-a620-4556-b696-0e8379c1e842 req-29bfe909-a620-4556-b696-0e8379c1e842 ] Request (AttachInterfacesTestJSON:test_create_list_show_delete_interfaces_by_network_port): 404 GET http://10.180.1.21/compute/v2.1/servers/ddcf1749-aeac-4d64-bd96-d1211277cded 0.032s
2025-05-19 19:18:08.653 70008 INFO tempest.lib.common.rest_client [req-aefe9260-a791-4c95-a596-4eda4fb37d5a req-aefe9260-a791-4c95-a596-4eda4fb37d5a ] Request (VolumesTestJSON:setUpClass): 201 POST http://10.180.1.21/identity/v3/projects 0.047s
2025-05-19 19:18:08.653 69978 INFO tempest.lib.common.rest_client [req-e340a69c-f66d-4242-9795-d13151bfd880 req-e340a69c-f66d-4242-9795-d13151bfd880 ] Request (ServersTestJSON:setUpClass): 201 POST http://10.180.1.21:9696/networking/v2.0/security-groups 0.482s
2025-05-19 19:18:08.674 69964 INFO tempest.lib.common.rest_client [req-ffef03ed-fe6b-4176-a067-2c152755d8a1 req-ffef03ed-fe6b-4176-a067-2c152755d8a1 ] Request (AttachInterfacesTestJSON:_run_cleanups): 202 DELETE http://10.180.1.21/compute/v2.1/os-keypairs/tempest-keypair-1847820368 0.024s
2025-05-19 19:18:08.685 70006 INFO tempest.lib.common.rest_client [req-471ac4c8-44ed-4404-8101-ded0499e72fa req-471ac4c8-44ed-4404-8101-ded0499e72fa ] Request (SecurityGroupRulesTestJSON:tearDownClass): 200 GET http://10.180.1.21:9696/networking/v2.0/security-groups?tenant_id=368dfe07f44d41cb8631941718e4a4f9&name=default 0.212s
2025-05-19 19:18:08.730 70008 INFO tempest.lib.common.rest_client [req-232d567c-2b68-4bd2-a0ef-982443c4e0f8 req-232d567c-2b68-4bd2-a0ef-982443c4e0f8 ] Request (VolumesTestJSON:setUpClass): 201 POST http://10.180.1.21/identity/v3/users 0.076s
2025-05-19 19:18:08.739 70010 INFO tempest.lib.common.rest_client [req-9095cbcf-dee8-413e-a8c1-2109d2d1e6d1 req-9095cbcf-dee8-413e-a8c1-2109d2d1e6d1 ] Request (ValidationResourcesFixture:setUp): 201 POST http://10.180.1.21:9696/networking/v2.0/floatingips 2.953s
2025-05-19 19:18:08.761 69998 INFO tempest.lib.common.rest_client [req-1937870e-c12d-4012-b97b-586b1e7683be req-1937870e-c12d-4012-b97b-586b1e7683be ] Request (ServerDiagnosticsV248Test:tearDownClass): 204 DELETE http://10.180.1.21:9696/networking/v2.0/security-groups/d338f83f-dba2-42a1-9bf8-fdae8a93541b 0.434s
2025-05-19 19:18:08.761 70008 INFO tempest.lib.common.rest_client [req-46b13473-fd7f-4ae9-9847-1b37f1a398dc req-46b13473-fd7f-4ae9-9847-1b37f1a398dc ] Request (VolumesTestJSON:setUpClass): 200 GET http://10.180.1.21/identity/v3/roles 0.030s
2025-05-19 19:18:08.808 70010 INFO tempest.lib.common.rest_client [req-7c19acc5-aa65-4486-b08c-3cb5ac148ffd req-7c19acc5-aa65-4486-b08c-3cb5ac148ffd ] Request (AttachVolumeShelveTestJSON:test_attach_volume_shelved_or_offload_server): 201 POST http://10.180.1.21/identity/v3/auth/tokens 0.066s
2025-05-19 19:18:08.808 70010 INFO tempest.lib.common.fixed_network [-] (AttachVolumeShelveTestJSON:test_attach_volume_shelved_or_offload_server) Found network {'id': '60ea4f93-6351-4b4f-abf9-11c8d2fb3696', 'name': 'tempest-AttachVolumeShelveTestJSON-378840045-network', 'tenant_id': '3a19474de40a4d6eaef5888206edfcbd', 'admin_state_up': True, 'mtu': 8950, 'status': 'ACTIVE', 'subnets': [], 'shared': False, 'project_id': '3a19474de40a4d6eaef5888206edfcbd', 'port_security_enabled': True, 'router:external': False, 'provider:network_type': 'vlan', 'provider:physical_network': 'default', 'provider:segmentation_id': 867, 'availability_zone_hints': [], 'availability_zones': [], 'ipv4_address_scope': None, 'ipv6_address_scope': None, 'description': '', 'tags': [], 'created_at': '2025-05-19T19:17:57Z', 'updated_at': '2025-05-19T19:17:57Z', 'revision_number': 1} available for tenant
2025-05-19 19:18:08.830 69998 INFO tempest.lib.common.rest_client [req-3b5fa758-2210-483a-9efd-b2345b841a97 req-3b5fa758-2210-483a-9efd-b2345b841a97 ] Request (ServerDiagnosticsV248Test:tearDownClass): 204 DELETE http://10.180.1.21/identity/v3/projects/2ae2942bea79434abcd7a33d54bb930a 0.069s
2025-05-19 19:18:08.844 69970 INFO tempest.lib.common.rest_client [req-656bf7e5-acc0-4f85-8b75-1f52d0172c19 req-656bf7e5-acc0-4f85-8b75-1f52d0172c19 ] Request (ServerMetadataNegativeTestJSON:tearDownClass): 204 DELETE http://10.180.1.21:9696/networking/v2.0/subnets/84ab0f37-a5fb-4cde-bdff-8932f456fa52 0.510s
2025-05-19 19:18:08.854 69990 INFO tempest.lib.common.rest_client [req-98cbda7f-be50-4434-8405-5260b768a0cf req-98cbda7f-be50-4434-8405-5260b768a0cf ] Request (ServersV294TestFqdnHostnames:tearDownClass): 204 DELETE http://10.180.1.21:9696/networking/v2.0/subnets/4a35d056-ebf4-4a20-8f07-9ed8bc729764 0.355s
2025-05-19 19:18:08.865 69998 INFO tempest.lib.common.rest_client [req-ad47230f-0b42-43ba-9e69-a3df3104beee req-ad47230f-0b42-43ba-9e69-a3df3104beee ] Request (ListServersNegativeTestJSON:setUpClass): 201 POST http://10.180.1.21/identity/v3/auth/tokens 0.033s
2025-05-19 19:18:08.875 70008 INFO tempest.lib.common.rest_client [req-ef09a2e4-4c75-4b45-89f5-118a4f830bb8 req-ef09a2e4-4c75-4b45-89f5-118a4f830bb8 ] Request (VolumesTestJSON:setUpClass): 204 PUT http://10.180.1.21/identity/v3/projects/a9961d60f5094a5fb2da9645e56abb03/users/18af7bb9bc7c4a1e8bdd6ee34964a465/roles/9db8bcd66cf44d809f2f23ff6ff2f096 0.113s
2025-05-19 19:18:08.876 70008 INFO tempest.lib.common.dynamic_creds [-] Dynamic test user 18af7bb9bc7c4a1e8bdd6ee34964a465 is created with scope project and roles: ['member']
2025-05-19 19:18:08.876 70008 INFO tempest.lib.common.dynamic_creds [-] Acquired dynamic creds: credentials: Credentials: {'domain_id': 'default', 'domain_name': 'Default', 'username': 'tempest-VolumesTestJSON-1077856837-project-member', 'project_domain_id': 'default', 'project_domain_name': 'Default', 'project_id': 'a9961d60f5094a5fb2da9645e56abb03', 'project_name': 'tempest-VolumesTestJSON-1077856837', 'tenant_id': 'a9961d60f5094a5fb2da9645e56abb03', 'tenant_name': 'tempest-VolumesTestJSON-1077856837', 'user_domain_id': 'default', 'user_domain_name': 'Default', 'user_id': '18af7bb9bc7c4a1e8bdd6ee34964a465', 'system': None}, Network: None, Subnet: None, Router: None
2025-05-19 19:18:08.876 70008 INFO tempest.lib.common.dynamic_creds [-] Created isolated network resources for: credentials: Credentials: {'domain_id': 'default', 'domain_name': 'Default', 'username': 'tempest-VolumesTestJSON-1077856837-project-member', 'project_domain_id': 'default', 'project_domain_name': 'Default', 'project_id': 'a9961d60f5094a5fb2da9645e56abb03', 'project_name': 'tempest-VolumesTestJSON-1077856837', 'tenant_id': 'a9961d60f5094a5fb2da9645e56abb03', 'tenant_name': 'tempest-VolumesTestJSON-1077856837', 'user_domain_id': 'default', 'user_domain_name': 'Default', 'user_id': '18af7bb9bc7c4a1e8bdd6ee34964a465', 'system': None}, Network: None, Subnet: None, Router: None
2025-05-19 19:18:08.930 69974 INFO tempest.lib.common.rest_client [req-abb3f322-354b-43c6-b154-68e07048f7e0 req-abb3f322-354b-43c6-b154-68e07048f7e0 ] Request (AttachVolumeNegativeTest:tearDownClass): 204 DELETE http://10.180.1.21:9696/networking/v2.0/security-groups/d4bcc4a4-1dd1-4484-905c-b11930e61e01 0.446s
2025-05-19 19:18:08.945 69998 INFO tempest.lib.common.rest_client [req-541ec3c4-e5fc-4b53-a5ee-3987a4bd9c00 req-541ec3c4-e5fc-4b53-a5ee-3987a4bd9c00 ] Request (ListServersNegativeTestJSON:setUpClass): 201 POST http://10.180.1.21/identity/v3/auth/tokens 0.077s
2025-05-19 19:18:08.966 70008 INFO tempest.lib.common.rest_client [req-16d88383-7f67-42be-962a-f3c31949910a req-16d88383-7f67-42be-962a-f3c31949910a ] Request (VolumesTestJSON:setUpClass): 201 POST http://10.180.1.21/identity/v3/auth/tokens 0.086s
