2025-05-19 19:16:42.995 69982 INFO tempest.lib.common.dynamic_creds [-] Created isolated network resources for: credentials: Credentials: {'domain_id': 'default', 'domain_name': 'Default', 'username': 'tempest-ServerShowV247Test-1898814440-project-member', 'project_domain_id': 'default', 'project_domain_name': 'Default', 'project_id': '3c19d2b2e0b04512bc64dc4903987e68', 'project_name': 'tempest-ServerShowV247Test-1898814440', 'tenant_id': '3c19d2b2e0b04512bc64dc4903987e68', 'tenant_name': 'tempest-ServerShowV247Test-1898814440', 'user_domain_id': 'default', 'user_domain_name': 'Default', 'user_id': '3016e9c983f347c4ade0d392b1774eef', 'system': None}, Network: None, Subnet: None, Router: None
2025-05-19 19:16:43.014 70012 INFO tempest.lib.common.rest_client [req-1e704ec3-29d4-4add-bbd2-22afcc2f1a45 req-1e704ec3-29d4-4add-bbd2-22afcc2f1a45 ] Request (KeyPairsV210TestJSON:tearDownClass): 200 GET http://10.180.1.21:9696/networking/v2.0/security-groups?tenant_id=29936afe7a4d42a49e136a854a5d2578&name=default 0.396s
2025-05-19 19:16:43.160 69982 INFO tempest.lib.common.rest_client [req-6dac14eb-94a2-48ce-97df-0fdc698aeb27 req-6dac14eb-94a2-48ce-97df-0fdc698aeb27 ] Request (ServerShowV247Test:setUpClass): 201 POST http://10.180.1.21/identity/v3/auth/tokens 0.158s
2025-05-19 19:16:43.170 70010 INFO tempest.lib.common.rest_client [req-cca0e5df-3c5d-4ab6-a8dd-ac7778a8347d req-cca0e5df-3c5d-4ab6-a8dd-ac7778a8347d ] Request (QuotasAdminNegativeTest:_run_cleanups): 200 PUT http://10.180.1.21/compute/v2.1/os-quota-sets/7c54498f2c8a49c8ae5c33616e3ef9a6 3.456s
2025-05-19 19:16:43.190 69974 INFO tempest.lib.common.rest_client [req-5cbaf26d-ae4f-429d-a45b-92538c9dc71b req-5cbaf26d-ae4f-429d-a45b-92538c9dc71b ] Request (ServerActionsTestOtherA:tearDownClass): 202 DELETE http://10.180.1.21/compute/v2.1/os-keypairs/tempest-keypair-1342076392 3.449s
2025-05-19 19:16:43.215 69982 INFO tempest.lib.common.rest_client [req-d52f746c-1091-40e7-99e6-4d3630d19bee req-d52f746c-1091-40e7-99e6-4d3630d19bee ] Request (ServerShowV247Test:setUpClass): 200 GET http://10.180.1.21/identity/v3/projects/3c19d2b2e0b04512bc64dc4903987e68 0.054s
2025-05-19 19:16:43.216 69982 INFO tempest.lib.common.dynamic_creds [-] Using the existing project 3c19d2b2e0b04512bc64dc4903987e68 for scope project and roles: ['reader']
2025-05-19 19:16:43.250 70026 INFO tempest.lib.common.rest_client [req-327eb868-2251-40c1-98a4-153169a88db2 req-327eb868-2251-40c1-98a4-153169a88db2 ] Request (ServersTestMultiNic:setUpClass): 201 POST http://10.180.1.21:9696/networking/v2.0/routers 2.300s
2025-05-19 19:16:43.260 69982 INFO tempest.lib.common.rest_client [req-bb863c81-ea12-4bfd-84d9-404d22475c8d req-bb863c81-ea12-4bfd-84d9-404d22475c8d ] Request (ServerShowV247Test:setUpClass): 201 POST http://10.180.1.21/identity/v3/users 0.044s
2025-05-19 19:16:43.288 70016 INFO tempest.lib.common.rest_client [req-9cf5caae-d0c3-4d29-b2c3-7999364d81a2 req-9cf5caae-d0c3-4d29-b2c3-7999364d81a2 ] Request (ServicesAdminNegativeTestJSON:tearDownClass): 200 GET http://10.180.1.21:9696/networking/v2.0/security-groups?tenant_id=f40ffefa68624a4fb69077eda6cad58a&name=default 0.341s
2025-05-19 19:16:43.325 69982 INFO tempest.lib.common.rest_client [req-269fa30f-4657-4ef3-9ba9-ddcd9c5c4a88 req-269fa30f-4657-4ef3-9ba9-ddcd9c5c4a88 ] Request (ServerShowV247Test:setUpClass): 200 GET http://10.180.1.21/identity/v3/roles 0.065s
2025-05-19 19:16:43.358 69982 INFO tempest.lib.common.rest_client [req-56fb49a3-110e-484a-8bd7-1847a1961bf3 req-56fb49a3-110e-484a-8bd7-1847a1961bf3 ] Request (ServerShowV247Test:setUpClass): 204 PUT http://10.180.1.21/identity/v3/projects/3c19d2b2e0b04512bc64dc4903987e68/users/0caebae5af7d4ddbbb72cca1393d152a/roles/3554d42a84ad4139aeb8a0e9f3eee56d 0.031s
2025-05-19 19:16:43.358 69982 INFO tempest.lib.common.dynamic_creds [-] Dynamic test user 0caebae5af7d4ddbbb72cca1393d152a is created with scope project and roles: ['reader']
2025-05-19 19:16:43.358 69982 INFO tempest.lib.common.dynamic_creds [-] Acquired dynamic creds: credentials: Credentials: {'domain_id': 'default', 'domain_name': 'Default', 'username': 'tempest-ServerShowV247Test-1898814440-project-reader', 'project_domain_id': 'default', 'project_domain_name': 'Default', 'project_id': '3c19d2b2e0b04512bc64dc4903987e68', 'project_name': 'tempest-ServerShowV247Test-1898814440', 'tenant_id': '3c19d2b2e0b04512bc64dc4903987e68', 'tenant_name': 'tempest-ServerShowV247Test-1898814440', 'user_domain_id': 'default', 'user_domain_name': 'Default', 'user_id': '0caebae5af7d4ddbbb72cca1393d152a', 'system': None}, Network: None, Subnet: None, Router: None
2025-05-19 19:16:43.359 69982 INFO tempest.lib.common.dynamic_creds [-] Network resources are not created for requested scope: project and credentials: Credentials: {'domain_id': 'default', 'domain_name': 'Default', 'username': 'tempest-ServerShowV247Test-1898814440-project-reader', 'project_domain_id': 'default', 'project_domain_name': 'Default', 'project_id': '3c19d2b2e0b04512bc64dc4903987e68', 'project_name': 'tempest-ServerShowV247Test-1898814440', 'tenant_id': '3c19d2b2e0b04512bc64dc4903987e68', 'tenant_name': 'tempest-ServerShowV247Test-1898814440', 'user_domain_id': 'default', 'user_domain_name': 'Default', 'user_id': '0caebae5af7d4ddbbb72cca1393d152a', 'system': None}, Network: None, Subnet: None, Router: None
2025-05-19 19:16:43.368 69988 INFO tempest.lib.common.rest_client [req-abaedb01-8db3-4432-8d9a-ab582c8ba510 req-abaedb01-8db3-4432-8d9a-ab582c8ba510 ] Request (FloatingIPsNegativeTestJSON:setUpClass): 200 GET http://10.180.1.21/compute/v2.1/os-floating-ips 3.593s
2025-05-19 19:16:43.378 69964 INFO tempest.lib.common.rest_client [req-e99654c8-21e2-4c2f-9a20-446504646b9e req-e99654c8-21e2-4c2f-9a20-446504646b9e ] Request (HostsAdminNegativeTestJSON:test_update_host_without_param): 400 PUT http://10.180.1.21/compute/v2.1/os-hosts/devstack 3.596s
2025-05-19 19:16:43.399 70012 INFO tempest.lib.common.rest_client [req-6f1f4958-0efa-4dfc-972e-88352c9fc02d req-6f1f4958-0efa-4dfc-972e-88352c9fc02d ] Request (KeyPairsV210TestJSON:tearDownClass): 204 DELETE http://10.180.1.21:9696/networking/v2.0/security-groups/11927a28-22d3-4d27-8ac5-b175e1cd3680 0.385s
2025-05-19 19:16:43.432 69982 INFO tempest.lib.common.rest_client [req-4f6dc6cc-558e-4b35-b6a8-896fad018563 req-4f6dc6cc-558e-4b35-b6a8-896fad018563 ] Request (ServerShowV247Test:setUpClass): 201 POST http://10.180.1.21/identity/v3/auth/tokens 0.071s
2025-05-19 19:16:43.517 70016 INFO tempest.lib.common.rest_client [req-47c631aa-bbe8-47cd-88b1-0f13240c2adf req-47c631aa-bbe8-47cd-88b1-0f13240c2adf ] Request (ServicesAdminNegativeTestJSON:tearDownClass): 204 DELETE http://10.180.1.21:9696/networking/v2.0/security-groups/48f4b9d4-4edf-4c81-a30b-7b84e1763a07 0.228s
2025-05-19 19:16:43.528 70012 INFO tempest.lib.common.rest_client [req-1151941a-8c71-41eb-949a-a02504e5a62d req-1151941a-8c71-41eb-949a-a02504e5a62d ] Request (KeyPairsV210TestJSON:tearDownClass): 204 DELETE http://10.180.1.21/identity/v3/projects/29936afe7a4d42a49e136a854a5d2578 0.127s
2025-05-19 19:16:43.560 69986 INFO tempest.lib.common.rest_client [req-e2299849-cdc4-42ce-9d6e-4d9a287edbe9 req-e2299849-cdc4-42ce-9d6e-4d9a287edbe9 ] Request (ServersTestFqdnHostnames:test_create_server_with_fqdn_name): 200 POST http://10.180.1.21/compute/v2.1/os-keypairs 3.684s
2025-05-19 19:16:43.562 69982 INFO tempest.lib.common.rest_client [req-ddc4cf6c-2e84-4c8d-b7e2-b7ca5b3d89bc req-ddc4cf6c-2e84-4c8d-b7e2-b7ca5b3d89bc ] Request (ServerShowV247Test:test_show_server): 201 POST http://10.180.1.21/identity/v3/auth/tokens 0.125s
2025-05-19 19:16:43.564 69982 INFO tempest.lib.common.fixed_network [-] (ServerShowV247Test:test_show_server) Found network None available for tenant
2025-05-19 19:16:43.605 69974 INFO tempest.lib.common.rest_client [req-a2fe4dec-83d5-4bec-bf0a-e9c722f52a37 req-a2fe4dec-83d5-4bec-bf0a-e9c722f52a37 ] Request (ServerActionsTestOtherA:tearDownClass): 204 DELETE http://10.180.1.21:9696/networking/v2.0/security-groups/20cc64ba-4f0c-454d-b491-aca604ef34c0 0.414s
2025-05-19 19:16:43.625 70012 INFO tempest.lib.common.rest_client [req-f4e98f10-8a90-4ade-8573-409ba7a6ea63 req-f4e98f10-8a90-4ade-8573-409ba7a6ea63 ] Request (KeyPairsV22TestJSON:setUpClass): 201 POST http://10.180.1.21/identity/v3/auth/tokens 0.096s
2025-05-19 19:16:43.639 69974 INFO tempest.lib.common.rest_client [req-8ce100e9-04a9-4663-8a5c-b16c9f009d96 req-8ce100e9-04a9-4663-8a5c-b16c9f009d96 ] Request (ServerActionsTestOtherA:tearDownClass): 404 GET http://10.180.1.21:9696/networking/v2.0/security-groups/20cc64ba-4f0c-454d-b491-aca604ef34c0 0.033s
2025-05-19 19:16:43.668 70016 INFO tempest.lib.common.rest_client [req-95449662-fd53-425b-be70-3292a265048c req-95449662-fd53-425b-be70-3292a265048c ] Request (ServicesAdminNegativeTestJSON:tearDownClass): 204 DELETE http://10.180.1.21/identity/v3/projects/f40ffefa68624a4fb69077eda6cad58a 0.151s
2025-05-19 19:16:43.672 69992 INFO tempest.lib.common.rest_client [req-c2813130-2130-4b56-b9a7-bff55fd861ea req-c2813130-2130-4b56-b9a7-bff55fd861ea ] Request (ServerDiskConfigTestJSON:setUpClass): 201 POST http://10.180.1.21:9696/networking/v2.0/routers 2.399s
2025-05-19 19:16:43.790 69986 INFO tempest.lib.common.rest_client [req-bac2cf15-2458-4620-8026-ee8122f829d8 req-bac2cf15-2458-4620-8026-ee8122f829d8 ] Request (ServersTestFqdnHostnames:test_create_server_with_fqdn_name): 201 POST http://10.180.1.21:9696/networking/v2.0/security-groups 0.227s
2025-05-19 19:16:43.801 70012 INFO tempest.lib.common.rest_client [req-92044f08-bdff-4869-a141-e62fee4a6a6a req-92044f08-bdff-4869-a141-e62fee4a6a6a ] Request (KeyPairsV22TestJSON:setUpClass): 201 POST http://10.180.1.21/identity/v3/auth/tokens 0.171s
2025-05-19 19:16:43.811 70016 INFO tempest.lib.common.rest_client [req-b8da42e0-d6d0-4ae1-b134-c8439e1e8628 req-b8da42e0-d6d0-4ae1-b134-c8439e1e8628 ] Request (ServersTestBootFromVolume:setUpClass): 201 POST http://10.180.1.21/identity/v3/auth/tokens 0.139s
2025-05-19 19:16:43.838 70012 INFO tempest.lib.common.rest_client [req-9a70cf87-be09-4e20-b563-fbe1e7416a75 req-9a70cf87-be09-4e20-b563-fbe1e7416a75 ] Request (KeyPairsV22TestJSON:setUpClass): 200 GET http://10.180.1.21/identity/v3/domains?name=Default 0.036s
2025-05-19 19:16:43.867 70016 INFO tempest.lib.common.rest_client [req-56bb744e-cd0c-41f4-9d57-561de1b5a346 req-56bb744e-cd0c-41f4-9d57-561de1b5a346 ] Request (ServersTestBootFromVolume:setUpClass): 201 POST http://10.180.1.21/identity/v3/auth/tokens 0.052s
2025-05-19 19:16:43.869 69980 INFO tempest.lib.common.rest_client [req-6c1c26f7-319d-4a7e-ae70-6a8f862a7457 req-6c1c26f7-319d-4a7e-ae70-6a8f862a7457 ] Request (VolumesAssistedSnapshotsTest:tearDownClass): 200 PUT http://10.180.1.21:9696/networking/v2.0/routers/60a97e33-53f2-4f5c-aaad-a6a5e1346458/remove_router_interface 2.436s
2025-05-19 19:16:43.882 70012 INFO tempest.lib.common.rest_client [req-d01f781d-4565-40b1-88f9-22141101c03f req-d01f781d-4565-40b1-88f9-22141101c03f ] Request (KeyPairsV22TestJSON:setUpClass): 201 POST http://10.180.1.21/identity/v3/projects 0.042s
2025-05-19 19:16:43.895 70016 INFO tempest.lib.common.rest_client [req-a5ed8713-457a-412e-a1ac-d8add28e423c req-a5ed8713-457a-412e-a1ac-d8add28e423c ] Request (ServersTestBootFromVolume:setUpClass): 200 GET http://10.180.1.21/identity/v3/domains?name=Default 0.028s
2025-05-19 19:16:43.908 70018 INFO tempest.lib.common.rest_client [req-3122561d-1c63-4731-905c-3d7ea27864ea req-3122561d-1c63-4731-905c-3d7ea27864ea ] Request (ListImageFiltersTestJSON:setUpClass): 204 PUT http://10.180.1.21/image/v2/images/394f4b21-917a-4ae7-afc4-73252d1bf00f/file 0.971s
2025-05-19 19:16:43.938 70012 INFO tempest.lib.common.rest_client [req-7d2f1875-eba1-42cd-9e2f-2a6e8316e624 req-7d2f1875-eba1-42cd-9e2f-2a6e8316e624 ] Request (KeyPairsV22TestJSON:setUpClass): 201 POST http://10.180.1.21/identity/v3/users 0.056s
2025-05-19 19:16:43.958 70012 INFO tempest.lib.common.rest_client [req-24ea3467-56c6-4e4b-b280-f93efde855e4 req-24ea3467-56c6-4e4b-b280-f93efde855e4 ] Request (KeyPairsV22TestJSON:setUpClass): 200 GET http://10.180.1.21/identity/v3/roles 0.019s
2025-05-19 19:16:43.961 70016 INFO tempest.lib.common.rest_client [req-5abafa37-bded-471a-a957-64e94e7a8a42 req-5abafa37-bded-471a-a957-64e94e7a8a42 ] Request (ServersTestBootFromVolume:setUpClass): 201 POST http://10.180.1.21/identity/v3/projects 0.065s
2025-05-19 19:16:44.020 70012 INFO tempest.lib.common.rest_client [req-47c23448-a8d5-410f-a19a-597105a6b57e req-47c23448-a8d5-410f-a19a-597105a6b57e ] Request (KeyPairsV22TestJSON:setUpClass): 204 PUT http://10.180.1.21/identity/v3/projects/2ef9280604124bf9b2c0c939ef4982f6/users/e54edc1b501641229e26ce32f1bb4326/roles/9db8bcd66cf44d809f2f23ff6ff2f096 0.061s
2025-05-19 19:16:44.020 70012 INFO tempest.lib.common.dynamic_creds [-] Dynamic test user e54edc1b501641229e26ce32f1bb4326 is created with scope project and roles: ['member']
2025-05-19 19:16:44.021 70012 INFO tempest.lib.common.dynamic_creds [-] Acquired dynamic creds: credentials: Credentials: {'domain_id': 'default', 'domain_name': 'Default', 'username': 'tempest-KeyPairsV22TestJSON-1207389987-project-member', 'project_domain_id': 'default', 'project_domain_name': 'Default', 'project_id': '2ef9280604124bf9b2c0c939ef4982f6', 'project_name': 'tempest-KeyPairsV22TestJSON-1207389987', 'tenant_id': '2ef9280604124bf9b2c0c939ef4982f6', 'tenant_name': 'tempest-KeyPairsV22TestJSON-1207389987', 'user_domain_id': 'default', 'user_domain_name': 'Default', 'user_id': 'e54edc1b501641229e26ce32f1bb4326', 'system': None}, Network: None, Subnet: None, Router: None
2025-05-19 19:16:44.021 70012 INFO tempest.lib.common.dynamic_creds [-] Created isolated network resources for: credentials: Credentials: {'domain_id': 'default', 'domain_name': 'Default', 'username': 'tempest-KeyPairsV22TestJSON-1207389987-project-member', 'project_domain_id': 'default', 'project_domain_name': 'Default', 'project_id': '2ef9280604124bf9b2c0c939ef4982f6', 'project_name': 'tempest-KeyPairsV22TestJSON-1207389987', 'tenant_id': '2ef9280604124bf9b2c0c939ef4982f6', 'tenant_name': 'tempest-KeyPairsV22TestJSON-1207389987', 'user_domain_id': 'default', 'user_domain_name': 'Default', 'user_id': 'e54edc1b501641229e26ce32f1bb4326', 'system': None}, Network: None, Subnet: None, Router: None
2025-05-19 19:16:44.088 70016 INFO tempest.lib.common.rest_client [req-7985796a-78ce-4e41-b915-5bbb21c0a4a7 req-7985796a-78ce-4e41-b915-5bbb21c0a4a7 ] Request (ServersTestBootFromVolume:setUpClass): 201 POST http://10.180.1.21/identity/v3/users 0.126s
2025-05-19 19:16:44.101 70012 INFO tempest.lib.common.rest_client [req-fabf634d-38aa-4d97-80e7-99ef270cc76a req-fabf634d-38aa-4d97-80e7-99ef270cc76a ] Request (KeyPairsV22TestJSON:setUpClass): 201 POST http://10.180.1.21/identity/v3/auth/tokens 0.075s
2025-05-19 19:16:44.113 70016 INFO tempest.lib.common.rest_client [req-23acb9bd-7b00-481d-9334-ca7d45dae302 req-23acb9bd-7b00-481d-9334-ca7d45dae302 ] Request (ServersTestBootFromVolume:setUpClass): 200 GET http://10.180.1.21/identity/v3/roles 0.024s
2025-05-19 19:16:44.149 70016 INFO tempest.lib.common.rest_client [req-3f963035-e26c-49dd-9049-09242c893c0e req-3f963035-e26c-49dd-9049-09242c893c0e ] Request (ServersTestBootFromVolume:setUpClass): 204 PUT http://10.180.1.21/identity/v3/projects/b1d23468ebf04fd4afe12731d527d2f0/users/717d3db5c9304bf9b485497876087f89/roles/9db8bcd66cf44d809f2f23ff6ff2f096 0.036s
2025-05-19 19:16:44.149 70016 INFO tempest.lib.common.dynamic_creds [-] Dynamic test user 717d3db5c9304bf9b485497876087f89 is created with scope project and roles: ['member']
2025-05-19 19:16:44.150 70016 INFO tempest.lib.common.dynamic_creds [-] Acquired dynamic creds: credentials: Credentials: {'domain_id': 'default', 'domain_name': 'Default', 'username': 'tempest-ServersTestBootFromVolume-1448906481-project-member', 'project_domain_id': 'default', 'project_domain_name': 'Default', 'project_id': 'b1d23468ebf04fd4afe12731d527d2f0', 'project_name': 'tempest-ServersTestBootFromVolume-1448906481', 'tenant_id': 'b1d23468ebf04fd4afe12731d527d2f0', 'tenant_name': 'tempest-ServersTestBootFromVolume-1448906481', 'user_domain_id': 'default', 'user_domain_name': 'Default', 'user_id': '717d3db5c9304bf9b485497876087f89', 'system': None}, Network: None, Subnet: None, Router: None
2025-05-19 19:16:44.211 70016 INFO tempest.lib.common.rest_client [req-8223e817-e243-4325-8b83-e7099882d742 req-8223e817-e243-4325-8b83-e7099882d742 ] Request (ServersTestBootFromVolume:setUpClass): 201 POST http://10.180.1.21/identity/v3/auth/tokens 0.060s
2025-05-19 19:16:44.305 69986 INFO tempest.lib.common.rest_client [req-ee620b4e-c652-4731-9bdf-8384d04981db req-ee620b4e-c652-4731-9bdf-8384d04981db ] Request (ServersTestFqdnHostnames:test_create_server_with_fqdn_name): 201 POST http://10.180.1.21:9696/networking/v2.0/security-group-rules 0.514s
2025-05-19 19:16:44.532 69986 INFO tempest.lib.common.rest_client [req-92c3393e-ff61-4898-ad21-1110460e95fa req-92c3393e-ff61-4898-ad21-1110460e95fa ] Request (ServersTestFqdnHostnames:test_create_server_with_fqdn_name): 201 POST http://10.180.1.21:9696/networking/v2.0/security-group-rules 0.227s
2025-05-19 19:16:44.587 69972 INFO tempest.lib.common.rest_client [req-2fed3d42-88d7-4232-bdfb-0a7ac7b9ff21 req-2fed3d42-88d7-4232-bdfb-0a7ac7b9ff21 ] Request (InstanceActionsNegativeTestJSON:setUpClass): 202 POST http://10.180.1.21/compute/v2.1/servers 4.194s
2025-05-19 19:16:44.710 70008 INFO tempest.lib.common.rest_client [req-1ca8d8ff-8ff0-40ae-8b3c-f6d6f5baa503 req-1ca8d8ff-8ff0-40ae-8b3c-f6d6f5baa503 ] Request (MultipleCreateTestJSON:test_multiple_create_with_reservation_return): 200 GET http://10.180.1.21/compute/v2.1/servers 3.871s
2025-05-19 19:16:44.717 70020 INFO tempest.lib.common.rest_client [req-9e22a2a0-0b7e-4fa5-9f28-7045d58d7cfb req-9e22a2a0-0b7e-4fa5-9f28-7045d58d7cfb ] Request (FloatingIPDetailsTestJSON:tearDownClass): 204 DELETE http://10.180.1.21:9696/networking/v2.0/routers/8115cd8c-2cd4-4834-9efb-c999d1c2b7bf 1.952s
2025-05-19 19:16:44.797 70000 INFO tempest.lib.common.rest_client [req-eaa6c8ce-9afb-4823-a80b-31c5786db6d6 req-eaa6c8ce-9afb-4823-a80b-31c5786db6d6 ] Request (MigrationsAdminTest:test_resize_server_revert_deleted_flavor): 200 GET http://10.180.1.21/compute/v2.1/servers/aa05930b-a468-4756-8e33-77a02e6720da 3.925s
2025-05-19 19:16:44.798 69974 INFO tempest.lib.common.rest_client [req-b153f9c8-f2c5-4801-ba2c-555e05ce92c2 req-b153f9c8-f2c5-4801-ba2c-555e05ce92c2 ] Request (ServerActionsTestOtherA:tearDownClass): 204 DELETE http://10.180.1.21:9696/networking/v2.0/floatingips/7f2dad89-f3a9-45cb-8efd-01937d9475b2 1.158s
2025-05-19 19:16:44.819 69978 INFO tempest.lib.common.rest_client [req-e0a47e01-9ca3-4ac0-87e7-4ab8bd48c753 req-e0a47e01-9ca3-4ac0-87e7-4ab8bd48c753 ] Request (FlavorsAdminTestJSON:test_create_flavor_with_uuid_id): 200 POST http://10.180.1.21/compute/v2.1/flavors 3.941s
2025-05-19 19:16:44.917 69990 INFO tempest.lib.common.rest_client [req-c874cbd1-b044-420c-9c51-6a0c5dd063a7 req-c874cbd1-b044-420c-9c51-6a0c5dd063a7 ] Request (FloatingIPsAssociationTestJSON:setUpClass): 200 GET http://10.180.1.21/compute/v2.1/servers/a5dad73a-a075-4142-aa26-d7424bb8eec7 3.979s
2025-05-19 19:16:45.015 69998 INFO tempest.lib.common.rest_client [req-77c0b01b-3e71-45ac-96fe-c9fb17f1b0b6 req-77c0b01b-3e71-45ac-96fe-c9fb17f1b0b6 ] Request (ServersWithSpecificFlavorTestJSON:test_verify_created_server_ephemeral_disk): 200 GET http://10.180.1.21/compute/v2.1/servers/5774da59-0de2-44d8-b96b-678a645a689d 4.013s
2025-05-19 19:16:45.042 69970 INFO tempest.lib.common.rest_client [req-c5aefd19-4735-495c-b0c4-521673f16474 req-c5aefd19-4735-495c-b0c4-521673f16474 ] Request (FlavorsExtraSpecsTestJSON:tearDownClass): 200 GET http://10.180.1.21/compute/v2.1/flavors/detail 3.875s
2025-05-19 19:16:45.052 69984 INFO tempest.lib.common.rest_client [req-5125cd93-c3cb-4269-913e-ba4937b84b3a req-5125cd93-c3cb-4269-913e-ba4937b84b3a ] Request (AggregatesAdminNegativeTestJSON:test_aggregate_create_aggregate_name_length_less_than_1): 400 POST http://10.180.1.21/compute/v2.1/os-aggregates 3.873s
2025-05-19 19:16:45.079 70002 INFO tempest.lib.common.rest_client [req-6251e61b-9530-4556-89f7-3823d6e710e1 req-6251e61b-9530-4556-89f7-3823d6e710e1 ] Request (ServicesAdminNegativeV253TestJSON:test_get_service_with_valid_service_and_invalid_host): 200 GET http://10.180.1.21/compute/v2.1/os-services 3.878s
2025-05-19 19:16:45.153 69980 INFO tempest.lib.common.rest_client [req-35b59eaa-f1ad-4960-8739-fb92c6c85d9b req-35b59eaa-f1ad-4960-8739-fb92c6c85d9b ] Request (VolumesAssistedSnapshotsTest:tearDownClass): 204 DELETE http://10.180.1.21:9696/networking/v2.0/routers/60a97e33-53f2-4f5c-aaad-a6a5e1346458 1.283s
2025-05-19 19:16:45.153 69970 INFO tempest.lib.common.rest_client [req-87c52b75-5b98-4356-a289-d2ee24cf9a1e req-87c52b75-5b98-4356-a289-d2ee24cf9a1e ] Request (FlavorsExtraSpecsTestJSON:tearDownClass): 204 DELETE http://10.180.1.21/identity/v3/users/3cb8ed201ae9412f89248bcd8d2b6ef9 0.103s
2025-05-19 19:16:45.243 70016 INFO tempest.lib.common.rest_client [req-768cd8fc-add2-4614-8ad2-470c874dab7c req-768cd8fc-add2-4614-8ad2-470c874dab7c ] Request (ServersTestBootFromVolume:setUpClass): 201 POST http://10.180.1.21:9696/networking/v2.0/networks 1.032s
2025-05-19 19:16:45.257 70020 INFO tempest.lib.common.rest_client [req-0d4c190d-e55d-4e40-867b-1f1a6ef9d0e8 req-0d4c190d-e55d-4e40-867b-1f1a6ef9d0e8 ] Request (FloatingIPDetailsTestJSON:tearDownClass): 204 DELETE http://10.180.1.21:9696/networking/v2.0/subnets/93626dfe-d57b-4492-9d08-c7b7d35c0d81 0.539s
2025-05-19 19:16:45.268 69970 INFO tempest.lib.common.rest_client [req-9152bf7a-5f4c-4c8f-bb86-b5819ec63322 req-9152bf7a-5f4c-4c8f-bb86-b5819ec63322 ] Request (FlavorsExtraSpecsTestJSON:tearDownClass): 204 DELETE http://10.180.1.21/identity/v3/users/3fa63b19f5fc40c88093689c129887a3 0.113s
2025-05-19 19:16:45.268 69970 INFO tempest.lib.common.dynamic_creds [-] Deleting project and security group for project: 100a1d49b7ee47d29dc6addee345ea1f
2025-05-19 19:16:45.282 69966 INFO tempest.lib.common.rest_client [req-07275771-17c9-46f2-a2f7-4a7ec0c7a50d req-07275771-17c9-46f2-a2f7-4a7ec0c7a50d ] Request (HostsAdminTestJSON:test_list_hosts): 200 GET http://10.180.1.21/compute/v2.1/os-hosts 3.868s
2025-05-19 19:16:45.339 69970 INFO tempest.lib.common.rest_client [req-8cf66aa6-155f-42b3-9d81-9c36c059fdc3 req-8cf66aa6-155f-42b3-9d81-9c36c059fdc3 ] Request (FlavorsExtraSpecsTestJSON:tearDownClass): 201 POST http://10.180.1.21/identity/v3/auth/tokens 0.071s
2025-05-19 19:16:45.448 69976 INFO tempest.lib.common.rest_client [req-8e935f5e-3a10-4e99-9082-efa57861a4ef req-8e935f5e-3a10-4e99-9082-efa57861a4ef ] Request (QuotasAdminTestJSON:test_delete_quota): 200 PUT http://10.180.1.21/compute/v2.1/os-quota-sets/a35d0c19ef1043c397c638dde1fa5f74 3.760s
2025-05-19 19:16:45.482 70022 INFO tempest.lib.common.rest_client [req-15ee96dd-f980-4fba-a8d8-5c2dc9c39e6b req-15ee96dd-f980-4fba-a8d8-5c2dc9c39e6b ] Request (DeleteServersTestJSON:setUpClass): 200 PUT http://10.180.1.21:9696/networking/v2.0/routers/49ba8c0d-282a-4be7-a42f-d6842bfa399a/add_router_interface 4.084s
2025-05-19 19:16:45.482 70022 INFO tempest.lib.common.dynamic_creds [-] Created isolated network resources for: credentials: Credentials: {'domain_id': 'default', 'domain_name': 'Default', 'username': 'tempest-DeleteServersTestJSON-67930862-project-member', 'project_domain_id': 'default', 'project_domain_name': 'Default', 'project_id': 'aac22de20293457facf0cf9a939b2f29', 'project_name': 'tempest-DeleteServersTestJSON-67930862', 'tenant_id': 'aac22de20293457facf0cf9a939b2f29', 'tenant_name': 'tempest-DeleteServersTestJSON-67930862', 'user_domain_id': 'default', 'user_domain_name': 'Default', 'user_id': '4150e6805d4c4aa9b567d4cdb989a53b', 'system': None}, Network: {'id': '9cd75a71-634f-41fa-9400-930fb08d9d8b', 'name': 'tempest-DeleteServersTestJSON-1961932998-network', 'tenant_id': 'aac22de20293457facf0cf9a939b2f29', 'admin_state_up': True, 'mtu': 8950, 'status': 'ACTIVE', 'subnets': [], 'shared': False, 'project_id': 'aac22de20293457facf0cf9a939b2f29', 'port_security_enabled': True, 'router:external': False, 'provider:network_type': 'vlan', 'provider:physical_network': 'default', 'provider:segmentation_id': 440, 'availability_zone_hints': [], 'availability_zones': [], 'ipv4_address_scope': None, 'ipv6_address_scope': None, 'description': '', 'tags': [], 'created_at': '2025-05-19T19:16:37Z', 'updated_at': '2025-05-19T19:16:37Z', 'revision_number': 1}, Subnet: {'id': 'a4847c9e-cb39-4994-88a5-651026fce926', 'name': 'tempest-DeleteServersTestJSON-1961932998-subnet', 'tenant_id': 'aac22de20293457facf0cf9a939b2f29', 'network_id': '9cd75a71-634f-41fa-9400-930fb08d9d8b', 'ip_version': 4, 'subnetpool_id': None, 'enable_dhcp': True, 'ipv6_ra_mode': None, 'ipv6_address_mode': None, 'gateway_ip': '192.168.128.1', 'cidr': '192.168.128.0/28', 'allocation_pools': [{'start': '192.168.128.2', 'end': '192.168.128.14'}], 'host_routes': [], 'dns_nameservers': [], 'description': '', 'router:external': False, 'service_types': [], 'tags': [], 'created_at': '2025-05-19T19:16:37Z', 'updated_at': '2025-05-19T19:16:37Z', 'revision_number': 0, 'project_id': 'aac22de20293457facf0cf9a939b2f29'}, Router: {'id': '49ba8c0d-282a-4be7-a42f-d6842bfa399a', 'name': 'tempest-DeleteServersTestJSON-1961932998-router', 'tenant_id': 'aac22de20293457facf0cf9a939b2f29', 'admin_state_up': True, 'status': 'ACTIVE', 'external_gateway_info': {'network_id': 'c5ccbd8b-5bcc-4b48-9ee2-c90d6adde6df', 'external_fixed_ips': [{'subnet_id': '9747c866-2ab2-41c6-822a-be6863d545ae', 'ip_address': '10.180.180.251'}], 'enable_snat': True}, 'description': '', 'availability_zones': [], 'distributed': False, 'ha': False, 'availability_zone_hints': [], 'routes': [], 'flavor_id': None, 'tags': [], 'created_at': '2025-05-19T19:16:38Z', 'updated_at': '2025-05-19T19:16:40Z', 'revision_number': 2, 'project_id': 'aac22de20293457facf0cf9a939b2f29'}
2025-05-19 19:16:45.582 70022 INFO tempest.lib.common.rest_client [req-078d7c5c-038b-416f-9b6d-3cd5f2e3e538 req-078d7c5c-038b-416f-9b6d-3cd5f2e3e538 ] Request (DeleteServersTestJSON:setUpClass): 201 POST http://10.180.1.21/identity/v3/auth/tokens 0.095s
2025-05-19 19:16:45.607 69996 INFO tempest.lib.common.rest_client [req-b7ce12ee-eaed-4c4d-9fad-154fbf8b86b8 req-b7ce12ee-eaed-4c4d-9fad-154fbf8b86b8 ] Request (ServersAdminTestJSON:setUpClass): 201 POST http://10.180.1.21:9696/networking/v2.0/routers 3.115s
2025-05-19 19:16:45.615 70022 INFO tempest.lib.common.rest_client [req-a70bba33-a573-4151-8284-6c202c2257a3 req-a70bba33-a573-4151-8284-6c202c2257a3 ] Request (DeleteServersTestJSON:test_delete_active_server): 201 POST http://10.180.1.21/identity/v3/auth/tokens 0.028s
2025-05-19 19:16:45.615 70022 INFO tempest.lib.common.fixed_network [-] (DeleteServersTestJSON:test_delete_active_server) Found network {'id': '9cd75a71-634f-41fa-9400-930fb08d9d8b', 'name': 'tempest-DeleteServersTestJSON-1961932998-network', 'tenant_id': 'aac22de20293457facf0cf9a939b2f29', 'admin_state_up': True, 'mtu': 8950, 'status': 'ACTIVE', 'subnets': [], 'shared': False, 'project_id': 'aac22de20293457facf0cf9a939b2f29', 'port_security_enabled': True, 'router:external': False, 'provider:network_type': 'vlan', 'provider:physical_network': 'default', 'provider:segmentation_id': 440, 'availability_zone_hints': [], 'availability_zones': [], 'ipv4_address_scope': None, 'ipv6_address_scope': None, 'description': '', 'tags': [], 'created_at': '2025-05-19T19:16:37Z', 'updated_at': '2025-05-19T19:16:37Z', 'revision_number': 1} available for tenant
2025-05-19 19:16:45.692 69980 INFO tempest.lib.common.rest_client [req-d07d3b66-ee39-4839-9798-1e6a4078cd67 req-d07d3b66-ee39-4839-9798-1e6a4078cd67 ] Request (VolumesAssistedSnapshotsTest:tearDownClass): 204 DELETE http://10.180.1.21:9696/networking/v2.0/subnets/ff5518b9-9b35-4599-9603-63c6dfbf0dac 0.539s
2025-05-19 19:16:45.813 69970 INFO tempest.lib.common.rest_client [req-7a415b7f-6fa9-493b-8f57-4222e06b6dbd req-7a415b7f-6fa9-493b-8f57-4222e06b6dbd ] Request (FlavorsExtraSpecsTestJSON:tearDownClass): 200 GET http://10.180.1.21:9696/networking/v2.0/security-groups?tenant_id=100a1d49b7ee47d29dc6addee345ea1f&name=default 0.474s
2025-05-19 19:16:45.937 70016 INFO tempest.lib.common.rest_client [req-2f39e231-de27-4b39-85a9-e7da404dad03 req-2f39e231-de27-4b39-85a9-e7da404dad03 ] Request (ServersTestBootFromVolume:setUpClass): 201 POST http://10.180.1.21:9696/networking/v2.0/subnets 0.693s
2025-05-19 19:16:46.073 69970 INFO tempest.lib.common.rest_client [req-b2190bfe-3d54-40de-95e0-d862786beb1d req-b2190bfe-3d54-40de-95e0-d862786beb1d ] Request (FlavorsExtraSpecsTestJSON:tearDownClass): 204 DELETE http://10.180.1.21:9696/networking/v2.0/security-groups/c49a7a78-0ec0-4527-8389-2388e401c512 0.259s
2025-05-19 19:16:46.095 69994 INFO tempest.lib.common.rest_client [req-56f9aa0c-627e-4f68-a80d-087336df5cca req-56f9aa0c-627e-4f68-a80d-087336df5cca ] Request (SecurityGroupsTestAdminJSON:test_list_security_groups_list_all_tenants_filter): 200 GET http://10.180.1.21/compute/v2.1/os-security-groups?all_tenants=true 7.981s
2025-05-19 19:16:46.111 69968 INFO tempest.lib.common.rest_client [req-a6d41985-c5b0-4dd1-bd7b-6f53141cfcf6 req-a6d41985-c5b0-4dd1-bd7b-6f53141cfcf6 ] Request (HypervisorAdminNegativeTestJSON:test_get_hypervisor_list_with_non_admin_user): 403 GET http://10.180.1.21/compute/v2.1/os-hypervisors 3.753s
2025-05-19 19:16:46.135 70005 INFO tempest.lib.common.rest_client [req-f88ecbdd-cbe9-41f5-ba6f-d2872b03b184 req-f88ecbdd-cbe9-41f5-ba6f-d2872b03b184 ] Request (SecurityGroupRulesNegativeTestJSON:test_create_security_group_rule_with_non_existent_id): 404 POST http://10.180.1.21/compute/v2.1/os-security-group-rules 3.655s
2025-05-19 19:16:46.228 69970 INFO tempest.lib.common.rest_client [req-7c87ea70-2bac-4dbb-bdee-3535d8d27721 req-7c87ea70-2bac-4dbb-bdee-3535d8d27721 ] Request (FlavorsExtraSpecsTestJSON:tearDownClass): 204 DELETE http://10.180.1.21/identity/v3/projects/100a1d49b7ee47d29dc6addee345ea1f 0.154s
2025-05-19 19:16:46.228 69970 INFO tempest.lib.common.dynamic_creds [-] Deleting project and security group for project: 2886c36b62cf4e1aaff42091ce944f1a
2025-05-19 19:16:46.376 70014 INFO tempest.lib.common.rest_client [req-69ca2344-ccd9-451a-88ba-90d69f660c09 req-69ca2344-ccd9-451a-88ba-90d69f660c09 ] Request (TenantUsagesTestJSON:setUpClass): 204 DELETE http://10.180.1.21/compute/v2.1/servers/33509688-0f6e-4e63-9727-9dc6a3a52a1e 3.745s
2025-05-19 19:16:46.410 69986 INFO tempest.lib.common.rest_client [req-53455c69-06d1-4148-8d6d-261fe237e848 req-53455c69-06d1-4148-8d6d-261fe237e848 ] Request (ServersTestFqdnHostnames:test_create_server_with_fqdn_name): 201 POST http://10.180.1.21:9696/networking/v2.0/floatingips 1.877s
2025-05-19 19:16:46.484 69986 INFO tempest.lib.common.rest_client [req-17ae05c7-1b67-4569-9ec6-39a84ef5abf6 req-17ae05c7-1b67-4569-9ec6-39a84ef5abf6 ] Request (ServersTestFqdnHostnames:test_create_server_with_fqdn_name): 201 POST http://10.180.1.21/identity/v3/auth/tokens 0.070s
2025-05-19 19:16:46.484 69986 INFO tempest.lib.common.fixed_network [-] (ServersTestFqdnHostnames:test_create_server_with_fqdn_name) Found network {'id': 'ea7eaa6e-ba32-4de8-879a-aa5929ea6d0f', 'name': 'tempest-ServersTestFqdnHostnames-1019632854-network', 'tenant_id': 'e3309e37b19a41c4bc3da6ad3fd072ee', 'admin_state_up': True, 'mtu': 8950, 'status': 'ACTIVE', 'subnets': [], 'shared': False, 'project_id': 'e3309e37b19a41c4bc3da6ad3fd072ee', 'port_security_enabled': True, 'router:external': False, 'provider:network_type': 'vlan', 'provider:physical_network': 'default', 'provider:segmentation_id': 547, 'availability_zone_hints': [], 'availability_zones': [], 'ipv4_address_scope': None, 'ipv6_address_scope': None, 'description': '', 'tags': [], 'created_at': '2025-05-19T19:16:33Z', 'updated_at': '2025-05-19T19:16:33Z', 'revision_number': 1} available for tenant
2025-05-19 19:16:46.594 70006 INFO tempest.lib.common.rest_client [req-e87ab2dd-90bd-4530-ac2c-c68afe466d7a req-e87ab2dd-90bd-4530-ac2c-c68afe466d7a ] Request (ImagesMetadataTestJSON:test_set_image_metadata_item): 200 PUT http://10.180.1.21/compute/v2.1/images/74ffae25-67a5-4126-b931-4e05c55bdef3/metadata/os_version 3.705s
2025-05-19 19:16:46.604 70010 INFO tempest.lib.common.rest_client [req-2a9afa90-1360-4e9c-b3f0-5e5886878bb0 req-2a9afa90-1360-4e9c-b3f0-5e5886878bb0 ] Request (QuotasAdminNegativeTest:test_update_quota_normal_user): 403 PUT http://10.180.1.21/compute/v2.1/os-quota-sets/7c54498f2c8a49c8ae5c33616e3ef9a6 3.430s
2025-05-19 19:16:46.648 69988 INFO tempest.lib.common.rest_client [req-687f8e39-2dc1-4cb2-be78-3b6ec5c7331e req-687f8e39-2dc1-4cb2-be78-3b6ec5c7331e ] Request (FloatingIPsNegativeTestJSON:test_allocate_floating_ip_from_nonexistent_pool): 404 POST http://10.180.1.21/compute/v2.1/os-floating-ips 3.277s
2025-05-19 19:16:46.655 70026 INFO tempest.lib.common.rest_client [req-a49c808a-dfd1-4cf4-b669-321effd96910 req-a49c808a-dfd1-4cf4-b669-321effd96910 ] Request (ServersTestMultiNic:setUpClass): 200 PUT http://10.180.1.21:9696/networking/v2.0/routers/e4544a9d-3fc8-472f-84ee-b2c463310a25/add_router_interface 3.405s
2025-05-19 19:16:46.656 70026 INFO tempest.lib.common.dynamic_creds [-] Created isolated network resources for: credentials: Credentials: {'domain_id': 'default', 'domain_name': 'Default', 'username': 'tempest-ServersTestMultiNic-1009225349-project-member', 'project_domain_id': 'default', 'project_domain_name': 'Default', 'project_id': '655bf7262871402f92daf7139ab1b302', 'project_name': 'tempest-ServersTestMultiNic-1009225349', 'tenant_id': '655bf7262871402f92daf7139ab1b302', 'tenant_name': 'tempest-ServersTestMultiNic-1009225349', 'user_domain_id': 'default', 'user_domain_name': 'Default', 'user_id': '7eeee9f183654bfb9a044a3823402ed2', 'system': None}, Network: {'id': 'fa2f1795-8967-48d0-b87b-e4bb28592a19', 'name': 'tempest-ServersTestMultiNic-1559404558-network', 'tenant_id': '655bf7262871402f92daf7139ab1b302', 'admin_state_up': True, 'mtu': 8950, 'status': 'ACTIVE', 'subnets': [], 'shared': False, 'project_id': '655bf7262871402f92daf7139ab1b302', 'port_security_enabled': True, 'router:external': False, 'provider:network_type': 'vlan', 'provider:physical_network': 'default', 'provider:segmentation_id': 954, 'availability_zone_hints': [], 'availability_zones': [], 'ipv4_address_scope': None, 'ipv6_address_scope': None, 'description': '', 'tags': [], 'created_at': '2025-05-19T19:16:39Z', 'updated_at': '2025-05-19T19:16:39Z', 'revision_number': 1}, Subnet: {'id': '1d48f143-2d51-4a9e-af1f-0bc7fbb1017b', 'name': 'tempest-ServersTestMultiNic-1559404558-subnet', 'tenant_id': '655bf7262871402f92daf7139ab1b302', 'network_id': 'fa2f1795-8967-48d0-b87b-e4bb28592a19', 'ip_version': 4, 'subnetpool_id': None, 'enable_dhcp': True, 'ipv6_ra_mode': None, 'ipv6_address_mode': None, 'gateway_ip': '192.168.128.1', 'cidr': '192.168.128.0/28', 'allocation_pools': [{'start': '192.168.128.2', 'end': '192.168.128.14'}], 'host_routes': [], 'dns_nameservers': [], 'description': '', 'router:external': False, 'service_types': [], 'tags': [], 'created_at': '2025-05-19T19:16:40Z', 'updated_at': '2025-05-19T19:16:40Z', 'revision_number': 0, 'project_id': '655bf7262871402f92daf7139ab1b302'}, Router: {'id': 'e4544a9d-3fc8-472f-84ee-b2c463310a25', 'name': 'tempest-ServersTestMultiNic-1559404558-router', 'tenant_id': '655bf7262871402f92daf7139ab1b302', 'admin_state_up': True, 'status': 'ACTIVE', 'external_gateway_info': {'network_id': 'c5ccbd8b-5bcc-4b48-9ee2-c90d6adde6df', 'external_fixed_ips': [{'subnet_id': '9747c866-2ab2-41c6-822a-be6863d545ae', 'ip_address': '10.180.180.222'}], 'enable_snat': True}, 'description': '', 'availability_zones': [], 'distributed': False, 'ha': False, 'availability_zone_hints': [], 'routes': [], 'flavor_id': None, 'tags': [], 'created_at': '2025-05-19T19:16:40Z', 'updated_at': '2025-05-19T19:16:41Z', 'revision_number': 2, 'project_id': '655bf7262871402f92daf7139ab1b302'}
2025-05-19 19:16:46.665 69964 INFO tempest.lib.common.rest_client [req-a6a8fbac-360e-45ca-b470-d43f39004fa2 req-a6a8fbac-360e-45ca-b470-d43f39004fa2 ] Request (HostsAdminNegativeTestJSON:test_update_nonexistent_host): 404 PUT http://10.180.1.21/compute/v2.1/os-hosts/nonexistent_hostname 3.285s
2025-05-19 19:16:46.677 70020 INFO tempest.lib.common.rest_client [req-c188d7df-1c6b-467b-b732-fe6d41b037b9 req-c188d7df-1c6b-467b-b732-fe6d41b037b9 ] Request (FloatingIPDetailsTestJSON:tearDownClass): 204 DELETE http://10.180.1.21:9696/networking/v2.0/networks/03bdea63-7dd1-44ca-91d9-cd78f44d6dfc 1.420s
2025-05-19 19:16:46.747 70010 INFO tempest.lib.common.rest_client [req-6fe2a453-35be-4f4d-92bc-57279df22901 req-6fe2a453-35be-4f4d-92bc-57279df22901 ] Request (QuotasAdminNegativeTest:tearDownClass): 204 DELETE http://10.180.1.21/identity/v3/users/e70614ae443d42fd94be243fdc683b39 0.141s
2025-05-19 19:16:46.749 70026 INFO tempest.lib.common.rest_client [req-3d3342c7-1b31-46d3-b080-2980a9d5ae6b req-3d3342c7-1b31-46d3-b080-2980a9d5ae6b ] Request (ServersTestMultiNic:setUpClass): 201 POST http://10.180.1.21/identity/v3/auth/tokens 0.089s
2025-05-19 19:16:46.814 69970 INFO tempest.lib.common.rest_client [req-b8fc1bba-bdc4-4613-964d-775ee6061716 req-b8fc1bba-bdc4-4613-964d-775ee6061716 ] Request (FlavorsExtraSpecsTestJSON:tearDownClass): 200 GET http://10.180.1.21:9696/networking/v2.0/security-groups?tenant_id=2886c36b62cf4e1aaff42091ce944f1a&name=default 0.586s
2025-05-19 19:16:46.852 69964 INFO tempest.lib.common.rest_client [req-a0abccc4-fed2-4148-b222-6b792fd30a96 req-a0abccc4-fed2-4148-b222-6b792fd30a96 ] Request (HostsAdminNegativeTestJSON:tearDownClass): 204 DELETE http://10.180.1.21/identity/v3/users/f6332ac827814b0180da828e2739313f 0.186s
2025-05-19 19:16:46.868 70024 INFO tempest.lib.common.rest_client [req-58ccc541-7e4e-4a3e-9d71-7b7b41d6585e req-58ccc541-7e4e-4a3e-9d71-7b7b41d6585e ] Request (SecurityGroupsTestJSON:test_list_security_groups_by_server): 202 POST http://10.180.1.21/compute/v2.1/servers 4.589s
2025-05-19 19:16:46.913 70018 INFO tempest.lib.common.rest_client [req-ad4205a0-e807-4acd-992c-13614ab75197 req-ad4205a0-e807-4acd-992c-13614ab75197 ] Request (ListImageFiltersTestJSON:setUpClass): 200 GET http://10.180.1.21/compute/v2.1/images/394f4b21-917a-4ae7-afc4-73252d1bf00f 3.005s
2025-05-19 19:16:46.963 70020 INFO tempest.lib.common.rest_client [req-baa0618e-7605-4027-b28c-2985a44aeb97 req-baa0618e-7605-4027-b28c-2985a44aeb97 ] Request (FloatingIPDetailsTestJSON:tearDownClass): 204 DELETE http://10.180.1.21/identity/v3/users/aa3a43ec3f004b439e7a964f1572b598 0.285s
2025-05-19 19:16:46.963 70020 INFO tempest.lib.common.dynamic_creds [-] Deleting project and security group for project: b450e7aa2cda4a699fef8ece13dbbbd7
2025-05-19 19:16:47.015 69970 INFO tempest.lib.common.rest_client [req-0db4cc4f-dbae-48dc-8c66-b813449fbee8 req-0db4cc4f-dbae-48dc-8c66-b813449fbee8 ] Request (FlavorsExtraSpecsTestJSON:tearDownClass): 204 DELETE http://10.180.1.21:9696/networking/v2.0/security-groups/d755aa58-8116-457e-8426-45a45966d69f 0.198s
2025-05-19 19:16:47.019 70010 INFO tempest.lib.common.rest_client [req-5db5233d-70fc-4742-ba34-f422073306f7 req-5db5233d-70fc-4742-ba34-f422073306f7 ] Request (QuotasAdminNegativeTest:tearDownClass): 204 DELETE http://10.180.1.21/identity/v3/users/0cd3bf39c6ae4d999ba59d2173cd080d 0.271s
2025-05-19 19:16:47.019 70010 INFO tempest.lib.common.dynamic_creds [-] Deleting project and security group for project: c87fc7ea22a74d0bb46ab8aab4a9aab8
2025-05-19 19:16:47.070 69982 INFO tempest.lib.common.rest_client [req-fac39e3d-dc62-4d25-91b9-47561ce135f9 req-fac39e3d-dc62-4d25-91b9-47561ce135f9 ] Request (ServerShowV247Test:test_show_server): 202 POST http://10.180.1.21/compute/v2.1/servers 3.505s
2025-05-19 19:16:47.132 70020 INFO tempest.lib.common.rest_client [req-f333e959-3502-42d1-8618-f6e4da52a9c0 req-f333e959-3502-42d1-8618-f6e4da52a9c0 ] Request (FloatingIPDetailsTestJSON:tearDownClass): 200 GET http://10.180.1.21:9696/networking/v2.0/security-groups?tenant_id=b450e7aa2cda4a699fef8ece13dbbbd7&name=default 0.169s
2025-05-19 19:16:47.221 69972 INFO tempest.lib.common.rest_client [req-19d253c0-e10f-48a3-8dc3-58862dbafe06 req-19d253c0-e10f-48a3-8dc3-58862dbafe06 ] Request (InstanceActionsNegativeTestJSON:setUpClass): 200 GET http://10.180.1.21/compute/v2.1/servers/ab70fdbe-395f-451e-a89f-7834dbb93139 2.627s
2025-05-19 19:16:47.280 69980 INFO tempest.lib.common.rest_client [req-1bee26ee-9651-4143-8152-637672c5294e req-1bee26ee-9651-4143-8152-637672c5294e ] Request (VolumesAssistedSnapshotsTest:tearDownClass): 204 DELETE http://10.180.1.21:9696/networking/v2.0/networks/c811ecb9-fef9-4128-8515-cbb9c464a79c 1.587s
2025-05-19 19:16:47.300 70012 INFO tempest.lib.common.rest_client [req-10a932d5-0231-4ae6-a48f-f79331a035a1 req-10a932d5-0231-4ae6-a48f-f79331a035a1 ] Request (KeyPairsV22TestJSON:test_get_keypair_detail): 201 POST http://10.180.1.21/compute/v2.1/os-keypairs 3.196s
2025-05-19 19:16:47.315 69970 INFO tempest.lib.common.rest_client [req-d2db56aa-7edc-4c94-b320-83b243923bac req-d2db56aa-7edc-4c94-b320-83b243923bac ] Request (FlavorsExtraSpecsTestJSON:tearDownClass): 204 DELETE http://10.180.1.21/identity/v3/projects/2886c36b62cf4e1aaff42091ce944f1a 0.300s
2025-05-19 19:16:47.326 69964 INFO tempest.lib.common.rest_client [req-75063c02-ef28-4715-b8e4-b41972651326 req-75063c02-ef28-4715-b8e4-b41972651326 ] Request (HostsAdminNegativeTestJSON:tearDownClass): 204 DELETE http://10.180.1.21/identity/v3/users/17050374a2834250a86471fbcba3635f 0.473s
2025-05-19 19:16:47.326 69964 INFO tempest.lib.common.dynamic_creds [-] Deleting project and security group for project: 5b50c482982e4cbdbc7bbe98edd1651d
2025-05-19 19:16:47.376 70010 INFO tempest.lib.common.rest_client [req-66eda0a3-7cb9-46bc-960d-0ad48d319c82 req-66eda0a3-7cb9-46bc-960d-0ad48d319c82 ] Request (QuotasAdminNegativeTest:tearDownClass): 201 POST http://10.180.1.21/identity/v3/auth/tokens 0.355s
2025-05-19 19:16:47.378 70008 INFO tempest.lib.common.rest_client [req-5b8f5cee-1040-4c0b-a7ba-808ebdedaee1 req-5b8f5cee-1040-4c0b-a7ba-808ebdedaee1 ] Request (MultipleCreateTestJSON:test_multiple_create_with_reservation_return): 200 GET http://10.180.1.21/compute/v2.1/servers/64272758-7882-4501-81b3-e87d7b2972c0 2.665s
2025-05-19 19:16:47.399 69970 INFO tempest.lib.common.rest_client [req-7a61d7a6-002c-4ad1-ab72-eddf633c13cf req-7a61d7a6-002c-4ad1-ab72-eddf633c13cf ] Request (NetworksTest:setUpClass): 201 POST http://10.180.1.21/identity/v3/auth/tokens 0.082s
2025-05-19 19:16:47.399 69964 INFO tempest.lib.common.rest_client [req-81808e5a-e1ad-495d-8710-fc3f7f7ff3bc req-81808e5a-e1ad-495d-8710-fc3f7f7ff3bc ] Request (HostsAdminNegativeTestJSON:tearDownClass): 201 POST http://10.180.1.21/identity/v3/auth/tokens 0.072s
2025-05-19 19:16:47.402 69978 INFO tempest.lib.common.rest_client [req-51057f9d-c88d-4c28-a605-5938d1528b96 req-51057f9d-c88d-4c28-a605-5938d1528b96 ] Request (FlavorsAdminTestJSON:_run_cleanups): 202 DELETE http://10.180.1.21/compute/v2.1/flavors/6af30a36-0bd6-4149-93cd-c449d1b17818 2.580s
2025-05-19 19:16:47.421 69992 INFO tempest.lib.common.rest_client [req-cfd058b3-6665-4ec1-b7ab-a5268fa6098c req-cfd058b3-6665-4ec1-b7ab-a5268fa6098c ] Request (ServerDiskConfigTestJSON:setUpClass): 200 PUT http://10.180.1.21:9696/networking/v2.0/routers/ebfbed24-c1cf-408e-bdcf-e8ffa6a654df/add_router_interface 3.749s
2025-05-19 19:16:47.421 69992 INFO tempest.lib.common.dynamic_creds [-] Created isolated network resources for: credentials: Credentials: {'domain_id': 'default', 'domain_name': 'Default', 'username': 'tempest-ServerDiskConfigTestJSON-540690021-project-member', 'project_domain_id': 'default', 'project_domain_name': 'Default', 'project_id': 'ae80d11596eb49a89861e99c9bbc5a1f', 'project_name': 'tempest-ServerDiskConfigTestJSON-540690021', 'tenant_id': 'ae80d11596eb49a89861e99c9bbc5a1f', 'tenant_name': 'tempest-ServerDiskConfigTestJSON-540690021', 'user_domain_id': 'default', 'user_domain_name': 'Default', 'user_id': '0cc691b759044fbab6e1fd0f98bd4c5c', 'system': None}, Network: {'id': 'f7a99ce7-09ed-417a-aeea-e44a77a31893', 'name': 'tempest-ServerDiskConfigTestJSON-818431323-network', 'tenant_id': 'ae80d11596eb49a89861e99c9bbc5a1f', 'admin_state_up': True, 'mtu': 8950, 'status': 'ACTIVE', 'subnets': [], 'shared': False, 'project_id': 'ae80d11596eb49a89861e99c9bbc5a1f', 'port_security_enabled': True, 'router:external': False, 'provider:network_type': 'vlan', 'provider:physical_network': 'default', 'provider:segmentation_id': 626, 'availability_zone_hints': [], 'availability_zones': [], 'ipv4_address_scope': None, 'ipv6_address_scope': None, 'description': '', 'tags': [], 'created_at': '2025-05-19T19:16:40Z', 'updated_at': '2025-05-19T19:16:40Z', 'revision_number': 1}, Subnet: {'id': '94601d57-279a-4f57-a95c-25adf091d9c7', 'name': 'tempest-ServerDiskConfigTestJSON-818431323-subnet', 'tenant_id': 'ae80d11596eb49a89861e99c9bbc5a1f', 'network_id': 'f7a99ce7-09ed-417a-aeea-e44a77a31893', 'ip_version': 4, 'subnetpool_id': None, 'enable_dhcp': True, 'ipv6_ra_mode': None, 'ipv6_address_mode': None, 'gateway_ip': '192.168.128.1', 'cidr': '192.168.128.0/28', 'allocation_pools': [{'start': '192.168.128.2', 'end': '192.168.128.14'}], 'host_routes': [], 'dns_nameservers': [], 'description': '', 'router:external': False, 'service_types': [], 'tags': [], 'created_at': '2025-05-19T19:16:40Z', 'updated_at': '2025-05-19T19:16:40Z', 'revision_number': 0, 'project_id': 'ae80d11596eb49a89861e99c9bbc5a1f'}, Router: {'id': 'ebfbed24-c1cf-408e-bdcf-e8ffa6a654df', 'name': 'tempest-ServerDiskConfigTestJSON-818431323-router', 'tenant_id': 'ae80d11596eb49a89861e99c9bbc5a1f', 'admin_state_up': True, 'status': 'ACTIVE', 'external_gateway_info': {'network_id': 'c5ccbd8b-5bcc-4b48-9ee2-c90d6adde6df', 'external_fixed_ips': [{'subnet_id': '9747c866-2ab2-41c6-822a-be6863d545ae', 'ip_address': '10.180.180.167'}], 'enable_snat': True}, 'description': '', 'availability_zones': [], 'distributed': False, 'ha': False, 'availability_zone_hints': [], 'routes': [], 'flavor_id': None, 'tags': [], 'created_at': '2025-05-19T19:16:41Z', 'updated_at': '2025-05-19T19:16:42Z', 'revision_number': 2, 'project_id': 'ae80d11596eb49a89861e99c9bbc5a1f'}
2025-05-19 19:16:47.437 69970 INFO tempest.lib.common.rest_client [req-8226915f-6f14-4a0d-a083-b1d56a175607 req-8226915f-6f14-4a0d-a083-b1d56a175607 ] Request (NetworksTest:setUpClass): 201 POST http://10.180.1.21/identity/v3/auth/tokens 0.035s
2025-05-19 19:16:47.466 70020 INFO tempest.lib.common.rest_client [req-11df5b98-5d8d-469c-97a1-d6d92982cf7e req-11df5b98-5d8d-469c-97a1-d6d92982cf7e ] Request (FloatingIPDetailsTestJSON:tearDownClass): 204 DELETE http://10.180.1.21:9696/networking/v2.0/security-groups/568c1ba0-a675-44de-ab4b-19beabbbdd81 0.333s
2025-05-19 19:16:47.485 70026 INFO tempest.lib.common.rest_client [req-9e2f84da-cc26-4d33-888a-bd16f93af599 req-9e2f84da-cc26-4d33-888a-bd16f93af599 ] Request (ServersTestMultiNic:test_verify_duplicate_network_nics): 201 POST http://10.180.1.21:9696/networking/v2.0/networks 0.734s
2025-05-19 19:16:47.521 69970 INFO tempest.lib.common.rest_client [req-de8546e5-94ee-45a8-81a3-3803678b6a2e req-de8546e5-94ee-45a8-81a3-3803678b6a2e ] Request (NetworksTest:setUpClass): 200 GET http://10.180.1.21/identity/v3/domains?name=Default 0.083s
2025-05-19 19:16:47.561 69992 INFO tempest.lib.common.rest_client [req-1eb291fe-337b-4e5e-85ea-c24a724e487c req-1eb291fe-337b-4e5e-85ea-c24a724e487c ] Request (ServerDiskConfigTestJSON:setUpClass): 201 POST http://10.180.1.21/identity/v3/auth/tokens 0.131s
2025-05-19 19:16:47.583 70020 INFO tempest.lib.common.rest_client [req-89b27e2d-7773-4888-a3b7-7617ec800f54 req-89b27e2d-7773-4888-a3b7-7617ec800f54 ] Request (FloatingIPDetailsTestJSON:tearDownClass): 204 DELETE http://10.180.1.21/identity/v3/projects/b450e7aa2cda4a699fef8ece13dbbbd7 0.117s
2025-05-19 19:16:47.606 70000 INFO tempest.lib.common.rest_client [req-b170f7d6-1255-4e2b-9440-97f152c05c03 req-b170f7d6-1255-4e2b-9440-97f152c05c03 ] Request (MigrationsAdminTest:test_resize_server_revert_deleted_flavor): 204 DELETE http://10.180.1.21/compute/v2.1/servers/aa05930b-a468-4756-8e33-77a02e6720da 2.795s
2025-05-19 19:16:47.617 69970 INFO tempest.lib.common.rest_client [req-ce09888d-af73-4359-99e0-22cef613cc48 req-ce09888d-af73-4359-99e0-22cef613cc48 ] Request (NetworksTest:setUpClass): 201 POST http://10.180.1.21/identity/v3/projects 0.095s
2025-05-19 19:16:47.618 69984 INFO tempest.lib.common.rest_client [req-c733ac29-f7e1-4252-b499-8c02d302f47f req-c733ac29-f7e1-4252-b499-8c02d302f47f ] Request (AggregatesAdminNegativeTestJSON:test_aggregate_create_as_user): 403 POST http://10.180.1.21/compute/v2.1/os-aggregates 2.564s
2025-05-19 19:16:47.643 70002 INFO tempest.lib.common.rest_client [req-834206b2-8d2b-49d4-afec-ee140eb5c43f req-834206b2-8d2b-49d4-afec-ee140eb5c43f ] Request (ServicesAdminNegativeV253TestJSON:test_get_service_with_valid_service_and_invalid_host): 200 GET http://10.180.1.21/compute/v2.1/os-services?host=xxx&binary=nova-scheduler 2.560s
2025-05-19 19:16:47.652 69992 INFO tempest.lib.common.rest_client [req-05eeb652-b102-44fa-b0a4-5275fc486c14 req-05eeb652-b102-44fa-b0a4-5275fc486c14 ] Request (ServerDiskConfigTestJSON:test_rebuild_server_with_auto_disk_config): 201 POST http://10.180.1.21/identity/v3/auth/tokens 0.086s
