2025-05-19 19:17:10.268 69966 INFO tempest.lib.common.rest_client [req-1feac844-79c0-4f0c-a706-ce59071713a5 req-1feac844-79c0-4f0c-a706-ce59071713a5 ] Request (ImagesNegativeTestJSON:setUpClass): 201 POST http://10.180.1.21:9696/networking/v2.0/routers 5.455s
2025-05-19 19:17:10.295 70014 INFO tempest.lib.common.rest_client [req-6c0aa36b-d077-49b5-b53e-2132e2005834 req-6c0aa36b-d077-49b5-b53e-2132e2005834 ] Request (SecurityGroupsNegativeTestJSON:test_delete_the_default_security_group): 200 GET http://10.180.1.21/compute/v2.1/os-security-groups 1.509s
2025-05-19 19:17:10.303 69984 INFO tempest.lib.common.rest_client [req-91687ece-9134-4cd0-a459-3fea49db68a9 req-91687ece-9134-4cd0-a459-3fea49db68a9 ] Request (AggregatesAdminNegativeTestJSON:test_aggregate_list_as_user): 403 GET http://10.180.1.21/compute/v2.1/os-aggregates 1.066s
2025-05-19 19:17:10.428 70008 INFO tempest.lib.common.rest_client [req-b631ff00-ecc7-4ff4-b29e-4c896b5bf537 req-b631ff00-ecc7-4ff4-b29e-4c896b5bf537 ] Request (MultipleCreateTestJSON:tearDownClass): 204 DELETE http://10.180.1.21:9696/networking/v2.0/networks/7baf3700-89cf-42c2-aba9-0ad39deec125 2.831s
2025-05-19 19:17:10.498 70016 INFO tempest.lib.common.rest_client [req-2eda8ae5-9251-4a55-9810-7897f9c8be99 req-2eda8ae5-9251-4a55-9810-7897f9c8be99 ] Request (ServersTestBootFromVolume:setUpClass): 200 GET http://10.180.1.21/volume/v3/volumes/3bb2c2e5-4216-4236-b17d-84035528d029 0.033s
2025-05-19 19:17:10.519 70008 INFO tempest.lib.common.rest_client [req-d768ba3f-1b59-4658-ba5f-aaca27076b83 req-d768ba3f-1b59-4658-ba5f-aaca27076b83 ] Request (MultipleCreateTestJSON:tearDownClass): 204 DELETE http://10.180.1.21/identity/v3/users/3c8046f6ef714a8f8d5523e71b1a60ef 0.090s
2025-05-19 19:17:10.520 70008 INFO tempest.lib.common.dynamic_creds [-] Deleting project and security group for project: 9c8b9f9cd1974f19bf0288192fc7eba6
2025-05-19 19:17:10.630 69988 INFO tempest.lib.common.rest_client [req-164bcdb1-cd61-4372-9251-c3e41e97d76b req-164bcdb1-cd61-4372-9251-c3e41e97d76b ] Request (InstanceActionsTestJSON:setUpClass): 200 PUT http://10.180.1.21:9696/networking/v2.0/routers/4b4b5d63-f011-4c6b-94bf-6f1971cdfd44/add_router_interface 7.145s
2025-05-19 19:17:10.631 69988 INFO tempest.lib.common.dynamic_creds [-] Created isolated network resources for: credentials: Credentials: {'domain_id': 'default', 'domain_name': 'Default', 'username': 'tempest-InstanceActionsTestJSON-938199038-project-member', 'project_domain_id': 'default', 'project_domain_name': 'Default', 'project_id': 'c747cb3848984e3c9fdd27e21909a88c', 'project_name': 'tempest-InstanceActionsTestJSON-938199038', 'tenant_id': 'c747cb3848984e3c9fdd27e21909a88c', 'tenant_name': 'tempest-InstanceActionsTestJSON-938199038', 'user_domain_id': 'default', 'user_domain_name': 'Default', 'user_id': 'a660de9b00da4a41b4c00199cc0c1a78', 'system': None}, Network: {'id': 'e0a4c484-6616-427d-81f1-8aa4c12ec9d3', 'name': 'tempest-InstanceActionsTestJSON-1940158854-network', 'tenant_id': 'c747cb3848984e3c9fdd27e21909a88c', 'admin_state_up': True, 'mtu': 8950, 'status': 'ACTIVE', 'subnets': [], 'shared': False, 'project_id': 'c747cb3848984e3c9fdd27e21909a88c', 'port_security_enabled': True, 'router:external': False, 'provider:network_type': 'vlan', 'provider:physical_network': 'default', 'provider:segmentation_id': 207, 'availability_zone_hints': [], 'availability_zones': [], 'ipv4_address_scope': None, 'ipv6_address_scope': None, 'description': '', 'tags': [], 'created_at': '2025-05-19T19:16:57Z', 'updated_at': '2025-05-19T19:16:57Z', 'revision_number': 1}, Subnet: {'id': '5f571837-996c-46d0-bb92-c82ebd3272e6', 'name': 'tempest-InstanceActionsTestJSON-1940158854-subnet', 'tenant_id': 'c747cb3848984e3c9fdd27e21909a88c', 'network_id': 'e0a4c484-6616-427d-81f1-8aa4c12ec9d3', 'ip_version': 4, 'subnetpool_id': None, 'enable_dhcp': True, 'ipv6_ra_mode': None, 'ipv6_address_mode': None, 'gateway_ip': '192.168.128.1', 'cidr': '192.168.128.0/28', 'allocation_pools': [{'start': '192.168.128.2', 'end': '192.168.128.14'}], 'host_routes': [], 'dns_nameservers': [], 'description': '', 'router:external': False, 'service_types': [], 'tags': [], 'created_at': '2025-05-19T19:16:58Z', 'updated_at': '2025-05-19T19:16:58Z', 'revision_number': 0, 'project_id': 'c747cb3848984e3c9fdd27e21909a88c'}, Router: {'id': '4b4b5d63-f011-4c6b-94bf-6f1971cdfd44', 'name': 'tempest-InstanceActionsTestJSON-1940158854-router', 'tenant_id': 'c747cb3848984e3c9fdd27e21909a88c', 'admin_state_up': True, 'status': 'ACTIVE', 'external_gateway_info': {'network_id': 'c5ccbd8b-5bcc-4b48-9ee2-c90d6adde6df', 'external_fixed_ips': [{'subnet_id': '9747c866-2ab2-41c6-822a-be6863d545ae', 'ip_address': '10.180.180.184'}], 'enable_snat': True}, 'description': '', 'availability_zones': [], 'distributed': False, 'ha': False, 'availability_zone_hints': [], 'routes': [], 'flavor_id': None, 'tags': [], 'created_at': '2025-05-19T19:16:58Z', 'updated_at': '2025-05-19T19:17:01Z', 'revision_number': 2, 'project_id': 'c747cb3848984e3c9fdd27e21909a88c'}
2025-05-19 19:17:10.719 69988 INFO tempest.lib.common.rest_client [req-c2400e9c-b0a5-4f18-b676-17f8ee3c6812 req-c2400e9c-b0a5-4f18-b676-17f8ee3c6812 ] Request (InstanceActionsTestJSON:setUpClass): 201 POST http://10.180.1.21/identity/v3/auth/tokens 0.084s
2025-05-19 19:17:10.735 70008 INFO tempest.lib.common.rest_client [req-74887483-8241-4168-9b83-6e22e6372617 req-74887483-8241-4168-9b83-6e22e6372617 ] Request (MultipleCreateTestJSON:tearDownClass): 200 GET http://10.180.1.21:9696/networking/v2.0/security-groups?tenant_id=9c8b9f9cd1974f19bf0288192fc7eba6&name=default 0.215s
2025-05-19 19:17:10.760 69988 INFO tempest.lib.common.rest_client [req-27c872a8-8bfa-4a11-b5c4-40fdbd89615f req-27c872a8-8bfa-4a11-b5c4-40fdbd89615f ] Request (InstanceActionsTestJSON:setUpClass): 201 POST http://10.180.1.21/identity/v3/auth/tokens 0.036s
2025-05-19 19:17:10.760 69988 INFO tempest.lib.common.fixed_network [-] (InstanceActionsTestJSON:setUpClass) Found network {'id': 'e0a4c484-6616-427d-81f1-8aa4c12ec9d3', 'name': 'tempest-InstanceActionsTestJSON-1940158854-network', 'tenant_id': 'c747cb3848984e3c9fdd27e21909a88c', 'admin_state_up': True, 'mtu': 8950, 'status': 'ACTIVE', 'subnets': [], 'shared': False, 'project_id': 'c747cb3848984e3c9fdd27e21909a88c', 'port_security_enabled': True, 'router:external': False, 'provider:network_type': 'vlan', 'provider:physical_network': 'default', 'provider:segmentation_id': 207, 'availability_zone_hints': [], 'availability_zones': [], 'ipv4_address_scope': None, 'ipv6_address_scope': None, 'description': '', 'tags': [], 'created_at': '2025-05-19T19:16:57Z', 'updated_at': '2025-05-19T19:16:57Z', 'revision_number': 1} available for tenant
2025-05-19 19:17:10.871 69976 INFO tempest.lib.common.rest_client [req-8f53925c-56eb-49bc-a602-7e86e3befcc2 req-8f53925c-56eb-49bc-a602-7e86e3befcc2 ] Request (QuotasAdminTestJSON:tearDownClass): 200 GET http://10.180.1.21:9696/networking/v2.0/security-groups?tenant_id=4f36b99d386944a6a570a9fc5c256f57&name=default 1.119s
2025-05-19 19:17:10.934 70026 INFO tempest.lib.common.rest_client [req-1d2cca7f-01dc-44f4-a92d-c3ba66e2db34 req-1d2cca7f-01dc-44f4-a92d-c3ba66e2db34 ] Request (ServersTestMultiNic:test_verify_multiple_nics_order): 201 POST http://10.180.1.21:9696/networking/v2.0/networks 0.796s
2025-05-19 19:17:10.936 70000 INFO tempest.lib.common.rest_client [req-86ad0c34-4e27-4c2d-a179-0c576039343f req-86ad0c34-4e27-4c2d-a179-0c576039343f ] Request (ServersAdmin275Test:tearDownClass): 200 GET http://10.180.1.21:9696/networking/v2.0/security-groups?tenant_id=adce08aa209341d49cfd2a586b8f714f&name=default 0.824s
2025-05-19 19:17:10.989 70024 INFO tempest.lib.common.rest_client [req-c51ebbad-df81-4024-9469-ba849fdf4161 req-c51ebbad-df81-4024-9469-ba849fdf4161 ] Request (SecurityGroupsTestJSON:test_security_groups_create_list_delete): 200 POST http://10.180.1.21/compute/v2.1/os-security-groups 1.758s
2025-05-19 19:17:11.264 70008 INFO tempest.lib.common.rest_client [req-25e1b0bf-da88-4ee9-b47b-f16452a47381 req-25e1b0bf-da88-4ee9-b47b-f16452a47381 ] Request (MultipleCreateTestJSON:tearDownClass): 204 DELETE http://10.180.1.21:9696/networking/v2.0/security-groups/72d0b3af-1297-4298-a3af-b9404c987549 0.529s
2025-05-19 19:17:11.264 69986 INFO tempest.lib.common.rest_client [req-e4815c1c-3dcc-4633-8a44-7b29f508b84e req-e4815c1c-3dcc-4633-8a44-7b29f508b84e ] Request (ServersTestFqdnHostnames:tearDownClass): 204 DELETE http://10.180.1.21:9696/networking/v2.0/routers/443230d2-f934-4cee-9022-9664cde5a347 2.596s
2025-05-19 19:17:11.326 69992 INFO tempest.lib.common.rest_client [req-615e1b40-4fa4-425b-a49c-9401aff7ae53 req-615e1b40-4fa4-425b-a49c-9401aff7ae53 ] Request (ServerDiskConfigTestJSON:test_rebuild_server_with_manual_disk_config): 204 DELETE http://10.180.1.21/compute/v2.1/servers/1da2414a-0a01-4218-8d5d-f9102fb9907c 1.897s
2025-05-19 19:17:11.421 70008 INFO tempest.lib.common.rest_client [req-546291b2-f0fa-4e2e-abe7-d8701179a244 req-546291b2-f0fa-4e2e-abe7-d8701179a244 ] Request (MultipleCreateTestJSON:tearDownClass): 204 DELETE http://10.180.1.21/identity/v3/projects/9c8b9f9cd1974f19bf0288192fc7eba6 0.156s
2025-05-19 19:17:11.505 70008 INFO tempest.lib.common.rest_client [req-247732e2-f246-4ee8-81e9-afbbaa67aeb1 req-247732e2-f246-4ee8-81e9-afbbaa67aeb1 ] Request (ServerGroupTestJSON:setUpClass): 201 POST http://10.180.1.21/identity/v3/auth/tokens 0.081s
2025-05-19 19:17:11.537 70016 INFO tempest.lib.common.rest_client [req-aa72d97f-4238-4b39-b46d-dfa3c19d1729 req-aa72d97f-4238-4b39-b46d-dfa3c19d1729 ] Request (ServersTestBootFromVolume:setUpClass): 200 GET http://10.180.1.21/volume/v3/volumes/3bb2c2e5-4216-4236-b17d-84035528d029 0.031s
2025-05-19 19:17:11.543 70008 INFO tempest.lib.common.rest_client [req-271d3d5b-d449-4392-83d6-7b927f5b82ca req-271d3d5b-d449-4392-83d6-7b927f5b82ca ] Request (ServerGroupTestJSON:setUpClass): 201 POST http://10.180.1.21/identity/v3/auth/tokens 0.035s
2025-05-19 19:17:11.549 69964 INFO tempest.lib.common.rest_client [req-cb8d2785-fdae-45b7-bb77-21f105c734fd req-cb8d2785-fdae-45b7-bb77-21f105c734fd ] Request (QuotasAdminTestV257:test_get_updated_quotas): 200 GET http://10.180.1.21/compute/v2.1/os-quota-sets/830104e9313e4e639ba0470eec0168da/detail 1.898s
2025-05-19 19:17:11.580 70008 INFO tempest.lib.common.rest_client [req-591d5856-8db8-4106-8296-28d2ad874496 req-591d5856-8db8-4106-8296-28d2ad874496 ] Request (ServerGroupTestJSON:setUpClass): 200 GET http://10.180.1.21/identity/v3/domains?name=Default 0.036s
2025-05-19 19:17:11.587 69964 INFO tempest.lib.common.rest_client [req-51ed78bd-b3d6-4025-9822-922e3d0020bb req-51ed78bd-b3d6-4025-9822-922e3d0020bb ] Request (QuotasAdminTestV257:test_get_updated_quotas): 200 GET http://10.180.1.21/identity/v3/domains?name=Default 0.032s
2025-05-19 19:17:11.617 69964 INFO tempest.lib.common.rest_client [req-8d985afd-7425-4faa-8e38-43b45487cc6f req-8d985afd-7425-4faa-8e38-43b45487cc6f ] Request (QuotasAdminTestV257:test_get_updated_quotas): 201 POST http://10.180.1.21/identity/v3/users 0.027s
2025-05-19 19:17:11.617 70008 INFO tempest.lib.common.rest_client [req-48fa9cf7-6aad-4d3a-a313-36595047ed77 req-48fa9cf7-6aad-4d3a-a313-36595047ed77 ] Request (ServerGroupTestJSON:setUpClass): 201 POST http://10.180.1.21/identity/v3/projects 0.037s
2025-05-19 19:17:11.698 69964 INFO tempest.lib.common.rest_client [req-698aa812-2c6f-41ff-b4c4-18b61f763aeb req-698aa812-2c6f-41ff-b4c4-18b61f763aeb ] Request (QuotasAdminTestV257:test_get_updated_quotas): 200 GET http://10.180.1.21/identity/v3/domains?name=Default 0.080s
2025-05-19 19:17:11.701 69976 INFO tempest.lib.common.rest_client [req-f902f56f-c61d-44dd-a3be-518a1a7a59dc req-f902f56f-c61d-44dd-a3be-518a1a7a59dc ] Request (QuotasAdminTestJSON:tearDownClass): 204 DELETE http://10.180.1.21:9696/networking/v2.0/security-groups/cc5e28ef-0481-4aae-b041-556079a88053 0.830s
2025-05-19 19:17:11.702 70008 INFO tempest.lib.common.rest_client [req-ce302a57-2c83-45ae-bbfb-b2f67f12bbc5 req-ce302a57-2c83-45ae-bbfb-b2f67f12bbc5 ] Request (ServerGroupTestJSON:setUpClass): 201 POST http://10.180.1.21/identity/v3/users 0.084s
2025-05-19 19:17:11.718 69982 INFO tempest.lib.common.rest_client [req-4638149b-f0dc-4bf7-84f9-c228b564ff92 req-4638149b-f0dc-4bf7-84f9-c228b564ff92 ] Request (ServersNegativeTestJSON:setUpClass): 201 POST http://10.180.1.21:9696/networking/v2.0/subnets 1.830s
2025-05-19 19:17:11.726 70008 INFO tempest.lib.common.rest_client [req-d1efdd63-8a92-43f7-be22-11eee536276c req-d1efdd63-8a92-43f7-be22-11eee536276c ] Request (ServerGroupTestJSON:setUpClass): 200 GET http://10.180.1.21/identity/v3/roles 0.024s
2025-05-19 19:17:11.758 70008 INFO tempest.lib.common.rest_client [req-dd368ee6-6e98-4649-85fa-1faeb57b5bab req-dd368ee6-6e98-4649-85fa-1faeb57b5bab ] Request (ServerGroupTestJSON:setUpClass): 204 PUT http://10.180.1.21/identity/v3/projects/36977426e5bd490a9a8c6758a4a49238/users/c0ec62a971374951ae62eab05471a1c6/roles/9db8bcd66cf44d809f2f23ff6ff2f096 0.031s
2025-05-19 19:17:11.759 70008 INFO tempest.lib.common.dynamic_creds [-] Dynamic test user c0ec62a971374951ae62eab05471a1c6 is created with scope project and roles: ['member']
2025-05-19 19:17:11.759 70008 INFO tempest.lib.common.dynamic_creds [-] Acquired dynamic creds: credentials: Credentials: {'domain_id': 'default', 'domain_name': 'Default', 'username': 'tempest-ServerGroupTestJSON-2102265821-project-member', 'project_domain_id': 'default', 'project_domain_name': 'Default', 'project_id': '36977426e5bd490a9a8c6758a4a49238', 'project_name': 'tempest-ServerGroupTestJSON-2102265821', 'tenant_id': '36977426e5bd490a9a8c6758a4a49238', 'tenant_name': 'tempest-ServerGroupTestJSON-2102265821', 'user_domain_id': 'default', 'user_domain_name': 'Default', 'user_id': 'c0ec62a971374951ae62eab05471a1c6', 'system': None}, Network: None, Subnet: None, Router: None
2025-05-19 19:17:11.769 69976 INFO tempest.lib.common.rest_client [req-25d6b420-dfa4-40c5-8ba1-58d641660fa5 req-25d6b420-dfa4-40c5-8ba1-58d641660fa5 ] Request (QuotasAdminTestJSON:tearDownClass): 204 DELETE http://10.180.1.21/identity/v3/projects/4f36b99d386944a6a570a9fc5c256f57 0.067s
2025-05-19 19:17:11.771 70000 INFO tempest.lib.common.rest_client [req-f920c2e2-85bb-4f9d-ba5c-74d7e7236c5d req-f920c2e2-85bb-4f9d-ba5c-74d7e7236c5d ] Request (ServersAdmin275Test:tearDownClass): 204 DELETE http://10.180.1.21:9696/networking/v2.0/security-groups/ccbd4ed7-3373-4423-a34d-9a8f206dc485 0.834s
2025-05-19 19:17:11.825 70008 INFO tempest.lib.common.rest_client [req-91775e98-6e17-42d8-a914-de0658ef3c35 req-91775e98-6e17-42d8-a914-de0658ef3c35 ] Request (ServerGroupTestJSON:setUpClass): 201 POST http://10.180.1.21/identity/v3/auth/tokens 0.066s
2025-05-19 19:17:11.838 69976 INFO tempest.lib.common.rest_client [req-a9a9e62e-e418-4f66-b0c4-6ac0766c5312 req-a9a9e62e-e418-4f66-b0c4-6ac0766c5312 ] Request (TenantUsagesNegativeTestJSON:setUpClass): 201 POST http://10.180.1.21/identity/v3/auth/tokens 0.067s
2025-05-19 19:17:11.848 69998 INFO tempest.lib.common.rest_client [req-8a77cf77-0057-4dcb-ae43-57c3d9e775d7 req-8a77cf77-0057-4dcb-ae43-57c3d9e775d7 ] Request (ServersWithSpecificFlavorTestJSON:tearDownClass): 204 DELETE http://10.180.1.21:9696/networking/v2.0/networks/58bc5d7f-69b7-4eed-9853-6a510fd15267 2.114s
2025-05-19 19:17:11.887 70000 INFO tempest.lib.common.rest_client [req-01e9c15c-b954-4caa-8d7d-34f3499ffb8f req-01e9c15c-b954-4caa-8d7d-34f3499ffb8f ] Request (ServersAdmin275Test:tearDownClass): 204 DELETE http://10.180.1.21/identity/v3/projects/adce08aa209341d49cfd2a586b8f714f 0.116s
2025-05-19 19:17:11.887 70000 INFO tempest.lib.common.dynamic_creds [-] Deleting project and security group for project: b9fae2a72ad64edda50697bd1f94c835
2025-05-19 19:17:11.902 69976 INFO tempest.lib.common.rest_client [req-16ef3b70-3b58-44fa-a317-9792bdbd411a req-16ef3b70-3b58-44fa-a317-9792bdbd411a ] Request (TenantUsagesNegativeTestJSON:setUpClass): 201 POST http://10.180.1.21/identity/v3/auth/tokens 0.060s
2025-05-19 19:17:11.912 70002 INFO tempest.lib.common.rest_client [req-c93936c4-0669-40b7-aa5d-6bcd5f2c3b3b req-c93936c4-0669-40b7-aa5d-6bcd5f2c3b3b ] Request (AttachInterfacesUnderV243Test:setUpClass): 200 PUT http://10.180.1.21:9696/networking/v2.0/routers/5c3f7472-7685-4956-b25d-141276c5e4b8/add_router_interface 7.262s
2025-05-19 19:17:11.912 70002 INFO tempest.lib.common.dynamic_creds [-] Created isolated network resources for: credentials: Credentials: {'domain_id': 'default', 'domain_name': 'Default', 'username': 'tempest-AttachInterfacesUnderV243Test-446835511-project-member', 'project_domain_id': 'default', 'project_domain_name': 'Default', 'project_id': '30ea2586f7954ea8bd8fee3ed49b4937', 'project_name': 'tempest-AttachInterfacesUnderV243Test-446835511', 'tenant_id': '30ea2586f7954ea8bd8fee3ed49b4937', 'tenant_name': 'tempest-AttachInterfacesUnderV243Test-446835511', 'user_domain_id': 'default', 'user_domain_name': 'Default', 'user_id': '0d887e72762944ca94f86939327c8557', 'system': None}, Network: {'id': 'c0f20309-7031-4e5e-8dd3-8f25d47ceafa', 'name': 'tempest-AttachInterfacesUnderV243Test-1866305590-network', 'tenant_id': '30ea2586f7954ea8bd8fee3ed49b4937', 'admin_state_up': True, 'mtu': 8950, 'status': 'ACTIVE', 'subnets': [], 'shared': False, 'project_id': '30ea2586f7954ea8bd8fee3ed49b4937', 'port_security_enabled': True, 'router:external': False, 'provider:network_type': 'vlan', 'provider:physical_network': 'default', 'provider:segmentation_id': 36, 'availability_zone_hints': [], 'availability_zones': [], 'ipv4_address_scope': None, 'ipv6_address_scope': None, 'description': '', 'tags': [], 'created_at': '2025-05-19T19:16:57Z', 'updated_at': '2025-05-19T19:16:57Z', 'revision_number': 1}, Subnet: {'id': '5b57fd14-8930-4397-895c-c2e78a825704', 'name': 'tempest-AttachInterfacesUnderV243Test-1866305590-subnet', 'tenant_id': '30ea2586f7954ea8bd8fee3ed49b4937', 'network_id': 'c0f20309-7031-4e5e-8dd3-8f25d47ceafa', 'ip_version': 4, 'subnetpool_id': None, 'enable_dhcp': True, 'ipv6_ra_mode': None, 'ipv6_address_mode': None, 'gateway_ip': '192.168.128.1', 'cidr': '192.168.128.0/28', 'allocation_pools': [{'start': '192.168.128.2', 'end': '192.168.128.14'}], 'host_routes': [], 'dns_nameservers': [], 'description': '', 'router:external': False, 'service_types': [], 'tags': [], 'created_at': '2025-05-19T19:16:58Z', 'updated_at': '2025-05-19T19:16:58Z', 'revision_number': 0, 'project_id': '30ea2586f7954ea8bd8fee3ed49b4937'}, Router: {'id': '5c3f7472-7685-4956-b25d-141276c5e4b8', 'name': 'tempest-AttachInterfacesUnderV243Test-1866305590-router', 'tenant_id': '30ea2586f7954ea8bd8fee3ed49b4937', 'admin_state_up': True, 'status': 'ACTIVE', 'external_gateway_info': {'network_id': 'c5ccbd8b-5bcc-4b48-9ee2-c90d6adde6df', 'external_fixed_ips': [{'subnet_id': '9747c866-2ab2-41c6-822a-be6863d545ae', 'ip_address': '10.180.180.189'}], 'enable_snat': True}, 'description': '', 'availability_zones': [], 'distributed': False, 'ha': False, 'availability_zone_hints': [], 'routes': [], 'flavor_id': None, 'tags': [], 'created_at': '2025-05-19T19:16:59Z', 'updated_at': '2025-05-19T19:17:02Z', 'revision_number': 2, 'project_id': '30ea2586f7954ea8bd8fee3ed49b4937'}
2025-05-19 19:17:11.924 69976 INFO tempest.lib.common.rest_client [req-5ceb2790-8519-41a6-8a02-3a80dee9bc9f req-5ceb2790-8519-41a6-8a02-3a80dee9bc9f ] Request (TenantUsagesNegativeTestJSON:setUpClass): 200 GET http://10.180.1.21/identity/v3/domains?name=Default 0.022s
2025-05-19 19:17:11.956 69976 INFO tempest.lib.common.rest_client [req-8fbf4317-792a-4068-9844-2b0677698a33 req-8fbf4317-792a-4068-9844-2b0677698a33 ] Request (TenantUsagesNegativeTestJSON:setUpClass): 201 POST http://10.180.1.21/identity/v3/projects 0.031s
2025-05-19 19:17:11.974 70005 INFO tempest.lib.common.rest_client [req-bd33b778-ab9b-4618-b6de-cdfb381d5a6c req-bd33b778-ab9b-4618-b6de-cdfb381d5a6c ] Request (SecurityGroupRulesNegativeTestJSON:tearDownClass): 204 DELETE http://10.180.1.21:9696/networking/v2.0/networks/3d06df7d-9a2d-45c8-8485-4e4f664c1bb8 2.038s
2025-05-19 19:17:11.992 70002 INFO tempest.lib.common.rest_client [req-fd107086-ebcc-4f7a-a891-63ac897797c8 req-fd107086-ebcc-4f7a-a891-63ac897797c8 ] Request (AttachInterfacesUnderV243Test:setUpClass): 201 POST http://10.180.1.21/identity/v3/auth/tokens 0.071s
2025-05-19 19:17:12.015 69976 INFO tempest.lib.common.rest_client [req-59184412-0879-4ae6-889e-9a85637c5786 req-59184412-0879-4ae6-889e-9a85637c5786 ] Request (TenantUsagesNegativeTestJSON:setUpClass): 201 POST http://10.180.1.21/identity/v3/users 0.058s
2025-05-19 19:17:12.036 69976 INFO tempest.lib.common.rest_client [req-7b2f1a05-5905-457c-9721-db5cd9c5e7fc req-7b2f1a05-5905-457c-9721-db5cd9c5e7fc ] Request (TenantUsagesNegativeTestJSON:setUpClass): 200 GET http://10.180.1.21/identity/v3/roles 0.021s
2025-05-19 19:17:12.067 70005 INFO tempest.lib.common.rest_client [req-cf0c03a6-5866-4d82-9e55-d9f2056f3c49 req-cf0c03a6-5866-4d82-9e55-d9f2056f3c49 ] Request (SecurityGroupRulesNegativeTestJSON:tearDownClass): 204 DELETE http://10.180.1.21/identity/v3/users/a353bdd4a670466588acd3694e213d60 0.092s
2025-05-19 19:17:12.068 70005 INFO tempest.lib.common.dynamic_creds [-] Deleting project and security group for project: b2edfd12113f40eaaf00695f1cd450b3
2025-05-19 19:17:12.101 69976 INFO tempest.lib.common.rest_client [req-e50509fe-dbc9-431e-8eec-486a55f96546 req-e50509fe-dbc9-431e-8eec-486a55f96546 ] Request (TenantUsagesNegativeTestJSON:setUpClass): 204 PUT http://10.180.1.21/identity/v3/projects/408d440acfac4ea185aebc6f20153c54/users/4b225dbdf8e2414fb3debad907f7f8b8/roles/9db8bcd66cf44d809f2f23ff6ff2f096 0.065s
2025-05-19 19:17:12.101 69976 INFO tempest.lib.common.dynamic_creds [-] Dynamic test user 4b225dbdf8e2414fb3debad907f7f8b8 is created with scope project and roles: ['member']
2025-05-19 19:17:12.102 69976 INFO tempest.lib.common.dynamic_creds [-] Acquired dynamic creds: credentials: Credentials: {'domain_id': 'default', 'domain_name': 'Default', 'username': 'tempest-TenantUsagesNegativeTestJSON-523950814-project-member', 'project_domain_id': 'default', 'project_domain_name': 'Default', 'project_id': '408d440acfac4ea185aebc6f20153c54', 'project_name': 'tempest-TenantUsagesNegativeTestJSON-523950814', 'tenant_id': '408d440acfac4ea185aebc6f20153c54', 'tenant_name': 'tempest-TenantUsagesNegativeTestJSON-523950814', 'user_domain_id': 'default', 'user_domain_name': 'Default', 'user_id': '4b225dbdf8e2414fb3debad907f7f8b8', 'system': None}, Network: None, Subnet: None, Router: None
2025-05-19 19:17:12.102 69976 INFO tempest.lib.common.dynamic_creds [-] Created isolated network resources for: credentials: Credentials: {'domain_id': 'default', 'domain_name': 'Default', 'username': 'tempest-TenantUsagesNegativeTestJSON-523950814-project-member', 'project_domain_id': 'default', 'project_domain_name': 'Default', 'project_id': '408d440acfac4ea185aebc6f20153c54', 'project_name': 'tempest-TenantUsagesNegativeTestJSON-523950814', 'tenant_id': '408d440acfac4ea185aebc6f20153c54', 'tenant_name': 'tempest-TenantUsagesNegativeTestJSON-523950814', 'user_domain_id': 'default', 'user_domain_name': 'Default', 'user_id': '4b225dbdf8e2414fb3debad907f7f8b8', 'system': None}, Network: None, Subnet: None, Router: None
2025-05-19 19:17:12.202 69976 INFO tempest.lib.common.rest_client [req-6223f001-bf6e-4088-8b10-5be0f32fc92c req-6223f001-bf6e-4088-8b10-5be0f32fc92c ] Request (TenantUsagesNegativeTestJSON:setUpClass): 201 POST http://10.180.1.21/identity/v3/auth/tokens 0.092s
2025-05-19 19:17:12.212 69974 INFO tempest.lib.common.rest_client [req-d3fab6e8-9e62-47eb-bb1a-4d868d8edf8b req-d3fab6e8-9e62-47eb-bb1a-4d868d8edf8b ] Request (AttachVolumeNegativeTest:test_attach_attached_volume_to_different_server): 202 POST http://10.180.1.21/compute/v2.1/servers 2.840s
2025-05-19 19:17:12.229 70012 INFO tempest.lib.common.rest_client [req-7847cf57-eed4-4047-be84-5b0ebff46cee req-7847cf57-eed4-4047-be84-5b0ebff46cee ] Request (KeyPairsV22TestJSON:_run_cleanups): 204 DELETE http://10.180.1.21/compute/v2.1/os-keypairs/tempest-KeyPairsV22TestJSON-keypair-813044188 2.464s
2025-05-19 19:17:12.255 69978 INFO tempest.lib.common.rest_client [req-32012a8a-1164-4c6b-b0ca-24444cebc13e req-32012a8a-1164-4c6b-b0ca-24444cebc13e ] Request (FlavorsAdminTestJSON:test_is_public_string_variations): 200 GET http://10.180.1.21/compute/v2.1/flavors/detail?is_public=f 2.463s
2025-05-19 19:17:12.286 70005 INFO tempest.lib.common.rest_client [req-084ce662-67df-47bd-b687-b5563ece79d1 req-084ce662-67df-47bd-b687-b5563ece79d1 ] Request (SecurityGroupRulesNegativeTestJSON:tearDownClass): 200 GET http://10.180.1.21:9696/networking/v2.0/security-groups?tenant_id=b2edfd12113f40eaaf00695f1cd450b3&name=default 0.218s
2025-05-19 19:17:12.297 69976 INFO tempest.lib.common.rest_client [req-58d5c861-cc1a-4da8-bd01-56b3f0fdaf9b req-58d5c861-cc1a-4da8-bd01-56b3f0fdaf9b ] Request (TenantUsagesNegativeTestJSON:setUpClass): 201 POST http://10.180.1.21/identity/v3/projects 0.094s
2025-05-19 19:17:12.344 69986 INFO tempest.lib.common.rest_client [req-f42fd5f5-d7c3-4856-a2ca-55096ba6d6bf req-f42fd5f5-d7c3-4856-a2ca-55096ba6d6bf ] Request (ServersTestFqdnHostnames:tearDownClass): 204 DELETE http://10.180.1.21:9696/networking/v2.0/subnets/efdb02eb-5758-4046-baec-202daf354d91 1.079s
2025-05-19 19:17:12.372 69976 INFO tempest.lib.common.rest_client [req-ee61e334-9f3a-4501-9844-f324f9c123f2 req-ee61e334-9f3a-4501-9844-f324f9c123f2 ] Request (TenantUsagesNegativeTestJSON:setUpClass): 201 POST http://10.180.1.21/identity/v3/users 0.074s
2025-05-19 19:17:12.394 69976 INFO tempest.lib.common.rest_client [req-aa41b366-00fe-4dce-81bd-841dcd6f10ea req-aa41b366-00fe-4dce-81bd-841dcd6f10ea ] Request (TenantUsagesNegativeTestJSON:setUpClass): 200 GET http://10.180.1.21/identity/v3/roles 0.022s
2025-05-19 19:17:12.425 69976 INFO tempest.lib.common.rest_client [req-57b58831-2eb9-4723-9c4c-a9657e86f2cb req-57b58831-2eb9-4723-9c4c-a9657e86f2cb ] Request (TenantUsagesNegativeTestJSON:setUpClass): 204 PUT http://10.180.1.21/identity/v3/projects/0eb6a880ff1348d198f2b77058a39aed/users/14255fef9e284e0a8f33400dcc03fd6b/roles/6f2b35225e0c4d589e8140b321edfbb2 0.030s
2025-05-19 19:17:12.481 69976 INFO tempest.lib.common.rest_client [req-de57549b-09f7-409d-846a-a4e1a5111a83 req-de57549b-09f7-409d-846a-a4e1a5111a83 ] Request (TenantUsagesNegativeTestJSON:setUpClass): 200 GET http://10.180.1.21/identity/v3/roles 0.056s
2025-05-19 19:17:12.505 69976 INFO tempest.lib.common.rest_client [req-92f45ca9-5cea-4123-9417-71189a4401b4 req-92f45ca9-5cea-4123-9417-71189a4401b4 ] Request (TenantUsagesNegativeTestJSON:setUpClass): 204 PUT http://10.180.1.21/identity/v3/projects/0eb6a880ff1348d198f2b77058a39aed/users/14255fef9e284e0a8f33400dcc03fd6b/roles/6f2b35225e0c4d589e8140b321edfbb2 0.024s
2025-05-19 19:17:12.505 69976 INFO tempest.lib.common.dynamic_creds [-] Dynamic test user 14255fef9e284e0a8f33400dcc03fd6b is created with scope project and roles: ['admin']
2025-05-19 19:17:12.506 69976 INFO tempest.lib.common.dynamic_creds [-] Acquired dynamic creds: credentials: Credentials: {'domain_id': 'default', 'domain_name': 'Default', 'username': 'tempest-TenantUsagesNegativeTestJSON-1120063560-project-admin', 'project_domain_id': 'default', 'project_domain_name': 'Default', 'project_id': '0eb6a880ff1348d198f2b77058a39aed', 'project_name': 'tempest-TenantUsagesNegativeTestJSON-1120063560', 'tenant_id': '0eb6a880ff1348d198f2b77058a39aed', 'tenant_name': 'tempest-TenantUsagesNegativeTestJSON-1120063560', 'user_domain_id': 'default', 'user_domain_name': 'Default', 'user_id': '14255fef9e284e0a8f33400dcc03fd6b', 'system': None}, Network: None, Subnet: None, Router: None
2025-05-19 19:17:12.506 69976 INFO tempest.lib.common.dynamic_creds [-] Created isolated network resources for: credentials: Credentials: {'domain_id': 'default', 'domain_name': 'Default', 'username': 'tempest-TenantUsagesNegativeTestJSON-1120063560-project-admin', 'project_domain_id': 'default', 'project_domain_name': 'Default', 'project_id': '0eb6a880ff1348d198f2b77058a39aed', 'project_name': 'tempest-TenantUsagesNegativeTestJSON-1120063560', 'tenant_id': '0eb6a880ff1348d198f2b77058a39aed', 'tenant_name': 'tempest-TenantUsagesNegativeTestJSON-1120063560', 'user_domain_id': 'default', 'user_domain_name': 'Default', 'user_id': '14255fef9e284e0a8f33400dcc03fd6b', 'system': None}, Network: None, Subnet: None, Router: None
2025-05-19 19:17:12.575 70016 INFO tempest.lib.common.rest_client [req-a704b981-8823-4161-9362-8aa55f9e514d req-a704b981-8823-4161-9362-8aa55f9e514d ] Request (ServersTestBootFromVolume:setUpClass): 200 GET http://10.180.1.21/volume/v3/volumes/3bb2c2e5-4216-4236-b17d-84035528d029 0.030s
2025-05-19 19:17:12.581 69976 INFO tempest.lib.common.rest_client [req-d6ff1900-a9b6-4553-b8ac-1e5e6b413646 req-d6ff1900-a9b6-4553-b8ac-1e5e6b413646 ] Request (TenantUsagesNegativeTestJSON:setUpClass): 201 POST http://10.180.1.21/identity/v3/auth/tokens 0.073s
2025-05-19 19:17:12.619 69990 INFO tempest.lib.common.rest_client [req-b5e11d35-95c0-41d9-9f49-9cf89ccc421d req-b5e11d35-95c0-41d9-9f49-9cf89ccc421d ] Request (ImagesOneServerTestJSON:setUpClass): 201 POST http://10.180.1.21:9696/networking/v2.0/routers 6.104s
2025-05-19 19:17:12.729 70000 INFO tempest.lib.common.rest_client [req-d28bfa8b-e3a8-458d-9532-340a0d5ec554 req-d28bfa8b-e3a8-458d-9532-340a0d5ec554 ] Request (ServersAdmin275Test:tearDownClass): 200 GET http://10.180.1.21:9696/networking/v2.0/security-groups?tenant_id=b9fae2a72ad64edda50697bd1f94c835&name=default 0.841s
2025-05-19 19:17:12.786 70005 INFO tempest.lib.common.rest_client [req-7b4450d6-6c6c-4e5d-a5da-d61d648f1909 req-7b4450d6-6c6c-4e5d-a5da-d61d648f1909 ] Request (SecurityGroupRulesNegativeTestJSON:tearDownClass): 204 DELETE http://10.180.1.21:9696/networking/v2.0/security-groups/2e66b80f-13cf-49f2-ab9b-db66c8c6c168 0.499s
2025-05-19 19:17:12.885 70026 INFO tempest.lib.common.rest_client [req-f9223b08-2e6b-414a-b3a4-25cb5270fe9c req-f9223b08-2e6b-414a-b3a4-25cb5270fe9c ] Request (ServersTestMultiNic:test_verify_multiple_nics_order): 201 POST http://10.180.1.21:9696/networking/v2.0/subnets 1.951s
2025-05-19 19:17:12.904 70005 INFO tempest.lib.common.rest_client [req-27c093df-2e59-41ee-969d-82a6d9d20887 req-27c093df-2e59-41ee-969d-82a6d9d20887 ] Request (SecurityGroupRulesNegativeTestJSON:tearDownClass): 204 DELETE http://10.180.1.21/identity/v3/projects/b2edfd12113f40eaaf00695f1cd450b3 0.117s
2025-05-19 19:17:12.966 70005 INFO tempest.lib.common.rest_client [req-32498fde-28a8-4495-b7c4-07216c8414a8 req-32498fde-28a8-4495-b7c4-07216c8414a8 ] Request (ServerPasswordTestJSON:setUpClass): 201 POST http://10.180.1.21/identity/v3/auth/tokens 0.060s
2025-05-19 19:17:12.979 70026 INFO tempest.lib.common.rest_client [req-4d4c097a-8c3a-42c7-84d3-1aecdf651a78 req-4d4c097a-8c3a-42c7-84d3-1aecdf651a78 ] Request (ServersTestMultiNic:test_verify_multiple_nics_order): 201 POST http://10.180.1.21/identity/v3/auth/tokens 0.090s
2025-05-19 19:17:12.979 70026 INFO tempest.lib.common.fixed_network [-] (ServersTestMultiNic:test_verify_multiple_nics_order) Found network {'id': 'fa2f1795-8967-48d0-b87b-e4bb28592a19', 'name': 'tempest-ServersTestMultiNic-1559404558-network', 'tenant_id': '655bf7262871402f92daf7139ab1b302', 'admin_state_up': True, 'mtu': 8950, 'status': 'ACTIVE', 'subnets': [], 'shared': False, 'project_id': '655bf7262871402f92daf7139ab1b302', 'port_security_enabled': True, 'router:external': False, 'provider:network_type': 'vlan', 'provider:physical_network': 'default', 'provider:segmentation_id': 954, 'availability_zone_hints': [], 'availability_zones': [], 'ipv4_address_scope': None, 'ipv6_address_scope': None, 'description': '', 'tags': [], 'created_at': '2025-05-19T19:16:39Z', 'updated_at': '2025-05-19T19:16:39Z', 'revision_number': 1} available for tenant
2025-05-19 19:17:12.997 70005 INFO tempest.lib.common.rest_client [req-8354d322-6c2a-47d2-839c-e177bf218bca req-8354d322-6c2a-47d2-839c-e177bf218bca ] Request (ServerPasswordTestJSON:setUpClass): 201 POST http://10.180.1.21/identity/v3/auth/tokens 0.028s
2025-05-19 19:17:13.020 70022 INFO tempest.lib.common.rest_client [req-32fdfcb9-8dbd-4439-b742-1902989f64c5 req-32fdfcb9-8dbd-4439-b742-1902989f64c5 ] Request (DeleteServersTestJSON:test_delete_server_while_in_building_state): 202 POST http://10.180.1.21/compute/v2.1/servers 3.361s
2025-05-19 19:17:13.035 70005 INFO tempest.lib.common.rest_client [req-93106730-d71b-43fd-8664-aa6cd347bb59 req-93106730-d71b-43fd-8664-aa6cd347bb59 ] Request (ServerPasswordTestJSON:setUpClass): 200 GET http://10.180.1.21/identity/v3/domains?name=Default 0.038s
2025-05-19 19:17:13.080 70005 INFO tempest.lib.common.rest_client [req-930f05a3-e7ff-40e8-82c6-6f0519c69a40 req-930f05a3-e7ff-40e8-82c6-6f0519c69a40 ] Request (ServerPasswordTestJSON:setUpClass): 201 POST http://10.180.1.21/identity/v3/projects 0.044s
2025-05-19 19:17:13.147 70005 INFO tempest.lib.common.rest_client [req-c4ea1d8a-ffe1-4acc-8376-ccaa72637f07 req-c4ea1d8a-ffe1-4acc-8376-ccaa72637f07 ] Request (ServerPasswordTestJSON:setUpClass): 201 POST http://10.180.1.21/identity/v3/users 0.067s
2025-05-19 19:17:13.158 69980 INFO tempest.lib.common.rest_client [req-18f07bc0-1197-4a94-bf01-8e5f8c7ab7b3 req-18f07bc0-1197-4a94-bf01-8e5f8c7ab7b3 ] Request (VolumesAdminNegativeTest:setUpClass): 201 POST http://10.180.1.21:9696/networking/v2.0/routers 5.737s
2025-05-19 19:17:13.171 70005 INFO tempest.lib.common.rest_client [req-0ee69261-b019-4a88-88b5-1efc93d1ce0e req-0ee69261-b019-4a88-88b5-1efc93d1ce0e ] Request (ServerPasswordTestJSON:setUpClass): 200 GET http://10.180.1.21/identity/v3/roles 0.023s
2025-05-19 19:17:13.203 70005 INFO tempest.lib.common.rest_client [req-cbc6531a-3cc1-458a-a5e2-60b4a12ccf1e req-cbc6531a-3cc1-458a-a5e2-60b4a12ccf1e ] Request (ServerPasswordTestJSON:setUpClass): 204 PUT http://10.180.1.21/identity/v3/projects/ee14254659a7401cb43fa3f1fdfbb0f6/users/f91ec45aa4e846b1bbc2444e97061f60/roles/9db8bcd66cf44d809f2f23ff6ff2f096 0.030s
2025-05-19 19:17:13.203 70005 INFO tempest.lib.common.dynamic_creds [-] Dynamic test user f91ec45aa4e846b1bbc2444e97061f60 is created with scope project and roles: ['member']
2025-05-19 19:17:13.203 70005 INFO tempest.lib.common.dynamic_creds [-] Acquired dynamic creds: credentials: Credentials: {'domain_id': 'default', 'domain_name': 'Default', 'username': 'tempest-ServerPasswordTestJSON-650339984-project-member', 'project_domain_id': 'default', 'project_domain_name': 'Default', 'project_id': 'ee14254659a7401cb43fa3f1fdfbb0f6', 'project_name': 'tempest-ServerPasswordTestJSON-650339984', 'tenant_id': 'ee14254659a7401cb43fa3f1fdfbb0f6', 'tenant_name': 'tempest-ServerPasswordTestJSON-650339984', 'user_domain_id': 'default', 'user_domain_name': 'Default', 'user_id': 'f91ec45aa4e846b1bbc2444e97061f60', 'system': None}, Network: None, Subnet: None, Router: None
2025-05-19 19:17:13.271 70005 INFO tempest.lib.common.rest_client [req-9fd67084-d7a4-4249-89d8-b5deb969becc req-9fd67084-d7a4-4249-89d8-b5deb969becc ] Request (ServerPasswordTestJSON:setUpClass): 201 POST http://10.180.1.21/identity/v3/auth/tokens 0.067s
2025-05-19 19:17:13.371 70008 INFO tempest.lib.common.rest_client [req-5d581d9f-9791-453f-9b33-3b4b12be6912 req-5d581d9f-9791-453f-9b33-3b4b12be6912 ] Request (ServerGroupTestJSON:setUpClass): 201 POST http://10.180.1.21:9696/networking/v2.0/networks 1.545s
2025-05-19 19:17:13.377 70014 INFO tempest.lib.common.rest_client [req-c78071fd-90dc-445b-95b2-e429c47d78b1 req-c78071fd-90dc-445b-95b2-e429c47d78b1 ] Request (SecurityGroupsNegativeTestJSON:test_delete_the_default_security_group): 400 DELETE http://10.180.1.21/compute/v2.1/os-security-groups/20ef465b-7d7f-43c6-a801-b066c238f0eb 3.078s
2025-05-19 19:17:13.403 69984 INFO tempest.lib.common.rest_client [req-3c883944-ab0c-4b63-b53a-dec6716e452f req-3c883944-ab0c-4b63-b53a-dec6716e452f ] Request (AggregatesAdminNegativeTestJSON:test_aggregate_remove_host_as_user): 200 POST http://10.180.1.21/compute/v2.1/os-aggregates 3.098s
2025-05-19 19:17:13.457 69968 INFO tempest.lib.common.rest_client [req-acd26e61-3a1b-4fa1-8326-a2f7c74f38d1 req-acd26e61-3a1b-4fa1-8326-a2f7c74f38d1 ] Request (ServerRescueTestJSONUnderV235:setUpClass): 201 POST http://10.180.1.21:9696/networking/v2.0/routers 4.856s
2025-05-19 19:17:13.497 70000 INFO tempest.lib.common.rest_client [req-b25e25f7-1bcb-486b-a7bc-7d4ba8cbd03b req-b25e25f7-1bcb-486b-a7bc-7d4ba8cbd03b ] Request (ServersAdmin275Test:tearDownClass): 204 DELETE http://10.180.1.21:9696/networking/v2.0/security-groups/23eba2ea-deea-4926-9fb2-8fbe8ec35b02 0.768s
2025-05-19 19:17:13.537 70018 INFO tempest.lib.common.rest_client [req-f294e0fb-7aaa-4222-8c7a-8023bf03142f req-f294e0fb-7aaa-4222-8c7a-8023bf03142f ] Request (ListImageFiltersTestJSON:setUpClass): 200 GET http://10.180.1.21/compute/v2.1/servers/1c941d52-6bf2-437f-b518-01330f3d5c1b 3.127s
2025-05-19 19:17:13.577 70000 INFO tempest.lib.common.rest_client [req-7184ec09-fae3-46ee-bcac-6eaf5cf08ac1 req-7184ec09-fae3-46ee-bcac-6eaf5cf08ac1 ] Request (ServersAdmin275Test:tearDownClass): 204 DELETE http://10.180.1.21/identity/v3/projects/b9fae2a72ad64edda50697bd1f94c835 0.079s
2025-05-19 19:17:13.578 70000 INFO tempest.test [-] raised in ServersOnMultiNodesTest.setUpClass. Invoking tearDownClass.
2025-05-19 19:17:13.632 70016 INFO tempest.lib.common.rest_client [req-8324f64b-1a93-4005-83c1-e17abd165420 req-8324f64b-1a93-4005-83c1-e17abd165420 ] Request (ServersTestBootFromVolume:setUpClass): 200 GET http://10.180.1.21/volume/v3/volumes/3bb2c2e5-4216-4236-b17d-84035528d029 0.042s
2025-05-19 19:17:13.638 70010 INFO tempest.lib.common.rest_client [req-b06d8ce6-0b1b-4f53-82ea-ae6f3f88a9ba req-b06d8ce6-0b1b-4f53-82ea-ae6f3f88a9ba ] Request (ImagesTestJSON:test_create_image_from_stopped_server): 200 GET http://10.180.1.21/compute/v2.1/servers/f325fda6-07ed-42f5-b1cd-96015be25d08 3.072s
2025-05-19 19:17:13.669 69972 INFO tempest.lib.common.rest_client [req-bdb70abb-cf8f-4624-a722-56dd6bdb1304 req-bdb70abb-cf8f-4624-a722-56dd6bdb1304 ] Request (ListServerFiltersTestJSON:setUpClass): 202 POST http://10.180.1.21/compute/v2.1/servers 3.787s
2025-05-19 19:17:13.684 70000 INFO tempest.lib.common.rest_client [req-77dbf062-ea7e-4cf7-b5a2-ab9385385bc9 req-77dbf062-ea7e-4cf7-b5a2-ab9385385bc9 ] Request (KeyPairsNegativeTestJSON:setUpClass): 201 POST http://10.180.1.21/identity/v3/auth/tokens 0.102s
2025-05-19 19:17:13.720 70020 INFO tempest.lib.common.rest_client [req-dcb52d62-bd33-4ea4-bbdc-ce26978ac341 req-dcb52d62-bd33-4ea4-bbdc-ce26978ac341 ] Request (ImagesOneServerNegativeTestJSON:tearDownClass): 200 PUT http://10.180.1.21:9696/networking/v2.0/routers/f101aac4-6a7e-4e26-8dc2-f29a284d807b/remove_router_interface 5.306s
2025-05-19 19:17:13.744 69972 INFO tempest.lib.common.rest_client [req-3078fa6a-138f-45d1-8ac3-a577777351a9 req-3078fa6a-138f-45d1-8ac3-a577777351a9 ] Request (ListServerFiltersTestJSON:setUpClass): 201 POST http://10.180.1.21/identity/v3/auth/tokens 0.070s
2025-05-19 19:17:13.744 69972 INFO tempest.lib.common.fixed_network [-] (ListServerFiltersTestJSON:setUpClass) Found network {'id': 'd7bb8200-c081-4d1f-b035-2c1a49a92477', 'name': 'tempest-ListServerFiltersTestJSON-584681250-network', 'tenant_id': 'fc61900435894612ae716701e3c39671', 'admin_state_up': True, 'mtu': 8950, 'status': 'ACTIVE', 'subnets': [], 'shared': False, 'project_id': 'fc61900435894612ae716701e3c39671', 'port_security_enabled': True, 'router:external': False, 'provider:network_type': 'vlan', 'provider:physical_network': 'default', 'provider:segmentation_id': 733, 'availability_zone_hints': [], 'availability_zones': [], 'ipv4_address_scope': None, 'ipv6_address_scope': None, 'description': '', 'tags': [], 'created_at': '2025-05-19T19:17:06Z', 'updated_at': '2025-05-19T19:17:07Z', 'revision_number': 1} available for tenant
2025-05-19 19:17:13.766 70000 INFO tempest.lib.common.rest_client [req-4d25dd9a-279f-4dae-b58e-70c36ed9ca8b req-4d25dd9a-279f-4dae-b58e-70c36ed9ca8b ] Request (KeyPairsNegativeTestJSON:setUpClass): 201 POST http://10.180.1.21/identity/v3/auth/tokens 0.073s
2025-05-19 19:17:13.791 70000 INFO tempest.lib.common.rest_client [req-4fb1a82f-9503-413b-8334-aff9d42e170f req-4fb1a82f-9503-413b-8334-aff9d42e170f ] Request (KeyPairsNegativeTestJSON:setUpClass): 200 GET http://10.180.1.21/identity/v3/domains?name=Default 0.024s
2025-05-19 19:17:13.831 70000 INFO tempest.lib.common.rest_client [req-ecf4187a-39b7-4a83-9666-2c6062162224 req-ecf4187a-39b7-4a83-9666-2c6062162224 ] Request (KeyPairsNegativeTestJSON:setUpClass): 201 POST http://10.180.1.21/identity/v3/projects 0.039s
2025-05-19 19:17:13.886 69986 INFO tempest.lib.common.rest_client [req-b15f7705-132c-4530-8aa9-470aff4f2c73 req-b15f7705-132c-4530-8aa9-470aff4f2c73 ] Request (ServersTestFqdnHostnames:tearDownClass): 204 DELETE http://10.180.1.21:9696/networking/v2.0/networks/ea7eaa6e-ba32-4de8-879a-aa5929ea6d0f 1.542s
2025-05-19 19:17:13.896 70000 INFO tempest.lib.common.rest_client [req-f204e166-bad8-4e0b-ba88-4d27d33af415 req-f204e166-bad8-4e0b-ba88-4d27d33af415 ] Request (KeyPairsNegativeTestJSON:setUpClass): 201 POST http://10.180.1.21/identity/v3/users 0.064s
2025-05-19 19:17:13.918 70000 INFO tempest.lib.common.rest_client [req-047344ce-5686-464b-9580-db3942951619 req-047344ce-5686-464b-9580-db3942951619 ] Request (KeyPairsNegativeTestJSON:setUpClass): 200 GET http://10.180.1.21/identity/v3/roles 0.021s
2025-05-19 19:17:13.932 69996 INFO tempest.lib.common.rest_client [req-29413a0b-39bb-4b99-af1b-5257b4e5bf3c req-29413a0b-39bb-4b99-af1b-5257b4e5bf3c ] Request (ServersAdminTestJSON:setUpClass): 200 GET http://10.180.1.21/compute/v2.1/servers/f46817c0-38c7-4509-9c76-cb816b67d961 3.182s
2025-05-19 19:17:13.953 70000 INFO tempest.lib.common.rest_client [req-6632f71c-421b-429b-a528-715322e54fae req-6632f71c-421b-429b-a528-715322e54fae ] Request (KeyPairsNegativeTestJSON:setUpClass): 204 PUT http://10.180.1.21/identity/v3/projects/06477ef8ca3a4421bb3b9c71852e9367/users/8b45e27dcbda4c0bb43c14930ae258c1/roles/9db8bcd66cf44d809f2f23ff6ff2f096 0.034s
2025-05-19 19:17:13.953 70000 INFO tempest.lib.common.dynamic_creds [-] Dynamic test user 8b45e27dcbda4c0bb43c14930ae258c1 is created with scope project and roles: ['member']
2025-05-19 19:17:13.953 70000 INFO tempest.lib.common.dynamic_creds [-] Acquired dynamic creds: credentials: Credentials: {'domain_id': 'default', 'domain_name': 'Default', 'username': 'tempest-KeyPairsNegativeTestJSON-1964374558-project-member', 'project_domain_id': 'default', 'project_domain_name': 'Default', 'project_id': '06477ef8ca3a4421bb3b9c71852e9367', 'project_name': 'tempest-KeyPairsNegativeTestJSON-1964374558', 'tenant_id': '06477ef8ca3a4421bb3b9c71852e9367', 'tenant_name': 'tempest-KeyPairsNegativeTestJSON-1964374558', 'user_domain_id': 'default', 'user_domain_name': 'Default', 'user_id': '8b45e27dcbda4c0bb43c14930ae258c1', 'system': None}, Network: None, Subnet: None, Router: None
2025-05-19 19:17:13.953 70000 INFO tempest.lib.common.dynamic_creds [-] Created isolated network resources for: credentials: Credentials: {'domain_id': 'default', 'domain_name': 'Default', 'username': 'tempest-KeyPairsNegativeTestJSON-1964374558-project-member', 'project_domain_id': 'default', 'project_domain_name': 'Default', 'project_id': '06477ef8ca3a4421bb3b9c71852e9367', 'project_name': 'tempest-KeyPairsNegativeTestJSON-1964374558', 'tenant_id': '06477ef8ca3a4421bb3b9c71852e9367', 'tenant_name': 'tempest-KeyPairsNegativeTestJSON-1964374558', 'user_domain_id': 'default', 'user_domain_name': 'Default', 'user_id': '8b45e27dcbda4c0bb43c14930ae258c1', 'system': None}, Network: None, Subnet: None, Router: None
2025-05-19 19:17:13.974 69986 INFO tempest.lib.common.rest_client [req-c51a3b5d-4e74-446e-a255-9b17dde02ada req-c51a3b5d-4e74-446e-a255-9b17dde02ada ] Request (ServersTestFqdnHostnames:tearDownClass): 204 DELETE http://10.180.1.21/identity/v3/users/b5012b9d47c641b6944a035d0f0a7085 0.087s
2025-05-19 19:17:13.974 69986 INFO tempest.lib.common.dynamic_creds [-] Deleting project and security group for project: e3309e37b19a41c4bc3da6ad3fd072ee
2025-05-19 19:17:14.046 70000 INFO tempest.lib.common.rest_client [req-88ca8941-8491-497f-a340-66b2cd5ff1e6 req-88ca8941-8491-497f-a340-66b2cd5ff1e6 ] Request (KeyPairsNegativeTestJSON:setUpClass): 201 POST http://10.180.1.21/identity/v3/auth/tokens 0.089s
2025-05-19 19:17:14.059 70006 INFO tempest.lib.common.rest_client [req-067d6c9c-c5b8-434a-b95a-cb5c17ced453 req-067d6c9c-c5b8-434a-b95a-cb5c17ced453 ] Request (SecurityGroupRulesTestJSON:setUpClass): 200 PUT http://10.180.1.21:9696/networking/v2.0/routers/d2dff3d4-71ad-4268-b6f7-fe9e26a0f281/add_router_interface 7.464s
2025-05-19 19:17:14.059 70006 INFO tempest.lib.common.dynamic_creds [-] Created isolated network resources for: credentials: Credentials: {'domain_id': 'default', 'domain_name': 'Default', 'username': 'tempest-SecurityGroupRulesTestJSON-659390286-project-member', 'project_domain_id': 'default', 'project_domain_name': 'Default', 'project_id': '368dfe07f44d41cb8631941718e4a4f9', 'project_name': 'tempest-SecurityGroupRulesTestJSON-659390286', 'tenant_id': '368dfe07f44d41cb8631941718e4a4f9', 'tenant_name': 'tempest-SecurityGroupRulesTestJSON-659390286', 'user_domain_id': 'default', 'user_domain_name': 'Default', 'user_id': 'b621c40ced9140c58cc9c5069df12bd0', 'system': None}, Network: {'id': '947a55e1-2d51-42c0-9d67-451a3122922e', 'name': 'tempest-SecurityGroupRulesTestJSON-1656823424-network', 'tenant_id': '368dfe07f44d41cb8631941718e4a4f9', 'admin_state_up': True, 'mtu': 8950, 'status': 'ACTIVE', 'subnets': [], 'shared': False, 'project_id': '368dfe07f44d41cb8631941718e4a4f9', 'port_security_enabled': True, 'router:external': False, 'provider:network_type': 'vlan', 'provider:physical_network': 'default', 'provider:segmentation_id': 106, 'availability_zone_hints': [], 'availability_zones': [], 'ipv4_address_scope': None, 'ipv6_address_scope': None, 'description': '', 'tags': [], 'created_at': '2025-05-19T19:16:59Z', 'updated_at': '2025-05-19T19:16:59Z', 'revision_number': 1}, Subnet: {'id': '82058ba1-3fa3-4b0c-ac03-e67b33134dc4', 'name': 'tempest-SecurityGroupRulesTestJSON-1656823424-subnet', 'tenant_id': '368dfe07f44d41cb8631941718e4a4f9', 'network_id': '947a55e1-2d51-42c0-9d67-451a3122922e', 'ip_version': 4, 'subnetpool_id': None, 'enable_dhcp': True, 'ipv6_ra_mode': None, 'ipv6_address_mode': None, 'gateway_ip': '192.168.128.1', 'cidr': '192.168.128.0/28', 'allocation_pools': [{'start': '192.168.128.2', 'end': '192.168.128.14'}], 'host_routes': [], 'dns_nameservers': [], 'description': '', 'router:external': False, 'service_types': [], 'tags': [], 'created_at': '2025-05-19T19:17:00Z', 'updated_at': '2025-05-19T19:17:00Z', 'revision_number': 0, 'project_id': '368dfe07f44d41cb8631941718e4a4f9'}, Router: {'id': 'd2dff3d4-71ad-4268-b6f7-fe9e26a0f281', 'name': 'tempest-SecurityGroupRulesTestJSON-1656823424-router', 'tenant_id': '368dfe07f44d41cb8631941718e4a4f9', 'admin_state_up': True, 'status': 'ACTIVE', 'external_gateway_info': {'network_id': 'c5ccbd8b-5bcc-4b48-9ee2-c90d6adde6df', 'external_fixed_ips': [{'subnet_id': '9747c866-2ab2-41c6-822a-be6863d545ae', 'ip_address': '10.180.180.139'}], 'enable_snat': True}, 'description': '', 'availability_zones': [], 'distributed': False, 'ha': False, 'availability_zone_hints': [], 'routes': [], 'flavor_id': None, 'tags': [], 'created_at': '2025-05-19T19:17:02Z', 'updated_at': '2025-05-19T19:17:04Z', 'revision_number': 2, 'project_id': '368dfe07f44d41cb8631941718e4a4f9'}
2025-05-19 19:17:14.108 69986 INFO tempest.lib.common.rest_client [req-c9430216-3c79-4ad0-ac53-f7e81a7af716 req-c9430216-3c79-4ad0-ac53-f7e81a7af716 ] Request (ServersTestFqdnHostnames:tearDownClass): 200 GET http://10.180.1.21:9696/networking/v2.0/security-groups?tenant_id=e3309e37b19a41c4bc3da6ad3fd072ee&name=default 0.133s
2025-05-19 19:17:14.172 70006 INFO tempest.lib.common.rest_client [req-0c680fad-d463-4ea0-ad70-5638e869bf74 req-0c680fad-d463-4ea0-ad70-5638e869bf74 ] Request (SecurityGroupRulesTestJSON:setUpClass): 201 POST http://10.180.1.21/identity/v3/auth/tokens 0.107s
2025-05-19 19:17:14.392 70024 INFO tempest.lib.common.rest_client [req-2c145f39-2043-48d6-8843-eafbfcf3503c req-2c145f39-2043-48d6-8843-eafbfcf3503c ] Request (SecurityGroupsTestJSON:test_security_groups_create_list_delete): 200 GET http://10.180.1.21/compute/v2.1/os-security-groups 3.397s
2025-05-19 19:17:14.419 69992 INFO tempest.lib.common.rest_client [req-4b9f7e26-197c-43bc-a01f-0533c3270045 req-4b9f7e26-197c-43bc-a01f-0533c3270045 ] Request (ServerDiskConfigTestJSON:test_rebuild_server_with_manual_disk_config): 404 GET http://10.180.1.21/compute/v2.1/servers/1da2414a-0a01-4218-8d5d-f9102fb9907c 3.093s
2025-05-19 19:17:14.445 69994 INFO tempest.lib.common.rest_client [req-55f1ee2e-a402-4710-a29a-5ba2e54cb5bf req-55f1ee2e-a402-4710-a29a-5ba2e54cb5bf ] Request (ServerAddressesTestJSON:setUpClass): 200 PUT http://10.180.1.21:9696/networking/v2.0/routers/a64a1432-6bd0-4f19-9611-75c93f1ff109/add_router_interface 6.840s
