2025-04-25 19:28:02.462 70016 INFO tempest.lib.common.rest_client [req-55b96400-3885-4a32-948a-e61513f4abd2 req-55b96400-3885-4a32-948a-e61513f4abd2 ] Request (FlavorsAdminTestJSON:_run_cleanups): 202 DELETE http://10.180.1.21/compute/v2.1/flavors/1333998106 0.933s
2025-04-25 19:28:02.472 70074 INFO tempest.lib.common.rest_client [req-c9b05631-1bf1-4f25-b379-ef48bd9bd5ea req-c9b05631-1bf1-4f25-b379-ef48bd9bd5ea ] Request (ServersTestFqdnHostnames:test_create_server_with_fqdn_name): 201 POST http://10.180.1.21:9696/networking/v2.0/security-group-rules 0.334s
2025-04-25 19:28:02.510 70044 INFO tempest.lib.common.rest_client [req-958abe77-22b1-4111-a1d8-4237e7bcd642 req-958abe77-22b1-4111-a1d8-4237e7bcd642 ] Request (ServerMetadataTestJSON:setUpClass): 201 POST http://10.180.1.21:9696/networking/v2.0/routers 2.906s
2025-04-25 19:28:02.513 70024 INFO tempest.lib.common.rest_client [req-c79dd1d8-b1f4-4d31-a580-ec5818bf2d90 req-c79dd1d8-b1f4-4d31-a580-ec5818bf2d90 ] Request (FlavorsAccessNegativeTestJSON:_run_cleanups): 200 GET http://10.180.1.21/compute/v2.1/flavors/detail 0.970s
2025-04-25 19:28:02.540 70066 INFO tempest.lib.common.rest_client [req-253fc39b-c51d-4e6e-beb3-458f9e622ae0 req-253fc39b-c51d-4e6e-beb3-458f9e622ae0 ] Request (ServersAaction247Test:setUpClass): 201 POST http://10.180.1.21/identity/v3/users 0.113s
2025-04-25 19:28:02.544 70038 INFO tempest.lib.common.rest_client [req-817c8bd5-c9a9-41b6-a487-abef8d66d9bb req-817c8bd5-c9a9-41b6-a487-abef8d66d9bb ] Request (TenantUsagesTestJSON:setUpClass): 200 GET http://10.180.1.21/compute/v2.1/servers/d377096a-422a-4b72-88db-08bf0b8f8fa7 1.337s
2025-04-25 19:28:02.562 70026 INFO tempest.lib.common.rest_client [req-37380983-0717-44d3-8053-acae29d150a6 req-37380983-0717-44d3-8053-acae29d150a6 ] Request (ServersTestManualDisk:setUpClass): 201 POST http://10.180.1.21:9696/networking/v2.0/floatingips 1.730s
2025-04-25 19:28:02.580 70022 INFO tempest.lib.common.rest_client [req-3d3a84d6-bbee-4a29-a3cc-dfad86f69c31 req-3d3a84d6-bbee-4a29-a3cc-dfad86f69c31 ] Request (FloatingIPsAssociationTestJSON:setUpClass): 204 PUT http://10.180.1.21/identity/v3/projects/3b353f9e242f4d15aed809dc507475e6/users/dc25c70121644449b9edae74fd5fd3b0/roles/87616362c06444c58edb6473d1d6f62f 0.127s
2025-04-25 19:28:02.580 70022 INFO tempest.lib.common.dynamic_creds [-] Dynamic test user dc25c70121644449b9edae74fd5fd3b0 is created with scope project and roles: ['member']
2025-04-25 19:28:02.580 70022 INFO tempest.lib.common.dynamic_creds [-] Acquired dynamic creds: credentials: Credentials: {'domain_id': 'default', 'domain_name': 'Default', 'username': 'tempest-FloatingIPsAssociationTestJSON-1968110794-project-member', 'project_domain_id': 'default', 'project_domain_name': 'Default', 'project_id': '3b353f9e242f4d15aed809dc507475e6', 'project_name': 'tempest-FloatingIPsAssociationTestJSON-1968110794', 'tenant_id': '3b353f9e242f4d15aed809dc507475e6', 'tenant_name': 'tempest-FloatingIPsAssociationTestJSON-1968110794', 'user_domain_id': 'default', 'user_domain_name': 'Default', 'user_id': 'dc25c70121644449b9edae74fd5fd3b0', 'system': None}, Network: None, Subnet: None, Router: None
2025-04-25 19:28:02.652 70066 INFO tempest.lib.common.rest_client [req-9022e35e-520f-4554-81b2-20c2ce6b66f2 req-9022e35e-520f-4554-81b2-20c2ce6b66f2 ] Request (ServersAaction247Test:setUpClass): 200 GET http://10.180.1.21/identity/v3/roles 0.111s
2025-04-25 19:28:02.700 70026 INFO tempest.lib.common.rest_client [req-566c7931-60ec-499d-9c86-ee0fe7cbc50d req-566c7931-60ec-499d-9c86-ee0fe7cbc50d ] Request (ServersTestManualDisk:setUpClass): 201 POST http://10.180.1.21/identity/v3/auth/tokens 0.134s
2025-04-25 19:28:02.701 70026 INFO tempest.lib.common.fixed_network [-] (ServersTestManualDisk:setUpClass) Found network {'id': 'a7e7112a-77e4-47a0-b228-413067a2b4bd', 'name': 'tempest-ServersTestManualDisk-1460484536-network', 'tenant_id': 'c666ad0cb01849e5bbc647723073b0ad', 'admin_state_up': True, 'mtu': 8950, 'status': 'ACTIVE', 'subnets': [], 'shared': False, 'project_id': 'c666ad0cb01849e5bbc647723073b0ad', 'port_security_enabled': True, 'router:external': False, 'provider:network_type': 'vlan', 'provider:physical_network': 'default', 'provider:segmentation_id': 178, 'availability_zone_hints': [], 'availability_zones': [], 'ipv4_address_scope': None, 'ipv6_address_scope': None, 'description': '', 'tags': [], 'created_at': '2025-04-25T19:27:45Z', 'updated_at': '2025-04-25T19:27:45Z', 'revision_number': 1} available for tenant
2025-04-25 19:28:02.701 70064 INFO tempest.lib.common.rest_client [req-a9659f80-2059-4c24-9378-67f44e9d1d61 req-a9659f80-2059-4c24-9378-67f44e9d1d61 ] Request (SecurityGroupsTestJSON:test_list_security_groups_by_server): 200 GET http://10.180.1.21/compute/v2.1/servers/56a75596-cd81-41e4-b526-dd378c737a8d 0.988s
2025-04-25 19:28:02.727 70022 INFO tempest.lib.common.rest_client [req-9a1922c6-8260-4d3d-b6b5-a58277b17851 req-9a1922c6-8260-4d3d-b6b5-a58277b17851 ] Request (FloatingIPsAssociationTestJSON:setUpClass): 201 POST http://10.180.1.21/identity/v3/auth/tokens 0.146s
2025-04-25 19:28:02.734 70066 INFO tempest.lib.common.rest_client [req-6a792f78-493a-4020-b904-ce73a41c4d6a req-6a792f78-493a-4020-b904-ce73a41c4d6a ] Request (ServersAaction247Test:setUpClass): 204 PUT http://10.180.1.21/identity/v3/projects/ea5253b76d6c43339af338f921ba5db7/users/84564f4bfddf4addbb5a74cb606ea902/roles/87616362c06444c58edb6473d1d6f62f 0.082s
2025-04-25 19:28:02.735 70066 INFO tempest.lib.common.dynamic_creds [-] Dynamic test user 84564f4bfddf4addbb5a74cb606ea902 is created with scope project and roles: ['member']
2025-04-25 19:28:02.735 70066 INFO tempest.lib.common.dynamic_creds [-] Acquired dynamic creds: credentials: Credentials: {'domain_id': 'default', 'domain_name': 'Default', 'username': 'tempest-ServersAaction247Test-159088616-project-member', 'project_domain_id': 'default', 'project_domain_name': 'Default', 'project_id': 'ea5253b76d6c43339af338f921ba5db7', 'project_name': 'tempest-ServersAaction247Test-159088616', 'tenant_id': 'ea5253b76d6c43339af338f921ba5db7', 'tenant_name': 'tempest-ServersAaction247Test-159088616', 'user_domain_id': 'default', 'user_domain_name': 'Default', 'user_id': '84564f4bfddf4addbb5a74cb606ea902', 'system': None}, Network: None, Subnet: None, Router: None
2025-04-25 19:28:02.735 70066 INFO tempest.lib.common.dynamic_creds [-] Created isolated network resources for: credentials: Credentials: {'domain_id': 'default', 'domain_name': 'Default', 'username': 'tempest-ServersAaction247Test-159088616-project-member', 'project_domain_id': 'default', 'project_domain_name': 'Default', 'project_id': 'ea5253b76d6c43339af338f921ba5db7', 'project_name': 'tempest-ServersAaction247Test-159088616', 'tenant_id': 'ea5253b76d6c43339af338f921ba5db7', 'tenant_name': 'tempest-ServersAaction247Test-159088616', 'user_domain_id': 'default', 'user_domain_name': 'Default', 'user_id': '84564f4bfddf4addbb5a74cb606ea902', 'system': None}, Network: None, Subnet: None, Router: None
2025-04-25 19:28:02.737 70035 INFO tempest.lib.common.rest_client [req-eb376cc2-fcd1-48e2-8316-cc379de60ae2 req-eb376cc2-fcd1-48e2-8316-cc379de60ae2 ] Request (ServerExternalEventsTest:test_create_server_external_events): 200 POST http://10.180.1.21/compute/v2.1/os-server-external-events 1.170s
2025-04-25 19:28:02.770 70054 INFO tempest.lib.common.rest_client [req-9315fb9f-1fbb-4d62-b446-b5f528f6a5cd req-9315fb9f-1fbb-4d62-b446-b5f528f6a5cd ] Request (ServerTagsTestJSON:test_create_delete_tag): 200 GET http://10.180.1.21/compute/v2.1/servers/44011071-a81a-4f24-9e27-9e7eed5a323c/tags 0.981s
2025-04-25 19:28:02.844 70066 INFO tempest.lib.common.rest_client [req-5217e7f5-ece6-4766-91bc-9681ac272ce3 req-5217e7f5-ece6-4766-91bc-9681ac272ce3 ] Request (ServersAaction247Test:setUpClass): 201 POST http://10.180.1.21/identity/v3/auth/tokens 0.103s
2025-04-25 19:28:02.853 70020 INFO tempest.lib.common.rest_client [req-16805c74-82b4-4b33-98d4-f04b8f16a3d7 req-16805c74-82b4-4b33-98d4-f04b8f16a3d7 ] Request (ServerDiskConfigTestJSON:test_rebuild_server_with_auto_disk_config): 200 GET http://10.180.1.21/compute/v2.1/servers/57385667-4ff4-49e8-88d3-f60ed2207f9a 1.011s
2025-04-25 19:28:02.874 70060 INFO tempest.lib.common.rest_client [req-2df3fd76-f08a-4ed6-a743-2df0b9d66472 req-2df3fd76-f08a-4ed6-a743-2df0b9d66472 ] Request (HostsAdminTestJSON:test_show_host_detail): 200 GET http://10.180.1.21/compute/v2.1/os-hosts 0.981s
2025-04-25 19:28:02.882 70066 INFO tempest.lib.common.rest_client [req-bae29b9a-c01d-4fbd-8bc6-9785d5f0da79 req-bae29b9a-c01d-4fbd-8bc6-9785d5f0da79 ] Request (ServersAaction247Test:test_create_backup): 201 POST http://10.180.1.21/identity/v3/auth/tokens 0.032s
2025-04-25 19:28:02.883 70066 INFO tempest.lib.common.fixed_network [-] (ServersAaction247Test:test_create_backup) Found network None available for tenant
2025-04-25 19:28:02.893 70070 INFO tempest.lib.common.rest_client [req-409010de-aaf0-497e-902c-3dbca5eaabdf req-409010de-aaf0-497e-902c-3dbca5eaabdf ] Request (MigrationsAdminTest:test_list_migrations_in_flavor_resize_situation): 200 GET http://10.180.1.21/compute/v2.1/servers/2ec4bbba-9dbd-4978-91e7-c2d0620c9857 1.157s
2025-04-25 19:28:02.965 70012 INFO tempest.lib.common.rest_client [req-dfb1d480-0b2b-4078-8863-8cf5d9476e0c req-dfb1d480-0b2b-4078-8863-8cf5d9476e0c ] Request (InstanceActionsNegativeTestJSON:setUpClass): 200 GET http://10.180.1.21/compute/v2.1/servers/58f4e063-6abe-46ee-9a30-ee3cd7cd70d5 0.937s
2025-04-25 19:28:03.099 70014 INFO tempest.lib.common.rest_client [req-3024bf9a-6901-48e4-8bc3-d72adb3512fe req-3024bf9a-6901-48e4-8bc3-d72adb3512fe ] Request (ServersAdmin275Test:test_rebuild_update_server_275): 200 GET http://10.180.1.21/compute/v2.1/servers/6ca2c9f7-36f1-4856-bbba-ef6f948ca7ce 0.700s
2025-04-25 19:28:03.120 70014 INFO tempest.common.waiters [-] State transition "REBUILD/rebuilding" ==> "REBUILD/rebuild_spawning" after 2 second wait
2025-04-25 19:28:03.154 70052 INFO tempest.lib.common.rest_client [req-698d873e-4326-4873-879c-beda0426f2eb req-698d873e-4326-4873-879c-beda0426f2eb ] Request (KeyPairsV22TestJSON:test_keypairs_create_list_delete): 201 POST http://10.180.1.21/compute/v2.1/os-keypairs 0.737s
2025-04-25 19:28:03.191 70030 INFO tempest.lib.common.rest_client [req-cac00739-26e7-4885-8f02-ecc79cbf526c req-cac00739-26e7-4885-8f02-ecc79cbf526c ] Request (KeyPairsV2TestJSON:test_keypair_create_with_pub_key): 200 POST http://10.180.1.21/compute/v2.1/os-keypairs 0.754s
2025-04-25 19:28:03.208 70068 INFO tempest.lib.common.rest_client [req-f1033e4b-a7f6-448e-bc41-e09e005143d9 req-f1033e4b-a7f6-448e-bc41-e09e005143d9 ] Request (HypervisorAdminUnderV252Test:tearDownClass): 200 GET http://10.180.1.21:9696/networking/v2.0/security-groups?tenant_id=aafd142af62f40b3b0776616eaaa9c5c&name=default 0.817s
2025-04-25 19:28:03.220 70016 INFO tempest.lib.common.rest_client [req-ab265a45-355c-4c9d-a4f4-cc0613527751 req-ab265a45-355c-4c9d-a4f4-cc0613527751 ] Request (FlavorsAdminTestJSON:_run_cleanups): 200 GET http://10.180.1.21/compute/v2.1/flavors/detail 0.755s
2025-04-25 19:28:03.244 70024 INFO tempest.lib.common.rest_client [req-1e1edde4-0494-48c8-b47e-a3e56d736bee req-1e1edde4-0494-48c8-b47e-a3e56d736bee ] Request (FlavorsAccessNegativeTestJSON:test_remove_flavor_access_not_found): 200 POST http://10.180.1.21/compute/v2.1/flavors 0.725s
2025-04-25 19:28:03.299 70018 INFO tempest.lib.common.rest_client [req-747d9656-c9e1-41ab-985d-393e57e89cfa req-747d9656-c9e1-41ab-985d-393e57e89cfa ] Request (FloatingIPsAssociationNegativeTestJSON:setUpClass): 200 GET http://10.180.1.21/compute/v2.1/servers/71b3d5d1-3110-478f-baf1-d77c2c85ac19 0.997s
2025-04-25 19:28:03.364 70058 INFO tempest.lib.common.rest_client [req-b819fd31-1854-4e20-a61d-2455773dfcdf req-b819fd31-1854-4e20-a61d-2455773dfcdf ] Request (ServerActionsTestOtherB:setUpClass): 200 GET http://10.180.1.21/compute/v2.1/servers/04800cfa-2e24-43bc-9198-0a0f41151dc0 0.730s
2025-04-25 19:28:03.412 70048 INFO tempest.lib.common.rest_client [req-f77b6133-568f-4b39-aa78-fa5d049c70ef req-f77b6133-568f-4b39-aa78-fa5d049c70ef ] Request (ServersWithSpecificFlavorTestJSON:test_verify_created_server_ephemeral_disk): 200 GET http://10.180.1.21/compute/v2.1/servers/d6551491-3d04-43fa-9813-3af8725c7b9d 0.751s
2025-04-25 19:28:03.608 70032 INFO tempest.lib.common.rest_client [req-c6535ac9-3a66-4e90-ad0f-9c778563eb48 req-c6535ac9-3a66-4e90-ad0f-9c778563eb48 ] Request (AttachInterfacesTestJSON:test_create_list_show_delete_interfaces_by_fixed_ip): 200 GET http://10.180.1.21/compute/v2.1/servers/3a7606e7-37de-411d-a478-d800677c3d13 0.902s
2025-04-25 19:28:03.724 70035 INFO tempest.lib.common.rest_client [req-a5bfee40-0d95-40cd-88cb-d4ff2c547908 req-a5bfee40-0d95-40cd-88cb-d4ff2c547908 ] Request (ServerExternalEventsTest:tearDownClass): 204 DELETE http://10.180.1.21/compute/v2.1/servers/c568f0e0-42ba-460d-9979-69f7498a748f 0.976s
2025-04-25 19:28:03.798 70054 INFO tempest.lib.common.rest_client [req-cd73a523-4a6d-45ee-9d63-722985b2708e req-cd73a523-4a6d-45ee-9d63-722985b2708e ] Request (ServerTagsTestJSON:test_create_delete_tag): 201 PUT http://10.180.1.21/compute/v2.1/servers/44011071-a81a-4f24-9e27-9e7eed5a323c/tags/tempest-tag-1936198096 1.027s
2025-04-25 19:28:03.803 70022 INFO tempest.lib.common.rest_client [req-6fec23f3-0fb5-4e10-9dd2-5d4bc2c1bba5 req-6fec23f3-0fb5-4e10-9dd2-5d4bc2c1bba5 ] Request (FloatingIPsAssociationTestJSON:setUpClass): 201 POST http://10.180.1.21:9696/networking/v2.0/networks 1.075s
2025-04-25 19:28:03.887 70068 INFO tempest.lib.common.rest_client [req-48fbc891-11a2-4eff-8961-f4299af277eb req-48fbc891-11a2-4eff-8961-f4299af277eb ] Request (HypervisorAdminUnderV252Test:tearDownClass): 204 DELETE http://10.180.1.21:9696/networking/v2.0/security-groups/c58d2b56-052d-4a0d-a240-554b6051fd78 0.678s
2025-04-25 19:28:03.991 70068 INFO tempest.lib.common.rest_client [req-f4ad70a3-c195-4626-9d7b-a1f349186bcd req-f4ad70a3-c195-4626-9d7b-a1f349186bcd ] Request (HypervisorAdminUnderV252Test:tearDownClass): 204 DELETE http://10.180.1.21/identity/v3/projects/aafd142af62f40b3b0776616eaaa9c5c 0.103s
2025-04-25 19:28:03.992 70068 INFO tempest.lib.common.dynamic_creds [-] Deleting project and security group for project: 679f30190a1c4ac58c2bfdaff2998575
2025-04-25 19:28:03.994 70040 INFO tempest.lib.common.rest_client [req-c462b6ad-6064-49d2-bed6-50adff92e862 req-c462b6ad-6064-49d2-bed6-50adff92e862 ] Request (ValidationResourcesFixture:setUp): 201 POST http://10.180.1.21:9696/networking/v2.0/floatingips 1.983s
2025-04-25 19:28:04.108 70040 INFO tempest.lib.common.rest_client [req-316c9829-3e4b-4bdc-8304-8012560e0836 req-316c9829-3e4b-4bdc-8304-8012560e0836 ] Request (AttachInterfacesUnderV243Test:test_add_remove_fixed_ip): 201 POST http://10.180.1.21/identity/v3/auth/tokens 0.111s
2025-04-25 19:28:04.109 70040 INFO tempest.lib.common.fixed_network [-] (AttachInterfacesUnderV243Test:test_add_remove_fixed_ip) Found network {'id': '8060559b-c60f-45f3-bf3f-9263f92d0c80', 'name': 'tempest-AttachInterfacesUnderV243Test-1171443094-network', 'tenant_id': 'b9c74ec8994d449786c75eef2d05fb5f', 'admin_state_up': True, 'mtu': 8950, 'status': 'ACTIVE', 'subnets': [], 'shared': False, 'project_id': 'b9c74ec8994d449786c75eef2d05fb5f', 'port_security_enabled': True, 'router:external': False, 'provider:network_type': 'vlan', 'provider:physical_network': 'default', 'provider:segmentation_id': 991, 'availability_zone_hints': [], 'availability_zones': [], 'ipv4_address_scope': None, 'ipv6_address_scope': None, 'description': '', 'tags': [], 'created_at': '2025-04-25T19:27:51Z', 'updated_at': '2025-04-25T19:27:51Z', 'revision_number': 1} available for tenant
2025-04-25 19:28:04.219 70074 INFO tempest.lib.common.rest_client [req-42626cbb-978a-403e-8aaa-170e02786ece req-42626cbb-978a-403e-8aaa-170e02786ece ] Request (ServersTestFqdnHostnames:test_create_server_with_fqdn_name): 201 POST http://10.180.1.21:9696/networking/v2.0/floatingips 1.746s
2025-04-25 19:28:04.227 70036 INFO tempest.lib.common.rest_client [req-44e9e576-682d-48f0-b276-f2837e791b05 req-44e9e576-682d-48f0-b276-f2837e791b05 ] Request (ServerDiagnosticsNegativeTest:test_get_server_diagnostics_by_non_admin): 200 GET http://10.180.1.21/compute/v2.1/servers/4b1b8aa4-2eb8-4989-bd4a-d105e8729286 1.357s
2025-04-25 19:28:04.306 70074 INFO tempest.lib.common.rest_client [req-692b45d4-6c45-4fdc-9377-ad55e1908d2e req-692b45d4-6c45-4fdc-9377-ad55e1908d2e ] Request (ServersTestFqdnHostnames:test_create_server_with_fqdn_name): 201 POST http://10.180.1.21/identity/v3/auth/tokens 0.082s
2025-04-25 19:28:04.307 70074 INFO tempest.lib.common.fixed_network [-] (ServersTestFqdnHostnames:test_create_server_with_fqdn_name) Found network {'id': '6180f3df-f0e2-4f6d-b0ea-116e12ca92c6', 'name': 'tempest-ServersTestFqdnHostnames-421728514-network', 'tenant_id': '1c3cd694f8ad4973a427ccb466921848', 'admin_state_up': True, 'mtu': 8950, 'status': 'ACTIVE', 'subnets': [], 'shared': False, 'project_id': '1c3cd694f8ad4973a427ccb466921848', 'port_security_enabled': True, 'router:external': False, 'provider:network_type': 'vlan', 'provider:physical_network': 'default', 'provider:segmentation_id': 799, 'availability_zone_hints': [], 'availability_zones': [], 'ipv4_address_scope': None, 'ipv6_address_scope': None, 'description': '', 'tags': [], 'created_at': '2025-04-25T19:27:48Z', 'updated_at': '2025-04-25T19:27:48Z', 'revision_number': 1} available for tenant
2025-04-25 19:28:04.346 70072 INFO tempest.lib.common.rest_client [req-5076cd5c-02e2-42f2-883c-da48dc96e9b8 req-5076cd5c-02e2-42f2-883c-da48dc96e9b8 ] Request (VolumesAssistedSnapshotsTest:test_volume_assisted_snapshot_create_delete): 200 GET http://10.180.1.21/compute/v2.1/servers/8c1a6b7c-f693-4566-a9f6-8053860b1699 1.471s
2025-04-25 19:28:04.397 70060 INFO tempest.lib.common.rest_client [req-619ad87f-7b59-45c7-8e55-41299720784f req-619ad87f-7b59-45c7-8e55-41299720784f ] Request (HostsAdminTestJSON:test_show_host_detail): 200 GET http://10.180.1.21/compute/v2.1/os-hosts/cpu-1 1.520s
2025-04-25 19:28:04.503 70068 INFO tempest.lib.common.rest_client [req-4aa05444-bbbc-41f9-ad19-6a8e4502a4e0 req-4aa05444-bbbc-41f9-ad19-6a8e4502a4e0 ] Request (HypervisorAdminUnderV252Test:tearDownClass): 200 GET http://10.180.1.21:9696/networking/v2.0/security-groups?tenant_id=679f30190a1c4ac58c2bfdaff2998575&name=default 0.510s
2025-04-25 19:28:04.524 70060 INFO tempest.lib.common.rest_client [req-fd534868-d576-4b5b-b997-1f13d0279825 req-fd534868-d576-4b5b-b997-1f13d0279825 ] Request (HostsAdminTestJSON:tearDownClass): 204 DELETE http://10.180.1.21/identity/v3/users/babdc643b6ea4632a2dd2d56e700a7b0 0.124s
2025-04-25 19:28:04.589 70022 INFO tempest.lib.common.rest_client [req-146327cd-0c6b-4214-bc29-4d290077cfd3 req-146327cd-0c6b-4214-bc29-4d290077cfd3 ] Request (FloatingIPsAssociationTestJSON:setUpClass): 201 POST http://10.180.1.21:9696/networking/v2.0/subnets 0.784s
2025-04-25 19:28:04.616 70060 INFO tempest.lib.common.rest_client [req-ac327c9d-1de0-4ba3-b481-567ef4a63647 req-ac327c9d-1de0-4ba3-b481-567ef4a63647 ] Request (HostsAdminTestJSON:tearDownClass): 204 DELETE http://10.180.1.21/identity/v3/users/f1777404a987435eb76cd92666736d85 0.092s
2025-04-25 19:28:04.616 70060 INFO tempest.lib.common.dynamic_creds [-] Deleting project and security group for project: 55231d799e284c6fa8faf1b62f3c8d91
2025-04-25 19:28:04.641 70028 WARNING tempest.lib.common.ssh [-] Failed to establish authenticated ssh connection to cirros@10.180.180.235 ([Errno None] Unable to connect to port 22 on 10.180.180.235). Number attempts: 1. Retry after 2 seconds.: paramiko.ssh_exception.NoValidConnectionsError: [Errno None] Unable to connect to port 22 on 10.180.180.235
2025-04-25 19:28:04.674 70066 INFO tempest.lib.common.rest_client [req-84dc20a2-1e31-48c4-8f1e-359549e8e84b req-84dc20a2-1e31-48c4-8f1e-359549e8e84b ] Request (ServersAaction247Test:test_create_backup): 202 POST http://10.180.1.21/compute/v2.1/servers 1.791s
2025-04-25 19:28:04.706 70060 INFO tempest.lib.common.rest_client [req-57c13d85-b3e5-4a7c-b21b-2d6ff5301a39 req-57c13d85-b3e5-4a7c-b21b-2d6ff5301a39 ] Request (HostsAdminTestJSON:tearDownClass): 201 POST http://10.180.1.21/identity/v3/auth/tokens 0.089s
2025-04-25 19:28:04.706 70068 INFO tempest.lib.common.rest_client [req-38b2dd3c-7c72-40cd-aea9-a954465791f2 req-38b2dd3c-7c72-40cd-aea9-a954465791f2 ] Request (HypervisorAdminUnderV252Test:tearDownClass): 204 DELETE http://10.180.1.21:9696/networking/v2.0/security-groups/af2702af-2d28-4dfc-8a04-4b737dae5dc5 0.203s
2025-04-25 19:28:04.720 70052 INFO tempest.lib.common.rest_client [req-a382912a-8c2a-4644-877e-8f95a1e1a587 req-a382912a-8c2a-4644-877e-8f95a1e1a587 ] Request (KeyPairsV22TestJSON:test_keypairs_create_list_delete): 201 POST http://10.180.1.21/compute/v2.1/os-keypairs 1.564s
2025-04-25 19:28:04.743 70030 INFO tempest.lib.common.rest_client [req-86cc366a-8797-477a-b001-6e7165030d6a req-86cc366a-8797-477a-b001-6e7165030d6a ] Request (KeyPairsV2TestJSON:_run_cleanups): 202 DELETE http://10.180.1.21/compute/v2.1/os-keypairs/tempest-keypair-1789645206 1.550s
2025-04-25 19:28:04.757 70046 INFO tempest.lib.common.rest_client [req-9ae036ba-08a2-4099-95c4-56b48288d564 req-9ae036ba-08a2-4099-95c4-56b48288d564 ] Request (VolumesAdminNegativeTest:setUpClass): 200 PUT http://10.180.1.21:9696/networking/v2.0/routers/79c95a86-4ea5-463e-934d-c915141b635d/add_router_interface 4.097s
2025-04-25 19:28:04.757 70046 INFO tempest.lib.common.dynamic_creds [-] Created isolated network resources for: credentials: Credentials: {'domain_id': 'default', 'domain_name': 'Default', 'username': 'tempest-VolumesAdminNegativeTest-122557594-project-admin', 'project_domain_id': 'default', 'project_domain_name': 'Default', 'project_id': '44d257a1cfd1481784702168ba62a8de', 'project_name': 'tempest-VolumesAdminNegativeTest-122557594', 'tenant_id': '44d257a1cfd1481784702168ba62a8de', 'tenant_name': 'tempest-VolumesAdminNegativeTest-122557594', 'user_domain_id': 'default', 'user_domain_name': 'Default', 'user_id': '557df901fb8f4144b5ca780cd8b695a4', 'system': None}, Network: {'id': '7cf095b3-205f-401d-8c03-2cc3058918d3', 'name': 'tempest-VolumesAdminNegativeTest-1675386358-network', 'tenant_id': '44d257a1cfd1481784702168ba62a8de', 'admin_state_up': True, 'mtu': 8950, 'status': 'ACTIVE', 'subnets': [], 'shared': False, 'project_id': '44d257a1cfd1481784702168ba62a8de', 'port_security_enabled': True, 'router:external': False, 'provider:network_type': 'vlan', 'provider:physical_network': 'default', 'provider:segmentation_id': 729, 'availability_zone_hints': [], 'availability_zones': [], 'ipv4_address_scope': None, 'ipv6_address_scope': None, 'description': '', 'tags': [], 'created_at': '2025-04-25T19:27:55Z', 'updated_at': '2025-04-25T19:27:55Z', 'revision_number': 1}, Subnet: {'id': 'e1190b42-cfd1-4eef-a74e-66a19dfb5b58', 'name': 'tempest-VolumesAdminNegativeTest-1675386358-subnet', 'tenant_id': '44d257a1cfd1481784702168ba62a8de', 'network_id': '7cf095b3-205f-401d-8c03-2cc3058918d3', 'ip_version': 4, 'subnetpool_id': None, 'enable_dhcp': True, 'ipv6_ra_mode': None, 'ipv6_address_mode': None, 'gateway_ip': '192.168.128.1', 'cidr': '192.168.128.0/28', 'allocation_pools': [{'start': '192.168.128.2', 'end': '192.168.128.14'}], 'host_routes': [], 'dns_nameservers': [], 'description': '', 'router:external': False, 'service_types': [], 'tags': [], 'created_at': '2025-04-25T19:27:56Z', 'updated_at': '2025-04-25T19:27:56Z', 'revision_number': 0, 'project_id': '44d257a1cfd1481784702168ba62a8de'}, Router: {'id': '79c95a86-4ea5-463e-934d-c915141b635d', 'name': 'tempest-VolumesAdminNegativeTest-1675386358-router', 'tenant_id': '44d257a1cfd1481784702168ba62a8de', 'admin_state_up': True, 'status': 'ACTIVE', 'external_gateway_info': {'network_id': 'eb75a9e6-a80e-4854-b97f-aba13f7b7607', 'external_fixed_ips': [{'subnet_id': '36fa28d6-7949-4e51-9dd2-567f66d15f77', 'ip_address': '10.180.180.176'}], 'enable_snat': True}, 'description': '', 'availability_zones': [], 'distributed': False, 'ha': False, 'availability_zone_hints': [], 'routes': [], 'flavor_id': None, 'tags': [], 'created_at': '2025-04-25T19:27:57Z', 'updated_at': '2025-04-25T19:27:59Z', 'revision_number': 2, 'project_id': '44d257a1cfd1481784702168ba62a8de'}
2025-04-25 19:28:04.800 70026 INFO tempest.lib.common.rest_client [req-0ddd0f8c-c0ac-4d9a-8c79-9d4b16194c8f req-0ddd0f8c-c0ac-4d9a-8c79-9d4b16194c8f ] Request (ServersTestManualDisk:setUpClass): 202 POST http://10.180.1.21/compute/v2.1/servers 2.098s
2025-04-25 19:28:04.834 70068 INFO tempest.lib.common.rest_client [req-62290aae-b672-4d6c-bd0c-c961791cc75c req-62290aae-b672-4d6c-bd0c-c961791cc75c ] Request (HypervisorAdminUnderV252Test:tearDownClass): 204 DELETE http://10.180.1.21/identity/v3/projects/679f30190a1c4ac58c2bfdaff2998575 0.127s
2025-04-25 19:28:04.847 70016 INFO tempest.lib.common.rest_client [req-31f8e8b6-b12c-4997-81d7-dbeb499158f3 req-31f8e8b6-b12c-4997-81d7-dbeb499158f3 ] Request (FlavorsAdminTestJSON:test_create_server_with_non_public_flavor): 200 POST http://10.180.1.21/compute/v2.1/flavors 1.620s
2025-04-25 19:28:04.892 70056 INFO tempest.lib.common.rest_client [req-31eb9b11-da6f-4b2a-a0dc-b01dc8b68a3e req-31eb9b11-da6f-4b2a-a0dc-b01dc8b68a3e ] Request (DeleteServersAdminTestJSON:test_admin_delete_servers_of_others): 200 GET http://10.180.1.21/compute/v2.1/servers/d00e3443-272c-4273-93fd-ad1d40b67afb 1.676s
2025-04-25 19:28:04.929 70068 INFO tempest.lib.common.rest_client [req-a2fdde5b-db52-4337-923e-d49664afeeaa req-a2fdde5b-db52-4337-923e-d49664afeeaa ] Request (ServerGroupTestJSON:setUpClass): 201 POST http://10.180.1.21/identity/v3/auth/tokens 0.092s
2025-04-25 19:28:04.988 70046 INFO tempest.lib.common.rest_client [req-afffb089-04a6-498a-be44-321b97f15e86 req-afffb089-04a6-498a-be44-321b97f15e86 ] Request (VolumesAdminNegativeTest:setUpClass): 201 POST http://10.180.1.21/identity/v3/auth/tokens 0.228s
2025-04-25 19:28:05.029 70068 INFO tempest.lib.common.rest_client [req-5e4e3c04-59b1-47ae-a81d-0ec430dd8633 req-5e4e3c04-59b1-47ae-a81d-0ec430dd8633 ] Request (ServerGroupTestJSON:setUpClass): 201 POST http://10.180.1.21/identity/v3/auth/tokens 0.097s
2025-04-25 19:28:05.056 70068 INFO tempest.lib.common.rest_client [req-3e221588-9a66-4e42-ae50-f1506a9da7d2 req-3e221588-9a66-4e42-ae50-f1506a9da7d2 ] Request (ServerGroupTestJSON:setUpClass): 200 GET http://10.180.1.21/identity/v3/domains?name=Default 0.027s
2025-04-25 19:28:05.083 70060 INFO tempest.lib.common.rest_client [req-91c690e8-697f-46cc-a55b-6ff01bd49e7e req-91c690e8-697f-46cc-a55b-6ff01bd49e7e ] Request (HostsAdminTestJSON:tearDownClass): 200 GET http://10.180.1.21:9696/networking/v2.0/security-groups?tenant_id=55231d799e284c6fa8faf1b62f3c8d91&name=default 0.376s
2025-04-25 19:28:05.089 70068 INFO tempest.lib.common.rest_client [req-54b5caca-1c94-4ed8-99d7-08e226ddf7c6 req-54b5caca-1c94-4ed8-99d7-08e226ddf7c6 ] Request (ServerGroupTestJSON:setUpClass): 201 POST http://10.180.1.21/identity/v3/projects 0.032s
2025-04-25 19:28:05.103 70024 INFO tempest.lib.common.rest_client [req-982e88d5-4920-489c-b25d-9ae7d04b0b62 req-982e88d5-4920-489c-b25d-9ae7d04b0b62 ] Request (FlavorsAccessNegativeTestJSON:test_remove_flavor_access_not_found): 404 POST http://10.180.1.21/compute/v2.1/flavors/449327555/action 1.855s
2025-04-25 19:28:05.152 70062 INFO tempest.lib.common.rest_client [req-4c69f956-3cd6-4078-b4d2-a56813c3c6df req-4c69f956-3cd6-4078-b4d2-a56813c3c6df ] Request (ServersAdminNegativeTestJSON:setUpClass): 200 GET http://10.180.1.21/compute/v2.1/servers/8abeda56-35d3-4446-bc14-4ad781eaf1a0 1.845s
2025-04-25 19:28:05.165 70068 INFO tempest.lib.common.rest_client [req-760ce073-cda9-4f4a-a55b-f3e18426bd60 req-760ce073-cda9-4f4a-a55b-f3e18426bd60 ] Request (ServerGroupTestJSON:setUpClass): 201 POST http://10.180.1.21/identity/v3/users 0.076s
2025-04-25 19:28:05.184 70050 INFO tempest.lib.common.rest_client [req-b8a98d48-9924-4d8d-a02b-fdcff6f0c1d9 req-b8a98d48-9924-4d8d-a02b-fdcff6f0c1d9 ] Request (ServerDiagnosticsTest:test_get_server_diagnostics): 200 GET http://10.180.1.21/compute/v2.1/servers/ace797e6-97fb-49f0-a35e-9259de311409 1.792s
2025-04-25 19:28:05.201 70068 INFO tempest.lib.common.rest_client [req-71ae9a26-6cb5-4661-842e-3c401cdfc08f req-71ae9a26-6cb5-4661-842e-3c401cdfc08f ] Request (ServerGroupTestJSON:setUpClass): 200 GET http://10.180.1.21/identity/v3/roles 0.035s
2025-04-25 19:28:05.239 70068 INFO tempest.lib.common.rest_client [req-eb3b3d9a-dbbe-4966-8db7-55b34e1a2f9f req-eb3b3d9a-dbbe-4966-8db7-55b34e1a2f9f ] Request (ServerGroupTestJSON:setUpClass): 204 PUT http://10.180.1.21/identity/v3/projects/390bb10b1aaf4ec798cfbd60709cdcf1/users/974b6dc341ad41689ad0d90b92f6ca61/roles/87616362c06444c58edb6473d1d6f62f 0.037s
2025-04-25 19:28:05.239 70068 INFO tempest.lib.common.dynamic_creds [-] Dynamic test user 974b6dc341ad41689ad0d90b92f6ca61 is created with scope project and roles: ['member']
2025-04-25 19:28:05.239 70068 INFO tempest.lib.common.dynamic_creds [-] Acquired dynamic creds: credentials: Credentials: {'domain_id': 'default', 'domain_name': 'Default', 'username': 'tempest-ServerGroupTestJSON-371707604-project-member', 'project_domain_id': 'default', 'project_domain_name': 'Default', 'project_id': '390bb10b1aaf4ec798cfbd60709cdcf1', 'project_name': 'tempest-ServerGroupTestJSON-371707604', 'tenant_id': '390bb10b1aaf4ec798cfbd60709cdcf1', 'tenant_name': 'tempest-ServerGroupTestJSON-371707604', 'user_domain_id': 'default', 'user_domain_name': 'Default', 'user_id': '974b6dc341ad41689ad0d90b92f6ca61', 'system': None}, Network: None, Subnet: None, Router: None
2025-04-25 19:28:05.262 70060 INFO tempest.lib.common.rest_client [req-5b0691a1-2d58-4619-bb27-ab44780f32e1 req-5b0691a1-2d58-4619-bb27-ab44780f32e1 ] Request (HostsAdminTestJSON:tearDownClass): 204 DELETE http://10.180.1.21:9696/networking/v2.0/security-groups/b6943c79-c785-4e9d-a4a3-9d1b2cf1dddc 0.178s
2025-04-25 19:28:05.295 70038 INFO tempest.lib.common.rest_client [req-f062ad24-6a2e-47b8-9bbf-0ba2228c8236 req-f062ad24-6a2e-47b8-9bbf-0ba2228c8236 ] Request (TenantUsagesTestJSON:setUpClass): 200 GET http://10.180.1.21/compute/v2.1/servers/d377096a-422a-4b72-88db-08bf0b8f8fa7 1.738s
2025-04-25 19:28:05.306 70038 INFO tempest.common.waiters [-] State transition "BUILD/None" ==> "BUILD/spawning" after 22 second wait
2025-04-25 19:28:05.314 70068 INFO tempest.lib.common.rest_client [req-66b0e222-d157-478a-a261-51eeb540a0d4 req-66b0e222-d157-478a-a261-51eeb540a0d4 ] Request (ServerGroupTestJSON:setUpClass): 201 POST http://10.180.1.21/identity/v3/auth/tokens 0.074s
2025-04-25 19:28:05.322 70064 INFO tempest.lib.common.rest_client [req-7b70520c-91cb-4387-a25a-441cb9482c9c req-7b70520c-91cb-4387-a25a-441cb9482c9c ] Request (SecurityGroupsTestJSON:test_list_security_groups_by_server): 200 GET http://10.180.1.21/compute/v2.1/servers/56a75596-cd81-41e4-b526-dd378c737a8d 1.610s
2025-04-25 19:28:05.338 70064 INFO tempest.common.waiters [-] State transition "BUILD/spawning" ==> "ACTIVE/None" after 27 second wait
2025-04-25 19:28:05.342 70054 INFO tempest.lib.common.rest_client [req-13e0b165-29e7-4ba6-b225-51410deb5dd0 req-13e0b165-29e7-4ba6-b225-51410deb5dd0 ] Request (ServerTagsTestJSON:test_create_delete_tag): 200 GET http://10.180.1.21/compute/v2.1/servers/44011071-a81a-4f24-9e27-9e7eed5a323c/tags 1.544s
2025-04-25 19:28:05.376 70060 INFO tempest.lib.common.rest_client [req-92b4d3ea-00a8-4a36-b913-8359fecb210e req-92b4d3ea-00a8-4a36-b913-8359fecb210e ] Request (HostsAdminTestJSON:tearDownClass): 204 DELETE http://10.180.1.21/identity/v3/projects/55231d799e284c6fa8faf1b62f3c8d91 0.113s
2025-04-25 19:28:05.376 70060 INFO tempest.lib.common.dynamic_creds [-] Deleting project and security group for project: 02a8db4e79a9485c8337e2039000c1be
2025-04-25 19:28:05.406 70020 INFO tempest.lib.common.rest_client [req-8ce0d769-d843-4c6b-a701-08b3d2238330 req-8ce0d769-d843-4c6b-a701-08b3d2238330 ] Request (ServerDiskConfigTestJSON:test_rebuild_server_with_auto_disk_config): 200 GET http://10.180.1.21/compute/v2.1/servers/57385667-4ff4-49e8-88d3-f60ed2207f9a 1.543s
2025-04-25 19:28:05.450 70035 INFO tempest.lib.common.rest_client [req-0eb6c6e2-5740-449a-b719-eb3b3031245e req-0eb6c6e2-5740-449a-b719-eb3b3031245e ] Request (ServerExternalEventsTest:tearDownClass): 200 GET http://10.180.1.21/compute/v2.1/servers/c568f0e0-42ba-460d-9979-69f7498a748f 1.725s
2025-04-25 19:28:05.524 70012 INFO tempest.lib.common.rest_client [req-b89a54f8-d63d-417b-a583-6dc544cf00dd req-b89a54f8-d63d-417b-a583-6dc544cf00dd ] Request (InstanceActionsNegativeTestJSON:setUpClass): 200 GET http://10.180.1.21/compute/v2.1/servers/58f4e063-6abe-46ee-9a30-ee3cd7cd70d5 1.548s
2025-04-25 19:28:05.632 70070 INFO tempest.lib.common.rest_client [req-a57e6d19-cbe5-4589-826a-3f50cf73af47 req-a57e6d19-cbe5-4589-826a-3f50cf73af47 ] Request (MigrationsAdminTest:test_list_migrations_in_flavor_resize_situation): 200 GET http://10.180.1.21/compute/v2.1/servers/2ec4bbba-9dbd-4978-91e7-c2d0620c9857 1.729s
2025-04-25 19:28:05.644 70070 INFO tempest.common.waiters [-] State transition "BUILD/spawning" ==> "ACTIVE/None" after 30 second wait
2025-04-25 19:28:05.690 70060 INFO tempest.lib.common.rest_client [req-61028c68-b312-4926-ab1e-92dd63bdb5dc req-61028c68-b312-4926-ab1e-92dd63bdb5dc ] Request (HostsAdminTestJSON:tearDownClass): 200 GET http://10.180.1.21:9696/networking/v2.0/security-groups?tenant_id=02a8db4e79a9485c8337e2039000c1be&name=default 0.313s
2025-04-25 19:28:05.782 70014 INFO tempest.lib.common.rest_client [req-cb3a08e9-62bb-484a-8df4-6b9119795112 req-cb3a08e9-62bb-484a-8df4-6b9119795112 ] Request (ServersAdmin275Test:test_rebuild_update_server_275): 200 GET http://10.180.1.21/compute/v2.1/servers/6ca2c9f7-36f1-4856-bbba-ef6f948ca7ce 1.660s
2025-04-25 19:28:06.038 70042 INFO tempest.lib.common.rest_client [req-cb6a2988-d292-43e7-b9e5-ce8dc7ec6703 req-cb6a2988-d292-43e7-b9e5-ce8dc7ec6703 ] Request (FloatingIPsTestJSON:setUpClass): 200 PUT http://10.180.1.21:9696/networking/v2.0/routers/b3e0efe3-058e-45b8-8e0f-41072c1bb856/add_router_interface 4.064s
2025-04-25 19:28:06.038 70042 INFO tempest.lib.common.dynamic_creds [-] Created isolated network resources for: credentials: Credentials: {'domain_id': 'default', 'domain_name': 'Default', 'username': 'tempest-FloatingIPsTestJSON-853919742-project-member', 'project_domain_id': 'default', 'project_domain_name': 'Default', 'project_id': 'df903a9b4d3240939b1546c1f18adcb1', 'project_name': 'tempest-FloatingIPsTestJSON-853919742', 'tenant_id': 'df903a9b4d3240939b1546c1f18adcb1', 'tenant_name': 'tempest-FloatingIPsTestJSON-853919742', 'user_domain_id': 'default', 'user_domain_name': 'Default', 'user_id': 'b03b93b1c6914d7ca58c43e758ccae79', 'system': None}, Network: {'id': '12d2c890-69ac-41ae-9070-6b983252dbe7', 'name': 'tempest-FloatingIPsTestJSON-782774116-network', 'tenant_id': 'df903a9b4d3240939b1546c1f18adcb1', 'admin_state_up': True, 'mtu': 8950, 'status': 'ACTIVE', 'subnets': [], 'shared': False, 'project_id': 'df903a9b4d3240939b1546c1f18adcb1', 'port_security_enabled': True, 'router:external': False, 'provider:network_type': 'vlan', 'provider:physical_network': 'default', 'provider:segmentation_id': 235, 'availability_zone_hints': [], 'availability_zones': [], 'ipv4_address_scope': None, 'ipv6_address_scope': None, 'description': '', 'tags': [], 'created_at': '2025-04-25T19:27:58Z', 'updated_at': '2025-04-25T19:27:58Z', 'revision_number': 1}, Subnet: {'id': 'bf995903-0e99-4f10-ba19-f4bc0eb0f192', 'name': 'tempest-FloatingIPsTestJSON-782774116-subnet', 'tenant_id': 'df903a9b4d3240939b1546c1f18adcb1', 'network_id': '12d2c890-69ac-41ae-9070-6b983252dbe7', 'ip_version': 4, 'subnetpool_id': None, 'enable_dhcp': True, 'ipv6_ra_mode': None, 'ipv6_address_mode': None, 'gateway_ip': '192.168.128.1', 'cidr': '192.168.128.0/28', 'allocation_pools': [{'start': '192.168.128.2', 'end': '192.168.128.14'}], 'host_routes': [], 'dns_nameservers': [], 'description': '', 'router:external': False, 'service_types': [], 'tags': [], 'created_at': '2025-04-25T19:27:58Z', 'updated_at': '2025-04-25T19:27:58Z', 'revision_number': 0, 'project_id': 'df903a9b4d3240939b1546c1f18adcb1'}, Router: {'id': 'b3e0efe3-058e-45b8-8e0f-41072c1bb856', 'name': 'tempest-FloatingIPsTestJSON-782774116-router', 'tenant_id': 'df903a9b4d3240939b1546c1f18adcb1', 'admin_state_up': True, 'status': 'ACTIVE', 'external_gateway_info': {'network_id': 'eb75a9e6-a80e-4854-b97f-aba13f7b7607', 'external_fixed_ips': [{'subnet_id': '36fa28d6-7949-4e51-9dd2-567f66d15f77', 'ip_address': '10.180.180.221'}], 'enable_snat': True}, 'description': '', 'availability_zones': [], 'distributed': False, 'ha': False, 'availability_zone_hints': [], 'routes': [], 'flavor_id': None, 'tags': [], 'created_at': '2025-04-25T19:27:59Z', 'updated_at': '2025-04-25T19:28:00Z', 'revision_number': 2, 'project_id': 'df903a9b4d3240939b1546c1f18adcb1'}
2025-04-25 19:28:06.094 70060 INFO tempest.lib.common.rest_client [req-d0d97445-cd54-4e84-931c-d7b97d372dd0 req-d0d97445-cd54-4e84-931c-d7b97d372dd0 ] Request (HostsAdminTestJSON:tearDownClass): 204 DELETE http://10.180.1.21:9696/networking/v2.0/security-groups/c768ed03-439a-4f45-b27b-47e6689d3d4c 0.404s
2025-04-25 19:28:06.147 70042 INFO tempest.lib.common.rest_client [req-a204e065-7be7-4ec8-bcd6-05daacd94df8 req-a204e065-7be7-4ec8-bcd6-05daacd94df8 ] Request (FloatingIPsTestJSON:setUpClass): 201 POST http://10.180.1.21/identity/v3/auth/tokens 0.105s
2025-04-25 19:28:06.175 70060 INFO tempest.lib.common.rest_client [req-70560128-e98e-471b-a145-f390011e85d5 req-70560128-e98e-471b-a145-f390011e85d5 ] Request (HostsAdminTestJSON:tearDownClass): 204 DELETE http://10.180.1.21/identity/v3/projects/02a8db4e79a9485c8337e2039000c1be 0.079s
2025-04-25 19:28:06.253 70060 INFO tempest.lib.common.rest_client [req-fc215105-042f-458b-ba3a-16686f9f4e4a req-fc215105-042f-458b-ba3a-16686f9f4e4a ] Request (ImagesTestJSON:setUpClass): 201 POST http://10.180.1.21/identity/v3/auth/tokens 0.074s
2025-04-25 19:28:06.294 70044 INFO tempest.lib.common.rest_client [req-7921065e-e7d0-4301-965c-e6a5afd77fe4 req-7921065e-e7d0-4301-965c-e6a5afd77fe4 ] Request (ServerMetadataTestJSON:setUpClass): 200 PUT http://10.180.1.21:9696/networking/v2.0/routers/36a62164-7004-448b-9d5d-9b4836dff990/add_router_interface 3.783s
2025-04-25 19:28:06.294 70044 INFO tempest.lib.common.dynamic_creds [-] Created isolated network resources for: credentials: Credentials: {'domain_id': 'default', 'domain_name': 'Default', 'username': 'tempest-ServerMetadataTestJSON-1193914433-project-member', 'project_domain_id': 'default', 'project_domain_name': 'Default', 'project_id': '5540b2a853004ecfa38c6001384c8d39', 'project_name': 'tempest-ServerMetadataTestJSON-1193914433', 'tenant_id': '5540b2a853004ecfa38c6001384c8d39', 'tenant_name': 'tempest-ServerMetadataTestJSON-1193914433', 'user_domain_id': 'default', 'user_domain_name': 'Default', 'user_id': '21b8bb6f847549a4acef8ecc4687b250', 'system': None}, Network: {'id': '8479baa8-093e-45c0-863d-91a54327e608', 'name': 'tempest-ServerMetadataTestJSON-628782941-network', 'tenant_id': '5540b2a853004ecfa38c6001384c8d39', 'admin_state_up': True, 'mtu': 8950, 'status': 'ACTIVE', 'subnets': [], 'shared': False, 'project_id': '5540b2a853004ecfa38c6001384c8d39', 'port_security_enabled': True, 'router:external': False, 'provider:network_type': 'vlan', 'provider:physical_network': 'default', 'provider:segmentation_id': 559, 'availability_zone_hints': [], 'availability_zones': [], 'ipv4_address_scope': None, 'ipv6_address_scope': None, 'description': '', 'tags': [], 'created_at': '2025-04-25T19:27:58Z', 'updated_at': '2025-04-25T19:27:58Z', 'revision_number': 1}, Subnet: {'id': '4a399ba2-2608-4e7e-9e12-7d1e2a996987', 'name': 'tempest-ServerMetadataTestJSON-628782941-subnet', 'tenant_id': '5540b2a853004ecfa38c6001384c8d39', 'network_id': '8479baa8-093e-45c0-863d-91a54327e608', 'ip_version': 4, 'subnetpool_id': None, 'enable_dhcp': True, 'ipv6_ra_mode': None, 'ipv6_address_mode': None, 'gateway_ip': '192.168.128.1', 'cidr': '192.168.128.0/28', 'allocation_pools': [{'start': '192.168.128.2', 'end': '192.168.128.14'}], 'host_routes': [], 'dns_nameservers': [], 'description': '', 'router:external': False, 'service_types': [], 'tags': [], 'created_at': '2025-04-25T19:27:59Z', 'updated_at': '2025-04-25T19:27:59Z', 'revision_number': 0, 'project_id': '5540b2a853004ecfa38c6001384c8d39'}, Router: {'id': '36a62164-7004-448b-9d5d-9b4836dff990', 'name': 'tempest-ServerMetadataTestJSON-628782941-router', 'tenant_id': '5540b2a853004ecfa38c6001384c8d39', 'admin_state_up': True, 'status': 'ACTIVE', 'external_gateway_info': {'network_id': 'eb75a9e6-a80e-4854-b97f-aba13f7b7607', 'external_fixed_ips': [{'subnet_id': '36fa28d6-7949-4e51-9dd2-567f66d15f77', 'ip_address': '10.180.180.186'}], 'enable_snat': True}, 'description': '', 'availability_zones': [], 'distributed': False, 'ha': False, 'availability_zone_hints': [], 'routes': [], 'flavor_id': None, 'tags': [], 'created_at': '2025-04-25T19:27:59Z', 'updated_at': '2025-04-25T19:28:01Z', 'revision_number': 2, 'project_id': '5540b2a853004ecfa38c6001384c8d39'}
2025-04-25 19:28:06.298 70060 INFO tempest.lib.common.rest_client [req-492db25c-e16e-45da-b627-2172fe1edc6a req-492db25c-e16e-45da-b627-2172fe1edc6a ] Request (ImagesTestJSON:setUpClass): 201 POST http://10.180.1.21/identity/v3/auth/tokens 0.042s
2025-04-25 19:28:06.342 70018 INFO tempest.lib.common.rest_client [req-1c660cc7-21b1-4775-bb84-c4ed20bec955 req-1c660cc7-21b1-4775-bb84-c4ed20bec955 ] Request (FloatingIPsAssociationNegativeTestJSON:setUpClass): 200 GET http://10.180.1.21/compute/v2.1/servers/71b3d5d1-3110-478f-baf1-d77c2c85ac19 2.033s
2025-04-25 19:28:06.345 70060 INFO tempest.lib.common.rest_client [req-688251eb-abde-4830-9323-e6273198d6b9 req-688251eb-abde-4830-9323-e6273198d6b9 ] Request (ImagesTestJSON:setUpClass): 200 GET http://10.180.1.21/identity/v3/domains?name=Default 0.047s
2025-04-25 19:28:06.350 70068 INFO tempest.lib.common.rest_client [req-77b6f08c-8283-4e0a-85e0-9c705c54af25 req-77b6f08c-8283-4e0a-85e0-9c705c54af25 ] Request (ServerGroupTestJSON:setUpClass): 201 POST http://10.180.1.21:9696/networking/v2.0/networks 1.035s
2025-04-25 19:28:06.404 70044 INFO tempest.lib.common.rest_client [req-19bedf0b-d45f-422f-9f95-e51c8dd05ca8 req-19bedf0b-d45f-422f-9f95-e51c8dd05ca8 ] Request (ServerMetadataTestJSON:setUpClass): 201 POST http://10.180.1.21/identity/v3/auth/tokens 0.104s
2025-04-25 19:28:06.408 70060 INFO tempest.lib.common.rest_client [req-af5cff74-bd85-4f45-b4ff-c775204476c4 req-af5cff74-bd85-4f45-b4ff-c775204476c4 ] Request (ImagesTestJSON:setUpClass): 201 POST http://10.180.1.21/identity/v3/projects 0.059s
2025-04-25 19:28:06.478 70044 INFO tempest.lib.common.rest_client [req-d75f69b5-a69d-4ed1-bdca-45044e2ea307 req-d75f69b5-a69d-4ed1-bdca-45044e2ea307 ] Request (ServerMetadataTestJSON:setUpClass): 201 POST http://10.180.1.21/identity/v3/auth/tokens 0.069s
2025-04-25 19:28:06.479 70044 INFO tempest.lib.common.fixed_network [-] (ServerMetadataTestJSON:setUpClass) Found network {'id': '8479baa8-093e-45c0-863d-91a54327e608', 'name': 'tempest-ServerMetadataTestJSON-628782941-network', 'tenant_id': '5540b2a853004ecfa38c6001384c8d39', 'admin_state_up': True, 'mtu': 8950, 'status': 'ACTIVE', 'subnets': [], 'shared': False, 'project_id': '5540b2a853004ecfa38c6001384c8d39', 'port_security_enabled': True, 'router:external': False, 'provider:network_type': 'vlan', 'provider:physical_network': 'default', 'provider:segmentation_id': 559, 'availability_zone_hints': [], 'availability_zones': [], 'ipv4_address_scope': None, 'ipv6_address_scope': None, 'description': '', 'tags': [], 'created_at': '2025-04-25T19:27:58Z', 'updated_at': '2025-04-25T19:27:58Z', 'revision_number': 1} available for tenant
2025-04-25 19:28:06.490 70060 INFO tempest.lib.common.rest_client [req-ebc3e666-f53f-4a7d-b10a-355ad538848e req-ebc3e666-f53f-4a7d-b10a-355ad538848e ] Request (ImagesTestJSON:setUpClass): 201 POST http://10.180.1.21/identity/v3/users 0.081s
2025-04-25 19:28:06.516 70060 INFO tempest.lib.common.rest_client [req-8941be42-af63-4a41-9225-4b4def02dbbc req-8941be42-af63-4a41-9225-4b4def02dbbc ] Request (ImagesTestJSON:setUpClass): 200 GET http://10.180.1.21/identity/v3/roles 0.025s
2025-04-25 19:28:06.552 70060 INFO tempest.lib.common.rest_client [req-c0a6c1ce-4cc7-469e-ac7d-f5045a4cab92 req-c0a6c1ce-4cc7-469e-ac7d-f5045a4cab92 ] Request (ImagesTestJSON:setUpClass): 204 PUT http://10.180.1.21/identity/v3/projects/89145079f85e4bf8a8df148aa37d4b7b/users/451c2bdd95894deeb59c52a166c68296/roles/87616362c06444c58edb6473d1d6f62f 0.036s
2025-04-25 19:28:06.552 70060 INFO tempest.lib.common.dynamic_creds [-] Dynamic test user 451c2bdd95894deeb59c52a166c68296 is created with scope project and roles: ['member']
2025-04-25 19:28:06.552 70060 INFO tempest.lib.common.dynamic_creds [-] Acquired dynamic creds: credentials: Credentials: {'domain_id': 'default', 'domain_name': 'Default', 'username': 'tempest-ImagesTestJSON-339111098-project-member', 'project_domain_id': 'default', 'project_domain_name': 'Default', 'project_id': '89145079f85e4bf8a8df148aa37d4b7b', 'project_name': 'tempest-ImagesTestJSON-339111098', 'tenant_id': '89145079f85e4bf8a8df148aa37d4b7b', 'tenant_name': 'tempest-ImagesTestJSON-339111098', 'user_domain_id': 'default', 'user_domain_name': 'Default', 'user_id': '451c2bdd95894deeb59c52a166c68296', 'system': None}, Network: None, Subnet: None, Router: None
2025-04-25 19:28:06.623 70060 INFO tempest.lib.common.rest_client [req-aacfcbca-06c8-443e-8cb5-1ae30b9d2fd8 req-aacfcbca-06c8-443e-8cb5-1ae30b9d2fd8 ] Request (ImagesTestJSON:setUpClass): 201 POST http://10.180.1.21/identity/v3/auth/tokens 0.070s
2025-04-25 19:28:06.694 70068 INFO tempest.lib.common.rest_client [req-c9475015-b2e3-4e5b-9c18-667f0badd4e5 req-c9475015-b2e3-4e5b-9c18-667f0badd4e5 ] Request (ServerGroupTestJSON:setUpClass): 201 POST http://10.180.1.21:9696/networking/v2.0/subnets 0.338s
2025-04-25 19:28:06.723 70022 INFO tempest.lib.common.rest_client [req-81ec3af9-886c-4d3e-a5b4-ef6c6e487657 req-81ec3af9-886c-4d3e-a5b4-ef6c6e487657 ] Request (FloatingIPsAssociationTestJSON:setUpClass): 201 POST http://10.180.1.21:9696/networking/v2.0/routers 2.133s
2025-04-25 19:28:06.752 70040 INFO tempest.lib.common.rest_client [req-d549fb72-76a7-43cc-8f6b-c16a226d9bc4 req-d549fb72-76a7-43cc-8f6b-c16a226d9bc4 ] Request (AttachInterfacesUnderV243Test:test_add_remove_fixed_ip): 202 POST http://10.180.1.21/compute/v2.1/servers 2.643s
2025-04-25 19:28:06.861 70058 INFO tempest.lib.common.rest_client [req-3c295a6f-4c91-4397-aa30-e33eb8f5c3cc req-3c295a6f-4c91-4397-aa30-e33eb8f5c3cc ] Request (ServerActionsTestOtherB:setUpClass): 200 GET http://10.180.1.21/compute/v2.1/servers/04800cfa-2e24-43bc-9198-0a0f41151dc0 2.489s
2025-04-25 19:28:06.943 70048 INFO tempest.lib.common.rest_client [req-4b093537-2417-48ab-a469-325ae944cce9 req-4b093537-2417-48ab-a469-325ae944cce9 ] Request (ServersWithSpecificFlavorTestJSON:test_verify_created_server_ephemeral_disk): 200 GET http://10.180.1.21/compute/v2.1/servers/d6551491-3d04-43fa-9813-3af8725c7b9d 2.517s
2025-04-25 19:28:07.083 70032 INFO tempest.lib.common.rest_client [req-faa6560f-dec8-4b89-8799-75b8280dfa11 req-faa6560f-dec8-4b89-8799-75b8280dfa11 ] Request (AttachInterfacesTestJSON:test_create_list_show_delete_interfaces_by_fixed_ip): 200 GET http://10.180.1.21/compute/v2.1/servers/3a7606e7-37de-411d-a478-d800677c3d13 2.467s
2025-04-25 19:28:07.206 70066 INFO tempest.lib.common.rest_client [req-c5c1ea1d-60b7-428e-8317-74145eacab90 req-c5c1ea1d-60b7-428e-8317-74145eacab90 ] Request (ServersAaction247Test:test_create_backup): 200 GET http://10.180.1.21/compute/v2.1/servers/b0de3cdc-649d-4496-990a-463387e092da 2.530s
2025-04-25 19:28:07.218 70052 INFO tempest.lib.common.rest_client [req-3836a853-7b11-4817-8e9c-07a0f6dded39 req-3836a853-7b11-4817-8e9c-07a0f6dded39 ] Request (KeyPairsV22TestJSON:test_keypairs_create_list_delete): 200 GET http://10.180.1.21/compute/v2.1/os-keypairs 2.495s
2025-04-25 19:28:07.258 70030 INFO tempest.lib.common.rest_client [req-d22d3721-e26c-4142-9c33-e44a856f602e req-d22d3721-e26c-4142-9c33-e44a856f602e ] Request (KeyPairsV2TestJSON:test_keypairs_create_list_delete): 200 POST http://10.180.1.21/compute/v2.1/os-keypairs 2.513s
2025-04-25 19:28:07.277 70060 INFO tempest.lib.common.rest_client [req-4643ee54-275e-4d3d-8926-7e9459a7e6e3 req-4643ee54-275e-4d3d-8926-7e9459a7e6e3 ] Request (ImagesTestJSON:setUpClass): 201 POST http://10.180.1.21:9696/networking/v2.0/networks 0.653s
2025-04-25 19:28:07.310 70074 INFO tempest.lib.common.rest_client [req-81a0e424-b331-4b12-9c4a-3c6401e30796 req-81a0e424-b331-4b12-9c4a-3c6401e30796 ] Request (ServersTestFqdnHostnames:test_create_server_with_fqdn_name): 202 POST http://10.180.1.21/compute/v2.1/servers 2.999s
2025-04-25 19:28:07.341 70026 INFO tempest.lib.common.rest_client [req-c7bab1d0-8e57-4e6f-9325-cdf373266615 req-c7bab1d0-8e57-4e6f-9325-cdf373266615 ] Request (ServersTestManualDisk:setUpClass): 200 GET http://10.180.1.21/compute/v2.1/servers/80fc2079-55e2-4bb4-949f-c74422f9eeef 2.534s
2025-04-25 19:28:07.343 70016 INFO tempest.lib.common.rest_client [req-7125f447-b972-489b-bc79-741fe288e27f req-7125f447-b972-489b-bc79-741fe288e27f ] Request (FlavorsAdminTestJSON:test_create_server_with_non_public_flavor): 400 POST http://10.180.1.21/compute/v2.1/servers 2.492s
2025-04-25 19:28:07.378 70024 INFO tempest.lib.common.rest_client [req-1ee12db9-e99f-41a3-a9bf-d535f8a93dc2 req-1ee12db9-e99f-41a3-a9bf-d535f8a93dc2 ] Request (FlavorsAccessNegativeTestJSON:_run_cleanups): 202 DELETE http://10.180.1.21/compute/v2.1/flavors/449327555 2.274s
2025-04-25 19:28:07.547 70046 INFO tempest.lib.common.rest_client [req-42a70b75-1a12-4fdb-a139-9dc50ed334a0 req-42a70b75-1a12-4fdb-a139-9dc50ed334a0 ] Request (VolumesAdminNegativeTest:test_update_attached_volume_with_nonexistent_volume_in_body): 200 POST http://10.180.1.21/compute/v2.1/os-keypairs 2.556s
