2025-04-25 19:28:22.588 70024 INFO tempest.lib.common.rest_client [req-0c64d98e-f2cd-49cc-acd6-7b230fad8791 req-0c64d98e-f2cd-49cc-acd6-7b230fad8791 ] Request (QuotasAdminTestJSON:setUpClass): 201 POST http://10.180.1.21/identity/v3/users 0.065s
2025-04-25 19:28:22.612 70024 INFO tempest.lib.common.rest_client [req-be0d9269-610c-4f7e-b0fe-52699f99725a req-be0d9269-610c-4f7e-b0fe-52699f99725a ] Request (QuotasAdminTestJSON:setUpClass): 200 GET http://10.180.1.21/identity/v3/roles 0.023s
2025-04-25 19:28:22.617 70012 INFO tempest.lib.common.rest_client [req-27ac9a5a-06fb-4a29-80a4-fb5a6ef3ae73 req-27ac9a5a-06fb-4a29-80a4-fb5a6ef3ae73 ] Request (InstanceActionsNegativeTestJSON:setUpClass): 200 GET http://10.180.1.21/compute/v2.1/servers/58f4e063-6abe-46ee-9a30-ee3cd7cd70d5 1.418s
2025-04-25 19:28:22.644 70042 INFO tempest.lib.common.rest_client [req-b022ae26-1b4e-4aef-b601-4b26d33d0fbf req-b022ae26-1b4e-4aef-b601-4b26d33d0fbf ] Request (FloatingIPsTestJSON:test_delete_floating_ip): 404 GET http://10.180.1.21/compute/v2.1/os-floating-ips/1b7c463f-1046-484c-9b6c-84d903205332 1.397s
2025-04-25 19:28:22.646 70024 INFO tempest.lib.common.rest_client [req-1e641715-5dc7-455b-9881-20c2fda05b41 req-1e641715-5dc7-455b-9881-20c2fda05b41 ] Request (QuotasAdminTestJSON:setUpClass): 204 PUT http://10.180.1.21/identity/v3/projects/2de417c65be940c2bfa8702e4994cdce/users/445cd0b195c64ecfa450810337a673fd/roles/8666fe8681724d5eaad02e375e5fcee2 0.033s
2025-04-25 19:28:22.672 70064 INFO tempest.lib.common.rest_client [req-923995c5-777c-4885-a7ee-5ad77be598f6 req-923995c5-777c-4885-a7ee-5ad77be598f6 ] Request (SecurityGroupsTestJSON:test_security_groups_create_list_delete): 200 POST http://10.180.1.21/compute/v2.1/os-security-groups 1.489s
2025-04-25 19:28:22.711 70024 INFO tempest.lib.common.rest_client [req-9d8c9073-3cf8-4ca7-855d-00a443dbf4ad req-9d8c9073-3cf8-4ca7-855d-00a443dbf4ad ] Request (QuotasAdminTestJSON:setUpClass): 200 GET http://10.180.1.21/identity/v3/roles 0.064s
2025-04-25 19:28:22.715 70035 INFO tempest.lib.common.rest_client [req-4e1f46d7-47e8-49f3-9309-1dcb3ae0d9c3 req-4e1f46d7-47e8-49f3-9309-1dcb3ae0d9c3 ] Request (ServerExternalEventsTest:tearDownClass): 200 GET http://10.180.1.21/compute/v2.1/servers/c568f0e0-42ba-460d-9979-69f7498a748f 1.459s
2025-04-25 19:28:22.733 70024 INFO tempest.lib.common.rest_client [req-9e3fdfa4-91f5-49d3-94f7-962049094b25 req-9e3fdfa4-91f5-49d3-94f7-962049094b25 ] Request (QuotasAdminTestJSON:setUpClass): 204 PUT http://10.180.1.21/identity/v3/projects/2de417c65be940c2bfa8702e4994cdce/users/445cd0b195c64ecfa450810337a673fd/roles/8666fe8681724d5eaad02e375e5fcee2 0.022s
2025-04-25 19:28:22.733 70024 INFO tempest.lib.common.dynamic_creds [-] Dynamic test user 445cd0b195c64ecfa450810337a673fd is created with scope project and roles: ['admin']
2025-04-25 19:28:22.733 70024 INFO tempest.lib.common.dynamic_creds [-] Acquired dynamic creds: credentials: Credentials: {'domain_id': 'default', 'domain_name': 'Default', 'username': 'tempest-QuotasAdminTestJSON-1838663195-project-admin', 'project_domain_id': 'default', 'project_domain_name': 'Default', 'project_id': '2de417c65be940c2bfa8702e4994cdce', 'project_name': 'tempest-QuotasAdminTestJSON-1838663195', 'tenant_id': '2de417c65be940c2bfa8702e4994cdce', 'tenant_name': 'tempest-QuotasAdminTestJSON-1838663195', 'user_domain_id': 'default', 'user_domain_name': 'Default', 'user_id': '445cd0b195c64ecfa450810337a673fd', 'system': None}, Network: None, Subnet: None, Router: None
2025-04-25 19:28:22.733 70024 INFO tempest.lib.common.dynamic_creds [-] Created isolated network resources for: credentials: Credentials: {'domain_id': 'default', 'domain_name': 'Default', 'username': 'tempest-QuotasAdminTestJSON-1838663195-project-admin', 'project_domain_id': 'default', 'project_domain_name': 'Default', 'project_id': '2de417c65be940c2bfa8702e4994cdce', 'project_name': 'tempest-QuotasAdminTestJSON-1838663195', 'tenant_id': '2de417c65be940c2bfa8702e4994cdce', 'tenant_name': 'tempest-QuotasAdminTestJSON-1838663195', 'user_domain_id': 'default', 'user_domain_name': 'Default', 'user_id': '445cd0b195c64ecfa450810337a673fd', 'system': None}, Network: None, Subnet: None, Router: None
2025-04-25 19:28:22.749 70062 INFO tempest.lib.common.rest_client [req-99443ae0-3366-41db-9f50-0ce27031ea5d req-99443ae0-3366-41db-9f50-0ce27031ea5d ] Request (ServersAdminNegativeTestJSON:test_migrate_server_invalid_state): 200 GET http://10.180.1.21/compute/v2.1/servers/be1d2d89-cc25-465b-b8d6-905b2c838de6 1.464s
2025-04-25 19:28:22.804 70024 INFO tempest.lib.common.rest_client [req-fcd0102a-e245-4b70-b99f-f93c1446a336 req-fcd0102a-e245-4b70-b99f-f93c1446a336 ] Request (QuotasAdminTestJSON:setUpClass): 201 POST http://10.180.1.21/identity/v3/auth/tokens 0.067s
2025-04-25 19:28:22.830 70058 INFO tempest.lib.common.rest_client [req-49785772-08e0-4170-a89f-d99bca46d7ba req-49785772-08e0-4170-a89f-d99bca46d7ba ] Request (ServerActionsTestOtherB:setUpClass): 200 GET http://10.180.1.21/compute/v2.1/servers/04800cfa-2e24-43bc-9198-0a0f41151dc0/os-interface 1.392s
2025-04-25 19:28:22.836 70024 INFO tempest.lib.common.rest_client [req-0f4e2cdc-20ad-4150-946a-2e7a8874b7c5 req-0f4e2cdc-20ad-4150-946a-2e7a8874b7c5 ] Request (QuotasAdminTestJSON:test_delete_quota): 200 GET http://10.180.1.21/identity/v3/domains?name=Default 0.030s
2025-04-25 19:28:22.841 70068 INFO tempest.lib.common.rest_client [req-3a8258b9-cc45-4111-9cd7-10da5bf49a23 req-3a8258b9-cc45-4111-9cd7-10da5bf49a23 ] Request (ServerGroupTestJSON:test_create_delete_multiple_server_groups_with_same_name_policy): 200 GET http://10.180.1.21/compute/v2.1/os-server-groups 0.918s
2025-04-25 19:28:22.875 70024 INFO tempest.lib.common.rest_client [req-2eaf89a9-d120-4a48-964f-3e82b221700a req-2eaf89a9-d120-4a48-964f-3e82b221700a ] Request (QuotasAdminTestJSON:test_delete_quota): 201 POST http://10.180.1.21/identity/v3/projects 0.038s
2025-04-25 19:28:22.933 70024 INFO tempest.lib.common.rest_client [req-5034661e-38bb-46bc-8f6a-2678420a442a req-5034661e-38bb-46bc-8f6a-2678420a442a ] Request (QuotasAdminTestJSON:test_delete_quota): 200 GET http://10.180.1.21/identity/v3/domains?name=Default 0.058s
2025-04-25 19:28:23.031 70056 INFO tempest.lib.common.rest_client [req-c5748d46-71f6-4863-9857-1997720bc29d req-c5748d46-71f6-4863-9857-1997720bc29d ] Request (DeleteServersAdminTestJSON:test_delete_server_while_in_error_state): 202 POST http://10.180.1.21/compute/v2.1/servers 1.246s
2025-04-25 19:28:23.127 70014 INFO tempest.lib.common.rest_client [req-407a9bee-e39c-47b2-8b57-99c515c3b15b req-407a9bee-e39c-47b2-8b57-99c515c3b15b ] Request (ServersAdmin275Test:tearDownClass): 204 DELETE http://10.180.1.21/compute/v2.1/servers/6ca2c9f7-36f1-4856-bbba-ef6f948ca7ce 1.002s
2025-04-25 19:28:23.145 70016 INFO tempest.lib.common.rest_client [req-4b98943d-3e5d-4cd1-95b5-602e65f58479 req-4b98943d-3e5d-4cd1-95b5-602e65f58479 ] Request (FlavorsAdminTestJSON:test_is_public_string_variations): 200 GET http://10.180.1.21/compute/v2.1/flavors/detail?is_public=0 1.022s
2025-04-25 19:28:23.219 70040 INFO tempest.lib.common.rest_client [req-f88d5504-ec48-4d86-8164-ec4aa8a489f5 req-f88d5504-ec48-4d86-8164-ec4aa8a489f5 ] Request (AttachInterfacesUnderV243Test:test_add_remove_fixed_ip): 200 GET http://10.180.1.21/compute/v2.1/servers/0f69937d-222e-4155-8ecf-5d5fb86d68b6 0.950s
2025-04-25 19:28:23.239 70030 INFO tempest.lib.common.rest_client [req-abffb2c1-1ea1-43f6-a3f0-50541241300a req-abffb2c1-1ea1-43f6-a3f0-50541241300a ] Request (ServerActionsTestJSON:setUpClass): 201 POST http://10.180.1.21:9696/networking/v2.0/routers 0.666s
2025-04-25 19:28:23.271 70052 INFO tempest.lib.common.rest_client [req-64b57208-bf1b-48f5-b327-e37302d83bc7 req-64b57208-bf1b-48f5-b327-e37302d83bc7 ] Request (KeyPairsV22TestJSON:test_keypairsv22_create_list_show_with_type): 201 POST http://10.180.1.21/compute/v2.1/os-keypairs 1.247s
2025-04-25 19:28:23.276 70074 INFO tempest.lib.common.rest_client [req-3bb5c238-de1b-43fc-af77-7d2da6e0ac03 req-3bb5c238-de1b-43fc-af77-7d2da6e0ac03 ] Request (ServersTestFqdnHostnames:test_create_server_with_fqdn_name): 200 GET http://10.180.1.21/compute/v2.1/servers/c5cf678b-99a6-4322-adfc-172f3e4d55f7 0.966s
2025-04-25 19:28:23.288 70074 INFO tempest.common.waiters [-] State transition "BUILD/scheduling" ==> "BUILD/None" after 13 second wait
2025-04-25 19:28:23.331 70054 INFO tempest.lib.common.rest_client [req-c4b70f4f-a3c2-477c-8d31-07815094d75c req-c4b70f4f-a3c2-477c-8d31-07815094d75c ] Request (ServerTagsTestJSON:test_update_all_tags): 201 PUT http://10.180.1.21/compute/v2.1/servers/44011071-a81a-4f24-9e27-9e7eed5a323c/tags/tempest-tag-1072958223 0.985s
2025-04-25 19:28:23.425 70058 INFO tempest.lib.common.rest_client [req-72a91e18-c761-4488-8c51-5c3ed1195935 req-72a91e18-c761-4488-8c51-5c3ed1195935 ] Request (ServerActionsTestOtherB:setUpClass): 200 PUT http://10.180.1.21:9696/networking/v2.0/floatingips/47145e2a-0cab-430e-a54b-9771b90b48f0 0.592s
2025-04-25 19:28:23.426 70058 INFO tempest.lib.common.ssh [-] Creating ssh connection to '10.180.180.147:22' as 'cirros' with public key authentication
2025-04-25 19:28:23.551 70048 INFO tempest.lib.common.rest_client [req-78fd5a0f-c8d3-4a3d-8401-d17d5c9011fa req-78fd5a0f-c8d3-4a3d-8401-d17d5c9011fa ] Request (ServersWithSpecificFlavorTestJSON:test_verify_created_server_ephemeral_disk): 200 GET http://10.180.1.21/compute/v2.1/servers/d6551491-3d04-43fa-9813-3af8725c7b9d 1.041s
2025-04-25 19:28:23.614 70046 INFO tempest.lib.common.rest_client [req-5e00f327-8cc3-487f-9283-ac72b27aadb2 req-5e00f327-8cc3-487f-9283-ac72b27aadb2 ] Request (VolumesAdminNegativeTest:test_update_attached_volume_with_nonexistent_volume_in_body): 200 GET http://10.180.1.21/compute/v2.1/servers/3be3e0be-3e3c-43dd-8e6e-c1add19412c4 1.094s
2025-04-25 19:28:23.694 70038 INFO tempest.lib.common.rest_client [req-bc19194b-8640-4127-aa3c-227b1e6d7aef req-bc19194b-8640-4127-aa3c-227b1e6d7aef ] Request (TenantUsagesTestJSON:tearDownClass): 204 DELETE http://10.180.1.21/compute/v2.1/servers/d377096a-422a-4b72-88db-08bf0b8f8fa7 1.147s
2025-04-25 19:28:23.748 70026 INFO tempest.lib.common.rest_client [req-334257b3-9a67-4519-8419-abcde4992b7d req-334257b3-9a67-4519-8419-abcde4992b7d ] Request (ServersTestManualDisk:setUpClass): 200 GET http://10.180.1.21/compute/v2.1/servers/80fc2079-55e2-4bb4-949f-c74422f9eeef 1.177s
2025-04-25 19:28:23.811 70066 INFO tempest.lib.common.rest_client [req-2be19c62-16a2-4a75-b45b-19fa322122ea req-2be19c62-16a2-4a75-b45b-19fa322122ea ] Request (ServersAaction247Test:test_create_backup): 200 GET http://10.180.1.21/compute/v2.1/servers/b0de3cdc-649d-4496-990a-463387e092da 1.231s
2025-04-25 19:28:23.846 70042 INFO tempest.lib.common.rest_client [req-5a7a14d2-bf6f-49f0-9798-b9ebaad83b79 req-5a7a14d2-bf6f-49f0-9798-b9ebaad83b79 ] Request (FloatingIPsTestJSON:_run_cleanups): 404 DELETE http://10.180.1.21/compute/v2.1/os-floating-ips/1b7c463f-1046-484c-9b6c-84d903205332 1.201s
2025-04-25 19:28:23.990 70030 INFO tempest.lib.common.rest_client [req-77bbf510-619a-4b69-80b2-d54b2994eda6 req-77bbf510-619a-4b69-80b2-d54b2994eda6 ] Request (ServerActionsTestJSON:setUpClass): 200 PUT http://10.180.1.21:9696/networking/v2.0/routers/3cb7ff39-4e0e-4524-a831-8b1cfeaac0c9/add_router_interface 0.750s
2025-04-25 19:28:23.990 70030 INFO tempest.lib.common.dynamic_creds [-] Created isolated network resources for: credentials: Credentials: {'domain_id': 'default', 'domain_name': 'Default', 'username': 'tempest-ServerActionsTestJSON-975348313-project-member', 'project_domain_id': 'default', 'project_domain_name': 'Default', 'project_id': '0e90ef104fab4f1a8baf5bf5c820f419', 'project_name': 'tempest-ServerActionsTestJSON-975348313', 'tenant_id': '0e90ef104fab4f1a8baf5bf5c820f419', 'tenant_name': 'tempest-ServerActionsTestJSON-975348313', 'user_domain_id': 'default', 'user_domain_name': 'Default', 'user_id': '1528f3206e42473981bd073660c47df8', 'system': None}, Network: {'id': '324c552e-bee6-4698-98b9-f4fadebddacf', 'name': 'tempest-ServerActionsTestJSON-181574498-network', 'tenant_id': '0e90ef104fab4f1a8baf5bf5c820f419', 'admin_state_up': True, 'mtu': 8950, 'status': 'ACTIVE', 'subnets': [], 'shared': False, 'project_id': '0e90ef104fab4f1a8baf5bf5c820f419', 'port_security_enabled': True, 'router:external': False, 'provider:network_type': 'vlan', 'provider:physical_network': 'default', 'provider:segmentation_id': 616, 'availability_zone_hints': [], 'availability_zones': [], 'ipv4_address_scope': None, 'ipv6_address_scope': None, 'description': '', 'tags': [], 'created_at': '2025-04-25T19:28:22Z', 'updated_at': '2025-04-25T19:28:22Z', 'revision_number': 1}, Subnet: {'id': 'c1fb5316-d959-41cf-ad7c-d6aab0efdd72', 'name': 'tempest-ServerActionsTestJSON-181574498-subnet', 'tenant_id': '0e90ef104fab4f1a8baf5bf5c820f419', 'network_id': '324c552e-bee6-4698-98b9-f4fadebddacf', 'ip_version': 4, 'subnetpool_id': None, 'enable_dhcp': True, 'ipv6_ra_mode': None, 'ipv6_address_mode': None, 'gateway_ip': '192.168.128.1', 'cidr': '192.168.128.0/28', 'allocation_pools': [{'start': '192.168.128.2', 'end': '192.168.128.14'}], 'host_routes': [], 'dns_nameservers': [], 'description': '', 'router:external': False, 'service_types': [], 'tags': [], 'created_at': '2025-04-25T19:28:22Z', 'updated_at': '2025-04-25T19:28:22Z', 'revision_number': 0, 'project_id': '0e90ef104fab4f1a8baf5bf5c820f419'}, Router: {'id': '3cb7ff39-4e0e-4524-a831-8b1cfeaac0c9', 'name': 'tempest-ServerActionsTestJSON-181574498-router', 'tenant_id': '0e90ef104fab4f1a8baf5bf5c820f419', 'admin_state_up': True, 'status': 'ACTIVE', 'external_gateway_info': {'network_id': 'eb75a9e6-a80e-4854-b97f-aba13f7b7607', 'external_fixed_ips': [{'subnet_id': '36fa28d6-7949-4e51-9dd2-567f66d15f77', 'ip_address': '10.180.180.223'}], 'enable_snat': True}, 'description': '', 'availability_zones': [], 'distributed': False, 'ha': False, 'availability_zone_hints': [], 'routes': [], 'flavor_id': None, 'tags': [], 'created_at': '2025-04-25T19:28:22Z', 'updated_at': '2025-04-25T19:28:22Z', 'revision_number': 2, 'project_id': '0e90ef104fab4f1a8baf5bf5c820f419'}
2025-04-25 19:28:24.098 70030 INFO tempest.lib.common.rest_client [req-d325ad23-0283-4690-a585-d9ea165f0c95 req-d325ad23-0283-4690-a585-d9ea165f0c95 ] Request (ServerActionsTestJSON:setUpClass): 201 POST http://10.180.1.21/identity/v3/auth/tokens 0.101s
2025-04-25 19:28:24.135 70064 INFO tempest.lib.common.rest_client [req-9200ecd4-bed1-4fd8-9392-c67fb800cfcf req-9200ecd4-bed1-4fd8-9392-c67fb800cfcf ] Request (SecurityGroupsTestJSON:test_security_groups_create_list_delete): 200 POST http://10.180.1.21/compute/v2.1/os-security-groups 1.459s
2025-04-25 19:28:24.592 70032 INFO tempest.lib.common.rest_client [req-c3d9d223-0cea-4369-a7dc-eb05143b919f req-c3d9d223-0cea-4369-a7dc-eb05143b919f ] Request (AttachInterfacesTestJSON:test_create_list_show_delete_interfaces_by_fixed_ip): 200 GET http://10.180.1.21/compute/v2.1/servers/3a7606e7-37de-411d-a478-d800677c3d13 1.898s
2025-04-25 19:28:24.600 70032 INFO tempest.common.waiters [-] State transition "BUILD/spawning" ==> "ACTIVE/None" after 33 second wait
2025-04-25 19:28:24.973 70072 INFO tempest.lib.common.rest_client [req-6df52522-6aba-47bb-96fb-574cc14a1954 req-6df52522-6aba-47bb-96fb-574cc14a1954 ] Request (VolumesAssistedSnapshotsTest:test_volume_assisted_snapshot_create_delete): 200 GET http://10.180.1.21/compute/v2.1/servers/8c1a6b7c-f693-4566-a9f6-8053860b1699 2.272s
2025-04-25 19:28:25.057 70068 INFO tempest.lib.common.rest_client [req-91949588-0ab5-4800-9401-df4dcd2e5711 req-91949588-0ab5-4800-9401-df4dcd2e5711 ] Request (ServerGroupTestJSON:test_create_delete_server_group_with_affinity_policy): 200 POST http://10.180.1.21/compute/v2.1/os-server-groups 2.213s
2025-04-25 19:28:25.262 70070 INFO tempest.lib.common.rest_client [req-d19c3bc5-3cc6-4e57-827b-e80543ca94a8 req-d19c3bc5-3cc6-4e57-827b-e80543ca94a8 ] Request (MigrationsAdminTest:test_list_migrations_in_flavor_resize_situation): 200 GET http://10.180.1.21/compute/v2.1/servers/2ec4bbba-9dbd-4978-91e7-c2d0620c9857 2.358s
2025-04-25 19:28:25.342 70018 INFO tempest.lib.common.rest_client [req-6f07e81b-d5d3-45b6-b678-dec85ce4b249 req-6f07e81b-d5d3-45b6-b678-dec85ce4b249 ] Request (FloatingIPsAssociationNegativeTestJSON:_run_cleanups): 202 POST http://10.180.1.21/compute/v2.1/servers/71b3d5d1-3110-478f-baf1-d77c2c85ac19/action 2.841s
2025-04-25 19:28:25.392 70024 INFO tempest.lib.common.rest_client [req-f315273e-22cd-4269-9b73-4e90a33106ab req-f315273e-22cd-4269-9b73-4e90a33106ab ] Request (QuotasAdminTestJSON:test_delete_quota): 200 GET http://10.180.1.21/compute/v2.1/os-quota-sets/29ce2c7ea69749c59145d60b07ca601a 2.458s
2025-04-25 19:28:25.411 70022 INFO tempest.lib.common.rest_client [req-6332776e-aded-45ee-8a69-c2f3c29f6b78 req-6332776e-aded-45ee-8a69-c2f3c29f6b78 ] Request (FloatingIPsAssociationTestJSON:setUpClass): 200 GET http://10.180.1.21/compute/v2.1/servers/a360387a-e02f-41c5-9b10-c67fb03433f8 2.396s
2025-04-25 19:28:25.456 70056 INFO tempest.lib.common.rest_client [req-7669642a-da48-460c-b588-fa2e7ca7f0b0 req-7669642a-da48-460c-b588-fa2e7ca7f0b0 ] Request (DeleteServersAdminTestJSON:test_delete_server_while_in_error_state): 200 GET http://10.180.1.21/compute/v2.1/servers/d4b37d65-3847-4913-aa50-d6b93378a4e0 2.423s
2025-04-25 19:28:25.489 70016 INFO tempest.lib.common.rest_client [req-6c5f1a34-0322-4a50-9ed6-462fc105d6e6 req-6c5f1a34-0322-4a50-9ed6-462fc105d6e6 ] Request (FlavorsAdminTestJSON:test_is_public_string_variations): 200 GET http://10.180.1.21/compute/v2.1/flavors/detail?is_public=t 2.342s
2025-04-25 19:28:25.492 70014 INFO tempest.lib.common.rest_client [req-2e0bf591-129f-43fc-941a-b954ed30f640 req-2e0bf591-129f-43fc-941a-b954ed30f640 ] Request (ServersAdmin275Test:tearDownClass): 200 GET http://10.180.1.21/compute/v2.1/servers/6ca2c9f7-36f1-4856-bbba-ef6f948ca7ce 2.365s
2025-04-25 19:28:25.500 70052 INFO tempest.lib.common.rest_client [req-e44c867f-1957-40e2-baec-8c89d1d05f82 req-e44c867f-1957-40e2-baec-8c89d1d05f82 ] Request (KeyPairsV22TestJSON:test_keypairsv22_create_list_show_with_type): 200 GET http://10.180.1.21/compute/v2.1/os-keypairs/tempest-keypair-1546585524 2.227s
2025-04-25 19:28:25.578 70036 INFO tempest.lib.common.rest_client [req-5c45ad92-1ce8-4f5e-86fb-c8cfcd27c46e req-5c45ad92-1ce8-4f5e-86fb-c8cfcd27c46e ] Request (ServerDiagnosticsNegativeTest:tearDownClass): 200 GET http://10.180.1.21/compute/v2.1/servers/4b1b8aa4-2eb8-4989-bd4a-d105e8729286 2.361s
2025-04-25 19:28:25.636 70054 INFO tempest.lib.common.rest_client [req-130c543f-c2d6-42fb-b290-dde7e89fad34 req-130c543f-c2d6-42fb-b290-dde7e89fad34 ] Request (ServerTagsTestJSON:test_update_all_tags): 201 PUT http://10.180.1.21/compute/v2.1/servers/44011071-a81a-4f24-9e27-9e7eed5a323c/tags/tempest-tag-1288298217 2.303s
2025-04-25 19:28:25.691 70050 INFO tempest.lib.common.rest_client [req-51651c87-ae3d-4468-9662-a80cc56e2e0c req-51651c87-ae3d-4468-9662-a80cc56e2e0c ] Request (ServerDiagnosticsTest:test_get_server_diagnostics): 200 GET http://10.180.1.21/compute/v2.1/servers/ace797e6-97fb-49f0-a35e-9259de311409 2.402s
2025-04-25 19:28:25.700 70050 INFO tempest.common.waiters [-] State transition "BUILD/None" ==> "BUILD/spawning" after 30 second wait
2025-04-25 19:28:25.703 70044 INFO tempest.lib.common.rest_client [req-3fcc0aef-debf-4bf6-826e-1d1413b7c6f0 req-3fcc0aef-debf-4bf6-826e-1d1413b7c6f0 ] Request (ServerMetadataTestJSON:setUpClass): 200 GET http://10.180.1.21/compute/v2.1/servers/4ce1e0c3-ce34-4acf-9a72-64c832056360 2.275s
2025-04-25 19:28:25.709 70044 INFO tempest.common.waiters [-] State transition "BUILD/scheduling" ==> "BUILD/None" after 13 second wait
2025-04-25 19:28:25.761 70020 INFO tempest.lib.common.rest_client [req-e5cb0003-705d-495a-8e45-e718998236e1 req-e5cb0003-705d-495a-8e45-e718998236e1 ] Request (ServerDiskConfigTestJSON:test_rebuild_server_with_auto_disk_config): 200 GET http://10.180.1.21/compute/v2.1/servers/57385667-4ff4-49e8-88d3-f60ed2207f9a 2.250s
2025-04-25 19:28:25.774 70060 INFO tempest.lib.common.rest_client [req-e643fa1f-8672-4b6e-8107-23f3368bcefc req-e643fa1f-8672-4b6e-8107-23f3368bcefc ] Request (ImagesTestJSON:test_create_image_from_stopped_server): 200 GET http://10.180.1.21/compute/v2.1/servers/b43eab86-a3b9-4f1b-b074-dc65bca9d10f 2.204s
2025-04-25 19:28:25.850 70012 INFO tempest.lib.common.rest_client [req-3881b03c-338e-4720-b260-572eb5e3bee8 req-3881b03c-338e-4720-b260-572eb5e3bee8 ] Request (InstanceActionsNegativeTestJSON:setUpClass): 200 GET http://10.180.1.21/compute/v2.1/servers/58f4e063-6abe-46ee-9a30-ee3cd7cd70d5 2.224s
2025-04-25 19:28:25.950 70035 INFO tempest.lib.common.rest_client [req-6b701e2f-093d-40ef-a019-dca4a5841e3b req-6b701e2f-093d-40ef-a019-dca4a5841e3b ] Request (ServerExternalEventsTest:tearDownClass): 200 GET http://10.180.1.21/compute/v2.1/servers/c568f0e0-42ba-460d-9979-69f7498a748f 2.221s
2025-04-25 19:28:25.983 70038 INFO tempest.lib.common.rest_client [req-1e771bd3-b4f7-49e1-90b4-38dfba53c574 req-1e771bd3-b4f7-49e1-90b4-38dfba53c574 ] Request (TenantUsagesTestJSON:tearDownClass): 200 GET http://10.180.1.21/compute/v2.1/servers/d377096a-422a-4b72-88db-08bf0b8f8fa7 2.288s
2025-04-25 19:28:26.038 70062 INFO tempest.lib.common.rest_client [req-d8901ea8-27f5-4b94-ba0a-bff8350a3ed2 req-d8901ea8-27f5-4b94-ba0a-bff8350a3ed2 ] Request (ServersAdminNegativeTestJSON:test_migrate_server_invalid_state): 200 GET http://10.180.1.21/compute/v2.1/servers/be1d2d89-cc25-465b-b8d6-905b2c838de6 2.281s
2025-04-25 19:28:26.057 70030 INFO tempest.lib.common.rest_client [req-72fe535f-6bfb-4cd1-bd9a-d033fe99ffe6 req-72fe535f-6bfb-4cd1-bd9a-d033fe99ffe6 ] Request (ServerActionsTestJSON:setUpClass): 200 POST http://10.180.1.21/compute/v2.1/os-keypairs 1.958s
2025-04-25 19:28:26.140 70040 INFO tempest.lib.common.rest_client [req-fc1dc74e-0db0-4e81-852b-05b5e3c96747 req-fc1dc74e-0db0-4e81-852b-05b5e3c96747 ] Request (AttachInterfacesUnderV243Test:test_add_remove_fixed_ip): 200 GET http://10.180.1.21/compute/v2.1/servers/0f69937d-222e-4155-8ecf-5d5fb86d68b6 1.913s
2025-04-25 19:28:26.154 70042 INFO tempest.lib.common.rest_client [req-328576fa-97c3-47c4-a87e-67baf53ce80a req-328576fa-97c3-47c4-a87e-67baf53ce80a ] Request (FloatingIPsTestJSON:tearDownClass): 200 PUT http://10.180.1.21:9696/networking/v2.0/routers/b3e0efe3-058e-45b8-8e0f-41072c1bb856/remove_router_interface 2.306s
2025-04-25 19:28:26.198 70030 INFO tempest.lib.common.rest_client [req-41cf9c59-6f74-422d-a28f-d8c7c012b54d req-41cf9c59-6f74-422d-a28f-d8c7c012b54d ] Request (ServerActionsTestJSON:setUpClass): 201 POST http://10.180.1.21:9696/networking/v2.0/security-groups 0.138s
2025-04-25 19:28:26.208 70074 INFO tempest.lib.common.rest_client [req-f0e89d71-8b43-42b9-87c3-7ef578b456bb req-f0e89d71-8b43-42b9-87c3-7ef578b456bb ] Request (ServersTestFqdnHostnames:test_create_server_with_fqdn_name): 200 GET http://10.180.1.21/compute/v2.1/servers/c5cf678b-99a6-4322-adfc-172f3e4d55f7 1.919s
2025-04-25 19:28:26.323 70064 INFO tempest.lib.common.rest_client [req-d02a5c47-0b60-44b8-b44e-b617ad532be9 req-d02a5c47-0b60-44b8-b44e-b617ad532be9 ] Request (SecurityGroupsTestJSON:test_security_groups_create_list_delete): 200 POST http://10.180.1.21/compute/v2.1/os-security-groups 2.185s
2025-04-25 19:28:26.349 70030 INFO tempest.lib.common.rest_client [req-7f252a57-edbd-4d4d-89a8-817b75a7ce79 req-7f252a57-edbd-4d4d-89a8-817b75a7ce79 ] Request (ServerActionsTestJSON:setUpClass): 201 POST http://10.180.1.21:9696/networking/v2.0/security-group-rules 0.151s
2025-04-25 19:28:26.356 70048 INFO tempest.lib.common.rest_client [req-3a7a82c2-c5c5-4c5e-a945-a5893c70f69b req-3a7a82c2-c5c5-4c5e-a945-a5893c70f69b ] Request (ServersWithSpecificFlavorTestJSON:test_verify_created_server_ephemeral_disk): 200 GET http://10.180.1.21/compute/v2.1/servers/d6551491-3d04-43fa-9813-3af8725c7b9d 1.795s
2025-04-25 19:28:26.364 70048 INFO tempest.common.waiters [-] State transition "BUILD/spawning" ==> "ACTIVE/None" after 32 second wait
2025-04-25 19:28:26.440 70046 INFO tempest.lib.common.rest_client [req-32294598-244a-44f1-baf8-06a19ec8b43e req-32294598-244a-44f1-baf8-06a19ec8b43e ] Request (VolumesAdminNegativeTest:test_update_attached_volume_with_nonexistent_volume_in_body): 200 GET http://10.180.1.21/compute/v2.1/servers/3be3e0be-3e3c-43dd-8e6e-c1add19412c4 1.817s
2025-04-25 19:28:26.490 70032 INFO tempest.lib.common.rest_client [req-b9576e8e-123a-4856-bae8-8573f281180f req-b9576e8e-123a-4856-bae8-8573f281180f ] Request (AttachInterfacesTestJSON:test_create_list_show_delete_interfaces_by_fixed_ip): 200 GET http://10.180.1.21/compute/v2.1/servers/3a7606e7-37de-411d-a478-d800677c3d13/os-interface 1.889s
2025-04-25 19:28:26.509 70026 INFO tempest.lib.common.rest_client [req-dbc0e4d8-237e-488f-8380-753860aed659 req-dbc0e4d8-237e-488f-8380-753860aed659 ] Request (ServersTestManualDisk:setUpClass): 200 GET http://10.180.1.21/compute/v2.1/servers/80fc2079-55e2-4bb4-949f-c74422f9eeef 1.751s
2025-04-25 19:28:26.538 70068 INFO tempest.lib.common.rest_client [req-88778c35-0ab5-4728-8bcf-6d3ad5fbac86 req-88778c35-0ab5-4728-8bcf-6d3ad5fbac86 ] Request (ServerGroupTestJSON:test_create_delete_server_group_with_affinity_policy): 204 DELETE http://10.180.1.21/compute/v2.1/os-server-groups/35104535-c48e-451e-9b60-cc01451d9a4b 1.479s
2025-04-25 19:28:26.540 70028 WARNING tempest.lib.common.ssh [-] Failed to establish authenticated ssh connection to cirros@10.180.180.235 ([Errno None] Unable to connect to port 22 on 10.180.180.235). Number attempts: 5. Retry after 6 seconds.: paramiko.ssh_exception.NoValidConnectionsError: [Errno None] Unable to connect to port 22 on 10.180.180.235
2025-04-25 19:28:26.544 70066 INFO tempest.lib.common.rest_client [req-4747a185-5e37-489a-84e1-291d461bbe67 req-4747a185-5e37-489a-84e1-291d461bbe67 ] Request (ServersAaction247Test:test_create_backup): 200 GET http://10.180.1.21/compute/v2.1/servers/b0de3cdc-649d-4496-990a-463387e092da 1.720s
2025-04-25 19:28:26.556 70030 INFO tempest.lib.common.rest_client [req-a4cd359b-e836-49ee-8a87-c70e68083a9d req-a4cd359b-e836-49ee-8a87-c70e68083a9d ] Request (ServerActionsTestJSON:setUpClass): 201 POST http://10.180.1.21:9696/networking/v2.0/security-group-rules 0.206s
2025-04-25 19:28:26.658 70024 INFO tempest.lib.common.rest_client [req-ad24eeca-0462-4541-a7a1-318bb298d28c req-ad24eeca-0462-4541-a7a1-318bb298d28c ] Request (QuotasAdminTestJSON:test_delete_quota): 200 PUT http://10.180.1.21/compute/v2.1/os-quota-sets/29ce2c7ea69749c59145d60b07ca601a 1.264s
2025-04-25 19:28:26.690 70016 INFO tempest.lib.common.rest_client [req-af3e2d59-4364-4088-a472-e1256e246a75 req-af3e2d59-4364-4088-a472-e1256e246a75 ] Request (FlavorsAdminTestJSON:test_is_public_string_variations): 200 GET http://10.180.1.21/compute/v2.1/flavors/detail?is_public=true 1.191s
2025-04-25 19:28:26.703 70052 INFO tempest.lib.common.rest_client [req-2b9f1879-ed17-4b09-8a65-21582b3ef169 req-2b9f1879-ed17-4b09-8a65-21582b3ef169 ] Request (KeyPairsV22TestJSON:test_keypairsv22_create_list_show_with_type): 200 GET http://10.180.1.21/compute/v2.1/os-keypairs 1.196s
2025-04-25 19:28:26.764 70054 INFO tempest.lib.common.rest_client [req-c74400a9-1b9a-4a5c-a29a-f6424eca5194 req-c74400a9-1b9a-4a5c-a29a-f6424eca5194 ] Request (ServerTagsTestJSON:test_update_all_tags): 200 PUT http://10.180.1.21/compute/v2.1/servers/44011071-a81a-4f24-9e27-9e7eed5a323c/tags 1.127s
2025-04-25 19:28:26.873 70042 INFO tempest.lib.common.rest_client [req-9401a92a-b7a9-49d0-b3ff-e275790708bc req-9401a92a-b7a9-49d0-b3ff-e275790708bc ] Request (FloatingIPsTestJSON:tearDownClass): 204 DELETE http://10.180.1.21:9696/networking/v2.0/routers/b3e0efe3-058e-45b8-8e0f-41072c1bb856 0.715s
2025-04-25 19:28:27.031 70072 INFO tempest.lib.common.rest_client [req-d56d13d3-a271-48a1-aeb9-9363e65170e3 req-d56d13d3-a271-48a1-aeb9-9363e65170e3 ] Request (VolumesAssistedSnapshotsTest:test_volume_assisted_snapshot_create_delete): 200 GET http://10.180.1.21/compute/v2.1/servers/8c1a6b7c-f693-4566-a9f6-8053860b1699 1.042s
2025-04-25 19:28:27.199 70042 INFO tempest.lib.common.rest_client [req-d763a09c-dfe8-4bcd-a59e-c1c7bd0e61c3 req-d763a09c-dfe8-4bcd-a59e-c1c7bd0e61c3 ] Request (FloatingIPsTestJSON:tearDownClass): 204 DELETE http://10.180.1.21:9696/networking/v2.0/subnets/bf995903-0e99-4f10-ba19-f4bc0eb0f192 0.325s
2025-04-25 19:28:27.230 70018 INFO tempest.lib.common.rest_client [req-3786a9a8-d0af-4eb1-819f-d05df01181c0 req-3786a9a8-d0af-4eb1-819f-d05df01181c0 ] Request (FloatingIPsAssociationNegativeTestJSON:_run_cleanups): 202 DELETE http://10.180.1.21/compute/v2.1/os-floating-ips/022b3a87-9d44-46b4-a7b5-ca79ac80ae75 1.887s
2025-04-25 19:28:27.543 70070 INFO tempest.lib.common.rest_client [req-98a7570f-8fc5-4186-b0be-9c6efd33b537 req-98a7570f-8fc5-4186-b0be-9c6efd33b537 ] Request (MigrationsAdminTest:test_list_migrations_in_flavor_resize_situation): 200 GET http://10.180.1.21/compute/v2.1/servers/2ec4bbba-9dbd-4978-91e7-c2d0620c9857 1.273s
2025-04-25 19:28:27.552 70058 WARNING tempest.lib.common.ssh [-] Failed to establish authenticated ssh connection to cirros@10.180.180.147 ([Errno None] Unable to connect to port 22 on 10.180.180.147). Number attempts: 1. Retry after 2 seconds.: paramiko.ssh_exception.NoValidConnectionsError: [Errno None] Unable to connect to port 22 on 10.180.180.147
2025-04-25 19:28:27.652 70042 INFO tempest.lib.common.rest_client [req-2587d035-50dd-4530-b3ae-0b517e69920b req-2587d035-50dd-4530-b3ae-0b517e69920b ] Request (FloatingIPsTestJSON:tearDownClass): 204 DELETE http://10.180.1.21:9696/networking/v2.0/networks/12d2c890-69ac-41ae-9070-6b983252dbe7 0.452s
2025-04-25 19:28:27.655 70048 INFO tempest.lib.common.rest_client [req-aae7c6cb-2510-4f54-b15d-0c670f72c6ba req-aae7c6cb-2510-4f54-b15d-0c670f72c6ba ] Request (ServersWithSpecificFlavorTestJSON:test_verify_created_server_ephemeral_disk): 200 GET http://10.180.1.21/compute/v2.1/servers/d6551491-3d04-43fa-9813-3af8725c7b9d/os-interface 1.291s
2025-04-25 19:28:27.677 70064 INFO tempest.lib.common.rest_client [req-c1635112-8b50-4fbc-8aa0-6bb670450f41 req-c1635112-8b50-4fbc-8aa0-6bb670450f41 ] Request (SecurityGroupsTestJSON:test_security_groups_create_list_delete): 200 GET http://10.180.1.21/compute/v2.1/os-security-groups 1.352s
2025-04-25 19:28:27.759 70022 INFO tempest.lib.common.rest_client [req-2c9b9642-fb82-4949-83f2-113282459bf1 req-2c9b9642-fb82-4949-83f2-113282459bf1 ] Request (FloatingIPsAssociationTestJSON:setUpClass): 200 GET http://10.180.1.21/compute/v2.1/servers/a360387a-e02f-41c5-9b10-c67fb03433f8 1.333s
2025-04-25 19:28:27.761 70056 INFO tempest.lib.common.rest_client [req-33b41b19-e9dc-4aea-b258-9e3b9c3ea6fe req-33b41b19-e9dc-4aea-b258-9e3b9c3ea6fe ] Request (DeleteServersAdminTestJSON:test_delete_server_while_in_error_state): 200 GET http://10.180.1.21/compute/v2.1/servers/d4b37d65-3847-4913-aa50-d6b93378a4e0 1.296s
2025-04-25 19:28:27.775 70042 INFO tempest.lib.common.rest_client [req-cea57756-3b59-4557-be4a-6b4df2a63950 req-cea57756-3b59-4557-be4a-6b4df2a63950 ] Request (FloatingIPsTestJSON:tearDownClass): 204 DELETE http://10.180.1.21/identity/v3/users/b03b93b1c6914d7ca58c43e758ccae79 0.122s
2025-04-25 19:28:27.775 70042 INFO tempest.lib.common.dynamic_creds [-] Deleting project and security group for project: df903a9b4d3240939b1546c1f18adcb1
2025-04-25 19:28:27.778 70068 INFO tempest.lib.common.rest_client [req-d0426711-9c15-47d0-929f-90429b6baacd req-d0426711-9c15-47d0-929f-90429b6baacd ] Request (ServerGroupTestJSON:test_create_delete_server_group_with_affinity_policy): 200 GET http://10.180.1.21/compute/v2.1/os-server-groups 1.240s
2025-04-25 19:28:27.844 70014 INFO tempest.lib.common.rest_client [req-7e948246-f361-43c3-8c15-675699bb619e req-7e948246-f361-43c3-8c15-675699bb619e ] Request (ServersAdmin275Test:tearDownClass): 200 GET http://10.180.1.21/compute/v2.1/servers/6ca2c9f7-36f1-4856-bbba-ef6f948ca7ce 1.336s
2025-04-25 19:28:27.853 70042 INFO tempest.lib.common.rest_client [req-08fd2050-6d1d-4777-8915-003ecd4d2dbb req-08fd2050-6d1d-4777-8915-003ecd4d2dbb ] Request (FloatingIPsTestJSON:tearDownClass): 200 GET http://10.180.1.21:9696/networking/v2.0/security-groups?tenant_id=df903a9b4d3240939b1546c1f18adcb1&name=default 0.078s
2025-04-25 19:28:27.855 70014 INFO tempest.common.waiters [-] State transition "ACTIVE/deleting" ==> "DELETED/None" after 2 second wait
2025-04-25 19:28:27.856 70024 INFO tempest.lib.common.rest_client [req-6b78cf39-5b32-4125-b175-9c35f1f3222e req-6b78cf39-5b32-4125-b175-9c35f1f3222e ] Request (QuotasAdminTestJSON:test_delete_quota): 202 DELETE http://10.180.1.21/compute/v2.1/os-quota-sets/29ce2c7ea69749c59145d60b07ca601a 1.195s
2025-04-25 19:28:27.865 70036 INFO tempest.lib.common.rest_client [req-fd2f8455-a733-4eb9-9db3-56b533a63bfd req-fd2f8455-a733-4eb9-9db3-56b533a63bfd ] Request (ServerDiagnosticsNegativeTest:tearDownClass): 200 GET http://10.180.1.21/compute/v2.1/servers/4b1b8aa4-2eb8-4989-bd4a-d105e8729286 1.279s
2025-04-25 19:28:27.897 70016 INFO tempest.lib.common.rest_client [req-99776c6a-a994-41ee-bc84-1da1dd44b25a req-99776c6a-a994-41ee-bc84-1da1dd44b25a ] Request (FlavorsAdminTestJSON:test_is_public_string_variations): 200 GET http://10.180.1.21/compute/v2.1/flavors/detail?is_public=yes 1.200s
2025-04-25 19:28:27.918 70052 INFO tempest.lib.common.rest_client [req-20dd1348-355d-4ba8-8de8-f514a4992ee2 req-20dd1348-355d-4ba8-8de8-f514a4992ee2 ] Request (KeyPairsV22TestJSON:_run_cleanups): 204 DELETE http://10.180.1.21/compute/v2.1/os-keypairs/tempest-keypair-1546585524 1.212s
2025-04-25 19:28:27.995 70044 INFO tempest.lib.common.rest_client [req-174418a6-adeb-4213-8ef4-625e99244dbf req-174418a6-adeb-4213-8ef4-625e99244dbf ] Request (ServerMetadataTestJSON:setUpClass): 200 GET http://10.180.1.21/compute/v2.1/servers/4ce1e0c3-ce34-4acf-9a72-64c832056360 1.285s
2025-04-25 19:28:28.020 70050 INFO tempest.lib.common.rest_client [req-7b53b72f-ee5e-4aab-8bf8-2f5c405efff8 req-7b53b72f-ee5e-4aab-8bf8-2f5c405efff8 ] Request (ServerDiagnosticsTest:test_get_server_diagnostics): 200 GET http://10.180.1.21/compute/v2.1/servers/ace797e6-97fb-49f0-a35e-9259de311409 1.319s
2025-04-25 19:28:28.026 70054 INFO tempest.lib.common.rest_client [req-e5201bff-dba1-4984-a718-64cdf9c76d6c req-e5201bff-dba1-4984-a718-64cdf9c76d6c ] Request (ServerTagsTestJSON:test_update_all_tags): 200 GET http://10.180.1.21/compute/v2.1/servers/44011071-a81a-4f24-9e27-9e7eed5a323c/tags 1.260s
2025-04-25 19:28:28.063 70052 INFO tempest.lib.common.rest_client [req-9b400d71-a71d-4068-adcf-eb9793415f81 req-9b400d71-a71d-4068-adcf-eb9793415f81 ] Request (KeyPairsV22TestJSON:tearDownClass): 204 DELETE http://10.180.1.21/identity/v3/users/c23bdcbd0ea5411abfe5d6b51dbc64f5 0.143s
2025-04-25 19:28:28.063 70052 INFO tempest.lib.common.dynamic_creds [-] Deleting project and security group for project: 0f10a9b8c94c4fbcb0aaafde7ad8161e
2025-04-25 19:28:28.121 70060 INFO tempest.lib.common.rest_client [req-b3d392f2-4038-48d5-b062-078e9c960711 req-b3d392f2-4038-48d5-b062-078e9c960711 ] Request (ImagesTestJSON:test_create_image_from_stopped_server): 200 GET http://10.180.1.21/compute/v2.1/servers/b43eab86-a3b9-4f1b-b074-dc65bca9d10f 1.338s
2025-04-25 19:28:28.157 70052 INFO tempest.lib.common.rest_client [req-9b82d570-c537-442e-9148-10017928bc97 req-9b82d570-c537-442e-9148-10017928bc97 ] Request (KeyPairsV22TestJSON:tearDownClass): 201 POST http://10.180.1.21/identity/v3/auth/tokens 0.094s
2025-04-25 19:28:28.220 70012 INFO tempest.lib.common.rest_client [req-3a5235a4-496f-4c2a-9f96-4af1e43c7f74 req-3a5235a4-496f-4c2a-9f96-4af1e43c7f74 ] Request (InstanceActionsNegativeTestJSON:setUpClass): 200 GET http://10.180.1.21/compute/v2.1/servers/58f4e063-6abe-46ee-9a30-ee3cd7cd70d5 1.356s
2025-04-25 19:28:28.259 70030 INFO tempest.lib.common.rest_client [req-caaf1f82-419b-4c55-b432-9ee9314c8014 req-caaf1f82-419b-4c55-b432-9ee9314c8014 ] Request (ServerActionsTestJSON:setUpClass): 201 POST http://10.180.1.21:9696/networking/v2.0/floatingips 1.702s
2025-04-25 19:28:28.262 70020 INFO tempest.lib.common.rest_client [req-44c0aa2e-b2d5-4f2f-8aa9-e1a4f4a1978a req-44c0aa2e-b2d5-4f2f-8aa9-e1a4f4a1978a ] Request (ServerDiskConfigTestJSON:test_rebuild_server_with_auto_disk_config): 200 GET http://10.180.1.21/compute/v2.1/servers/57385667-4ff4-49e8-88d3-f60ed2207f9a 1.488s
2025-04-25 19:28:28.272 70020 INFO tempest.common.waiters [-] State transition "BUILD/None" ==> "BUILD/spawning" after 28 second wait
2025-04-25 19:28:28.288 70032 INFO tempest.lib.common.rest_client [req-32596807-6455-4b31-8716-5e933590c2fb req-32596807-6455-4b31-8716-5e933590c2fb ] Request (AttachInterfacesTestJSON:test_create_list_show_delete_interfaces_by_fixed_ip): 200 PUT http://10.180.1.21:9696/networking/v2.0/floatingips/3b05dfc7-a5c5-4a8d-a407-0170bc2865ea 1.796s
2025-04-25 19:28:28.314 70042 INFO tempest.lib.common.rest_client [req-f12d9630-bc46-4f4b-8cad-66f76d0ae3ae req-f12d9630-bc46-4f4b-8cad-66f76d0ae3ae ] Request (FloatingIPsTestJSON:tearDownClass): 204 DELETE http://10.180.1.21:9696/networking/v2.0/security-groups/a7cd3689-9e68-4028-9aba-2018a3580f39 0.461s
2025-04-25 19:28:28.324 70035 INFO tempest.lib.common.rest_client [req-fe8f3875-02c8-444d-963f-a84c2127f145 req-fe8f3875-02c8-444d-963f-a84c2127f145 ] Request (ServerExternalEventsTest:tearDownClass): 200 GET http://10.180.1.21/compute/v2.1/servers/c568f0e0-42ba-460d-9979-69f7498a748f 1.359s
2025-04-25 19:28:28.340 70030 INFO tempest.lib.common.rest_client [req-55808f00-c116-464d-b146-237afdd6f515 req-55808f00-c116-464d-b146-237afdd6f515 ] Request (ServerActionsTestJSON:setUpClass): 201 POST http://10.180.1.21/identity/v3/auth/tokens 0.076s
2025-04-25 19:28:28.340 70030 INFO tempest.lib.common.fixed_network [-] (ServerActionsTestJSON:setUpClass) Found network {'id': '324c552e-bee6-4698-98b9-f4fadebddacf', 'name': 'tempest-ServerActionsTestJSON-181574498-network', 'tenant_id': '0e90ef104fab4f1a8baf5bf5c820f419', 'admin_state_up': True, 'mtu': 8950, 'status': 'ACTIVE', 'subnets': [], 'shared': False, 'project_id': '0e90ef104fab4f1a8baf5bf5c820f419', 'port_security_enabled': True, 'router:external': False, 'provider:network_type': 'vlan', 'provider:physical_network': 'default', 'provider:segmentation_id': 616, 'availability_zone_hints': [], 'availability_zones': [], 'ipv4_address_scope': None, 'ipv6_address_scope': None, 'description': '', 'tags': [], 'created_at': '2025-04-25T19:28:22Z', 'updated_at': '2025-04-25T19:28:22Z', 'revision_number': 1} available for tenant
2025-04-25 19:28:28.352 70038 INFO tempest.lib.common.rest_client [req-045483b6-aabd-4721-975d-c1f79e1bd7b0 req-045483b6-aabd-4721-975d-c1f79e1bd7b0 ] Request (TenantUsagesTestJSON:tearDownClass): 200 GET http://10.180.1.21/compute/v2.1/servers/d377096a-422a-4b72-88db-08bf0b8f8fa7 1.357s
2025-04-25 19:28:28.363 70038 INFO tempest.common.waiters [-] State transition "ACTIVE/deleting" ==> "DELETED/None" after 3 second wait
2025-04-25 19:28:28.394 70042 INFO tempest.lib.common.rest_client [req-21c8ee3b-3477-45a5-bfb9-17191dbda403 req-21c8ee3b-3477-45a5-bfb9-17191dbda403 ] Request (FloatingIPsTestJSON:tearDownClass): 204 DELETE http://10.180.1.21/identity/v3/projects/df903a9b4d3240939b1546c1f18adcb1 0.079s
2025-04-25 19:28:28.394 70062 INFO tempest.lib.common.rest_client [req-dbf43a2d-bc39-4156-9430-bca70dbb15f2 req-dbf43a2d-bc39-4156-9430-bca70dbb15f2 ] Request (ServersAdminNegativeTestJSON:test_migrate_server_invalid_state): 200 GET http://10.180.1.21/compute/v2.1/servers/be1d2d89-cc25-465b-b8d6-905b2c838de6 1.346s
2025-04-25 19:28:28.416 70040 INFO tempest.lib.common.rest_client [req-f905c339-1bb2-43ec-9322-a825d6240e96 req-f905c339-1bb2-43ec-9322-a825d6240e96 ] Request (AttachInterfacesUnderV243Test:test_add_remove_fixed_ip): 200 GET http://10.180.1.21/compute/v2.1/servers/0f69937d-222e-4155-8ecf-5d5fb86d68b6 1.265s
2025-04-25 19:28:28.421 70018 INFO tempest.lib.common.rest_client [req-110bdb73-1c11-4c53-8d1a-e80d233b3d11 req-110bdb73-1c11-4c53-8d1a-e80d233b3d11 ] Request (FloatingIPsAssociationNegativeTestJSON:test_associate_ip_to_server_without_passing_floating_ip): 400 POST http://10.180.1.21/compute/v2.1/servers/71b3d5d1-3110-478f-baf1-d77c2c85ac19/action 1.189s
2025-04-25 19:28:28.459 70042 INFO tempest.lib.common.rest_client [req-2f31cbc5-ac39-4714-b68e-97c59cdc39ef req-2f31cbc5-ac39-4714-b68e-97c59cdc39ef ] Request (ServerAddressesTestJSON:setUpClass): 201 POST http://10.180.1.21/identity/v3/auth/tokens 0.064s
2025-04-25 19:28:28.473 70074 INFO tempest.lib.common.rest_client [req-7048fc38-8caa-4fa6-bec6-eefbe4c244f5 req-7048fc38-8caa-4fa6-bec6-eefbe4c244f5 ] Request (ServersTestFqdnHostnames:test_create_server_with_fqdn_name): 200 GET http://10.180.1.21/compute/v2.1/servers/c5cf678b-99a6-4322-adfc-172f3e4d55f7 1.250s
2025-04-25 19:28:28.482 70046 INFO tempest.lib.common.rest_client [req-b9786662-5b4b-4b4a-bed6-637bcfc52223 req-b9786662-5b4b-4b4a-bed6-637bcfc52223 ] Request (VolumesAdminNegativeTest:test_update_attached_volume_with_nonexistent_volume_in_body): 200 GET http://10.180.1.21/compute/v2.1/servers/3be3e0be-3e3c-43dd-8e6e-c1add19412c4 1.030s
2025-04-25 19:28:28.490 70046 INFO tempest.common.waiters [-] State transition "BUILD/scheduling" ==> "BUILD/None" after 14 second wait
2025-04-25 19:28:28.503 70042 INFO tempest.lib.common.rest_client [req-63952b7f-eb11-4cec-8a96-e4c22bfd79a3 req-63952b7f-eb11-4cec-8a96-e4c22bfd79a3 ] Request (ServerAddressesTestJSON:setUpClass): 201 POST http://10.180.1.21/identity/v3/auth/tokens 0.041s
2025-04-25 19:28:28.516 70052 INFO tempest.lib.common.rest_client [req-cf643e3a-fbed-4fd8-96d6-87080999fcb6 req-cf643e3a-fbed-4fd8-96d6-87080999fcb6 ] Request (KeyPairsV22TestJSON:tearDownClass): 200 GET http://10.180.1.21:9696/networking/v2.0/security-groups?tenant_id=0f10a9b8c94c4fbcb0aaafde7ad8161e&name=default 0.358s
2025-04-25 19:28:28.529 70042 INFO tempest.lib.common.rest_client [req-e03af514-b701-408c-86d8-bcff1b1d1ac2 req-e03af514-b701-408c-86d8-bcff1b1d1ac2 ] Request (ServerAddressesTestJSON:setUpClass): 200 GET http://10.180.1.21/identity/v3/domains?name=Default 0.025s
2025-04-25 19:28:28.541 70026 INFO tempest.lib.common.rest_client [req-67de07c0-d4ae-41ae-ad8a-4003ae2f8183 req-67de07c0-d4ae-41ae-ad8a-4003ae2f8183 ] Request (ServersTestManualDisk:setUpClass): 200 GET http://10.180.1.21/compute/v2.1/servers/80fc2079-55e2-4bb4-949f-c74422f9eeef 1.021s
2025-04-25 19:28:28.553 70066 INFO tempest.lib.common.rest_client [req-86237334-6136-4c3c-980e-bb3d6577da8d req-86237334-6136-4c3c-980e-bb3d6577da8d ] Request (ServersAaction247Test:test_create_backup): 200 GET http://10.180.1.21/compute/v2.1/servers/b0de3cdc-649d-4496-990a-463387e092da 0.996s
2025-04-25 19:28:28.565 70042 INFO tempest.lib.common.rest_client [req-3c10307a-98b6-49dd-826f-b303539bb320 req-3c10307a-98b6-49dd-826f-b303539bb320 ] Request (ServerAddressesTestJSON:setUpClass): 201 POST http://10.180.1.21/identity/v3/projects 0.036s
2025-04-25 19:28:28.611 70048 INFO tempest.lib.common.rest_client [req-e3f9eee3-ddcf-4747-bfc7-28924db0b2fb req-e3f9eee3-ddcf-4747-bfc7-28924db0b2fb ] Request (ServersWithSpecificFlavorTestJSON:test_verify_created_server_ephemeral_disk): 200 PUT http://10.180.1.21:9696/networking/v2.0/floatingips/048545bb-8446-47e0-baf9-bc8a9d7bc98c 0.953s
2025-04-25 19:28:28.619 70068 INFO tempest.lib.common.rest_client [req-cf4dc1b3-8921-41ce-819e-8680f89c9f91 req-cf4dc1b3-8921-41ce-819e-8680f89c9f91 ] Request (ServerGroupTestJSON:test_create_delete_server_group_with_anti_affinity_policy): 200 POST http://10.180.1.21/compute/v2.1/os-server-groups 0.837s
2025-04-25 19:28:28.630 70052 INFO tempest.lib.common.rest_client [req-de567276-0286-4ce0-92ad-26cf04a021b5 req-de567276-0286-4ce0-92ad-26cf04a021b5 ] Request (KeyPairsV22TestJSON:tearDownClass): 204 DELETE http://10.180.1.21:9696/networking/v2.0/security-groups/789fe8b9-3926-4497-9d42-e8fa65457292 0.113s
2025-04-25 19:28:28.645 70042 INFO tempest.lib.common.rest_client [req-28524a84-aa83-4152-9daf-06d42ed5ee48 req-28524a84-aa83-4152-9daf-06d42ed5ee48 ] Request (ServerAddressesTestJSON:setUpClass): 201 POST http://10.180.1.21/identity/v3/users 0.078s
2025-04-25 19:28:28.650 70064 INFO tempest.lib.common.rest_client [req-6e0a33a7-1687-4bbc-bc40-4ed46e76b02a req-6e0a33a7-1687-4bbc-bc40-4ed46e76b02a ] Request (SecurityGroupsTestJSON:test_security_groups_create_list_delete): 202 DELETE http://10.180.1.21/compute/v2.1/os-security-groups/4686a10e-d892-4b43-bbff-da3556e8323d 0.966s
2025-04-25 19:28:28.684 70016 INFO tempest.lib.common.rest_client [req-8a39c08a-ecd2-4a5d-8e13-adcaaa8ec339 req-8a39c08a-ecd2-4a5d-8e13-adcaaa8ec339 ] Request (FlavorsAdminTestJSON:test_is_public_string_variations): 200 GET http://10.180.1.21/compute/v2.1/flavors/detail?is_public=1 0.782s
2025-04-25 19:28:28.715 70052 INFO tempest.lib.common.rest_client [req-8e476eaa-1f67-4fa7-8184-7849558dee64 req-8e476eaa-1f67-4fa7-8184-7849558dee64 ] Request (KeyPairsV22TestJSON:tearDownClass): 204 DELETE http://10.180.1.21/identity/v3/projects/0f10a9b8c94c4fbcb0aaafde7ad8161e 0.083s
2025-04-25 19:28:28.716 70052 INFO tempest.test [-] raised in ServerStableDeviceRescueTestIDE.setUpClass. Invoking tearDownClass.
2025-04-25 19:28:28.741 70054 INFO tempest.lib.common.rest_client [req-b19e20c8-1c9c-4b47-a9b9-a2d371892c6d req-b19e20c8-1c9c-4b47-a9b9-a2d371892c6d ] Request (ServerTagsTestJSON:_run_cleanups): 204 DELETE http://10.180.1.21/compute/v2.1/servers/44011071-a81a-4f24-9e27-9e7eed5a323c/tags 0.712s
2025-04-25 19:28:28.781 70024 INFO tempest.lib.common.rest_client [req-c4d22a4e-4373-4993-a36b-eecff28e3d8c req-c4d22a4e-4373-4993-a36b-eecff28e3d8c ] Request (QuotasAdminTestJSON:test_delete_quota): 200 GET http://10.180.1.21/compute/v2.1/os-quota-sets/29ce2c7ea69749c59145d60b07ca601a 0.924s
2025-04-25 19:28:28.785 70042 INFO tempest.lib.common.rest_client [req-0b92debf-9790-4221-98a7-4e8dc4a55a0b req-0b92debf-9790-4221-98a7-4e8dc4a55a0b ] Request (ServerAddressesTestJSON:setUpClass): 200 GET http://10.180.1.21/identity/v3/roles 0.140s
2025-04-25 19:28:28.831 70042 INFO tempest.lib.common.rest_client [req-603ce11d-7701-4dce-b332-91d29aff4a9d req-603ce11d-7701-4dce-b332-91d29aff4a9d ] Request (ServerAddressesTestJSON:setUpClass): 204 PUT http://10.180.1.21/identity/v3/projects/49a24f4d420c4bd185ee887259dddf44/users/5194aade91bc41ab95c2b12874eb6a36/roles/87616362c06444c58edb6473d1d6f62f 0.045s
2025-04-25 19:28:28.831 70042 INFO tempest.lib.common.dynamic_creds [-] Dynamic test user 5194aade91bc41ab95c2b12874eb6a36 is created with scope project and roles: ['member']
2025-04-25 19:28:28.831 70042 INFO tempest.lib.common.dynamic_creds [-] Acquired dynamic creds: credentials: Credentials: {'domain_id': 'default', 'domain_name': 'Default', 'username': 'tempest-ServerAddressesTestJSON-1264343726-project-member', 'project_domain_id': 'default', 'project_domain_name': 'Default', 'project_id': '49a24f4d420c4bd185ee887259dddf44', 'project_name': 'tempest-ServerAddressesTestJSON-1264343726', 'tenant_id': '49a24f4d420c4bd185ee887259dddf44', 'tenant_name': 'tempest-ServerAddressesTestJSON-1264343726', 'user_domain_id': 'default', 'user_domain_name': 'Default', 'user_id': '5194aade91bc41ab95c2b12874eb6a36', 'system': None}, Network: None, Subnet: None, Router: None
2025-04-25 19:28:28.862 70024 INFO tempest.lib.common.rest_client [req-4ff44ab5-803b-4566-9b8b-0b374f12aac1 req-4ff44ab5-803b-4566-9b8b-0b374f12aac1 ] Request (QuotasAdminTestJSON:_run_cleanups): 204 DELETE http://10.180.1.21/identity/v3/projects/29ce2c7ea69749c59145d60b07ca601a 0.079s
2025-04-25 19:28:28.876 70072 INFO tempest.lib.common.rest_client [req-6436fb0b-6653-4d5b-b419-d4127500313b req-6436fb0b-6653-4d5b-b419-d4127500313b ] Request (VolumesAssistedSnapshotsTest:test_volume_assisted_snapshot_create_delete): 200 GET http://10.180.1.21/compute/v2.1/servers/8c1a6b7c-f693-4566-a9f6-8053860b1699 0.829s
2025-04-25 19:28:28.888 70042 INFO tempest.lib.common.rest_client [req-293bc691-df6e-4a4c-942a-dc7b856c1672 req-293bc691-df6e-4a4c-942a-dc7b856c1672 ] Request (ServerAddressesTestJSON:setUpClass): 201 POST http://10.180.1.21/identity/v3/auth/tokens 0.057s
2025-04-25 19:28:28.964 70032 INFO tempest.lib.common.rest_client [req-e5ae1f26-6b5d-4b2b-847c-644ef2c317b0 req-e5ae1f26-6b5d-4b2b-847c-644ef2c317b0 ] Request (AttachInterfacesTestJSON:test_create_list_show_delete_interfaces_by_fixed_ip): 200 GET http://10.180.1.21/compute/v2.1/servers/3a7606e7-37de-411d-a478-d800677c3d13 0.676s
2025-04-25 19:28:28.975 70032 INFO tempest.lib.common.ssh [-] Creating ssh connection to '10.180.180.190:22' as 'cirros' with public key authentication
2025-04-25 19:28:29.131 70042 INFO tempest.lib.common.rest_client [req-0295f9ce-f40f-4fc9-8f76-03ba7e2f78fa req-0295f9ce-f40f-4fc9-8f76-03ba7e2f78fa ] Request (ServerAddressesTestJSON:setUpClass): 201 POST http://10.180.1.21:9696/networking/v2.0/networks 0.242s
2025-04-25 19:28:29.165 70018 INFO tempest.lib.common.rest_client [req-399af88b-addd-4883-8f9e-5d0ae89bcb93 req-399af88b-addd-4883-8f9e-5d0ae89bcb93 ] Request (FloatingIPsAssociationNegativeTestJSON:test_associate_nonexistent_floating_ip): 404 POST http://10.180.1.21/compute/v2.1/servers/71b3d5d1-3110-478f-baf1-d77c2c85ac19/action 0.743s
2025-04-25 19:28:29.290 70042 INFO tempest.lib.common.rest_client [req-91461604-287d-4941-b5e6-702dd9ca67bd req-91461604-287d-4941-b5e6-702dd9ca67bd ] Request (ServerAddressesTestJSON:setUpClass): 201 POST http://10.180.1.21:9696/networking/v2.0/subnets 0.158s
2025-04-25 19:28:29.333 70070 INFO tempest.lib.common.rest_client [req-da119c2a-d884-4d49-95a9-40be955eb2be req-da119c2a-d884-4d49-95a9-40be955eb2be ] Request (MigrationsAdminTest:test_list_migrations_in_flavor_resize_situation): 200 GET http://10.180.1.21/compute/v2.1/servers/2ec4bbba-9dbd-4978-91e7-c2d0620c9857 0.783s
2025-04-25 19:28:29.514 70030 INFO tempest.lib.common.rest_client [req-f3827544-2ba0-4c3e-b374-348e0af7c112 req-f3827544-2ba0-4c3e-b374-348e0af7c112 ] Request (ServerActionsTestJSON:setUpClass): 202 POST http://10.180.1.21/compute/v2.1/servers 1.172s
