2025-04-25 19:29:55.919 70040 INFO tempest.lib.common.rest_client [req-32c49aca-12c6-4029-8fd0-a2cfd236a675 req-32c49aca-12c6-4029-8fd0-a2cfd236a675 ] Request (AttachInterfacesUnderV243Test:_run_cleanups): 200 GET http://10.180.1.21/compute/v2.1/servers/0f69937d-222e-4155-8ecf-5d5fb86d68b6 0.709s
2025-04-25 19:29:55.964 70044 INFO tempest.lib.common.rest_client [req-4e1ebd22-5a0a-4527-b82b-d552b715f924 req-4e1ebd22-5a0a-4527-b82b-d552b715f924 ] Request (QuotasTestJSON:tearDownClass): 204 DELETE http://10.180.1.21:9696/networking/v2.0/security-groups/8183a3c0-6d64-40e4-a0fc-f58d053bfd0c 0.107s
2025-04-25 19:29:55.991 70068 INFO tempest.lib.common.rest_client [req-1bf887e2-efcd-4be7-bec2-d77014bfbb49 req-1bf887e2-efcd-4be7-bec2-d77014bfbb49 ] Request (ServerGroupTestJSON:_run_cleanups): 200 GET http://10.180.1.21/compute/v2.1/servers/e228cfb3-e146-4148-bc18-b23080c2a06a 0.721s
2025-04-25 19:29:56.008 70064 INFO tempest.lib.common.rest_client [req-e139e22a-e9b8-473c-822b-3e56a6cbb000 req-e139e22a-e9b8-473c-822b-3e56a6cbb000 ] Request (SecurityGroupsTestJSON:test_server_security_groups): 202 POST http://10.180.1.21/compute/v2.1/servers/1baf08c6-9f09-463b-abe4-9fc3ffc9bd38/action 1.324s
2025-04-25 19:29:56.049 70044 INFO tempest.lib.common.rest_client [req-469a3088-4df8-4768-b6f1-2a0c034d84fc req-469a3088-4df8-4768-b6f1-2a0c034d84fc ] Request (QuotasTestJSON:tearDownClass): 204 DELETE http://10.180.1.21/identity/v3/projects/dbe86c314220472ea8eacccca4b7fd98 0.084s
2025-04-25 19:29:56.117 70062 INFO tempest.lib.common.rest_client [req-10d5c991-73d6-49f0-a99f-7e30e51123c9 req-10d5c991-73d6-49f0-a99f-7e30e51123c9 ] Request (ServersAdminNegativeTestJSON:tearDownClass): 200 GET http://10.180.1.21/compute/v2.1/servers/be1d2d89-cc25-465b-b8d6-905b2c838de6 0.680s
2025-04-25 19:29:56.167 70028 INFO tempest.lib.common.rest_client [req-52972c8b-3de5-4fe1-b6b3-a0192be2e07b req-52972c8b-3de5-4fe1-b6b3-a0192be2e07b ] Request (ServerActionsTestOtherA:test_rebuild_server_in_stop_state): 200 GET http://10.180.1.21/compute/v2.1/servers/0c8ded47-c27f-4f0a-ac26-12d385127ec2 0.787s
2025-04-25 19:29:56.187 70014 INFO tempest.lib.common.rest_client [req-720e7371-9a87-40f8-acfb-39115f9fad8b req-720e7371-9a87-40f8-acfb-39115f9fad8b ] Request (ServersNegativeTestJSON:setUpClass): 200 GET http://10.180.1.21/compute/v2.1/servers/c2a6a3aa-1987-4ffe-a7b4-5d6802112141 0.748s
2025-04-25 19:29:56.247 70050 INFO tempest.lib.common.rest_client [req-128a3f3f-8709-4dda-9135-8584d9e21fb5 req-128a3f3f-8709-4dda-9135-8584d9e21fb5 ] Request (ListImageFiltersTestJSON:setUpClass): 200 GET http://10.180.1.21/compute/v2.1/servers/81b83080-599c-4426-807f-1faa83db2c35 0.755s
2025-04-25 19:29:56.262 70032 INFO tempest.lib.common.rest_client [req-3f28604e-b071-44f6-91c7-6f1468bdd164 req-3f28604e-b071-44f6-91c7-6f1468bdd164 ] Request (AttachInterfacesTestJSON:test_create_list_show_delete_interfaces_by_fixed_ip): 200 GET http://10.180.1.21/compute/v2.1/servers/3a7606e7-37de-411d-a478-d800677c3d13/os-interface/9e93006f-b8f2-482e-8857-d4dea71f9640 0.794s
2025-04-25 19:29:56.332 70056 INFO tempest.lib.common.rest_client [req-8f32ddfd-61a3-46d6-ba1e-ef644c8fc4fc req-8f32ddfd-61a3-46d6-ba1e-ef644c8fc4fc ] Request (DeleteServersAdminTestJSON:test_delete_server_while_in_error_state): 200 GET http://10.180.1.21/compute/v2.1/servers/d4b37d65-3847-4913-aa50-d6b93378a4e0 0.789s
2025-04-25 19:29:56.379 70016 INFO tempest.lib.common.rest_client [req-8ca26cd0-57a2-47b7-8038-75566cd7890c req-8ca26cd0-57a2-47b7-8038-75566cd7890c ] Request (ImagesOneServerNegativeTestJSON:setUpClass): 200 GET http://10.180.1.21/compute/v2.1/servers/68f200f0-923a-40b8-97f6-81ee88818e71 0.852s
2025-04-25 19:29:56.404 70054 INFO tempest.lib.common.rest_client [req-3c41ed0c-ba79-4162-a9d5-30fd497fffe8 req-3c41ed0c-ba79-4162-a9d5-30fd497fffe8 ] Request (ServersListShow298Test:test_list_show_update_rebuild_server_298): 200 GET http://10.180.1.21/compute/v2.1/servers/67bbc2f0-bcac-401e-b6b4-4daf1db04b50 0.808s
2025-04-25 19:29:56.418 70054 INFO tempest.common.waiters [-] State transition "BUILD/scheduling" ==> "BUILD/None" after 51 second wait
2025-04-25 19:29:56.432 70070 INFO tempest.lib.common.rest_client [req-689b8b58-626b-48ad-8ffb-aae4870d59b2 req-689b8b58-626b-48ad-8ffb-aae4870d59b2 ] Request (MigrationsAdminTest:test_resize_server_revert_deleted_flavor): 200 GET http://10.180.1.21/compute/v2.1/servers/abbd2490-51e6-4c89-865a-7ce4d096e72e 0.747s
2025-04-25 19:29:56.459 70060 INFO tempest.lib.common.rest_client [req-2b5932f2-4bd3-473b-a948-3b279581c2a9 req-2b5932f2-4bd3-473b-a948-3b279581c2a9 ] Request (ImagesTestJSON:test_create_image_from_suspended_server): 200 GET http://10.180.1.21/compute/v2.1/servers/1fccf1ff-d298-4dbe-b5cd-48ee5a6969cd 0.710s
2025-04-25 19:29:56.512 70048 WARNING tempest.lib.common.ssh [-] Failed to establish authenticated ssh connection to cirros@10.180.180.203 ([Errno None] Unable to connect to port 22 on 10.180.180.203). Number attempts: 10. Retry after 11 seconds.: paramiko.ssh_exception.NoValidConnectionsError: [Errno None] Unable to connect to port 22 on 10.180.180.203
2025-04-25 19:29:56.515 70036 INFO tempest.lib.common.rest_client [req-00229718-e294-4ff2-8944-ce41acd6fa18 req-00229718-e294-4ff2-8944-ce41acd6fa18 ] Request (ListServerFiltersTestJSON:setUpClass): 200 GET http://10.180.1.21/compute/v2.1/servers/0baee1f7-d302-478a-a737-d2204fdbf87d 0.739s
2025-04-25 19:29:56.585 70074 INFO tempest.lib.common.rest_client [req-fd7eebd7-234a-46e3-936f-e2ec9719de1f req-fd7eebd7-234a-46e3-936f-e2ec9719de1f ] Request (ServersTestFqdnHostnames:tearDownClass): 200 GET http://10.180.1.21/compute/v2.1/servers/c5cf678b-99a6-4322-adfc-172f3e4d55f7 0.773s
2025-04-25 19:29:56.602 70035 INFO tempest.lib.common.rest_client [req-cab94799-58a9-43cd-a37d-f0d42e295238 req-cab94799-58a9-43cd-a37d-f0d42e295238 ] Request (ServerRescueTestJSON:setUpClass): 200 GET http://10.180.1.21/compute/v2.1/servers/45443b55-ca14-472c-99a3-7b2d8e4bba76 0.852s
2025-04-25 19:29:56.645 70042 INFO tempest.lib.common.rest_client [req-9ac7ac08-5809-4423-84e3-695f4a5dece7 req-9ac7ac08-5809-4423-84e3-695f4a5dece7 ] Request (ServerAddressesTestJSON:tearDownClass): 200 GET http://10.180.1.21/compute/v2.1/servers/328594d8-fc29-4d5f-a04f-047d540f9d56 0.808s
2025-04-25 19:29:56.652 70042 INFO tempest.common.waiters [-] State transition "ACTIVE/deleting" ==> "DELETED/None" after 3 second wait
2025-04-25 19:29:56.707 70020 INFO tempest.lib.common.rest_client [req-2f64c45a-9338-4cf9-853e-4875d370b899 req-2f64c45a-9338-4cf9-853e-4875d370b899 ] Request (ServerDiskConfigTestJSON:test_rebuild_server_with_manual_disk_config): 200 GET http://10.180.1.21/compute/v2.1/servers/666f7702-319f-454a-83be-82bc20009a5e 0.841s
2025-04-25 19:29:56.717 70020 INFO tempest.common.waiters [-] State transition "BUILD/networking" ==> "BUILD/spawning" after 66 second wait
2025-04-25 19:29:56.749 70058 INFO tempest.lib.common.rest_client [req-d1d84266-6ac3-4904-b311-544b3c7fba39 req-d1d84266-6ac3-4904-b311-544b3c7fba39 ] Request (ServerActionsTestOtherB:test_create_backup): 200 GET http://10.180.1.21/compute/v2.1/servers/04800cfa-2e24-43bc-9198-0a0f41151dc0 0.795s
2025-04-25 19:29:56.762 70058 INFO tempest.common.waiters [-] State transition "ACTIVE/image_uploading" ==> "ACTIVE/None" after 19 second wait
2025-04-25 19:29:56.778 70064 INFO tempest.lib.common.rest_client [req-de2ff27b-bad8-4e1b-8c7a-2ba1cf31858b req-de2ff27b-bad8-4e1b-8c7a-2ba1cf31858b ] Request (SecurityGroupsTestJSON:test_server_security_groups): 400 DELETE http://10.180.1.21/compute/v2.1/os-security-groups/150816be-2a89-4f94-a1c1-0b956d39c86e 0.770s
2025-04-25 19:29:56.780 70058 INFO tempest.lib.common.rest_client [req-83ae63c1-1fed-4ba0-9b65-814bd55e7c43 req-83ae63c1-1fed-4ba0-9b65-814bd55e7c43 ] Request (ServerActionsTestOtherB:test_create_backup): 200 GET http://10.180.1.21/image/v2/images/173b6ff6-be9a-4392-8cac-7929dcba57cd 0.017s
2025-04-25 19:29:56.826 70012 INFO tempest.lib.common.rest_client [req-079c3cae-f252-4928-96c5-b772e0d9796b req-079c3cae-f252-4928-96c5-b772e0d9796b ] Request (ServerMetadataNegativeTestJSON:setUpClass): 200 GET http://10.180.1.21/compute/v2.1/servers/e89f8758-2853-47a5-9158-3c0d3e88b121 0.753s
2025-04-25 19:29:56.832 70032 INFO tempest.lib.common.rest_client [req-161fe0ba-6dc5-4aca-bb20-b665fe526ac9 req-161fe0ba-6dc5-4aca-bb20-b665fe526ac9 ] Request (AttachInterfacesTestJSON:test_create_list_show_delete_interfaces_by_fixed_ip): 202 DELETE http://10.180.1.21/compute/v2.1/servers/3a7606e7-37de-411d-a478-d800677c3d13/os-interface/f1c509eb-3895-4a45-bcdb-8dd1dec30443 0.567s
2025-04-25 19:29:56.914 70022 INFO tempest.lib.common.rest_client [req-94e8aba0-4501-4cda-a53c-3d8eadd94e49 req-94e8aba0-4501-4cda-a53c-3d8eadd94e49 ] Request (FloatingIPsAssociationTestJSON:test_associate_already_associated_floating_ip): 200 GET http://10.180.1.21/compute/v2.1/servers/6ae1e213-9754-452a-ba79-04910f983b7f 0.567s
2025-04-25 19:29:56.995 70026 INFO tempest.lib.common.rest_client [req-fac256b2-f0c8-44d2-a0f9-447ece0a7f33 req-fac256b2-f0c8-44d2-a0f9-447ece0a7f33 ] Request (ServersTestManualDisk:tearDownClass): 200 GET http://10.180.1.21/compute/v2.1/servers/80fc2079-55e2-4bb4-949f-c74422f9eeef 0.385s
2025-04-25 19:29:57.078 70018 INFO tempest.lib.common.rest_client [req-ab9f0a74-2af9-4d85-ad49-2fb9878049e2 req-ab9f0a74-2af9-4d85-ad49-2fb9878049e2 ] Request (ServersV294TestFqdnHostnames:setUpClass): 200 GET http://10.180.1.21/compute/v2.1/servers/66a7da51-9efb-40f0-88a6-52b205a15be8 0.386s
2025-04-25 19:29:57.122 70024 INFO tempest.lib.common.rest_client [req-3979c8af-5a16-4d48-b1d3-17ee2df1abb2 req-3979c8af-5a16-4d48-b1d3-17ee2df1abb2 ] Request (ImagesNegativeTestJSON:test_create_image_from_deleted_server): 200 GET http://10.180.1.21/compute/v2.1/servers/090defd1-8b7c-42f3-a9f3-4cb1308b8261 0.850s
2025-04-25 19:29:57.130 70024 INFO tempest.common.waiters [-] State transition "BUILD/spawning" ==> "ACTIVE/None" after 77 second wait
2025-04-25 19:29:57.174 70064 INFO tempest.lib.common.rest_client [req-a421567a-59b3-4a1b-9fe9-38117df48104 req-a421567a-59b3-4a1b-9fe9-38117df48104 ] Request (SecurityGroupsTestJSON:test_server_security_groups): 202 POST http://10.180.1.21/compute/v2.1/servers/1baf08c6-9f09-463b-abe4-9fc3ffc9bd38/action 0.395s
2025-04-25 19:29:57.215 70032 INFO tempest.lib.common.rest_client [req-e1bc2e98-7574-43ed-99e8-7a8c5828a14b req-e1bc2e98-7574-43ed-99e8-7a8c5828a14b ] Request (AttachInterfacesTestJSON:test_create_list_show_delete_interfaces_by_fixed_ip): 200 GET http://10.180.1.21/compute/v2.1/servers/3a7606e7-37de-411d-a478-d800677c3d13/os-interface 0.383s
2025-04-25 19:29:57.238 70038 INFO tempest.lib.common.rest_client [req-6064da20-6d65-410d-a9b4-cb54fc0a32b6 req-6064da20-6d65-410d-a9b4-cb54fc0a32b6 ] Request (ServerShowV247Test:test_update_rebuild_list_server): 200 GET http://10.180.1.21/compute/v2.1/servers/589c23ff-f8bc-478b-9fc6-b3a83c1988fe 0.385s
2025-04-25 19:29:57.519 70040 INFO tempest.lib.common.rest_client [req-8a0e600b-0cd1-4c81-827f-714cd7cb15e4 req-8a0e600b-0cd1-4c81-827f-714cd7cb15e4 ] Request (AttachInterfacesUnderV243Test:_run_cleanups): 200 GET http://10.180.1.21/compute/v2.1/servers/0f69937d-222e-4155-8ecf-5d5fb86d68b6 0.589s
2025-04-25 19:29:57.527 70068 INFO tempest.lib.common.rest_client [req-780ee286-731b-4953-bb95-891b879c9d55 req-780ee286-731b-4953-bb95-891b879c9d55 ] Request (ServerGroupTestJSON:_run_cleanups): 200 GET http://10.180.1.21/compute/v2.1/servers/e228cfb3-e146-4148-bc18-b23080c2a06a 0.522s
2025-04-25 19:29:57.583 70062 INFO tempest.lib.common.rest_client [req-dd8ff024-de40-4d97-935c-e31120b3a0b5 req-dd8ff024-de40-4d97-935c-e31120b3a0b5 ] Request (ServersAdminNegativeTestJSON:tearDownClass): 200 GET http://10.180.1.21/compute/v2.1/servers/be1d2d89-cc25-465b-b8d6-905b2c838de6 0.448s
2025-04-25 19:29:57.591 70024 INFO tempest.lib.common.rest_client [req-0965c5b5-b4fb-468d-bc9d-73293520ed2c req-0965c5b5-b4fb-468d-bc9d-73293520ed2c ] Request (ImagesNegativeTestJSON:test_create_image_from_deleted_server): 204 DELETE http://10.180.1.21/compute/v2.1/servers/090defd1-8b7c-42f3-a9f3-4cb1308b8261 0.460s
2025-04-25 19:29:57.768 70064 INFO tempest.lib.common.rest_client [req-2eb3b267-cbfa-4dab-bc33-e8f43ae6b938 req-2eb3b267-cbfa-4dab-bc33-e8f43ae6b938 ] Request (SecurityGroupsTestJSON:test_server_security_groups): 200 GET http://10.180.1.21/compute/v2.1/servers/1baf08c6-9f09-463b-abe4-9fc3ffc9bd38 0.593s
2025-04-25 19:29:57.779 70028 INFO tempest.lib.common.rest_client [req-9401fa6d-559d-41e6-8dc0-8ae11782d2b5 req-9401fa6d-559d-41e6-8dc0-8ae11782d2b5 ] Request (ServerActionsTestOtherA:test_rebuild_server_in_stop_state): 200 GET http://10.180.1.21/compute/v2.1/servers/0c8ded47-c27f-4f0a-ac26-12d385127ec2 0.596s
2025-04-25 19:29:57.790 70058 INFO tempest.lib.common.rest_client [req-cd4e8940-4730-4767-9881-9640468f9674 req-cd4e8940-4730-4767-9881-9640468f9674 ] Request (ServerActionsTestOtherB:test_create_backup): 404 GET http://10.180.1.21/image/v2/images/173b6ff6-be9a-4392-8cac-7929dcba57cd 0.009s
2025-04-25 19:29:57.842 70050 INFO tempest.lib.common.rest_client [req-73028425-bdfc-411d-88ab-61334cc63126 req-73028425-bdfc-411d-88ab-61334cc63126 ] Request (ListImageFiltersTestJSON:setUpClass): 200 GET http://10.180.1.21/compute/v2.1/servers/81b83080-599c-4426-807f-1faa83db2c35 0.587s
2025-04-25 19:29:57.843 70014 INFO tempest.lib.common.rest_client [req-8e0a1193-0a2f-44cd-a4c8-57bed3927683 req-8e0a1193-0a2f-44cd-a4c8-57bed3927683 ] Request (ServersNegativeTestJSON:setUpClass): 200 GET http://10.180.1.21/compute/v2.1/servers/c2a6a3aa-1987-4ffe-a7b4-5d6802112141 0.643s
2025-04-25 19:29:57.850 70058 INFO tempest.lib.common.rest_client [req-640fdd23-f077-4dd4-8496-8e428ccf45b1 req-640fdd23-f077-4dd4-8496-8e428ccf45b1 ] Request (ServerActionsTestOtherB:test_create_backup): 200 GET http://10.180.1.21/image/v2/images?status=active&sort_key=created_at&sort_dir=asc&image_type=backup&backup_type=daily&instance_uuid=04800cfa-2e24-43bc-9198-0a0f41151dc0 0.059s
2025-04-25 19:29:57.918 70056 INFO tempest.lib.common.rest_client [req-bcd3f41c-7a13-4dcd-81e8-b405487329d3 req-bcd3f41c-7a13-4dcd-81e8-b405487329d3 ] Request (DeleteServersAdminTestJSON:test_delete_server_while_in_error_state): 200 GET http://10.180.1.21/compute/v2.1/servers/d4b37d65-3847-4913-aa50-d6b93378a4e0 0.574s
2025-04-25 19:29:57.999 70054 INFO tempest.lib.common.rest_client [req-6bf2d858-524a-4085-9af3-54bb8ae58e99 req-6bf2d858-524a-4085-9af3-54bb8ae58e99 ] Request (ServersListShow298Test:test_list_show_update_rebuild_server_298): 200 GET http://10.180.1.21/compute/v2.1/servers/67bbc2f0-bcac-401e-b6b4-4daf1db04b50 0.580s
2025-04-25 19:29:58.006 70016 INFO tempest.lib.common.rest_client [req-f1c1ac34-6492-4dfc-b87e-56d06283df05 req-f1c1ac34-6492-4dfc-b87e-56d06283df05 ] Request (ImagesOneServerNegativeTestJSON:setUpClass): 200 GET http://10.180.1.21/compute/v2.1/servers/68f200f0-923a-40b8-97f6-81ee88818e71 0.618s
2025-04-25 19:29:58.076 70070 INFO tempest.lib.common.rest_client [req-1c6c6392-0166-4a39-bf06-fab041b4d6a9 req-1c6c6392-0166-4a39-bf06-fab041b4d6a9 ] Request (MigrationsAdminTest:test_resize_server_revert_deleted_flavor): 200 GET http://10.180.1.21/compute/v2.1/servers/abbd2490-51e6-4c89-865a-7ce4d096e72e 0.635s
2025-04-25 19:29:58.090 70060 INFO tempest.lib.common.rest_client [req-2023c41a-5f2c-439c-a8f3-0ab86ca3c0b4 req-2023c41a-5f2c-439c-a8f3-0ab86ca3c0b4 ] Request (ImagesTestJSON:test_create_image_from_suspended_server): 200 GET http://10.180.1.21/compute/v2.1/servers/1fccf1ff-d298-4dbe-b5cd-48ee5a6969cd 0.622s
2025-04-25 19:29:58.091 70072 WARNING tempest.lib.common.ssh [-] Failed to establish authenticated ssh connection to cirros@10.180.180.174 ([Errno None] Unable to connect to port 22 on 10.180.180.174). Number attempts: 10. Retry after 11 seconds.: paramiko.ssh_exception.NoValidConnectionsError: [Errno None] Unable to connect to port 22 on 10.180.180.174
2025-04-25 19:29:58.153 70036 INFO tempest.lib.common.rest_client [req-f9f79e79-7307-4c86-ae7c-9f5c110150e8 req-f9f79e79-7307-4c86-ae7c-9f5c110150e8 ] Request (ListServerFiltersTestJSON:setUpClass): 200 GET http://10.180.1.21/compute/v2.1/servers/0baee1f7-d302-478a-a737-d2204fdbf87d 0.627s
2025-04-25 19:29:58.233 70074 INFO tempest.lib.common.rest_client [req-f656eb0c-4dd5-4fad-8e11-709f1cf55374 req-f656eb0c-4dd5-4fad-8e11-709f1cf55374 ] Request (ServersTestFqdnHostnames:tearDownClass): 200 GET http://10.180.1.21/compute/v2.1/servers/c5cf678b-99a6-4322-adfc-172f3e4d55f7 0.639s
2025-04-25 19:29:58.272 70024 INFO tempest.lib.common.rest_client [req-d0222b74-215d-46bc-a02f-50c18b70accb req-d0222b74-215d-46bc-a02f-50c18b70accb ] Request (ImagesNegativeTestJSON:test_create_image_from_deleted_server): 200 GET http://10.180.1.21/compute/v2.1/servers/090defd1-8b7c-42f3-a9f3-4cb1308b8261 0.681s
2025-04-25 19:29:58.302 70046 WARNING tempest.lib.common.ssh [-] Failed to establish authenticated ssh connection to cirros@10.180.180.168 ([Errno None] Unable to connect to port 22 on 10.180.180.168). Number attempts: 7. Retry after 8 seconds.: paramiko.ssh_exception.NoValidConnectionsError: [Errno None] Unable to connect to port 22 on 10.180.180.168
2025-04-25 19:29:58.334 70042 INFO tempest.lib.common.rest_client [req-92a6676a-4ac0-4ad7-a4e6-7045a62117b6 req-92a6676a-4ac0-4ad7-a4e6-7045a62117b6 ] Request (ServerAddressesTestJSON:tearDownClass): 200 GET http://10.180.1.21/compute/v2.1/servers/328594d8-fc29-4d5f-a04f-047d540f9d56 0.681s
2025-04-25 19:29:58.363 70035 INFO tempest.lib.common.rest_client [req-2d93d8a7-1bfa-4c27-8187-badd8b767d16 req-2d93d8a7-1bfa-4c27-8187-badd8b767d16 ] Request (ServerRescueTestJSON:setUpClass): 200 GET http://10.180.1.21/compute/v2.1/servers/45443b55-ca14-472c-99a3-7b2d8e4bba76 0.747s
2025-04-25 19:29:58.418 70012 INFO tempest.lib.common.rest_client [req-66326cc3-7ff4-47fd-90ac-85c3300e7a77 req-66326cc3-7ff4-47fd-90ac-85c3300e7a77 ] Request (ServerMetadataNegativeTestJSON:setUpClass): 200 GET http://10.180.1.21/compute/v2.1/servers/e89f8758-2853-47a5-9158-3c0d3e88b121 0.582s
2025-04-25 19:29:58.436 70020 INFO tempest.lib.common.rest_client [req-1b0d1773-3618-4e89-8b94-65567f8c9260 req-1b0d1773-3618-4e89-8b94-65567f8c9260 ] Request (ServerDiskConfigTestJSON:test_rebuild_server_with_manual_disk_config): 200 GET http://10.180.1.21/compute/v2.1/servers/666f7702-319f-454a-83be-82bc20009a5e 0.718s
2025-04-25 19:29:58.488 70022 INFO tempest.lib.common.rest_client [req-2970ba31-7069-4d6a-82d3-9e787bbe98cf req-2970ba31-7069-4d6a-82d3-9e787bbe98cf ] Request (FloatingIPsAssociationTestJSON:test_associate_already_associated_floating_ip): 200 GET http://10.180.1.21/compute/v2.1/servers/6ae1e213-9754-452a-ba79-04910f983b7f 0.564s
2025-04-25 19:29:58.542 70026 INFO tempest.lib.common.rest_client [req-bd452bec-acb5-4100-b6de-d828dc7a560f req-bd452bec-acb5-4100-b6de-d828dc7a560f ] Request (ServersTestManualDisk:tearDownClass): 200 GET http://10.180.1.21/compute/v2.1/servers/80fc2079-55e2-4bb4-949f-c74422f9eeef 0.540s
2025-04-25 19:29:58.557 70058 INFO tempest.lib.common.rest_client [req-600dc14a-e6aa-4f8c-8b4c-36796bcba94c req-600dc14a-e6aa-4f8c-8b4c-36796bcba94c ] Request (ServerActionsTestOtherB:tearDown): 200 GET http://10.180.1.21/compute/v2.1/servers/04800cfa-2e24-43bc-9198-0a0f41151dc0 0.706s
2025-04-25 19:29:58.597 70018 INFO tempest.lib.common.rest_client [req-c524da34-ead1-4a10-9f12-06af9f1b9d2a req-c524da34-ead1-4a10-9f12-06af9f1b9d2a ] Request (ServersV294TestFqdnHostnames:setUpClass): 200 GET http://10.180.1.21/compute/v2.1/servers/66a7da51-9efb-40f0-88a6-52b205a15be8 0.501s
2025-04-25 19:29:58.619 70032 INFO tempest.lib.common.rest_client [req-15995a2b-3861-4dee-b47f-1c5eeb175a52 req-15995a2b-3861-4dee-b47f-1c5eeb175a52 ] Request (AttachInterfacesTestJSON:test_create_list_show_delete_interfaces_by_fixed_ip): 200 GET http://10.180.1.21/compute/v2.1/servers/3a7606e7-37de-411d-a478-d800677c3d13/os-interface 0.401s
2025-04-25 19:29:58.647 70038 INFO tempest.lib.common.rest_client [req-a7d838b0-4056-4896-afd8-d933f84dee15 req-a7d838b0-4056-4896-afd8-d933f84dee15 ] Request (ServerShowV247Test:test_update_rebuild_list_server): 200 GET http://10.180.1.21/compute/v2.1/servers/589c23ff-f8bc-478b-9fc6-b3a83c1988fe 0.400s
2025-04-25 19:29:58.682 70058 INFO tempest.lib.common.rest_client [req-300966d8-c591-49cb-a729-fbdf77b9e752 req-300966d8-c591-49cb-a729-fbdf77b9e752 ] Request (ServerActionsTestOtherB:_run_cleanups): 204 DELETE http://10.180.1.21/image/v2/images/a43be8b2-3d6b-4895-ae74-4c5858be085c 0.117s
2025-04-25 19:29:58.682 70040 INFO tempest.lib.common.rest_client [req-9d80bf30-cf7c-4aa6-ae34-baaefce788e4 req-9d80bf30-cf7c-4aa6-ae34-baaefce788e4 ] Request (AttachInterfacesUnderV243Test:_run_cleanups): 200 GET http://10.180.1.21/compute/v2.1/servers/0f69937d-222e-4155-8ecf-5d5fb86d68b6 0.155s
2025-04-25 19:29:58.711 70068 INFO tempest.lib.common.rest_client [req-63c8657f-0408-49c7-bfe2-a5c020db200c req-63c8657f-0408-49c7-bfe2-a5c020db200c ] Request (ServerGroupTestJSON:_run_cleanups): 200 GET http://10.180.1.21/compute/v2.1/servers/e228cfb3-e146-4148-bc18-b23080c2a06a 0.173s
2025-04-25 19:29:58.759 70062 INFO tempest.lib.common.rest_client [req-4938349a-df54-4e4b-be71-c3ae3e57271d req-4938349a-df54-4e4b-be71-c3ae3e57271d ] Request (ServersAdminNegativeTestJSON:tearDownClass): 200 GET http://10.180.1.21/compute/v2.1/servers/be1d2d89-cc25-465b-b8d6-905b2c838de6 0.168s
2025-04-25 19:29:58.801 70058 INFO tempest.lib.common.rest_client [req-590dc22e-4d7a-4327-bb23-352850096c33 req-590dc22e-4d7a-4327-bb23-352850096c33 ] Request (ServerActionsTestOtherB:_run_cleanups): 204 DELETE http://10.180.1.21/image/v2/images/17dae2b0-93b4-4bb6-84cf-4341a3902007 0.118s
2025-04-25 19:29:58.963 70064 INFO tempest.lib.common.rest_client [req-0c2cca57-e500-4b0b-97e1-4d9d37cc414a req-0c2cca57-e500-4b0b-97e1-4d9d37cc414a ] Request (SecurityGroupsTestJSON:test_server_security_groups): 200 GET http://10.180.1.21/compute/v2.1/servers/1baf08c6-9f09-463b-abe4-9fc3ffc9bd38 0.185s
2025-04-25 19:29:58.974 70028 INFO tempest.lib.common.rest_client [req-1b8aeabf-763a-4395-89b7-8aef5daaa8bc req-1b8aeabf-763a-4395-89b7-8aef5daaa8bc ] Request (ServerActionsTestOtherA:test_rebuild_server_in_stop_state): 200 GET http://10.180.1.21/compute/v2.1/servers/0c8ded47-c27f-4f0a-ac26-12d385127ec2 0.179s
2025-04-25 19:29:59.062 70050 INFO tempest.lib.common.rest_client [req-45f4425a-f0dc-4e10-a5ae-f06256c032ce req-45f4425a-f0dc-4e10-a5ae-f06256c032ce ] Request (ListImageFiltersTestJSON:setUpClass): 200 GET http://10.180.1.21/compute/v2.1/servers/81b83080-599c-4426-807f-1faa83db2c35 0.210s
2025-04-25 19:29:59.122 70058 INFO tempest.lib.common.rest_client [req-02d25529-f8b7-45c4-a9d7-bc4ad78c8dc7 req-02d25529-f8b7-45c4-a9d7-bc4ad78c8dc7 ] Request (ServerActionsTestOtherB:setUp): 200 GET http://10.180.1.21/compute/v2.1/servers/04800cfa-2e24-43bc-9198-0a0f41151dc0 0.319s
2025-04-25 19:29:59.135 70014 INFO tempest.lib.common.rest_client [req-6f92930b-0c6d-4248-8c98-f8868504acf1 req-6f92930b-0c6d-4248-8c98-f8868504acf1 ] Request (ServersNegativeTestJSON:setUpClass): 200 GET http://10.180.1.21/compute/v2.1/servers/c2a6a3aa-1987-4ffe-a7b4-5d6802112141 0.282s
2025-04-25 19:29:59.144 70014 INFO tempest.common.waiters [-] State transition "BUILD/scheduling" ==> "BUILD/None" after 53 second wait
2025-04-25 19:29:59.186 70056 INFO tempest.lib.common.rest_client [req-dfb3bc23-7830-4549-8492-c450dcf160b0 req-dfb3bc23-7830-4549-8492-c450dcf160b0 ] Request (DeleteServersAdminTestJSON:test_delete_server_while_in_error_state): 200 GET http://10.180.1.21/compute/v2.1/servers/d4b37d65-3847-4913-aa50-d6b93378a4e0 0.254s
2025-04-25 19:29:59.204 70054 INFO tempest.lib.common.rest_client [req-1c6a69f0-a1b8-4d46-812f-3ad9edba3659 req-1c6a69f0-a1b8-4d46-812f-3ad9edba3659 ] Request (ServersListShow298Test:test_list_show_update_rebuild_server_298): 200 GET http://10.180.1.21/compute/v2.1/servers/67bbc2f0-bcac-401e-b6b4-4daf1db04b50 0.189s
2025-04-25 19:29:59.264 70070 INFO tempest.lib.common.rest_client [req-82923628-0b7a-49a8-83c3-9f187399602f req-82923628-0b7a-49a8-83c3-9f187399602f ] Request (MigrationsAdminTest:test_resize_server_revert_deleted_flavor): 200 GET http://10.180.1.21/compute/v2.1/servers/abbd2490-51e6-4c89-865a-7ce4d096e72e 0.172s
2025-04-25 19:29:59.320 70016 INFO tempest.lib.common.rest_client [req-e76e745f-4e30-462c-80e1-c42a8dbc0dd3 req-e76e745f-4e30-462c-80e1-c42a8dbc0dd3 ] Request (ImagesOneServerNegativeTestJSON:setUpClass): 200 GET http://10.180.1.21/compute/v2.1/servers/68f200f0-923a-40b8-97f6-81ee88818e71 0.302s
2025-04-25 19:29:59.321 70060 INFO tempest.lib.common.rest_client [req-34e21125-d8b3-49c1-87b8-f150886f98a3 req-34e21125-d8b3-49c1-87b8-f150886f98a3 ] Request (ImagesTestJSON:test_create_image_from_suspended_server): 200 GET http://10.180.1.21/compute/v2.1/servers/1fccf1ff-d298-4dbe-b5cd-48ee5a6969cd 0.217s
2025-04-25 19:29:59.405 70036 INFO tempest.lib.common.rest_client [req-6f1c72b8-a554-44d2-8fd4-d46facf98be6 req-6f1c72b8-a554-44d2-8fd4-d46facf98be6 ] Request (ListServerFiltersTestJSON:setUpClass): 200 GET http://10.180.1.21/compute/v2.1/servers/0baee1f7-d302-478a-a737-d2204fdbf87d 0.237s
2025-04-25 19:29:59.465 70058 INFO tempest.lib.common.rest_client [req-ed5a32e1-7672-48e0-bbe7-bc0d3e3fdd29 req-ed5a32e1-7672-48e0-bbe7-bc0d3e3fdd29 ] Request (ServerActionsTestOtherB:tearDown): 200 GET http://10.180.1.21/compute/v2.1/servers/04800cfa-2e24-43bc-9198-0a0f41151dc0 0.335s
2025-04-25 19:29:59.484 70074 INFO tempest.lib.common.rest_client [req-59a2da70-6dad-4e10-b0a7-b486da155593 req-59a2da70-6dad-4e10-b0a7-b486da155593 ] Request (ServersTestFqdnHostnames:tearDownClass): 200 GET http://10.180.1.21/compute/v2.1/servers/c5cf678b-99a6-4322-adfc-172f3e4d55f7 0.242s
2025-04-25 19:29:59.548 70042 INFO tempest.lib.common.rest_client [req-d6d48823-981a-4d40-9f02-978dd15a2a8f req-d6d48823-981a-4d40-9f02-978dd15a2a8f ] Request (ServerAddressesTestJSON:tearDownClass): 200 GET http://10.180.1.21/compute/v2.1/servers/328594d8-fc29-4d5f-a04f-047d540f9d56 0.206s
2025-04-25 19:29:59.602 70024 INFO tempest.lib.common.rest_client [req-e6f8bd5a-baaa-48cb-95bf-513e12e7124f req-e6f8bd5a-baaa-48cb-95bf-513e12e7124f ] Request (ImagesNegativeTestJSON:test_create_image_from_deleted_server): 200 GET http://10.180.1.21/compute/v2.1/servers/090defd1-8b7c-42f3-a9f3-4cb1308b8261 0.321s
2025-04-25 19:29:59.672 70012 INFO tempest.lib.common.rest_client [req-852fc16c-f933-4177-8a45-b096d4fab3d9 req-852fc16c-f933-4177-8a45-b096d4fab3d9 ] Request (ServerMetadataNegativeTestJSON:setUpClass): 200 GET http://10.180.1.21/compute/v2.1/servers/e89f8758-2853-47a5-9158-3c0d3e88b121 0.245s
2025-04-25 19:29:59.683 70035 INFO tempest.lib.common.rest_client [req-b0067fb3-8e9f-4220-82e6-be30a0a97053 req-b0067fb3-8e9f-4220-82e6-be30a0a97053 ] Request (ServerRescueTestJSON:setUpClass): 200 GET http://10.180.1.21/compute/v2.1/servers/45443b55-ca14-472c-99a3-7b2d8e4bba76 0.311s
2025-04-25 19:29:59.808 70020 INFO tempest.lib.common.rest_client [req-3c2e3fd6-4ad5-4328-a978-95925d65e8e4 req-3c2e3fd6-4ad5-4328-a978-95925d65e8e4 ] Request (ServerDiskConfigTestJSON:test_rebuild_server_with_manual_disk_config): 200 GET http://10.180.1.21/compute/v2.1/servers/666f7702-319f-454a-83be-82bc20009a5e 0.363s
2025-04-25 19:29:59.815 70058 INFO tempest.lib.common.rest_client [req-e66324cd-dc3e-41b2-a96a-7850da2ce1a3 req-e66324cd-dc3e-41b2-a96a-7850da2ce1a3 ] Request (ServerActionsTestOtherB:setUp): 200 GET http://10.180.1.21/compute/v2.1/servers/04800cfa-2e24-43bc-9198-0a0f41151dc0 0.335s
2025-04-25 19:29:59.835 70026 INFO tempest.lib.common.rest_client [req-a6ee17e0-4524-4a03-8011-04f265625721 req-a6ee17e0-4524-4a03-8011-04f265625721 ] Request (ServersTestManualDisk:tearDownClass): 404 GET http://10.180.1.21/compute/v2.1/servers/80fc2079-55e2-4bb4-949f-c74422f9eeef 0.284s
2025-04-25 19:29:59.869 70022 INFO tempest.lib.common.rest_client [req-250334c3-1068-4f73-9230-3596f2266d17 req-250334c3-1068-4f73-9230-3596f2266d17 ] Request (FloatingIPsAssociationTestJSON:test_associate_already_associated_floating_ip): 200 GET http://10.180.1.21/compute/v2.1/servers/6ae1e213-9754-452a-ba79-04910f983b7f 0.371s
2025-04-25 19:29:59.895 70018 INFO tempest.lib.common.rest_client [req-2a5f16d9-752a-43fe-9d74-9de63091b7d5 req-2a5f16d9-752a-43fe-9d74-9de63091b7d5 ] Request (ServersV294TestFqdnHostnames:setUpClass): 200 GET http://10.180.1.21/compute/v2.1/servers/66a7da51-9efb-40f0-88a6-52b205a15be8 0.283s
2025-04-25 19:29:59.959 70038 INFO tempest.lib.common.rest_client [req-8c910c60-5686-4a31-8873-9e119fcd210b req-8c910c60-5686-4a31-8873-9e119fcd210b ] Request (ServerShowV247Test:test_update_rebuild_list_server): 200 GET http://10.180.1.21/compute/v2.1/servers/589c23ff-f8bc-478b-9fc6-b3a83c1988fe 0.302s
2025-04-25 19:30:00.034 70040 INFO tempest.lib.common.rest_client [req-ed032ac3-ca23-4253-9d59-f08210ffd0ac req-ed032ac3-ca23-4253-9d59-f08210ffd0ac ] Request (AttachInterfacesUnderV243Test:_run_cleanups): 200 GET http://10.180.1.21/compute/v2.1/servers/0f69937d-222e-4155-8ecf-5d5fb86d68b6 0.341s
2025-04-25 19:30:00.046 70032 INFO tempest.lib.common.rest_client [req-22bf7165-e772-4b80-aee1-79e63ad03b49 req-22bf7165-e772-4b80-aee1-79e63ad03b49 ] Request (AttachInterfacesTestJSON:test_create_list_show_delete_interfaces_by_fixed_ip): 200 GET http://10.180.1.21/compute/v2.1/servers/3a7606e7-37de-411d-a478-d800677c3d13/os-interface 0.423s
2025-04-25 19:30:00.115 70068 INFO tempest.lib.common.rest_client [req-3a7d716c-4e2e-416d-88da-47e569621bc3 req-3a7d716c-4e2e-416d-88da-47e569621bc3 ] Request (ServerGroupTestJSON:_run_cleanups): 200 GET http://10.180.1.21/compute/v2.1/servers/e228cfb3-e146-4148-bc18-b23080c2a06a 0.396s
2025-04-25 19:30:00.129 70062 INFO tempest.lib.common.rest_client [req-b5dcd0d5-b33d-4ce6-b6d7-2ac949092d3b req-b5dcd0d5-b33d-4ce6-b6d7-2ac949092d3b ] Request (ServersAdminNegativeTestJSON:tearDownClass): 200 GET http://10.180.1.21/compute/v2.1/servers/be1d2d89-cc25-465b-b8d6-905b2c838de6 0.362s
2025-04-25 19:30:00.162 70026 INFO tempest.lib.common.rest_client [req-3e4341d7-6499-4ca2-abe1-e4423d754376 req-3e4341d7-6499-4ca2-abe1-e4423d754376 ] Request (ServersTestManualDisk:tearDownClass): 202 DELETE http://10.180.1.21/compute/v2.1/os-keypairs/tempest-keypair-886694286 0.327s
2025-04-25 19:30:00.210 70058 INFO tempest.lib.common.rest_client [req-6d0b5e63-e242-4b6e-a9c0-cc034e833b77 req-6d0b5e63-e242-4b6e-a9c0-cc034e833b77 ] Request (ServerActionsTestOtherB:test_resize_server_confirm_from_stopped): 202 POST http://10.180.1.21/compute/v2.1/servers/04800cfa-2e24-43bc-9198-0a0f41151dc0/action 0.381s
2025-04-25 19:30:00.281 70026 INFO tempest.lib.common.rest_client [req-9db08277-c669-407f-9b57-2fe9a9cdc3e6 req-9db08277-c669-407f-9b57-2fe9a9cdc3e6 ] Request (ServersTestManualDisk:tearDownClass): 204 DELETE http://10.180.1.21:9696/networking/v2.0/security-groups/0ed04af6-5d88-4a9b-a4a4-60feb8636b45 0.118s
2025-04-25 19:30:00.294 70026 INFO tempest.lib.common.rest_client [req-18b55503-020f-4197-99e7-c92fc54e49d7 req-18b55503-020f-4197-99e7-c92fc54e49d7 ] Request (ServersTestManualDisk:tearDownClass): 404 GET http://10.180.1.21:9696/networking/v2.0/security-groups/0ed04af6-5d88-4a9b-a4a4-60feb8636b45 0.012s
2025-04-25 19:30:00.454 70028 INFO tempest.lib.common.rest_client [req-e53ef77c-140e-4fde-8fa4-2a81828195e3 req-e53ef77c-140e-4fde-8fa4-2a81828195e3 ] Request (ServerActionsTestOtherA:test_rebuild_server_in_stop_state): 200 GET http://10.180.1.21/compute/v2.1/servers/0c8ded47-c27f-4f0a-ac26-12d385127ec2 0.465s
2025-04-25 19:30:00.491 70064 INFO tempest.lib.common.rest_client [req-edf4acd1-7a76-4795-9c0c-b82bb4e420cf req-edf4acd1-7a76-4795-9c0c-b82bb4e420cf ] Request (SecurityGroupsTestJSON:test_server_security_groups): 200 GET http://10.180.1.21/compute/v2.1/servers/1baf08c6-9f09-463b-abe4-9fc3ffc9bd38 0.520s
2025-04-25 19:30:00.499 70064 INFO tempest.common.waiters [-] State transition "HARD_REBOOT/rebooting_hard" ==> "HARD_REBOOT/reboot_pending_hard" after 3 second wait
2025-04-25 19:30:00.513 70050 INFO tempest.lib.common.rest_client [req-fa204cdd-d67d-4f65-a270-58a42493012e req-fa204cdd-d67d-4f65-a270-58a42493012e ] Request (ListImageFiltersTestJSON:setUpClass): 200 GET http://10.180.1.21/compute/v2.1/servers/81b83080-599c-4426-807f-1faa83db2c35 0.436s
2025-04-25 19:30:00.539 70026 INFO tempest.lib.common.rest_client [req-fe8a6292-a266-415b-a8f2-1a187d062025 req-fe8a6292-a266-415b-a8f2-1a187d062025 ] Request (ServersTestManualDisk:tearDownClass): 204 DELETE http://10.180.1.21:9696/networking/v2.0/floatingips/1c7cf28d-edf5-482a-8600-05b939cb983e 0.245s
2025-04-25 19:30:00.548 70014 INFO tempest.lib.common.rest_client [req-3288f109-18e3-4ecb-96a2-c348a5d7a229 req-3288f109-18e3-4ecb-96a2-c348a5d7a229 ] Request (ServersNegativeTestJSON:setUpClass): 200 GET http://10.180.1.21/compute/v2.1/servers/c2a6a3aa-1987-4ffe-a7b4-5d6802112141 0.402s
2025-04-25 19:30:00.586 70056 INFO tempest.lib.common.rest_client [req-8f5adcb4-a1d8-4db8-9878-b0c4b6dec2ca req-8f5adcb4-a1d8-4db8-9878-b0c4b6dec2ca ] Request (DeleteServersAdminTestJSON:test_delete_server_while_in_error_state): 200 GET http://10.180.1.21/compute/v2.1/servers/d4b37d65-3847-4913-aa50-d6b93378a4e0 0.388s
2025-04-25 19:30:00.660 70058 INFO tempest.lib.common.rest_client [req-effd3aba-a568-4a2e-bb7b-4f7f894baa68 req-effd3aba-a568-4a2e-bb7b-4f7f894baa68 ] Request (ServerActionsTestOtherB:test_resize_server_confirm_from_stopped): 200 GET http://10.180.1.21/compute/v2.1/servers/04800cfa-2e24-43bc-9198-0a0f41151dc0 0.449s
2025-04-25 19:30:00.673 70054 INFO tempest.lib.common.rest_client [req-9ddd9f6b-5217-47e1-9050-d4f2a5a49653 req-9ddd9f6b-5217-47e1-9050-d4f2a5a49653 ] Request (ServersListShow298Test:test_list_show_update_rebuild_server_298): 200 GET http://10.180.1.21/compute/v2.1/servers/67bbc2f0-bcac-401e-b6b4-4daf1db04b50 0.454s
2025-04-25 19:30:00.709 70070 INFO tempest.lib.common.rest_client [req-b672a465-c9e8-4f02-8f4c-6247572aefa0 req-b672a465-c9e8-4f02-8f4c-6247572aefa0 ] Request (MigrationsAdminTest:test_resize_server_revert_deleted_flavor): 200 GET http://10.180.1.21/compute/v2.1/servers/abbd2490-51e6-4c89-865a-7ce4d096e72e 0.435s
2025-04-25 19:30:00.775 70060 INFO tempest.lib.common.rest_client [req-77f6abe8-e18f-453c-a3f0-a5836be57986 req-77f6abe8-e18f-453c-a3f0-a5836be57986 ] Request (ImagesTestJSON:test_create_image_from_suspended_server): 200 GET http://10.180.1.21/compute/v2.1/servers/1fccf1ff-d298-4dbe-b5cd-48ee5a6969cd 0.445s
2025-04-25 19:30:00.812 70030 INFO paramiko.transport [-] Connected (version 2.0, client dropbear_2020.81)
2025-04-25 19:30:00.813 70016 INFO tempest.lib.common.rest_client [req-fb445d73-1fcc-4a5c-afb4-cb45ba072dcc req-fb445d73-1fcc-4a5c-afb4-cb45ba072dcc ] Request (ImagesOneServerNegativeTestJSON:setUpClass): 200 GET http://10.180.1.21/compute/v2.1/servers/68f200f0-923a-40b8-97f6-81ee88818e71 0.486s
2025-04-25 19:30:00.838 70036 INFO tempest.lib.common.rest_client [req-cc6b7b2d-6ea9-41d8-86ab-7b58008f14f5 req-cc6b7b2d-6ea9-41d8-86ab-7b58008f14f5 ] Request (ListServerFiltersTestJSON:setUpClass): 200 GET http://10.180.1.21/compute/v2.1/servers/0baee1f7-d302-478a-a737-d2204fdbf87d 0.423s
2025-04-25 19:30:00.883 70030 INFO paramiko.transport [-] Authentication (publickey) successful!
2025-04-25 19:30:00.883 70030 INFO tempest.lib.common.ssh [-] ssh connection to cirros@10.180.180.196 successfully created
2025-04-25 19:30:00.887 70074 INFO tempest.lib.common.rest_client [req-b098c448-7730-40db-a1d4-d67fae21e520 req-b098c448-7730-40db-a1d4-d67fae21e520 ] Request (ServersTestFqdnHostnames:tearDownClass): 200 GET http://10.180.1.21/compute/v2.1/servers/c5cf678b-99a6-4322-adfc-172f3e4d55f7 0.395s
2025-04-25 19:30:00.914 70042 INFO tempest.lib.common.rest_client [req-e830173e-176f-4822-822a-4b547c12e6a2 req-e830173e-176f-4822-822a-4b547c12e6a2 ] Request (ServerAddressesTestJSON:tearDownClass): 200 GET http://10.180.1.21/compute/v2.1/servers/328594d8-fc29-4d5f-a04f-047d540f9d56 0.358s
2025-04-25 19:30:00.952 70024 INFO tempest.lib.common.rest_client [req-9fa6c144-0986-4ccd-90ec-9bc2a66b70f5 req-9fa6c144-0986-4ccd-90ec-9bc2a66b70f5 ] Request (ImagesNegativeTestJSON:test_create_image_from_deleted_server): 200 GET http://10.180.1.21/compute/v2.1/servers/090defd1-8b7c-42f3-a9f3-4cb1308b8261 0.335s
2025-04-25 19:30:00.976 70012 INFO tempest.lib.common.rest_client [req-50644f37-9eca-4dfb-a2ad-68bac0def34b req-50644f37-9eca-4dfb-a2ad-68bac0def34b ] Request (ServerMetadataNegativeTestJSON:setUpClass): 200 GET http://10.180.1.21/compute/v2.1/servers/e89f8758-2853-47a5-9158-3c0d3e88b121 0.292s
2025-04-25 19:30:01.116 70035 INFO tempest.lib.common.rest_client [req-287b110f-640e-4c91-8877-24b7bf966bc4 req-287b110f-640e-4c91-8877-24b7bf966bc4 ] Request (ServerRescueTestJSON:setUpClass): 200 GET http://10.180.1.21/compute/v2.1/servers/45443b55-ca14-472c-99a3-7b2d8e4bba76 0.423s
2025-04-25 19:30:01.128 70020 INFO tempest.lib.common.rest_client [req-ee6c624f-be66-4048-97b0-55df5be2260e req-ee6c624f-be66-4048-97b0-55df5be2260e ] Request (ServerDiskConfigTestJSON:test_rebuild_server_with_manual_disk_config): 200 GET http://10.180.1.21/compute/v2.1/servers/666f7702-319f-454a-83be-82bc20009a5e 0.309s
2025-04-25 19:30:01.188 70026 INFO tempest.lib.common.rest_client [req-cbb79bae-8f0c-4ca6-ab02-9ea1302e8da2 req-cbb79bae-8f0c-4ca6-ab02-9ea1302e8da2 ] Request (ServersTestManualDisk:tearDownClass): 200 PUT http://10.180.1.21:9696/networking/v2.0/routers/99c5395e-dac9-43c9-883c-59fc79f28855/remove_router_interface 0.649s
2025-04-25 19:30:01.190 70022 INFO tempest.lib.common.rest_client [req-ff42f35a-a5fc-48f0-82e7-d9091d8cf447 req-ff42f35a-a5fc-48f0-82e7-d9091d8cf447 ] Request (FloatingIPsAssociationTestJSON:test_associate_already_associated_floating_ip): 200 GET http://10.180.1.21/compute/v2.1/servers/6ae1e213-9754-452a-ba79-04910f983b7f 0.310s
2025-04-25 19:30:01.271 70018 INFO tempest.lib.common.rest_client [req-5ef28c68-ef24-430e-bb14-b88a7181405a req-5ef28c68-ef24-430e-bb14-b88a7181405a ] Request (ServersV294TestFqdnHostnames:setUpClass): 200 GET http://10.180.1.21/compute/v2.1/servers/66a7da51-9efb-40f0-88a6-52b205a15be8 0.363s
2025-04-25 19:30:01.276 70030 INFO tempest.lib.common.rest_client [req-4b20f13b-fe95-4a54-815e-38a9c5ad497a req-4b20f13b-fe95-4a54-815e-38a9c5ad497a ] Request (ServerActionsTestJSON:setUp): 200 GET http://10.180.1.21/compute/v2.1/servers/9a27fe9f-1ad7-4923-9107-0c51a43dc800 0.391s
2025-04-25 19:30:01.324 70038 INFO tempest.lib.common.rest_client [req-10536ebf-5609-4c35-b4c6-de2f60e769ec req-10536ebf-5609-4c35-b4c6-de2f60e769ec ] Request (ServerShowV247Test:test_update_rebuild_list_server): 200 GET http://10.180.1.21/compute/v2.1/servers/589c23ff-f8bc-478b-9fc6-b3a83c1988fe 0.349s
2025-04-25 19:30:01.346 70040 INFO tempest.lib.common.rest_client [req-c15ac1f7-8522-4305-b88f-57ab3870f749 req-c15ac1f7-8522-4305-b88f-57ab3870f749 ] Request (AttachInterfacesUnderV243Test:_run_cleanups): 200 GET http://10.180.1.21/compute/v2.1/servers/0f69937d-222e-4155-8ecf-5d5fb86d68b6 0.295s
2025-04-25 19:30:01.409 70032 INFO tempest.lib.common.rest_client [req-805fde42-11ae-4a02-b04f-67604283674f req-805fde42-11ae-4a02-b04f-67604283674f ] Request (AttachInterfacesTestJSON:test_create_list_show_delete_interfaces_by_fixed_ip): 200 GET http://10.180.1.21/compute/v2.1/servers/3a7606e7-37de-411d-a478-d800677c3d13/os-interface 0.356s
2025-04-25 19:30:01.426 70068 INFO tempest.lib.common.rest_client [req-767bd895-c787-4e70-90aa-a28d39e71073 req-767bd895-c787-4e70-90aa-a28d39e71073 ] Request (ServerGroupTestJSON:_run_cleanups): 200 GET http://10.180.1.21/compute/v2.1/servers/e228cfb3-e146-4148-bc18-b23080c2a06a 0.295s
2025-04-25 19:30:01.490 70062 INFO tempest.lib.common.rest_client [req-bddeac26-d33d-44f3-8b9e-1b3aa1f5afbe req-bddeac26-d33d-44f3-8b9e-1b3aa1f5afbe ] Request (ServersAdminNegativeTestJSON:tearDownClass): 200 GET http://10.180.1.21/compute/v2.1/servers/be1d2d89-cc25-465b-b8d6-905b2c838de6 0.352s
2025-04-25 19:30:01.526 70030 INFO tempest.lib.common.rest_client [req-787964c8-f6bc-4968-adb4-8c96af3b7b25 req-787964c8-f6bc-4968-adb4-8c96af3b7b25 ] Request (ServerActionsTestJSON:test_lock_unlock_server): 202 POST http://10.180.1.21/compute/v2.1/servers/9a27fe9f-1ad7-4923-9107-0c51a43dc800/action 0.237s
2025-04-25 19:30:01.654 70064 INFO tempest.lib.common.rest_client [req-304b9bd6-8286-487e-a743-880b9a4644ff req-304b9bd6-8286-487e-a743-880b9a4644ff ] Request (SecurityGroupsTestJSON:test_server_security_groups): 200 GET http://10.180.1.21/compute/v2.1/servers/1baf08c6-9f09-463b-abe4-9fc3ffc9bd38 0.151s
2025-04-25 19:30:01.664 70064 INFO tempest.common.waiters [-] State transition "HARD_REBOOT/reboot_pending_hard" ==> "HARD_REBOOT/reboot_started_hard" after 4 second wait
2025-04-25 19:30:01.698 70028 INFO tempest.lib.common.rest_client [req-81739de2-c6a2-4807-9c79-a60db758e244 req-81739de2-c6a2-4807-9c79-a60db758e244 ] Request (ServerActionsTestOtherA:test_rebuild_server_in_stop_state): 200 GET http://10.180.1.21/compute/v2.1/servers/0c8ded47-c27f-4f0a-ac26-12d385127ec2 0.235s
2025-04-25 19:30:01.705 70028 INFO tempest.common.waiters [-] State transition "BUILD/spawning" ==> "ACTIVE/None" after 79 second wait
2025-04-25 19:30:01.711 70050 INFO tempest.lib.common.rest_client [req-eeb61f30-b3be-4f30-861d-b980588b59e2 req-eeb61f30-b3be-4f30-861d-b980588b59e2 ] Request (ListImageFiltersTestJSON:setUpClass): 200 GET http://10.180.1.21/compute/v2.1/servers/81b83080-599c-4426-807f-1faa83db2c35 0.190s
2025-04-25 19:30:01.773 70014 INFO tempest.lib.common.rest_client [req-6bbefc06-16a4-4920-ab37-13f014f26145 req-6bbefc06-16a4-4920-ab37-13f014f26145 ] Request (ServersNegativeTestJSON:setUpClass): 200 GET http://10.180.1.21/compute/v2.1/servers/c2a6a3aa-1987-4ffe-a7b4-5d6802112141 0.216s
2025-04-25 19:30:01.815 70030 INFO tempest.lib.common.rest_client [req-7d11939b-c509-4f24-9561-64cda9f727ed req-7d11939b-c509-4f24-9561-64cda9f727ed ] Request (ServerActionsTestJSON:test_lock_unlock_server): 200 GET http://10.180.1.21/compute/v2.1/servers/9a27fe9f-1ad7-4923-9107-0c51a43dc800 0.289s
2025-04-25 19:30:01.818 70026 INFO tempest.lib.common.rest_client [req-36166318-b376-45ca-bc50-67067552e69b req-36166318-b376-45ca-bc50-67067552e69b ] Request (ServersTestManualDisk:tearDownClass): 204 DELETE http://10.180.1.21:9696/networking/v2.0/routers/99c5395e-dac9-43c9-883c-59fc79f28855 0.629s
2025-04-25 19:30:01.838 70056 INFO tempest.lib.common.rest_client [req-e67060f5-1b43-41dc-8d33-bce2e20b9330 req-e67060f5-1b43-41dc-8d33-bce2e20b9330 ] Request (DeleteServersAdminTestJSON:test_delete_server_while_in_error_state): 200 GET http://10.180.1.21/compute/v2.1/servers/d4b37d65-3847-4913-aa50-d6b93378a4e0 0.244s
2025-04-25 19:30:01.909 70054 INFO tempest.lib.common.rest_client [req-9c771e81-e966-4fc3-8b55-64494ba2994a req-9c771e81-e966-4fc3-8b55-64494ba2994a ] Request (ServersListShow298Test:test_list_show_update_rebuild_server_298): 200 GET http://10.180.1.21/compute/v2.1/servers/67bbc2f0-bcac-401e-b6b4-4daf1db04b50 0.224s
2025-04-25 19:30:01.923 70026 INFO tempest.lib.common.rest_client [req-ecf0c84c-63ee-4531-a61f-74f4d9c6ce6a req-ecf0c84c-63ee-4531-a61f-74f4d9c6ce6a ] Request (ServersTestManualDisk:tearDownClass): 204 DELETE http://10.180.1.21:9696/networking/v2.0/subnets/8f4878bc-7b9a-4efd-9792-afdc79e42f59 0.104s
2025-04-25 19:30:01.930 70058 INFO tempest.lib.common.rest_client [req-63a2d4c0-dcfc-478f-96b7-ff2ea52c9e63 req-63a2d4c0-dcfc-478f-96b7-ff2ea52c9e63 ] Request (ServerActionsTestOtherB:test_resize_server_confirm_from_stopped): 200 GET http://10.180.1.21/compute/v2.1/servers/04800cfa-2e24-43bc-9198-0a0f41151dc0 0.260s
2025-04-25 19:30:01.992 70070 INFO tempest.lib.common.rest_client [req-522ceba7-5bf2-4c34-9800-99a7549fb7bf req-522ceba7-5bf2-4c34-9800-99a7549fb7bf ] Request (MigrationsAdminTest:test_resize_server_revert_deleted_flavor): 200 GET http://10.180.1.21/compute/v2.1/servers/abbd2490-51e6-4c89-865a-7ce4d096e72e 0.274s
2025-04-25 19:30:02.010 70028 INFO tempest.lib.common.rest_client [req-6a17abe4-ef68-4f38-897c-0a24ddbf760d req-6a17abe4-ef68-4f38-897c-0a24ddbf760d ] Request (ServerActionsTestOtherA:test_rebuild_server_in_stop_state): 200 GET http://10.180.1.21/compute/v2.1/servers/0c8ded47-c27f-4f0a-ac26-12d385127ec2 0.305s
2025-04-25 19:30:02.041 70060 INFO tempest.lib.common.rest_client [req-2f004a60-b9c5-4626-a2c5-cd2dc1897985 req-2f004a60-b9c5-4626-a2c5-cd2dc1897985 ] Request (ImagesTestJSON:test_create_image_from_suspended_server): 200 GET http://10.180.1.21/compute/v2.1/servers/1fccf1ff-d298-4dbe-b5cd-48ee5a6969cd 0.254s
2025-04-25 19:30:02.086 70030 INFO tempest.lib.common.rest_client [req-f29eb6ac-7dd7-4034-af46-d24072545fea req-f29eb6ac-7dd7-4034-af46-d24072545fea ] Request (ServerActionsTestJSON:test_lock_unlock_server): 409 POST http://10.180.1.21/compute/v2.1/servers/9a27fe9f-1ad7-4923-9107-0c51a43dc800/action 0.258s
2025-04-25 19:30:02.123 70016 INFO tempest.lib.common.rest_client [req-c47ed6c4-d687-4279-a976-8dd5d4da5565 req-c47ed6c4-d687-4279-a976-8dd5d4da5565 ] Request (ImagesOneServerNegativeTestJSON:setUpClass): 200 GET http://10.180.1.21/compute/v2.1/servers/68f200f0-923a-40b8-97f6-81ee88818e71 0.290s
2025-04-25 19:30:02.167 70036 INFO tempest.lib.common.rest_client [req-11766634-6acb-4af3-bc71-377d7e100156 req-11766634-6acb-4af3-bc71-377d7e100156 ] Request (ListServerFiltersTestJSON:setUpClass): 200 GET http://10.180.1.21/compute/v2.1/servers/0baee1f7-d302-478a-a737-d2204fdbf87d 0.316s
2025-04-25 19:30:02.205 70026 INFO tempest.lib.common.rest_client [req-82881b53-889d-4df0-adb3-278a39e1da62 req-82881b53-889d-4df0-adb3-278a39e1da62 ] Request (ServersTestManualDisk:tearDownClass): 204 DELETE http://10.180.1.21:9696/networking/v2.0/networks/a7e7112a-77e4-47a0-b228-413067a2b4bd 0.282s
2025-04-25 19:30:02.217 70074 INFO tempest.lib.common.rest_client [req-9cc0fdd9-eac2-4fd5-8506-0853753c8f28 req-9cc0fdd9-eac2-4fd5-8506-0853753c8f28 ] Request (ServersTestFqdnHostnames:tearDownClass): 200 GET http://10.180.1.21/compute/v2.1/servers/c5cf678b-99a6-4322-adfc-172f3e4d55f7 0.319s
2025-04-25 19:30:02.235 70042 INFO tempest.lib.common.rest_client [req-2fca8839-577a-43ae-aa57-b521b8ac16f7 req-2fca8839-577a-43ae-aa57-b521b8ac16f7 ] Request (ServerAddressesTestJSON:tearDownClass): 200 GET http://10.180.1.21/compute/v2.1/servers/328594d8-fc29-4d5f-a04f-047d540f9d56 0.312s
2025-04-25 19:30:02.291 70024 INFO tempest.lib.common.rest_client [req-74319be9-e9fe-42df-af89-4b50d43b9926 req-74319be9-e9fe-42df-af89-4b50d43b9926 ] Request (ImagesNegativeTestJSON:test_create_image_from_deleted_server): 200 GET http://10.180.1.21/compute/v2.1/servers/090defd1-8b7c-42f3-a9f3-4cb1308b8261 0.330s
2025-04-25 19:30:02.299 70024 INFO tempest.common.waiters [-] State transition "ACTIVE/deleting" ==> "DELETED/None" after 4 second wait
2025-04-25 19:30:02.300 70012 INFO tempest.lib.common.rest_client [req-1ada51b2-7567-4329-9dd8-3e4ab184a700 req-1ada51b2-7567-4329-9dd8-3e4ab184a700 ] Request (ServerMetadataNegativeTestJSON:setUpClass): 200 GET http://10.180.1.21/compute/v2.1/servers/e89f8758-2853-47a5-9158-3c0d3e88b121 0.302s
2025-04-25 19:30:02.365 70028 INFO tempest.lib.common.rest_client [req-0b34da4f-f9aa-42eb-972e-2b65ba571290 req-0b34da4f-f9aa-42eb-972e-2b65ba571290 ] Request (ServerActionsTestOtherA:test_rebuild_server_in_stop_state): 202 POST http://10.180.1.21/compute/v2.1/servers/0c8ded47-c27f-4f0a-ac26-12d385127ec2/action 0.347s
2025-04-25 19:30:02.374 70026 INFO tempest.lib.common.rest_client [req-82d38bc1-428b-4def-8349-62abb9fea0b2 req-82d38bc1-428b-4def-8349-62abb9fea0b2 ] Request (ServersTestManualDisk:tearDownClass): 204 DELETE http://10.180.1.21/identity/v3/users/10f541c39043432b94667a9bcf88df41 0.168s
2025-04-25 19:30:02.374 70026 INFO tempest.lib.common.dynamic_creds [-] Deleting project and security group for project: c666ad0cb01849e5bbc647723073b0ad
2025-04-25 19:30:02.384 70030 INFO tempest.lib.common.rest_client [req-db344bd0-c72e-496e-a32b-bcd67ab02e65 req-db344bd0-c72e-496e-a32b-bcd67ab02e65 ] Request (ServerActionsTestJSON:test_lock_unlock_server): 202 POST http://10.180.1.21/compute/v2.1/servers/9a27fe9f-1ad7-4923-9107-0c51a43dc800/action 0.298s
2025-04-25 19:30:02.410 70026 INFO tempest.lib.common.rest_client [req-5a6ca7e7-e9d7-47b1-9c8e-ef71c04c9987 req-5a6ca7e7-e9d7-47b1-9c8e-ef71c04c9987 ] Request (ServersTestManualDisk:tearDownClass): 200 GET http://10.180.1.21:9696/networking/v2.0/security-groups?tenant_id=c666ad0cb01849e5bbc647723073b0ad&name=default 0.035s
2025-04-25 19:30:02.493 70026 INFO tempest.lib.common.rest_client [req-08846f01-4e39-4b97-8e33-66833a187538 req-08846f01-4e39-4b97-8e33-66833a187538 ] Request (ServersTestManualDisk:tearDownClass): 204 DELETE http://10.180.1.21:9696/networking/v2.0/security-groups/1ef7cb65-e230-4645-aea5-80a2ae7ea543 0.082s
2025-04-25 19:30:02.548 70035 INFO tempest.lib.common.rest_client [req-1dd2ca76-8703-41aa-8597-6adb5ba960d2 req-1dd2ca76-8703-41aa-8597-6adb5ba960d2 ] Request (ServerRescueTestJSON:setUpClass): 200 GET http://10.180.1.21/compute/v2.1/servers/45443b55-ca14-472c-99a3-7b2d8e4bba76 0.415s
2025-04-25 19:30:02.549 70020 INFO tempest.lib.common.rest_client [req-e54bedf4-25a4-4761-9da4-25b6e777b0c2 req-e54bedf4-25a4-4761-9da4-25b6e777b0c2 ] Request (ServerDiskConfigTestJSON:test_rebuild_server_with_manual_disk_config): 200 GET http://10.180.1.21/compute/v2.1/servers/666f7702-319f-454a-83be-82bc20009a5e 0.406s
2025-04-25 19:30:02.597 70026 INFO tempest.lib.common.rest_client [req-cba467ea-e5ba-472c-9c95-53dfda73b5b8 req-cba467ea-e5ba-472c-9c95-53dfda73b5b8 ] Request (ServersTestManualDisk:tearDownClass): 204 DELETE http://10.180.1.21/identity/v3/projects/c666ad0cb01849e5bbc647723073b0ad 0.103s
2025-04-25 19:30:02.614 70022 INFO tempest.lib.common.rest_client [req-df8d73cf-c021-4379-b911-9222ffc9c9e6 req-df8d73cf-c021-4379-b911-9222ffc9c9e6 ] Request (FloatingIPsAssociationTestJSON:test_associate_already_associated_floating_ip): 200 GET http://10.180.1.21/compute/v2.1/servers/6ae1e213-9754-452a-ba79-04910f983b7f 0.413s
