2025-04-25 19:28:50.735 70022 INFO tempest.lib.common.rest_client [req-2bba82ca-1db3-4c4e-8733-afaff0246250 req-2bba82ca-1db3-4c4e-8733-afaff0246250 ] Request (FloatingIPsAssociationTestJSON:setUpClass): 200 GET http://10.180.1.21/compute/v2.1/servers/a360387a-e02f-41c5-9b10-c67fb03433f8 0.289s
2025-04-25 19:28:50.772 70044 INFO tempest.lib.common.rest_client [req-6affcd1c-ef2e-40fe-b0e4-63ed3a6cb862 req-6affcd1c-ef2e-40fe-b0e4-63ed3a6cb862 ] Request (ServerMetadataTestJSON:setUpClass): 200 GET http://10.180.1.21/compute/v2.1/servers/4ce1e0c3-ce34-4acf-9a72-64c832056360 0.270s
2025-04-25 19:28:50.801 70014 INFO tempest.lib.common.rest_client [req-d656b14c-6524-45ae-b70e-3628ab0a5904 req-d656b14c-6524-45ae-b70e-3628ab0a5904 ] Request (ServersAdmin275Test:tearDownClass): 200 GET http://10.180.1.21/compute/v2.1/servers/6ca2c9f7-36f1-4856-bbba-ef6f948ca7ce 0.267s
2025-04-25 19:28:50.849 70018 INFO tempest.lib.common.rest_client [req-965e2314-92b3-4c1e-ae36-b1d41a71ee2b req-965e2314-92b3-4c1e-ae36-b1d41a71ee2b ] Request (FloatingIPsAssociationNegativeTestJSON:tearDownClass): 200 GET http://10.180.1.21/compute/v2.1/servers/71b3d5d1-3110-478f-baf1-d77c2c85ac19 0.283s
2025-04-25 19:28:50.915 70028 INFO tempest.lib.common.rest_client [req-987ea11e-599e-4113-90dc-7a8c5c705324 req-987ea11e-599e-4113-90dc-7a8c5c705324 ] Request (ServerActionsTestOtherA:test_rebuild_server_in_stop_state): 200 GET http://10.180.1.21/compute/v2.1/servers/0c8ded47-c27f-4f0a-ac26-12d385127ec2 0.280s
2025-04-25 19:28:50.975 70064 INFO tempest.lib.common.rest_client [req-1e309480-3f2d-4d58-8c6d-c7c22d312397 req-1e309480-3f2d-4d58-8c6d-c7c22d312397 ] Request (SecurityGroupsTestJSON:test_server_security_groups): 200 GET http://10.180.1.21/compute/v2.1/servers/1baf08c6-9f09-463b-abe4-9fc3ffc9bd38 0.283s
2025-04-25 19:28:50.996 70036 INFO tempest.lib.common.rest_client [req-ea406443-6891-4e53-83cd-bf57ac7bb7fc req-ea406443-6891-4e53-83cd-bf57ac7bb7fc ] Request (SecurityGroupRulesNegativeTestJSON:_run_cleanups): 202 DELETE http://10.180.1.21/compute/v2.1/os-security-group-rules/240bb825-0b83-426f-bdb0-27f85ddf3523 0.426s
2025-04-25 19:28:51.056 70042 INFO tempest.lib.common.rest_client [req-a666cf68-2afb-424b-b5c6-43b8599f660e req-a666cf68-2afb-424b-b5c6-43b8599f660e ] Request (ServerAddressesTestJSON:setUpClass): 200 GET http://10.180.1.21/compute/v2.1/servers/328594d8-fc29-4d5f-a04f-047d540f9d56 0.271s
2025-04-25 19:28:51.086 70070 INFO tempest.lib.common.rest_client [req-ca76cc88-cabe-4e2e-94a7-084c7daf6d4d req-ca76cc88-cabe-4e2e-94a7-084c7daf6d4d ] Request (MigrationsAdminTest:test_list_migrations_in_flavor_resize_situation): 200 GET http://10.180.1.21/compute/v2.1/servers/2ec4bbba-9dbd-4978-91e7-c2d0620c9857 0.365s
2025-04-25 19:28:51.098 70070 INFO tempest.common.waiters [-] State transition "RESIZE/resize_migrated" ==> "RESIZE/resize_finish" after 40 second wait
2025-04-25 19:28:51.102 70062 INFO tempest.lib.common.rest_client [req-e9db8fc1-73d0-4824-88ca-b2080c3d601c req-e9db8fc1-73d0-4824-88ca-b2080c3d601c ] Request (ServersAdminNegativeTestJSON:test_migrate_server_invalid_state): 200 GET http://10.180.1.21/compute/v2.1/servers/be1d2d89-cc25-465b-b8d6-905b2c838de6 0.312s
2025-04-25 19:28:51.144 70016 INFO tempest.lib.common.rest_client [req-39ec0036-0e9d-4d64-b8e1-41407411c59b req-39ec0036-0e9d-4d64-b8e1-41407411c59b ] Request (ImagesOneServerNegativeTestJSON:setUpClass): 200 GET http://10.180.1.21/compute/v2.1/servers/68f200f0-923a-40b8-97f6-81ee88818e71 0.292s
2025-04-25 19:28:51.150 70060 INFO tempest.lib.common.rest_client [req-3337ab3c-f420-4899-a922-c0d25b0607fc req-3337ab3c-f420-4899-a922-c0d25b0607fc ] Request (ImagesTestJSON:test_create_image_from_stopped_server): 200 GET http://10.180.1.21/compute/v2.1/servers/b43eab86-a3b9-4f1b-b074-dc65bca9d10f 0.294s
2025-04-25 19:28:51.200 70046 INFO tempest.lib.common.rest_client [req-381267df-ffe0-4475-a598-69bece450102 req-381267df-ffe0-4475-a598-69bece450102 ] Request (VolumesAdminNegativeTest:test_update_attached_volume_with_nonexistent_volume_in_body): 200 GET http://10.180.1.21/compute/v2.1/servers/3be3e0be-3e3c-43dd-8e6e-c1add19412c4 0.272s
2025-04-25 19:28:51.207 70038 INFO tempest.lib.common.rest_client [req-51ce17cf-aa72-4ad3-a52c-89d4939000b0 req-51ce17cf-aa72-4ad3-a52c-89d4939000b0 ] Request (TenantUsagesTestJSON:tearDownClass): 200 GET http://10.180.1.21/compute/v2.1/servers/d377096a-422a-4b72-88db-08bf0b8f8fa7 0.281s
2025-04-25 19:28:51.315 70074 INFO tempest.lib.common.rest_client [req-72d42ac9-d357-4ad0-a77f-79aafae67b6f req-72d42ac9-d357-4ad0-a77f-79aafae67b6f ] Request (ServersTestFqdnHostnames:test_create_server_with_fqdn_name): 200 GET http://10.180.1.21/compute/v2.1/servers/c5cf678b-99a6-4322-adfc-172f3e4d55f7 0.211s
2025-04-25 19:28:51.325 70074 INFO tempest.common.waiters [-] State transition "BUILD/block_device_mapping" ==> "BUILD/spawning" after 41 second wait
2025-04-25 19:28:51.337 70036 INFO tempest.lib.common.rest_client [req-d5017cc6-8e59-4294-bd82-4204458df651 req-d5017cc6-8e59-4294-bd82-4204458df651 ] Request (SecurityGroupRulesNegativeTestJSON:test_create_security_group_rule_with_invalid_from_port): 200 POST http://10.180.1.21/compute/v2.1/os-security-groups 0.339s
2025-04-25 19:28:51.367 70068 INFO tempest.lib.common.rest_client [req-173e09ed-4649-4a3a-95b8-eb8658ac8156 req-173e09ed-4649-4a3a-95b8-eb8658ac8156 ] Request (ServerGroupTestJSON:test_create_server_with_scheduler_hint_group): 200 GET http://10.180.1.21/compute/v2.1/servers/e228cfb3-e146-4148-bc18-b23080c2a06a 0.187s
2025-04-25 19:28:51.395 70020 INFO tempest.lib.common.rest_client [req-c0d04e2a-038e-43ff-80cc-22d5feaeacb1 req-c0d04e2a-038e-43ff-80cc-22d5feaeacb1 ] Request (ServerDiskConfigTestJSON:test_rebuild_server_with_manual_disk_config): 200 GET http://10.180.1.21/compute/v2.1/servers/666f7702-319f-454a-83be-82bc20009a5e 0.139s
2025-04-25 19:28:51.446 70036 INFO tempest.lib.common.rest_client [req-05353732-8c4d-49af-b450-5fb0d4342e02 req-05353732-8c4d-49af-b450-5fb0d4342e02 ] Request (SecurityGroupRulesNegativeTestJSON:test_create_security_group_rule_with_invalid_from_port): 400 POST http://10.180.1.21/compute/v2.1/os-security-group-rules 0.105s
2025-04-25 19:28:51.448 70066 INFO tempest.lib.common.rest_client [req-85188414-8b1c-4aec-86c4-8af1b31a4b0d req-85188414-8b1c-4aec-86c4-8af1b31a4b0d ] Request (ServersAaction247Test:tearDownClass): 200 GET http://10.180.1.21/compute/v2.1/servers/b0de3cdc-649d-4496-990a-463387e092da 0.127s
2025-04-25 19:28:51.519 70035 INFO tempest.lib.common.rest_client [req-51c6ed2d-efb6-4d10-8d4e-7e4aecd3a3db req-51c6ed2d-efb6-4d10-8d4e-7e4aecd3a3db ] Request (ServerRescueTestJSON:setUpClass): 200 GET http://10.180.1.21/compute/v2.1/servers/45443b55-ca14-472c-99a3-7b2d8e4bba76 0.147s
2025-04-25 19:28:51.575 70030 INFO tempest.lib.common.rest_client [req-71899bb7-7ef6-4dcb-816a-16f8546066e9 req-71899bb7-7ef6-4dcb-816a-16f8546066e9 ] Request (ServerActionsTestJSON:setUpClass): 200 GET http://10.180.1.21/compute/v2.1/servers/9a27fe9f-1ad7-4923-9107-0c51a43dc800 0.158s
2025-04-25 19:28:51.595 70040 INFO tempest.lib.common.rest_client [req-f5830a32-f89e-4ea0-93a3-bb347427a9b4 req-f5830a32-f89e-4ea0-93a3-bb347427a9b4 ] Request (AttachInterfacesUnderV243Test:test_add_remove_fixed_ip): 200 GET http://10.180.1.21/compute/v2.1/servers/0f69937d-222e-4155-8ecf-5d5fb86d68b6 0.246s
2025-04-25 19:28:51.600 70036 INFO tempest.lib.common.rest_client [req-a95b852c-8a85-41ed-b285-313117c03f3e req-a95b852c-8a85-41ed-b285-313117c03f3e ] Request (SecurityGroupRulesNegativeTestJSON:test_create_security_group_rule_with_invalid_id): 400 POST http://10.180.1.21/compute/v2.1/os-security-group-rules 0.152s
2025-04-25 19:28:51.632 70050 INFO tempest.lib.common.rest_client [req-9d975a01-b4e2-4eb9-a1fd-170549e6c421 req-9d975a01-b4e2-4eb9-a1fd-170549e6c421 ] Request (ServerDiagnosticsTest:tearDownClass): 200 GET http://10.180.1.21/compute/v2.1/servers/ace797e6-97fb-49f0-a35e-9259de311409 0.191s
2025-04-25 19:28:51.656 70054 INFO tempest.lib.common.rest_client [req-aaa01553-5bf7-47c6-9586-f7430c8897ac req-aaa01553-5bf7-47c6-9586-f7430c8897ac ] Request (ServerTagsTestJSON:tearDownClass): 200 GET http://10.180.1.21/compute/v2.1/servers/44011071-a81a-4f24-9e27-9e7eed5a323c 0.140s
2025-04-25 19:28:51.691 70058 WARNING tempest.lib.common.ssh [-] Failed to establish authenticated ssh connection to cirros@10.180.180.147 ([Errno None] Unable to connect to port 22 on 10.180.180.147). Number attempts: 6. Retry after 7 seconds.: paramiko.ssh_exception.NoValidConnectionsError: [Errno None] Unable to connect to port 22 on 10.180.180.147
2025-04-25 19:28:51.770 70026 INFO tempest.lib.common.rest_client [req-2aaaca9b-4547-419d-8d45-fef9090cf191 req-2aaaca9b-4547-419d-8d45-fef9090cf191 ] Request (ServersTestManualDisk:setUpClass): 200 GET http://10.180.1.21/compute/v2.1/servers/80fc2079-55e2-4bb4-949f-c74422f9eeef 0.181s
2025-04-25 19:28:51.777 70026 INFO tempest.common.waiters [-] State transition "BUILD/spawning" ==> "ACTIVE/None" after 44 second wait
2025-04-25 19:28:51.828 70056 INFO tempest.lib.common.rest_client [req-873d038a-b12a-46f9-9335-17e4e27bc555 req-873d038a-b12a-46f9-9335-17e4e27bc555 ] Request (DeleteServersAdminTestJSON:test_delete_server_while_in_error_state): 200 GET http://10.180.1.21/compute/v2.1/servers/d4b37d65-3847-4913-aa50-d6b93378a4e0 0.175s
2025-04-25 19:28:51.857 70036 INFO tempest.lib.common.rest_client [req-6fb2d478-d0e4-4c47-b07c-7f2c6204b17a req-6fb2d478-d0e4-4c47-b07c-7f2c6204b17a ] Request (SecurityGroupRulesNegativeTestJSON:test_create_security_group_rule_with_invalid_ip_protocol): 200 POST http://10.180.1.21/compute/v2.1/os-security-groups 0.256s
2025-04-25 19:28:51.911 70012 INFO tempest.lib.common.rest_client [req-e21f7e12-01e7-459e-88bf-ee82a58edee4 req-e21f7e12-01e7-459e-88bf-ee82a58edee4 ] Request (InstanceActionsNegativeTestJSON:tearDownClass): 200 GET http://10.180.1.21/compute/v2.1/servers/58f4e063-6abe-46ee-9a30-ee3cd7cd70d5 0.251s
2025-04-25 19:28:51.935 70024 INFO tempest.lib.common.rest_client [req-11096d7b-ed09-4371-9017-9af14adfa2d9 req-11096d7b-ed09-4371-9017-9af14adfa2d9 ] Request (ImagesNegativeTestJSON:test_create_image_from_deleted_server): 200 GET http://10.180.1.21/compute/v2.1/servers/090defd1-8b7c-42f3-a9f3-4cb1308b8261 0.214s
2025-04-25 19:28:51.965 70022 INFO tempest.lib.common.rest_client [req-c11e463c-d950-47aa-99d4-affd8410583e req-c11e463c-d950-47aa-99d4-affd8410583e ] Request (FloatingIPsAssociationTestJSON:setUpClass): 200 GET http://10.180.1.21/compute/v2.1/servers/a360387a-e02f-41c5-9b10-c67fb03433f8 0.218s
2025-04-25 19:28:52.002 70026 INFO tempest.lib.common.rest_client [req-52a80abd-e821-4d50-ab9a-36afcda6ae9e req-52a80abd-e821-4d50-ab9a-36afcda6ae9e ] Request (ServersTestManualDisk:setUpClass): 200 GET http://10.180.1.21/compute/v2.1/servers/80fc2079-55e2-4bb4-949f-c74422f9eeef/os-interface 0.223s
2025-04-25 19:28:52.030 70044 INFO tempest.lib.common.rest_client [req-b48aeba0-618d-4edc-a800-4b54de19d2e6 req-b48aeba0-618d-4edc-a800-4b54de19d2e6 ] Request (ServerMetadataTestJSON:setUpClass): 200 GET http://10.180.1.21/compute/v2.1/servers/4ce1e0c3-ce34-4acf-9a72-64c832056360 0.250s
2025-04-25 19:28:52.038 70044 INFO tempest.common.waiters [-] State transition "BUILD/None" ==> "BUILD/networking" after 40 second wait
2025-04-25 19:28:52.089 70014 INFO tempest.lib.common.rest_client [req-4b12074b-7787-4857-97b0-aa36301419f4 req-4b12074b-7787-4857-97b0-aa36301419f4 ] Request (ServersAdmin275Test:tearDownClass): 200 GET http://10.180.1.21/compute/v2.1/servers/6ca2c9f7-36f1-4856-bbba-ef6f948ca7ce 0.277s
2025-04-25 19:28:52.099 70018 INFO tempest.lib.common.rest_client [req-f75b795b-7dcd-4833-9f6f-0a8f0ad6aa93 req-f75b795b-7dcd-4833-9f6f-0a8f0ad6aa93 ] Request (FloatingIPsAssociationNegativeTestJSON:tearDownClass): 200 GET http://10.180.1.21/compute/v2.1/servers/71b3d5d1-3110-478f-baf1-d77c2c85ac19 0.238s
2025-04-25 19:28:52.127 70036 INFO tempest.lib.common.rest_client [req-97e05984-bacb-4a1a-a534-e9141ad4f91a req-97e05984-bacb-4a1a-a534-e9141ad4f91a ] Request (SecurityGroupRulesNegativeTestJSON:test_create_security_group_rule_with_invalid_ip_protocol): 400 POST http://10.180.1.21/compute/v2.1/os-security-group-rules 0.263s
2025-04-25 19:28:52.150 70028 INFO tempest.lib.common.rest_client [req-6b0006e7-1483-455f-a7d8-6089dc1068b5 req-6b0006e7-1483-455f-a7d8-6089dc1068b5 ] Request (ServerActionsTestOtherA:test_rebuild_server_in_stop_state): 200 GET http://10.180.1.21/compute/v2.1/servers/0c8ded47-c27f-4f0a-ac26-12d385127ec2 0.225s
2025-04-25 19:28:52.181 70064 INFO tempest.lib.common.rest_client [req-919f4558-2785-4190-b777-d3c078b1ac32 req-919f4558-2785-4190-b777-d3c078b1ac32 ] Request (SecurityGroupsTestJSON:test_server_security_groups): 200 GET http://10.180.1.21/compute/v2.1/servers/1baf08c6-9f09-463b-abe4-9fc3ffc9bd38 0.198s
2025-04-25 19:28:52.195 70042 INFO tempest.lib.common.rest_client [req-8ca01844-8836-47e6-bd27-5830aa2b0d98 req-8ca01844-8836-47e6-bd27-5830aa2b0d98 ] Request (ServerAddressesTestJSON:setUpClass): 200 GET http://10.180.1.21/compute/v2.1/servers/328594d8-fc29-4d5f-a04f-047d540f9d56 0.129s
2025-04-25 19:28:52.251 70062 INFO tempest.lib.common.rest_client [req-6ff60ec7-1a8c-41ec-b79a-4c6ee15778d9 req-6ff60ec7-1a8c-41ec-b79a-4c6ee15778d9 ] Request (ServersAdminNegativeTestJSON:test_migrate_server_invalid_state): 200 GET http://10.180.1.21/compute/v2.1/servers/be1d2d89-cc25-465b-b8d6-905b2c838de6 0.142s
2025-04-25 19:28:52.320 70070 INFO tempest.lib.common.rest_client [req-1f6c565a-4f93-47e9-81df-2d1ec229441c req-1f6c565a-4f93-47e9-81df-2d1ec229441c ] Request (MigrationsAdminTest:test_list_migrations_in_flavor_resize_situation): 200 GET http://10.180.1.21/compute/v2.1/servers/2ec4bbba-9dbd-4978-91e7-c2d0620c9857 0.221s
2025-04-25 19:28:52.380 70016 INFO tempest.lib.common.rest_client [req-572b3d06-7aa7-4b9e-99f5-bdeb935d6410 req-572b3d06-7aa7-4b9e-99f5-bdeb935d6410 ] Request (ImagesOneServerNegativeTestJSON:setUpClass): 200 GET http://10.180.1.21/compute/v2.1/servers/68f200f0-923a-40b8-97f6-81ee88818e71 0.226s
2025-04-25 19:28:52.451 70060 INFO tempest.lib.common.rest_client [req-07668939-a286-4da9-b826-4d473d483e27 req-07668939-a286-4da9-b826-4d473d483e27 ] Request (ImagesTestJSON:test_create_image_from_stopped_server): 200 GET http://10.180.1.21/compute/v2.1/servers/b43eab86-a3b9-4f1b-b074-dc65bca9d10f 0.292s
2025-04-25 19:28:52.456 70026 INFO tempest.lib.common.rest_client [req-1788c938-d2d4-4bb6-9c73-c6906219b469 req-1788c938-d2d4-4bb6-9c73-c6906219b469 ] Request (ServersTestManualDisk:setUpClass): 200 PUT http://10.180.1.21:9696/networking/v2.0/floatingips/1c7cf28d-edf5-482a-8600-05b939cb983e 0.452s
2025-04-25 19:28:52.467 70036 INFO tempest.lib.common.rest_client [req-c45e33cc-bc44-4c87-95d5-3a5de6480962 req-c45e33cc-bc44-4c87-95d5-3a5de6480962 ] Request (SecurityGroupRulesNegativeTestJSON:test_create_security_group_rule_with_invalid_port_range): 200 POST http://10.180.1.21/compute/v2.1/os-security-groups 0.338s
2025-04-25 19:28:52.518 70046 INFO tempest.lib.common.rest_client [req-aa4fb99f-fa93-40fd-9da2-031658eed4b0 req-aa4fb99f-fa93-40fd-9da2-031658eed4b0 ] Request (VolumesAdminNegativeTest:test_update_attached_volume_with_nonexistent_volume_in_body): 200 GET http://10.180.1.21/compute/v2.1/servers/3be3e0be-3e3c-43dd-8e6e-c1add19412c4 0.311s
2025-04-25 19:28:52.537 70038 INFO tempest.lib.common.rest_client [req-78b8b9a4-50d8-44d5-b610-703a91325c65 req-78b8b9a4-50d8-44d5-b610-703a91325c65 ] Request (TenantUsagesTestJSON:tearDownClass): 200 GET http://10.180.1.21/compute/v2.1/servers/d377096a-422a-4b72-88db-08bf0b8f8fa7 0.322s
2025-04-25 19:28:52.625 70068 INFO tempest.lib.common.rest_client [req-0e1c0d66-bbe0-4f39-82b5-a72da77425bc req-0e1c0d66-bbe0-4f39-82b5-a72da77425bc ] Request (ServerGroupTestJSON:test_create_server_with_scheduler_hint_group): 200 GET http://10.180.1.21/compute/v2.1/servers/e228cfb3-e146-4148-bc18-b23080c2a06a 0.248s
2025-04-25 19:28:52.634 70068 INFO tempest.common.waiters [-] State transition "BUILD/scheduling" ==> "BUILD/None" after 20 second wait
2025-04-25 19:28:52.917 70020 INFO tempest.lib.common.rest_client [req-f879acdf-cd91-48a8-99df-a93a07383be8 req-f879acdf-cd91-48a8-99df-a93a07383be8 ] Request (ServerDiskConfigTestJSON:test_rebuild_server_with_manual_disk_config): 200 GET http://10.180.1.21/compute/v2.1/servers/666f7702-319f-454a-83be-82bc20009a5e 0.512s
2025-04-25 19:28:52.962 70074 INFO tempest.lib.common.rest_client [req-6188587a-937e-4b3d-962e-36f15fcc0b6f req-6188587a-937e-4b3d-962e-36f15fcc0b6f ] Request (ServersTestFqdnHostnames:test_create_server_with_fqdn_name): 200 GET http://10.180.1.21/compute/v2.1/servers/c5cf678b-99a6-4322-adfc-172f3e4d55f7 0.635s
2025-04-25 19:28:53.068 70066 INFO tempest.lib.common.rest_client [req-171f1d64-a89d-4c8f-b739-8e2da5c512a0 req-171f1d64-a89d-4c8f-b739-8e2da5c512a0 ] Request (ServersAaction247Test:tearDownClass): 200 GET http://10.180.1.21/compute/v2.1/servers/b0de3cdc-649d-4496-990a-463387e092da 0.611s
2025-04-25 19:28:53.204 70036 INFO tempest.lib.common.rest_client [req-3b4daa27-1560-44b9-9d85-dfae8c239d1a req-3b4daa27-1560-44b9-9d85-dfae8c239d1a ] Request (SecurityGroupRulesNegativeTestJSON:test_create_security_group_rule_with_invalid_port_range): 400 POST http://10.180.1.21/compute/v2.1/os-security-group-rules 0.729s
2025-04-25 19:28:53.287 70035 INFO tempest.lib.common.rest_client [req-d45869da-bb33-4e13-b740-47e68d3bc47c req-d45869da-bb33-4e13-b740-47e68d3bc47c ] Request (ServerRescueTestJSON:setUpClass): 200 GET http://10.180.1.21/compute/v2.1/servers/45443b55-ca14-472c-99a3-7b2d8e4bba76 0.756s
2025-04-25 19:28:53.321 70026 INFO tempest.lib.common.rest_client [req-d3cab86d-09c9-4fc5-a464-324d8a6a0135 req-d3cab86d-09c9-4fc5-a464-324d8a6a0135 ] Request (ServersTestManualDisk:setUpClass): 200 GET http://10.180.1.21/compute/v2.1/servers/80fc2079-55e2-4bb4-949f-c74422f9eeef 0.864s
2025-04-25 19:28:53.331 70026 INFO tempest.lib.common.ssh [-] Creating ssh connection to '10.180.180.145:22' as 'cirros' with public key authentication
2025-04-25 19:28:53.355 70030 INFO tempest.lib.common.rest_client [req-f3e93698-6ace-47d4-80ab-068eca3b874d req-f3e93698-6ace-47d4-80ab-068eca3b874d ] Request (ServerActionsTestJSON:setUpClass): 200 GET http://10.180.1.21/compute/v2.1/servers/9a27fe9f-1ad7-4923-9107-0c51a43dc800 0.771s
2025-04-25 19:28:53.440 70050 INFO tempest.lib.common.rest_client [req-07ef0713-afff-4423-9b0b-03531076c27e req-07ef0713-afff-4423-9b0b-03531076c27e ] Request (ServerDiagnosticsTest:tearDownClass): 200 GET http://10.180.1.21/compute/v2.1/servers/ace797e6-97fb-49f0-a35e-9259de311409 0.801s
2025-04-25 19:28:53.529 70054 INFO tempest.lib.common.rest_client [req-552003cf-c517-4c0c-9c05-3df36fa01a64 req-552003cf-c517-4c0c-9c05-3df36fa01a64 ] Request (ServerTagsTestJSON:tearDownClass): 200 GET http://10.180.1.21/compute/v2.1/servers/44011071-a81a-4f24-9e27-9e7eed5a323c 0.864s
2025-04-25 19:28:53.595 70056 INFO tempest.lib.common.rest_client [req-ed0efb9f-7bcc-4e34-84ca-1ba5b4c3a950 req-ed0efb9f-7bcc-4e34-84ca-1ba5b4c3a950 ] Request (DeleteServersAdminTestJSON:test_delete_server_while_in_error_state): 200 GET http://10.180.1.21/compute/v2.1/servers/d4b37d65-3847-4913-aa50-d6b93378a4e0 0.749s
2025-04-25 19:28:53.600 70040 INFO tempest.lib.common.rest_client [req-25d69521-7005-4085-97ce-462fa1c0a74e req-25d69521-7005-4085-97ce-462fa1c0a74e ] Request (AttachInterfacesUnderV243Test:test_add_remove_fixed_ip): 200 GET http://10.180.1.21/compute/v2.1/servers/0f69937d-222e-4155-8ecf-5d5fb86d68b6 0.996s
2025-04-25 19:28:53.663 70024 INFO tempest.lib.common.rest_client [req-53cc0815-3d35-47f2-a4d0-5d5358082303 req-53cc0815-3d35-47f2-a4d0-5d5358082303 ] Request (ImagesNegativeTestJSON:test_create_image_from_deleted_server): 200 GET http://10.180.1.21/compute/v2.1/servers/090defd1-8b7c-42f3-a9f3-4cb1308b8261 0.721s
2025-04-25 19:28:53.675 70012 INFO tempest.lib.common.rest_client [req-31e637d2-0f2f-42c8-ae9a-48e0920db065 req-31e637d2-0f2f-42c8-ae9a-48e0920db065 ] Request (InstanceActionsNegativeTestJSON:tearDownClass): 200 GET http://10.180.1.21/compute/v2.1/servers/58f4e063-6abe-46ee-9a30-ee3cd7cd70d5 0.754s
2025-04-25 19:28:53.717 70022 INFO tempest.lib.common.rest_client [req-a0f790f7-dc97-4708-ab8e-bc6e38e45246 req-a0f790f7-dc97-4708-ab8e-bc6e38e45246 ] Request (FloatingIPsAssociationTestJSON:setUpClass): 200 GET http://10.180.1.21/compute/v2.1/servers/a360387a-e02f-41c5-9b10-c67fb03433f8 0.743s
2025-04-25 19:28:53.794 70014 INFO tempest.lib.common.rest_client [req-903fda25-dd62-4936-a145-ac96a4e1c621 req-903fda25-dd62-4936-a145-ac96a4e1c621 ] Request (ServersAdmin275Test:tearDownClass): 200 GET http://10.180.1.21/compute/v2.1/servers/6ca2c9f7-36f1-4856-bbba-ef6f948ca7ce 0.694s
2025-04-25 19:28:53.812 70044 INFO tempest.lib.common.rest_client [req-dfc7dc08-a043-48e5-86ca-06c20fe1eab3 req-dfc7dc08-a043-48e5-86ca-06c20fe1eab3 ] Request (ServerMetadataTestJSON:setUpClass): 200 GET http://10.180.1.21/compute/v2.1/servers/4ce1e0c3-ce34-4acf-9a72-64c832056360 0.773s
2025-04-25 19:28:53.819 70044 INFO tempest.common.waiters [-] State transition "BUILD/networking" ==> "BUILD/spawning" after 41 second wait
2025-04-25 19:28:53.858 70018 INFO tempest.lib.common.rest_client [req-9e286ecb-9641-404a-a874-c14e969436fa req-9e286ecb-9641-404a-a874-c14e969436fa ] Request (FloatingIPsAssociationNegativeTestJSON:tearDownClass): 200 GET http://10.180.1.21/compute/v2.1/servers/71b3d5d1-3110-478f-baf1-d77c2c85ac19 0.750s
2025-04-25 19:28:53.867 70028 INFO tempest.lib.common.rest_client [req-04d8d9be-5f8f-4417-b7f2-6747ab64253f req-04d8d9be-5f8f-4417-b7f2-6747ab64253f ] Request (ServerActionsTestOtherA:test_rebuild_server_in_stop_state): 200 GET http://10.180.1.21/compute/v2.1/servers/0c8ded47-c27f-4f0a-ac26-12d385127ec2 0.709s
2025-04-25 19:28:53.914 70064 INFO tempest.lib.common.rest_client [req-8aed9c70-bf4a-4f3d-8865-3d16641d5fc5 req-8aed9c70-bf4a-4f3d-8865-3d16641d5fc5 ] Request (SecurityGroupsTestJSON:test_server_security_groups): 200 GET http://10.180.1.21/compute/v2.1/servers/1baf08c6-9f09-463b-abe4-9fc3ffc9bd38 0.722s
2025-04-25 19:28:53.962 70042 INFO tempest.lib.common.rest_client [req-da082d89-8944-4476-976a-4e72860ccae7 req-da082d89-8944-4476-976a-4e72860ccae7 ] Request (ServerAddressesTestJSON:setUpClass): 200 GET http://10.180.1.21/compute/v2.1/servers/328594d8-fc29-4d5f-a04f-047d540f9d56 0.754s
2025-04-25 19:28:53.985 70036 INFO tempest.lib.common.rest_client [req-b5f035c6-fcd0-43b3-b19e-26d12439aaf4 req-b5f035c6-fcd0-43b3-b19e-26d12439aaf4 ] Request (SecurityGroupRulesNegativeTestJSON:test_create_security_group_rule_with_invalid_to_port): 200 POST http://10.180.1.21/compute/v2.1/os-security-groups 0.780s
2025-04-25 19:28:54.009 70062 INFO tempest.lib.common.rest_client [req-9cd817d6-00cd-411d-8dcc-3f25f8667959 req-9cd817d6-00cd-411d-8dcc-3f25f8667959 ] Request (ServersAdminNegativeTestJSON:test_migrate_server_invalid_state): 200 GET http://10.180.1.21/compute/v2.1/servers/be1d2d89-cc25-465b-b8d6-905b2c838de6 0.748s
2025-04-25 19:28:54.075 70016 INFO tempest.lib.common.rest_client [req-c46292ba-00c7-4355-a85f-ad828e43dce5 req-c46292ba-00c7-4355-a85f-ad828e43dce5 ] Request (ImagesOneServerNegativeTestJSON:setUpClass): 200 GET http://10.180.1.21/compute/v2.1/servers/68f200f0-923a-40b8-97f6-81ee88818e71 0.674s
2025-04-25 19:28:54.091 70070 INFO tempest.lib.common.rest_client [req-106026d7-125d-4dd1-b367-b1ddbe82e77e req-106026d7-125d-4dd1-b367-b1ddbe82e77e ] Request (MigrationsAdminTest:test_list_migrations_in_flavor_resize_situation): 200 GET http://10.180.1.21/compute/v2.1/servers/2ec4bbba-9dbd-4978-91e7-c2d0620c9857 0.763s
2025-04-25 19:28:54.099 70070 INFO tempest.common.waiters [-] State transition "RESIZE/resize_finish" ==> "VERIFY_RESIZE/None" after 43 second wait
2025-04-25 19:28:54.127 70060 INFO tempest.lib.common.rest_client [req-81721405-fd6d-47c8-8a2e-2f62657bb468 req-81721405-fd6d-47c8-8a2e-2f62657bb468 ] Request (ImagesTestJSON:test_create_image_from_stopped_server): 200 GET http://10.180.1.21/compute/v2.1/servers/b43eab86-a3b9-4f1b-b074-dc65bca9d10f 0.668s
2025-04-25 19:28:54.139 70046 INFO tempest.lib.common.rest_client [req-d9dff215-41f0-41ed-917c-78cbc3b18883 req-d9dff215-41f0-41ed-917c-78cbc3b18883 ] Request (VolumesAdminNegativeTest:test_update_attached_volume_with_nonexistent_volume_in_body): 200 GET http://10.180.1.21/compute/v2.1/servers/3be3e0be-3e3c-43dd-8e6e-c1add19412c4 0.612s
2025-04-25 19:28:54.147 70046 INFO tempest.common.waiters [-] State transition "BUILD/None" ==> "BUILD/networking" after 40 second wait
2025-04-25 19:28:54.193 70068 INFO tempest.lib.common.rest_client [req-11c51d83-f7f5-4eef-bbcb-05a0cd75beee req-11c51d83-f7f5-4eef-bbcb-05a0cd75beee ] Request (ServerGroupTestJSON:test_create_server_with_scheduler_hint_group): 200 GET http://10.180.1.21/compute/v2.1/servers/e228cfb3-e146-4148-bc18-b23080c2a06a 0.557s
2025-04-25 19:28:54.194 70038 INFO tempest.lib.common.rest_client [req-eb865283-4903-46c9-8bf9-aea0cf811f1a req-eb865283-4903-46c9-8bf9-aea0cf811f1a ] Request (TenantUsagesTestJSON:tearDownClass): 200 GET http://10.180.1.21/compute/v2.1/servers/d377096a-422a-4b72-88db-08bf0b8f8fa7 0.646s
2025-04-25 19:28:54.243 70020 INFO tempest.lib.common.rest_client [req-1a08914c-271e-406a-8af3-b2a9de5e677f req-1a08914c-271e-406a-8af3-b2a9de5e677f ] Request (ServerDiskConfigTestJSON:test_rebuild_server_with_manual_disk_config): 200 GET http://10.180.1.21/compute/v2.1/servers/666f7702-319f-454a-83be-82bc20009a5e 0.315s
2025-04-25 19:28:54.283 70036 INFO tempest.lib.common.rest_client [req-bfcdcb94-afe3-4107-b6e9-38aebd973fd9 req-bfcdcb94-afe3-4107-b6e9-38aebd973fd9 ] Request (SecurityGroupRulesNegativeTestJSON:test_create_security_group_rule_with_invalid_to_port): 400 POST http://10.180.1.21/compute/v2.1/os-security-group-rules 0.292s
2025-04-25 19:28:54.316 70074 INFO tempest.lib.common.rest_client [req-f1884828-ee6f-43d7-829d-683bab4b1505 req-f1884828-ee6f-43d7-829d-683bab4b1505 ] Request (ServersTestFqdnHostnames:test_create_server_with_fqdn_name): 200 GET http://10.180.1.21/compute/v2.1/servers/c5cf678b-99a6-4322-adfc-172f3e4d55f7 0.343s
2025-04-25 19:28:54.339 70066 INFO tempest.lib.common.rest_client [req-b0a7c180-7710-4f38-936f-2aa937df0a03 req-b0a7c180-7710-4f38-936f-2aa937df0a03 ] Request (ServersAaction247Test:tearDownClass): 200 GET http://10.180.1.21/compute/v2.1/servers/b0de3cdc-649d-4496-990a-463387e092da 0.257s
2025-04-25 19:28:54.358 70036 INFO tempest.lib.common.rest_client [req-14abe650-fdbe-494e-b7d1-771b43d2326b req-14abe650-fdbe-494e-b7d1-771b43d2326b ] Request (SecurityGroupRulesNegativeTestJSON:test_create_security_group_rule_with_non_existent_id): 404 POST http://10.180.1.21/compute/v2.1/os-security-group-rules 0.073s
2025-04-25 19:28:54.368 70070 INFO tempest.lib.common.rest_client [req-27640b12-bbd2-4e0b-8af2-09967c77ace0 req-27640b12-bbd2-4e0b-8af2-09967c77ace0 ] Request (MigrationsAdminTest:test_list_migrations_in_flavor_resize_situation): 204 POST http://10.180.1.21/compute/v2.1/servers/2ec4bbba-9dbd-4978-91e7-c2d0620c9857/action 0.268s
2025-04-25 19:28:54.385 70036 INFO tempest.lib.common.rest_client [req-caac472e-cb06-4678-a631-699fc65ad1d3 req-caac472e-cb06-4678-a631-699fc65ad1d3 ] Request (SecurityGroupRulesNegativeTestJSON:test_delete_security_group_rule_with_non_existent_id): 404 DELETE http://10.180.1.21/compute/v2.1/os-security-group-rules/8d3ebb9a-072f-42ba-9fae-71b1ab795b8c 0.025s
2025-04-25 19:28:54.411 70035 INFO tempest.lib.common.rest_client [req-23bee837-a2c9-4e54-9107-796144573a16 req-23bee837-a2c9-4e54-9107-796144573a16 ] Request (ServerRescueTestJSON:setUpClass): 200 GET http://10.180.1.21/compute/v2.1/servers/45443b55-ca14-472c-99a3-7b2d8e4bba76 0.115s
2025-04-25 19:28:54.433 70030 INFO tempest.lib.common.rest_client [req-6f7451ed-8fed-4ea2-8cae-1333dfe9575f req-6f7451ed-8fed-4ea2-8cae-1333dfe9575f ] Request (ServerActionsTestJSON:setUpClass): 200 GET http://10.180.1.21/compute/v2.1/servers/9a27fe9f-1ad7-4923-9107-0c51a43dc800 0.070s
2025-04-25 19:28:54.519 70070 INFO tempest.lib.common.rest_client [req-5ab1f9e0-dca0-4903-9704-73fdbd6a2d6a req-5ab1f9e0-dca0-4903-9704-73fdbd6a2d6a ] Request (MigrationsAdminTest:test_list_migrations_in_flavor_resize_situation): 200 GET http://10.180.1.21/compute/v2.1/servers/2ec4bbba-9dbd-4978-91e7-c2d0620c9857 0.150s
2025-04-25 19:28:54.552 70036 INFO tempest.lib.common.rest_client [req-d87f4e3f-3691-4d13-8b0b-102d4433aa4f req-d87f4e3f-3691-4d13-8b0b-102d4433aa4f ] Request (SecurityGroupRulesNegativeTestJSON:tearDownClass): 202 DELETE http://10.180.1.21/compute/v2.1/os-security-groups/6c1ae1e4-0eab-4f07-8899-0c5345aca666 0.166s
2025-04-25 19:28:54.570 70050 INFO tempest.lib.common.rest_client [req-68168e5c-f313-40fc-affc-96ceaa9b8181 req-68168e5c-f313-40fc-affc-96ceaa9b8181 ] Request (ServerDiagnosticsTest:tearDownClass): 200 GET http://10.180.1.21/compute/v2.1/servers/ace797e6-97fb-49f0-a35e-9259de311409 0.121s
2025-04-25 19:28:54.622 70054 INFO tempest.lib.common.rest_client [req-7bf9c84c-04f1-4f0d-b00b-ab0b0ac9837c req-7bf9c84c-04f1-4f0d-b00b-ab0b0ac9837c ] Request (ServerTagsTestJSON:tearDownClass): 200 GET http://10.180.1.21/compute/v2.1/servers/44011071-a81a-4f24-9e27-9e7eed5a323c 0.084s
2025-04-25 19:28:54.695 70056 INFO tempest.lib.common.rest_client [req-8e5a5b52-fb1a-4817-b9df-8c8d6c57302a req-8e5a5b52-fb1a-4817-b9df-8c8d6c57302a ] Request (DeleteServersAdminTestJSON:test_delete_server_while_in_error_state): 200 GET http://10.180.1.21/compute/v2.1/servers/d4b37d65-3847-4913-aa50-d6b93378a4e0 0.090s
2025-04-25 19:28:54.771 70036 INFO tempest.lib.common.rest_client [req-65f34d07-6ff4-49f9-af9e-a7ba239680b9 req-65f34d07-6ff4-49f9-af9e-a7ba239680b9 ] Request (SecurityGroupRulesNegativeTestJSON:tearDownClass): 202 DELETE http://10.180.1.21/compute/v2.1/os-security-groups/b35a4694-6bc0-4627-ab73-7183f6a68661 0.219s
2025-04-25 19:28:54.870 70024 INFO tempest.lib.common.rest_client [req-669c41f0-24bd-4752-a40a-cc9b9987373f req-669c41f0-24bd-4752-a40a-cc9b9987373f ] Request (ImagesNegativeTestJSON:test_create_image_from_deleted_server): 200 GET http://10.180.1.21/compute/v2.1/servers/090defd1-8b7c-42f3-a9f3-4cb1308b8261 0.196s
2025-04-25 19:28:54.912 70040 INFO tempest.lib.common.rest_client [req-04c041ed-e07f-4057-b0e5-5598eedf8296 req-04c041ed-e07f-4057-b0e5-5598eedf8296 ] Request (AttachInterfacesUnderV243Test:test_add_remove_fixed_ip): 200 GET http://10.180.1.21/compute/v2.1/servers/0f69937d-222e-4155-8ecf-5d5fb86d68b6 0.298s
2025-04-25 19:28:54.964 70012 INFO tempest.lib.common.rest_client [req-aad27d60-2185-43ba-b2f7-353d2249b136 req-aad27d60-2185-43ba-b2f7-353d2249b136 ] Request (InstanceActionsNegativeTestJSON:tearDownClass): 200 GET http://10.180.1.21/compute/v2.1/servers/58f4e063-6abe-46ee-9a30-ee3cd7cd70d5 0.280s
2025-04-25 19:28:54.989 70022 INFO tempest.lib.common.rest_client [req-1fcd3e3e-b4cb-4494-989d-b59c49bd9305 req-1fcd3e3e-b4cb-4494-989d-b59c49bd9305 ] Request (FloatingIPsAssociationTestJSON:setUpClass): 200 GET http://10.180.1.21/compute/v2.1/servers/a360387a-e02f-41c5-9b10-c67fb03433f8 0.265s
2025-04-25 19:28:55.097 70014 INFO tempest.lib.common.rest_client [req-694bf4a5-4e3b-4999-82f9-f3df89c0366c req-694bf4a5-4e3b-4999-82f9-f3df89c0366c ] Request (ServersAdmin275Test:tearDownClass): 200 GET http://10.180.1.21/compute/v2.1/servers/6ca2c9f7-36f1-4856-bbba-ef6f948ca7ce 0.289s
2025-04-25 19:28:55.271 70036 INFO tempest.lib.common.rest_client [req-f6d86668-59c5-4ae3-8839-c3f5dfbbafc9 req-f6d86668-59c5-4ae3-8839-c3f5dfbbafc9 ] Request (SecurityGroupRulesNegativeTestJSON:tearDownClass): 202 DELETE http://10.180.1.21/compute/v2.1/os-security-groups/4be24573-b106-4c81-90a1-48c0837d2e4e 0.499s
2025-04-25 19:28:55.304 70044 INFO tempest.lib.common.rest_client [req-d97b2053-149e-4feb-8e32-3996bab4a51e req-d97b2053-149e-4feb-8e32-3996bab4a51e ] Request (ServerMetadataTestJSON:setUpClass): 200 GET http://10.180.1.21/compute/v2.1/servers/4ce1e0c3-ce34-4acf-9a72-64c832056360 0.484s
2025-04-25 19:28:55.357 70018 INFO tempest.lib.common.rest_client [req-7c42a80f-91e5-4e6a-b3ae-b212655f0d2c req-7c42a80f-91e5-4e6a-b3ae-b212655f0d2c ] Request (FloatingIPsAssociationNegativeTestJSON:tearDownClass): 200 GET http://10.180.1.21/compute/v2.1/servers/71b3d5d1-3110-478f-baf1-d77c2c85ac19 0.489s
2025-04-25 19:28:55.367 70028 INFO tempest.lib.common.rest_client [req-4b06faff-a63f-4e91-b123-0915a344dcf9 req-4b06faff-a63f-4e91-b123-0915a344dcf9 ] Request (ServerActionsTestOtherA:test_rebuild_server_in_stop_state): 200 GET http://10.180.1.21/compute/v2.1/servers/0c8ded47-c27f-4f0a-ac26-12d385127ec2 0.491s
2025-04-25 19:28:55.462 70064 INFO tempest.lib.common.rest_client [req-208b000f-affa-49de-aa58-272ed6d3282d req-208b000f-affa-49de-aa58-272ed6d3282d ] Request (SecurityGroupsTestJSON:test_server_security_groups): 200 GET http://10.180.1.21/compute/v2.1/servers/1baf08c6-9f09-463b-abe4-9fc3ffc9bd38 0.540s
2025-04-25 19:28:55.472 70042 INFO tempest.lib.common.rest_client [req-3f84f7aa-91b4-462b-9b8d-86b1f88b8efb req-3f84f7aa-91b4-462b-9b8d-86b1f88b8efb ] Request (ServerAddressesTestJSON:setUpClass): 200 GET http://10.180.1.21/compute/v2.1/servers/328594d8-fc29-4d5f-a04f-047d540f9d56 0.503s
2025-04-25 19:28:55.538 70062 INFO tempest.lib.common.rest_client [req-c6b49258-29c2-442a-9468-fe3298224287 req-c6b49258-29c2-442a-9468-fe3298224287 ] Request (ServersAdminNegativeTestJSON:test_migrate_server_invalid_state): 200 GET http://10.180.1.21/compute/v2.1/servers/be1d2d89-cc25-465b-b8d6-905b2c838de6 0.519s
2025-04-25 19:28:55.545 70016 INFO tempest.lib.common.rest_client [req-7efec830-75b6-4177-a1f1-859cda4a097c req-7efec830-75b6-4177-a1f1-859cda4a097c ] Request (ImagesOneServerNegativeTestJSON:setUpClass): 200 GET http://10.180.1.21/compute/v2.1/servers/68f200f0-923a-40b8-97f6-81ee88818e71 0.461s
2025-04-25 19:28:55.621 70060 INFO tempest.lib.common.rest_client [req-bd22e2d3-e18e-4499-84a8-9dd25f203707 req-bd22e2d3-e18e-4499-84a8-9dd25f203707 ] Request (ImagesTestJSON:test_create_image_from_stopped_server): 200 GET http://10.180.1.21/compute/v2.1/servers/b43eab86-a3b9-4f1b-b074-dc65bca9d10f 0.486s
2025-04-25 19:28:55.680 70068 INFO tempest.lib.common.rest_client [req-efbcb871-8e62-4173-9b0b-de53d5f68b58 req-efbcb871-8e62-4173-9b0b-de53d5f68b58 ] Request (ServerGroupTestJSON:test_create_server_with_scheduler_hint_group): 200 GET http://10.180.1.21/compute/v2.1/servers/e228cfb3-e146-4148-bc18-b23080c2a06a 0.479s
2025-04-25 19:28:55.752 70038 INFO tempest.lib.common.rest_client [req-6da9278f-af09-4c06-8203-c1f4416dfd13 req-6da9278f-af09-4c06-8203-c1f4416dfd13 ] Request (TenantUsagesTestJSON:tearDownClass): 200 GET http://10.180.1.21/compute/v2.1/servers/d377096a-422a-4b72-88db-08bf0b8f8fa7 0.550s
2025-04-25 19:28:55.756 70046 INFO tempest.lib.common.rest_client [req-3c161f1b-6c51-4200-81b3-582b27385315 req-3c161f1b-6c51-4200-81b3-582b27385315 ] Request (VolumesAdminNegativeTest:test_update_attached_volume_with_nonexistent_volume_in_body): 200 GET http://10.180.1.21/compute/v2.1/servers/3be3e0be-3e3c-43dd-8e6e-c1add19412c4 0.608s
2025-04-25 19:28:55.764 70046 INFO tempest.common.waiters [-] State transition "BUILD/networking" ==> "BUILD/block_device_mapping" after 41 second wait
2025-04-25 19:28:55.809 70020 INFO tempest.lib.common.rest_client [req-494cdcad-10f2-4dfa-b006-fe50953bf2a3 req-494cdcad-10f2-4dfa-b006-fe50953bf2a3 ] Request (ServerDiskConfigTestJSON:test_rebuild_server_with_manual_disk_config): 200 GET http://10.180.1.21/compute/v2.1/servers/666f7702-319f-454a-83be-82bc20009a5e 0.557s
2025-04-25 19:28:55.920 70036 INFO tempest.lib.common.rest_client [req-67ba9755-5232-4e8f-bd65-d4059dad125e req-67ba9755-5232-4e8f-bd65-d4059dad125e ] Request (SecurityGroupRulesNegativeTestJSON:tearDownClass): 202 DELETE http://10.180.1.21/compute/v2.1/os-security-groups/10b3c566-8979-4663-b429-8146e60e66a9 0.649s
2025-04-25 19:28:55.984 70066 INFO tempest.lib.common.rest_client [req-6c0a936c-ce06-4d7b-ae67-091d1caa81d5 req-6c0a936c-ce06-4d7b-ae67-091d1caa81d5 ] Request (ServersAaction247Test:tearDownClass): 200 GET http://10.180.1.21/compute/v2.1/servers/b0de3cdc-649d-4496-990a-463387e092da 0.635s
2025-04-25 19:28:56.014 70074 INFO tempest.lib.common.rest_client [req-aa35f323-2249-4dc1-b353-68b83c560e57 req-aa35f323-2249-4dc1-b353-68b83c560e57 ] Request (ServersTestFqdnHostnames:test_create_server_with_fqdn_name): 200 GET http://10.180.1.21/compute/v2.1/servers/c5cf678b-99a6-4322-adfc-172f3e4d55f7 0.689s
2025-04-25 19:28:56.095 70072 WARNING tempest.lib.common.ssh [-] Failed to establish authenticated ssh connection to cirros@10.180.180.174 ([Errno None] Unable to connect to port 22 on 10.180.180.174). Number attempts: 4. Retry after 5 seconds.: paramiko.ssh_exception.NoValidConnectionsError: [Errno None] Unable to connect to port 22 on 10.180.180.174
2025-04-25 19:28:56.250 70035 INFO tempest.lib.common.rest_client [req-c88e45f8-9492-499f-a5bc-fc59f4e26ad1 req-c88e45f8-9492-499f-a5bc-fc59f4e26ad1 ] Request (ServerRescueTestJSON:setUpClass): 200 GET http://10.180.1.21/compute/v2.1/servers/45443b55-ca14-472c-99a3-7b2d8e4bba76 0.831s
2025-04-25 19:28:56.264 70030 INFO tempest.lib.common.rest_client [req-657436b5-da04-4d30-b532-f6fc428a9dca req-657436b5-da04-4d30-b532-f6fc428a9dca ] Request (ServerActionsTestJSON:setUpClass): 200 GET http://10.180.1.21/compute/v2.1/servers/9a27fe9f-1ad7-4923-9107-0c51a43dc800 0.823s
2025-04-25 19:28:56.323 70050 INFO tempest.lib.common.rest_client [req-17e520e5-7ce5-4581-838f-6bc3ce0b1294 req-17e520e5-7ce5-4581-838f-6bc3ce0b1294 ] Request (ServerDiagnosticsTest:tearDownClass): 200 GET http://10.180.1.21/compute/v2.1/servers/ace797e6-97fb-49f0-a35e-9259de311409 0.743s
2025-04-25 19:28:56.388 70054 INFO tempest.lib.common.rest_client [req-43912623-4eb3-4381-b4c9-73daa4cb159e req-43912623-4eb3-4381-b4c9-73daa4cb159e ] Request (ServerTagsTestJSON:tearDownClass): 200 GET http://10.180.1.21/compute/v2.1/servers/44011071-a81a-4f24-9e27-9e7eed5a323c 0.753s
2025-04-25 19:28:56.392 70070 INFO tempest.lib.common.rest_client [req-30c71f9e-7ebe-421d-a320-bb190b08a719 req-30c71f9e-7ebe-421d-a320-bb190b08a719 ] Request (MigrationsAdminTest:test_list_migrations_in_flavor_resize_situation): 200 GET http://10.180.1.21/compute/v2.1/servers/2ec4bbba-9dbd-4978-91e7-c2d0620c9857 0.863s
2025-04-25 19:28:56.440 70056 INFO tempest.lib.common.rest_client [req-8670fd16-6571-480f-b1f4-ad7e77ec1002 req-8670fd16-6571-480f-b1f4-ad7e77ec1002 ] Request (DeleteServersAdminTestJSON:test_delete_server_while_in_error_state): 200 GET http://10.180.1.21/compute/v2.1/servers/d4b37d65-3847-4913-aa50-d6b93378a4e0 0.736s
2025-04-25 19:28:56.447 70024 INFO tempest.lib.common.rest_client [req-da3cecb7-f55d-42ec-a1c2-2dbf1b573061 req-da3cecb7-f55d-42ec-a1c2-2dbf1b573061 ] Request (ImagesNegativeTestJSON:test_create_image_from_deleted_server): 200 GET http://10.180.1.21/compute/v2.1/servers/090defd1-8b7c-42f3-a9f3-4cb1308b8261 0.568s
2025-04-25 19:28:56.617 70040 INFO tempest.lib.common.rest_client [req-92041718-1ef6-40ec-8474-a7d3c9c58030 req-92041718-1ef6-40ec-8474-a7d3c9c58030 ] Request (AttachInterfacesUnderV243Test:test_add_remove_fixed_ip): 200 GET http://10.180.1.21/compute/v2.1/servers/0f69937d-222e-4155-8ecf-5d5fb86d68b6 0.697s
2025-04-25 19:28:56.625 70040 INFO tempest.common.waiters [-] State transition "BUILD/spawning" ==> "ACTIVE/None" after 46 second wait
2025-04-25 19:28:56.654 70036 INFO tempest.lib.common.rest_client [req-9512aa04-6626-4d96-8a26-3e5d8c417008 req-9512aa04-6626-4d96-8a26-3e5d8c417008 ] Request (SecurityGroupRulesNegativeTestJSON:tearDownClass): 202 DELETE http://10.180.1.21/compute/v2.1/os-security-groups/66a15311-4f4e-40aa-aad9-7dcd6ba50f4c 0.733s
2025-04-25 19:28:56.712 70012 INFO tempest.lib.common.rest_client [req-8d83078a-5ebd-49e2-9c71-d3be5014429f req-8d83078a-5ebd-49e2-9c71-d3be5014429f ] Request (InstanceActionsNegativeTestJSON:tearDownClass): 200 GET http://10.180.1.21/compute/v2.1/servers/58f4e063-6abe-46ee-9a30-ee3cd7cd70d5 0.741s
2025-04-25 19:28:56.752 70022 INFO tempest.lib.common.rest_client [req-42b2decf-8ef0-403c-82b4-195bb98f59aa req-42b2decf-8ef0-403c-82b4-195bb98f59aa ] Request (FloatingIPsAssociationTestJSON:setUpClass): 200 GET http://10.180.1.21/compute/v2.1/servers/a360387a-e02f-41c5-9b10-c67fb03433f8 0.748s
2025-04-25 19:28:56.818 70014 INFO tempest.lib.common.rest_client [req-27c572aa-6953-4c0c-bc0d-acf81164a383 req-27c572aa-6953-4c0c-bc0d-acf81164a383 ] Request (ServersAdmin275Test:tearDownClass): 200 GET http://10.180.1.21/compute/v2.1/servers/6ca2c9f7-36f1-4856-bbba-ef6f948ca7ce 0.708s
2025-04-25 19:28:56.923 70018 INFO tempest.lib.common.rest_client [req-2e350990-e667-438a-a581-1bb5160ea3e0 req-2e350990-e667-438a-a581-1bb5160ea3e0 ] Request (FloatingIPsAssociationNegativeTestJSON:tearDownClass): 200 GET http://10.180.1.21/compute/v2.1/servers/71b3d5d1-3110-478f-baf1-d77c2c85ac19 0.557s
2025-04-25 19:28:56.999 70028 INFO tempest.lib.common.rest_client [req-31233875-2a28-43b3-91d4-a72fa3849b26 req-31233875-2a28-43b3-91d4-a72fa3849b26 ] Request (ServerActionsTestOtherA:test_rebuild_server_in_stop_state): 200 GET http://10.180.1.21/compute/v2.1/servers/0c8ded47-c27f-4f0a-ac26-12d385127ec2 0.617s
2025-04-25 19:28:57.007 70044 INFO tempest.lib.common.rest_client [req-4331f7a1-89b1-40c6-b566-274f300ee13a req-4331f7a1-89b1-40c6-b566-274f300ee13a ] Request (ServerMetadataTestJSON:setUpClass): 200 GET http://10.180.1.21/compute/v2.1/servers/4ce1e0c3-ce34-4acf-9a72-64c832056360 0.695s
2025-04-25 19:28:57.091 70064 INFO tempest.lib.common.rest_client [req-b884fe13-dc09-4e68-ac00-84f7131b3d83 req-b884fe13-dc09-4e68-ac00-84f7131b3d83 ] Request (SecurityGroupsTestJSON:test_server_security_groups): 200 GET http://10.180.1.21/compute/v2.1/servers/1baf08c6-9f09-463b-abe4-9fc3ffc9bd38 0.608s
2025-04-25 19:28:57.094 70042 INFO tempest.lib.common.rest_client [req-a4696420-1cf6-45ce-9990-2d4adbaad095 req-a4696420-1cf6-45ce-9990-2d4adbaad095 ] Request (ServerAddressesTestJSON:setUpClass): 200 GET http://10.180.1.21/compute/v2.1/servers/328594d8-fc29-4d5f-a04f-047d540f9d56 0.608s
2025-04-25 19:28:57.102 70042 INFO tempest.common.waiters [-] State transition "BUILD/scheduling" ==> "BUILD/None" after 24 second wait
2025-04-25 19:28:57.181 70016 INFO tempest.lib.common.rest_client [req-a643a937-a027-456d-8e2e-2e17854299f5 req-a643a937-a027-456d-8e2e-2e17854299f5 ] Request (ImagesOneServerNegativeTestJSON:setUpClass): 200 GET http://10.180.1.21/compute/v2.1/servers/68f200f0-923a-40b8-97f6-81ee88818e71 0.618s
2025-04-25 19:28:57.185 70062 INFO tempest.lib.common.rest_client [req-cd44cd2a-b97b-4e77-af82-46d43139542f req-cd44cd2a-b97b-4e77-af82-46d43139542f ] Request (ServersAdminNegativeTestJSON:test_migrate_server_invalid_state): 200 GET http://10.180.1.21/compute/v2.1/servers/be1d2d89-cc25-465b-b8d6-905b2c838de6 0.631s
2025-04-25 19:28:57.263 70060 INFO tempest.lib.common.rest_client [req-f58cf8e6-767f-4104-82a0-6094bdfe996d req-f58cf8e6-767f-4104-82a0-6094bdfe996d ] Request (ImagesTestJSON:test_create_image_from_stopped_server): 200 GET http://10.180.1.21/compute/v2.1/servers/b43eab86-a3b9-4f1b-b074-dc65bca9d10f 0.632s
2025-04-25 19:28:57.270 70040 INFO tempest.lib.common.rest_client [req-31b0bfcb-0d8f-49f9-88f5-4e983cdd8d66 req-31b0bfcb-0d8f-49f9-88f5-4e983cdd8d66 ] Request (AttachInterfacesUnderV243Test:test_add_remove_fixed_ip): 200 GET http://10.180.1.21/compute/v2.1/servers/0f69937d-222e-4155-8ecf-5d5fb86d68b6/os-interface 0.645s
2025-04-25 19:28:57.298 70038 INFO tempest.lib.common.rest_client [req-aa053cbe-fddb-4d97-b9cf-4a69bf1f3325 req-aa053cbe-fddb-4d97-b9cf-4a69bf1f3325 ] Request (TenantUsagesTestJSON:tearDownClass): 404 GET http://10.180.1.21/compute/v2.1/servers/d377096a-422a-4b72-88db-08bf0b8f8fa7 0.538s
2025-04-25 19:28:57.332 70068 INFO tempest.lib.common.rest_client [req-fcccdb6e-daa6-47f2-9285-7eaa9d3fad4f req-fcccdb6e-daa6-47f2-9285-7eaa9d3fad4f ] Request (ServerGroupTestJSON:test_create_server_with_scheduler_hint_group): 200 GET http://10.180.1.21/compute/v2.1/servers/e228cfb3-e146-4148-bc18-b23080c2a06a 0.642s
2025-04-25 19:28:57.371 70038 INFO tempest.lib.common.rest_client [req-be1af499-a216-438e-a14a-0c7d2970a161 req-be1af499-a216-438e-a14a-0c7d2970a161 ] Request (TenantUsagesTestJSON:tearDownClass): 204 DELETE http://10.180.1.21/identity/v3/users/284d3e7756ff46a792f08c34b005a80d 0.073s
2025-04-25 19:28:57.394 70020 INFO tempest.lib.common.rest_client [req-9c10be72-8249-4069-bc1f-3c9af3ec81c3 req-9c10be72-8249-4069-bc1f-3c9af3ec81c3 ] Request (ServerDiskConfigTestJSON:test_rebuild_server_with_manual_disk_config): 200 GET http://10.180.1.21/compute/v2.1/servers/666f7702-319f-454a-83be-82bc20009a5e 0.576s
2025-04-25 19:28:57.440 70026 WARNING tempest.lib.common.ssh [-] Failed to establish authenticated ssh connection to cirros@10.180.180.145 ([Errno None] Unable to connect to port 22 on 10.180.180.145). Number attempts: 1. Retry after 2 seconds.: paramiko.ssh_exception.NoValidConnectionsError: [Errno None] Unable to connect to port 22 on 10.180.180.145
2025-04-25 19:28:57.465 70038 INFO tempest.lib.common.rest_client [req-1bfaaa57-a9e4-427d-a6fd-77eab8928ed0 req-1bfaaa57-a9e4-427d-a6fd-77eab8928ed0 ] Request (TenantUsagesTestJSON:tearDownClass): 204 DELETE http://10.180.1.21/identity/v3/users/6398d7ef9cf04eabba3869ec9fdc9991 0.093s
2025-04-25 19:28:57.466 70038 INFO tempest.lib.common.dynamic_creds [-] Deleting project and security group for project: 26d8e700efd74ad6aa12b4e6d7460fe7
2025-04-25 19:28:57.488 70066 INFO tempest.lib.common.rest_client [req-a45a99b2-4b07-4328-acf7-60bafbed9146 req-a45a99b2-4b07-4328-acf7-60bafbed9146 ] Request (ServersAaction247Test:tearDownClass): 200 GET http://10.180.1.21/compute/v2.1/servers/b0de3cdc-649d-4496-990a-463387e092da 0.494s
2025-04-25 19:28:57.517 70046 INFO tempest.lib.common.rest_client [req-b39ed420-c97a-4e52-9c93-0ec786a6b114 req-b39ed420-c97a-4e52-9c93-0ec786a6b114 ] Request (VolumesAdminNegativeTest:test_update_attached_volume_with_nonexistent_volume_in_body): 200 GET http://10.180.1.21/compute/v2.1/servers/3be3e0be-3e3c-43dd-8e6e-c1add19412c4 0.752s
2025-04-25 19:28:57.530 70046 INFO tempest.common.waiters [-] State transition "BUILD/block_device_mapping" ==> "BUILD/spawning" after 43 second wait
2025-04-25 19:28:57.531 70038 INFO tempest.lib.common.rest_client [req-d8b9f96f-68a1-46d5-b0b5-899079b6e06d req-d8b9f96f-68a1-46d5-b0b5-899079b6e06d ] Request (TenantUsagesTestJSON:tearDownClass): 201 POST http://10.180.1.21/identity/v3/auth/tokens 0.065s
2025-04-25 19:28:57.603 70038 INFO tempest.lib.common.rest_client [req-bfd52317-f770-459a-8e0b-b5763069f267 req-bfd52317-f770-459a-8e0b-b5763069f267 ] Request (TenantUsagesTestJSON:tearDownClass): 200 GET http://10.180.1.21:9696/networking/v2.0/security-groups?tenant_id=26d8e700efd74ad6aa12b4e6d7460fe7&name=default 0.071s
2025-04-25 19:28:57.611 70035 INFO tempest.lib.common.rest_client [req-15c5f8bd-875f-410e-9894-c232e905a84b req-15c5f8bd-875f-410e-9894-c232e905a84b ] Request (ServerRescueTestJSON:setUpClass): 200 GET http://10.180.1.21/compute/v2.1/servers/45443b55-ca14-472c-99a3-7b2d8e4bba76 0.351s
2025-04-25 19:28:57.680 70038 INFO tempest.lib.common.rest_client [req-355af71c-dd78-4e43-be6f-08bab0656419 req-355af71c-dd78-4e43-be6f-08bab0656419 ] Request (TenantUsagesTestJSON:tearDownClass): 204 DELETE http://10.180.1.21:9696/networking/v2.0/security-groups/242249ee-0650-4468-83db-52fb528ae0d1 0.077s
2025-04-25 19:28:57.686 70030 INFO tempest.lib.common.rest_client [req-21c47d17-0eb8-4226-a207-c535804c25d5 req-21c47d17-0eb8-4226-a207-c535804c25d5 ] Request (ServerActionsTestJSON:setUpClass): 200 GET http://10.180.1.21/compute/v2.1/servers/9a27fe9f-1ad7-4923-9107-0c51a43dc800 0.412s
2025-04-25 19:28:57.720 70074 INFO tempest.lib.common.rest_client [req-5067a303-7af4-4220-a554-ebea8aa0c5b2 req-5067a303-7af4-4220-a554-ebea8aa0c5b2 ] Request (ServersTestFqdnHostnames:test_create_server_with_fqdn_name): 200 GET http://10.180.1.21/compute/v2.1/servers/c5cf678b-99a6-4322-adfc-172f3e4d55f7 0.698s
2025-04-25 19:28:57.759 70038 INFO tempest.lib.common.rest_client [req-bdf55373-8f48-4f03-b56f-788c3e3acbd5 req-bdf55373-8f48-4f03-b56f-788c3e3acbd5 ] Request (TenantUsagesTestJSON:tearDownClass): 204 DELETE http://10.180.1.21/identity/v3/projects/26d8e700efd74ad6aa12b4e6d7460fe7 0.079s
2025-04-25 19:28:57.759 70038 INFO tempest.lib.common.dynamic_creds [-] Deleting project and security group for project: c8f48b591562431785da1225375edf1f
2025-04-25 19:28:57.775 70050 INFO tempest.lib.common.rest_client [req-8005df6c-5da3-423e-a0df-592f7c5e5b5a req-8005df6c-5da3-423e-a0df-592f7c5e5b5a ] Request (ServerDiagnosticsTest:tearDownClass): 200 GET http://10.180.1.21/compute/v2.1/servers/ace797e6-97fb-49f0-a35e-9259de311409 0.443s
2025-04-25 19:28:57.833 70054 INFO tempest.lib.common.rest_client [req-b22070e3-447b-4ca8-b560-81ee2371ea41 req-b22070e3-447b-4ca8-b560-81ee2371ea41 ] Request (ServerTagsTestJSON:tearDownClass): 200 GET http://10.180.1.21/compute/v2.1/servers/44011071-a81a-4f24-9e27-9e7eed5a323c 0.433s
2025-04-25 19:28:57.880 70038 INFO tempest.lib.common.rest_client [req-afd7a819-55d4-48af-9f26-f2bcd5827dbb req-afd7a819-55d4-48af-9f26-f2bcd5827dbb ] Request (TenantUsagesTestJSON:tearDownClass): 200 GET http://10.180.1.21:9696/networking/v2.0/security-groups?tenant_id=c8f48b591562431785da1225375edf1f&name=default 0.120s
2025-04-25 19:28:57.940 70056 INFO tempest.lib.common.rest_client [req-f6f30c9e-d16a-403e-b939-ba583c55e0ec req-f6f30c9e-d16a-403e-b939-ba583c55e0ec ] Request (DeleteServersAdminTestJSON:test_delete_server_while_in_error_state): 200 GET http://10.180.1.21/compute/v2.1/servers/d4b37d65-3847-4913-aa50-d6b93378a4e0 0.492s
2025-04-25 19:28:57.963 70038 INFO tempest.lib.common.rest_client [req-c4333142-c436-4946-b8db-f3cbe6b5d861 req-c4333142-c436-4946-b8db-f3cbe6b5d861 ] Request (TenantUsagesTestJSON:tearDownClass): 204 DELETE http://10.180.1.21:9696/networking/v2.0/security-groups/b89b4c8e-dd46-42c3-b8ed-f6c05acb65e8 0.083s
