2025-04-25 19:30:14.595 70036 INFO tempest.lib.common.rest_client [req-20969845-0cac-4b3a-b83c-ed5f87c78c98 req-20969845-0cac-4b3a-b83c-ed5f87c78c98 ] Request (ListServerFiltersTestJSON:setUpClass): 200 GET http://10.180.1.21/compute/v2.1/servers/0baee1f7-d302-478a-a737-d2204fdbf87d 0.099s
2025-04-25 19:30:14.629 70074 INFO tempest.lib.common.rest_client [req-0e685169-5926-4e78-8379-e7af4fa4dbb6 req-0e685169-5926-4e78-8379-e7af4fa4dbb6 ] Request (ServersTestFqdnHostnames:tearDownClass): 200 GET http://10.180.1.21/compute/v2.1/servers/c5cf678b-99a6-4322-adfc-172f3e4d55f7 0.101s
2025-04-25 19:30:14.663 70035 INFO tempest.lib.common.rest_client [req-4ed870c6-781e-47e6-ba2c-992f1a1077c5 req-4ed870c6-781e-47e6-ba2c-992f1a1077c5 ] Request (ServerRescueTestJSON:test_rescue_unrescue_instance): 200 GET http://10.180.1.21/compute/v2.1/servers/690e0729-123d-4935-bcc4-2e0f8248ddc0 0.088s
2025-04-25 19:30:14.736 70042 INFO tempest.lib.common.rest_client [req-39ba23e6-b02a-4e4a-acb3-74995185b6e4 req-39ba23e6-b02a-4e4a-acb3-74995185b6e4 ] Request (ServerAddressesTestJSON:tearDownClass): 200 GET http://10.180.1.21/compute/v2.1/servers/328594d8-fc29-4d5f-a04f-047d540f9d56 0.093s
2025-04-25 19:30:14.742 70016 INFO tempest.lib.common.rest_client [req-f86b9166-86da-4310-9351-a036ed1ae707 req-f86b9166-86da-4310-9351-a036ed1ae707 ] Request (ImagesOneServerNegativeTestJSON:tearDown): 200 GET http://10.180.1.21/compute/v2.1/servers/68f200f0-923a-40b8-97f6-81ee88818e71 0.157s
2025-04-25 19:30:14.758 70056 INFO tempest.lib.common.rest_client [req-a28c1d9f-2d2e-43f6-b31a-37612dba8cdd req-a28c1d9f-2d2e-43f6-b31a-37612dba8cdd ] Request (ServersAdminTestJSON:setUpClass): 201 POST http://10.180.1.21:9696/networking/v2.0/routers 0.636s
2025-04-25 19:30:14.816 70024 INFO tempest.lib.common.rest_client [req-8dfe7bd1-6641-4f1f-bf27-49367e0903a7 req-8dfe7bd1-6641-4f1f-bf27-49367e0903a7 ] Request (ImagesNegativeTestJSON:test_create_image_from_deleted_server): 200 GET http://10.180.1.21/compute/v2.1/servers/090defd1-8b7c-42f3-a9f3-4cb1308b8261 0.118s
2025-04-25 19:30:14.866 70012 INFO tempest.lib.common.rest_client [req-ac58ebff-c035-4627-9986-2620c58828cd req-ac58ebff-c035-4627-9986-2620c58828cd ] Request (ServerMetadataNegativeTestJSON:setUpClass): 200 GET http://10.180.1.21/compute/v2.1/servers/e89f8758-2853-47a5-9158-3c0d3e88b121 0.107s
2025-04-25 19:30:14.876 70058 INFO tempest.lib.common.rest_client [req-96fc2db4-2d29-4415-9753-0fbdacd3e0d6 req-96fc2db4-2d29-4415-9753-0fbdacd3e0d6 ] Request (ServerActionsTestOtherB:test_resize_server_confirm_from_stopped): 200 GET http://10.180.1.21/compute/v2.1/servers/04800cfa-2e24-43bc-9198-0a0f41151dc0 0.200s
2025-04-25 19:30:14.941 70032 INFO tempest.lib.common.rest_client [req-97fa2ae0-e053-4635-ad86-1a4182a6b965 req-97fa2ae0-e053-4635-ad86-1a4182a6b965 ] Request (AttachInterfacesTestJSON:_run_cleanups): 200 GET http://10.180.1.21/compute/v2.1/servers/3a7606e7-37de-411d-a478-d800677c3d13 0.130s
2025-04-25 19:30:15.005 70062 INFO tempest.lib.common.rest_client [req-96fdbe11-c2dc-484f-b394-23790bea4130 req-96fdbe11-c2dc-484f-b394-23790bea4130 ] Request (ServersAdminNegativeTestJSON:tearDownClass): 200 GET http://10.180.1.21/compute/v2.1/servers/8abeda56-35d3-4446-bc14-4ad781eaf1a0 0.073s
2025-04-25 19:30:15.013 70062 INFO tempest.common.waiters [-] State transition "ACTIVE/deleting" ==> "DELETED/None" after 5 second wait
2025-04-25 19:30:15.026 70020 INFO tempest.lib.common.rest_client [req-dec3f48f-05b3-4922-9546-0f110f82c237 req-dec3f48f-05b3-4922-9546-0f110f82c237 ] Request (ServerDiskConfigTestJSON:test_rebuild_server_with_manual_disk_config): 200 GET http://10.180.1.21/compute/v2.1/servers/666f7702-319f-454a-83be-82bc20009a5e 0.254s
2025-04-25 19:30:15.034 70020 INFO tempest.common.waiters [-] State transition "REBUILD/rebuild_block_device_mapping" ==> "REBUILD/rebuild_spawning" after 4 second wait
2025-04-25 19:30:15.069 70026 INFO tempest.lib.common.rest_client [req-e532b991-b150-4f09-8cb5-2e9630b18d14 req-e532b991-b150-4f09-8cb5-2e9630b18d14 ] Request (MultipleCreateTestJSON:test_multiple_create): 200 GET http://10.180.1.21/compute/v2.1/servers/8f407595-99e6-48aa-89f0-d094955621dd 0.054s
2025-04-25 19:30:15.112 70022 INFO tempest.lib.common.rest_client [req-d170ffa4-8ca5-4e94-86b9-c6d2707b848e req-d170ffa4-8ca5-4e94-86b9-c6d2707b848e ] Request (FloatingIPsAssociationTestJSON:test_associate_already_associated_floating_ip): 200 GET http://10.180.1.21/compute/v2.1/servers/6ae1e213-9754-452a-ba79-04910f983b7f 0.084s
2025-04-25 19:30:15.162 70038 INFO tempest.lib.common.rest_client [req-3eded405-4b98-4699-8906-08d5bb47d1a5 req-3eded405-4b98-4699-8906-08d5bb47d1a5 ] Request (ServerShowV247Test:test_update_rebuild_list_server): 200 GET http://10.180.1.21/compute/v2.1/servers/589c23ff-f8bc-478b-9fc6-b3a83c1988fe 0.057s
2025-04-25 19:30:15.179 70018 INFO tempest.lib.common.rest_client [req-922cb79a-f235-4e2a-80df-00d9030e93a9 req-922cb79a-f235-4e2a-80df-00d9030e93a9 ] Request (ServersV294TestFqdnHostnames:setUpClass): 200 GET http://10.180.1.21/compute/v2.1/servers/66a7da51-9efb-40f0-88a6-52b205a15be8 0.063s
2025-04-25 19:30:15.236 70064 INFO tempest.lib.common.rest_client [req-933b9a8d-1fd1-4401-a1e9-7f233ff7dfd4 req-933b9a8d-1fd1-4401-a1e9-7f233ff7dfd4 ] Request (SecurityGroupsTestJSON:test_server_security_groups): 200 GET http://10.180.1.21/compute/v2.1/servers/1baf08c6-9f09-463b-abe4-9fc3ffc9bd38 0.068s
2025-04-25 19:30:15.254 70040 INFO tempest.lib.common.rest_client [req-14ebd999-acca-413a-9de0-801578fb7528 req-14ebd999-acca-413a-9de0-801578fb7528 ] Request (AttachInterfacesUnderV243Test:_run_cleanups): 200 GET http://10.180.1.21/compute/v2.1/servers/0f69937d-222e-4155-8ecf-5d5fb86d68b6 0.082s
2025-04-25 19:30:15.287 70050 INFO tempest.lib.common.rest_client [req-daa48115-1cce-4bcc-b647-e3c423003924 req-daa48115-1cce-4bcc-b647-e3c423003924 ] Request (ListImageFiltersTestJSON:setUpClass): 200 GET http://10.180.1.21/compute/v2.1/servers/81b83080-599c-4426-807f-1faa83db2c35 0.065s
2025-04-25 19:30:15.323 70068 INFO tempest.lib.common.rest_client [req-df6c24ed-f6d2-4ffb-9b2f-feaaeff010bb req-df6c24ed-f6d2-4ffb-9b2f-feaaeff010bb ] Request (ServerGroupTestJSON:_run_cleanups): 200 GET http://10.180.1.21/compute/v2.1/servers/e228cfb3-e146-4148-bc18-b23080c2a06a 0.095s
2025-04-25 19:30:15.337 70014 INFO tempest.lib.common.rest_client [req-68f5a5a5-21bf-4bd2-a2a8-85df71051355 req-68f5a5a5-21bf-4bd2-a2a8-85df71051355 ] Request (ServersNegativeTestJSON:setUpClass): 200 GET http://10.180.1.21/compute/v2.1/servers/c2a6a3aa-1987-4ffe-a7b4-5d6802112141 0.063s
2025-04-25 19:30:15.437 70054 INFO tempest.lib.common.rest_client [req-e1dd9d14-5ef8-49bc-b049-702db29233ce req-e1dd9d14-5ef8-49bc-b049-702db29233ce ] Request (ServersListShow298Test:test_list_show_update_rebuild_server_298): 200 GET http://10.180.1.21/compute/v2.1/servers/67bbc2f0-bcac-401e-b6b4-4daf1db04b50 0.067s
2025-04-25 19:30:15.509 70056 INFO tempest.lib.common.rest_client [req-b620db59-3363-42ee-86fd-9d124820b57a req-b620db59-3363-42ee-86fd-9d124820b57a ] Request (ServersAdminTestJSON:setUpClass): 200 PUT http://10.180.1.21:9696/networking/v2.0/routers/8bf51eb9-a154-4e26-93d0-c428347ac150/add_router_interface 0.750s
2025-04-25 19:30:15.510 70056 INFO tempest.lib.common.dynamic_creds [-] Created isolated network resources for: credentials: Credentials: {'domain_id': 'default', 'domain_name': 'Default', 'username': 'tempest-ServersAdminTestJSON-2106607194-project-member', 'project_domain_id': 'default', 'project_domain_name': 'Default', 'project_id': 'b1a8427fd7b8481b8ee69e1eb37b46c4', 'project_name': 'tempest-ServersAdminTestJSON-2106607194', 'tenant_id': 'b1a8427fd7b8481b8ee69e1eb37b46c4', 'tenant_name': 'tempest-ServersAdminTestJSON-2106607194', 'user_domain_id': 'default', 'user_domain_name': 'Default', 'user_id': '009dfd82ed704828bc88401014c57d78', 'system': None}, Network: {'id': 'e38ea2dc-e946-4142-acf4-be204f303019', 'name': 'tempest-ServersAdminTestJSON-2021695450-network', 'tenant_id': 'b1a8427fd7b8481b8ee69e1eb37b46c4', 'admin_state_up': True, 'mtu': 8950, 'status': 'ACTIVE', 'subnets': [], 'shared': False, 'project_id': 'b1a8427fd7b8481b8ee69e1eb37b46c4', 'port_security_enabled': True, 'router:external': False, 'provider:network_type': 'vlan', 'provider:physical_network': 'default', 'provider:segmentation_id': 902, 'availability_zone_hints': [], 'availability_zones': [], 'ipv4_address_scope': None, 'ipv6_address_scope': None, 'description': '', 'tags': [], 'created_at': '2025-04-25T19:30:13Z', 'updated_at': '2025-04-25T19:30:13Z', 'revision_number': 1}, Subnet: {'id': '326191ae-47e8-4e0b-a7e8-4fcfc05c48f3', 'name': 'tempest-ServersAdminTestJSON-2021695450-subnet', 'tenant_id': 'b1a8427fd7b8481b8ee69e1eb37b46c4', 'network_id': 'e38ea2dc-e946-4142-acf4-be204f303019', 'ip_version': 4, 'subnetpool_id': None, 'enable_dhcp': True, 'ipv6_ra_mode': None, 'ipv6_address_mode': None, 'gateway_ip': '192.168.128.1', 'cidr': '192.168.128.0/28', 'allocation_pools': [{'start': '192.168.128.2', 'end': '192.168.128.14'}], 'host_routes': [], 'dns_nameservers': [], 'description': '', 'router:external': False, 'service_types': [], 'tags': [], 'created_at': '2025-04-25T19:30:14Z', 'updated_at': '2025-04-25T19:30:14Z', 'revision_number': 0, 'project_id': 'b1a8427fd7b8481b8ee69e1eb37b46c4'}, Router: {'id': '8bf51eb9-a154-4e26-93d0-c428347ac150', 'name': 'tempest-ServersAdminTestJSON-2021695450-router', 'tenant_id': 'b1a8427fd7b8481b8ee69e1eb37b46c4', 'admin_state_up': True, 'status': 'ACTIVE', 'external_gateway_info': {'network_id': 'eb75a9e6-a80e-4854-b97f-aba13f7b7607', 'external_fixed_ips': [{'subnet_id': '36fa28d6-7949-4e51-9dd2-567f66d15f77', 'ip_address': '10.180.180.155'}], 'enable_snat': True}, 'description': '', 'availability_zones': [], 'distributed': False, 'ha': False, 'availability_zone_hints': [], 'routes': [], 'flavor_id': None, 'tags': [], 'created_at': '2025-04-25T19:30:14Z', 'updated_at': '2025-04-25T19:30:14Z', 'revision_number': 2, 'project_id': 'b1a8427fd7b8481b8ee69e1eb37b46c4'}
2025-04-25 19:30:15.513 70060 INFO tempest.lib.common.rest_client [req-f5ca5c1e-2aac-4b45-90d2-99312f3df49e req-f5ca5c1e-2aac-4b45-90d2-99312f3df49e ] Request (ImagesTestJSON:test_create_image_from_suspended_server): 200 GET http://10.180.1.21/compute/v2.1/servers/1fccf1ff-d298-4dbe-b5cd-48ee5a6969cd 0.060s
2025-04-25 19:30:15.588 70056 INFO tempest.lib.common.rest_client [req-93599971-f72e-4851-a1d6-800d12eacd7d req-93599971-f72e-4851-a1d6-800d12eacd7d ] Request (ServersAdminTestJSON:setUpClass): 201 POST http://10.180.1.21/identity/v3/auth/tokens 0.075s
2025-04-25 19:30:15.599 70070 INFO tempest.lib.common.rest_client [req-7dc03e5b-ae18-4fb4-94cd-43e84ab54ff0 req-7dc03e5b-ae18-4fb4-94cd-43e84ab54ff0 ] Request (MigrationsAdminTest:test_resize_server_revert_deleted_flavor): 200 GET http://10.180.1.21/compute/v2.1/servers/abbd2490-51e6-4c89-865a-7ce4d096e72e 0.050s
2025-04-25 19:30:15.619 70056 INFO tempest.lib.common.rest_client [req-be8afa91-bf74-4138-84d4-362e448a2298 req-be8afa91-bf74-4138-84d4-362e448a2298 ] Request (ServersAdminTestJSON:setUpClass): 201 POST http://10.180.1.21/identity/v3/projects 0.029s
2025-04-25 19:30:15.664 70036 INFO tempest.lib.common.rest_client [req-247b06e7-7b2e-430d-a641-1e37dfbce2e5 req-247b06e7-7b2e-430d-a641-1e37dfbce2e5 ] Request (ListServerFiltersTestJSON:setUpClass): 200 GET http://10.180.1.21/compute/v2.1/servers/0baee1f7-d302-478a-a737-d2204fdbf87d 0.056s
2025-04-25 19:30:15.674 70056 INFO tempest.lib.common.rest_client [req-f2fc036d-b2c4-4323-b411-4c6d4917f41a req-f2fc036d-b2c4-4323-b411-4c6d4917f41a ] Request (ServersAdminTestJSON:setUpClass): 201 POST http://10.180.1.21/identity/v3/users 0.055s
2025-04-25 19:30:15.682 70028 INFO tempest.lib.common.rest_client [req-203b8488-30ca-45b3-9d7b-12b4d13872ac req-203b8488-30ca-45b3-9d7b-12b4d13872ac ] Request (ServerActionsTestOtherA:test_rebuild_server_in_stop_state): 200 GET http://10.180.1.21/compute/v2.1/servers/0c8ded47-c27f-4f0a-ac26-12d385127ec2 0.103s
2025-04-25 19:30:15.696 70056 INFO tempest.lib.common.rest_client [req-8805c7df-aa93-464e-8f01-fc92d77b3968 req-8805c7df-aa93-464e-8f01-fc92d77b3968 ] Request (ServersAdminTestJSON:setUpClass): 200 GET http://10.180.1.21/identity/v3/roles 0.021s
2025-04-25 19:30:15.720 70056 INFO tempest.lib.common.rest_client [req-6d4a63b6-472a-4c56-bad7-974ac9e39759 req-6d4a63b6-472a-4c56-bad7-974ac9e39759 ] Request (ServersAdminTestJSON:setUpClass): 204 PUT http://10.180.1.21/identity/v3/projects/e474663f837a436a88dc4548bd3c0e82/users/618dc94c78994e1396702297b2840e9d/roles/8666fe8681724d5eaad02e375e5fcee2 0.024s
2025-04-25 19:30:15.724 70074 INFO tempest.lib.common.rest_client [req-bf0cccef-0ecf-4716-90b7-c5401a5d719d req-bf0cccef-0ecf-4716-90b7-c5401a5d719d ] Request (ServersTestFqdnHostnames:tearDownClass): 200 GET http://10.180.1.21/compute/v2.1/servers/c5cf678b-99a6-4322-adfc-172f3e4d55f7 0.084s
2025-04-25 19:30:15.733 70035 INFO tempest.lib.common.rest_client [req-5734f9c2-0974-462f-83a6-03bc0a2cd4d8 req-5734f9c2-0974-462f-83a6-03bc0a2cd4d8 ] Request (ServerRescueTestJSON:test_rescue_unrescue_instance): 200 GET http://10.180.1.21/compute/v2.1/servers/690e0729-123d-4935-bcc4-2e0f8248ddc0 0.062s
2025-04-25 19:30:15.782 70056 INFO tempest.lib.common.rest_client [req-7add72a1-7147-48e4-9213-8de4251bffde req-7add72a1-7147-48e4-9213-8de4251bffde ] Request (ServersAdminTestJSON:setUpClass): 200 GET http://10.180.1.21/identity/v3/roles 0.061s
2025-04-25 19:30:15.809 70056 INFO tempest.lib.common.rest_client [req-1d5712fe-d3a0-40d7-8884-7f5af12279f5 req-1d5712fe-d3a0-40d7-8884-7f5af12279f5 ] Request (ServersAdminTestJSON:setUpClass): 204 PUT http://10.180.1.21/identity/v3/projects/e474663f837a436a88dc4548bd3c0e82/users/618dc94c78994e1396702297b2840e9d/roles/8666fe8681724d5eaad02e375e5fcee2 0.026s
2025-04-25 19:30:15.810 70056 INFO tempest.lib.common.dynamic_creds [-] Dynamic test user 618dc94c78994e1396702297b2840e9d is created with scope project and roles: ['admin']
2025-04-25 19:30:15.810 70056 INFO tempest.lib.common.dynamic_creds [-] Acquired dynamic creds: credentials: Credentials: {'domain_id': 'default', 'domain_name': 'Default', 'username': 'tempest-ServersAdminTestJSON-793976520-project-admin', 'project_domain_id': 'default', 'project_domain_name': 'Default', 'project_id': 'e474663f837a436a88dc4548bd3c0e82', 'project_name': 'tempest-ServersAdminTestJSON-793976520', 'tenant_id': 'e474663f837a436a88dc4548bd3c0e82', 'tenant_name': 'tempest-ServersAdminTestJSON-793976520', 'user_domain_id': 'default', 'user_domain_name': 'Default', 'user_id': '618dc94c78994e1396702297b2840e9d', 'system': None}, Network: None, Subnet: None, Router: None
2025-04-25 19:30:15.820 70042 INFO tempest.lib.common.rest_client [req-7ba50a62-0b2c-4561-9d5b-a8dab3577f75 req-7ba50a62-0b2c-4561-9d5b-a8dab3577f75 ] Request (ServerAddressesTestJSON:tearDownClass): 200 GET http://10.180.1.21/compute/v2.1/servers/328594d8-fc29-4d5f-a04f-047d540f9d56 0.071s
2025-04-25 19:30:15.899 70024 INFO tempest.lib.common.rest_client [req-6abc5252-e702-4410-b228-30d81ebf91dd req-6abc5252-e702-4410-b228-30d81ebf91dd ] Request (ImagesNegativeTestJSON:test_create_image_from_deleted_server): 200 GET http://10.180.1.21/compute/v2.1/servers/090defd1-8b7c-42f3-a9f3-4cb1308b8261 0.071s
2025-04-25 19:30:15.910 70016 INFO tempest.lib.common.rest_client [req-b66b4803-ed71-403d-8a98-a88377138d7f req-b66b4803-ed71-403d-8a98-a88377138d7f ] Request (ImagesOneServerNegativeTestJSON:tearDown): 200 GET http://10.180.1.21/compute/v2.1/servers/68f200f0-923a-40b8-97f6-81ee88818e71 0.158s
2025-04-25 19:30:15.917 70016 INFO tempest.common.waiters [-] State transition "ACTIVE/image_pending_upload" ==> "ACTIVE/image_uploading" after 3 second wait
2025-04-25 19:30:15.955 70012 INFO tempest.lib.common.rest_client [req-6463836e-8891-497f-9284-303d8faf07c5 req-6463836e-8891-497f-9284-303d8faf07c5 ] Request (ServerMetadataNegativeTestJSON:setUpClass): 200 GET http://10.180.1.21/compute/v2.1/servers/e89f8758-2853-47a5-9158-3c0d3e88b121 0.080s
2025-04-25 19:30:16.021 70032 INFO tempest.lib.common.rest_client [req-046bbadb-c561-484f-8303-0be2325f021c req-046bbadb-c561-484f-8303-0be2325f021c ] Request (AttachInterfacesTestJSON:_run_cleanups): 200 GET http://10.180.1.21/compute/v2.1/servers/3a7606e7-37de-411d-a478-d800677c3d13 0.071s
2025-04-25 19:30:16.029 70058 INFO tempest.lib.common.rest_client [req-3a9c61f8-5c28-42af-a4d8-a2863850d5e2 req-3a9c61f8-5c28-42af-a4d8-a2863850d5e2 ] Request (ServerActionsTestOtherB:test_resize_server_confirm_from_stopped): 200 GET http://10.180.1.21/compute/v2.1/servers/04800cfa-2e24-43bc-9198-0a0f41151dc0 0.144s
2025-04-25 19:30:16.053 70056 INFO tempest.lib.common.rest_client [req-ebe863b0-41a2-408c-a158-cb8aaf8170c9 req-ebe863b0-41a2-408c-a158-cb8aaf8170c9 ] Request (ServersAdminTestJSON:setUpClass): 201 POST http://10.180.1.21:9696/networking/v2.0/networks 0.242s
2025-04-25 19:30:16.096 70062 INFO tempest.lib.common.rest_client [req-8e2af992-9456-4f47-af7b-50e874c33cf9 req-8e2af992-9456-4f47-af7b-50e874c33cf9 ] Request (ServersAdminNegativeTestJSON:tearDownClass): 200 GET http://10.180.1.21/compute/v2.1/servers/8abeda56-35d3-4446-bc14-4ad781eaf1a0 0.081s
2025-04-25 19:30:16.173 70026 INFO tempest.lib.common.rest_client [req-22fe382d-968b-4d10-9ee5-8fc4ffc8d433 req-22fe382d-968b-4d10-9ee5-8fc4ffc8d433 ] Request (MultipleCreateTestJSON:test_multiple_create): 200 GET http://10.180.1.21/compute/v2.1/servers/8f407595-99e6-48aa-89f0-d094955621dd 0.092s
2025-04-25 19:30:16.197 70020 INFO tempest.lib.common.rest_client [req-35b6a5ad-aa03-4dc1-8c5b-b6804350c69e req-35b6a5ad-aa03-4dc1-8c5b-b6804350c69e ] Request (ServerDiskConfigTestJSON:test_rebuild_server_with_manual_disk_config): 200 GET http://10.180.1.21/compute/v2.1/servers/666f7702-319f-454a-83be-82bc20009a5e 0.157s
2025-04-25 19:30:16.242 70022 INFO tempest.lib.common.rest_client [req-1dfcd739-81c3-462f-8932-424bafc2e29c req-1dfcd739-81c3-462f-8932-424bafc2e29c ] Request (FloatingIPsAssociationTestJSON:test_associate_already_associated_floating_ip): 200 GET http://10.180.1.21/compute/v2.1/servers/6ae1e213-9754-452a-ba79-04910f983b7f 0.120s
2025-04-25 19:30:16.258 70038 INFO tempest.lib.common.rest_client [req-42014fe6-8335-4bcb-a9f4-6e155f1e47f4 req-42014fe6-8335-4bcb-a9f4-6e155f1e47f4 ] Request (ServerShowV247Test:test_update_rebuild_list_server): 200 GET http://10.180.1.21/compute/v2.1/servers/589c23ff-f8bc-478b-9fc6-b3a83c1988fe 0.086s
2025-04-25 19:30:16.309 70018 INFO tempest.lib.common.rest_client [req-e99a67f9-e9a7-4509-80fa-a290b4412716 req-e99a67f9-e9a7-4509-80fa-a290b4412716 ] Request (ServersV294TestFqdnHostnames:setUpClass): 200 GET http://10.180.1.21/compute/v2.1/servers/66a7da51-9efb-40f0-88a6-52b205a15be8 0.118s
2025-04-25 19:30:16.315 70064 INFO tempest.lib.common.rest_client [req-aa4e4c29-bfb7-4abe-a25a-6da364cc7711 req-aa4e4c29-bfb7-4abe-a25a-6da364cc7711 ] Request (SecurityGroupsTestJSON:test_server_security_groups): 200 GET http://10.180.1.21/compute/v2.1/servers/1baf08c6-9f09-463b-abe4-9fc3ffc9bd38 0.070s
2025-04-25 19:30:16.346 70056 INFO tempest.lib.common.rest_client [req-de3efa6f-7424-40ac-8da3-7497fe840c45 req-de3efa6f-7424-40ac-8da3-7497fe840c45 ] Request (ServersAdminTestJSON:setUpClass): 201 POST http://10.180.1.21:9696/networking/v2.0/subnets 0.292s
2025-04-25 19:30:16.377 70050 INFO tempest.lib.common.rest_client [req-a4873de7-4e83-452e-b812-06331d4942f8 req-a4873de7-4e83-452e-b812-06331d4942f8 ] Request (ListImageFiltersTestJSON:setUpClass): 200 GET http://10.180.1.21/compute/v2.1/servers/81b83080-599c-4426-807f-1faa83db2c35 0.082s
2025-04-25 19:30:16.379 70040 INFO tempest.lib.common.rest_client [req-cee57fcc-044d-46b1-a687-66f0d2a503a5 req-cee57fcc-044d-46b1-a687-66f0d2a503a5 ] Request (AttachInterfacesUnderV243Test:_run_cleanups): 200 GET http://10.180.1.21/compute/v2.1/servers/0f69937d-222e-4155-8ecf-5d5fb86d68b6 0.113s
2025-04-25 19:30:16.431 70014 INFO tempest.lib.common.rest_client [req-a405f570-d6cf-4573-8495-5b699e12369c req-a405f570-d6cf-4573-8495-5b699e12369c ] Request (ServersNegativeTestJSON:setUpClass): 200 GET http://10.180.1.21/compute/v2.1/servers/c2a6a3aa-1987-4ffe-a7b4-5d6802112141 0.084s
2025-04-25 19:30:16.448 70068 INFO tempest.lib.common.rest_client [req-1813b547-c8cf-485b-9368-2631087c1f7a req-1813b547-c8cf-485b-9368-2631087c1f7a ] Request (ServerGroupTestJSON:_run_cleanups): 200 GET http://10.180.1.21/compute/v2.1/servers/e228cfb3-e146-4148-bc18-b23080c2a06a 0.110s
2025-04-25 19:30:16.517 70054 INFO tempest.lib.common.rest_client [req-02e19ae6-2766-49ce-b329-0c3d5e1c7602 req-02e19ae6-2766-49ce-b329-0c3d5e1c7602 ] Request (ServersListShow298Test:test_list_show_update_rebuild_server_298): 200 GET http://10.180.1.21/compute/v2.1/servers/67bbc2f0-bcac-401e-b6b4-4daf1db04b50 0.065s
2025-04-25 19:30:16.576 70060 INFO tempest.lib.common.rest_client [req-3f096206-4ffd-41dc-b302-f5fc46f91740 req-3f096206-4ffd-41dc-b302-f5fc46f91740 ] Request (ImagesTestJSON:test_create_image_from_suspended_server): 200 GET http://10.180.1.21/compute/v2.1/servers/1fccf1ff-d298-4dbe-b5cd-48ee5a6969cd 0.052s
2025-04-25 19:30:16.665 70070 INFO tempest.lib.common.rest_client [req-515639f3-1fbe-41d7-935b-6ae84ed7d279 req-515639f3-1fbe-41d7-935b-6ae84ed7d279 ] Request (MigrationsAdminTest:test_resize_server_revert_deleted_flavor): 200 GET http://10.180.1.21/compute/v2.1/servers/abbd2490-51e6-4c89-865a-7ce4d096e72e 0.056s
2025-04-25 19:30:16.741 70036 INFO tempest.lib.common.rest_client [req-bae11745-b4d8-4b42-9de6-ff4fada5b396 req-bae11745-b4d8-4b42-9de6-ff4fada5b396 ] Request (ListServerFiltersTestJSON:setUpClass): 200 GET http://10.180.1.21/compute/v2.1/servers/0baee1f7-d302-478a-a737-d2204fdbf87d 0.068s
2025-04-25 19:30:16.818 70074 INFO tempest.lib.common.rest_client [req-681e3496-30a4-4296-bb88-9b5eccc429b0 req-681e3496-30a4-4296-bb88-9b5eccc429b0 ] Request (ServersTestFqdnHostnames:tearDownClass): 200 GET http://10.180.1.21/compute/v2.1/servers/c5cf678b-99a6-4322-adfc-172f3e4d55f7 0.086s
2025-04-25 19:30:16.838 70028 INFO tempest.lib.common.rest_client [req-3e18cbcc-deac-44c7-819c-c4f57b95fc4b req-3e18cbcc-deac-44c7-819c-c4f57b95fc4b ] Request (ServerActionsTestOtherA:test_rebuild_server_in_stop_state): 200 GET http://10.180.1.21/compute/v2.1/servers/0c8ded47-c27f-4f0a-ac26-12d385127ec2 0.146s
2025-04-25 19:30:16.845 70028 INFO tempest.common.waiters [-] State transition "REBUILD/rebuild_spawning" ==> "ACTIVE/None" after 9 second wait
2025-04-25 19:30:16.874 70035 INFO tempest.lib.common.rest_client [req-9171f43f-a4ec-41a6-80b7-4f987c1d5346 req-9171f43f-a4ec-41a6-80b7-4f987c1d5346 ] Request (ServerRescueTestJSON:test_rescue_unrescue_instance): 200 GET http://10.180.1.21/compute/v2.1/servers/690e0729-123d-4935-bcc4-2e0f8248ddc0 0.130s
2025-04-25 19:30:16.908 70042 INFO tempest.lib.common.rest_client [req-e3a0541a-152f-4f19-a0df-6e894d2a33d4 req-e3a0541a-152f-4f19-a0df-6e894d2a33d4 ] Request (ServerAddressesTestJSON:tearDownClass): 200 GET http://10.180.1.21/compute/v2.1/servers/328594d8-fc29-4d5f-a04f-047d540f9d56 0.078s
2025-04-25 19:30:16.985 70024 INFO tempest.lib.common.rest_client [req-bb54c8c6-3fc1-472d-b5c4-77a9e4d7426e req-bb54c8c6-3fc1-472d-b5c4-77a9e4d7426e ] Request (ImagesNegativeTestJSON:test_create_image_from_deleted_server): 200 GET http://10.180.1.21/compute/v2.1/servers/090defd1-8b7c-42f3-a9f3-4cb1308b8261 0.079s
2025-04-25 19:30:17.035 70016 INFO tempest.lib.common.rest_client [req-411711c1-0458-47d7-bb9e-582c777e6d4e req-411711c1-0458-47d7-bb9e-582c777e6d4e ] Request (ImagesOneServerNegativeTestJSON:tearDown): 200 GET http://10.180.1.21/compute/v2.1/servers/68f200f0-923a-40b8-97f6-81ee88818e71 0.114s
2025-04-25 19:30:17.042 70012 INFO tempest.lib.common.rest_client [req-0817dcf6-8eea-42bd-a147-f714b3ec68ca req-0817dcf6-8eea-42bd-a147-f714b3ec68ca ] Request (ServerMetadataNegativeTestJSON:setUpClass): 200 GET http://10.180.1.21/compute/v2.1/servers/e89f8758-2853-47a5-9158-3c0d3e88b121 0.076s
2025-04-25 19:30:17.053 70012 INFO tempest.common.waiters [-] State transition "BUILD/scheduling" ==> "BUILD/None" after 47 second wait
2025-04-25 19:30:17.076 70056 INFO tempest.lib.common.rest_client [req-8c7ed718-650a-46b1-8cba-26780f27d1ec req-8c7ed718-650a-46b1-8cba-26780f27d1ec ] Request (ServersAdminTestJSON:setUpClass): 201 POST http://10.180.1.21:9696/networking/v2.0/routers 0.729s
2025-04-25 19:30:17.124 70032 INFO tempest.lib.common.rest_client [req-b4041dfc-1c72-4388-96e3-1d68c1c22db0 req-b4041dfc-1c72-4388-96e3-1d68c1c22db0 ] Request (AttachInterfacesTestJSON:_run_cleanups): 200 GET http://10.180.1.21/compute/v2.1/servers/3a7606e7-37de-411d-a478-d800677c3d13 0.090s
2025-04-25 19:30:17.207 70062 INFO tempest.lib.common.rest_client [req-9022a7f2-ac71-4cbc-962c-d4aeb6582365 req-9022a7f2-ac71-4cbc-962c-d4aeb6582365 ] Request (ServersAdminNegativeTestJSON:tearDownClass): 200 GET http://10.180.1.21/compute/v2.1/servers/8abeda56-35d3-4446-bc14-4ad781eaf1a0 0.096s
2025-04-25 19:30:17.221 70058 INFO tempest.lib.common.rest_client [req-aedb28a2-3c9d-4231-ab1f-617390d22b8a req-aedb28a2-3c9d-4231-ab1f-617390d22b8a ] Request (ServerActionsTestOtherB:test_resize_server_confirm_from_stopped): 200 GET http://10.180.1.21/compute/v2.1/servers/04800cfa-2e24-43bc-9198-0a0f41151dc0 0.181s
2025-04-25 19:30:17.268 70026 INFO tempest.lib.common.rest_client [req-e2d89311-75b2-49c0-a562-b20668b2ff22 req-e2d89311-75b2-49c0-a562-b20668b2ff22 ] Request (MultipleCreateTestJSON:test_multiple_create): 200 GET http://10.180.1.21/compute/v2.1/servers/8f407595-99e6-48aa-89f0-d094955621dd 0.083s
2025-04-25 19:30:17.320 70022 INFO tempest.lib.common.rest_client [req-07b912d7-039f-4bf3-b265-2acab9b45cd5 req-07b912d7-039f-4bf3-b265-2acab9b45cd5 ] Request (FloatingIPsAssociationTestJSON:test_associate_already_associated_floating_ip): 200 GET http://10.180.1.21/compute/v2.1/servers/6ae1e213-9754-452a-ba79-04910f983b7f 0.068s
2025-04-25 19:30:17.337 70020 INFO tempest.lib.common.rest_client [req-2dfed331-8a71-4f6f-a56f-f520389588b3 req-2dfed331-8a71-4f6f-a56f-f520389588b3 ] Request (ServerDiskConfigTestJSON:test_rebuild_server_with_manual_disk_config): 200 GET http://10.180.1.21/compute/v2.1/servers/666f7702-319f-454a-83be-82bc20009a5e 0.131s
2025-04-25 19:30:17.401 70018 INFO tempest.lib.common.rest_client [req-fe4e3501-4c01-4964-87d3-56f2c994252b req-fe4e3501-4c01-4964-87d3-56f2c994252b ] Request (ServersV294TestFqdnHostnames:setUpClass): 200 GET http://10.180.1.21/compute/v2.1/servers/66a7da51-9efb-40f0-88a6-52b205a15be8 0.076s
2025-04-25 19:30:17.407 70038 INFO tempest.lib.common.rest_client [req-1367ba76-a791-4408-9b7f-45fb8f1bfd67 req-1367ba76-a791-4408-9b7f-45fb8f1bfd67 ] Request (ServerShowV247Test:test_update_rebuild_list_server): 200 GET http://10.180.1.21/compute/v2.1/servers/589c23ff-f8bc-478b-9fc6-b3a83c1988fe 0.140s
2025-04-25 19:30:17.469 70064 INFO tempest.lib.common.rest_client [req-f1ac1078-5589-47ef-96a1-f0cd27d67c54 req-f1ac1078-5589-47ef-96a1-f0cd27d67c54 ] Request (SecurityGroupsTestJSON:test_server_security_groups): 200 GET http://10.180.1.21/compute/v2.1/servers/1baf08c6-9f09-463b-abe4-9fc3ffc9bd38 0.142s
2025-04-25 19:30:17.481 70050 INFO tempest.lib.common.rest_client [req-19d7f065-0663-4041-b3d0-02e9080905e7 req-19d7f065-0663-4041-b3d0-02e9080905e7 ] Request (ListImageFiltersTestJSON:setUpClass): 200 GET http://10.180.1.21/compute/v2.1/servers/81b83080-599c-4426-807f-1faa83db2c35 0.095s
2025-04-25 19:30:17.545 70040 INFO tempest.lib.common.rest_client [req-e5a41e13-10a4-42bc-bda6-f71cca322810 req-e5a41e13-10a4-42bc-bda6-f71cca322810 ] Request (AttachInterfacesUnderV243Test:_run_cleanups): 200 GET http://10.180.1.21/compute/v2.1/servers/0f69937d-222e-4155-8ecf-5d5fb86d68b6 0.153s
2025-04-25 19:30:17.547 70014 INFO tempest.lib.common.rest_client [req-e790ebf0-e19e-493d-8e7e-7c5d6a0adf51 req-e790ebf0-e19e-493d-8e7e-7c5d6a0adf51 ] Request (ServersNegativeTestJSON:setUpClass): 200 GET http://10.180.1.21/compute/v2.1/servers/c2a6a3aa-1987-4ffe-a7b4-5d6802112141 0.105s
2025-04-25 19:30:17.607 70068 INFO tempest.lib.common.rest_client [req-e0d237c5-e154-4ffb-8f63-71381daaa995 req-e0d237c5-e154-4ffb-8f63-71381daaa995 ] Request (ServerGroupTestJSON:_run_cleanups): 200 GET http://10.180.1.21/compute/v2.1/servers/e228cfb3-e146-4148-bc18-b23080c2a06a 0.149s
2025-04-25 19:30:17.619 70054 INFO tempest.lib.common.rest_client [req-d2f4561e-c05f-478e-b7e5-b5d6ecffa154 req-d2f4561e-c05f-478e-b7e5-b5d6ecffa154 ] Request (ServersListShow298Test:test_list_show_update_rebuild_server_298): 200 GET http://10.180.1.21/compute/v2.1/servers/67bbc2f0-bcac-401e-b6b4-4daf1db04b50 0.091s
2025-04-25 19:30:17.660 70060 INFO tempest.lib.common.rest_client [req-f7cc9d2d-4f9a-447d-bcf3-fccde4393b1c req-f7cc9d2d-4f9a-447d-bcf3-fccde4393b1c ] Request (ImagesTestJSON:test_create_image_from_suspended_server): 200 GET http://10.180.1.21/compute/v2.1/servers/1fccf1ff-d298-4dbe-b5cd-48ee5a6969cd 0.075s
2025-04-25 19:30:17.743 70070 INFO tempest.lib.common.rest_client [req-41b643a0-0b4c-444f-9029-07540915db65 req-41b643a0-0b4c-444f-9029-07540915db65 ] Request (MigrationsAdminTest:test_resize_server_revert_deleted_flavor): 200 GET http://10.180.1.21/compute/v2.1/servers/abbd2490-51e6-4c89-865a-7ce4d096e72e 0.064s
2025-04-25 19:30:17.814 70036 INFO tempest.lib.common.rest_client [req-a82aee04-f3d4-4095-805e-bb81a872ec17 req-a82aee04-f3d4-4095-805e-bb81a872ec17 ] Request (ListServerFiltersTestJSON:setUpClass): 200 GET http://10.180.1.21/compute/v2.1/servers/0baee1f7-d302-478a-a737-d2204fdbf87d 0.059s
2025-04-25 19:30:17.853 70074 INFO tempest.lib.common.rest_client [req-625ae3fa-72ef-4b4d-8bd0-5afeb866e19a req-625ae3fa-72ef-4b4d-8bd0-5afeb866e19a ] Request (ServersTestFqdnHostnames:tearDownClass): 404 GET http://10.180.1.21/compute/v2.1/servers/c5cf678b-99a6-4322-adfc-172f3e4d55f7 0.023s
2025-04-25 19:30:17.877 70074 INFO tempest.lib.common.rest_client [req-ce2a7cae-8439-4a76-835c-1874d551dbc0 req-ce2a7cae-8439-4a76-835c-1874d551dbc0 ] Request (ServersTestFqdnHostnames:tearDownClass): 202 DELETE http://10.180.1.21/compute/v2.1/os-keypairs/tempest-keypair-915774791 0.023s
2025-04-25 19:30:17.960 70035 INFO tempest.lib.common.rest_client [req-0b6b7e38-65ef-4e65-96e1-78dde48d0d32 req-0b6b7e38-65ef-4e65-96e1-78dde48d0d32 ] Request (ServerRescueTestJSON:test_rescue_unrescue_instance): 200 GET http://10.180.1.21/compute/v2.1/servers/690e0729-123d-4935-bcc4-2e0f8248ddc0 0.077s
2025-04-25 19:30:17.983 70028 INFO tempest.lib.common.rest_client [req-4da0bd73-5156-4ec3-aec5-030a81d8f278 req-4da0bd73-5156-4ec3-aec5-030a81d8f278 ] Request (ServerActionsTestOtherA:test_rebuild_server_in_stop_state): 200 GET http://10.180.1.21/compute/v2.1/servers/0c8ded47-c27f-4f0a-ac26-12d385127ec2 0.137s
2025-04-25 19:30:17.990 70028 INFO tempest.common.waiters [-] State transition "ACTIVE/None" ==> "ACTIVE/powering-off" after 10 second wait
2025-04-25 19:30:18.018 70042 INFO tempest.lib.common.rest_client [req-66013c79-b3aa-48ba-86eb-03a839230a33 req-66013c79-b3aa-48ba-86eb-03a839230a33 ] Request (ServerAddressesTestJSON:tearDownClass): 200 GET http://10.180.1.21/compute/v2.1/servers/328594d8-fc29-4d5f-a04f-047d540f9d56 0.099s
2025-04-25 19:30:18.024 70074 INFO tempest.lib.common.rest_client [req-2e32c862-eb83-409a-ba33-c352f45ffd70 req-2e32c862-eb83-409a-ba33-c352f45ffd70 ] Request (ServersTestFqdnHostnames:tearDownClass): 204 DELETE http://10.180.1.21:9696/networking/v2.0/security-groups/339553a7-1e43-4dfd-9442-5889c248b938 0.147s
2025-04-25 19:30:18.042 70074 INFO tempest.lib.common.rest_client [req-f1f2ff20-4133-4acb-83f5-4901f02f5d73 req-f1f2ff20-4133-4acb-83f5-4901f02f5d73 ] Request (ServersTestFqdnHostnames:tearDownClass): 404 GET http://10.180.1.21:9696/networking/v2.0/security-groups/339553a7-1e43-4dfd-9442-5889c248b938 0.017s
2025-04-25 19:30:18.057 70024 INFO tempest.lib.common.rest_client [req-8c59146a-83e8-4ffe-b9b4-cd4a847b5776 req-8c59146a-83e8-4ffe-b9b4-cd4a847b5776 ] Request (ImagesNegativeTestJSON:test_create_image_from_deleted_server): 200 GET http://10.180.1.21/compute/v2.1/servers/090defd1-8b7c-42f3-a9f3-4cb1308b8261 0.063s
2025-04-25 19:30:18.130 70012 INFO tempest.lib.common.rest_client [req-fd8d9a3e-cc13-41cf-a8b2-ca002395b671 req-fd8d9a3e-cc13-41cf-a8b2-ca002395b671 ] Request (ServerMetadataNegativeTestJSON:setUpClass): 200 GET http://10.180.1.21/compute/v2.1/servers/e89f8758-2853-47a5-9158-3c0d3e88b121 0.074s
2025-04-25 19:30:18.144 70056 INFO tempest.lib.common.rest_client [req-6e492fcc-5445-47a3-b920-c5500cabe22f req-6e492fcc-5445-47a3-b920-c5500cabe22f ] Request (ServersAdminTestJSON:setUpClass): 200 PUT http://10.180.1.21:9696/networking/v2.0/routers/e94a3e58-a31c-4672-8161-b5669586b772/add_router_interface 1.068s
2025-04-25 19:30:18.145 70056 INFO tempest.lib.common.dynamic_creds [-] Created isolated network resources for: credentials: Credentials: {'domain_id': 'default', 'domain_name': 'Default', 'username': 'tempest-ServersAdminTestJSON-793976520-project-admin', 'project_domain_id': 'default', 'project_domain_name': 'Default', 'project_id': 'e474663f837a436a88dc4548bd3c0e82', 'project_name': 'tempest-ServersAdminTestJSON-793976520', 'tenant_id': 'e474663f837a436a88dc4548bd3c0e82', 'tenant_name': 'tempest-ServersAdminTestJSON-793976520', 'user_domain_id': 'default', 'user_domain_name': 'Default', 'user_id': '618dc94c78994e1396702297b2840e9d', 'system': None}, Network: {'id': '099d8982-2cc4-4f0b-bfd8-157cce1a7a15', 'name': 'tempest-ServersAdminTestJSON-1776316244-network', 'tenant_id': 'e474663f837a436a88dc4548bd3c0e82', 'admin_state_up': True, 'mtu': 8950, 'status': 'ACTIVE', 'subnets': [], 'shared': False, 'project_id': 'e474663f837a436a88dc4548bd3c0e82', 'port_security_enabled': True, 'router:external': False, 'provider:network_type': 'vlan', 'provider:physical_network': 'default', 'provider:segmentation_id': 236, 'availability_zone_hints': [], 'availability_zones': [], 'ipv4_address_scope': None, 'ipv6_address_scope': None, 'description': '', 'tags': [], 'created_at': '2025-04-25T19:30:15Z', 'updated_at': '2025-04-25T19:30:15Z', 'revision_number': 1}, Subnet: {'id': '514f6baa-843b-4a79-b086-424135c20b66', 'name': 'tempest-ServersAdminTestJSON-1776316244-subnet', 'tenant_id': 'e474663f837a436a88dc4548bd3c0e82', 'network_id': '099d8982-2cc4-4f0b-bfd8-157cce1a7a15', 'ip_version': 4, 'subnetpool_id': None, 'enable_dhcp': True, 'ipv6_ra_mode': None, 'ipv6_address_mode': None, 'gateway_ip': '192.168.128.1', 'cidr': '192.168.128.0/28', 'allocation_pools': [{'start': '192.168.128.2', 'end': '192.168.128.14'}], 'host_routes': [], 'dns_nameservers': [], 'description': '', 'router:external': False, 'service_types': [], 'tags': [], 'created_at': '2025-04-25T19:30:16Z', 'updated_at': '2025-04-25T19:30:16Z', 'revision_number': 0, 'project_id': 'e474663f837a436a88dc4548bd3c0e82'}, Router: {'id': 'e94a3e58-a31c-4672-8161-b5669586b772', 'name': 'tempest-ServersAdminTestJSON-1776316244-router', 'tenant_id': 'e474663f837a436a88dc4548bd3c0e82', 'admin_state_up': True, 'status': 'ACTIVE', 'external_gateway_info': {'network_id': 'eb75a9e6-a80e-4854-b97f-aba13f7b7607', 'external_fixed_ips': [{'subnet_id': '36fa28d6-7949-4e51-9dd2-567f66d15f77', 'ip_address': '10.180.180.148'}], 'enable_snat': True}, 'description': '', 'availability_zones': [], 'distributed': False, 'ha': False, 'availability_zone_hints': [], 'routes': [], 'flavor_id': None, 'tags': [], 'created_at': '2025-04-25T19:30:16Z', 'updated_at': '2025-04-25T19:30:16Z', 'revision_number': 2, 'project_id': 'e474663f837a436a88dc4548bd3c0e82'}
2025-04-25 19:30:18.194 70016 INFO tempest.lib.common.rest_client [req-f3be908d-2029-4de1-acd4-a18f6ec26b26 req-f3be908d-2029-4de1-acd4-a18f6ec26b26 ] Request (ImagesOneServerNegativeTestJSON:tearDown): 200 GET http://10.180.1.21/compute/v2.1/servers/68f200f0-923a-40b8-97f6-81ee88818e71 0.144s
2025-04-25 19:30:18.218 70032 INFO tempest.lib.common.rest_client [req-836c32ff-fab6-4165-9890-5d20614701bb req-836c32ff-fab6-4165-9890-5d20614701bb ] Request (AttachInterfacesTestJSON:_run_cleanups): 200 GET http://10.180.1.21/compute/v2.1/servers/3a7606e7-37de-411d-a478-d800677c3d13 0.082s
2025-04-25 19:30:18.293 70056 INFO tempest.lib.common.rest_client [req-5f30fb34-2fc0-45fd-b3f8-7875b5581440 req-5f30fb34-2fc0-45fd-b3f8-7875b5581440 ] Request (ServersAdminTestJSON:setUpClass): 201 POST http://10.180.1.21/identity/v3/auth/tokens 0.144s
2025-04-25 19:30:18.317 70062 INFO tempest.lib.common.rest_client [req-9e22002f-8e87-4e90-8e7e-dcbdc73f6305 req-9e22002f-8e87-4e90-8e7e-dcbdc73f6305 ] Request (ServersAdminNegativeTestJSON:tearDownClass): 200 GET http://10.180.1.21/compute/v2.1/servers/8abeda56-35d3-4446-bc14-4ad781eaf1a0 0.094s
2025-04-25 19:30:18.352 70074 INFO tempest.lib.common.rest_client [req-1ba2d700-55bc-48fe-beb0-0fbe62a70dff req-1ba2d700-55bc-48fe-beb0-0fbe62a70dff ] Request (ServersTestFqdnHostnames:tearDownClass): 204 DELETE http://10.180.1.21:9696/networking/v2.0/floatingips/9986d61f-5a06-42a6-a533-33e4b66d499a 0.309s
2025-04-25 19:30:18.383 70026 INFO tempest.lib.common.rest_client [req-ccd182da-0637-4f39-8425-c010d857201a req-ccd182da-0637-4f39-8425-c010d857201a ] Request (MultipleCreateTestJSON:test_multiple_create): 200 GET http://10.180.1.21/compute/v2.1/servers/8f407595-99e6-48aa-89f0-d094955621dd 0.105s
2025-04-25 19:30:18.384 70056 INFO tempest.lib.common.rest_client [req-146d395b-77eb-4c52-8a6e-0b1321b06f8b req-146d395b-77eb-4c52-8a6e-0b1321b06f8b ] Request (ServersAdminTestJSON:setUpClass): 201 POST http://10.180.1.21/identity/v3/auth/tokens 0.087s
2025-04-25 19:30:18.384 70058 INFO tempest.lib.common.rest_client [req-432aab3a-f62f-4c63-bcc7-b350699e1251 req-432aab3a-f62f-4c63-bcc7-b350699e1251 ] Request (ServerActionsTestOtherB:test_resize_server_confirm_from_stopped): 200 GET http://10.180.1.21/compute/v2.1/servers/04800cfa-2e24-43bc-9198-0a0f41151dc0 0.154s
2025-04-25 19:30:18.384 70056 INFO tempest.lib.common.fixed_network [-] (ServersAdminTestJSON:setUpClass) Found network {'id': 'e38ea2dc-e946-4142-acf4-be204f303019', 'name': 'tempest-ServersAdminTestJSON-2021695450-network', 'tenant_id': 'b1a8427fd7b8481b8ee69e1eb37b46c4', 'admin_state_up': True, 'mtu': 8950, 'status': 'ACTIVE', 'subnets': [], 'shared': False, 'project_id': 'b1a8427fd7b8481b8ee69e1eb37b46c4', 'port_security_enabled': True, 'router:external': False, 'provider:network_type': 'vlan', 'provider:physical_network': 'default', 'provider:segmentation_id': 902, 'availability_zone_hints': [], 'availability_zones': [], 'ipv4_address_scope': None, 'ipv6_address_scope': None, 'description': '', 'tags': [], 'created_at': '2025-04-25T19:30:13Z', 'updated_at': '2025-04-25T19:30:13Z', 'revision_number': 1} available for tenant
2025-04-25 19:30:18.441 70022 INFO tempest.lib.common.rest_client [req-4a212115-372d-4ba8-91f6-a1f12ee4c2ad req-4a212115-372d-4ba8-91f6-a1f12ee4c2ad ] Request (FloatingIPsAssociationTestJSON:test_associate_already_associated_floating_ip): 200 GET http://10.180.1.21/compute/v2.1/servers/6ae1e213-9754-452a-ba79-04910f983b7f 0.105s
2025-04-25 19:30:18.485 70020 INFO tempest.lib.common.rest_client [req-bcd3392d-2321-4baf-b54f-155d174aa9ba req-bcd3392d-2321-4baf-b54f-155d174aa9ba ] Request (ServerDiskConfigTestJSON:test_rebuild_server_with_manual_disk_config): 200 GET http://10.180.1.21/compute/v2.1/servers/666f7702-319f-454a-83be-82bc20009a5e 0.136s
2025-04-25 19:30:18.553 70038 INFO tempest.lib.common.rest_client [req-b5bb5316-cff2-479f-b831-3da5c94c0e32 req-b5bb5316-cff2-479f-b831-3da5c94c0e32 ] Request (ServerShowV247Test:test_update_rebuild_list_server): 200 GET http://10.180.1.21/compute/v2.1/servers/589c23ff-f8bc-478b-9fc6-b3a83c1988fe 0.137s
2025-04-25 19:30:18.630 70018 INFO tempest.lib.common.rest_client [req-58de1bef-1516-4a71-a5dd-8d1d1df114cc req-58de1bef-1516-4a71-a5dd-8d1d1df114cc ] Request (ServersV294TestFqdnHostnames:setUpClass): 200 GET http://10.180.1.21/compute/v2.1/servers/66a7da51-9efb-40f0-88a6-52b205a15be8 0.212s
2025-04-25 19:30:18.699 70064 INFO tempest.lib.common.rest_client [req-25e7bd4c-75a3-4697-9f57-b650f7955dab req-25e7bd4c-75a3-4697-9f57-b650f7955dab ] Request (SecurityGroupsTestJSON:test_server_security_groups): 200 GET http://10.180.1.21/compute/v2.1/servers/1baf08c6-9f09-463b-abe4-9fc3ffc9bd38 0.222s
2025-04-25 19:30:18.754 70050 INFO tempest.lib.common.rest_client [req-1b7e9101-9b4d-428d-ab9e-4aa08a4bda68 req-1b7e9101-9b4d-428d-ab9e-4aa08a4bda68 ] Request (ListImageFiltersTestJSON:setUpClass): 200 GET http://10.180.1.21/compute/v2.1/servers/81b83080-599c-4426-807f-1faa83db2c35 0.260s
2025-04-25 19:30:18.807 70014 INFO tempest.lib.common.rest_client [req-a71d2125-7992-41af-a534-5f2b3555118e req-a71d2125-7992-41af-a534-5f2b3555118e ] Request (ServersNegativeTestJSON:setUpClass): 200 GET http://10.180.1.21/compute/v2.1/servers/c2a6a3aa-1987-4ffe-a7b4-5d6802112141 0.250s
2025-04-25 19:30:18.870 70040 INFO tempest.lib.common.rest_client [req-e6506a5f-467e-4be1-895a-9ba302339219 req-e6506a5f-467e-4be1-895a-9ba302339219 ] Request (AttachInterfacesUnderV243Test:_run_cleanups): 200 GET http://10.180.1.21/compute/v2.1/servers/0f69937d-222e-4155-8ecf-5d5fb86d68b6 0.312s
2025-04-25 19:30:18.915 70056 INFO tempest.lib.common.rest_client [req-b1c2700f-a8cf-4813-8575-aec0f2dd885e req-b1c2700f-a8cf-4813-8575-aec0f2dd885e ] Request (ServersAdminTestJSON:setUpClass): 202 POST http://10.180.1.21/compute/v2.1/servers 0.530s
2025-04-25 19:30:18.935 70068 INFO tempest.lib.common.rest_client [req-48eabe0c-a59d-43e1-9edd-298a11416564 req-48eabe0c-a59d-43e1-9edd-298a11416564 ] Request (ServerGroupTestJSON:_run_cleanups): 200 GET http://10.180.1.21/compute/v2.1/servers/e228cfb3-e146-4148-bc18-b23080c2a06a 0.320s
2025-04-25 19:30:18.968 70056 INFO tempest.lib.common.rest_client [req-239bc89d-3075-40b5-9061-1448338b9474 req-239bc89d-3075-40b5-9061-1448338b9474 ] Request (ServersAdminTestJSON:setUpClass): 201 POST http://10.180.1.21/identity/v3/auth/tokens 0.049s
2025-04-25 19:30:18.969 70056 INFO tempest.lib.common.fixed_network [-] (ServersAdminTestJSON:setUpClass) Found network {'id': 'e38ea2dc-e946-4142-acf4-be204f303019', 'name': 'tempest-ServersAdminTestJSON-2021695450-network', 'tenant_id': 'b1a8427fd7b8481b8ee69e1eb37b46c4', 'admin_state_up': True, 'mtu': 8950, 'status': 'ACTIVE', 'subnets': [], 'shared': False, 'project_id': 'b1a8427fd7b8481b8ee69e1eb37b46c4', 'port_security_enabled': True, 'router:external': False, 'provider:network_type': 'vlan', 'provider:physical_network': 'default', 'provider:segmentation_id': 902, 'availability_zone_hints': [], 'availability_zones': [], 'ipv4_address_scope': None, 'ipv6_address_scope': None, 'description': '', 'tags': [], 'created_at': '2025-04-25T19:30:13Z', 'updated_at': '2025-04-25T19:30:13Z', 'revision_number': 1} available for tenant
2025-04-25 19:30:18.992 70060 INFO tempest.lib.common.rest_client [req-0fb6c74c-f598-40a3-bd7a-af175c440c40 req-0fb6c74c-f598-40a3-bd7a-af175c440c40 ] Request (ImagesTestJSON:test_create_image_from_suspended_server): 200 GET http://10.180.1.21/compute/v2.1/servers/1fccf1ff-d298-4dbe-b5cd-48ee5a6969cd 0.314s
2025-04-25 19:30:18.996 70054 INFO tempest.lib.common.rest_client [req-ca5957e4-46f9-48b5-9f53-b56ac3d162b9 req-ca5957e4-46f9-48b5-9f53-b56ac3d162b9 ] Request (ServersListShow298Test:test_list_show_update_rebuild_server_298): 200 GET http://10.180.1.21/compute/v2.1/servers/67bbc2f0-bcac-401e-b6b4-4daf1db04b50 0.363s
2025-04-25 19:30:19.031 70074 INFO tempest.lib.common.rest_client [req-3c4414cc-4a58-496e-aa24-995954f52502 req-3c4414cc-4a58-496e-aa24-995954f52502 ] Request (ServersTestFqdnHostnames:tearDownClass): 200 PUT http://10.180.1.21:9696/networking/v2.0/routers/496af133-8856-4cbb-9c4d-5a2817dc3589/remove_router_interface 0.679s
2025-04-25 19:30:19.059 70036 INFO tempest.lib.common.rest_client [req-e03b859b-fc7c-4d4b-9542-02c00bc206c8 req-e03b859b-fc7c-4d4b-9542-02c00bc206c8 ] Request (ListServerFiltersTestJSON:setUpClass): 200 GET http://10.180.1.21/compute/v2.1/servers/0baee1f7-d302-478a-a737-d2204fdbf87d 0.237s
2025-04-25 19:30:19.060 70070 INFO tempest.lib.common.rest_client [req-5cedca13-ba8d-4c36-ba23-79d1c6800d98 req-5cedca13-ba8d-4c36-ba23-79d1c6800d98 ] Request (MigrationsAdminTest:test_resize_server_revert_deleted_flavor): 200 GET http://10.180.1.21/compute/v2.1/servers/abbd2490-51e6-4c89-865a-7ce4d096e72e 0.309s
2025-04-25 19:30:19.143 70035 INFO tempest.lib.common.rest_client [req-fe507e5c-3845-44ca-8148-36705601f4db req-fe507e5c-3845-44ca-8148-36705601f4db ] Request (ServerRescueTestJSON:test_rescue_unrescue_instance): 200 GET http://10.180.1.21/compute/v2.1/servers/690e0729-123d-4935-bcc4-2e0f8248ddc0 0.170s
2025-04-25 19:30:19.350 70028 INFO tempest.lib.common.rest_client [req-db29f676-daf5-432e-9beb-0b73e36790ad req-db29f676-daf5-432e-9beb-0b73e36790ad ] Request (ServerActionsTestOtherA:test_rebuild_server_in_stop_state): 200 GET http://10.180.1.21/compute/v2.1/servers/0c8ded47-c27f-4f0a-ac26-12d385127ec2 0.359s
2025-04-25 19:30:19.358 70028 INFO tempest.common.waiters [-] State transition "ACTIVE/powering-off" ==> "SHUTOFF/None" after 12 second wait
2025-04-25 19:30:19.393 70074 INFO tempest.lib.common.rest_client [req-89c8be01-5ad4-46df-a221-42f542c8fb8c req-89c8be01-5ad4-46df-a221-42f542c8fb8c ] Request (ServersTestFqdnHostnames:tearDownClass): 204 DELETE http://10.180.1.21:9696/networking/v2.0/routers/496af133-8856-4cbb-9c4d-5a2817dc3589 0.362s
2025-04-25 19:30:19.393 70056 INFO tempest.lib.common.rest_client [req-cec586ac-c8c1-4055-b178-5f41b214dc75 req-cec586ac-c8c1-4055-b178-5f41b214dc75 ] Request (ServersAdminTestJSON:setUpClass): 202 POST http://10.180.1.21/compute/v2.1/servers 0.424s
2025-04-25 19:30:19.410 70042 INFO tempest.lib.common.rest_client [req-2e1a20bf-1a2f-4674-9f59-ee75f528c848 req-2e1a20bf-1a2f-4674-9f59-ee75f528c848 ] Request (ServerAddressesTestJSON:tearDownClass): 200 GET http://10.180.1.21/compute/v2.1/servers/328594d8-fc29-4d5f-a04f-047d540f9d56 0.379s
2025-04-25 19:30:19.471 70012 INFO tempest.lib.common.rest_client [req-dd0c565d-9be2-4e2a-8639-ae03958f83da req-dd0c565d-9be2-4e2a-8639-ae03958f83da ] Request (ServerMetadataNegativeTestJSON:setUpClass): 200 GET http://10.180.1.21/compute/v2.1/servers/e89f8758-2853-47a5-9158-3c0d3e88b121 0.327s
2025-04-25 19:30:19.472 70024 INFO tempest.lib.common.rest_client [req-da23933c-ee57-4579-84a5-53573c1392db req-da23933c-ee57-4579-84a5-53573c1392db ] Request (ImagesNegativeTestJSON:test_create_image_from_deleted_server): 200 GET http://10.180.1.21/compute/v2.1/servers/090defd1-8b7c-42f3-a9f3-4cb1308b8261 0.401s
2025-04-25 19:30:19.540 70074 INFO tempest.lib.common.rest_client [req-f57ba3b1-cacf-4b8d-91b1-25fa61266991 req-f57ba3b1-cacf-4b8d-91b1-25fa61266991 ] Request (ServersTestFqdnHostnames:tearDownClass): 204 DELETE http://10.180.1.21:9696/networking/v2.0/subnets/55549e40-1ee1-4b03-80d8-03d8b823f5d4 0.146s
2025-04-25 19:30:19.554 70032 INFO tempest.lib.common.rest_client [req-7235b3cf-b015-4773-9223-0d77e6af6260 req-7235b3cf-b015-4773-9223-0d77e6af6260 ] Request (AttachInterfacesTestJSON:_run_cleanups): 200 GET http://10.180.1.21/compute/v2.1/servers/3a7606e7-37de-411d-a478-d800677c3d13 0.324s
2025-04-25 19:30:19.602 70016 INFO tempest.lib.common.rest_client [req-73992de4-5dc0-4cf1-b1ec-75336086c991 req-73992de4-5dc0-4cf1-b1ec-75336086c991 ] Request (ImagesOneServerNegativeTestJSON:tearDown): 200 GET http://10.180.1.21/compute/v2.1/servers/68f200f0-923a-40b8-97f6-81ee88818e71 0.399s
2025-04-25 19:30:19.610 70016 INFO tempest.common.waiters [-] State transition "ACTIVE/image_uploading" ==> "ACTIVE/None" after 7 second wait
2025-04-25 19:30:19.628 70062 INFO tempest.lib.common.rest_client [req-eabffcad-2eee-40ac-a9b9-a0ac5b83449f req-eabffcad-2eee-40ac-a9b9-a0ac5b83449f ] Request (ServersAdminNegativeTestJSON:tearDownClass): 200 GET http://10.180.1.21/compute/v2.1/servers/8abeda56-35d3-4446-bc14-4ad781eaf1a0 0.299s
2025-04-25 19:30:19.738 70028 INFO tempest.lib.common.rest_client [req-03616518-3fbf-4796-9c69-c4e1a7505eef req-03616518-3fbf-4796-9c69-c4e1a7505eef ] Request (ServerActionsTestOtherA:test_rebuild_server_in_stop_state): 200 GET http://10.180.1.21/compute/v2.1/servers/0c8ded47-c27f-4f0a-ac26-12d385127ec2 0.379s
2025-04-25 19:30:19.747 70058 INFO tempest.lib.common.rest_client [req-9ae3cb2d-2b7b-467a-8c09-649478b71d12 req-9ae3cb2d-2b7b-467a-8c09-649478b71d12 ] Request (ServerActionsTestOtherB:test_resize_server_confirm_from_stopped): 200 GET http://10.180.1.21/compute/v2.1/servers/04800cfa-2e24-43bc-9198-0a0f41151dc0 0.353s
2025-04-25 19:30:19.780 70056 INFO tempest.lib.common.rest_client [req-ca38d528-7187-4c28-8a4d-2265439c2b44 req-ca38d528-7187-4c28-8a4d-2265439c2b44 ] Request (ServersAdminTestJSON:setUpClass): 200 GET http://10.180.1.21/compute/v2.1/servers/5e0bd7e8-a53c-4c56-86b2-31e0d9cfc1ad 0.385s
2025-04-25 19:30:19.802 70026 INFO tempest.lib.common.rest_client [req-0bc111cd-dfb1-4cfc-ae06-0c92b379e641 req-0bc111cd-dfb1-4cfc-ae06-0c92b379e641 ] Request (MultipleCreateTestJSON:test_multiple_create): 200 GET http://10.180.1.21/compute/v2.1/servers/8f407595-99e6-48aa-89f0-d094955621dd 0.406s
2025-04-25 19:30:19.822 70074 INFO tempest.lib.common.rest_client [req-2c4e151d-f4c5-4ae9-a93a-7afdea7bfc53 req-2c4e151d-f4c5-4ae9-a93a-7afdea7bfc53 ] Request (ServersTestFqdnHostnames:tearDownClass): 204 DELETE http://10.180.1.21:9696/networking/v2.0/networks/6180f3df-f0e2-4f6d-b0ea-116e12ca92c6 0.281s
2025-04-25 19:30:19.835 70022 INFO tempest.lib.common.rest_client [req-9ab641f2-e905-489f-adc6-c94ee03a22b6 req-9ab641f2-e905-489f-adc6-c94ee03a22b6 ] Request (FloatingIPsAssociationTestJSON:test_associate_already_associated_floating_ip): 200 GET http://10.180.1.21/compute/v2.1/servers/6ae1e213-9754-452a-ba79-04910f983b7f 0.384s
