2025-04-25 19:27:35.957 70052 INFO tempest.lib.common.dynamic_creds [-] Dynamic test user f79ca26db4a8405097cb10d460c649ab is created with scope project and roles: ['member']
2025-04-25 19:27:35.957 70052 INFO tempest.lib.common.dynamic_creds [-] Acquired dynamic creds: credentials: Credentials: {'domain_id': 'default', 'domain_name': 'Default', 'username': 'tempest-ServicesAdminTestJSON-463771795-project-member', 'project_domain_id': 'default', 'project_domain_name': 'Default', 'project_id': '0a19f4fdf9764ce68d85028907d09fb5', 'project_name': 'tempest-ServicesAdminTestJSON-463771795', 'tenant_id': '0a19f4fdf9764ce68d85028907d09fb5', 'tenant_name': 'tempest-ServicesAdminTestJSON-463771795', 'user_domain_id': 'default', 'user_domain_name': 'Default', 'user_id': 'f79ca26db4a8405097cb10d460c649ab', 'system': None}, Network: None, Subnet: None, Router: None
2025-04-25 19:27:35.957 70052 INFO tempest.lib.common.dynamic_creds [-] Created isolated network resources for: credentials: Credentials: {'domain_id': 'default', 'domain_name': 'Default', 'username': 'tempest-ServicesAdminTestJSON-463771795-project-member', 'project_domain_id': 'default', 'project_domain_name': 'Default', 'project_id': '0a19f4fdf9764ce68d85028907d09fb5', 'project_name': 'tempest-ServicesAdminTestJSON-463771795', 'tenant_id': '0a19f4fdf9764ce68d85028907d09fb5', 'tenant_name': 'tempest-ServicesAdminTestJSON-463771795', 'user_domain_id': 'default', 'user_domain_name': 'Default', 'user_id': 'f79ca26db4a8405097cb10d460c649ab', 'system': None}, Network: None, Subnet: None, Router: None
2025-04-25 19:27:36.005 70032 INFO tempest.lib.common.rest_client [req-15fd62a1-4f84-41b8-80a7-43b2056f346b req-15fd62a1-4f84-41b8-80a7-43b2056f346b ] Request (TenantUsagesNegativeTestJSON:tearDownClass): 204 DELETE http://10.180.1.21:9696/networking/v2.0/security-groups/ab2dd347-6206-473c-9668-e447547f6459 0.145s
2025-04-25 19:27:36.047 70074 INFO tempest.lib.common.rest_client [req-826d6d38-675f-4a42-9ca8-3483353df52f req-826d6d38-675f-4a42-9ca8-3483353df52f ] Request (HypervisorAdminV253TestBase:tearDownClass): 204 DELETE http://10.180.1.21/identity/v3/projects/1bacfe80f62d45d9824363b758ece7f6 0.244s
2025-04-25 19:27:36.048 70074 INFO tempest.lib.common.dynamic_creds [-] Deleting project and security group for project: 9f40ec837dfc4c0b949b9fa7b58749f2
2025-04-25 19:27:36.062 70036 INFO tempest.lib.common.rest_client [req-fafb2be6-6cc3-40bd-a3ca-af62d1fce28c req-fafb2be6-6cc3-40bd-a3ca-af62d1fce28c ] Request (InstanceUsageAuditLogNegativeTestJSON:tearDownClass): 204 DELETE http://10.180.1.21:9696/networking/v2.0/security-groups/d6a5343b-1f38-4034-a6d5-a47c00e94da3 0.123s
2025-04-25 19:27:36.127 70064 INFO tempest.lib.common.rest_client [req-ba8ba5d9-f3f0-4904-aa48-a9a5461c3134 req-ba8ba5d9-f3f0-4904-aa48-a9a5461c3134 ] Request (SecurityGroupsTestJSON:test_list_security_groups_by_server): 202 POST http://10.180.1.21/compute/v2.1/servers 2.583s
2025-04-25 19:27:36.134 70072 INFO tempest.lib.common.rest_client [req-d6b6d7f4-b755-4e35-9780-d9873d4f7111 req-d6b6d7f4-b755-4e35-9780-d9873d4f7111 ] Request (VolumesAssistedSnapshotsTest:setUpClass): 201 POST http://10.180.1.21/identity/v3/users 0.328s
2025-04-25 19:27:36.157 70066 INFO tempest.lib.common.rest_client [req-3c4601b4-77ac-4ea3-a449-10e3c8749323 req-3c4601b4-77ac-4ea3-a449-10e3c8749323 ] Request (ServicesAdminNegativeV253TestJSON:test_get_service_by_invalid_params): 200 GET http://10.180.1.21/compute/v2.1/os-services 2.041s
2025-04-25 19:27:36.179 70060 INFO tempest.lib.common.rest_client [req-155bd2a6-7586-4ce5-9df5-fdc997a6e92a req-155bd2a6-7586-4ce5-9df5-fdc997a6e92a ] Request (FlavorsAccessTestJSON:test_flavor_access_add_remove): 200 POST http://10.180.1.21/compute/v2.1/flavors/265929852/action 2.084s
2025-04-25 19:27:36.211 70030 INFO tempest.lib.common.rest_client [req-bedab54a-6aac-496d-91a9-0e38a71eea20 req-bedab54a-6aac-496d-91a9-0e38a71eea20 ] Request (KeyPairsV210TestJSON:setUpClass): 201 POST http://10.180.1.21/identity/v3/auth/tokens 0.401s
2025-04-25 19:27:36.226 70062 INFO tempest.lib.common.rest_client [req-41f74f1a-e869-44e5-b4ab-2359852182a0 req-41f74f1a-e869-44e5-b4ab-2359852182a0 ] Request (QuotaClassesAdminTestJSON:tearDownClass): 204 DELETE http://10.180.1.21/identity/v3/users/1f517e25e0f24147b83866f75cac4c20 0.316s
2025-04-25 19:27:36.226 70062 INFO tempest.lib.common.dynamic_creds [-] Deleting project and security group for project: 901c83cb7dbd450395bdcb0668be03a8
2025-04-25 19:27:36.276 70052 INFO tempest.lib.common.rest_client [req-edad3d3d-848d-4c66-b1cd-7d3fcd824434 req-edad3d3d-848d-4c66-b1cd-7d3fcd824434 ] Request (ServicesAdminTestJSON:setUpClass): 201 POST http://10.180.1.21/identity/v3/auth/tokens 0.313s
2025-04-25 19:27:36.309 70032 INFO tempest.lib.common.rest_client [req-e31a7ca2-ac05-4211-b97c-c512ee6cba68 req-e31a7ca2-ac05-4211-b97c-c512ee6cba68 ] Request (TenantUsagesNegativeTestJSON:tearDownClass): 204 DELETE http://10.180.1.21/identity/v3/projects/8ce004f8bb16469aafd88350868e1db3 0.303s
2025-04-25 19:27:36.309 70032 INFO tempest.lib.common.dynamic_creds [-] Deleting project and security group for project: 20a1b74091f441bfaefc7f60dfbdedcc
2025-04-25 19:27:36.327 70036 INFO tempest.lib.common.rest_client [req-0d13ae50-c28c-4d98-9704-391a019ccaef req-0d13ae50-c28c-4d98-9704-391a019ccaef ] Request (InstanceUsageAuditLogNegativeTestJSON:tearDownClass): 204 DELETE http://10.180.1.21/identity/v3/projects/c5dbf766a8934bd69cf74a8d4e884613 0.263s
2025-04-25 19:27:36.351 70026 INFO tempest.lib.common.rest_client [req-869d63cd-9805-445b-b33f-c5c1ef4f2c87 req-869d63cd-9805-445b-b33f-c5c1ef4f2c87 ] Request (FloatingIPsNegativeTestJSON:tearDownClass): 204 DELETE http://10.180.1.21:9696/networking/v2.0/routers/3629c9c7-a86a-4ecc-8a2a-733644c96dad 0.787s
2025-04-25 19:27:36.356 70074 INFO tempest.lib.common.rest_client [req-cd6aa67a-7732-4bfa-903b-0260ca5b07d7 req-cd6aa67a-7732-4bfa-903b-0260ca5b07d7 ] Request (HypervisorAdminV253TestBase:tearDownClass): 200 GET http://10.180.1.21:9696/networking/v2.0/security-groups?tenant_id=9f40ec837dfc4c0b949b9fa7b58749f2&name=default 0.308s
2025-04-25 19:27:36.404 70072 INFO tempest.lib.common.rest_client [req-db544dad-c4f0-4dd2-b193-33f091c60a6d req-db544dad-c4f0-4dd2-b193-33f091c60a6d ] Request (VolumesAssistedSnapshotsTest:setUpClass): 200 GET http://10.180.1.21/identity/v3/roles 0.269s
2025-04-25 19:27:36.458 70062 INFO tempest.lib.common.rest_client [req-efb03f5e-6132-4bf8-be11-27b50acd02c1 req-efb03f5e-6132-4bf8-be11-27b50acd02c1 ] Request (QuotaClassesAdminTestJSON:tearDownClass): 201 POST http://10.180.1.21/identity/v3/auth/tokens 0.231s
2025-04-25 19:27:36.462 70040 INFO tempest.lib.common.rest_client [req-c187f1f0-fa86-4690-8dc7-23b428a9cac6 req-c187f1f0-fa86-4690-8dc7-23b428a9cac6 ] Request (HypervisorAdminNegativeTestJSON:test_get_hypervisor_uptime_with_non_admin_user): 200 GET http://10.180.1.21/compute/v2.1/os-hypervisors 2.340s
2025-04-25 19:27:36.463 70030 INFO tempest.lib.common.rest_client [req-4a30cae0-fcb3-401a-aa71-3814dcf98db8 req-4a30cae0-fcb3-401a-aa71-3814dcf98db8 ] Request (KeyPairsV210TestJSON:setUpClass): 201 POST http://10.180.1.21/identity/v3/projects 0.251s
2025-04-25 19:27:36.493 70044 INFO tempest.lib.common.rest_client [req-7ab3e3f8-de0f-4fec-8c15-b3ec4452fe8c req-7ab3e3f8-de0f-4fec-8c15-b3ec4452fe8c ] Request (FlavorsV255TestJSON:test_crud_flavor): 200 GET http://10.180.1.21/compute/v2.1/flavors/detail 2.327s
2025-04-25 19:27:36.525 70052 INFO tempest.lib.common.rest_client [req-aca460d7-d25a-4ac8-a59a-0ea5805b6825 req-aca460d7-d25a-4ac8-a59a-0ea5805b6825 ] Request (ServicesAdminTestJSON:setUpClass): 201 POST http://10.180.1.21/identity/v3/projects 0.248s
2025-04-25 19:27:36.538 70050 INFO tempest.lib.common.rest_client [req-85720438-e913-4b6f-b052-60b6524e3e90 req-85720438-e913-4b6f-b052-60b6524e3e90 ] Request (SecurityGroupsTestAdminJSON:test_list_security_groups_list_all_tenants_filter): 200 POST http://10.180.1.21/compute/v2.1/os-security-groups 2.422s
2025-04-25 19:27:36.539 70036 INFO tempest.lib.common.rest_client [req-e8fd29b6-035e-4a82-9472-90d8cb73c5a6 req-e8fd29b6-035e-4a82-9472-90d8cb73c5a6 ] Request (ServerDiagnosticsNegativeTest:setUpClass): 201 POST http://10.180.1.21/identity/v3/auth/tokens 0.210s
2025-04-25 19:27:36.569 70022 INFO tempest.lib.common.rest_client [req-542f2352-0dfc-4e1e-8761-3901313c3f59 req-542f2352-0dfc-4e1e-8761-3901313c3f59 ] Request (FlavorsExtraSpecsNegativeTestJSON:test_flavor_non_admin_unset_keys): 200 POST http://10.180.1.21/compute/v2.1/flavors/492517122/os-extra_specs 2.324s
2025-04-25 19:27:36.573 70032 INFO tempest.lib.common.rest_client [req-85b5034d-250a-44c6-a1f0-34e03e2fd396 req-85b5034d-250a-44c6-a1f0-34e03e2fd396 ] Request (TenantUsagesNegativeTestJSON:tearDownClass): 200 GET http://10.180.1.21:9696/networking/v2.0/security-groups?tenant_id=20a1b74091f441bfaefc7f60dfbdedcc&name=default 0.264s
2025-04-25 19:27:36.594 70072 INFO tempest.lib.common.rest_client [req-c4ceab24-59bc-4d28-bbd1-b9fac3596dff req-c4ceab24-59bc-4d28-bbd1-b9fac3596dff ] Request (VolumesAssistedSnapshotsTest:setUpClass): 204 PUT http://10.180.1.21/identity/v3/projects/198b7be9ae5d4e938747e4472898b4c3/users/0991639a5e574804af66a23804caef04/roles/8666fe8681724d5eaad02e375e5fcee2 0.189s
2025-04-25 19:27:36.608 70074 INFO tempest.lib.common.rest_client [req-30642e96-a06f-45bc-a48a-cd052795ede8 req-30642e96-a06f-45bc-a48a-cd052795ede8 ] Request (HypervisorAdminV253TestBase:tearDownClass): 204 DELETE http://10.180.1.21:9696/networking/v2.0/security-groups/f447e866-696e-41b2-bc22-37a82dda210a 0.251s
2025-04-25 19:27:36.612 70046 INFO tempest.lib.common.rest_client [req-585640a3-421e-444e-a868-039ce36e89b9 req-585640a3-421e-444e-a868-039ce36e89b9 ] Request (FlavorsV261TestJSON:test_crud_flavor): 200 GET http://10.180.1.21/compute/v2.1/flavors/detail 2.318s
2025-04-25 19:27:36.621 70030 INFO tempest.lib.common.rest_client [req-e4cb0fa0-bc94-483f-b496-c367eae7baaf req-e4cb0fa0-bc94-483f-b496-c367eae7baaf ] Request (KeyPairsV210TestJSON:setUpClass): 201 POST http://10.180.1.21/identity/v3/users 0.157s
2025-04-25 19:27:36.627 70068 INFO tempest.lib.common.rest_client [req-a8b3a320-d46e-49ce-a5a7-be40773e2b99 req-a8b3a320-d46e-49ce-a5a7-be40773e2b99 ] Request (FlavorsExtraSpecsTestJSON:test_flavor_non_admin_get_specific_key): 200 POST http://10.180.1.21/compute/v2.1/flavors/378119658/os-extra_specs 1.960s
2025-04-25 19:27:36.670 70032 INFO tempest.lib.common.rest_client [req-0afe69cd-aa6e-4967-94a0-eb6c89d85a1e req-0afe69cd-aa6e-4967-94a0-eb6c89d85a1e ] Request (TenantUsagesNegativeTestJSON:tearDownClass): 204 DELETE http://10.180.1.21:9696/networking/v2.0/security-groups/e13abd56-6eac-4927-ae44-e68a37c23b5e 0.096s
2025-04-25 19:27:36.700 70026 INFO tempest.lib.common.rest_client [req-474ae1f5-221a-4e71-b977-e973e017b2e0 req-474ae1f5-221a-4e71-b977-e973e017b2e0 ] Request (FloatingIPsNegativeTestJSON:tearDownClass): 204 DELETE http://10.180.1.21:9696/networking/v2.0/subnets/03f71c4b-0ee2-451e-b525-8057ff5a3d2d 0.349s
2025-04-25 19:27:36.702 70052 INFO tempest.lib.common.rest_client [req-a6c17870-2b52-4ca8-9231-8990ea979dd1 req-a6c17870-2b52-4ca8-9231-8990ea979dd1 ] Request (ServicesAdminTestJSON:setUpClass): 201 POST http://10.180.1.21/identity/v3/users 0.177s
2025-04-25 19:27:36.726 70036 INFO tempest.lib.common.rest_client [req-80cb1762-fe45-4ecc-81ce-bc3c92d6d79c req-80cb1762-fe45-4ecc-81ce-bc3c92d6d79c ] Request (ServerDiagnosticsNegativeTest:setUpClass): 201 POST http://10.180.1.21/identity/v3/auth/tokens 0.185s
2025-04-25 19:27:36.746 70072 INFO tempest.lib.common.rest_client [req-6c4fdcd3-36c9-4bb1-a308-de55d62307c8 req-6c4fdcd3-36c9-4bb1-a308-de55d62307c8 ] Request (VolumesAssistedSnapshotsTest:setUpClass): 200 GET http://10.180.1.21/identity/v3/roles 0.151s
2025-04-25 19:27:36.767 70030 INFO tempest.lib.common.rest_client [req-e78b88cc-7113-456e-8507-6582142e9b4f req-e78b88cc-7113-456e-8507-6582142e9b4f ] Request (KeyPairsV210TestJSON:setUpClass): 200 GET http://10.180.1.21/identity/v3/roles 0.146s
2025-04-25 19:27:36.827 70074 INFO tempest.lib.common.rest_client [req-7e02f530-83ed-46c4-9f4b-1fba831fcdbe req-7e02f530-83ed-46c4-9f4b-1fba831fcdbe ] Request (HypervisorAdminV253TestBase:tearDownClass): 204 DELETE http://10.180.1.21/identity/v3/projects/9f40ec837dfc4c0b949b9fa7b58749f2 0.219s
2025-04-25 19:27:36.853 70020 INFO tempest.lib.common.rest_client [req-26fb33de-7363-4474-8ece-1c0910a1134b req-26fb33de-7363-4474-8ece-1c0910a1134b ] Request (FlavorMetadataValidation:test_flavor_update_with_custom_namespace): 200 POST http://10.180.1.21/compute/v2.1/flavors 2.141s
2025-04-25 19:27:36.858 70062 INFO tempest.lib.common.rest_client [req-5347c408-3ab5-4b8c-8d3a-09c5c7782e87 req-5347c408-3ab5-4b8c-8d3a-09c5c7782e87 ] Request (QuotaClassesAdminTestJSON:tearDownClass): 200 GET http://10.180.1.21:9696/networking/v2.0/security-groups?tenant_id=901c83cb7dbd450395bdcb0668be03a8&name=default 0.399s
2025-04-25 19:27:36.876 70052 INFO tempest.lib.common.rest_client [req-b04359ad-36c6-4690-9c40-955a95aadaba req-b04359ad-36c6-4690-9c40-955a95aadaba ] Request (ServicesAdminTestJSON:setUpClass): 200 GET http://10.180.1.21/identity/v3/roles 0.172s
2025-04-25 19:27:36.904 70036 INFO tempest.lib.common.rest_client [req-b8244cfb-cef5-43fb-8952-3dd734a67ffc req-b8244cfb-cef5-43fb-8952-3dd734a67ffc ] Request (ServerDiagnosticsNegativeTest:setUpClass): 200 GET http://10.180.1.21/identity/v3/domains?name=Default 0.177s
2025-04-25 19:27:36.915 70035 INFO tempest.lib.common.rest_client [req-027e02de-fdcf-4ffc-8425-fc8395225751 req-027e02de-fdcf-4ffc-8425-fc8395225751 ] Request (ServerExternalEventsTest:test_create_server_external_events): 200 GET http://10.180.1.21/compute/v2.1/servers/c568f0e0-42ba-460d-9979-69f7498a748f 2.097s
2025-04-25 19:27:36.919 70042 INFO tempest.lib.common.rest_client [req-5e47c466-25f7-4e0c-b072-b3619941ef58 req-5e47c466-25f7-4e0c-b072-b3619941ef58 ] Request (HostsAdminNegativeTestJSON:test_reboot_host_with_non_admin_user): 403 GET http://10.180.1.21/compute/v2.1/os-hosts/devstack/reboot 2.044s
2025-04-25 19:27:36.937 70032 INFO tempest.lib.common.rest_client [req-1689eba5-d7cd-4f4d-92e5-829fbcb519f4 req-1689eba5-d7cd-4f4d-92e5-829fbcb519f4 ] Request (TenantUsagesNegativeTestJSON:tearDownClass): 204 DELETE http://10.180.1.21/identity/v3/projects/20a1b74091f441bfaefc7f60dfbdedcc 0.266s
2025-04-25 19:27:36.967 70062 INFO tempest.lib.common.rest_client [req-58cabf8a-f572-445d-9dfb-8afeb0a3b4dd req-58cabf8a-f572-445d-9dfb-8afeb0a3b4dd ] Request (QuotaClassesAdminTestJSON:tearDownClass): 204 DELETE http://10.180.1.21:9696/networking/v2.0/security-groups/d3450b97-969f-48c3-b347-e670dfbbac80 0.109s
2025-04-25 19:27:36.972 70072 INFO tempest.lib.common.rest_client [req-06eedf65-44f6-4ab3-9eae-5f8898eaf8f6 req-06eedf65-44f6-4ab3-9eae-5f8898eaf8f6 ] Request (VolumesAssistedSnapshotsTest:setUpClass): 204 PUT http://10.180.1.21/identity/v3/projects/198b7be9ae5d4e938747e4472898b4c3/users/0991639a5e574804af66a23804caef04/roles/37a2392d92cf44a78291d2ca5f1e4f7a 0.225s
2025-04-25 19:27:36.972 70072 INFO tempest.lib.common.dynamic_creds [-] Dynamic test user 0991639a5e574804af66a23804caef04 is created with scope project and roles: ['admin', 'service']
2025-04-25 19:27:36.972 70072 INFO tempest.lib.common.dynamic_creds [-] Acquired dynamic creds: credentials: Credentials: {'domain_id': 'default', 'domain_name': 'Default', 'username': 'tempest-VolumesAssistedSnapshotsTest-1359162071-project', 'project_domain_id': 'default', 'project_domain_name': 'Default', 'project_id': '198b7be9ae5d4e938747e4472898b4c3', 'project_name': 'tempest-VolumesAssistedSnapshotsTest-1359162071', 'tenant_id': '198b7be9ae5d4e938747e4472898b4c3', 'tenant_name': 'tempest-VolumesAssistedSnapshotsTest-1359162071', 'user_domain_id': 'default', 'user_domain_name': 'Default', 'user_id': '0991639a5e574804af66a23804caef04', 'system': None}, Network: None, Subnet: None, Router: None
2025-04-25 19:27:37.035 70030 INFO tempest.lib.common.rest_client [req-a5bff230-ee42-475a-8068-32c88953e13b req-a5bff230-ee42-475a-8068-32c88953e13b ] Request (KeyPairsV210TestJSON:setUpClass): 204 PUT http://10.180.1.21/identity/v3/projects/84356876f5cf46f7907dc277e2fab045/users/e8ac76c0d1404013898469a79e40eab8/roles/8666fe8681724d5eaad02e375e5fcee2 0.267s
2025-04-25 19:27:37.045 70074 INFO tempest.lib.common.rest_client [req-4ed6077b-e833-4b3e-ab49-0fcfac109964 req-4ed6077b-e833-4b3e-ab49-0fcfac109964 ] Request (ImagesMetadataNegativeTestJSON:setUpClass): 201 POST http://10.180.1.21/identity/v3/auth/tokens 0.216s
2025-04-25 19:27:37.092 70052 INFO tempest.lib.common.rest_client [req-0a57d89b-76ee-44a6-8414-bb30935744a4 req-0a57d89b-76ee-44a6-8414-bb30935744a4 ] Request (ServicesAdminTestJSON:setUpClass): 204 PUT http://10.180.1.21/identity/v3/projects/e101bb7315024289b2309cb51332e11a/users/0b04ee4cc4da47c4b9f398f846b40b86/roles/8666fe8681724d5eaad02e375e5fcee2 0.216s
2025-04-25 19:27:37.103 70036 INFO tempest.lib.common.rest_client [req-19a57607-b2ee-487b-b191-04476ffc7e00 req-19a57607-b2ee-487b-b191-04476ffc7e00 ] Request (ServerDiagnosticsNegativeTest:setUpClass): 201 POST http://10.180.1.21/identity/v3/projects 0.199s
2025-04-25 19:27:37.169 70032 INFO tempest.lib.common.rest_client [req-9343bc7e-932e-4c56-b2fc-1e83dbf271e6 req-9343bc7e-932e-4c56-b2fc-1e83dbf271e6 ] Request (AttachInterfacesTestJSON:setUpClass): 201 POST http://10.180.1.21/identity/v3/auth/tokens 0.230s
2025-04-25 19:27:37.235 70048 INFO tempest.lib.common.rest_client [req-33cf1219-17cb-4f8b-8cd0-0c94d3e99e5b req-33cf1219-17cb-4f8b-8cd0-0c94d3e99e5b ] Request (ServersWithSpecificFlavorTestJSON:test_verify_created_server_ephemeral_disk): 200 POST http://10.180.1.21/compute/v2.1/flavors 2.184s
2025-04-25 19:27:37.246 70062 INFO tempest.lib.common.rest_client [req-d5ea6729-be94-4740-b4b0-35e99ca49664 req-d5ea6729-be94-4740-b4b0-35e99ca49664 ] Request (QuotaClassesAdminTestJSON:tearDownClass): 204 DELETE http://10.180.1.21/identity/v3/projects/901c83cb7dbd450395bdcb0668be03a8 0.278s
2025-04-25 19:27:37.246 70062 INFO tempest.lib.common.dynamic_creds [-] Deleting project and security group for project: 11b01df68b16435a90e15ad758ad9bf2
2025-04-25 19:27:37.257 70038 INFO tempest.lib.common.rest_client [req-454001b6-c364-46d4-abc6-a69431e071c4 req-454001b6-c364-46d4-abc6-a69431e071c4 ] Request (HypervisorAdminTestJSON:test_get_hypervisor_stats): 200 GET http://10.180.1.21/compute/v2.1/os-hypervisors/statistics 2.170s
2025-04-25 19:27:37.263 70030 INFO tempest.lib.common.rest_client [req-c9c42d66-772d-4a93-8281-52758763df45 req-c9c42d66-772d-4a93-8281-52758763df45 ] Request (KeyPairsV210TestJSON:setUpClass): 200 GET http://10.180.1.21/identity/v3/roles 0.227s
2025-04-25 19:27:37.272 70074 INFO tempest.lib.common.rest_client [req-a2d94c19-5f6b-4c13-9e6b-cbee6f1abbc8 req-a2d94c19-5f6b-4c13-9e6b-cbee6f1abbc8 ] Request (ImagesMetadataNegativeTestJSON:setUpClass): 201 POST http://10.180.1.21/identity/v3/auth/tokens 0.224s
2025-04-25 19:27:37.288 70052 INFO tempest.lib.common.rest_client [req-b17aac18-afba-4e19-a33b-21b9bafb1a92 req-b17aac18-afba-4e19-a33b-21b9bafb1a92 ] Request (ServicesAdminTestJSON:setUpClass): 200 GET http://10.180.1.21/identity/v3/roles 0.196s
2025-04-25 19:27:37.303 70036 INFO tempest.lib.common.rest_client [req-cbcfc66e-f7e1-488f-baa8-f8adc6f1cb31 req-cbcfc66e-f7e1-488f-baa8-f8adc6f1cb31 ] Request (ServerDiagnosticsNegativeTest:setUpClass): 201 POST http://10.180.1.21/identity/v3/users 0.199s
2025-04-25 19:27:37.312 70032 INFO tempest.lib.common.rest_client [req-dc5ae4b0-97e4-4a15-8c4e-13de3a4f2695 req-dc5ae4b0-97e4-4a15-8c4e-13de3a4f2695 ] Request (AttachInterfacesTestJSON:setUpClass): 201 POST http://10.180.1.21/identity/v3/auth/tokens 0.139s
2025-04-25 19:27:37.330 70030 INFO tempest.lib.common.rest_client [req-674b3f27-1d8f-48ab-af30-a51857be4ac4 req-674b3f27-1d8f-48ab-af30-a51857be4ac4 ] Request (KeyPairsV210TestJSON:setUpClass): 204 PUT http://10.180.1.21/identity/v3/projects/84356876f5cf46f7907dc277e2fab045/users/e8ac76c0d1404013898469a79e40eab8/roles/8666fe8681724d5eaad02e375e5fcee2 0.067s
2025-04-25 19:27:37.331 70030 INFO tempest.lib.common.dynamic_creds [-] Dynamic test user e8ac76c0d1404013898469a79e40eab8 is created with scope project and roles: ['admin']
2025-04-25 19:27:37.331 70030 INFO tempest.lib.common.dynamic_creds [-] Acquired dynamic creds: credentials: Credentials: {'domain_id': 'default', 'domain_name': 'Default', 'username': 'tempest-KeyPairsV210TestJSON-1555518275-project-admin', 'project_domain_id': 'default', 'project_domain_name': 'Default', 'project_id': '84356876f5cf46f7907dc277e2fab045', 'project_name': 'tempest-KeyPairsV210TestJSON-1555518275', 'tenant_id': '84356876f5cf46f7907dc277e2fab045', 'tenant_name': 'tempest-KeyPairsV210TestJSON-1555518275', 'user_domain_id': 'default', 'user_domain_name': 'Default', 'user_id': 'e8ac76c0d1404013898469a79e40eab8', 'system': None}, Network: None, Subnet: None, Router: None
2025-04-25 19:27:37.331 70030 INFO tempest.lib.common.dynamic_creds [-] Created isolated network resources for: credentials: Credentials: {'domain_id': 'default', 'domain_name': 'Default', 'username': 'tempest-KeyPairsV210TestJSON-1555518275-project-admin', 'project_domain_id': 'default', 'project_domain_name': 'Default', 'project_id': '84356876f5cf46f7907dc277e2fab045', 'project_name': 'tempest-KeyPairsV210TestJSON-1555518275', 'tenant_id': '84356876f5cf46f7907dc277e2fab045', 'tenant_name': 'tempest-KeyPairsV210TestJSON-1555518275', 'user_domain_id': 'default', 'user_domain_name': 'Default', 'user_id': 'e8ac76c0d1404013898469a79e40eab8', 'system': None}, Network: None, Subnet: None, Router: None
2025-04-25 19:27:37.377 70038 INFO tempest.lib.common.rest_client [req-e425355d-ba08-4b42-a152-305e847e8523 req-e425355d-ba08-4b42-a152-305e847e8523 ] Request (HypervisorAdminTestJSON:tearDownClass): 204 DELETE http://10.180.1.21/identity/v3/users/69e836856d7f4960b2a6d455ab144cff 0.117s
2025-04-25 19:27:37.387 70062 INFO tempest.lib.common.rest_client [req-8706ffa5-711e-4791-9134-8d5f4b969027 req-8706ffa5-711e-4791-9134-8d5f4b969027 ] Request (QuotaClassesAdminTestJSON:tearDownClass): 200 GET http://10.180.1.21:9696/networking/v2.0/security-groups?tenant_id=11b01df68b16435a90e15ad758ad9bf2&name=default 0.140s
2025-04-25 19:27:37.421 70074 INFO tempest.lib.common.rest_client [req-05c884a0-51ee-410b-9ff2-7dc3a40cb14c req-05c884a0-51ee-410b-9ff2-7dc3a40cb14c ] Request (ImagesMetadataNegativeTestJSON:setUpClass): 200 GET http://10.180.1.21/identity/v3/domains?name=Default 0.149s
2025-04-25 19:27:37.435 70052 INFO tempest.lib.common.rest_client [req-e58bbdfa-a006-45e0-8643-27e6814c5120 req-e58bbdfa-a006-45e0-8643-27e6814c5120 ] Request (ServicesAdminTestJSON:setUpClass): 204 PUT http://10.180.1.21/identity/v3/projects/e101bb7315024289b2309cb51332e11a/users/0b04ee4cc4da47c4b9f398f846b40b86/roles/8666fe8681724d5eaad02e375e5fcee2 0.146s
2025-04-25 19:27:37.436 70052 INFO tempest.lib.common.dynamic_creds [-] Dynamic test user 0b04ee4cc4da47c4b9f398f846b40b86 is created with scope project and roles: ['admin']
2025-04-25 19:27:37.436 70052 INFO tempest.lib.common.dynamic_creds [-] Acquired dynamic creds: credentials: Credentials: {'domain_id': 'default', 'domain_name': 'Default', 'username': 'tempest-ServicesAdminTestJSON-1856722361-project-admin', 'project_domain_id': 'default', 'project_domain_name': 'Default', 'project_id': 'e101bb7315024289b2309cb51332e11a', 'project_name': 'tempest-ServicesAdminTestJSON-1856722361', 'tenant_id': 'e101bb7315024289b2309cb51332e11a', 'tenant_name': 'tempest-ServicesAdminTestJSON-1856722361', 'user_domain_id': 'default', 'user_domain_name': 'Default', 'user_id': '0b04ee4cc4da47c4b9f398f846b40b86', 'system': None}, Network: None, Subnet: None, Router: None
2025-04-25 19:27:37.436 70052 INFO tempest.lib.common.dynamic_creds [-] Created isolated network resources for: credentials: Credentials: {'domain_id': 'default', 'domain_name': 'Default', 'username': 'tempest-ServicesAdminTestJSON-1856722361-project-admin', 'project_domain_id': 'default', 'project_domain_name': 'Default', 'project_id': 'e101bb7315024289b2309cb51332e11a', 'project_name': 'tempest-ServicesAdminTestJSON-1856722361', 'tenant_id': 'e101bb7315024289b2309cb51332e11a', 'tenant_name': 'tempest-ServicesAdminTestJSON-1856722361', 'user_domain_id': 'default', 'user_domain_name': 'Default', 'user_id': '0b04ee4cc4da47c4b9f398f846b40b86', 'system': None}, Network: None, Subnet: None, Router: None
2025-04-25 19:27:37.443 70036 INFO tempest.lib.common.rest_client [req-eaee9ce0-635a-40b1-b40d-a92c80c96704 req-eaee9ce0-635a-40b1-b40d-a92c80c96704 ] Request (ServerDiagnosticsNegativeTest:setUpClass): 200 GET http://10.180.1.21/identity/v3/roles 0.140s
2025-04-25 19:27:37.462 70062 INFO tempest.lib.common.rest_client [req-c05cbf31-a9e7-4890-9554-deb8904dac62 req-c05cbf31-a9e7-4890-9554-deb8904dac62 ] Request (QuotaClassesAdminTestJSON:tearDownClass): 204 DELETE http://10.180.1.21:9696/networking/v2.0/security-groups/243dceeb-3259-49c6-be26-d404d02e6980 0.074s
2025-04-25 19:27:37.491 70032 INFO tempest.lib.common.rest_client [req-024a3506-3d16-4485-b04d-a23fde304e55 req-024a3506-3d16-4485-b04d-a23fde304e55 ] Request (AttachInterfacesTestJSON:setUpClass): 200 GET http://10.180.1.21/identity/v3/domains?name=Default 0.178s
2025-04-25 19:27:37.515 70030 INFO tempest.lib.common.rest_client [req-7e05ab38-9586-4a52-9306-91192ed373c8 req-7e05ab38-9586-4a52-9306-91192ed373c8 ] Request (KeyPairsV210TestJSON:setUpClass): 201 POST http://10.180.1.21/identity/v3/auth/tokens 0.181s
2025-04-25 19:27:37.515 70026 INFO tempest.lib.common.rest_client [req-c632b9d3-0bd3-4d82-a9fd-be88dc8afab9 req-c632b9d3-0bd3-4d82-a9fd-be88dc8afab9 ] Request (FloatingIPsNegativeTestJSON:tearDownClass): 204 DELETE http://10.180.1.21:9696/networking/v2.0/networks/b9af2f1f-a6ac-4a1a-81e4-d2ac05717274 0.814s
2025-04-25 19:27:37.550 70074 INFO tempest.lib.common.rest_client [req-7ec253d0-f527-424a-8f21-4e41b5ad2c9d req-7ec253d0-f527-424a-8f21-4e41b5ad2c9d ] Request (ImagesMetadataNegativeTestJSON:setUpClass): 201 POST http://10.180.1.21/identity/v3/projects 0.128s
2025-04-25 19:27:37.557 70038 INFO tempest.lib.common.rest_client [req-9885ab5a-86c0-4341-a0c5-002455ca6909 req-9885ab5a-86c0-4341-a0c5-002455ca6909 ] Request (HypervisorAdminTestJSON:tearDownClass): 204 DELETE http://10.180.1.21/identity/v3/users/05a8aa3f64284ac6acbf65ddf9ed7eeb 0.179s
2025-04-25 19:27:37.557 70038 INFO tempest.lib.common.dynamic_creds [-] Deleting project and security group for project: adf99d2e582541fdbf6641af8014440c
2025-04-25 19:27:37.566 70056 INFO tempest.lib.common.rest_client [req-6892a393-dbc2-4ac0-a3bd-88c9f32e14e8 req-6892a393-dbc2-4ac0-a3bd-88c9f32e14e8 ] Request (DeleteServersAdminTestJSON:test_admin_delete_servers_of_others): 200 GET http://10.180.1.21/compute/v2.1/servers/d00e3443-272c-4273-93fd-ad1d40b67afb 2.324s
2025-04-25 19:27:37.576 70056 INFO tempest.common.waiters [-] State transition "BUILD/networking" ==> "BUILD/spawning" after 6 second wait
2025-04-25 19:27:37.618 70072 INFO tempest.lib.common.rest_client [req-300451e8-c59b-4237-807a-bebbcbf22aa9 req-300451e8-c59b-4237-807a-bebbcbf22aa9 ] Request (VolumesAssistedSnapshotsTest:setUpClass): 201 POST http://10.180.1.21:9696/networking/v2.0/networks 0.645s
2025-04-25 19:27:37.620 70052 INFO tempest.lib.common.rest_client [req-c6d14e8e-0248-4a87-916a-7b047998c2d6 req-c6d14e8e-0248-4a87-916a-7b047998c2d6 ] Request (ServicesAdminTestJSON:setUpClass): 201 POST http://10.180.1.21/identity/v3/auth/tokens 0.178s
2025-04-25 19:27:37.633 70036 INFO tempest.lib.common.rest_client [req-459a1580-06b3-4cad-9637-d4e131cb1a9e req-459a1580-06b3-4cad-9637-d4e131cb1a9e ] Request (ServerDiagnosticsNegativeTest:setUpClass): 204 PUT http://10.180.1.21/identity/v3/projects/0d7b11f0a80c4ad681abcbb84cd59f6f/users/52ce5b92beaf4ae2a4446b600c092b01/roles/87616362c06444c58edb6473d1d6f62f 0.189s
2025-04-25 19:27:37.633 70036 INFO tempest.lib.common.dynamic_creds [-] Dynamic test user 52ce5b92beaf4ae2a4446b600c092b01 is created with scope project and roles: ['member']
2025-04-25 19:27:37.634 70036 INFO tempest.lib.common.dynamic_creds [-] Acquired dynamic creds: credentials: Credentials: {'domain_id': 'default', 'domain_name': 'Default', 'username': 'tempest-ServerDiagnosticsNegativeTest-627869311-project-member', 'project_domain_id': 'default', 'project_domain_name': 'Default', 'project_id': '0d7b11f0a80c4ad681abcbb84cd59f6f', 'project_name': 'tempest-ServerDiagnosticsNegativeTest-627869311', 'tenant_id': '0d7b11f0a80c4ad681abcbb84cd59f6f', 'tenant_name': 'tempest-ServerDiagnosticsNegativeTest-627869311', 'user_domain_id': 'default', 'user_domain_name': 'Default', 'user_id': '52ce5b92beaf4ae2a4446b600c092b01', 'system': None}, Network: None, Subnet: None, Router: None
2025-04-25 19:27:37.634 70036 INFO tempest.lib.common.dynamic_creds [-] Created isolated network resources for: credentials: Credentials: {'domain_id': 'default', 'domain_name': 'Default', 'username': 'tempest-ServerDiagnosticsNegativeTest-627869311-project-member', 'project_domain_id': 'default', 'project_domain_name': 'Default', 'project_id': '0d7b11f0a80c4ad681abcbb84cd59f6f', 'project_name': 'tempest-ServerDiagnosticsNegativeTest-627869311', 'tenant_id': '0d7b11f0a80c4ad681abcbb84cd59f6f', 'tenant_name': 'tempest-ServerDiagnosticsNegativeTest-627869311', 'user_domain_id': 'default', 'user_domain_name': 'Default', 'user_id': '52ce5b92beaf4ae2a4446b600c092b01', 'system': None}, Network: None, Subnet: None, Router: None
2025-04-25 19:27:37.641 70018 INFO tempest.lib.common.rest_client [req-967dce6e-dbeb-4cda-a61e-3b806dfe43ad req-967dce6e-dbeb-4cda-a61e-3b806dfe43ad ] Request (FloatingIPsAssociationNegativeTestJSON:setUpClass): 202 POST http://10.180.1.21/compute/v2.1/servers 3.447s
2025-04-25 19:27:37.676 70062 INFO tempest.lib.common.rest_client [req-fbb9878e-4915-47b9-b09b-674d8ec878ba req-fbb9878e-4915-47b9-b09b-674d8ec878ba ] Request (QuotaClassesAdminTestJSON:tearDownClass): 204 DELETE http://10.180.1.21/identity/v3/projects/11b01df68b16435a90e15ad758ad9bf2 0.214s
2025-04-25 19:27:37.737 70032 INFO tempest.lib.common.rest_client [req-005649e3-21b8-43b2-b438-4d25417cfa9d req-005649e3-21b8-43b2-b438-4d25417cfa9d ] Request (AttachInterfacesTestJSON:setUpClass): 201 POST http://10.180.1.21/identity/v3/projects 0.245s
2025-04-25 19:27:37.764 70028 INFO tempest.lib.common.rest_client [req-11e3cc09-c236-49b2-af5d-0ff6674650d6 req-11e3cc09-c236-49b2-af5d-0ff6674650d6 ] Request (ServerActionsTestOtherA:setUpClass): 200 GET http://10.180.1.21/compute/v2.1/servers/333b26de-70dc-4beb-97b9-7bbb9e6e7e92 2.463s
2025-04-25 19:27:37.764 70026 INFO tempest.lib.common.rest_client [req-2359f42b-fcc6-4388-8b35-39034405fed6 req-2359f42b-fcc6-4388-8b35-39034405fed6 ] Request (FloatingIPsNegativeTestJSON:tearDownClass): 204 DELETE http://10.180.1.21/identity/v3/users/cfe883bbd4d0498fb78ec69512de54c4 0.247s
2025-04-25 19:27:37.764 70026 INFO tempest.lib.common.dynamic_creds [-] Deleting project and security group for project: 5106da716f3d4327b6c542906e1df339
2025-04-25 19:27:37.772 70028 INFO tempest.common.waiters [-] State transition "BUILD/None" ==> "BUILD/spawning" after 6 second wait
2025-04-25 19:27:37.790 70026 INFO tempest.lib.common.rest_client [req-f0116020-8a4b-499e-b03d-eef43d818a6c req-f0116020-8a4b-499e-b03d-eef43d818a6c ] Request (FloatingIPsNegativeTestJSON:tearDownClass): 200 GET http://10.180.1.21:9696/networking/v2.0/security-groups?tenant_id=5106da716f3d4327b6c542906e1df339&name=default 0.025s
2025-04-25 19:27:37.820 70074 INFO tempest.lib.common.rest_client [req-ab49f6b7-2b76-4759-8029-0201f717c771 req-ab49f6b7-2b76-4759-8029-0201f717c771 ] Request (ImagesMetadataNegativeTestJSON:setUpClass): 201 POST http://10.180.1.21/identity/v3/users 0.269s
2025-04-25 19:27:37.829 70038 INFO tempest.lib.common.rest_client [req-7e0b4a7f-6844-4a18-9cc6-819f2a4837d4 req-7e0b4a7f-6844-4a18-9cc6-819f2a4837d4 ] Request (HypervisorAdminTestJSON:tearDownClass): 201 POST http://10.180.1.21/identity/v3/auth/tokens 0.272s
2025-04-25 19:27:37.873 70026 INFO tempest.lib.common.rest_client [req-09335f52-fafa-4400-9e09-8a9933c935b3 req-09335f52-fafa-4400-9e09-8a9933c935b3 ] Request (FloatingIPsNegativeTestJSON:tearDownClass): 204 DELETE http://10.180.1.21:9696/networking/v2.0/security-groups/e9c68d5e-a46c-4d72-985c-85c9f6f5158b 0.082s
2025-04-25 19:27:37.887 70054 INFO tempest.lib.common.rest_client [req-48ccdf57-5eb4-40ec-9ba7-5e0e59e3d7b9 req-48ccdf57-5eb4-40ec-9ba7-5e0e59e3d7b9 ] Request (ServerTagsTestJSON:setUpClass): 200 GET http://10.180.1.21/compute/v2.1/servers/44011071-a81a-4f24-9e27-9e7eed5a323c 2.481s
2025-04-25 19:27:37.888 70036 INFO tempest.lib.common.rest_client [req-3e1a7a08-8f54-45bf-b234-f46b3ba6988a req-3e1a7a08-8f54-45bf-b234-f46b3ba6988a ] Request (ServerDiagnosticsNegativeTest:setUpClass): 201 POST http://10.180.1.21/identity/v3/auth/tokens 0.249s
2025-04-25 19:27:37.922 70024 INFO tempest.lib.common.rest_client [req-8b543fde-e7dc-447d-90e2-1e116550344d req-8b543fde-e7dc-447d-90e2-1e116550344d ] Request (FlavorsAccessNegativeTestJSON:_run_cleanups): 202 DELETE http://10.180.1.21/compute/v2.1/flavors/451262325 2.411s
2025-04-25 19:27:37.940 70062 INFO tempest.lib.common.rest_client [req-168f1ced-6981-4b93-bbdd-58439ec61054 req-168f1ced-6981-4b93-bbdd-58439ec61054 ] Request (ServersAdminNegativeTestJSON:setUpClass): 201 POST http://10.180.1.21/identity/v3/auth/tokens 0.262s
2025-04-25 19:27:37.967 70072 INFO tempest.lib.common.rest_client [req-122f40e3-9ebb-43da-8699-a2fc8ce784e6 req-122f40e3-9ebb-43da-8699-a2fc8ce784e6 ] Request (VolumesAssistedSnapshotsTest:setUpClass): 201 POST http://10.180.1.21:9696/networking/v2.0/subnets 0.348s
2025-04-25 19:27:37.988 70032 INFO tempest.lib.common.rest_client [req-5733124a-7c37-4527-848a-cced1f8ab6be req-5733124a-7c37-4527-848a-cced1f8ab6be ] Request (AttachInterfacesTestJSON:setUpClass): 201 POST http://10.180.1.21/identity/v3/users 0.250s
2025-04-25 19:27:38.019 70074 INFO tempest.lib.common.rest_client [req-f3ba05a6-fd7e-4dce-9da8-c33606fb09eb req-f3ba05a6-fd7e-4dce-9da8-c33606fb09eb ] Request (ImagesMetadataNegativeTestJSON:setUpClass): 200 GET http://10.180.1.21/identity/v3/roles 0.199s
2025-04-25 19:27:38.026 70014 INFO tempest.lib.common.rest_client [req-3e80dc88-afb6-4a6c-a4d4-2d8618886e16 req-3e80dc88-afb6-4a6c-a4d4-2d8618886e16 ] Request (ServersAdmin275Test:test_rebuild_update_server_275): 200 GET http://10.180.1.21/compute/v2.1/servers/6ca2c9f7-36f1-4856-bbba-ef6f948ca7ce 2.494s
2025-04-25 19:27:38.056 70058 INFO tempest.lib.common.rest_client [req-94823556-668d-404f-ac03-e82c9798eae5 req-94823556-668d-404f-ac03-e82c9798eae5 ] Request (ServerActionsTestOtherB:setUpClass): 200 POST http://10.180.1.21/compute/v2.1/os-keypairs 2.744s
2025-04-25 19:27:38.066 70012 INFO tempest.lib.common.rest_client [req-1d5e0874-21d2-47df-854a-7a58cd59c2e8 req-1d5e0874-21d2-47df-854a-7a58cd59c2e8 ] Request (HypervisorAdminNegativeUnderV252Test:test_show_servers_with_non_admin_user): 403 GET http://10.180.1.21/compute/v2.1/os-hypervisors/1/servers 2.505s
2025-04-25 19:27:38.072 70016 INFO tempest.lib.common.rest_client [req-bd957b53-95c2-40de-a192-365290a3ab65 req-bd957b53-95c2-40de-a192-365290a3ab65 ] Request (FlavorsAdminTestJSON:test_create_flavor_verify_entry_in_list_details): 200 GET http://10.180.1.21/compute/v2.1/flavors/detail 2.534s
2025-04-25 19:27:38.105 70026 INFO tempest.lib.common.rest_client [req-6a21bd8c-19aa-4c83-88a0-333b5ec434ae req-6a21bd8c-19aa-4c83-88a0-333b5ec434ae ] Request (FloatingIPsNegativeTestJSON:tearDownClass): 204 DELETE http://10.180.1.21/identity/v3/projects/5106da716f3d4327b6c542906e1df339 0.232s
2025-04-25 19:27:38.157 70064 INFO tempest.lib.common.rest_client [req-f3baa84f-a229-4309-8e0f-38b358afb940 req-f3baa84f-a229-4309-8e0f-38b358afb940 ] Request (SecurityGroupsTestJSON:test_list_security_groups_by_server): 200 GET http://10.180.1.21/compute/v2.1/servers/56a75596-cd81-41e4-b526-dd378c737a8d 2.028s
2025-04-25 19:27:38.174 70070 INFO tempest.lib.common.rest_client [req-9ff84689-714d-45be-9d66-df97390b125b req-9ff84689-714d-45be-9d66-df97390b125b ] Request (MigrationsAdminTest:test_list_migrations_in_flavor_resize_situation): 200 GET http://10.180.1.21/compute/v2.1/servers/2ec4bbba-9dbd-4978-91e7-c2d0620c9857 2.085s
2025-04-25 19:27:38.177 70036 INFO tempest.lib.common.rest_client [req-7286e299-0cdb-4d11-9b64-716bdb2711bb req-7286e299-0cdb-4d11-9b64-716bdb2711bb ] Request (ServerDiagnosticsNegativeTest:setUpClass): 201 POST http://10.180.1.21/identity/v3/projects 0.288s
2025-04-25 19:27:38.189 70066 INFO tempest.lib.common.rest_client [req-1e57c1f6-62fb-4f89-81e3-5f995929945f req-1e57c1f6-62fb-4f89-81e3-5f995929945f ] Request (ServicesAdminNegativeV253TestJSON:test_get_service_by_invalid_params): 200 GET http://10.180.1.21/compute/v2.1/os-services?xxx=nova-compute 2.028s
2025-04-25 19:27:38.195 70040 INFO tempest.lib.common.rest_client [req-d578f825-85e6-4b78-818c-8421cb8acaaf req-d578f825-85e6-4b78-818c-8421cb8acaaf ] Request (HypervisorAdminNegativeTestJSON:test_get_hypervisor_uptime_with_non_admin_user): 403 GET http://10.180.1.21/compute/v2.1/os-hypervisors/1/uptime 1.732s
2025-04-25 19:27:38.205 70060 INFO tempest.lib.common.rest_client [req-e9120d7a-bb1c-4040-85ef-e333f7f5d0a0 req-e9120d7a-bb1c-4040-85ef-e333f7f5d0a0 ] Request (FlavorsAccessTestJSON:test_flavor_access_add_remove): 200 GET http://10.180.1.21/compute/v2.1/flavors/detail 2.024s
2025-04-25 19:27:38.219 70044 INFO tempest.lib.common.rest_client [req-9dbc834b-2ddd-498e-9516-cae3277103fd req-9dbc834b-2ddd-498e-9516-cae3277103fd ] Request (FlavorsV255TestJSON:test_crud_flavor): 200 GET http://10.180.1.21/compute/v2.1/flavors 1.720s
2025-04-25 19:27:38.225 70022 INFO tempest.lib.common.rest_client [req-46533341-500b-4747-922f-c74dd47da457 req-46533341-500b-4747-922f-c74dd47da457 ] Request (FlavorsExtraSpecsNegativeTestJSON:test_flavor_non_admin_unset_keys): 403 DELETE http://10.180.1.21/compute/v2.1/flavors/492517122/os-extra_specs/hw:numa_nodes 1.655s
2025-04-25 19:27:38.235 70032 INFO tempest.lib.common.rest_client [req-2cc56536-a4a6-4ddd-af0a-964984474c67 req-2cc56536-a4a6-4ddd-af0a-964984474c67 ] Request (AttachInterfacesTestJSON:setUpClass): 200 GET http://10.180.1.21/identity/v3/roles 0.246s
2025-04-25 19:27:38.245 70062 INFO tempest.lib.common.rest_client [req-8540dd5d-eec3-4670-91f9-f0287fedb5fb req-8540dd5d-eec3-4670-91f9-f0287fedb5fb ] Request (ServersAdminNegativeTestJSON:setUpClass): 201 POST http://10.180.1.21/identity/v3/auth/tokens 0.302s
2025-04-25 19:27:38.262 70046 INFO tempest.lib.common.rest_client [req-f21ace87-7e57-48db-b8b9-3cbf7a77e5ac req-f21ace87-7e57-48db-b8b9-3cbf7a77e5ac ] Request (FlavorsV261TestJSON:test_crud_flavor): 200 GET http://10.180.1.21/compute/v2.1/flavors 1.639s
2025-04-25 19:27:38.274 70068 INFO tempest.lib.common.rest_client [req-b36263a3-d717-4211-a7d2-5638da4d6551 req-b36263a3-d717-4211-a7d2-5638da4d6551 ] Request (FlavorsExtraSpecsTestJSON:test_flavor_non_admin_get_specific_key): 200 GET http://10.180.1.21/compute/v2.1/flavors/378119658/os-extra_specs/hw:numa_nodes 1.646s
2025-04-25 19:27:38.274 70026 INFO tempest.lib.common.rest_client [req-c64a2643-66ec-4466-ad63-9537bf9d360f req-c64a2643-66ec-4466-ad63-9537bf9d360f ] Request (AbsoluteLimitsNegativeTestJSON:setUpClass): 201 POST http://10.180.1.21/identity/v3/auth/tokens 0.167s
2025-04-25 19:27:38.291 70074 INFO tempest.lib.common.rest_client [req-ce933b77-4dac-4c0b-bacd-07322e81fd29 req-ce933b77-4dac-4c0b-bacd-07322e81fd29 ] Request (ImagesMetadataNegativeTestJSON:setUpClass): 204 PUT http://10.180.1.21/identity/v3/projects/f25abeeb1f55443a944bcfb6c666316c/users/ab36285b1ea7474fb5597dcef6455dae/roles/87616362c06444c58edb6473d1d6f62f 0.272s
2025-04-25 19:27:38.292 70074 INFO tempest.lib.common.dynamic_creds [-] Dynamic test user ab36285b1ea7474fb5597dcef6455dae is created with scope project and roles: ['member']
2025-04-25 19:27:38.292 70074 INFO tempest.lib.common.dynamic_creds [-] Acquired dynamic creds: credentials: Credentials: {'domain_id': 'default', 'domain_name': 'Default', 'username': 'tempest-ImagesMetadataNegativeTestJSON-1924280143-project-member', 'project_domain_id': 'default', 'project_domain_name': 'Default', 'project_id': 'f25abeeb1f55443a944bcfb6c666316c', 'project_name': 'tempest-ImagesMetadataNegativeTestJSON-1924280143', 'tenant_id': 'f25abeeb1f55443a944bcfb6c666316c', 'tenant_name': 'tempest-ImagesMetadataNegativeTestJSON-1924280143', 'user_domain_id': 'default', 'user_domain_name': 'Default', 'user_id': 'ab36285b1ea7474fb5597dcef6455dae', 'system': None}, Network: None, Subnet: None, Router: None
2025-04-25 19:27:38.292 70074 INFO tempest.lib.common.dynamic_creds [-] Created isolated network resources for: credentials: Credentials: {'domain_id': 'default', 'domain_name': 'Default', 'username': 'tempest-ImagesMetadataNegativeTestJSON-1924280143-project-member', 'project_domain_id': 'default', 'project_domain_name': 'Default', 'project_id': 'f25abeeb1f55443a944bcfb6c666316c', 'project_name': 'tempest-ImagesMetadataNegativeTestJSON-1924280143', 'tenant_id': 'f25abeeb1f55443a944bcfb6c666316c', 'tenant_name': 'tempest-ImagesMetadataNegativeTestJSON-1924280143', 'user_domain_id': 'default', 'user_domain_name': 'Default', 'user_id': 'ab36285b1ea7474fb5597dcef6455dae', 'system': None}, Network: None, Subnet: None, Router: None
2025-04-25 19:27:38.292 70058 INFO tempest.lib.common.rest_client [req-b39fb0d2-a693-42e7-ad04-f807ce219e7b req-b39fb0d2-a693-42e7-ad04-f807ce219e7b ] Request (ServerActionsTestOtherB:setUpClass): 201 POST http://10.180.1.21:9696/networking/v2.0/security-groups 0.233s
2025-04-25 19:27:38.304 70036 INFO tempest.lib.common.rest_client [req-bb0ec629-bcd4-45dd-b9be-e340d503b6bb req-bb0ec629-bcd4-45dd-b9be-e340d503b6bb ] Request (ServerDiagnosticsNegativeTest:setUpClass): 201 POST http://10.180.1.21/identity/v3/users 0.127s
2025-04-25 19:27:38.352 70032 INFO tempest.lib.common.rest_client [req-ad85d9c7-6bc8-47bf-93d2-0cc487eda167 req-ad85d9c7-6bc8-47bf-93d2-0cc487eda167 ] Request (AttachInterfacesTestJSON:setUpClass): 204 PUT http://10.180.1.21/identity/v3/projects/916dd68865a34aefa47ed8218cd16950/users/6b7a254b58fb42b8b586c13f42bfb596/roles/87616362c06444c58edb6473d1d6f62f 0.117s
2025-04-25 19:27:38.353 70032 INFO tempest.lib.common.dynamic_creds [-] Dynamic test user 6b7a254b58fb42b8b586c13f42bfb596 is created with scope project and roles: ['member']
2025-04-25 19:27:38.353 70032 INFO tempest.lib.common.dynamic_creds [-] Acquired dynamic creds: credentials: Credentials: {'domain_id': 'default', 'domain_name': 'Default', 'username': 'tempest-AttachInterfacesTestJSON-1729150823-project-member', 'project_domain_id': 'default', 'project_domain_name': 'Default', 'project_id': '916dd68865a34aefa47ed8218cd16950', 'project_name': 'tempest-AttachInterfacesTestJSON-1729150823', 'tenant_id': '916dd68865a34aefa47ed8218cd16950', 'tenant_name': 'tempest-AttachInterfacesTestJSON-1729150823', 'user_domain_id': 'default', 'user_domain_name': 'Default', 'user_id': '6b7a254b58fb42b8b586c13f42bfb596', 'system': None}, Network: None, Subnet: None, Router: None
2025-04-25 19:27:38.369 70020 INFO tempest.lib.common.rest_client [req-172febde-d057-49e6-83d2-3d85ac0fbaf0 req-172febde-d057-49e6-83d2-3d85ac0fbaf0 ] Request (FlavorMetadataValidation:test_flavor_update_with_custom_namespace): 200 POST http://10.180.1.21/compute/v2.1/flavors/520750020/os-extra_specs 1.512s
2025-04-25 19:27:38.383 70042 INFO tempest.lib.common.rest_client [req-7397e113-5913-49b6-aed0-80175b8fd4ad req-7397e113-5913-49b6-aed0-80175b8fd4ad ] Request (HostsAdminNegativeTestJSON:test_reboot_nonexistent_host): 404 GET http://10.180.1.21/compute/v2.1/os-hosts/nonexistent_hostname/reboot 1.463s
2025-04-25 19:27:38.395 70048 INFO tempest.lib.common.rest_client [req-a5e05f43-0085-4910-87a7-cf7d8cd1e347 req-a5e05f43-0085-4910-87a7-cf7d8cd1e347 ] Request (ServersWithSpecificFlavorTestJSON:test_verify_created_server_ephemeral_disk): 200 GET http://10.180.1.21/compute/v2.1/flavors/42/os-extra_specs 1.158s
2025-04-25 19:27:38.406 70026 INFO tempest.lib.common.rest_client [req-4e7ba722-23b3-4ac9-9e90-592f88bac846 req-4e7ba722-23b3-4ac9-9e90-592f88bac846 ] Request (AbsoluteLimitsNegativeTestJSON:setUpClass): 201 POST http://10.180.1.21/identity/v3/auth/tokens 0.129s
2025-04-25 19:27:38.408 70062 INFO tempest.lib.common.rest_client [req-1b07467e-6a53-4dbd-b8d3-26b7224b2a7a req-1b07467e-6a53-4dbd-b8d3-26b7224b2a7a ] Request (ServersAdminNegativeTestJSON:setUpClass): 200 GET http://10.180.1.21/identity/v3/domains?name=Default 0.163s
2025-04-25 19:27:38.425 70036 INFO tempest.lib.common.rest_client [req-70bd1655-c308-417d-b7e8-6d392babb377 req-70bd1655-c308-417d-b7e8-6d392babb377 ] Request (ServerDiagnosticsNegativeTest:setUpClass): 200 GET http://10.180.1.21/identity/v3/roles 0.120s
2025-04-25 19:27:38.447 70032 INFO tempest.lib.common.rest_client [req-6228604e-8988-4e3c-a7e6-4a65105236cc req-6228604e-8988-4e3c-a7e6-4a65105236cc ] Request (AttachInterfacesTestJSON:setUpClass): 201 POST http://10.180.1.21/identity/v3/auth/tokens 0.094s
2025-04-25 19:27:38.472 70074 INFO tempest.lib.common.rest_client [req-24996ae0-a044-4eb4-afb4-ea4d0661b876 req-24996ae0-a044-4eb4-afb4-ea4d0661b876 ] Request (ImagesMetadataNegativeTestJSON:setUpClass): 201 POST http://10.180.1.21/identity/v3/auth/tokens 0.175s
2025-04-25 19:27:38.492 70026 INFO tempest.lib.common.rest_client [req-4f8f04ae-94d4-479d-a56f-7634200e8194 req-4f8f04ae-94d4-479d-a56f-7634200e8194 ] Request (AbsoluteLimitsNegativeTestJSON:setUpClass): 200 GET http://10.180.1.21/identity/v3/domains?name=Default 0.086s
2025-04-25 19:27:38.515 70062 INFO tempest.lib.common.rest_client [req-f91c95bf-1836-4f0a-b7c2-14c32ec9bb07 req-f91c95bf-1836-4f0a-b7c2-14c32ec9bb07 ] Request (ServersAdminNegativeTestJSON:setUpClass): 201 POST http://10.180.1.21/identity/v3/projects 0.107s
2025-04-25 19:27:38.521 70038 INFO tempest.lib.common.rest_client [req-f98dba8b-6857-43a6-a08e-968f5c575f74 req-f98dba8b-6857-43a6-a08e-968f5c575f74 ] Request (HypervisorAdminTestJSON:tearDownClass): 200 GET http://10.180.1.21:9696/networking/v2.0/security-groups?tenant_id=adf99d2e582541fdbf6641af8014440c&name=default 0.691s
2025-04-25 19:27:38.564 70036 INFO tempest.lib.common.rest_client [req-9d5007fc-57e4-4b9f-91c8-31109193cd76 req-9d5007fc-57e4-4b9f-91c8-31109193cd76 ] Request (ServerDiagnosticsNegativeTest:setUpClass): 204 PUT http://10.180.1.21/identity/v3/projects/147709b27df24842a2b6a9c7d1e3bd52/users/f81303a50b77499dbf2006356f8e2aac/roles/8666fe8681724d5eaad02e375e5fcee2 0.138s
2025-04-25 19:27:38.580 70030 INFO tempest.lib.common.rest_client [req-c034251c-2c54-4c32-b608-fa4a36dd20d1 req-c034251c-2c54-4c32-b608-fa4a36dd20d1 ] Request (KeyPairsV210TestJSON:test_admin_manage_keypairs_for_other_users): 201 POST http://10.180.1.21/compute/v2.1/os-keypairs 1.063s
2025-04-25 19:27:38.627 70026 INFO tempest.lib.common.rest_client [req-1eda28ef-2fd7-4f70-adba-056edf43130a req-1eda28ef-2fd7-4f70-adba-056edf43130a ] Request (AbsoluteLimitsNegativeTestJSON:setUpClass): 201 POST http://10.180.1.21/identity/v3/projects 0.134s
2025-04-25 19:27:38.673 70036 INFO tempest.lib.common.rest_client [req-5e112fdf-618e-456b-91da-b72a33a330f6 req-5e112fdf-618e-456b-91da-b72a33a330f6 ] Request (ServerDiagnosticsNegativeTest:setUpClass): 200 GET http://10.180.1.21/identity/v3/roles 0.108s
2025-04-25 19:27:38.674 70062 INFO tempest.lib.common.rest_client [req-4e0c0054-9c32-4f56-8819-c774ce4436bf req-4e0c0054-9c32-4f56-8819-c774ce4436bf ] Request (ServersAdminNegativeTestJSON:setUpClass): 201 POST http://10.180.1.21/identity/v3/users 0.158s
2025-04-25 19:27:38.701 70026 INFO tempest.lib.common.rest_client [req-daf87574-652a-41c2-b734-554d8c93748e req-daf87574-652a-41c2-b734-554d8c93748e ] Request (AbsoluteLimitsNegativeTestJSON:setUpClass): 201 POST http://10.180.1.21/identity/v3/users 0.074s
2025-04-25 19:27:38.702 70058 INFO tempest.lib.common.rest_client [req-125829c1-08ce-4643-83f0-3a11b3a0c2f6 req-125829c1-08ce-4643-83f0-3a11b3a0c2f6 ] Request (ServerActionsTestOtherB:setUpClass): 201 POST http://10.180.1.21:9696/networking/v2.0/security-group-rules 0.409s
2025-04-25 19:27:38.714 70036 INFO tempest.lib.common.rest_client [req-38c51f21-b507-4b52-9c0d-bc11622a9246 req-38c51f21-b507-4b52-9c0d-bc11622a9246 ] Request (ServerDiagnosticsNegativeTest:setUpClass): 204 PUT http://10.180.1.21/identity/v3/projects/147709b27df24842a2b6a9c7d1e3bd52/users/f81303a50b77499dbf2006356f8e2aac/roles/8666fe8681724d5eaad02e375e5fcee2 0.041s
2025-04-25 19:27:38.715 70036 INFO tempest.lib.common.dynamic_creds [-] Dynamic test user f81303a50b77499dbf2006356f8e2aac is created with scope project and roles: ['admin']
2025-04-25 19:27:38.715 70036 INFO tempest.lib.common.dynamic_creds [-] Acquired dynamic creds: credentials: Credentials: {'domain_id': 'default', 'domain_name': 'Default', 'username': 'tempest-ServerDiagnosticsNegativeTest-1706497975-project-admin', 'project_domain_id': 'default', 'project_domain_name': 'Default', 'project_id': '147709b27df24842a2b6a9c7d1e3bd52', 'project_name': 'tempest-ServerDiagnosticsNegativeTest-1706497975', 'tenant_id': '147709b27df24842a2b6a9c7d1e3bd52', 'tenant_name': 'tempest-ServerDiagnosticsNegativeTest-1706497975', 'user_domain_id': 'default', 'user_domain_name': 'Default', 'user_id': 'f81303a50b77499dbf2006356f8e2aac', 'system': None}, Network: None, Subnet: None, Router: None
