2025-04-25 20:58:48.934 70410 INFO tempest.lib.common.dynamic_creds [-] Created isolated network resources for: credentials: Credentials: {'domain_id': 'default', 'domain_name': 'Default', 'username': 'tempest-ServerAddressesNegativeTestJSON-933272731-project-member', 'project_domain_id': 'default', 'project_domain_name': 'Default', 'project_id': '16c421c8768b4ad38198fae1fc4957a3', 'project_name': 'tempest-ServerAddressesNegativeTestJSON-933272731', 'tenant_id': '16c421c8768b4ad38198fae1fc4957a3', 'tenant_name': 'tempest-ServerAddressesNegativeTestJSON-933272731', 'user_domain_id': 'default', 'user_domain_name': 'Default', 'user_id': '9e5c7ae6208d432cb3c07d62518ce39e', 'system': None}, Network: {'id': '2522620d-e074-4323-a7be-069a1c923ee8', 'name': 'tempest-ServerAddressesNegativeTestJSON-2019015806-network', 'tenant_id': '16c421c8768b4ad38198fae1fc4957a3', 'admin_state_up': True, 'mtu': 8950, 'status': 'ACTIVE', 'subnets': [], 'shared': False, 'project_id': '16c421c8768b4ad38198fae1fc4957a3', 'port_security_enabled': True, 'router:external': False, 'provider:network_type': 'vlan', 'provider:physical_network': 'default', 'provider:segmentation_id': 297, 'availability_zone_hints': [], 'availability_zones': [], 'ipv4_address_scope': None, 'ipv6_address_scope': None, 'description': '', 'tags': [], 'created_at': '2025-04-25T20:58:41Z', 'updated_at': '2025-04-25T20:58:41Z', 'revision_number': 1}, Subnet: {'id': '13437cbf-7eb4-468c-b415-e54ef2a052a4', 'name': 'tempest-ServerAddressesNegativeTestJSON-2019015806-subnet', 'tenant_id': '16c421c8768b4ad38198fae1fc4957a3', 'network_id': '2522620d-e074-4323-a7be-069a1c923ee8', 'ip_version': 4, 'subnetpool_id': None, 'enable_dhcp': True, 'ipv6_ra_mode': None, 'ipv6_address_mode': None, 'gateway_ip': '192.168.128.1', 'cidr': '192.168.128.0/28', 'allocation_pools': [{'start': '192.168.128.2', 'end': '192.168.128.14'}], 'host_routes': [], 'dns_nameservers': [], 'description': '', 'router:external': False, 'service_types': [], 'tags': [], 'created_at': '2025-04-25T20:58:41Z', 'updated_at': '2025-04-25T20:58:41Z', 'revision_number': 0, 'project_id': '16c421c8768b4ad38198fae1fc4957a3'}, Router: {'id': '14956d87-7a61-414e-b56d-74b2a88fecf3', 'name': 'tempest-ServerAddressesNegativeTestJSON-2019015806-router', 'tenant_id': '16c421c8768b4ad38198fae1fc4957a3', 'admin_state_up': True, 'status': 'ACTIVE', 'external_gateway_info': {'network_id': 'c5a4707c-4cff-4c0c-8ca5-334369811817', 'external_fixed_ips': [{'subnet_id': 'b03df3ca-697b-43ae-b223-070144d49a8d', 'ip_address': '10.180.180.233'}], 'enable_snat': True}, 'description': '', 'availability_zones': [], 'distributed': False, 'ha': False, 'availability_zone_hints': [], 'routes': [], 'flavor_id': None, 'tags': [], 'created_at': '2025-04-25T20:58:42Z', 'updated_at': '2025-04-25T20:58:44Z', 'revision_number': 2, 'project_id': '16c421c8768b4ad38198fae1fc4957a3'}
2025-04-25 20:58:48.982 70442 INFO tempest.lib.common.rest_client [req-b08f3c32-94eb-4a45-ba87-bc51208d59cf req-b08f3c32-94eb-4a45-ba87-bc51208d59cf ] Request (QuotasSecurityGroupAdminNegativeTest:tearDownClass): 204 DELETE http://10.180.1.21/identity/v3/projects/95a2083c85b848e090935df068998f5f 0.091s
2025-04-25 20:58:48.982 70442 INFO tempest.lib.common.dynamic_creds [-] Deleting project and security group for project: 41f3f65a08ca4158956cff9803976bcd
2025-04-25 20:58:49.003 70402 INFO tempest.lib.common.rest_client [req-e1540994-e415-4622-bb6e-8d140fd6d4a1 req-e1540994-e415-4622-bb6e-8d140fd6d4a1 ] Request (FloatingIPsAssociationTestJSON:setUpClass): 201 POST http://10.180.1.21:9696/networking/v2.0/routers 2.951s
2025-04-25 20:58:49.006 70418 INFO tempest.lib.common.rest_client [req-7e06a631-5c47-44bf-a13d-724e57801e95 req-7e06a631-5c47-44bf-a13d-724e57801e95 ] Request (SecurityGroupsNegativeTestJSON:setUpClass): 201 POST http://10.180.1.21:9696/networking/v2.0/routers 2.952s
2025-04-25 20:58:49.041 70406 INFO tempest.lib.common.rest_client [req-ae508aa4-7158-4d96-b20a-b50bec516dd7 req-ae508aa4-7158-4d96-b20a-b50bec516dd7 ] Request (ServersTestJSON:setUpClass): 200 GET http://10.180.1.21/identity/v3/roles 0.135s
2025-04-25 20:58:49.049 70490 INFO tempest.lib.common.rest_client [req-55cfc884-2bc5-41b2-a04a-0d89868d19f6 req-55cfc884-2bc5-41b2-a04a-0d89868d19f6 ] Request (AttachInterfacesV270Test:setUpClass): 201 POST http://10.180.1.21/identity/v3/auth/tokens 0.144s
2025-04-25 20:58:49.068 70500 INFO tempest.lib.common.rest_client [req-173151cb-7d71-45d4-ab6d-629f86f770cf req-173151cb-7d71-45d4-ab6d-629f86f770cf ] Request (ServersTestMultiNic:test_verify_duplicate_network_nics): 201 POST http://10.180.1.21:9696/networking/v2.0/networks 0.354s
2025-04-25 20:58:49.087 70406 INFO tempest.lib.common.rest_client [req-937810f7-d374-4c52-83d5-f90623219fd9 req-937810f7-d374-4c52-83d5-f90623219fd9 ] Request (ServersTestJSON:setUpClass): 204 PUT http://10.180.1.21/identity/v3/projects/878de99f712b410b84a7a8933d7290be/users/439e799b471b4fec81f7bdd20fcb7ab1/roles/64a84b3d9f0c475b8b818a28f126c976 0.046s
2025-04-25 20:58:49.088 70406 INFO tempest.lib.common.dynamic_creds [-] Dynamic test user 439e799b471b4fec81f7bdd20fcb7ab1 is created with scope project and roles: ['member']
2025-04-25 20:58:49.088 70406 INFO tempest.lib.common.dynamic_creds [-] Acquired dynamic creds: credentials: Credentials: {'domain_id': 'default', 'domain_name': 'Default', 'username': 'tempest-ServersTestJSON-78779318-project-member', 'project_domain_id': 'default', 'project_domain_name': 'Default', 'project_id': '878de99f712b410b84a7a8933d7290be', 'project_name': 'tempest-ServersTestJSON-78779318', 'tenant_id': '878de99f712b410b84a7a8933d7290be', 'tenant_name': 'tempest-ServersTestJSON-78779318', 'user_domain_id': 'default', 'user_domain_name': 'Default', 'user_id': '439e799b471b4fec81f7bdd20fcb7ab1', 'system': None}, Network: None, Subnet: None, Router: None
2025-04-25 20:58:49.117 70410 INFO tempest.lib.common.rest_client [req-8c192c6a-64ee-4d58-8cae-d2b79476323c req-8c192c6a-64ee-4d58-8cae-d2b79476323c ] Request (ServerAddressesNegativeTestJSON:setUpClass): 201 POST http://10.180.1.21/identity/v3/auth/tokens 0.177s
2025-04-25 20:58:49.146 70406 INFO tempest.lib.common.rest_client [req-29909f52-ce52-4934-a24e-af130490a569 req-29909f52-ce52-4934-a24e-af130490a569 ] Request (ServersTestJSON:setUpClass): 201 POST http://10.180.1.21/identity/v3/auth/tokens 0.057s
2025-04-25 20:58:49.167 70490 INFO tempest.lib.common.rest_client [req-cd14bd24-1d7c-4fdb-abfa-340b6756df10 req-cd14bd24-1d7c-4fdb-abfa-340b6756df10 ] Request (AttachInterfacesV270Test:setUpClass): 200 GET http://10.180.1.21/identity/v3/domains?name=Default 0.117s
2025-04-25 20:58:49.179 70476 INFO tempest.lib.common.rest_client [req-5629365e-a68a-4584-a5b1-d09a471a257b req-5629365e-a68a-4584-a5b1-d09a471a257b ] Request (SecurityGroupRulesNegativeTestJSON:tearDownClass): 202 DELETE http://10.180.1.21/compute/v2.1/os-security-groups/14ecb3e8-a4f1-4b15-96f5-10471cd8ceee 2.422s
2025-04-25 20:58:49.211 70498 INFO tempest.lib.common.rest_client [req-8735e5e3-296d-4064-b2cd-2f52ad91e64c req-8735e5e3-296d-4064-b2cd-2f52ad91e64c ] Request (HypervisorAdminNegativeTestJSON:test_show_hypervisor_with_non_admin_user): 200 GET http://10.180.1.21/compute/v2.1/os-hypervisors 2.447s
2025-04-25 20:58:49.217 70410 INFO tempest.lib.common.rest_client [req-91852887-f3aa-4355-8f33-42307f954cbd req-91852887-f3aa-4355-8f33-42307f954cbd ] Request (ServerAddressesNegativeTestJSON:setUpClass): 201 POST http://10.180.1.21/identity/v3/auth/tokens 0.091s
2025-04-25 20:58:49.217 70410 INFO tempest.lib.common.fixed_network [-] (ServerAddressesNegativeTestJSON:setUpClass) Found network {'id': '2522620d-e074-4323-a7be-069a1c923ee8', 'name': 'tempest-ServerAddressesNegativeTestJSON-2019015806-network', 'tenant_id': '16c421c8768b4ad38198fae1fc4957a3', 'admin_state_up': True, 'mtu': 8950, 'status': 'ACTIVE', 'subnets': [], 'shared': False, 'project_id': '16c421c8768b4ad38198fae1fc4957a3', 'port_security_enabled': True, 'router:external': False, 'provider:network_type': 'vlan', 'provider:physical_network': 'default', 'provider:segmentation_id': 297, 'availability_zone_hints': [], 'availability_zones': [], 'ipv4_address_scope': None, 'ipv6_address_scope': None, 'description': '', 'tags': [], 'created_at': '2025-04-25T20:58:41Z', 'updated_at': '2025-04-25T20:58:41Z', 'revision_number': 1} available for tenant
2025-04-25 20:58:49.225 70412 INFO tempest.lib.common.rest_client [req-169a37fc-ce7b-45e4-8f1f-bb91bc640fc6 req-169a37fc-ce7b-45e4-8f1f-bb91bc640fc6 ] Request (SecurityGroupRulesTestJSON:test_security_group_rules_create): 200 POST http://10.180.1.21/compute/v2.1/os-security-groups 2.775s
2025-04-25 20:58:49.246 70414 INFO tempest.lib.common.rest_client [req-b297339a-6b3f-452a-a1a7-1940aaae69d2 req-b297339a-6b3f-452a-a1a7-1940aaae69d2 ] Request (KeyPairsV22TestJSON:_run_cleanups): 204 DELETE http://10.180.1.21/compute/v2.1/os-keypairs/tempest-keypair-1668844819 2.317s
2025-04-25 20:58:49.279 70490 INFO tempest.lib.common.rest_client [req-1b8bde38-1364-470f-bbf2-7524c66d593a req-1b8bde38-1364-470f-bbf2-7524c66d593a ] Request (AttachInterfacesV270Test:setUpClass): 201 POST http://10.180.1.21/identity/v3/projects 0.111s
2025-04-25 20:58:49.355 70490 INFO tempest.lib.common.rest_client [req-c04b3bf5-3c49-404a-9ee0-6b34c03d25c9 req-c04b3bf5-3c49-404a-9ee0-6b34c03d25c9 ] Request (AttachInterfacesV270Test:setUpClass): 201 POST http://10.180.1.21/identity/v3/users 0.075s
2025-04-25 20:58:49.413 70414 INFO tempest.lib.common.rest_client [req-3bf0409a-a061-4c6f-87ee-c53090ea5586 req-3bf0409a-a061-4c6f-87ee-c53090ea5586 ] Request (KeyPairsV22TestJSON:tearDownClass): 204 DELETE http://10.180.1.21/identity/v3/users/7fcf3efd07aa4172a8fb35f67b92dfb5 0.162s
2025-04-25 20:58:49.413 70414 INFO tempest.lib.common.dynamic_creds [-] Deleting project and security group for project: c6326c424f2849deb33fa1404db93420
2025-04-25 20:58:49.444 70490 INFO tempest.lib.common.rest_client [req-6675c89d-727a-40a5-bd3e-76c37da5650c req-6675c89d-727a-40a5-bd3e-76c37da5650c ] Request (AttachInterfacesV270Test:setUpClass): 200 GET http://10.180.1.21/identity/v3/roles 0.089s
2025-04-25 20:58:49.449 70442 INFO tempest.lib.common.rest_client [req-77cf5910-99a9-4e6a-b1c1-b0599478c3d6 req-77cf5910-99a9-4e6a-b1c1-b0599478c3d6 ] Request (QuotasSecurityGroupAdminNegativeTest:tearDownClass): 200 GET http://10.180.1.21:9696/networking/v2.0/security-groups?tenant_id=41f3f65a08ca4158956cff9803976bcd&name=default 0.467s
2025-04-25 20:58:49.509 70414 INFO tempest.lib.common.rest_client [req-410530f9-bb18-41d2-9c19-7472d8b086a2 req-410530f9-bb18-41d2-9c19-7472d8b086a2 ] Request (KeyPairsV22TestJSON:tearDownClass): 201 POST http://10.180.1.21/identity/v3/auth/tokens 0.096s
2025-04-25 20:58:49.524 70490 INFO tempest.lib.common.rest_client [req-4b1aa0d7-3f66-4e74-8839-c3c8b3a0c0f3 req-4b1aa0d7-3f66-4e74-8839-c3c8b3a0c0f3 ] Request (AttachInterfacesV270Test:setUpClass): 204 PUT http://10.180.1.21/identity/v3/projects/cc87c8defb994dfe9fac3e07ff19fbbe/users/145b1451027f4f708190d9777d386b5e/roles/64a84b3d9f0c475b8b818a28f126c976 0.080s
2025-04-25 20:58:49.525 70490 INFO tempest.lib.common.dynamic_creds [-] Dynamic test user 145b1451027f4f708190d9777d386b5e is created with scope project and roles: ['member']
2025-04-25 20:58:49.525 70490 INFO tempest.lib.common.dynamic_creds [-] Acquired dynamic creds: credentials: Credentials: {'domain_id': 'default', 'domain_name': 'Default', 'username': 'tempest-AttachInterfacesV270Test-2036224912-project-member', 'project_domain_id': 'default', 'project_domain_name': 'Default', 'project_id': 'cc87c8defb994dfe9fac3e07ff19fbbe', 'project_name': 'tempest-AttachInterfacesV270Test-2036224912', 'tenant_id': 'cc87c8defb994dfe9fac3e07ff19fbbe', 'tenant_name': 'tempest-AttachInterfacesV270Test-2036224912', 'user_domain_id': 'default', 'user_domain_name': 'Default', 'user_id': '145b1451027f4f708190d9777d386b5e', 'system': None}, Network: None, Subnet: None, Router: None
2025-04-25 20:58:49.588 70490 INFO tempest.lib.common.rest_client [req-74731e5d-1c3a-4ee7-b531-d3197295516a req-74731e5d-1c3a-4ee7-b531-d3197295516a ] Request (AttachInterfacesV270Test:setUpClass): 201 POST http://10.180.1.21/identity/v3/auth/tokens 0.062s
2025-04-25 20:58:49.653 70396 INFO tempest.lib.common.rest_client [req-01d034b9-610d-4bf2-8bbe-c3f569ab46b8 req-01d034b9-610d-4bf2-8bbe-c3f569ab46b8 ] Request (VolumesAssistedSnapshotsTest:test_volume_assisted_snapshot_create_delete): 200 GET http://10.180.1.21/compute/v2.1/servers/2dc8b5c8-b067-4e2d-b31b-98e7f7b7ba28 2.720s
2025-04-25 20:58:49.664 70436 INFO tempest.lib.common.rest_client [req-530825e1-38cd-479a-9f4c-ac21abfbd4c1 req-530825e1-38cd-479a-9f4c-ac21abfbd4c1 ] Request (AggregatesAdminNegativeTestJSON:test_aggregate_delete_as_user): 403 DELETE http://10.180.1.21/compute/v2.1/os-aggregates/5 2.662s
2025-04-25 20:58:49.665 70396 INFO tempest.common.waiters [-] State transition "BUILD/block_device_mapping" ==> "BUILD/spawning" after 16 second wait
2025-04-25 20:58:49.707 70484 INFO tempest.lib.common.rest_client [req-f878f963-4064-45cc-8e60-1152448e3f01 req-f878f963-4064-45cc-8e60-1152448e3f01 ] Request (FlavorsAdminTestJSON:_run_cleanups): 200 GET http://10.180.1.21/compute/v2.1/flavors/detail 2.395s
2025-04-25 20:58:49.746 70472 INFO tempest.lib.common.rest_client [req-5b3267a7-29ae-419a-b41a-3dec891552dd req-5b3267a7-29ae-419a-b41a-3dec891552dd ] Request (FlavorsAccessNegativeTestJSON:_run_cleanups): 200 GET http://10.180.1.21/compute/v2.1/flavors/detail 2.410s
2025-04-25 20:58:49.774 70432 INFO tempest.lib.common.rest_client [req-0de121a2-08a1-46c6-aea9-aa7b6ed6fae3 req-0de121a2-08a1-46c6-aea9-aa7b6ed6fae3 ] Request (ImagesMetadataNegativeTestJSON:test_list_nonexistent_image_metadata): 404 GET http://10.180.1.21/compute/v2.1/images/d9f06fc0-41f6-43c7-a0c0-d549d1ba5679/metadata 2.395s
2025-04-25 20:58:49.909 70398 INFO tempest.lib.common.rest_client [req-63419e07-a752-4bfd-8adc-fcc980829d95 req-63419e07-a752-4bfd-8adc-fcc980829d95 ] Request (SecurityGroupsTestAdminJSON:test_list_security_groups_list_all_tenants_filter): 200 POST http://10.180.1.21/compute/v2.1/os-security-groups 3.128s
2025-04-25 20:58:49.954 70442 INFO tempest.lib.common.rest_client [req-2c48c288-da41-47a7-bde7-0d7f34ee4952 req-2c48c288-da41-47a7-bde7-0d7f34ee4952 ] Request (QuotasSecurityGroupAdminNegativeTest:tearDownClass): 204 DELETE http://10.180.1.21:9696/networking/v2.0/security-groups/12938818-7e93-4aab-8b86-e96971e32859 0.504s
2025-04-25 20:58:49.978 70400 INFO tempest.lib.common.rest_client [req-35f9c644-7f59-4ad7-911c-0f35263d537f req-35f9c644-7f59-4ad7-911c-0f35263d537f ] Request (InstanceActionsNegativeTestJSON:tearDownClass): 200 GET http://10.180.1.21/compute/v2.1/servers/ddbcf67f-44f4-44f0-8614-48ee6a4a21b8 2.286s
2025-04-25 20:58:49.985 70400 INFO tempest.common.waiters [-] State transition "ACTIVE/deleting" ==> "DELETED/None" after 3 second wait
2025-04-25 20:58:50.054 70442 INFO tempest.lib.common.rest_client [req-2e1ca92a-393e-438b-a477-339de3734bdd req-2e1ca92a-393e-438b-a477-339de3734bdd ] Request (QuotasSecurityGroupAdminNegativeTest:tearDownClass): 204 DELETE http://10.180.1.21/identity/v3/projects/41f3f65a08ca4158956cff9803976bcd 0.099s
2025-04-25 20:58:50.084 70488 INFO tempest.lib.common.rest_client [req-ac024cad-ac05-4f43-be8f-78ac66c5ce18 req-ac024cad-ac05-4f43-be8f-78ac66c5ce18 ] Request (ServerTagsTestJSON:setUpClass): 201 POST http://10.180.1.21:9696/networking/v2.0/networks 1.205s
2025-04-25 20:58:50.099 70486 INFO tempest.lib.common.rest_client [req-f8b1e8f9-388b-4e28-8498-6b9e609e1776 req-f8b1e8f9-388b-4e28-8498-6b9e609e1776 ] Request (ServersWithSpecificFlavorTestJSON:test_verify_created_server_ephemeral_disk): 200 GET http://10.180.1.21/compute/v2.1/servers/f9453044-6270-44bb-9de6-dd6481693259 2.176s
2025-04-25 20:58:50.105 70494 INFO tempest.lib.common.rest_client [req-1903e7d4-4663-447f-b4d0-945d4de71729 req-1903e7d4-4663-447f-b4d0-945d4de71729 ] Request (QuotaClassesAdminTestJSON:test_update_default_quotas): 200 PUT http://10.180.1.21/compute/v2.1/os-quota-class-sets/default 2.210s
2025-04-25 20:58:50.113 70486 INFO tempest.common.waiters [-] State transition "BUILD/None" ==> "BUILD/networking" after 14 second wait
2025-04-25 20:58:50.168 70442 INFO tempest.lib.common.rest_client [req-aa063b46-4aeb-480b-a933-f9b05aa995b5 req-aa063b46-4aeb-480b-a933-f9b05aa995b5 ] Request (AttachInterfacesUnderV243Test:setUpClass): 201 POST http://10.180.1.21/identity/v3/auth/tokens 0.112s
2025-04-25 20:58:50.207 70442 INFO tempest.lib.common.rest_client [req-01b8c024-35c3-441c-9ffc-5a0aa8406747 req-01b8c024-35c3-441c-9ffc-5a0aa8406747 ] Request (AttachInterfacesUnderV243Test:setUpClass): 201 POST http://10.180.1.21/identity/v3/auth/tokens 0.036s
2025-04-25 20:58:50.242 70442 INFO tempest.lib.common.rest_client [req-e36face8-5f86-4068-bde0-767d37b809a5 req-e36face8-5f86-4068-bde0-767d37b809a5 ] Request (AttachInterfacesUnderV243Test:setUpClass): 200 GET http://10.180.1.21/identity/v3/domains?name=Default 0.035s
2025-04-25 20:58:50.260 70408 INFO tempest.lib.common.rest_client [req-691ae3ca-9741-46bd-9e6c-b330b1e15fdb req-691ae3ca-9741-46bd-9e6c-b330b1e15fdb ] Request (DeleteServersAdminTestJSON:test_admin_delete_servers_of_others): 200 GET http://10.180.1.21/compute/v2.1/servers/8d2b826f-16de-4f55-a3f6-33a0ceb3b72a 1.954s
2025-04-25 20:58:50.269 70408 INFO tempest.common.waiters [-] State transition "ACTIVE/deleting" ==> "DELETED/None" after 3 second wait
2025-04-25 20:58:50.269 70414 INFO tempest.lib.common.rest_client [req-ea527ada-6505-467d-8c82-a4da2f169f80 req-ea527ada-6505-467d-8c82-a4da2f169f80 ] Request (KeyPairsV22TestJSON:tearDownClass): 200 GET http://10.180.1.21:9696/networking/v2.0/security-groups?tenant_id=c6326c424f2849deb33fa1404db93420&name=default 0.760s
2025-04-25 20:58:50.272 70500 INFO tempest.lib.common.rest_client [req-5c06b6b2-545e-4f3b-95f6-4ecb6cbdcc9a req-5c06b6b2-545e-4f3b-95f6-4ecb6cbdcc9a ] Request (ServersTestMultiNic:test_verify_duplicate_network_nics): 201 POST http://10.180.1.21:9696/networking/v2.0/subnets 1.203s
2025-04-25 20:58:50.278 70442 INFO tempest.lib.common.rest_client [req-7ea5414b-edca-485a-8a6f-ee42866b8cd8 req-7ea5414b-edca-485a-8a6f-ee42866b8cd8 ] Request (AttachInterfacesUnderV243Test:setUpClass): 201 POST http://10.180.1.21/identity/v3/projects 0.035s
2025-04-25 20:58:50.292 70482 INFO tempest.lib.common.rest_client [req-9b665d61-3610-49a3-8d59-c3cba1f0b0ba req-9b665d61-3610-49a3-8d59-c3cba1f0b0ba ] Request (MigrationsAdminTest:test_list_migrations): 200 GET http://10.180.1.21/compute/v2.1/os-migrations 2.266s
2025-04-25 20:58:50.350 70406 INFO tempest.lib.common.rest_client [req-95ac564c-eff2-4076-9052-a35b27cb3458 req-95ac564c-eff2-4076-9052-a35b27cb3458 ] Request (ServersTestJSON:setUpClass): 201 POST http://10.180.1.21:9696/networking/v2.0/networks 1.203s
2025-04-25 20:58:50.369 70442 INFO tempest.lib.common.rest_client [req-c8e386c8-a72c-4af1-ab5c-826e169a72c2 req-c8e386c8-a72c-4af1-ab5c-826e169a72c2 ] Request (AttachInterfacesUnderV243Test:setUpClass): 201 POST http://10.180.1.21/identity/v3/users 0.090s
2025-04-25 20:58:50.385 70500 INFO tempest.lib.common.rest_client [req-4030d468-61fd-4cfa-9199-cff4decc4089 req-4030d468-61fd-4cfa-9199-cff4decc4089 ] Request (ServersTestMultiNic:test_verify_duplicate_network_nics): 201 POST http://10.180.1.21/identity/v3/auth/tokens 0.110s
2025-04-25 20:58:50.385 70500 INFO tempest.lib.common.fixed_network [-] (ServersTestMultiNic:test_verify_duplicate_network_nics) Found network {'id': 'b15ed26b-2e5f-4061-9087-5b2284dd9925', 'name': 'tempest-ServersTestMultiNic-363237906-network', 'tenant_id': '6e655a79e2034aa39a18fa61c26d6412', 'admin_state_up': True, 'mtu': 8950, 'status': 'ACTIVE', 'subnets': [], 'shared': False, 'project_id': '6e655a79e2034aa39a18fa61c26d6412', 'port_security_enabled': True, 'router:external': False, 'provider:network_type': 'vlan', 'provider:physical_network': 'default', 'provider:segmentation_id': 156, 'availability_zone_hints': [], 'availability_zones': [], 'ipv4_address_scope': None, 'ipv6_address_scope': None, 'description': '', 'tags': [], 'created_at': '2025-04-25T20:58:39Z', 'updated_at': '2025-04-25T20:58:39Z', 'revision_number': 1} available for tenant
2025-04-25 20:58:50.409 70442 INFO tempest.lib.common.rest_client [req-fa856a75-e5f1-4715-b0e9-72390a0aae1a req-fa856a75-e5f1-4715-b0e9-72390a0aae1a ] Request (AttachInterfacesUnderV243Test:setUpClass): 200 GET http://10.180.1.21/identity/v3/roles 0.039s
2025-04-25 20:58:50.411 70444 INFO tempest.lib.common.rest_client [req-ac3ee53d-59cb-4969-82fa-d18ea2fd5111 req-ac3ee53d-59cb-4969-82fa-d18ea2fd5111 ] Request (ServerDiagnosticsTest:tearDownClass): 204 DELETE http://10.180.1.21/compute/v2.1/servers/ad2bc565-e53f-44c4-a183-01be8d43bfb0 1.803s
2025-04-25 20:58:50.428 70482 INFO tempest.lib.common.rest_client [req-3328cc11-9008-457e-9be3-bc100779c9ee req-3328cc11-9008-457e-9be3-bc100779c9ee ] Request (MigrationsAdminTest:test_list_migrations_in_flavor_resize_situation): 201 POST http://10.180.1.21/identity/v3/auth/tokens 0.128s
2025-04-25 20:58:50.428 70482 INFO tempest.lib.common.fixed_network [-] (MigrationsAdminTest:test_list_migrations_in_flavor_resize_situation) Found network None available for tenant
2025-04-25 20:58:50.444 70442 INFO tempest.lib.common.rest_client [req-a73a4593-ba87-4826-a18c-fa8ff92b21b6 req-a73a4593-ba87-4826-a18c-fa8ff92b21b6 ] Request (AttachInterfacesUnderV243Test:setUpClass): 204 PUT http://10.180.1.21/identity/v3/projects/00237962bb59498a8b2ae05384cd1a24/users/8b74f97ff4fb49a192ee032c248bf5b8/roles/64a84b3d9f0c475b8b818a28f126c976 0.034s
2025-04-25 20:58:50.444 70442 INFO tempest.lib.common.dynamic_creds [-] Dynamic test user 8b74f97ff4fb49a192ee032c248bf5b8 is created with scope project and roles: ['member']
2025-04-25 20:58:50.444 70442 INFO tempest.lib.common.dynamic_creds [-] Acquired dynamic creds: credentials: Credentials: {'domain_id': 'default', 'domain_name': 'Default', 'username': 'tempest-AttachInterfacesUnderV243Test-458620091-project-member', 'project_domain_id': 'default', 'project_domain_name': 'Default', 'project_id': '00237962bb59498a8b2ae05384cd1a24', 'project_name': 'tempest-AttachInterfacesUnderV243Test-458620091', 'tenant_id': '00237962bb59498a8b2ae05384cd1a24', 'tenant_name': 'tempest-AttachInterfacesUnderV243Test-458620091', 'user_domain_id': 'default', 'user_domain_name': 'Default', 'user_id': '8b74f97ff4fb49a192ee032c248bf5b8', 'system': None}, Network: None, Subnet: None, Router: None
2025-04-25 20:58:50.510 70442 INFO tempest.lib.common.rest_client [req-8705763e-9a19-4797-8df9-56e7b02dfff4 req-8705763e-9a19-4797-8df9-56e7b02dfff4 ] Request (AttachInterfacesUnderV243Test:setUpClass): 201 POST http://10.180.1.21/identity/v3/auth/tokens 0.062s
2025-04-25 20:58:50.517 70440 INFO tempest.lib.common.rest_client [req-cdd6f137-a5bd-4d4d-b8ad-4cac59b84dec req-cdd6f137-a5bd-4d4d-b8ad-4cac59b84dec ] Request (AttachInterfacesTestJSON:test_create_list_show_delete_interfaces_by_fixed_ip): 200 GET http://10.180.1.21/compute/v2.1/servers/a94ee314-5698-4a1f-b1f0-fd6e7cd056de 1.821s
2025-04-25 20:58:50.593 70490 INFO tempest.lib.common.rest_client [req-f9bde20c-87f6-431a-9a0c-809f424885aa req-f9bde20c-87f6-431a-9a0c-809f424885aa ] Request (AttachInterfacesV270Test:setUpClass): 201 POST http://10.180.1.21:9696/networking/v2.0/networks 1.005s
2025-04-25 20:58:50.617 70478 INFO tempest.lib.common.rest_client [req-31a8e2e5-a7e8-4b1e-a976-4ecc6c35ffb9 req-31a8e2e5-a7e8-4b1e-a976-4ecc6c35ffb9 ] Request (ServerDiagnosticsNegativeTest:test_get_server_diagnostics_by_non_admin): 200 GET http://10.180.1.21/compute/v2.1/servers/94323044-a24f-424f-a0c4-cf4eab76b57c 2.299s
2025-04-25 20:58:50.678 70414 INFO tempest.lib.common.rest_client [req-8206fb4c-568a-4dca-bc00-bf475afdd67f req-8206fb4c-568a-4dca-bc00-bf475afdd67f ] Request (KeyPairsV22TestJSON:tearDownClass): 204 DELETE http://10.180.1.21:9696/networking/v2.0/security-groups/6a557f80-4f75-4af8-b6ec-460996d67364 0.408s
2025-04-25 20:58:50.759 70414 INFO tempest.lib.common.rest_client [req-9572a948-57af-4e8b-957e-1da8c7daef93 req-9572a948-57af-4e8b-957e-1da8c7daef93 ] Request (KeyPairsV22TestJSON:tearDownClass): 204 DELETE http://10.180.1.21/identity/v3/projects/c6326c424f2849deb33fa1404db93420 0.080s
2025-04-25 20:58:50.836 70414 INFO tempest.lib.common.rest_client [req-1ba557f9-1dac-46a7-9733-b4c83344cc97 req-1ba557f9-1dac-46a7-9733-b4c83344cc97 ] Request (AbsoluteLimitsNegativeTestJSON:setUpClass): 201 POST http://10.180.1.21/identity/v3/auth/tokens 0.075s
2025-04-25 20:58:50.869 70414 INFO tempest.lib.common.rest_client [req-da2dc4d7-3dd3-4148-86e4-7e11fa68f84d req-da2dc4d7-3dd3-4148-86e4-7e11fa68f84d ] Request (AbsoluteLimitsNegativeTestJSON:setUpClass): 201 POST http://10.180.1.21/identity/v3/auth/tokens 0.029s
2025-04-25 20:58:50.897 70414 INFO tempest.lib.common.rest_client [req-a2def780-762a-4e3d-8b3a-579a9573cb4d req-a2def780-762a-4e3d-8b3a-579a9573cb4d ] Request (AbsoluteLimitsNegativeTestJSON:setUpClass): 200 GET http://10.180.1.21/identity/v3/domains?name=Default 0.028s
2025-04-25 20:58:50.930 70414 INFO tempest.lib.common.rest_client [req-b23b0492-b37a-4ff4-88b5-2db3f1989bd0 req-b23b0492-b37a-4ff4-88b5-2db3f1989bd0 ] Request (AbsoluteLimitsNegativeTestJSON:setUpClass): 201 POST http://10.180.1.21/identity/v3/projects 0.032s
2025-04-25 20:58:50.937 70496 INFO tempest.lib.common.rest_client [req-9ccd65fe-87f2-4bf3-ab7a-8c787bb6df79 req-9ccd65fe-87f2-4bf3-ab7a-8c787bb6df79 ] Request (ServerDiskConfigTestJSON:test_rebuild_server_with_auto_disk_config): 200 GET http://10.180.1.21/compute/v2.1/servers/b19bdd14-b244-46bf-a1f5-264bfe7aedc1 2.188s
2025-04-25 20:58:50.941 70498 INFO tempest.lib.common.rest_client [req-0a5ea768-4463-45ef-b286-d9f000ef79a0 req-0a5ea768-4463-45ef-b286-d9f000ef79a0 ] Request (HypervisorAdminNegativeTestJSON:test_show_hypervisor_with_non_admin_user): 403 GET http://10.180.1.21/compute/v2.1/os-hypervisors/1 1.728s
2025-04-25 20:58:50.953 70488 INFO tempest.lib.common.rest_client [req-f675f69c-c4c4-4a0d-8378-dd0f1a609741 req-f675f69c-c4c4-4a0d-8378-dd0f1a609741 ] Request (ServerTagsTestJSON:setUpClass): 201 POST http://10.180.1.21:9696/networking/v2.0/subnets 0.869s
2025-04-25 20:58:50.995 70476 INFO tempest.lib.common.rest_client [req-b87bf1ee-46de-4080-8706-d3f3f95b4ff1 req-b87bf1ee-46de-4080-8706-d3f3f95b4ff1 ] Request (SecurityGroupRulesNegativeTestJSON:tearDownClass): 202 DELETE http://10.180.1.21/compute/v2.1/os-security-groups/9a4e65e4-5f29-42c3-affa-649c8eb411ec 1.815s
2025-04-25 20:58:51.020 70414 INFO tempest.lib.common.rest_client [req-5758a211-412f-4f83-95b9-1ecbe09788bd req-5758a211-412f-4f83-95b9-1ecbe09788bd ] Request (AbsoluteLimitsNegativeTestJSON:setUpClass): 201 POST http://10.180.1.21/identity/v3/users 0.088s
2025-04-25 20:58:51.048 70414 INFO tempest.lib.common.rest_client [req-d165ec00-16cc-4cba-a638-d3cfa168872e req-d165ec00-16cc-4cba-a638-d3cfa168872e ] Request (AbsoluteLimitsNegativeTestJSON:setUpClass): 200 GET http://10.180.1.21/identity/v3/roles 0.027s
2025-04-25 20:58:51.077 70414 INFO tempest.lib.common.rest_client [req-2e8023ec-9082-43e4-8de6-bd5e378bead5 req-2e8023ec-9082-43e4-8de6-bd5e378bead5 ] Request (AbsoluteLimitsNegativeTestJSON:setUpClass): 204 PUT http://10.180.1.21/identity/v3/projects/fce5e6b386de470289f1899dbb499679/users/a08f4334e8cd45f8ab836012bc6c400e/roles/64a84b3d9f0c475b8b818a28f126c976 0.029s
2025-04-25 20:58:51.077 70414 INFO tempest.lib.common.dynamic_creds [-] Dynamic test user a08f4334e8cd45f8ab836012bc6c400e is created with scope project and roles: ['member']
2025-04-25 20:58:51.078 70414 INFO tempest.lib.common.dynamic_creds [-] Acquired dynamic creds: credentials: Credentials: {'domain_id': 'default', 'domain_name': 'Default', 'username': 'tempest-AbsoluteLimitsNegativeTestJSON-1427416413-project-member', 'project_domain_id': 'default', 'project_domain_name': 'Default', 'project_id': 'fce5e6b386de470289f1899dbb499679', 'project_name': 'tempest-AbsoluteLimitsNegativeTestJSON-1427416413', 'tenant_id': 'fce5e6b386de470289f1899dbb499679', 'tenant_name': 'tempest-AbsoluteLimitsNegativeTestJSON-1427416413', 'user_domain_id': 'default', 'user_domain_name': 'Default', 'user_id': 'a08f4334e8cd45f8ab836012bc6c400e', 'system': None}, Network: None, Subnet: None, Router: None
2025-04-25 20:58:51.078 70414 INFO tempest.lib.common.dynamic_creds [-] Created isolated network resources for: credentials: Credentials: {'domain_id': 'default', 'domain_name': 'Default', 'username': 'tempest-AbsoluteLimitsNegativeTestJSON-1427416413-project-member', 'project_domain_id': 'default', 'project_domain_name': 'Default', 'project_id': 'fce5e6b386de470289f1899dbb499679', 'project_name': 'tempest-AbsoluteLimitsNegativeTestJSON-1427416413', 'tenant_id': 'fce5e6b386de470289f1899dbb499679', 'tenant_name': 'tempest-AbsoluteLimitsNegativeTestJSON-1427416413', 'user_domain_id': 'default', 'user_domain_name': 'Default', 'user_id': 'a08f4334e8cd45f8ab836012bc6c400e', 'system': None}, Network: None, Subnet: None, Router: None
2025-04-25 20:58:51.132 70406 INFO tempest.lib.common.rest_client [req-ce303f8c-c3e1-48be-aad0-84fab8fcc61a req-ce303f8c-c3e1-48be-aad0-84fab8fcc61a ] Request (ServersTestJSON:setUpClass): 201 POST http://10.180.1.21:9696/networking/v2.0/subnets 0.782s
2025-04-25 20:58:51.198 70414 INFO tempest.lib.common.rest_client [req-62e22fe4-559e-4c9d-989e-94ad6e78d8e0 req-62e22fe4-559e-4c9d-989e-94ad6e78d8e0 ] Request (AbsoluteLimitsNegativeTestJSON:setUpClass): 201 POST http://10.180.1.21/identity/v3/auth/tokens 0.115s
2025-04-25 20:58:51.371 70490 INFO tempest.lib.common.rest_client [req-befef7c0-3a70-403d-93bc-22c55bd01715 req-befef7c0-3a70-403d-93bc-22c55bd01715 ] Request (AttachInterfacesV270Test:setUpClass): 201 POST http://10.180.1.21:9696/networking/v2.0/subnets 0.777s
2025-04-25 20:58:51.416 70442 INFO tempest.lib.common.rest_client [req-06084d9f-0c46-4195-bc00-f885cb2a0c00 req-06084d9f-0c46-4195-bc00-f885cb2a0c00 ] Request (AttachInterfacesUnderV243Test:setUpClass): 201 POST http://10.180.1.21:9696/networking/v2.0/networks 0.905s
2025-04-25 20:58:51.439 70412 INFO tempest.lib.common.rest_client [req-37f39259-2018-4e34-8667-e9d431f451e4 req-37f39259-2018-4e34-8667-e9d431f451e4 ] Request (SecurityGroupRulesTestJSON:test_security_group_rules_create): 200 POST http://10.180.1.21/compute/v2.1/os-security-group-rules 2.211s
2025-04-25 20:58:51.469 70436 INFO tempest.lib.common.rest_client [req-77f37168-ce44-42e3-b462-8390078b373c req-77f37168-ce44-42e3-b462-8390078b373c ] Request (AggregatesAdminNegativeTestJSON:_run_cleanups): 200 DELETE http://10.180.1.21/compute/v2.1/os-aggregates/5 1.804s
2025-04-25 20:58:51.597 70416 INFO tempest.lib.common.rest_client [req-1222a456-d0fe-43f4-9511-6b7dacf0f95d req-1222a456-d0fe-43f4-9511-6b7dacf0f95d ] Request (ServersListShow296Test:test_list_show_update_rebuild_server_296): 200 GET http://10.180.1.21/compute/v2.1/servers/41baed96-29ff-4f0d-ab6f-9520ba5bd910 1.903s
2025-04-25 20:58:51.624 70484 INFO tempest.lib.common.rest_client [req-2b50c942-6ef7-4d05-8824-22e3ed0a8fac req-2b50c942-6ef7-4d05-8824-22e3ed0a8fac ] Request (FlavorsAdminTestJSON:test_create_server_with_non_public_flavor): 200 POST http://10.180.1.21/compute/v2.1/flavors 1.910s
2025-04-25 20:58:51.646 70472 INFO tempest.lib.common.rest_client [req-1e4ed08e-2d49-4068-b45b-cf2242c0888e req-1e4ed08e-2d49-4068-b45b-cf2242c0888e ] Request (FlavorsAccessNegativeTestJSON:test_remove_flavor_access_not_found): 200 POST http://10.180.1.21/compute/v2.1/flavors 1.892s
2025-04-25 20:58:52.049 70410 INFO tempest.lib.common.rest_client [req-90b43711-3c4d-46ac-80fd-0428c7a84264 req-90b43711-3c4d-46ac-80fd-0428c7a84264 ] Request (ServerAddressesNegativeTestJSON:setUpClass): 202 POST http://10.180.1.21/compute/v2.1/servers 2.831s
2025-04-25 20:58:52.071 70432 INFO tempest.lib.common.rest_client [req-8beb0a06-64e2-48bf-991c-58dc41cedffb req-8beb0a06-64e2-48bf-991c-58dc41cedffb ] Request (ImagesMetadataNegativeTestJSON:test_set_nonexistent_image_metadata): 404 PUT http://10.180.1.21/compute/v2.1/images/85a46132-5e22-44ed-aed6-3e45c19a2c52/metadata 2.296s
2025-04-25 20:58:52.188 70480 INFO tempest.lib.common.rest_client [req-209043a8-831f-466b-9b98-20e8bd9ca301 req-209043a8-831f-466b-9b98-20e8bd9ca301 ] Request (TenantUsagesTestJSON:setUpClass): 200 GET http://10.180.1.21/compute/v2.1/servers/19a17a9d-795d-44bf-a2b5-768b9e110095 2.422s
2025-04-25 20:58:52.385 70442 INFO tempest.lib.common.rest_client [req-d96aadef-4ba8-4d78-8f48-58817fe25e30 req-d96aadef-4ba8-4d78-8f48-58817fe25e30 ] Request (AttachInterfacesUnderV243Test:setUpClass): 201 POST http://10.180.1.21:9696/networking/v2.0/subnets 0.969s
2025-04-25 20:58:52.386 70423 INFO tempest.lib.common.rest_client [req-cd6d527d-dd6c-4732-a2bb-c0ade6ca4d7f req-cd6d527d-dd6c-4732-a2bb-c0ade6ca4d7f ] Request (ServerExternalEventsTest:test_create_server_external_events): 200 GET http://10.180.1.21/compute/v2.1/servers/0873d084-90c6-4f26-bfb5-0f86077ca52b 2.495s
2025-04-25 20:58:52.400 70494 INFO tempest.lib.common.rest_client [req-3ad5123b-0166-4398-b0d3-a008a19e633d req-3ad5123b-0166-4398-b0d3-a008a19e633d ] Request (QuotaClassesAdminTestJSON:test_update_default_quotas): 200 GET http://10.180.1.21/compute/v2.1/os-quota-class-sets/default 2.293s
2025-04-25 20:58:52.686 70402 INFO tempest.lib.common.rest_client [req-0baf7eda-3129-4ce3-836d-248dd200c1f0 req-0baf7eda-3129-4ce3-836d-248dd200c1f0 ] Request (FloatingIPsAssociationTestJSON:setUpClass): 200 PUT http://10.180.1.21:9696/networking/v2.0/routers/93aff7b9-ae73-423e-8fa9-eef213217f2f/add_router_interface 3.683s
2025-04-25 20:58:52.687 70402 INFO tempest.lib.common.dynamic_creds [-] Created isolated network resources for: credentials: Credentials: {'domain_id': 'default', 'domain_name': 'Default', 'username': 'tempest-FloatingIPsAssociationTestJSON-1365754657-project-member', 'project_domain_id': 'default', 'project_domain_name': 'Default', 'project_id': 'c048bfc450124170a53ab1b04b4e13d8', 'project_name': 'tempest-FloatingIPsAssociationTestJSON-1365754657', 'tenant_id': 'c048bfc450124170a53ab1b04b4e13d8', 'tenant_name': 'tempest-FloatingIPsAssociationTestJSON-1365754657', 'user_domain_id': 'default', 'user_domain_name': 'Default', 'user_id': '6ebf2fbc279245fc98198418b4a2a4ed', 'system': None}, Network: {'id': '02a98518-8847-4263-b64b-ae2fdf7c0656', 'name': 'tempest-FloatingIPsAssociationTestJSON-454505224-network', 'tenant_id': 'c048bfc450124170a53ab1b04b4e13d8', 'admin_state_up': True, 'mtu': 8950, 'status': 'ACTIVE', 'subnets': [], 'shared': False, 'project_id': 'c048bfc450124170a53ab1b04b4e13d8', 'port_security_enabled': True, 'router:external': False, 'provider:network_type': 'vlan', 'provider:physical_network': 'default', 'provider:segmentation_id': 470, 'availability_zone_hints': [], 'availability_zones': [], 'ipv4_address_scope': None, 'ipv6_address_scope': None, 'description': '', 'tags': [], 'created_at': '2025-04-25T20:58:45Z', 'updated_at': '2025-04-25T20:58:45Z', 'revision_number': 1}, Subnet: {'id': '2bd609c0-ea4f-4ff5-9947-f374e42de09c', 'name': 'tempest-FloatingIPsAssociationTestJSON-454505224-subnet', 'tenant_id': 'c048bfc450124170a53ab1b04b4e13d8', 'network_id': '02a98518-8847-4263-b64b-ae2fdf7c0656', 'ip_version': 4, 'subnetpool_id': None, 'enable_dhcp': True, 'ipv6_ra_mode': None, 'ipv6_address_mode': None, 'gateway_ip': '192.168.128.1', 'cidr': '192.168.128.0/28', 'allocation_pools': [{'start': '192.168.128.2', 'end': '192.168.128.14'}], 'host_routes': [], 'dns_nameservers': [], 'description': '', 'router:external': False, 'service_types': [], 'tags': [], 'created_at': '2025-04-25T20:58:45Z', 'updated_at': '2025-04-25T20:58:45Z', 'revision_number': 0, 'project_id': 'c048bfc450124170a53ab1b04b4e13d8'}, Router: {'id': '93aff7b9-ae73-423e-8fa9-eef213217f2f', 'name': 'tempest-FloatingIPsAssociationTestJSON-454505224-router', 'tenant_id': 'c048bfc450124170a53ab1b04b4e13d8', 'admin_state_up': True, 'status': 'ACTIVE', 'external_gateway_info': {'network_id': 'c5a4707c-4cff-4c0c-8ca5-334369811817', 'external_fixed_ips': [{'subnet_id': 'b03df3ca-697b-43ae-b223-070144d49a8d', 'ip_address': '10.180.180.190'}], 'enable_snat': True}, 'description': '', 'availability_zones': [], 'distributed': False, 'ha': False, 'availability_zone_hints': [], 'routes': [], 'flavor_id': None, 'tags': [], 'created_at': '2025-04-25T20:58:46Z', 'updated_at': '2025-04-25T20:58:47Z', 'revision_number': 2, 'project_id': 'c048bfc450124170a53ab1b04b4e13d8'}
2025-04-25 20:58:52.806 70402 INFO tempest.lib.common.rest_client [req-8ef35f9b-298c-4047-ba1d-0009e6d3faeb req-8ef35f9b-298c-4047-ba1d-0009e6d3faeb ] Request (FloatingIPsAssociationTestJSON:setUpClass): 201 POST http://10.180.1.21/identity/v3/auth/tokens 0.114s
2025-04-25 20:58:52.842 70418 INFO tempest.lib.common.rest_client [req-1217cfc1-1857-42ca-8c5f-5458895fceee req-1217cfc1-1857-42ca-8c5f-5458895fceee ] Request (SecurityGroupsNegativeTestJSON:setUpClass): 200 PUT http://10.180.1.21:9696/networking/v2.0/routers/dd7c132e-d9cc-4d8e-9e34-b349ff2cba42/add_router_interface 3.835s
2025-04-25 20:58:52.842 70402 INFO tempest.lib.common.rest_client [req-9b5d57b8-b211-49da-b1eb-1a44aee4e4ab req-9b5d57b8-b211-49da-b1eb-1a44aee4e4ab ] Request (FloatingIPsAssociationTestJSON:setUpClass): 201 POST http://10.180.1.21/identity/v3/auth/tokens 0.030s
2025-04-25 20:58:52.842 70418 INFO tempest.lib.common.dynamic_creds [-] Created isolated network resources for: credentials: Credentials: {'domain_id': 'default', 'domain_name': 'Default', 'username': 'tempest-SecurityGroupsNegativeTestJSON-798171929-project-member', 'project_domain_id': 'default', 'project_domain_name': 'Default', 'project_id': 'ad6fd79781c54ca19169b879961b1947', 'project_name': 'tempest-SecurityGroupsNegativeTestJSON-798171929', 'tenant_id': 'ad6fd79781c54ca19169b879961b1947', 'tenant_name': 'tempest-SecurityGroupsNegativeTestJSON-798171929', 'user_domain_id': 'default', 'user_domain_name': 'Default', 'user_id': '91a6c3a26039496395ac40006dd9f011', 'system': None}, Network: {'id': 'fa9274f1-93c0-41b0-9db8-5e920e75cec9', 'name': 'tempest-SecurityGroupsNegativeTestJSON-1174197989-network', 'tenant_id': 'ad6fd79781c54ca19169b879961b1947', 'admin_state_up': True, 'mtu': 8950, 'status': 'ACTIVE', 'subnets': [], 'shared': False, 'project_id': 'ad6fd79781c54ca19169b879961b1947', 'port_security_enabled': True, 'router:external': False, 'provider:network_type': 'vlan', 'provider:physical_network': 'default', 'provider:segmentation_id': 242, 'availability_zone_hints': [], 'availability_zones': [], 'ipv4_address_scope': None, 'ipv6_address_scope': None, 'description': '', 'tags': [], 'created_at': '2025-04-25T20:58:45Z', 'updated_at': '2025-04-25T20:58:45Z', 'revision_number': 1}, Subnet: {'id': 'df814374-27bb-4e2c-8c88-93afa845cbcf', 'name': 'tempest-SecurityGroupsNegativeTestJSON-1174197989-subnet', 'tenant_id': 'ad6fd79781c54ca19169b879961b1947', 'network_id': 'fa9274f1-93c0-41b0-9db8-5e920e75cec9', 'ip_version': 4, 'subnetpool_id': None, 'enable_dhcp': True, 'ipv6_ra_mode': None, 'ipv6_address_mode': None, 'gateway_ip': '192.168.128.1', 'cidr': '192.168.128.0/28', 'allocation_pools': [{'start': '192.168.128.2', 'end': '192.168.128.14'}], 'host_routes': [], 'dns_nameservers': [], 'description': '', 'router:external': False, 'service_types': [], 'tags': [], 'created_at': '2025-04-25T20:58:45Z', 'updated_at': '2025-04-25T20:58:45Z', 'revision_number': 0, 'project_id': 'ad6fd79781c54ca19169b879961b1947'}, Router: {'id': 'dd7c132e-d9cc-4d8e-9e34-b349ff2cba42', 'name': 'tempest-SecurityGroupsNegativeTestJSON-1174197989-router', 'tenant_id': 'ad6fd79781c54ca19169b879961b1947', 'admin_state_up': True, 'status': 'ACTIVE', 'external_gateway_info': {'network_id': 'c5a4707c-4cff-4c0c-8ca5-334369811817', 'external_fixed_ips': [{'subnet_id': 'b03df3ca-697b-43ae-b223-070144d49a8d', 'ip_address': '10.180.180.161'}], 'enable_snat': True}, 'description': '', 'availability_zones': [], 'distributed': False, 'ha': False, 'availability_zone_hints': [], 'routes': [], 'flavor_id': None, 'tags': [], 'created_at': '2025-04-25T20:58:46Z', 'updated_at': '2025-04-25T20:58:47Z', 'revision_number': 2, 'project_id': 'ad6fd79781c54ca19169b879961b1947'}
2025-04-25 20:58:52.842 70402 INFO tempest.lib.common.fixed_network [-] (FloatingIPsAssociationTestJSON:setUpClass) Found network {'id': '02a98518-8847-4263-b64b-ae2fdf7c0656', 'name': 'tempest-FloatingIPsAssociationTestJSON-454505224-network', 'tenant_id': 'c048bfc450124170a53ab1b04b4e13d8', 'admin_state_up': True, 'mtu': 8950, 'status': 'ACTIVE', 'subnets': [], 'shared': False, 'project_id': 'c048bfc450124170a53ab1b04b4e13d8', 'port_security_enabled': True, 'router:external': False, 'provider:network_type': 'vlan', 'provider:physical_network': 'default', 'provider:segmentation_id': 470, 'availability_zone_hints': [], 'availability_zones': [], 'ipv4_address_scope': None, 'ipv6_address_scope': None, 'description': '', 'tags': [], 'created_at': '2025-04-25T20:58:45Z', 'updated_at': '2025-04-25T20:58:45Z', 'revision_number': 1} available for tenant
2025-04-25 20:58:52.907 70418 INFO tempest.lib.common.rest_client [req-5e7cf46b-0526-48aa-84e2-8e244dc6ca45 req-5e7cf46b-0526-48aa-84e2-8e244dc6ca45 ] Request (SecurityGroupsNegativeTestJSON:setUpClass): 201 POST http://10.180.1.21/identity/v3/auth/tokens 0.060s
2025-04-25 20:58:53.333 70406 INFO tempest.lib.common.rest_client [req-e58c4091-01dc-4a31-a10c-9bb7efc701ff req-e58c4091-01dc-4a31-a10c-9bb7efc701ff ] Request (ServersTestJSON:setUpClass): 201 POST http://10.180.1.21:9696/networking/v2.0/routers 2.200s
2025-04-25 20:58:53.491 70500 INFO tempest.lib.common.rest_client [req-0e24992b-4100-4ef4-999a-92d325babfa0 req-0e24992b-4100-4ef4-999a-92d325babfa0 ] Request (ServersTestMultiNic:test_verify_duplicate_network_nics): 202 POST http://10.180.1.21/compute/v2.1/servers 3.105s
2025-04-25 20:58:53.660 70488 INFO tempest.lib.common.rest_client [req-0259f798-28f8-4374-af89-7c2c50a2b332 req-0259f798-28f8-4374-af89-7c2c50a2b332 ] Request (ServerTagsTestJSON:setUpClass): 201 POST http://10.180.1.21:9696/networking/v2.0/routers 2.706s
2025-04-25 20:58:53.734 70444 INFO tempest.lib.common.rest_client [req-19f836a4-ad29-4792-8f6f-c037e222f217 req-19f836a4-ad29-4792-8f6f-c037e222f217 ] Request (ServerDiagnosticsTest:tearDownClass): 200 GET http://10.180.1.21/compute/v2.1/servers/ad2bc565-e53f-44c4-a183-01be8d43bfb0 3.323s
2025-04-25 20:58:53.878 70490 INFO tempest.lib.common.rest_client [req-38e40581-5577-4f6d-bfa5-afbe50c10bf3 req-38e40581-5577-4f6d-bfa5-afbe50c10bf3 ] Request (AttachInterfacesV270Test:setUpClass): 201 POST http://10.180.1.21:9696/networking/v2.0/routers 2.507s
2025-04-25 20:58:54.398 70482 INFO tempest.lib.common.rest_client [req-08c148fd-170e-4a59-9b59-46197a020597 req-08c148fd-170e-4a59-9b59-46197a020597 ] Request (MigrationsAdminTest:test_list_migrations_in_flavor_resize_situation): 202 POST http://10.180.1.21/compute/v2.1/servers 3.970s
2025-04-25 20:58:54.755 70442 INFO tempest.lib.common.rest_client [req-c0289b3c-0438-4000-89c3-456cd0bd70fc req-c0289b3c-0438-4000-89c3-456cd0bd70fc ] Request (AttachInterfacesUnderV243Test:setUpClass): 201 POST http://10.180.1.21:9696/networking/v2.0/routers 2.369s
2025-04-25 20:58:54.822 70396 INFO tempest.lib.common.rest_client [req-2b6fc7fe-3ee6-4d82-a7ac-e7a3137574bf req-2b6fc7fe-3ee6-4d82-a7ac-e7a3137574bf ] Request (VolumesAssistedSnapshotsTest:test_volume_assisted_snapshot_create_delete): 200 GET http://10.180.1.21/compute/v2.1/servers/2dc8b5c8-b067-4e2d-b31b-98e7f7b7ba28 4.156s
2025-04-25 20:58:54.832 70498 INFO tempest.lib.common.rest_client [req-aae6ad07-228a-4a11-b585-f6db9a249789 req-aae6ad07-228a-4a11-b585-f6db9a249789 ] Request (HypervisorAdminNegativeTestJSON:test_show_nonexistent_hypervisor): 404 GET http://10.180.1.21/compute/v2.1/os-hypervisors/3dc44395-747f-4c01-beb1-98fbc58fdcce 3.889s
2025-04-25 20:58:54.861 70400 INFO tempest.lib.common.rest_client [req-fcd8fd98-8a0e-4522-873e-ec2baaf7dd08 req-fcd8fd98-8a0e-4522-873e-ec2baaf7dd08 ] Request (InstanceActionsNegativeTestJSON:tearDownClass): 404 GET http://10.180.1.21/compute/v2.1/servers/ddbcf67f-44f4-44f0-8614-48ee6a4a21b8 3.876s
2025-04-25 20:58:54.982 70498 INFO tempest.lib.common.rest_client [req-0d05864e-a43b-4f05-8431-5e97426e2d79 req-0d05864e-a43b-4f05-8431-5e97426e2d79 ] Request (HypervisorAdminNegativeTestJSON:tearDownClass): 204 DELETE http://10.180.1.21/identity/v3/users/0d9a785646e64d89b6be2e9891deb25e 0.149s
2025-04-25 20:58:55.101 70498 INFO tempest.lib.common.rest_client [req-c16a7e94-9996-4049-bc38-b207ea268e3a req-c16a7e94-9996-4049-bc38-b207ea268e3a ] Request (HypervisorAdminNegativeTestJSON:tearDownClass): 204 DELETE http://10.180.1.21/identity/v3/users/525a07f41f23429893d39135ba22335c 0.119s
2025-04-25 20:58:55.101 70498 INFO tempest.lib.common.dynamic_creds [-] Deleting project and security group for project: ba3863addffa4af8ab4cae1e6ff15a22
2025-04-25 20:58:55.186 70498 INFO tempest.lib.common.rest_client [req-2b834653-a9d6-453a-a1e5-1ec21fb2e03a req-2b834653-a9d6-453a-a1e5-1ec21fb2e03a ] Request (HypervisorAdminNegativeTestJSON:tearDownClass): 201 POST http://10.180.1.21/identity/v3/auth/tokens 0.085s
2025-04-25 20:58:55.198 70476 INFO tempest.lib.common.rest_client [req-cda2dfd1-d292-469e-9ae3-7eef0e533292 req-cda2dfd1-d292-469e-9ae3-7eef0e533292 ] Request (SecurityGroupRulesNegativeTestJSON:tearDownClass): 202 DELETE http://10.180.1.21/compute/v2.1/os-security-groups/600103bd-f830-4d6d-b7fc-a1e72d7ef3a4 4.203s
2025-04-25 20:58:55.486 70486 INFO tempest.lib.common.rest_client [req-fd84c8a3-16c3-4e79-b796-b02ef66169a3 req-fd84c8a3-16c3-4e79-b796-b02ef66169a3 ] Request (ServersWithSpecificFlavorTestJSON:test_verify_created_server_ephemeral_disk): 200 GET http://10.180.1.21/compute/v2.1/servers/f9453044-6270-44bb-9de6-dd6481693259 4.371s
2025-04-25 20:58:55.497 70486 INFO tempest.common.waiters [-] State transition "BUILD/networking" ==> "BUILD/spawning" after 19 second wait
2025-04-25 20:58:55.511 70408 INFO tempest.lib.common.rest_client [req-1aec2307-5077-4fed-9e07-235d6f789db1 req-1aec2307-5077-4fed-9e07-235d6f789db1 ] Request (DeleteServersAdminTestJSON:test_admin_delete_servers_of_others): 404 GET http://10.180.1.21/compute/v2.1/servers/8d2b826f-16de-4f55-a3f6-33a0ceb3b72a 4.241s
2025-04-25 20:58:55.598 70408 INFO tempest.lib.common.rest_client [req-15d06435-d97f-4b96-a22d-882ea79f3f5e req-15d06435-d97f-4b96-a22d-882ea79f3f5e ] Request (DeleteServersAdminTestJSON:test_delete_server_while_in_error_state): 201 POST http://10.180.1.21/identity/v3/auth/tokens 0.076s
2025-04-25 20:58:55.598 70408 INFO tempest.lib.common.fixed_network [-] (DeleteServersAdminTestJSON:test_delete_server_while_in_error_state) Found network None available for tenant
2025-04-25 20:58:55.877 70498 INFO tempest.lib.common.rest_client [req-ae12fb33-7d2d-45d2-8169-fbb4970f28a2 req-ae12fb33-7d2d-45d2-8169-fbb4970f28a2 ] Request (HypervisorAdminNegativeTestJSON:tearDownClass): 200 GET http://10.180.1.21:9696/networking/v2.0/security-groups?tenant_id=ba3863addffa4af8ab4cae1e6ff15a22&name=default 0.690s
2025-04-25 20:58:55.926 70490 INFO tempest.lib.common.rest_client [req-096b5f3e-a95d-4764-80e6-65768bb306ee req-096b5f3e-a95d-4764-80e6-65768bb306ee ] Request (AttachInterfacesV270Test:setUpClass): 200 PUT http://10.180.1.21:9696/networking/v2.0/routers/8e49116d-04a3-4c8c-9d27-1ef06fd0b171/add_router_interface 2.047s
