2025-04-25 20:59:01.332 70402 INFO tempest.lib.common.rest_client [req-e0b64b11-c846-49e2-a1af-1d6a589e8e6e req-e0b64b11-c846-49e2-a1af-1d6a589e8e6e ] Request (FloatingIPsAssociationTestJSON:setUpClass): 200 GET http://10.180.1.21/compute/v2.1/servers/f69ac2e1-d8a9-44b0-98dc-098321ed3826 3.045s
2025-04-25 20:59:01.348 70432 INFO tempest.lib.common.rest_client [req-fa07d6df-9bf7-4d08-ba14-3e4bdf4d33ce req-fa07d6df-9bf7-4d08-ba14-3e4bdf4d33ce ] Request (ImagesMetadataNegativeTestJSON:tearDownClass): 204 DELETE http://10.180.1.21:9696/networking/v2.0/security-groups/602e3034-b6a5-4efd-94ab-a5023e5fbdbd 0.378s
2025-04-25 20:59:01.432 70432 INFO tempest.lib.common.rest_client [req-4052bb48-18fd-4114-a4ca-fe537653010e req-4052bb48-18fd-4114-a4ca-fe537653010e ] Request (ImagesMetadataNegativeTestJSON:tearDownClass): 204 DELETE http://10.180.1.21/identity/v3/projects/780efb001b8d49599ac825331dba5574 0.084s
2025-04-25 20:59:01.464 70410 INFO tempest.lib.common.rest_client [req-fb440db1-c891-46ac-91dc-7ae879d8f610 req-fb440db1-c891-46ac-91dc-7ae879d8f610 ] Request (ServerAddressesNegativeTestJSON:setUpClass): 200 GET http://10.180.1.21/compute/v2.1/servers/13ede60e-0cfb-428d-9613-9bd339c302a2 3.158s
2025-04-25 20:59:01.473 70410 INFO tempest.common.waiters [-] State transition "BUILD/None" ==> "BUILD/spawning" after 4 second wait
2025-04-25 20:59:01.513 70432 INFO tempest.lib.common.rest_client [req-4b97e558-0b8e-4586-954c-c539f6ce7e4b req-4b97e558-0b8e-4586-954c-c539f6ce7e4b ] Request (ServersAaction247Test:setUpClass): 201 POST http://10.180.1.21/identity/v3/auth/tokens 0.079s
2025-04-25 20:59:01.515 70488 INFO tempest.lib.common.rest_client [req-6f443a3f-a017-40bf-85f3-18f95378b5ad req-6f443a3f-a017-40bf-85f3-18f95378b5ad ] Request (ServerTagsTestJSON:setUpClass): 202 POST http://10.180.1.21/compute/v2.1/servers 3.950s
2025-04-25 20:59:01.551 70432 INFO tempest.lib.common.rest_client [req-d62d378a-6539-47ee-9bde-210f5940d483 req-d62d378a-6539-47ee-9bde-210f5940d483 ] Request (ServersAaction247Test:setUpClass): 201 POST http://10.180.1.21/identity/v3/auth/tokens 0.035s
2025-04-25 20:59:01.582 70432 INFO tempest.lib.common.rest_client [req-8a50b073-0f3e-4cb9-902e-9a56f8a10206 req-8a50b073-0f3e-4cb9-902e-9a56f8a10206 ] Request (ServersAaction247Test:setUpClass): 200 GET http://10.180.1.21/identity/v3/domains?name=Default 0.030s
2025-04-25 20:59:01.590 70408 INFO tempest.lib.common.rest_client [req-a527b564-925b-4d5c-9d07-0a320c5815c9 req-a527b564-925b-4d5c-9d07-0a320c5815c9 ] Request (DeleteServersAdminTestJSON:test_delete_server_while_in_error_state): 200 GET http://10.180.1.21/compute/v2.1/servers/ffbea3ea-cd64-4ca9-a25c-644501cb3796 2.874s
2025-04-25 20:59:01.644 70432 INFO tempest.lib.common.rest_client [req-dfa1bd3d-39e0-4b48-bbc5-80b715c5c281 req-dfa1bd3d-39e0-4b48-bbc5-80b715c5c281 ] Request (ServersAaction247Test:setUpClass): 201 POST http://10.180.1.21/identity/v3/projects 0.062s
2025-04-25 20:59:01.655 70476 INFO tempest.lib.common.rest_client [req-acb057f1-3922-42cb-b2a4-b82d9180c357 req-acb057f1-3922-42cb-b2a4-b82d9180c357 ] Request (SecurityGroupRulesNegativeTestJSON:tearDownClass): 202 DELETE http://10.180.1.21/compute/v2.1/os-security-groups/f3c7344c-0670-42d7-aff4-c9a7d005e4eb 3.203s
2025-04-25 20:59:01.711 70404 INFO tempest.lib.common.rest_client [req-aaa2f55d-498c-4ff2-8c4b-6a6d974ba66c req-aaa2f55d-498c-4ff2-8c4b-6a6d974ba66c ] Request (ServerDiagnosticsV248Test:tearDownClass): 204 DELETE http://10.180.1.21/compute/v2.1/servers/6c6067ac-622b-4055-9b68-4166fc23bd52 2.756s
2025-04-25 20:59:01.726 70432 INFO tempest.lib.common.rest_client [req-7662f4ee-e398-46c9-b4be-075a7c1b528c req-7662f4ee-e398-46c9-b4be-075a7c1b528c ] Request (ServersAaction247Test:setUpClass): 201 POST http://10.180.1.21/identity/v3/users 0.081s
2025-04-25 20:59:01.750 70432 INFO tempest.lib.common.rest_client [req-d8b848f0-07fb-4ff8-904f-c25b785ff416 req-d8b848f0-07fb-4ff8-904f-c25b785ff416 ] Request (ServersAaction247Test:setUpClass): 200 GET http://10.180.1.21/identity/v3/roles 0.023s
2025-04-25 20:59:01.782 70432 INFO tempest.lib.common.rest_client [req-ce30f629-54cd-42ab-a48e-ed1c66d25a11 req-ce30f629-54cd-42ab-a48e-ed1c66d25a11 ] Request (ServersAaction247Test:setUpClass): 204 PUT http://10.180.1.21/identity/v3/projects/cfd46b7351bb40398327b154d7a9d3bd/users/65389f755ac24dfe8942ba81b7b6ab64/roles/64a84b3d9f0c475b8b818a28f126c976 0.031s
2025-04-25 20:59:01.783 70432 INFO tempest.lib.common.dynamic_creds [-] Dynamic test user 65389f755ac24dfe8942ba81b7b6ab64 is created with scope project and roles: ['member']
2025-04-25 20:59:01.783 70432 INFO tempest.lib.common.dynamic_creds [-] Acquired dynamic creds: credentials: Credentials: {'domain_id': 'default', 'domain_name': 'Default', 'username': 'tempest-ServersAaction247Test-435038000-project-member', 'project_domain_id': 'default', 'project_domain_name': 'Default', 'project_id': 'cfd46b7351bb40398327b154d7a9d3bd', 'project_name': 'tempest-ServersAaction247Test-435038000', 'tenant_id': 'cfd46b7351bb40398327b154d7a9d3bd', 'tenant_name': 'tempest-ServersAaction247Test-435038000', 'user_domain_id': 'default', 'user_domain_name': 'Default', 'user_id': '65389f755ac24dfe8942ba81b7b6ab64', 'system': None}, Network: None, Subnet: None, Router: None
2025-04-25 20:59:01.783 70500 INFO tempest.lib.common.rest_client [req-f9d869ec-dc5f-4f7b-bd95-7e84422f6bf0 req-f9d869ec-dc5f-4f7b-bd95-7e84422f6bf0 ] Request (ServersTestMultiNic:test_verify_duplicate_network_nics): 200 GET http://10.180.1.21/compute/v2.1/servers/76462a8c-0691-44db-b556-84c92b97c2f7 2.548s
2025-04-25 20:59:01.783 70432 INFO tempest.lib.common.dynamic_creds [-] Created isolated network resources for: credentials: Credentials: {'domain_id': 'default', 'domain_name': 'Default', 'username': 'tempest-ServersAaction247Test-435038000-project-member', 'project_domain_id': 'default', 'project_domain_name': 'Default', 'project_id': 'cfd46b7351bb40398327b154d7a9d3bd', 'project_name': 'tempest-ServersAaction247Test-435038000', 'tenant_id': 'cfd46b7351bb40398327b154d7a9d3bd', 'tenant_name': 'tempest-ServersAaction247Test-435038000', 'user_domain_id': 'default', 'user_domain_name': 'Default', 'user_id': '65389f755ac24dfe8942ba81b7b6ab64', 'system': None}, Network: None, Subnet: None, Router: None
2025-04-25 20:59:01.794 70500 INFO tempest.common.waiters [-] State transition "BUILD/None" ==> "BUILD/networking" after 3 second wait
2025-04-25 20:59:01.849 70442 INFO tempest.lib.common.rest_client [req-91871b1c-b891-458f-b1f9-81791d931d6e req-91871b1c-b891-458f-b1f9-81791d931d6e ] Request (ValidationResourcesFixture:setUp): 201 POST http://10.180.1.21:9696/networking/v2.0/floatingips 0.902s
2025-04-25 20:59:01.851 70482 INFO tempest.lib.common.rest_client [req-0915f79c-4f52-438c-a3a6-57e9f4115999 req-0915f79c-4f52-438c-a3a6-57e9f4115999 ] Request (MigrationsAdminTest:test_list_migrations_in_flavor_resize_situation): 200 GET http://10.180.1.21/compute/v2.1/servers/eca5f46e-6d82-499a-b5a2-018e49f3f933 2.546s
2025-04-25 20:59:01.868 70480 INFO tempest.lib.common.rest_client [req-0fd5ec50-d690-49a8-9665-d5e2d5d30368 req-0fd5ec50-d690-49a8-9665-d5e2d5d30368 ] Request (TenantUsagesTestJSON:setUpClass): 200 GET http://10.180.1.21/compute/v2.1/servers/19a17a9d-795d-44bf-a2b5-768b9e110095 2.829s
2025-04-25 20:59:01.874 70432 INFO tempest.lib.common.rest_client [req-71b3d1ad-3821-484c-92ce-17017669640e req-71b3d1ad-3821-484c-92ce-17017669640e ] Request (ServersAaction247Test:setUpClass): 201 POST http://10.180.1.21/identity/v3/auth/tokens 0.083s
2025-04-25 20:59:01.876 70436 INFO tempest.lib.common.rest_client [req-f441cfd8-6f2e-4103-90b2-9658327b01d9 req-f441cfd8-6f2e-4103-90b2-9658327b01d9 ] Request (AggregatesAdminNegativeTestJSON:test_aggregate_get_details_as_user): 403 GET http://10.180.1.21/compute/v2.1/os-aggregates/6 2.505s
2025-04-25 20:59:01.879 70480 INFO tempest.common.waiters [-] State transition "BUILD/spawning" ==> "ACTIVE/None" after 27 second wait
2025-04-25 20:59:01.910 70432 INFO tempest.lib.common.rest_client [req-0d371661-cf73-4827-8c99-6b17dc6538fe req-0d371661-cf73-4827-8c99-6b17dc6538fe ] Request (ServersAaction247Test:test_create_backup): 201 POST http://10.180.1.21/identity/v3/auth/tokens 0.030s
2025-04-25 20:59:01.911 70432 INFO tempest.lib.common.fixed_network [-] (ServersAaction247Test:test_create_backup) Found network None available for tenant
2025-04-25 20:59:01.923 70442 INFO tempest.lib.common.rest_client [req-50be39f5-f12a-4579-9ce6-0d3a3698d5ad req-50be39f5-f12a-4579-9ce6-0d3a3698d5ad ] Request (AttachInterfacesUnderV243Test:test_add_remove_fixed_ip): 201 POST http://10.180.1.21/identity/v3/auth/tokens 0.068s
2025-04-25 20:59:01.923 70442 INFO tempest.lib.common.fixed_network [-] (AttachInterfacesUnderV243Test:test_add_remove_fixed_ip) Found network {'id': '70a76393-7534-42b1-8570-47da4088c096', 'name': 'tempest-AttachInterfacesUnderV243Test-79040828-network', 'tenant_id': '00237962bb59498a8b2ae05384cd1a24', 'admin_state_up': True, 'mtu': 8950, 'status': 'ACTIVE', 'subnets': [], 'shared': False, 'project_id': '00237962bb59498a8b2ae05384cd1a24', 'port_security_enabled': True, 'router:external': False, 'provider:network_type': 'vlan', 'provider:physical_network': 'default', 'provider:segmentation_id': 707, 'availability_zone_hints': [], 'availability_zones': [], 'ipv4_address_scope': None, 'ipv6_address_scope': None, 'description': '', 'tags': [], 'created_at': '2025-04-25T20:58:51Z', 'updated_at': '2025-04-25T20:58:51Z', 'revision_number': 1} available for tenant
2025-04-25 20:59:01.974 70444 INFO tempest.lib.common.rest_client [req-3189ad1b-97b3-4f3b-96ae-b87151568f34 req-3189ad1b-97b3-4f3b-96ae-b87151568f34 ] Request (ServerDiagnosticsTest:tearDownClass): 200 GET http://10.180.1.21/compute/v2.1/servers/ad2bc565-e53f-44c4-a183-01be8d43bfb0 2.568s
2025-04-25 20:59:02.092 70490 INFO tempest.lib.common.rest_client [req-1e47415b-4170-4ec5-9e95-a91ef508ff4c req-1e47415b-4170-4ec5-9e95-a91ef508ff4c ] Request (AttachInterfacesV270Test:test_create_get_list_interfaces): 200 GET http://10.180.1.21/compute/v2.1/servers/9424c852-8a39-48a1-8f27-db4dd05059bb 2.267s
2025-04-25 20:59:02.136 70412 INFO tempest.lib.common.rest_client [req-e30fa44a-eaa7-4453-a9b9-1da98e56cd54 req-e30fa44a-eaa7-4453-a9b9-1da98e56cd54 ] Request (SecurityGroupRulesTestJSON:test_security_group_rules_create_with_optional_group_id): 200 POST http://10.180.1.21/compute/v2.1/os-security-groups 2.800s
2025-04-25 20:59:02.235 70478 INFO tempest.lib.common.rest_client [req-dffb0923-0e32-4e6b-a781-67ecf38dad5d req-dffb0923-0e32-4e6b-a781-67ecf38dad5d ] Request (ServerDiagnosticsNegativeTest:tearDownClass): 204 DELETE http://10.180.1.21/compute/v2.1/servers/94323044-a24f-424f-a0c4-cf4eab76b57c 2.360s
2025-04-25 20:59:02.267 70484 INFO tempest.lib.common.rest_client [req-b3e50b93-5920-47f2-bf9b-8bc144fd2f09 req-b3e50b93-5920-47f2-bf9b-8bc144fd2f09 ] Request (FlavorsAdminTestJSON:_run_cleanups): 200 GET http://10.180.1.21/compute/v2.1/flavors/detail 2.366s
2025-04-25 20:59:02.301 70472 INFO tempest.lib.common.rest_client [req-273d302d-7fac-45a9-85d5-27770af34a77 req-273d302d-7fac-45a9-85d5-27770af34a77 ] Request (FlavorsAccessNegativeTestJSON:_run_cleanups): 200 GET http://10.180.1.21/compute/v2.1/flavors/detail 2.381s
2025-04-25 20:59:02.366 70498 INFO tempest.lib.common.rest_client [req-17d19f33-247e-4194-a56d-5d8bc686d6a0 req-17d19f33-247e-4194-a56d-5d8bc686d6a0 ] Request (ListImagesTestJSON:test_list_images): 200 GET http://10.180.1.21/compute/v2.1/images 2.252s
2025-04-25 20:59:02.467 70472 INFO tempest.lib.common.rest_client [req-58910627-646b-43a6-9e4a-fbfa63cb7b9d req-58910627-646b-43a6-9e4a-fbfa63cb7b9d ] Request (FlavorsAccessNegativeTestJSON:tearDownClass): 204 DELETE http://10.180.1.21/identity/v3/users/4b620a8e0dba47ac98cd58de0573b651 0.156s
2025-04-25 20:59:02.477 70396 INFO tempest.lib.common.rest_client [req-c5e72be5-ca32-4196-b610-e89131516e49 req-c5e72be5-ca32-4196-b610-e89131516e49 ] Request (VolumesAssistedSnapshotsTest:test_volume_assisted_snapshot_create_delete): 200 GET http://10.180.1.21/compute/v2.1/servers/2dc8b5c8-b067-4e2d-b31b-98e7f7b7ba28 2.578s
2025-04-25 20:59:02.489 70396 INFO tempest.common.waiters [-] State transition "BUILD/spawning" ==> "ACTIVE/None" after 29 second wait
2025-04-25 20:59:02.555 70400 INFO tempest.lib.common.rest_client [req-4d34a2f6-d9a3-47c6-861e-d0c2a5dc9bcc req-4d34a2f6-d9a3-47c6-861e-d0c2a5dc9bcc ] Request (ServerAddressesTestJSON:setUpClass): 201 POST http://10.180.1.21:9696/networking/v2.0/routers 2.098s
2025-04-25 20:59:02.569 70406 INFO tempest.lib.common.rest_client [req-1c65219d-64c3-47c5-8514-60b1c90639fa req-1c65219d-64c3-47c5-8514-60b1c90639fa ] Request (ServersTestJSON:setUpClass): 201 POST http://10.180.1.21:9696/networking/v2.0/floatingips 1.237s
2025-04-25 20:59:02.573 70496 INFO tempest.lib.common.rest_client [req-9000c82f-e5f8-408b-90a7-0c49ee59ac94 req-9000c82f-e5f8-408b-90a7-0c49ee59ac94 ] Request (ServerDiskConfigTestJSON:test_rebuild_server_with_auto_disk_config): 202 POST http://10.180.1.21/compute/v2.1/servers/b19bdd14-b244-46bf-a1f5-264bfe7aedc1/action 2.099s
2025-04-25 20:59:02.602 70472 INFO tempest.lib.common.rest_client [req-32ad8aa5-1662-4dc0-aba7-e1ffe35d89cf req-32ad8aa5-1662-4dc0-aba7-e1ffe35d89cf ] Request (FlavorsAccessNegativeTestJSON:tearDownClass): 204 DELETE http://10.180.1.21/identity/v3/users/cc6f27d7e9284240897165ba4572d82d 0.135s
2025-04-25 20:59:02.633 70420 INFO tempest.lib.common.rest_client [req-ac2389f3-d4f8-48f7-bf9d-8fb7a38d6b95 req-ac2389f3-d4f8-48f7-bf9d-8fb7a38d6b95 ] Request (QuotaClassesAdmin257Test:test_update_default_quotas): 200 PUT http://10.180.1.21/compute/v2.1/os-quota-class-sets/default 2.055s
2025-04-25 20:59:02.634 70406 INFO tempest.lib.common.rest_client [req-9fa95115-1126-40db-acf2-b1a52e90789c req-9fa95115-1126-40db-acf2-b1a52e90789c ] Request (ServersTestJSON:setUpClass): 201 POST http://10.180.1.21/identity/v3/auth/tokens 0.060s
2025-04-25 20:59:02.634 70406 INFO tempest.lib.common.fixed_network [-] (ServersTestJSON:setUpClass) Found network {'id': 'ddd0c4ea-d98c-427e-8c14-616ef172ddc9', 'name': 'tempest-ServersTestJSON-1127201087-network', 'tenant_id': '878de99f712b410b84a7a8933d7290be', 'admin_state_up': True, 'mtu': 8950, 'status': 'ACTIVE', 'subnets': [], 'shared': False, 'project_id': '878de99f712b410b84a7a8933d7290be', 'port_security_enabled': True, 'router:external': False, 'provider:network_type': 'vlan', 'provider:physical_network': 'default', 'provider:segmentation_id': 406, 'availability_zone_hints': [], 'availability_zones': [], 'ipv4_address_scope': None, 'ipv6_address_scope': None, 'description': '', 'tags': [], 'created_at': '2025-04-25T20:58:49Z', 'updated_at': '2025-04-25T20:58:50Z', 'revision_number': 1} available for tenant
2025-04-25 20:59:02.721 70472 INFO tempest.lib.common.rest_client [req-89460b34-8d1c-44dd-85b4-7637c593698c req-89460b34-8d1c-44dd-85b4-7637c593698c ] Request (FlavorsAccessNegativeTestJSON:tearDownClass): 204 DELETE http://10.180.1.21/identity/v3/users/3dc8ec5f8ab44519a74d4b4b13921d9f 0.118s
2025-04-25 20:59:02.721 70472 INFO tempest.lib.common.dynamic_creds [-] Deleting project and security group for project: 4f8bb7d1a6d3400f95249ea6518baf58
2025-04-25 20:59:02.781 70472 INFO tempest.lib.common.rest_client [req-4987a8f5-72e7-429b-9fbd-2eba98751b27 req-4987a8f5-72e7-429b-9fbd-2eba98751b27 ] Request (FlavorsAccessNegativeTestJSON:tearDownClass): 201 POST http://10.180.1.21/identity/v3/auth/tokens 0.059s
2025-04-25 20:59:02.832 70494 INFO tempest.lib.common.rest_client [req-210e8fef-60f4-4112-8cd8-2a995664a3f8 req-210e8fef-60f4-4112-8cd8-2a995664a3f8 ] Request (VolumesAdminNegativeTest:setUpClass): 201 POST http://10.180.1.21:9696/networking/v2.0/routers 1.830s
2025-04-25 20:59:02.932 70398 INFO tempest.lib.common.rest_client [req-d99a0205-e393-4855-ba8f-6bb8df739592 req-d99a0205-e393-4855-ba8f-6bb8df739592 ] Request (SecurityGroupsTestAdminJSON:_run_cleanups): 202 DELETE http://10.180.1.21/compute/v2.1/os-security-groups/220f0efd-0648-4e70-b77e-6a60b78bd931 2.455s
2025-04-25 20:59:02.969 70486 INFO tempest.lib.common.rest_client [req-90abb9fa-bc5f-4687-90fe-ebd7198e7692 req-90abb9fa-bc5f-4687-90fe-ebd7198e7692 ] Request (ServersWithSpecificFlavorTestJSON:test_verify_created_server_ephemeral_disk): 200 GET http://10.180.1.21/compute/v2.1/servers/f9453044-6270-44bb-9de6-dd6481693259 2.259s
2025-04-25 20:59:03.206 70472 INFO tempest.lib.common.rest_client [req-fdac6bbe-3e33-476e-bab2-586594c56e08 req-fdac6bbe-3e33-476e-bab2-586594c56e08 ] Request (FlavorsAccessNegativeTestJSON:tearDownClass): 200 GET http://10.180.1.21:9696/networking/v2.0/security-groups?tenant_id=4f8bb7d1a6d3400f95249ea6518baf58&name=default 0.425s
2025-04-25 20:59:03.247 70416 INFO tempest.lib.common.rest_client [req-a2560d54-935d-467f-b4ca-dd715703d502 req-a2560d54-935d-467f-b4ca-dd715703d502 ] Request (ServersListShow296Test:test_list_show_update_rebuild_server_296): 200 GET http://10.180.1.21/compute/v2.1/servers/41baed96-29ff-4f0d-ab6f-9520ba5bd910 2.448s
2025-04-25 20:59:03.362 70472 INFO tempest.lib.common.rest_client [req-51f9df1e-e656-48c5-8ebc-fd6ef8cb2160 req-51f9df1e-e656-48c5-8ebc-fd6ef8cb2160 ] Request (FlavorsAccessNegativeTestJSON:tearDownClass): 204 DELETE http://10.180.1.21:9696/networking/v2.0/security-groups/4655caeb-e501-4dca-8a32-b3419ea3cc99 0.155s
2025-04-25 20:59:03.363 70423 INFO tempest.lib.common.rest_client [req-d1e0534e-51c5-4630-8109-74f6900f96af req-d1e0534e-51c5-4630-8109-74f6900f96af ] Request (ServerExternalEventsTest:tearDownClass): 204 DELETE http://10.180.1.21/compute/v2.1/servers/0873d084-90c6-4f26-bfb5-0f86077ca52b 2.120s
2025-04-25 20:59:03.464 70472 INFO tempest.lib.common.rest_client [req-deaf6e0b-dce5-43df-b894-2c572be857da req-deaf6e0b-dce5-43df-b894-2c572be857da ] Request (FlavorsAccessNegativeTestJSON:tearDownClass): 204 DELETE http://10.180.1.21/identity/v3/projects/4f8bb7d1a6d3400f95249ea6518baf58 0.101s
2025-04-25 20:59:03.464 70472 INFO tempest.lib.common.dynamic_creds [-] Deleting project and security group for project: d8174fa037f8465a8caf7acf57d4de08
2025-04-25 20:59:03.488 70488 INFO tempest.lib.common.rest_client [req-b0635fcb-7122-42ad-99fa-82e3cbcbd9cf req-b0635fcb-7122-42ad-99fa-82e3cbcbd9cf ] Request (ServerTagsTestJSON:setUpClass): 200 GET http://10.180.1.21/compute/v2.1/servers/07c3e6db-ea22-480f-b16d-a577ef59284f 1.971s
2025-04-25 20:59:03.615 70472 INFO tempest.lib.common.rest_client [req-c6b598ba-c3b5-4329-ae66-4ed75cc90ddc req-c6b598ba-c3b5-4329-ae66-4ed75cc90ddc ] Request (FlavorsAccessNegativeTestJSON:tearDownClass): 200 GET http://10.180.1.21:9696/networking/v2.0/security-groups?tenant_id=d8174fa037f8465a8caf7acf57d4de08&name=default 0.151s
2025-04-25 20:59:03.617 70404 INFO tempest.lib.common.rest_client [req-58e2645a-ab72-49c5-87a1-69d65ae720cf req-58e2645a-ab72-49c5-87a1-69d65ae720cf ] Request (ServerDiagnosticsV248Test:tearDownClass): 200 GET http://10.180.1.21/compute/v2.1/servers/6c6067ac-622b-4055-9b68-4166fc23bd52 1.906s
2025-04-25 20:59:03.622 70418 INFO tempest.lib.common.rest_client [req-e261cdd0-705b-4230-8bf8-b1b054f20f57 req-e261cdd0-705b-4230-8bf8-b1b054f20f57 ] Request (SecurityGroupsNegativeTestJSON:test_delete_the_default_security_group): 200 GET http://10.180.1.21/compute/v2.1/os-security-groups 2.703s
2025-04-25 20:59:03.646 70436 INFO tempest.lib.common.rest_client [req-00bb1e51-4e6c-4821-affa-c845dbd134a8 req-00bb1e51-4e6c-4821-affa-c845dbd134a8 ] Request (AggregatesAdminNegativeTestJSON:_run_cleanups): 200 DELETE http://10.180.1.21/compute/v2.1/os-aggregates/6 1.768s
2025-04-25 20:59:03.767 70472 INFO tempest.lib.common.rest_client [req-e1496b06-ea3e-417c-9254-a52689533029 req-e1496b06-ea3e-417c-9254-a52689533029 ] Request (FlavorsAccessNegativeTestJSON:tearDownClass): 204 DELETE http://10.180.1.21:9696/networking/v2.0/security-groups/9f0c9b51-9900-41ca-8985-7a3821360076 0.151s
2025-04-25 20:59:03.813 70480 INFO tempest.lib.common.rest_client [req-ede4dee1-7a4e-42d0-8a13-0ef236c2eed3 req-ede4dee1-7a4e-42d0-8a13-0ef236c2eed3 ] Request (TenantUsagesTestJSON:test_get_usage_tenant): 200 GET http://10.180.1.21/compute/v2.1/os-simple-tenant-usage/cc97d293c2404512ba608f0d1c931054?start=2025-04-24T20%3A59%3A01.879987&end=2025-04-26T20%3A59%3A01.879987 1.933s
2025-04-25 20:59:03.886 70432 INFO tempest.lib.common.rest_client [req-a8dacf3e-b291-46f1-a5db-e810052ddd4c req-a8dacf3e-b291-46f1-a5db-e810052ddd4c ] Request (ServersAaction247Test:test_create_backup): 202 POST http://10.180.1.21/compute/v2.1/servers 1.974s
2025-04-25 20:59:03.891 70472 INFO tempest.lib.common.rest_client [req-5996471e-7b30-4c16-bb39-bf9048b2fa89 req-5996471e-7b30-4c16-bb39-bf9048b2fa89 ] Request (FlavorsAccessNegativeTestJSON:tearDownClass): 204 DELETE http://10.180.1.21/identity/v3/projects/d8174fa037f8465a8caf7acf57d4de08 0.123s
2025-04-25 20:59:03.891 70472 INFO tempest.lib.common.dynamic_creds [-] Deleting project and security group for project: aa051aad48a144958ce96705952ac027
2025-04-25 20:59:04.040 70472 INFO tempest.lib.common.rest_client [req-77171b63-6673-4ec2-86fc-69857e920a44 req-77171b63-6673-4ec2-86fc-69857e920a44 ] Request (FlavorsAccessNegativeTestJSON:tearDownClass): 200 GET http://10.180.1.21:9696/networking/v2.0/security-groups?tenant_id=aa051aad48a144958ce96705952ac027&name=default 0.149s
2025-04-25 20:59:04.197 70472 INFO tempest.lib.common.rest_client [req-340f0374-484e-49d2-94f5-a3e983f60f03 req-340f0374-484e-49d2-94f5-a3e983f60f03 ] Request (FlavorsAccessNegativeTestJSON:tearDownClass): 204 DELETE http://10.180.1.21:9696/networking/v2.0/security-groups/8fdcec94-ba66-4d4a-a14b-ca66c61f9112 0.157s
2025-04-25 20:59:04.224 70440 INFO tempest.lib.common.rest_client [req-45663c31-40d6-4cb4-98f7-a34f1d8ff10b req-45663c31-40d6-4cb4-98f7-a34f1d8ff10b ] Request (AttachInterfacesTestJSON:test_create_list_show_delete_interfaces_by_fixed_ip): 200 GET http://10.180.1.21/compute/v2.1/servers/a94ee314-5698-4a1f-b1f0-fd6e7cd056de 2.300s
2025-04-25 20:59:04.226 70494 INFO tempest.lib.common.rest_client [req-ba32cfa5-14e7-4f65-b302-9b90b959c416 req-ba32cfa5-14e7-4f65-b302-9b90b959c416 ] Request (VolumesAdminNegativeTest:setUpClass): 200 PUT http://10.180.1.21:9696/networking/v2.0/routers/6983bd17-9b13-4668-8b1c-f9a1a952edf8/add_router_interface 1.392s
2025-04-25 20:59:04.226 70494 INFO tempest.lib.common.dynamic_creds [-] Created isolated network resources for: credentials: Credentials: {'domain_id': 'default', 'domain_name': 'Default', 'username': 'tempest-VolumesAdminNegativeTest-1669852276-project-member', 'project_domain_id': 'default', 'project_domain_name': 'Default', 'project_id': 'd77607766abc4d4781ac875b6baf860d', 'project_name': 'tempest-VolumesAdminNegativeTest-1669852276', 'tenant_id': 'd77607766abc4d4781ac875b6baf860d', 'tenant_name': 'tempest-VolumesAdminNegativeTest-1669852276', 'user_domain_id': 'default', 'user_domain_name': 'Default', 'user_id': 'c2dd2a2b48c0490b9ca7d5592dd34e1d', 'system': None}, Network: {'id': '27486acb-c9b3-45ff-a019-c2fc1c96dbe0', 'name': 'tempest-VolumesAdminNegativeTest-1095658451-network', 'tenant_id': 'd77607766abc4d4781ac875b6baf860d', 'admin_state_up': True, 'mtu': 8950, 'status': 'ACTIVE', 'subnets': [], 'shared': False, 'project_id': 'd77607766abc4d4781ac875b6baf860d', 'port_security_enabled': True, 'router:external': False, 'provider:network_type': 'vlan', 'provider:physical_network': 'default', 'provider:segmentation_id': 856, 'availability_zone_hints': [], 'availability_zones': [], 'ipv4_address_scope': None, 'ipv6_address_scope': None, 'description': '', 'tags': [], 'created_at': '2025-04-25T20:58:59Z', 'updated_at': '2025-04-25T20:58:59Z', 'revision_number': 1}, Subnet: {'id': 'ab996ec1-236d-49f4-9fa4-1510fe27c977', 'name': 'tempest-VolumesAdminNegativeTest-1095658451-subnet', 'tenant_id': 'd77607766abc4d4781ac875b6baf860d', 'network_id': '27486acb-c9b3-45ff-a019-c2fc1c96dbe0', 'ip_version': 4, 'subnetpool_id': None, 'enable_dhcp': True, 'ipv6_ra_mode': None, 'ipv6_address_mode': None, 'gateway_ip': '192.168.128.1', 'cidr': '192.168.128.0/28', 'allocation_pools': [{'start': '192.168.128.2', 'end': '192.168.128.14'}], 'host_routes': [], 'dns_nameservers': [], 'description': '', 'router:external': False, 'service_types': [], 'tags': [], 'created_at': '2025-04-25T20:59:00Z', 'updated_at': '2025-04-25T20:59:00Z', 'revision_number': 0, 'project_id': 'd77607766abc4d4781ac875b6baf860d'}, Router: {'id': '6983bd17-9b13-4668-8b1c-f9a1a952edf8', 'name': 'tempest-VolumesAdminNegativeTest-1095658451-router', 'tenant_id': 'd77607766abc4d4781ac875b6baf860d', 'admin_state_up': True, 'status': 'ACTIVE', 'external_gateway_info': {'network_id': 'c5a4707c-4cff-4c0c-8ca5-334369811817', 'external_fixed_ips': [{'subnet_id': 'b03df3ca-697b-43ae-b223-070144d49a8d', 'ip_address': '10.180.180.137'}], 'enable_snat': True}, 'description': '', 'availability_zones': [], 'distributed': False, 'ha': False, 'availability_zone_hints': [], 'routes': [], 'flavor_id': None, 'tags': [], 'created_at': '2025-04-25T20:59:01Z', 'updated_at': '2025-04-25T20:59:02Z', 'revision_number': 2, 'project_id': 'd77607766abc4d4781ac875b6baf860d'}
2025-04-25 20:59:04.329 70494 INFO tempest.lib.common.rest_client [req-3fcfc638-9a9a-4127-bc23-1e24854f5fdf req-3fcfc638-9a9a-4127-bc23-1e24854f5fdf ] Request (VolumesAdminNegativeTest:setUpClass): 201 POST http://10.180.1.21/identity/v3/auth/tokens 0.098s
2025-04-25 20:59:04.367 70472 INFO tempest.lib.common.rest_client [req-2c9661bd-39a2-4d1d-978a-fc57292faed3 req-2c9661bd-39a2-4d1d-978a-fc57292faed3 ] Request (FlavorsAccessNegativeTestJSON:tearDownClass): 204 DELETE http://10.180.1.21/identity/v3/projects/aa051aad48a144958ce96705952ac027 0.169s
2025-04-25 20:59:04.370 70472 INFO tempest.test [-] raised in TestMultiAttachVolumeSwap.setUpClass. Invoking tearDownClass.
2025-04-25 20:59:04.418 70472 INFO tempest.lib.common.rest_client [req-ee3bce8d-99fb-4547-941b-c0d6ad730d17 req-ee3bce8d-99fb-4547-941b-c0d6ad730d17 ] Request (FloatingIPsAssociationNegativeTestJSON:setUpClass): 201 POST http://10.180.1.21/identity/v3/auth/tokens 0.043s
2025-04-25 20:59:04.434 70494 INFO tempest.lib.common.rest_client [req-3e9bbf5a-e3cf-4db9-9696-ba069ccfc6ac req-3e9bbf5a-e3cf-4db9-9696-ba069ccfc6ac ] Request (VolumesAdminNegativeTest:setUpClass): 201 POST http://10.180.1.21/identity/v3/projects 0.105s
2025-04-25 20:59:04.509 70472 INFO tempest.lib.common.rest_client [req-dc22bcb2-a3f4-4869-9df0-5377248955dd req-dc22bcb2-a3f4-4869-9df0-5377248955dd ] Request (FloatingIPsAssociationNegativeTestJSON:setUpClass): 201 POST http://10.180.1.21/identity/v3/auth/tokens 0.088s
2025-04-25 20:59:04.516 70494 INFO tempest.lib.common.rest_client [req-baaf4b4d-50c2-4df6-8219-0a5a516bd6b2 req-baaf4b4d-50c2-4df6-8219-0a5a516bd6b2 ] Request (VolumesAdminNegativeTest:setUpClass): 201 POST http://10.180.1.21/identity/v3/users 0.081s
2025-04-25 20:59:04.541 70472 INFO tempest.lib.common.rest_client [req-9b24578d-1450-4c3e-b636-9a3e5d3f8d5a req-9b24578d-1450-4c3e-b636-9a3e5d3f8d5a ] Request (FloatingIPsAssociationNegativeTestJSON:setUpClass): 200 GET http://10.180.1.21/identity/v3/domains?name=Default 0.032s
2025-04-25 20:59:04.544 70494 INFO tempest.lib.common.rest_client [req-c5d0e89f-d0e1-4757-9713-c5e612ae844d req-c5d0e89f-d0e1-4757-9713-c5e612ae844d ] Request (VolumesAdminNegativeTest:setUpClass): 200 GET http://10.180.1.21/identity/v3/roles 0.027s
2025-04-25 20:59:04.579 70476 INFO tempest.lib.common.rest_client [req-30e9dd78-2352-43d9-b3b7-748d6292f845 req-30e9dd78-2352-43d9-b3b7-748d6292f845 ] Request (SecurityGroupRulesNegativeTestJSON:tearDownClass): 200 PUT http://10.180.1.21:9696/networking/v2.0/routers/15373f4f-b1c4-4639-afc4-62b025a26224/remove_router_interface 2.924s
2025-04-25 20:59:04.581 70472 INFO tempest.lib.common.rest_client [req-ed94496a-8585-407d-a576-e4810b1c209b req-ed94496a-8585-407d-a576-e4810b1c209b ] Request (FloatingIPsAssociationNegativeTestJSON:setUpClass): 201 POST http://10.180.1.21/identity/v3/projects 0.039s
2025-04-25 20:59:04.586 70494 INFO tempest.lib.common.rest_client [req-bd310728-4005-4da8-a259-5754d8f2946e req-bd310728-4005-4da8-a259-5754d8f2946e ] Request (VolumesAdminNegativeTest:setUpClass): 204 PUT http://10.180.1.21/identity/v3/projects/ccf7653200e649818d4a5828721c2e64/users/688f2d6ecd7e4a76905fbc8b69221adf/roles/fe11b1b8e1a74f93978747553ecebcb2 0.040s
2025-04-25 20:59:04.648 70494 INFO tempest.lib.common.rest_client [req-a4ed4bcc-aeeb-43e1-81a3-c84dfc186fc2 req-a4ed4bcc-aeeb-43e1-81a3-c84dfc186fc2 ] Request (VolumesAdminNegativeTest:setUpClass): 200 GET http://10.180.1.21/identity/v3/roles 0.062s
2025-04-25 20:59:04.652 70472 INFO tempest.lib.common.rest_client [req-91ab5736-ab80-49ab-b5d8-11ab44885599 req-91ab5736-ab80-49ab-b5d8-11ab44885599 ] Request (FloatingIPsAssociationNegativeTestJSON:setUpClass): 201 POST http://10.180.1.21/identity/v3/users 0.071s
2025-04-25 20:59:04.675 70494 INFO tempest.lib.common.rest_client [req-46cab85b-ea51-48d7-9bad-8b48679e3e0a req-46cab85b-ea51-48d7-9bad-8b48679e3e0a ] Request (VolumesAdminNegativeTest:setUpClass): 204 PUT http://10.180.1.21/identity/v3/projects/ccf7653200e649818d4a5828721c2e64/users/688f2d6ecd7e4a76905fbc8b69221adf/roles/fe11b1b8e1a74f93978747553ecebcb2 0.026s
2025-04-25 20:59:04.675 70494 INFO tempest.lib.common.dynamic_creds [-] Dynamic test user 688f2d6ecd7e4a76905fbc8b69221adf is created with scope project and roles: ['admin']
2025-04-25 20:59:04.675 70494 INFO tempest.lib.common.dynamic_creds [-] Acquired dynamic creds: credentials: Credentials: {'domain_id': 'default', 'domain_name': 'Default', 'username': 'tempest-VolumesAdminNegativeTest-837190597-project-admin', 'project_domain_id': 'default', 'project_domain_name': 'Default', 'project_id': 'ccf7653200e649818d4a5828721c2e64', 'project_name': 'tempest-VolumesAdminNegativeTest-837190597', 'tenant_id': 'ccf7653200e649818d4a5828721c2e64', 'tenant_name': 'tempest-VolumesAdminNegativeTest-837190597', 'user_domain_id': 'default', 'user_domain_name': 'Default', 'user_id': '688f2d6ecd7e4a76905fbc8b69221adf', 'system': None}, Network: None, Subnet: None, Router: None
2025-04-25 20:59:04.688 70472 INFO tempest.lib.common.rest_client [req-6c611129-04ff-49e1-b154-88e33bcb32fb req-6c611129-04ff-49e1-b154-88e33bcb32fb ] Request (FloatingIPsAssociationNegativeTestJSON:setUpClass): 200 GET http://10.180.1.21/identity/v3/roles 0.036s
2025-04-25 20:59:04.757 70472 INFO tempest.lib.common.rest_client [req-258df7a3-b7d7-410e-894a-0a9b2c779262 req-258df7a3-b7d7-410e-894a-0a9b2c779262 ] Request (FloatingIPsAssociationNegativeTestJSON:setUpClass): 204 PUT http://10.180.1.21/identity/v3/projects/0159e9cc08144dc0b1745522efd9f4e8/users/ccb2176019394aabaf8c3838ce5121bd/roles/64a84b3d9f0c475b8b818a28f126c976 0.068s
2025-04-25 20:59:04.757 70472 INFO tempest.lib.common.dynamic_creds [-] Dynamic test user ccb2176019394aabaf8c3838ce5121bd is created with scope project and roles: ['member']
2025-04-25 20:59:04.758 70472 INFO tempest.lib.common.dynamic_creds [-] Acquired dynamic creds: credentials: Credentials: {'domain_id': 'default', 'domain_name': 'Default', 'username': 'tempest-FloatingIPsAssociationNegativeTestJSON-1067976141-project-member', 'project_domain_id': 'default', 'project_domain_name': 'Default', 'project_id': '0159e9cc08144dc0b1745522efd9f4e8', 'project_name': 'tempest-FloatingIPsAssociationNegativeTestJSON-1067976141', 'tenant_id': '0159e9cc08144dc0b1745522efd9f4e8', 'tenant_name': 'tempest-FloatingIPsAssociationNegativeTestJSON-1067976141', 'user_domain_id': 'default', 'user_domain_name': 'Default', 'user_id': 'ccb2176019394aabaf8c3838ce5121bd', 'system': None}, Network: None, Subnet: None, Router: None
2025-04-25 20:59:04.824 70472 INFO tempest.lib.common.rest_client [req-af4dde95-8860-4c1c-b172-1acabd4b54de req-af4dde95-8860-4c1c-b172-1acabd4b54de ] Request (FloatingIPsAssociationNegativeTestJSON:setUpClass): 201 POST http://10.180.1.21/identity/v3/auth/tokens 0.066s
2025-04-25 20:59:04.840 70412 INFO tempest.lib.common.rest_client [req-badc6d8b-9368-4ed9-ab25-63ae2f0718fd req-badc6d8b-9368-4ed9-ab25-63ae2f0718fd ] Request (SecurityGroupRulesTestJSON:test_security_group_rules_create_with_optional_group_id): 200 POST http://10.180.1.21/compute/v2.1/os-security-groups 2.698s
2025-04-25 20:59:05.069 70494 INFO tempest.lib.common.rest_client [req-28884a14-ece1-4dba-941a-f8dd4a62d006 req-28884a14-ece1-4dba-941a-f8dd4a62d006 ] Request (VolumesAdminNegativeTest:setUpClass): 201 POST http://10.180.1.21:9696/networking/v2.0/networks 0.393s
2025-04-25 20:59:05.077 70442 INFO tempest.lib.common.rest_client [req-26ba2f23-e50d-42b8-be2f-13daf71fea9e req-26ba2f23-e50d-42b8-be2f-13daf71fea9e ] Request (AttachInterfacesUnderV243Test:test_add_remove_fixed_ip): 202 POST http://10.180.1.21/compute/v2.1/servers 3.152s
2025-04-25 20:59:05.105 70478 INFO tempest.lib.common.rest_client [req-349a9af1-04f0-4a98-bab2-0ac6e311549e req-349a9af1-04f0-4a98-bab2-0ac6e311549e ] Request (ServerDiagnosticsNegativeTest:tearDownClass): 200 GET http://10.180.1.21/compute/v2.1/servers/94323044-a24f-424f-a0c4-cf4eab76b57c 2.869s
2025-04-25 20:59:05.108 70484 INFO tempest.lib.common.rest_client [req-8a401ce1-a08f-45f4-8a4f-cf59fcf2217e req-8a401ce1-a08f-45f4-8a4f-cf59fcf2217e ] Request (FlavorsAdminTestJSON:test_is_public_string_variations): 200 POST http://10.180.1.21/compute/v2.1/flavors 2.830s
2025-04-25 20:59:05.179 70498 INFO tempest.lib.common.rest_client [req-f2caf7fb-6f9e-4902-ba1b-6579b5f7bf9f req-f2caf7fb-6f9e-4902-ba1b-6579b5f7bf9f ] Request (ListImagesTestJSON:test_list_images_with_detail): 200 GET http://10.180.1.21/compute/v2.1/images/detail 2.808s
2025-04-25 20:59:05.302 70498 INFO tempest.lib.common.rest_client [req-bc25822a-be34-4ed2-9a71-3b4905500ffb req-bc25822a-be34-4ed2-9a71-3b4905500ffb ] Request (ListImagesTestJSON:tearDownClass): 204 DELETE http://10.180.1.21/identity/v3/users/238423bd6e8a40a8b67b2cea3a43d786 0.110s
2025-04-25 20:59:05.302 70498 INFO tempest.lib.common.dynamic_creds [-] Deleting project and security group for project: 91fae33bd0454725b31ed323db6c02f2
2025-04-25 20:59:05.379 70498 INFO tempest.lib.common.rest_client [req-b819ae43-a720-45ce-98de-b58236a8bd1e req-b819ae43-a720-45ce-98de-b58236a8bd1e ] Request (ListImagesTestJSON:tearDownClass): 201 POST http://10.180.1.21/identity/v3/auth/tokens 0.077s
2025-04-25 20:59:05.409 70402 INFO tempest.lib.common.rest_client [req-d13b2e55-07c5-4c38-b4e7-58b6dbc18be5 req-d13b2e55-07c5-4c38-b4e7-58b6dbc18be5 ] Request (FloatingIPsAssociationTestJSON:setUpClass): 200 GET http://10.180.1.21/compute/v2.1/servers/f69ac2e1-d8a9-44b0-98dc-098321ed3826 3.067s
2025-04-25 20:59:05.442 70476 INFO tempest.lib.common.rest_client [req-5126fed5-8131-42a4-860d-251dd5b2e5fc req-5126fed5-8131-42a4-860d-251dd5b2e5fc ] Request (SecurityGroupRulesNegativeTestJSON:tearDownClass): 204 DELETE http://10.180.1.21:9696/networking/v2.0/routers/15373f4f-b1c4-4639-afc4-62b025a26224 0.862s
2025-04-25 20:59:05.461 70472 INFO tempest.lib.common.rest_client [req-16d0c98d-b5ad-4068-bf8c-4cdb9115dc47 req-16d0c98d-b5ad-4068-bf8c-4cdb9115dc47 ] Request (FloatingIPsAssociationNegativeTestJSON:setUpClass): 201 POST http://10.180.1.21:9696/networking/v2.0/networks 0.636s
2025-04-25 20:59:05.569 70396 INFO tempest.lib.common.rest_client [req-45564b9d-39e9-477a-bf62-2a0ddda7065c req-45564b9d-39e9-477a-bf62-2a0ddda7065c ] Request (VolumesAssistedSnapshotsTest:test_volume_assisted_snapshot_create_delete): 200 GET http://10.180.1.21/compute/v2.1/servers/2dc8b5c8-b067-4e2d-b31b-98e7f7b7ba28/os-interface 3.079s
2025-04-25 20:59:05.744 70494 INFO tempest.lib.common.rest_client [req-cc70296b-9499-44b8-8032-7c7937799e5f req-cc70296b-9499-44b8-8032-7c7937799e5f ] Request (VolumesAdminNegativeTest:setUpClass): 201 POST http://10.180.1.21:9696/networking/v2.0/subnets 0.674s
2025-04-25 20:59:05.799 70410 INFO tempest.lib.common.rest_client [req-d0604b82-e96e-4ab2-85a8-e28ec7eb7e30 req-d0604b82-e96e-4ab2-85a8-e28ec7eb7e30 ] Request (ServerAddressesNegativeTestJSON:setUpClass): 200 GET http://10.180.1.21/compute/v2.1/servers/13ede60e-0cfb-428d-9613-9bd339c302a2 3.323s
2025-04-25 20:59:05.852 70498 INFO tempest.lib.common.rest_client [req-f2807c10-8875-4536-9998-1e3fe0b54661 req-f2807c10-8875-4536-9998-1e3fe0b54661 ] Request (ListImagesTestJSON:tearDownClass): 200 GET http://10.180.1.21:9696/networking/v2.0/security-groups?tenant_id=91fae33bd0454725b31ed323db6c02f2&name=default 0.472s
2025-04-25 20:59:05.864 70476 INFO tempest.lib.common.rest_client [req-94a19f27-be16-40e7-882e-dd691cf4c10e req-94a19f27-be16-40e7-882e-dd691cf4c10e ] Request (SecurityGroupRulesNegativeTestJSON:tearDownClass): 204 DELETE http://10.180.1.21:9696/networking/v2.0/subnets/7b912b68-df43-47cd-8797-0b603377ea06 0.422s
2025-04-25 20:59:05.918 70408 INFO tempest.lib.common.rest_client [req-18c66c04-878a-4908-a9d7-865ad34fa4bc req-18c66c04-878a-4908-a9d7-865ad34fa4bc ] Request (DeleteServersAdminTestJSON:test_delete_server_while_in_error_state): 200 GET http://10.180.1.21/compute/v2.1/servers/ffbea3ea-cd64-4ca9-a25c-644501cb3796 3.319s
2025-04-25 20:59:05.937 70420 INFO tempest.lib.common.rest_client [req-75e347c1-d7df-452c-8ec0-2f874d18c3cb req-75e347c1-d7df-452c-8ec0-2f874d18c3cb ] Request (QuotaClassesAdmin257Test:test_update_default_quotas): 200 GET http://10.180.1.21/compute/v2.1/os-quota-class-sets/default 3.303s
2025-04-25 20:59:06.073 70496 INFO tempest.lib.common.rest_client [req-42594668-5d5c-4d90-a9cd-78ca7e4c8f44 req-42594668-5d5c-4d90-a9cd-78ca7e4c8f44 ] Request (ServerDiskConfigTestJSON:test_rebuild_server_with_auto_disk_config): 200 GET http://10.180.1.21/compute/v2.1/servers/b19bdd14-b244-46bf-a1f5-264bfe7aedc1 3.493s
2025-04-25 20:59:06.214 70498 INFO tempest.lib.common.rest_client [req-e930ad5f-59f7-471a-9b31-9105ec380987 req-e930ad5f-59f7-471a-9b31-9105ec380987 ] Request (ListImagesTestJSON:tearDownClass): 204 DELETE http://10.180.1.21:9696/networking/v2.0/security-groups/477aeb0b-6433-439b-8185-442008d7a079 0.362s
2025-04-25 20:59:06.270 70472 INFO tempest.lib.common.rest_client [req-35c5e220-f9af-4b12-91d8-42afbe8f4ad6 req-35c5e220-f9af-4b12-91d8-42afbe8f4ad6 ] Request (FloatingIPsAssociationNegativeTestJSON:setUpClass): 201 POST http://10.180.1.21:9696/networking/v2.0/subnets 0.808s
2025-04-25 20:59:06.340 70498 INFO tempest.lib.common.rest_client [req-ee255d81-3e17-4836-9a1c-bcd686918018 req-ee255d81-3e17-4836-9a1c-bcd686918018 ] Request (ListImagesTestJSON:tearDownClass): 204 DELETE http://10.180.1.21/identity/v3/projects/91fae33bd0454725b31ed323db6c02f2 0.125s
2025-04-25 20:59:06.506 70500 INFO tempest.lib.common.rest_client [req-19ac6aca-1cb1-43c0-a87c-2fc4de2dd5d8 req-19ac6aca-1cb1-43c0-a87c-2fc4de2dd5d8 ] Request (ServersTestMultiNic:test_verify_duplicate_network_nics): 200 GET http://10.180.1.21/compute/v2.1/servers/76462a8c-0691-44db-b556-84c92b97c2f7 3.710s
2025-04-25 20:59:06.517 70500 INFO tempest.common.waiters [-] State transition "BUILD/networking" ==> "BUILD/spawning" after 8 second wait
2025-04-25 20:59:06.594 70482 INFO tempest.lib.common.rest_client [req-c670d289-bf41-4606-805b-ea89e2e1d55f req-c670d289-bf41-4606-805b-ea89e2e1d55f ] Request (MigrationsAdminTest:test_list_migrations_in_flavor_resize_situation): 200 GET http://10.180.1.21/compute/v2.1/servers/eca5f46e-6d82-499a-b5a2-018e49f3f933 3.733s
2025-04-25 20:59:06.603 70482 INFO tempest.common.waiters [-] State transition "BUILD/None" ==> "BUILD/networking" after 8 second wait
2025-04-25 20:59:06.712 70476 INFO tempest.lib.common.rest_client [req-b54147fd-c119-4407-ab88-c1e06722e284 req-b54147fd-c119-4407-ab88-c1e06722e284 ] Request (SecurityGroupRulesNegativeTestJSON:tearDownClass): 204 DELETE http://10.180.1.21:9696/networking/v2.0/networks/8a599dac-ca9d-4985-bef0-6226aa4f3202 0.847s
2025-04-25 20:59:06.854 70476 INFO tempest.lib.common.rest_client [req-0916a84b-b0be-481b-a823-0aa94918119a req-0916a84b-b0be-481b-a823-0aa94918119a ] Request (SecurityGroupRulesNegativeTestJSON:tearDownClass): 204 DELETE http://10.180.1.21/identity/v3/users/1991d064d6754af2ad847373d240adf0 0.142s
2025-04-25 20:59:06.855 70476 INFO tempest.lib.common.dynamic_creds [-] Deleting project and security group for project: 3d57178cda7a4a9288ac5ea72fe199a8
2025-04-25 20:59:07.096 70476 INFO tempest.lib.common.rest_client [req-78e4176a-13d5-4d61-99c6-dc1e44230bc1 req-78e4176a-13d5-4d61-99c6-dc1e44230bc1 ] Request (SecurityGroupRulesNegativeTestJSON:tearDownClass): 200 GET http://10.180.1.21:9696/networking/v2.0/security-groups?tenant_id=3d57178cda7a4a9288ac5ea72fe199a8&name=default 0.241s
2025-04-25 20:59:07.293 70398 INFO tempest.lib.common.rest_client [req-22784f6b-0830-4dc8-95dc-6d807b342427 req-22784f6b-0830-4dc8-95dc-6d807b342427 ] Request (SecurityGroupsTestAdminJSON:_run_cleanups): 202 DELETE http://10.180.1.21/compute/v2.1/os-security-groups/a7c58f35-4456-4334-ae8c-797e62a70530 4.360s
2025-04-25 20:59:07.317 70444 INFO tempest.lib.common.rest_client [req-77b5e221-1ba9-41f9-8316-4b87ef864203 req-77b5e221-1ba9-41f9-8316-4b87ef864203 ] Request (ServerDiagnosticsTest:tearDownClass): 404 GET http://10.180.1.21/compute/v2.1/servers/ad2bc565-e53f-44c4-a183-01be8d43bfb0 4.330s
2025-04-25 20:59:07.330 70476 INFO tempest.lib.common.rest_client [req-629e4bce-bba3-4289-83cf-e29aae054ae0 req-629e4bce-bba3-4289-83cf-e29aae054ae0 ] Request (SecurityGroupRulesNegativeTestJSON:tearDownClass): 204 DELETE http://10.180.1.21:9696/networking/v2.0/security-groups/6ff2c65b-7567-4189-8e74-8d3f940d0162 0.233s
2025-04-25 20:59:07.394 70400 INFO tempest.lib.common.rest_client [req-7b508cf0-3bb6-4b32-84d5-eba653461323 req-7b508cf0-3bb6-4b32-84d5-eba653461323 ] Request (ServerAddressesTestJSON:setUpClass): 200 PUT http://10.180.1.21:9696/networking/v2.0/routers/8b4b753a-8e23-4aac-afbb-84085167af1e/add_router_interface 4.839s
2025-04-25 20:59:07.395 70400 INFO tempest.lib.common.dynamic_creds [-] Created isolated network resources for: credentials: Credentials: {'domain_id': 'default', 'domain_name': 'Default', 'username': 'tempest-ServerAddressesTestJSON-1603918405-project-member', 'project_domain_id': 'default', 'project_domain_name': 'Default', 'project_id': 'cb31623266ec45ce9445fa718eb2b0d4', 'project_name': 'tempest-ServerAddressesTestJSON-1603918405', 'tenant_id': 'cb31623266ec45ce9445fa718eb2b0d4', 'tenant_name': 'tempest-ServerAddressesTestJSON-1603918405', 'user_domain_id': 'default', 'user_domain_name': 'Default', 'user_id': 'f4d3c8bd349a499a965ae4c7ed6160af', 'system': None}, Network: {'id': '8734e2e7-af2e-4def-af4c-33649e903a4f', 'name': 'tempest-ServerAddressesTestJSON-292589048-network', 'tenant_id': 'cb31623266ec45ce9445fa718eb2b0d4', 'admin_state_up': True, 'mtu': 8950, 'status': 'ACTIVE', 'subnets': [], 'shared': False, 'project_id': 'cb31623266ec45ce9445fa718eb2b0d4', 'port_security_enabled': True, 'router:external': False, 'provider:network_type': 'vlan', 'provider:physical_network': 'default', 'provider:segmentation_id': 483, 'availability_zone_hints': [], 'availability_zones': [], 'ipv4_address_scope': None, 'ipv6_address_scope': None, 'description': '', 'tags': [], 'created_at': '2025-04-25T20:59:00Z', 'updated_at': '2025-04-25T20:59:00Z', 'revision_number': 1}, Subnet: {'id': 'd5b51458-2a5e-4880-b17d-537307464fe9', 'name': 'tempest-ServerAddressesTestJSON-292589048-subnet', 'tenant_id': 'cb31623266ec45ce9445fa718eb2b0d4', 'network_id': '8734e2e7-af2e-4def-af4c-33649e903a4f', 'ip_version': 4, 'subnetpool_id': None, 'enable_dhcp': True, 'ipv6_ra_mode': None, 'ipv6_address_mode': None, 'gateway_ip': '192.168.128.1', 'cidr': '192.168.128.0/28', 'allocation_pools': [{'start': '192.168.128.2', 'end': '192.168.128.14'}], 'host_routes': [], 'dns_nameservers': [], 'description': '', 'router:external': False, 'service_types': [], 'tags': [], 'created_at': '2025-04-25T20:59:00Z', 'updated_at': '2025-04-25T20:59:00Z', 'revision_number': 0, 'project_id': 'cb31623266ec45ce9445fa718eb2b0d4'}, Router: {'id': '8b4b753a-8e23-4aac-afbb-84085167af1e', 'name': 'tempest-ServerAddressesTestJSON-292589048-router', 'tenant_id': 'cb31623266ec45ce9445fa718eb2b0d4', 'admin_state_up': True, 'status': 'ACTIVE', 'external_gateway_info': {'network_id': 'c5a4707c-4cff-4c0c-8ca5-334369811817', 'external_fixed_ips': [{'subnet_id': 'b03df3ca-697b-43ae-b223-070144d49a8d', 'ip_address': '10.180.180.133'}], 'enable_snat': True}, 'description': '', 'availability_zones': [], 'distributed': False, 'ha': False, 'availability_zone_hints': [], 'routes': [], 'flavor_id': None, 'tags': [], 'created_at': '2025-04-25T20:59:00Z', 'updated_at': '2025-04-25T20:59:01Z', 'revision_number': 2, 'project_id': 'cb31623266ec45ce9445fa718eb2b0d4'}
2025-04-25 20:59:07.418 70490 INFO tempest.lib.common.rest_client [req-f1482cac-fdb8-438c-b718-642f7c843f27 req-f1482cac-fdb8-438c-b718-642f7c843f27 ] Request (AttachInterfacesV270Test:test_create_get_list_interfaces): 200 GET http://10.180.1.21/compute/v2.1/servers/9424c852-8a39-48a1-8f27-db4dd05059bb 4.311s
2025-04-25 20:59:07.445 70444 INFO tempest.lib.common.rest_client [req-074e737a-e51e-4d92-b653-8ac56b7e891a req-074e737a-e51e-4d92-b653-8ac56b7e891a ] Request (ServerDiagnosticsTest:tearDownClass): 204 DELETE http://10.180.1.21/identity/v3/users/26b3f9d9298d4bf7a704f4206ba4a04d 0.127s
2025-04-25 20:59:07.458 70476 INFO tempest.lib.common.rest_client [req-58108e2c-6427-493e-bafc-1ec899320db9 req-58108e2c-6427-493e-bafc-1ec899320db9 ] Request (SecurityGroupRulesNegativeTestJSON:tearDownClass): 204 DELETE http://10.180.1.21/identity/v3/projects/3d57178cda7a4a9288ac5ea72fe199a8 0.128s
2025-04-25 20:59:07.501 70406 INFO tempest.lib.common.rest_client [req-6acf2bde-89dc-4058-9f09-0085242015f7 req-6acf2bde-89dc-4058-9f09-0085242015f7 ] Request (ServersTestJSON:setUpClass): 202 POST http://10.180.1.21/compute/v2.1/servers 4.866s
2025-04-25 20:59:07.545 70400 INFO tempest.lib.common.rest_client [req-8fb66496-800a-41c1-8610-b5711776cb1d req-8fb66496-800a-41c1-8610-b5711776cb1d ] Request (ServerAddressesTestJSON:setUpClass): 201 POST http://10.180.1.21/identity/v3/auth/tokens 0.146s
2025-04-25 20:59:07.599 70476 INFO tempest.lib.common.rest_client [req-eb33578f-6a5c-4c04-b8a6-6d3c6e116e08 req-eb33578f-6a5c-4c04-b8a6-6d3c6e116e08 ] Request (ServerActionsTestOtherB:setUpClass): 201 POST http://10.180.1.21/identity/v3/auth/tokens 0.140s
2025-04-25 20:59:07.612 70416 INFO tempest.lib.common.rest_client [req-9ceff29e-e86d-40f8-a222-f88a1f035180 req-9ceff29e-e86d-40f8-a222-f88a1f035180 ] Request (ServersListShow296Test:test_list_show_update_rebuild_server_296): 200 PUT http://10.180.1.21/compute/v2.1/servers/41baed96-29ff-4f0d-ab6f-9520ba5bd910 4.351s
2025-04-25 20:59:07.616 70423 INFO tempest.lib.common.rest_client [req-8e52f8b9-10e6-4311-90d4-2d988771e749 req-8e52f8b9-10e6-4311-90d4-2d988771e749 ] Request (ServerExternalEventsTest:tearDownClass): 200 GET http://10.180.1.21/compute/v2.1/servers/0873d084-90c6-4f26-bfb5-0f86077ca52b 4.252s
2025-04-25 20:59:07.680 70436 INFO tempest.lib.common.rest_client [req-01e1145d-0520-4243-b226-1e4b5b86b4fe req-01e1145d-0520-4243-b226-1e4b5b86b4fe ] Request (AggregatesAdminNegativeTestJSON:test_aggregate_get_details_with_invalid_id): 404 GET http://10.180.1.21/compute/v2.1/os-aggregates/-1 4.033s
2025-04-25 20:59:07.685 70400 INFO tempest.lib.common.rest_client [req-68b1958b-0262-4941-b44d-35b38a4f2afc req-68b1958b-0262-4941-b44d-35b38a4f2afc ] Request (ServerAddressesTestJSON:setUpClass): 201 POST http://10.180.1.21/identity/v3/auth/tokens 0.137s
2025-04-25 20:59:07.685 70400 INFO tempest.lib.common.fixed_network [-] (ServerAddressesTestJSON:setUpClass) Found network {'id': '8734e2e7-af2e-4def-af4c-33649e903a4f', 'name': 'tempest-ServerAddressesTestJSON-292589048-network', 'tenant_id': 'cb31623266ec45ce9445fa718eb2b0d4', 'admin_state_up': True, 'mtu': 8950, 'status': 'ACTIVE', 'subnets': [], 'shared': False, 'project_id': 'cb31623266ec45ce9445fa718eb2b0d4', 'port_security_enabled': True, 'router:external': False, 'provider:network_type': 'vlan', 'provider:physical_network': 'default', 'provider:segmentation_id': 483, 'availability_zone_hints': [], 'availability_zones': [], 'ipv4_address_scope': None, 'ipv6_address_scope': None, 'description': '', 'tags': [], 'created_at': '2025-04-25T20:59:00Z', 'updated_at': '2025-04-25T20:59:00Z', 'revision_number': 1} available for tenant
2025-04-25 20:59:07.710 70444 INFO tempest.lib.common.rest_client [req-c87792e8-cdc2-46d6-af18-b9112cc61dc4 req-c87792e8-cdc2-46d6-af18-b9112cc61dc4 ] Request (ServerDiagnosticsTest:tearDownClass): 204 DELETE http://10.180.1.21/identity/v3/users/1dd890d160084e6f8c99eeaaefd56a01 0.264s
2025-04-25 20:59:07.711 70444 INFO tempest.lib.common.dynamic_creds [-] Deleting project and security group for project: ab711f53b96940faad1e598c21c99cc6
2025-04-25 20:59:07.727 70494 INFO tempest.lib.common.rest_client [req-6d64bbdf-e15d-4b7e-8d00-d7566f132bc9 req-6d64bbdf-e15d-4b7e-8d00-d7566f132bc9 ] Request (VolumesAdminNegativeTest:setUpClass): 201 POST http://10.180.1.21:9696/networking/v2.0/routers 1.983s
2025-04-25 20:59:07.732 70480 INFO tempest.lib.common.rest_client [req-76dd683e-aa86-40e8-a159-c7a393084281 req-76dd683e-aa86-40e8-a159-c7a393084281 ] Request (TenantUsagesTestJSON:test_get_usage_tenant_with_non_admin_user): 200 GET http://10.180.1.21/compute/v2.1/os-simple-tenant-usage/cc97d293c2404512ba608f0d1c931054?start=2025-04-24T20%3A59%3A01.879987&end=2025-04-26T20%3A59%3A01.879987 3.913s
2025-04-25 20:59:07.742 70476 INFO tempest.lib.common.rest_client [req-9799b307-e9bf-48d2-9306-414d6ce3de3a req-9799b307-e9bf-48d2-9306-414d6ce3de3a ] Request (ServerActionsTestOtherB:setUpClass): 201 POST http://10.180.1.21/identity/v3/auth/tokens 0.140s
