2025-04-25 20:59:36.033 70496 INFO tempest.common.waiters [-] State transition "BUILD/scheduling" ==> "BUILD/None" after 9 second wait
2025-04-25 20:59:36.048 70476 INFO tempest.lib.common.rest_client [req-9d90ccf2-dcd1-4cd1-9e75-ea69f76dae8e req-9d90ccf2-dcd1-4cd1-9e75-ea69f76dae8e ] Request (ServerActionsTestOtherB:setUpClass): 200 GET http://10.180.1.21/compute/v2.1/servers/66d937aa-30ed-468f-a62a-e37e7c2b41fb 0.643s
2025-04-25 20:59:36.085 70414 INFO tempest.lib.common.rest_client [req-84c6f8ab-9dd3-41b1-9b08-597c53339fff req-84c6f8ab-9dd3-41b1-9b08-597c53339fff ] Request (ServerRescueTestJSON:setUpClass): 200 GET http://10.180.1.21/compute/v2.1/servers/844c678b-6d1e-401a-9989-f4d7d90f262e 0.626s
2025-04-25 20:59:36.114 70402 INFO tempest.lib.common.rest_client [req-3deb799a-c830-4d57-b343-c1550105c67a req-3deb799a-c830-4d57-b343-c1550105c67a ] Request (FloatingIPsAssociationTestJSON:test_associate_already_associated_floating_ip): 200 GET http://10.180.1.21/compute/v2.1/servers/ed0df3fa-1cc4-4a88-b1cc-2edf3b2dcdb9 0.520s
2025-04-25 20:59:36.158 70472 INFO tempest.lib.common.rest_client [req-11f00ac0-4973-4800-9586-8f670ad57579 req-11f00ac0-4973-4800-9586-8f670ad57579 ] Request (FloatingIPsAssociationNegativeTestJSON:setUpClass): 200 GET http://10.180.1.21/compute/v2.1/servers/303bd8c0-555b-4eb4-a5f4-3d6cc2eaf206 0.490s
2025-04-25 20:59:36.212 70416 INFO tempest.lib.common.rest_client [req-908460a3-e92f-4fd9-aca5-2ad89d443004 req-908460a3-e92f-4fd9-aca5-2ad89d443004 ] Request (ServersListShow296Test:tearDownClass): 200 GET http://10.180.1.21/compute/v2.1/servers/41baed96-29ff-4f0d-ab6f-9520ba5bd910 0.530s
2025-04-25 20:59:36.300 70436 INFO tempest.lib.common.rest_client [req-7d303031-5db1-4e9d-afd1-4530241852a8 req-7d303031-5db1-4e9d-afd1-4530241852a8 ] Request (FlavorsV255TestJSON:tearDownClass): 200 GET http://10.180.1.21:9696/networking/v2.0/security-groups?tenant_id=1702be5f10164a048e79e3d2aa71b433&name=default 0.281s
2025-04-25 20:59:36.325 70494 INFO tempest.lib.common.rest_client [req-a73b4437-3d84-48d3-900e-e327f103166b req-a73b4437-3d84-48d3-900e-e327f103166b ] Request (VolumesAdminNegativeTest:test_update_attached_volume_with_nonexistent_volume_in_body): 200 GET http://10.180.1.21/compute/v2.1/servers/0795374d-903e-48e2-96d3-1b6f5a5511da 0.576s
2025-04-25 20:59:36.354 70442 INFO tempest.lib.common.rest_client [req-2f535723-412c-4ab4-ad4f-ba5d29ecab7c req-2f535723-412c-4ab4-ad4f-ba5d29ecab7c ] Request (AttachInterfacesUnderV243Test:test_add_remove_fixed_ip): 200 GET http://10.180.1.21/compute/v2.1/servers/11a5b02f-dd55-4a7f-b7b3-53cd90fbdd16 0.655s
2025-04-25 20:59:36.364 70442 INFO tempest.lib.common.ssh [-] Creating ssh connection to '10.180.180.197:22' as 'cirros' with public key authentication
2025-04-25 20:59:36.384 70484 INFO tempest.lib.common.rest_client [req-47f02ad9-4ea1-4557-8a88-9fd1c28df020 req-47f02ad9-4ea1-4557-8a88-9fd1c28df020 ] Request (FlavorsAdminTestJSON:_run_cleanups): 200 GET http://10.180.1.21/compute/v2.1/flavors/detail 0.533s
2025-04-25 20:59:36.391 70420 INFO tempest.lib.common.rest_client [req-78dad4c8-f6e7-484f-9248-9be0f5924f9c req-78dad4c8-f6e7-484f-9248-9be0f5924f9c ] Request (ServersAdminNegativeTestJSON:setUpClass): 200 GET http://10.180.1.21/compute/v2.1/servers/4070a41b-136b-41e4-bd77-7ac36f7482d4 0.556s
2025-04-25 20:59:36.412 70478 INFO tempest.lib.common.rest_client [req-1cb31a3f-d224-422f-8795-b2f080b299d0 req-1cb31a3f-d224-422f-8795-b2f080b299d0 ] Request (FlavorsV2TestJSON:test_list_flavors_filter_by_min_ram): 200 GET http://10.180.1.21/compute/v2.1/flavors/42 0.535s
2025-04-25 20:59:36.427 70488 INFO tempest.lib.common.rest_client [req-60241268-3d0b-4a05-8284-277e67b35fa5 req-60241268-3d0b-4a05-8284-277e67b35fa5 ] Request (ServerTagsTestJSON:test_create_delete_tag): 200 GET http://10.180.1.21/compute/v2.1/servers/07c3e6db-ea22-480f-b16d-a577ef59284f/tags 0.519s
2025-04-25 20:59:36.488 70436 INFO tempest.lib.common.rest_client [req-5f4d5f69-5c64-4461-9f5f-7325f704da44 req-5f4d5f69-5c64-4461-9f5f-7325f704da44 ] Request (FlavorsV255TestJSON:tearDownClass): 204 DELETE http://10.180.1.21:9696/networking/v2.0/security-groups/e15d221f-ea7a-4cca-a23a-47bfa3497467 0.187s
2025-04-25 20:59:36.523 70484 INFO tempest.lib.common.rest_client [req-7932884b-f9e7-4ef8-b38f-7d171d3d324d req-7932884b-f9e7-4ef8-b38f-7d171d3d324d ] Request (FlavorsAdminTestJSON:tearDownClass): 204 DELETE http://10.180.1.21/identity/v3/users/69ed5d4064ee4d448eb05772c3d25ddc 0.132s
2025-04-25 20:59:36.531 70480 INFO tempest.lib.common.rest_client [req-e87fd5fb-c9db-4785-831c-e964fa6c7dfa req-e87fd5fb-c9db-4785-831c-e964fa6c7dfa ] Request (TenantUsagesTestJSON:tearDownClass): 200 GET http://10.180.1.21/compute/v2.1/servers/19a17a9d-795d-44bf-a2b5-768b9e110095 0.617s
2025-04-25 20:59:36.580 70436 INFO tempest.lib.common.rest_client [req-4a3f5cd0-6442-4a87-b1a8-753a10c632fc req-4a3f5cd0-6442-4a87-b1a8-753a10c632fc ] Request (FlavorsV255TestJSON:tearDownClass): 204 DELETE http://10.180.1.21/identity/v3/projects/1702be5f10164a048e79e3d2aa71b433 0.092s
2025-04-25 20:59:36.609 70436 INFO tempest.lib.common.rest_client [req-3f3d987e-ac25-417c-bfca-a1e6a39b2448 req-3f3d987e-ac25-417c-bfca-a1e6a39b2448 ] Request (ServersAdmin275Test:setUpClass): 201 POST http://10.180.1.21/identity/v3/auth/tokens 0.027s
2025-04-25 20:59:36.617 70410 INFO tempest.lib.common.rest_client [req-6f303528-6e22-4c57-9641-428f204f328c req-6f303528-6e22-4c57-9641-428f204f328c ] Request (ServerAddressesNegativeTestJSON:tearDownClass): 200 GET http://10.180.1.21/compute/v2.1/servers/13ede60e-0cfb-428d-9613-9bd339c302a2 0.672s
2025-04-25 20:59:36.652 70484 INFO tempest.lib.common.rest_client [req-5df103e1-96a0-4006-8572-0a0a84b18c21 req-5df103e1-96a0-4006-8572-0a0a84b18c21 ] Request (FlavorsAdminTestJSON:tearDownClass): 204 DELETE http://10.180.1.21/identity/v3/users/e7c50cdbc018429caa2aa32f9451c7a5 0.128s
2025-04-25 20:59:36.652 70484 INFO tempest.lib.common.dynamic_creds [-] Deleting project and security group for project: 955b133b6430472db4c750fa545a3dfc
2025-04-25 20:59:36.657 70482 INFO tempest.lib.common.rest_client [req-86972bd3-1c64-41b2-aa99-4208de045b3d req-86972bd3-1c64-41b2-aa99-4208de045b3d ] Request (MigrationsAdminTest:test_list_migrations_in_flavor_resize_situation): 200 GET http://10.180.1.21/compute/v2.1/servers/eca5f46e-6d82-499a-b5a2-018e49f3f933 0.784s
2025-04-25 20:59:36.666 70436 INFO tempest.lib.common.rest_client [req-16c6d1c6-8c71-4540-a03c-6967024a7dbe req-16c6d1c6-8c71-4540-a03c-6967024a7dbe ] Request (ServersAdmin275Test:setUpClass): 201 POST http://10.180.1.21/identity/v3/auth/tokens 0.054s
2025-04-25 20:59:36.682 70418 INFO tempest.lib.common.rest_client [req-7fd0459d-c1fa-41c4-a513-5a2e37d23875 req-7fd0459d-c1fa-41c4-a513-5a2e37d23875 ] Request (ListServerFiltersTestJSON:setUpClass): 200 GET http://10.180.1.21/compute/v2.1/servers/af089f7b-dc31-4722-93a2-a2dbc9ff557e 0.699s
2025-04-25 20:59:36.716 70484 INFO tempest.lib.common.rest_client [req-8f24f4de-3b7d-4a93-8cd3-31a7669b6311 req-8f24f4de-3b7d-4a93-8cd3-31a7669b6311 ] Request (FlavorsAdminTestJSON:tearDownClass): 201 POST http://10.180.1.21/identity/v3/auth/tokens 0.063s
2025-04-25 20:59:36.718 70436 INFO tempest.lib.common.rest_client [req-64f31258-a5f7-4767-a0c5-49d7f15dfa8f req-64f31258-a5f7-4767-a0c5-49d7f15dfa8f ] Request (ServersAdmin275Test:setUpClass): 200 GET http://10.180.1.21/identity/v3/domains?name=Default 0.051s
2025-04-25 20:59:36.724 70404 INFO tempest.lib.common.rest_client [req-39c520b9-da43-4b6f-951a-d87ac4d35991 req-39c520b9-da43-4b6f-951a-d87ac4d35991 ] Request (ImagesOneServerNegativeTestJSON:setUpClass): 200 GET http://10.180.1.21/compute/v2.1/servers/30be86a3-ab72-49b8-80f3-353cc9a4bd68 0.661s
2025-04-25 20:59:36.760 70436 INFO tempest.lib.common.rest_client [req-44b449c5-ecdd-4677-88ad-59db51f3b953 req-44b449c5-ecdd-4677-88ad-59db51f3b953 ] Request (ServersAdmin275Test:setUpClass): 201 POST http://10.180.1.21/identity/v3/projects 0.042s
2025-04-25 20:59:36.765 70444 INFO tempest.lib.common.rest_client [req-c1d372af-0f60-4d43-9032-12a4b8a835ee req-c1d372af-0f60-4d43-9032-12a4b8a835ee ] Request (MultipleCreateTestJSON:setUpClass): 201 POST http://10.180.1.21:9696/networking/v2.0/routers 1.445s
2025-04-25 20:59:36.770 70500 INFO tempest.lib.common.rest_client [req-f057ab37-bcd4-4289-9f87-008cac353d6b req-f057ab37-bcd4-4289-9f87-008cac353d6b ] Request (ServersTestMultiNic:_run_cleanups): 200 GET http://10.180.1.21/compute/v2.1/servers/76462a8c-0691-44db-b556-84c92b97c2f7 0.505s
2025-04-25 20:59:36.782 70500 INFO tempest.common.waiters [-] State transition "ACTIVE/deleting" ==> "DELETED/None" after 5 second wait
2025-04-25 20:59:36.792 70398 INFO tempest.lib.common.rest_client [req-54ce12f8-175a-4d0a-a6ea-11ead2e9547b req-54ce12f8-175a-4d0a-a6ea-11ead2e9547b ] Request (ServersAdminTestJSON:setUpClass): 200 GET http://10.180.1.21/compute/v2.1/servers/c8747a31-7a75-4ccd-b513-fb2a0769b0d9 0.496s
2025-04-25 20:59:36.795 70478 INFO tempest.lib.common.rest_client [req-45fc3670-3171-49b9-8eae-375b37d01424 req-45fc3670-3171-49b9-8eae-375b37d01424 ] Request (FlavorsV2TestJSON:test_list_flavors_filter_by_min_ram): 200 GET http://10.180.1.21/compute/v2.1/flavors?minRam=193 0.380s
2025-04-25 20:59:36.830 70436 INFO tempest.lib.common.rest_client [req-df59040e-491d-4cfb-b9dc-a638f41f5f04 req-df59040e-491d-4cfb-b9dc-a638f41f5f04 ] Request (ServersAdmin275Test:setUpClass): 201 POST http://10.180.1.21/identity/v3/users 0.068s
2025-04-25 20:59:36.850 70436 INFO tempest.lib.common.rest_client [req-8ad00221-bf41-46d9-9799-a00f2dc1685c req-8ad00221-bf41-46d9-9799-a00f2dc1685c ] Request (ServersAdmin275Test:setUpClass): 200 GET http://10.180.1.21/identity/v3/roles 0.019s
2025-04-25 20:59:36.855 70488 INFO tempest.lib.common.rest_client [req-e2e67076-2d86-4f30-8696-656b940f6564 req-e2e67076-2d86-4f30-8696-656b940f6564 ] Request (ServerTagsTestJSON:_run_cleanups): 204 DELETE http://10.180.1.21/compute/v2.1/servers/07c3e6db-ea22-480f-b16d-a577ef59284f/tags 0.426s
2025-04-25 20:59:36.870 70423 INFO tempest.lib.common.rest_client [req-c1e0a2d2-7ed9-4205-a9e4-e8f97012ca3a req-c1e0a2d2-7ed9-4205-a9e4-e8f97012ca3a ] Request (ServersTestBootFromVolume:setUpClass): 200 PUT http://10.180.1.21:9696/networking/v2.0/routers/b8a4534b-6d1f-48d1-b189-68ef7a9da878/add_router_interface 1.842s
2025-04-25 20:59:36.871 70423 INFO tempest.lib.common.dynamic_creds [-] Created isolated network resources for: credentials: Credentials: {'domain_id': 'default', 'domain_name': 'Default', 'username': 'tempest-ServersTestBootFromVolume-502160299-project-member', 'project_domain_id': 'default', 'project_domain_name': 'Default', 'project_id': 'b50e3ccb572c4be9a93c4c4fdac0e984', 'project_name': 'tempest-ServersTestBootFromVolume-502160299', 'tenant_id': 'b50e3ccb572c4be9a93c4c4fdac0e984', 'tenant_name': 'tempest-ServersTestBootFromVolume-502160299', 'user_domain_id': 'default', 'user_domain_name': 'Default', 'user_id': '99642a94678f4507a0b66fc7880472bf', 'system': None}, Network: {'id': 'ea781a00-3333-413b-99e6-edf573633520', 'name': 'tempest-ServersTestBootFromVolume-2028053230-network', 'tenant_id': 'b50e3ccb572c4be9a93c4c4fdac0e984', 'admin_state_up': True, 'mtu': 8950, 'status': 'ACTIVE', 'subnets': [], 'shared': False, 'project_id': 'b50e3ccb572c4be9a93c4c4fdac0e984', 'port_security_enabled': True, 'router:external': False, 'provider:network_type': 'vlan', 'provider:physical_network': 'default', 'provider:segmentation_id': 171, 'availability_zone_hints': [], 'availability_zones': [], 'ipv4_address_scope': None, 'ipv6_address_scope': None, 'description': '', 'tags': [], 'created_at': '2025-04-25T20:59:33Z', 'updated_at': '2025-04-25T20:59:33Z', 'revision_number': 1}, Subnet: {'id': 'db40a3f0-a65c-46e4-8c70-790c10f5dfb5', 'name': 'tempest-ServersTestBootFromVolume-2028053230-subnet', 'tenant_id': 'b50e3ccb572c4be9a93c4c4fdac0e984', 'network_id': 'ea781a00-3333-413b-99e6-edf573633520', 'ip_version': 4, 'subnetpool_id': None, 'enable_dhcp': True, 'ipv6_ra_mode': None, 'ipv6_address_mode': None, 'gateway_ip': '192.168.128.1', 'cidr': '192.168.128.0/28', 'allocation_pools': [{'start': '192.168.128.2', 'end': '192.168.128.14'}], 'host_routes': [], 'dns_nameservers': [], 'description': '', 'router:external': False, 'service_types': [], 'tags': [], 'created_at': '2025-04-25T20:59:33Z', 'updated_at': '2025-04-25T20:59:33Z', 'revision_number': 0, 'project_id': 'b50e3ccb572c4be9a93c4c4fdac0e984'}, Router: {'id': 'b8a4534b-6d1f-48d1-b189-68ef7a9da878', 'name': 'tempest-ServersTestBootFromVolume-2028053230-router', 'tenant_id': 'b50e3ccb572c4be9a93c4c4fdac0e984', 'admin_state_up': True, 'status': 'ACTIVE', 'external_gateway_info': {'network_id': 'c5a4707c-4cff-4c0c-8ca5-334369811817', 'external_fixed_ips': [{'subnet_id': 'b03df3ca-697b-43ae-b223-070144d49a8d', 'ip_address': '10.180.180.163'}], 'enable_snat': True}, 'description': '', 'availability_zones': [], 'distributed': False, 'ha': False, 'availability_zone_hints': [], 'routes': [], 'flavor_id': None, 'tags': [], 'created_at': '2025-04-25T20:59:34Z', 'updated_at': '2025-04-25T20:59:34Z', 'revision_number': 2, 'project_id': 'b50e3ccb572c4be9a93c4c4fdac0e984'}
2025-04-25 20:59:36.875 70478 INFO tempest.lib.common.rest_client [req-7e51a185-85fd-410b-b815-5b3bae87d7ed req-7e51a185-85fd-410b-b815-5b3bae87d7ed ] Request (FlavorsV2TestJSON:test_list_flavors_limit_results): 200 GET http://10.180.1.21/compute/v2.1/flavors?limit=1 0.073s
2025-04-25 20:59:36.886 70436 INFO tempest.lib.common.rest_client [req-0b0fd011-f494-4d6a-b892-0f7d3af28c98 req-0b0fd011-f494-4d6a-b892-0f7d3af28c98 ] Request (ServersAdmin275Test:setUpClass): 204 PUT http://10.180.1.21/identity/v3/projects/f5652edd4afe404abd4027514c945c20/users/bd646a69ba204f49b73584eb1a5f6821/roles/64a84b3d9f0c475b8b818a28f126c976 0.036s
2025-04-25 20:59:36.887 70436 INFO tempest.lib.common.dynamic_creds [-] Dynamic test user bd646a69ba204f49b73584eb1a5f6821 is created with scope project and roles: ['member']
2025-04-25 20:59:36.887 70436 INFO tempest.lib.common.dynamic_creds [-] Acquired dynamic creds: credentials: Credentials: {'domain_id': 'default', 'domain_name': 'Default', 'username': 'tempest-ServersAdmin275Test-347029813-project-member', 'project_domain_id': 'default', 'project_domain_name': 'Default', 'project_id': 'f5652edd4afe404abd4027514c945c20', 'project_name': 'tempest-ServersAdmin275Test-347029813', 'tenant_id': 'f5652edd4afe404abd4027514c945c20', 'tenant_name': 'tempest-ServersAdmin275Test-347029813', 'user_domain_id': 'default', 'user_domain_name': 'Default', 'user_id': 'bd646a69ba204f49b73584eb1a5f6821', 'system': None}, Network: None, Subnet: None, Router: None
2025-04-25 20:59:36.887 70436 INFO tempest.lib.common.dynamic_creds [-] Created isolated network resources for: credentials: Credentials: {'domain_id': 'default', 'domain_name': 'Default', 'username': 'tempest-ServersAdmin275Test-347029813-project-member', 'project_domain_id': 'default', 'project_domain_name': 'Default', 'project_id': 'f5652edd4afe404abd4027514c945c20', 'project_name': 'tempest-ServersAdmin275Test-347029813', 'tenant_id': 'f5652edd4afe404abd4027514c945c20', 'tenant_name': 'tempest-ServersAdmin275Test-347029813', 'user_domain_id': 'default', 'user_domain_name': 'Default', 'user_id': 'bd646a69ba204f49b73584eb1a5f6821', 'system': None}, Network: None, Subnet: None, Router: None
2025-04-25 20:59:36.966 70423 INFO tempest.lib.common.rest_client [req-039faee9-0812-4542-91ff-e8ab77875752 req-039faee9-0812-4542-91ff-e8ab77875752 ] Request (ServersTestBootFromVolume:setUpClass): 201 POST http://10.180.1.21/identity/v3/auth/tokens 0.088s
2025-04-25 20:59:36.967 70432 INFO tempest.lib.common.rest_client [req-bda9e2a3-f4ba-468d-9716-27c53606f761 req-bda9e2a3-f4ba-468d-9716-27c53606f761 ] Request (ServersAaction247Test:tearDownClass): 200 GET http://10.180.1.21/compute/v2.1/servers/e4a0575f-4518-410a-b6f0-fdc6005883fe 0.128s
2025-04-25 20:59:36.991 70490 INFO tempest.lib.common.rest_client [req-928cfb8a-54e7-421b-90fc-64a6eca4d6b3 req-928cfb8a-54e7-421b-90fc-64a6eca4d6b3 ] Request (AttachInterfacesV270Test:tearDownClass): 200 GET http://10.180.1.21/compute/v2.1/servers/9424c852-8a39-48a1-8f27-db4dd05059bb 0.235s
2025-04-25 20:59:37.012 70436 INFO tempest.lib.common.rest_client [req-e37bae62-15ce-4cbb-8156-6d17242ded32 req-e37bae62-15ce-4cbb-8156-6d17242ded32 ] Request (ServersAdmin275Test:setUpClass): 201 POST http://10.180.1.21/identity/v3/auth/tokens 0.122s
2025-04-25 20:59:37.048 70484 INFO tempest.lib.common.rest_client [req-32098cd0-5ffe-4ae7-ae8c-36f5063d79c4 req-32098cd0-5ffe-4ae7-ae8c-36f5063d79c4 ] Request (FlavorsAdminTestJSON:tearDownClass): 200 GET http://10.180.1.21:9696/networking/v2.0/security-groups?tenant_id=955b133b6430472db4c750fa545a3dfc&name=default 0.331s
2025-04-25 20:59:37.052 70488 INFO tempest.lib.common.rest_client [req-5b26d670-61ca-4434-a359-a46bb6a4e898 req-5b26d670-61ca-4434-a359-a46bb6a4e898 ] Request (ServerTagsTestJSON:test_delete_all_tags): 201 PUT http://10.180.1.21/compute/v2.1/servers/07c3e6db-ea22-480f-b16d-a577ef59284f/tags/tempest-tag-1845932266 0.195s
2025-04-25 20:59:37.069 70478 INFO tempest.lib.common.rest_client [req-ee9ade48-e958-4735-8b22-4fd11b54c934 req-ee9ade48-e958-4735-8b22-4fd11b54c934 ] Request (FlavorsV2TestJSON:test_list_flavors_using_marker): 200 GET http://10.180.1.21/compute/v2.1/flavors/42 0.191s
2025-04-25 20:59:37.115 70436 INFO tempest.lib.common.rest_client [req-abd502fd-4e6d-4675-ada9-fb8ca0b60450 req-abd502fd-4e6d-4675-ada9-fb8ca0b60450 ] Request (ServersAdmin275Test:setUpClass): 201 POST http://10.180.1.21/identity/v3/projects 0.102s
2025-04-25 20:59:37.115 70408 INFO tempest.lib.common.rest_client [req-d9c5a023-549a-4f0a-8f78-98f4f0a4d03a req-d9c5a023-549a-4f0a-8f78-98f4f0a4d03a ] Request (DeleteServersAdminTestJSON:test_delete_server_while_in_error_state): 200 GET http://10.180.1.21/compute/v2.1/servers/ffbea3ea-cd64-4ca9-a25c-644501cb3796 0.250s
2025-04-25 20:59:37.205 70436 INFO tempest.lib.common.rest_client [req-9e72f528-59a7-4e88-8cdd-b7612d680bdb req-9e72f528-59a7-4e88-8cdd-b7612d680bdb ] Request (ServersAdmin275Test:setUpClass): 201 POST http://10.180.1.21/identity/v3/users 0.090s
2025-04-25 20:59:37.211 70406 INFO tempest.lib.common.rest_client [req-fda6d2aa-0ca9-4dc6-9bdc-fadad8566a4d req-fda6d2aa-0ca9-4dc6-9bdc-fadad8566a4d ] Request (ServersTestJSON:setUpClass): 200 GET http://10.180.1.21/compute/v2.1/servers/ef513827-f5fe-4337-a0fa-5c96eb537514 0.248s
2025-04-25 20:59:37.220 70484 INFO tempest.lib.common.rest_client [req-9015f402-4a41-465a-8038-4591ea68b6cc req-9015f402-4a41-465a-8038-4591ea68b6cc ] Request (FlavorsAdminTestJSON:tearDownClass): 204 DELETE http://10.180.1.21:9696/networking/v2.0/security-groups/b07a2b6a-7ed4-45c4-8744-300c059612a9 0.170s
2025-04-25 20:59:37.224 70406 INFO tempest.common.waiters [-] State transition "BUILD/networking" ==> "BUILD/spawning" after 29 second wait
2025-04-25 20:59:37.237 70436 INFO tempest.lib.common.rest_client [req-625314ec-2eda-4d99-bd42-568f43366910 req-625314ec-2eda-4d99-bd42-568f43366910 ] Request (ServersAdmin275Test:setUpClass): 200 GET http://10.180.1.21/identity/v3/roles 0.031s
2025-04-25 20:59:37.269 70412 INFO tempest.lib.common.rest_client [req-e5726b1c-9066-4f5b-adbe-00a21f8c8b9c req-e5726b1c-9066-4f5b-adbe-00a21f8c8b9c ] Request (SecurityGroupRulesTestJSON:tearDownClass): 200 PUT http://10.180.1.21:9696/networking/v2.0/routers/efb891a5-7467-4752-9eca-66f68157ecd1/remove_router_interface 1.489s
2025-04-25 20:59:37.318 70484 INFO tempest.lib.common.rest_client [req-629f1010-940b-4518-a0d8-a8c12492180f req-629f1010-940b-4518-a0d8-a8c12492180f ] Request (FlavorsAdminTestJSON:tearDownClass): 204 DELETE http://10.180.1.21/identity/v3/projects/955b133b6430472db4c750fa545a3dfc 0.097s
2025-04-25 20:59:37.319 70484 INFO tempest.lib.common.dynamic_creds [-] Deleting project and security group for project: 32062c882c2741afbbe1bf6b4d7c0bdf
2025-04-25 20:59:37.350 70423 INFO tempest.lib.common.rest_client [req-7b11f659-480b-42fa-beed-5354d368169b req-7b11f659-480b-42fa-beed-5354d368169b ] Request (ServersTestBootFromVolume:setUpClass): 200 POST http://10.180.1.21/compute/v2.1/os-keypairs 0.382s
2025-04-25 20:59:37.364 70400 INFO tempest.lib.common.rest_client [req-31554060-ebec-43f4-8a18-e637e54d67b6 req-31554060-ebec-43f4-8a18-e637e54d67b6 ] Request (ServerAddressesTestJSON:setUpClass): 200 GET http://10.180.1.21/compute/v2.1/servers/d9957b72-61d0-4280-90c3-effa1cb9fce6 0.381s
2025-04-25 20:59:37.412 70436 INFO tempest.lib.common.rest_client [req-fea3b9f4-ffe4-4d8c-aa1f-e7f33fa9478c req-fea3b9f4-ffe4-4d8c-aa1f-e7f33fa9478c ] Request (ServersAdmin275Test:setUpClass): 204 PUT http://10.180.1.21/identity/v3/projects/bfc14128c9b848449c42ca0253a39be2/users/3e18c6f87b8c4f9dab1893900d27d27b/roles/fe11b1b8e1a74f93978747553ecebcb2 0.174s
2025-04-25 20:59:37.435 70488 INFO tempest.lib.common.rest_client [req-2db7b0f6-8997-423b-bf55-d95b144d1417 req-2db7b0f6-8997-423b-bf55-d95b144d1417 ] Request (ServerTagsTestJSON:test_delete_all_tags): 201 PUT http://10.180.1.21/compute/v2.1/servers/07c3e6db-ea22-480f-b16d-a577ef59284f/tags/tempest-tag-180540859 0.382s
2025-04-25 20:59:37.447 70496 INFO tempest.lib.common.rest_client [req-bcc0ae2f-d8de-49c8-95e6-2e341b0cbcda req-bcc0ae2f-d8de-49c8-95e6-2e341b0cbcda ] Request (ServerDiskConfigTestJSON:test_rebuild_server_with_manual_disk_config): 200 GET http://10.180.1.21/compute/v2.1/servers/7c09a291-1667-49f1-aa1a-6b08c4516db7 0.412s
2025-04-25 20:59:37.485 70478 INFO tempest.lib.common.rest_client [req-77bffafa-b213-470b-94fb-e8f804df82ad req-77bffafa-b213-470b-94fb-e8f804df82ad ] Request (FlavorsV2TestJSON:test_list_flavors_using_marker): 200 GET http://10.180.1.21/compute/v2.1/flavors?marker=42 0.412s
2025-04-25 20:59:37.498 70476 INFO tempest.lib.common.rest_client [req-61218689-4ed6-4c33-a204-ab7d224f0221 req-61218689-4ed6-4c33-a204-ab7d224f0221 ] Request (ServerActionsTestOtherB:setUpClass): 200 GET http://10.180.1.21/compute/v2.1/servers/66d937aa-30ed-468f-a62a-e37e7c2b41fb 0.440s
2025-04-25 20:59:37.516 70436 INFO tempest.lib.common.rest_client [req-eb8672a3-5941-4c98-a4cc-8945f72f370d req-eb8672a3-5941-4c98-a4cc-8945f72f370d ] Request (ServersAdmin275Test:setUpClass): 200 GET http://10.180.1.21/identity/v3/roles 0.103s
2025-04-25 20:59:37.531 70484 INFO tempest.lib.common.rest_client [req-0d9494f1-881b-4ccb-9c24-fca16bb394ff req-0d9494f1-881b-4ccb-9c24-fca16bb394ff ] Request (FlavorsAdminTestJSON:tearDownClass): 200 GET http://10.180.1.21:9696/networking/v2.0/security-groups?tenant_id=32062c882c2741afbbe1bf6b4d7c0bdf&name=default 0.212s
2025-04-25 20:59:37.538 70436 INFO tempest.lib.common.rest_client [req-086bd3be-3e6a-4020-b2b1-882c5070b0c0 req-086bd3be-3e6a-4020-b2b1-882c5070b0c0 ] Request (ServersAdmin275Test:setUpClass): 204 PUT http://10.180.1.21/identity/v3/projects/bfc14128c9b848449c42ca0253a39be2/users/3e18c6f87b8c4f9dab1893900d27d27b/roles/fe11b1b8e1a74f93978747553ecebcb2 0.021s
2025-04-25 20:59:37.538 70436 INFO tempest.lib.common.dynamic_creds [-] Dynamic test user 3e18c6f87b8c4f9dab1893900d27d27b is created with scope project and roles: ['admin']
2025-04-25 20:59:37.538 70436 INFO tempest.lib.common.dynamic_creds [-] Acquired dynamic creds: credentials: Credentials: {'domain_id': 'default', 'domain_name': 'Default', 'username': 'tempest-ServersAdmin275Test-2010590053-project-admin', 'project_domain_id': 'default', 'project_domain_name': 'Default', 'project_id': 'bfc14128c9b848449c42ca0253a39be2', 'project_name': 'tempest-ServersAdmin275Test-2010590053', 'tenant_id': 'bfc14128c9b848449c42ca0253a39be2', 'tenant_name': 'tempest-ServersAdmin275Test-2010590053', 'user_domain_id': 'default', 'user_domain_name': 'Default', 'user_id': '3e18c6f87b8c4f9dab1893900d27d27b', 'system': None}, Network: None, Subnet: None, Router: None
2025-04-25 20:59:37.538 70436 INFO tempest.lib.common.dynamic_creds [-] Created isolated network resources for: credentials: Credentials: {'domain_id': 'default', 'domain_name': 'Default', 'username': 'tempest-ServersAdmin275Test-2010590053-project-admin', 'project_domain_id': 'default', 'project_domain_name': 'Default', 'project_id': 'bfc14128c9b848449c42ca0253a39be2', 'project_name': 'tempest-ServersAdmin275Test-2010590053', 'tenant_id': 'bfc14128c9b848449c42ca0253a39be2', 'tenant_name': 'tempest-ServersAdmin275Test-2010590053', 'user_domain_id': 'default', 'user_domain_name': 'Default', 'user_id': '3e18c6f87b8c4f9dab1893900d27d27b', 'system': None}, Network: None, Subnet: None, Router: None
2025-04-25 20:59:37.550 70414 INFO tempest.lib.common.rest_client [req-f0c3026b-fdd9-485f-be07-df5f9659b047 req-f0c3026b-fdd9-485f-be07-df5f9659b047 ] Request (ServerRescueTestJSON:setUpClass): 200 GET http://10.180.1.21/compute/v2.1/servers/844c678b-6d1e-401a-9989-f4d7d90f262e 0.454s
2025-04-25 20:59:37.618 70402 INFO tempest.lib.common.rest_client [req-16d98c97-be14-4fa8-a2ba-156491f244b6 req-16d98c97-be14-4fa8-a2ba-156491f244b6 ] Request (FloatingIPsAssociationTestJSON:test_associate_already_associated_floating_ip): 200 GET http://10.180.1.21/compute/v2.1/servers/ed0df3fa-1cc4-4a88-b1cc-2edf3b2dcdb9 0.495s
2025-04-25 20:59:37.619 70472 INFO tempest.lib.common.rest_client [req-2687b2a2-5660-49da-b7b2-1f6f1cde162e req-2687b2a2-5660-49da-b7b2-1f6f1cde162e ] Request (FloatingIPsAssociationNegativeTestJSON:setUpClass): 200 GET http://10.180.1.21/compute/v2.1/servers/303bd8c0-555b-4eb4-a5f4-3d6cc2eaf206 0.448s
2025-04-25 20:59:37.626 70436 INFO tempest.lib.common.rest_client [req-5b568900-b835-4e1d-8bc9-81558d46cffe req-5b568900-b835-4e1d-8bc9-81558d46cffe ] Request (ServersAdmin275Test:setUpClass): 201 POST http://10.180.1.21/identity/v3/auth/tokens 0.085s
2025-04-25 20:59:37.629 70423 INFO tempest.lib.common.rest_client [req-1c0dc0c9-8c28-43ba-9d99-1bb9027241cc req-1c0dc0c9-8c28-43ba-9d99-1bb9027241cc ] Request (ServersTestBootFromVolume:setUpClass): 201 POST http://10.180.1.21:9696/networking/v2.0/security-groups 0.277s
2025-04-25 20:59:37.697 70436 INFO tempest.lib.common.rest_client [req-530ce5ce-8724-47d2-8c38-cbe4d1ac83f4 req-530ce5ce-8724-47d2-8c38-cbe4d1ac83f4 ] Request (ServersAdmin275Test:test_rebuild_update_server_275): 201 POST http://10.180.1.21/identity/v3/auth/tokens 0.067s
2025-04-25 20:59:37.698 70436 INFO tempest.lib.common.fixed_network [-] (ServersAdmin275Test:test_rebuild_update_server_275) Found network None available for tenant
2025-04-25 20:59:37.733 70494 INFO tempest.lib.common.rest_client [req-0a3b598c-6844-4bde-bd58-62371834bf3d req-0a3b598c-6844-4bde-bd58-62371834bf3d ] Request (VolumesAdminNegativeTest:test_update_attached_volume_with_nonexistent_volume_in_body): 200 GET http://10.180.1.21/compute/v2.1/servers/0795374d-903e-48e2-96d3-1b6f5a5511da 0.397s
2025-04-25 20:59:37.771 70416 INFO tempest.lib.common.rest_client [req-e68641c8-392c-41d1-adcd-5d062c5117cb req-e68641c8-392c-41d1-adcd-5d062c5117cb ] Request (ServersListShow296Test:tearDownClass): 200 GET http://10.180.1.21/compute/v2.1/servers/41baed96-29ff-4f0d-ab6f-9520ba5bd910 0.548s
2025-04-25 20:59:37.821 70484 INFO tempest.lib.common.rest_client [req-62548d8d-70fe-4698-ab60-fbe4952ecb5b req-62548d8d-70fe-4698-ab60-fbe4952ecb5b ] Request (FlavorsAdminTestJSON:tearDownClass): 204 DELETE http://10.180.1.21:9696/networking/v2.0/security-groups/97870505-bfa9-4a97-8983-ab8f3dc0d6fc 0.288s
2025-04-25 20:59:37.824 70488 INFO tempest.lib.common.rest_client [req-fa9d742c-9d7e-4089-803f-f44cd0a98132 req-fa9d742c-9d7e-4089-803f-f44cd0a98132 ] Request (ServerTagsTestJSON:test_delete_all_tags): 204 DELETE http://10.180.1.21/compute/v2.1/servers/07c3e6db-ea22-480f-b16d-a577ef59284f/tags 0.388s
2025-04-25 20:59:37.845 70478 INFO tempest.lib.common.rest_client [req-5ae83213-06b7-4153-81b5-2600f01ec285 req-5ae83213-06b7-4153-81b5-2600f01ec285 ] Request (FlavorsV2TestJSON:test_list_flavors_with_detail): 200 GET http://10.180.1.21/compute/v2.1/flavors/detail 0.354s
2025-04-25 20:59:37.847 70420 INFO tempest.lib.common.rest_client [req-4c0e28ce-d25c-464f-aeff-020b5d9ac538 req-4c0e28ce-d25c-464f-aeff-020b5d9ac538 ] Request (ServersAdminNegativeTestJSON:setUpClass): 200 GET http://10.180.1.21/compute/v2.1/servers/4070a41b-136b-41e4-bd77-7ac36f7482d4 0.445s
2025-04-25 20:59:37.947 70410 INFO tempest.lib.common.rest_client [req-e255d7f3-ca64-4891-89c4-34836a2b7ddf req-e255d7f3-ca64-4891-89c4-34836a2b7ddf ] Request (ServerAddressesNegativeTestJSON:tearDownClass): 200 GET http://10.180.1.21/compute/v2.1/servers/13ede60e-0cfb-428d-9613-9bd339c302a2 0.318s
2025-04-25 20:59:37.949 70480 INFO tempest.lib.common.rest_client [req-a1b697c4-07a5-40ec-960c-e772ec5fb1f9 req-a1b697c4-07a5-40ec-960c-e772ec5fb1f9 ] Request (TenantUsagesTestJSON:tearDownClass): 200 GET http://10.180.1.21/compute/v2.1/servers/19a17a9d-795d-44bf-a2b5-768b9e110095 0.410s
2025-04-25 20:59:37.954 70423 INFO tempest.lib.common.rest_client [req-076ea800-fe88-42a3-a07e-7fdbe0956df3 req-076ea800-fe88-42a3-a07e-7fdbe0956df3 ] Request (ServersTestBootFromVolume:setUpClass): 201 POST http://10.180.1.21:9696/networking/v2.0/security-group-rules 0.325s
2025-04-25 20:59:37.981 70444 INFO tempest.lib.common.rest_client [req-3b031c18-7c58-4bf1-a15f-14ade124b82a req-3b031c18-7c58-4bf1-a15f-14ade124b82a ] Request (MultipleCreateTestJSON:setUpClass): 200 PUT http://10.180.1.21:9696/networking/v2.0/routers/6ff93fc6-97e4-47a3-ac86-c671ff6c8ad8/add_router_interface 1.215s
2025-04-25 20:59:37.981 70444 INFO tempest.lib.common.dynamic_creds [-] Created isolated network resources for: credentials: Credentials: {'domain_id': 'default', 'domain_name': 'Default', 'username': 'tempest-MultipleCreateTestJSON-1912695287-project-member', 'project_domain_id': 'default', 'project_domain_name': 'Default', 'project_id': 'a29459ce08d649d18549557d28299696', 'project_name': 'tempest-MultipleCreateTestJSON-1912695287', 'tenant_id': 'a29459ce08d649d18549557d28299696', 'tenant_name': 'tempest-MultipleCreateTestJSON-1912695287', 'user_domain_id': 'default', 'user_domain_name': 'Default', 'user_id': 'eab3f1dd9c774f4290b47918d77d94bf', 'system': None}, Network: {'id': '2b3db0b2-f350-4c6a-a7a3-2ba9eb74f562', 'name': 'tempest-MultipleCreateTestJSON-1349194698-network', 'tenant_id': 'a29459ce08d649d18549557d28299696', 'admin_state_up': True, 'mtu': 8950, 'status': 'ACTIVE', 'subnets': [], 'shared': False, 'project_id': 'a29459ce08d649d18549557d28299696', 'port_security_enabled': True, 'router:external': False, 'provider:network_type': 'vlan', 'provider:physical_network': 'default', 'provider:segmentation_id': 49, 'availability_zone_hints': [], 'availability_zones': [], 'ipv4_address_scope': None, 'ipv6_address_scope': None, 'description': '', 'tags': [], 'created_at': '2025-04-25T20:59:34Z', 'updated_at': '2025-04-25T20:59:34Z', 'revision_number': 1}, Subnet: {'id': 'fd9753a1-7314-4e97-91a5-02b4060f9c00', 'name': 'tempest-MultipleCreateTestJSON-1349194698-subnet', 'tenant_id': 'a29459ce08d649d18549557d28299696', 'network_id': '2b3db0b2-f350-4c6a-a7a3-2ba9eb74f562', 'ip_version': 4, 'subnetpool_id': None, 'enable_dhcp': True, 'ipv6_ra_mode': None, 'ipv6_address_mode': None, 'gateway_ip': '192.168.128.1', 'cidr': '192.168.128.0/28', 'allocation_pools': [{'start': '192.168.128.2', 'end': '192.168.128.14'}], 'host_routes': [], 'dns_nameservers': [], 'description': '', 'router:external': False, 'service_types': [], 'tags': [], 'created_at': '2025-04-25T20:59:35Z', 'updated_at': '2025-04-25T20:59:35Z', 'revision_number': 0, 'project_id': 'a29459ce08d649d18549557d28299696'}, Router: {'id': '6ff93fc6-97e4-47a3-ac86-c671ff6c8ad8', 'name': 'tempest-MultipleCreateTestJSON-1349194698-router', 'tenant_id': 'a29459ce08d649d18549557d28299696', 'admin_state_up': True, 'status': 'ACTIVE', 'external_gateway_info': {'network_id': 'c5a4707c-4cff-4c0c-8ca5-334369811817', 'external_fixed_ips': [{'subnet_id': 'b03df3ca-697b-43ae-b223-070144d49a8d', 'ip_address': '10.180.180.196'}], 'enable_snat': True}, 'description': '', 'availability_zones': [], 'distributed': False, 'ha': False, 'availability_zone_hints': [], 'routes': [], 'flavor_id': None, 'tags': [], 'created_at': '2025-04-25T20:59:35Z', 'updated_at': '2025-04-25T20:59:36Z', 'revision_number': 2, 'project_id': 'a29459ce08d649d18549557d28299696'}
2025-04-25 20:59:38.011 70418 INFO tempest.lib.common.rest_client [req-0ef5dcc1-9281-4235-aa76-d77681db11a3 req-0ef5dcc1-9281-4235-aa76-d77681db11a3 ] Request (ListServerFiltersTestJSON:setUpClass): 200 GET http://10.180.1.21/compute/v2.1/servers/af089f7b-dc31-4722-93a2-a2dbc9ff557e 0.321s
2025-04-25 20:59:38.046 70423 INFO tempest.lib.common.rest_client [req-f669b38c-ef2e-4027-8125-6679bcf40e81 req-f669b38c-ef2e-4027-8125-6679bcf40e81 ] Request (ServersTestBootFromVolume:setUpClass): 201 POST http://10.180.1.21:9696/networking/v2.0/security-group-rules 0.091s
2025-04-25 20:59:38.065 70484 INFO tempest.lib.common.rest_client [req-1ee43b37-35e5-49d3-be2e-6cad4681b478 req-1ee43b37-35e5-49d3-be2e-6cad4681b478 ] Request (FlavorsAdminTestJSON:tearDownClass): 204 DELETE http://10.180.1.21/identity/v3/projects/32062c882c2741afbbe1bf6b4d7c0bdf 0.244s
2025-04-25 20:59:38.070 70444 INFO tempest.lib.common.rest_client [req-e8714a73-d086-4d56-81d2-6b6c141a1fc3 req-e8714a73-d086-4d56-81d2-6b6c141a1fc3 ] Request (MultipleCreateTestJSON:setUpClass): 201 POST http://10.180.1.21/identity/v3/auth/tokens 0.085s
2025-04-25 20:59:38.100 70482 INFO tempest.lib.common.rest_client [req-f8833a91-20d3-43c7-9836-e30900a70e80 req-f8833a91-20d3-43c7-9836-e30900a70e80 ] Request (MigrationsAdminTest:test_list_migrations_in_flavor_resize_situation): 200 GET http://10.180.1.21/compute/v2.1/servers/eca5f46e-6d82-499a-b5a2-018e49f3f933 0.433s
2025-04-25 20:59:38.119 70484 INFO tempest.lib.common.rest_client [req-da8c4ebd-74b4-4885-9b36-6aaa2a44c033 req-da8c4ebd-74b4-4885-9b36-6aaa2a44c033 ] Request (HypervisorAdminUnderV252Test:setUpClass): 201 POST http://10.180.1.21/identity/v3/auth/tokens 0.052s
2025-04-25 20:59:38.170 70412 INFO tempest.lib.common.rest_client [req-3750572a-726b-439d-ab1d-975d88cdcbca req-3750572a-726b-439d-ab1d-975d88cdcbca ] Request (SecurityGroupRulesTestJSON:tearDownClass): 204 DELETE http://10.180.1.21:9696/networking/v2.0/routers/efb891a5-7467-4752-9eca-66f68157ecd1 0.901s
2025-04-25 20:59:38.174 70404 INFO tempest.lib.common.rest_client [req-e3fc4ee4-fa26-45ed-a89b-36aa107c7f58 req-e3fc4ee4-fa26-45ed-a89b-36aa107c7f58 ] Request (ImagesOneServerNegativeTestJSON:setUpClass): 200 GET http://10.180.1.21/compute/v2.1/servers/30be86a3-ab72-49b8-80f3-353cc9a4bd68 0.441s
2025-04-25 20:59:38.181 70444 INFO tempest.lib.common.rest_client [req-489ab971-368e-47fc-9b55-69d1707d4f9d req-489ab971-368e-47fc-9b55-69d1707d4f9d ] Request (MultipleCreateTestJSON:test_multiple_create): 201 POST http://10.180.1.21/identity/v3/auth/tokens 0.106s
2025-04-25 20:59:38.181 70444 INFO tempest.lib.common.fixed_network [-] (MultipleCreateTestJSON:test_multiple_create) Found network {'id': '2b3db0b2-f350-4c6a-a7a3-2ba9eb74f562', 'name': 'tempest-MultipleCreateTestJSON-1349194698-network', 'tenant_id': 'a29459ce08d649d18549557d28299696', 'admin_state_up': True, 'mtu': 8950, 'status': 'ACTIVE', 'subnets': [], 'shared': False, 'project_id': 'a29459ce08d649d18549557d28299696', 'port_security_enabled': True, 'router:external': False, 'provider:network_type': 'vlan', 'provider:physical_network': 'default', 'provider:segmentation_id': 49, 'availability_zone_hints': [], 'availability_zones': [], 'ipv4_address_scope': None, 'ipv6_address_scope': None, 'description': '', 'tags': [], 'created_at': '2025-04-25T20:59:34Z', 'updated_at': '2025-04-25T20:59:34Z', 'revision_number': 1} available for tenant
2025-04-25 20:59:38.182 70484 INFO tempest.lib.common.rest_client [req-607d1029-9014-4aa4-a0e6-9d2116a06ad3 req-607d1029-9014-4aa4-a0e6-9d2116a06ad3 ] Request (HypervisorAdminUnderV252Test:setUpClass): 201 POST http://10.180.1.21/identity/v3/auth/tokens 0.059s
2025-04-25 20:59:38.216 70484 INFO tempest.lib.common.rest_client [req-ee616a27-8a4d-4db3-8fd2-52f68a5231c1 req-ee616a27-8a4d-4db3-8fd2-52f68a5231c1 ] Request (HypervisorAdminUnderV252Test:setUpClass): 200 GET http://10.180.1.21/identity/v3/domains?name=Default 0.033s
2025-04-25 20:59:38.247 70484 INFO tempest.lib.common.rest_client [req-33e64fc3-8f4a-4749-8452-2f8583a9ec10 req-33e64fc3-8f4a-4749-8452-2f8583a9ec10 ] Request (HypervisorAdminUnderV252Test:setUpClass): 201 POST http://10.180.1.21/identity/v3/projects 0.030s
2025-04-25 20:59:38.260 70500 INFO tempest.lib.common.rest_client [req-3603d9c4-8ef9-45bd-96b1-32245e278240 req-3603d9c4-8ef9-45bd-96b1-32245e278240 ] Request (ServersTestMultiNic:_run_cleanups): 200 GET http://10.180.1.21/compute/v2.1/servers/76462a8c-0691-44db-b556-84c92b97c2f7 0.477s
2025-04-25 20:59:38.305 70436 INFO tempest.lib.common.rest_client [req-e69ef9ba-b308-46e8-a88f-b8694acbd3eb req-e69ef9ba-b308-46e8-a88f-b8694acbd3eb ] Request (ServersAdmin275Test:test_rebuild_update_server_275): 202 POST http://10.180.1.21/compute/v2.1/servers 0.606s
2025-04-25 20:59:38.339 70488 INFO tempest.lib.common.rest_client [req-01db41ff-10f0-43e0-812b-17e69d27ce22 req-01db41ff-10f0-43e0-812b-17e69d27ce22 ] Request (ServerTagsTestJSON:test_delete_all_tags): 200 GET http://10.180.1.21/compute/v2.1/servers/07c3e6db-ea22-480f-b16d-a577ef59284f/tags 0.514s
2025-04-25 20:59:38.340 70398 INFO tempest.lib.common.rest_client [req-2c0c891f-fcd9-4eb8-b21f-04752b9bc59d req-2c0c891f-fcd9-4eb8-b21f-04752b9bc59d ] Request (ServersAdminTestJSON:setUpClass): 200 GET http://10.180.1.21/compute/v2.1/servers/c8747a31-7a75-4ccd-b513-fb2a0769b0d9 0.530s
2025-04-25 20:59:38.350 70484 INFO tempest.lib.common.rest_client [req-393d5c25-cdf5-40bf-9863-9e327abe0ff8 req-393d5c25-cdf5-40bf-9863-9e327abe0ff8 ] Request (HypervisorAdminUnderV252Test:setUpClass): 201 POST http://10.180.1.21/identity/v3/users 0.103s
2025-04-25 20:59:38.358 70478 INFO tempest.lib.common.rest_client [req-50a186bf-b678-4390-8941-dc52f2a90669 req-50a186bf-b678-4390-8941-dc52f2a90669 ] Request (FlavorsV2TestJSON:test_list_flavors_with_detail): 200 GET http://10.180.1.21/compute/v2.1/flavors/42 0.505s
2025-04-25 20:59:38.404 70484 INFO tempest.lib.common.rest_client [req-2e345f9d-3d09-451e-837d-48f972243236 req-2e345f9d-3d09-451e-837d-48f972243236 ] Request (HypervisorAdminUnderV252Test:setUpClass): 200 GET http://10.180.1.21/identity/v3/roles 0.054s
2025-04-25 20:59:38.441 70412 INFO tempest.lib.common.rest_client [req-e6937aee-bb80-4fbd-b1b1-208e19504f81 req-e6937aee-bb80-4fbd-b1b1-208e19504f81 ] Request (SecurityGroupRulesTestJSON:tearDownClass): 204 DELETE http://10.180.1.21:9696/networking/v2.0/subnets/724956ce-14a2-4f86-b29f-4ffc00d5ab72 0.270s
2025-04-25 20:59:38.450 70484 INFO tempest.lib.common.rest_client [req-f6a64dde-696c-4d2e-ab83-35a7398afba7 req-f6a64dde-696c-4d2e-ab83-35a7398afba7 ] Request (HypervisorAdminUnderV252Test:setUpClass): 204 PUT http://10.180.1.21/identity/v3/projects/e353e8cfe54e41b39a883ca1612e6bbe/users/dcaeb6ff9aa642f6b4621781191984bf/roles/64a84b3d9f0c475b8b818a28f126c976 0.045s
2025-04-25 20:59:38.450 70484 INFO tempest.lib.common.dynamic_creds [-] Dynamic test user dcaeb6ff9aa642f6b4621781191984bf is created with scope project and roles: ['member']
2025-04-25 20:59:38.450 70484 INFO tempest.lib.common.dynamic_creds [-] Acquired dynamic creds: credentials: Credentials: {'domain_id': 'default', 'domain_name': 'Default', 'username': 'tempest-HypervisorAdminUnderV252Test-1074951417-project-member', 'project_domain_id': 'default', 'project_domain_name': 'Default', 'project_id': 'e353e8cfe54e41b39a883ca1612e6bbe', 'project_name': 'tempest-HypervisorAdminUnderV252Test-1074951417', 'tenant_id': 'e353e8cfe54e41b39a883ca1612e6bbe', 'tenant_name': 'tempest-HypervisorAdminUnderV252Test-1074951417', 'user_domain_id': 'default', 'user_domain_name': 'Default', 'user_id': 'dcaeb6ff9aa642f6b4621781191984bf', 'system': None}, Network: None, Subnet: None, Router: None
2025-04-25 20:59:38.450 70484 INFO tempest.lib.common.dynamic_creds [-] Created isolated network resources for: credentials: Credentials: {'domain_id': 'default', 'domain_name': 'Default', 'username': 'tempest-HypervisorAdminUnderV252Test-1074951417-project-member', 'project_domain_id': 'default', 'project_domain_name': 'Default', 'project_id': 'e353e8cfe54e41b39a883ca1612e6bbe', 'project_name': 'tempest-HypervisorAdminUnderV252Test-1074951417', 'tenant_id': 'e353e8cfe54e41b39a883ca1612e6bbe', 'tenant_name': 'tempest-HypervisorAdminUnderV252Test-1074951417', 'user_domain_id': 'default', 'user_domain_name': 'Default', 'user_id': 'dcaeb6ff9aa642f6b4621781191984bf', 'system': None}, Network: None, Subnet: None, Router: None
2025-04-25 20:59:38.472 70478 INFO tempest.lib.common.rest_client [req-48eca23a-f5d6-4f67-bdc6-0e4e1b079ca8 req-48eca23a-f5d6-4f67-bdc6-0e4e1b079ca8 ] Request (FlavorsV2TestJSON:tearDownClass): 204 DELETE http://10.180.1.21/identity/v3/users/45f638e2c4e84251b76a53ac1a808787 0.112s
2025-04-25 20:59:38.473 70478 INFO tempest.lib.common.dynamic_creds [-] Deleting project and security group for project: 24ed504cd6a14f5d9e3ddeed9b2fbd28
2025-04-25 20:59:38.553 70478 INFO tempest.lib.common.rest_client [req-dbaede90-eeba-4fef-a2ce-30a240670e45 req-dbaede90-eeba-4fef-a2ce-30a240670e45 ] Request (FlavorsV2TestJSON:tearDownClass): 201 POST http://10.180.1.21/identity/v3/auth/tokens 0.080s
2025-04-25 20:59:38.558 70484 INFO tempest.lib.common.rest_client [req-e9196fdb-0be7-4259-911f-93896ec8cb46 req-e9196fdb-0be7-4259-911f-93896ec8cb46 ] Request (HypervisorAdminUnderV252Test:setUpClass): 201 POST http://10.180.1.21/identity/v3/auth/tokens 0.098s
2025-04-25 20:59:38.600 70484 INFO tempest.lib.common.rest_client [req-cb489d05-84ea-4941-8bf9-b70af8b29d2e req-cb489d05-84ea-4941-8bf9-b70af8b29d2e ] Request (HypervisorAdminUnderV252Test:setUpClass): 201 POST http://10.180.1.21/identity/v3/projects 0.042s
2025-04-25 20:59:38.652 70440 WARNING tempest.lib.common.ssh [-] Failed to establish authenticated ssh connection to cirros@10.180.180.195 ([Errno None] Unable to connect to port 22 on 10.180.180.195). Number attempts: 4. Retry after 5 seconds.: paramiko.ssh_exception.NoValidConnectionsError: [Errno None] Unable to connect to port 22 on 10.180.180.195
2025-04-25 20:59:38.667 70484 INFO tempest.lib.common.rest_client [req-4904729c-02c7-4ca2-af5b-40af22426676 req-4904729c-02c7-4ca2-af5b-40af22426676 ] Request (HypervisorAdminUnderV252Test:setUpClass): 201 POST http://10.180.1.21/identity/v3/users 0.066s
2025-04-25 20:59:38.673 70432 INFO tempest.lib.common.rest_client [req-227b0b04-b8c3-4252-b6fb-d01bad0181cc req-227b0b04-b8c3-4252-b6fb-d01bad0181cc ] Request (ServersAaction247Test:tearDownClass): 200 GET http://10.180.1.21/compute/v2.1/servers/e4a0575f-4518-410a-b6f0-fdc6005883fe 0.685s
2025-04-25 20:59:38.691 70484 INFO tempest.lib.common.rest_client [req-41060ef5-8929-402c-9725-8d6f2e461904 req-41060ef5-8929-402c-9725-8d6f2e461904 ] Request (HypervisorAdminUnderV252Test:setUpClass): 200 GET http://10.180.1.21/identity/v3/roles 0.023s
2025-04-25 20:59:38.701 70490 INFO tempest.lib.common.rest_client [req-998556bf-a8f4-4b6a-a6fe-136554580760 req-998556bf-a8f4-4b6a-a6fe-136554580760 ] Request (AttachInterfacesV270Test:tearDownClass): 200 GET http://10.180.1.21/compute/v2.1/servers/9424c852-8a39-48a1-8f27-db4dd05059bb 0.697s
2025-04-25 20:59:38.726 70484 INFO tempest.lib.common.rest_client [req-cb059664-f843-42e5-a0da-45eeab329cf2 req-cb059664-f843-42e5-a0da-45eeab329cf2 ] Request (HypervisorAdminUnderV252Test:setUpClass): 204 PUT http://10.180.1.21/identity/v3/projects/022894fcaa6c4c348f2af6df7ecc4073/users/83e53ad6576b4f89ad20d6705547fdeb/roles/fe11b1b8e1a74f93978747553ecebcb2 0.035s
2025-04-25 20:59:38.731 70423 INFO tempest.lib.common.rest_client [req-d8d275db-534b-46b5-b582-82802609078a req-d8d275db-534b-46b5-b582-82802609078a ] Request (ServersTestBootFromVolume:setUpClass): 201 POST http://10.180.1.21:9696/networking/v2.0/floatingips 0.685s
2025-04-25 20:59:38.778 70396 WARNING tempest.lib.common.ssh [-] Failed to establish authenticated ssh connection to cirros@10.180.180.166 ([Errno None] Unable to connect to port 22 on 10.180.180.166). Number attempts: 5. Retry after 6 seconds.: paramiko.ssh_exception.NoValidConnectionsError: [Errno None] Unable to connect to port 22 on 10.180.180.166
2025-04-25 20:59:38.790 70408 INFO tempest.lib.common.rest_client [req-e9132261-84d7-41cb-b50b-c2c98cb1d2ae req-e9132261-84d7-41cb-b50b-c2c98cb1d2ae ] Request (DeleteServersAdminTestJSON:test_delete_server_while_in_error_state): 200 GET http://10.180.1.21/compute/v2.1/servers/ffbea3ea-cd64-4ca9-a25c-644501cb3796 0.660s
2025-04-25 20:59:38.802 70484 INFO tempest.lib.common.rest_client [req-5d16f6be-ecce-4ec4-923d-2ea78c01c7fe req-5d16f6be-ecce-4ec4-923d-2ea78c01c7fe ] Request (HypervisorAdminUnderV252Test:setUpClass): 200 GET http://10.180.1.21/identity/v3/roles 0.075s
2025-04-25 20:59:38.871 70478 INFO tempest.lib.common.rest_client [req-48afb2ea-fcb5-4828-9c66-3b74bcf4c614 req-48afb2ea-fcb5-4828-9c66-3b74bcf4c614 ] Request (FlavorsV2TestJSON:tearDownClass): 200 GET http://10.180.1.21:9696/networking/v2.0/security-groups?tenant_id=24ed504cd6a14f5d9e3ddeed9b2fbd28&name=default 0.317s
2025-04-25 20:59:38.871 70423 INFO tempest.lib.common.rest_client [req-dbdf3b45-ad01-4290-8da0-c16dd0d9a4db req-dbdf3b45-ad01-4290-8da0-c16dd0d9a4db ] Request (ServersTestBootFromVolume:setUpClass): 201 POST http://10.180.1.21/identity/v3/auth/tokens 0.131s
2025-04-25 20:59:38.871 70423 INFO tempest.lib.common.fixed_network [-] (ServersTestBootFromVolume:setUpClass) Found network {'id': 'ea781a00-3333-413b-99e6-edf573633520', 'name': 'tempest-ServersTestBootFromVolume-2028053230-network', 'tenant_id': 'b50e3ccb572c4be9a93c4c4fdac0e984', 'admin_state_up': True, 'mtu': 8950, 'status': 'ACTIVE', 'subnets': [], 'shared': False, 'project_id': 'b50e3ccb572c4be9a93c4c4fdac0e984', 'port_security_enabled': True, 'router:external': False, 'provider:network_type': 'vlan', 'provider:physical_network': 'default', 'provider:segmentation_id': 171, 'availability_zone_hints': [], 'availability_zones': [], 'ipv4_address_scope': None, 'ipv6_address_scope': None, 'description': '', 'tags': [], 'created_at': '2025-04-25T20:59:33Z', 'updated_at': '2025-04-25T20:59:33Z', 'revision_number': 1} available for tenant
2025-04-25 20:59:38.893 70484 INFO tempest.lib.common.rest_client [req-e19fd19a-f2bf-4634-ad1d-a19bff7a3a0a req-e19fd19a-f2bf-4634-ad1d-a19bff7a3a0a ] Request (HypervisorAdminUnderV252Test:setUpClass): 204 PUT http://10.180.1.21/identity/v3/projects/022894fcaa6c4c348f2af6df7ecc4073/users/83e53ad6576b4f89ad20d6705547fdeb/roles/fe11b1b8e1a74f93978747553ecebcb2 0.090s
2025-04-25 20:59:38.893 70484 INFO tempest.lib.common.dynamic_creds [-] Dynamic test user 83e53ad6576b4f89ad20d6705547fdeb is created with scope project and roles: ['admin']
2025-04-25 20:59:38.893 70484 INFO tempest.lib.common.dynamic_creds [-] Acquired dynamic creds: credentials: Credentials: {'domain_id': 'default', 'domain_name': 'Default', 'username': 'tempest-HypervisorAdminUnderV252Test-207117658-project-admin', 'project_domain_id': 'default', 'project_domain_name': 'Default', 'project_id': '022894fcaa6c4c348f2af6df7ecc4073', 'project_name': 'tempest-HypervisorAdminUnderV252Test-207117658', 'tenant_id': '022894fcaa6c4c348f2af6df7ecc4073', 'tenant_name': 'tempest-HypervisorAdminUnderV252Test-207117658', 'user_domain_id': 'default', 'user_domain_name': 'Default', 'user_id': '83e53ad6576b4f89ad20d6705547fdeb', 'system': None}, Network: None, Subnet: None, Router: None
2025-04-25 20:59:38.893 70484 INFO tempest.lib.common.dynamic_creds [-] Created isolated network resources for: credentials: Credentials: {'domain_id': 'default', 'domain_name': 'Default', 'username': 'tempest-HypervisorAdminUnderV252Test-207117658-project-admin', 'project_domain_id': 'default', 'project_domain_name': 'Default', 'project_id': '022894fcaa6c4c348f2af6df7ecc4073', 'project_name': 'tempest-HypervisorAdminUnderV252Test-207117658', 'tenant_id': '022894fcaa6c4c348f2af6df7ecc4073', 'tenant_name': 'tempest-HypervisorAdminUnderV252Test-207117658', 'user_domain_id': 'default', 'user_domain_name': 'Default', 'user_id': '83e53ad6576b4f89ad20d6705547fdeb', 'system': None}, Network: None, Subnet: None, Router: None
2025-04-25 20:59:38.918 70412 INFO tempest.lib.common.rest_client [req-8c9c0de4-4c4d-4f9d-9720-0be5e6c3bfcb req-8c9c0de4-4c4d-4f9d-9720-0be5e6c3bfcb ] Request (SecurityGroupRulesTestJSON:tearDownClass): 204 DELETE http://10.180.1.21:9696/networking/v2.0/networks/b3fb7532-e6d1-4027-9a05-374ac80ff048 0.477s
2025-04-25 20:59:38.984 70484 INFO tempest.lib.common.rest_client [req-92a1301c-8aa0-4167-b84b-28bee7a61903 req-92a1301c-8aa0-4167-b84b-28bee7a61903 ] Request (HypervisorAdminUnderV252Test:setUpClass): 201 POST http://10.180.1.21/identity/v3/auth/tokens 0.087s
2025-04-25 20:59:38.994 70478 INFO tempest.lib.common.rest_client [req-3e625f25-9dd4-4aed-a7ec-0aea36f2e833 req-3e625f25-9dd4-4aed-a7ec-0aea36f2e833 ] Request (FlavorsV2TestJSON:tearDownClass): 204 DELETE http://10.180.1.21:9696/networking/v2.0/security-groups/17c0b3fd-ebc3-40bd-afd9-f52be14fa2ff 0.123s
2025-04-25 20:59:39.018 70406 INFO tempest.lib.common.rest_client [req-f40fccbd-65c4-4315-aadf-929b25be4b68 req-f40fccbd-65c4-4315-aadf-929b25be4b68 ] Request (ServersTestJSON:setUpClass): 200 GET http://10.180.1.21/compute/v2.1/servers/ef513827-f5fe-4337-a0fa-5c96eb537514 0.792s
2025-04-25 20:59:39.107 70412 INFO tempest.lib.common.rest_client [req-cbb54908-b89d-4290-82d4-d2e815be8a72 req-cbb54908-b89d-4290-82d4-d2e815be8a72 ] Request (SecurityGroupRulesTestJSON:tearDownClass): 204 DELETE http://10.180.1.21/identity/v3/users/a73b277ece1e45e6bb39e19fe4df72e2 0.189s
2025-04-25 20:59:39.108 70412 INFO tempest.lib.common.dynamic_creds [-] Deleting project and security group for project: 0e859bec53804d31a11239f12c738a13
