2025-04-25 21:01:23.006 70440 INFO tempest.lib.common.rest_client [req-71efa9bd-2f49-4b53-8dec-e99d68f49e0e req-71efa9bd-2f49-4b53-8dec-e99d68f49e0e ] Request (AttachInterfacesTestJSON:test_create_list_show_delete_interfaces_by_network_port): 200 GET http://10.180.1.21/compute/v2.1/servers/f643562c-87ff-4090-aa1b-f7453ce83b66 0.059s
2025-04-25 21:01:23.007 70402 INFO tempest.lib.common.rest_client [req-90fc1890-924e-4e40-b7ff-e66def5897d8 req-90fc1890-924e-4e40-b7ff-e66def5897d8 ] Request (FloatingIPsAssociationTestJSON:tearDownClass): 200 GET http://10.180.1.21/compute/v2.1/servers/ed0df3fa-1cc4-4a88-b1cc-2edf3b2dcdb9 0.070s
2025-04-25 21:01:23.060 70472 INFO tempest.lib.common.rest_client [req-0c6cc08d-adc2-4288-a768-33ba811f7f9f req-0c6cc08d-adc2-4288-a768-33ba811f7f9f ] Request (ServerActionsTestOtherA:setUpClass): 200 GET http://10.180.1.21/compute/v2.1/servers/78ec1423-1160-453a-b6db-9348b37d34f9 0.072s
2025-04-25 21:01:23.067 70410 INFO tempest.lib.common.rest_client [req-cb7acd5c-9349-45af-87a0-c78d286d9e63 req-cb7acd5c-9349-45af-87a0-c78d286d9e63 ] Request (AttachVolumeTestJSON:test_attach_detach_volume): 200 GET http://10.180.1.21/compute/v2.1/servers/a6ad6fe7-22f0-405e-8e5f-6e56325049a8 0.066s
2025-04-25 21:01:23.116 70482 INFO tempest.lib.common.rest_client [req-0d867237-1a48-4a9c-94a1-ae075fd4a652 req-0d867237-1a48-4a9c-94a1-ae075fd4a652 ] Request (MigrationsAdminTest:test_resize_server_revert_deleted_flavor): 200 GET http://10.180.1.21/compute/v2.1/servers/0d762a18-2184-48f1-84d4-ed50fdb03ef8 0.077s
2025-04-25 21:01:23.117 70414 INFO tempest.lib.common.rest_client [req-eb00634e-a5bd-4fba-9ef4-a380453af278 req-eb00634e-a5bd-4fba-9ef4-a380453af278 ] Request (ServerRescueTestJSON:test_rescue_unrescue_instance): 200 GET http://10.180.1.21/compute/v2.1/servers/6419007b-b407-4d50-b3ab-d90ecc5e8e30 0.064s
2025-04-25 21:01:23.167 70400 INFO tempest.lib.common.rest_client [req-f342b104-1557-4084-aa0d-321be9da76e8 req-f342b104-1557-4084-aa0d-321be9da76e8 ] Request (AttachVolumeShelveTestJSON:test_attach_volume_shelved_or_offload_server): 200 GET http://10.180.1.21/compute/v2.1/servers/f3d258e2-ca12-4953-a7a7-1d6f701d6599 0.078s
2025-04-25 21:01:23.186 70436 INFO tempest.lib.common.rest_client [req-4f4e447d-9bbc-4661-a213-0432a54342ac req-4f4e447d-9bbc-4661-a213-0432a54342ac ] Request (ServersAdmin275Test:_run_cleanups): 200 GET http://10.180.1.21/compute/v2.1/servers/70185831-3921-4fbf-8382-b6098f340372 0.052s
2025-04-25 21:01:23.196 70436 INFO tempest.common.waiters [-] State transition "REBUILD/rebuild_spawning" ==> "ACTIVE/None" after 8 second wait
2025-04-25 21:01:23.212 70420 INFO tempest.lib.common.rest_client [req-d6fc1d25-8ad5-41bb-acc9-769950af170f req-d6fc1d25-8ad5-41bb-acc9-769950af170f ] Request (ServersAdminNegativeTestJSON:test_migrate_server_invalid_state): 200 GET http://10.180.1.21/compute/v2.1/servers/35f9285c-cb12-45c3-8cb5-b61d10b3c2d4 0.070s
2025-04-25 21:01:23.236 70488 INFO tempest.lib.common.rest_client [req-d08630a2-86da-4662-8890-ba099c147f92 req-d08630a2-86da-4662-8890-ba099c147f92 ] Request (ServersTestJSON:test_create_server_specify_multibyte_character_name): 200 GET http://10.180.1.21/compute/v2.1/servers/5a609adf-7c6f-4ee5-a94a-cdda99227a12 0.054s
2025-04-25 21:01:23.290 70423 INFO tempest.lib.common.rest_client [req-cb422049-7e8e-4328-bead-96d4753f3363 req-cb422049-7e8e-4328-bead-96d4753f3363 ] Request (ServersTestBootFromVolume:setUpClass): 200 GET http://10.180.1.21/compute/v2.1/servers/251f05bc-7d8b-496a-88a3-1dfe2e7e14f5 0.095s
2025-04-25 21:01:23.311 70436 INFO tempest.lib.common.rest_client [req-f8d6dcb1-a719-44ec-a233-bc9a911f4119 req-f8d6dcb1-a719-44ec-a233-bc9a911f4119 ] Request (ServersAdmin275Test:tearDownClass): 204 DELETE http://10.180.1.21/compute/v2.1/servers/70185831-3921-4fbf-8382-b6098f340372 0.112s
2025-04-25 21:01:23.369 70408 INFO tempest.lib.common.rest_client [req-7b6691cb-4886-4fbc-9654-967060dc65eb req-7b6691cb-4886-4fbc-9654-967060dc65eb ] Request (ImagesTestJSON:test_create_image_from_stopped_server): 200 GET http://10.180.1.21/compute/v2.1/servers/9346b616-beab-42ce-8211-f746d17130ae 0.129s
2025-04-25 21:01:23.377 70406 INFO tempest.lib.common.rest_client [req-e46f3b7e-8637-42a1-858a-3954489eda60 req-e46f3b7e-8637-42a1-858a-3954489eda60 ] Request (ServersTestJSON:tearDownClass): 200 GET http://10.180.1.21/compute/v2.1/servers/ef513827-f5fe-4337-a0fa-5c96eb537514 0.093s
2025-04-25 21:01:23.434 70436 INFO tempest.lib.common.rest_client [req-4debfc1b-ab0c-4822-b2eb-535657484c88 req-4debfc1b-ab0c-4822-b2eb-535657484c88 ] Request (ServersAdmin275Test:tearDownClass): 200 GET http://10.180.1.21/compute/v2.1/servers/70185831-3921-4fbf-8382-b6098f340372 0.117s
2025-04-25 21:01:23.460 70444 INFO tempest.lib.common.rest_client [req-31a15e4e-5768-42ea-b9f2-60a70ff11574 req-31a15e4e-5768-42ea-b9f2-60a70ff11574 ] Request (MultipleCreateTestJSON:_run_cleanups): 200 GET http://10.180.1.21/compute/v2.1/servers/ef5f3af0-6e71-4dbd-8bb9-cdc8ca6d9622 0.151s
2025-04-25 21:01:23.483 70398 INFO tempest.lib.common.rest_client [req-022bde29-4fb3-4427-a38e-becdf3f485b6 req-022bde29-4fb3-4427-a38e-becdf3f485b6 ] Request (ServersAdminTestJSON:test_create_server_with_scheduling_hint): 200 GET http://10.180.1.21/compute/v2.1/servers/dd3e3400-bf0e-41f2-954d-b7b78e6941b5 0.145s
2025-04-25 21:01:23.502 70476 INFO tempest.lib.common.rest_client [req-231223c0-ed8b-4242-9b16-e767d8baabed req-231223c0-ed8b-4242-9b16-e767d8baabed ] Request (ServerActionsTestOtherB:test_create_backup): 200 GET http://10.180.1.21/image/v2/images/9cf184ee-f015-48c1-95c7-f53ce99148bf 0.013s
2025-04-25 21:01:23.521 70490 INFO tempest.lib.common.rest_client [req-00b36050-7127-40d4-b351-7cfcb3d89942 req-00b36050-7127-40d4-b351-7cfcb3d89942 ] Request (ServersListShow298Test:test_list_show_update_rebuild_server_298): 200 GET http://10.180.1.21/compute/v2.1/servers/938ef7b4-e459-403d-ba0f-93415a15acbc 0.139s
2025-04-25 21:01:23.536 70418 INFO tempest.lib.common.rest_client [req-c7de0ac2-e067-4c28-b07b-2787a1919026 req-c7de0ac2-e067-4c28-b07b-2787a1919026 ] Request (ListServerFiltersTestJSON:tearDownClass): 200 GET http://10.180.1.21/compute/v2.1/servers/af089f7b-dc31-4722-93a2-a2dbc9ff557e 0.143s
2025-04-25 21:01:23.568 70494 INFO tempest.lib.common.rest_client [req-b543dc59-2dc5-4528-967e-b5a493632842 req-b543dc59-2dc5-4528-967e-b5a493632842 ] Request (VolumesAdminNegativeTest:test_update_attached_volume_with_nonexistent_volume_in_uri): 200 GET http://10.180.1.21/compute/v2.1/servers/aac9197d-0c55-4a40-b0c7-877edefa3ab2 0.146s
2025-04-25 21:01:23.586 70496 INFO tempest.lib.common.rest_client [req-7fe611ec-4ed6-4cbd-a278-1b64d10398d4 req-7fe611ec-4ed6-4cbd-a278-1b64d10398d4 ] Request (ServerDiskConfigTestJSON:test_resize_server_from_auto_to_manual): 200 GET http://10.180.1.21/compute/v2.1/servers/566ef0e4-fa32-47b4-aa48-094c2d0030b5 0.134s
2025-04-25 21:01:23.625 70500 INFO tempest.lib.common.rest_client [req-a5a67c8a-1c99-425e-a7c2-e8f3eb422bce req-a5a67c8a-1c99-425e-a7c2-e8f3eb422bce ] Request (ServersTestMultiNic:test_verify_multiple_nics_order): 200 GET http://10.180.1.21/compute/v2.1/servers/1716c7db-d5b5-4152-98cf-e20453059362 0.153s
2025-04-25 21:01:23.642 70486 INFO tempest.lib.common.rest_client [req-1b02930f-4a73-40bb-b41e-0ce2a7bcd901 req-1b02930f-4a73-40bb-b41e-0ce2a7bcd901 ] Request (ServersWithSpecificFlavorTestJSON:test_verify_created_server_ephemeral_disk): 200 GET http://10.180.1.21/compute/v2.1/servers/0048c4f6-5e34-472c-9f8b-4218a86c03b1 0.122s
2025-04-25 21:01:23.909 70480 INFO tempest.lib.common.rest_client [req-4cf3c977-9baf-457e-833b-998ccef10ae5 req-4cf3c977-9baf-457e-833b-998ccef10ae5 ] Request (ServerShowV257Test:test_rebuild_server): 200 GET http://10.180.1.21/compute/v2.1/servers/279f0831-5845-4a1a-b70e-48efbc4bc6c6 0.058s
2025-04-25 21:01:23.919 70480 INFO tempest.common.waiters [-] State transition "BUILD/block_device_mapping" ==> "BUILD/spawning" after 92 second wait
2025-04-25 21:01:23.944 70404 INFO tempest.lib.common.rest_client [req-b2e380a5-088a-4aa3-91f3-032bddb175ca req-b2e380a5-088a-4aa3-91f3-032bddb175ca ] Request (ImagesOneServerNegativeTestJSON:_run_cleanups): 200 GET http://10.180.1.21/compute/v2.1/servers/30be86a3-ab72-49b8-80f3-353cc9a4bd68 0.062s
2025-04-25 21:01:23.960 70442 INFO tempest.lib.common.rest_client [req-159dc873-15c5-4d96-89f0-9a0066198b3f req-159dc873-15c5-4d96-89f0-9a0066198b3f ] Request (ServersTestManualDisk:setUpClass): 200 GET http://10.180.1.21/compute/v2.1/servers/f8bf5641-1c7c-41d6-b82f-3dfc40f16ece 0.061s
2025-04-25 21:01:24.006 70478 INFO tempest.lib.common.rest_client [req-c278c7e7-8e63-4502-97ef-140cf678aab7 req-c278c7e7-8e63-4502-97ef-140cf678aab7 ] Request (ServerShowV247Test:test_update_rebuild_list_server): 200 GET http://10.180.1.21/compute/v2.1/servers/962c568b-ddb8-40bb-bdeb-99019be084cc 0.054s
2025-04-25 21:01:24.075 70402 INFO tempest.lib.common.rest_client [req-29377958-bed0-4e70-b3d1-7194aaa5ace6 req-29377958-bed0-4e70-b3d1-7194aaa5ace6 ] Request (FloatingIPsAssociationTestJSON:tearDownClass): 200 GET http://10.180.1.21/compute/v2.1/servers/ed0df3fa-1cc4-4a88-b1cc-2edf3b2dcdb9 0.060s
2025-04-25 21:01:24.076 70440 INFO tempest.lib.common.rest_client [req-25038fee-c815-42f5-a94e-cd3f4f96e63f req-25038fee-c815-42f5-a94e-cd3f4f96e63f ] Request (AttachInterfacesTestJSON:test_create_list_show_delete_interfaces_by_network_port): 200 GET http://10.180.1.21/compute/v2.1/servers/f643562c-87ff-4090-aa1b-f7453ce83b66 0.061s
2025-04-25 21:01:24.138 70410 INFO tempest.lib.common.rest_client [req-49533a2b-7767-4888-9244-1ab1765f0b35 req-49533a2b-7767-4888-9244-1ab1765f0b35 ] Request (AttachVolumeTestJSON:test_attach_detach_volume): 200 GET http://10.180.1.21/compute/v2.1/servers/a6ad6fe7-22f0-405e-8e5f-6e56325049a8 0.064s
2025-04-25 21:01:24.140 70472 INFO tempest.lib.common.rest_client [req-e228cdfe-c52f-44c1-bdda-429c9046abd8 req-e228cdfe-c52f-44c1-bdda-429c9046abd8 ] Request (ServerActionsTestOtherA:setUpClass): 200 GET http://10.180.1.21/compute/v2.1/servers/78ec1423-1160-453a-b6db-9348b37d34f9 0.072s
2025-04-25 21:01:24.196 70414 INFO tempest.lib.common.rest_client [req-1889d170-960a-4cbc-be3b-103eef4bf4b1 req-1889d170-960a-4cbc-be3b-103eef4bf4b1 ] Request (ServerRescueTestJSON:test_rescue_unrescue_instance): 200 GET http://10.180.1.21/compute/v2.1/servers/6419007b-b407-4d50-b3ab-d90ecc5e8e30 0.071s
2025-04-25 21:01:24.198 70482 INFO tempest.lib.common.rest_client [req-dc4f64d7-c874-454a-82a5-f023a6d8d8fc req-dc4f64d7-c874-454a-82a5-f023a6d8d8fc ] Request (MigrationsAdminTest:test_resize_server_revert_deleted_flavor): 200 GET http://10.180.1.21/compute/v2.1/servers/0d762a18-2184-48f1-84d4-ed50fdb03ef8 0.074s
2025-04-25 21:01:24.251 70400 INFO tempest.lib.common.rest_client [req-0a104179-be86-4064-aa14-7a07cb33f872 req-0a104179-be86-4064-aa14-7a07cb33f872 ] Request (AttachVolumeShelveTestJSON:test_attach_volume_shelved_or_offload_server): 200 GET http://10.180.1.21/compute/v2.1/servers/f3d258e2-ca12-4953-a7a7-1d6f701d6599 0.076s
2025-04-25 21:01:24.284 70420 INFO tempest.lib.common.rest_client [req-0fbc06db-ded9-46b9-bb94-ee055b6d6f5e req-0fbc06db-ded9-46b9-bb94-ee055b6d6f5e ] Request (ServersAdminNegativeTestJSON:test_migrate_server_invalid_state): 200 GET http://10.180.1.21/compute/v2.1/servers/35f9285c-cb12-45c3-8cb5-b61d10b3c2d4 0.063s
2025-04-25 21:01:24.305 70488 INFO tempest.lib.common.rest_client [req-53d2be70-5173-43e3-b7c1-69898571cc49 req-53d2be70-5173-43e3-b7c1-69898571cc49 ] Request (ServersTestJSON:test_create_server_specify_multibyte_character_name): 200 GET http://10.180.1.21/compute/v2.1/servers/5a609adf-7c6f-4ee5-a94a-cdda99227a12 0.059s
2025-04-25 21:01:24.359 70423 INFO tempest.lib.common.rest_client [req-71ab2a7e-bd89-432e-9af9-9927e5d3ee6c req-71ab2a7e-bd89-432e-9af9-9927e5d3ee6c ] Request (ServersTestBootFromVolume:setUpClass): 200 GET http://10.180.1.21/compute/v2.1/servers/251f05bc-7d8b-496a-88a3-1dfe2e7e14f5 0.061s
2025-04-25 21:01:24.434 70408 INFO tempest.lib.common.rest_client [req-1d53db66-8d18-4a26-a2ba-23ab548afdbf req-1d53db66-8d18-4a26-a2ba-23ab548afdbf ] Request (ImagesTestJSON:test_create_image_from_stopped_server): 200 GET http://10.180.1.21/compute/v2.1/servers/9346b616-beab-42ce-8211-f746d17130ae 0.057s
2025-04-25 21:01:24.453 70406 INFO tempest.lib.common.rest_client [req-fcf90a0d-3337-4b03-9be9-8a113947f99b req-fcf90a0d-3337-4b03-9be9-8a113947f99b ] Request (ServersTestJSON:tearDownClass): 200 GET http://10.180.1.21/compute/v2.1/servers/ef513827-f5fe-4337-a0fa-5c96eb537514 0.068s
2025-04-25 21:01:24.508 70436 INFO tempest.lib.common.rest_client [req-dbf9d564-e303-4ca4-b80e-2432f63fce80 req-dbf9d564-e303-4ca4-b80e-2432f63fce80 ] Request (ServersAdmin275Test:tearDownClass): 200 GET http://10.180.1.21/compute/v2.1/servers/70185831-3921-4fbf-8382-b6098f340372 0.063s
2025-04-25 21:01:24.522 70476 INFO tempest.lib.common.rest_client [req-3adfbe0b-e6e3-4d66-89cb-24f0ef7d204a req-3adfbe0b-e6e3-4d66-89cb-24f0ef7d204a ] Request (ServerActionsTestOtherB:test_create_backup): 200 GET http://10.180.1.21/image/v2/images/9cf184ee-f015-48c1-95c7-f53ce99148bf 0.019s
2025-04-25 21:01:24.529 70444 INFO tempest.lib.common.rest_client [req-a50093fb-1040-45b8-9cff-7338442c3410 req-a50093fb-1040-45b8-9cff-7338442c3410 ] Request (MultipleCreateTestJSON:_run_cleanups): 200 GET http://10.180.1.21/compute/v2.1/servers/ef5f3af0-6e71-4dbd-8bb9-cdc8ca6d9622 0.061s
2025-04-25 21:01:24.559 70398 INFO tempest.lib.common.rest_client [req-9ab31a73-e527-4ba6-84e3-185f84aff2fb req-9ab31a73-e527-4ba6-84e3-185f84aff2fb ] Request (ServersAdminTestJSON:test_create_server_with_scheduling_hint): 200 GET http://10.180.1.21/compute/v2.1/servers/dd3e3400-bf0e-41f2-954d-b7b78e6941b5 0.068s
2025-04-25 21:01:24.597 70490 INFO tempest.lib.common.rest_client [req-3ebb366a-831b-40e1-a31c-9b9f88ba8224 req-3ebb366a-831b-40e1-a31c-9b9f88ba8224 ] Request (ServersListShow298Test:test_list_show_update_rebuild_server_298): 200 GET http://10.180.1.21/compute/v2.1/servers/938ef7b4-e459-403d-ba0f-93415a15acbc 0.062s
2025-04-25 21:01:24.614 70418 INFO tempest.lib.common.rest_client [req-aa1e43ec-e559-4403-9c8a-9e02b673314f req-aa1e43ec-e559-4403-9c8a-9e02b673314f ] Request (ListServerFiltersTestJSON:tearDownClass): 200 GET http://10.180.1.21/compute/v2.1/servers/af089f7b-dc31-4722-93a2-a2dbc9ff557e 0.069s
2025-04-25 21:01:24.649 70494 INFO tempest.lib.common.rest_client [req-fa22fb9e-ced6-4294-a55f-85c619f6c343 req-fa22fb9e-ced6-4294-a55f-85c619f6c343 ] Request (VolumesAdminNegativeTest:test_update_attached_volume_with_nonexistent_volume_in_uri): 200 GET http://10.180.1.21/compute/v2.1/servers/aac9197d-0c55-4a40-b0c7-877edefa3ab2 0.073s
2025-04-25 21:01:24.662 70496 INFO tempest.lib.common.rest_client [req-42b0a2d9-0534-4083-9488-56f9d238063a req-42b0a2d9-0534-4083-9488-56f9d238063a ] Request (ServerDiskConfigTestJSON:test_resize_server_from_auto_to_manual): 200 GET http://10.180.1.21/compute/v2.1/servers/566ef0e4-fa32-47b4-aa48-094c2d0030b5 0.068s
2025-04-25 21:01:24.703 70500 INFO tempest.lib.common.rest_client [req-29a9a30b-ff31-4f45-8fe1-25770fb8d31c req-29a9a30b-ff31-4f45-8fe1-25770fb8d31c ] Request (ServersTestMultiNic:test_verify_multiple_nics_order): 200 GET http://10.180.1.21/compute/v2.1/servers/1716c7db-d5b5-4152-98cf-e20453059362 0.071s
2025-04-25 21:01:24.709 70486 INFO tempest.lib.common.rest_client [req-0c2d73c1-6d31-496f-bd4c-c5d901761ccc req-0c2d73c1-6d31-496f-bd4c-c5d901761ccc ] Request (ServersWithSpecificFlavorTestJSON:test_verify_created_server_ephemeral_disk): 200 GET http://10.180.1.21/compute/v2.1/servers/0048c4f6-5e34-472c-9f8b-4218a86c03b1 0.059s
2025-04-25 21:01:24.981 70480 INFO tempest.lib.common.rest_client [req-ad5faacc-418a-415b-81d4-e118a4a4fdee req-ad5faacc-418a-415b-81d4-e118a4a4fdee ] Request (ServerShowV257Test:test_rebuild_server): 200 GET http://10.180.1.21/compute/v2.1/servers/279f0831-5845-4a1a-b70e-48efbc4bc6c6 0.060s
2025-04-25 21:01:25.008 70404 INFO tempest.lib.common.rest_client [req-873c22e8-637f-43ee-b572-a5e3149242e3 req-873c22e8-637f-43ee-b572-a5e3149242e3 ] Request (ImagesOneServerNegativeTestJSON:_run_cleanups): 200 GET http://10.180.1.21/compute/v2.1/servers/30be86a3-ab72-49b8-80f3-353cc9a4bd68 0.057s
2025-04-25 21:01:25.029 70442 INFO tempest.lib.common.rest_client [req-4e73b126-38a8-459e-9af8-19326c9c1bb6 req-4e73b126-38a8-459e-9af8-19326c9c1bb6 ] Request (ServersTestManualDisk:setUpClass): 200 GET http://10.180.1.21/compute/v2.1/servers/f8bf5641-1c7c-41d6-b82f-3dfc40f16ece 0.061s
2025-04-25 21:01:25.070 70478 INFO tempest.lib.common.rest_client [req-99e3cba2-e5fd-46ab-89ff-49c7ac515fc7 req-99e3cba2-e5fd-46ab-89ff-49c7ac515fc7 ] Request (ServerShowV247Test:test_update_rebuild_list_server): 200 GET http://10.180.1.21/compute/v2.1/servers/962c568b-ddb8-40bb-bdeb-99019be084cc 0.055s
2025-04-25 21:01:25.146 70440 INFO tempest.lib.common.rest_client [req-2ac0f71e-8149-40b9-92be-d3deaadf1354 req-2ac0f71e-8149-40b9-92be-d3deaadf1354 ] Request (AttachInterfacesTestJSON:test_create_list_show_delete_interfaces_by_network_port): 200 GET http://10.180.1.21/compute/v2.1/servers/f643562c-87ff-4090-aa1b-f7453ce83b66 0.061s
2025-04-25 21:01:25.148 70402 INFO tempest.lib.common.rest_client [req-04ffc79d-4629-4c5c-b851-ae11b9eea856 req-04ffc79d-4629-4c5c-b851-ae11b9eea856 ] Request (FloatingIPsAssociationTestJSON:tearDownClass): 200 GET http://10.180.1.21/compute/v2.1/servers/ed0df3fa-1cc4-4a88-b1cc-2edf3b2dcdb9 0.064s
2025-04-25 21:01:25.207 70410 INFO tempest.lib.common.rest_client [req-404ea028-a5e2-4226-9537-a1a917426068 req-404ea028-a5e2-4226-9537-a1a917426068 ] Request (AttachVolumeTestJSON:test_attach_detach_volume): 200 GET http://10.180.1.21/compute/v2.1/servers/a6ad6fe7-22f0-405e-8e5f-6e56325049a8 0.060s
2025-04-25 21:01:25.212 70472 INFO tempest.lib.common.rest_client [req-0ffa10a1-dff1-4106-9d27-431887a3fd6a req-0ffa10a1-dff1-4106-9d27-431887a3fd6a ] Request (ServerActionsTestOtherA:setUpClass): 200 GET http://10.180.1.21/compute/v2.1/servers/78ec1423-1160-453a-b6db-9348b37d34f9 0.064s
2025-04-25 21:01:25.255 70414 INFO tempest.lib.common.rest_client [req-f6fcf369-f879-427b-bda1-888f8164a350 req-f6fcf369-f879-427b-bda1-888f8164a350 ] Request (ServerRescueTestJSON:test_rescue_unrescue_instance): 200 GET http://10.180.1.21/compute/v2.1/servers/6419007b-b407-4d50-b3ab-d90ecc5e8e30 0.050s
2025-04-25 21:01:25.266 70482 INFO tempest.lib.common.rest_client [req-02726f70-3bf8-4813-9221-5452b9da4783 req-02726f70-3bf8-4813-9221-5452b9da4783 ] Request (MigrationsAdminTest:test_resize_server_revert_deleted_flavor): 200 GET http://10.180.1.21/compute/v2.1/servers/0d762a18-2184-48f1-84d4-ed50fdb03ef8 0.060s
2025-04-25 21:01:25.327 70400 INFO tempest.lib.common.rest_client [req-556fde8b-ed8e-4963-b22e-2eda424a652a req-556fde8b-ed8e-4963-b22e-2eda424a652a ] Request (AttachVolumeShelveTestJSON:test_attach_volume_shelved_or_offload_server): 200 GET http://10.180.1.21/compute/v2.1/servers/f3d258e2-ca12-4953-a7a7-1d6f701d6599 0.066s
2025-04-25 21:01:25.365 70420 INFO tempest.lib.common.rest_client [req-351a26ae-6729-47d2-96c9-d54fa12088c5 req-351a26ae-6729-47d2-96c9-d54fa12088c5 ] Request (ServersAdminNegativeTestJSON:test_migrate_server_invalid_state): 200 GET http://10.180.1.21/compute/v2.1/servers/35f9285c-cb12-45c3-8cb5-b61d10b3c2d4 0.066s
2025-04-25 21:01:25.380 70488 INFO tempest.lib.common.rest_client [req-3eb7d935-15bd-469d-846d-fb8f73981a12 req-3eb7d935-15bd-469d-846d-fb8f73981a12 ] Request (ServersTestJSON:test_create_server_specify_multibyte_character_name): 200 GET http://10.180.1.21/compute/v2.1/servers/5a609adf-7c6f-4ee5-a94a-cdda99227a12 0.068s
2025-04-25 21:01:25.422 70423 INFO tempest.lib.common.rest_client [req-564cdd9f-7cd8-4742-a6b4-440d53749a58 req-564cdd9f-7cd8-4742-a6b4-440d53749a58 ] Request (ServersTestBootFromVolume:setUpClass): 200 GET http://10.180.1.21/compute/v2.1/servers/251f05bc-7d8b-496a-88a3-1dfe2e7e14f5 0.054s
2025-04-25 21:01:25.433 70423 INFO tempest.common.waiters [-] State transition "BUILD/None" ==> "BUILD/networking" after 85 second wait
2025-04-25 21:01:25.496 70408 INFO tempest.lib.common.rest_client [req-d037a95c-c15c-47a8-88ba-95a5f3e666eb req-d037a95c-c15c-47a8-88ba-95a5f3e666eb ] Request (ImagesTestJSON:test_create_image_from_stopped_server): 200 GET http://10.180.1.21/compute/v2.1/servers/9346b616-beab-42ce-8211-f746d17130ae 0.053s
2025-04-25 21:01:25.531 70406 INFO tempest.lib.common.rest_client [req-7a268af8-1f98-467d-915a-d5a4508396d8 req-7a268af8-1f98-467d-915a-d5a4508396d8 ] Request (ServersTestJSON:tearDownClass): 200 GET http://10.180.1.21/compute/v2.1/servers/ef513827-f5fe-4337-a0fa-5c96eb537514 0.070s
2025-04-25 21:01:25.538 70476 INFO tempest.lib.common.rest_client [req-c9adcbaa-d3fe-4a93-a29a-089766fcb832 req-c9adcbaa-d3fe-4a93-a29a-089766fcb832 ] Request (ServerActionsTestOtherB:test_create_backup): 200 GET http://10.180.1.21/image/v2/images/9cf184ee-f015-48c1-95c7-f53ce99148bf 0.015s
2025-04-25 21:01:25.568 70476 INFO tempest.lib.common.rest_client [req-394958b0-7f6e-4961-bbf5-663d4e883731 req-394958b0-7f6e-4961-bbf5-663d4e883731 ] Request (ServerActionsTestOtherB:test_create_backup): 200 GET http://10.180.1.21/image/v2/images/9cf184ee-f015-48c1-95c7-f53ce99148bf/tasks 0.029s
2025-04-25 21:01:25.590 70436 INFO tempest.lib.common.rest_client [req-f593ba17-d521-4afc-80f0-b2ede5c3ee70 req-f593ba17-d521-4afc-80f0-b2ede5c3ee70 ] Request (ServersAdmin275Test:tearDownClass): 200 GET http://10.180.1.21/compute/v2.1/servers/70185831-3921-4fbf-8382-b6098f340372 0.071s
2025-04-25 21:01:25.624 70444 INFO tempest.lib.common.rest_client [req-4c94460c-873c-4f33-be29-9306324fbdea req-4c94460c-873c-4f33-be29-9306324fbdea ] Request (MultipleCreateTestJSON:_run_cleanups): 200 GET http://10.180.1.21/compute/v2.1/servers/ef5f3af0-6e71-4dbd-8bb9-cdc8ca6d9622 0.086s
2025-04-25 21:01:25.681 70398 INFO tempest.lib.common.rest_client [req-3a2e94ae-c722-4fe0-b40f-d58ac889a930 req-3a2e94ae-c722-4fe0-b40f-d58ac889a930 ] Request (ServersAdminTestJSON:test_create_server_with_scheduling_hint): 200 GET http://10.180.1.21/compute/v2.1/servers/dd3e3400-bf0e-41f2-954d-b7b78e6941b5 0.112s
2025-04-25 21:01:25.749 70490 INFO tempest.lib.common.rest_client [req-c4dba240-4589-4cbb-94ac-048fe097c058 req-c4dba240-4589-4cbb-94ac-048fe097c058 ] Request (ServersListShow298Test:test_list_show_update_rebuild_server_298): 200 GET http://10.180.1.21/compute/v2.1/servers/938ef7b4-e459-403d-ba0f-93415a15acbc 0.141s
2025-04-25 21:01:25.778 70476 INFO tempest.lib.common.rest_client [req-d1636587-9961-4dc3-9ae5-5deab8d44b6f req-d1636587-9961-4dc3-9ae5-5deab8d44b6f ] Request (ServerActionsTestOtherB:test_create_backup): 200 GET http://10.180.1.21/compute/v2.1/servers/66d937aa-30ed-468f-a62a-e37e7c2b41fb 0.209s
2025-04-25 21:01:25.805 70418 INFO tempest.lib.common.rest_client [req-689dc9c5-e985-4152-a6c0-08c9274eb2c8 req-689dc9c5-e985-4152-a6c0-08c9274eb2c8 ] Request (ListServerFiltersTestJSON:tearDownClass): 200 GET http://10.180.1.21/compute/v2.1/servers/af089f7b-dc31-4722-93a2-a2dbc9ff557e 0.183s
2025-04-25 21:01:25.826 70494 INFO tempest.lib.common.rest_client [req-67fa39e5-f7f9-4023-ba6c-ccb644a997ed req-67fa39e5-f7f9-4023-ba6c-ccb644a997ed ] Request (VolumesAdminNegativeTest:test_update_attached_volume_with_nonexistent_volume_in_uri): 200 GET http://10.180.1.21/compute/v2.1/servers/aac9197d-0c55-4a40-b0c7-877edefa3ab2 0.168s
2025-04-25 21:01:25.850 70496 INFO tempest.lib.common.rest_client [req-7241f6d2-159a-4c4a-b66c-23af52583339 req-7241f6d2-159a-4c4a-b66c-23af52583339 ] Request (ServerDiskConfigTestJSON:test_resize_server_from_auto_to_manual): 200 GET http://10.180.1.21/compute/v2.1/servers/566ef0e4-fa32-47b4-aa48-094c2d0030b5 0.180s
2025-04-25 21:01:25.875 70500 INFO tempest.lib.common.rest_client [req-cfe43ae0-36de-4ee8-be81-1cb33f0ab251 req-cfe43ae0-36de-4ee8-be81-1cb33f0ab251 ] Request (ServersTestMultiNic:test_verify_multiple_nics_order): 200 GET http://10.180.1.21/compute/v2.1/servers/1716c7db-d5b5-4152-98cf-e20453059362 0.164s
2025-04-25 21:01:25.898 70486 INFO tempest.lib.common.rest_client [req-72ba9350-2af1-4496-abdb-9ea4ee9be58d req-72ba9350-2af1-4496-abdb-9ea4ee9be58d ] Request (ServersWithSpecificFlavorTestJSON:test_verify_created_server_ephemeral_disk): 200 GET http://10.180.1.21/compute/v2.1/servers/0048c4f6-5e34-472c-9f8b-4218a86c03b1 0.180s
2025-04-25 21:01:26.059 70480 INFO tempest.lib.common.rest_client [req-7cd6c7e5-4ba6-498f-8610-02ff3bcc6d01 req-7cd6c7e5-4ba6-498f-8610-02ff3bcc6d01 ] Request (ServerShowV257Test:test_rebuild_server): 200 GET http://10.180.1.21/compute/v2.1/servers/279f0831-5845-4a1a-b70e-48efbc4bc6c6 0.068s
2025-04-25 21:01:26.101 70404 INFO tempest.lib.common.rest_client [req-f34570dc-75f0-422a-9cf2-7cb22aa1a2a0 req-f34570dc-75f0-422a-9cf2-7cb22aa1a2a0 ] Request (ImagesOneServerNegativeTestJSON:_run_cleanups): 200 GET http://10.180.1.21/compute/v2.1/servers/30be86a3-ab72-49b8-80f3-353cc9a4bd68 0.084s
2025-04-25 21:01:26.107 70442 INFO tempest.lib.common.rest_client [req-9511df29-5968-4b38-9190-455d55c2cc96 req-9511df29-5968-4b38-9190-455d55c2cc96 ] Request (ServersTestManualDisk:setUpClass): 200 GET http://10.180.1.21/compute/v2.1/servers/f8bf5641-1c7c-41d6-b82f-3dfc40f16ece 0.069s
2025-04-25 21:01:26.165 70478 INFO tempest.lib.common.rest_client [req-c71bf151-eec0-42a0-864c-1ea3e8f52b2b req-c71bf151-eec0-42a0-864c-1ea3e8f52b2b ] Request (ServerShowV247Test:test_update_rebuild_list_server): 200 GET http://10.180.1.21/compute/v2.1/servers/962c568b-ddb8-40bb-bdeb-99019be084cc 0.086s
2025-04-25 21:01:26.238 70440 INFO tempest.lib.common.rest_client [req-51c5a5d4-80de-4eaf-a24b-581f32915027 req-51c5a5d4-80de-4eaf-a24b-581f32915027 ] Request (AttachInterfacesTestJSON:test_create_list_show_delete_interfaces_by_network_port): 200 GET http://10.180.1.21/compute/v2.1/servers/f643562c-87ff-4090-aa1b-f7453ce83b66 0.085s
2025-04-25 21:01:26.239 70402 INFO tempest.lib.common.rest_client [req-14d38154-1e27-4069-b1f2-ea1e69f1faed req-14d38154-1e27-4069-b1f2-ea1e69f1faed ] Request (FloatingIPsAssociationTestJSON:tearDownClass): 200 GET http://10.180.1.21/compute/v2.1/servers/ed0df3fa-1cc4-4a88-b1cc-2edf3b2dcdb9 0.083s
2025-04-25 21:01:26.298 70410 INFO tempest.lib.common.rest_client [req-c6d33894-43ec-4cb0-b105-7ca2b6234904 req-c6d33894-43ec-4cb0-b105-7ca2b6234904 ] Request (AttachVolumeTestJSON:test_attach_detach_volume): 200 GET http://10.180.1.21/compute/v2.1/servers/a6ad6fe7-22f0-405e-8e5f-6e56325049a8 0.083s
2025-04-25 21:01:26.309 70472 INFO tempest.lib.common.rest_client [req-8b06d72b-288e-4b86-96b6-de4097c83f38 req-8b06d72b-288e-4b86-96b6-de4097c83f38 ] Request (ServerActionsTestOtherA:setUpClass): 200 GET http://10.180.1.21/compute/v2.1/servers/78ec1423-1160-453a-b6db-9348b37d34f9 0.088s
2025-04-25 21:01:26.366 70414 INFO tempest.lib.common.rest_client [req-46be5f9c-5cb9-4c29-a790-9f9c26d09d0d req-46be5f9c-5cb9-4c29-a790-9f9c26d09d0d ] Request (ServerRescueTestJSON:test_rescue_unrescue_instance): 200 GET http://10.180.1.21/compute/v2.1/servers/6419007b-b407-4d50-b3ab-d90ecc5e8e30 0.100s
2025-04-25 21:01:26.377 70482 INFO tempest.lib.common.rest_client [req-fe590bc3-1150-445f-9096-c0b96a43f93e req-fe590bc3-1150-445f-9096-c0b96a43f93e ] Request (MigrationsAdminTest:test_resize_server_revert_deleted_flavor): 200 GET http://10.180.1.21/compute/v2.1/servers/0d762a18-2184-48f1-84d4-ed50fdb03ef8 0.102s
2025-04-25 21:01:26.423 70400 INFO tempest.lib.common.rest_client [req-d12e9a04-9f79-4647-82c4-c7faf34a4ff7 req-d12e9a04-9f79-4647-82c4-c7faf34a4ff7 ] Request (AttachVolumeShelveTestJSON:test_attach_volume_shelved_or_offload_server): 200 GET http://10.180.1.21/compute/v2.1/servers/f3d258e2-ca12-4953-a7a7-1d6f701d6599 0.086s
2025-04-25 21:01:26.433 70420 INFO tempest.lib.common.rest_client [req-1df6b56a-33be-46b0-802c-a609b7c4b684 req-1df6b56a-33be-46b0-802c-a609b7c4b684 ] Request (ServersAdminNegativeTestJSON:test_migrate_server_invalid_state): 200 GET http://10.180.1.21/compute/v2.1/servers/35f9285c-cb12-45c3-8cb5-b61d10b3c2d4 0.061s
2025-04-25 21:01:26.485 70488 INFO tempest.lib.common.rest_client [req-28a49d8b-d630-4440-9453-a0fb00d95b0c req-28a49d8b-d630-4440-9453-a0fb00d95b0c ] Request (ServersTestJSON:test_create_server_specify_multibyte_character_name): 200 GET http://10.180.1.21/compute/v2.1/servers/5a609adf-7c6f-4ee5-a94a-cdda99227a12 0.096s
2025-04-25 21:01:26.566 70408 INFO tempest.lib.common.rest_client [req-5fb019c4-4238-4866-b245-ee53795ade95 req-5fb019c4-4238-4866-b245-ee53795ade95 ] Request (ImagesTestJSON:test_create_image_from_stopped_server): 200 GET http://10.180.1.21/compute/v2.1/servers/9346b616-beab-42ce-8211-f746d17130ae 0.062s
2025-04-25 21:01:26.572 70423 INFO tempest.lib.common.rest_client [req-b6e4ea62-968a-48d3-bb5e-ab59b035f995 req-b6e4ea62-968a-48d3-bb5e-ab59b035f995 ] Request (ServersTestBootFromVolume:setUpClass): 200 GET http://10.180.1.21/compute/v2.1/servers/251f05bc-7d8b-496a-88a3-1dfe2e7e14f5 0.139s
2025-04-25 21:01:26.579 70423 INFO tempest.common.waiters [-] State transition "BUILD/networking" ==> "BUILD/block_device_mapping" after 86 second wait
2025-04-25 21:01:26.618 70406 INFO tempest.lib.common.rest_client [req-30e5a950-dd79-4a51-ab4b-fffdcf875c79 req-30e5a950-dd79-4a51-ab4b-fffdcf875c79 ] Request (ServersTestJSON:tearDownClass): 200 GET http://10.180.1.21/compute/v2.1/servers/ef513827-f5fe-4337-a0fa-5c96eb537514 0.077s
2025-04-25 21:01:26.658 70436 INFO tempest.lib.common.rest_client [req-d603ee5a-ba03-46ae-a394-7c66f93d1338 req-d603ee5a-ba03-46ae-a394-7c66f93d1338 ] Request (ServersAdmin275Test:tearDownClass): 200 GET http://10.180.1.21/compute/v2.1/servers/70185831-3921-4fbf-8382-b6098f340372 0.055s
2025-04-25 21:01:26.687 70444 INFO tempest.lib.common.rest_client [req-e5252ce9-ef8b-4a58-a59d-2b2aeab43967 req-e5252ce9-ef8b-4a58-a59d-2b2aeab43967 ] Request (MultipleCreateTestJSON:_run_cleanups): 200 GET http://10.180.1.21/compute/v2.1/servers/ef5f3af0-6e71-4dbd-8bb9-cdc8ca6d9622 0.054s
2025-04-25 21:01:26.740 70398 INFO tempest.lib.common.rest_client [req-fa6cd307-68a8-47cf-bd65-b8eeab1640e8 req-fa6cd307-68a8-47cf-bd65-b8eeab1640e8 ] Request (ServersAdminTestJSON:test_create_server_with_scheduling_hint): 200 GET http://10.180.1.21/compute/v2.1/servers/dd3e3400-bf0e-41f2-954d-b7b78e6941b5 0.050s
2025-04-25 21:01:26.827 70490 INFO tempest.lib.common.rest_client [req-fe518ede-7dd0-4af2-8e84-5174ce2f3342 req-fe518ede-7dd0-4af2-8e84-5174ce2f3342 ] Request (ServersListShow298Test:test_list_show_update_rebuild_server_298): 200 GET http://10.180.1.21/compute/v2.1/servers/938ef7b4-e459-403d-ba0f-93415a15acbc 0.066s
2025-04-25 21:01:26.892 70418 INFO tempest.lib.common.rest_client [req-022b1904-a733-4f62-8e9b-e5e350ce52f7 req-022b1904-a733-4f62-8e9b-e5e350ce52f7 ] Request (ListServerFiltersTestJSON:tearDownClass): 200 GET http://10.180.1.21/compute/v2.1/servers/af089f7b-dc31-4722-93a2-a2dbc9ff557e 0.074s
2025-04-25 21:01:26.901 70476 INFO tempest.lib.common.rest_client [req-739aeebc-c5b5-455d-8cce-536096b0a8ee req-739aeebc-c5b5-455d-8cce-536096b0a8ee ] Request (ServerActionsTestOtherB:test_create_backup): 200 GET http://10.180.1.21/compute/v2.1/servers/66d937aa-30ed-468f-a62a-e37e7c2b41fb 0.114s
2025-04-25 21:01:26.945 70494 INFO tempest.lib.common.rest_client [req-4ee3af18-85fb-4700-a100-d1e8668b8974 req-4ee3af18-85fb-4700-a100-d1e8668b8974 ] Request (VolumesAdminNegativeTest:test_update_attached_volume_with_nonexistent_volume_in_uri): 200 GET http://10.180.1.21/compute/v2.1/servers/aac9197d-0c55-4a40-b0c7-877edefa3ab2 0.110s
2025-04-25 21:01:26.950 70496 INFO tempest.lib.common.rest_client [req-c171f9b8-b702-471d-89d6-94c691643a81 req-c171f9b8-b702-471d-89d6-94c691643a81 ] Request (ServerDiskConfigTestJSON:test_resize_server_from_auto_to_manual): 200 GET http://10.180.1.21/compute/v2.1/servers/566ef0e4-fa32-47b4-aa48-094c2d0030b5 0.093s
2025-04-25 21:01:26.995 70500 INFO tempest.lib.common.rest_client [req-c2fefd76-0fde-4082-ae52-f98059fb8ae9 req-c2fefd76-0fde-4082-ae52-f98059fb8ae9 ] Request (ServersTestMultiNic:test_verify_multiple_nics_order): 200 GET http://10.180.1.21/compute/v2.1/servers/1716c7db-d5b5-4152-98cf-e20453059362 0.112s
2025-04-25 21:01:27.001 70486 INFO tempest.lib.common.rest_client [req-8ad1b77f-e61f-4823-9bec-c61d2e2b3e81 req-8ad1b77f-e61f-4823-9bec-c61d2e2b3e81 ] Request (ServersWithSpecificFlavorTestJSON:test_verify_created_server_ephemeral_disk): 200 GET http://10.180.1.21/compute/v2.1/servers/0048c4f6-5e34-472c-9f8b-4218a86c03b1 0.094s
2025-04-25 21:01:27.121 70480 INFO tempest.lib.common.rest_client [req-817a1d78-a1b8-4e9e-b8a7-d8924886641b req-817a1d78-a1b8-4e9e-b8a7-d8924886641b ] Request (ServerShowV257Test:test_rebuild_server): 200 GET http://10.180.1.21/compute/v2.1/servers/279f0831-5845-4a1a-b70e-48efbc4bc6c6 0.050s
2025-04-25 21:01:27.162 70442 INFO tempest.lib.common.rest_client [req-dde85e5a-445b-4073-a778-3f0c311a0ddc req-dde85e5a-445b-4073-a778-3f0c311a0ddc ] Request (ServersTestManualDisk:setUpClass): 200 GET http://10.180.1.21/compute/v2.1/servers/f8bf5641-1c7c-41d6-b82f-3dfc40f16ece 0.048s
2025-04-25 21:01:27.172 70404 INFO tempest.lib.common.rest_client [req-ac32866d-701e-4d48-bc28-7b5f9a2a6897 req-ac32866d-701e-4d48-bc28-7b5f9a2a6897 ] Request (ImagesOneServerNegativeTestJSON:_run_cleanups): 200 GET http://10.180.1.21/compute/v2.1/servers/30be86a3-ab72-49b8-80f3-353cc9a4bd68 0.057s
2025-04-25 21:01:27.222 70478 INFO tempest.lib.common.rest_client [req-222c3c57-75ad-4a60-9357-fd5cdc8269a6 req-222c3c57-75ad-4a60-9357-fd5cdc8269a6 ] Request (ServerShowV247Test:test_update_rebuild_list_server): 200 GET http://10.180.1.21/compute/v2.1/servers/962c568b-ddb8-40bb-bdeb-99019be084cc 0.048s
2025-04-25 21:01:27.300 70440 INFO tempest.lib.common.rest_client [req-16dbfd40-ce80-43f9-a611-119102052dc3 req-16dbfd40-ce80-43f9-a611-119102052dc3 ] Request (AttachInterfacesTestJSON:test_create_list_show_delete_interfaces_by_network_port): 200 GET http://10.180.1.21/compute/v2.1/servers/f643562c-87ff-4090-aa1b-f7453ce83b66 0.052s
2025-04-25 21:01:27.306 70402 INFO tempest.lib.common.rest_client [req-5c5b17e3-de0d-4ef9-ba79-de2b1320e527 req-5c5b17e3-de0d-4ef9-ba79-de2b1320e527 ] Request (FloatingIPsAssociationTestJSON:tearDownClass): 200 GET http://10.180.1.21/compute/v2.1/servers/ed0df3fa-1cc4-4a88-b1cc-2edf3b2dcdb9 0.059s
2025-04-25 21:01:27.357 70410 INFO tempest.lib.common.rest_client [req-718ad4e8-5801-49c2-99b8-5312bad8eac8 req-718ad4e8-5801-49c2-99b8-5312bad8eac8 ] Request (AttachVolumeTestJSON:test_attach_detach_volume): 200 GET http://10.180.1.21/compute/v2.1/servers/a6ad6fe7-22f0-405e-8e5f-6e56325049a8 0.050s
2025-04-25 21:01:27.371 70472 INFO tempest.lib.common.rest_client [req-ca65062e-3c80-4fa7-9c2e-66c21979354b req-ca65062e-3c80-4fa7-9c2e-66c21979354b ] Request (ServerActionsTestOtherA:setUpClass): 200 GET http://10.180.1.21/compute/v2.1/servers/78ec1423-1160-453a-b6db-9348b37d34f9 0.054s
2025-04-25 21:01:27.424 70414 INFO tempest.lib.common.rest_client [req-c571c501-5a24-4cbe-a3de-257629b88fe8 req-c571c501-5a24-4cbe-a3de-257629b88fe8 ] Request (ServerRescueTestJSON:test_rescue_unrescue_instance): 200 GET http://10.180.1.21/compute/v2.1/servers/6419007b-b407-4d50-b3ab-d90ecc5e8e30 0.049s
2025-04-25 21:01:27.484 70400 INFO tempest.lib.common.rest_client [req-0f40c313-1934-4d2f-8b41-6c79b6f0bece req-0f40c313-1934-4d2f-8b41-6c79b6f0bece ] Request (AttachVolumeShelveTestJSON:test_attach_volume_shelved_or_offload_server): 200 GET http://10.180.1.21/compute/v2.1/servers/f3d258e2-ca12-4953-a7a7-1d6f701d6599 0.051s
2025-04-25 21:01:27.533 70420 INFO tempest.lib.common.rest_client [req-360750c9-5ed3-4424-9894-cfe6825b5e5c req-360750c9-5ed3-4424-9894-cfe6825b5e5c ] Request (ServersAdminNegativeTestJSON:test_migrate_server_invalid_state): 200 GET http://10.180.1.21/compute/v2.1/servers/35f9285c-cb12-45c3-8cb5-b61d10b3c2d4 0.091s
2025-04-25 21:01:27.582 70488 INFO tempest.lib.common.rest_client [req-a3ddd136-c5d5-40e8-a83e-5f77da408a9b req-a3ddd136-c5d5-40e8-a83e-5f77da408a9b ] Request (ServersTestJSON:test_create_server_specify_multibyte_character_name): 200 GET http://10.180.1.21/compute/v2.1/servers/5a609adf-7c6f-4ee5-a94a-cdda99227a12 0.086s
2025-04-25 21:01:27.630 70408 INFO tempest.lib.common.rest_client [req-27626145-e292-4f18-9ecb-d1dad9e1c501 req-27626145-e292-4f18-9ecb-d1dad9e1c501 ] Request (ImagesTestJSON:test_create_image_from_stopped_server): 200 GET http://10.180.1.21/compute/v2.1/servers/9346b616-beab-42ce-8211-f746d17130ae 0.055s
2025-04-25 21:01:27.709 70482 INFO tempest.lib.common.rest_client [req-16f21855-f5d7-4212-ae95-a25ebf9d03cd req-16f21855-f5d7-4212-ae95-a25ebf9d03cd ] Request (MigrationsAdminTest:test_resize_server_revert_deleted_flavor): 200 GET http://10.180.1.21/compute/v2.1/servers/0d762a18-2184-48f1-84d4-ed50fdb03ef8 0.321s
2025-04-25 21:01:27.751 70423 INFO tempest.lib.common.rest_client [req-9e1b6d94-c6c2-416e-b974-64a7ef721592 req-9e1b6d94-c6c2-416e-b974-64a7ef721592 ] Request (ServersTestBootFromVolume:setUpClass): 200 GET http://10.180.1.21/compute/v2.1/servers/251f05bc-7d8b-496a-88a3-1dfe2e7e14f5 0.170s
2025-04-25 21:01:27.773 70406 INFO tempest.lib.common.rest_client [req-5986c761-ab2a-47f6-be23-6f12f03ceb70 req-5986c761-ab2a-47f6-be23-6f12f03ceb70 ] Request (ServersTestJSON:tearDownClass): 200 GET http://10.180.1.21/compute/v2.1/servers/ef513827-f5fe-4337-a0fa-5c96eb537514 0.146s
2025-04-25 21:01:27.817 70436 INFO tempest.lib.common.rest_client [req-be3a383d-0a48-4552-a31e-ddfa0d6b9cfd req-be3a383d-0a48-4552-a31e-ddfa0d6b9cfd ] Request (ServersAdmin275Test:tearDownClass): 200 GET http://10.180.1.21/compute/v2.1/servers/70185831-3921-4fbf-8382-b6098f340372 0.148s
2025-04-25 21:01:27.831 70444 INFO tempest.lib.common.rest_client [req-0ff44587-79e8-40ac-af0c-7fa513325f60 req-0ff44587-79e8-40ac-af0c-7fa513325f60 ] Request (MultipleCreateTestJSON:_run_cleanups): 200 GET http://10.180.1.21/compute/v2.1/servers/ef5f3af0-6e71-4dbd-8bb9-cdc8ca6d9622 0.135s
2025-04-25 21:01:27.832 70436 INFO tempest.common.waiters [-] State transition "ACTIVE/deleting" ==> "DELETED/None" after 4 second wait
2025-04-25 21:01:27.876 70398 INFO tempest.lib.common.rest_client [req-5ed35ce2-d89b-4d77-a357-91f865deabc9 req-5ed35ce2-d89b-4d77-a357-91f865deabc9 ] Request (ServersAdminTestJSON:test_create_server_with_scheduling_hint): 200 GET http://10.180.1.21/compute/v2.1/servers/dd3e3400-bf0e-41f2-954d-b7b78e6941b5 0.128s
2025-04-25 21:01:27.920 70490 INFO tempest.lib.common.rest_client [req-b296b48d-9a20-4acb-b931-9dc3a17dfd18 req-b296b48d-9a20-4acb-b931-9dc3a17dfd18 ] Request (ServersListShow298Test:test_list_show_update_rebuild_server_298): 200 GET http://10.180.1.21/compute/v2.1/servers/938ef7b4-e459-403d-ba0f-93415a15acbc 0.078s
2025-04-25 21:01:27.978 70418 INFO tempest.lib.common.rest_client [req-742209b8-01fe-4403-bf9e-e957b4c3e965 req-742209b8-01fe-4403-bf9e-e957b4c3e965 ] Request (ListServerFiltersTestJSON:tearDownClass): 200 GET http://10.180.1.21/compute/v2.1/servers/af089f7b-dc31-4722-93a2-a2dbc9ff557e 0.078s
2025-04-25 21:01:28.018 70476 INFO tempest.lib.common.rest_client [req-244c1b61-b1ff-478b-bf05-a621d2f0b7a5 req-244c1b61-b1ff-478b-bf05-a621d2f0b7a5 ] Request (ServerActionsTestOtherB:test_create_backup): 200 GET http://10.180.1.21/compute/v2.1/servers/66d937aa-30ed-468f-a62a-e37e7c2b41fb 0.108s
2025-04-25 21:01:28.025 70476 INFO tempest.common.waiters [-] State transition "ACTIVE/image_uploading" ==> "ACTIVE/None" after 3 second wait
2025-04-25 21:01:28.028 70494 INFO tempest.lib.common.rest_client [req-15001fe1-d1e2-4df1-a092-b1138ad50491 req-15001fe1-d1e2-4df1-a092-b1138ad50491 ] Request (VolumesAdminNegativeTest:test_update_attached_volume_with_nonexistent_volume_in_uri): 200 GET http://10.180.1.21/compute/v2.1/servers/aac9197d-0c55-4a40-b0c7-877edefa3ab2 0.075s
2025-04-25 21:01:28.065 70496 INFO tempest.lib.common.rest_client [req-649ed492-3554-4d10-88ff-3b49edc9a2a1 req-649ed492-3554-4d10-88ff-3b49edc9a2a1 ] Request (ServerDiskConfigTestJSON:test_resize_server_from_auto_to_manual): 200 GET http://10.180.1.21/compute/v2.1/servers/566ef0e4-fa32-47b4-aa48-094c2d0030b5 0.105s
2025-04-25 21:01:28.069 70500 INFO tempest.lib.common.rest_client [req-420c672f-b4af-4321-827a-9e41f5e29f71 req-420c672f-b4af-4321-827a-9e41f5e29f71 ] Request (ServersTestMultiNic:test_verify_multiple_nics_order): 200 GET http://10.180.1.21/compute/v2.1/servers/1716c7db-d5b5-4152-98cf-e20453059362 0.067s
2025-04-25 21:01:28.103 70486 INFO tempest.lib.common.rest_client [req-f33106a1-b7bb-47ab-a231-37ea630d1d32 req-f33106a1-b7bb-47ab-a231-37ea630d1d32 ] Request (ServersWithSpecificFlavorTestJSON:test_verify_created_server_ephemeral_disk): 200 GET http://10.180.1.21/compute/v2.1/servers/0048c4f6-5e34-472c-9f8b-4218a86c03b1 0.094s
2025-04-25 21:01:28.177 70480 INFO tempest.lib.common.rest_client [req-c2e1987b-2df0-422a-a3d5-7005ce509a2b req-c2e1987b-2df0-422a-a3d5-7005ce509a2b ] Request (ServerShowV257Test:test_rebuild_server): 200 GET http://10.180.1.21/compute/v2.1/servers/279f0831-5845-4a1a-b70e-48efbc4bc6c6 0.046s
2025-04-25 21:01:28.222 70442 INFO tempest.lib.common.rest_client [req-e66a2a24-bb8c-4640-87fd-e5421f0ca54e req-e66a2a24-bb8c-4640-87fd-e5421f0ca54e ] Request (ServersTestManualDisk:setUpClass): 200 GET http://10.180.1.21/compute/v2.1/servers/f8bf5641-1c7c-41d6-b82f-3dfc40f16ece 0.052s
2025-04-25 21:01:28.278 70404 INFO tempest.lib.common.rest_client [req-a0affaf5-d285-434f-91f2-ec8221d815e3 req-a0affaf5-d285-434f-91f2-ec8221d815e3 ] Request (ImagesOneServerNegativeTestJSON:_run_cleanups): 200 GET http://10.180.1.21/compute/v2.1/servers/30be86a3-ab72-49b8-80f3-353cc9a4bd68 0.097s
2025-04-25 21:01:28.328 70478 INFO tempest.lib.common.rest_client [req-57469fc4-60df-4a2b-84e7-ce6506d647b3 req-57469fc4-60df-4a2b-84e7-ce6506d647b3 ] Request (ServerShowV247Test:test_update_rebuild_list_server): 200 GET http://10.180.1.21/compute/v2.1/servers/962c568b-ddb8-40bb-bdeb-99019be084cc 0.097s
2025-04-25 21:01:28.378 70440 INFO tempest.lib.common.rest_client [req-a20377e2-e500-4012-8a85-c1913bbbacc5 req-a20377e2-e500-4012-8a85-c1913bbbacc5 ] Request (AttachInterfacesTestJSON:test_create_list_show_delete_interfaces_by_network_port): 200 GET http://10.180.1.21/compute/v2.1/servers/f643562c-87ff-4090-aa1b-f7453ce83b66 0.071s
2025-04-25 21:01:28.441 70402 INFO tempest.lib.common.rest_client [req-4c05fcc9-80cf-4360-81a1-362392137b7a req-4c05fcc9-80cf-4360-81a1-362392137b7a ] Request (FloatingIPsAssociationTestJSON:tearDownClass): 200 GET http://10.180.1.21/compute/v2.1/servers/ed0df3fa-1cc4-4a88-b1cc-2edf3b2dcdb9 0.127s
2025-04-25 21:01:28.445 70476 INFO tempest.lib.common.rest_client [req-d43ac570-ea11-44cd-a58e-981e3e2f86b1 req-d43ac570-ea11-44cd-a58e-981e3e2f86b1 ] Request (ServerActionsTestOtherB:test_create_backup): 202 POST http://10.180.1.21/compute/v2.1/servers/66d937aa-30ed-468f-a62a-e37e7c2b41fb/action 0.420s
2025-04-25 21:01:28.462 70476 INFO tempest.lib.common.rest_client [req-e5408b9d-a62f-48fd-8987-87caa2bdc8a2 req-e5408b9d-a62f-48fd-8987-87caa2bdc8a2 ] Request (ServerActionsTestOtherB:test_create_backup): 200 GET http://10.180.1.21/image/v2/images/5dd6cdb9-6fb9-4f27-bdb8-0b5f0b820056 0.016s
2025-04-25 21:01:28.511 70410 INFO tempest.lib.common.rest_client [req-30446c83-cb53-4cdd-a698-2da7c1fc0294 req-30446c83-cb53-4cdd-a698-2da7c1fc0294 ] Request (AttachVolumeTestJSON:test_attach_detach_volume): 200 GET http://10.180.1.21/compute/v2.1/servers/a6ad6fe7-22f0-405e-8e5f-6e56325049a8 0.145s
2025-04-25 21:01:28.523 70472 INFO tempest.lib.common.rest_client [req-4f7ee59e-7fda-4a33-9611-17099d09e44f req-4f7ee59e-7fda-4a33-9611-17099d09e44f ] Request (ServerActionsTestOtherA:setUpClass): 200 GET http://10.180.1.21/compute/v2.1/servers/78ec1423-1160-453a-b6db-9348b37d34f9 0.144s
2025-04-25 21:01:28.568 70414 INFO tempest.lib.common.rest_client [req-14fe37a2-704a-4373-8558-35ef1780b92b req-14fe37a2-704a-4373-8558-35ef1780b92b ] Request (ServerRescueTestJSON:test_rescue_unrescue_instance): 200 GET http://10.180.1.21/compute/v2.1/servers/6419007b-b407-4d50-b3ab-d90ecc5e8e30 0.137s
2025-04-25 21:01:28.587 70400 INFO tempest.lib.common.rest_client [req-da0d1107-1051-491e-a1e7-b624dcc2eebd req-da0d1107-1051-491e-a1e7-b624dcc2eebd ] Request (AttachVolumeShelveTestJSON:test_attach_volume_shelved_or_offload_server): 200 GET http://10.180.1.21/compute/v2.1/servers/f3d258e2-ca12-4953-a7a7-1d6f701d6599 0.092s
2025-04-25 21:01:28.619 70420 INFO tempest.lib.common.rest_client [req-6be6cd84-a7c6-4164-a0bd-7d5b745b299f req-6be6cd84-a7c6-4164-a0bd-7d5b745b299f ] Request (ServersAdminNegativeTestJSON:test_migrate_server_invalid_state): 200 GET http://10.180.1.21/compute/v2.1/servers/35f9285c-cb12-45c3-8cb5-b61d10b3c2d4 0.077s
2025-04-25 21:01:28.627 70420 INFO tempest.common.waiters [-] State transition "BUILD/None" ==> "BUILD/networking" after 84 second wait
2025-04-25 21:01:28.638 70488 INFO tempest.lib.common.rest_client [req-22250774-2b23-4bbd-ba11-e9ddf42e2d59 req-22250774-2b23-4bbd-ba11-e9ddf42e2d59 ] Request (ServersTestJSON:test_create_server_specify_multibyte_character_name): 200 GET http://10.180.1.21/compute/v2.1/servers/5a609adf-7c6f-4ee5-a94a-cdda99227a12 0.049s
2025-04-25 21:01:28.696 70408 INFO tempest.lib.common.rest_client [req-e1a3ece6-7c24-4b39-922d-54973aa5f38e req-e1a3ece6-7c24-4b39-922d-54973aa5f38e ] Request (ImagesTestJSON:test_create_image_from_stopped_server): 200 GET http://10.180.1.21/compute/v2.1/servers/9346b616-beab-42ce-8211-f746d17130ae 0.052s
2025-04-25 21:01:28.766 70482 INFO tempest.lib.common.rest_client [req-dbe1c815-6207-4347-b69b-8a96b77056b4 req-dbe1c815-6207-4347-b69b-8a96b77056b4 ] Request (MigrationsAdminTest:test_resize_server_revert_deleted_flavor): 200 GET http://10.180.1.21/compute/v2.1/servers/0d762a18-2184-48f1-84d4-ed50fdb03ef8 0.049s
2025-04-25 21:01:28.856 70406 INFO tempest.lib.common.rest_client [req-8459ced0-6daa-4b93-aede-5123f85d3e62 req-8459ced0-6daa-4b93-aede-5123f85d3e62 ] Request (ServersTestJSON:tearDownClass): 200 GET http://10.180.1.21/compute/v2.1/servers/ef513827-f5fe-4337-a0fa-5c96eb537514 0.074s
2025-04-25 21:01:28.886 70423 INFO tempest.lib.common.rest_client [req-7db7af92-a99a-461c-b4b5-06fd08929393 req-7db7af92-a99a-461c-b4b5-06fd08929393 ] Request (ServersTestBootFromVolume:setUpClass): 200 GET http://10.180.1.21/compute/v2.1/servers/251f05bc-7d8b-496a-88a3-1dfe2e7e14f5 0.128s
2025-04-25 21:01:28.896 70423 INFO tempest.common.waiters [-] State transition "BUILD/block_device_mapping" ==> "BUILD/spawning" after 88 second wait
2025-04-25 21:01:28.925 70436 INFO tempest.lib.common.rest_client [req-cd90ed95-0f9e-409a-ae6f-995e60d54063 req-cd90ed95-0f9e-409a-ae6f-995e60d54063 ] Request (ServersAdmin275Test:tearDownClass): 200 GET http://10.180.1.21/compute/v2.1/servers/70185831-3921-4fbf-8382-b6098f340372 0.092s
2025-04-25 21:01:28.949 70444 INFO tempest.lib.common.rest_client [req-bf038480-5e7a-42b7-bca9-2359450ff3b3 req-bf038480-5e7a-42b7-bca9-2359450ff3b3 ] Request (MultipleCreateTestJSON:_run_cleanups): 200 GET http://10.180.1.21/compute/v2.1/servers/ef5f3af0-6e71-4dbd-8bb9-cdc8ca6d9622 0.104s
2025-04-25 21:01:28.972 70398 INFO tempest.lib.common.rest_client [req-de44686b-7a99-48b0-b1ed-5e19655ee51d req-de44686b-7a99-48b0-b1ed-5e19655ee51d ] Request (ServersAdminTestJSON:test_create_server_with_scheduling_hint): 200 GET http://10.180.1.21/compute/v2.1/servers/dd3e3400-bf0e-41f2-954d-b7b78e6941b5 0.083s
2025-04-25 21:01:29.020 70490 INFO tempest.lib.common.rest_client [req-186f7e8f-c900-49b2-b3b7-40e7546c4630 req-186f7e8f-c900-49b2-b3b7-40e7546c4630 ] Request (ServersListShow298Test:test_list_show_update_rebuild_server_298): 200 GET http://10.180.1.21/compute/v2.1/servers/938ef7b4-e459-403d-ba0f-93415a15acbc 0.089s
2025-04-25 21:01:29.058 70418 INFO tempest.lib.common.rest_client [req-8f6e7003-ffc5-49a9-bb62-d22c0a156791 req-8f6e7003-ffc5-49a9-bb62-d22c0a156791 ] Request (ListServerFiltersTestJSON:tearDownClass): 200 GET http://10.180.1.21/compute/v2.1/servers/af089f7b-dc31-4722-93a2-a2dbc9ff557e 0.070s
2025-04-25 21:01:29.097 70494 INFO tempest.lib.common.rest_client [req-d86f6cce-4434-412d-8e67-e075a64a7a95 req-d86f6cce-4434-412d-8e67-e075a64a7a95 ] Request (VolumesAdminNegativeTest:test_update_attached_volume_with_nonexistent_volume_in_uri): 200 GET http://10.180.1.21/compute/v2.1/servers/aac9197d-0c55-4a40-b0c7-877edefa3ab2 0.059s
2025-04-25 21:01:29.124 70496 INFO tempest.lib.common.rest_client [req-e47c8303-97cd-460a-a1ae-f473dda5ff2d req-e47c8303-97cd-460a-a1ae-f473dda5ff2d ] Request (ServerDiskConfigTestJSON:test_resize_server_from_auto_to_manual): 200 GET http://10.180.1.21/compute/v2.1/servers/566ef0e4-fa32-47b4-aa48-094c2d0030b5 0.052s
2025-04-25 21:01:29.163 70500 INFO tempest.lib.common.rest_client [req-da3f04ce-6b9f-4436-afd0-f3aa69f3419b req-da3f04ce-6b9f-4436-afd0-f3aa69f3419b ] Request (ServersTestMultiNic:test_verify_multiple_nics_order): 200 GET http://10.180.1.21/compute/v2.1/servers/1716c7db-d5b5-4152-98cf-e20453059362 0.086s
2025-04-25 21:01:29.193 70486 INFO tempest.lib.common.rest_client [req-d7d4882e-cc45-4e1e-a344-987a9dcb7807 req-d7d4882e-cc45-4e1e-a344-987a9dcb7807 ] Request (ServersWithSpecificFlavorTestJSON:test_verify_created_server_ephemeral_disk): 200 GET http://10.180.1.21/compute/v2.1/servers/0048c4f6-5e34-472c-9f8b-4218a86c03b1 0.081s
2025-04-25 21:01:29.254 70480 INFO tempest.lib.common.rest_client [req-1c2ff706-59ec-425d-9eed-77bd5b84a4e3 req-1c2ff706-59ec-425d-9eed-77bd5b84a4e3 ] Request (ServerShowV257Test:test_rebuild_server): 200 GET http://10.180.1.21/compute/v2.1/servers/279f0831-5845-4a1a-b70e-48efbc4bc6c6 0.067s
2025-04-25 21:01:29.264 70480 INFO tempest.common.waiters [-] State transition "BUILD/spawning" ==> "ACTIVE/None" after 98 second wait
2025-04-25 21:01:29.297 70442 INFO tempest.lib.common.rest_client [req-ed70df9c-8353-4431-8182-ccf5601a1470 req-ed70df9c-8353-4431-8182-ccf5601a1470 ] Request (ServersTestManualDisk:setUpClass): 200 GET http://10.180.1.21/compute/v2.1/servers/f8bf5641-1c7c-41d6-b82f-3dfc40f16ece 0.065s
