2025-04-25 21:00:19.265 70408 INFO tempest.lib.common.rest_client [req-c66d891e-b052-4994-a7a6-c5c5d8e87d39 req-c66d891e-b052-4994-a7a6-c5c5d8e87d39 ] Request (DeleteServersAdminTestJSON:tearDownClass): 204 DELETE http://10.180.1.21:9696/networking/v2.0/security-groups/6bacf304-b9a5-40da-af2b-bdd93c9b547d 0.103s
2025-04-25 21:00:19.284 70404 INFO tempest.lib.common.rest_client [req-ff88d132-6bed-4e0a-83e2-0517741d1c64 req-ff88d132-6bed-4e0a-83e2-0517741d1c64 ] Request (ImagesOneServerNegativeTestJSON:setUpClass): 200 GET http://10.180.1.21/compute/v2.1/servers/30be86a3-ab72-49b8-80f3-353cc9a4bd68 0.457s
2025-04-25 21:00:19.325 70408 INFO tempest.lib.common.rest_client [req-cb58a32e-deb7-4066-aa3c-b65d45f8aba1 req-cb58a32e-deb7-4066-aa3c-b65d45f8aba1 ] Request (DeleteServersAdminTestJSON:tearDownClass): 204 DELETE http://10.180.1.21/identity/v3/projects/24476c76fd264105ace48e23a709ebc0 0.059s
2025-04-25 21:00:19.325 70408 INFO tempest.lib.common.dynamic_creds [-] Deleting project and security group for project: c432b1c5f4784236803f29f09ae2f33d
2025-04-25 21:00:19.332 70398 INFO tempest.lib.common.rest_client [req-d0e7cf89-6ad3-49da-8ee5-5878893d56af req-d0e7cf89-6ad3-49da-8ee5-5878893d56af ] Request (ServersAdminTestJSON:setUpClass): 200 GET http://10.180.1.21/compute/v2.1/servers/c8747a31-7a75-4ccd-b513-fb2a0769b0d9 0.458s
2025-04-25 21:00:19.392 70500 INFO tempest.lib.common.rest_client [req-76974e1f-a857-4815-96c6-7e90de405167 req-76974e1f-a857-4815-96c6-7e90de405167 ] Request (ServersTestMultiNic:_run_cleanups): 200 GET http://10.180.1.21/compute/v2.1/servers/76462a8c-0691-44db-b556-84c92b97c2f7 0.464s
2025-04-25 21:00:19.437 70408 INFO tempest.lib.common.rest_client [req-0ac1b624-f8bf-44dd-a5e0-a65e2436924b req-0ac1b624-f8bf-44dd-a5e0-a65e2436924b ] Request (DeleteServersAdminTestJSON:tearDownClass): 200 GET http://10.180.1.21:9696/networking/v2.0/security-groups?tenant_id=c432b1c5f4784236803f29f09ae2f33d&name=default 0.112s
2025-04-25 21:00:19.446 70420 INFO tempest.lib.common.rest_client [req-8f81faf3-6082-46fe-8319-db366834e153 req-8f81faf3-6082-46fe-8319-db366834e153 ] Request (ServersAdminNegativeTestJSON:test_migrate_server_invalid_state): 200 GET http://10.180.1.21/compute/v2.1/servers/35f9285c-cb12-45c3-8cb5-b61d10b3c2d4 0.465s
2025-04-25 21:00:19.449 70440 INFO tempest.lib.common.rest_client [req-a1c67a10-65e2-477a-bf22-e5941fd70c3b req-a1c67a10-65e2-477a-bf22-e5941fd70c3b ] Request (AttachInterfacesTestJSON:test_create_list_show_delete_interfaces_by_fixed_ip): 200 POST http://10.180.1.21/compute/v2.1/servers/a94ee314-5698-4a1f-b1f0-fd6e7cd056de/os-interface 9.187s
2025-04-25 21:00:19.465 70432 INFO tempest.lib.common.rest_client [req-435ff435-7cd9-4a84-ae1c-6c0c3ff570af req-435ff435-7cd9-4a84-ae1c-6c0c3ff570af ] Request (ServersAaction247Test:tearDownClass): 404 GET http://10.180.1.21/compute/v2.1/servers/e4a0575f-4518-410a-b6f0-fdc6005883fe 0.411s
2025-04-25 21:00:19.488 70442 INFO tempest.lib.common.rest_client [req-2d37af55-5321-49e1-973a-2391e9bc5a68 req-2d37af55-5321-49e1-973a-2391e9bc5a68 ] Request (AttachInterfacesUnderV243Test:test_add_remove_fixed_ip): 200 GET http://10.180.1.21/compute/v2.1/servers/11a5b02f-dd55-4a7f-b7b3-53cd90fbdd16/ips 0.368s
2025-04-25 21:00:19.500 70423 INFO tempest.lib.common.rest_client [req-3286a128-babb-44f3-a12d-5f741a411727 req-3286a128-babb-44f3-a12d-5f741a411727 ] Request (ServersTestBootFromVolume:setUpClass): 200 GET http://10.180.1.21/compute/v2.1/servers/251f05bc-7d8b-496a-88a3-1dfe2e7e14f5 0.402s
2025-04-25 21:00:19.520 70408 INFO tempest.lib.common.rest_client [req-9b3efc37-846c-41ae-9307-e31bceda7244 req-9b3efc37-846c-41ae-9307-e31bceda7244 ] Request (DeleteServersAdminTestJSON:tearDownClass): 204 DELETE http://10.180.1.21:9696/networking/v2.0/security-groups/b04a2033-990d-491c-9a4c-121f7b563582 0.082s
2025-04-25 21:00:19.548 70472 INFO tempest.lib.common.rest_client [req-a9394131-96d4-4304-a895-13a13fb14639 req-a9394131-96d4-4304-a895-13a13fb14639 ] Request (FloatingIPsAssociationNegativeTestJSON:tearDownClass): 200 GET http://10.180.1.21/compute/v2.1/servers/303bd8c0-555b-4eb4-a5f4-3d6cc2eaf206 0.399s
2025-04-25 21:00:19.559 70496 INFO tempest.lib.common.rest_client [req-7b594c8a-e70e-4744-9f0f-f5ac7c764a7a req-7b594c8a-e70e-4744-9f0f-f5ac7c764a7a ] Request (ServerDiskConfigTestJSON:test_rebuild_server_with_manual_disk_config): 200 GET http://10.180.1.21/compute/v2.1/servers/7c09a291-1667-49f1-aa1a-6b08c4516db7 0.345s
2025-04-25 21:00:19.590 70432 INFO tempest.lib.common.rest_client [req-8387e742-8f1f-4fa4-bd42-7af366e86ddf req-8387e742-8f1f-4fa4-bd42-7af366e86ddf ] Request (ServersAaction247Test:tearDownClass): 204 DELETE http://10.180.1.21/identity/v3/users/65389f755ac24dfe8942ba81b7b6ab64 0.125s
2025-04-25 21:00:19.591 70432 INFO tempest.lib.common.dynamic_creds [-] Deleting project and security group for project: cfd46b7351bb40398327b154d7a9d3bd
2025-04-25 21:00:19.605 70488 INFO tempest.lib.common.rest_client [req-6ba04927-0b5d-46bc-b474-470246e82d3c req-6ba04927-0b5d-46bc-b474-470246e82d3c ] Request (ServerTagsTestJSON:tearDownClass): 200 GET http://10.180.1.21/compute/v2.1/servers/07c3e6db-ea22-480f-b16d-a577ef59284f 0.337s
2025-04-25 21:00:19.624 70490 INFO tempest.lib.common.rest_client [req-e6d8cf8f-6d7f-413e-8208-1d94c6295e64 req-e6d8cf8f-6d7f-413e-8208-1d94c6295e64 ] Request (AttachInterfacesV270Test:tearDownClass): 200 GET http://10.180.1.21/compute/v2.1/servers/9424c852-8a39-48a1-8f27-db4dd05059bb 0.302s
2025-04-25 21:00:19.649 70408 INFO tempest.lib.common.rest_client [req-75ab9acf-37a1-46ff-8931-d1aae670ce72 req-75ab9acf-37a1-46ff-8931-d1aae670ce72 ] Request (DeleteServersAdminTestJSON:tearDownClass): 204 DELETE http://10.180.1.21/identity/v3/projects/c432b1c5f4784236803f29f09ae2f33d 0.128s
2025-04-25 21:00:19.652 70432 INFO tempest.lib.common.rest_client [req-a3b21d96-4ee9-4a45-9267-f708ba24e620 req-a3b21d96-4ee9-4a45-9267-f708ba24e620 ] Request (ServersAaction247Test:tearDownClass): 201 POST http://10.180.1.21/identity/v3/auth/tokens 0.061s
2025-04-25 21:00:19.662 70444 INFO tempest.lib.common.rest_client [req-63d93cae-71de-40ff-a43a-1cb6e7c1e2e4 req-63d93cae-71de-40ff-a43a-1cb6e7c1e2e4 ] Request (MultipleCreateTestJSON:test_multiple_create): 200 GET http://10.180.1.21/compute/v2.1/servers/b06c2059-7b44-45df-abcd-b99348a86df4 0.283s
2025-04-25 21:00:19.683 70440 INFO tempest.lib.common.rest_client [req-4433b69f-a8b4-4ae8-9c8a-a6cc829cd3ff req-4433b69f-a8b4-4ae8-9c8a-a6cc829cd3ff ] Request (AttachInterfacesTestJSON:test_create_list_show_delete_interfaces_by_fixed_ip): 200 GET http://10.180.1.21/compute/v2.1/servers/a94ee314-5698-4a1f-b1f0-fd6e7cd056de/os-interface/3110e5d4-a173-45de-9f87-d726f30c9232 0.231s
2025-04-25 21:00:19.712 70408 INFO tempest.lib.common.rest_client [req-623b9461-c7d8-485f-baab-4d68eab568c5 req-623b9461-c7d8-485f-baab-4d68eab568c5 ] Request (QuotasAdminTestV257:setUpClass): 201 POST http://10.180.1.21/identity/v3/auth/tokens 0.061s
2025-04-25 21:00:19.741 70408 INFO tempest.lib.common.rest_client [req-eaee41a8-95f9-4dd4-89ad-db49542560cd req-eaee41a8-95f9-4dd4-89ad-db49542560cd ] Request (QuotasAdminTestV257:setUpClass): 201 POST http://10.180.1.21/identity/v3/auth/tokens 0.027s
2025-04-25 21:00:19.761 70440 INFO tempest.lib.common.rest_client [req-e55ad124-82f6-4045-9544-a1603337e4c0 req-e55ad124-82f6-4045-9544-a1603337e4c0 ] Request (AttachInterfacesTestJSON:test_create_list_show_delete_interfaces_by_fixed_ip): 200 GET http://10.180.1.21/compute/v2.1/servers/a94ee314-5698-4a1f-b1f0-fd6e7cd056de/os-interface 0.076s
2025-04-25 21:00:19.766 70408 INFO tempest.lib.common.rest_client [req-6e183ff4-9980-4bac-8d67-42c434691c6a req-6e183ff4-9980-4bac-8d67-42c434691c6a ] Request (QuotasAdminTestV257:setUpClass): 200 GET http://10.180.1.21/identity/v3/domains?name=Default 0.024s
2025-04-25 21:00:19.796 70408 INFO tempest.lib.common.rest_client [req-f6c2236b-d066-4941-abea-3fa014627f6b req-f6c2236b-d066-4941-abea-3fa014627f6b ] Request (QuotasAdminTestV257:setUpClass): 201 POST http://10.180.1.21/identity/v3/projects 0.029s
2025-04-25 21:00:19.818 70432 INFO tempest.lib.common.rest_client [req-1fe5fbcd-f85b-4345-bb71-20230be1489b req-1fe5fbcd-f85b-4345-bb71-20230be1489b ] Request (ServersAaction247Test:tearDownClass): 200 GET http://10.180.1.21:9696/networking/v2.0/security-groups?tenant_id=cfd46b7351bb40398327b154d7a9d3bd&name=default 0.165s
2025-04-25 21:00:19.857 70408 INFO tempest.lib.common.rest_client [req-51c13012-b813-42df-afc4-005b9561e9ed req-51c13012-b813-42df-afc4-005b9561e9ed ] Request (QuotasAdminTestV257:setUpClass): 201 POST http://10.180.1.21/identity/v3/users 0.061s
2025-04-25 21:00:19.859 70440 INFO tempest.lib.common.rest_client [req-4d22b8f0-da88-403c-9351-d6af0e7880a2 req-4d22b8f0-da88-403c-9351-d6af0e7880a2 ] Request (AttachInterfacesTestJSON:test_create_list_show_delete_interfaces_by_fixed_ip): 200 GET http://10.180.1.21/compute/v2.1/servers/a94ee314-5698-4a1f-b1f0-fd6e7cd056de/os-interface/dde6645d-8b42-4747-8f04-3f440c6642b6 0.095s
2025-04-25 21:00:19.880 70408 INFO tempest.lib.common.rest_client [req-4286bb7c-7816-4aab-9578-63436fcc8116 req-4286bb7c-7816-4aab-9578-63436fcc8116 ] Request (QuotasAdminTestV257:setUpClass): 200 GET http://10.180.1.21/identity/v3/roles 0.022s
2025-04-25 21:00:19.893 70432 INFO tempest.lib.common.rest_client [req-9479401e-e7cd-4785-a583-3137934a622c req-9479401e-e7cd-4785-a583-3137934a622c ] Request (ServersAaction247Test:tearDownClass): 204 DELETE http://10.180.1.21:9696/networking/v2.0/security-groups/f0fea928-4da5-4d66-b1d3-7249fabd6ced 0.074s
2025-04-25 21:00:19.910 70408 INFO tempest.lib.common.rest_client [req-7bf01f74-bcc3-41bc-b8f3-c298ecaf7a4d req-7bf01f74-bcc3-41bc-b8f3-c298ecaf7a4d ] Request (QuotasAdminTestV257:setUpClass): 204 PUT http://10.180.1.21/identity/v3/projects/330e1551884d4314a0ede7f821c1718d/users/dedb40e3a3a04a7191785f5db02a4ed9/roles/64a84b3d9f0c475b8b818a28f126c976 0.030s
2025-04-25 21:00:19.911 70408 INFO tempest.lib.common.dynamic_creds [-] Dynamic test user dedb40e3a3a04a7191785f5db02a4ed9 is created with scope project and roles: ['member']
2025-04-25 21:00:19.911 70408 INFO tempest.lib.common.dynamic_creds [-] Acquired dynamic creds: credentials: Credentials: {'domain_id': 'default', 'domain_name': 'Default', 'username': 'tempest-QuotasAdminTestV257-491709532-project-member', 'project_domain_id': 'default', 'project_domain_name': 'Default', 'project_id': '330e1551884d4314a0ede7f821c1718d', 'project_name': 'tempest-QuotasAdminTestV257-491709532', 'tenant_id': '330e1551884d4314a0ede7f821c1718d', 'tenant_name': 'tempest-QuotasAdminTestV257-491709532', 'user_domain_id': 'default', 'user_domain_name': 'Default', 'user_id': 'dedb40e3a3a04a7191785f5db02a4ed9', 'system': None}, Network: None, Subnet: None, Router: None
2025-04-25 21:00:19.911 70408 INFO tempest.lib.common.dynamic_creds [-] Created isolated network resources for: credentials: Credentials: {'domain_id': 'default', 'domain_name': 'Default', 'username': 'tempest-QuotasAdminTestV257-491709532-project-member', 'project_domain_id': 'default', 'project_domain_name': 'Default', 'project_id': '330e1551884d4314a0ede7f821c1718d', 'project_name': 'tempest-QuotasAdminTestV257-491709532', 'tenant_id': '330e1551884d4314a0ede7f821c1718d', 'tenant_name': 'tempest-QuotasAdminTestV257-491709532', 'user_domain_id': 'default', 'user_domain_name': 'Default', 'user_id': 'dedb40e3a3a04a7191785f5db02a4ed9', 'system': None}, Network: None, Subnet: None, Router: None
2025-04-25 21:00:19.943 70400 INFO tempest.lib.common.rest_client [req-e5c8073f-46b6-4b94-8341-a96d13e549bc req-e5c8073f-46b6-4b94-8341-a96d13e549bc ] Request (ServerAddressesTestJSON:tearDownClass): 200 GET http://10.180.1.21/compute/v2.1/servers/d9957b72-61d0-4280-90c3-effa1cb9fce6 0.102s
2025-04-25 21:00:19.989 70482 INFO tempest.lib.common.rest_client [req-39a12bbe-4adf-4169-82bc-04ab08997f6e req-39a12bbe-4adf-4169-82bc-04ab08997f6e ] Request (MigrationsAdminTest:test_list_migrations_in_flavor_resize_situation): 200 GET http://10.180.1.21/compute/v2.1/servers/eca5f46e-6d82-499a-b5a2-018e49f3f933 0.200s
2025-04-25 21:00:19.995 70440 INFO tempest.lib.common.rest_client [req-12c3e065-30da-4544-9a8b-c5d016a0c69f req-12c3e065-30da-4544-9a8b-c5d016a0c69f ] Request (AttachInterfacesTestJSON:test_create_list_show_delete_interfaces_by_fixed_ip): 202 DELETE http://10.180.1.21/compute/v2.1/servers/a94ee314-5698-4a1f-b1f0-fd6e7cd056de/os-interface/3110e5d4-a173-45de-9f87-d726f30c9232 0.134s
2025-04-25 21:00:19.997 70408 INFO tempest.lib.common.rest_client [req-15301d31-6263-4c88-9dae-62d77d58e9a0 req-15301d31-6263-4c88-9dae-62d77d58e9a0 ] Request (QuotasAdminTestV257:setUpClass): 201 POST http://10.180.1.21/identity/v3/auth/tokens 0.082s
2025-04-25 21:00:19.998 70432 INFO tempest.lib.common.rest_client [req-e3e37096-e7db-4be2-aa17-11b92e60cdfc req-e3e37096-e7db-4be2-aa17-11b92e60cdfc ] Request (ServersAaction247Test:tearDownClass): 204 DELETE http://10.180.1.21/identity/v3/projects/cfd46b7351bb40398327b154d7a9d3bd 0.105s
2025-04-25 21:00:20.058 70402 INFO tempest.lib.common.rest_client [req-1e0513ac-74bc-4c96-88bb-89cee5fe1c51 req-1e0513ac-74bc-4c96-88bb-89cee5fe1c51 ] Request (FloatingIPsAssociationTestJSON:test_associate_already_associated_floating_ip): 200 GET http://10.180.1.21/compute/v2.1/servers/ed0df3fa-1cc4-4a88-b1cc-2edf3b2dcdb9 0.138s
2025-04-25 21:00:20.066 70408 INFO tempest.lib.common.rest_client [req-c3b732ca-622d-4b5f-b6c2-2e18c0d47258 req-c3b732ca-622d-4b5f-b6c2-2e18c0d47258 ] Request (QuotasAdminTestV257:setUpClass): 201 POST http://10.180.1.21/identity/v3/projects 0.069s
2025-04-25 21:00:20.068 70432 INFO tempest.lib.common.rest_client [req-fba3376c-e5a8-458a-b285-51fd4b10e1b8 req-fba3376c-e5a8-458a-b285-51fd4b10e1b8 ] Request (ServerShowV263Test:setUpClass): 201 POST http://10.180.1.21/identity/v3/auth/tokens 0.068s
2025-04-25 21:00:20.073 70414 INFO tempest.lib.common.rest_client [req-6d132935-a110-4645-9a77-7408b6aa0ce7 req-6d132935-a110-4645-9a77-7408b6aa0ce7 ] Request (ServerRescueTestJSON:setUpClass): 200 GET http://10.180.1.21/compute/v2.1/servers/844c678b-6d1e-401a-9989-f4d7d90f262e 0.109s
2025-04-25 21:00:20.129 70408 INFO tempest.lib.common.rest_client [req-87948cf5-1dbf-4b64-bfae-ceae516784c0 req-87948cf5-1dbf-4b64-bfae-ceae516784c0 ] Request (QuotasAdminTestV257:setUpClass): 201 POST http://10.180.1.21/identity/v3/users 0.062s
2025-04-25 21:00:20.133 70432 INFO tempest.lib.common.rest_client [req-f29634d6-3bc0-473c-8f5c-de9f8cddc50f req-f29634d6-3bc0-473c-8f5c-de9f8cddc50f ] Request (ServerShowV263Test:setUpClass): 201 POST http://10.180.1.21/identity/v3/auth/tokens 0.062s
2025-04-25 21:00:20.143 70478 INFO tempest.lib.common.rest_client [req-b3c9cedf-f604-4d14-8bbe-4580762eeca9 req-b3c9cedf-f604-4d14-8bbe-4580762eeca9 ] Request (ServerShowV247Test:test_update_rebuild_list_server): 200 GET http://10.180.1.21/compute/v2.1/servers/962c568b-ddb8-40bb-bdeb-99019be084cc 0.128s
2025-04-25 21:00:20.150 70408 INFO tempest.lib.common.rest_client [req-a6fcd39c-6278-4249-b2c2-5d5db264a34d req-a6fcd39c-6278-4249-b2c2-5d5db264a34d ] Request (QuotasAdminTestV257:setUpClass): 200 GET http://10.180.1.21/identity/v3/roles 0.020s
2025-04-25 21:00:20.154 70440 INFO tempest.lib.common.rest_client [req-fa049e86-20c1-4174-a632-93c3ccd04e12 req-fa049e86-20c1-4174-a632-93c3ccd04e12 ] Request (AttachInterfacesTestJSON:test_create_list_show_delete_interfaces_by_fixed_ip): 200 GET http://10.180.1.21/compute/v2.1/servers/a94ee314-5698-4a1f-b1f0-fd6e7cd056de/os-interface 0.158s
2025-04-25 21:00:20.162 70432 INFO tempest.lib.common.rest_client [req-b39947be-e1a9-4508-ab58-84944fa2b080 req-b39947be-e1a9-4508-ab58-84944fa2b080 ] Request (ServerShowV263Test:setUpClass): 200 GET http://10.180.1.21/identity/v3/domains?name=Default 0.028s
2025-04-25 21:00:20.177 70408 INFO tempest.lib.common.rest_client [req-10578b5a-ec18-4a88-8fab-412703f989e7 req-10578b5a-ec18-4a88-8fab-412703f989e7 ] Request (QuotasAdminTestV257:setUpClass): 204 PUT http://10.180.1.21/identity/v3/projects/cf4796c6463b4e788af80723a94b320d/users/0f00973698364e84a9dee77970d78b26/roles/fe11b1b8e1a74f93978747553ecebcb2 0.026s
2025-04-25 21:00:20.192 70432 INFO tempest.lib.common.rest_client [req-a8490800-f803-42c3-8ef2-aaf93bb35bf3 req-a8490800-f803-42c3-8ef2-aaf93bb35bf3 ] Request (ServerShowV263Test:setUpClass): 201 POST http://10.180.1.21/identity/v3/projects 0.030s
2025-04-25 21:00:20.209 70480 INFO tempest.lib.common.rest_client [req-7e2f81f2-fb85-4039-9c3f-066aec3f46e0 req-7e2f81f2-fb85-4039-9c3f-066aec3f46e0 ] Request (ServerShowV257Test:test_rebuild_server): 200 GET http://10.180.1.21/compute/v2.1/servers/279f0831-5845-4a1a-b70e-48efbc4bc6c6 0.144s
2025-04-25 21:00:20.214 70410 INFO tempest.lib.common.rest_client [req-6574f0a7-4c2d-49d7-b5a8-2dccbb55e028 req-6574f0a7-4c2d-49d7-b5a8-2dccbb55e028 ] Request (AttachVolumeTestJSON:test_attach_detach_volume): 200 GET http://10.180.1.21/compute/v2.1/servers/a6ad6fe7-22f0-405e-8e5f-6e56325049a8 0.110s
2025-04-25 21:00:20.275 70408 INFO tempest.lib.common.rest_client [req-e2c00f8d-b5f7-480a-9f2e-2b01b3b95849 req-e2c00f8d-b5f7-480a-9f2e-2b01b3b95849 ] Request (QuotasAdminTestV257:setUpClass): 200 GET http://10.180.1.21/identity/v3/roles 0.098s
2025-04-25 21:00:20.279 70432 INFO tempest.lib.common.rest_client [req-cab53d2f-bdf4-4406-9622-0c53f91b5626 req-cab53d2f-bdf4-4406-9622-0c53f91b5626 ] Request (ServerShowV263Test:setUpClass): 201 POST http://10.180.1.21/identity/v3/users 0.085s
2025-04-25 21:00:20.280 70418 INFO tempest.lib.common.rest_client [req-cb8d550e-7db5-478f-a39b-afeecf4f5c2e req-cb8d550e-7db5-478f-a39b-afeecf4f5c2e ] Request (ListServerFiltersTestJSON:setUpClass): 200 GET http://10.180.1.21/compute/v2.1/servers/af089f7b-dc31-4722-93a2-a2dbc9ff557e 0.110s
2025-04-25 21:00:20.297 70408 INFO tempest.lib.common.rest_client [req-95e939f4-44e8-4e35-a30a-dc35fd2fe242 req-95e939f4-44e8-4e35-a30a-dc35fd2fe242 ] Request (QuotasAdminTestV257:setUpClass): 204 PUT http://10.180.1.21/identity/v3/projects/cf4796c6463b4e788af80723a94b320d/users/0f00973698364e84a9dee77970d78b26/roles/fe11b1b8e1a74f93978747553ecebcb2 0.021s
2025-04-25 21:00:20.297 70408 INFO tempest.lib.common.dynamic_creds [-] Dynamic test user 0f00973698364e84a9dee77970d78b26 is created with scope project and roles: ['admin']
2025-04-25 21:00:20.297 70408 INFO tempest.lib.common.dynamic_creds [-] Acquired dynamic creds: credentials: Credentials: {'domain_id': 'default', 'domain_name': 'Default', 'username': 'tempest-QuotasAdminTestV257-1849177548-project-admin', 'project_domain_id': 'default', 'project_domain_name': 'Default', 'project_id': 'cf4796c6463b4e788af80723a94b320d', 'project_name': 'tempest-QuotasAdminTestV257-1849177548', 'tenant_id': 'cf4796c6463b4e788af80723a94b320d', 'tenant_name': 'tempest-QuotasAdminTestV257-1849177548', 'user_domain_id': 'default', 'user_domain_name': 'Default', 'user_id': '0f00973698364e84a9dee77970d78b26', 'system': None}, Network: None, Subnet: None, Router: None
2025-04-25 21:00:20.297 70408 INFO tempest.lib.common.dynamic_creds [-] Created isolated network resources for: credentials: Credentials: {'domain_id': 'default', 'domain_name': 'Default', 'username': 'tempest-QuotasAdminTestV257-1849177548-project-admin', 'project_domain_id': 'default', 'project_domain_name': 'Default', 'project_id': 'cf4796c6463b4e788af80723a94b320d', 'project_name': 'tempest-QuotasAdminTestV257-1849177548', 'tenant_id': 'cf4796c6463b4e788af80723a94b320d', 'tenant_name': 'tempest-QuotasAdminTestV257-1849177548', 'user_domain_id': 'default', 'user_domain_name': 'Default', 'user_id': '0f00973698364e84a9dee77970d78b26', 'system': None}, Network: None, Subnet: None, Router: None
2025-04-25 21:00:20.298 70432 INFO tempest.lib.common.rest_client [req-ff5699ca-f839-480d-83c6-27756ee221b4 req-ff5699ca-f839-480d-83c6-27756ee221b4 ] Request (ServerShowV263Test:setUpClass): 200 GET http://10.180.1.21/identity/v3/roles 0.018s
2025-04-25 21:00:20.321 70436 INFO tempest.lib.common.rest_client [req-47916f44-69f3-4dac-a0a6-3eea5691dd6d req-47916f44-69f3-4dac-a0a6-3eea5691dd6d ] Request (ServersAdmin275Test:test_rebuild_update_server_275): 200 GET http://10.180.1.21/compute/v2.1/servers/70185831-3921-4fbf-8382-b6098f340372 0.073s
2025-04-25 21:00:20.344 70404 INFO tempest.lib.common.rest_client [req-e1111511-8246-4ab1-a79c-9218cf793730 req-e1111511-8246-4ab1-a79c-9218cf793730 ] Request (ImagesOneServerNegativeTestJSON:setUpClass): 200 GET http://10.180.1.21/compute/v2.1/servers/30be86a3-ab72-49b8-80f3-353cc9a4bd68 0.053s
2025-04-25 21:00:20.360 70432 INFO tempest.lib.common.rest_client [req-799eb076-edac-4f2f-aa29-dc7733c9b90a req-799eb076-edac-4f2f-aa29-dc7733c9b90a ] Request (ServerShowV263Test:setUpClass): 204 PUT http://10.180.1.21/identity/v3/projects/6e7959de0921434e966c3a3a4a969f05/users/5d508c4aa2974cb392693014d4d92b30/roles/64a84b3d9f0c475b8b818a28f126c976 0.061s
2025-04-25 21:00:20.360 70432 INFO tempest.lib.common.dynamic_creds [-] Dynamic test user 5d508c4aa2974cb392693014d4d92b30 is created with scope project and roles: ['member']
2025-04-25 21:00:20.360 70432 INFO tempest.lib.common.dynamic_creds [-] Acquired dynamic creds: credentials: Credentials: {'domain_id': 'default', 'domain_name': 'Default', 'username': 'tempest-ServerShowV263Test-1988745477-project-member', 'project_domain_id': 'default', 'project_domain_name': 'Default', 'project_id': '6e7959de0921434e966c3a3a4a969f05', 'project_name': 'tempest-ServerShowV263Test-1988745477', 'tenant_id': '6e7959de0921434e966c3a3a4a969f05', 'tenant_name': 'tempest-ServerShowV263Test-1988745477', 'user_domain_id': 'default', 'user_domain_name': 'Default', 'user_id': '5d508c4aa2974cb392693014d4d92b30', 'system': None}, Network: None, Subnet: None, Router: None
2025-04-25 21:00:20.360 70432 INFO tempest.lib.common.dynamic_creds [-] Created isolated network resources for: credentials: Credentials: {'domain_id': 'default', 'domain_name': 'Default', 'username': 'tempest-ServerShowV263Test-1988745477-project-member', 'project_domain_id': 'default', 'project_domain_name': 'Default', 'project_id': '6e7959de0921434e966c3a3a4a969f05', 'project_name': 'tempest-ServerShowV263Test-1988745477', 'tenant_id': '6e7959de0921434e966c3a3a4a969f05', 'tenant_name': 'tempest-ServerShowV263Test-1988745477', 'user_domain_id': 'default', 'user_domain_name': 'Default', 'user_id': '5d508c4aa2974cb392693014d4d92b30', 'system': None}, Network: None, Subnet: None, Router: None
2025-04-25 21:00:20.377 70408 INFO tempest.lib.common.rest_client [req-20f5e02c-cb4a-4912-bf81-4990bd08d127 req-20f5e02c-cb4a-4912-bf81-4990bd08d127 ] Request (QuotasAdminTestV257:setUpClass): 201 POST http://10.180.1.21/identity/v3/auth/tokens 0.076s
2025-04-25 21:00:20.378 70408 WARNING tempest.lib.common.rest_client [-] Deprecated: "tenant_id" property is deprecated for removal, use "project_id" instead
2025-04-25 21:00:20.403 70398 INFO tempest.lib.common.rest_client [req-f7932fe1-b187-4290-a4c8-cf875c652d11 req-f7932fe1-b187-4290-a4c8-cf875c652d11 ] Request (ServersAdminTestJSON:setUpClass): 200 GET http://10.180.1.21/compute/v2.1/servers/c8747a31-7a75-4ccd-b513-fb2a0769b0d9 0.059s
2025-04-25 21:00:20.433 70432 INFO tempest.lib.common.rest_client [req-70871b89-f65c-4477-85d0-be2127cca08d req-70871b89-f65c-4477-85d0-be2127cca08d ] Request (ServerShowV263Test:setUpClass): 201 POST http://10.180.1.21/identity/v3/auth/tokens 0.069s
2025-04-25 21:00:20.440 70408 INFO tempest.lib.common.rest_client [req-b52e82b0-d3ce-4a3c-b89d-f92ff8a49faf req-b52e82b0-d3ce-4a3c-b89d-f92ff8a49faf ] Request (QuotasAdminTestV257:test_get_updated_quotas): 200 GET http://10.180.1.21/identity/v3/domains?name=Default 0.060s
2025-04-25 21:00:20.468 70500 INFO tempest.lib.common.rest_client [req-bc3f6ddc-b5a4-42ed-9dc6-5063b3e66330 req-bc3f6ddc-b5a4-42ed-9dc6-5063b3e66330 ] Request (ServersTestMultiNic:_run_cleanups): 200 GET http://10.180.1.21/compute/v2.1/servers/76462a8c-0691-44db-b556-84c92b97c2f7 0.067s
2025-04-25 21:00:20.475 70408 INFO tempest.lib.common.rest_client [req-78647311-0068-4959-a49e-86f7694d0b9f req-78647311-0068-4959-a49e-86f7694d0b9f ] Request (QuotasAdminTestV257:test_get_updated_quotas): 201 POST http://10.180.1.21/identity/v3/projects 0.034s
2025-04-25 21:00:20.512 70432 INFO tempest.lib.common.rest_client [req-e1cfcbfc-0f9d-4f78-bbee-ec97eafe429f req-e1cfcbfc-0f9d-4f78-bbee-ec97eafe429f ] Request (ServerShowV263Test:setUpClass): 200 GET http://10.180.1.21/identity/v3/projects/6e7959de0921434e966c3a3a4a969f05 0.079s
2025-04-25 21:00:20.513 70432 INFO tempest.lib.common.dynamic_creds [-] Using the existing project 6e7959de0921434e966c3a3a4a969f05 for scope project and roles: ['reader']
2025-04-25 21:00:20.514 70420 INFO tempest.lib.common.rest_client [req-e681bef9-2ed4-4f66-a1bd-677a78f4a4eb req-e681bef9-2ed4-4f66-a1bd-677a78f4a4eb ] Request (ServersAdminNegativeTestJSON:test_migrate_server_invalid_state): 200 GET http://10.180.1.21/compute/v2.1/servers/35f9285c-cb12-45c3-8cb5-b61d10b3c2d4 0.060s
2025-04-25 21:00:20.523 70442 INFO tempest.lib.common.rest_client [req-d9cefa60-ff45-4659-8a50-dd531fd3ebe3 req-d9cefa60-ff45-4659-8a50-dd531fd3ebe3 ] Request (AttachInterfacesUnderV243Test:test_add_remove_fixed_ip): 200 GET http://10.180.1.21/compute/v2.1/servers/11a5b02f-dd55-4a7f-b7b3-53cd90fbdd16/ips 0.029s
2025-04-25 21:00:20.536 70432 INFO tempest.lib.common.rest_client [req-1959dec5-7516-48b8-8740-cfcfbf893da7 req-1959dec5-7516-48b8-8740-cfcfbf893da7 ] Request (ServerShowV263Test:setUpClass): 201 POST http://10.180.1.21/identity/v3/users 0.023s
2025-04-25 21:00:20.540 70408 INFO tempest.lib.common.rest_client [req-b478ec65-11ef-4f54-92e0-f5f8672d1abc req-b478ec65-11ef-4f54-92e0-f5f8672d1abc ] Request (QuotasAdminTestV257:test_get_updated_quotas): 200 GET http://10.180.1.21/identity/v3/domains?name=Default 0.064s
2025-04-25 21:00:20.558 70432 INFO tempest.lib.common.rest_client [req-c9982d94-d116-4f44-8947-a01302eb984d req-c9982d94-d116-4f44-8947-a01302eb984d ] Request (ServerShowV263Test:setUpClass): 200 GET http://10.180.1.21/identity/v3/roles 0.021s
2025-04-25 21:00:20.568 70423 INFO tempest.lib.common.rest_client [req-1dbb4978-216d-4c2c-b737-078e0fea1c47 req-1dbb4978-216d-4c2c-b737-078e0fea1c47 ] Request (ServersTestBootFromVolume:setUpClass): 200 GET http://10.180.1.21/compute/v2.1/servers/251f05bc-7d8b-496a-88a3-1dfe2e7e14f5 0.057s
2025-04-25 21:00:20.585 70432 INFO tempest.lib.common.rest_client [req-53bbe4c4-032b-44f9-8a62-c219e97cbf56 req-53bbe4c4-032b-44f9-8a62-c219e97cbf56 ] Request (ServerShowV263Test:setUpClass): 204 PUT http://10.180.1.21/identity/v3/projects/6e7959de0921434e966c3a3a4a969f05/users/45eedf40eeb0447c872e8cb38ebcbc13/roles/9d1c8b223fca4ac6b02bccde1dee38ce 0.027s
2025-04-25 21:00:20.586 70432 INFO tempest.lib.common.dynamic_creds [-] Dynamic test user 45eedf40eeb0447c872e8cb38ebcbc13 is created with scope project and roles: ['reader']
2025-04-25 21:00:20.586 70432 INFO tempest.lib.common.dynamic_creds [-] Acquired dynamic creds: credentials: Credentials: {'domain_id': 'default', 'domain_name': 'Default', 'username': 'tempest-ServerShowV263Test-1988745477-project-reader', 'project_domain_id': 'default', 'project_domain_name': 'Default', 'project_id': '6e7959de0921434e966c3a3a4a969f05', 'project_name': 'tempest-ServerShowV263Test-1988745477', 'tenant_id': '6e7959de0921434e966c3a3a4a969f05', 'tenant_name': 'tempest-ServerShowV263Test-1988745477', 'user_domain_id': 'default', 'user_domain_name': 'Default', 'user_id': '45eedf40eeb0447c872e8cb38ebcbc13', 'system': None}, Network: None, Subnet: None, Router: None
2025-04-25 21:00:20.586 70432 INFO tempest.lib.common.dynamic_creds [-] Network resources are not created for requested scope: project and credentials: Credentials: {'domain_id': 'default', 'domain_name': 'Default', 'username': 'tempest-ServerShowV263Test-1988745477-project-reader', 'project_domain_id': 'default', 'project_domain_name': 'Default', 'project_id': '6e7959de0921434e966c3a3a4a969f05', 'project_name': 'tempest-ServerShowV263Test-1988745477', 'tenant_id': '6e7959de0921434e966c3a3a4a969f05', 'tenant_name': 'tempest-ServerShowV263Test-1988745477', 'user_domain_id': 'default', 'user_domain_name': 'Default', 'user_id': '45eedf40eeb0447c872e8cb38ebcbc13', 'system': None}, Network: None, Subnet: None, Router: None
2025-04-25 21:00:20.623 70472 INFO tempest.lib.common.rest_client [req-0eb9ec26-616f-4ccf-812a-a620f73fb376 req-0eb9ec26-616f-4ccf-812a-a620f73fb376 ] Request (FloatingIPsAssociationNegativeTestJSON:tearDownClass): 200 GET http://10.180.1.21/compute/v2.1/servers/303bd8c0-555b-4eb4-a5f4-3d6cc2eaf206 0.066s
2025-04-25 21:00:20.655 70432 INFO tempest.lib.common.rest_client [req-a906d422-cdfe-4c8d-92f3-e65767f6b02e req-a906d422-cdfe-4c8d-92f3-e65767f6b02e ] Request (ServerShowV263Test:setUpClass): 201 POST http://10.180.1.21/identity/v3/auth/tokens 0.066s
2025-04-25 21:00:20.675 70496 INFO tempest.lib.common.rest_client [req-bea9e00f-b51e-4220-89c0-3086fb911aa6 req-bea9e00f-b51e-4220-89c0-3086fb911aa6 ] Request (ServerDiskConfigTestJSON:test_rebuild_server_with_manual_disk_config): 200 GET http://10.180.1.21/compute/v2.1/servers/7c09a291-1667-49f1-aa1a-6b08c4516db7 0.108s
2025-04-25 21:00:20.736 70488 INFO tempest.lib.common.rest_client [req-70785da5-29d7-4fc8-bbf9-eaedf5dac223 req-70785da5-29d7-4fc8-bbf9-eaedf5dac223 ] Request (ServerTagsTestJSON:tearDownClass): 200 GET http://10.180.1.21/compute/v2.1/servers/07c3e6db-ea22-480f-b16d-a577ef59284f 0.122s
2025-04-25 21:00:20.757 70408 INFO tempest.lib.common.rest_client [req-e540eb3c-b4cc-4035-863b-4e4d9eb890cd req-e540eb3c-b4cc-4035-863b-4e4d9eb890cd ] Request (QuotasAdminTestV257:test_get_updated_quotas): 200 PUT http://10.180.1.21/compute/v2.1/os-quota-sets/e2d7e05fb1bc4579af3ec9dfe7727533 0.216s
2025-04-25 21:00:20.757 70432 INFO tempest.lib.common.rest_client [req-c4d16e4b-d5d2-4bfa-9231-e1d6dd0a5e68 req-c4d16e4b-d5d2-4bfa-9231-e1d6dd0a5e68 ] Request (ServerShowV263Test:tearDownClass): 204 DELETE http://10.180.1.21/identity/v3/users/5d508c4aa2974cb392693014d4d92b30 0.097s
2025-04-25 21:00:20.814 70490 INFO tempest.lib.common.rest_client [req-e9469f2b-bb06-4d2a-9ae4-0f9eaa092080 req-e9469f2b-bb06-4d2a-9ae4-0f9eaa092080 ] Request (AttachInterfacesV270Test:tearDownClass): 200 GET http://10.180.1.21/compute/v2.1/servers/9424c852-8a39-48a1-8f27-db4dd05059bb 0.179s
2025-04-25 21:00:20.818 70444 INFO tempest.lib.common.rest_client [req-2b30141b-a21a-4ad5-99a9-9332ab06aa79 req-2b30141b-a21a-4ad5-99a9-9332ab06aa79 ] Request (MultipleCreateTestJSON:test_multiple_create): 200 GET http://10.180.1.21/compute/v2.1/servers/b06c2059-7b44-45df-abcd-b99348a86df4 0.147s
2025-04-25 21:00:20.857 70432 INFO tempest.lib.common.rest_client [req-3160827c-3220-4b8b-af3b-5c09eecf45e7 req-3160827c-3220-4b8b-af3b-5c09eecf45e7 ] Request (ServerShowV263Test:tearDownClass): 204 DELETE http://10.180.1.21/identity/v3/users/45eedf40eeb0447c872e8cb38ebcbc13 0.099s
2025-04-25 21:00:20.857 70432 INFO tempest.lib.common.dynamic_creds [-] Deleting project and security group for project: 6e7959de0921434e966c3a3a4a969f05
2025-04-25 21:00:20.920 70432 INFO tempest.lib.common.rest_client [req-ed4c6199-176f-4115-8e01-b982b5cf6ed7 req-ed4c6199-176f-4115-8e01-b982b5cf6ed7 ] Request (ServerShowV263Test:tearDownClass): 201 POST http://10.180.1.21/identity/v3/auth/tokens 0.063s
2025-04-25 21:00:20.989 70408 INFO tempest.lib.common.rest_client [req-bb733926-2210-476d-8e5f-d5d7c56a8cce req-bb733926-2210-476d-8e5f-d5d7c56a8cce ] Request (QuotasAdminTestV257:test_get_updated_quotas): 200 GET http://10.180.1.21/compute/v2.1/os-quota-sets/e2d7e05fb1bc4579af3ec9dfe7727533/detail 0.230s
2025-04-25 21:00:21.023 70408 INFO tempest.lib.common.rest_client [req-b383b206-cc9e-47c9-b9f8-4abc7fd2b7cb req-b383b206-cc9e-47c9-b9f8-4abc7fd2b7cb ] Request (QuotasAdminTestV257:test_get_updated_quotas): 200 GET http://10.180.1.21/identity/v3/domains?name=Default 0.031s
2025-04-25 21:00:21.032 70400 INFO tempest.lib.common.rest_client [req-c8941b6e-5948-4fbd-b632-1c2c8293c979 req-c8941b6e-5948-4fbd-b632-1c2c8293c979 ] Request (ServerAddressesTestJSON:tearDownClass): 200 GET http://10.180.1.21/compute/v2.1/servers/d9957b72-61d0-4280-90c3-effa1cb9fce6 0.078s
2025-04-25 21:00:21.055 70408 INFO tempest.lib.common.rest_client [req-d9b7c0e8-3cac-4728-ba32-fe8f1b690023 req-d9b7c0e8-3cac-4728-ba32-fe8f1b690023 ] Request (QuotasAdminTestV257:test_get_updated_quotas): 201 POST http://10.180.1.21/identity/v3/users 0.031s
2025-04-25 21:00:21.082 70432 INFO tempest.lib.common.rest_client [req-1bc449b4-adef-4f22-b4a6-acb1e79e7de9 req-1bc449b4-adef-4f22-b4a6-acb1e79e7de9 ] Request (ServerShowV263Test:tearDownClass): 200 GET http://10.180.1.21:9696/networking/v2.0/security-groups?tenant_id=6e7959de0921434e966c3a3a4a969f05&name=default 0.162s
2025-04-25 21:00:21.083 70408 INFO tempest.lib.common.rest_client [req-772844e2-1ea3-48f0-adcd-3303878c2ebe req-772844e2-1ea3-48f0-adcd-3303878c2ebe ] Request (QuotasAdminTestV257:test_get_updated_quotas): 200 GET http://10.180.1.21/identity/v3/domains?name=Default 0.028s
2025-04-25 21:00:21.162 70432 INFO tempest.lib.common.rest_client [req-901d586f-1351-40bc-9f71-c4ed8907fef6 req-901d586f-1351-40bc-9f71-c4ed8907fef6 ] Request (ServerShowV263Test:tearDownClass): 204 DELETE http://10.180.1.21:9696/networking/v2.0/security-groups/a31eb21d-a2d8-4929-a62f-5c5f582697a3 0.079s
2025-04-25 21:00:21.226 70432 INFO tempest.lib.common.rest_client [req-c4c075a8-fc85-4527-bd95-5410fb6fe789 req-c4c075a8-fc85-4527-bd95-5410fb6fe789 ] Request (ServerShowV263Test:tearDownClass): 204 DELETE http://10.180.1.21/identity/v3/projects/6e7959de0921434e966c3a3a4a969f05 0.064s
2025-04-25 21:00:21.327 70402 INFO tempest.lib.common.rest_client [req-4f502e24-e703-4e3d-a65b-6a6c32f86dae req-4f502e24-e703-4e3d-a65b-6a6c32f86dae ] Request (FloatingIPsAssociationTestJSON:test_associate_already_associated_floating_ip): 200 GET http://10.180.1.21/compute/v2.1/servers/ed0df3fa-1cc4-4a88-b1cc-2edf3b2dcdb9 0.261s
2025-04-25 21:00:21.420 70482 INFO tempest.lib.common.rest_client [req-e5bb077c-2d2b-4451-8cd0-fce00d107584 req-e5bb077c-2d2b-4451-8cd0-fce00d107584 ] Request (MigrationsAdminTest:test_list_migrations_in_flavor_resize_situation): 200 GET http://10.180.1.21/compute/v2.1/servers/eca5f46e-6d82-499a-b5a2-018e49f3f933 0.420s
2025-04-25 21:00:21.425 70414 INFO tempest.lib.common.rest_client [req-57248845-5179-4927-94a9-0c7499e53e42 req-57248845-5179-4927-94a9-0c7499e53e42 ] Request (ServerRescueTestJSON:setUpClass): 200 GET http://10.180.1.21/compute/v2.1/servers/844c678b-6d1e-401a-9989-f4d7d90f262e 0.342s
2025-04-25 21:00:21.517 70440 INFO tempest.lib.common.rest_client [req-2f323301-c86b-4ffd-b856-849e8ed91e65 req-2f323301-c86b-4ffd-b856-849e8ed91e65 ] Request (AttachInterfacesTestJSON:test_create_list_show_delete_interfaces_by_fixed_ip): 200 GET http://10.180.1.21/compute/v2.1/servers/a94ee314-5698-4a1f-b1f0-fd6e7cd056de/os-interface 0.359s
2025-04-25 21:00:21.533 70476 WARNING tempest.lib.common.ssh [-] Failed to establish authenticated ssh connection to cirros@10.180.180.251 ([Errno None] Unable to connect to port 22 on 10.180.180.251). Number attempts: 1. Retry after 2 seconds.: paramiko.ssh_exception.NoValidConnectionsError: [Errno None] Unable to connect to port 22 on 10.180.180.251
2025-04-25 21:00:21.578 70478 INFO tempest.lib.common.rest_client [req-21a7583d-75b7-47ad-936c-c913f97c1a9e req-21a7583d-75b7-47ad-936c-c913f97c1a9e ] Request (ServerShowV247Test:test_update_rebuild_list_server): 200 GET http://10.180.1.21/compute/v2.1/servers/962c568b-ddb8-40bb-bdeb-99019be084cc 0.417s
2025-04-25 21:00:21.598 70408 INFO tempest.lib.common.rest_client [req-0b0ea8b9-1c97-46f3-89d5-ae5a7e0eeaaa req-0b0ea8b9-1c97-46f3-89d5-ae5a7e0eeaaa ] Request (QuotasAdminTestV257:test_get_updated_quotas): 200 PUT http://10.180.1.21/compute/v2.1/os-quota-sets/e2d7e05fb1bc4579af3ec9dfe7727533?user_id=c77f6c491f61412d8a0da8bd910a8c85 0.514s
2025-04-25 21:00:21.657 70480 INFO tempest.lib.common.rest_client [req-04a17728-3475-4659-bbc8-facfe84ab46e req-04a17728-3475-4659-bbc8-facfe84ab46e ] Request (ServerShowV257Test:test_rebuild_server): 200 GET http://10.180.1.21/compute/v2.1/servers/279f0831-5845-4a1a-b70e-48efbc4bc6c6 0.437s
2025-04-25 21:00:21.671 70410 INFO tempest.lib.common.rest_client [req-a845ebdd-ca7d-4f57-82fd-9392ab3f3a97 req-a845ebdd-ca7d-4f57-82fd-9392ab3f3a97 ] Request (AttachVolumeTestJSON:test_attach_detach_volume): 200 GET http://10.180.1.21/compute/v2.1/servers/a6ad6fe7-22f0-405e-8e5f-6e56325049a8 0.449s
2025-04-25 21:00:21.708 70418 INFO tempest.lib.common.rest_client [req-dd5b3a40-d640-4906-965e-c923c0bcbb9a req-dd5b3a40-d640-4906-965e-c923c0bcbb9a ] Request (ListServerFiltersTestJSON:setUpClass): 200 GET http://10.180.1.21/compute/v2.1/servers/af089f7b-dc31-4722-93a2-a2dbc9ff557e 0.421s
2025-04-25 21:00:21.741 70436 INFO tempest.lib.common.rest_client [req-078e5ce6-2f3e-4094-8e91-319616e792d7 req-078e5ce6-2f3e-4094-8e91-319616e792d7 ] Request (ServersAdmin275Test:test_rebuild_update_server_275): 200 GET http://10.180.1.21/compute/v2.1/servers/70185831-3921-4fbf-8382-b6098f340372 0.406s
2025-04-25 21:00:21.771 70404 INFO tempest.lib.common.rest_client [req-808c4017-a47f-42a1-b004-cbd0e15dfc61 req-808c4017-a47f-42a1-b004-cbd0e15dfc61 ] Request (ImagesOneServerNegativeTestJSON:setUpClass): 200 GET http://10.180.1.21/compute/v2.1/servers/30be86a3-ab72-49b8-80f3-353cc9a4bd68 0.419s
2025-04-25 21:00:21.799 70398 INFO tempest.lib.common.rest_client [req-c352bb96-fc19-4034-b57d-44517ad09e6a req-c352bb96-fc19-4034-b57d-44517ad09e6a ] Request (ServersAdminTestJSON:setUpClass): 200 GET http://10.180.1.21/compute/v2.1/servers/c8747a31-7a75-4ccd-b513-fb2a0769b0d9 0.386s
2025-04-25 21:00:21.831 70500 INFO tempest.lib.common.rest_client [req-acd08996-1cf2-439f-ab8b-fdceb8960602 req-acd08996-1cf2-439f-ab8b-fdceb8960602 ] Request (ServersTestMultiNic:_run_cleanups): 200 GET http://10.180.1.21/compute/v2.1/servers/76462a8c-0691-44db-b556-84c92b97c2f7 0.348s
2025-04-25 21:00:21.847 70420 INFO tempest.lib.common.rest_client [req-4f3152b4-bad6-40da-99ec-81823f4169e9 req-4f3152b4-bad6-40da-99ec-81823f4169e9 ] Request (ServersAdminNegativeTestJSON:test_migrate_server_invalid_state): 200 GET http://10.180.1.21/compute/v2.1/servers/35f9285c-cb12-45c3-8cb5-b61d10b3c2d4 0.323s
2025-04-25 21:00:21.853 70442 INFO tempest.lib.common.rest_client [req-161416a7-7c21-486e-807e-97d8a22b970b req-161416a7-7c21-486e-807e-97d8a22b970b ] Request (AttachInterfacesUnderV243Test:test_add_remove_fixed_ip): 200 GET http://10.180.1.21/compute/v2.1/servers/11a5b02f-dd55-4a7f-b7b3-53cd90fbdd16/ips 0.326s
2025-04-25 21:00:21.895 70423 INFO tempest.lib.common.rest_client [req-4c81e23a-551a-41db-87ca-b1d231f5a692 req-4c81e23a-551a-41db-87ca-b1d231f5a692 ] Request (ServersTestBootFromVolume:setUpClass): 200 GET http://10.180.1.21/compute/v2.1/servers/251f05bc-7d8b-496a-88a3-1dfe2e7e14f5 0.318s
2025-04-25 21:00:21.902 70408 INFO tempest.lib.common.rest_client [req-c56869ed-d217-4146-bc04-76e1021774e3 req-c56869ed-d217-4146-bc04-76e1021774e3 ] Request (QuotasAdminTestV257:test_get_updated_quotas): 200 GET http://10.180.1.21/compute/v2.1/os-quota-sets/e2d7e05fb1bc4579af3ec9dfe7727533?user_id=c77f6c491f61412d8a0da8bd910a8c85 0.303s
2025-04-25 21:00:21.958 70472 INFO tempest.lib.common.rest_client [req-241fdad9-d4d2-4e3a-844a-4e5134bda4b0 req-241fdad9-d4d2-4e3a-844a-4e5134bda4b0 ] Request (FloatingIPsAssociationNegativeTestJSON:tearDownClass): 200 GET http://10.180.1.21/compute/v2.1/servers/303bd8c0-555b-4eb4-a5f4-3d6cc2eaf206 0.326s
2025-04-25 21:00:21.958 70496 INFO tempest.lib.common.rest_client [req-a9714dee-e0f8-4b51-a1c7-aa1be086c038 req-a9714dee-e0f8-4b51-a1c7-aa1be086c038 ] Request (ServerDiskConfigTestJSON:test_rebuild_server_with_manual_disk_config): 200 GET http://10.180.1.21/compute/v2.1/servers/7c09a291-1667-49f1-aa1a-6b08c4516db7 0.274s
2025-04-25 21:00:21.965 70496 INFO tempest.common.waiters [-] State transition "BUILD/None" ==> "BUILD/networking" after 54 second wait
2025-04-25 21:00:21.973 70408 INFO tempest.lib.common.rest_client [req-98310df7-cdfe-4271-be5d-44e150ee6bd4 req-98310df7-cdfe-4271-be5d-44e150ee6bd4 ] Request (QuotasAdminTestV257:_run_cleanups): 204 DELETE http://10.180.1.21/identity/v3/users/c77f6c491f61412d8a0da8bd910a8c85 0.069s
2025-04-25 21:00:22.011 70488 INFO tempest.lib.common.rest_client [req-e45b7233-23a0-47a8-930a-d0b2c38ba905 req-e45b7233-23a0-47a8-930a-d0b2c38ba905 ] Request (ServerTagsTestJSON:tearDownClass): 200 GET http://10.180.1.21/compute/v2.1/servers/07c3e6db-ea22-480f-b16d-a577ef59284f 0.265s
2025-04-25 21:00:22.032 70490 INFO tempest.lib.common.rest_client [req-5edb3912-081d-4adf-b4b8-160b1ad70865 req-5edb3912-081d-4adf-b4b8-160b1ad70865 ] Request (AttachInterfacesV270Test:tearDownClass): 200 GET http://10.180.1.21/compute/v2.1/servers/9424c852-8a39-48a1-8f27-db4dd05059bb 0.208s
2025-04-25 21:00:22.054 70408 INFO tempest.lib.common.rest_client [req-3bd897d1-63bf-4c90-a2c3-51d47073b488 req-3bd897d1-63bf-4c90-a2c3-51d47073b488 ] Request (QuotasAdminTestV257:_run_cleanups): 204 DELETE http://10.180.1.21/identity/v3/projects/e2d7e05fb1bc4579af3ec9dfe7727533 0.080s
2025-04-25 21:00:22.057 70444 INFO tempest.lib.common.rest_client [req-e6b08e52-51b9-4853-b49b-c9d8a749115d req-e6b08e52-51b9-4853-b49b-c9d8a749115d ] Request (MultipleCreateTestJSON:test_multiple_create): 200 GET http://10.180.1.21/compute/v2.1/servers/b06c2059-7b44-45df-abcd-b99348a86df4 0.231s
2025-04-25 21:00:22.094 70400 INFO tempest.lib.common.rest_client [req-7537b0fa-bb26-4d8b-8215-67056ae0f0db req-7537b0fa-bb26-4d8b-8215-67056ae0f0db ] Request (ServerAddressesTestJSON:tearDownClass): 200 GET http://10.180.1.21/compute/v2.1/servers/d9957b72-61d0-4280-90c3-effa1cb9fce6 0.055s
2025-04-25 21:00:22.106 70406 WARNING tempest.lib.common.ssh [-] Failed to establish authenticated ssh connection to cirros@10.180.180.174 ([Errno None] Unable to connect to port 22 on 10.180.180.174). Number attempts: 5. Retry after 6 seconds.: paramiko.ssh_exception.NoValidConnectionsError: [Errno None] Unable to connect to port 22 on 10.180.180.174
2025-04-25 21:00:22.172 70408 INFO tempest.lib.common.rest_client [req-e5c3eb89-04c9-4f28-9b7f-cb2b353566e5 req-e5c3eb89-04c9-4f28-9b7f-cb2b353566e5 ] Request (QuotasAdminTestV257:tearDownClass): 204 DELETE http://10.180.1.21/identity/v3/users/dedb40e3a3a04a7191785f5db02a4ed9 0.116s
2025-04-25 21:00:22.271 70408 INFO tempest.lib.common.rest_client [req-a9a86ffb-88dd-49d6-b466-922344957b12 req-a9a86ffb-88dd-49d6-b466-922344957b12 ] Request (QuotasAdminTestV257:tearDownClass): 204 DELETE http://10.180.1.21/identity/v3/users/0f00973698364e84a9dee77970d78b26 0.099s
2025-04-25 21:00:22.271 70408 INFO tempest.lib.common.dynamic_creds [-] Deleting project and security group for project: cf4796c6463b4e788af80723a94b320d
2025-04-25 21:00:22.337 70408 INFO tempest.lib.common.rest_client [req-d63eca2b-731f-4fe2-b241-c8d8871bb6fb req-d63eca2b-731f-4fe2-b241-c8d8871bb6fb ] Request (QuotasAdminTestV257:tearDownClass): 201 POST http://10.180.1.21/identity/v3/auth/tokens 0.066s
2025-04-25 21:00:22.433 70402 INFO tempest.lib.common.rest_client [req-e849e834-444d-4515-bb0d-39bf9f8149d1 req-e849e834-444d-4515-bb0d-39bf9f8149d1 ] Request (FloatingIPsAssociationTestJSON:test_associate_already_associated_floating_ip): 200 GET http://10.180.1.21/compute/v2.1/servers/ed0df3fa-1cc4-4a88-b1cc-2edf3b2dcdb9 0.092s
2025-04-25 21:00:22.532 70414 INFO tempest.lib.common.rest_client [req-c3864cc1-2ba3-4918-939e-154a4a64d4a1 req-c3864cc1-2ba3-4918-939e-154a4a64d4a1 ] Request (ServerRescueTestJSON:setUpClass): 200 GET http://10.180.1.21/compute/v2.1/servers/844c678b-6d1e-401a-9989-f4d7d90f262e 0.096s
2025-04-25 21:00:22.693 70440 INFO tempest.lib.common.rest_client [req-5752ef45-bb84-4cf9-a0ad-9148ef106b5b req-5752ef45-bb84-4cf9-a0ad-9148ef106b5b ] Request (AttachInterfacesTestJSON:test_create_list_show_delete_interfaces_by_fixed_ip): 200 GET http://10.180.1.21/compute/v2.1/servers/a94ee314-5698-4a1f-b1f0-fd6e7cd056de/os-interface 0.173s
2025-04-25 21:00:22.791 70478 INFO tempest.lib.common.rest_client [req-c3bfbe37-97e6-40e8-8a73-1ff666247b84 req-c3bfbe37-97e6-40e8-8a73-1ff666247b84 ] Request (ServerShowV247Test:test_update_rebuild_list_server): 200 GET http://10.180.1.21/compute/v2.1/servers/962c568b-ddb8-40bb-bdeb-99019be084cc 0.203s
2025-04-25 21:00:22.802 70482 INFO tempest.lib.common.rest_client [req-21365d48-8066-4544-adbc-c81cf02b0067 req-21365d48-8066-4544-adbc-c81cf02b0067 ] Request (MigrationsAdminTest:test_list_migrations_in_flavor_resize_situation): 200 GET http://10.180.1.21/compute/v2.1/servers/eca5f46e-6d82-499a-b5a2-018e49f3f933 0.367s
2025-04-25 21:00:22.809 70408 INFO tempest.lib.common.rest_client [req-e736ff28-0ad6-4b78-9b3e-a0b706821c95 req-e736ff28-0ad6-4b78-9b3e-a0b706821c95 ] Request (QuotasAdminTestV257:tearDownClass): 200 GET http://10.180.1.21:9696/networking/v2.0/security-groups?tenant_id=cf4796c6463b4e788af80723a94b320d&name=default 0.471s
2025-04-25 21:00:22.864 70480 INFO tempest.lib.common.rest_client [req-f4c39105-e928-4674-88aa-43a9d39dd1a2 req-f4c39105-e928-4674-88aa-43a9d39dd1a2 ] Request (ServerShowV257Test:test_rebuild_server): 200 GET http://10.180.1.21/compute/v2.1/servers/279f0831-5845-4a1a-b70e-48efbc4bc6c6 0.196s
2025-04-25 21:00:22.875 70410 INFO tempest.lib.common.rest_client [req-d3451057-412a-476f-81d2-bdeb62f27f1e req-d3451057-412a-476f-81d2-bdeb62f27f1e ] Request (AttachVolumeTestJSON:test_attach_detach_volume): 200 GET http://10.180.1.21/compute/v2.1/servers/a6ad6fe7-22f0-405e-8e5f-6e56325049a8 0.192s
2025-04-25 21:00:22.917 70408 INFO tempest.lib.common.rest_client [req-297213a4-0089-4df3-b872-29d6cad8ad67 req-297213a4-0089-4df3-b872-29d6cad8ad67 ] Request (QuotasAdminTestV257:tearDownClass): 204 DELETE http://10.180.1.21:9696/networking/v2.0/security-groups/169d817c-5ec1-487b-9b00-ab8556dc9b53 0.107s
2025-04-25 21:00:22.926 70418 INFO tempest.lib.common.rest_client [req-6c97d4f3-ce41-4025-b4ce-4e86f657cdc6 req-6c97d4f3-ce41-4025-b4ce-4e86f657cdc6 ] Request (ListServerFiltersTestJSON:setUpClass): 200 GET http://10.180.1.21/compute/v2.1/servers/af089f7b-dc31-4722-93a2-a2dbc9ff557e 0.210s
2025-04-25 21:00:22.949 70436 INFO tempest.lib.common.rest_client [req-b4daaa9a-fd28-487e-a5c8-8b1d3885ae0e req-b4daaa9a-fd28-487e-a5c8-8b1d3885ae0e ] Request (ServersAdmin275Test:test_rebuild_update_server_275): 200 GET http://10.180.1.21/compute/v2.1/servers/70185831-3921-4fbf-8382-b6098f340372 0.198s
2025-04-25 21:00:22.996 70408 INFO tempest.lib.common.rest_client [req-911a6248-2f4d-46f4-b897-f8580cab68cb req-911a6248-2f4d-46f4-b897-f8580cab68cb ] Request (QuotasAdminTestV257:tearDownClass): 204 DELETE http://10.180.1.21/identity/v3/projects/cf4796c6463b4e788af80723a94b320d 0.079s
2025-04-25 21:00:22.997 70408 INFO tempest.lib.common.dynamic_creds [-] Deleting project and security group for project: 330e1551884d4314a0ede7f821c1718d
2025-04-25 21:00:23.001 70404 INFO tempest.lib.common.rest_client [req-f2224c19-7b81-469d-840c-c2ce8fbc6eb7 req-f2224c19-7b81-469d-840c-c2ce8fbc6eb7 ] Request (ImagesOneServerNegativeTestJSON:setUpClass): 200 GET http://10.180.1.21/compute/v2.1/servers/30be86a3-ab72-49b8-80f3-353cc9a4bd68 0.220s
2025-04-25 21:00:23.015 70398 INFO tempest.lib.common.rest_client [req-3e57654e-ae5a-432a-b7f9-d9e835cec023 req-3e57654e-ae5a-432a-b7f9-d9e835cec023 ] Request (ServersAdminTestJSON:setUpClass): 200 GET http://10.180.1.21/compute/v2.1/servers/c8747a31-7a75-4ccd-b513-fb2a0769b0d9 0.206s
2025-04-25 21:00:23.078 70420 INFO tempest.lib.common.rest_client [req-f6fc9152-b8b1-4ad4-993d-90f82673ba6e req-f6fc9152-b8b1-4ad4-993d-90f82673ba6e ] Request (ServersAdminNegativeTestJSON:test_migrate_server_invalid_state): 200 GET http://10.180.1.21/compute/v2.1/servers/35f9285c-cb12-45c3-8cb5-b61d10b3c2d4 0.223s
2025-04-25 21:00:23.086 70500 INFO tempest.lib.common.rest_client [req-f3080fa8-1f0d-4599-90b2-1bd2040b559f req-f3080fa8-1f0d-4599-90b2-1bd2040b559f ] Request (ServersTestMultiNic:_run_cleanups): 200 GET http://10.180.1.21/compute/v2.1/servers/76462a8c-0691-44db-b556-84c92b97c2f7 0.243s
2025-04-25 21:00:23.102 70408 INFO tempest.lib.common.rest_client [req-5642ef94-eb15-4f9c-b51e-113d837dbc05 req-5642ef94-eb15-4f9c-b51e-113d837dbc05 ] Request (QuotasAdminTestV257:tearDownClass): 200 GET http://10.180.1.21:9696/networking/v2.0/security-groups?tenant_id=330e1551884d4314a0ede7f821c1718d&name=default 0.105s
2025-04-25 21:00:23.108 70442 INFO tempest.lib.common.rest_client [req-030d2a62-b8bc-47a3-b367-d3d489f14808 req-030d2a62-b8bc-47a3-b367-d3d489f14808 ] Request (AttachInterfacesUnderV243Test:test_add_remove_fixed_ip): 200 GET http://10.180.1.21/compute/v2.1/servers/11a5b02f-dd55-4a7f-b7b3-53cd90fbdd16/ips 0.252s
2025-04-25 21:00:23.130 70396 WARNING tempest.lib.common.ssh [-] Failed to establish authenticated ssh connection to cirros@10.180.180.166 ([Errno None] Unable to connect to port 22 on 10.180.180.166). Number attempts: 9. Retry after 10 seconds.: paramiko.ssh_exception.NoValidConnectionsError: [Errno None] Unable to connect to port 22 on 10.180.180.166
2025-04-25 21:00:23.140 70423 INFO tempest.lib.common.rest_client [req-7b3ce87c-66c6-4442-ba33-7731dee6594f req-7b3ce87c-66c6-4442-ba33-7731dee6594f ] Request (ServersTestBootFromVolume:setUpClass): 200 GET http://10.180.1.21/compute/v2.1/servers/251f05bc-7d8b-496a-88a3-1dfe2e7e14f5 0.235s
2025-04-25 21:00:23.177 70408 INFO tempest.lib.common.rest_client [req-ce8c5965-29a9-4186-88c1-b9427d865da9 req-ce8c5965-29a9-4186-88c1-b9427d865da9 ] Request (QuotasAdminTestV257:tearDownClass): 204 DELETE http://10.180.1.21:9696/networking/v2.0/security-groups/a7049d85-e5e4-40fe-9cda-0c4dcbbd9b81 0.074s
