2025-04-25 21:59:19.095 70837 INFO tempest.lib.common.rest_client [req-c9ca3cd6-0705-49f3-954c-e06c454ff42c req-c9ca3cd6-0705-49f3-954c-e06c454ff42c ] Request (ServerExternalEventsTest:setUpClass): 201 POST http://10.180.1.21/identity/v3/users 0.172s
2025-04-25 21:59:19.118 70828 INFO tempest.lib.common.rest_client [req-e020fb0a-7861-490b-87b6-d685612f76e9 req-e020fb0a-7861-490b-87b6-d685612f76e9 ] Request (QuotasAdminTestJSON:setUpClass): 200 GET http://10.180.1.21/identity/v3/roles 0.128s
2025-04-25 21:59:19.125 70826 INFO tempest.lib.common.rest_client [req-2f50cd9b-4867-4c9a-9bae-71065ac9a796 req-2f50cd9b-4867-4c9a-9bae-71065ac9a796 ] Request (FlavorsAccessNegativeTestJSON:_run_cleanups): 200 POST http://10.180.1.21/compute/v2.1/flavors/1672333281/action 1.347s
2025-04-25 21:59:19.130 70837 INFO tempest.lib.common.rest_client [req-fff0cd4f-3205-4bc6-a27d-1951de663a83 req-fff0cd4f-3205-4bc6-a27d-1951de663a83 ] Request (ServerExternalEventsTest:setUpClass): 200 GET http://10.180.1.21/identity/v3/roles 0.035s
2025-04-25 21:59:19.131 70842 INFO tempest.lib.common.rest_client [req-02a639d7-62dc-43af-a863-e0beb47a176c req-02a639d7-62dc-43af-a863-e0beb47a176c ] Request (AggregatesAdminNegativeTestJSON:_run_cleanups): 200 POST http://10.180.1.21/compute/v2.1/os-aggregates/1/action 1.187s
2025-04-25 21:59:19.144 70828 INFO tempest.lib.common.rest_client [req-fec061b7-22e9-4238-9802-335afb48bd8e req-fec061b7-22e9-4238-9802-335afb48bd8e ] Request (QuotasAdminTestJSON:setUpClass): 204 PUT http://10.180.1.21/identity/v3/projects/b275493d97f249e983a9cd1d9beef564/users/7cf6fcde8690400988860509846d9bb0/roles/d043bf7351424a23ae74f88136d5fb1a 0.025s
2025-04-25 21:59:19.144 70828 INFO tempest.lib.common.dynamic_creds [-] Dynamic test user 7cf6fcde8690400988860509846d9bb0 is created with scope project and roles: ['admin']
2025-04-25 21:59:19.144 70828 INFO tempest.lib.common.dynamic_creds [-] Acquired dynamic creds: credentials: Credentials: {'domain_id': 'default', 'domain_name': 'Default', 'username': 'tempest-QuotasAdminTestJSON-802524263-project-admin', 'project_domain_id': 'default', 'project_domain_name': 'Default', 'project_id': 'b275493d97f249e983a9cd1d9beef564', 'project_name': 'tempest-QuotasAdminTestJSON-802524263', 'tenant_id': 'b275493d97f249e983a9cd1d9beef564', 'tenant_name': 'tempest-QuotasAdminTestJSON-802524263', 'user_domain_id': 'default', 'user_domain_name': 'Default', 'user_id': '7cf6fcde8690400988860509846d9bb0', 'system': None}, Network: None, Subnet: None, Router: None
2025-04-25 21:59:19.145 70828 INFO tempest.lib.common.dynamic_creds [-] Created isolated network resources for: credentials: Credentials: {'domain_id': 'default', 'domain_name': 'Default', 'username': 'tempest-QuotasAdminTestJSON-802524263-project-admin', 'project_domain_id': 'default', 'project_domain_name': 'Default', 'project_id': 'b275493d97f249e983a9cd1d9beef564', 'project_name': 'tempest-QuotasAdminTestJSON-802524263', 'tenant_id': 'b275493d97f249e983a9cd1d9beef564', 'tenant_name': 'tempest-QuotasAdminTestJSON-802524263', 'user_domain_id': 'default', 'user_domain_name': 'Default', 'user_id': '7cf6fcde8690400988860509846d9bb0', 'system': None}, Network: None, Subnet: None, Router: None
2025-04-25 21:59:19.187 70840 INFO tempest.lib.common.rest_client [req-6e79d15b-c080-4008-adc5-19c8eb8dc527 req-6e79d15b-c080-4008-adc5-19c8eb8dc527 ] Request (HypervisorAdminUnderV252Test:tearDownClass): 200 GET http://10.180.1.21:9696/networking/v2.0/security-groups?tenant_id=dbba5dd24c234b48a5ecf6c1657a1fe2&name=default 0.740s
2025-04-25 21:59:19.195 70837 INFO tempest.lib.common.rest_client [req-29d34e5a-9b06-4310-90f7-26c92416b85e req-29d34e5a-9b06-4310-90f7-26c92416b85e ] Request (ServerExternalEventsTest:setUpClass): 204 PUT http://10.180.1.21/identity/v3/projects/ede354c352a5421a8549a28a194dd2b9/users/c46c5bd42b784446afdece8799a3ff3e/roles/d043bf7351424a23ae74f88136d5fb1a 0.064s
2025-04-25 21:59:19.258 70828 INFO tempest.lib.common.rest_client [req-12e7dff8-f997-44f5-8eb5-c39569fbf48e req-12e7dff8-f997-44f5-8eb5-c39569fbf48e ] Request (QuotasAdminTestJSON:setUpClass): 201 POST http://10.180.1.21/identity/v3/auth/tokens 0.109s
2025-04-25 21:59:19.259 70828 WARNING tempest.lib.common.rest_client [-] Deprecated: "tenant_id" property is deprecated for removal, use "project_id" instead
2025-04-25 21:59:19.283 70870 INFO tempest.lib.common.rest_client [req-64fc26c1-0097-4acc-b2b6-c1debe5e3de9 req-64fc26c1-0097-4acc-b2b6-c1debe5e3de9 ] Request (QuotasAdminTestV236:test_get_updated_quotas): 200 GET http://10.180.1.21/compute/v2.1/os-quota-sets/f39318fc25c64cd0b3728de605577d39?user_id=59f691fdd9d14290b5fe06f878a481e8 1.123s
2025-04-25 21:59:19.310 70818 INFO tempest.lib.common.rest_client [req-0ccb43b0-16f7-44d8-8a1f-ddcba386fcb6 req-0ccb43b0-16f7-44d8-8a1f-ddcba386fcb6 ] Request (KeyPairsV210TestJSON:test_admin_manage_keypairs_for_other_users): 201 POST http://10.180.1.21/compute/v2.1/os-keypairs 1.135s
2025-04-25 21:59:19.311 70837 INFO tempest.lib.common.rest_client [req-b10bf264-5190-4345-81c4-a639205a0a7c req-b10bf264-5190-4345-81c4-a639205a0a7c ] Request (ServerExternalEventsTest:setUpClass): 200 GET http://10.180.1.21/identity/v3/roles 0.116s
2025-04-25 21:59:19.330 70837 INFO tempest.lib.common.rest_client [req-a0dc49fc-a5aa-449e-a140-3ec618ffa5b1 req-a0dc49fc-a5aa-449e-a140-3ec618ffa5b1 ] Request (ServerExternalEventsTest:setUpClass): 204 PUT http://10.180.1.21/identity/v3/projects/ede354c352a5421a8549a28a194dd2b9/users/c46c5bd42b784446afdece8799a3ff3e/roles/d043bf7351424a23ae74f88136d5fb1a 0.016s
2025-04-25 21:59:19.330 70837 INFO tempest.lib.common.dynamic_creds [-] Dynamic test user c46c5bd42b784446afdece8799a3ff3e is created with scope project and roles: ['admin']
2025-04-25 21:59:19.330 70837 INFO tempest.lib.common.dynamic_creds [-] Acquired dynamic creds: credentials: Credentials: {'domain_id': 'default', 'domain_name': 'Default', 'username': 'tempest-ServerExternalEventsTest-905985317-project-admin', 'project_domain_id': 'default', 'project_domain_name': 'Default', 'project_id': 'ede354c352a5421a8549a28a194dd2b9', 'project_name': 'tempest-ServerExternalEventsTest-905985317', 'tenant_id': 'ede354c352a5421a8549a28a194dd2b9', 'tenant_name': 'tempest-ServerExternalEventsTest-905985317', 'user_domain_id': 'default', 'user_domain_name': 'Default', 'user_id': 'c46c5bd42b784446afdece8799a3ff3e', 'system': None}, Network: None, Subnet: None, Router: None
2025-04-25 21:59:19.330 70837 INFO tempest.lib.common.dynamic_creds [-] Created isolated network resources for: credentials: Credentials: {'domain_id': 'default', 'domain_name': 'Default', 'username': 'tempest-ServerExternalEventsTest-905985317-project-admin', 'project_domain_id': 'default', 'project_domain_name': 'Default', 'project_id': 'ede354c352a5421a8549a28a194dd2b9', 'project_name': 'tempest-ServerExternalEventsTest-905985317', 'tenant_id': 'ede354c352a5421a8549a28a194dd2b9', 'tenant_name': 'tempest-ServerExternalEventsTest-905985317', 'user_domain_id': 'default', 'user_domain_name': 'Default', 'user_id': 'c46c5bd42b784446afdece8799a3ff3e', 'system': None}, Network: None, Subnet: None, Router: None
2025-04-25 21:59:19.333 70850 INFO tempest.lib.common.rest_client [req-eff6d755-247f-4915-84e2-b7cbca20c270 req-eff6d755-247f-4915-84e2-b7cbca20c270 ] Request (ServicesAdminNegativeTestJSON:test_get_service_with_valid_service_and_invalid_host): 200 GET http://10.180.1.21/compute/v2.1/os-services 1.146s
2025-04-25 21:59:19.341 70822 INFO tempest.lib.common.rest_client [req-58f00f08-922d-4c15-a73f-4536df650124 req-58f00f08-922d-4c15-a73f-4536df650124 ] Request (KeyPairsV22TestJSON:test_get_keypair_detail): 200 GET http://10.180.1.21/compute/v2.1/os-keypairs/tempest-keypair-1009096117 0.963s
2025-04-25 21:59:19.359 70814 INFO tempest.lib.common.rest_client [req-e564f03e-e9fb-4a84-845d-ae3ed609f147 req-e564f03e-e9fb-4a84-845d-ae3ed609f147 ] Request (FlavorsV255TestJSON:_run_cleanups): 202 DELETE http://10.180.1.21/compute/v2.1/flavors/1102326204 0.925s
2025-04-25 21:59:19.360 70870 INFO tempest.lib.common.rest_client [req-d32b0ff7-887a-4636-a1a4-ea7627b83661 req-d32b0ff7-887a-4636-a1a4-ea7627b83661 ] Request (QuotasAdminTestV236:_run_cleanups): 204 DELETE http://10.180.1.21/identity/v3/users/59f691fdd9d14290b5fe06f878a481e8 0.074s
2025-04-25 21:59:19.383 70832 INFO tempest.lib.common.rest_client [req-dd096105-cb14-4c74-8e92-1240e28d287a req-dd096105-cb14-4c74-8e92-1240e28d287a ] Request (FlavorsExtraSpecsNegativeTestJSON:test_flavor_non_admin_update_specific_key): 200 POST http://10.180.1.21/compute/v2.1/flavors/1320252349/os-extra_specs 0.943s
2025-04-25 21:59:19.406 70844 INFO tempest.lib.common.rest_client [req-c5b667ba-7e41-4cfd-a6ed-af5fa7afc3a9 req-c5b667ba-7e41-4cfd-a6ed-af5fa7afc3a9 ] Request (FlavorsV261TestJSON:test_crud_flavor): 200 GET http://10.180.1.21/compute/v2.1/flavors 0.908s
2025-04-25 21:59:19.409 70837 INFO tempest.lib.common.rest_client [req-7c6b0ce0-667f-4225-be4a-f7b631a38f78 req-7c6b0ce0-667f-4225-be4a-f7b631a38f78 ] Request (ServerExternalEventsTest:setUpClass): 201 POST http://10.180.1.21/identity/v3/auth/tokens 0.076s
2025-04-25 21:59:19.451 70870 INFO tempest.lib.common.rest_client [req-2435e686-ac9f-4a64-8103-1051d0f6f4d7 req-2435e686-ac9f-4a64-8103-1051d0f6f4d7 ] Request (QuotasAdminTestV236:_run_cleanups): 204 DELETE http://10.180.1.21/identity/v3/projects/f39318fc25c64cd0b3728de605577d39 0.090s
2025-04-25 21:59:19.459 70852 INFO tempest.lib.common.rest_client [req-8179bc67-4e06-41e2-9371-c9cf68549490 req-8179bc67-4e06-41e2-9371-c9cf68549490 ] Request (DeleteServersAdminTestJSON:test_admin_delete_servers_of_others): 200 GET http://10.180.1.21/compute/v2.1/servers/c5f5f913-7e8d-4b43-af34-8c04ffd0b85e 1.296s
2025-04-25 21:59:19.463 70820 INFO tempest.lib.common.rest_client [req-8f352e78-ee42-47f5-be6e-545642eeff14 req-8f352e78-ee42-47f5-be6e-545642eeff14 ] Request (HypervisorAdminTestJSON:tearDownClass): 200 GET http://10.180.1.21:9696/networking/v2.0/security-groups?tenant_id=8f1b92931e354a04b8d77a4989918363&name=default 0.606s
2025-04-25 21:59:19.480 70860 INFO tempest.lib.common.rest_client [req-04e26d3d-21bd-4ad7-84b2-92556cb536de req-04e26d3d-21bd-4ad7-84b2-92556cb536de ] Request (FlavorsAdminTestJSON:_run_cleanups): 202 DELETE http://10.180.1.21/compute/v2.1/flavors/775290557 0.960s
2025-04-25 21:59:19.486 70816 INFO tempest.lib.common.rest_client [req-79fabd2d-1e29-4b56-a5db-94690a0489e1 req-79fabd2d-1e29-4b56-a5db-94690a0489e1 ] Request (HypervisorAdminNegativeTestJSON:test_get_nonexistent_hypervisor_uptime): 404 GET http://10.180.1.21/compute/v2.1/os-hypervisors/bd8bb027-6a0d-4e87-8ff3-7ad4369aecd5/uptime 0.966s
2025-04-25 21:59:19.502 70856 INFO tempest.lib.common.rest_client [req-17d90561-7606-451c-ac6f-d12e61049b06 req-17d90561-7606-451c-ac6f-d12e61049b06 ] Request (FlavorsAccessTestJSON:_run_cleanups): 202 DELETE http://10.180.1.21/compute/v2.1/flavors/2041038388 0.952s
2025-04-25 21:59:19.513 70846 INFO tempest.lib.common.rest_client [req-eba13b38-c047-46df-a8bc-2ff325335267 req-eba13b38-c047-46df-a8bc-2ff325335267 ] Request (ServersWithSpecificFlavorTestJSON:test_verify_created_server_ephemeral_disk): 200 GET http://10.180.1.21/compute/v2.1/flavors/42/os-extra_specs 0.689s
2025-04-25 21:59:19.521 70837 INFO tempest.lib.common.rest_client [req-a32b1b1a-4bdd-4d15-8f3f-151e69dc07bf req-a32b1b1a-4bdd-4d15-8f3f-151e69dc07bf ] Request (ServerExternalEventsTest:setUpClass): 201 POST http://10.180.1.21/identity/v3/projects 0.111s
2025-04-25 21:59:19.523 70854 INFO tempest.lib.common.rest_client [req-51831b3e-d56f-46a4-8f0a-ddd621c3d2ec req-51831b3e-d56f-46a4-8f0a-ddd621c3d2ec ] Request (HostsAdminNegativeTestJSON:test_show_host_detail_with_nonexistent_hostname): 404 GET http://10.180.1.21/compute/v2.1/os-hosts/nonexistent_hostname 0.686s
2025-04-25 21:59:19.540 70840 INFO tempest.lib.common.rest_client [req-52213792-3bd1-4ac2-a3d4-0f51f3f2a598 req-52213792-3bd1-4ac2-a3d4-0f51f3f2a598 ] Request (HypervisorAdminUnderV252Test:tearDownClass): 204 DELETE http://10.180.1.21:9696/networking/v2.0/security-groups/6ba5e190-dae0-48f1-bceb-085c0ec0824c 0.353s
2025-04-25 21:59:19.548 70830 INFO tempest.lib.common.rest_client [req-a7cdaf43-a714-494b-a555-e49b48cf6a2f req-a7cdaf43-a714-494b-a555-e49b48cf6a2f ] Request (FlavorsExtraSpecsTestJSON:test_flavor_set_get_update_show_unset_keys): 200 POST http://10.180.1.21/compute/v2.1/flavors/1578670322/os-extra_specs 0.688s
2025-04-25 21:59:19.560 70870 INFO tempest.lib.common.rest_client [req-10b496a0-7b06-4690-9064-733632a56181 req-10b496a0-7b06-4690-9064-733632a56181 ] Request (QuotasAdminTestV236:tearDownClass): 204 DELETE http://10.180.1.21/identity/v3/users/5fef9e281ffa44b19aca844ceef9ef96 0.104s
2025-04-25 21:59:19.606 70828 INFO tempest.lib.common.rest_client [req-c9f3df49-d3f3-491d-87ba-3c9f232440f8 req-c9f3df49-d3f3-491d-87ba-3c9f232440f8 ] Request (QuotasAdminTestJSON:test_delete_quota): 200 GET http://10.180.1.21/identity/v3/domains?name=Default 0.133s
2025-04-25 21:59:19.620 70837 INFO tempest.lib.common.rest_client [req-e6d95e45-2e22-4ce2-8855-98d38ad8ada2 req-e6d95e45-2e22-4ce2-8855-98d38ad8ada2 ] Request (ServerExternalEventsTest:setUpClass): 201 POST http://10.180.1.21/identity/v3/users 0.099s
2025-04-25 21:59:19.626 70858 INFO tempest.lib.common.rest_client [req-721800ca-f3be-45b7-bc8e-fc808bf78c5b req-721800ca-f3be-45b7-bc8e-fc808bf78c5b ] Request (ServersAdminNegativeTestJSON:setUpClass): 200 GET http://10.180.1.21/compute/v2.1/servers/9010112d-e255-4da9-b10c-fa134575c977 0.739s
2025-04-25 21:59:19.672 70870 INFO tempest.lib.common.rest_client [req-873c8109-85d6-4d1d-936f-a47c4cf91dd6 req-873c8109-85d6-4d1d-936f-a47c4cf91dd6 ] Request (QuotasAdminTestV236:tearDownClass): 204 DELETE http://10.180.1.21/identity/v3/users/30e3f98a8263499bac43b7ddfbfd2fc9 0.111s
2025-04-25 21:59:19.672 70870 INFO tempest.lib.common.dynamic_creds [-] Deleting project and security group for project: a7204662e2724a52ba8ca26062390121
2025-04-25 21:59:19.675 70840 INFO tempest.lib.common.rest_client [req-07366815-78eb-4fef-b7f4-bc9a4071b86f req-07366815-78eb-4fef-b7f4-bc9a4071b86f ] Request (HypervisorAdminUnderV252Test:tearDownClass): 204 DELETE http://10.180.1.21/identity/v3/projects/dbba5dd24c234b48a5ecf6c1657a1fe2 0.134s
2025-04-25 21:59:19.675 70840 INFO tempest.lib.common.dynamic_creds [-] Deleting project and security group for project: e0bf0a77bf9c4e5595b780ffd4e52da5
2025-04-25 21:59:19.716 70874 INFO tempest.lib.common.rest_client [req-25c98284-b419-4ebe-87ed-f9c77a82acfc req-25c98284-b419-4ebe-87ed-f9c77a82acfc ] Request (VolumesAssistedSnapshotsTest:setUpClass): 201 POST http://10.180.1.21:9696/networking/v2.0/routers 2.344s
2025-04-25 21:59:19.729 70837 INFO tempest.lib.common.rest_client [req-31bb1faa-8982-403c-8a87-0f6b4f646d5f req-31bb1faa-8982-403c-8a87-0f6b4f646d5f ] Request (ServerExternalEventsTest:setUpClass): 200 GET http://10.180.1.21/identity/v3/roles 0.108s
2025-04-25 21:59:19.753 70870 INFO tempest.lib.common.rest_client [req-6afcbfc9-a397-4fe5-890e-1fffe38ba640 req-6afcbfc9-a397-4fe5-890e-1fffe38ba640 ] Request (QuotasAdminTestV236:tearDownClass): 201 POST http://10.180.1.21/identity/v3/auth/tokens 0.080s
2025-04-25 21:59:19.766 70828 INFO tempest.lib.common.rest_client [req-b37a23b6-2e3c-4a1b-9b52-6e431e3de045 req-b37a23b6-2e3c-4a1b-9b52-6e431e3de045 ] Request (QuotasAdminTestJSON:test_delete_quota): 201 POST http://10.180.1.21/identity/v3/projects 0.159s
2025-04-25 21:59:19.823 70837 INFO tempest.lib.common.rest_client [req-a1a13cf1-9f57-4727-9aeb-8f322be9fe3e req-a1a13cf1-9f57-4727-9aeb-8f322be9fe3e ] Request (ServerExternalEventsTest:setUpClass): 204 PUT http://10.180.1.21/identity/v3/projects/bf66b41f31af437482c5f836c56b4946/users/e437657ed0a2405584695a2d01b25a3e/roles/d043bf7351424a23ae74f88136d5fb1a 0.093s
2025-04-25 21:59:19.836 70824 INFO tempest.lib.common.rest_client [req-8c417813-9903-44d6-832f-44213a64a015 req-8c417813-9903-44d6-832f-44213a64a015 ] Request (ServerDiagnosticsTest:test_get_server_diagnostics): 200 GET http://10.180.1.21/compute/v2.1/servers/f80bb6df-8309-43df-ac16-fb628b4ae266 0.925s
2025-04-25 21:59:19.844 70824 INFO tempest.common.waiters [-] State transition "BUILD/networking" ==> "BUILD/spawning" after 4 second wait
2025-04-25 21:59:19.864 70866 INFO tempest.lib.common.rest_client [req-a282e45e-f4b7-41bc-b327-3ae13e2b32aa req-a282e45e-f4b7-41bc-b327-3ae13e2b32aa ] Request (ServersTestManualDisk:setUpClass): 200 GET http://10.180.1.21/compute/v2.1/servers/60d32c82-d2e4-46a6-a742-edd824f37f59 1.347s
2025-04-25 21:59:19.893 70828 INFO tempest.lib.common.rest_client [req-24cf8cff-7558-460c-a389-7481a5e83e72 req-24cf8cff-7558-460c-a389-7481a5e83e72 ] Request (QuotasAdminTestJSON:test_delete_quota): 200 GET http://10.180.1.21/identity/v3/domains?name=Default 0.126s
2025-04-25 21:59:19.915 70868 INFO tempest.lib.common.rest_client [req-e72b17b3-e784-48f6-80e4-b4cf94d6607c req-e72b17b3-e784-48f6-80e4-b4cf94d6607c ] Request (KeyPairsV2TestJSON:test_keypairs_create_list_delete): 200 POST http://10.180.1.21/compute/v2.1/os-keypairs 0.911s
2025-04-25 21:59:19.935 70826 INFO tempest.lib.common.rest_client [req-36c5c4b7-c4a8-49be-a65e-726a10d9875c req-36c5c4b7-c4a8-49be-a65e-726a10d9875c ] Request (FlavorsAccessNegativeTestJSON:_run_cleanups): 202 DELETE http://10.180.1.21/compute/v2.1/flavors/1672333281 0.809s
2025-04-25 21:59:19.941 70837 INFO tempest.lib.common.rest_client [req-37868b0b-33eb-4cbe-9f99-f0870612f81c req-37868b0b-33eb-4cbe-9f99-f0870612f81c ] Request (ServerExternalEventsTest:setUpClass): 200 GET http://10.180.1.21/identity/v3/roles 0.118s
2025-04-25 21:59:19.961 70842 INFO tempest.lib.common.rest_client [req-4fa886b3-811d-4912-bc9b-e4c4431bb8c7 req-4fa886b3-811d-4912-bc9b-e4c4431bb8c7 ] Request (AggregatesAdminNegativeTestJSON:_run_cleanups): 200 DELETE http://10.180.1.21/compute/v2.1/os-aggregates/1 0.827s
2025-04-25 21:59:19.961 70837 INFO tempest.lib.common.rest_client [req-85d15247-19d4-4f5a-901f-39ccd9ab3a19 req-85d15247-19d4-4f5a-901f-39ccd9ab3a19 ] Request (ServerExternalEventsTest:setUpClass): 204 PUT http://10.180.1.21/identity/v3/projects/bf66b41f31af437482c5f836c56b4946/users/e437657ed0a2405584695a2d01b25a3e/roles/ce80139c151d4081ab6ed7e4be393148 0.019s
2025-04-25 21:59:19.961 70837 INFO tempest.lib.common.dynamic_creds [-] Dynamic test user e437657ed0a2405584695a2d01b25a3e is created with scope project and roles: ['admin', 'service']
2025-04-25 21:59:19.961 70837 INFO tempest.lib.common.dynamic_creds [-] Acquired dynamic creds: credentials: Credentials: {'domain_id': 'default', 'domain_name': 'Default', 'username': 'tempest-ServerExternalEventsTest-1481462485-project', 'project_domain_id': 'default', 'project_domain_name': 'Default', 'project_id': 'bf66b41f31af437482c5f836c56b4946', 'project_name': 'tempest-ServerExternalEventsTest-1481462485', 'tenant_id': 'bf66b41f31af437482c5f836c56b4946', 'tenant_name': 'tempest-ServerExternalEventsTest-1481462485', 'user_domain_id': 'default', 'user_domain_name': 'Default', 'user_id': 'e437657ed0a2405584695a2d01b25a3e', 'system': None}, Network: None, Subnet: None, Router: None
2025-04-25 21:59:19.962 70837 INFO tempest.lib.common.dynamic_creds [-] Created isolated network resources for: credentials: Credentials: {'domain_id': 'default', 'domain_name': 'Default', 'username': 'tempest-ServerExternalEventsTest-1481462485-project', 'project_domain_id': 'default', 'project_domain_name': 'Default', 'project_id': 'bf66b41f31af437482c5f836c56b4946', 'project_name': 'tempest-ServerExternalEventsTest-1481462485', 'tenant_id': 'bf66b41f31af437482c5f836c56b4946', 'tenant_name': 'tempest-ServerExternalEventsTest-1481462485', 'user_domain_id': 'default', 'user_domain_name': 'Default', 'user_id': 'e437657ed0a2405584695a2d01b25a3e', 'system': None}, Network: None, Subnet: None, Router: None
2025-04-25 21:59:19.975 70818 INFO tempest.lib.common.rest_client [req-e36c5896-70b1-4528-a395-6defdac6e866 req-e36c5896-70b1-4528-a395-6defdac6e866 ] Request (KeyPairsV210TestJSON:test_admin_manage_keypairs_for_other_users): 200 GET http://10.180.1.21/compute/v2.1/os-keypairs/tempest-keypair-2079802126?user_id=ee90fce5423f4e68945c60108ba5d1ad 0.659s
2025-04-25 21:59:19.986 70820 INFO tempest.lib.common.rest_client [req-b7100ae0-2b6b-4c72-88be-f2c2b40b80b3 req-b7100ae0-2b6b-4c72-88be-f2c2b40b80b3 ] Request (HypervisorAdminTestJSON:tearDownClass): 204 DELETE http://10.180.1.21:9696/networking/v2.0/security-groups/cb6a97fe-f64b-46f8-8792-e9e583bc7b35 0.523s
2025-04-25 21:59:19.998 70850 INFO tempest.lib.common.rest_client [req-404e7205-0ae8-44f7-bfa1-8ce71f793988 req-404e7205-0ae8-44f7-bfa1-8ce71f793988 ] Request (ServicesAdminNegativeTestJSON:test_get_service_with_valid_service_and_invalid_host): 200 GET http://10.180.1.21/compute/v2.1/os-services?host=xxx&binary=nova-scheduler 0.662s
2025-04-25 21:59:20.016 70822 INFO tempest.lib.common.rest_client [req-e5354b47-5dc0-4adf-917a-7f1726029eca req-e5354b47-5dc0-4adf-917a-7f1726029eca ] Request (KeyPairsV22TestJSON:_run_cleanups): 204 DELETE http://10.180.1.21/compute/v2.1/os-keypairs/tempest-keypair-1009096117 0.672s
2025-04-25 21:59:20.042 70814 INFO tempest.lib.common.rest_client [req-16aa92cb-dde7-4b48-8246-06759be82aad req-16aa92cb-dde7-4b48-8246-06759be82aad ] Request (FlavorsV255TestJSON:_run_cleanups): 200 GET http://10.180.1.21/compute/v2.1/flavors/detail 0.682s
2025-04-25 21:59:20.050 70832 INFO tempest.lib.common.rest_client [req-41d4a2c3-b3f8-4678-a9e8-f21d54caa5ed req-41d4a2c3-b3f8-4678-a9e8-f21d54caa5ed ] Request (FlavorsExtraSpecsNegativeTestJSON:test_flavor_non_admin_update_specific_key): 403 PUT http://10.180.1.21/compute/v2.1/flavors/1320252349/os-extra_specs/hw:numa_nodes 0.666s
2025-04-25 21:59:20.051 70837 INFO tempest.lib.common.rest_client [req-8b65437c-088e-4d67-a865-903f1660a4d6 req-8b65437c-088e-4d67-a865-903f1660a4d6 ] Request (ServerExternalEventsTest:setUpClass): 201 POST http://10.180.1.21/identity/v3/auth/tokens 0.084s
2025-04-25 21:59:20.070 70844 INFO tempest.lib.common.rest_client [req-4029843c-2ced-4318-80b5-626ddff0c20b req-4029843c-2ced-4318-80b5-626ddff0c20b ] Request (FlavorsV261TestJSON:_run_cleanups): 202 DELETE http://10.180.1.21/compute/v2.1/flavors/808456456 0.657s
2025-04-25 21:59:20.072 70864 INFO tempest.lib.common.rest_client [req-f161a008-f13d-4198-a072-dae6f421c40a req-f161a008-f13d-4198-a072-dae6f421c40a ] Request (ImagesOneServerTestJSON:setUpClass): 200 PUT http://10.180.1.21:9696/networking/v2.0/routers/986751f6-fbd2-40e4-ba3c-308c9072ce54/add_router_interface 2.931s
2025-04-25 21:59:20.072 70864 INFO tempest.lib.common.dynamic_creds [-] Created isolated network resources for: credentials: Credentials: {'domain_id': 'default', 'domain_name': 'Default', 'username': 'tempest-ImagesOneServerTestJSON-1638931006-project-member', 'project_domain_id': 'default', 'project_domain_name': 'Default', 'project_id': '34a4ee5bdb794decbf6054ec8c2586e8', 'project_name': 'tempest-ImagesOneServerTestJSON-1638931006', 'tenant_id': '34a4ee5bdb794decbf6054ec8c2586e8', 'tenant_name': 'tempest-ImagesOneServerTestJSON-1638931006', 'user_domain_id': 'default', 'user_domain_name': 'Default', 'user_id': '1fee9001e6034c6f96e924b57b3f7c3c', 'system': None}, Network: {'id': 'baaa4e92-d89e-451c-83f3-fc72326c6347', 'name': 'tempest-ImagesOneServerTestJSON-1473521385-network', 'tenant_id': '34a4ee5bdb794decbf6054ec8c2586e8', 'admin_state_up': True, 'mtu': 8950, 'status': 'ACTIVE', 'subnets': [], 'shared': False, 'project_id': '34a4ee5bdb794decbf6054ec8c2586e8', 'port_security_enabled': True, 'router:external': False, 'provider:network_type': 'vlan', 'provider:physical_network': 'default', 'provider:segmentation_id': 72, 'availability_zone_hints': [], 'availability_zones': [], 'ipv4_address_scope': None, 'ipv6_address_scope': None, 'description': '', 'tags': [], 'created_at': '2025-04-25T21:59:14Z', 'updated_at': '2025-04-25T21:59:14Z', 'revision_number': 1}, Subnet: {'id': 'b35d1e5f-3f50-416f-ae0b-91be89436385', 'name': 'tempest-ImagesOneServerTestJSON-1473521385-subnet', 'tenant_id': '34a4ee5bdb794decbf6054ec8c2586e8', 'network_id': 'baaa4e92-d89e-451c-83f3-fc72326c6347', 'ip_version': 4, 'subnetpool_id': None, 'enable_dhcp': True, 'ipv6_ra_mode': None, 'ipv6_address_mode': None, 'gateway_ip': '192.168.128.1', 'cidr': '192.168.128.0/28', 'allocation_pools': [{'start': '192.168.128.2', 'end': '192.168.128.14'}], 'host_routes': [], 'dns_nameservers': [], 'description': '', 'router:external': False, 'service_types': [], 'tags': [], 'created_at': '2025-04-25T21:59:15Z', 'updated_at': '2025-04-25T21:59:15Z', 'revision_number': 0, 'project_id': '34a4ee5bdb794decbf6054ec8c2586e8'}, Router: {'id': '986751f6-fbd2-40e4-ba3c-308c9072ce54', 'name': 'tempest-ImagesOneServerTestJSON-1473521385-router', 'tenant_id': '34a4ee5bdb794decbf6054ec8c2586e8', 'admin_state_up': True, 'status': 'ACTIVE', 'external_gateway_info': {'network_id': '081df298-4faa-4e53-8fa4-2887a4a5a740', 'external_fixed_ips': [{'subnet_id': '76f5b5e1-70f1-4390-bfd3-d4dc7e10a653', 'ip_address': '10.180.180.211'}], 'enable_snat': True}, 'description': '', 'availability_zones': [], 'distributed': False, 'ha': False, 'availability_zone_hints': [], 'routes': [], 'flavor_id': None, 'tags': [], 'created_at': '2025-04-25T21:59:15Z', 'updated_at': '2025-04-25T21:59:16Z', 'revision_number': 2, 'project_id': '34a4ee5bdb794decbf6054ec8c2586e8'}
2025-04-25 21:59:20.084 70840 INFO tempest.lib.common.rest_client [req-f7be0a03-86ae-4393-8043-6f0731b8df25 req-f7be0a03-86ae-4393-8043-6f0731b8df25 ] Request (HypervisorAdminUnderV252Test:tearDownClass): 200 GET http://10.180.1.21:9696/networking/v2.0/security-groups?tenant_id=e0bf0a77bf9c4e5595b780ffd4e52da5&name=default 0.408s
2025-04-25 21:59:20.095 70860 INFO tempest.lib.common.rest_client [req-51394e4a-3e98-4889-83cb-b499e9d67ee1 req-51394e4a-3e98-4889-83cb-b499e9d67ee1 ] Request (FlavorsAdminTestJSON:_run_cleanups): 200 GET http://10.180.1.21/compute/v2.1/flavors/detail 0.615s
2025-04-25 21:59:20.105 70820 INFO tempest.lib.common.rest_client [req-2156e035-c3fc-4e50-85ba-c25e8c467fb9 req-2156e035-c3fc-4e50-85ba-c25e8c467fb9 ] Request (HypervisorAdminTestJSON:tearDownClass): 204 DELETE http://10.180.1.21/identity/v3/projects/8f1b92931e354a04b8d77a4989918363 0.118s
2025-04-25 21:59:20.107 70820 INFO tempest.lib.common.dynamic_creds [-] Deleting project and security group for project: 6b27b90fe6ce419d830c43d53a986281
2025-04-25 21:59:20.118 70816 INFO tempest.lib.common.rest_client [req-283f18af-5f05-40bd-8e56-3491cec838c5 req-283f18af-5f05-40bd-8e56-3491cec838c5 ] Request (HypervisorAdminNegativeTestJSON:test_show_hypervisor_with_non_admin_user): 200 GET http://10.180.1.21/compute/v2.1/os-hypervisors 0.631s
2025-04-25 21:59:20.140 70856 INFO tempest.lib.common.rest_client [req-98c3d6a7-1dbc-4960-bba7-f3137ad3e908 req-98c3d6a7-1dbc-4960-bba7-f3137ad3e908 ] Request (FlavorsAccessTestJSON:_run_cleanups): 200 GET http://10.180.1.21/compute/v2.1/flavors/detail 0.637s
2025-04-25 21:59:20.153 70814 INFO tempest.lib.common.rest_client [req-ba76f9f1-12ba-43cb-a721-75c928ea481d req-ba76f9f1-12ba-43cb-a721-75c928ea481d ] Request (FlavorsV255TestJSON:tearDownClass): 204 DELETE http://10.180.1.21/identity/v3/users/339a73a756a247cb87dbcb5ef58cfa62 0.096s
2025-04-25 21:59:20.159 70846 INFO tempest.lib.common.rest_client [req-7c87104b-5928-4b5b-bb34-d4790f491252 req-7c87104b-5928-4b5b-bb34-d4790f491252 ] Request (ServersWithSpecificFlavorTestJSON:test_verify_created_server_ephemeral_disk): 200 POST http://10.180.1.21/compute/v2.1/flavors/2021422621/os-extra_specs 0.645s
2025-04-25 21:59:20.160 70837 INFO tempest.lib.common.rest_client [req-59164d90-485a-4866-94be-d92ccd65fb1d req-59164d90-485a-4866-94be-d92ccd65fb1d ] Request (ServerExternalEventsTest:test_create_server_external_events): 201 POST http://10.180.1.21/identity/v3/auth/tokens 0.097s
2025-04-25 21:59:20.161 70837 INFO tempest.lib.common.fixed_network [-] (ServerExternalEventsTest:test_create_server_external_events) Found network None available for tenant
2025-04-25 21:59:20.165 70854 INFO tempest.lib.common.rest_client [req-b53bc3c7-09d4-43c5-8266-eca39e6aa249 req-b53bc3c7-09d4-43c5-8266-eca39e6aa249 ] Request (HostsAdminNegativeTestJSON:test_shutdown_host_with_non_admin_user): 403 GET http://10.180.1.21/compute/v2.1/os-hosts/devstack/shutdown 0.640s
2025-04-25 21:59:20.174 70830 INFO tempest.lib.common.rest_client [req-5c16fbfa-de00-45c1-bd07-a8f594729e65 req-5c16fbfa-de00-45c1-bd07-a8f594729e65 ] Request (FlavorsExtraSpecsTestJSON:test_flavor_set_get_update_show_unset_keys): 200 GET http://10.180.1.21/compute/v2.1/flavors/1578670322/os-extra_specs 0.625s
2025-04-25 21:59:20.227 70864 INFO tempest.lib.common.rest_client [req-5f715808-a9af-4aef-b289-c8c9f2405a65 req-5f715808-a9af-4aef-b289-c8c9f2405a65 ] Request (ImagesOneServerTestJSON:setUpClass): 201 POST http://10.180.1.21/identity/v3/auth/tokens 0.147s
2025-04-25 21:59:20.289 70814 INFO tempest.lib.common.rest_client [req-ae2b936a-cfbf-4f61-80f4-26b742f6979f req-ae2b936a-cfbf-4f61-80f4-26b742f6979f ] Request (FlavorsV255TestJSON:tearDownClass): 204 DELETE http://10.180.1.21/identity/v3/users/ee393f04dcae469aafaea62684f174b9 0.135s
2025-04-25 21:59:20.289 70814 INFO tempest.lib.common.dynamic_creds [-] Deleting project and security group for project: 43f846c1c2ab46e2859e95d74c810f57
2025-04-25 21:59:20.354 70864 INFO tempest.lib.common.rest_client [req-d1c9556f-26e0-4832-addb-b60d586d15a9 req-d1c9556f-26e0-4832-addb-b60d586d15a9 ] Request (ImagesOneServerTestJSON:setUpClass): 201 POST http://10.180.1.21/identity/v3/auth/tokens 0.123s
2025-04-25 21:59:20.354 70864 INFO tempest.lib.common.fixed_network [-] (ImagesOneServerTestJSON:setUpClass) Found network {'id': 'baaa4e92-d89e-451c-83f3-fc72326c6347', 'name': 'tempest-ImagesOneServerTestJSON-1473521385-network', 'tenant_id': '34a4ee5bdb794decbf6054ec8c2586e8', 'admin_state_up': True, 'mtu': 8950, 'status': 'ACTIVE', 'subnets': [], 'shared': False, 'project_id': '34a4ee5bdb794decbf6054ec8c2586e8', 'port_security_enabled': True, 'router:external': False, 'provider:network_type': 'vlan', 'provider:physical_network': 'default', 'provider:segmentation_id': 72, 'availability_zone_hints': [], 'availability_zones': [], 'ipv4_address_scope': None, 'ipv6_address_scope': None, 'description': '', 'tags': [], 'created_at': '2025-04-25T21:59:14Z', 'updated_at': '2025-04-25T21:59:14Z', 'revision_number': 1} available for tenant
2025-04-25 21:59:20.402 70814 INFO tempest.lib.common.rest_client [req-9dedb079-3da8-4bb2-89b9-7ede12f50457 req-9dedb079-3da8-4bb2-89b9-7ede12f50457 ] Request (FlavorsV255TestJSON:tearDownClass): 201 POST http://10.180.1.21/identity/v3/auth/tokens 0.112s
2025-04-25 21:59:20.482 70870 INFO tempest.lib.common.rest_client [req-fe85fc41-3722-4516-9081-7ffc31e2547b req-fe85fc41-3722-4516-9081-7ffc31e2547b ] Request (QuotasAdminTestV236:tearDownClass): 200 GET http://10.180.1.21:9696/networking/v2.0/security-groups?tenant_id=a7204662e2724a52ba8ca26062390121&name=default 0.729s
2025-04-25 21:59:20.531 70828 INFO tempest.lib.common.rest_client [req-c4e9c07c-baa9-476f-9d89-077b4766d022 req-c4e9c07c-baa9-476f-9d89-077b4766d022 ] Request (QuotasAdminTestJSON:test_delete_quota): 200 GET http://10.180.1.21/compute/v2.1/os-quota-sets/4507809c3bd34ad4a5ec346b487a2e9c 0.638s
2025-04-25 21:59:20.545 70868 INFO tempest.lib.common.rest_client [req-8bf2e49d-7ed6-43b2-81c7-c91b0cddff7e req-8bf2e49d-7ed6-43b2-81c7-c91b0cddff7e ] Request (KeyPairsV2TestJSON:test_keypairs_create_list_delete): 200 GET http://10.180.1.21/compute/v2.1/os-keypairs 0.626s
2025-04-25 21:59:20.577 70826 INFO tempest.lib.common.rest_client [req-15765025-2c99-4f7d-a783-c35baac4c307 req-15765025-2c99-4f7d-a783-c35baac4c307 ] Request (FlavorsAccessNegativeTestJSON:_run_cleanups): 200 GET http://10.180.1.21/compute/v2.1/flavors/detail 0.641s
2025-04-25 21:59:20.582 70840 INFO tempest.lib.common.rest_client [req-0c03ab03-d455-4350-9aa0-ca392bdf8f44 req-0c03ab03-d455-4350-9aa0-ca392bdf8f44 ] Request (HypervisorAdminUnderV252Test:tearDownClass): 204 DELETE http://10.180.1.21:9696/networking/v2.0/security-groups/ac3c20c2-2f92-4170-81f2-c950d084d568 0.497s
2025-04-25 21:59:20.609 70842 INFO tempest.lib.common.rest_client [req-7ed5d6a4-ee14-4923-a404-45545a77a935 req-7ed5d6a4-ee14-4923-a404-45545a77a935 ] Request (AggregatesAdminNegativeTestJSON:test_aggregate_add_host_as_user): 200 POST http://10.180.1.21/compute/v2.1/os-aggregates 0.643s
2025-04-25 21:59:20.637 70820 INFO tempest.lib.common.rest_client [req-b6c95676-6373-43a0-ba07-98e89c0f0268 req-b6c95676-6373-43a0-ba07-98e89c0f0268 ] Request (HypervisorAdminTestJSON:tearDownClass): 200 GET http://10.180.1.21:9696/networking/v2.0/security-groups?tenant_id=6b27b90fe6ce419d830c43d53a986281&name=default 0.529s
2025-04-25 21:59:20.646 70838 INFO tempest.lib.common.rest_client [req-d0921428-b569-48c0-a1df-55f38a3fe57c req-d0921428-b569-48c0-a1df-55f38a3fe57c ] Request (AttachInterfacesUnderV243Test:setUpClass): 201 POST http://10.180.1.21:9696/networking/v2.0/routers 2.698s
2025-04-25 21:59:20.651 70818 INFO tempest.lib.common.rest_client [req-de1f9d9a-b952-4672-9922-4173dfc1fad2 req-de1f9d9a-b952-4672-9922-4173dfc1fad2 ] Request (KeyPairsV210TestJSON:test_admin_manage_keypairs_for_other_users): 201 POST http://10.180.1.21/compute/v2.1/os-keypairs 0.671s
2025-04-25 21:59:20.664 70840 INFO tempest.lib.common.rest_client [req-59071fca-5a3d-407d-8b1b-64c054afe4d2 req-59071fca-5a3d-407d-8b1b-64c054afe4d2 ] Request (HypervisorAdminUnderV252Test:tearDownClass): 204 DELETE http://10.180.1.21/identity/v3/projects/e0bf0a77bf9c4e5595b780ffd4e52da5 0.082s
2025-04-25 21:59:20.723 70840 INFO tempest.lib.common.rest_client [req-e67f8c66-e78c-4b59-b827-b116f2b3ca28 req-e67f8c66-e78c-4b59-b827-b116f2b3ca28 ] Request (ServerDiagnosticsNegativeTest:setUpClass): 201 POST http://10.180.1.21/identity/v3/auth/tokens 0.057s
2025-04-25 21:59:20.751 70840 INFO tempest.lib.common.rest_client [req-f3119e7e-405f-4c0e-bf3e-b018a581d543 req-f3119e7e-405f-4c0e-bf3e-b018a581d543 ] Request (ServerDiagnosticsNegativeTest:setUpClass): 201 POST http://10.180.1.21/identity/v3/auth/tokens 0.026s
2025-04-25 21:59:20.756 70870 INFO tempest.lib.common.rest_client [req-697898e2-411f-4d7d-b063-af85f83bc5f3 req-697898e2-411f-4d7d-b063-af85f83bc5f3 ] Request (QuotasAdminTestV236:tearDownClass): 204 DELETE http://10.180.1.21:9696/networking/v2.0/security-groups/df80a74b-9f8e-41a6-8cd1-cbb11a157f5c 0.274s
2025-04-25 21:59:20.764 70850 INFO tempest.lib.common.rest_client [req-fb7b5ce8-06c0-459d-a5cb-408e4ce3366b req-fb7b5ce8-06c0-459d-a5cb-408e4ce3366b ] Request (ServicesAdminNegativeTestJSON:test_list_services_with_non_admin_user): 403 GET http://10.180.1.21/compute/v2.1/os-services 0.761s
2025-04-25 21:59:20.783 70840 INFO tempest.lib.common.rest_client [req-67a8093a-7add-418f-91b3-a0a39035b655 req-67a8093a-7add-418f-91b3-a0a39035b655 ] Request (ServerDiagnosticsNegativeTest:setUpClass): 200 GET http://10.180.1.21/identity/v3/domains?name=Default 0.032s
2025-04-25 21:59:20.802 70822 INFO tempest.lib.common.rest_client [req-168dc532-5142-434a-a924-8a630c6ae54b req-168dc532-5142-434a-a924-8a630c6ae54b ] Request (KeyPairsV22TestJSON:test_keypair_create_delete): 201 POST http://10.180.1.21/compute/v2.1/os-keypairs 0.785s
2025-04-25 21:59:20.805 70834 INFO tempest.lib.common.rest_client [req-80783c2f-1fef-4157-9b2c-0da6beef12d1 req-80783c2f-1fef-4157-9b2c-0da6beef12d1 ] Request (ServersAdminTestJSON:setUpClass): 200 PUT http://10.180.1.21:9696/networking/v2.0/routers/8ece5efb-98c0-4196-9deb-fe456e76c69e/add_router_interface 3.132s
2025-04-25 21:59:20.806 70834 INFO tempest.lib.common.dynamic_creds [-] Created isolated network resources for: credentials: Credentials: {'domain_id': 'default', 'domain_name': 'Default', 'username': 'tempest-ServersAdminTestJSON-977952658-project-member', 'project_domain_id': 'default', 'project_domain_name': 'Default', 'project_id': '31bf6c7c438a4479a0d263f1f3c368e7', 'project_name': 'tempest-ServersAdminTestJSON-977952658', 'tenant_id': '31bf6c7c438a4479a0d263f1f3c368e7', 'tenant_name': 'tempest-ServersAdminTestJSON-977952658', 'user_domain_id': 'default', 'user_domain_name': 'Default', 'user_id': 'd1ffcca862024bc38e2bebc090a90e99', 'system': None}, Network: {'id': '3573d907-4d63-4627-8d76-cbb497c21b5e', 'name': 'tempest-ServersAdminTestJSON-667528926-network', 'tenant_id': '31bf6c7c438a4479a0d263f1f3c368e7', 'admin_state_up': True, 'mtu': 8950, 'status': 'ACTIVE', 'subnets': [], 'shared': False, 'project_id': '31bf6c7c438a4479a0d263f1f3c368e7', 'port_security_enabled': True, 'router:external': False, 'provider:network_type': 'vlan', 'provider:physical_network': 'default', 'provider:segmentation_id': 132, 'availability_zone_hints': [], 'availability_zones': [], 'ipv4_address_scope': None, 'ipv6_address_scope': None, 'description': '', 'tags': [], 'created_at': '2025-04-25T21:59:15Z', 'updated_at': '2025-04-25T21:59:15Z', 'revision_number': 1}, Subnet: {'id': '6767d5bd-04c6-4ebd-9fdf-a24ab936bf79', 'name': 'tempest-ServersAdminTestJSON-667528926-subnet', 'tenant_id': '31bf6c7c438a4479a0d263f1f3c368e7', 'network_id': '3573d907-4d63-4627-8d76-cbb497c21b5e', 'ip_version': 4, 'subnetpool_id': None, 'enable_dhcp': True, 'ipv6_ra_mode': None, 'ipv6_address_mode': None, 'gateway_ip': '192.168.128.1', 'cidr': '192.168.128.0/28', 'allocation_pools': [{'start': '192.168.128.2', 'end': '192.168.128.14'}], 'host_routes': [], 'dns_nameservers': [], 'description': '', 'router:external': False, 'service_types': [], 'tags': [], 'created_at': '2025-04-25T21:59:15Z', 'updated_at': '2025-04-25T21:59:15Z', 'revision_number': 0, 'project_id': '31bf6c7c438a4479a0d263f1f3c368e7'}, Router: {'id': '8ece5efb-98c0-4196-9deb-fe456e76c69e', 'name': 'tempest-ServersAdminTestJSON-667528926-router', 'tenant_id': '31bf6c7c438a4479a0d263f1f3c368e7', 'admin_state_up': True, 'status': 'ACTIVE', 'external_gateway_info': {'network_id': '081df298-4faa-4e53-8fa4-2887a4a5a740', 'external_fixed_ips': [{'subnet_id': '76f5b5e1-70f1-4390-bfd3-d4dc7e10a653', 'ip_address': '10.180.180.190'}], 'enable_snat': True}, 'description': '', 'availability_zones': [], 'distributed': False, 'ha': False, 'availability_zone_hints': [], 'routes': [], 'flavor_id': None, 'tags': [], 'created_at': '2025-04-25T21:59:15Z', 'updated_at': '2025-04-25T21:59:16Z', 'revision_number': 2, 'project_id': '31bf6c7c438a4479a0d263f1f3c368e7'}
2025-04-25 21:59:20.829 70862 INFO tempest.lib.common.rest_client [req-8e4c54b8-e261-4950-93d2-044422225188 req-8e4c54b8-e261-4950-93d2-044422225188 ] Request (HostsAdminTestJSON:test_list_hosts_with_zone): 200 GET http://10.180.1.21/compute/v2.1/os-hosts 0.807s
2025-04-25 21:59:20.841 70832 INFO tempest.lib.common.rest_client [req-5bbafb95-4c1b-43aa-a12a-d5574d40fe3f req-5bbafb95-4c1b-43aa-a12a-d5574d40fe3f ] Request (FlavorsExtraSpecsNegativeTestJSON:test_flavor_unset_nonexistent_key): 404 DELETE http://10.180.1.21/compute/v2.1/flavors/1320252349/os-extra_specs/hw:cpu_thread_policy 0.788s
2025-04-25 21:59:20.845 70870 INFO tempest.lib.common.rest_client [req-dd592281-42a8-4e09-b164-f554fa22c96a req-dd592281-42a8-4e09-b164-f554fa22c96a ] Request (QuotasAdminTestV236:tearDownClass): 204 DELETE http://10.180.1.21/identity/v3/projects/a7204662e2724a52ba8ca26062390121 0.087s
2025-04-25 21:59:20.845 70870 INFO tempest.lib.common.dynamic_creds [-] Deleting project and security group for project: 18dfaa3fa7e34af183ba3a96f3e12a5b
2025-04-25 21:59:20.851 70814 INFO tempest.lib.common.rest_client [req-dece979a-db05-4ef5-bde8-d23ca825b008 req-dece979a-db05-4ef5-bde8-d23ca825b008 ] Request (FlavorsV255TestJSON:tearDownClass): 200 GET http://10.180.1.21:9696/networking/v2.0/security-groups?tenant_id=43f846c1c2ab46e2859e95d74c810f57&name=default 0.449s
2025-04-25 21:59:20.856 70850 INFO tempest.lib.common.rest_client [req-ea18cc14-85de-410d-9688-5430cc77cf3e req-ea18cc14-85de-410d-9688-5430cc77cf3e ] Request (ServicesAdminNegativeTestJSON:tearDownClass): 204 DELETE http://10.180.1.21/identity/v3/users/b9e852e37ef34bfab687edceba867c90 0.091s
2025-04-25 21:59:20.876 70844 INFO tempest.lib.common.rest_client [req-3fdd97b2-f4c6-4098-ac09-c8f3f78a9881 req-3fdd97b2-f4c6-4098-ac09-c8f3f78a9881 ] Request (FlavorsV261TestJSON:_run_cleanups): 200 GET http://10.180.1.21/compute/v2.1/flavors/detail 0.805s
2025-04-25 21:59:20.891 70860 INFO tempest.lib.common.rest_client [req-9494fa9a-5aee-46fd-a7aa-c68b597f6dca req-9494fa9a-5aee-46fd-a7aa-c68b597f6dca ] Request (FlavorsAdminTestJSON:test_create_flavor_with_int_id): 200 POST http://10.180.1.21/compute/v2.1/flavors 0.782s
2025-04-25 21:59:20.899 70816 INFO tempest.lib.common.rest_client [req-3e32462c-7844-4339-8919-f99c6113d9d9 req-3e32462c-7844-4339-8919-f99c6113d9d9 ] Request (HypervisorAdminNegativeTestJSON:test_show_hypervisor_with_non_admin_user): 403 GET http://10.180.1.21/compute/v2.1/os-hypervisors/1 0.777s
2025-04-25 21:59:20.926 70834 INFO tempest.lib.common.rest_client [req-88d32ce6-e747-41e4-9556-483b5702bba4 req-88d32ce6-e747-41e4-9556-483b5702bba4 ] Request (ServersAdminTestJSON:setUpClass): 201 POST http://10.180.1.21/identity/v3/auth/tokens 0.112s
2025-04-25 21:59:20.957 70840 INFO tempest.lib.common.rest_client [req-a978091c-d1af-4ac3-ad2f-f974d11a5deb req-a978091c-d1af-4ac3-ad2f-f974d11a5deb ] Request (ServerDiagnosticsNegativeTest:setUpClass): 201 POST http://10.180.1.21/identity/v3/projects 0.173s
2025-04-25 21:59:21.014 70820 INFO tempest.lib.common.rest_client [req-7fcfcd57-8984-4cdd-943f-f01229d259af req-7fcfcd57-8984-4cdd-943f-f01229d259af ] Request (HypervisorAdminTestJSON:tearDownClass): 204 DELETE http://10.180.1.21:9696/networking/v2.0/security-groups/5f7edd94-e1d6-45fa-b4b5-653263066ae5 0.376s
2025-04-25 21:59:21.050 70844 INFO tempest.lib.common.rest_client [req-9cd1e116-b3d7-4e24-ad1d-fbd8204b7d6f req-9cd1e116-b3d7-4e24-ad1d-fbd8204b7d6f ] Request (FlavorsV261TestJSON:tearDownClass): 204 DELETE http://10.180.1.21/identity/v3/users/236ade6a02c9481f83676773e28da3f7 0.162s
2025-04-25 21:59:21.051 70850 INFO tempest.lib.common.rest_client [req-dce68667-efac-4729-93fc-3aadc536d783 req-dce68667-efac-4729-93fc-3aadc536d783 ] Request (ServicesAdminNegativeTestJSON:tearDownClass): 204 DELETE http://10.180.1.21/identity/v3/users/4f10d6ffebca4c51a03bb32d70f776a9 0.194s
2025-04-25 21:59:21.052 70850 INFO tempest.lib.common.dynamic_creds [-] Deleting project and security group for project: 37d739be0e884901927a6463713883c5
2025-04-25 21:59:21.107 70834 INFO tempest.lib.common.rest_client [req-a79e3416-ecb2-4d37-836e-742bd1ccdd41 req-a79e3416-ecb2-4d37-836e-742bd1ccdd41 ] Request (ServersAdminTestJSON:setUpClass): 201 POST http://10.180.1.21/identity/v3/projects 0.180s
2025-04-25 21:59:21.162 70848 INFO tempest.lib.common.rest_client [req-5ce87077-8ad4-4b72-98a3-0800446bbb34 req-5ce87077-8ad4-4b72-98a3-0800446bbb34 ] Request (FloatingIPsNegativeTestJSON:setUpClass): 201 POST http://10.180.1.21:9696/networking/v2.0/routers 2.593s
2025-04-25 21:59:21.167 70840 INFO tempest.lib.common.rest_client [req-0a66127c-6b7a-4911-8166-f32c624d33e0 req-0a66127c-6b7a-4911-8166-f32c624d33e0 ] Request (ServerDiagnosticsNegativeTest:setUpClass): 201 POST http://10.180.1.21/identity/v3/users 0.209s
2025-04-25 21:59:21.212 70814 INFO tempest.lib.common.rest_client [req-8dd45d82-8199-4f0d-9ec7-d43c852002cd req-8dd45d82-8199-4f0d-9ec7-d43c852002cd ] Request (FlavorsV255TestJSON:tearDownClass): 204 DELETE http://10.180.1.21:9696/networking/v2.0/security-groups/9c96c024-68e4-440c-8ba8-123a734c2c80 0.359s
2025-04-25 21:59:21.223 70820 INFO tempest.lib.common.rest_client [req-b769f343-9db9-4acb-a7ce-7dfcfcdbd1be req-b769f343-9db9-4acb-a7ce-7dfcfcdbd1be ] Request (HypervisorAdminTestJSON:tearDownClass): 204 DELETE http://10.180.1.21/identity/v3/projects/6b27b90fe6ce419d830c43d53a986281 0.209s
2025-04-25 21:59:21.236 70844 INFO tempest.lib.common.rest_client [req-1696e06e-330f-48fc-9834-453999390812 req-1696e06e-330f-48fc-9834-453999390812 ] Request (FlavorsV261TestJSON:tearDownClass): 204 DELETE http://10.180.1.21/identity/v3/users/6559e31280ae4a82bdf1cad6de569abc 0.186s
2025-04-25 21:59:21.237 70844 INFO tempest.lib.common.dynamic_creds [-] Deleting project and security group for project: 8737e71a06c2491fa381c064cf278382
2025-04-25 21:59:21.256 70870 INFO tempest.lib.common.rest_client [req-811c3e49-3378-4887-abc4-4a5586e826f9 req-811c3e49-3378-4887-abc4-4a5586e826f9 ] Request (QuotasAdminTestV236:tearDownClass): 200 GET http://10.180.1.21:9696/networking/v2.0/security-groups?tenant_id=18dfaa3fa7e34af183ba3a96f3e12a5b&name=default 0.410s
2025-04-25 21:59:21.278 70850 INFO tempest.lib.common.rest_client [req-d809b5b6-1751-4c6b-984b-d608eba92318 req-d809b5b6-1751-4c6b-984b-d608eba92318 ] Request (ServicesAdminNegativeTestJSON:tearDownClass): 201 POST http://10.180.1.21/identity/v3/auth/tokens 0.226s
2025-04-25 21:59:21.307 70840 INFO tempest.lib.common.rest_client [req-6317fff6-1da9-4d5c-9234-81c92c4fa6cd req-6317fff6-1da9-4d5c-9234-81c92c4fa6cd ] Request (ServerDiagnosticsNegativeTest:setUpClass): 200 GET http://10.180.1.21/identity/v3/roles 0.139s
2025-04-25 21:59:21.308 70834 INFO tempest.lib.common.rest_client [req-980f1341-e436-407c-8ace-ecbc36696af3 req-980f1341-e436-407c-8ace-ecbc36696af3 ] Request (ServersAdminTestJSON:setUpClass): 201 POST http://10.180.1.21/identity/v3/users 0.200s
2025-04-25 21:59:21.362 70814 INFO tempest.lib.common.rest_client [req-e65c8982-f256-4c37-a595-48e22e6c9891 req-e65c8982-f256-4c37-a595-48e22e6c9891 ] Request (FlavorsV255TestJSON:tearDownClass): 204 DELETE http://10.180.1.21/identity/v3/projects/43f846c1c2ab46e2859e95d74c810f57 0.150s
2025-04-25 21:59:21.362 70814 INFO tempest.lib.common.dynamic_creds [-] Deleting project and security group for project: 484b829ff26542f29b5d63d707d921ae
2025-04-25 21:59:21.385 70820 INFO tempest.lib.common.rest_client [req-9fdfae95-0860-4373-9199-41a4d982fb77 req-9fdfae95-0860-4373-9199-41a4d982fb77 ] Request (MigrationsAdminTest:setUpClass): 201 POST http://10.180.1.21/identity/v3/auth/tokens 0.157s
2025-04-25 21:59:21.389 70844 INFO tempest.lib.common.rest_client [req-f16db3bc-bf6f-42bd-8358-b0cd921a053f req-f16db3bc-bf6f-42bd-8358-b0cd921a053f ] Request (FlavorsV261TestJSON:tearDownClass): 201 POST http://10.180.1.21/identity/v3/auth/tokens 0.152s
2025-04-25 21:59:21.422 70840 INFO tempest.lib.common.rest_client [req-0750d383-7f5f-4d68-8391-cde91654a7f7 req-0750d383-7f5f-4d68-8391-cde91654a7f7 ] Request (ServerDiagnosticsNegativeTest:setUpClass): 204 PUT http://10.180.1.21/identity/v3/projects/51055cb5ecf347fab1e41ff89c2f7738/users/ceb170d31a434e2b8c7e603737fdcd4e/roles/bfed2266e5254e6fa20804602d8e6304 0.115s
2025-04-25 21:59:21.423 70840 INFO tempest.lib.common.dynamic_creds [-] Dynamic test user ceb170d31a434e2b8c7e603737fdcd4e is created with scope project and roles: ['member']
2025-04-25 21:59:21.423 70840 INFO tempest.lib.common.dynamic_creds [-] Acquired dynamic creds: credentials: Credentials: {'domain_id': 'default', 'domain_name': 'Default', 'username': 'tempest-ServerDiagnosticsNegativeTest-736372444-project-member', 'project_domain_id': 'default', 'project_domain_name': 'Default', 'project_id': '51055cb5ecf347fab1e41ff89c2f7738', 'project_name': 'tempest-ServerDiagnosticsNegativeTest-736372444', 'tenant_id': '51055cb5ecf347fab1e41ff89c2f7738', 'tenant_name': 'tempest-ServerDiagnosticsNegativeTest-736372444', 'user_domain_id': 'default', 'user_domain_name': 'Default', 'user_id': 'ceb170d31a434e2b8c7e603737fdcd4e', 'system': None}, Network: None, Subnet: None, Router: None
2025-04-25 21:59:21.423 70840 INFO tempest.lib.common.dynamic_creds [-] Created isolated network resources for: credentials: Credentials: {'domain_id': 'default', 'domain_name': 'Default', 'username': 'tempest-ServerDiagnosticsNegativeTest-736372444-project-member', 'project_domain_id': 'default', 'project_domain_name': 'Default', 'project_id': '51055cb5ecf347fab1e41ff89c2f7738', 'project_name': 'tempest-ServerDiagnosticsNegativeTest-736372444', 'tenant_id': '51055cb5ecf347fab1e41ff89c2f7738', 'tenant_name': 'tempest-ServerDiagnosticsNegativeTest-736372444', 'user_domain_id': 'default', 'user_domain_name': 'Default', 'user_id': 'ceb170d31a434e2b8c7e603737fdcd4e', 'system': None}, Network: None, Subnet: None, Router: None
2025-04-25 21:59:21.478 70834 INFO tempest.lib.common.rest_client [req-673a80a3-a53c-453b-ae52-da3dbac79db4 req-673a80a3-a53c-453b-ae52-da3dbac79db4 ] Request (ServersAdminTestJSON:setUpClass): 200 GET http://10.180.1.21/identity/v3/roles 0.169s
2025-04-25 21:59:21.509 70820 INFO tempest.lib.common.rest_client [req-dc6fd11d-091d-4f38-b502-8cd17df2c2c2 req-dc6fd11d-091d-4f38-b502-8cd17df2c2c2 ] Request (MigrationsAdminTest:setUpClass): 201 POST http://10.180.1.21/identity/v3/auth/tokens 0.122s
2025-04-25 21:59:21.542 70834 INFO tempest.lib.common.rest_client [req-9477f46e-98de-498d-a8ac-0534a1634ef8 req-9477f46e-98de-498d-a8ac-0534a1634ef8 ] Request (ServersAdminTestJSON:setUpClass): 204 PUT http://10.180.1.21/identity/v3/projects/25e0991add714d60b14012fde317b34c/users/12025f962238447dadfce306e35f723d/roles/d043bf7351424a23ae74f88136d5fb1a 0.063s
2025-04-25 21:59:21.585 70840 INFO tempest.lib.common.rest_client [req-537ebe88-136c-4def-bdd9-b2eb16d45046 req-537ebe88-136c-4def-bdd9-b2eb16d45046 ] Request (ServerDiagnosticsNegativeTest:setUpClass): 201 POST http://10.180.1.21/identity/v3/auth/tokens 0.153s
2025-04-25 21:59:21.600 70870 INFO tempest.lib.common.rest_client [req-4441f125-5f7f-4382-8bc0-7da40c2b0acd req-4441f125-5f7f-4382-8bc0-7da40c2b0acd ] Request (QuotasAdminTestV236:tearDownClass): 204 DELETE http://10.180.1.21:9696/networking/v2.0/security-groups/add26240-b523-4764-a088-99453cd6bb63 0.343s
2025-04-25 21:59:21.606 70834 INFO tempest.lib.common.rest_client [req-9880caec-c338-4e02-acfe-a5686a68050c req-9880caec-c338-4e02-acfe-a5686a68050c ] Request (ServersAdminTestJSON:setUpClass): 200 GET http://10.180.1.21/identity/v3/roles 0.064s
