2025-04-25 22:01:20.127 70832 INFO tempest.lib.common.dynamic_creds [-] Created isolated network resources for: credentials: Credentials: {'domain_id': 'default', 'domain_name': 'Default', 'username': 'tempest-KeyPairsNegativeTestJSON-1299189731-project-member', 'project_domain_id': 'default', 'project_domain_name': 'Default', 'project_id': 'f1f116f473a74c698ee1ed1c154e7da8', 'project_name': 'tempest-KeyPairsNegativeTestJSON-1299189731', 'tenant_id': 'f1f116f473a74c698ee1ed1c154e7da8', 'tenant_name': 'tempest-KeyPairsNegativeTestJSON-1299189731', 'user_domain_id': 'default', 'user_domain_name': 'Default', 'user_id': 'aa20a8abcfaa46e48609a5aa6ac28640', 'system': None}, Network: None, Subnet: None, Router: None
2025-04-25 22:01:20.174 70864 INFO tempest.lib.common.rest_client [req-cbeb220c-1f2b-4524-b29a-35cc85333513 req-cbeb220c-1f2b-4524-b29a-35cc85333513 ] Request (ImagesOneServerTestJSON:tearDownClass): 200 GET http://10.180.1.21/compute/v2.1/servers/04d01e00-edb3-49f0-b7af-94534fda37e8 0.197s
2025-04-25 22:01:20.207 70832 INFO tempest.lib.common.rest_client [req-15356ba5-ac14-43b9-b3d0-6835e59cc4aa req-15356ba5-ac14-43b9-b3d0-6835e59cc4aa ] Request (KeyPairsNegativeTestJSON:setUpClass): 201 POST http://10.180.1.21/identity/v3/auth/tokens 0.077s
2025-04-25 22:01:20.229 70876 INFO tempest.lib.common.rest_client [req-17c74e5d-219d-4c51-b644-ff6df8d64dd5 req-17c74e5d-219d-4c51-b644-ff6df8d64dd5 ] Request (ServerMetadataTestJSON:setUpClass): 200 GET http://10.180.1.21/compute/v2.1/servers/b6d59e70-9271-4d27-93a3-8f245f8e53f2 0.233s
2025-04-25 22:01:20.234 70874 WARNING tempest.lib.common.ssh [-] Failed to establish authenticated ssh connection to cirros@10.180.180.172 ([Errno None] Unable to connect to port 22 on 10.180.180.172). Number attempts: 9. Retry after 10 seconds.: paramiko.ssh_exception.NoValidConnectionsError: [Errno None] Unable to connect to port 22 on 10.180.180.172
2025-04-25 22:01:20.266 70844 INFO tempest.lib.common.rest_client [req-74f6f17f-22ce-4564-8ec3-12dbccd4346c req-74f6f17f-22ce-4564-8ec3-12dbccd4346c ] Request (ListImageFiltersTestJSON:setUpClass): 200 GET http://10.180.1.21/compute/v2.1/images/f9f5e5d1-b4e6-43de-8f57-18fa8166d2e9 0.260s
2025-04-25 22:01:20.307 70868 INFO tempest.lib.common.rest_client [req-5b22f076-cb1d-41ec-85fc-37e35ff07ae3 req-5b22f076-cb1d-41ec-85fc-37e35ff07ae3 ] Request (ServersListShow2100Test:test_list_show_rebuild_update_server_2100): 200 GET http://10.180.1.21/compute/v2.1/servers/99302a69-8d0b-4161-b65e-208f40eee7e6 0.425s
2025-04-25 22:01:20.314 70834 INFO tempest.lib.common.rest_client [req-ae2596a2-5aa6-4127-bd48-b4f8a7e51694 req-ae2596a2-5aa6-4127-bd48-b4f8a7e51694 ] Request (ServersAdminTestJSON:test_create_server_with_scheduling_hint): 200 GET http://10.180.1.21/compute/v2.1/servers/9eb615a0-f7a2-4877-b8bd-da6f8cce751f 0.237s
2025-04-25 22:01:20.324 70838 INFO tempest.lib.common.rest_client [req-d79b027e-8eb2-4233-a389-b0f7c8be18e6 req-d79b027e-8eb2-4233-a389-b0f7c8be18e6 ] Request (AttachInterfacesUnderV243Test:_run_cleanups): 202 DELETE http://10.180.1.21/compute/v2.1/os-keypairs/tempest-keypair-1478395257 0.222s
2025-04-25 22:01:20.381 70854 INFO tempest.lib.common.rest_client [req-9c975136-42ee-45e6-b3c5-1b8dc962f1aa req-9c975136-42ee-45e6-b3c5-1b8dc962f1aa ] Request (ServerRescueTestJSON:setUpClass): 200 GET http://10.180.1.21/compute/v2.1/servers/0c76226b-a9ad-4d80-af0d-2b766ac1cc46 0.167s
2025-04-25 22:01:20.388 70832 INFO tempest.lib.common.rest_client [req-52fd6f3c-00fc-4f68-8612-2e77fbcc9d58 req-52fd6f3c-00fc-4f68-8612-2e77fbcc9d58 ] Request (KeyPairsNegativeTestJSON:test_create_keypair_invalid_name): 400 POST http://10.180.1.21/compute/v2.1/os-keypairs 0.178s
2025-04-25 22:01:20.430 70838 INFO tempest.lib.common.rest_client [req-29354713-54c7-4f1d-9040-a9c97f1a6e55 req-29354713-54c7-4f1d-9040-a9c97f1a6e55 ] Request (AttachInterfacesUnderV243Test:_run_cleanups): 204 DELETE http://10.180.1.21:9696/networking/v2.0/security-groups/8b18afc2-5e36-4981-a4bf-c084ed5e8c3e 0.105s
2025-04-25 22:01:20.434 70820 INFO tempest.lib.common.rest_client [req-f13bf8e6-fb46-492e-9a90-186662bb5935 req-f13bf8e6-fb46-492e-9a90-186662bb5935 ] Request (MigrationsAdminTest:test_resize_server_revert_deleted_flavor): 200 GET http://10.180.1.21/compute/v2.1/servers/e622a650-68e5-4bf1-ae06-2e8b4203918d 0.180s
2025-04-25 22:01:20.443 70838 INFO tempest.lib.common.rest_client [req-310ba08e-4c91-455b-8617-1dd8112d708d req-310ba08e-4c91-455b-8617-1dd8112d708d ] Request (AttachInterfacesUnderV243Test:_run_cleanups): 404 GET http://10.180.1.21:9696/networking/v2.0/security-groups/8b18afc2-5e36-4981-a4bf-c084ed5e8c3e 0.012s
2025-04-25 22:01:20.456 70852 INFO tempest.lib.common.rest_client [req-6ce17383-81f5-466c-b8ec-8c24171c1dcf req-6ce17383-81f5-466c-b8ec-8c24171c1dcf ] Request (DeleteServersAdminTestJSON:test_delete_server_while_in_error_state): 200 GET http://10.180.1.21/compute/v2.1/servers/27d22ab4-38b8-4aa1-a58a-54d0f21af4b7 0.094s
2025-04-25 22:01:20.491 70832 INFO tempest.lib.common.rest_client [req-54db6586-95ad-471b-8b85-a1b4ce389d32 req-54db6586-95ad-471b-8b85-a1b4ce389d32 ] Request (KeyPairsNegativeTestJSON:test_create_keypair_when_public_key_bits_exceeds_maximum): 400 POST http://10.180.1.21/compute/v2.1/os-keypairs 0.099s
2025-04-25 22:01:20.502 70840 INFO tempest.lib.common.rest_client [req-35366133-ce9f-4e7d-b85b-d5739ecd9479 req-35366133-ce9f-4e7d-b85b-d5739ecd9479 ] Request (ImagesTestJSON:test_create_image_from_stopped_server): 200 GET http://10.180.1.21/compute/v2.1/servers/c6262bd9-3ece-4325-8e27-c7c5624f4303 0.125s
2025-04-25 22:01:20.536 70832 INFO tempest.lib.common.rest_client [req-11b71164-c394-42da-9998-f8f202477f2f req-11b71164-c394-42da-9998-f8f202477f2f ] Request (KeyPairsNegativeTestJSON:test_create_keypair_with_duplicate_name): 200 POST http://10.180.1.21/compute/v2.1/os-keypairs 0.043s
2025-04-25 22:01:20.558 70858 INFO tempest.lib.common.rest_client [req-9cd7ac09-855b-41aa-a4c2-fa7afcba2b08 req-9cd7ac09-855b-41aa-a4c2-fa7afcba2b08 ] Request (ServersAdminNegativeTestJSON:tearDownClass): 200 GET http://10.180.1.21/compute/v2.1/servers/9010112d-e255-4da9-b10c-fa134575c977 0.098s
2025-04-25 22:01:20.584 70832 INFO tempest.lib.common.rest_client [req-0f283a7c-efcc-4b48-bb25-24fd656e2a85 req-0f283a7c-efcc-4b48-bb25-24fd656e2a85 ] Request (KeyPairsNegativeTestJSON:test_create_keypair_with_duplicate_name): 409 POST http://10.180.1.21/compute/v2.1/os-keypairs 0.046s
2025-04-25 22:01:20.617 70828 INFO tempest.lib.common.rest_client [req-98be89eb-ec20-4378-9831-53807248abce req-98be89eb-ec20-4378-9831-53807248abce ] Request (ListServerFiltersTestJSON:tearDownClass): 200 GET http://10.180.1.21/compute/v2.1/servers/cf72ad0e-a3aa-4186-ac7f-9b0bf5221496 0.089s
2025-04-25 22:01:20.624 70828 INFO tempest.common.waiters [-] State transition "ACTIVE/deleting" ==> "DELETED/None" after 3 second wait
2025-04-25 22:01:20.631 70832 INFO tempest.lib.common.rest_client [req-c2db1706-5bf9-403b-84e4-7e3885aed2b7 req-c2db1706-5bf9-403b-84e4-7e3885aed2b7 ] Request (KeyPairsNegativeTestJSON:test_create_keypair_with_duplicate_name): 202 DELETE http://10.180.1.21/compute/v2.1/os-keypairs/tempest-keypair-1583502933 0.046s
2025-04-25 22:01:20.638 70850 INFO tempest.lib.common.rest_client [req-ca19f8a7-20e5-4b33-b272-3656106fc4a8 req-ca19f8a7-20e5-4b33-b272-3656106fc4a8 ] Request (ServersNegativeTestMultiTenantJSON:setUpClass): 200 GET http://10.180.1.21/compute/v2.1/servers/364071aa-4386-43a9-b0e4-81b8859bcdc5 0.095s
2025-04-25 22:01:20.694 70837 INFO tempest.lib.common.rest_client [req-46d7b359-9613-49ef-a8c0-158a1e1776f7 req-46d7b359-9613-49ef-a8c0-158a1e1776f7 ] Request (VolumesAdminNegativeTest:test_update_attached_volume_with_nonexistent_volume_in_body): 200 GET http://10.180.1.21/compute/v2.1/servers/f05a1529-9463-4fb0-a8c8-365b33b056df 0.100s
2025-04-25 22:01:20.700 70832 INFO tempest.lib.common.rest_client [req-388c3a1d-9f7d-4189-9bfe-a4173d8f2c09 req-388c3a1d-9f7d-4189-9bfe-a4173d8f2c09 ] Request (KeyPairsNegativeTestJSON:test_create_keypair_with_empty_name_string): 400 POST http://10.180.1.21/compute/v2.1/os-keypairs 0.067s
2025-04-25 22:01:20.702 70866 INFO tempest.lib.common.rest_client [req-5899f01d-b343-42ee-a894-debc2b3588cc req-5899f01d-b343-42ee-a894-debc2b3588cc ] Request (ServerActionsV293TestJSON:setUpClass): 200 GET http://10.180.1.21/compute/v2.1/servers/99ffaf1a-9c04-4dc3-8b3a-a75b100f1b2f 0.095s
2025-04-25 22:01:20.724 70838 INFO tempest.lib.common.rest_client [req-3ed95425-27d2-43d3-8799-7f27d5e6e650 req-3ed95425-27d2-43d3-8799-7f27d5e6e650 ] Request (AttachInterfacesUnderV243Test:_run_cleanups): 204 DELETE http://10.180.1.21:9696/networking/v2.0/floatingips/8798e63b-e7da-4bb3-b00a-c8470bcebb20 0.281s
2025-04-25 22:01:20.755 70824 INFO tempest.lib.common.rest_client [req-0d6a6d20-480e-4850-a860-19570608edca req-0d6a6d20-480e-4850-a860-19570608edca ] Request (ServersTestJSON:test_create_server_specify_multibyte_character_name): 200 GET http://10.180.1.21/compute/v2.1/servers/bab958b5-eb15-42d5-a24b-dcb23999a301 0.099s
2025-04-25 22:01:20.763 70856 INFO tempest.lib.common.rest_client [req-1d1bc46d-3b16-472f-9f4c-02a3b5cb252b req-1d1bc46d-3b16-472f-9f4c-02a3b5cb252b ] Request (ImagesNegativeTestJSON:test_create_image_from_deleted_server): 200 GET http://10.180.1.21/compute/v2.1/servers/ff46f4a8-4e2e-4ccf-87ba-b3f20ce8efa0 0.103s
2025-04-25 22:01:20.778 70832 INFO tempest.lib.common.rest_client [req-188dcd51-556f-48af-b4f2-788c28e99638 req-188dcd51-556f-48af-b4f2-788c28e99638 ] Request (KeyPairsNegativeTestJSON:test_create_keypair_with_empty_public_key): 400 POST http://10.180.1.21/compute/v2.1/os-keypairs 0.076s
2025-04-25 22:01:20.797 70838 INFO tempest.lib.common.rest_client [req-f7367dca-12df-4c0d-805c-c899fa29999a req-f7367dca-12df-4c0d-805c-c899fa29999a ] Request (AttachInterfacesUnderV243Test:tearDownClass): 404 DELETE http://10.180.1.21/compute/v2.1/servers/b94d7c52-0c30-4467-a5bb-d3c4bdced0ea 0.071s
2025-04-25 22:01:20.825 70822 INFO tempest.lib.common.rest_client [req-0fb8f196-23e0-4461-95fb-c9f0c8e5ac77 req-0fb8f196-23e0-4461-95fb-c9f0c8e5ac77 ] Request (InstanceActionsV221TestJSON:test_get_list_deleted_instance_actions): 200 GET http://10.180.1.21/compute/v2.1/servers/8d6e650f-3557-4ee7-b711-df7b27dbfcf5 0.104s
2025-04-25 22:01:20.832 70832 INFO tempest.lib.common.rest_client [req-19abaa2d-b03f-4f96-a84e-cf8fa67e90e1 req-19abaa2d-b03f-4f96-a84e-cf8fa67e90e1 ] Request (KeyPairsNegativeTestJSON:test_create_keypair_with_long_keynames): 400 POST http://10.180.1.21/compute/v2.1/os-keypairs 0.052s
2025-04-25 22:01:20.852 70838 INFO tempest.lib.common.rest_client [req-44791750-b247-461e-841d-a6ecbf69058f req-44791750-b247-461e-841d-a6ecbf69058f ] Request (AttachInterfacesUnderV243Test:tearDownClass): 404 GET http://10.180.1.21/compute/v2.1/servers/b94d7c52-0c30-4467-a5bb-d3c4bdced0ea 0.054s
2025-04-25 22:01:20.860 70860 INFO tempest.lib.common.rest_client [req-4fb72ab8-73f6-497b-b40a-de5eb2f4ebf5 req-4fb72ab8-73f6-497b-b40a-de5eb2f4ebf5 ] Request (FloatingIPsAssociationTestJSON:setUpClass): 200 GET http://10.180.1.21/compute/v2.1/servers/ee25feee-3f5e-4bc7-977a-416fb75fb51e 0.090s
2025-04-25 22:01:20.886 70832 INFO tempest.lib.common.rest_client [req-760005bd-14c1-4cd0-9242-f7b43938ed28 req-760005bd-14c1-4cd0-9242-f7b43938ed28 ] Request (KeyPairsNegativeTestJSON:test_keypair_create_with_invalid_pub_key): 400 POST http://10.180.1.21/compute/v2.1/os-keypairs 0.050s
2025-04-25 22:01:20.902 70832 INFO tempest.lib.common.rest_client [req-49e1d38b-9e54-4972-bfc1-4482f2815ca4 req-49e1d38b-9e54-4972-bfc1-4482f2815ca4 ] Request (KeyPairsNegativeTestJSON:test_keypair_delete_nonexistent_key): 404 DELETE http://10.180.1.21/compute/v2.1/os-keypairs/tempest-keypair-non-existent-62682710 0.014s
2025-04-25 22:01:20.915 70814 INFO tempest.lib.common.rest_client [req-eeaf4886-23a3-42c8-9242-006603320647 req-eeaf4886-23a3-42c8-9242-006603320647 ] Request (ListServersNegativeTestJSON:setUpClass): 200 GET http://10.180.1.21/compute/v2.1/servers/ebfcca2a-2f76-4616-b550-27d0ec6189c9 0.085s
2025-04-25 22:01:20.988 70842 INFO tempest.lib.common.rest_client [req-23023205-5d6b-4ef9-ad97-e0ee5ba99024 req-23023205-5d6b-4ef9-ad97-e0ee5ba99024 ] Request (ServersListShow296Test:test_list_show_update_rebuild_server_296): 200 GET http://10.180.1.21/compute/v2.1/servers/feb8cc6c-15d7-408b-909f-f8810d6df59f 0.076s
2025-04-25 22:01:21.027 70832 INFO tempest.lib.common.rest_client [req-6ff5e691-fabc-4c6e-aee9-c9524d10b9cd req-6ff5e691-fabc-4c6e-aee9-c9524d10b9cd ] Request (KeyPairsNegativeTestJSON:tearDownClass): 204 DELETE http://10.180.1.21/identity/v3/users/aa20a8abcfaa46e48609a5aa6ac28640 0.124s
2025-04-25 22:01:21.028 70832 INFO tempest.lib.common.dynamic_creds [-] Deleting project and security group for project: f1f116f473a74c698ee1ed1c154e7da8
2025-04-25 22:01:21.045 70816 INFO tempest.lib.common.rest_client [req-b0ac0017-72fa-4a39-b9f9-7c177ed860f4 req-b0ac0017-72fa-4a39-b9f9-7c177ed860f4 ] Request (ServersTestJSON:setUpClass): 200 GET http://10.180.1.21/compute/v2.1/servers/d386c231-c43e-4a9f-a873-d71a5885696a 0.065s
2025-04-25 22:01:21.050 70870 INFO tempest.lib.common.rest_client [req-b51ecd66-bcc0-45d9-a07b-2580a623dade req-b51ecd66-bcc0-45d9-a07b-2580a623dade ] Request (ServerDiskConfigTestJSON:test_rebuild_server_with_manual_disk_config): 200 GET http://10.180.1.21/compute/v2.1/servers/3a7fa033-88fa-45a4-a054-d9ca2525f289 0.080s
2025-04-25 22:01:21.112 70832 INFO tempest.lib.common.rest_client [req-aedca6df-a1eb-43d3-8d87-c3562aaee6f2 req-aedca6df-a1eb-43d3-8d87-c3562aaee6f2 ] Request (KeyPairsNegativeTestJSON:tearDownClass): 201 POST http://10.180.1.21/identity/v3/auth/tokens 0.084s
2025-04-25 22:01:21.231 70826 INFO tempest.lib.common.rest_client [req-7ef78981-327f-46eb-b9fe-b4e44db5d115 req-7ef78981-327f-46eb-b9fe-b4e44db5d115 ] Request (AttachInterfacesV270Test:test_create_get_list_interfaces): 200 GET http://10.180.1.21/compute/v2.1/servers/4d5c6b08-0cb0-4777-a395-a003a8b8d8b1 0.139s
2025-04-25 22:01:21.267 70864 INFO tempest.lib.common.rest_client [req-f45ac5f3-46e5-4d35-9278-accfd1061386 req-f45ac5f3-46e5-4d35-9278-accfd1061386 ] Request (ImagesOneServerTestJSON:tearDownClass): 200 GET http://10.180.1.21/compute/v2.1/servers/04d01e00-edb3-49f0-b7af-94534fda37e8 0.084s
2025-04-25 22:01:21.299 70876 INFO tempest.lib.common.rest_client [req-0be68aee-993b-43d8-84a6-745353c974d5 req-0be68aee-993b-43d8-84a6-745353c974d5 ] Request (ServerMetadataTestJSON:setUpClass): 200 GET http://10.180.1.21/compute/v2.1/servers/b6d59e70-9271-4d27-93a3-8f245f8e53f2 0.060s
2025-04-25 22:01:21.312 70844 INFO tempest.lib.common.rest_client [req-955d9eef-395a-4393-b558-688558b0281b req-955d9eef-395a-4393-b558-688558b0281b ] Request (ListImageFiltersTestJSON:setUpClass): 200 GET http://10.180.1.21/compute/v2.1/images/f9f5e5d1-b4e6-43de-8f57-18fa8166d2e9 0.038s
2025-04-25 22:01:21.322 70832 INFO tempest.lib.common.rest_client [req-a8a537e3-2221-4293-a71c-b43ce946b343 req-a8a537e3-2221-4293-a71c-b43ce946b343 ] Request (KeyPairsNegativeTestJSON:tearDownClass): 200 GET http://10.180.1.21:9696/networking/v2.0/security-groups?tenant_id=f1f116f473a74c698ee1ed1c154e7da8&name=default 0.210s
2025-04-25 22:01:21.399 70868 INFO tempest.lib.common.rest_client [req-6f497586-ec7c-4c66-aaad-c3746d338fd8 req-6f497586-ec7c-4c66-aaad-c3746d338fd8 ] Request (ServersListShow2100Test:test_list_show_rebuild_update_server_2100): 200 GET http://10.180.1.21/compute/v2.1/servers/99302a69-8d0b-4161-b65e-208f40eee7e6 0.079s
2025-04-25 22:01:21.415 70832 INFO tempest.lib.common.rest_client [req-191f8fef-3085-4ec0-b528-f6f3351451d0 req-191f8fef-3085-4ec0-b528-f6f3351451d0 ] Request (KeyPairsNegativeTestJSON:tearDownClass): 204 DELETE http://10.180.1.21:9696/networking/v2.0/security-groups/1128c937-b2fa-417e-b7f0-f791d69795ca 0.092s
2025-04-25 22:01:21.457 70854 INFO tempest.lib.common.rest_client [req-176eb1c3-75d3-4eab-8443-7161e6870845 req-176eb1c3-75d3-4eab-8443-7161e6870845 ] Request (ServerRescueTestJSON:setUpClass): 200 GET http://10.180.1.21/compute/v2.1/servers/0c76226b-a9ad-4d80-af0d-2b766ac1cc46 0.063s
2025-04-25 22:01:21.485 70832 INFO tempest.lib.common.rest_client [req-5994d20b-961d-440a-9cc7-8468554df311 req-5994d20b-961d-440a-9cc7-8468554df311 ] Request (KeyPairsNegativeTestJSON:tearDownClass): 204 DELETE http://10.180.1.21/identity/v3/projects/f1f116f473a74c698ee1ed1c154e7da8 0.069s
2025-04-25 22:01:21.526 70820 INFO tempest.lib.common.rest_client [req-4d5b76dd-350a-432d-bd3f-277fe9cc3cba req-4d5b76dd-350a-432d-bd3f-277fe9cc3cba ] Request (MigrationsAdminTest:test_resize_server_revert_deleted_flavor): 200 GET http://10.180.1.21/compute/v2.1/servers/e622a650-68e5-4bf1-ae06-2e8b4203918d 0.081s
2025-04-25 22:01:21.561 70832 INFO tempest.lib.common.rest_client [req-e2031690-194d-4a89-be86-3968c9533c14 req-e2031690-194d-4a89-be86-3968c9533c14 ] Request (ServerTagsTestJSON:setUpClass): 201 POST http://10.180.1.21/identity/v3/auth/tokens 0.074s
2025-04-25 22:01:21.588 70852 INFO tempest.lib.common.rest_client [req-8c923609-fff7-4b93-bea3-25282e6b8b32 req-8c923609-fff7-4b93-bea3-25282e6b8b32 ] Request (DeleteServersAdminTestJSON:test_delete_server_while_in_error_state): 200 GET http://10.180.1.21/compute/v2.1/servers/27d22ab4-38b8-4aa1-a58a-54d0f21af4b7 0.124s
2025-04-25 22:01:21.596 70832 INFO tempest.lib.common.rest_client [req-2eb74b50-5778-46cb-9854-d69bed754c23 req-2eb74b50-5778-46cb-9854-d69bed754c23 ] Request (ServerTagsTestJSON:setUpClass): 201 POST http://10.180.1.21/identity/v3/auth/tokens 0.033s
2025-04-25 22:01:21.621 70834 INFO tempest.lib.common.rest_client [req-67ab1467-8949-478a-8691-116a2e0ee537 req-67ab1467-8949-478a-8691-116a2e0ee537 ] Request (ServersAdminTestJSON:test_create_server_with_scheduling_hint): 200 GET http://10.180.1.21/compute/v2.1/servers/9eb615a0-f7a2-4877-b8bd-da6f8cce751f 0.298s
2025-04-25 22:01:21.622 70832 INFO tempest.lib.common.rest_client [req-ca41da0d-9ab5-4922-894b-d3f26f7fef1c req-ca41da0d-9ab5-4922-894b-d3f26f7fef1c ] Request (ServerTagsTestJSON:setUpClass): 200 GET http://10.180.1.21/identity/v3/domains?name=Default 0.025s
2025-04-25 22:01:21.641 70840 INFO tempest.lib.common.rest_client [req-cd617c33-932c-4387-982b-4b88b55c7ab0 req-cd617c33-932c-4387-982b-4b88b55c7ab0 ] Request (ImagesTestJSON:test_create_image_from_stopped_server): 200 GET http://10.180.1.21/compute/v2.1/servers/c6262bd9-3ece-4325-8e27-c7c5624f4303 0.129s
2025-04-25 22:01:21.650 70832 INFO tempest.lib.common.rest_client [req-8963207c-a757-491b-ad10-51949c7c8a0a req-8963207c-a757-491b-ad10-51949c7c8a0a ] Request (ServerTagsTestJSON:setUpClass): 201 POST http://10.180.1.21/identity/v3/projects 0.028s
2025-04-25 22:01:21.691 70858 INFO tempest.lib.common.rest_client [req-6994b93d-9736-49dc-b343-132e2e2816af req-6994b93d-9736-49dc-b343-132e2e2816af ] Request (ServersAdminNegativeTestJSON:tearDownClass): 200 GET http://10.180.1.21/compute/v2.1/servers/9010112d-e255-4da9-b10c-fa134575c977 0.125s
2025-04-25 22:01:21.703 70828 INFO tempest.lib.common.rest_client [req-0dfd292e-90ed-4323-a385-93326f227bc6 req-0dfd292e-90ed-4323-a385-93326f227bc6 ] Request (ListServerFiltersTestJSON:tearDownClass): 200 GET http://10.180.1.21/compute/v2.1/servers/cf72ad0e-a3aa-4186-ac7f-9b0bf5221496 0.078s
2025-04-25 22:01:21.715 70832 INFO tempest.lib.common.rest_client [req-dffa7328-2505-4470-a2c8-25d238bbe86c req-dffa7328-2505-4470-a2c8-25d238bbe86c ] Request (ServerTagsTestJSON:setUpClass): 201 POST http://10.180.1.21/identity/v3/users 0.065s
2025-04-25 22:01:21.747 70832 INFO tempest.lib.common.rest_client [req-77124163-4227-472f-b276-3abd03526274 req-77124163-4227-472f-b276-3abd03526274 ] Request (ServerTagsTestJSON:setUpClass): 200 GET http://10.180.1.21/identity/v3/roles 0.031s
2025-04-25 22:01:21.750 70850 INFO tempest.lib.common.rest_client [req-99a56e4b-2722-4cee-a30b-43a8dc793daf req-99a56e4b-2722-4cee-a30b-43a8dc793daf ] Request (ServersNegativeTestMultiTenantJSON:setUpClass): 200 GET http://10.180.1.21/compute/v2.1/servers/364071aa-4386-43a9-b0e4-81b8859bcdc5 0.102s
2025-04-25 22:01:21.766 70837 INFO tempest.lib.common.rest_client [req-38817ef9-7bef-4c0d-8829-d84bc7ddd1df req-38817ef9-7bef-4c0d-8829-d84bc7ddd1df ] Request (VolumesAdminNegativeTest:test_update_attached_volume_with_nonexistent_volume_in_body): 200 GET http://10.180.1.21/compute/v2.1/servers/f05a1529-9463-4fb0-a8c8-365b33b056df 0.059s
2025-04-25 22:01:21.785 70832 INFO tempest.lib.common.rest_client [req-59d969d2-5bc3-4ae3-94ec-fec70f507725 req-59d969d2-5bc3-4ae3-94ec-fec70f507725 ] Request (ServerTagsTestJSON:setUpClass): 204 PUT http://10.180.1.21/identity/v3/projects/67ef465fcafb4b0888588a3387dbeb7d/users/e8a86f5113ad4484902b442650bb6cc1/roles/bfed2266e5254e6fa20804602d8e6304 0.038s
2025-04-25 22:01:21.785 70832 INFO tempest.lib.common.dynamic_creds [-] Dynamic test user e8a86f5113ad4484902b442650bb6cc1 is created with scope project and roles: ['member']
2025-04-25 22:01:21.786 70832 INFO tempest.lib.common.dynamic_creds [-] Acquired dynamic creds: credentials: Credentials: {'domain_id': 'default', 'domain_name': 'Default', 'username': 'tempest-ServerTagsTestJSON-1821136178-project-member', 'project_domain_id': 'default', 'project_domain_name': 'Default', 'project_id': '67ef465fcafb4b0888588a3387dbeb7d', 'project_name': 'tempest-ServerTagsTestJSON-1821136178', 'tenant_id': '67ef465fcafb4b0888588a3387dbeb7d', 'tenant_name': 'tempest-ServerTagsTestJSON-1821136178', 'user_domain_id': 'default', 'user_domain_name': 'Default', 'user_id': 'e8a86f5113ad4484902b442650bb6cc1', 'system': None}, Network: None, Subnet: None, Router: None
2025-04-25 22:01:21.823 70866 INFO tempest.lib.common.rest_client [req-62a70ebb-86d8-4e1f-bea8-8789ffe12cd6 req-62a70ebb-86d8-4e1f-bea8-8789ffe12cd6 ] Request (ServerActionsV293TestJSON:setUpClass): 200 GET http://10.180.1.21/compute/v2.1/servers/99ffaf1a-9c04-4dc3-8b3a-a75b100f1b2f 0.108s
2025-04-25 22:01:21.834 70830 WARNING tempest.lib.common.ssh [-] Failed to establish authenticated ssh connection to cirros@10.180.180.177 ([Errno None] Unable to connect to port 22 on 10.180.180.177). Number attempts: 2. Retry after 3 seconds.: paramiko.ssh_exception.NoValidConnectionsError: [Errno None] Unable to connect to port 22 on 10.180.180.177
2025-04-25 22:01:21.835 70824 INFO tempest.lib.common.rest_client [req-daa6236e-fd23-4690-9ee6-ea9ae68b3472 req-daa6236e-fd23-4690-9ee6-ea9ae68b3472 ] Request (ServersTestJSON:test_create_server_specify_multibyte_character_name): 200 GET http://10.180.1.21/compute/v2.1/servers/bab958b5-eb15-42d5-a24b-dcb23999a301 0.072s
2025-04-25 22:01:21.854 70832 INFO tempest.lib.common.rest_client [req-bcdd64a2-2542-4261-b7b6-dd8e405f65b8 req-bcdd64a2-2542-4261-b7b6-dd8e405f65b8 ] Request (ServerTagsTestJSON:setUpClass): 201 POST http://10.180.1.21/identity/v3/auth/tokens 0.068s
2025-04-25 22:01:21.885 70856 INFO tempest.lib.common.rest_client [req-73ebf34e-bf0d-47a7-8757-b13c28a611b1 req-73ebf34e-bf0d-47a7-8757-b13c28a611b1 ] Request (ImagesNegativeTestJSON:test_create_image_from_deleted_server): 200 GET http://10.180.1.21/compute/v2.1/servers/ff46f4a8-4e2e-4ccf-87ba-b3f20ce8efa0 0.114s
2025-04-25 22:01:21.913 70822 INFO tempest.lib.common.rest_client [req-cab60e71-fb32-48dc-8d61-29d067a44202 req-cab60e71-fb32-48dc-8d61-29d067a44202 ] Request (InstanceActionsV221TestJSON:test_get_list_deleted_instance_actions): 200 GET http://10.180.1.21/compute/v2.1/servers/8d6e650f-3557-4ee7-b711-df7b27dbfcf5 0.070s
2025-04-25 22:01:21.948 70860 INFO tempest.lib.common.rest_client [req-a3d31b47-7691-490a-871a-4b61f08e6385 req-a3d31b47-7691-490a-871a-4b61f08e6385 ] Request (FloatingIPsAssociationTestJSON:setUpClass): 200 GET http://10.180.1.21/compute/v2.1/servers/ee25feee-3f5e-4bc7-977a-416fb75fb51e 0.079s
2025-04-25 22:01:21.958 70838 INFO tempest.lib.common.rest_client [req-69da0c5d-7072-4b20-a78b-ab8c3d3fe567 req-69da0c5d-7072-4b20-a78b-ab8c3d3fe567 ] Request (AttachInterfacesUnderV243Test:tearDownClass): 200 PUT http://10.180.1.21:9696/networking/v2.0/routers/a30e3b8a-02be-44e3-a86f-c68ecadc42b7/remove_router_interface 1.105s
2025-04-25 22:01:22.003 70814 INFO tempest.lib.common.rest_client [req-c3d19b21-4822-471f-a4be-928beacb3bac req-c3d19b21-4822-471f-a4be-928beacb3bac ] Request (ListServersNegativeTestJSON:setUpClass): 200 GET http://10.180.1.21/compute/v2.1/servers/ebfcca2a-2f76-4616-b550-27d0ec6189c9 0.080s
2025-04-25 22:01:22.085 70842 INFO tempest.lib.common.rest_client [req-04cc7d1b-ad53-4223-8b1f-c94ebaf00e3a req-04cc7d1b-ad53-4223-8b1f-c94ebaf00e3a ] Request (ServersListShow296Test:test_list_show_update_rebuild_server_296): 200 GET http://10.180.1.21/compute/v2.1/servers/feb8cc6c-15d7-408b-909f-f8810d6df59f 0.082s
2025-04-25 22:01:22.134 70816 INFO tempest.lib.common.rest_client [req-383ff143-2d11-470e-adf3-9eeee4ed6d3d req-383ff143-2d11-470e-adf3-9eeee4ed6d3d ] Request (ServersTestJSON:setUpClass): 200 GET http://10.180.1.21/compute/v2.1/servers/d386c231-c43e-4a9f-a873-d71a5885696a 0.078s
2025-04-25 22:01:22.142 70870 INFO tempest.lib.common.rest_client [req-21957529-a70f-4cfb-a761-82be7cde2420 req-21957529-a70f-4cfb-a761-82be7cde2420 ] Request (ServerDiskConfigTestJSON:test_rebuild_server_with_manual_disk_config): 200 GET http://10.180.1.21/compute/v2.1/servers/3a7fa033-88fa-45a4-a054-d9ca2525f289 0.080s
2025-04-25 22:01:22.154 70832 INFO tempest.lib.common.rest_client [req-b06d21df-3453-40ce-ab9d-9e6c66950e63 req-b06d21df-3453-40ce-ab9d-9e6c66950e63 ] Request (ServerTagsTestJSON:setUpClass): 201 POST http://10.180.1.21:9696/networking/v2.0/networks 0.299s
2025-04-25 22:01:22.333 70832 INFO tempest.lib.common.rest_client [req-26bef46f-a17e-4afa-bd92-ddc1b223b80a req-26bef46f-a17e-4afa-bd92-ddc1b223b80a ] Request (ServerTagsTestJSON:setUpClass): 201 POST http://10.180.1.21:9696/networking/v2.0/subnets 0.178s
2025-04-25 22:01:22.359 70864 INFO tempest.lib.common.rest_client [req-a6dc4f93-373a-4d6e-968f-636911a2687f req-a6dc4f93-373a-4d6e-968f-636911a2687f ] Request (ImagesOneServerTestJSON:tearDownClass): 200 GET http://10.180.1.21/compute/v2.1/servers/04d01e00-edb3-49f0-b7af-94534fda37e8 0.080s
2025-04-25 22:01:22.359 70838 INFO tempest.lib.common.rest_client [req-0b64daf0-5063-4d25-a64d-e55ae925c1b0 req-0b64daf0-5063-4d25-a64d-e55ae925c1b0 ] Request (AttachInterfacesUnderV243Test:tearDownClass): 204 DELETE http://10.180.1.21:9696/networking/v2.0/routers/a30e3b8a-02be-44e3-a86f-c68ecadc42b7 0.400s
2025-04-25 22:01:22.365 70826 INFO tempest.lib.common.rest_client [req-aaf39377-d718-4cb5-9a51-bf4bad20c892 req-aaf39377-d718-4cb5-9a51-bf4bad20c892 ] Request (AttachInterfacesV270Test:test_create_get_list_interfaces): 200 GET http://10.180.1.21/compute/v2.1/servers/4d5c6b08-0cb0-4777-a395-a003a8b8d8b1 0.119s
2025-04-25 22:01:22.375 70826 INFO tempest.common.waiters [-] State transition "BUILD/spawning" ==> "ACTIVE/None" after 69 second wait
2025-04-25 22:01:22.399 70844 INFO tempest.lib.common.rest_client [req-b0b644ab-637d-4094-9856-1357c7763926 req-b0b644ab-637d-4094-9856-1357c7763926 ] Request (ListImageFiltersTestJSON:setUpClass): 200 GET http://10.180.1.21/compute/v2.1/images/f9f5e5d1-b4e6-43de-8f57-18fa8166d2e9 0.084s
2025-04-25 22:01:22.437 70876 INFO tempest.lib.common.rest_client [req-74fe25b7-954b-48a0-a8ff-7c0b2293938e req-74fe25b7-954b-48a0-a8ff-7c0b2293938e ] Request (ServerMetadataTestJSON:setUpClass): 200 GET http://10.180.1.21/compute/v2.1/servers/b6d59e70-9271-4d27-93a3-8f245f8e53f2 0.124s
2025-04-25 22:01:22.516 70868 INFO tempest.lib.common.rest_client [req-a91ede42-cad0-4e6e-976a-48306a113a4b req-a91ede42-cad0-4e6e-976a-48306a113a4b ] Request (ServersListShow2100Test:test_list_show_rebuild_update_server_2100): 200 GET http://10.180.1.21/compute/v2.1/servers/99302a69-8d0b-4161-b65e-208f40eee7e6 0.099s
2025-04-25 22:01:22.575 70854 INFO tempest.lib.common.rest_client [req-30559936-d825-4b93-9dad-d05067ad7208 req-30559936-d825-4b93-9dad-d05067ad7208 ] Request (ServerRescueTestJSON:setUpClass): 200 GET http://10.180.1.21/compute/v2.1/servers/0c76226b-a9ad-4d80-af0d-2b766ac1cc46 0.107s
2025-04-25 22:01:22.605 70838 INFO tempest.lib.common.rest_client [req-7b89f848-890a-467f-8f5b-49a19f97afce req-7b89f848-890a-467f-8f5b-49a19f97afce ] Request (AttachInterfacesUnderV243Test:tearDownClass): 204 DELETE http://10.180.1.21:9696/networking/v2.0/subnets/47684064-83bf-44bd-91ad-a855cc363152 0.245s
2025-04-25 22:01:22.638 70820 INFO tempest.lib.common.rest_client [req-fab54879-2024-434c-afc4-485ef49d8040 req-fab54879-2024-434c-afc4-485ef49d8040 ] Request (MigrationsAdminTest:test_resize_server_revert_deleted_flavor): 200 GET http://10.180.1.21/compute/v2.1/servers/e622a650-68e5-4bf1-ae06-2e8b4203918d 0.103s
2025-04-25 22:01:22.708 70852 INFO tempest.lib.common.rest_client [req-89d6d65c-bb21-4bdf-b02d-d5cb537416ff req-89d6d65c-bb21-4bdf-b02d-d5cb537416ff ] Request (DeleteServersAdminTestJSON:test_delete_server_while_in_error_state): 200 GET http://10.180.1.21/compute/v2.1/servers/27d22ab4-38b8-4aa1-a58a-54d0f21af4b7 0.108s
2025-04-25 22:01:22.766 70834 INFO tempest.lib.common.rest_client [req-9c33d75b-005d-458d-a9e9-5ddfe7e49c5a req-9c33d75b-005d-458d-a9e9-5ddfe7e49c5a ] Request (ServersAdminTestJSON:test_create_server_with_scheduling_hint): 200 GET http://10.180.1.21/compute/v2.1/servers/9eb615a0-f7a2-4877-b8bd-da6f8cce751f 0.137s
2025-04-25 22:01:22.826 70840 INFO tempest.lib.common.rest_client [req-782ed76f-f4b0-4cfe-9f6d-f1bb58523609 req-782ed76f-f4b0-4cfe-9f6d-f1bb58523609 ] Request (ImagesTestJSON:test_create_image_from_stopped_server): 200 GET http://10.180.1.21/compute/v2.1/servers/c6262bd9-3ece-4325-8e27-c7c5624f4303 0.175s
2025-04-25 22:01:22.908 70858 INFO tempest.lib.common.rest_client [req-96ce40ba-bfa8-4da5-87fb-c5d668e49378 req-96ce40ba-bfa8-4da5-87fb-c5d668e49378 ] Request (ServersAdminNegativeTestJSON:tearDownClass): 200 GET http://10.180.1.21/compute/v2.1/servers/9010112d-e255-4da9-b10c-fa134575c977 0.205s
2025-04-25 22:01:23.012 70828 INFO tempest.lib.common.rest_client [req-04243ed9-9cab-4438-9b03-a33fe09d76e2 req-04243ed9-9cab-4438-9b03-a33fe09d76e2 ] Request (ListServerFiltersTestJSON:tearDownClass): 200 GET http://10.180.1.21/compute/v2.1/servers/cf72ad0e-a3aa-4186-ac7f-9b0bf5221496 0.300s
2025-04-25 22:01:23.087 70850 INFO tempest.lib.common.rest_client [req-2e3ba883-e566-421b-876c-b6c9a33f9e07 req-2e3ba883-e566-421b-876c-b6c9a33f9e07 ] Request (ServersNegativeTestMultiTenantJSON:setUpClass): 200 GET http://10.180.1.21/compute/v2.1/servers/364071aa-4386-43a9-b0e4-81b8859bcdc5 0.324s
2025-04-25 22:01:23.106 70838 INFO tempest.lib.common.rest_client [req-91aa0463-6811-4eb4-a378-0ea6b8cbf4e6 req-91aa0463-6811-4eb4-a378-0ea6b8cbf4e6 ] Request (AttachInterfacesUnderV243Test:tearDownClass): 204 DELETE http://10.180.1.21:9696/networking/v2.0/networks/b40dc093-9fc1-4a90-9323-5fe142396ec7 0.501s
2025-04-25 22:01:23.155 70837 INFO tempest.lib.common.rest_client [req-6cbe827e-d1ab-42f4-bed8-11ab928dd698 req-6cbe827e-d1ab-42f4-bed8-11ab928dd698 ] Request (VolumesAdminNegativeTest:test_update_attached_volume_with_nonexistent_volume_in_body): 200 GET http://10.180.1.21/compute/v2.1/servers/f05a1529-9463-4fb0-a8c8-365b33b056df 0.378s
2025-04-25 22:01:23.202 70838 INFO tempest.lib.common.rest_client [req-a6c957f3-0c4c-44e7-840b-b2d37f02cc8a req-a6c957f3-0c4c-44e7-840b-b2d37f02cc8a ] Request (AttachInterfacesUnderV243Test:tearDownClass): 204 DELETE http://10.180.1.21/identity/v3/users/ffdc9a3fc323439e8f37d6bd608a3f51 0.096s
2025-04-25 22:01:23.202 70838 INFO tempest.lib.common.dynamic_creds [-] Deleting project and security group for project: 4131aaee725048058276add33ce37be0
2025-04-25 22:01:23.236 70838 INFO tempest.lib.common.rest_client [req-8ae43402-1ef2-46d3-ba9c-3a7890d5913e req-8ae43402-1ef2-46d3-ba9c-3a7890d5913e ] Request (AttachInterfacesUnderV243Test:tearDownClass): 200 GET http://10.180.1.21:9696/networking/v2.0/security-groups?tenant_id=4131aaee725048058276add33ce37be0&name=default 0.033s
2025-04-25 22:01:23.238 70866 INFO tempest.lib.common.rest_client [req-04cc5dca-3531-4836-8a61-6852d45c7960 req-04cc5dca-3531-4836-8a61-6852d45c7960 ] Request (ServerActionsV293TestJSON:setUpClass): 200 GET http://10.180.1.21/compute/v2.1/servers/99ffaf1a-9c04-4dc3-8b3a-a75b100f1b2f 0.404s
2025-04-25 22:01:23.324 70824 INFO tempest.lib.common.rest_client [req-264af1ef-cacc-4b4d-b6aa-ad6fda5f6f61 req-264af1ef-cacc-4b4d-b6aa-ad6fda5f6f61 ] Request (ServersTestJSON:test_create_server_specify_multibyte_character_name): 200 GET http://10.180.1.21/compute/v2.1/servers/bab958b5-eb15-42d5-a24b-dcb23999a301 0.479s
2025-04-25 22:01:23.331 70824 INFO tempest.common.waiters [-] State transition "BUILD/None" ==> "BUILD/networking" after 68 second wait
2025-04-25 22:01:23.406 70856 INFO tempest.lib.common.rest_client [req-5d0b8194-5b61-43ec-86ae-1a7134c73574 req-5d0b8194-5b61-43ec-86ae-1a7134c73574 ] Request (ImagesNegativeTestJSON:test_create_image_from_deleted_server): 200 GET http://10.180.1.21/compute/v2.1/servers/ff46f4a8-4e2e-4ccf-87ba-b3f20ce8efa0 0.507s
2025-04-25 22:01:23.446 70838 INFO tempest.lib.common.rest_client [req-4ebc9cc3-317c-41e5-8058-04841c6b3758 req-4ebc9cc3-317c-41e5-8058-04841c6b3758 ] Request (AttachInterfacesUnderV243Test:tearDownClass): 204 DELETE http://10.180.1.21:9696/networking/v2.0/security-groups/f17d1d0d-2179-4915-b502-7204a8b5b5ce 0.209s
2025-04-25 22:01:23.497 70822 INFO tempest.lib.common.rest_client [req-1b64b21c-611f-48bf-8b5c-925fe17e7f91 req-1b64b21c-611f-48bf-8b5c-925fe17e7f91 ] Request (InstanceActionsV221TestJSON:test_get_list_deleted_instance_actions): 200 GET http://10.180.1.21/compute/v2.1/servers/8d6e650f-3557-4ee7-b711-df7b27dbfcf5 0.573s
2025-04-25 22:01:23.540 70838 INFO tempest.lib.common.rest_client [req-62429298-79a7-4ab7-ae6c-d00b6b6f1935 req-62429298-79a7-4ab7-ae6c-d00b6b6f1935 ] Request (AttachInterfacesUnderV243Test:tearDownClass): 204 DELETE http://10.180.1.21/identity/v3/projects/4131aaee725048058276add33ce37be0 0.093s
2025-04-25 22:01:23.560 70860 INFO tempest.lib.common.rest_client [req-8f6d8647-cca7-41d2-9f31-6ecde13a83f3 req-8f6d8647-cca7-41d2-9f31-6ecde13a83f3 ] Request (FloatingIPsAssociationTestJSON:setUpClass): 200 GET http://10.180.1.21/compute/v2.1/servers/ee25feee-3f5e-4bc7-977a-416fb75fb51e 0.602s
2025-04-25 22:01:23.616 70838 INFO tempest.lib.common.rest_client [req-9be265a2-301b-4b0b-9f69-5aa3eddfd0c0 req-9be265a2-301b-4b0b-9f69-5aa3eddfd0c0 ] Request (ServersTestBootFromVolume:setUpClass): 201 POST http://10.180.1.21/identity/v3/auth/tokens 0.074s
2025-04-25 22:01:23.632 70814 INFO tempest.lib.common.rest_client [req-c9bb7fc9-5d3d-40dc-98f6-0b055543f685 req-c9bb7fc9-5d3d-40dc-98f6-0b055543f685 ] Request (ListServersNegativeTestJSON:setUpClass): 200 GET http://10.180.1.21/compute/v2.1/servers/ebfcca2a-2f76-4616-b550-27d0ec6189c9 0.620s
2025-04-25 22:01:23.653 70838 INFO tempest.lib.common.rest_client [req-83dcf8b0-aeae-4354-9d55-b711cbe6b10e req-83dcf8b0-aeae-4354-9d55-b711cbe6b10e ] Request (ServersTestBootFromVolume:setUpClass): 201 POST http://10.180.1.21/identity/v3/auth/tokens 0.034s
2025-04-25 22:01:23.677 70838 INFO tempest.lib.common.rest_client [req-769c3dbd-c238-4d3d-b87f-0fef7dc5f660 req-769c3dbd-c238-4d3d-b87f-0fef7dc5f660 ] Request (ServersTestBootFromVolume:setUpClass): 200 GET http://10.180.1.21/identity/v3/domains?name=Default 0.024s
2025-04-25 22:01:23.702 70832 INFO tempest.lib.common.rest_client [req-57f7ab3f-bb92-46c0-a992-dd92917ac93f req-57f7ab3f-bb92-46c0-a992-dd92917ac93f ] Request (ServerTagsTestJSON:setUpClass): 201 POST http://10.180.1.21:9696/networking/v2.0/routers 1.368s
2025-04-25 22:01:23.707 70842 INFO tempest.lib.common.rest_client [req-5fd50da7-98b0-44fd-be40-4763352e997c req-5fd50da7-98b0-44fd-be40-4763352e997c ] Request (ServersListShow296Test:test_list_show_update_rebuild_server_296): 200 GET http://10.180.1.21/compute/v2.1/servers/feb8cc6c-15d7-408b-909f-f8810d6df59f 0.608s
2025-04-25 22:01:23.719 70842 INFO tempest.common.waiters [-] State transition "BUILD/spawning" ==> "ACTIVE/None" after 68 second wait
2025-04-25 22:01:23.721 70838 INFO tempest.lib.common.rest_client [req-186d08c4-a0e6-4a17-855d-64b519f0ff89 req-186d08c4-a0e6-4a17-855d-64b519f0ff89 ] Request (ServersTestBootFromVolume:setUpClass): 201 POST http://10.180.1.21/identity/v3/projects 0.043s
2025-04-25 22:01:23.768 70816 INFO tempest.lib.common.rest_client [req-0182f921-f9eb-40bb-9368-5e61e113e9bf req-0182f921-f9eb-40bb-9368-5e61e113e9bf ] Request (ServersTestJSON:setUpClass): 200 GET http://10.180.1.21/compute/v2.1/servers/d386c231-c43e-4a9f-a873-d71a5885696a 0.624s
2025-04-25 22:01:23.775 70816 INFO tempest.common.waiters [-] State transition "BUILD/scheduling" ==> "BUILD/None" after 32 second wait
2025-04-25 22:01:23.795 70838 INFO tempest.lib.common.rest_client [req-a7ca5d8c-8705-4977-90df-faebfe3b4551 req-a7ca5d8c-8705-4977-90df-faebfe3b4551 ] Request (ServersTestBootFromVolume:setUpClass): 201 POST http://10.180.1.21/identity/v3/users 0.073s
2025-04-25 22:01:23.818 70838 INFO tempest.lib.common.rest_client [req-df3a00b3-edf6-4c75-910e-551ac25907d5 req-df3a00b3-edf6-4c75-910e-551ac25907d5 ] Request (ServersTestBootFromVolume:setUpClass): 200 GET http://10.180.1.21/identity/v3/roles 0.022s
2025-04-25 22:01:23.824 70870 INFO tempest.lib.common.rest_client [req-8590ff75-9ec2-4ee9-be47-d2558be93df6 req-8590ff75-9ec2-4ee9-be47-d2558be93df6 ] Request (ServerDiskConfigTestJSON:test_rebuild_server_with_manual_disk_config): 200 GET http://10.180.1.21/compute/v2.1/servers/3a7fa033-88fa-45a4-a054-d9ca2525f289 0.667s
2025-04-25 22:01:23.851 70838 INFO tempest.lib.common.rest_client [req-9dcac2ca-056f-4a51-9939-49fb0a2f8893 req-9dcac2ca-056f-4a51-9939-49fb0a2f8893 ] Request (ServersTestBootFromVolume:setUpClass): 204 PUT http://10.180.1.21/identity/v3/projects/f4d1b10235194ad18da9cc0b92bb5ea9/users/d3876d44a64c4421ad63ee6cf118b4a3/roles/bfed2266e5254e6fa20804602d8e6304 0.033s
2025-04-25 22:01:23.852 70838 INFO tempest.lib.common.dynamic_creds [-] Dynamic test user d3876d44a64c4421ad63ee6cf118b4a3 is created with scope project and roles: ['member']
2025-04-25 22:01:23.852 70838 INFO tempest.lib.common.dynamic_creds [-] Acquired dynamic creds: credentials: Credentials: {'domain_id': 'default', 'domain_name': 'Default', 'username': 'tempest-ServersTestBootFromVolume-488095423-project-member', 'project_domain_id': 'default', 'project_domain_name': 'Default', 'project_id': 'f4d1b10235194ad18da9cc0b92bb5ea9', 'project_name': 'tempest-ServersTestBootFromVolume-488095423', 'tenant_id': 'f4d1b10235194ad18da9cc0b92bb5ea9', 'tenant_name': 'tempest-ServersTestBootFromVolume-488095423', 'user_domain_id': 'default', 'user_domain_name': 'Default', 'user_id': 'd3876d44a64c4421ad63ee6cf118b4a3', 'system': None}, Network: None, Subnet: None, Router: None
2025-04-25 22:01:23.890 70864 INFO tempest.lib.common.rest_client [req-6c218786-ec3e-4326-8195-d8cd8b4f837e req-6c218786-ec3e-4326-8195-d8cd8b4f837e ] Request (ImagesOneServerTestJSON:tearDownClass): 200 GET http://10.180.1.21/compute/v2.1/servers/04d01e00-edb3-49f0-b7af-94534fda37e8 0.519s
2025-04-25 22:01:23.915 70838 INFO tempest.lib.common.rest_client [req-1210f63f-3fd7-46b1-b3d4-189ecd552436 req-1210f63f-3fd7-46b1-b3d4-189ecd552436 ] Request (ServersTestBootFromVolume:setUpClass): 201 POST http://10.180.1.21/identity/v3/auth/tokens 0.062s
2025-04-25 22:01:23.927 70844 INFO tempest.lib.common.rest_client [req-51ad2b82-ec38-4395-8e12-bc575ff13dd4 req-51ad2b82-ec38-4395-8e12-bc575ff13dd4 ] Request (ListImageFiltersTestJSON:setUpClass): 200 GET http://10.180.1.21/compute/v2.1/images/f9f5e5d1-b4e6-43de-8f57-18fa8166d2e9 0.522s
2025-04-25 22:01:24.010 70876 INFO tempest.lib.common.rest_client [req-ade0b03e-f942-4295-a019-93df682fcf63 req-ade0b03e-f942-4295-a019-93df682fcf63 ] Request (ServerMetadataTestJSON:setUpClass): 200 GET http://10.180.1.21/compute/v2.1/servers/b6d59e70-9271-4d27-93a3-8f245f8e53f2 0.560s
2025-04-25 22:01:24.103 70868 INFO tempest.lib.common.rest_client [req-82a74815-0007-41e8-8c92-a12d4eb12ee3 req-82a74815-0007-41e8-8c92-a12d4eb12ee3 ] Request (ServersListShow2100Test:test_list_show_rebuild_update_server_2100): 200 GET http://10.180.1.21/compute/v2.1/servers/99302a69-8d0b-4161-b65e-208f40eee7e6 0.566s
2025-04-25 22:01:24.153 70818 INFO paramiko.transport [-] Connected (version 2.0, client dropbear_2020.81)
2025-04-25 22:01:24.157 70854 INFO tempest.lib.common.rest_client [req-e8247eb6-c5c8-4741-b7e2-27c03495e1c3 req-e8247eb6-c5c8-4741-b7e2-27c03495e1c3 ] Request (ServerRescueTestJSON:setUpClass): 200 GET http://10.180.1.21/compute/v2.1/servers/0c76226b-a9ad-4d80-af0d-2b766ac1cc46 0.571s
2025-04-25 22:01:24.208 70820 INFO tempest.lib.common.rest_client [req-c086e742-6acb-4179-82ff-38acf7575e3b req-c086e742-6acb-4179-82ff-38acf7575e3b ] Request (MigrationsAdminTest:test_resize_server_revert_deleted_flavor): 200 GET http://10.180.1.21/compute/v2.1/servers/e622a650-68e5-4bf1-ae06-2e8b4203918d 0.561s
2025-04-25 22:01:24.261 70818 INFO paramiko.transport [-] Authentication (publickey) successful!
2025-04-25 22:01:24.262 70818 INFO tempest.lib.common.ssh [-] ssh connection to cirros@10.180.180.136 successfully created
2025-04-25 22:01:24.276 70852 INFO tempest.lib.common.rest_client [req-7ff1650d-c3c6-4f9c-b947-18418abd7308 req-7ff1650d-c3c6-4f9c-b947-18418abd7308 ] Request (DeleteServersAdminTestJSON:test_delete_server_while_in_error_state): 200 GET http://10.180.1.21/compute/v2.1/servers/27d22ab4-38b8-4aa1-a58a-54d0f21af4b7 0.558s
2025-04-25 22:01:24.298 70838 INFO tempest.lib.common.rest_client [req-e3a98013-008c-4231-a76b-2f03ca8d3df4 req-e3a98013-008c-4231-a76b-2f03ca8d3df4 ] Request (ServersTestBootFromVolume:setUpClass): 201 POST http://10.180.1.21:9696/networking/v2.0/networks 0.383s
2025-04-25 22:01:24.429 70842 INFO tempest.lib.common.rest_client [req-ae9117e3-ea1d-431c-918a-fa0d0fd99ffe req-ae9117e3-ea1d-431c-918a-fa0d0fd99ffe ] Request (ServersListShow296Test:test_list_show_update_rebuild_server_296): 200 GET http://10.180.1.21/compute/v2.1/servers/detail 0.710s
2025-04-25 22:01:24.454 70838 INFO tempest.lib.common.rest_client [req-b80c2c54-d8cc-4b2f-ac13-1a3398b693c6 req-b80c2c54-d8cc-4b2f-ac13-1a3398b693c6 ] Request (ServersTestBootFromVolume:setUpClass): 201 POST http://10.180.1.21:9696/networking/v2.0/subnets 0.155s
2025-04-25 22:01:24.484 70834 INFO tempest.lib.common.rest_client [req-2877110b-55d8-4ada-b96b-99fb453a9e1c req-2877110b-55d8-4ada-b96b-99fb453a9e1c ] Request (ServersAdminTestJSON:test_create_server_with_scheduling_hint): 200 GET http://10.180.1.21/compute/v2.1/servers/9eb615a0-f7a2-4877-b8bd-da6f8cce751f 0.708s
2025-04-25 22:01:24.536 70840 INFO tempest.lib.common.rest_client [req-f1a39b68-bcb9-4080-88e8-7cb4f23e9a9f req-f1a39b68-bcb9-4080-88e8-7cb4f23e9a9f ] Request (ImagesTestJSON:test_create_image_from_stopped_server): 200 GET http://10.180.1.21/compute/v2.1/servers/c6262bd9-3ece-4325-8e27-c7c5624f4303 0.702s
2025-04-25 22:01:24.598 70858 INFO tempest.lib.common.rest_client [req-d40d257b-60a4-4375-a113-5b6d326a6dfd req-d40d257b-60a4-4375-a113-5b6d326a6dfd ] Request (ServersAdminNegativeTestJSON:tearDownClass): 200 GET http://10.180.1.21/compute/v2.1/servers/9010112d-e255-4da9-b10c-fa134575c977 0.679s
2025-04-25 22:01:24.649 70832 INFO tempest.lib.common.rest_client [req-337af8b4-385a-4e11-bcbd-346397cd4e17 req-337af8b4-385a-4e11-bcbd-346397cd4e17 ] Request (ServerTagsTestJSON:setUpClass): 200 PUT http://10.180.1.21:9696/networking/v2.0/routers/676a4aef-d823-4e44-ba3a-4b7271957d05/add_router_interface 0.946s
2025-04-25 22:01:24.649 70832 INFO tempest.lib.common.dynamic_creds [-] Created isolated network resources for: credentials: Credentials: {'domain_id': 'default', 'domain_name': 'Default', 'username': 'tempest-ServerTagsTestJSON-1821136178-project-member', 'project_domain_id': 'default', 'project_domain_name': 'Default', 'project_id': '67ef465fcafb4b0888588a3387dbeb7d', 'project_name': 'tempest-ServerTagsTestJSON-1821136178', 'tenant_id': '67ef465fcafb4b0888588a3387dbeb7d', 'tenant_name': 'tempest-ServerTagsTestJSON-1821136178', 'user_domain_id': 'default', 'user_domain_name': 'Default', 'user_id': 'e8a86f5113ad4484902b442650bb6cc1', 'system': None}, Network: {'id': 'cde1f09b-4956-493e-9ed0-2773ae990139', 'name': 'tempest-ServerTagsTestJSON-2126494853-network', 'tenant_id': '67ef465fcafb4b0888588a3387dbeb7d', 'admin_state_up': True, 'mtu': 8950, 'status': 'ACTIVE', 'subnets': [], 'shared': False, 'project_id': '67ef465fcafb4b0888588a3387dbeb7d', 'port_security_enabled': True, 'router:external': False, 'provider:network_type': 'vlan', 'provider:physical_network': 'default', 'provider:segmentation_id': 307, 'availability_zone_hints': [], 'availability_zones': [], 'ipv4_address_scope': None, 'ipv6_address_scope': None, 'description': '', 'tags': [], 'created_at': '2025-04-25T22:01:22Z', 'updated_at': '2025-04-25T22:01:22Z', 'revision_number': 1}, Subnet: {'id': '4242c4d3-13c1-4dd6-b2c3-7685528d4cf2', 'name': 'tempest-ServerTagsTestJSON-2126494853-subnet', 'tenant_id': '67ef465fcafb4b0888588a3387dbeb7d', 'network_id': 'cde1f09b-4956-493e-9ed0-2773ae990139', 'ip_version': 4, 'subnetpool_id': None, 'enable_dhcp': True, 'ipv6_ra_mode': None, 'ipv6_address_mode': None, 'gateway_ip': '192.168.128.1', 'cidr': '192.168.128.0/28', 'allocation_pools': [{'start': '192.168.128.2', 'end': '192.168.128.14'}], 'host_routes': [], 'dns_nameservers': [], 'description': '', 'router:external': False, 'service_types': [], 'tags': [], 'created_at': '2025-04-25T22:01:22Z', 'updated_at': '2025-04-25T22:01:22Z', 'revision_number': 0, 'project_id': '67ef465fcafb4b0888588a3387dbeb7d'}, Router: {'id': '676a4aef-d823-4e44-ba3a-4b7271957d05', 'name': 'tempest-ServerTagsTestJSON-2126494853-router', 'tenant_id': '67ef465fcafb4b0888588a3387dbeb7d', 'admin_state_up': True, 'status': 'ACTIVE', 'external_gateway_info': {'network_id': '081df298-4faa-4e53-8fa4-2887a4a5a740', 'external_fixed_ips': [{'subnet_id': '76f5b5e1-70f1-4390-bfd3-d4dc7e10a653', 'ip_address': '10.180.180.192'}], 'enable_snat': True}, 'description': '', 'availability_zones': [], 'distributed': False, 'ha': False, 'availability_zone_hints': [], 'routes': [], 'flavor_id': None, 'tags': [], 'created_at': '2025-04-25T22:01:22Z', 'updated_at': '2025-04-25T22:01:23Z', 'revision_number': 2, 'project_id': '67ef465fcafb4b0888588a3387dbeb7d'}
2025-04-25 22:01:24.664 70828 INFO tempest.lib.common.rest_client [req-0d1c2538-83c2-44a7-963a-89967997358c req-0d1c2538-83c2-44a7-963a-89967997358c ] Request (ListServerFiltersTestJSON:tearDownClass): 200 GET http://10.180.1.21/compute/v2.1/servers/cf72ad0e-a3aa-4186-ac7f-9b0bf5221496 0.636s
2025-04-25 22:01:24.722 70850 INFO tempest.lib.common.rest_client [req-a50dc379-e06a-4b43-bdba-91c50bafa945 req-a50dc379-e06a-4b43-bdba-91c50bafa945 ] Request (ServersNegativeTestMultiTenantJSON:setUpClass): 200 GET http://10.180.1.21/compute/v2.1/servers/364071aa-4386-43a9-b0e4-81b8859bcdc5 0.626s
2025-04-25 22:01:24.756 70832 INFO tempest.lib.common.rest_client [req-f798f07d-4ab6-4473-ace6-09c241c6b43b req-f798f07d-4ab6-4473-ace6-09c241c6b43b ] Request (ServerTagsTestJSON:setUpClass): 201 POST http://10.180.1.21/identity/v3/auth/tokens 0.103s
2025-04-25 22:01:24.779 70837 INFO tempest.lib.common.rest_client [req-b6fb9ab5-6c82-4115-bd9d-099e0420c2c5 req-b6fb9ab5-6c82-4115-bd9d-099e0420c2c5 ] Request (VolumesAdminNegativeTest:test_update_attached_volume_with_nonexistent_volume_in_body): 200 GET http://10.180.1.21/compute/v2.1/servers/f05a1529-9463-4fb0-a8c8-365b33b056df 0.611s
2025-04-25 22:01:24.810 70832 INFO tempest.lib.common.rest_client [req-aa7f1e37-8175-47ed-9538-657f7b9e6978 req-aa7f1e37-8175-47ed-9538-657f7b9e6978 ] Request (ServerTagsTestJSON:setUpClass): 201 POST http://10.180.1.21/identity/v3/auth/tokens 0.048s
2025-04-25 22:01:24.811 70832 INFO tempest.lib.common.fixed_network [-] (ServerTagsTestJSON:setUpClass) Found network {'id': 'cde1f09b-4956-493e-9ed0-2773ae990139', 'name': 'tempest-ServerTagsTestJSON-2126494853-network', 'tenant_id': '67ef465fcafb4b0888588a3387dbeb7d', 'admin_state_up': True, 'mtu': 8950, 'status': 'ACTIVE', 'subnets': [], 'shared': False, 'project_id': '67ef465fcafb4b0888588a3387dbeb7d', 'port_security_enabled': True, 'router:external': False, 'provider:network_type': 'vlan', 'provider:physical_network': 'default', 'provider:segmentation_id': 307, 'availability_zone_hints': [], 'availability_zones': [], 'ipv4_address_scope': None, 'ipv6_address_scope': None, 'description': '', 'tags': [], 'created_at': '2025-04-25T22:01:22Z', 'updated_at': '2025-04-25T22:01:22Z', 'revision_number': 1} available for tenant
2025-04-25 22:01:24.861 70866 INFO tempest.lib.common.rest_client [req-6a5e5f1e-3c08-4a1c-97af-485bed0a3b5f req-6a5e5f1e-3c08-4a1c-97af-485bed0a3b5f ] Request (ServerActionsV293TestJSON:setUpClass): 200 GET http://10.180.1.21/compute/v2.1/servers/99ffaf1a-9c04-4dc3-8b3a-a75b100f1b2f 0.613s
2025-04-25 22:01:25.317 70818 INFO tempest.lib.common.rest_client [req-2f9bfc38-ac8a-4bf4-ba14-fde869872606 req-2f9bfc38-ac8a-4bf4-ba14-fde869872606 ] Request (ServerActionsTestOtherB:setUp): 200 GET http://10.180.1.21/compute/v2.1/servers/ae7b1412-75ee-4bb5-9776-a71d1f0c4977 1.054s
2025-04-25 22:01:25.443 70826 INFO tempest.lib.common.rest_client [req-f226a66e-eba1-44ba-be53-b0191aec3e29 req-f226a66e-eba1-44ba-be53-b0191aec3e29 ] Request (AttachInterfacesV270Test:test_create_get_list_interfaces): 400 POST http://10.180.1.21/compute/v2.1/servers/4d5c6b08-0cb0-4777-a395-a003a8b8d8b1/os-interface 3.067s
2025-04-25 22:01:25.490 70824 INFO tempest.lib.common.rest_client [req-44920433-46e2-4270-9919-cdb081c150d1 req-44920433-46e2-4270-9919-cdb081c150d1 ] Request (ServersTestJSON:test_create_server_specify_multibyte_character_name): 200 GET http://10.180.1.21/compute/v2.1/servers/bab958b5-eb15-42d5-a24b-dcb23999a301 1.158s
2025-04-25 22:01:25.501 70824 INFO tempest.common.waiters [-] State transition "BUILD/networking" ==> "BUILD/spawning" after 70 second wait
