2025-04-25 22:01:34.028 70852 INFO tempest.lib.common.rest_client [req-9e8d6480-b2e3-4dfb-9718-c156415739ea req-9e8d6480-b2e3-4dfb-9718-c156415739ea ] Request (ServicesAdminNegativeV253TestJSON:setUpClass): 204 PUT http://10.180.1.21/identity/v3/projects/bbfcd6e543b34f6d8d1ff35471d5b350/users/09013db623364a55961563da04974c39/roles/d043bf7351424a23ae74f88136d5fb1a 0.038s
2025-04-25 22:01:34.095 70840 INFO tempest.lib.common.rest_client [req-febd3ad1-27ef-4b15-87fa-ccdccfcd8e8b req-febd3ad1-27ef-4b15-87fa-ccdccfcd8e8b ] Request (ImagesTestJSON:test_create_image_from_stopped_server): 200 GET http://10.180.1.21/compute/v2.1/servers/c6262bd9-3ece-4325-8e27-c7c5624f4303 0.459s
2025-04-25 22:01:34.118 70852 INFO tempest.lib.common.rest_client [req-29077d5b-4d59-44ab-8a86-f73b944e8827 req-29077d5b-4d59-44ab-8a86-f73b944e8827 ] Request (ServicesAdminNegativeV253TestJSON:setUpClass): 200 GET http://10.180.1.21/identity/v3/roles 0.086s
2025-04-25 22:01:34.136 70852 INFO tempest.lib.common.rest_client [req-8ea34652-4666-449c-8882-8118600aea1b req-8ea34652-4666-449c-8882-8118600aea1b ] Request (ServicesAdminNegativeV253TestJSON:setUpClass): 204 PUT http://10.180.1.21/identity/v3/projects/bbfcd6e543b34f6d8d1ff35471d5b350/users/09013db623364a55961563da04974c39/roles/d043bf7351424a23ae74f88136d5fb1a 0.017s
2025-04-25 22:01:34.136 70852 INFO tempest.lib.common.dynamic_creds [-] Dynamic test user 09013db623364a55961563da04974c39 is created with scope project and roles: ['admin']
2025-04-25 22:01:34.136 70852 INFO tempest.lib.common.dynamic_creds [-] Acquired dynamic creds: credentials: Credentials: {'domain_id': 'default', 'domain_name': 'Default', 'username': 'tempest-ServicesAdminNegativeV253TestJSON-1320593945-project-admin', 'project_domain_id': 'default', 'project_domain_name': 'Default', 'project_id': 'bbfcd6e543b34f6d8d1ff35471d5b350', 'project_name': 'tempest-ServicesAdminNegativeV253TestJSON-1320593945', 'tenant_id': 'bbfcd6e543b34f6d8d1ff35471d5b350', 'tenant_name': 'tempest-ServicesAdminNegativeV253TestJSON-1320593945', 'user_domain_id': 'default', 'user_domain_name': 'Default', 'user_id': '09013db623364a55961563da04974c39', 'system': None}, Network: None, Subnet: None, Router: None
2025-04-25 22:01:34.137 70852 INFO tempest.lib.common.dynamic_creds [-] Created isolated network resources for: credentials: Credentials: {'domain_id': 'default', 'domain_name': 'Default', 'username': 'tempest-ServicesAdminNegativeV253TestJSON-1320593945-project-admin', 'project_domain_id': 'default', 'project_domain_name': 'Default', 'project_id': 'bbfcd6e543b34f6d8d1ff35471d5b350', 'project_name': 'tempest-ServicesAdminNegativeV253TestJSON-1320593945', 'tenant_id': 'bbfcd6e543b34f6d8d1ff35471d5b350', 'tenant_name': 'tempest-ServicesAdminNegativeV253TestJSON-1320593945', 'user_domain_id': 'default', 'user_domain_name': 'Default', 'user_id': '09013db623364a55961563da04974c39', 'system': None}, Network: None, Subnet: None, Router: None
2025-04-25 22:01:34.173 70858 INFO tempest.lib.common.rest_client [req-c73ad52a-281d-4874-bb97-45f605514692 req-c73ad52a-281d-4874-bb97-45f605514692 ] Request (ServersAdminNegativeTestJSON:tearDownClass): 200 GET http://10.180.1.21/compute/v2.1/servers/9010112d-e255-4da9-b10c-fa134575c977 0.477s
2025-04-25 22:01:34.212 70844 INFO tempest.lib.common.rest_client [req-680fc7b9-12c0-46da-a7b6-dcb11876c13d req-680fc7b9-12c0-46da-a7b6-dcb11876c13d ] Request (ListImageFiltersTestJSON:setUpClass): 200 GET http://10.180.1.21/compute/v2.1/images/1c030f10-ff6c-462b-b6fa-c215305d3a82 0.170s
2025-04-25 22:01:34.237 70852 INFO tempest.lib.common.rest_client [req-4e53d524-abfe-4a53-87a3-1ea146d1a407 req-4e53d524-abfe-4a53-87a3-1ea146d1a407 ] Request (ServicesAdminNegativeV253TestJSON:setUpClass): 201 POST http://10.180.1.21/identity/v3/auth/tokens 0.097s
2025-04-25 22:01:34.333 70848 INFO tempest.lib.common.rest_client [req-38addce0-604c-4af2-86e5-144b37201d10 req-38addce0-604c-4af2-86e5-144b37201d10 ] Request (AttachVolumeShelveTestJSON:test_attach_volume_shelved_or_offload_server): 200 GET http://10.180.1.21/compute/v2.1/servers/6d264890-6eb1-4ab6-88af-b3289ea3ef4c 0.203s
2025-04-25 22:01:34.344 70848 INFO tempest.common.waiters [-] State transition "ACTIVE/shelving_image_pending_upload" ==> "ACTIVE/shelving_image_uploading" after 4 second wait
2025-04-25 22:01:34.394 70828 INFO tempest.lib.common.rest_client [req-0747c805-c689-41a1-bc5b-a97c3ae5e6da req-0747c805-c689-41a1-bc5b-a97c3ae5e6da ] Request (ListServerFiltersTestJSON:tearDownClass): 200 GET http://10.180.1.21/compute/v2.1/servers/cf72ad0e-a3aa-4186-ac7f-9b0bf5221496 0.235s
2025-04-25 22:01:34.433 70824 INFO tempest.lib.common.rest_client [req-773f022f-38a1-4050-9271-4bc1b1206bef req-773f022f-38a1-4050-9271-4bc1b1206bef ] Request (ServersTestJSON:test_create_server_with_admin_password): 202 POST http://10.180.1.21/compute/v2.1/servers 0.792s
2025-04-25 22:01:34.448 70837 INFO tempest.lib.common.rest_client [req-f97e98e0-8563-4dbd-8c30-d992e132a1c9 req-f97e98e0-8563-4dbd-8c30-d992e132a1c9 ] Request (VolumesAdminNegativeTest:test_update_attached_volume_with_nonexistent_volume_in_body): 200 GET http://10.180.1.21/compute/v2.1/servers/f05a1529-9463-4fb0-a8c8-365b33b056df 0.245s
2025-04-25 22:01:34.491 70850 INFO tempest.lib.common.rest_client [req-6b8c4c41-ec87-43d4-a976-9381d1264345 req-6b8c4c41-ec87-43d4-a976-9381d1264345 ] Request (ServersNegativeTestMultiTenantJSON:setUpClass): 200 GET http://10.180.1.21/compute/v2.1/servers/364071aa-4386-43a9-b0e4-81b8859bcdc5 0.258s
2025-04-25 22:01:34.496 70838 INFO tempest.lib.common.rest_client [req-6ea15b5a-c94d-4de6-9727-80bebb7a4283 req-6ea15b5a-c94d-4de6-9727-80bebb7a4283 ] Request (ServersTestBootFromVolume:setUpClass): 200 GET http://10.180.1.21/volume/v3/volumes/ee0d282d-0e98-45f4-8331-01e6ac0d386c 0.039s
2025-04-25 22:01:34.542 70832 INFO tempest.lib.common.rest_client [req-43cf257f-e299-418f-a88b-2ff6d5cd9180 req-43cf257f-e299-418f-a88b-2ff6d5cd9180 ] Request (ServerTagsTestJSON:setUpClass): 200 GET http://10.180.1.21/compute/v2.1/servers/31e20aad-a2bc-4a8a-9ebf-691928e946b3 0.276s
2025-04-25 22:01:34.557 70852 INFO tempest.lib.common.rest_client [req-c38689ea-6930-4758-8706-e44e01f2c4d5 req-c38689ea-6930-4758-8706-e44e01f2c4d5 ] Request (ServicesAdminNegativeV253TestJSON:test_disable_log_reason_with_invalid_service_id): 404 PUT http://10.180.1.21/compute/v2.1/os-services/60c652f0-bdee-4c79-8f72-ca931927bc35 0.318s
2025-04-25 22:01:34.601 70866 INFO tempest.lib.common.rest_client [req-9775561d-60b6-4ef8-b59d-063c3db2ce62 req-9775561d-60b6-4ef8-b59d-063c3db2ce62 ] Request (ServerActionsV293TestJSON:setUpClass): 200 GET http://10.180.1.21/compute/v2.1/servers/99ffaf1a-9c04-4dc3-8b3a-a75b100f1b2f 0.295s
2025-04-25 22:01:34.617 70856 INFO tempest.lib.common.rest_client [req-6e08264b-7fc5-48fe-a3c6-932c56f40041 req-6e08264b-7fc5-48fe-a3c6-932c56f40041 ] Request (ImagesNegativeTestJSON:test_create_image_from_deleted_server): 200 GET http://10.180.1.21/compute/v2.1/servers/ff46f4a8-4e2e-4ccf-87ba-b3f20ce8efa0 0.273s
2025-04-25 22:01:34.658 70826 INFO tempest.lib.common.rest_client [req-affb7992-a706-4f1c-aadc-539c394d9f40 req-affb7992-a706-4f1c-aadc-539c394d9f40 ] Request (AttachInterfacesV270Test:tearDownClass): 200 GET http://10.180.1.21/compute/v2.1/servers/4d5c6b08-0cb0-4777-a395-a003a8b8d8b1 0.274s
2025-04-25 22:01:34.665 70864 INFO tempest.lib.common.rest_client [req-1a0466ce-de9a-4e6a-a1e5-8ebde21f280c req-1a0466ce-de9a-4e6a-a1e5-8ebde21f280c ] Request (SecurityGroupsTestJSON:test_list_security_groups_by_server): 200 GET http://10.180.1.21/compute/v2.1/servers/11086611-2508-490c-ba96-13b0d3041e3a 0.274s
2025-04-25 22:01:34.714 70814 INFO tempest.lib.common.rest_client [req-027bdb8d-f305-40d3-98c1-1f7ec7229b9b req-027bdb8d-f305-40d3-98c1-1f7ec7229b9b ] Request (ListServersNegativeTestJSON:setUpClass): 200 GET http://10.180.1.21/compute/v2.1/servers/ebfcca2a-2f76-4616-b550-27d0ec6189c9 0.246s
2025-04-25 22:01:34.730 70852 INFO tempest.lib.common.rest_client [req-c3e87f58-8914-459e-9420-1ceb865cd3f6 req-c3e87f58-8914-459e-9420-1ceb865cd3f6 ] Request (ServicesAdminNegativeV253TestJSON:test_disable_service_with_invalid_service_id): 404 PUT http://10.180.1.21/compute/v2.1/os-services/60c652f0-bdee-4c79-8f72-ca931927bc35 0.171s
2025-04-25 22:01:34.738 70824 INFO tempest.lib.common.rest_client [req-7bd6ed39-8a10-46a3-bdfc-be8318eb5f33 req-7bd6ed39-8a10-46a3-bdfc-be8318eb5f33 ] Request (ServersTestJSON:_run_cleanups): 204 DELETE http://10.180.1.21/compute/v2.1/servers/774dcc22-bb3d-4811-b88f-4a72edda8fb0 0.303s
2025-04-25 22:01:34.787 70860 INFO tempest.lib.common.rest_client [req-24b019aa-8c39-424f-a511-c5d2289d3fca req-24b019aa-8c39-424f-a511-c5d2289d3fca ] Request (FloatingIPsAssociationTestJSON:setUpClass): 200 GET http://10.180.1.21/compute/v2.1/servers/ee25feee-3f5e-4bc7-977a-416fb75fb51e 0.206s
2025-04-25 22:01:34.790 70816 INFO tempest.lib.common.rest_client [req-d48b67a1-73ea-478b-b748-ab3bafedfb00 req-d48b67a1-73ea-478b-b748-ab3bafedfb00 ] Request (ServersTestJSON:setUpClass): 200 GET http://10.180.1.21/compute/v2.1/servers/d386c231-c43e-4a9f-a873-d71a5885696a 0.137s
2025-04-25 22:01:34.847 70870 INFO tempest.lib.common.rest_client [req-af125a20-ade0-4b72-8638-01887b52dbe8 req-af125a20-ade0-4b72-8638-01887b52dbe8 ] Request (ServerDiskConfigTestJSON:test_rebuild_server_with_manual_disk_config): 200 GET http://10.180.1.21/compute/v2.1/servers/3a7fa033-88fa-45a4-a054-d9ca2525f289 0.135s
2025-04-25 22:01:34.864 70822 INFO tempest.lib.common.rest_client [req-7fd9a9a8-a42c-4935-b45a-a49a5d6d3a59 req-7fd9a9a8-a42c-4935-b45a-a49a5d6d3a59 ] Request (InstanceActionsV221TestJSON:test_get_list_deleted_instance_actions): 200 GET http://10.180.1.21/compute/v2.1/servers/8d6e650f-3557-4ee7-b711-df7b27dbfcf5 0.206s
2025-04-25 22:01:34.876 70852 INFO tempest.lib.common.rest_client [req-b3edd333-6513-4067-a8ed-c2a6816d6019 req-b3edd333-6513-4067-a8ed-c2a6816d6019 ] Request (ServicesAdminNegativeV253TestJSON:test_enable_service_with_invalid_service_id): 404 PUT http://10.180.1.21/compute/v2.1/os-services/60c652f0-bdee-4c79-8f72-ca931927bc35 0.145s
2025-04-25 22:01:34.885 70818 INFO tempest.lib.common.rest_client [req-d51e0b3b-702f-49e8-b95e-44e0b9e8cb78 req-d51e0b3b-702f-49e8-b95e-44e0b9e8cb78 ] Request (ServerActionsTestOtherB:test_create_backup): 200 GET http://10.180.1.21/image/v2/images/01acaa4b-ad8b-41ab-b303-fe90872574f6 0.019s
2025-04-25 22:01:34.892 70824 INFO tempest.lib.common.rest_client [req-5553dd82-a8ee-4588-9ddc-66759855e01d req-5553dd82-a8ee-4588-9ddc-66759855e01d ] Request (ServersTestJSON:_run_cleanups): 404 GET http://10.180.1.21/compute/v2.1/servers/774dcc22-bb3d-4811-b88f-4a72edda8fb0 0.154s
2025-04-25 22:01:34.902 70876 INFO tempest.lib.common.rest_client [req-317fc9aa-5521-4613-a8b8-271c34d383d3 req-317fc9aa-5521-4613-a8b8-271c34d383d3 ] Request (ServerMetadataTestJSON:setUpClass): 200 GET http://10.180.1.21/compute/v2.1/servers/b6d59e70-9271-4d27-93a3-8f245f8e53f2 0.183s
2025-04-25 22:01:34.970 70820 INFO tempest.lib.common.rest_client [req-dfa7babf-50b1-43f5-b288-20053bacae7f req-dfa7babf-50b1-43f5-b288-20053bacae7f ] Request (MigrationsAdminTest:test_resize_server_revert_deleted_flavor): 200 GET http://10.180.1.21/compute/v2.1/servers/e622a650-68e5-4bf1-ae06-2e8b4203918d 0.175s
2025-04-25 22:01:34.983 70868 INFO tempest.lib.common.rest_client [req-0ae37599-3a62-4456-a8c7-7b888d2e7058 req-0ae37599-3a62-4456-a8c7-7b888d2e7058 ] Request (ServersListShow2100Test:test_list_show_rebuild_update_server_2100): 200 GET http://10.180.1.21/compute/v2.1/servers/99302a69-8d0b-4161-b65e-208f40eee7e6 0.182s
2025-04-25 22:01:34.994 70824 INFO tempest.lib.common.rest_client [req-2a9c0333-dd2a-4de1-beb0-a638dc47ca7d req-2a9c0333-dd2a-4de1-beb0-a638dc47ca7d ] Request (ServersTestJSON:test_create_server_with_ipv6_addr_only): 201 POST http://10.180.1.21/identity/v3/auth/tokens 0.095s
2025-04-25 22:01:34.994 70824 INFO tempest.lib.common.fixed_network [-] (ServersTestJSON:test_create_server_with_ipv6_addr_only) Found network {'id': '47971d31-7fb5-438d-b7bb-7fbb1416ef79', 'name': 'tempest-ServersTestJSON-909853787-network', 'tenant_id': 'dacc77639ac04ef1a55e98f3f8edcb27', 'admin_state_up': True, 'mtu': 8950, 'status': 'ACTIVE', 'subnets': [], 'shared': False, 'project_id': 'dacc77639ac04ef1a55e98f3f8edcb27', 'port_security_enabled': True, 'router:external': False, 'provider:network_type': 'vlan', 'provider:physical_network': 'default', 'provider:segmentation_id': 743, 'availability_zone_hints': [], 'availability_zones': [], 'ipv4_address_scope': None, 'ipv6_address_scope': None, 'description': '', 'tags': [], 'created_at': '2025-04-25T22:00:07Z', 'updated_at': '2025-04-25T22:00:07Z', 'revision_number': 1} available for tenant
2025-04-25 22:01:35.007 70852 INFO tempest.lib.common.rest_client [req-b5601b64-12b7-4201-9cfc-b28bd1e2436c req-b5601b64-12b7-4201-9cfc-b28bd1e2436c ] Request (ServicesAdminNegativeV253TestJSON:test_get_service_by_invalid_params): 200 GET http://10.180.1.21/compute/v2.1/os-services 0.129s
2025-04-25 22:01:35.044 70842 INFO tempest.lib.common.rest_client [req-3dab8c82-6730-410a-885c-ebe17531442d req-3dab8c82-6730-410a-885c-ebe17531442d ] Request (ServersListShow296Test:test_list_show_update_rebuild_server_296): 200 GET http://10.180.1.21/compute/v2.1/servers/feb8cc6c-15d7-408b-909f-f8810d6df59f 0.167s
2025-04-25 22:01:35.066 70852 INFO tempest.lib.common.rest_client [req-3aaede3f-3d1c-465c-bf2a-85553cf10424 req-3aaede3f-3d1c-465c-bf2a-85553cf10424 ] Request (ServicesAdminNegativeV253TestJSON:test_get_service_by_invalid_params): 200 GET http://10.180.1.21/compute/v2.1/os-services?xxx=nova-compute 0.057s
2025-04-25 22:01:35.171 70834 INFO tempest.lib.common.rest_client [req-096df460-5fc0-4f8c-889a-ff9bf23891f7 req-096df460-5fc0-4f8c-889a-ff9bf23891f7 ] Request (ServersAdminTestJSON:test_create_server_with_scheduling_hint): 200 GET http://10.180.1.21/compute/v2.1/servers/9eb615a0-f7a2-4877-b8bd-da6f8cce751f 0.139s
2025-04-25 22:01:35.178 70834 INFO tempest.common.waiters [-] State transition "BUILD/block_device_mapping" ==> "BUILD/spawning" after 77 second wait
2025-04-25 22:01:35.266 70854 INFO tempest.lib.common.rest_client [req-aec5fc02-e040-46a2-8533-626a0ed8d554 req-aec5fc02-e040-46a2-8533-626a0ed8d554 ] Request (ServerRescueTestJSON:setUpClass): 200 GET http://10.180.1.21/compute/v2.1/servers/0c76226b-a9ad-4d80-af0d-2b766ac1cc46 0.225s
2025-04-25 22:01:35.287 70852 INFO tempest.lib.common.rest_client [req-97d8d5d0-7d9f-41cc-8792-fdd890aa446c req-97d8d5d0-7d9f-41cc-8792-fdd890aa446c ] Request (ServicesAdminNegativeV253TestJSON:test_get_service_by_invalid_service_and_valid_host): 200 GET http://10.180.1.21/compute/v2.1/os-services 0.217s
2025-04-25 22:01:35.345 70824 INFO tempest.lib.common.rest_client [req-76703d71-bcb1-431b-adc9-583a72afbdb1 req-76703d71-bcb1-431b-adc9-583a72afbdb1 ] Request (ServersTestJSON:test_create_server_with_ipv6_addr_only): 202 POST http://10.180.1.21/compute/v2.1/servers 0.351s
2025-04-25 22:01:35.350 70840 INFO tempest.lib.common.rest_client [req-67e27fae-6242-4ead-b136-f1323a23233c req-67e27fae-6242-4ead-b136-f1323a23233c ] Request (ImagesTestJSON:test_create_image_from_stopped_server): 200 GET http://10.180.1.21/compute/v2.1/servers/c6262bd9-3ece-4325-8e27-c7c5624f4303 0.244s
2025-04-25 22:01:35.415 70858 INFO tempest.lib.common.rest_client [req-1d8bc790-78db-4520-94f6-f6d3b465d508 req-1d8bc790-78db-4520-94f6-f6d3b465d508 ] Request (ServersAdminNegativeTestJSON:tearDownClass): 200 GET http://10.180.1.21/compute/v2.1/servers/9010112d-e255-4da9-b10c-fa134575c977 0.231s
2025-04-25 22:01:35.439 70852 INFO tempest.lib.common.rest_client [req-789f058d-00a1-4026-a023-5ee0bbe5eb76 req-789f058d-00a1-4026-a023-5ee0bbe5eb76 ] Request (ServicesAdminNegativeV253TestJSON:test_get_service_by_invalid_service_and_valid_host): 200 GET http://10.180.1.21/compute/v2.1/os-services?host=devstack&binary=xxx 0.150s
2025-04-25 22:01:35.545 70838 INFO tempest.lib.common.rest_client [req-64ddd726-cd26-4023-8512-73ba455fb7d7 req-64ddd726-cd26-4023-8512-73ba455fb7d7 ] Request (ServersTestBootFromVolume:setUpClass): 200 GET http://10.180.1.21/volume/v3/volumes/ee0d282d-0e98-45f4-8331-01e6ac0d386c 0.042s
2025-04-25 22:01:35.580 70844 INFO tempest.lib.common.rest_client [req-ecbe2640-7ebd-4f85-97d9-c0e295c9992a req-ecbe2640-7ebd-4f85-97d9-c0e295c9992a ] Request (ListImageFiltersTestJSON:setUpClass): 200 GET http://10.180.1.21/compute/v2.1/images/1c030f10-ff6c-462b-b6fa-c215305d3a82 0.363s
2025-04-25 22:01:35.622 70824 INFO tempest.lib.common.rest_client [req-a09256cf-09a0-453b-9e23-5601843ced25 req-a09256cf-09a0-453b-9e23-5601843ced25 ] Request (ServersTestJSON:test_create_server_with_ipv6_addr_only): 200 GET http://10.180.1.21/compute/v2.1/servers/d4407b2b-3755-4916-a0d1-bc9cabb6514e 0.272s
2025-04-25 22:01:35.692 70828 INFO tempest.lib.common.rest_client [req-afd87f37-e940-43e6-a19c-0c14f557e1cc req-afd87f37-e940-43e6-a19c-0c14f557e1cc ] Request (ListServerFiltersTestJSON:tearDownClass): 200 GET http://10.180.1.21/compute/v2.1/servers/cf72ad0e-a3aa-4186-ac7f-9b0bf5221496 0.291s
2025-04-25 22:01:35.714 70852 INFO tempest.lib.common.rest_client [req-97acf9b8-42d6-4f0a-bd86-f6cd7a4e5213 req-97acf9b8-42d6-4f0a-bd86-f6cd7a4e5213 ] Request (ServicesAdminNegativeV253TestJSON:test_get_service_with_valid_service_and_invalid_host): 200 GET http://10.180.1.21/compute/v2.1/os-services 0.273s
2025-04-25 22:01:35.720 70848 INFO tempest.lib.common.rest_client [req-1cda44c7-a797-4aa4-b747-7b8bce98b76b req-1cda44c7-a797-4aa4-b747-7b8bce98b76b ] Request (AttachVolumeShelveTestJSON:test_attach_volume_shelved_or_offload_server): 200 GET http://10.180.1.21/compute/v2.1/servers/6d264890-6eb1-4ab6-88af-b3289ea3ef4c 0.375s
2025-04-25 22:01:35.772 70837 INFO tempest.lib.common.rest_client [req-8916f06c-be73-4dd8-be0b-18c2eda34fe9 req-8916f06c-be73-4dd8-be0b-18c2eda34fe9 ] Request (VolumesAdminNegativeTest:test_update_attached_volume_with_nonexistent_volume_in_body): 200 GET http://10.180.1.21/compute/v2.1/servers/f05a1529-9463-4fb0-a8c8-365b33b056df 0.316s
2025-04-25 22:01:35.788 70850 INFO tempest.lib.common.rest_client [req-bcc30b70-a7f6-4f49-b66e-01b7e5bee134 req-bcc30b70-a7f6-4f49-b66e-01b7e5bee134 ] Request (ServersNegativeTestMultiTenantJSON:setUpClass): 200 GET http://10.180.1.21/compute/v2.1/servers/364071aa-4386-43a9-b0e4-81b8859bcdc5 0.289s
2025-04-25 22:01:35.852 70832 INFO tempest.lib.common.rest_client [req-0fc5bac7-abd5-40d6-89eb-764851c15269 req-0fc5bac7-abd5-40d6-89eb-764851c15269 ] Request (ServerTagsTestJSON:setUpClass): 200 GET http://10.180.1.21/compute/v2.1/servers/31e20aad-a2bc-4a8a-9ebf-691928e946b3 0.300s
2025-04-25 22:01:35.861 70866 INFO tempest.lib.common.rest_client [req-ab5394e2-4f2d-4336-8748-a0ddff96da51 req-ab5394e2-4f2d-4336-8748-a0ddff96da51 ] Request (ServerActionsV293TestJSON:setUpClass): 200 GET http://10.180.1.21/compute/v2.1/servers/99ffaf1a-9c04-4dc3-8b3a-a75b100f1b2f 0.249s
2025-04-25 22:01:35.922 70856 INFO tempest.lib.common.rest_client [req-20273c2b-ab3d-4c5b-972f-c6c44a6e5625 req-20273c2b-ab3d-4c5b-972f-c6c44a6e5625 ] Request (ImagesNegativeTestJSON:test_create_image_from_deleted_server): 200 GET http://10.180.1.21/compute/v2.1/servers/ff46f4a8-4e2e-4ccf-87ba-b3f20ce8efa0 0.297s
2025-04-25 22:01:35.931 70826 INFO tempest.lib.common.rest_client [req-f1fbc6f4-4002-4633-b9a2-dc90ba7df4ae req-f1fbc6f4-4002-4633-b9a2-dc90ba7df4ae ] Request (AttachInterfacesV270Test:tearDownClass): 200 GET http://10.180.1.21/compute/v2.1/servers/4d5c6b08-0cb0-4777-a395-a003a8b8d8b1 0.262s
2025-04-25 22:01:35.953 70852 INFO tempest.lib.common.rest_client [req-833f95d4-1d80-4e64-88a4-2742fdb83c41 req-833f95d4-1d80-4e64-88a4-2742fdb83c41 ] Request (ServicesAdminNegativeV253TestJSON:test_get_service_with_valid_service_and_invalid_host): 200 GET http://10.180.1.21/compute/v2.1/os-services?host=xxx&binary=nova-scheduler 0.235s
2025-04-25 22:01:35.989 70864 INFO tempest.lib.common.rest_client [req-e13055a5-be5e-4660-bd30-171b94edd506 req-e13055a5-be5e-4660-bd30-171b94edd506 ] Request (SecurityGroupsTestJSON:test_list_security_groups_by_server): 200 GET http://10.180.1.21/compute/v2.1/servers/11086611-2508-490c-ba96-13b0d3041e3a 0.316s
2025-04-25 22:01:36.014 70814 INFO tempest.lib.common.rest_client [req-33e7226a-a0d4-428b-a343-aa94b37ff9e6 req-33e7226a-a0d4-428b-a343-aa94b37ff9e6 ] Request (ListServersNegativeTestJSON:setUpClass): 200 GET http://10.180.1.21/compute/v2.1/servers/ebfcca2a-2f76-4616-b550-27d0ec6189c9 0.292s
2025-04-25 22:01:36.043 70830 WARNING tempest.lib.common.ssh [-] Failed to establish authenticated ssh connection to cirros@10.180.180.177 ([Errno None] Unable to connect to port 22 on 10.180.180.177). Number attempts: 4. Retry after 5 seconds.: paramiko.ssh_exception.NoValidConnectionsError: [Errno None] Unable to connect to port 22 on 10.180.180.177
2025-04-25 22:01:36.050 70860 INFO tempest.lib.common.rest_client [req-6d735158-d3b5-4e73-9213-33c25a5ea1f0 req-6d735158-d3b5-4e73-9213-33c25a5ea1f0 ] Request (FloatingIPsAssociationTestJSON:setUpClass): 200 GET http://10.180.1.21/compute/v2.1/servers/ee25feee-3f5e-4bc7-977a-416fb75fb51e 0.252s
2025-04-25 22:01:36.073 70816 INFO tempest.lib.common.rest_client [req-e189f88f-9fac-4f4f-ba92-9365033b663b req-e189f88f-9fac-4f4f-ba92-9365033b663b ] Request (ServersTestJSON:setUpClass): 200 GET http://10.180.1.21/compute/v2.1/servers/d386c231-c43e-4a9f-a873-d71a5885696a 0.275s
2025-04-25 22:01:36.105 70870 INFO tempest.lib.common.rest_client [req-1fc7c1cf-6896-4432-a9ef-b3cfcb3e936e req-1fc7c1cf-6896-4432-a9ef-b3cfcb3e936e ] Request (ServerDiskConfigTestJSON:test_rebuild_server_with_manual_disk_config): 200 GET http://10.180.1.21/compute/v2.1/servers/3a7fa033-88fa-45a4-a054-d9ca2525f289 0.248s
2025-04-25 22:01:36.139 70822 INFO tempest.lib.common.rest_client [req-2008f079-57df-4c98-9e23-e9538dba8a37 req-2008f079-57df-4c98-9e23-e9538dba8a37 ] Request (InstanceActionsV221TestJSON:test_get_list_deleted_instance_actions): 200 GET http://10.180.1.21/compute/v2.1/servers/8d6e650f-3557-4ee7-b711-df7b27dbfcf5 0.263s
2025-04-25 22:01:36.174 70876 INFO tempest.lib.common.rest_client [req-3e802810-d11a-4315-b1e5-e21e3e96005d req-3e802810-d11a-4315-b1e5-e21e3e96005d ] Request (ServerMetadataTestJSON:setUpClass): 200 GET http://10.180.1.21/compute/v2.1/servers/b6d59e70-9271-4d27-93a3-8f245f8e53f2 0.263s
2025-04-25 22:01:36.207 70852 INFO tempest.lib.common.rest_client [req-80d724b2-0c23-4ce8-8745-fcdd12a66cb1 req-80d724b2-0c23-4ce8-8745-fcdd12a66cb1 ] Request (ServicesAdminNegativeV253TestJSON:test_list_services_with_non_admin_user): 403 GET http://10.180.1.21/compute/v2.1/os-services 0.248s
2025-04-25 22:01:36.227 70820 INFO tempest.lib.common.rest_client [req-8f71053d-fabc-4795-90b7-1d3d3251c162 req-8f71053d-fabc-4795-90b7-1d3d3251c162 ] Request (MigrationsAdminTest:test_resize_server_revert_deleted_flavor): 200 GET http://10.180.1.21/compute/v2.1/servers/e622a650-68e5-4bf1-ae06-2e8b4203918d 0.248s
2025-04-25 22:01:36.285 70868 INFO tempest.lib.common.rest_client [req-601dcf59-ab48-4372-82e7-62c4977c9291 req-601dcf59-ab48-4372-82e7-62c4977c9291 ] Request (ServersListShow2100Test:test_list_show_rebuild_update_server_2100): 200 GET http://10.180.1.21/compute/v2.1/servers/99302a69-8d0b-4161-b65e-208f40eee7e6 0.282s
2025-04-25 22:01:36.296 70842 INFO tempest.lib.common.rest_client [req-cffabd25-015b-4ef6-a711-c0177ce778b4 req-cffabd25-015b-4ef6-a711-c0177ce778b4 ] Request (ServersListShow296Test:test_list_show_update_rebuild_server_296): 200 GET http://10.180.1.21/compute/v2.1/servers/feb8cc6c-15d7-408b-909f-f8810d6df59f 0.241s
2025-04-25 22:01:36.298 70868 INFO tempest.common.waiters [-] State transition "BUILD/None" ==> "BUILD/block_device_mapping" after 76 second wait
2025-04-25 22:01:36.332 70852 INFO tempest.lib.common.rest_client [req-3c3a0832-58ef-413e-8d4e-a72e731628f1 req-3c3a0832-58ef-413e-8d4e-a72e731628f1 ] Request (ServicesAdminNegativeV253TestJSON:tearDownClass): 204 DELETE http://10.180.1.21/identity/v3/users/2151c436f1a340e2be387be8adb7d7e0 0.122s
2025-04-25 22:01:36.432 70834 INFO tempest.lib.common.rest_client [req-3106498a-1f0d-4175-b7c4-7df319ba2468 req-3106498a-1f0d-4175-b7c4-7df319ba2468 ] Request (ServersAdminTestJSON:test_create_server_with_scheduling_hint): 200 GET http://10.180.1.21/compute/v2.1/servers/9eb615a0-f7a2-4877-b8bd-da6f8cce751f 0.253s
2025-04-25 22:01:36.455 70852 INFO tempest.lib.common.rest_client [req-5c713082-5d42-419c-9549-4495f20108d6 req-5c713082-5d42-419c-9549-4495f20108d6 ] Request (ServicesAdminNegativeV253TestJSON:tearDownClass): 204 DELETE http://10.180.1.21/identity/v3/users/09013db623364a55961563da04974c39 0.122s
2025-04-25 22:01:36.456 70852 INFO tempest.lib.common.dynamic_creds [-] Deleting project and security group for project: f5d26b4953d3440e8c65a914d8f4b21c
2025-04-25 22:01:36.463 70854 INFO tempest.lib.common.rest_client [req-a01a1399-a4ce-40da-a177-1282ffc2df94 req-a01a1399-a4ce-40da-a177-1282ffc2df94 ] Request (ServerRescueTestJSON:setUpClass): 200 GET http://10.180.1.21/compute/v2.1/servers/0c76226b-a9ad-4d80-af0d-2b766ac1cc46 0.186s
2025-04-25 22:01:36.502 70840 INFO tempest.lib.common.rest_client [req-1fec393f-d242-40cd-a280-51ada2b235bf req-1fec393f-d242-40cd-a280-51ada2b235bf ] Request (ImagesTestJSON:test_create_image_from_stopped_server): 200 GET http://10.180.1.21/compute/v2.1/servers/c6262bd9-3ece-4325-8e27-c7c5624f4303 0.143s
2025-04-25 22:01:36.539 70858 INFO tempest.lib.common.rest_client [req-d5c3b920-c0d3-4ba1-ae79-51f1606342bf req-d5c3b920-c0d3-4ba1-ae79-51f1606342bf ] Request (ServersAdminNegativeTestJSON:tearDownClass): 200 GET http://10.180.1.21/compute/v2.1/servers/9010112d-e255-4da9-b10c-fa134575c977 0.117s
2025-04-25 22:01:36.549 70852 INFO tempest.lib.common.rest_client [req-30c2ffd1-6dfc-4bba-a497-a6ad3a794ea1 req-30c2ffd1-6dfc-4bba-a497-a6ad3a794ea1 ] Request (ServicesAdminNegativeV253TestJSON:tearDownClass): 201 POST http://10.180.1.21/identity/v3/auth/tokens 0.093s
2025-04-25 22:01:36.586 70838 INFO tempest.lib.common.rest_client [req-2cb9f0fd-ee53-4840-9faa-bc4fc79f099b req-2cb9f0fd-ee53-4840-9faa-bc4fc79f099b ] Request (ServersTestBootFromVolume:setUpClass): 200 GET http://10.180.1.21/volume/v3/volumes/ee0d282d-0e98-45f4-8331-01e6ac0d386c 0.030s
2025-04-25 22:01:36.692 70824 INFO tempest.lib.common.rest_client [req-8105414b-2dcc-44cf-917a-d0dced54bf6f req-8105414b-2dcc-44cf-917a-d0dced54bf6f ] Request (ServersTestJSON:test_create_server_with_ipv6_addr_only): 200 GET http://10.180.1.21/compute/v2.1/servers/d4407b2b-3755-4916-a0d1-bc9cabb6514e 0.062s
2025-04-25 22:01:36.734 70852 INFO tempest.lib.common.rest_client [req-9511753b-b59c-4aa5-a100-d442f8f00300 req-9511753b-b59c-4aa5-a100-d442f8f00300 ] Request (ServicesAdminNegativeV253TestJSON:tearDownClass): 200 GET http://10.180.1.21:9696/networking/v2.0/security-groups?tenant_id=f5d26b4953d3440e8c65a914d8f4b21c&name=default 0.184s
2025-04-25 22:01:36.768 70828 INFO tempest.lib.common.rest_client [req-a6b06fd6-3dac-49b0-b24e-5e0d52b94013 req-a6b06fd6-3dac-49b0-b24e-5e0d52b94013 ] Request (ListServerFiltersTestJSON:tearDownClass): 200 GET http://10.180.1.21/compute/v2.1/servers/cf72ad0e-a3aa-4186-ac7f-9b0bf5221496 0.066s
2025-04-25 22:01:36.827 70852 INFO tempest.lib.common.rest_client [req-fab2760a-e4c9-4625-b8c3-80e75a516caf req-fab2760a-e4c9-4625-b8c3-80e75a516caf ] Request (ServicesAdminNegativeV253TestJSON:tearDownClass): 204 DELETE http://10.180.1.21:9696/networking/v2.0/security-groups/b6da47ab-50dd-4fc1-8bc6-2b015426800c 0.093s
2025-04-25 22:01:36.891 70852 INFO tempest.lib.common.rest_client [req-1f416920-8f97-4573-8c23-198c9e931b46 req-1f416920-8f97-4573-8c23-198c9e931b46 ] Request (ServicesAdminNegativeV253TestJSON:tearDownClass): 204 DELETE http://10.180.1.21/identity/v3/projects/f5d26b4953d3440e8c65a914d8f4b21c 0.064s
2025-04-25 22:01:36.892 70852 INFO tempest.lib.common.dynamic_creds [-] Deleting project and security group for project: bbfcd6e543b34f6d8d1ff35471d5b350
2025-04-25 22:01:36.919 70848 INFO tempest.lib.common.rest_client [req-4c71c25d-fdf3-4fdf-83c7-d671372425f4 req-4c71c25d-fdf3-4fdf-83c7-d671372425f4 ] Request (AttachVolumeShelveTestJSON:test_attach_volume_shelved_or_offload_server): 200 GET http://10.180.1.21/compute/v2.1/servers/6d264890-6eb1-4ab6-88af-b3289ea3ef4c 0.186s
2025-04-25 22:01:36.989 70837 INFO tempest.lib.common.rest_client [req-b648251c-6a2a-4703-a9eb-0f265482dc7f req-b648251c-6a2a-4703-a9eb-0f265482dc7f ] Request (VolumesAdminNegativeTest:test_update_attached_volume_with_nonexistent_volume_in_body): 200 GET http://10.180.1.21/compute/v2.1/servers/f05a1529-9463-4fb0-a8c8-365b33b056df 0.207s
2025-04-25 22:01:37.012 70852 INFO tempest.lib.common.rest_client [req-f483e05b-8e78-4fce-a373-e4f2f4be8845 req-f483e05b-8e78-4fce-a373-e4f2f4be8845 ] Request (ServicesAdminNegativeV253TestJSON:tearDownClass): 200 GET http://10.180.1.21:9696/networking/v2.0/security-groups?tenant_id=bbfcd6e543b34f6d8d1ff35471d5b350&name=default 0.120s
2025-04-25 22:01:37.067 70850 INFO tempest.lib.common.rest_client [req-f67e84cf-27b8-4dc7-8132-86aa9797890a req-f67e84cf-27b8-4dc7-8132-86aa9797890a ] Request (ServersNegativeTestMultiTenantJSON:setUpClass): 200 GET http://10.180.1.21/compute/v2.1/servers/364071aa-4386-43a9-b0e4-81b8859bcdc5 0.269s
2025-04-25 22:01:37.112 70852 INFO tempest.lib.common.rest_client [req-ab1ba2db-c819-4499-8d1b-24c4c6eda7ca req-ab1ba2db-c819-4499-8d1b-24c4c6eda7ca ] Request (ServicesAdminNegativeV253TestJSON:tearDownClass): 204 DELETE http://10.180.1.21:9696/networking/v2.0/security-groups/69d05f19-ebf9-4046-82d9-b401018f1ae6 0.099s
2025-04-25 22:01:37.118 70832 INFO tempest.lib.common.rest_client [req-2c9838b7-142c-4e51-8ce2-c987abd6e900 req-2c9838b7-142c-4e51-8ce2-c987abd6e900 ] Request (ServerTagsTestJSON:setUpClass): 200 GET http://10.180.1.21/compute/v2.1/servers/31e20aad-a2bc-4a8a-9ebf-691928e946b3 0.255s
2025-04-25 22:01:37.176 70866 INFO tempest.lib.common.rest_client [req-df64fe3e-f01e-4c9c-a045-7c093351b279 req-df64fe3e-f01e-4c9c-a045-7c093351b279 ] Request (ServerActionsV293TestJSON:setUpClass): 200 GET http://10.180.1.21/compute/v2.1/servers/99ffaf1a-9c04-4dc3-8b3a-a75b100f1b2f 0.304s
2025-04-25 22:01:37.224 70852 INFO tempest.lib.common.rest_client [req-8234e193-a006-4766-906e-dfe5bb23f003 req-8234e193-a006-4766-906e-dfe5bb23f003 ] Request (ServicesAdminNegativeV253TestJSON:tearDownClass): 204 DELETE http://10.180.1.21/identity/v3/projects/bbfcd6e543b34f6d8d1ff35471d5b350 0.110s
2025-04-25 22:01:37.246 70856 INFO tempest.lib.common.rest_client [req-d3017e6a-5573-40e0-be15-c2e0b3098ef1 req-d3017e6a-5573-40e0-be15-c2e0b3098ef1 ] Request (ImagesNegativeTestJSON:test_create_image_from_deleted_server): 200 GET http://10.180.1.21/compute/v2.1/servers/ff46f4a8-4e2e-4ccf-87ba-b3f20ce8efa0 0.314s
2025-04-25 22:01:37.305 70852 INFO tempest.lib.common.rest_client [req-af208635-ae6b-4d22-a323-286d342dfa9b req-af208635-ae6b-4d22-a323-286d342dfa9b ] Request (ServerAddressesNegativeTestJSON:setUpClass): 201 POST http://10.180.1.21/identity/v3/auth/tokens 0.079s
2025-04-25 22:01:37.306 70826 INFO tempest.lib.common.rest_client [req-c7532973-17d4-4655-a86b-9b88e926468e req-c7532973-17d4-4655-a86b-9b88e926468e ] Request (AttachInterfacesV270Test:tearDownClass): 200 GET http://10.180.1.21/compute/v2.1/servers/4d5c6b08-0cb0-4777-a395-a003a8b8d8b1 0.363s
2025-04-25 22:01:37.338 70852 INFO tempest.lib.common.rest_client [req-e8bdba67-7bc2-4d8a-b783-f6b4208499ac req-e8bdba67-7bc2-4d8a-b783-f6b4208499ac ] Request (ServerAddressesNegativeTestJSON:setUpClass): 201 POST http://10.180.1.21/identity/v3/auth/tokens 0.030s
2025-04-25 22:01:37.357 70864 INFO tempest.lib.common.rest_client [req-cb612fb7-b4d5-4511-a06e-54dd28fb77ff req-cb612fb7-b4d5-4511-a06e-54dd28fb77ff ] Request (SecurityGroupsTestJSON:test_list_security_groups_by_server): 200 GET http://10.180.1.21/compute/v2.1/servers/11086611-2508-490c-ba96-13b0d3041e3a 0.353s
2025-04-25 22:01:37.366 70852 INFO tempest.lib.common.rest_client [req-3122fa9d-652d-4c5a-9be8-52ef68a28457 req-3122fa9d-652d-4c5a-9be8-52ef68a28457 ] Request (ServerAddressesNegativeTestJSON:setUpClass): 200 GET http://10.180.1.21/identity/v3/domains?name=Default 0.028s
2025-04-25 22:01:37.399 70852 INFO tempest.lib.common.rest_client [req-0b5a37ea-d94f-41a8-92fb-0ca6444cf9f0 req-0b5a37ea-d94f-41a8-92fb-0ca6444cf9f0 ] Request (ServerAddressesNegativeTestJSON:setUpClass): 201 POST http://10.180.1.21/identity/v3/projects 0.032s
2025-04-25 22:01:37.414 70814 INFO tempest.lib.common.rest_client [req-ca520f15-1f0a-4bbc-a45a-e71caf4e7b21 req-ca520f15-1f0a-4bbc-a45a-e71caf4e7b21 ] Request (ListServersNegativeTestJSON:setUpClass): 200 GET http://10.180.1.21/compute/v2.1/servers/ebfcca2a-2f76-4616-b550-27d0ec6189c9 0.389s
2025-04-25 22:01:37.465 70852 INFO tempest.lib.common.rest_client [req-e690dd73-8217-48ae-8178-c67c834c7042 req-e690dd73-8217-48ae-8178-c67c834c7042 ] Request (ServerAddressesNegativeTestJSON:setUpClass): 201 POST http://10.180.1.21/identity/v3/users 0.065s
2025-04-25 22:01:37.467 70860 INFO tempest.lib.common.rest_client [req-61014005-215c-40dc-b579-2455f8c8ec4d req-61014005-215c-40dc-b579-2455f8c8ec4d ] Request (FloatingIPsAssociationTestJSON:setUpClass): 200 GET http://10.180.1.21/compute/v2.1/servers/ee25feee-3f5e-4bc7-977a-416fb75fb51e 0.407s
2025-04-25 22:01:37.488 70852 INFO tempest.lib.common.rest_client [req-f71610c6-2b5a-4a0d-bc94-f1ba46e77ee3 req-f71610c6-2b5a-4a0d-bc94-f1ba46e77ee3 ] Request (ServerAddressesNegativeTestJSON:setUpClass): 200 GET http://10.180.1.21/identity/v3/roles 0.023s
2025-04-25 22:01:37.516 70852 INFO tempest.lib.common.rest_client [req-90744cbe-115a-4af8-9f02-82783b2cbd03 req-90744cbe-115a-4af8-9f02-82783b2cbd03 ] Request (ServerAddressesNegativeTestJSON:setUpClass): 204 PUT http://10.180.1.21/identity/v3/projects/ad6fe19d85f94e848a54286473f0c15e/users/f356d25a299c405c9b75fde1bea0cdd5/roles/bfed2266e5254e6fa20804602d8e6304 0.027s
2025-04-25 22:01:37.516 70852 INFO tempest.lib.common.dynamic_creds [-] Dynamic test user f356d25a299c405c9b75fde1bea0cdd5 is created with scope project and roles: ['member']
2025-04-25 22:01:37.516 70852 INFO tempest.lib.common.dynamic_creds [-] Acquired dynamic creds: credentials: Credentials: {'domain_id': 'default', 'domain_name': 'Default', 'username': 'tempest-ServerAddressesNegativeTestJSON-1467161985-project-member', 'project_domain_id': 'default', 'project_domain_name': 'Default', 'project_id': 'ad6fe19d85f94e848a54286473f0c15e', 'project_name': 'tempest-ServerAddressesNegativeTestJSON-1467161985', 'tenant_id': 'ad6fe19d85f94e848a54286473f0c15e', 'tenant_name': 'tempest-ServerAddressesNegativeTestJSON-1467161985', 'user_domain_id': 'default', 'user_domain_name': 'Default', 'user_id': 'f356d25a299c405c9b75fde1bea0cdd5', 'system': None}, Network: None, Subnet: None, Router: None
2025-04-25 22:01:37.518 70816 INFO tempest.lib.common.rest_client [req-f27f86d3-c96c-480d-bc68-c0abe4a15ca0 req-f27f86d3-c96c-480d-bc68-c0abe4a15ca0 ] Request (ServersTestJSON:setUpClass): 200 GET http://10.180.1.21/compute/v2.1/servers/d386c231-c43e-4a9f-a873-d71a5885696a 0.435s
2025-04-25 22:01:37.565 70870 INFO tempest.lib.common.rest_client [req-aa46c9ff-03cf-4b34-b018-9e073b33878d req-aa46c9ff-03cf-4b34-b018-9e073b33878d ] Request (ServerDiskConfigTestJSON:test_rebuild_server_with_manual_disk_config): 200 GET http://10.180.1.21/compute/v2.1/servers/3a7fa033-88fa-45a4-a054-d9ca2525f289 0.452s
2025-04-25 22:01:37.571 70852 INFO tempest.lib.common.rest_client [req-540e5739-219b-4195-bca3-e9c1b3fe2a73 req-540e5739-219b-4195-bca3-e9c1b3fe2a73 ] Request (ServerAddressesNegativeTestJSON:setUpClass): 201 POST http://10.180.1.21/identity/v3/auth/tokens 0.054s
2025-04-25 22:01:37.624 70838 INFO tempest.lib.common.rest_client [req-37a7cc02-d3b2-498b-be35-e347cbf1c24c req-37a7cc02-d3b2-498b-be35-e347cbf1c24c ] Request (ServersTestBootFromVolume:setUpClass): 200 GET http://10.180.1.21/volume/v3/volumes/ee0d282d-0e98-45f4-8331-01e6ac0d386c 0.031s
2025-04-25 22:01:37.628 70822 INFO tempest.lib.common.rest_client [req-8f6758b0-af3d-4970-960b-61a8b8c91724 req-8f6758b0-af3d-4970-960b-61a8b8c91724 ] Request (InstanceActionsV221TestJSON:test_get_list_deleted_instance_actions): 200 GET http://10.180.1.21/compute/v2.1/servers/8d6e650f-3557-4ee7-b711-df7b27dbfcf5 0.478s
2025-04-25 22:01:37.681 70876 INFO tempest.lib.common.rest_client [req-2df823e9-3ccc-49c1-943b-28568b095283 req-2df823e9-3ccc-49c1-943b-28568b095283 ] Request (ServerMetadataTestJSON:setUpClass): 200 GET http://10.180.1.21/compute/v2.1/servers/b6d59e70-9271-4d27-93a3-8f245f8e53f2 0.499s
2025-04-25 22:01:37.735 70820 INFO tempest.lib.common.rest_client [req-fc5f2208-f4db-490c-818d-6b6eb5e992f9 req-fc5f2208-f4db-490c-818d-6b6eb5e992f9 ] Request (MigrationsAdminTest:test_resize_server_revert_deleted_flavor): 200 GET http://10.180.1.21/compute/v2.1/servers/e622a650-68e5-4bf1-ae06-2e8b4203918d 0.497s
2025-04-25 22:01:37.798 70868 INFO tempest.lib.common.rest_client [req-09b3f08c-be01-48df-9c08-5335cdf1bb7e req-09b3f08c-be01-48df-9c08-5335cdf1bb7e ] Request (ServersListShow2100Test:test_list_show_rebuild_update_server_2100): 200 GET http://10.180.1.21/compute/v2.1/servers/99302a69-8d0b-4161-b65e-208f40eee7e6 0.499s
2025-04-25 22:01:37.809 70868 INFO tempest.common.waiters [-] State transition "BUILD/block_device_mapping" ==> "BUILD/spawning" after 77 second wait
2025-04-25 22:01:37.815 70852 INFO tempest.lib.common.rest_client [req-56ec671f-a363-430a-a995-e7ad13e95727 req-56ec671f-a363-430a-a995-e7ad13e95727 ] Request (ServerAddressesNegativeTestJSON:setUpClass): 201 POST http://10.180.1.21:9696/networking/v2.0/networks 0.244s
2025-04-25 22:01:37.864 70842 INFO tempest.lib.common.rest_client [req-1cab6e80-b74b-479f-b3ba-995590bb98ba req-1cab6e80-b74b-479f-b3ba-995590bb98ba ] Request (ServersListShow296Test:test_list_show_update_rebuild_server_296): 200 GET http://10.180.1.21/compute/v2.1/servers/feb8cc6c-15d7-408b-909f-f8810d6df59f 0.555s
2025-04-25 22:01:37.874 70842 INFO tempest.common.waiters [-] State transition "REBUILD/rebuild_spawning" ==> "ACTIVE/None" after 10 second wait
2025-04-25 22:01:37.998 70834 INFO tempest.lib.common.rest_client [req-93e7854f-c3a6-4c14-8ec5-c368d8b064b3 req-93e7854f-c3a6-4c14-8ec5-c368d8b064b3 ] Request (ServersAdminTestJSON:test_create_server_with_scheduling_hint): 200 GET http://10.180.1.21/compute/v2.1/servers/9eb615a0-f7a2-4877-b8bd-da6f8cce751f 0.555s
2025-04-25 22:01:38.053 70852 INFO tempest.lib.common.rest_client [req-888dae88-12c3-4108-a030-b27bcc8e16a1 req-888dae88-12c3-4108-a030-b27bcc8e16a1 ] Request (ServerAddressesNegativeTestJSON:setUpClass): 201 POST http://10.180.1.21:9696/networking/v2.0/subnets 0.236s
2025-04-25 22:01:38.164 70854 INFO tempest.lib.common.rest_client [req-56eb5739-85ec-45df-8fb2-8a60b2f672b4 req-56eb5739-85ec-45df-8fb2-8a60b2f672b4 ] Request (ServerRescueTestJSON:setUpClass): 200 GET http://10.180.1.21/compute/v2.1/servers/0c76226b-a9ad-4d80-af0d-2b766ac1cc46 0.694s
2025-04-25 22:01:38.233 70840 INFO tempest.lib.common.rest_client [req-81a01916-27ac-4475-9d09-212d7d5cba15 req-81a01916-27ac-4475-9d09-212d7d5cba15 ] Request (ImagesTestJSON:test_create_image_from_stopped_server): 200 GET http://10.180.1.21/compute/v2.1/servers/c6262bd9-3ece-4325-8e27-c7c5624f4303 0.722s
2025-04-25 22:01:38.307 70858 INFO tempest.lib.common.rest_client [req-8c2fb3b2-5c89-4822-8f56-724b3d8cc695 req-8c2fb3b2-5c89-4822-8f56-724b3d8cc695 ] Request (ServersAdminNegativeTestJSON:tearDownClass): 200 GET http://10.180.1.21/compute/v2.1/servers/9010112d-e255-4da9-b10c-fa134575c977 0.756s
2025-04-25 22:01:38.369 70824 INFO tempest.lib.common.rest_client [req-35c463a9-e286-4699-99f8-1eefc018d6d1 req-35c463a9-e286-4699-99f8-1eefc018d6d1 ] Request (ServersTestJSON:test_create_server_with_ipv6_addr_only): 200 GET http://10.180.1.21/compute/v2.1/servers/d4407b2b-3755-4916-a0d1-bc9cabb6514e 0.669s
2025-04-25 22:01:38.439 70828 INFO tempest.lib.common.rest_client [req-4f764d46-ca1a-443e-8855-fe6042d0dd47 req-4f764d46-ca1a-443e-8855-fe6042d0dd47 ] Request (ListServerFiltersTestJSON:tearDownClass): 200 GET http://10.180.1.21/compute/v2.1/servers/cf72ad0e-a3aa-4186-ac7f-9b0bf5221496 0.663s
2025-04-25 22:01:38.553 70842 INFO tempest.lib.common.rest_client [req-206f650b-8fca-4e69-aedc-2574ce628f14 req-206f650b-8fca-4e69-aedc-2574ce628f14 ] Request (ServersListShow296Test:tearDownClass): 204 DELETE http://10.180.1.21/compute/v2.1/servers/feb8cc6c-15d7-408b-909f-f8810d6df59f 0.677s
2025-04-25 22:01:38.663 70838 INFO tempest.lib.common.rest_client [req-a66de35b-7efd-4df9-9261-7882a271502c req-a66de35b-7efd-4df9-9261-7882a271502c ] Request (ServersTestBootFromVolume:setUpClass): 200 GET http://10.180.1.21/volume/v3/volumes/ee0d282d-0e98-45f4-8331-01e6ac0d386c 0.030s
2025-04-25 22:01:38.707 70848 INFO tempest.lib.common.rest_client [req-95414182-34fc-44e8-a29c-40a4c7944437 req-95414182-34fc-44e8-a29c-40a4c7944437 ] Request (AttachVolumeShelveTestJSON:test_attach_volume_shelved_or_offload_server): 200 GET http://10.180.1.21/compute/v2.1/servers/6d264890-6eb1-4ab6-88af-b3289ea3ef4c 0.774s
2025-04-25 22:01:38.769 70837 INFO tempest.lib.common.rest_client [req-1f0748d5-ddfb-410a-aba8-2a017a2b85ea req-1f0748d5-ddfb-410a-aba8-2a017a2b85ea ] Request (VolumesAdminNegativeTest:test_update_attached_volume_with_nonexistent_volume_in_body): 200 GET http://10.180.1.21/compute/v2.1/servers/f05a1529-9463-4fb0-a8c8-365b33b056df 0.770s
2025-04-25 22:01:38.822 70850 INFO tempest.lib.common.rest_client [req-d2f188aa-55c7-47b6-b033-2a2c9527dc4f req-d2f188aa-55c7-47b6-b033-2a2c9527dc4f ] Request (ServersNegativeTestMultiTenantJSON:setUpClass): 200 GET http://10.180.1.21/compute/v2.1/servers/364071aa-4386-43a9-b0e4-81b8859bcdc5 0.741s
2025-04-25 22:01:38.876 70832 INFO tempest.lib.common.rest_client [req-c3c86d0a-e011-44e3-8e89-c1b0ea9466a1 req-c3c86d0a-e011-44e3-8e89-c1b0ea9466a1 ] Request (ServerTagsTestJSON:setUpClass): 200 GET http://10.180.1.21/compute/v2.1/servers/31e20aad-a2bc-4a8a-9ebf-691928e946b3 0.746s
2025-04-25 22:01:38.897 70852 INFO tempest.lib.common.rest_client [req-8b73044f-2b91-47fc-a199-c22f4fe6add8 req-8b73044f-2b91-47fc-a199-c22f4fe6add8 ] Request (ServerAddressesNegativeTestJSON:setUpClass): 201 POST http://10.180.1.21:9696/networking/v2.0/routers 0.843s
2025-04-25 22:01:38.942 70866 INFO tempest.lib.common.rest_client [req-376a565b-ff6e-4a41-bc28-6f3a7b9d5b4d req-376a565b-ff6e-4a41-bc28-6f3a7b9d5b4d ] Request (ServerActionsV293TestJSON:setUpClass): 200 GET http://10.180.1.21/compute/v2.1/servers/99ffaf1a-9c04-4dc3-8b3a-a75b100f1b2f 0.749s
2025-04-25 22:01:39.025 70856 INFO tempest.lib.common.rest_client [req-ca9f4ac9-6471-48c9-99b0-345f79551fcd req-ca9f4ac9-6471-48c9-99b0-345f79551fcd ] Request (ImagesNegativeTestJSON:test_create_image_from_deleted_server): 200 GET http://10.180.1.21/compute/v2.1/servers/ff46f4a8-4e2e-4ccf-87ba-b3f20ce8efa0 0.764s
2025-04-25 22:01:39.106 70826 INFO tempest.lib.common.rest_client [req-578842d9-38b7-49cc-9018-7ad20034ee1e req-578842d9-38b7-49cc-9018-7ad20034ee1e ] Request (AttachInterfacesV270Test:tearDownClass): 200 GET http://10.180.1.21/compute/v2.1/servers/4d5c6b08-0cb0-4777-a395-a003a8b8d8b1 0.790s
2025-04-25 22:01:39.188 70864 INFO tempest.lib.common.rest_client [req-e4a23973-abc5-484f-b706-6b21cab08f2f req-e4a23973-abc5-484f-b706-6b21cab08f2f ] Request (SecurityGroupsTestJSON:test_list_security_groups_by_server): 200 GET http://10.180.1.21/compute/v2.1/servers/11086611-2508-490c-ba96-13b0d3041e3a 0.822s
2025-04-25 22:01:39.267 70814 INFO tempest.lib.common.rest_client [req-d20cda18-519e-45ed-947c-e5f972f48062 req-d20cda18-519e-45ed-947c-e5f972f48062 ] Request (ListServersNegativeTestJSON:setUpClass): 200 GET http://10.180.1.21/compute/v2.1/servers/ebfcca2a-2f76-4616-b550-27d0ec6189c9 0.844s
2025-04-25 22:01:39.338 70860 INFO tempest.lib.common.rest_client [req-1e53a422-3ae5-4324-b5a9-93079663703e req-1e53a422-3ae5-4324-b5a9-93079663703e ] Request (FloatingIPsAssociationTestJSON:setUpClass): 200 GET http://10.180.1.21/compute/v2.1/servers/ee25feee-3f5e-4bc7-977a-416fb75fb51e 0.863s
2025-04-25 22:01:39.409 70816 INFO tempest.lib.common.rest_client [req-a22599d0-8252-4c0b-a117-70db03677bfd req-a22599d0-8252-4c0b-a117-70db03677bfd ] Request (ServersTestJSON:setUpClass): 200 GET http://10.180.1.21/compute/v2.1/servers/d386c231-c43e-4a9f-a873-d71a5885696a 0.882s
2025-04-25 22:01:39.479 70842 INFO tempest.lib.common.rest_client [req-edc029b3-83bc-4030-a4ba-760b67377473 req-edc029b3-83bc-4030-a4ba-760b67377473 ] Request (ServersListShow296Test:tearDownClass): 200 GET http://10.180.1.21/compute/v2.1/servers/feb8cc6c-15d7-408b-909f-f8810d6df59f 0.926s
2025-04-25 22:01:39.545 70870 INFO tempest.lib.common.rest_client [req-45d55f17-723d-4b29-a560-0b3d98a7d815 req-45d55f17-723d-4b29-a560-0b3d98a7d815 ] Request (ServerDiskConfigTestJSON:test_rebuild_server_with_manual_disk_config): 200 GET http://10.180.1.21/compute/v2.1/servers/3a7fa033-88fa-45a4-a054-d9ca2525f289 0.972s
2025-04-25 22:01:39.617 70822 INFO tempest.lib.common.rest_client [req-ee3fb1df-0811-438c-a008-d67cf9e4ec95 req-ee3fb1df-0811-438c-a008-d67cf9e4ec95 ] Request (InstanceActionsV221TestJSON:test_get_list_deleted_instance_actions): 200 GET http://10.180.1.21/compute/v2.1/servers/8d6e650f-3557-4ee7-b711-df7b27dbfcf5 0.980s
2025-04-25 22:01:39.710 70838 INFO tempest.lib.common.rest_client [req-dd0327df-f67f-4fb4-a18e-85abaec21cce req-dd0327df-f67f-4fb4-a18e-85abaec21cce ] Request (ServersTestBootFromVolume:setUpClass): 200 GET http://10.180.1.21/volume/v3/volumes/ee0d282d-0e98-45f4-8331-01e6ac0d386c 0.036s
2025-04-25 22:01:39.924 70876 INFO tempest.lib.common.rest_client [req-2526f25a-c9ab-4ed9-a664-f9dbcd04f19b req-2526f25a-c9ab-4ed9-a664-f9dbcd04f19b ] Request (ServerMetadataTestJSON:setUpClass): 200 GET http://10.180.1.21/compute/v2.1/servers/b6d59e70-9271-4d27-93a3-8f245f8e53f2 1.235s
2025-04-25 22:01:39.992 70820 INFO tempest.lib.common.rest_client [req-b12418fc-46ed-467e-87b2-979c7f844d64 req-b12418fc-46ed-467e-87b2-979c7f844d64 ] Request (MigrationsAdminTest:test_resize_server_revert_deleted_flavor): 200 GET http://10.180.1.21/compute/v2.1/servers/e622a650-68e5-4bf1-ae06-2e8b4203918d 1.249s
2025-04-25 22:01:40.077 70868 INFO tempest.lib.common.rest_client [req-0f922d19-9e29-4d66-9ba5-f8badacda893 req-0f922d19-9e29-4d66-9ba5-f8badacda893 ] Request (ServersListShow2100Test:test_list_show_rebuild_update_server_2100): 200 GET http://10.180.1.21/compute/v2.1/servers/99302a69-8d0b-4161-b65e-208f40eee7e6 1.266s
2025-04-25 22:01:40.296 70834 INFO tempest.lib.common.rest_client [req-0e97258f-ce03-4885-b228-519e0888d7e4 req-0e97258f-ce03-4885-b228-519e0888d7e4 ] Request (ServersAdminTestJSON:test_create_server_with_scheduling_hint): 200 GET http://10.180.1.21/compute/v2.1/servers/9eb615a0-f7a2-4877-b8bd-da6f8cce751f 1.290s
2025-04-25 22:01:40.430 70854 INFO tempest.lib.common.rest_client [req-71f8effb-8561-4be9-b0c9-2410cbc6ecb4 req-71f8effb-8561-4be9-b0c9-2410cbc6ecb4 ] Request (ServerRescueTestJSON:setUpClass): 200 GET http://10.180.1.21/compute/v2.1/servers/0c76226b-a9ad-4d80-af0d-2b766ac1cc46 1.255s
2025-04-25 22:01:40.492 70840 INFO tempest.lib.common.rest_client [req-590b3545-fb28-4848-a7f7-a93ba3560344 req-590b3545-fb28-4848-a7f7-a93ba3560344 ] Request (ImagesTestJSON:test_create_image_from_stopped_server): 200 GET http://10.180.1.21/compute/v2.1/servers/c6262bd9-3ece-4325-8e27-c7c5624f4303 1.251s
2025-04-25 22:01:40.573 70858 INFO tempest.lib.common.rest_client [req-2e1603dd-12bb-42a3-ae30-863e3b17c6d2 req-2e1603dd-12bb-42a3-ae30-863e3b17c6d2 ] Request (ServersAdminNegativeTestJSON:tearDownClass): 200 GET http://10.180.1.21/compute/v2.1/servers/9010112d-e255-4da9-b10c-fa134575c977 1.256s
2025-04-25 22:01:40.591 70852 INFO tempest.lib.common.rest_client [req-c850672e-7e02-44dd-9184-da322c53fb47 req-c850672e-7e02-44dd-9184-da322c53fb47 ] Request (ServerAddressesNegativeTestJSON:setUpClass): 200 PUT http://10.180.1.21:9696/networking/v2.0/routers/cb3d34d6-b56f-4b43-aa4f-ef09f0e44eb8/add_router_interface 1.694s
