2025-04-25 21:59:12.267 70854 INFO tempest.lib.common.rest_client [req-8202bb6d-4489-4be6-bb25-f713a7dd362e req-8202bb6d-4489-4be6-bb25-f713a7dd362e ] Request (HostsAdminNegativeTestJSON:setUpClass): 200 GET http://10.180.1.21/compute/v2.1/os-hosts 1.767s
2025-04-25 21:59:12.272 70838 INFO tempest.lib.common.rest_client [req-d4db5c82-6b4e-455c-9dec-bb35063b824a req-d4db5c82-6b4e-455c-9dec-bb35063b824a ] Request (FloatingIPDetailsNegativeTestJSON:tearDownClass): 200 PUT http://10.180.1.21:9696/networking/v2.0/routers/40702261-fdab-4853-9e74-bda6f0229f36/remove_router_interface 1.084s
2025-04-25 21:59:12.315 70848 INFO tempest.lib.common.rest_client [req-bed32dfb-f819-40c9-9eb8-da0d98865ca8 req-bed32dfb-f819-40c9-9eb8-da0d98865ca8 ] Request (FlavorsV2NegativeTest:test_boot_with_low_ram): 201 POST http://10.180.1.21/identity/v3/auth/tokens 0.051s
2025-04-25 21:59:12.315 70848 INFO tempest.lib.common.fixed_network [-] (FlavorsV2NegativeTest:test_boot_with_low_ram) Found network None available for tenant
2025-04-25 21:59:12.330 70818 INFO tempest.lib.common.rest_client [req-8f74977a-33c5-4560-9b41-06747fa975b3 req-8f74977a-33c5-4560-9b41-06747fa975b3 ] Request (AZAdminNegativeTestJSON:tearDownClass): 204 DELETE http://10.180.1.21/identity/v3/users/aae97731310449dab5d36c4a32f4f6c4 0.189s
2025-04-25 21:59:12.330 70818 INFO tempest.lib.common.dynamic_creds [-] Deleting project and security group for project: c40714a56c234019910251a89cd0a889
2025-04-25 21:59:12.346 70864 INFO tempest.lib.common.rest_client [req-edb1859c-b4fd-4d54-ba6a-36d63ccd5c02 req-edb1859c-b4fd-4d54-ba6a-36d63ccd5c02 ] Request (QuotaClassesAdmin257Test:tearDownClass): 204 DELETE http://10.180.1.21:9696/networking/v2.0/security-groups/1b4ff71e-5f6d-4302-9957-e837d2b43d7d 0.169s
2025-04-25 21:59:12.429 70876 INFO tempest.lib.common.rest_client [req-5d93d53b-9b42-4c3d-a726-35e03e406438 req-5d93d53b-9b42-4c3d-a726-35e03e406438 ] Request (SecurityGroupsTestAdminJSON:test_list_security_groups_list_all_tenants_filter): 200 POST http://10.180.1.21/compute/v2.1/os-security-groups 1.974s
2025-04-25 21:59:12.433 70818 INFO tempest.lib.common.rest_client [req-cebe4adb-63bf-491d-b32c-54edb77e2023 req-cebe4adb-63bf-491d-b32c-54edb77e2023 ] Request (AZAdminNegativeTestJSON:tearDownClass): 201 POST http://10.180.1.21/identity/v3/auth/tokens 0.102s
2025-04-25 21:59:12.443 70837 INFO tempest.lib.common.rest_client [req-e9719f60-a028-4649-beba-5a7d031d8ac2 req-e9719f60-a028-4649-beba-5a7d031d8ac2 ] Request (AZAdminV2TestJSON:test_get_availability_zone_list): 200 GET http://10.180.1.21/compute/v2.1/os-availability-zone 1.926s
2025-04-25 21:59:12.475 70828 INFO tempest.lib.common.rest_client [req-aa5815e5-07e9-4d3a-9088-d9970742b8fb req-aa5815e5-07e9-4d3a-9088-d9970742b8fb ] Request (HypervisorAdminV253TestBase:test_list_show_detail_hypervisors): 200 GET http://10.180.1.21/compute/v2.1/os-hypervisors?with_servers=True 1.918s
2025-04-25 21:59:12.493 70868 INFO tempest.lib.common.rest_client [req-4a14a3b1-e639-4730-93f3-5e1437626de6 req-4a14a3b1-e639-4730-93f3-5e1437626de6 ] Request (KeyPairsV2TestJSON:_run_cleanups): 202 DELETE http://10.180.1.21/compute/v2.1/os-keypairs/tempest-keypair-480603216 1.907s
2025-04-25 21:59:12.500 70864 INFO tempest.lib.common.rest_client [req-d47c71a8-c2fe-4220-aecf-83693328a9d6 req-d47c71a8-c2fe-4220-aecf-83693328a9d6 ] Request (QuotaClassesAdmin257Test:tearDownClass): 204 DELETE http://10.180.1.21/identity/v3/projects/f6b5c833e6a3406ea53a96ca190c1453 0.153s
2025-04-25 21:59:12.500 70864 INFO tempest.lib.common.dynamic_creds [-] Deleting project and security group for project: 6e1935bdc128401bbd38e084d029436e
2025-04-25 21:59:12.521 70842 INFO tempest.lib.common.rest_client [req-b59a33d8-13fa-4913-8fec-529720e34e55 req-b59a33d8-13fa-4913-8fec-529720e34e55 ] Request (AggregatesAdminNegativeTestJSON:setUpClass): 200 GET http://10.180.1.21/compute/v2.1/os-services?binary=nova-compute 1.960s
2025-04-25 21:59:12.553 70834 INFO tempest.lib.common.rest_client [req-15e5f80d-a37e-43fb-9560-ceeb85bfadf9 req-15e5f80d-a37e-43fb-9560-ceeb85bfadf9 ] Request (NetworksTest:tearDownClass): 200 GET http://10.180.1.21:9696/networking/v2.0/security-groups?tenant_id=76450bfb86fc4bc2abb753e470425374&name=default 0.298s
2025-04-25 21:59:12.611 70844 INFO tempest.lib.common.rest_client [req-df593335-bce1-492e-9ac6-9ca1a0dafe87 req-df593335-bce1-492e-9ac6-9ca1a0dafe87 ] Request (FlavorsV261TestJSON:test_crud_flavor): 200 POST http://10.180.1.21/compute/v2.1/flavors 1.991s
2025-04-25 21:59:12.670 70840 INFO tempest.lib.common.rest_client [req-67aeb9f3-2d3c-4947-9167-14c61be21859 req-67aeb9f3-2d3c-4947-9167-14c61be21859 ] Request (HypervisorAdminUnderV252Test:test_get_hypervisor_show_servers): 200 GET http://10.180.1.21/compute/v2.1/os-hypervisors 1.986s
2025-04-25 21:59:12.699 70850 INFO tempest.lib.common.rest_client [req-4ece9681-9cd1-4815-973b-a009a1bc20f6 req-4ece9681-9cd1-4815-973b-a009a1bc20f6 ] Request (ServicesAdminNegativeTestJSON:test_get_service_by_invalid_params): 200 GET http://10.180.1.21/compute/v2.1/os-services 2.012s
2025-04-25 21:59:12.721 70834 INFO tempest.lib.common.rest_client [req-7290726f-3dc9-4527-9095-4a78ddab4271 req-7290726f-3dc9-4527-9095-4a78ddab4271 ] Request (NetworksTest:tearDownClass): 204 DELETE http://10.180.1.21:9696/networking/v2.0/security-groups/ecd0d795-b97a-47ff-8b3f-13a0dd77a293 0.168s
2025-04-25 21:59:12.745 70874 INFO tempest.lib.common.rest_client [req-cc837aac-c471-49d9-8fc2-d18f70651199 req-cc837aac-c471-49d9-8fc2-d18f70651199 ] Request (VolumesAssistedSnapshotsTest:setUpClass): 201 POST http://10.180.1.21:9696/networking/v2.0/routers 1.169s
2025-04-25 21:59:12.747 70814 INFO tempest.lib.common.rest_client [req-bd3c5093-1830-4711-be6c-d0a0d10bb436 req-bd3c5093-1830-4711-be6c-d0a0d10bb436 ] Request (FlavorsV255TestJSON:test_crud_flavor): 200 GET http://10.180.1.21/compute/v2.1/flavors/1102326204 1.917s
2025-04-25 21:59:12.791 70834 INFO tempest.lib.common.rest_client [req-b9f8f9a7-9068-4c2f-adef-d68744809f14 req-b9f8f9a7-9068-4c2f-adef-d68744809f14 ] Request (NetworksTest:tearDownClass): 204 DELETE http://10.180.1.21/identity/v3/projects/76450bfb86fc4bc2abb753e470425374 0.069s
2025-04-25 21:59:12.791 70834 INFO tempest.lib.common.dynamic_creds [-] Deleting project and security group for project: cec4143e44c54fb992026b5d84caeae3
2025-04-25 21:59:12.801 70818 INFO tempest.lib.common.rest_client [req-00557d2b-3c26-41e9-8bb0-ca7eddbadc74 req-00557d2b-3c26-41e9-8bb0-ca7eddbadc74 ] Request (AZAdminNegativeTestJSON:tearDownClass): 200 GET http://10.180.1.21:9696/networking/v2.0/security-groups?tenant_id=c40714a56c234019910251a89cd0a889&name=default 0.367s
2025-04-25 21:59:12.822 70864 INFO tempest.lib.common.rest_client [req-23fe9882-463d-4632-bae1-92ce3f33d982 req-23fe9882-463d-4632-bae1-92ce3f33d982 ] Request (QuotaClassesAdmin257Test:tearDownClass): 200 GET http://10.180.1.21:9696/networking/v2.0/security-groups?tenant_id=6e1935bdc128401bbd38e084d029436e&name=default 0.322s
2025-04-25 21:59:13.004 70832 INFO tempest.lib.common.rest_client [req-7c3b85a6-24e0-4967-8ed2-330c5ad18465 req-7c3b85a6-24e0-4967-8ed2-330c5ad18465 ] Request (FlavorsExtraSpecsNegativeTestJSON:test_flavor_get_nonexistent_key): 404 GET http://10.180.1.21/compute/v2.1/flavors/1320252349/os-extra_specs/hw:cpu_thread_policy 2.067s
2025-04-25 21:59:13.106 70834 INFO tempest.lib.common.rest_client [req-c6cfdab0-dc85-48ba-b3ba-b51d7b6658f4 req-c6cfdab0-dc85-48ba-b3ba-b51d7b6658f4 ] Request (NetworksTest:tearDownClass): 200 GET http://10.180.1.21:9696/networking/v2.0/security-groups?tenant_id=cec4143e44c54fb992026b5d84caeae3&name=default 0.313s
2025-04-25 21:59:13.111 70818 INFO tempest.lib.common.rest_client [req-607f98fa-54c3-465f-a237-367aabcf22ce req-607f98fa-54c3-465f-a237-367aabcf22ce ] Request (AZAdminNegativeTestJSON:tearDownClass): 204 DELETE http://10.180.1.21:9696/networking/v2.0/security-groups/11fd9335-1b47-498b-9daf-a9e7799f928e 0.309s
2025-04-25 21:59:13.114 70864 INFO tempest.lib.common.rest_client [req-b4371ac3-4c8b-4c82-abb8-58a5cc1e8cbc req-b4371ac3-4c8b-4c82-abb8-58a5cc1e8cbc ] Request (QuotaClassesAdmin257Test:tearDownClass): 204 DELETE http://10.180.1.21:9696/networking/v2.0/security-groups/f9dbca99-a04b-42d6-a471-8f10f05edc61 0.291s
2025-04-25 21:59:13.125 70838 INFO tempest.lib.common.rest_client [req-16de310d-af7c-447b-8c16-ac128e6d74cf req-16de310d-af7c-447b-8c16-ac128e6d74cf ] Request (FloatingIPDetailsNegativeTestJSON:tearDownClass): 204 DELETE http://10.180.1.21:9696/networking/v2.0/routers/40702261-fdab-4853-9e74-bda6f0229f36 0.853s
2025-04-25 21:59:13.215 70864 INFO tempest.lib.common.rest_client [req-eccd4447-e826-4611-a938-e8ccd0c848fc req-eccd4447-e826-4611-a938-e8ccd0c848fc ] Request (QuotaClassesAdmin257Test:tearDownClass): 204 DELETE http://10.180.1.21/identity/v3/projects/6e1935bdc128401bbd38e084d029436e 0.097s
2025-04-25 21:59:13.216 70818 INFO tempest.lib.common.rest_client [req-79b32c8c-907c-4d18-8db0-6d04f0641503 req-79b32c8c-907c-4d18-8db0-6d04f0641503 ] Request (AZAdminNegativeTestJSON:tearDownClass): 204 DELETE http://10.180.1.21/identity/v3/projects/c40714a56c234019910251a89cd0a889 0.104s
2025-04-25 21:59:13.216 70818 INFO tempest.lib.common.dynamic_creds [-] Deleting project and security group for project: afebb6eceafc4ca9b36de31c7fa1b71b
2025-04-25 21:59:13.274 70838 INFO tempest.lib.common.rest_client [req-b1461555-0443-424e-8f13-573a7c12301e req-b1461555-0443-424e-8f13-573a7c12301e ] Request (FloatingIPDetailsNegativeTestJSON:tearDownClass): 204 DELETE http://10.180.1.21:9696/networking/v2.0/subnets/aabe3e23-4f13-4e35-96d8-28b2df579aba 0.149s
2025-04-25 21:59:13.284 70864 INFO tempest.lib.common.rest_client [req-036e0b98-a67f-4f7d-940f-57d1ad15c563 req-036e0b98-a67f-4f7d-940f-57d1ad15c563 ] Request (ImagesOneServerTestJSON:setUpClass): 201 POST http://10.180.1.21/identity/v3/auth/tokens 0.066s
2025-04-25 21:59:13.297 70824 INFO tempest.lib.common.rest_client [req-20b062a7-ca62-41bc-86d2-fd43fa25290a req-20b062a7-ca62-41bc-86d2-fd43fa25290a ] Request (ServerDiagnosticsTest:test_get_server_diagnostics): 202 POST http://10.180.1.21/compute/v2.1/servers 2.431s
2025-04-25 21:59:13.320 70820 INFO tempest.lib.common.rest_client [req-c61cf569-d39b-4983-8920-07c1424f41ef req-c61cf569-d39b-4983-8920-07c1424f41ef ] Request (HypervisorAdminTestJSON:test_get_hypervisor_list_details): 200 GET http://10.180.1.21/compute/v2.1/os-hypervisors/detail 2.185s
2025-04-25 21:59:13.321 70864 INFO tempest.lib.common.rest_client [req-03c5cf9c-0a65-4906-859d-69726614b15e req-03c5cf9c-0a65-4906-859d-69726614b15e ] Request (ImagesOneServerTestJSON:setUpClass): 201 POST http://10.180.1.21/identity/v3/auth/tokens 0.035s
2025-04-25 21:59:13.340 70862 INFO tempest.lib.common.rest_client [req-e3e356f0-2d1b-4a4e-8c98-361a4b365b1f req-e3e356f0-2d1b-4a4e-8c98-361a4b365b1f ] Request (HostsAdminTestJSON:test_list_hosts_with_nonexistent_zone): 200 GET http://10.180.1.21/compute/v2.1/os-hosts?zone=xxx 2.185s
2025-04-25 21:59:13.344 70834 INFO tempest.lib.common.rest_client [req-a5c06434-65a2-45eb-b0f5-5eb3b2995ecd req-a5c06434-65a2-45eb-b0f5-5eb3b2995ecd ] Request (NetworksTest:tearDownClass): 204 DELETE http://10.180.1.21:9696/networking/v2.0/security-groups/c1dc3218-ccad-48e3-b296-d3d93f90181a 0.238s
2025-04-25 21:59:13.354 70864 INFO tempest.lib.common.rest_client [req-ef07c15b-986f-452d-94a8-0bfaf127ceaa req-ef07c15b-986f-452d-94a8-0bfaf127ceaa ] Request (ImagesOneServerTestJSON:setUpClass): 200 GET http://10.180.1.21/identity/v3/domains?name=Default 0.033s
2025-04-25 21:59:13.409 70834 INFO tempest.lib.common.rest_client [req-ef7586cb-dbae-4571-aa0b-95b9beece406 req-ef7586cb-dbae-4571-aa0b-95b9beece406 ] Request (NetworksTest:tearDownClass): 204 DELETE http://10.180.1.21/identity/v3/projects/cec4143e44c54fb992026b5d84caeae3 0.065s
2025-04-25 21:59:13.451 70858 INFO tempest.lib.common.rest_client [req-a2b110de-3217-4c65-a5ec-38d0c337a627 req-a2b110de-3217-4c65-a5ec-38d0c337a627 ] Request (ServersAdminNegativeTestJSON:setUpClass): 202 POST http://10.180.1.21/compute/v2.1/servers 2.507s
2025-04-25 21:59:13.487 70818 INFO tempest.lib.common.rest_client [req-0fc47710-ac31-44a0-85b9-dd83f3a3a039 req-0fc47710-ac31-44a0-85b9-dd83f3a3a039 ] Request (AZAdminNegativeTestJSON:tearDownClass): 200 GET http://10.180.1.21:9696/networking/v2.0/security-groups?tenant_id=afebb6eceafc4ca9b36de31c7fa1b71b&name=default 0.271s
2025-04-25 21:59:13.510 70826 INFO tempest.lib.common.rest_client [req-64924ff8-44d4-43b5-bb21-1929e33b9a57 req-64924ff8-44d4-43b5-bb21-1929e33b9a57 ] Request (FlavorsAccessNegativeTestJSON:test_add_flavor_access_duplicate): 200 POST http://10.180.1.21/compute/v2.1/flavors 2.206s
2025-04-25 21:59:13.518 70834 INFO tempest.lib.common.rest_client [req-ace56103-83c5-45b3-8648-9c3e25003dbb req-ace56103-83c5-45b3-8648-9c3e25003dbb ] Request (ServersAdminTestJSON:setUpClass): 201 POST http://10.180.1.21/identity/v3/auth/tokens 0.105s
2025-04-25 21:59:13.519 70864 INFO tempest.lib.common.rest_client [req-49892199-2f09-4313-bd12-19ce0bf86a32 req-49892199-2f09-4313-bd12-19ce0bf86a32 ] Request (ImagesOneServerTestJSON:setUpClass): 201 POST http://10.180.1.21/identity/v3/projects 0.164s
2025-04-25 21:59:13.526 70846 INFO tempest.lib.common.rest_client [req-fd18cbfd-1882-4ba4-88bd-b85488ae58fb req-fd18cbfd-1882-4ba4-88bd-b85488ae58fb ] Request (ServersWithSpecificFlavorTestJSON:setUpClass): 201 POST http://10.180.1.21:9696/networking/v2.0/routers 1.494s
2025-04-25 21:59:13.584 70864 INFO tempest.lib.common.rest_client [req-22f310af-6d7e-46ac-b2d3-c5b0acb82e24 req-22f310af-6d7e-46ac-b2d3-c5b0acb82e24 ] Request (ImagesOneServerTestJSON:setUpClass): 201 POST http://10.180.1.21/identity/v3/users 0.065s
2025-04-25 21:59:13.626 70834 INFO tempest.lib.common.rest_client [req-f44f1e9b-eeba-4d9b-a42d-1b51c1d1f9a4 req-f44f1e9b-eeba-4d9b-a42d-1b51c1d1f9a4 ] Request (ServersAdminTestJSON:setUpClass): 201 POST http://10.180.1.21/identity/v3/auth/tokens 0.106s
2025-04-25 21:59:13.644 70872 INFO tempest.lib.common.rest_client [req-a9b026cf-86e3-4c2e-addd-f70b366dbd93 req-a9b026cf-86e3-4c2e-addd-f70b366dbd93 ] Request (AbsoluteLimitsTestJSON:test_absLimits_get): 200 GET http://10.180.1.21/compute/v2.1/limits 2.246s
2025-04-25 21:59:13.649 70864 INFO tempest.lib.common.rest_client [req-8225e1b4-7092-468f-a8dc-736dfc7e13a4 req-8225e1b4-7092-468f-a8dc-736dfc7e13a4 ] Request (ImagesOneServerTestJSON:setUpClass): 200 GET http://10.180.1.21/identity/v3/roles 0.064s
2025-04-25 21:59:13.669 70860 INFO tempest.lib.common.rest_client [req-777e85eb-0c5c-4301-9f84-21d8440daf6b req-777e85eb-0c5c-4301-9f84-21d8440daf6b ] Request (FlavorsAdminTestJSON:_run_cleanups): 202 DELETE http://10.180.1.21/compute/v2.1/flavors/411353659 2.152s
2025-04-25 21:59:13.674 70822 INFO tempest.lib.common.rest_client [req-10773a86-e4ff-4817-b9d2-8e5d09cdff8f req-10773a86-e4ff-4817-b9d2-8e5d09cdff8f ] Request (InstanceUsageAuditLogNegativeTestJSON:test_instance_usage_audit_logs_with_nonadmin_user): 403 GET http://10.180.1.21/compute/v2.1/os-instance_usage_audit_log/2025-04-25%2021%3A59%3A11 2.114s
2025-04-25 21:59:13.683 70816 INFO tempest.lib.common.rest_client [req-1fe201b6-8066-4636-8ec7-1419d5210af3 req-1fe201b6-8066-4636-8ec7-1419d5210af3 ] Request (HypervisorAdminNegativeTestJSON:test_get_hypervisor_list_with_non_admin_user): 403 GET http://10.180.1.21/compute/v2.1/os-hypervisors 1.947s
2025-04-25 21:59:13.684 70834 INFO tempest.lib.common.rest_client [req-13996adf-b4a5-4266-a79e-63cc61de81a7 req-13996adf-b4a5-4266-a79e-63cc61de81a7 ] Request (ServersAdminTestJSON:setUpClass): 200 GET http://10.180.1.21/identity/v3/domains?name=Default 0.058s
2025-04-25 21:59:13.685 70856 INFO tempest.lib.common.rest_client [req-e8219823-0149-4212-aa26-0b59d408bd02 req-e8219823-0149-4212-aa26-0b59d408bd02 ] Request (FlavorsAccessTestJSON:test_flavor_access_add_remove): 200 POST http://10.180.1.21/compute/v2.1/flavors/2041038388/action 2.327s
2025-04-25 21:59:13.707 70864 INFO tempest.lib.common.rest_client [req-ebdcaffb-439d-48d6-8763-5aca69afe7aa req-ebdcaffb-439d-48d6-8763-5aca69afe7aa ] Request (ImagesOneServerTestJSON:setUpClass): 204 PUT http://10.180.1.21/identity/v3/projects/34a4ee5bdb794decbf6054ec8c2586e8/users/1fee9001e6034c6f96e924b57b3f7c3c/roles/bfed2266e5254e6fa20804602d8e6304 0.058s
2025-04-25 21:59:13.708 70864 INFO tempest.lib.common.dynamic_creds [-] Dynamic test user 1fee9001e6034c6f96e924b57b3f7c3c is created with scope project and roles: ['member']
2025-04-25 21:59:13.708 70864 INFO tempest.lib.common.dynamic_creds [-] Acquired dynamic creds: credentials: Credentials: {'domain_id': 'default', 'domain_name': 'Default', 'username': 'tempest-ImagesOneServerTestJSON-1638931006-project-member', 'project_domain_id': 'default', 'project_domain_name': 'Default', 'project_id': '34a4ee5bdb794decbf6054ec8c2586e8', 'project_name': 'tempest-ImagesOneServerTestJSON-1638931006', 'tenant_id': '34a4ee5bdb794decbf6054ec8c2586e8', 'tenant_name': 'tempest-ImagesOneServerTestJSON-1638931006', 'user_domain_id': 'default', 'user_domain_name': 'Default', 'user_id': '1fee9001e6034c6f96e924b57b3f7c3c', 'system': None}, Network: None, Subnet: None, Router: None
2025-04-25 21:59:13.719 70830 INFO tempest.lib.common.rest_client [req-2dda0629-aa00-4dcc-b257-fb6978cdc9fe req-2dda0629-aa00-4dcc-b257-fb6978cdc9fe ] Request (FlavorsExtraSpecsTestJSON:test_flavor_non_admin_get_all_keys): 200 POST http://10.180.1.21/compute/v2.1/flavors/1578670322/os-extra_specs 1.688s
2025-04-25 21:59:13.758 70818 INFO tempest.lib.common.rest_client [req-bf6579ec-10b0-4089-929e-749d410719a0 req-bf6579ec-10b0-4089-929e-749d410719a0 ] Request (AZAdminNegativeTestJSON:tearDownClass): 204 DELETE http://10.180.1.21:9696/networking/v2.0/security-groups/fc0e8425-e4ae-49d8-a60b-024e6e367750 0.271s
2025-04-25 21:59:13.798 70838 INFO tempest.lib.common.rest_client [req-e0d3167a-8bac-405b-b7a4-007eb48d02d4 req-e0d3167a-8bac-405b-b7a4-007eb48d02d4 ] Request (FloatingIPDetailsNegativeTestJSON:tearDownClass): 204 DELETE http://10.180.1.21:9696/networking/v2.0/networks/042284a1-b4dd-44d7-b76a-e01f810fc7c2 0.524s
2025-04-25 21:59:13.862 70872 INFO tempest.lib.common.rest_client [req-dd9d4737-a70c-4218-9176-b237792c75b4 req-dd9d4737-a70c-4218-9176-b237792c75b4 ] Request (AbsoluteLimitsTestJSON:tearDownClass): 204 DELETE http://10.180.1.21/identity/v3/users/743831d3b9324b67b4f95ad01cbaf153 0.208s
2025-04-25 21:59:13.863 70872 INFO tempest.lib.common.dynamic_creds [-] Deleting project and security group for project: 5e57e2614f25429e95ca83ca2ecab24b
2025-04-25 21:59:13.864 70822 INFO tempest.lib.common.rest_client [req-ddce68f1-a981-453d-addf-22e13cba9b46 req-ddce68f1-a981-453d-addf-22e13cba9b46 ] Request (InstanceUsageAuditLogNegativeTestJSON:tearDownClass): 204 DELETE http://10.180.1.21/identity/v3/users/d60d861d4cab49afb377dac9128d1b53 0.188s
2025-04-25 21:59:13.890 70852 INFO tempest.lib.common.rest_client [req-6cf3bae4-b227-4eb0-acef-7338c320e01f req-6cf3bae4-b227-4eb0-acef-7338c320e01f ] Request (DeleteServersAdminTestJSON:test_admin_delete_servers_of_others): 200 GET http://10.180.1.21/compute/v2.1/servers/c5f5f913-7e8d-4b43-af34-8c04ffd0b85e 1.856s
2025-04-25 21:59:13.971 70834 INFO tempest.lib.common.rest_client [req-fd769715-be45-46ff-b7b3-678fe0f778b7 req-fd769715-be45-46ff-b7b3-678fe0f778b7 ] Request (ServersAdminTestJSON:setUpClass): 201 POST http://10.180.1.21/identity/v3/projects 0.286s
2025-04-25 21:59:13.981 70866 INFO tempest.lib.common.rest_client [req-97929669-60c0-4b65-bee4-f17a41011747 req-97929669-60c0-4b65-bee4-f17a41011747 ] Request (ServersTestManualDisk:setUpClass): 200 GET http://10.180.1.21/compute/v2.1/servers/60d32c82-d2e4-46a6-a742-edd824f37f59 1.718s
2025-04-25 21:59:13.988 70866 INFO tempest.common.waiters [-] State transition "BUILD/None" ==> "BUILD/networking" after 4 second wait
2025-04-25 21:59:14.038 70864 INFO tempest.lib.common.rest_client [req-392fe1ca-8014-4ea5-a102-d4b2952728a8 req-392fe1ca-8014-4ea5-a102-d4b2952728a8 ] Request (ImagesOneServerTestJSON:setUpClass): 201 POST http://10.180.1.21/identity/v3/auth/tokens 0.330s
2025-04-25 21:59:14.119 70818 INFO tempest.lib.common.rest_client [req-ed0c87f6-8af8-4a50-8025-87d8ab648e10 req-ed0c87f6-8af8-4a50-8025-87d8ab648e10 ] Request (AZAdminNegativeTestJSON:tearDownClass): 204 DELETE http://10.180.1.21/identity/v3/projects/afebb6eceafc4ca9b36de31c7fa1b71b 0.360s
2025-04-25 21:59:14.125 70838 INFO tempest.lib.common.rest_client [req-ebb5cf25-debc-4ac8-80fc-831d901bd279 req-ebb5cf25-debc-4ac8-80fc-831d901bd279 ] Request (FloatingIPDetailsNegativeTestJSON:tearDownClass): 204 DELETE http://10.180.1.21/identity/v3/users/7622971a9521493caa0a4d10277eff84 0.326s
2025-04-25 21:59:14.125 70838 INFO tempest.lib.common.dynamic_creds [-] Deleting project and security group for project: 234578f04b4c4078b6c501950a6b96bf
2025-04-25 21:59:14.167 70838 INFO tempest.lib.common.rest_client [req-808179c5-2a13-4fb5-bf90-a5ad4eda1bde req-808179c5-2a13-4fb5-bf90-a5ad4eda1bde ] Request (FloatingIPDetailsNegativeTestJSON:tearDownClass): 200 GET http://10.180.1.21:9696/networking/v2.0/security-groups?tenant_id=234578f04b4c4078b6c501950a6b96bf&name=default 0.041s
2025-04-25 21:59:14.179 70872 INFO tempest.lib.common.rest_client [req-88d5549a-cacf-4659-9b26-c07745889655 req-88d5549a-cacf-4659-9b26-c07745889655 ] Request (AbsoluteLimitsTestJSON:tearDownClass): 201 POST http://10.180.1.21/identity/v3/auth/tokens 0.316s
2025-04-25 21:59:14.211 70834 INFO tempest.lib.common.rest_client [req-cfd45a95-e2c9-410d-b418-3c5c729ded5a req-cfd45a95-e2c9-410d-b418-3c5c729ded5a ] Request (ServersAdminTestJSON:setUpClass): 201 POST http://10.180.1.21/identity/v3/users 0.239s
2025-04-25 21:59:14.219 70822 INFO tempest.lib.common.rest_client [req-30b2bea5-e0e4-4a48-987f-c8a1421accfb req-30b2bea5-e0e4-4a48-987f-c8a1421accfb ] Request (InstanceUsageAuditLogNegativeTestJSON:tearDownClass): 204 DELETE http://10.180.1.21/identity/v3/users/35b56a1341504460aafd67f888f96bfe 0.354s
2025-04-25 21:59:14.219 70822 INFO tempest.lib.common.dynamic_creds [-] Deleting project and security group for project: aaaa0c679e2f4d59a80de234a02d6561
2025-04-25 21:59:14.283 70838 INFO tempest.lib.common.rest_client [req-e8120374-127b-4d77-a817-a028121a9714 req-e8120374-127b-4d77-a817-a028121a9714 ] Request (FloatingIPDetailsNegativeTestJSON:tearDownClass): 204 DELETE http://10.180.1.21:9696/networking/v2.0/security-groups/f580ed52-f9b2-4b1c-ac1c-37aca0592f7d 0.116s
2025-04-25 21:59:14.328 70854 INFO tempest.lib.common.rest_client [req-cbf9c15f-8273-42f7-ba24-bd862032b6df req-cbf9c15f-8273-42f7-ba24-bd862032b6df ] Request (HostsAdminNegativeTestJSON:test_list_hosts_with_non_admin_user): 403 GET http://10.180.1.21/compute/v2.1/os-hosts 2.058s
2025-04-25 21:59:14.379 70818 INFO tempest.lib.common.rest_client [req-ca5f8d90-89ba-4f84-b6be-b3763a980958 req-ca5f8d90-89ba-4f84-b6be-b3763a980958 ] Request (KeyPairsV210TestJSON:setUpClass): 201 POST http://10.180.1.21/identity/v3/auth/tokens 0.258s
2025-04-25 21:59:14.399 70834 INFO tempest.lib.common.rest_client [req-a877c79d-8eb8-44e4-8e1f-22d403ecaa85 req-a877c79d-8eb8-44e4-8e1f-22d403ecaa85 ] Request (ServersAdminTestJSON:setUpClass): 200 GET http://10.180.1.21/identity/v3/roles 0.188s
2025-04-25 21:59:14.420 70822 INFO tempest.lib.common.rest_client [req-0ec40bfd-6f30-49c9-b19e-1e03196e6f64 req-0ec40bfd-6f30-49c9-b19e-1e03196e6f64 ] Request (InstanceUsageAuditLogNegativeTestJSON:tearDownClass): 201 POST http://10.180.1.21/identity/v3/auth/tokens 0.200s
2025-04-25 21:59:14.448 70874 INFO tempest.lib.common.rest_client [req-44090325-e7c5-461d-ad43-41a49ce134b1 req-44090325-e7c5-461d-ad43-41a49ce134b1 ] Request (VolumesAssistedSnapshotsTest:setUpClass): 200 PUT http://10.180.1.21:9696/networking/v2.0/routers/0a7b5f4f-42c0-4d12-b200-c6a350417075/add_router_interface 1.702s
2025-04-25 21:59:14.448 70874 INFO tempest.lib.common.dynamic_creds [-] Created isolated network resources for: credentials: Credentials: {'domain_id': 'default', 'domain_name': 'Default', 'username': 'tempest-VolumesAssistedSnapshotsTest-634226784-project-admin', 'project_domain_id': 'default', 'project_domain_name': 'Default', 'project_id': '20a0365ff2574816a4cb16dd61b88d47', 'project_name': 'tempest-VolumesAssistedSnapshotsTest-634226784', 'tenant_id': '20a0365ff2574816a4cb16dd61b88d47', 'tenant_name': 'tempest-VolumesAssistedSnapshotsTest-634226784', 'user_domain_id': 'default', 'user_domain_name': 'Default', 'user_id': '719333e320384cff8df85a0b7c9d13dc', 'system': None}, Network: {'id': 'befd7e42-eaca-460c-9c1f-3ba45a6968bd', 'name': 'tempest-VolumesAssistedSnapshotsTest-631958731-network', 'tenant_id': '20a0365ff2574816a4cb16dd61b88d47', 'admin_state_up': True, 'mtu': 8950, 'status': 'ACTIVE', 'subnets': [], 'shared': False, 'project_id': '20a0365ff2574816a4cb16dd61b88d47', 'port_security_enabled': True, 'router:external': False, 'provider:network_type': 'vlan', 'provider:physical_network': 'default', 'provider:segmentation_id': 698, 'availability_zone_hints': [], 'availability_zones': [], 'ipv4_address_scope': None, 'ipv6_address_scope': None, 'description': '', 'tags': [], 'created_at': '2025-04-25T21:59:11Z', 'updated_at': '2025-04-25T21:59:11Z', 'revision_number': 1}, Subnet: {'id': '55fe8a4e-75dc-4405-b9cf-96257088051c', 'name': 'tempest-VolumesAssistedSnapshotsTest-631958731-subnet', 'tenant_id': '20a0365ff2574816a4cb16dd61b88d47', 'network_id': 'befd7e42-eaca-460c-9c1f-3ba45a6968bd', 'ip_version': 4, 'subnetpool_id': None, 'enable_dhcp': True, 'ipv6_ra_mode': None, 'ipv6_address_mode': None, 'gateway_ip': '192.168.128.1', 'cidr': '192.168.128.0/28', 'allocation_pools': [{'start': '192.168.128.2', 'end': '192.168.128.14'}], 'host_routes': [], 'dns_nameservers': [], 'description': '', 'router:external': False, 'service_types': [], 'tags': [], 'created_at': '2025-04-25T21:59:11Z', 'updated_at': '2025-04-25T21:59:11Z', 'revision_number': 0, 'project_id': '20a0365ff2574816a4cb16dd61b88d47'}, Router: {'id': '0a7b5f4f-42c0-4d12-b200-c6a350417075', 'name': 'tempest-VolumesAssistedSnapshotsTest-631958731-router', 'tenant_id': '20a0365ff2574816a4cb16dd61b88d47', 'admin_state_up': True, 'status': 'ACTIVE', 'external_gateway_info': {'network_id': '081df298-4faa-4e53-8fa4-2887a4a5a740', 'external_fixed_ips': [{'subnet_id': '76f5b5e1-70f1-4390-bfd3-d4dc7e10a653', 'ip_address': '10.180.180.137'}], 'enable_snat': True}, 'description': '', 'availability_zones': [], 'distributed': False, 'ha': False, 'availability_zone_hints': [], 'routes': [], 'flavor_id': None, 'tags': [], 'created_at': '2025-04-25T21:59:11Z', 'updated_at': '2025-04-25T21:59:12Z', 'revision_number': 2, 'project_id': '20a0365ff2574816a4cb16dd61b88d47'}
2025-04-25 21:59:14.453 70838 INFO tempest.lib.common.rest_client [req-2409b3ba-0579-44ed-b55c-8b18e5397580 req-2409b3ba-0579-44ed-b55c-8b18e5397580 ] Request (FloatingIPDetailsNegativeTestJSON:tearDownClass): 204 DELETE http://10.180.1.21/identity/v3/projects/234578f04b4c4078b6c501950a6b96bf 0.169s
2025-04-25 21:59:14.504 70818 INFO tempest.lib.common.rest_client [req-ab256d6e-8096-4b90-84e8-ee077e57d90b req-ab256d6e-8096-4b90-84e8-ee077e57d90b ] Request (KeyPairsV210TestJSON:setUpClass): 201 POST http://10.180.1.21/identity/v3/auth/tokens 0.122s
2025-04-25 21:59:14.535 70834 INFO tempest.lib.common.rest_client [req-f14e0f22-f73f-4292-8d64-138a08b302af req-f14e0f22-f73f-4292-8d64-138a08b302af ] Request (ServersAdminTestJSON:setUpClass): 204 PUT http://10.180.1.21/identity/v3/projects/31bf6c7c438a4479a0d263f1f3c368e7/users/d1ffcca862024bc38e2bebc090a90e99/roles/bfed2266e5254e6fa20804602d8e6304 0.135s
2025-04-25 21:59:14.535 70834 INFO tempest.lib.common.dynamic_creds [-] Dynamic test user d1ffcca862024bc38e2bebc090a90e99 is created with scope project and roles: ['member']
2025-04-25 21:59:14.535 70834 INFO tempest.lib.common.dynamic_creds [-] Acquired dynamic creds: credentials: Credentials: {'domain_id': 'default', 'domain_name': 'Default', 'username': 'tempest-ServersAdminTestJSON-977952658-project-member', 'project_domain_id': 'default', 'project_domain_name': 'Default', 'project_id': '31bf6c7c438a4479a0d263f1f3c368e7', 'project_name': 'tempest-ServersAdminTestJSON-977952658', 'tenant_id': '31bf6c7c438a4479a0d263f1f3c368e7', 'tenant_name': 'tempest-ServersAdminTestJSON-977952658', 'user_domain_id': 'default', 'user_domain_name': 'Default', 'user_id': 'd1ffcca862024bc38e2bebc090a90e99', 'system': None}, Network: None, Subnet: None, Router: None
2025-04-25 21:59:14.583 70870 INFO tempest.lib.common.rest_client [req-944d357f-26f2-4730-9cad-fac7ce5eb466 req-944d357f-26f2-4730-9cad-fac7ce5eb466 ] Request (QuotasAdminTestV236:test_get_updated_quotas): 200 PUT http://10.180.1.21/compute/v2.1/os-quota-sets/f39318fc25c64cd0b3728de605577d39 2.751s
2025-04-25 21:59:14.675 70874 INFO tempest.lib.common.rest_client [req-45bbe78c-9b12-49c7-bc0f-c81789901a1e req-45bbe78c-9b12-49c7-bc0f-c81789901a1e ] Request (VolumesAssistedSnapshotsTest:setUpClass): 201 POST http://10.180.1.21/identity/v3/auth/tokens 0.225s
2025-04-25 21:59:14.682 70848 INFO tempest.lib.common.rest_client [req-d9644786-b914-4c00-8a6c-054f20686070 req-d9644786-b914-4c00-8a6c-054f20686070 ] Request (FlavorsV2NegativeTest:test_boot_with_low_ram): 400 POST http://10.180.1.21/compute/v2.1/servers 2.366s
2025-04-25 21:59:14.692 70838 INFO tempest.lib.common.rest_client [req-dc5fc54d-34bd-4f2e-ab62-381badb90b87 req-dc5fc54d-34bd-4f2e-ab62-381badb90b87 ] Request (AttachInterfacesUnderV243Test:setUpClass): 201 POST http://10.180.1.21/identity/v3/auth/tokens 0.237s
2025-04-25 21:59:14.707 70837 INFO tempest.lib.common.rest_client [req-7e381e71-cd07-412f-b7bb-8ac0ec87cf2e req-7e381e71-cd07-412f-b7bb-8ac0ec87cf2e ] Request (AZAdminV2TestJSON:test_get_availability_zone_list_detail): 200 GET http://10.180.1.21/compute/v2.1/os-availability-zone/detail 2.255s
2025-04-25 21:59:14.715 70818 INFO tempest.lib.common.rest_client [req-d4e66d22-82f0-4544-a016-0032f4d4f850 req-d4e66d22-82f0-4544-a016-0032f4d4f850 ] Request (KeyPairsV210TestJSON:setUpClass): 200 GET http://10.180.1.21/identity/v3/domains?name=Default 0.210s
2025-04-25 21:59:14.731 70834 INFO tempest.lib.common.rest_client [req-562e7589-49fd-4e14-98e2-daacb179f770 req-562e7589-49fd-4e14-98e2-daacb179f770 ] Request (ServersAdminTestJSON:setUpClass): 201 POST http://10.180.1.21/identity/v3/auth/tokens 0.195s
2025-04-25 21:59:14.743 70828 INFO tempest.lib.common.rest_client [req-f0072213-e392-4c09-933c-afa0852e2478 req-f0072213-e392-4c09-933c-afa0852e2478 ] Request (HypervisorAdminV253TestBase:test_list_show_detail_hypervisors): 200 GET http://10.180.1.21/compute/v2.1/os-hypervisors/48bfe9ed-146c-49b4-8de4-4dd090665f4c 2.264s
2025-04-25 21:59:14.786 70838 INFO tempest.lib.common.rest_client [req-c285be51-e647-45b0-aa48-19114e8c2d5a req-c285be51-e647-45b0-aa48-19114e8c2d5a ] Request (AttachInterfacesUnderV243Test:setUpClass): 201 POST http://10.180.1.21/identity/v3/auth/tokens 0.091s
2025-04-25 21:59:14.786 70872 INFO tempest.lib.common.rest_client [req-c3650fac-605e-47d1-bce9-37cde72efdcb req-c3650fac-605e-47d1-bce9-37cde72efdcb ] Request (AbsoluteLimitsTestJSON:tearDownClass): 200 GET http://10.180.1.21:9696/networking/v2.0/security-groups?tenant_id=5e57e2614f25429e95ca83ca2ecab24b&name=default 0.607s
2025-04-25 21:59:14.795 70868 INFO tempest.lib.common.rest_client [req-69dd360a-09b8-4433-98cf-7a1fa04fcb55 req-69dd360a-09b8-4433-98cf-7a1fa04fcb55 ] Request (KeyPairsV2TestJSON:test_keypair_create_with_pub_key): 200 POST http://10.180.1.21/compute/v2.1/os-keypairs 2.301s
2025-04-25 21:59:14.797 70874 INFO tempest.lib.common.rest_client [req-ec5829df-7754-4fcb-a955-b86d78b54be0 req-ec5829df-7754-4fcb-a955-b86d78b54be0 ] Request (VolumesAssistedSnapshotsTest:setUpClass): 201 POST http://10.180.1.21/identity/v3/projects 0.119s
2025-04-25 21:59:14.804 70848 INFO tempest.lib.common.rest_client [req-96556271-70b6-44cf-ad8e-f59010c0e58c req-96556271-70b6-44cf-ad8e-f59010c0e58c ] Request (FlavorsV2NegativeTest:_run_cleanups): 204 DELETE http://10.180.1.21/image/v2/images/d3f02d28-6b6b-47d9-9c9e-ef03de4fb42c 0.122s
2025-04-25 21:59:14.825 70818 INFO tempest.lib.common.rest_client [req-a7a00faf-a88b-40b0-bf25-3d41a9b153c9 req-a7a00faf-a88b-40b0-bf25-3d41a9b153c9 ] Request (KeyPairsV210TestJSON:setUpClass): 201 POST http://10.180.1.21/identity/v3/projects 0.108s
2025-04-25 21:59:14.838 70842 INFO tempest.lib.common.rest_client [req-2ecdfa5b-6896-498f-a2b4-93e3d5a0e5a6 req-2ecdfa5b-6896-498f-a2b4-93e3d5a0e5a6 ] Request (AggregatesAdminNegativeTestJSON:test_aggregate_add_existent_host): 200 POST http://10.180.1.21/compute/v2.1/os-aggregates 2.314s
2025-04-25 21:59:14.866 70876 INFO tempest.lib.common.rest_client [req-2f1e596f-d017-4f75-9931-62050ccabe37 req-2f1e596f-d017-4f75-9931-62050ccabe37 ] Request (SecurityGroupsTestAdminJSON:test_list_security_groups_list_all_tenants_filter): 200 POST http://10.180.1.21/compute/v2.1/os-security-groups 2.431s
2025-04-25 21:59:14.929 70822 INFO tempest.lib.common.rest_client [req-4744cdde-5c5b-4ba2-a22c-60ba64d3d42a req-4744cdde-5c5b-4ba2-a22c-60ba64d3d42a ] Request (InstanceUsageAuditLogNegativeTestJSON:tearDownClass): 200 GET http://10.180.1.21:9696/networking/v2.0/security-groups?tenant_id=aaaa0c679e2f4d59a80de234a02d6561&name=default 0.509s
2025-04-25 21:59:14.931 70840 INFO tempest.lib.common.rest_client [req-962194fd-7aed-4e44-ab6f-e9d6c8e84970 req-962194fd-7aed-4e44-ab6f-e9d6c8e84970 ] Request (HypervisorAdminUnderV252Test:test_get_hypervisor_show_servers): 200 GET http://10.180.1.21/compute/v2.1/os-hypervisors/domain-c8.fc996f14-c53b-4953-92e3-bdfa48f5cc28/servers 2.260s
2025-04-25 21:59:14.954 70850 INFO tempest.lib.common.rest_client [req-d8606f84-0a0a-46df-8535-db64f26889e4 req-d8606f84-0a0a-46df-8535-db64f26889e4 ] Request (ServicesAdminNegativeTestJSON:test_get_service_by_invalid_params): 200 GET http://10.180.1.21/compute/v2.1/os-services?xxx=nova-compute 2.252s
2025-04-25 21:59:14.992 70814 INFO tempest.lib.common.rest_client [req-dfa9568e-9775-4d4e-9449-5648f47593c5 req-dfa9568e-9775-4d4e-9449-5648f47593c5 ] Request (FlavorsV255TestJSON:test_crud_flavor): 200 PUT http://10.180.1.21/compute/v2.1/flavors/1102326204 2.240s
2025-04-25 21:59:15.000 70832 INFO tempest.lib.common.rest_client [req-e77281ea-894c-4765-b7bd-4e19fb58ca7e req-e77281ea-894c-4765-b7bd-4e19fb58ca7e ] Request (FlavorsExtraSpecsNegativeTestJSON:test_flavor_non_admin_set_keys): 403 POST http://10.180.1.21/compute/v2.1/flavors/1320252349/os-extra_specs 1.991s
2025-04-25 21:59:15.008 70828 INFO tempest.lib.common.rest_client [req-2086149a-434f-4eb9-9294-78b204a12e67 req-2086149a-434f-4eb9-9294-78b204a12e67 ] Request (HypervisorAdminV253TestBase:tearDownClass): 204 DELETE http://10.180.1.21/identity/v3/users/62e403e8c91040eb91ab4d6e25939465 0.245s
2025-04-25 21:59:15.011 70837 INFO tempest.lib.common.rest_client [req-df843e42-c55c-4259-8571-62c709c5655c req-df843e42-c55c-4259-8571-62c709c5655c ] Request (AZAdminV2TestJSON:tearDownClass): 204 DELETE http://10.180.1.21/identity/v3/users/25164c7dea07416f85497a8a715cd596 0.294s
2025-04-25 21:59:15.046 70872 INFO tempest.lib.common.rest_client [req-90b75a03-5c37-40e6-9b44-da0da4fc1d32 req-90b75a03-5c37-40e6-9b44-da0da4fc1d32 ] Request (AbsoluteLimitsTestJSON:tearDownClass): 204 DELETE http://10.180.1.21:9696/networking/v2.0/security-groups/58952a7e-40ab-4ff4-acde-d8a9c27c3240 0.259s
2025-04-25 21:59:15.067 70864 INFO tempest.lib.common.rest_client [req-af2da509-ec8b-421e-8fab-05270fb3cb76 req-af2da509-ec8b-421e-8fab-05270fb3cb76 ] Request (ImagesOneServerTestJSON:setUpClass): 201 POST http://10.180.1.21:9696/networking/v2.0/networks 1.028s
2025-04-25 21:59:15.086 70874 INFO tempest.lib.common.rest_client [req-270183c8-be82-4d6a-90d9-f66b0e5804ee req-270183c8-be82-4d6a-90d9-f66b0e5804ee ] Request (VolumesAssistedSnapshotsTest:setUpClass): 201 POST http://10.180.1.21/identity/v3/users 0.288s
2025-04-25 21:59:15.088 70838 INFO tempest.lib.common.rest_client [req-f3880d6a-d739-4e22-ade2-c56e04b02c17 req-f3880d6a-d739-4e22-ade2-c56e04b02c17 ] Request (AttachInterfacesUnderV243Test:setUpClass): 200 GET http://10.180.1.21/identity/v3/domains?name=Default 0.302s
2025-04-25 21:59:15.121 70818 INFO tempest.lib.common.rest_client [req-76cc4b38-530a-4580-9012-8156081ad985 req-76cc4b38-530a-4580-9012-8156081ad985 ] Request (KeyPairsV210TestJSON:setUpClass): 201 POST http://10.180.1.21/identity/v3/users 0.296s
2025-04-25 21:59:15.151 70848 INFO tempest.lib.common.rest_client [req-c745fe5f-9556-4b23-9a63-e7481fdbf59f req-c745fe5f-9556-4b23-9a63-e7481fdbf59f ] Request (FlavorsV2NegativeTest:tearDownClass): 204 DELETE http://10.180.1.21/identity/v3/users/5de90b87dfca49b5b2e7e6d2d20ba83b 0.339s
2025-04-25 21:59:15.151 70848 INFO tempest.lib.common.dynamic_creds [-] Deleting project and security group for project: 406607829e9c4537a1a0bb5f97208673
2025-04-25 21:59:15.173 70824 INFO tempest.lib.common.rest_client [req-b2fa9333-1200-47a6-a835-ed37a99f6808 req-b2fa9333-1200-47a6-a835-ed37a99f6808 ] Request (ServerDiagnosticsTest:test_get_server_diagnostics): 200 GET http://10.180.1.21/compute/v2.1/servers/f80bb6df-8309-43df-ac16-fb628b4ae266 1.874s
2025-04-25 21:59:15.209 70820 INFO tempest.lib.common.rest_client [req-77e8b39b-56fa-469f-aafa-a60d9707e7b7 req-77e8b39b-56fa-469f-aafa-a60d9707e7b7 ] Request (HypervisorAdminTestJSON:test_get_hypervisor_show_details): 200 GET http://10.180.1.21/compute/v2.1/os-hypervisors 1.883s
2025-04-25 21:59:15.275 70858 INFO tempest.lib.common.rest_client [req-9ddfc8c3-592b-4ee4-9a40-e21b122af731 req-9ddfc8c3-592b-4ee4-9a40-e21b122af731 ] Request (ServersAdminNegativeTestJSON:setUpClass): 200 GET http://10.180.1.21/compute/v2.1/servers/9010112d-e255-4da9-b10c-fa134575c977 1.822s
2025-04-25 21:59:15.303 70844 INFO tempest.lib.common.rest_client [req-8b126f1c-92cb-4970-9131-cb2628e1515a req-8b126f1c-92cb-4970-9131-cb2628e1515a ] Request (FlavorsV261TestJSON:test_crud_flavor): 200 GET http://10.180.1.21/compute/v2.1/flavors/808456456 2.687s
2025-04-25 21:59:15.309 70828 INFO tempest.lib.common.rest_client [req-58ddcd01-cdf4-4fdb-88dd-6547421a523d req-58ddcd01-cdf4-4fdb-88dd-6547421a523d ] Request (HypervisorAdminV253TestBase:tearDownClass): 204 DELETE http://10.180.1.21/identity/v3/users/79a2daa103334568b1acc8453e4d3eb8 0.300s
2025-04-25 21:59:15.310 70828 INFO tempest.lib.common.dynamic_creds [-] Deleting project and security group for project: 0c81fcdf4db149e0b2a98da4f5b81ca2
2025-04-25 21:59:15.326 70822 INFO tempest.lib.common.rest_client [req-eac60596-0f42-466f-8a9c-fd97967cf54a req-eac60596-0f42-466f-8a9c-fd97967cf54a ] Request (InstanceUsageAuditLogNegativeTestJSON:tearDownClass): 204 DELETE http://10.180.1.21:9696/networking/v2.0/security-groups/01ba646f-c355-43a9-b25c-31b72658d0f9 0.396s
2025-04-25 21:59:15.330 70860 INFO tempest.lib.common.rest_client [req-c53122bc-02ad-4ddc-889b-2ffdffecb3a9 req-c53122bc-02ad-4ddc-889b-2ffdffecb3a9 ] Request (FlavorsAdminTestJSON:_run_cleanups): 200 GET http://10.180.1.21/compute/v2.1/flavors/detail 1.660s
2025-04-25 21:59:15.334 70816 INFO tempest.lib.common.rest_client [req-aba758ea-b92f-4682-956a-f758a2405d03 req-aba758ea-b92f-4682-956a-f758a2405d03 ] Request (HypervisorAdminNegativeTestJSON:test_get_hypervisor_stats_with_non_admin_user): 403 GET http://10.180.1.21/compute/v2.1/os-hypervisors/statistics 1.650s
2025-04-25 21:59:15.374 70837 INFO tempest.lib.common.rest_client [req-ca0522c1-9620-425a-bb5e-d152c4fa7cc8 req-ca0522c1-9620-425a-bb5e-d152c4fa7cc8 ] Request (AZAdminV2TestJSON:tearDownClass): 204 DELETE http://10.180.1.21/identity/v3/users/ed084a2a46434c5da97b38a10d4c7fbb 0.362s
2025-04-25 21:59:15.374 70837 INFO tempest.lib.common.dynamic_creds [-] Deleting project and security group for project: 6ff801dd6a58437096fc95d743b31310
2025-04-25 21:59:15.387 70834 INFO tempest.lib.common.rest_client [req-56fc11eb-3d94-4bf2-beb6-c36c7ed89789 req-56fc11eb-3d94-4bf2-beb6-c36c7ed89789 ] Request (ServersAdminTestJSON:setUpClass): 201 POST http://10.180.1.21:9696/networking/v2.0/networks 0.655s
2025-04-25 21:59:15.425 70874 INFO tempest.lib.common.rest_client [req-423d20af-6ef5-4208-9d39-12259fd74066 req-423d20af-6ef5-4208-9d39-12259fd74066 ] Request (VolumesAssistedSnapshotsTest:setUpClass): 200 GET http://10.180.1.21/identity/v3/roles 0.338s
2025-04-25 21:59:15.442 70864 INFO tempest.lib.common.rest_client [req-c1821070-3e9d-403a-b7c9-16dfd4772392 req-c1821070-3e9d-403a-b7c9-16dfd4772392 ] Request (ImagesOneServerTestJSON:setUpClass): 201 POST http://10.180.1.21:9696/networking/v2.0/subnets 0.375s
2025-04-25 21:59:15.466 70872 INFO tempest.lib.common.rest_client [req-99556004-06be-489c-a9cc-a58f55891dbf req-99556004-06be-489c-a9cc-a58f55891dbf ] Request (AbsoluteLimitsTestJSON:tearDownClass): 204 DELETE http://10.180.1.21/identity/v3/projects/5e57e2614f25429e95ca83ca2ecab24b 0.419s
2025-04-25 21:59:15.485 70838 INFO tempest.lib.common.rest_client [req-a58cd7dc-0b21-4a09-b05c-990d289637d1 req-a58cd7dc-0b21-4a09-b05c-990d289637d1 ] Request (AttachInterfacesUnderV243Test:setUpClass): 201 POST http://10.180.1.21/identity/v3/projects 0.396s
2025-04-25 21:59:15.490 70818 INFO tempest.lib.common.rest_client [req-21c0587a-16a5-4d6e-bec5-881bb1cbf746 req-21c0587a-16a5-4d6e-bec5-881bb1cbf746 ] Request (KeyPairsV210TestJSON:setUpClass): 200 GET http://10.180.1.21/identity/v3/roles 0.367s
2025-04-25 21:59:15.515 70846 INFO tempest.lib.common.rest_client [req-7c2839f4-4221-4412-b4fe-be0e61a7efc8 req-7c2839f4-4221-4412-b4fe-be0e61a7efc8 ] Request (ServersWithSpecificFlavorTestJSON:setUpClass): 200 PUT http://10.180.1.21:9696/networking/v2.0/routers/eec79da8-6cea-4260-b70c-067e03af5537/add_router_interface 1.988s
2025-04-25 21:59:15.515 70846 INFO tempest.lib.common.dynamic_creds [-] Created isolated network resources for: credentials: Credentials: {'domain_id': 'default', 'domain_name': 'Default', 'username': 'tempest-ServersWithSpecificFlavorTestJSON-262542189-project-admin', 'project_domain_id': 'default', 'project_domain_name': 'Default', 'project_id': '6eaf589995674bd7bcb7dac5537053d6', 'project_name': 'tempest-ServersWithSpecificFlavorTestJSON-262542189', 'tenant_id': '6eaf589995674bd7bcb7dac5537053d6', 'tenant_name': 'tempest-ServersWithSpecificFlavorTestJSON-262542189', 'user_domain_id': 'default', 'user_domain_name': 'Default', 'user_id': 'aa6cc33ebdcc4f0992c750899b27b5f6', 'system': None}, Network: {'id': 'e38c8ac3-911f-4e5f-8360-8524daef1647', 'name': 'tempest-ServersWithSpecificFlavorTestJSON-397857368-network', 'tenant_id': '6eaf589995674bd7bcb7dac5537053d6', 'admin_state_up': True, 'mtu': 8950, 'status': 'ACTIVE', 'subnets': [], 'shared': False, 'project_id': '6eaf589995674bd7bcb7dac5537053d6', 'port_security_enabled': True, 'router:external': False, 'provider:network_type': 'vlan', 'provider:physical_network': 'default', 'provider:segmentation_id': 192, 'availability_zone_hints': [], 'availability_zones': [], 'ipv4_address_scope': None, 'ipv6_address_scope': None, 'description': '', 'tags': [], 'created_at': '2025-04-25T21:59:11Z', 'updated_at': '2025-04-25T21:59:11Z', 'revision_number': 1}, Subnet: {'id': 'be858ec9-14fe-452e-8cd1-b16595e0127b', 'name': 'tempest-ServersWithSpecificFlavorTestJSON-397857368-subnet', 'tenant_id': '6eaf589995674bd7bcb7dac5537053d6', 'network_id': 'e38c8ac3-911f-4e5f-8360-8524daef1647', 'ip_version': 4, 'subnetpool_id': None, 'enable_dhcp': True, 'ipv6_ra_mode': None, 'ipv6_address_mode': None, 'gateway_ip': '192.168.128.1', 'cidr': '192.168.128.0/28', 'allocation_pools': [{'start': '192.168.128.2', 'end': '192.168.128.14'}], 'host_routes': [], 'dns_nameservers': [], 'description': '', 'router:external': False, 'service_types': [], 'tags': [], 'created_at': '2025-04-25T21:59:11Z', 'updated_at': '2025-04-25T21:59:11Z', 'revision_number': 0, 'project_id': '6eaf589995674bd7bcb7dac5537053d6'}, Router: {'id': 'eec79da8-6cea-4260-b70c-067e03af5537', 'name': 'tempest-ServersWithSpecificFlavorTestJSON-397857368-router', 'tenant_id': '6eaf589995674bd7bcb7dac5537053d6', 'admin_state_up': True, 'status': 'ACTIVE', 'external_gateway_info': {'network_id': '081df298-4faa-4e53-8fa4-2887a4a5a740', 'external_fixed_ips': [{'subnet_id': '76f5b5e1-70f1-4390-bfd3-d4dc7e10a653', 'ip_address': '10.180.180.165'}], 'enable_snat': True}, 'description': '', 'availability_zones': [], 'distributed': False, 'ha': False, 'availability_zone_hints': [], 'routes': [], 'flavor_id': None, 'tags': [], 'created_at': '2025-04-25T21:59:12Z', 'updated_at': '2025-04-25T21:59:12Z', 'revision_number': 2, 'project_id': '6eaf589995674bd7bcb7dac5537053d6'}
2025-04-25 21:59:15.550 70828 INFO tempest.lib.common.rest_client [req-c713f79c-e4a2-4442-a21d-99db1d34901d req-c713f79c-e4a2-4442-a21d-99db1d34901d ] Request (HypervisorAdminV253TestBase:tearDownClass): 201 POST http://10.180.1.21/identity/v3/auth/tokens 0.240s
2025-04-25 21:59:15.550 70848 INFO tempest.lib.common.rest_client [req-8091c54a-5501-4349-bb1f-42eae0e533c5 req-8091c54a-5501-4349-bb1f-42eae0e533c5 ] Request (FlavorsV2NegativeTest:tearDownClass): 201 POST http://10.180.1.21/identity/v3/auth/tokens 0.399s
2025-04-25 21:59:15.586 70834 INFO tempest.lib.common.rest_client [req-e65f39cf-aba2-493b-bc09-8c8c73731e26 req-e65f39cf-aba2-493b-bc09-8c8c73731e26 ] Request (ServersAdminTestJSON:setUpClass): 201 POST http://10.180.1.21:9696/networking/v2.0/subnets 0.198s
2025-04-25 21:59:15.610 70822 INFO tempest.lib.common.rest_client [req-34b89347-dd15-4565-b5b1-ca808e382a46 req-34b89347-dd15-4565-b5b1-ca808e382a46 ] Request (InstanceUsageAuditLogNegativeTestJSON:tearDownClass): 204 DELETE http://10.180.1.21/identity/v3/projects/aaaa0c679e2f4d59a80de234a02d6561 0.284s
2025-04-25 21:59:15.611 70822 INFO tempest.lib.common.dynamic_creds [-] Deleting project and security group for project: a85b5a20c3514ae6a94bee35e3fc15b1
2025-04-25 21:59:15.662 70837 INFO tempest.lib.common.rest_client [req-c6e2090b-748d-4910-908a-74aa3e77bf50 req-c6e2090b-748d-4910-908a-74aa3e77bf50 ] Request (AZAdminV2TestJSON:tearDownClass): 201 POST http://10.180.1.21/identity/v3/auth/tokens 0.288s
2025-04-25 21:59:15.692 70872 INFO tempest.lib.common.rest_client [req-86f69683-139b-40ef-be51-d917ad39bc9d req-86f69683-139b-40ef-be51-d917ad39bc9d ] Request (AbsoluteLimitsNegativeTestJSON:setUpClass): 201 POST http://10.180.1.21/identity/v3/auth/tokens 0.224s
2025-04-25 21:59:15.700 70874 INFO tempest.lib.common.rest_client [req-1b140e18-70a3-41d3-b629-9b45d718e3cb req-1b140e18-70a3-41d3-b629-9b45d718e3cb ] Request (VolumesAssistedSnapshotsTest:setUpClass): 204 PUT http://10.180.1.21/identity/v3/projects/47a760d34f89452e9b1ff5062e19a43a/users/dbfb2dfe4dad4eb3b5e4a382d7c3f157/roles/d043bf7351424a23ae74f88136d5fb1a 0.275s
2025-04-25 21:59:15.707 70856 INFO tempest.lib.common.rest_client [req-6dd83277-61aa-473c-9f57-9c8ea1b7e7d3 req-6dd83277-61aa-473c-9f57-9c8ea1b7e7d3 ] Request (FlavorsAccessTestJSON:test_flavor_access_add_remove): 200 GET http://10.180.1.21/compute/v2.1/flavors/detail 2.020s
2025-04-25 21:59:15.773 70838 INFO tempest.lib.common.rest_client [req-4129891b-46e7-4473-9e46-6471c50810d0 req-4129891b-46e7-4473-9e46-6471c50810d0 ] Request (AttachInterfacesUnderV243Test:setUpClass): 201 POST http://10.180.1.21/identity/v3/users 0.288s
2025-04-25 21:59:15.779 70818 INFO tempest.lib.common.rest_client [req-18f4df26-ccd6-4bf9-9077-177586294171 req-18f4df26-ccd6-4bf9-9077-177586294171 ] Request (KeyPairsV210TestJSON:setUpClass): 204 PUT http://10.180.1.21/identity/v3/projects/73aa295b4ba94591aefcf964c04b27ad/users/ee90fce5423f4e68945c60108ba5d1ad/roles/bfed2266e5254e6fa20804602d8e6304 0.289s
2025-04-25 21:59:15.779 70818 INFO tempest.lib.common.dynamic_creds [-] Dynamic test user ee90fce5423f4e68945c60108ba5d1ad is created with scope project and roles: ['member']
2025-04-25 21:59:15.780 70818 INFO tempest.lib.common.dynamic_creds [-] Acquired dynamic creds: credentials: Credentials: {'domain_id': 'default', 'domain_name': 'Default', 'username': 'tempest-KeyPairsV210TestJSON-1656941752-project-member', 'project_domain_id': 'default', 'project_domain_name': 'Default', 'project_id': '73aa295b4ba94591aefcf964c04b27ad', 'project_name': 'tempest-KeyPairsV210TestJSON-1656941752', 'tenant_id': '73aa295b4ba94591aefcf964c04b27ad', 'tenant_name': 'tempest-KeyPairsV210TestJSON-1656941752', 'user_domain_id': 'default', 'user_domain_name': 'Default', 'user_id': 'ee90fce5423f4e68945c60108ba5d1ad', 'system': None}, Network: None, Subnet: None, Router: None
2025-04-25 21:59:15.780 70818 INFO tempest.lib.common.dynamic_creds [-] Created isolated network resources for: credentials: Credentials: {'domain_id': 'default', 'domain_name': 'Default', 'username': 'tempest-KeyPairsV210TestJSON-1656941752-project-member', 'project_domain_id': 'default', 'project_domain_name': 'Default', 'project_id': '73aa295b4ba94591aefcf964c04b27ad', 'project_name': 'tempest-KeyPairsV210TestJSON-1656941752', 'tenant_id': '73aa295b4ba94591aefcf964c04b27ad', 'tenant_name': 'tempest-KeyPairsV210TestJSON-1656941752', 'user_domain_id': 'default', 'user_domain_name': 'Default', 'user_id': 'ee90fce5423f4e68945c60108ba5d1ad', 'system': None}, Network: None, Subnet: None, Router: None
2025-04-25 21:59:15.800 70822 INFO tempest.lib.common.rest_client [req-8bc51396-f256-45d8-ba1d-6012b6fc09a5 req-8bc51396-f256-45d8-ba1d-6012b6fc09a5 ] Request (InstanceUsageAuditLogNegativeTestJSON:tearDownClass): 200 GET http://10.180.1.21:9696/networking/v2.0/security-groups?tenant_id=a85b5a20c3514ae6a94bee35e3fc15b1&name=default 0.189s
2025-04-25 21:59:15.851 70846 INFO tempest.lib.common.rest_client [req-51641f36-f39f-4d0d-87d1-f70bd7bd96fc req-51641f36-f39f-4d0d-87d1-f70bd7bd96fc ] Request (ServersWithSpecificFlavorTestJSON:setUpClass): 201 POST http://10.180.1.21/identity/v3/auth/tokens 0.333s
