2025-04-25 22:01:15.014 70866 INFO tempest.lib.common.rest_client [req-c7c52d68-99be-4a18-a316-1278a4e79945 req-c7c52d68-99be-4a18-a316-1278a4e79945 ] Request (ServerActionsV293TestJSON:setUpClass): 200 GET http://10.180.1.21/compute/v2.1/servers/99ffaf1a-9c04-4dc3-8b3a-a75b100f1b2f 0.263s
2025-04-25 22:01:15.053 70856 INFO tempest.lib.common.rest_client [req-422690cc-4445-49d1-85e5-c224f136af2c req-422690cc-4445-49d1-85e5-c224f136af2c ] Request (ImagesNegativeTestJSON:test_create_image_from_deleted_server): 200 GET http://10.180.1.21/compute/v2.1/servers/ff46f4a8-4e2e-4ccf-87ba-b3f20ce8efa0 0.297s
2025-04-25 22:01:15.080 70850 INFO tempest.lib.common.rest_client [req-4c31ac3b-54c2-4d8a-82ed-9de0c925d8fe req-4c31ac3b-54c2-4d8a-82ed-9de0c925d8fe ] Request (ServersNegativeTestMultiTenantJSON:setUpClass): 201 POST http://10.180.1.21:9696/networking/v2.0/routers 1.286s
2025-04-25 22:01:15.086 70822 INFO tempest.lib.common.rest_client [req-47a9b8be-9b66-4f56-a5a8-a918887bbc71 req-47a9b8be-9b66-4f56-a5a8-a918887bbc71 ] Request (InstanceActionsV221TestJSON:test_get_list_deleted_instance_actions): 200 GET http://10.180.1.21/compute/v2.1/servers/8d6e650f-3557-4ee7-b711-df7b27dbfcf5 0.280s
2025-04-25 22:01:15.112 70824 INFO tempest.lib.common.rest_client [req-5928bf89-17cf-4f90-9d48-edb342860031 req-5928bf89-17cf-4f90-9d48-edb342860031 ] Request (ServersTestJSON:test_create_server_specify_multibyte_character_name): 200 GET http://10.180.1.21/compute/v2.1/servers/bab958b5-eb15-42d5-a24b-dcb23999a301 0.306s
2025-04-25 22:01:15.173 70816 INFO tempest.lib.common.rest_client [req-c37da3f9-e71a-47cc-8557-2d5239997782 req-c37da3f9-e71a-47cc-8557-2d5239997782 ] Request (ServersTestJSON:setUpClass): 200 GET http://10.180.1.21/compute/v2.1/servers/d386c231-c43e-4a9f-a873-d71a5885696a 0.227s
2025-04-25 22:01:15.245 70814 INFO tempest.lib.common.rest_client [req-d70d839a-59f2-4b31-9957-eef6f5350311 req-d70d839a-59f2-4b31-9957-eef6f5350311 ] Request (ListServersNegativeTestJSON:setUpClass): 200 GET http://10.180.1.21/compute/v2.1/servers/ebfcca2a-2f76-4616-b550-27d0ec6189c9 0.226s
2025-04-25 22:01:15.264 70828 INFO tempest.lib.common.rest_client [req-63740487-dfc0-4cfc-a0e8-d00f842a52ab req-63740487-dfc0-4cfc-a0e8-d00f842a52ab ] Request (ListServerFiltersTestJSON:test_list_servers_filtered_by_ip_regex): 200 GET http://10.180.1.21/compute/v2.1/servers/a254f5a7-843c-4cb2-aad7-33a93d91c079 0.272s
2025-04-25 22:01:15.307 70846 WARNING tempest.lib.common.ssh [-] Failed to establish authenticated ssh connection to cirros@10.180.180.232 ([Errno None] Unable to connect to port 22 on 10.180.180.232). Number attempts: 9. Retry after 10 seconds.: paramiko.ssh_exception.NoValidConnectionsError: [Errno None] Unable to connect to port 22 on 10.180.180.232
2025-04-25 22:01:15.323 70860 INFO tempest.lib.common.rest_client [req-327319e1-53e8-48b4-af9e-e910618af5e7 req-327319e1-53e8-48b4-af9e-e910618af5e7 ] Request (FloatingIPsAssociationTestJSON:setUpClass): 200 GET http://10.180.1.21/compute/v2.1/servers/ee25feee-3f5e-4bc7-977a-416fb75fb51e 0.162s
2025-04-25 22:01:15.329 70842 INFO tempest.lib.common.rest_client [req-4f139aa4-45db-45ab-a970-84285a621b86 req-4f139aa4-45db-45ab-a970-84285a621b86 ] Request (ServersListShow296Test:test_list_show_update_rebuild_server_296): 200 GET http://10.180.1.21/compute/v2.1/servers/feb8cc6c-15d7-408b-909f-f8810d6df59f 0.307s
2025-04-25 22:01:15.393 70832 INFO tempest.lib.common.rest_client [req-5c04d9b8-2af0-4877-8cfd-66a55a1f891a req-5c04d9b8-2af0-4877-8cfd-66a55a1f891a ] Request (ServerDiagnosticsV248Test:tearDownClass): 200 GET http://10.180.1.21/compute/v2.1/servers/84742990-e625-4838-8c34-e131d2060f3d 0.158s
2025-04-25 22:01:15.470 70826 INFO tempest.lib.common.rest_client [req-9a1e37fc-4566-4d92-9279-abeb00b2576e req-9a1e37fc-4566-4d92-9279-abeb00b2576e ] Request (AttachInterfacesV270Test:test_create_get_list_interfaces): 200 GET http://10.180.1.21/compute/v2.1/servers/4d5c6b08-0cb0-4777-a395-a003a8b8d8b1 0.281s
2025-04-25 22:01:15.496 70828 INFO tempest.lib.common.rest_client [req-f0561311-b208-48f5-a1d7-b71d5a84578b req-f0561311-b208-48f5-a1d7-b71d5a84578b ] Request (ListServerFiltersTestJSON:test_list_servers_filtered_by_ip_regex): 200 GET http://10.180.1.21/compute/v2.1/servers/836af273-7c0b-4456-81d1-cb0becceb4a9 0.223s
2025-04-25 22:01:15.534 70870 INFO tempest.lib.common.rest_client [req-00e9397a-96d0-43ac-89cd-b0af81f5e50d req-00e9397a-96d0-43ac-89cd-b0af81f5e50d ] Request (ServerDiskConfigTestJSON:test_rebuild_server_with_manual_disk_config): 200 GET http://10.180.1.21/compute/v2.1/servers/3a7fa033-88fa-45a4-a054-d9ca2525f289 0.249s
2025-04-25 22:01:15.561 70868 INFO tempest.lib.common.rest_client [req-f9fbb9de-23ea-4d7a-a89c-3e6ec292c638 req-f9fbb9de-23ea-4d7a-a89c-3e6ec292c638 ] Request (ServersListShow2100Test:test_list_show_rebuild_update_server_2100): 200 GET http://10.180.1.21/compute/v2.1/servers/99302a69-8d0b-4161-b65e-208f40eee7e6 0.205s
2025-04-25 22:01:15.606 70838 INFO tempest.lib.common.rest_client [req-bcf5b89c-8df8-4b8c-b5e5-e7e17a5a4e5e req-bcf5b89c-8df8-4b8c-b5e5-e7e17a5a4e5e ] Request (AttachInterfacesUnderV243Test:_run_cleanups): 200 GET http://10.180.1.21/compute/v2.1/servers/b94d7c52-0c30-4467-a5bb-d3c4bdced0ea 0.196s
2025-04-25 22:01:15.642 70818 WARNING tempest.lib.common.ssh [-] Failed to establish authenticated ssh connection to cirros@10.180.180.136 ([Errno None] Unable to connect to port 22 on 10.180.180.136). Number attempts: 7. Retry after 8 seconds.: paramiko.ssh_exception.NoValidConnectionsError: [Errno None] Unable to connect to port 22 on 10.180.180.136
2025-04-25 22:01:15.645 70864 INFO tempest.lib.common.rest_client [req-17496587-ab9a-4ee7-b9b4-e3da7236f0d2 req-17496587-ab9a-4ee7-b9b4-e3da7236f0d2 ] Request (ImagesOneServerTestJSON:tearDownClass): 200 GET http://10.180.1.21/compute/v2.1/servers/04d01e00-edb3-49f0-b7af-94534fda37e8 0.160s
2025-04-25 22:01:15.704 70876 INFO tempest.lib.common.rest_client [req-b103cf63-91ce-45f7-a393-32365e33def7 req-b103cf63-91ce-45f7-a393-32365e33def7 ] Request (ServerMetadataTestJSON:setUpClass): 200 GET http://10.180.1.21/compute/v2.1/servers/b6d59e70-9271-4d27-93a3-8f245f8e53f2 0.153s
2025-04-25 22:01:15.742 70844 INFO tempest.lib.common.rest_client [req-14ea54ab-8ed2-406e-accf-b013a902ea57 req-14ea54ab-8ed2-406e-accf-b013a902ea57 ] Request (ListImageFiltersTestJSON:setUpClass): 200 GET http://10.180.1.21/compute/v2.1/images/f9f5e5d1-b4e6-43de-8f57-18fa8166d2e9 0.155s
2025-04-25 22:01:15.803 70834 INFO tempest.lib.common.rest_client [req-94af6658-f5ed-4903-a668-c777793c9cbf req-94af6658-f5ed-4903-a668-c777793c9cbf ] Request (ServersAdminTestJSON:test_create_server_with_scheduling_hint): 200 GET http://10.180.1.21/compute/v2.1/servers/9eb615a0-f7a2-4877-b8bd-da6f8cce751f 0.139s
2025-04-25 22:01:15.811 70828 INFO tempest.lib.common.rest_client [req-f130ce7d-c9a5-4ee8-b86e-cd507722f281 req-f130ce7d-c9a5-4ee8-b86e-cd507722f281 ] Request (ListServerFiltersTestJSON:test_list_servers_filtered_by_ip_regex): 200 GET http://10.180.1.21/compute/v2.1/servers/cf72ad0e-a3aa-4186-ac7f-9b0bf5221496 0.302s
2025-04-25 22:01:15.863 70854 INFO tempest.lib.common.rest_client [req-dd00cc00-32e9-472d-b224-f2dc8950ce44 req-dd00cc00-32e9-472d-b224-f2dc8950ce44 ] Request (ServerRescueTestJSON:setUpClass): 200 GET http://10.180.1.21/compute/v2.1/servers/0c76226b-a9ad-4d80-af0d-2b766ac1cc46 0.198s
2025-04-25 22:01:15.876 70820 INFO tempest.lib.common.rest_client [req-6abc2f58-2c3a-48b7-a0fa-299be6f2a698 req-6abc2f58-2c3a-48b7-a0fa-299be6f2a698 ] Request (MigrationsAdminTest:test_resize_server_revert_deleted_flavor): 200 GET http://10.180.1.21/compute/v2.1/servers/e622a650-68e5-4bf1-ae06-2e8b4203918d 0.154s
2025-04-25 22:01:15.947 70852 INFO tempest.lib.common.rest_client [req-d40f2998-f9e3-48db-afd6-0e6eb0e7a495 req-d40f2998-f9e3-48db-afd6-0e6eb0e7a495 ] Request (DeleteServersAdminTestJSON:test_delete_server_while_in_error_state): 200 GET http://10.180.1.21/compute/v2.1/servers/27d22ab4-38b8-4aa1-a58a-54d0f21af4b7 0.212s
2025-04-25 22:01:15.972 70840 INFO tempest.lib.common.rest_client [req-f3b69509-2a95-417d-b80a-3323d9887f03 req-f3b69509-2a95-417d-b80a-3323d9887f03 ] Request (ImagesTestJSON:test_create_image_from_stopped_server): 200 GET http://10.180.1.21/compute/v2.1/servers/c6262bd9-3ece-4325-8e27-c7c5624f4303 0.198s
2025-04-25 22:01:15.985 70840 INFO tempest.common.waiters [-] State transition "BUILD/scheduling" ==> "BUILD/None" after 36 second wait
2025-04-25 22:01:16.048 70858 INFO tempest.lib.common.rest_client [req-9f181ee4-c75e-4bd2-a4b3-f9a9f90cfbca req-9f181ee4-c75e-4bd2-a4b3-f9a9f90cfbca ] Request (ServersAdminNegativeTestJSON:tearDownClass): 200 GET http://10.180.1.21/compute/v2.1/servers/9010112d-e255-4da9-b10c-fa134575c977 0.165s
2025-04-25 22:01:16.107 70837 INFO tempest.lib.common.rest_client [req-0cb7eeba-f4ec-4d82-a947-9f3c80141a2b req-0cb7eeba-f4ec-4d82-a947-9f3c80141a2b ] Request (VolumesAdminNegativeTest:test_update_attached_volume_with_nonexistent_volume_in_body): 200 GET http://10.180.1.21/compute/v2.1/servers/f05a1529-9463-4fb0-a8c8-365b33b056df 0.142s
2025-04-25 22:01:16.148 70828 INFO tempest.lib.common.rest_client [req-b40eb362-ea67-489a-add1-a8fcbc43bb84 req-b40eb362-ea67-489a-add1-a8fcbc43bb84 ] Request (ListServerFiltersTestJSON:test_list_servers_filtered_by_ip_regex): 200 GET http://10.180.1.21/compute/v2.1/servers/detail 0.327s
2025-04-25 22:01:16.164 70866 INFO tempest.lib.common.rest_client [req-feb26eff-478d-4c43-9058-20ff0aff3b21 req-feb26eff-478d-4c43-9058-20ff0aff3b21 ] Request (ServerActionsV293TestJSON:setUpClass): 200 GET http://10.180.1.21/compute/v2.1/servers/99ffaf1a-9c04-4dc3-8b3a-a75b100f1b2f 0.138s
2025-04-25 22:01:16.212 70856 INFO tempest.lib.common.rest_client [req-bb83f051-8ae2-4835-961e-ed15b5de5309 req-bb83f051-8ae2-4835-961e-ed15b5de5309 ] Request (ImagesNegativeTestJSON:test_create_image_from_deleted_server): 200 GET http://10.180.1.21/compute/v2.1/servers/ff46f4a8-4e2e-4ccf-87ba-b3f20ce8efa0 0.151s
2025-04-25 22:01:16.227 70822 INFO tempest.lib.common.rest_client [req-5e91c329-7746-44b7-8c09-06595302176b req-5e91c329-7746-44b7-8c09-06595302176b ] Request (InstanceActionsV221TestJSON:test_get_list_deleted_instance_actions): 200 GET http://10.180.1.21/compute/v2.1/servers/8d6e650f-3557-4ee7-b711-df7b27dbfcf5 0.130s
2025-04-25 22:01:16.266 70824 INFO tempest.lib.common.rest_client [req-0846c67b-4f4d-4a2b-b068-7e0c918b8a92 req-0846c67b-4f4d-4a2b-b068-7e0c918b8a92 ] Request (ServersTestJSON:test_create_server_specify_multibyte_character_name): 200 GET http://10.180.1.21/compute/v2.1/servers/bab958b5-eb15-42d5-a24b-dcb23999a301 0.145s
2025-04-25 22:01:16.316 70816 INFO tempest.lib.common.rest_client [req-eae18f4a-2799-4371-8cf7-fcfec8e19004 req-eae18f4a-2799-4371-8cf7-fcfec8e19004 ] Request (ServersTestJSON:setUpClass): 200 GET http://10.180.1.21/compute/v2.1/servers/d386c231-c43e-4a9f-a873-d71a5885696a 0.130s
2025-04-25 22:01:16.332 70828 INFO tempest.lib.common.rest_client [req-0a8503ee-a8e1-46a2-8257-b35356e436c7 req-0a8503ee-a8e1-46a2-8257-b35356e436c7 ] Request (ListServerFiltersTestJSON:test_list_servers_filtered_by_ip_regex): 200 GET http://10.180.1.21/compute/v2.1/servers?ip=192.168.128. 0.168s
2025-04-25 22:01:16.361 70814 INFO tempest.lib.common.rest_client [req-805c77ef-2a13-427e-8e16-3c5f6e6eb028 req-805c77ef-2a13-427e-8e16-3c5f6e6eb028 ] Request (ListServersNegativeTestJSON:setUpClass): 200 GET http://10.180.1.21/compute/v2.1/servers/ebfcca2a-2f76-4616-b550-27d0ec6189c9 0.103s
2025-04-25 22:01:16.395 70860 INFO tempest.lib.common.rest_client [req-4cd6aeac-d075-4b35-b0c0-bf1ec25be683 req-4cd6aeac-d075-4b35-b0c0-bf1ec25be683 ] Request (FloatingIPsAssociationTestJSON:setUpClass): 200 GET http://10.180.1.21/compute/v2.1/servers/ee25feee-3f5e-4bc7-977a-416fb75fb51e 0.062s
2025-04-25 22:01:16.408 70828 INFO tempest.lib.common.rest_client [req-d635e7fa-6f50-4157-b2ef-69c8771ed157 req-d635e7fa-6f50-4157-b2ef-69c8771ed157 ] Request (ListServerFiltersTestJSON:test_list_servers_filtered_by_name_regex): 200 GET http://10.180.1.21/compute/v2.1/servers?name=%5E.%2A%5C-instance%5C-%5B0-9%5D%2B%24 0.069s
2025-04-25 22:01:16.464 70842 INFO tempest.lib.common.rest_client [req-9684d00c-c34d-4fea-a6a5-870810aaf281 req-9684d00c-c34d-4fea-a6a5-870810aaf281 ] Request (ServersListShow296Test:test_list_show_update_rebuild_server_296): 200 GET http://10.180.1.21/compute/v2.1/servers/feb8cc6c-15d7-408b-909f-f8810d6df59f 0.121s
2025-04-25 22:01:16.470 70832 INFO tempest.lib.common.rest_client [req-39964592-b43f-4d6d-a8a6-c00a4026e010 req-39964592-b43f-4d6d-a8a6-c00a4026e010 ] Request (ServerDiagnosticsV248Test:tearDownClass): 200 GET http://10.180.1.21/compute/v2.1/servers/84742990-e625-4838-8c34-e131d2060f3d 0.062s
2025-04-25 22:01:16.475 70842 INFO tempest.common.waiters [-] State transition "BUILD/None" ==> "BUILD/block_device_mapping" after 61 second wait
2025-04-25 22:01:16.540 70850 INFO tempest.lib.common.rest_client [req-fef86636-2b73-4549-b509-e70ac1ec62ed req-fef86636-2b73-4549-b509-e70ac1ec62ed ] Request (ServersNegativeTestMultiTenantJSON:setUpClass): 200 PUT http://10.180.1.21:9696/networking/v2.0/routers/2ce88e90-ef2f-41b7-8dc8-b72d2ad7c7f6/add_router_interface 1.460s
2025-04-25 22:01:16.541 70850 INFO tempest.lib.common.dynamic_creds [-] Created isolated network resources for: credentials: Credentials: {'domain_id': 'default', 'domain_name': 'Default', 'username': 'tempest-ServersNegativeTestMultiTenantJSON-1520845091-project-member', 'project_domain_id': 'default', 'project_domain_name': 'Default', 'project_id': '8ca7ec278d864e6ba0d8757bafc4cef6', 'project_name': 'tempest-ServersNegativeTestMultiTenantJSON-1520845091', 'tenant_id': '8ca7ec278d864e6ba0d8757bafc4cef6', 'tenant_name': 'tempest-ServersNegativeTestMultiTenantJSON-1520845091', 'user_domain_id': 'default', 'user_domain_name': 'Default', 'user_id': '4a39a64c7b6f496a802b44c59f5c4526', 'system': None}, Network: {'id': 'e3351a75-e593-452a-8ec4-9638824a9dbf', 'name': 'tempest-ServersNegativeTestMultiTenantJSON-1877532674-network', 'tenant_id': '8ca7ec278d864e6ba0d8757bafc4cef6', 'admin_state_up': True, 'mtu': 8950, 'status': 'ACTIVE', 'subnets': [], 'shared': False, 'project_id': '8ca7ec278d864e6ba0d8757bafc4cef6', 'port_security_enabled': True, 'router:external': False, 'provider:network_type': 'vlan', 'provider:physical_network': 'default', 'provider:segmentation_id': 789, 'availability_zone_hints': [], 'availability_zones': [], 'ipv4_address_scope': None, 'ipv6_address_scope': None, 'description': '', 'tags': [], 'created_at': '2025-04-25T22:01:13Z', 'updated_at': '2025-04-25T22:01:13Z', 'revision_number': 1}, Subnet: {'id': 'cc462868-04f9-4b95-8bb9-993d0e47efe3', 'name': 'tempest-ServersNegativeTestMultiTenantJSON-1877532674-subnet', 'tenant_id': '8ca7ec278d864e6ba0d8757bafc4cef6', 'network_id': 'e3351a75-e593-452a-8ec4-9638824a9dbf', 'ip_version': 4, 'subnetpool_id': None, 'enable_dhcp': True, 'ipv6_ra_mode': None, 'ipv6_address_mode': None, 'gateway_ip': '192.168.128.1', 'cidr': '192.168.128.0/28', 'allocation_pools': [{'start': '192.168.128.2', 'end': '192.168.128.14'}], 'host_routes': [], 'dns_nameservers': [], 'description': '', 'router:external': False, 'service_types': [], 'tags': [], 'created_at': '2025-04-25T22:01:13Z', 'updated_at': '2025-04-25T22:01:13Z', 'revision_number': 0, 'project_id': '8ca7ec278d864e6ba0d8757bafc4cef6'}, Router: {'id': '2ce88e90-ef2f-41b7-8dc8-b72d2ad7c7f6', 'name': 'tempest-ServersNegativeTestMultiTenantJSON-1877532674-router', 'tenant_id': '8ca7ec278d864e6ba0d8757bafc4cef6', 'admin_state_up': True, 'status': 'ACTIVE', 'external_gateway_info': {'network_id': '081df298-4faa-4e53-8fa4-2887a4a5a740', 'external_fixed_ips': [{'subnet_id': '76f5b5e1-70f1-4390-bfd3-d4dc7e10a653', 'ip_address': '10.180.180.234'}], 'enable_snat': True}, 'description': '', 'availability_zones': [], 'distributed': False, 'ha': False, 'availability_zone_hints': [], 'routes': [], 'flavor_id': None, 'tags': [], 'created_at': '2025-04-25T22:01:13Z', 'updated_at': '2025-04-25T22:01:14Z', 'revision_number': 2, 'project_id': '8ca7ec278d864e6ba0d8757bafc4cef6'}
2025-04-25 22:01:16.546 70828 INFO tempest.lib.common.rest_client [req-ca69821c-483e-4d34-9ffb-f80b465fb596 req-ca69821c-483e-4d34-9ffb-f80b465fb596 ] Request (ListServerFiltersTestJSON:test_list_servers_filtered_by_name_regex): 200 GET http://10.180.1.21/compute/v2.1/servers?name=%5E.%2A%5C-instance%5C-.%2A%24 0.135s
2025-04-25 22:01:16.585 70826 INFO tempest.lib.common.rest_client [req-3a4d86f6-d4e1-4421-9cf1-2779cc7966de req-3a4d86f6-d4e1-4421-9cf1-2779cc7966de ] Request (AttachInterfacesV270Test:test_create_get_list_interfaces): 200 GET http://10.180.1.21/compute/v2.1/servers/4d5c6b08-0cb0-4777-a395-a003a8b8d8b1 0.102s
2025-04-25 22:01:16.604 70870 INFO tempest.lib.common.rest_client [req-7aee32a1-7be6-40dc-a280-9e050f8a9e3c req-7aee32a1-7be6-40dc-a280-9e050f8a9e3c ] Request (ServerDiskConfigTestJSON:test_rebuild_server_with_manual_disk_config): 200 GET http://10.180.1.21/compute/v2.1/servers/3a7fa033-88fa-45a4-a054-d9ca2525f289 0.060s
2025-04-25 22:01:16.629 70828 INFO tempest.lib.common.rest_client [req-ce6a984e-a006-48ad-8738-945a27eb830f req-ce6a984e-a006-48ad-8738-945a27eb830f ] Request (ListServerFiltersTestJSON:test_list_servers_filtered_by_name_regex): 200 GET http://10.180.1.21/compute/v2.1/servers?name=1499579097 0.081s
2025-04-25 22:01:16.638 70850 INFO tempest.lib.common.rest_client [req-ef0f04d6-deb1-4658-a41b-77067f19965b req-ef0f04d6-deb1-4658-a41b-77067f19965b ] Request (ServersNegativeTestMultiTenantJSON:setUpClass): 201 POST http://10.180.1.21/identity/v3/auth/tokens 0.095s
2025-04-25 22:01:16.677 70868 INFO tempest.lib.common.rest_client [req-4059852d-50eb-4f69-b8e8-9fdb7082e9ab req-4059852d-50eb-4f69-b8e8-9fdb7082e9ab ] Request (ServersListShow2100Test:test_list_show_rebuild_update_server_2100): 200 GET http://10.180.1.21/compute/v2.1/servers/99302a69-8d0b-4161-b65e-208f40eee7e6 0.098s
2025-04-25 22:01:16.700 70838 INFO tempest.lib.common.rest_client [req-4a85ccc0-98ae-4c7e-828b-a98cd9e1f03e req-4a85ccc0-98ae-4c7e-828b-a98cd9e1f03e ] Request (AttachInterfacesUnderV243Test:_run_cleanups): 200 GET http://10.180.1.21/compute/v2.1/servers/b94d7c52-0c30-4467-a5bb-d3c4bdced0ea 0.082s
2025-04-25 22:01:16.727 70850 INFO tempest.lib.common.rest_client [req-0aafbbf9-b636-44bf-9fa8-ee33e50cc48b req-0aafbbf9-b636-44bf-9fa8-ee33e50cc48b ] Request (ServersNegativeTestMultiTenantJSON:setUpClass): 201 POST http://10.180.1.21/identity/v3/auth/tokens 0.082s
2025-04-25 22:01:16.727 70850 INFO tempest.lib.common.fixed_network [-] (ServersNegativeTestMultiTenantJSON:setUpClass) Found network {'id': '6c23ee51-d578-41d8-8bff-d54cb3421467', 'name': 'tempest-ServersNegativeTestMultiTenantJSON-2018592909-network', 'tenant_id': 'a6e6b4b306fb4a5bab8dcae6d459f080', 'admin_state_up': True, 'mtu': 8950, 'status': 'ACTIVE', 'subnets': [], 'shared': False, 'project_id': 'a6e6b4b306fb4a5bab8dcae6d459f080', 'port_security_enabled': True, 'router:external': False, 'provider:network_type': 'vlan', 'provider:physical_network': 'default', 'provider:segmentation_id': 920, 'availability_zone_hints': [], 'availability_zones': [], 'ipv4_address_scope': None, 'ipv6_address_scope': None, 'description': '', 'tags': [], 'created_at': '2025-04-25T22:01:11Z', 'updated_at': '2025-04-25T22:01:11Z', 'revision_number': 1} available for tenant
2025-04-25 22:01:16.729 70828 INFO tempest.lib.common.rest_client [req-63860ba7-f5ac-4e76-891f-7d283e41efee req-63860ba7-f5ac-4e76-891f-7d283e41efee ] Request (ListServerFiltersTestJSON:test_list_servers_filtered_by_name_wildcard): 200 GET http://10.180.1.21/compute/v2.1/servers?name=-instance 0.095s
2025-04-25 22:01:16.763 70864 INFO tempest.lib.common.rest_client [req-902acae6-98a5-4ff3-876d-48b723ef6d08 req-902acae6-98a5-4ff3-876d-48b723ef6d08 ] Request (ImagesOneServerTestJSON:tearDownClass): 200 GET http://10.180.1.21/compute/v2.1/servers/04d01e00-edb3-49f0-b7af-94534fda37e8 0.109s
2025-04-25 22:01:16.782 70876 INFO tempest.lib.common.rest_client [req-a392386d-f4e4-4ffc-8a88-6d9973226c0e req-a392386d-f4e4-4ffc-8a88-6d9973226c0e ] Request (ServerMetadataTestJSON:setUpClass): 200 GET http://10.180.1.21/compute/v2.1/servers/b6d59e70-9271-4d27-93a3-8f245f8e53f2 0.070s
2025-04-25 22:01:16.826 70828 INFO tempest.lib.common.rest_client [req-1bc9c79c-b8ef-465a-a415-e36e920c1998 req-1bc9c79c-b8ef-465a-a415-e36e920c1998 ] Request (ListServerFiltersTestJSON:test_list_servers_filtered_by_name_wildcard): 200 GET http://10.180.1.21/compute/v2.1/servers?name=t-ListServerFiltersTestJSON-instance-149957909 0.095s
2025-04-25 22:01:16.865 70844 INFO tempest.lib.common.rest_client [req-425be455-a2f6-4ffe-a97d-cb1d7643f8d0 req-425be455-a2f6-4ffe-a97d-cb1d7643f8d0 ] Request (ListImageFiltersTestJSON:setUpClass): 200 GET http://10.180.1.21/compute/v2.1/images/f9f5e5d1-b4e6-43de-8f57-18fa8166d2e9 0.119s
2025-04-25 22:01:16.919 70834 INFO tempest.lib.common.rest_client [req-c5756c0f-9240-4f6d-b3ab-6f2601e29f8e req-c5756c0f-9240-4f6d-b3ab-6f2601e29f8e ] Request (ServersAdminTestJSON:test_create_server_with_scheduling_hint): 200 GET http://10.180.1.21/compute/v2.1/servers/9eb615a0-f7a2-4877-b8bd-da6f8cce751f 0.107s
2025-04-25 22:01:16.996 70828 INFO tempest.lib.common.rest_client [req-260c8f8d-35f5-43e3-bfe2-03785f30d565 req-260c8f8d-35f5-43e3-bfe2-03785f30d565 ] Request (ListServerFiltersTestJSON:tearDownClass): 204 DELETE http://10.180.1.21/compute/v2.1/servers/cf72ad0e-a3aa-4186-ac7f-9b0bf5221496 0.167s
2025-04-25 22:01:17.047 70854 INFO tempest.lib.common.rest_client [req-0d829ccc-6fa4-46d4-bfb0-4afcf4cf1d64 req-0d829ccc-6fa4-46d4-bfb0-4afcf4cf1d64 ] Request (ServerRescueTestJSON:setUpClass): 200 GET http://10.180.1.21/compute/v2.1/servers/0c76226b-a9ad-4d80-af0d-2b766ac1cc46 0.169s
2025-04-25 22:01:17.101 70820 INFO tempest.lib.common.rest_client [req-8110d5b4-8c7b-43b7-a702-990384e6a176 req-8110d5b4-8c7b-43b7-a702-990384e6a176 ] Request (MigrationsAdminTest:test_resize_server_revert_deleted_flavor): 200 GET http://10.180.1.21/compute/v2.1/servers/e622a650-68e5-4bf1-ae06-2e8b4203918d 0.212s
2025-04-25 22:01:17.170 70850 INFO tempest.lib.common.rest_client [req-cdbd19e7-4aeb-428e-8042-9a72d660ca34 req-cdbd19e7-4aeb-428e-8042-9a72d660ca34 ] Request (ServersNegativeTestMultiTenantJSON:setUpClass): 202 POST http://10.180.1.21/compute/v2.1/servers 0.442s
2025-04-25 22:01:17.182 70852 INFO tempest.lib.common.rest_client [req-071798b8-2d85-40ab-8954-32b6ad322fac req-071798b8-2d85-40ab-8954-32b6ad322fac ] Request (DeleteServersAdminTestJSON:test_delete_server_while_in_error_state): 200 GET http://10.180.1.21/compute/v2.1/servers/27d22ab4-38b8-4aa1-a58a-54d0f21af4b7 0.222s
2025-04-25 22:01:17.224 70840 INFO tempest.lib.common.rest_client [req-e10bdb06-b3b0-4a81-a81c-91d9977e07e0 req-e10bdb06-b3b0-4a81-a81c-91d9977e07e0 ] Request (ImagesTestJSON:test_create_image_from_stopped_server): 200 GET http://10.180.1.21/compute/v2.1/servers/c6262bd9-3ece-4325-8e27-c7c5624f4303 0.238s
2025-04-25 22:01:17.278 70858 INFO tempest.lib.common.rest_client [req-7b41246a-06b2-45e4-9924-95c3449b65a9 req-7b41246a-06b2-45e4-9924-95c3449b65a9 ] Request (ServersAdminNegativeTestJSON:tearDownClass): 200 GET http://10.180.1.21/compute/v2.1/servers/9010112d-e255-4da9-b10c-fa134575c977 0.218s
2025-04-25 22:01:17.281 70828 INFO tempest.lib.common.rest_client [req-3bf0da47-5c4b-4138-9b81-2128fe5a3d1a req-3bf0da47-5c4b-4138-9b81-2128fe5a3d1a ] Request (ListServerFiltersTestJSON:tearDownClass): 200 GET http://10.180.1.21/compute/v2.1/servers/cf72ad0e-a3aa-4186-ac7f-9b0bf5221496 0.284s
2025-04-25 22:01:17.292 70858 INFO tempest.common.waiters [-] State transition "ACTIVE/deleting" ==> "DELETED/None" after 4 second wait
2025-04-25 22:01:17.324 70850 INFO tempest.lib.common.rest_client [req-141870d7-3e57-4c54-bff8-559aaf802b0b req-141870d7-3e57-4c54-bff8-559aaf802b0b ] Request (ServersNegativeTestMultiTenantJSON:setUpClass): 200 GET http://10.180.1.21/compute/v2.1/servers/364071aa-4386-43a9-b0e4-81b8859bcdc5 0.153s
2025-04-25 22:01:17.336 70837 INFO tempest.lib.common.rest_client [req-862288d9-8fed-4916-9828-998723a744ca req-862288d9-8fed-4916-9828-998723a744ca ] Request (VolumesAdminNegativeTest:test_update_attached_volume_with_nonexistent_volume_in_body): 200 GET http://10.180.1.21/compute/v2.1/servers/f05a1529-9463-4fb0-a8c8-365b33b056df 0.214s
2025-04-25 22:01:17.391 70866 INFO tempest.lib.common.rest_client [req-2955b8b8-81a1-42ac-85fa-f7f4a4a6230f req-2955b8b8-81a1-42ac-85fa-f7f4a4a6230f ] Request (ServerActionsV293TestJSON:setUpClass): 200 GET http://10.180.1.21/compute/v2.1/servers/99ffaf1a-9c04-4dc3-8b3a-a75b100f1b2f 0.216s
2025-04-25 22:01:17.394 70856 INFO tempest.lib.common.rest_client [req-5d806ab3-ab6a-4754-afc2-450fc8c6d50b req-5d806ab3-ab6a-4754-afc2-450fc8c6d50b ] Request (ImagesNegativeTestJSON:test_create_image_from_deleted_server): 200 GET http://10.180.1.21/compute/v2.1/servers/ff46f4a8-4e2e-4ccf-87ba-b3f20ce8efa0 0.171s
2025-04-25 22:01:17.441 70824 INFO tempest.lib.common.rest_client [req-fd72277d-550e-482a-9dfb-e30ed2240071 req-fd72277d-550e-482a-9dfb-e30ed2240071 ] Request (ServersTestJSON:test_create_server_specify_multibyte_character_name): 200 GET http://10.180.1.21/compute/v2.1/servers/bab958b5-eb15-42d5-a24b-dcb23999a301 0.166s
2025-04-25 22:01:17.462 70822 INFO tempest.lib.common.rest_client [req-6e5172e4-edaa-4a03-bf81-61e4d9f4df47 req-6e5172e4-edaa-4a03-bf81-61e4d9f4df47 ] Request (InstanceActionsV221TestJSON:test_get_list_deleted_instance_actions): 200 GET http://10.180.1.21/compute/v2.1/servers/8d6e650f-3557-4ee7-b711-df7b27dbfcf5 0.219s
2025-04-25 22:01:17.508 70816 INFO tempest.lib.common.rest_client [req-d5055bc1-978a-4f0c-8a62-6f9c77c46ada req-d5055bc1-978a-4f0c-8a62-6f9c77c46ada ] Request (ServersTestJSON:setUpClass): 200 GET http://10.180.1.21/compute/v2.1/servers/d386c231-c43e-4a9f-a873-d71a5885696a 0.181s
2025-04-25 22:01:17.518 70814 INFO tempest.lib.common.rest_client [req-2d79257a-e497-4de0-9e05-96f7561d4cbe req-2d79257a-e497-4de0-9e05-96f7561d4cbe ] Request (ListServersNegativeTestJSON:setUpClass): 200 GET http://10.180.1.21/compute/v2.1/servers/ebfcca2a-2f76-4616-b550-27d0ec6189c9 0.149s
2025-04-25 22:01:17.570 70860 INFO tempest.lib.common.rest_client [req-148ed584-7e72-4eab-a832-685bfe2fe155 req-148ed584-7e72-4eab-a832-685bfe2fe155 ] Request (FloatingIPsAssociationTestJSON:setUpClass): 200 GET http://10.180.1.21/compute/v2.1/servers/ee25feee-3f5e-4bc7-977a-416fb75fb51e 0.166s
2025-04-25 22:01:17.593 70842 INFO tempest.lib.common.rest_client [req-10158b25-bd54-4a00-9f47-9d00e790ed82 req-10158b25-bd54-4a00-9f47-9d00e790ed82 ] Request (ServersListShow296Test:test_list_show_update_rebuild_server_296): 200 GET http://10.180.1.21/compute/v2.1/servers/feb8cc6c-15d7-408b-909f-f8810d6df59f 0.117s
2025-04-25 22:01:17.611 70842 INFO tempest.common.waiters [-] State transition "BUILD/block_device_mapping" ==> "BUILD/spawning" after 62 second wait
2025-04-25 22:01:17.648 70832 INFO tempest.lib.common.rest_client [req-f847759f-4470-42e2-b94f-95e3e7ec7c8b req-f847759f-4470-42e2-b94f-95e3e7ec7c8b ] Request (ServerDiagnosticsV248Test:tearDownClass): 200 GET http://10.180.1.21/compute/v2.1/servers/84742990-e625-4838-8c34-e131d2060f3d 0.169s
2025-04-25 22:01:17.710 70870 INFO tempest.lib.common.rest_client [req-4b3fc310-cef7-48bd-b74e-75f73de1e991 req-4b3fc310-cef7-48bd-b74e-75f73de1e991 ] Request (ServerDiskConfigTestJSON:test_rebuild_server_with_manual_disk_config): 200 GET http://10.180.1.21/compute/v2.1/servers/3a7fa033-88fa-45a4-a054-d9ca2525f289 0.098s
2025-04-25 22:01:17.737 70826 INFO tempest.lib.common.rest_client [req-4abad841-f767-48a7-bbf2-eb1b4b649198 req-4abad841-f767-48a7-bbf2-eb1b4b649198 ] Request (AttachInterfacesV270Test:test_create_get_list_interfaces): 200 GET http://10.180.1.21/compute/v2.1/servers/4d5c6b08-0cb0-4777-a395-a003a8b8d8b1 0.141s
2025-04-25 22:01:17.781 70868 INFO tempest.lib.common.rest_client [req-b1971f1c-6fb6-4095-899e-5798a82e5a18 req-b1971f1c-6fb6-4095-899e-5798a82e5a18 ] Request (ServersListShow2100Test:test_list_show_rebuild_update_server_2100): 200 GET http://10.180.1.21/compute/v2.1/servers/99302a69-8d0b-4161-b65e-208f40eee7e6 0.091s
2025-04-25 22:01:17.803 70838 INFO tempest.lib.common.rest_client [req-c02378c2-5670-4d82-a8ba-317b6510aaf3 req-c02378c2-5670-4d82-a8ba-317b6510aaf3 ] Request (AttachInterfacesUnderV243Test:_run_cleanups): 200 GET http://10.180.1.21/compute/v2.1/servers/b94d7c52-0c30-4467-a5bb-d3c4bdced0ea 0.090s
2025-04-25 22:01:17.845 70864 INFO tempest.lib.common.rest_client [req-98b01f22-565c-49c7-b4e8-9b3acebc95ed req-98b01f22-565c-49c7-b4e8-9b3acebc95ed ] Request (ImagesOneServerTestJSON:tearDownClass): 200 GET http://10.180.1.21/compute/v2.1/servers/04d01e00-edb3-49f0-b7af-94534fda37e8 0.073s
2025-04-25 22:01:17.860 70876 INFO tempest.lib.common.rest_client [req-64e72998-ec9f-4180-b087-b074e4741c61 req-64e72998-ec9f-4180-b087-b074e4741c61 ] Request (ServerMetadataTestJSON:setUpClass): 200 GET http://10.180.1.21/compute/v2.1/servers/b6d59e70-9271-4d27-93a3-8f245f8e53f2 0.069s
2025-04-25 22:01:17.903 70844 INFO tempest.lib.common.rest_client [req-053e0825-e83e-4cf4-a01d-9090df0523a0 req-053e0825-e83e-4cf4-a01d-9090df0523a0 ] Request (ListImageFiltersTestJSON:setUpClass): 200 GET http://10.180.1.21/compute/v2.1/images/f9f5e5d1-b4e6-43de-8f57-18fa8166d2e9 0.033s
2025-04-25 22:01:17.998 70834 INFO tempest.lib.common.rest_client [req-ccf9314b-1110-4482-b154-dc26447b0b91 req-ccf9314b-1110-4482-b154-dc26447b0b91 ] Request (ServersAdminTestJSON:test_create_server_with_scheduling_hint): 200 GET http://10.180.1.21/compute/v2.1/servers/9eb615a0-f7a2-4877-b8bd-da6f8cce751f 0.071s
2025-04-25 22:01:18.120 70854 INFO tempest.lib.common.rest_client [req-6b6f2fe9-0451-449c-ae6a-e9c8e7daecbb req-6b6f2fe9-0451-449c-ae6a-e9c8e7daecbb ] Request (ServerRescueTestJSON:setUpClass): 200 GET http://10.180.1.21/compute/v2.1/servers/0c76226b-a9ad-4d80-af0d-2b766ac1cc46 0.061s
2025-04-25 22:01:18.165 70820 INFO tempest.lib.common.rest_client [req-59256f5d-9e58-45d6-8abf-5db103e70fa8 req-59256f5d-9e58-45d6-8abf-5db103e70fa8 ] Request (MigrationsAdminTest:test_resize_server_revert_deleted_flavor): 200 GET http://10.180.1.21/compute/v2.1/servers/e622a650-68e5-4bf1-ae06-2e8b4203918d 0.055s
2025-04-25 22:01:18.258 70852 INFO tempest.lib.common.rest_client [req-11fa17bc-e177-4292-9144-4702189864fb req-11fa17bc-e177-4292-9144-4702189864fb ] Request (DeleteServersAdminTestJSON:test_delete_server_while_in_error_state): 200 GET http://10.180.1.21/compute/v2.1/servers/27d22ab4-38b8-4aa1-a58a-54d0f21af4b7 0.066s
2025-04-25 22:01:18.296 70840 INFO tempest.lib.common.rest_client [req-4cd86ed5-9739-4342-9fb8-1f39a737a6d4 req-4cd86ed5-9739-4342-9fb8-1f39a737a6d4 ] Request (ImagesTestJSON:test_create_image_from_stopped_server): 200 GET http://10.180.1.21/compute/v2.1/servers/c6262bd9-3ece-4325-8e27-c7c5624f4303 0.064s
2025-04-25 22:01:18.361 70858 INFO tempest.lib.common.rest_client [req-c6b90b0d-99fa-4e27-b762-30ba4a69b805 req-c6b90b0d-99fa-4e27-b762-30ba4a69b805 ] Request (ServersAdminNegativeTestJSON:tearDownClass): 200 GET http://10.180.1.21/compute/v2.1/servers/9010112d-e255-4da9-b10c-fa134575c977 0.068s
2025-04-25 22:01:18.418 70828 INFO tempest.lib.common.rest_client [req-16943850-6240-4ea1-ac03-0a553e09f158 req-16943850-6240-4ea1-ac03-0a553e09f158 ] Request (ListServerFiltersTestJSON:tearDownClass): 200 GET http://10.180.1.21/compute/v2.1/servers/cf72ad0e-a3aa-4186-ac7f-9b0bf5221496 0.125s
2025-04-25 22:01:18.432 70850 INFO tempest.lib.common.rest_client [req-8412101a-47d6-449e-847f-40df8407db28 req-8412101a-47d6-449e-847f-40df8407db28 ] Request (ServersNegativeTestMultiTenantJSON:setUpClass): 200 GET http://10.180.1.21/compute/v2.1/servers/364071aa-4386-43a9-b0e4-81b8859bcdc5 0.099s
2025-04-25 22:01:18.480 70837 INFO tempest.lib.common.rest_client [req-3dedfb70-2d89-4ad8-b31e-d663450a2fb7 req-3dedfb70-2d89-4ad8-b31e-d663450a2fb7 ] Request (VolumesAdminNegativeTest:test_update_attached_volume_with_nonexistent_volume_in_body): 200 GET http://10.180.1.21/compute/v2.1/servers/f05a1529-9463-4fb0-a8c8-365b33b056df 0.130s
2025-04-25 22:01:18.496 70866 INFO tempest.lib.common.rest_client [req-b38c6d3c-3e92-4b60-bf7e-441ee30f98a9 req-b38c6d3c-3e92-4b60-bf7e-441ee30f98a9 ] Request (ServerActionsV293TestJSON:setUpClass): 200 GET http://10.180.1.21/compute/v2.1/servers/99ffaf1a-9c04-4dc3-8b3a-a75b100f1b2f 0.091s
2025-04-25 22:01:18.548 70856 INFO tempest.lib.common.rest_client [req-09de173b-6336-41b4-b150-dc4e72e7c519 req-09de173b-6336-41b4-b150-dc4e72e7c519 ] Request (ImagesNegativeTestJSON:test_create_image_from_deleted_server): 200 GET http://10.180.1.21/compute/v2.1/servers/ff46f4a8-4e2e-4ccf-87ba-b3f20ce8efa0 0.142s
2025-04-25 22:01:18.548 70824 INFO tempest.lib.common.rest_client [req-9b91344b-12ca-4cc6-8eb1-adda1227981a req-9b91344b-12ca-4cc6-8eb1-adda1227981a ] Request (ServersTestJSON:test_create_server_specify_multibyte_character_name): 200 GET http://10.180.1.21/compute/v2.1/servers/bab958b5-eb15-42d5-a24b-dcb23999a301 0.097s
2025-04-25 22:01:18.610 70816 INFO tempest.lib.common.rest_client [req-5b1011bd-0bae-4d84-9c85-e183acbb0f05 req-5b1011bd-0bae-4d84-9c85-e183acbb0f05 ] Request (ServersTestJSON:setUpClass): 200 GET http://10.180.1.21/compute/v2.1/servers/d386c231-c43e-4a9f-a873-d71a5885696a 0.094s
2025-04-25 22:01:18.612 70822 INFO tempest.lib.common.rest_client [req-2aa90f2a-cd21-4fc0-9069-4e081ecda82b req-2aa90f2a-cd21-4fc0-9069-4e081ecda82b ] Request (InstanceActionsV221TestJSON:test_get_list_deleted_instance_actions): 200 GET http://10.180.1.21/compute/v2.1/servers/8d6e650f-3557-4ee7-b711-df7b27dbfcf5 0.140s
2025-04-25 22:01:18.665 70860 INFO tempest.lib.common.rest_client [req-b5f425d2-96cc-4d70-8244-5baa27a857c0 req-b5f425d2-96cc-4d70-8244-5baa27a857c0 ] Request (FloatingIPsAssociationTestJSON:setUpClass): 200 GET http://10.180.1.21/compute/v2.1/servers/ee25feee-3f5e-4bc7-977a-416fb75fb51e 0.086s
2025-04-25 22:01:18.665 70814 INFO tempest.lib.common.rest_client [req-ecab26c6-14e9-4dcd-9361-9ab4fd505b1b req-ecab26c6-14e9-4dcd-9361-9ab4fd505b1b ] Request (ListServersNegativeTestJSON:setUpClass): 200 GET http://10.180.1.21/compute/v2.1/servers/ebfcca2a-2f76-4616-b550-27d0ec6189c9 0.137s
2025-04-25 22:01:18.690 70832 INFO tempest.lib.common.rest_client [req-637d23e5-9fbf-48cd-92ed-accf40f3361f req-637d23e5-9fbf-48cd-92ed-accf40f3361f ] Request (ServerDiagnosticsV248Test:tearDownClass): 404 GET http://10.180.1.21/compute/v2.1/servers/84742990-e625-4838-8c34-e131d2060f3d 0.032s
2025-04-25 22:01:18.746 70842 INFO tempest.lib.common.rest_client [req-734b1bf0-76b5-4ca6-b8d0-bd96a4689058 req-734b1bf0-76b5-4ca6-b8d0-bd96a4689058 ] Request (ServersListShow296Test:test_list_show_update_rebuild_server_296): 200 GET http://10.180.1.21/compute/v2.1/servers/feb8cc6c-15d7-408b-909f-f8810d6df59f 0.131s
2025-04-25 22:01:18.763 70830 WARNING tempest.lib.common.ssh [-] Failed to establish authenticated ssh connection to cirros@10.180.180.177 ([Errno None] Unable to connect to port 22 on 10.180.180.177). Number attempts: 1. Retry after 2 seconds.: paramiko.ssh_exception.NoValidConnectionsError: [Errno None] Unable to connect to port 22 on 10.180.180.177
2025-04-25 22:01:18.795 70870 INFO tempest.lib.common.rest_client [req-2fefc2b6-9b52-4701-9e71-ec9198d2e2b6 req-2fefc2b6-9b52-4701-9e71-ec9198d2e2b6 ] Request (ServerDiskConfigTestJSON:test_rebuild_server_with_manual_disk_config): 200 GET http://10.180.1.21/compute/v2.1/servers/3a7fa033-88fa-45a4-a054-d9ca2525f289 0.071s
2025-04-25 22:01:18.822 70832 INFO tempest.lib.common.rest_client [req-1886cabf-2a51-477d-89ac-0dda2f33b979 req-1886cabf-2a51-477d-89ac-0dda2f33b979 ] Request (ServerDiagnosticsV248Test:tearDownClass): 204 DELETE http://10.180.1.21/identity/v3/users/0db509ec5c7247c9b949112beae5b0ba 0.131s
2025-04-25 22:01:18.870 70868 INFO tempest.lib.common.rest_client [req-fddd8f16-5bb0-440c-8b04-462b137ede81 req-fddd8f16-5bb0-440c-8b04-462b137ede81 ] Request (ServersListShow2100Test:test_list_show_rebuild_update_server_2100): 200 GET http://10.180.1.21/compute/v2.1/servers/99302a69-8d0b-4161-b65e-208f40eee7e6 0.076s
2025-04-25 22:01:18.900 70826 INFO tempest.lib.common.rest_client [req-f9d2c97d-e5c4-4df4-96df-fde53a2ebec4 req-f9d2c97d-e5c4-4df4-96df-fde53a2ebec4 ] Request (AttachInterfacesV270Test:test_create_get_list_interfaces): 200 GET http://10.180.1.21/compute/v2.1/servers/4d5c6b08-0cb0-4777-a395-a003a8b8d8b1 0.149s
2025-04-25 22:01:18.931 70838 INFO tempest.lib.common.rest_client [req-30511d24-bbc2-426b-b0b7-8d632121741e req-30511d24-bbc2-426b-b0b7-8d632121741e ] Request (AttachInterfacesUnderV243Test:_run_cleanups): 200 GET http://10.180.1.21/compute/v2.1/servers/b94d7c52-0c30-4467-a5bb-d3c4bdced0ea 0.120s
2025-04-25 22:01:18.951 70832 INFO tempest.lib.common.rest_client [req-d247d9e9-4ffc-4332-bb68-93b305f59793 req-d247d9e9-4ffc-4332-bb68-93b305f59793 ] Request (ServerDiagnosticsV248Test:tearDownClass): 204 DELETE http://10.180.1.21/identity/v3/users/3bfbe0a24d6d456ab9e9d499c4d1b203 0.128s
2025-04-25 22:01:18.952 70832 INFO tempest.lib.common.dynamic_creds [-] Deleting project and security group for project: ffc87dceab864a9884996102595970e1
2025-04-25 22:01:18.969 70864 INFO tempest.lib.common.rest_client [req-be3fb497-2187-446b-a489-c7da24c40729 req-be3fb497-2187-446b-a489-c7da24c40729 ] Request (ImagesOneServerTestJSON:tearDownClass): 200 GET http://10.180.1.21/compute/v2.1/servers/04d01e00-edb3-49f0-b7af-94534fda37e8 0.117s
2025-04-25 22:01:18.985 70876 INFO tempest.lib.common.rest_client [req-292e6523-7f25-4fa5-9268-be8a09e2afd9 req-292e6523-7f25-4fa5-9268-be8a09e2afd9 ] Request (ServerMetadataTestJSON:setUpClass): 200 GET http://10.180.1.21/compute/v2.1/servers/b6d59e70-9271-4d27-93a3-8f245f8e53f2 0.118s
2025-04-25 22:01:19.002 70844 INFO tempest.lib.common.rest_client [req-9a8ca7c2-ef51-45e3-bc14-3c2e8331d049 req-9a8ca7c2-ef51-45e3-bc14-3c2e8331d049 ] Request (ListImageFiltersTestJSON:setUpClass): 200 GET http://10.180.1.21/compute/v2.1/images/f9f5e5d1-b4e6-43de-8f57-18fa8166d2e9 0.095s
2025-04-25 22:01:19.029 70832 INFO tempest.lib.common.rest_client [req-be479504-3e43-4de8-9741-c8f362c80a52 req-be479504-3e43-4de8-9741-c8f362c80a52 ] Request (ServerDiagnosticsV248Test:tearDownClass): 201 POST http://10.180.1.21/identity/v3/auth/tokens 0.077s
2025-04-25 22:01:19.068 70834 INFO tempest.lib.common.rest_client [req-7b13e364-453f-4bd3-9ff5-6e505a8bd7a1 req-7b13e364-453f-4bd3-9ff5-6e505a8bd7a1 ] Request (ServersAdminTestJSON:test_create_server_with_scheduling_hint): 200 GET http://10.180.1.21/compute/v2.1/servers/9eb615a0-f7a2-4877-b8bd-da6f8cce751f 0.062s
2025-04-25 22:01:19.150 70848 WARNING tempest.lib.common.ssh [-] Failed to establish authenticated ssh connection to cirros@10.180.180.200 ([Errno None] Unable to connect to port 22 on 10.180.180.200). Number attempts: 7. Retry after 8 seconds.: paramiko.ssh_exception.NoValidConnectionsError: [Errno None] Unable to connect to port 22 on 10.180.180.200
2025-04-25 22:01:19.202 70854 INFO tempest.lib.common.rest_client [req-c77c5842-6465-46cd-b31d-6b21d5bf84b2 req-c77c5842-6465-46cd-b31d-6b21d5bf84b2 ] Request (ServerRescueTestJSON:setUpClass): 200 GET http://10.180.1.21/compute/v2.1/servers/0c76226b-a9ad-4d80-af0d-2b766ac1cc46 0.068s
2025-04-25 22:01:19.233 70832 INFO tempest.lib.common.rest_client [req-1b6d41aa-7441-405f-b0c8-b34171efea14 req-1b6d41aa-7441-405f-b0c8-b34171efea14 ] Request (ServerDiagnosticsV248Test:tearDownClass): 200 GET http://10.180.1.21:9696/networking/v2.0/security-groups?tenant_id=ffc87dceab864a9884996102595970e1&name=default 0.203s
2025-04-25 22:01:19.243 70820 INFO tempest.lib.common.rest_client [req-c43b140a-69d3-4d42-bfea-5d260d8ac323 req-c43b140a-69d3-4d42-bfea-5d260d8ac323 ] Request (MigrationsAdminTest:test_resize_server_revert_deleted_flavor): 200 GET http://10.180.1.21/compute/v2.1/servers/e622a650-68e5-4bf1-ae06-2e8b4203918d 0.069s
2025-04-25 22:01:19.348 70832 INFO tempest.lib.common.rest_client [req-e05c0f62-294b-49f8-a8b5-dfb8173698c8 req-e05c0f62-294b-49f8-a8b5-dfb8173698c8 ] Request (ServerDiagnosticsV248Test:tearDownClass): 204 DELETE http://10.180.1.21:9696/networking/v2.0/security-groups/590f488a-4647-41aa-961e-0bcb3bafa1fc 0.115s
2025-04-25 22:01:19.354 70852 INFO tempest.lib.common.rest_client [req-cb9435ca-a931-4d11-ba44-28ced28baf0c req-cb9435ca-a931-4d11-ba44-28ced28baf0c ] Request (DeleteServersAdminTestJSON:test_delete_server_while_in_error_state): 200 GET http://10.180.1.21/compute/v2.1/servers/27d22ab4-38b8-4aa1-a58a-54d0f21af4b7 0.087s
2025-04-25 22:01:19.367 70840 INFO tempest.lib.common.rest_client [req-66333ff3-e441-4756-aedd-edec0aca1527 req-66333ff3-e441-4756-aedd-edec0aca1527 ] Request (ImagesTestJSON:test_create_image_from_stopped_server): 200 GET http://10.180.1.21/compute/v2.1/servers/c6262bd9-3ece-4325-8e27-c7c5624f4303 0.059s
2025-04-25 22:01:19.424 70832 INFO tempest.lib.common.rest_client [req-c10527f1-9cb1-4c4d-958a-fa1ea0a97beb req-c10527f1-9cb1-4c4d-958a-fa1ea0a97beb ] Request (ServerDiagnosticsV248Test:tearDownClass): 204 DELETE http://10.180.1.21/identity/v3/projects/ffc87dceab864a9884996102595970e1 0.074s
2025-04-25 22:01:19.425 70832 INFO tempest.lib.common.dynamic_creds [-] Deleting project and security group for project: 0c5bf7c44dd74dd59d8df4ad095a0215
2025-04-25 22:01:19.451 70858 INFO tempest.lib.common.rest_client [req-c67847c9-8c16-40d5-abf6-b805b1f18734 req-c67847c9-8c16-40d5-abf6-b805b1f18734 ] Request (ServersAdminNegativeTestJSON:tearDownClass): 200 GET http://10.180.1.21/compute/v2.1/servers/9010112d-e255-4da9-b10c-fa134575c977 0.077s
2025-04-25 22:01:19.518 70828 INFO tempest.lib.common.rest_client [req-0b3bcc8a-fe36-48c8-8d83-923696fd007c req-0b3bcc8a-fe36-48c8-8d83-923696fd007c ] Request (ListServerFiltersTestJSON:tearDownClass): 200 GET http://10.180.1.21/compute/v2.1/servers/cf72ad0e-a3aa-4186-ac7f-9b0bf5221496 0.089s
2025-04-25 22:01:19.535 70850 INFO tempest.lib.common.rest_client [req-8e4b2095-a734-4c89-8bd4-4447f5dff7ec req-8e4b2095-a734-4c89-8bd4-4447f5dff7ec ] Request (ServersNegativeTestMultiTenantJSON:setUpClass): 200 GET http://10.180.1.21/compute/v2.1/servers/364071aa-4386-43a9-b0e4-81b8859bcdc5 0.094s
2025-04-25 22:01:19.576 70832 INFO tempest.lib.common.rest_client [req-db725a8f-88ae-4f04-958d-34dd30b45735 req-db725a8f-88ae-4f04-958d-34dd30b45735 ] Request (ServerDiagnosticsV248Test:tearDownClass): 200 GET http://10.180.1.21:9696/networking/v2.0/security-groups?tenant_id=0c5bf7c44dd74dd59d8df4ad095a0215&name=default 0.151s
2025-04-25 22:01:19.585 70837 INFO tempest.lib.common.rest_client [req-25a04bc0-b2e9-40c5-96bb-73537d773f11 req-25a04bc0-b2e9-40c5-96bb-73537d773f11 ] Request (VolumesAdminNegativeTest:test_update_attached_volume_with_nonexistent_volume_in_body): 200 GET http://10.180.1.21/compute/v2.1/servers/f05a1529-9463-4fb0-a8c8-365b33b056df 0.094s
2025-04-25 22:01:19.597 70866 INFO tempest.lib.common.rest_client [req-56fd0389-97d4-4a74-95ae-51021dabcde3 req-56fd0389-97d4-4a74-95ae-51021dabcde3 ] Request (ServerActionsV293TestJSON:setUpClass): 200 GET http://10.180.1.21/compute/v2.1/servers/99ffaf1a-9c04-4dc3-8b3a-a75b100f1b2f 0.089s
2025-04-25 22:01:19.648 70824 INFO tempest.lib.common.rest_client [req-148ed2fb-dc16-4c08-8f36-74af7afc2194 req-148ed2fb-dc16-4c08-8f36-74af7afc2194 ] Request (ServersTestJSON:test_create_server_specify_multibyte_character_name): 200 GET http://10.180.1.21/compute/v2.1/servers/bab958b5-eb15-42d5-a24b-dcb23999a301 0.090s
2025-04-25 22:01:19.650 70856 INFO tempest.lib.common.rest_client [req-aed464c5-5674-4879-88cb-ea27c52aa2aa req-aed464c5-5674-4879-88cb-ea27c52aa2aa ] Request (ImagesNegativeTestJSON:test_create_image_from_deleted_server): 200 GET http://10.180.1.21/compute/v2.1/servers/ff46f4a8-4e2e-4ccf-87ba-b3f20ce8efa0 0.094s
2025-04-25 22:01:19.669 70832 INFO tempest.lib.common.rest_client [req-3197ec17-e346-4611-ae8c-88a379efe5f0 req-3197ec17-e346-4611-ae8c-88a379efe5f0 ] Request (ServerDiagnosticsV248Test:tearDownClass): 204 DELETE http://10.180.1.21:9696/networking/v2.0/security-groups/e6cd1d83-bb37-4d7a-8e09-b31b03d88247 0.093s
2025-04-25 22:01:19.712 70822 INFO tempest.lib.common.rest_client [req-388c7438-bbce-4ab8-a949-3a557ceaa721 req-388c7438-bbce-4ab8-a949-3a557ceaa721 ] Request (InstanceActionsV221TestJSON:test_get_list_deleted_instance_actions): 200 GET http://10.180.1.21/compute/v2.1/servers/8d6e650f-3557-4ee7-b711-df7b27dbfcf5 0.090s
2025-04-25 22:01:19.756 70832 INFO tempest.lib.common.rest_client [req-90cdaf27-2ca5-4b8f-a6bb-b02967f6c62e req-90cdaf27-2ca5-4b8f-a6bb-b02967f6c62e ] Request (ServerDiagnosticsV248Test:tearDownClass): 204 DELETE http://10.180.1.21/identity/v3/projects/0c5bf7c44dd74dd59d8df4ad095a0215 0.087s
2025-04-25 22:01:19.761 70860 INFO tempest.lib.common.rest_client [req-513feb5f-4af7-4f6a-a218-a840fa421c84 req-513feb5f-4af7-4f6a-a218-a840fa421c84 ] Request (FloatingIPsAssociationTestJSON:setUpClass): 200 GET http://10.180.1.21/compute/v2.1/servers/ee25feee-3f5e-4bc7-977a-416fb75fb51e 0.087s
2025-04-25 22:01:19.817 70814 INFO tempest.lib.common.rest_client [req-555b2411-5aa0-49bf-b17a-64d4bf9a78e2 req-555b2411-5aa0-49bf-b17a-64d4bf9a78e2 ] Request (ListServersNegativeTestJSON:setUpClass): 200 GET http://10.180.1.21/compute/v2.1/servers/ebfcca2a-2f76-4616-b550-27d0ec6189c9 0.142s
2025-04-25 22:01:19.852 70832 INFO tempest.lib.common.rest_client [req-6d1052a4-d959-41e3-a394-d29e906e94d5 req-6d1052a4-d959-41e3-a394-d29e906e94d5 ] Request (KeyPairsNegativeTestJSON:setUpClass): 201 POST http://10.180.1.21/identity/v3/auth/tokens 0.094s
2025-04-25 22:01:19.897 70842 INFO tempest.lib.common.rest_client [req-907be8ee-adc4-4f9b-86e4-b07341d4ba93 req-907be8ee-adc4-4f9b-86e4-b07341d4ba93 ] Request (ServersListShow296Test:test_list_show_update_rebuild_server_296): 200 GET http://10.180.1.21/compute/v2.1/servers/feb8cc6c-15d7-408b-909f-f8810d6df59f 0.139s
2025-04-25 22:01:19.905 70832 INFO tempest.lib.common.rest_client [req-d34580c3-0baf-4718-8164-7f7762edf1e2 req-d34580c3-0baf-4718-8164-7f7762edf1e2 ] Request (KeyPairsNegativeTestJSON:setUpClass): 201 POST http://10.180.1.21/identity/v3/auth/tokens 0.051s
2025-04-25 22:01:19.951 70832 INFO tempest.lib.common.rest_client [req-19fa106b-a779-492f-a5e9-d6f3f13d40ce req-19fa106b-a779-492f-a5e9-d6f3f13d40ce ] Request (KeyPairsNegativeTestJSON:setUpClass): 200 GET http://10.180.1.21/identity/v3/domains?name=Default 0.045s
2025-04-25 22:01:19.962 70870 INFO tempest.lib.common.rest_client [req-52b26e7a-d4dc-4270-b2b8-bf3f2601cdac req-52b26e7a-d4dc-4270-b2b8-bf3f2601cdac ] Request (ServerDiskConfigTestJSON:test_rebuild_server_with_manual_disk_config): 200 GET http://10.180.1.21/compute/v2.1/servers/3a7fa033-88fa-45a4-a054-d9ca2525f289 0.158s
2025-04-25 22:01:19.971 70816 INFO tempest.lib.common.rest_client [req-0c2070d0-85c5-4521-8ed1-5bcd30a9bf35 req-0c2070d0-85c5-4521-8ed1-5bcd30a9bf35 ] Request (ServersTestJSON:setUpClass): 200 GET http://10.180.1.21/compute/v2.1/servers/d386c231-c43e-4a9f-a873-d71a5885696a 0.349s
2025-04-25 22:01:19.988 70832 INFO tempest.lib.common.rest_client [req-ef4f7c45-1099-4733-9af4-c68b7bf0df53 req-ef4f7c45-1099-4733-9af4-c68b7bf0df53 ] Request (KeyPairsNegativeTestJSON:setUpClass): 201 POST http://10.180.1.21/identity/v3/projects 0.036s
2025-04-25 22:01:20.055 70832 INFO tempest.lib.common.rest_client [req-dc37cacf-6bbc-4586-b26e-e5af1dca6d76 req-dc37cacf-6bbc-4586-b26e-e5af1dca6d76 ] Request (KeyPairsNegativeTestJSON:setUpClass): 201 POST http://10.180.1.21/identity/v3/users 0.066s
2025-04-25 22:01:20.081 70826 INFO tempest.lib.common.rest_client [req-c49dd87e-3fe7-42fd-bcee-331b30e1be83 req-c49dd87e-3fe7-42fd-bcee-331b30e1be83 ] Request (AttachInterfacesV270Test:test_create_get_list_interfaces): 200 GET http://10.180.1.21/compute/v2.1/servers/4d5c6b08-0cb0-4777-a395-a003a8b8d8b1 0.167s
2025-04-25 22:01:20.089 70832 INFO tempest.lib.common.rest_client [req-8ac57ee7-bf80-4050-a069-2500ade3d26c req-8ac57ee7-bf80-4050-a069-2500ade3d26c ] Request (KeyPairsNegativeTestJSON:setUpClass): 200 GET http://10.180.1.21/identity/v3/roles 0.034s
2025-04-25 22:01:20.102 70838 INFO tempest.lib.common.rest_client [req-7dd501da-b4a3-4f3f-aea5-bde4820f8559 req-7dd501da-b4a3-4f3f-aea5-bde4820f8559 ] Request (AttachInterfacesUnderV243Test:_run_cleanups): 404 GET http://10.180.1.21/compute/v2.1/servers/b94d7c52-0c30-4467-a5bb-d3c4bdced0ea 0.163s
2025-04-25 22:01:20.126 70832 INFO tempest.lib.common.rest_client [req-a52ae4f2-e761-4669-b49b-d54845e3d3bc req-a52ae4f2-e761-4669-b49b-d54845e3d3bc ] Request (KeyPairsNegativeTestJSON:setUpClass): 204 PUT http://10.180.1.21/identity/v3/projects/f1f116f473a74c698ee1ed1c154e7da8/users/aa20a8abcfaa46e48609a5aa6ac28640/roles/bfed2266e5254e6fa20804602d8e6304 0.034s
2025-04-25 22:01:20.126 70832 INFO tempest.lib.common.dynamic_creds [-] Dynamic test user aa20a8abcfaa46e48609a5aa6ac28640 is created with scope project and roles: ['member']
2025-04-25 22:01:20.127 70832 INFO tempest.lib.common.dynamic_creds [-] Acquired dynamic creds: credentials: Credentials: {'domain_id': 'default', 'domain_name': 'Default', 'username': 'tempest-KeyPairsNegativeTestJSON-1299189731-project-member', 'project_domain_id': 'default', 'project_domain_name': 'Default', 'project_id': 'f1f116f473a74c698ee1ed1c154e7da8', 'project_name': 'tempest-KeyPairsNegativeTestJSON-1299189731', 'tenant_id': 'f1f116f473a74c698ee1ed1c154e7da8', 'tenant_name': 'tempest-KeyPairsNegativeTestJSON-1299189731', 'user_domain_id': 'default', 'user_domain_name': 'Default', 'user_id': 'aa20a8abcfaa46e48609a5aa6ac28640', 'system': None}, Network: None, Subnet: None, Router: None
