2025-04-25 23:00:56.917 70346 INFO tempest.lib.common.dynamic_creds [-] Acquired dynamic creds: credentials: Credentials: {'domain_id': 'default', 'domain_name': 'Default', 'username': 'tempest-ServersAdminTestJSON-1183835690-project-member', 'project_domain_id': 'default', 'project_domain_name': 'Default', 'project_id': 'b3a2dc07c1d447ea81ca142d80ab4210', 'project_name': 'tempest-ServersAdminTestJSON-1183835690', 'tenant_id': 'b3a2dc07c1d447ea81ca142d80ab4210', 'tenant_name': 'tempest-ServersAdminTestJSON-1183835690', 'user_domain_id': 'default', 'user_domain_name': 'Default', 'user_id': 'c0e22e21d3684201883adc3617ddee72', 'system': None}, Network: None, Subnet: None, Router: None
2025-04-25 23:00:56.922 70300 INFO tempest.lib.common.rest_client [req-26a8473e-1add-4fcb-be20-40893e7fb02d req-26a8473e-1add-4fcb-be20-40893e7fb02d ] Request (ImagesTestJSON:test_create_image_from_stopped_server): 200 GET http://10.180.1.21/compute/v2.1/servers/81d5a1b4-1398-4fca-b500-aa2a3dc41494 1.570s
2025-04-25 23:00:56.931 70324 INFO tempest.lib.common.rest_client [req-8708a0e9-26c9-40ba-976e-307880b33396 req-8708a0e9-26c9-40ba-976e-307880b33396 ] Request (ServersWithSpecificFlavorTestJSON:setUpClass): 201 POST http://10.180.1.21/identity/v3/projects 0.277s
2025-04-25 23:00:56.991 70354 INFO tempest.lib.common.rest_client [req-ab16c80c-322a-4d6c-9025-545ae941308b req-ab16c80c-322a-4d6c-9025-545ae941308b ] Request (InstanceActionsNegativeTestJSON:setUpClass): 200 GET http://10.180.1.21/identity/v3/roles 0.310s
2025-04-25 23:00:57.026 70336 INFO tempest.lib.common.rest_client [req-14396195-9fbd-4533-b69e-29664eec2502 req-14396195-9fbd-4533-b69e-29664eec2502 ] Request (InstanceUsageAuditLogNegativeTestJSON:tearDownClass): 204 DELETE http://10.180.1.21/identity/v3/projects/208d97002e0d4657b18bb5fede66555d 0.289s
2025-04-25 23:00:57.026 70336 INFO tempest.lib.common.dynamic_creds [-] Deleting project and security group for project: ec89b39c8a534fabbb77c7ad17005763
2025-04-25 23:00:57.046 70358 INFO tempest.lib.common.rest_client [req-d7983c59-6e81-4b8e-a5c7-8c07086b3845 req-d7983c59-6e81-4b8e-a5c7-8c07086b3845 ] Request (QuotaClassesAdminTestJSON:setUpClass): 201 POST http://10.180.1.21/identity/v3/auth/tokens 0.274s
2025-04-25 23:00:57.051 70346 INFO tempest.lib.common.rest_client [req-f4541ea8-fd2c-4819-9cdc-eee4ec556198 req-f4541ea8-fd2c-4819-9cdc-eee4ec556198 ] Request (ServersAdminTestJSON:setUpClass): 201 POST http://10.180.1.21/identity/v3/auth/tokens 0.134s
2025-04-25 23:00:57.074 70324 INFO tempest.lib.common.rest_client [req-d48275ca-21aa-421e-8e55-f1fe7dba8053 req-d48275ca-21aa-421e-8e55-f1fe7dba8053 ] Request (ServersWithSpecificFlavorTestJSON:setUpClass): 201 POST http://10.180.1.21/identity/v3/users 0.143s
2025-04-25 23:00:57.075 70344 INFO tempest.lib.common.rest_client [req-170c9ac9-888f-4d1d-a6a8-f7b6448c4856 req-170c9ac9-888f-4d1d-a6a8-f7b6448c4856 ] Request (VolumesAdminNegativeTest:test_update_attached_volume_with_nonexistent_volume_in_body): 201 POST http://10.180.1.21:9696/networking/v2.0/floatingips 0.561s
2025-04-25 23:00:57.081 70354 INFO tempest.lib.common.rest_client [req-aa5e86fa-b451-485f-aef3-d8084f577e81 req-aa5e86fa-b451-485f-aef3-d8084f577e81 ] Request (InstanceActionsNegativeTestJSON:setUpClass): 204 PUT http://10.180.1.21/identity/v3/projects/a63e1e3fd80f4c9a89e43f01aeba54bf/users/01af71591d00469fb2a87c105e083644/roles/295d2933538e4df792ec78734f1c3f38 0.090s
2025-04-25 23:00:57.081 70354 INFO tempest.lib.common.dynamic_creds [-] Dynamic test user 01af71591d00469fb2a87c105e083644 is created with scope project and roles: ['member']
2025-04-25 23:00:57.082 70354 INFO tempest.lib.common.dynamic_creds [-] Acquired dynamic creds: credentials: Credentials: {'domain_id': 'default', 'domain_name': 'Default', 'username': 'tempest-InstanceActionsNegativeTestJSON-1332608593-project-member', 'project_domain_id': 'default', 'project_domain_name': 'Default', 'project_id': 'a63e1e3fd80f4c9a89e43f01aeba54bf', 'project_name': 'tempest-InstanceActionsNegativeTestJSON-1332608593', 'tenant_id': 'a63e1e3fd80f4c9a89e43f01aeba54bf', 'tenant_name': 'tempest-InstanceActionsNegativeTestJSON-1332608593', 'user_domain_id': 'default', 'user_domain_name': 'Default', 'user_id': '01af71591d00469fb2a87c105e083644', 'system': None}, Network: None, Subnet: None, Router: None
2025-04-25 23:00:57.101 70310 INFO tempest.lib.common.rest_client [req-525cc79e-d333-4484-9394-7a5599fcfc41 req-525cc79e-d333-4484-9394-7a5599fcfc41 ] Request (TenantUsagesNegativeTestJSON:tearDownClass): 200 GET http://10.180.1.21:9696/networking/v2.0/security-groups?tenant_id=7c4bea2565ea42ea8472ab67d662c77c&name=default 0.484s
2025-04-25 23:00:57.145 70358 INFO tempest.lib.common.rest_client [req-91a42fcc-977a-48a3-be4b-d3b161909e55 req-91a42fcc-977a-48a3-be4b-d3b161909e55 ] Request (QuotaClassesAdminTestJSON:setUpClass): 201 POST http://10.180.1.21/identity/v3/auth/tokens 0.097s
2025-04-25 23:00:57.169 70324 INFO tempest.lib.common.rest_client [req-66ed88cb-d57a-489c-8848-b569a858657a req-66ed88cb-d57a-489c-8848-b569a858657a ] Request (ServersWithSpecificFlavorTestJSON:setUpClass): 200 GET http://10.180.1.21/identity/v3/roles 0.094s
2025-04-25 23:00:57.171 70336 INFO tempest.lib.common.rest_client [req-9ab371a6-df5d-4976-9726-0d558f6d3f63 req-9ab371a6-df5d-4976-9726-0d558f6d3f63 ] Request (InstanceUsageAuditLogNegativeTestJSON:tearDownClass): 200 GET http://10.180.1.21:9696/networking/v2.0/security-groups?tenant_id=ec89b39c8a534fabbb77c7ad17005763&name=default 0.145s
2025-04-25 23:00:57.200 70354 INFO tempest.lib.common.rest_client [req-75fa4d9d-daef-404b-b4ff-4ee02cae0df3 req-75fa4d9d-daef-404b-b4ff-4ee02cae0df3 ] Request (InstanceActionsNegativeTestJSON:setUpClass): 201 POST http://10.180.1.21/identity/v3/auth/tokens 0.117s
2025-04-25 23:00:57.202 70356 INFO tempest.lib.common.rest_client [req-86bfc621-fb5b-43cf-9f2e-615ae32d2b46 req-86bfc621-fb5b-43cf-9f2e-615ae32d2b46 ] Request (SecurityGroupRulesTestJSON:test_security_group_rules_create_with_optional_cidr): 200 POST http://10.180.1.21/compute/v2.1/os-security-groups 1.753s
2025-04-25 23:00:57.208 70304 INFO tempest.lib.common.rest_client [req-916650fd-6343-43b9-8065-0b7dca097c3f req-916650fd-6343-43b9-8065-0b7dca097c3f ] Request (MultipleCreateNegativeTestJSON:test_min_count_less_than_one): 400 POST http://10.180.1.21/compute/v2.1/servers 1.630s
2025-04-25 23:00:57.216 70338 INFO tempest.lib.common.rest_client [req-b7365122-0c7c-4213-abb7-812a92f0ed5c req-b7365122-0c7c-4213-abb7-812a92f0ed5c ] Request (FlavorsExtraSpecsNegativeTestJSON:test_flavor_non_admin_set_keys): 403 POST http://10.180.1.21/compute/v2.1/flavors/197296/os-extra_specs 1.596s
2025-04-25 23:00:57.223 70344 INFO tempest.lib.common.rest_client [req-8b696222-d52d-495c-848e-b2d08c92ee0c req-8b696222-d52d-495c-848e-b2d08c92ee0c ] Request (VolumesAdminNegativeTest:test_update_attached_volume_with_nonexistent_volume_in_body): 201 POST http://10.180.1.21/identity/v3/auth/tokens 0.144s
2025-04-25 23:00:57.224 70344 INFO tempest.lib.common.fixed_network [-] (VolumesAdminNegativeTest:test_update_attached_volume_with_nonexistent_volume_in_body) Found network {'id': '023ef52b-8a34-4f0e-bc94-cf1fa8c3fb77', 'name': 'tempest-VolumesAdminNegativeTest-1722246036-network', 'tenant_id': 'f81ac3e65f9042f4bcf818cd216a32eb', 'admin_state_up': True, 'mtu': 8950, 'status': 'ACTIVE', 'subnets': [], 'shared': False, 'project_id': 'f81ac3e65f9042f4bcf818cd216a32eb', 'port_security_enabled': True, 'router:external': False, 'provider:network_type': 'vlan', 'provider:physical_network': 'default', 'provider:segmentation_id': 187, 'availability_zone_hints': [], 'availability_zones': [], 'ipv4_address_scope': None, 'ipv6_address_scope': None, 'description': '', 'tags': [], 'created_at': '2025-04-25T23:00:48Z', 'updated_at': '2025-04-25T23:00:48Z', 'revision_number': 1} available for tenant
2025-04-25 23:00:57.244 70358 INFO tempest.lib.common.rest_client [req-7a3ed641-69ba-4361-b62a-98d968f58485 req-7a3ed641-69ba-4361-b62a-98d968f58485 ] Request (QuotaClassesAdminTestJSON:setUpClass): 200 GET http://10.180.1.21/identity/v3/domains?name=Default 0.099s
2025-04-25 23:00:57.248 70324 INFO tempest.lib.common.rest_client [req-0c22e49b-662a-4db9-8e6a-3b3b06620646 req-0c22e49b-662a-4db9-8e6a-3b3b06620646 ] Request (ServersWithSpecificFlavorTestJSON:setUpClass): 204 PUT http://10.180.1.21/identity/v3/projects/90641c26c4064f219bf2e52694da4e0d/users/4413645e57d6483887bd6431f71360eb/roles/295d2933538e4df792ec78734f1c3f38 0.077s
2025-04-25 23:00:57.248 70324 INFO tempest.lib.common.dynamic_creds [-] Dynamic test user 4413645e57d6483887bd6431f71360eb is created with scope project and roles: ['member']
2025-04-25 23:00:57.248 70324 INFO tempest.lib.common.dynamic_creds [-] Acquired dynamic creds: credentials: Credentials: {'domain_id': 'default', 'domain_name': 'Default', 'username': 'tempest-ServersWithSpecificFlavorTestJSON-1827464871-project-member', 'project_domain_id': 'default', 'project_domain_name': 'Default', 'project_id': '90641c26c4064f219bf2e52694da4e0d', 'project_name': 'tempest-ServersWithSpecificFlavorTestJSON-1827464871', 'tenant_id': '90641c26c4064f219bf2e52694da4e0d', 'tenant_name': 'tempest-ServersWithSpecificFlavorTestJSON-1827464871', 'user_domain_id': 'default', 'user_domain_name': 'Default', 'user_id': '4413645e57d6483887bd6431f71360eb', 'system': None}, Network: None, Subnet: None, Router: None
2025-04-25 23:00:57.318 70304 INFO tempest.lib.common.rest_client [req-9a59e752-90f8-472a-ad13-da0d222588ca req-9a59e752-90f8-472a-ad13-da0d222588ca ] Request (MultipleCreateNegativeTestJSON:test_min_count_non_integer): 201 POST http://10.180.1.21/identity/v3/auth/tokens 0.104s
2025-04-25 23:00:57.318 70304 INFO tempest.lib.common.fixed_network [-] (MultipleCreateNegativeTestJSON:test_min_count_non_integer) Found network None available for tenant
2025-04-25 23:00:57.326 70310 INFO tempest.lib.common.rest_client [req-8715cc6c-6512-4bbe-b65a-ef1ca09c2935 req-8715cc6c-6512-4bbe-b65a-ef1ca09c2935 ] Request (TenantUsagesNegativeTestJSON:tearDownClass): 204 DELETE http://10.180.1.21:9696/networking/v2.0/security-groups/b23732df-c6fe-4630-97d1-e6ca39495ea2 0.225s
2025-04-25 23:00:57.346 70324 INFO tempest.lib.common.rest_client [req-5941858a-222b-4073-ba7d-ead03e3b9939 req-5941858a-222b-4073-ba7d-ead03e3b9939 ] Request (ServersWithSpecificFlavorTestJSON:setUpClass): 201 POST http://10.180.1.21/identity/v3/auth/tokens 0.097s
2025-04-25 23:00:57.357 70336 INFO tempest.lib.common.rest_client [req-3ed0db40-4956-4bbd-a8a8-4b3c51c77d5c req-3ed0db40-4956-4bbd-a8a8-4b3c51c77d5c ] Request (InstanceUsageAuditLogNegativeTestJSON:tearDownClass): 204 DELETE http://10.180.1.21:9696/networking/v2.0/security-groups/fd7b2f23-4e44-4b7f-8f34-61b3316652d9 0.185s
2025-04-25 23:00:57.388 70358 INFO tempest.lib.common.rest_client [req-aaef3296-645e-4531-942b-0b697c2abb15 req-aaef3296-645e-4531-942b-0b697c2abb15 ] Request (QuotaClassesAdminTestJSON:setUpClass): 201 POST http://10.180.1.21/identity/v3/projects 0.142s
2025-04-25 23:00:57.515 70334 INFO tempest.lib.common.rest_client [req-711e451a-4308-402f-99a9-dd594d5c2e60 req-711e451a-4308-402f-99a9-dd594d5c2e60 ] Request (FlavorsAccessTestJSON:test_flavor_access_add_remove): 200 POST http://10.180.1.21/compute/v2.1/flavors/1123598576/action 1.781s
2025-04-25 23:00:57.545 70350 INFO tempest.lib.common.rest_client [req-180bd6dc-88c0-4dc6-afcb-a300d32ca064 req-180bd6dc-88c0-4dc6-afcb-a300d32ca064 ] Request (ServicesAdminTestJSON:test_list_services): 200 GET http://10.180.1.21/compute/v2.1/os-services 1.790s
2025-04-25 23:00:57.552 70310 INFO tempest.lib.common.rest_client [req-f688dccc-2914-40ef-b7b6-ec396d0cbb3f req-f688dccc-2914-40ef-b7b6-ec396d0cbb3f ] Request (TenantUsagesNegativeTestJSON:tearDownClass): 204 DELETE http://10.180.1.21/identity/v3/projects/7c4bea2565ea42ea8472ab67d662c77c 0.225s
2025-04-25 23:00:57.552 70310 INFO tempest.lib.common.dynamic_creds [-] Deleting project and security group for project: 04c2370d2f5a4466b7dd53f4902df322
2025-04-25 23:00:57.557 70336 INFO tempest.lib.common.rest_client [req-a71ef50e-4dfa-4dfe-ae2d-72c8a67a2399 req-a71ef50e-4dfa-4dfe-ae2d-72c8a67a2399 ] Request (InstanceUsageAuditLogNegativeTestJSON:tearDownClass): 204 DELETE http://10.180.1.21/identity/v3/projects/ec89b39c8a534fabbb77c7ad17005763 0.199s
2025-04-25 23:00:57.618 70358 INFO tempest.lib.common.rest_client [req-f332e105-650a-47bd-ad31-56af72500eeb req-f332e105-650a-47bd-ad31-56af72500eeb ] Request (QuotaClassesAdminTestJSON:setUpClass): 201 POST http://10.180.1.21/identity/v3/users 0.229s
2025-04-25 23:00:57.656 70348 INFO tempest.lib.common.rest_client [req-59106c2f-8193-40dc-920f-59571ab8a6e8 req-59106c2f-8193-40dc-920f-59571ab8a6e8 ] Request (ServersTestManualDisk:setUpClass): 202 POST http://10.180.1.21/compute/v2.1/servers 2.135s
2025-04-25 23:00:57.678 70350 INFO tempest.lib.common.rest_client [req-cbb1dbc4-ccd9-4831-b524-e1e033e8508a req-cbb1dbc4-ccd9-4831-b524-e1e033e8508a ] Request (ServicesAdminTestJSON:tearDownClass): 204 DELETE http://10.180.1.21/identity/v3/users/ee83c8ff4ec945dd86624315f3c29e13 0.129s
2025-04-25 23:00:57.682 70346 INFO tempest.lib.common.rest_client [req-41849de4-81cd-4fac-9614-3e97f9a4e4a0 req-41849de4-81cd-4fac-9614-3e97f9a4e4a0 ] Request (ServersAdminTestJSON:setUpClass): 201 POST http://10.180.1.21:9696/networking/v2.0/networks 0.630s
2025-04-25 23:00:57.738 70358 INFO tempest.lib.common.rest_client [req-3aa60cd9-9a55-47b8-9ac6-edaab7417902 req-3aa60cd9-9a55-47b8-9ac6-edaab7417902 ] Request (QuotaClassesAdminTestJSON:setUpClass): 200 GET http://10.180.1.21/identity/v3/roles 0.120s
2025-04-25 23:00:57.743 70336 INFO tempest.lib.common.rest_client [req-0f358b33-e6cf-49d6-95e1-c2a2c2d5462f req-0f358b33-e6cf-49d6-95e1-c2a2c2d5462f ] Request (ServersAdmin275Test:setUpClass): 201 POST http://10.180.1.21/identity/v3/auth/tokens 0.184s
2025-04-25 23:00:57.760 70354 INFO tempest.lib.common.rest_client [req-7d9fb729-4e85-460f-93c3-af476a55c4e1 req-7d9fb729-4e85-460f-93c3-af476a55c4e1 ] Request (InstanceActionsNegativeTestJSON:setUpClass): 201 POST http://10.180.1.21:9696/networking/v2.0/networks 0.560s
2025-04-25 23:00:57.786 70302 INFO tempest.lib.common.rest_client [req-9477101b-3006-4bcd-a275-908ea0a21ba3 req-9477101b-3006-4bcd-a275-908ea0a21ba3 ] Request (ImagesMetadataTestJSON:test_delete_image_metadata_item): 204 DELETE http://10.180.1.21/compute/v2.1/images/e3e962d0-5657-40f5-beaf-98a59b9d5ba2/metadata/os_version 1.986s
2025-04-25 23:00:57.787 70318 INFO tempest.lib.common.rest_client [req-f6397521-779d-43a0-b6ba-022d881afba1 req-f6397521-779d-43a0-b6ba-022d881afba1 ] Request (ServerDiagnosticsV248Test:test_get_server_diagnostics): 200 GET http://10.180.1.21/compute/v2.1/servers/0cc49db6-1574-4e51-8692-b79ee14bc25d 1.985s
2025-04-25 23:00:57.791 70358 INFO tempest.lib.common.rest_client [req-5e05e4db-db0e-4a30-95f4-ba1f51b922c5 req-5e05e4db-db0e-4a30-95f4-ba1f51b922c5 ] Request (QuotaClassesAdminTestJSON:setUpClass): 204 PUT http://10.180.1.21/identity/v3/projects/0845ad8937fb49b6a483f0ae89bf1631/users/424af066ec7c44fcb71adb65b188e59b/roles/295d2933538e4df792ec78734f1c3f38 0.052s
2025-04-25 23:00:57.791 70358 INFO tempest.lib.common.dynamic_creds [-] Dynamic test user 424af066ec7c44fcb71adb65b188e59b is created with scope project and roles: ['member']
2025-04-25 23:00:57.791 70358 INFO tempest.lib.common.dynamic_creds [-] Acquired dynamic creds: credentials: Credentials: {'domain_id': 'default', 'domain_name': 'Default', 'username': 'tempest-QuotaClassesAdminTestJSON-864127866-project-member', 'project_domain_id': 'default', 'project_domain_name': 'Default', 'project_id': '0845ad8937fb49b6a483f0ae89bf1631', 'project_name': 'tempest-QuotaClassesAdminTestJSON-864127866', 'tenant_id': '0845ad8937fb49b6a483f0ae89bf1631', 'tenant_name': 'tempest-QuotaClassesAdminTestJSON-864127866', 'user_domain_id': 'default', 'user_domain_name': 'Default', 'user_id': '424af066ec7c44fcb71adb65b188e59b', 'system': None}, Network: None, Subnet: None, Router: None
2025-04-25 23:00:57.791 70358 INFO tempest.lib.common.dynamic_creds [-] Created isolated network resources for: credentials: Credentials: {'domain_id': 'default', 'domain_name': 'Default', 'username': 'tempest-QuotaClassesAdminTestJSON-864127866-project-member', 'project_domain_id': 'default', 'project_domain_name': 'Default', 'project_id': '0845ad8937fb49b6a483f0ae89bf1631', 'project_name': 'tempest-QuotaClassesAdminTestJSON-864127866', 'tenant_id': '0845ad8937fb49b6a483f0ae89bf1631', 'tenant_name': 'tempest-QuotaClassesAdminTestJSON-864127866', 'user_domain_id': 'default', 'user_domain_name': 'Default', 'user_id': '424af066ec7c44fcb71adb65b188e59b', 'system': None}, Network: None, Subnet: None, Router: None
2025-04-25 23:00:57.809 70320 INFO tempest.lib.common.rest_client [req-0cff252d-cedf-4f75-ae97-2e56e6d92c7a req-0cff252d-cedf-4f75-ae97-2e56e6d92c7a ] Request (FlavorsAdminTestJSON:test_create_flavor_verify_entry_in_list_details): 200 POST http://10.180.1.21/compute/v2.1/flavors 1.960s
2025-04-25 23:00:57.814 70316 INFO tempest.lib.common.rest_client [req-0226ef0b-1f12-4096-9db1-f69b8e222a40 req-0226ef0b-1f12-4096-9db1-f69b8e222a40 ] Request (ServicesAdminNegativeV253TestJSON:test_get_service_by_invalid_params): 200 GET http://10.180.1.21/compute/v2.1/os-services 1.997s
2025-04-25 23:00:57.840 70312 INFO tempest.lib.common.rest_client [req-2ec0cb34-a2fe-4582-97ed-a4fd96c2ebec req-2ec0cb34-a2fe-4582-97ed-a4fd96c2ebec ] Request (HypervisorAdminUnderV252Test:test_search_hypervisor): 200 GET http://10.180.1.21/compute/v2.1/os-hypervisors 1.807s
2025-04-25 23:00:57.850 70350 INFO tempest.lib.common.rest_client [req-0cdb0d60-fc75-41e6-ae2f-60bd7fcad681 req-0cdb0d60-fc75-41e6-ae2f-60bd7fcad681 ] Request (ServicesAdminTestJSON:tearDownClass): 204 DELETE http://10.180.1.21/identity/v3/users/faaa1ab2545f40439461075505703b3b 0.171s
2025-04-25 23:00:57.850 70350 INFO tempest.lib.common.dynamic_creds [-] Deleting project and security group for project: 39e04b9f93fe44aa89d9c4764fe50633
2025-04-25 23:00:57.857 70314 INFO tempest.lib.common.rest_client [req-92251d13-b840-4fbb-8ee0-bf7050e3a14d req-92251d13-b840-4fbb-8ee0-bf7050e3a14d ] Request (HostsAdminNegativeTestJSON:test_reboot_nonexistent_host): 404 GET http://10.180.1.21/compute/v2.1/os-hosts/nonexistent_hostname/reboot 1.822s
2025-04-25 23:00:57.871 70336 INFO tempest.lib.common.rest_client [req-60f949f7-f630-4f89-8f28-cf3e34f9c714 req-60f949f7-f630-4f89-8f28-cf3e34f9c714 ] Request (ServersAdmin275Test:setUpClass): 201 POST http://10.180.1.21/identity/v3/auth/tokens 0.124s
2025-04-25 23:00:57.887 70342 INFO tempest.lib.common.rest_client [req-c36ec184-7a1b-4ed2-9060-af439765f220 req-c36ec184-7a1b-4ed2-9060-af439765f220 ] Request (HypervisorAdminTestJSON:test_get_hypervisor_show_details): 200 GET http://10.180.1.21/compute/v2.1/os-hypervisors/1 1.813s
2025-04-25 23:00:57.913 70332 INFO tempest.lib.common.rest_client [req-53477302-9180-491a-87d6-7365f4d037c3 req-53477302-9180-491a-87d6-7365f4d037c3 ] Request (FlavorsExtraSpecsTestJSON:test_flavor_non_admin_get_specific_key): 200 POST http://10.180.1.21/compute/v2.1/flavors/2119189419/os-extra_specs 1.610s
2025-04-25 23:00:57.935 70350 INFO tempest.lib.common.rest_client [req-17908dd2-6c55-4986-af3e-875179092115 req-17908dd2-6c55-4986-af3e-875179092115 ] Request (ServicesAdminTestJSON:tearDownClass): 201 POST http://10.180.1.21/identity/v3/auth/tokens 0.085s
2025-04-25 23:00:57.939 70358 INFO tempest.lib.common.rest_client [req-1d4ce03e-ced4-4527-9501-a05e1a6aca01 req-1d4ce03e-ced4-4527-9501-a05e1a6aca01 ] Request (QuotaClassesAdminTestJSON:setUpClass): 201 POST http://10.180.1.21/identity/v3/auth/tokens 0.138s
2025-04-25 23:00:57.956 70310 INFO tempest.lib.common.rest_client [req-755fa670-68b8-43de-a3c3-f76dd2deb4e2 req-755fa670-68b8-43de-a3c3-f76dd2deb4e2 ] Request (TenantUsagesNegativeTestJSON:tearDownClass): 200 GET http://10.180.1.21:9696/networking/v2.0/security-groups?tenant_id=04c2370d2f5a4466b7dd53f4902df322&name=default 0.402s
2025-04-25 23:00:57.959 70336 INFO tempest.lib.common.rest_client [req-c3de6f6e-1348-4a3d-bd3c-eb5eb60d6413 req-c3de6f6e-1348-4a3d-bd3c-eb5eb60d6413 ] Request (ServersAdmin275Test:setUpClass): 200 GET http://10.180.1.21/identity/v3/domains?name=Default 0.088s
2025-04-25 23:00:58.071 70296 INFO tempest.lib.common.rest_client [req-4d7046b6-6d87-4582-a23b-7c86e1afc9ae req-4d7046b6-6d87-4582-a23b-7c86e1afc9ae ] Request (QuotasAdminTestJSON:test_delete_quota): 200 GET http://10.180.1.21/compute/v2.1/os-quota-sets/83fb5b78e3834aa2ab47a47ef2c96b0a 2.220s
2025-04-25 23:00:58.087 70328 INFO tempest.lib.common.rest_client [req-9d558769-53ac-4a4a-809b-ce036d482024 req-9d558769-53ac-4a4a-809b-ce036d482024 ] Request (HypervisorAdminNegativeTestJSON:test_get_hypervisor_uptime_with_non_admin_user): 200 GET http://10.180.1.21/compute/v2.1/os-hypervisors 1.780s
2025-04-25 23:00:58.096 70358 INFO tempest.lib.common.rest_client [req-ef7499ed-3904-413e-ba3f-0dce1c7c8333 req-ef7499ed-3904-413e-ba3f-0dce1c7c8333 ] Request (QuotaClassesAdminTestJSON:setUpClass): 201 POST http://10.180.1.21/identity/v3/projects 0.157s
2025-04-25 23:00:58.116 70354 INFO tempest.lib.common.rest_client [req-f585528a-78b5-415a-ac60-b3f659da7b44 req-f585528a-78b5-415a-ac60-b3f659da7b44 ] Request (InstanceActionsNegativeTestJSON:setUpClass): 201 POST http://10.180.1.21:9696/networking/v2.0/subnets 0.355s
2025-04-25 23:00:58.154 70336 INFO tempest.lib.common.rest_client [req-f7d0a34d-5d2f-4d29-958b-a4cfac0757f6 req-f7d0a34d-5d2f-4d29-958b-a4cfac0757f6 ] Request (ServersAdmin275Test:setUpClass): 201 POST http://10.180.1.21/identity/v3/projects 0.193s
2025-04-25 23:00:58.163 70346 INFO tempest.lib.common.rest_client [req-6ba0d372-eef5-4b4c-b74c-c214fb184299 req-6ba0d372-eef5-4b4c-b74c-c214fb184299 ] Request (ServersAdminTestJSON:setUpClass): 201 POST http://10.180.1.21:9696/networking/v2.0/subnets 0.480s
2025-04-25 23:00:58.170 70340 INFO tempest.lib.common.rest_client [req-f2f089fd-9146-4e9a-b6ab-aef94a87f189 req-f2f089fd-9146-4e9a-b6ab-aef94a87f189 ] Request (DeleteServersAdminTestJSON:test_admin_delete_servers_of_others): 200 GET http://10.180.1.21/compute/v2.1/servers/516341a3-2230-4340-a1e0-ff97bb7a608d 1.615s
2025-04-25 23:00:58.183 70340 INFO tempest.common.waiters [-] State transition "BUILD/scheduling" ==> "BUILD/None" after 3 second wait
2025-04-25 23:00:58.202 70330 INFO tempest.lib.common.rest_client [req-743dc2f5-f1e5-4b66-b4b4-d32065663939 req-743dc2f5-f1e5-4b66-b4b4-d32065663939 ] Request (FlavorMetadataValidation:_run_cleanups): 200 GET http://10.180.1.21/compute/v2.1/flavors/detail 1.371s
2025-04-25 23:00:58.216 70358 INFO tempest.lib.common.rest_client [req-4bae3a96-80bc-4b67-9f2e-d8ab30793b35 req-4bae3a96-80bc-4b67-9f2e-d8ab30793b35 ] Request (QuotaClassesAdminTestJSON:setUpClass): 201 POST http://10.180.1.21/identity/v3/users 0.119s
2025-04-25 23:00:58.226 70352 INFO tempest.lib.common.rest_client [req-c54822cc-aa7c-4f7a-a90d-d1a76bf075a6 req-c54822cc-aa7c-4f7a-a90d-d1a76bf075a6 ] Request (ServicesAdminNegativeTestJSON:test_get_service_by_invalid_service_and_valid_host): 200 GET http://10.180.1.21/compute/v2.1/os-services?host=devstack&binary=xxx 1.369s
2025-04-25 23:00:58.247 70336 INFO tempest.lib.common.rest_client [req-aa8cc612-030c-4e6b-83a2-6f4d2b11bd5f req-aa8cc612-030c-4e6b-83a2-6f4d2b11bd5f ] Request (ServersAdmin275Test:setUpClass): 201 POST http://10.180.1.21/identity/v3/users 0.092s
2025-04-25 23:00:58.269 70296 INFO tempest.lib.common.rest_client [req-2b9f7027-d4a1-46ad-8feb-fca0fc348d8e req-2b9f7027-d4a1-46ad-8feb-fca0fc348d8e ] Request (QuotasAdminTestJSON:_run_cleanups): 204 DELETE http://10.180.1.21/identity/v3/projects/83fb5b78e3834aa2ab47a47ef2c96b0a 0.195s
2025-04-25 23:00:58.280 70308 INFO tempest.lib.common.rest_client [req-5628d059-1376-4b93-b3ab-c9f5a51d6f80 req-5628d059-1376-4b93-b3ab-c9f5a51d6f80 ] Request (AggregatesAdminNegativeTestJSON:test_aggregate_add_existent_host): 409 POST http://10.180.1.21/compute/v2.1/os-aggregates/1/action 1.363s
2025-04-25 23:00:58.327 70358 INFO tempest.lib.common.rest_client [req-c71e04b6-4feb-4979-803f-4c9de7bcceae req-c71e04b6-4feb-4979-803f-4c9de7bcceae ] Request (QuotaClassesAdminTestJSON:setUpClass): 200 GET http://10.180.1.21/identity/v3/roles 0.110s
2025-04-25 23:00:58.362 70306 INFO tempest.lib.common.rest_client [req-4fef1772-46d3-45d5-914a-4e2a93cad5b9 req-4fef1772-46d3-45d5-914a-4e2a93cad5b9 ] Request (VolumesAssistedSnapshotsTest:setUpClass): 200 PUT http://10.180.1.21:9696/networking/v2.0/routers/011ca729-515b-401c-9611-72bb68694458/add_router_interface 1.915s
2025-04-25 23:00:58.362 70310 INFO tempest.lib.common.rest_client [req-f6c07376-2069-4609-8314-1d2eea4de191 req-f6c07376-2069-4609-8314-1d2eea4de191 ] Request (TenantUsagesNegativeTestJSON:tearDownClass): 204 DELETE http://10.180.1.21:9696/networking/v2.0/security-groups/2a37aa59-2481-41a6-a1c7-9481f8476b37 0.406s
2025-04-25 23:00:58.362 70306 INFO tempest.lib.common.dynamic_creds [-] Created isolated network resources for: credentials: Credentials: {'domain_id': 'default', 'domain_name': 'Default', 'username': 'tempest-VolumesAssistedSnapshotsTest-497409853-project', 'project_domain_id': 'default', 'project_domain_name': 'Default', 'project_id': '0196526a48e14b5f96ffce106275901b', 'project_name': 'tempest-VolumesAssistedSnapshotsTest-497409853', 'tenant_id': '0196526a48e14b5f96ffce106275901b', 'tenant_name': 'tempest-VolumesAssistedSnapshotsTest-497409853', 'user_domain_id': 'default', 'user_domain_name': 'Default', 'user_id': '9f12fc48492e4d63965016e8cc2d46c5', 'system': None}, Network: {'id': '7192cd29-03d6-4d33-b286-284ddb9568f4', 'name': 'tempest-VolumesAssistedSnapshotsTest-180159579-network', 'tenant_id': '0196526a48e14b5f96ffce106275901b', 'admin_state_up': True, 'mtu': 8950, 'status': 'ACTIVE', 'subnets': [], 'shared': False, 'project_id': '0196526a48e14b5f96ffce106275901b', 'port_security_enabled': True, 'router:external': False, 'provider:network_type': 'vlan', 'provider:physical_network': 'default', 'provider:segmentation_id': 996, 'availability_zone_hints': [], 'availability_zones': [], 'ipv4_address_scope': None, 'ipv6_address_scope': None, 'description': '', 'tags': [], 'created_at': '2025-04-25T23:00:55Z', 'updated_at': '2025-04-25T23:00:55Z', 'revision_number': 1}, Subnet: {'id': 'a3ed8032-06b5-450f-b1d0-55ab8bdb6036', 'name': 'tempest-VolumesAssistedSnapshotsTest-180159579-subnet', 'tenant_id': '0196526a48e14b5f96ffce106275901b', 'network_id': '7192cd29-03d6-4d33-b286-284ddb9568f4', 'ip_version': 4, 'subnetpool_id': None, 'enable_dhcp': True, 'ipv6_ra_mode': None, 'ipv6_address_mode': None, 'gateway_ip': '192.168.128.1', 'cidr': '192.168.128.0/28', 'allocation_pools': [{'start': '192.168.128.2', 'end': '192.168.128.14'}], 'host_routes': [], 'dns_nameservers': [], 'description': '', 'router:external': False, 'service_types': [], 'tags': [], 'created_at': '2025-04-25T23:00:55Z', 'updated_at': '2025-04-25T23:00:55Z', 'revision_number': 0, 'project_id': '0196526a48e14b5f96ffce106275901b'}, Router: {'id': '011ca729-515b-401c-9611-72bb68694458', 'name': 'tempest-VolumesAssistedSnapshotsTest-180159579-router', 'tenant_id': '0196526a48e14b5f96ffce106275901b', 'admin_state_up': True, 'status': 'ACTIVE', 'external_gateway_info': {'network_id': '783c1498-5882-46bf-8ab1-02430ccaa6ea', 'external_fixed_ips': [{'subnet_id': 'ebae80c9-2ad5-48ae-8351-41532eaff313', 'ip_address': '10.180.180.131'}], 'enable_snat': True}, 'description': '', 'availability_zones': [], 'distributed': False, 'ha': False, 'availability_zone_hints': [], 'routes': [], 'flavor_id': None, 'tags': [], 'created_at': '2025-04-25T23:00:55Z', 'updated_at': '2025-04-25T23:00:56Z', 'revision_number': 2, 'project_id': '0196526a48e14b5f96ffce106275901b'}
2025-04-25 23:00:58.367 70324 INFO tempest.lib.common.rest_client [req-29a16845-4134-4b1c-a803-3236fcc8e111 req-29a16845-4134-4b1c-a803-3236fcc8e111 ] Request (ServersWithSpecificFlavorTestJSON:setUpClass): 201 POST http://10.180.1.21:9696/networking/v2.0/networks 1.021s
2025-04-25 23:00:58.420 70330 INFO tempest.lib.common.rest_client [req-b4f669be-7204-4979-9867-f39e3827ef63 req-b4f669be-7204-4979-9867-f39e3827ef63 ] Request (FlavorMetadataValidation:tearDownClass): 204 DELETE http://10.180.1.21/identity/v3/users/eeb8b60274354a4a9a0b7c8705d01a14 0.199s
2025-04-25 23:00:58.453 70298 INFO tempest.lib.common.rest_client [req-e6d38ab0-21ef-4c59-b48c-c1236986736c req-e6d38ab0-21ef-4c59-b48c-c1236986736c ] Request (FlavorsAccessNegativeTestJSON:_run_cleanups): 200 POST http://10.180.1.21/compute/v2.1/flavors/1492790953/action 1.738s
2025-04-25 23:00:58.456 70350 INFO tempest.lib.common.rest_client [req-6817e452-e9b0-4b7d-befe-bd52da4e26cf req-6817e452-e9b0-4b7d-befe-bd52da4e26cf ] Request (ServicesAdminTestJSON:tearDownClass): 200 GET http://10.180.1.21:9696/networking/v2.0/security-groups?tenant_id=39e04b9f93fe44aa89d9c4764fe50633&name=default 0.519s
2025-04-25 23:00:58.485 70338 INFO tempest.lib.common.rest_client [req-1634f3b3-7140-469e-b14c-8b37b3315b62 req-1634f3b3-7140-469e-b14c-8b37b3315b62 ] Request (FlavorsExtraSpecsNegativeTestJSON:test_flavor_non_admin_unset_keys): 200 POST http://10.180.1.21/compute/v2.1/flavors/197296/os-extra_specs 1.268s
2025-04-25 23:00:58.508 70336 INFO tempest.lib.common.rest_client [req-399e8266-4ea0-4450-be82-13b120930946 req-399e8266-4ea0-4450-be82-13b120930946 ] Request (ServersAdmin275Test:setUpClass): 200 GET http://10.180.1.21/identity/v3/roles 0.261s
2025-04-25 23:00:58.517 70358 INFO tempest.lib.common.rest_client [req-1bcfba0b-cb4a-4df1-97ed-373cabe805d2 req-1bcfba0b-cb4a-4df1-97ed-373cabe805d2 ] Request (QuotaClassesAdminTestJSON:setUpClass): 204 PUT http://10.180.1.21/identity/v3/projects/5a30f5021d524e84a6188f2dadb65553/users/1d5aa5466da34a5fb150cee4f8350ba7/roles/aa49d330ab264427be144ca70aff2343 0.190s
2025-04-25 23:00:58.593 70306 INFO tempest.lib.common.rest_client [req-e1096903-acfd-4220-8bcb-3eed49fdeb04 req-e1096903-acfd-4220-8bcb-3eed49fdeb04 ] Request (VolumesAssistedSnapshotsTest:setUpClass): 201 POST http://10.180.1.21/identity/v3/auth/tokens 0.226s
2025-04-25 23:00:58.619 70350 INFO tempest.lib.common.rest_client [req-db2a9e3d-3e51-4ded-b730-eefe47387ee1 req-db2a9e3d-3e51-4ded-b730-eefe47387ee1 ] Request (ServicesAdminTestJSON:tearDownClass): 204 DELETE http://10.180.1.21:9696/networking/v2.0/security-groups/5ed32544-ba4a-4840-95db-b5857900c7eb 0.162s
2025-04-25 23:00:58.643 70310 INFO tempest.lib.common.rest_client [req-4f1815ff-0571-4970-baa5-08043198e643 req-4f1815ff-0571-4970-baa5-08043198e643 ] Request (TenantUsagesNegativeTestJSON:tearDownClass): 204 DELETE http://10.180.1.21/identity/v3/projects/04c2370d2f5a4466b7dd53f4902df322 0.281s
2025-04-25 23:00:58.644 70310 INFO tempest.test [-] raised in TestMultiAttachVolumeSwap.setUpClass. Invoking tearDownClass.
2025-04-25 23:00:58.658 70324 INFO tempest.lib.common.rest_client [req-f958bf2c-b013-4036-ad4d-8f5bc0188f6d req-f958bf2c-b013-4036-ad4d-8f5bc0188f6d ] Request (ServersWithSpecificFlavorTestJSON:setUpClass): 201 POST http://10.180.1.21:9696/networking/v2.0/subnets 0.289s
2025-04-25 23:00:58.673 70330 INFO tempest.lib.common.rest_client [req-8b1baa96-7d84-4d5d-9063-0955848fdb8d req-8b1baa96-7d84-4d5d-9063-0955848fdb8d ] Request (FlavorMetadataValidation:tearDownClass): 204 DELETE http://10.180.1.21/identity/v3/users/363c15598dd6421c978a6a53edfde512 0.252s
2025-04-25 23:00:58.674 70330 INFO tempest.lib.common.dynamic_creds [-] Deleting project and security group for project: 2ecda4b5f0bc461ea3679dc478541643
2025-04-25 23:00:58.728 70336 INFO tempest.lib.common.rest_client [req-8bdd8878-883f-402c-9d56-ac4da4d02c8f req-8bdd8878-883f-402c-9d56-ac4da4d02c8f ] Request (ServersAdmin275Test:setUpClass): 204 PUT http://10.180.1.21/identity/v3/projects/f9640bb6e09f42e79c06abf5496425bc/users/b03323a8631743f299302c6c421b1536/roles/295d2933538e4df792ec78734f1c3f38 0.219s
2025-04-25 23:00:58.728 70336 INFO tempest.lib.common.dynamic_creds [-] Dynamic test user b03323a8631743f299302c6c421b1536 is created with scope project and roles: ['member']
2025-04-25 23:00:58.729 70336 INFO tempest.lib.common.dynamic_creds [-] Acquired dynamic creds: credentials: Credentials: {'domain_id': 'default', 'domain_name': 'Default', 'username': 'tempest-ServersAdmin275Test-2116430007-project-member', 'project_domain_id': 'default', 'project_domain_name': 'Default', 'project_id': 'f9640bb6e09f42e79c06abf5496425bc', 'project_name': 'tempest-ServersAdmin275Test-2116430007', 'tenant_id': 'f9640bb6e09f42e79c06abf5496425bc', 'tenant_name': 'tempest-ServersAdmin275Test-2116430007', 'user_domain_id': 'default', 'user_domain_name': 'Default', 'user_id': 'b03323a8631743f299302c6c421b1536', 'system': None}, Network: None, Subnet: None, Router: None
2025-04-25 23:00:58.729 70336 INFO tempest.lib.common.dynamic_creds [-] Created isolated network resources for: credentials: Credentials: {'domain_id': 'default', 'domain_name': 'Default', 'username': 'tempest-ServersAdmin275Test-2116430007-project-member', 'project_domain_id': 'default', 'project_domain_name': 'Default', 'project_id': 'f9640bb6e09f42e79c06abf5496425bc', 'project_name': 'tempest-ServersAdmin275Test-2116430007', 'tenant_id': 'f9640bb6e09f42e79c06abf5496425bc', 'tenant_name': 'tempest-ServersAdmin275Test-2116430007', 'user_domain_id': 'default', 'user_domain_name': 'Default', 'user_id': 'b03323a8631743f299302c6c421b1536', 'system': None}, Network: None, Subnet: None, Router: None
2025-04-25 23:00:58.748 70356 INFO tempest.lib.common.rest_client [req-d53cc4e0-9dd0-4787-a57c-ae5078df6167 req-d53cc4e0-9dd0-4787-a57c-ae5078df6167 ] Request (SecurityGroupRulesTestJSON:test_security_group_rules_create_with_optional_cidr): 200 POST http://10.180.1.21/compute/v2.1/os-security-group-rules 1.543s
2025-04-25 23:00:58.758 70304 INFO tempest.lib.common.rest_client [req-bc979b16-a05b-4c88-97db-29f9584899a8 req-bc979b16-a05b-4c88-97db-29f9584899a8 ] Request (MultipleCreateNegativeTestJSON:test_min_count_non_integer): 400 POST http://10.180.1.21/compute/v2.1/servers 1.439s
2025-04-25 23:00:58.789 70334 INFO tempest.lib.common.rest_client [req-8c393972-fff1-4122-ba9f-9bcefe257cd8 req-8c393972-fff1-4122-ba9f-9bcefe257cd8 ] Request (FlavorsAccessTestJSON:test_flavor_access_add_remove): 200 GET http://10.180.1.21/compute/v2.1/flavors/detail 1.273s
2025-04-25 23:00:58.795 70358 INFO tempest.lib.common.rest_client [req-df353b3c-2e56-4358-b371-7f809da5a6a5 req-df353b3c-2e56-4358-b371-7f809da5a6a5 ] Request (QuotaClassesAdminTestJSON:setUpClass): 200 GET http://10.180.1.21/identity/v3/roles 0.277s
2025-04-25 23:00:58.842 70310 INFO tempest.lib.common.rest_client [req-431ad42e-0b70-4e7e-a419-049a76c56926 req-431ad42e-0b70-4e7e-a419-049a76c56926 ] Request (ServersTestFqdnHostnames:setUpClass): 201 POST http://10.180.1.21/identity/v3/auth/tokens 0.195s
2025-04-25 23:00:58.875 70348 INFO tempest.lib.common.rest_client [req-94debdae-b337-4cf4-bd7d-f583e40f5ede req-94debdae-b337-4cf4-bd7d-f583e40f5ede ] Request (ServersTestManualDisk:setUpClass): 200 GET http://10.180.1.21/compute/v2.1/servers/6a114dce-7ed3-46e1-9d50-c3dd6efd340c 1.216s
2025-04-25 23:00:58.881 70350 INFO tempest.lib.common.rest_client [req-c862cc47-0eac-4cde-b795-e1d9ab7a96ed req-c862cc47-0eac-4cde-b795-e1d9ab7a96ed ] Request (ServicesAdminTestJSON:tearDownClass): 204 DELETE http://10.180.1.21/identity/v3/projects/39e04b9f93fe44aa89d9c4764fe50633 0.261s
2025-04-25 23:00:58.881 70350 INFO tempest.lib.common.dynamic_creds [-] Deleting project and security group for project: 31f450d99a3c4dda81a8623ff53c8126
2025-04-25 23:00:58.901 70330 INFO tempest.lib.common.rest_client [req-0ae230ff-1b9b-4173-831f-8d43a6957eb8 req-0ae230ff-1b9b-4173-831f-8d43a6957eb8 ] Request (FlavorMetadataValidation:tearDownClass): 201 POST http://10.180.1.21/identity/v3/auth/tokens 0.227s
2025-04-25 23:00:58.937 70302 INFO tempest.lib.common.rest_client [req-5aa23348-1578-4480-bf90-5c92768c27a0 req-5aa23348-1578-4480-bf90-5c92768c27a0 ] Request (ImagesMetadataTestJSON:test_delete_image_metadata_item): 200 GET http://10.180.1.21/compute/v2.1/images/e3e962d0-5657-40f5-beaf-98a59b9d5ba2/metadata 1.151s
2025-04-25 23:00:58.953 70336 INFO tempest.lib.common.rest_client [req-e68df1b2-b3dc-4e3c-a48f-f1e34e1780ba req-e68df1b2-b3dc-4e3c-a48f-f1e34e1780ba ] Request (ServersAdmin275Test:setUpClass): 201 POST http://10.180.1.21/identity/v3/auth/tokens 0.219s
2025-04-25 23:00:58.977 70320 INFO tempest.lib.common.rest_client [req-da640eb6-3291-43c5-ae16-2339a56ddc7b req-da640eb6-3291-43c5-ae16-2339a56ddc7b ] Request (FlavorsAdminTestJSON:test_create_flavor_verify_entry_in_list_details): 200 GET http://10.180.1.21/compute/v2.1/flavors/detail 1.160s
2025-04-25 23:00:59.004 70316 INFO tempest.lib.common.rest_client [req-16b7a1c7-389d-4e21-ae7b-587960fa7c45 req-16b7a1c7-389d-4e21-ae7b-587960fa7c45 ] Request (ServicesAdminNegativeV253TestJSON:test_get_service_by_invalid_params): 200 GET http://10.180.1.21/compute/v2.1/os-services?xxx=nova-compute 1.183s
2025-04-25 23:00:59.011 70304 INFO tempest.lib.common.rest_client [req-5f348525-1974-4ee5-9756-a9c6a59c22f8 req-5f348525-1974-4ee5-9756-a9c6a59c22f8 ] Request (MultipleCreateNegativeTestJSON:tearDownClass): 204 DELETE http://10.180.1.21/identity/v3/users/4756b7c2f1da41f5a4ad6b8d8aeb6fd5 0.251s
2025-04-25 23:00:59.011 70304 INFO tempest.lib.common.dynamic_creds [-] Deleting project and security group for project: ed96c235f51f407e89023c47620f3b63
2025-04-25 23:00:59.060 70310 INFO tempest.lib.common.rest_client [req-998adbc8-3c3d-45f6-b453-f560fea94163 req-998adbc8-3c3d-45f6-b453-f560fea94163 ] Request (ServersTestFqdnHostnames:setUpClass): 201 POST http://10.180.1.21/identity/v3/auth/tokens 0.215s
2025-04-25 23:00:59.062 70358 INFO tempest.lib.common.rest_client [req-250842e3-e0d3-4702-9db2-40ac3e04329c req-250842e3-e0d3-4702-9db2-40ac3e04329c ] Request (QuotaClassesAdminTestJSON:setUpClass): 204 PUT http://10.180.1.21/identity/v3/projects/5a30f5021d524e84a6188f2dadb65553/users/1d5aa5466da34a5fb150cee4f8350ba7/roles/aa49d330ab264427be144ca70aff2343 0.267s
2025-04-25 23:00:59.063 70358 INFO tempest.lib.common.dynamic_creds [-] Dynamic test user 1d5aa5466da34a5fb150cee4f8350ba7 is created with scope project and roles: ['admin']
2025-04-25 23:00:59.063 70358 INFO tempest.lib.common.dynamic_creds [-] Acquired dynamic creds: credentials: Credentials: {'domain_id': 'default', 'domain_name': 'Default', 'username': 'tempest-QuotaClassesAdminTestJSON-1010029387-project-admin', 'project_domain_id': 'default', 'project_domain_name': 'Default', 'project_id': '5a30f5021d524e84a6188f2dadb65553', 'project_name': 'tempest-QuotaClassesAdminTestJSON-1010029387', 'tenant_id': '5a30f5021d524e84a6188f2dadb65553', 'tenant_name': 'tempest-QuotaClassesAdminTestJSON-1010029387', 'user_domain_id': 'default', 'user_domain_name': 'Default', 'user_id': '1d5aa5466da34a5fb150cee4f8350ba7', 'system': None}, Network: None, Subnet: None, Router: None
2025-04-25 23:00:59.063 70358 INFO tempest.lib.common.dynamic_creds [-] Created isolated network resources for: credentials: Credentials: {'domain_id': 'default', 'domain_name': 'Default', 'username': 'tempest-QuotaClassesAdminTestJSON-1010029387-project-admin', 'project_domain_id': 'default', 'project_domain_name': 'Default', 'project_id': '5a30f5021d524e84a6188f2dadb65553', 'project_name': 'tempest-QuotaClassesAdminTestJSON-1010029387', 'tenant_id': '5a30f5021d524e84a6188f2dadb65553', 'tenant_name': 'tempest-QuotaClassesAdminTestJSON-1010029387', 'user_domain_id': 'default', 'user_domain_name': 'Default', 'user_id': '1d5aa5466da34a5fb150cee4f8350ba7', 'system': None}, Network: None, Subnet: None, Router: None
2025-04-25 23:00:59.121 70336 INFO tempest.lib.common.rest_client [req-93ed04a5-482a-4b5f-9d03-bd76ceadace7 req-93ed04a5-482a-4b5f-9d03-bd76ceadace7 ] Request (ServersAdmin275Test:setUpClass): 201 POST http://10.180.1.21/identity/v3/projects 0.166s
2025-04-25 23:00:59.122 70306 INFO tempest.lib.common.rest_client [req-ad76d79b-9f92-49bb-97d6-19be79026c72 req-ad76d79b-9f92-49bb-97d6-19be79026c72 ] Request (VolumesAssistedSnapshotsTest:test_volume_assisted_snapshot_create_delete): 202 POST http://10.180.1.21/volume/v3/volumes 0.528s
2025-04-25 23:00:59.175 70304 INFO tempest.lib.common.rest_client [req-c0669d28-419d-4a37-8fa4-a4a57df7b4bd req-c0669d28-419d-4a37-8fa4-a4a57df7b4bd ] Request (MultipleCreateNegativeTestJSON:tearDownClass): 201 POST http://10.180.1.21/identity/v3/auth/tokens 0.164s
2025-04-25 23:00:59.182 70310 INFO tempest.lib.common.rest_client [req-151ce0c0-2733-4c6c-8e3d-650cb8023110 req-151ce0c0-2733-4c6c-8e3d-650cb8023110 ] Request (ServersTestFqdnHostnames:setUpClass): 200 GET http://10.180.1.21/identity/v3/domains?name=Default 0.122s
2025-04-25 23:00:59.196 70306 INFO tempest.lib.common.rest_client [req-fba85282-f632-4d34-bd51-860fb9487136 req-fba85282-f632-4d34-bd51-860fb9487136 ] Request (VolumesAssistedSnapshotsTest:test_volume_assisted_snapshot_create_delete): 200 GET http://10.180.1.21/volume/v3/volumes/2036300e-6275-47c2-a95e-9e2fedd16fd5 0.065s
2025-04-25 23:00:59.229 70350 INFO tempest.lib.common.rest_client [req-f35514f5-b42e-4caf-9a90-ebd53e0f02e2 req-f35514f5-b42e-4caf-9a90-ebd53e0f02e2 ] Request (ServicesAdminTestJSON:tearDownClass): 200 GET http://10.180.1.21:9696/networking/v2.0/security-groups?tenant_id=31f450d99a3c4dda81a8623ff53c8126&name=default 0.347s
2025-04-25 23:00:59.244 70358 INFO tempest.lib.common.rest_client [req-aa37db5a-8108-40f5-ba17-278ff781a0c5 req-aa37db5a-8108-40f5-ba17-278ff781a0c5 ] Request (QuotaClassesAdminTestJSON:setUpClass): 201 POST http://10.180.1.21/identity/v3/auth/tokens 0.177s
2025-04-25 23:00:59.259 70336 INFO tempest.lib.common.rest_client [req-dab9c9d1-54aa-4d4a-85c3-11523bc6ea41 req-dab9c9d1-54aa-4d4a-85c3-11523bc6ea41 ] Request (ServersAdmin275Test:setUpClass): 201 POST http://10.180.1.21/identity/v3/users 0.138s
2025-04-25 23:00:59.270 70310 INFO tempest.lib.common.rest_client [req-0d342274-34a6-42cc-9a49-cfdac67cec4f req-0d342274-34a6-42cc-9a49-cfdac67cec4f ] Request (ServersTestFqdnHostnames:setUpClass): 201 POST http://10.180.1.21/identity/v3/projects 0.088s
2025-04-25 23:00:59.324 70336 INFO tempest.lib.common.rest_client [req-73801aa5-818a-4c19-b656-fd18a1a00e29 req-73801aa5-818a-4c19-b656-fd18a1a00e29 ] Request (ServersAdmin275Test:setUpClass): 200 GET http://10.180.1.21/identity/v3/roles 0.064s
2025-04-25 23:00:59.329 70326 INFO tempest.lib.common.rest_client [req-e20a6cb0-5589-4dbe-bd09-3e4a33fb2656 req-e20a6cb0-5589-4dbe-bd09-3e4a33fb2656 ] Request (ServerDiagnosticsNegativeTest:test_get_server_diagnostics_by_non_admin): 200 GET http://10.180.1.21/compute/v2.1/servers/01773af2-4ce2-4d2a-b334-ab99348000a5 1.508s
2025-04-25 23:00:59.337 70326 INFO tempest.common.waiters [-] State transition "BUILD/networking" ==> "BUILD/spawning" after 5 second wait
2025-04-25 23:00:59.357 70312 INFO tempest.lib.common.rest_client [req-0b309afd-23d3-49a1-9089-4c2354596683 req-0b309afd-23d3-49a1-9089-4c2354596683 ] Request (HypervisorAdminUnderV252Test:test_search_hypervisor): 200 GET http://10.180.1.21/compute/v2.1/os-hypervisors/domain-c8.fc996f14-c53b-4953-92e3-bdfa48f5cc28/search 1.515s
2025-04-25 23:00:59.364 70310 INFO tempest.lib.common.rest_client [req-582ac7cd-32d6-4f9c-8f7c-b4a4ead567c0 req-582ac7cd-32d6-4f9c-8f7c-b4a4ead567c0 ] Request (ServersTestFqdnHostnames:setUpClass): 201 POST http://10.180.1.21/identity/v3/users 0.093s
2025-04-25 23:00:59.369 70314 INFO tempest.lib.common.rest_client [req-19380676-4ff4-4526-84bd-15133830c18f req-19380676-4ff4-4526-84bd-15133830c18f ] Request (HostsAdminNegativeTestJSON:test_show_host_detail_with_non_admin_user): 403 GET http://10.180.1.21/compute/v2.1/os-hosts/devstack 1.510s
2025-04-25 23:00:59.385 70336 INFO tempest.lib.common.rest_client [req-9acdad9b-0c55-437f-a6b5-80186e04afb4 req-9acdad9b-0c55-437f-a6b5-80186e04afb4 ] Request (ServersAdmin275Test:setUpClass): 204 PUT http://10.180.1.21/identity/v3/projects/baf5344f4891411aa6638aa45d08173f/users/ebd7dacd2c3c4271ae993d0d54c38935/roles/aa49d330ab264427be144ca70aff2343 0.060s
2025-04-25 23:00:59.387 70342 INFO tempest.lib.common.rest_client [req-b06bc38a-a58b-416c-a30b-47d8c3f2ab24 req-b06bc38a-a58b-416c-a30b-47d8c3f2ab24 ] Request (HypervisorAdminTestJSON:test_get_hypervisor_stats): 200 GET http://10.180.1.21/compute/v2.1/os-hypervisors/statistics 1.492s
2025-04-25 23:00:59.404 70332 INFO tempest.lib.common.rest_client [req-a203a22b-5945-4497-bcb7-761c073ab3c8 req-a203a22b-5945-4497-bcb7-761c073ab3c8 ] Request (FlavorsExtraSpecsTestJSON:test_flavor_non_admin_get_specific_key): 200 GET http://10.180.1.21/compute/v2.1/flavors/2119189419/os-extra_specs/hw:numa_nodes 1.489s
2025-04-25 23:00:59.437 70310 INFO tempest.lib.common.rest_client [req-d6d12b3e-bf33-420b-9fdd-ab92f99181fb req-d6d12b3e-bf33-420b-9fdd-ab92f99181fb ] Request (ServersTestFqdnHostnames:setUpClass): 200 GET http://10.180.1.21/identity/v3/roles 0.072s
2025-04-25 23:00:59.454 70336 INFO tempest.lib.common.rest_client [req-cb041ef5-2c40-4868-81db-e0f46f76db87 req-cb041ef5-2c40-4868-81db-e0f46f76db87 ] Request (ServersAdmin275Test:setUpClass): 200 GET http://10.180.1.21/identity/v3/roles 0.069s
2025-04-25 23:00:59.463 70350 INFO tempest.lib.common.rest_client [req-1c0bd6c3-9879-43e6-991d-d748c6c9ffc8 req-1c0bd6c3-9879-43e6-991d-d748c6c9ffc8 ] Request (ServicesAdminTestJSON:tearDownClass): 204 DELETE http://10.180.1.21:9696/networking/v2.0/security-groups/dc758cc7-13a7-4ddd-b8e1-0cb2fd68b513 0.233s
2025-04-25 23:00:59.491 70312 INFO tempest.lib.common.rest_client [req-9c6a13e0-5f78-4630-b532-7f63355ab2d8 req-9c6a13e0-5f78-4630-b532-7f63355ab2d8 ] Request (HypervisorAdminUnderV252Test:tearDownClass): 204 DELETE http://10.180.1.21/identity/v3/users/a6bd48879b5e413a8432f76e85512dee 0.132s
2025-04-25 23:00:59.528 70330 INFO tempest.lib.common.rest_client [req-63045019-c8d0-46d9-9786-9811a13e0a96 req-63045019-c8d0-46d9-9786-9811a13e0a96 ] Request (FlavorMetadataValidation:tearDownClass): 200 GET http://10.180.1.21:9696/networking/v2.0/security-groups?tenant_id=2ecda4b5f0bc461ea3679dc478541643&name=default 0.626s
2025-04-25 23:00:59.542 70342 INFO tempest.lib.common.rest_client [req-2b6e0024-6caa-43f9-a7df-a1273448d7bb req-2b6e0024-6caa-43f9-a7df-a1273448d7bb ] Request (HypervisorAdminTestJSON:tearDownClass): 204 DELETE http://10.180.1.21/identity/v3/users/1d29d8a3bf08441fa9e0422bf5ff5fd4 0.152s
2025-04-25 23:00:59.549 70300 INFO tempest.lib.common.rest_client [req-871d56d4-da59-477b-a2ed-69707bf0d1a3 req-871d56d4-da59-477b-a2ed-69707bf0d1a3 ] Request (ImagesTestJSON:test_create_image_from_stopped_server): 200 GET http://10.180.1.21/compute/v2.1/servers/81d5a1b4-1398-4fca-b500-aa2a3dc41494 1.614s
2025-04-25 23:00:59.559 70328 INFO tempest.lib.common.rest_client [req-e3f5359b-6994-4d10-a5e9-90a3b1adc330 req-e3f5359b-6994-4d10-a5e9-90a3b1adc330 ] Request (HypervisorAdminNegativeTestJSON:test_get_hypervisor_uptime_with_non_admin_user): 403 GET http://10.180.1.21/compute/v2.1/os-hypervisors/1/uptime 1.470s
2025-04-25 23:00:59.576 70310 INFO tempest.lib.common.rest_client [req-181c8e98-5102-4306-b485-38d1c459708f req-181c8e98-5102-4306-b485-38d1c459708f ] Request (ServersTestFqdnHostnames:setUpClass): 204 PUT http://10.180.1.21/identity/v3/projects/4f57b434a8be4f14923fe65d0ed24a72/users/dfd17283a788463d821296e92ca93ef9/roles/295d2933538e4df792ec78734f1c3f38 0.138s
2025-04-25 23:00:59.576 70310 INFO tempest.lib.common.dynamic_creds [-] Dynamic test user dfd17283a788463d821296e92ca93ef9 is created with scope project and roles: ['member']
2025-04-25 23:00:59.577 70310 INFO tempest.lib.common.dynamic_creds [-] Acquired dynamic creds: credentials: Credentials: {'domain_id': 'default', 'domain_name': 'Default', 'username': 'tempest-ServersTestFqdnHostnames-357486929-project-member', 'project_domain_id': 'default', 'project_domain_name': 'Default', 'project_id': '4f57b434a8be4f14923fe65d0ed24a72', 'project_name': 'tempest-ServersTestFqdnHostnames-357486929', 'tenant_id': '4f57b434a8be4f14923fe65d0ed24a72', 'tenant_name': 'tempest-ServersTestFqdnHostnames-357486929', 'user_domain_id': 'default', 'user_domain_name': 'Default', 'user_id': 'dfd17283a788463d821296e92ca93ef9', 'system': None}, Network: None, Subnet: None, Router: None
2025-04-25 23:00:59.582 70352 INFO tempest.lib.common.rest_client [req-fbcde0ee-4098-484a-9122-953961af76f1 req-fbcde0ee-4098-484a-9122-953961af76f1 ] Request (ServicesAdminNegativeTestJSON:test_get_service_with_valid_service_and_invalid_host): 200 GET http://10.180.1.21/compute/v2.1/os-services 1.349s
2025-04-25 23:00:59.591 70324 INFO tempest.lib.common.rest_client [req-ba7a7d8e-9ac3-4eef-a944-944f12258db6 req-ba7a7d8e-9ac3-4eef-a944-944f12258db6 ] Request (ServersWithSpecificFlavorTestJSON:setUpClass): 201 POST http://10.180.1.21:9696/networking/v2.0/routers 0.933s
2025-04-25 23:00:59.645 70336 INFO tempest.lib.common.rest_client [req-aa2fbc74-113f-4d8b-a3c6-c5abd15354c5 req-aa2fbc74-113f-4d8b-a3c6-c5abd15354c5 ] Request (ServersAdmin275Test:setUpClass): 204 PUT http://10.180.1.21/identity/v3/projects/baf5344f4891411aa6638aa45d08173f/users/ebd7dacd2c3c4271ae993d0d54c38935/roles/aa49d330ab264427be144ca70aff2343 0.189s
2025-04-25 23:00:59.645 70336 INFO tempest.lib.common.dynamic_creds [-] Dynamic test user ebd7dacd2c3c4271ae993d0d54c38935 is created with scope project and roles: ['admin']
