2025-04-25 23:01:54.542 70340 INFO tempest.lib.common.rest_client [req-842659e8-83dd-4be8-8053-df4b8c2d772c req-842659e8-83dd-4be8-8053-df4b8c2d772c ] Request (DeleteServersAdminTestJSON:test_delete_server_while_in_error_state): 200 GET http://10.180.1.21/compute/v2.1/servers/7cf7f0a9-8240-4e78-b5d4-b1eb1da60764 1.203s
2025-04-25 23:01:54.555 70318 INFO tempest.lib.common.rest_client [req-c9970431-ae36-44ba-8d05-b0b2eb250416 req-c9970431-ae36-44ba-8d05-b0b2eb250416 ] Request (ServerDiagnosticsV248Test:tearDownClass): 200 GET http://10.180.1.21:9696/networking/v2.0/security-groups?tenant_id=c4ff65284edd4bd1a16761fbd7a987eb&name=default 0.396s
2025-04-25 23:01:54.579 70320 INFO tempest.lib.common.rest_client [req-5b049045-8ff7-4e83-ae32-aefb6ffd1b69 req-5b049045-8ff7-4e83-ae32-aefb6ffd1b69 ] Request (FlavorsAdminTestJSON:_run_cleanups): 202 DELETE http://10.180.1.21/compute/v2.1/flavors/8970158 1.149s
2025-04-25 23:01:54.589 70342 INFO tempest.lib.common.rest_client [req-63275e98-b8cc-4739-b1b1-69fef640c5ad req-63275e98-b8cc-4739-b1b1-69fef640c5ad ] Request (ServerPasswordTestJSON:setUpClass): 200 GET http://10.180.1.21/compute/v2.1/servers/c4335d00-29a3-4f2e-b826-1a78ef02e0bf 1.168s
2025-04-25 23:01:54.599 70342 INFO tempest.common.waiters [-] State transition "BUILD/scheduling" ==> "BUILD/None" after 5 second wait
2025-04-25 23:01:54.606 70358 INFO tempest.lib.common.rest_client [req-f2a6fc90-d1cb-4b0a-892e-0df8ed710613 req-f2a6fc90-d1cb-4b0a-892e-0df8ed710613 ] Request (KeyPairsV2TestJSON:test_keypairs_create_list_delete): 200 GET http://10.180.1.21/compute/v2.1/os-keypairs 1.050s
2025-04-25 23:01:54.674 70356 INFO tempest.lib.common.rest_client [req-8ba4a1ce-53c4-4ac8-a5c8-8423dd74a80a req-8ba4a1ce-53c4-4ac8-a5c8-8423dd74a80a ] Request (ServerActionsV293TestJSON:setUpClass): 201 POST http://10.180.1.21:9696/networking/v2.0/routers 1.388s
2025-04-25 23:01:54.675 70316 INFO tempest.lib.common.rest_client [req-15f047f9-c672-4a1e-b288-8a0a6216835a req-15f047f9-c672-4a1e-b288-8a0a6216835a ] Request (FloatingIPsNegativeTestJSON:test_delete_nonexistent_floating_ip): 404 DELETE http://10.180.1.21/compute/v2.1/os-floating-ips/7b849ac4-5ba0-4227-bc3a-c0f08adc5f19 1.071s
2025-04-25 23:01:54.690 70308 INFO tempest.lib.common.rest_client [req-4bc506cb-3482-4c64-992a-dbbc300ee0d1 req-4bc506cb-3482-4c64-992a-dbbc300ee0d1 ] Request (AggregatesAdminNegativeTestJSON:tearDownClass): 204 DELETE http://10.180.1.21/identity/v3/users/6db7ea34405f4510815f3d4163546c0e 0.198s
2025-04-25 23:01:54.728 70332 INFO tempest.lib.common.rest_client [req-b2f68461-8731-492a-9492-60ff5e23b6c4 req-b2f68461-8731-492a-9492-60ff5e23b6c4 ] Request (SecurityGroupRulesNegativeTestJSON:setUpClass): 200 PUT http://10.180.1.21:9696/networking/v2.0/routers/277fbf7b-5952-48e8-a06a-0590ec4dba7f/add_router_interface 1.942s
2025-04-25 23:01:54.728 70332 INFO tempest.lib.common.dynamic_creds [-] Created isolated network resources for: credentials: Credentials: {'domain_id': 'default', 'domain_name': 'Default', 'username': 'tempest-SecurityGroupRulesNegativeTestJSON-8862349-project-member', 'project_domain_id': 'default', 'project_domain_name': 'Default', 'project_id': '61cb4d99c2a94e38aae4904f024600ae', 'project_name': 'tempest-SecurityGroupRulesNegativeTestJSON-8862349', 'tenant_id': '61cb4d99c2a94e38aae4904f024600ae', 'tenant_name': 'tempest-SecurityGroupRulesNegativeTestJSON-8862349', 'user_domain_id': 'default', 'user_domain_name': 'Default', 'user_id': 'ea0d6ca2d03145a691f535529504feaf', 'system': None}, Network: {'id': 'c8a1a7d1-2b5b-40df-a9c9-7f67fe3352b2', 'name': 'tempest-SecurityGroupRulesNegativeTestJSON-692600465-network', 'tenant_id': '61cb4d99c2a94e38aae4904f024600ae', 'admin_state_up': True, 'mtu': 8950, 'status': 'ACTIVE', 'subnets': [], 'shared': False, 'project_id': '61cb4d99c2a94e38aae4904f024600ae', 'port_security_enabled': True, 'router:external': False, 'provider:network_type': 'vlan', 'provider:physical_network': 'default', 'provider:segmentation_id': 526, 'availability_zone_hints': [], 'availability_zones': [], 'ipv4_address_scope': None, 'ipv6_address_scope': None, 'description': '', 'tags': [], 'created_at': '2025-04-25T23:01:50Z', 'updated_at': '2025-04-25T23:01:50Z', 'revision_number': 1}, Subnet: {'id': '5e11e7ef-e6bf-4078-a5ce-eedf26b2dc32', 'name': 'tempest-SecurityGroupRulesNegativeTestJSON-692600465-subnet', 'tenant_id': '61cb4d99c2a94e38aae4904f024600ae', 'network_id': 'c8a1a7d1-2b5b-40df-a9c9-7f67fe3352b2', 'ip_version': 4, 'subnetpool_id': None, 'enable_dhcp': True, 'ipv6_ra_mode': None, 'ipv6_address_mode': None, 'gateway_ip': '192.168.128.1', 'cidr': '192.168.128.0/28', 'allocation_pools': [{'start': '192.168.128.2', 'end': '192.168.128.14'}], 'host_routes': [], 'dns_nameservers': [], 'description': '', 'router:external': False, 'service_types': [], 'tags': [], 'created_at': '2025-04-25T23:01:50Z', 'updated_at': '2025-04-25T23:01:50Z', 'revision_number': 0, 'project_id': '61cb4d99c2a94e38aae4904f024600ae'}, Router: {'id': '277fbf7b-5952-48e8-a06a-0590ec4dba7f', 'name': 'tempest-SecurityGroupRulesNegativeTestJSON-692600465-router', 'tenant_id': '61cb4d99c2a94e38aae4904f024600ae', 'admin_state_up': True, 'status': 'ACTIVE', 'external_gateway_info': {'network_id': '783c1498-5882-46bf-8ab1-02430ccaa6ea', 'external_fixed_ips': [{'subnet_id': 'ebae80c9-2ad5-48ae-8351-41532eaff313', 'ip_address': '10.180.180.230'}], 'enable_snat': True}, 'description': '', 'availability_zones': [], 'distributed': False, 'ha': False, 'availability_zone_hints': [], 'routes': [], 'flavor_id': None, 'tags': [], 'created_at': '2025-04-25T23:01:50Z', 'updated_at': '2025-04-25T23:01:51Z', 'revision_number': 2, 'project_id': '61cb4d99c2a94e38aae4904f024600ae'}
2025-04-25 23:01:54.801 70304 INFO tempest.lib.common.rest_client [req-beb6cd50-5b0e-40de-9f15-c8543b9b3736 req-beb6cd50-5b0e-40de-9f15-c8543b9b3736 ] Request (ServerAddressesNegativeTestJSON:tearDownClass): 200 GET http://10.180.1.21/compute/v2.1/servers/a0b4a0b0-748d-46eb-9e39-3f21e394c090 0.876s
2025-04-25 23:01:54.859 70308 INFO tempest.lib.common.rest_client [req-fcc20a3e-1aaa-45a4-954a-38332531bdc9 req-fcc20a3e-1aaa-45a4-954a-38332531bdc9 ] Request (AggregatesAdminNegativeTestJSON:tearDownClass): 204 DELETE http://10.180.1.21/identity/v3/users/dad8d8c4e3bb474d8fb52f19afd1cc96 0.168s
2025-04-25 23:01:54.859 70308 INFO tempest.lib.common.dynamic_creds [-] Deleting project and security group for project: 1875ebfa54af4c51aa308841d0a25aa1
2025-04-25 23:01:54.879 70332 INFO tempest.lib.common.rest_client [req-b2763623-cb7b-4bdd-849c-f5f03e42ce52 req-b2763623-cb7b-4bdd-849c-f5f03e42ce52 ] Request (SecurityGroupRulesNegativeTestJSON:setUpClass): 201 POST http://10.180.1.21/identity/v3/auth/tokens 0.147s
2025-04-25 23:01:54.949 70308 INFO tempest.lib.common.rest_client [req-17badf3a-3c9f-4554-a5b1-30cbcfd55476 req-17badf3a-3c9f-4554-a5b1-30cbcfd55476 ] Request (AggregatesAdminNegativeTestJSON:tearDownClass): 201 POST http://10.180.1.21/identity/v3/auth/tokens 0.089s
2025-04-25 23:01:54.973 70352 INFO tempest.lib.common.rest_client [req-eef32b79-787f-4bfc-9776-c3f861f8a22a req-eef32b79-787f-4bfc-9776-c3f861f8a22a ] Request (AttachVolumeTestJSON:test_attach_detach_volume): 200 GET http://10.180.1.21/compute/v2.1/servers/08ce6bc8-30fe-4c63-80e1-26c84ae75702/os-interface 1.496s
2025-04-25 23:01:55.118 70334 INFO tempest.lib.common.rest_client [req-20733316-6736-4f93-b005-8d6c8865c32d req-20733316-6736-4f93-b005-8d6c8865c32d ] Request (ServerMetadataNegativeTestJSON:setUpClass): 200 GET http://10.180.1.21/compute/v2.1/servers/f53cb08c-0939-4cb1-8476-8b289d6a1b05 1.065s
2025-04-25 23:01:55.126 70334 INFO tempest.common.waiters [-] State transition "BUILD/scheduling" ==> "BUILD/None" after 6 second wait
2025-04-25 23:01:55.136 70336 INFO tempest.lib.common.rest_client [req-25cd7993-eb8f-436c-b0b8-b2eb38a361b6 req-25cd7993-eb8f-436c-b0b8-b2eb38a361b6 ] Request (ServersAdmin275Test:tearDownClass): 200 GET http://10.180.1.21/compute/v2.1/servers/b0b825d4-534d-4d54-a0c4-b9e507726c47 1.103s
2025-04-25 23:01:55.162 70322 INFO tempest.lib.common.rest_client [req-88feabe8-5321-4ad5-a9ef-bc09a9f90177 req-88feabe8-5321-4ad5-a9ef-bc09a9f90177 ] Request (SecurityGroupsNegativeTestJSON:setUpClass): 201 POST http://10.180.1.21:9696/networking/v2.0/networks 0.808s
2025-04-25 23:01:55.188 70312 INFO tempest.lib.common.rest_client [req-4472f266-3c11-40c5-a247-57c4af7e85c7 req-4472f266-3c11-40c5-a247-57c4af7e85c7 ] Request (ImagesOneServerTestJSON:test_create_delete_image): 200 GET http://10.180.1.21/compute/v2.1/images/ef5754c9-6b33-4609-bfbc-a01eecd8d813 1.069s
2025-04-25 23:01:55.194 70318 INFO tempest.lib.common.rest_client [req-84375066-2d68-4e91-9861-9b47a10ada74 req-84375066-2d68-4e91-9861-9b47a10ada74 ] Request (ServerDiagnosticsV248Test:tearDownClass): 204 DELETE http://10.180.1.21:9696/networking/v2.0/security-groups/c7a064d6-7a17-415d-869a-56ff8b6b6dd1 0.638s
2025-04-25 23:01:55.293 70318 INFO tempest.lib.common.rest_client [req-b01c6926-336f-4bc3-abed-edd650f36961 req-b01c6926-336f-4bc3-abed-edd650f36961 ] Request (ServerDiagnosticsV248Test:tearDownClass): 204 DELETE http://10.180.1.21/identity/v3/projects/c4ff65284edd4bd1a16761fbd7a987eb 0.098s
2025-04-25 23:01:55.294 70318 INFO tempest.test [-] raised in UnshelveToHostMultiNodesTest.setUpClass. Invoking tearDownClass.
2025-04-25 23:01:55.343 70338 INFO tempest.lib.common.rest_client [req-f13be7de-cc3a-49bf-8416-6b63e515270c req-f13be7de-cc3a-49bf-8416-6b63e515270c ] Request (ServersTestBootFromVolume:setUpClass): 200 GET http://10.180.1.21/volume/v3/volumes/1e88bef3-79b2-4977-918f-5c3ee9732e62 0.188s
2025-04-25 23:01:55.384 70318 INFO tempest.lib.common.rest_client [req-4939cbf7-f0e0-40c5-a04b-076f9a49b6cc req-4939cbf7-f0e0-40c5-a04b-076f9a49b6cc ] Request (KeyPairsNegativeTestJSON:setUpClass): 201 POST http://10.180.1.21/identity/v3/auth/tokens 0.087s
2025-04-25 23:01:55.394 70308 INFO tempest.lib.common.rest_client [req-7207377c-24f7-4f5c-93af-35a40e43dea6 req-7207377c-24f7-4f5c-93af-35a40e43dea6 ] Request (AggregatesAdminNegativeTestJSON:tearDownClass): 200 GET http://10.180.1.21:9696/networking/v2.0/security-groups?tenant_id=1875ebfa54af4c51aa308841d0a25aa1&name=default 0.444s
2025-04-25 23:01:55.423 70318 INFO tempest.lib.common.rest_client [req-5ad181ca-4338-4af5-8bcb-885dce393f8f req-5ad181ca-4338-4af5-8bcb-885dce393f8f ] Request (KeyPairsNegativeTestJSON:setUpClass): 201 POST http://10.180.1.21/identity/v3/auth/tokens 0.036s
2025-04-25 23:01:55.453 70318 INFO tempest.lib.common.rest_client [req-c0630bc5-2d94-404f-bc93-2b65a8405bee req-c0630bc5-2d94-404f-bc93-2b65a8405bee ] Request (KeyPairsNegativeTestJSON:setUpClass): 200 GET http://10.180.1.21/identity/v3/domains?name=Default 0.029s
2025-04-25 23:01:55.488 70318 INFO tempest.lib.common.rest_client [req-82539d63-4996-4ee5-9348-be7ee95c447a req-82539d63-4996-4ee5-9348-be7ee95c447a ] Request (KeyPairsNegativeTestJSON:setUpClass): 201 POST http://10.180.1.21/identity/v3/projects 0.034s
2025-04-25 23:01:55.543 70302 INFO tempest.lib.common.rest_client [req-d18b48e2-7556-45a4-9e19-5419ee46380f req-d18b48e2-7556-45a4-9e19-5419ee46380f ] Request (InstanceActionsV221TestJSON:test_get_list_deleted_instance_actions): 200 GET http://10.180.1.21/compute/v2.1/servers/0f89d49e-d26c-4d5d-90d7-6f0bf3d67468 1.451s
2025-04-25 23:01:55.570 70308 INFO tempest.lib.common.rest_client [req-8f340dc4-536f-4d17-9030-d2989bf96e6f req-8f340dc4-536f-4d17-9030-d2989bf96e6f ] Request (AggregatesAdminNegativeTestJSON:tearDownClass): 204 DELETE http://10.180.1.21:9696/networking/v2.0/security-groups/ae41ede1-4729-4949-ad7f-b07078fa7022 0.175s
2025-04-25 23:01:55.579 70354 INFO tempest.lib.common.rest_client [req-86a29e42-a675-47b6-bc10-7ab0d5c826f4 req-86a29e42-a675-47b6-bc10-7ab0d5c826f4 ] Request (InstanceActionsNegativeTestJSON:tearDownClass): 200 GET http://10.180.1.21/compute/v2.1/servers/372e5569-8824-4841-b3d6-4b07423c7b3d 1.449s
2025-04-25 23:01:55.582 70318 INFO tempest.lib.common.rest_client [req-940f9032-f6c0-4a35-8718-6f3a90985d2f req-940f9032-f6c0-4a35-8718-6f3a90985d2f ] Request (KeyPairsNegativeTestJSON:setUpClass): 201 POST http://10.180.1.21/identity/v3/users 0.093s
2025-04-25 23:01:55.609 70318 INFO tempest.lib.common.rest_client [req-deea24f6-17d1-44d1-a824-ab6496f930be req-deea24f6-17d1-44d1-a824-ab6496f930be ] Request (KeyPairsNegativeTestJSON:setUpClass): 200 GET http://10.180.1.21/identity/v3/roles 0.026s
2025-04-25 23:01:55.640 70322 INFO tempest.lib.common.rest_client [req-cfe4593c-ef78-491b-ac19-8c556a53f91b req-cfe4593c-ef78-491b-ac19-8c556a53f91b ] Request (SecurityGroupsNegativeTestJSON:setUpClass): 201 POST http://10.180.1.21:9696/networking/v2.0/subnets 0.477s
2025-04-25 23:01:55.647 70318 INFO tempest.lib.common.rest_client [req-a351b651-4c63-4737-9a5a-992fb4f8b941 req-a351b651-4c63-4737-9a5a-992fb4f8b941 ] Request (KeyPairsNegativeTestJSON:setUpClass): 204 PUT http://10.180.1.21/identity/v3/projects/02b0c7c4982846dbaaa22b2470cc0162/users/edd5c68a4fa94a2ba6648668826e4ca6/roles/295d2933538e4df792ec78734f1c3f38 0.037s
2025-04-25 23:01:55.647 70318 INFO tempest.lib.common.dynamic_creds [-] Dynamic test user edd5c68a4fa94a2ba6648668826e4ca6 is created with scope project and roles: ['member']
2025-04-25 23:01:55.647 70318 INFO tempest.lib.common.dynamic_creds [-] Acquired dynamic creds: credentials: Credentials: {'domain_id': 'default', 'domain_name': 'Default', 'username': 'tempest-KeyPairsNegativeTestJSON-1703425050-project-member', 'project_domain_id': 'default', 'project_domain_name': 'Default', 'project_id': '02b0c7c4982846dbaaa22b2470cc0162', 'project_name': 'tempest-KeyPairsNegativeTestJSON-1703425050', 'tenant_id': '02b0c7c4982846dbaaa22b2470cc0162', 'tenant_name': 'tempest-KeyPairsNegativeTestJSON-1703425050', 'user_domain_id': 'default', 'user_domain_name': 'Default', 'user_id': 'edd5c68a4fa94a2ba6648668826e4ca6', 'system': None}, Network: None, Subnet: None, Router: None
2025-04-25 23:01:55.647 70318 INFO tempest.lib.common.dynamic_creds [-] Created isolated network resources for: credentials: Credentials: {'domain_id': 'default', 'domain_name': 'Default', 'username': 'tempest-KeyPairsNegativeTestJSON-1703425050-project-member', 'project_domain_id': 'default', 'project_domain_name': 'Default', 'project_id': '02b0c7c4982846dbaaa22b2470cc0162', 'project_name': 'tempest-KeyPairsNegativeTestJSON-1703425050', 'tenant_id': '02b0c7c4982846dbaaa22b2470cc0162', 'tenant_name': 'tempest-KeyPairsNegativeTestJSON-1703425050', 'user_domain_id': 'default', 'user_domain_name': 'Default', 'user_id': 'edd5c68a4fa94a2ba6648668826e4ca6', 'system': None}, Network: None, Subnet: None, Router: None
2025-04-25 23:01:55.678 70308 INFO tempest.lib.common.rest_client [req-2bb0a752-c335-4b02-a897-41cc7762d8ae req-2bb0a752-c335-4b02-a897-41cc7762d8ae ] Request (AggregatesAdminNegativeTestJSON:tearDownClass): 204 DELETE http://10.180.1.21/identity/v3/projects/1875ebfa54af4c51aa308841d0a25aa1 0.108s
2025-04-25 23:01:55.678 70308 INFO tempest.lib.common.dynamic_creds [-] Deleting project and security group for project: 9e077171af7e422f8939ce59cefe2ac1
2025-04-25 23:01:55.705 70346 INFO tempest.lib.common.rest_client [req-09d551bd-ce4a-4cb7-b3d9-962f343dabc8 req-09d551bd-ce4a-4cb7-b3d9-962f343dabc8 ] Request (ServersAdminTestJSON:test_create_server_with_scheduling_hint): 200 GET http://10.180.1.21/compute/v2.1/servers/0caa6acd-29d4-43ee-8b32-5149462dfc1c 1.475s
2025-04-25 23:01:55.744 70318 INFO tempest.lib.common.rest_client [req-4715a28f-a547-40fc-8c27-453681c8e121 req-4715a28f-a547-40fc-8c27-453681c8e121 ] Request (KeyPairsNegativeTestJSON:setUpClass): 201 POST http://10.180.1.21/identity/v3/auth/tokens 0.092s
2025-04-25 23:01:55.816 70326 INFO tempest.lib.common.rest_client [req-a4ac8c34-7b72-4978-9187-32a2fc5867fd req-a4ac8c34-7b72-4978-9187-32a2fc5867fd ] Request (ImagesOneServerNegativeTestJSON:setUpClass): 200 GET http://10.180.1.21/compute/v2.1/servers/832a38c8-ed3a-460b-91bd-0138d2f2d03d 1.479s
2025-04-25 23:01:55.921 70350 INFO tempest.lib.common.rest_client [req-80c31b81-cb4e-4d7f-83b6-2f2477333006 req-80c31b81-cb4e-4d7f-83b6-2f2477333006 ] Request (ServerActionsTestJSON:setUpClass): 200 GET http://10.180.1.21/compute/v2.1/servers/8adadb2e-2a20-45b1-bed8-34e09df25f39 1.558s
2025-04-25 23:01:56.014 70310 WARNING tempest.lib.common.ssh [-] Failed to establish authenticated ssh connection to cirros@10.180.180.229 ([Errno None] Unable to connect to port 22 on 10.180.180.229). Number attempts: 4. Retry after 5 seconds.: paramiko.ssh_exception.NoValidConnectionsError: [Errno None] Unable to connect to port 22 on 10.180.180.229
2025-04-25 23:01:56.047 70308 INFO tempest.lib.common.rest_client [req-00b2ded2-9627-4da9-a3a0-bdced78af3e6 req-00b2ded2-9627-4da9-a3a0-bdced78af3e6 ] Request (AggregatesAdminNegativeTestJSON:tearDownClass): 200 GET http://10.180.1.21:9696/networking/v2.0/security-groups?tenant_id=9e077171af7e422f8939ce59cefe2ac1&name=default 0.368s
2025-04-25 23:01:56.059 70306 WARNING tempest.lib.common.ssh [-] Failed to establish authenticated ssh connection to cirros@10.180.180.244 ([Errno None] Unable to connect to port 22 on 10.180.180.244). Number attempts: 4. Retry after 5 seconds.: paramiko.ssh_exception.NoValidConnectionsError: [Errno None] Unable to connect to port 22 on 10.180.180.244
2025-04-25 23:01:56.143 70296 INFO tempest.lib.common.rest_client [req-7f81c2e4-dc99-440a-b746-eebe18dfe7fc req-7f81c2e4-dc99-440a-b746-eebe18dfe7fc ] Request (DeleteServersTestJSON:test_delete_active_server): 200 GET http://10.180.1.21/compute/v2.1/servers/d885ddf7-6ec6-46b8-8fd1-7ca7e6a37456 1.903s
2025-04-25 23:01:56.224 70330 INFO tempest.lib.common.rest_client [req-d9e1cdd3-b897-498b-bbd4-9e2c41768de0 req-d9e1cdd3-b897-498b-bbd4-9e2c41768de0 ] Request (ServersV294TestFqdnHostnames:setUpClass): 200 GET http://10.180.1.21/compute/v2.1/servers/3501a6fc-f090-4098-8f63-57a97bd61f1b 1.854s
2025-04-25 23:01:56.260 70328 INFO tempest.lib.common.rest_client [req-bb2a9dfb-caa7-49dc-b8b2-f61491aac8ec req-bb2a9dfb-caa7-49dc-b8b2-f61491aac8ec ] Request (FloatingIPsAssociationTestJSON:test_associate_already_associated_floating_ip): 200 GET http://10.180.1.21/compute/v2.1/servers/50ce7a0c-aa80-4816-b84e-d8ff7b10fffb 1.739s
2025-04-25 23:01:56.308 70320 INFO tempest.lib.common.rest_client [req-7c9299de-b2a1-43e5-a75a-ebe4c21c7bf0 req-7c9299de-b2a1-43e5-a75a-ebe4c21c7bf0 ] Request (FlavorsAdminTestJSON:_run_cleanups): 200 GET http://10.180.1.21/compute/v2.1/flavors/detail 1.728s
2025-04-25 23:01:56.330 70358 INFO tempest.lib.common.rest_client [req-36314e4b-319e-46c0-b2bd-ee354bc91401 req-36314e4b-319e-46c0-b2bd-ee354bc91401 ] Request (KeyPairsV2TestJSON:_run_cleanups): 202 DELETE http://10.180.1.21/compute/v2.1/os-keypairs/tempest-KeyPairsV2TestJSON-keypair-747365843 1.722s
2025-04-25 23:01:56.333 70308 INFO tempest.lib.common.rest_client [req-0261641a-ace0-47ea-8485-30aedfd4b661 req-0261641a-ace0-47ea-8485-30aedfd4b661 ] Request (AggregatesAdminNegativeTestJSON:tearDownClass): 204 DELETE http://10.180.1.21:9696/networking/v2.0/security-groups/a8eca74c-5997-40ae-85ff-14567a62529f 0.286s
2025-04-25 23:01:56.346 70300 INFO tempest.lib.common.rest_client [req-de2b9761-aa1b-4b52-b7ec-2068958948a6 req-de2b9761-aa1b-4b52-b7ec-2068958948a6 ] Request (ImagesTestJSON:test_create_image_from_suspended_server): 200 GET http://10.180.1.21/compute/v2.1/servers/1c45f085-0eb5-4edc-b5aa-9d5c53aca1e0 1.792s
2025-04-25 23:01:56.385 70338 INFO tempest.lib.common.rest_client [req-0a0b7630-0db1-4ccf-a2c0-1b8c55664212 req-0a0b7630-0db1-4ccf-a2c0-1b8c55664212 ] Request (ServersTestBootFromVolume:setUpClass): 200 GET http://10.180.1.21/volume/v3/volumes/1e88bef3-79b2-4977-918f-5c3ee9732e62 0.034s
2025-04-25 23:01:56.436 70298 INFO tempest.lib.common.rest_client [req-025f7e0d-c01a-410c-9372-807cb37208ac req-025f7e0d-c01a-410c-9372-807cb37208ac ] Request (FloatingIPDetailsTestJSON:setUpClass): 201 POST http://10.180.1.21:9696/networking/v2.0/routers 3.075s
2025-04-25 23:01:56.511 70308 INFO tempest.lib.common.rest_client [req-5d9373f9-6f11-4cef-b687-2e1e6a4ae2b6 req-5d9373f9-6f11-4cef-b687-2e1e6a4ae2b6 ] Request (AggregatesAdminNegativeTestJSON:tearDownClass): 204 DELETE http://10.180.1.21/identity/v3/projects/9e077171af7e422f8939ce59cefe2ac1 0.177s
2025-04-25 23:01:56.588 70308 INFO tempest.lib.common.rest_client [req-97f1b463-c099-4729-a9d1-65e080c2e105 req-97f1b463-c099-4729-a9d1-65e080c2e105 ] Request (QuotasAdminNegativeTest:setUpClass): 201 POST http://10.180.1.21/identity/v3/auth/tokens 0.075s
2025-04-25 23:01:56.634 70308 INFO tempest.lib.common.rest_client [req-3785e31e-84b5-4bc1-ac06-7a0bdfb766b9 req-3785e31e-84b5-4bc1-ac06-7a0bdfb766b9 ] Request (QuotasAdminNegativeTest:setUpClass): 201 POST http://10.180.1.21/identity/v3/auth/tokens 0.042s
2025-04-25 23:01:56.641 70314 INFO tempest.lib.common.rest_client [req-c2404846-bcf5-4149-b5a2-f02bbd14dbfe req-c2404846-bcf5-4149-b5a2-f02bbd14dbfe ] Request (MigrationsAdminTest:test_list_migrations_in_flavor_resize_situation): 200 GET http://10.180.1.21/compute/v2.1/servers/4b5750d4-98ec-4c70-b214-fad97060b606 1.243s
2025-04-25 23:01:56.670 70308 INFO tempest.lib.common.rest_client [req-758bae52-6f3f-4c00-b16d-7799b0e97886 req-758bae52-6f3f-4c00-b16d-7799b0e97886 ] Request (QuotasAdminNegativeTest:setUpClass): 200 GET http://10.180.1.21/identity/v3/domains?name=Default 0.036s
2025-04-25 23:01:56.716 70308 INFO tempest.lib.common.rest_client [req-b25433ac-3d6f-46ad-9e1c-c11837b83391 req-b25433ac-3d6f-46ad-9e1c-c11837b83391 ] Request (QuotasAdminNegativeTest:setUpClass): 201 POST http://10.180.1.21/identity/v3/projects 0.045s
2025-04-25 23:01:56.757 70324 INFO tempest.lib.common.rest_client [req-bc43074e-745d-4e81-8ba4-81da792a575f req-bc43074e-745d-4e81-8ba4-81da792a575f ] Request (ServersWithSpecificFlavorTestJSON:test_verify_created_server_ephemeral_disk): 200 GET http://10.180.1.21/compute/v2.1/servers/301b30f6-9909-4fc9-8721-88a314e4edb4 1.289s
2025-04-25 23:01:56.766 70324 INFO tempest.common.waiters [-] State transition "BUILD/None" ==> "BUILD/block_device_mapping" after 20 second wait
2025-04-25 23:01:56.803 70308 INFO tempest.lib.common.rest_client [req-aad91061-f84c-46e7-8df5-891ef5f0bb89 req-aad91061-f84c-46e7-8df5-891ef5f0bb89 ] Request (QuotasAdminNegativeTest:setUpClass): 201 POST http://10.180.1.21/identity/v3/users 0.086s
2025-04-25 23:01:56.833 70308 INFO tempest.lib.common.rest_client [req-c83159b5-53c7-480d-8beb-bbf1b3d00a7d req-c83159b5-53c7-480d-8beb-bbf1b3d00a7d ] Request (QuotasAdminNegativeTest:setUpClass): 200 GET http://10.180.1.21/identity/v3/roles 0.030s
2025-04-25 23:01:56.857 70340 INFO tempest.lib.common.rest_client [req-921bae8e-e708-4ca0-b7db-de33d6a6514a req-921bae8e-e708-4ca0-b7db-de33d6a6514a ] Request (DeleteServersAdminTestJSON:test_delete_server_while_in_error_state): 200 GET http://10.180.1.21/compute/v2.1/servers/7cf7f0a9-8240-4e78-b5d4-b1eb1da60764 1.301s
2025-04-25 23:01:56.870 70308 INFO tempest.lib.common.rest_client [req-10413ac2-3ad7-496c-8fb2-89203a6e1273 req-10413ac2-3ad7-496c-8fb2-89203a6e1273 ] Request (QuotasAdminNegativeTest:setUpClass): 204 PUT http://10.180.1.21/identity/v3/projects/5f5f525a93a2431cbd91dd462f2fda71/users/e16eb7535b644102b2f7b3443aac748a/roles/295d2933538e4df792ec78734f1c3f38 0.037s
2025-04-25 23:01:56.870 70308 INFO tempest.lib.common.dynamic_creds [-] Dynamic test user e16eb7535b644102b2f7b3443aac748a is created with scope project and roles: ['member']
2025-04-25 23:01:56.871 70308 INFO tempest.lib.common.dynamic_creds [-] Acquired dynamic creds: credentials: Credentials: {'domain_id': 'default', 'domain_name': 'Default', 'username': 'tempest-QuotasAdminNegativeTest-1684943789-project-member', 'project_domain_id': 'default', 'project_domain_name': 'Default', 'project_id': '5f5f525a93a2431cbd91dd462f2fda71', 'project_name': 'tempest-QuotasAdminNegativeTest-1684943789', 'tenant_id': '5f5f525a93a2431cbd91dd462f2fda71', 'tenant_name': 'tempest-QuotasAdminNegativeTest-1684943789', 'user_domain_id': 'default', 'user_domain_name': 'Default', 'user_id': 'e16eb7535b644102b2f7b3443aac748a', 'system': None}, Network: None, Subnet: None, Router: None
2025-04-25 23:01:56.871 70308 INFO tempest.lib.common.dynamic_creds [-] Created isolated network resources for: credentials: Credentials: {'domain_id': 'default', 'domain_name': 'Default', 'username': 'tempest-QuotasAdminNegativeTest-1684943789-project-member', 'project_domain_id': 'default', 'project_domain_name': 'Default', 'project_id': '5f5f525a93a2431cbd91dd462f2fda71', 'project_name': 'tempest-QuotasAdminNegativeTest-1684943789', 'tenant_id': '5f5f525a93a2431cbd91dd462f2fda71', 'tenant_name': 'tempest-QuotasAdminNegativeTest-1684943789', 'user_domain_id': 'default', 'user_domain_name': 'Default', 'user_id': 'e16eb7535b644102b2f7b3443aac748a', 'system': None}, Network: None, Subnet: None, Router: None
2025-04-25 23:01:56.880 70332 INFO tempest.lib.common.rest_client [req-72c2289e-319c-46e4-8564-e4440c15467f req-72c2289e-319c-46e4-8564-e4440c15467f ] Request (SecurityGroupRulesNegativeTestJSON:test_create_security_group_rule_duplicate): 200 POST http://10.180.1.21/compute/v2.1/os-security-groups 1.999s
2025-04-25 23:01:56.935 70342 INFO tempest.lib.common.rest_client [req-6773f8f8-039c-422a-becb-617f8c3d1913 req-6773f8f8-039c-422a-becb-617f8c3d1913 ] Request (ServerPasswordTestJSON:setUpClass): 200 GET http://10.180.1.21/compute/v2.1/servers/c4335d00-29a3-4f2e-b826-1a78ef02e0bf 1.335s
2025-04-25 23:01:56.968 70308 INFO tempest.lib.common.rest_client [req-f8633bef-a80b-414c-bfd2-726ec0bbdde5 req-f8633bef-a80b-414c-bfd2-726ec0bbdde5 ] Request (QuotasAdminNegativeTest:setUpClass): 201 POST http://10.180.1.21/identity/v3/auth/tokens 0.094s
2025-04-25 23:01:57.027 70318 INFO tempest.lib.common.rest_client [req-47ce6249-ff98-4410-bc4b-3eceb2403ca6 req-47ce6249-ff98-4410-bc4b-3eceb2403ca6 ] Request (KeyPairsNegativeTestJSON:test_create_keypair_invalid_name): 400 POST http://10.180.1.21/compute/v2.1/os-keypairs 1.277s
2025-04-25 23:01:57.062 70308 INFO tempest.lib.common.rest_client [req-2bf4ab1a-4596-4683-8066-259bb2ae83bb req-2bf4ab1a-4596-4683-8066-259bb2ae83bb ] Request (QuotasAdminNegativeTest:setUpClass): 201 POST http://10.180.1.21/identity/v3/projects 0.093s
2025-04-25 23:01:57.070 70304 INFO tempest.lib.common.rest_client [req-4f244ba3-a2ec-458c-ad55-9d3a875597bb req-4f244ba3-a2ec-458c-ad55-9d3a875597bb ] Request (ServerAddressesNegativeTestJSON:tearDownClass): 200 GET http://10.180.1.21/compute/v2.1/servers/a0b4a0b0-748d-46eb-9e39-3f21e394c090 1.254s
2025-04-25 23:01:57.124 70352 INFO tempest.lib.common.rest_client [req-63c95222-d10b-41d3-9634-779b42147432 req-63c95222-d10b-41d3-9634-779b42147432 ] Request (AttachVolumeTestJSON:test_attach_detach_volume): 200 PUT http://10.180.1.21:9696/networking/v2.0/floatingips/0fa5119b-5704-4825-ad53-97204adb18d4 2.149s
2025-04-25 23:01:57.126 70352 INFO tempest.lib.common.ssh [-] Creating ssh connection to '10.180.180.133:22' as 'cirros' with public key authentication
2025-04-25 23:01:57.129 70334 INFO tempest.lib.common.rest_client [req-6b0bee36-a83f-4d7b-a93c-ef0cebff1e84 req-6b0bee36-a83f-4d7b-a93c-ef0cebff1e84 ] Request (ServerMetadataNegativeTestJSON:setUpClass): 200 GET http://10.180.1.21/compute/v2.1/servers/f53cb08c-0939-4cb1-8476-8b289d6a1b05 1.001s
2025-04-25 23:01:57.158 70308 INFO tempest.lib.common.rest_client [req-aeb52fa4-1cf3-49cc-a163-3761d7fca1c4 req-aeb52fa4-1cf3-49cc-a163-3761d7fca1c4 ] Request (QuotasAdminNegativeTest:setUpClass): 201 POST http://10.180.1.21/identity/v3/users 0.095s
2025-04-25 23:01:57.177 70336 INFO tempest.lib.common.rest_client [req-cf5deed9-13d7-4367-a5a3-42c84b290663 req-cf5deed9-13d7-4367-a5a3-42c84b290663 ] Request (ServersAdmin275Test:tearDownClass): 200 GET http://10.180.1.21/compute/v2.1/servers/b0b825d4-534d-4d54-a0c4-b9e507726c47 1.027s
2025-04-25 23:01:57.185 70308 INFO tempest.lib.common.rest_client [req-1ccffb6a-1e6c-4db4-8a41-a052711b3c8c req-1ccffb6a-1e6c-4db4-8a41-a052711b3c8c ] Request (QuotasAdminNegativeTest:setUpClass): 200 GET http://10.180.1.21/identity/v3/roles 0.027s
2025-04-25 23:01:57.195 70312 INFO tempest.lib.common.rest_client [req-f33df2e0-6c9b-4f90-bdf4-e28ae7b567bb req-f33df2e0-6c9b-4f90-bdf4-e28ae7b567bb ] Request (ImagesOneServerTestJSON:test_create_delete_image): 200 GET http://10.180.1.21/compute/v2.1/images/ef5754c9-6b33-4609-bfbc-a01eecd8d813 0.998s
2025-04-25 23:01:57.203 70336 INFO tempest.common.waiters [-] State transition "ACTIVE/deleting" ==> "DELETED/None" after 4 second wait
2025-04-25 23:01:57.218 70320 INFO tempest.lib.common.rest_client [req-17a7c20f-f758-43b0-bd60-1e27c335d2ea req-17a7c20f-f758-43b0-bd60-1e27c335d2ea ] Request (FlavorsAdminTestJSON:_run_cleanups): 202 DELETE http://10.180.1.21/compute/v2.1/flavors/1193575026 0.906s
2025-04-25 23:01:57.220 70358 INFO tempest.lib.common.rest_client [req-9cc335ea-3217-41db-8acf-0725d1cefbc4 req-9cc335ea-3217-41db-8acf-0725d1cefbc4 ] Request (KeyPairsV2TestJSON:_run_cleanups): 202 DELETE http://10.180.1.21/compute/v2.1/os-keypairs/tempest-KeyPairsV2TestJSON-keypair-35785232 0.889s
2025-04-25 23:01:57.224 70308 INFO tempest.lib.common.rest_client [req-0f7bd098-ed39-4264-85ec-b16544f5145d req-0f7bd098-ed39-4264-85ec-b16544f5145d ] Request (QuotasAdminNegativeTest:setUpClass): 204 PUT http://10.180.1.21/identity/v3/projects/05ba33a9e1cc4b52b0aee6224e7319ff/users/e3fe25a029b744b0bcb9e8c868c7417d/roles/aa49d330ab264427be144ca70aff2343 0.038s
2025-04-25 23:01:57.246 70344 INFO paramiko.transport [-] Connected (version 2.0, client dropbear_2020.81)
2025-04-25 23:01:57.296 70308 INFO tempest.lib.common.rest_client [req-0ec8ea0a-9b0a-4eea-8a88-329add15b393 req-0ec8ea0a-9b0a-4eea-8a88-329add15b393 ] Request (QuotasAdminNegativeTest:setUpClass): 200 GET http://10.180.1.21/identity/v3/roles 0.071s
2025-04-25 23:01:57.305 70354 INFO tempest.lib.common.rest_client [req-8c62dae5-4dac-42c5-bab9-e95608f289dc req-8c62dae5-4dac-42c5-bab9-e95608f289dc ] Request (InstanceActionsNegativeTestJSON:tearDownClass): 200 GET http://10.180.1.21/compute/v2.1/servers/372e5569-8824-4841-b3d6-4b07423c7b3d 0.714s
2025-04-25 23:01:57.310 70344 INFO paramiko.transport [-] Authentication (publickey) successful!
2025-04-25 23:01:57.310 70344 INFO tempest.lib.common.ssh [-] ssh connection to cirros@10.180.180.180 successfully created
2025-04-25 23:01:57.316 70302 INFO tempest.lib.common.rest_client [req-1c30ff8d-4d96-4e96-b507-712929932968 req-1c30ff8d-4d96-4e96-b507-712929932968 ] Request (InstanceActionsV221TestJSON:test_get_list_deleted_instance_actions): 200 GET http://10.180.1.21/compute/v2.1/servers/0f89d49e-d26c-4d5d-90d7-6f0bf3d67468 0.762s
2025-04-25 23:01:57.338 70308 INFO tempest.lib.common.rest_client [req-3b4c24ef-1df9-498a-b457-d51c1eda0493 req-3b4c24ef-1df9-498a-b457-d51c1eda0493 ] Request (QuotasAdminNegativeTest:setUpClass): 204 PUT http://10.180.1.21/identity/v3/projects/05ba33a9e1cc4b52b0aee6224e7319ff/users/e3fe25a029b744b0bcb9e8c868c7417d/roles/aa49d330ab264427be144ca70aff2343 0.041s
2025-04-25 23:01:57.338 70308 INFO tempest.lib.common.dynamic_creds [-] Dynamic test user e3fe25a029b744b0bcb9e8c868c7417d is created with scope project and roles: ['admin']
2025-04-25 23:01:57.338 70308 INFO tempest.lib.common.dynamic_creds [-] Acquired dynamic creds: credentials: Credentials: {'domain_id': 'default', 'domain_name': 'Default', 'username': 'tempest-QuotasAdminNegativeTest-1695071008-project-admin', 'project_domain_id': 'default', 'project_domain_name': 'Default', 'project_id': '05ba33a9e1cc4b52b0aee6224e7319ff', 'project_name': 'tempest-QuotasAdminNegativeTest-1695071008', 'tenant_id': '05ba33a9e1cc4b52b0aee6224e7319ff', 'tenant_name': 'tempest-QuotasAdminNegativeTest-1695071008', 'user_domain_id': 'default', 'user_domain_name': 'Default', 'user_id': 'e3fe25a029b744b0bcb9e8c868c7417d', 'system': None}, Network: None, Subnet: None, Router: None
2025-04-25 23:01:57.338 70308 INFO tempest.lib.common.dynamic_creds [-] Created isolated network resources for: credentials: Credentials: {'domain_id': 'default', 'domain_name': 'Default', 'username': 'tempest-QuotasAdminNegativeTest-1695071008-project-admin', 'project_domain_id': 'default', 'project_domain_name': 'Default', 'project_id': '05ba33a9e1cc4b52b0aee6224e7319ff', 'project_name': 'tempest-QuotasAdminNegativeTest-1695071008', 'tenant_id': '05ba33a9e1cc4b52b0aee6224e7319ff', 'tenant_name': 'tempest-QuotasAdminNegativeTest-1695071008', 'user_domain_id': 'default', 'user_domain_name': 'Default', 'user_id': 'e3fe25a029b744b0bcb9e8c868c7417d', 'system': None}, Network: None, Subnet: None, Router: None
2025-04-25 23:01:57.437 70338 INFO tempest.lib.common.rest_client [req-0dc819e9-519b-4aaa-902f-26bfde7a4821 req-0dc819e9-519b-4aaa-902f-26bfde7a4821 ] Request (ServersTestBootFromVolume:setUpClass): 200 GET http://10.180.1.21/volume/v3/volumes/1e88bef3-79b2-4977-918f-5c3ee9732e62 0.043s
2025-04-25 23:01:57.442 70346 INFO tempest.lib.common.rest_client [req-58aa8e5d-9068-48eb-8659-2d508fc5bb4e req-58aa8e5d-9068-48eb-8659-2d508fc5bb4e ] Request (ServersAdminTestJSON:test_create_server_with_scheduling_hint): 200 GET http://10.180.1.21/compute/v2.1/servers/0caa6acd-29d4-43ee-8b32-5149462dfc1c 0.728s
2025-04-25 23:01:57.445 70326 INFO tempest.lib.common.rest_client [req-a80c1727-f73e-4600-8d7a-6bf3b52a0f91 req-a80c1727-f73e-4600-8d7a-6bf3b52a0f91 ] Request (ImagesOneServerNegativeTestJSON:setUpClass): 200 GET http://10.180.1.21/compute/v2.1/servers/832a38c8-ed3a-460b-91bd-0138d2f2d03d 0.618s
2025-04-25 23:01:57.525 70344 INFO tempest.lib.common.rest_client [req-23f9cadd-6e85-4c42-9251-efd688e4f5d5 req-23f9cadd-6e85-4c42-9251-efd688e4f5d5 ] Request (VolumesAdminNegativeTest:test_update_attached_volume_with_nonexistent_volume_in_body): 202 POST http://10.180.1.21/volume/v3/volumes 0.214s
2025-04-25 23:01:57.555 70356 INFO tempest.lib.common.rest_client [req-d27e716f-56a2-43fe-8505-84ef45eae04b req-d27e716f-56a2-43fe-8505-84ef45eae04b ] Request (ServerActionsV293TestJSON:setUpClass): 200 PUT http://10.180.1.21:9696/networking/v2.0/routers/e8b3f50b-9285-4bb5-a743-0a738b7112b3/add_router_interface 2.881s
2025-04-25 23:01:57.556 70356 INFO tempest.lib.common.dynamic_creds [-] Created isolated network resources for: credentials: Credentials: {'domain_id': 'default', 'domain_name': 'Default', 'username': 'tempest-ServerActionsV293TestJSON-1916911121-project-member', 'project_domain_id': 'default', 'project_domain_name': 'Default', 'project_id': '4ec890d4297a40ba9998728c53680046', 'project_name': 'tempest-ServerActionsV293TestJSON-1916911121', 'tenant_id': '4ec890d4297a40ba9998728c53680046', 'tenant_name': 'tempest-ServerActionsV293TestJSON-1916911121', 'user_domain_id': 'default', 'user_domain_name': 'Default', 'user_id': '4725235f14474e03aa74fe2a76cbf329', 'system': None}, Network: {'id': '56f227bb-31f0-4ffa-af00-d53134c6fb95', 'name': 'tempest-ServerActionsV293TestJSON-290114732-network', 'tenant_id': '4ec890d4297a40ba9998728c53680046', 'admin_state_up': True, 'mtu': 8950, 'status': 'ACTIVE', 'subnets': [], 'shared': False, 'project_id': '4ec890d4297a40ba9998728c53680046', 'port_security_enabled': True, 'router:external': False, 'provider:network_type': 'vlan', 'provider:physical_network': 'default', 'provider:segmentation_id': 612, 'availability_zone_hints': [], 'availability_zones': [], 'ipv4_address_scope': None, 'ipv6_address_scope': None, 'description': '', 'tags': [], 'created_at': '2025-04-25T23:01:52Z', 'updated_at': '2025-04-25T23:01:52Z', 'revision_number': 1}, Subnet: {'id': '2f11916e-efb2-4295-8328-d069b614ba4c', 'name': 'tempest-ServerActionsV293TestJSON-290114732-subnet', 'tenant_id': '4ec890d4297a40ba9998728c53680046', 'network_id': '56f227bb-31f0-4ffa-af00-d53134c6fb95', 'ip_version': 4, 'subnetpool_id': None, 'enable_dhcp': True, 'ipv6_ra_mode': None, 'ipv6_address_mode': None, 'gateway_ip': '192.168.128.1', 'cidr': '192.168.128.0/28', 'allocation_pools': [{'start': '192.168.128.2', 'end': '192.168.128.14'}], 'host_routes': [], 'dns_nameservers': [], 'description': '', 'router:external': False, 'service_types': [], 'tags': [], 'created_at': '2025-04-25T23:01:52Z', 'updated_at': '2025-04-25T23:01:52Z', 'revision_number': 0, 'project_id': '4ec890d4297a40ba9998728c53680046'}, Router: {'id': 'e8b3f50b-9285-4bb5-a743-0a738b7112b3', 'name': 'tempest-ServerActionsV293TestJSON-290114732-router', 'tenant_id': '4ec890d4297a40ba9998728c53680046', 'admin_state_up': True, 'status': 'ACTIVE', 'external_gateway_info': {'network_id': '783c1498-5882-46bf-8ab1-02430ccaa6ea', 'external_fixed_ips': [{'subnet_id': 'ebae80c9-2ad5-48ae-8351-41532eaff313', 'ip_address': '10.180.180.240'}], 'enable_snat': True}, 'description': '', 'availability_zones': [], 'distributed': False, 'ha': False, 'availability_zone_hints': [], 'routes': [], 'flavor_id': None, 'tags': [], 'created_at': '2025-04-25T23:01:53Z', 'updated_at': '2025-04-25T23:01:54Z', 'revision_number': 2, 'project_id': '4ec890d4297a40ba9998728c53680046'}
2025-04-25 23:01:57.574 70344 INFO tempest.lib.common.rest_client [req-a6430af3-7709-4de3-b4ea-2d3fbd206b26 req-a6430af3-7709-4de3-b4ea-2d3fbd206b26 ] Request (VolumesAdminNegativeTest:test_update_attached_volume_with_nonexistent_volume_in_body): 200 GET http://10.180.1.21/volume/v3/volumes/e54a3dde-2eb6-4c6d-aea0-e0c46f4906bd 0.037s
2025-04-25 23:01:57.597 70350 INFO tempest.lib.common.rest_client [req-0826835c-d923-4565-b100-7ee06d8cbccc req-0826835c-d923-4565-b100-7ee06d8cbccc ] Request (ServerActionsTestJSON:setUpClass): 200 GET http://10.180.1.21/compute/v2.1/servers/8adadb2e-2a20-45b1-bed8-34e09df25f39 0.663s
2025-04-25 23:01:57.613 70308 INFO tempest.lib.common.rest_client [req-051004c1-7a4e-4211-a453-db94f0c004f2 req-051004c1-7a4e-4211-a453-db94f0c004f2 ] Request (QuotasAdminNegativeTest:setUpClass): 201 POST http://10.180.1.21/identity/v3/auth/tokens 0.272s
2025-04-25 23:01:57.616 70308 WARNING tempest.lib.common.rest_client [-] Deprecated: "tenant_id" property is deprecated for removal, use "project_id" instead
2025-04-25 23:01:57.642 70318 INFO tempest.lib.common.rest_client [req-054e5ecb-4264-4825-909d-6209525ccadf req-054e5ecb-4264-4825-909d-6209525ccadf ] Request (KeyPairsNegativeTestJSON:test_create_keypair_when_public_key_bits_exceeds_maximum): 400 POST http://10.180.1.21/compute/v2.1/os-keypairs 0.613s
2025-04-25 23:01:57.667 70356 INFO tempest.lib.common.rest_client [req-01073c39-a27e-4b83-989c-ed9482d8c3a8 req-01073c39-a27e-4b83-989c-ed9482d8c3a8 ] Request (ServerActionsV293TestJSON:setUpClass): 201 POST http://10.180.1.21/identity/v3/auth/tokens 0.108s
2025-04-25 23:01:57.977 70332 INFO tempest.lib.common.rest_client [req-921bd608-79cc-469b-892a-ebc8bdebd1ef req-921bd608-79cc-469b-892a-ebc8bdebd1ef ] Request (SecurityGroupRulesNegativeTestJSON:test_create_security_group_rule_duplicate): 200 POST http://10.180.1.21/compute/v2.1/os-security-group-rules 1.093s
2025-04-25 23:01:58.004 70320 INFO tempest.lib.common.rest_client [req-c40cca5e-4a0b-4183-8698-4f97beedf48d req-c40cca5e-4a0b-4183-8698-4f97beedf48d ] Request (FlavorsAdminTestJSON:_run_cleanups): 200 GET http://10.180.1.21/compute/v2.1/flavors/detail 0.783s
2025-04-25 23:01:58.031 70358 INFO tempest.lib.common.rest_client [req-dec9cd59-c0df-400c-804f-52c600e29ab7 req-dec9cd59-c0df-400c-804f-52c600e29ab7 ] Request (KeyPairsV2TestJSON:_run_cleanups): 202 DELETE http://10.180.1.21/compute/v2.1/os-keypairs/tempest-KeyPairsV2TestJSON-keypair-556694991 0.811s
2025-04-25 23:01:58.047 70316 INFO tempest.lib.common.rest_client [req-2d67f9ed-03f0-4683-960b-6f17e875317f req-2d67f9ed-03f0-4683-960b-6f17e875317f ] Request (FloatingIPsNegativeTestJSON:tearDownClass): 200 PUT http://10.180.1.21:9696/networking/v2.0/routers/a821040c-6890-4e00-bafe-e52a0786fbc7/remove_router_interface 3.368s
2025-04-25 23:01:58.055 70322 INFO tempest.lib.common.rest_client [req-36e80251-a21d-4fd2-8996-9d01856379aa req-36e80251-a21d-4fd2-8996-9d01856379aa ] Request (SecurityGroupsNegativeTestJSON:setUpClass): 201 POST http://10.180.1.21:9696/networking/v2.0/routers 2.415s
2025-04-25 23:01:58.070 70296 INFO tempest.lib.common.rest_client [req-21fc2ba2-bc1f-4478-87ea-5cf277ee1a89 req-21fc2ba2-bc1f-4478-87ea-5cf277ee1a89 ] Request (DeleteServersTestJSON:test_delete_active_server): 200 GET http://10.180.1.21/compute/v2.1/servers/d885ddf7-6ec6-46b8-8fd1-7ca7e6a37456 0.916s
2025-04-25 23:01:58.181 70358 INFO tempest.lib.common.rest_client [req-6ddfbca7-7fc3-4bdc-b411-949ccb36ab91 req-6ddfbca7-7fc3-4bdc-b411-949ccb36ab91 ] Request (KeyPairsV2TestJSON:tearDownClass): 204 DELETE http://10.180.1.21/identity/v3/users/5bfc2b8a99fc4ec2b50bdc5fcb2a91fd 0.149s
2025-04-25 23:01:58.182 70358 INFO tempest.lib.common.dynamic_creds [-] Deleting project and security group for project: 6562fa267e8844b18db8fb859b9c8083
2025-04-25 23:01:58.182 70328 INFO tempest.lib.common.rest_client [req-c8f066eb-6a4f-48c1-a4f7-9e733627f481 req-c8f066eb-6a4f-48c1-a4f7-9e733627f481 ] Request (FloatingIPsAssociationTestJSON:test_associate_already_associated_floating_ip): 200 GET http://10.180.1.21/compute/v2.1/servers/50ce7a0c-aa80-4816-b84e-d8ff7b10fffb 0.907s
2025-04-25 23:01:58.248 70358 INFO tempest.lib.common.rest_client [req-4deef9ba-909c-4d92-a02b-04662a3b62c5 req-4deef9ba-909c-4d92-a02b-04662a3b62c5 ] Request (KeyPairsV2TestJSON:tearDownClass): 201 POST http://10.180.1.21/identity/v3/auth/tokens 0.066s
2025-04-25 23:01:58.285 70300 INFO tempest.lib.common.rest_client [req-7f8aef35-d82a-4ccd-95d4-2b762b25158a req-7f8aef35-d82a-4ccd-95d4-2b762b25158a ] Request (ImagesTestJSON:test_create_image_from_suspended_server): 200 GET http://10.180.1.21/compute/v2.1/servers/1c45f085-0eb5-4edc-b5aa-9d5c53aca1e0 0.927s
2025-04-25 23:01:58.380 70330 INFO tempest.lib.common.rest_client [req-4f4b8c3b-8fcd-42e8-8e65-a66d715eb2c5 req-4f4b8c3b-8fcd-42e8-8e65-a66d715eb2c5 ] Request (ServersV294TestFqdnHostnames:setUpClass): 200 GET http://10.180.1.21/compute/v2.1/servers/3501a6fc-f090-4098-8f63-57a97bd61f1b 1.139s
2025-04-25 23:01:58.485 70318 INFO tempest.lib.common.rest_client [req-dc892d61-9047-411c-b910-0a1994f3693f req-dc892d61-9047-411c-b910-0a1994f3693f ] Request (KeyPairsNegativeTestJSON:test_create_keypair_with_duplicate_name): 200 POST http://10.180.1.21/compute/v2.1/os-keypairs 0.842s
2025-04-25 23:01:58.519 70338 INFO tempest.lib.common.rest_client [req-e43b90e5-4dff-4a03-bdda-1d40e610cc8b req-e43b90e5-4dff-4a03-bdda-1d40e610cc8b ] Request (ServersTestBootFromVolume:setUpClass): 200 GET http://10.180.1.21/volume/v3/volumes/1e88bef3-79b2-4977-918f-5c3ee9732e62 0.072s
2025-04-25 23:01:58.567 70308 INFO tempest.lib.common.rest_client [req-f95947e0-8518-47f2-88b6-72a125a44f6f req-f95947e0-8518-47f2-88b6-72a125a44f6f ] Request (QuotasAdminNegativeTest:test_create_server_when_cpu_quota_is_full): 200 GET http://10.180.1.21/compute/v2.1/os-quota-sets/5f5f525a93a2431cbd91dd462f2fda71 0.950s
2025-04-25 23:01:58.612 70344 INFO tempest.lib.common.rest_client [req-c3d38269-9a4e-4412-ac57-fc879436db8d req-c3d38269-9a4e-4412-ac57-fc879436db8d ] Request (VolumesAdminNegativeTest:test_update_attached_volume_with_nonexistent_volume_in_body): 200 GET http://10.180.1.21/volume/v3/volumes/e54a3dde-2eb6-4c6d-aea0-e0c46f4906bd 0.028s
2025-04-25 23:01:58.618 70344 INFO tempest.common.waiters [-] volume e54a3dde-2eb6-4c6d-aea0-e0c46f4906bd reached available after waiting for 1.618794 seconds
2025-04-25 23:01:58.775 70356 INFO tempest.lib.common.rest_client [req-e4c1f0a5-88b4-4727-b55c-4efd0c16546e req-e4c1f0a5-88b4-4727-b55c-4efd0c16546e ] Request (ServerActionsV293TestJSON:setUpClass): 201 POST http://10.180.1.21/compute/v2.1/os-keypairs 1.106s
2025-04-25 23:01:58.781 70358 INFO tempest.lib.common.rest_client [req-74c05e5f-6a87-45fd-9042-7707b0b94ca8 req-74c05e5f-6a87-45fd-9042-7707b0b94ca8 ] Request (KeyPairsV2TestJSON:tearDownClass): 200 GET http://10.180.1.21:9696/networking/v2.0/security-groups?tenant_id=6562fa267e8844b18db8fb859b9c8083&name=default 0.533s
2025-04-25 23:01:58.844 70314 INFO tempest.lib.common.rest_client [req-07ba10a2-7d83-43fa-b4ef-a0281ca98424 req-07ba10a2-7d83-43fa-b4ef-a0281ca98424 ] Request (MigrationsAdminTest:test_list_migrations_in_flavor_resize_situation): 200 GET http://10.180.1.21/compute/v2.1/servers/4b5750d4-98ec-4c70-b214-fad97060b606 1.188s
2025-04-25 23:01:58.853 70314 INFO tempest.common.waiters [-] State transition "BUILD/spawning" ==> "ACTIVE/None" after 31 second wait
2025-04-25 23:01:58.920 70340 INFO tempest.lib.common.rest_client [req-7b0acbc9-94c2-464d-82bc-c698d04874e8 req-7b0acbc9-94c2-464d-82bc-c698d04874e8 ] Request (DeleteServersAdminTestJSON:test_delete_server_while_in_error_state): 200 GET http://10.180.1.21/compute/v2.1/servers/7cf7f0a9-8240-4e78-b5d4-b1eb1da60764 1.054s
2025-04-25 23:01:58.977 70316 INFO tempest.lib.common.rest_client [req-b7f3b97c-9537-4269-915c-6361c88d2426 req-b7f3b97c-9537-4269-915c-6361c88d2426 ] Request (FloatingIPsNegativeTestJSON:tearDownClass): 204 DELETE http://10.180.1.21:9696/networking/v2.0/routers/a821040c-6890-4e00-bafe-e52a0786fbc7 0.930s
2025-04-25 23:01:58.994 70342 INFO tempest.lib.common.rest_client [req-bf5ad671-9bd0-44f1-ae5c-307789645d93 req-bf5ad671-9bd0-44f1-ae5c-307789645d93 ] Request (ServerPasswordTestJSON:setUpClass): 200 GET http://10.180.1.21/compute/v2.1/servers/c4335d00-29a3-4f2e-b826-1a78ef02e0bf 1.043s
2025-04-25 23:01:59.000 70324 INFO tempest.lib.common.rest_client [req-ce68ce20-9ec7-4039-bbe6-b9992899935e req-ce68ce20-9ec7-4039-bbe6-b9992899935e ] Request (ServersWithSpecificFlavorTestJSON:test_verify_created_server_ephemeral_disk): 200 GET http://10.180.1.21/compute/v2.1/servers/301b30f6-9909-4fc9-8721-88a314e4edb4 1.232s
2025-04-25 23:01:59.007 70324 INFO tempest.common.waiters [-] State transition "BUILD/block_device_mapping" ==> "BUILD/spawning" after 23 second wait
2025-04-25 23:01:59.026 70320 INFO tempest.lib.common.rest_client [req-7a116371-a5b3-4e4c-8be1-3dace2aabc93 req-7a116371-a5b3-4e4c-8be1-3dace2aabc93 ] Request (FlavorsAdminTestJSON:test_list_non_public_flavor): 200 POST http://10.180.1.21/compute/v2.1/flavors 1.015s
2025-04-25 23:01:59.055 70332 INFO tempest.lib.common.rest_client [req-548de21c-32f8-4a6d-b2b1-005737fcdc84 req-548de21c-32f8-4a6d-b2b1-005737fcdc84 ] Request (SecurityGroupRulesNegativeTestJSON:test_create_security_group_rule_duplicate): 400 POST http://10.180.1.21/compute/v2.1/os-security-group-rules 1.076s
2025-04-25 23:01:59.092 70358 INFO tempest.lib.common.rest_client [req-24d149a7-2b65-417d-9f93-cdd72edf4386 req-24d149a7-2b65-417d-9f93-cdd72edf4386 ] Request (KeyPairsV2TestJSON:tearDownClass): 204 DELETE http://10.180.1.21:9696/networking/v2.0/security-groups/ead8e97e-da04-49e3-a097-6f23f66dde98 0.310s
2025-04-25 23:01:59.114 70304 INFO tempest.lib.common.rest_client [req-167a0201-4903-48b8-8fc5-5dd19b5992fd req-167a0201-4903-48b8-8fc5-5dd19b5992fd ] Request (ServerAddressesNegativeTestJSON:tearDownClass): 200 GET http://10.180.1.21/compute/v2.1/servers/a0b4a0b0-748d-46eb-9e39-3f21e394c090 1.032s
2025-04-25 23:01:59.129 70356 INFO tempest.lib.common.rest_client [req-0b3d85f3-75aa-4b6b-8a88-e72c75bc083e req-0b3d85f3-75aa-4b6b-8a88-e72c75bc083e ] Request (ServerActionsV293TestJSON:setUpClass): 201 POST http://10.180.1.21:9696/networking/v2.0/security-groups 0.352s
2025-04-25 23:01:59.141 70334 INFO tempest.lib.common.rest_client [req-1fc08442-972d-46bb-a0ed-22f3087be84e req-1fc08442-972d-46bb-a0ed-22f3087be84e ] Request (ServerMetadataNegativeTestJSON:setUpClass): 200 GET http://10.180.1.21/compute/v2.1/servers/f53cb08c-0939-4cb1-8476-8b289d6a1b05 0.997s
2025-04-25 23:01:59.195 70312 INFO tempest.lib.common.rest_client [req-82eace1e-6bc2-4566-b5d1-b49408654b12 req-82eace1e-6bc2-4566-b5d1-b49408654b12 ] Request (ImagesOneServerTestJSON:test_create_delete_image): 200 GET http://10.180.1.21/compute/v2.1/images/ef5754c9-6b33-4609-bfbc-a01eecd8d813 0.990s
2025-04-25 23:01:59.214 70358 INFO tempest.lib.common.rest_client [req-999eb42a-7e18-4ac1-871b-a8cd69d358a7 req-999eb42a-7e18-4ac1-871b-a8cd69d358a7 ] Request (KeyPairsV2TestJSON:tearDownClass): 204 DELETE http://10.180.1.21/identity/v3/projects/6562fa267e8844b18db8fb859b9c8083 0.122s
2025-04-25 23:01:59.216 70336 INFO tempest.lib.common.rest_client [req-370ec49f-6cbe-4e2e-914f-6f6c8b16dab3 req-370ec49f-6cbe-4e2e-914f-6f6c8b16dab3 ] Request (ServersAdmin275Test:tearDownClass): 200 GET http://10.180.1.21/compute/v2.1/servers/b0b825d4-534d-4d54-a0c4-b9e507726c47 1.012s
2025-04-25 23:01:59.231 70298 INFO tempest.lib.common.rest_client [req-6c1d2ae9-8136-4fc7-8b32-cd70d7bb6409 req-6c1d2ae9-8136-4fc7-8b32-cd70d7bb6409 ] Request (FloatingIPDetailsTestJSON:setUpClass): 200 PUT http://10.180.1.21:9696/networking/v2.0/routers/ef07fe89-40f3-4f0a-9036-b8f60ed74971/add_router_interface 2.794s
