2025-04-25 23:02:29.022 70336 INFO tempest.lib.common.dynamic_creds [-] Acquired dynamic creds: credentials: Credentials: {'domain_id': 'default', 'domain_name': 'Default', 'username': 'tempest-SecurityGroupsTestJSON-917701892-project-member', 'project_domain_id': 'default', 'project_domain_name': 'Default', 'project_id': 'c2a0a96b236e4a7c8f6878d0becfc66b', 'project_name': 'tempest-SecurityGroupsTestJSON-917701892', 'tenant_id': 'c2a0a96b236e4a7c8f6878d0becfc66b', 'tenant_name': 'tempest-SecurityGroupsTestJSON-917701892', 'user_domain_id': 'default', 'user_domain_name': 'Default', 'user_id': '71a1dc8214b042b28a551bfd8444e0c6', 'system': None}, Network: None, Subnet: None, Router: None
2025-04-25 23:02:29.090 70336 INFO tempest.lib.common.rest_client [req-2b118a2d-b644-42f8-b544-772f8e56793c req-2b118a2d-b644-42f8-b544-772f8e56793c ] Request (SecurityGroupsTestJSON:setUpClass): 201 POST http://10.180.1.21/identity/v3/auth/tokens 0.067s
2025-04-25 23:02:29.217 70304 INFO tempest.lib.common.rest_client [req-e2ed0ae0-06bd-4dde-ad60-582518c51083 req-e2ed0ae0-06bd-4dde-ad60-582518c51083 ] Request (ServersTestJSON:test_create_server_specify_multibyte_character_name): 200 GET http://10.180.1.21/compute/v2.1/servers/13f6daa5-d859-40ed-b1b0-edd7717b8df3 1.737s
2025-04-25 23:02:29.289 70322 INFO tempest.lib.common.rest_client [req-7a1cf6c8-30d0-45df-b2c8-e0c9035b132c req-7a1cf6c8-30d0-45df-b2c8-e0c9035b132c ] Request (ServersTestJSON:setUpClass): 200 GET http://10.180.1.21/compute/v2.1/servers/8f7e4e69-0796-469f-8a2b-4e19fbf15ed3 1.756s
2025-04-25 23:02:29.388 70336 INFO tempest.lib.common.rest_client [req-e6e53c34-77ed-4a3a-897c-5f6fb4391bd4 req-e6e53c34-77ed-4a3a-897c-5f6fb4391bd4 ] Request (SecurityGroupsTestJSON:setUpClass): 201 POST http://10.180.1.21:9696/networking/v2.0/networks 0.298s
2025-04-25 23:02:29.397 70326 INFO tempest.lib.common.rest_client [req-7ab6918d-92bf-472a-baa7-63e020ccbe66 req-7ab6918d-92bf-472a-baa7-63e020ccbe66 ] Request (ImagesOneServerNegativeTestJSON:test_create_second_image_when_first_image_is_being_saved): 204 DELETE http://10.180.1.21/compute/v2.1/images/e5e3dbec-e876-4f4d-a3ae-25f8fe219632 1.653s
2025-04-25 23:02:29.572 70336 INFO tempest.lib.common.rest_client [req-eb9e881d-6acd-47f7-af08-398513c90d5a req-eb9e881d-6acd-47f7-af08-398513c90d5a ] Request (SecurityGroupsTestJSON:setUpClass): 201 POST http://10.180.1.21:9696/networking/v2.0/subnets 0.183s
2025-04-25 23:02:29.601 70328 INFO tempest.lib.common.rest_client [req-a8d5775d-24e4-4ee6-8b87-cad8e9a819c7 req-a8d5775d-24e4-4ee6-8b87-cad8e9a819c7 ] Request (FloatingIPsAssociationTestJSON:test_associate_already_associated_floating_ip): 202 POST http://10.180.1.21/compute/v2.1/servers/50ce7a0c-aa80-4816-b84e-d8ff7b10fffb/action 3.281s
2025-04-25 23:02:29.630 70340 INFO tempest.lib.common.rest_client [req-2695242a-28fc-4bb3-b0a4-7456e6aaeba4 req-2695242a-28fc-4bb3-b0a4-7456e6aaeba4 ] Request (DeleteServersAdminTestJSON:test_delete_server_while_in_error_state): 200 GET http://10.180.1.21/compute/v2.1/servers/7cf7f0a9-8240-4e78-b5d4-b1eb1da60764 1.706s
2025-04-25 23:02:29.692 70316 INFO tempest.lib.common.rest_client [req-4c611046-c259-4aa3-b9fc-f5e000303f8e req-4c611046-c259-4aa3-b9fc-f5e000303f8e ] Request (ImagesNegativeTestJSON:test_create_image_from_deleted_server): 200 GET http://10.180.1.21/compute/v2.1/servers/6c36df58-3ab3-4595-b89c-9ab5a4664eec 1.488s
2025-04-25 23:02:29.743 70342 INFO tempest.lib.common.rest_client [req-55523a48-80b5-418d-bef6-f5603cbb7ca6 req-55523a48-80b5-418d-bef6-f5603cbb7ca6 ] Request (ServerPasswordTestJSON:setUpClass): 200 GET http://10.180.1.21/compute/v2.1/servers/c4335d00-29a3-4f2e-b826-1a78ef02e0bf 1.533s
2025-04-25 23:02:29.775 70348 INFO tempest.lib.common.rest_client [req-e455ed1b-b6e0-4f22-b5b8-c4a5d3dcc000 req-e455ed1b-b6e0-4f22-b5b8-c4a5d3dcc000 ] Request (ServersTestManualDisk:tearDownClass): 200 GET http://10.180.1.21/compute/v2.1/servers/6a114dce-7ed3-46e1-9d50-c3dd6efd340c 1.485s
2025-04-25 23:02:29.900 70314 INFO tempest.lib.common.rest_client [req-95cda42d-2d4a-490c-b65e-2275c444e8fd req-95cda42d-2d4a-490c-b65e-2275c444e8fd ] Request (MigrationsAdminTest:test_list_migrations_in_flavor_resize_situation): 200 GET http://10.180.1.21/compute/v2.1/servers/4b5750d4-98ec-4c70-b214-fad97060b606 1.565s
2025-04-25 23:02:29.947 70334 INFO tempest.lib.common.rest_client [req-473e1753-e571-4bbe-bff5-d11646dfaa43 req-473e1753-e571-4bbe-bff5-d11646dfaa43 ] Request (ServerMetadataNegativeTestJSON:setUpClass): 200 GET http://10.180.1.21/compute/v2.1/servers/f53cb08c-0939-4cb1-8476-8b289d6a1b05 1.490s
2025-04-25 23:02:29.963 70354 INFO tempest.lib.common.rest_client [req-97ca69b5-6664-47b8-8378-c5ff06f896cb req-97ca69b5-6664-47b8-8378-c5ff06f896cb ] Request (ServersAaction247Test:test_create_backup): 200 GET http://10.180.1.21/compute/v2.1/servers/a09db142-60d1-4a62-8e76-1e2e3676124f 1.436s
2025-04-25 23:02:30.007 70358 INFO tempest.lib.common.rest_client [req-0ad1790a-35b4-4f94-964e-8153896d7251 req-0ad1790a-35b4-4f94-964e-8153896d7251 ] Request (AttachInterfacesV270Test:test_create_get_list_interfaces): 200 GET http://10.180.1.21/compute/v2.1/servers/19036f6f-2ee3-4ea5-82fa-b510bf903922 1.407s
2025-04-25 23:02:30.034 70310 INFO tempest.lib.common.rest_client [req-95801316-aa86-4c6b-9b31-d70125d0ebe7 req-95801316-aa86-4c6b-9b31-d70125d0ebe7 ] Request (ServersTestFqdnHostnames:tearDownClass): 200 GET http://10.180.1.21/compute/v2.1/servers/79d98176-b566-4349-ad10-c2ea6fdbc657 1.372s
2025-04-25 23:02:30.073 70338 INFO tempest.lib.common.rest_client [req-cbe6976e-77e8-4281-ae64-9119c118c883 req-cbe6976e-77e8-4281-ae64-9119c118c883 ] Request (ServersTestBootFromVolume:setUpClass): 200 GET http://10.180.1.21/compute/v2.1/servers/b14c4ac4-7f1e-4b17-93a1-38eae3c77c0e 1.353s
2025-04-25 23:02:30.135 70344 INFO tempest.lib.common.rest_client [req-3a116283-3f18-4ec8-8129-d90c557f434b req-3a116283-3f18-4ec8-8129-d90c557f434b ] Request (VolumesAdminNegativeTest:test_update_attached_volume_with_nonexistent_volume_in_uri): 200 GET http://10.180.1.21/compute/v2.1/servers/738d52c6-0368-434f-a14f-05b47ca865e3 1.260s
2025-04-25 23:02:30.182 70346 INFO tempest.lib.common.rest_client [req-57726dfb-df6a-4b6f-8469-181ec8b2d806 req-57726dfb-df6a-4b6f-8469-181ec8b2d806 ] Request (ServersAdminTestJSON:test_create_server_with_scheduling_hint): 200 GET http://10.180.1.21/compute/v2.1/servers/0caa6acd-29d4-43ee-8b32-5149462dfc1c 1.364s
2025-04-25 23:02:30.188 70350 INFO tempest.lib.common.rest_client [req-d2ab8eec-3ce8-4f7e-99f0-ab2305c505cf req-d2ab8eec-3ce8-4f7e-99f0-ab2305c505cf ] Request (ServerActionsTestJSON:setUpClass): 200 GET http://10.180.1.21/compute/v2.1/servers/8adadb2e-2a20-45b1-bed8-34e09df25f39 1.194s
2025-04-25 23:02:30.189 70346 INFO tempest.common.waiters [-] State transition "BUILD/None" ==> "BUILD/spawning" after 37 second wait
2025-04-25 23:02:30.246 70300 INFO tempest.lib.common.rest_client [req-404ccb94-fa1f-4896-ac16-f20611a2dd5d req-404ccb94-fa1f-4896-ac16-f20611a2dd5d ] Request (ImagesTestJSON:test_create_image_from_suspended_server): 200 GET http://10.180.1.21/compute/v2.1/servers/1c45f085-0eb5-4edc-b5aa-9d5c53aca1e0 1.100s
2025-04-25 23:02:30.250 70356 INFO tempest.lib.common.rest_client [req-bbff0549-b7a4-4314-a87e-8b0c5122f8e4 req-bbff0549-b7a4-4314-a87e-8b0c5122f8e4 ] Request (ServerActionsV293TestJSON:setUpClass): 200 GET http://10.180.1.21/compute/v2.1/servers/6f2bc97b-0f0a-4f16-b41c-7af96130783f 1.175s
2025-04-25 23:02:30.298 70298 INFO tempest.lib.common.rest_client [req-793afaf7-5504-4500-88d7-fea54fa78a21 req-793afaf7-5504-4500-88d7-fea54fa78a21 ] Request (ServersTestMultiNic:test_verify_duplicate_network_nics): 200 GET http://10.180.1.21/compute/v2.1/servers/0add6226-3b90-4991-8f2b-81c35e72a7df 1.091s
2025-04-25 23:02:30.303 70320 INFO tempest.lib.common.rest_client [req-799870e7-5c9c-48d5-bfa3-c3996d83d905 req-799870e7-5c9c-48d5-bfa3-c3996d83d905 ] Request (ServersAdminNegativeTestJSON:setUpClass): 200 GET http://10.180.1.21/compute/v2.1/servers/16c45b86-317a-4d0c-a402-51c85af37a5b 1.026s
2025-04-25 23:02:30.353 70308 INFO tempest.lib.common.rest_client [req-344e4b24-c48c-4da5-a624-b8ccd22e095f req-344e4b24-c48c-4da5-a624-b8ccd22e095f ] Request (ServerDiagnosticsTest:test_get_server_diagnostics): 200 GET http://10.180.1.21/compute/v2.1/servers/ae91adc5-b3a4-4503-91f2-d803eaefedc5 0.978s
2025-04-25 23:02:30.393 70336 INFO tempest.lib.common.rest_client [req-1900a6d8-b78e-4231-a3d8-eb7c565aa048 req-1900a6d8-b78e-4231-a3d8-eb7c565aa048 ] Request (SecurityGroupsTestJSON:setUpClass): 201 POST http://10.180.1.21:9696/networking/v2.0/routers 0.818s
2025-04-25 23:02:30.421 70302 INFO tempest.lib.common.rest_client [req-138ab0fb-9ea4-4120-b16c-d04b9bd818a8 req-138ab0fb-9ea4-4120-b16c-d04b9bd818a8 ] Request (InstanceActionsV221TestJSON:test_get_list_deleted_instance_actions): 200 GET http://10.180.1.21/compute/v2.1/servers/0f89d49e-d26c-4d5d-90d7-6f0bf3d67468 0.944s
2025-04-25 23:02:30.464 70312 INFO tempest.lib.common.rest_client [req-103a8e28-ed18-45b5-b692-b26246cf561b req-103a8e28-ed18-45b5-b692-b26246cf561b ] Request (ImagesOneServerTestJSON:test_create_image_specify_multibyte_character_image_name): 200 GET http://10.180.1.21/compute/v2.1/images/b4a35e1b-e812-4975-a414-1bbb1e714c78 0.948s
2025-04-25 23:02:30.489 70326 INFO tempest.lib.common.rest_client [req-34a79304-1a4d-4418-ac0a-0d79a0476f07 req-34a79304-1a4d-4418-ac0a-0d79a0476f07 ] Request (ImagesOneServerNegativeTestJSON:tearDown): 200 GET http://10.180.1.21/compute/v2.1/servers/832a38c8-ed3a-460b-91bd-0138d2f2d03d 1.092s
2025-04-25 23:02:30.492 70324 WARNING tempest.lib.common.ssh [-] Failed to establish authenticated ssh connection to cirros@10.180.180.142 ([Errno None] Unable to connect to port 22 on 10.180.180.142). Number attempts: 3. Retry after 4 seconds.: paramiko.ssh_exception.NoValidConnectionsError: [Errno None] Unable to connect to port 22 on 10.180.180.142
2025-04-25 23:02:30.508 70330 WARNING tempest.lib.common.ssh [-] Failed to establish authenticated ssh connection to cirros@10.180.180.224 ([Errno None] Unable to connect to port 22 on 10.180.180.224). Number attempts: 5. Retry after 6 seconds.: paramiko.ssh_exception.NoValidConnectionsError: [Errno None] Unable to connect to port 22 on 10.180.180.224
2025-04-25 23:02:30.577 70318 INFO tempest.lib.common.rest_client [req-3275c680-f82b-4d57-ae3b-eeb377cdc0ab req-3275c680-f82b-4d57-ae3b-eeb377cdc0ab ] Request (ServersListShow2100Test:test_list_show_rebuild_update_server_2100): 200 GET http://10.180.1.21/compute/v2.1/servers/61bea079-9731-48d1-b472-b30226a0b5a1 0.946s
2025-04-25 23:02:30.673 70340 INFO tempest.lib.common.rest_client [req-6877f9d3-19d9-40c3-9940-10e23bd854cc req-6877f9d3-19d9-40c3-9940-10e23bd854cc ] Request (DeleteServersAdminTestJSON:test_delete_server_while_in_error_state): 204 DELETE http://10.180.1.21/compute/v2.1/servers/7cf7f0a9-8240-4e78-b5d4-b1eb1da60764 1.035s
2025-04-25 23:02:30.693 70328 INFO tempest.lib.common.rest_client [req-e51e9e07-4deb-411f-80ef-5fcca552cd5b req-e51e9e07-4deb-411f-80ef-5fcca552cd5b ] Request (FloatingIPsAssociationTestJSON:test_associate_already_associated_floating_ip): 409 POST http://10.180.1.21/compute/v2.1/servers/d601179a-df77-4f2e-b8df-9185b8a485e3/action 1.091s
2025-04-25 23:02:30.747 70296 INFO tempest.lib.common.rest_client [req-ad44ce4b-a710-434c-b7fe-72450acaba38 req-ad44ce4b-a710-434c-b7fe-72450acaba38 ] Request (DeleteServersTestJSON:test_delete_active_server): 200 GET http://10.180.1.21/compute/v2.1/servers/d885ddf7-6ec6-46b8-8fd1-7ca7e6a37456 0.822s
2025-04-25 23:02:30.767 70304 INFO tempest.lib.common.rest_client [req-23515c98-9b33-48b2-9480-6cc6cbd5de1c req-23515c98-9b33-48b2-9480-6cc6cbd5de1c ] Request (ServersTestJSON:test_create_server_specify_multibyte_character_name): 200 GET http://10.180.1.21/compute/v2.1/servers/13f6daa5-d859-40ed-b1b0-edd7717b8df3 0.536s
2025-04-25 23:02:30.811 70322 INFO tempest.lib.common.rest_client [req-6074204f-8389-4e4a-8ab3-1a1954d03c86 req-6074204f-8389-4e4a-8ab3-1a1954d03c86 ] Request (ServersTestJSON:setUpClass): 200 GET http://10.180.1.21/compute/v2.1/servers/8f7e4e69-0796-469f-8a2b-4e19fbf15ed3 0.511s
2025-04-25 23:02:30.933 70340 INFO tempest.lib.common.rest_client [req-beea9242-42c5-4eb2-a06f-50b3c70a67a7 req-beea9242-42c5-4eb2-a06f-50b3c70a67a7 ] Request (DeleteServersAdminTestJSON:test_delete_server_while_in_error_state): 200 GET http://10.180.1.21/compute/v2.1/servers/7cf7f0a9-8240-4e78-b5d4-b1eb1da60764 0.260s
2025-04-25 23:02:31.009 70316 INFO tempest.lib.common.rest_client [req-81aea4f3-0f24-45df-bcc2-af41ba98e65b req-81aea4f3-0f24-45df-bcc2-af41ba98e65b ] Request (ImagesNegativeTestJSON:test_create_image_from_deleted_server): 200 GET http://10.180.1.21/compute/v2.1/servers/6c36df58-3ab3-4595-b89c-9ab5a4664eec 0.308s
2025-04-25 23:02:31.172 70342 INFO tempest.lib.common.rest_client [req-c4610b68-5f18-4713-b3d0-c77055d3d005 req-c4610b68-5f18-4713-b3d0-c77055d3d005 ] Request (ServerPasswordTestJSON:setUpClass): 200 GET http://10.180.1.21/compute/v2.1/servers/c4335d00-29a3-4f2e-b826-1a78ef02e0bf 0.418s
2025-04-25 23:02:31.252 70348 INFO tempest.lib.common.rest_client [req-aa4b38e3-5d36-421c-8794-bf9d5e378fba req-aa4b38e3-5d36-421c-8794-bf9d5e378fba ] Request (ServersTestManualDisk:tearDownClass): 200 GET http://10.180.1.21/compute/v2.1/servers/6a114dce-7ed3-46e1-9d50-c3dd6efd340c 0.465s
2025-04-25 23:02:31.394 70314 INFO tempest.lib.common.rest_client [req-4ca1817a-a9b3-4787-8ced-a71e5063db78 req-4ca1817a-a9b3-4787-8ced-a71e5063db78 ] Request (MigrationsAdminTest:test_list_migrations_in_flavor_resize_situation): 200 GET http://10.180.1.21/compute/v2.1/servers/4b5750d4-98ec-4c70-b214-fad97060b606 0.484s
2025-04-25 23:02:31.518 70336 INFO tempest.lib.common.rest_client [req-8720f31b-cda9-4e1d-ab7e-a40dc344c405 req-8720f31b-cda9-4e1d-ab7e-a40dc344c405 ] Request (SecurityGroupsTestJSON:setUpClass): 200 PUT http://10.180.1.21:9696/networking/v2.0/routers/5eb253ee-4fab-40a0-9218-92e55fda6fd2/add_router_interface 1.124s
2025-04-25 23:02:31.518 70336 INFO tempest.lib.common.dynamic_creds [-] Created isolated network resources for: credentials: Credentials: {'domain_id': 'default', 'domain_name': 'Default', 'username': 'tempest-SecurityGroupsTestJSON-917701892-project-member', 'project_domain_id': 'default', 'project_domain_name': 'Default', 'project_id': 'c2a0a96b236e4a7c8f6878d0becfc66b', 'project_name': 'tempest-SecurityGroupsTestJSON-917701892', 'tenant_id': 'c2a0a96b236e4a7c8f6878d0becfc66b', 'tenant_name': 'tempest-SecurityGroupsTestJSON-917701892', 'user_domain_id': 'default', 'user_domain_name': 'Default', 'user_id': '71a1dc8214b042b28a551bfd8444e0c6', 'system': None}, Network: {'id': '7e18bd4a-4d0c-4e7f-a52d-bbfb68dfe3f1', 'name': 'tempest-SecurityGroupsTestJSON-642722899-network', 'tenant_id': 'c2a0a96b236e4a7c8f6878d0becfc66b', 'admin_state_up': True, 'mtu': 8950, 'status': 'ACTIVE', 'subnets': [], 'shared': False, 'project_id': 'c2a0a96b236e4a7c8f6878d0becfc66b', 'port_security_enabled': True, 'router:external': False, 'provider:network_type': 'vlan', 'provider:physical_network': 'default', 'provider:segmentation_id': 762, 'availability_zone_hints': [], 'availability_zones': [], 'ipv4_address_scope': None, 'ipv6_address_scope': None, 'description': '', 'tags': [], 'created_at': '2025-04-25T23:02:29Z', 'updated_at': '2025-04-25T23:02:29Z', 'revision_number': 1}, Subnet: {'id': 'e2893977-9797-4a63-9eda-5d3a8478546f', 'name': 'tempest-SecurityGroupsTestJSON-642722899-subnet', 'tenant_id': 'c2a0a96b236e4a7c8f6878d0becfc66b', 'network_id': '7e18bd4a-4d0c-4e7f-a52d-bbfb68dfe3f1', 'ip_version': 4, 'subnetpool_id': None, 'enable_dhcp': True, 'ipv6_ra_mode': None, 'ipv6_address_mode': None, 'gateway_ip': '192.168.128.1', 'cidr': '192.168.128.0/28', 'allocation_pools': [{'start': '192.168.128.2', 'end': '192.168.128.14'}], 'host_routes': [], 'dns_nameservers': [], 'description': '', 'router:external': False, 'service_types': [], 'tags': [], 'created_at': '2025-04-25T23:02:29Z', 'updated_at': '2025-04-25T23:02:29Z', 'revision_number': 0, 'project_id': 'c2a0a96b236e4a7c8f6878d0becfc66b'}, Router: {'id': '5eb253ee-4fab-40a0-9218-92e55fda6fd2', 'name': 'tempest-SecurityGroupsTestJSON-642722899-router', 'tenant_id': 'c2a0a96b236e4a7c8f6878d0becfc66b', 'admin_state_up': True, 'status': 'ACTIVE', 'external_gateway_info': {'network_id': '783c1498-5882-46bf-8ab1-02430ccaa6ea', 'external_fixed_ips': [{'subnet_id': 'ebae80c9-2ad5-48ae-8351-41532eaff313', 'ip_address': '10.180.180.163'}], 'enable_snat': True}, 'description': '', 'availability_zones': [], 'distributed': False, 'ha': False, 'availability_zone_hints': [], 'routes': [], 'flavor_id': None, 'tags': [], 'created_at': '2025-04-25T23:02:29Z', 'updated_at': '2025-04-25T23:02:30Z', 'revision_number': 2, 'project_id': 'c2a0a96b236e4a7c8f6878d0becfc66b'}
2025-04-25 23:02:31.546 70334 INFO tempest.lib.common.rest_client [req-535c9626-9990-4c33-bf3f-43047e09df9c req-535c9626-9990-4c33-bf3f-43047e09df9c ] Request (ServerMetadataNegativeTestJSON:setUpClass): 200 GET http://10.180.1.21/compute/v2.1/servers/f53cb08c-0939-4cb1-8476-8b289d6a1b05 0.589s
2025-04-25 23:02:31.614 70354 INFO tempest.lib.common.rest_client [req-5e33647b-3538-44bb-a223-c458b8ae64f5 req-5e33647b-3538-44bb-a223-c458b8ae64f5 ] Request (ServersAaction247Test:test_create_backup): 200 GET http://10.180.1.21/compute/v2.1/servers/a09db142-60d1-4a62-8e76-1e2e3676124f 0.640s
2025-04-25 23:02:31.622 70336 INFO tempest.lib.common.rest_client [req-bf10fc85-0c5c-404d-aed9-c50e1847eee0 req-bf10fc85-0c5c-404d-aed9-c50e1847eee0 ] Request (SecurityGroupsTestJSON:setUpClass): 201 POST http://10.180.1.21/identity/v3/auth/tokens 0.101s
2025-04-25 23:02:31.673 70358 INFO tempest.lib.common.rest_client [req-f278fe33-e63b-45ae-ab06-22b1de40c753 req-f278fe33-e63b-45ae-ab06-22b1de40c753 ] Request (AttachInterfacesV270Test:test_create_get_list_interfaces): 200 GET http://10.180.1.21/compute/v2.1/servers/19036f6f-2ee3-4ea5-82fa-b510bf903922 0.657s
2025-04-25 23:02:31.756 70310 INFO tempest.lib.common.rest_client [req-79d0ff88-80bd-479f-b84f-faca6424442f req-79d0ff88-80bd-479f-b84f-faca6424442f ] Request (ServersTestFqdnHostnames:tearDownClass): 200 GET http://10.180.1.21/compute/v2.1/servers/79d98176-b566-4349-ad10-c2ea6fdbc657 0.713s
2025-04-25 23:02:31.824 70338 INFO tempest.lib.common.rest_client [req-3aca2c19-87cf-4bb0-9577-a5b8313396a3 req-3aca2c19-87cf-4bb0-9577-a5b8313396a3 ] Request (ServersTestBootFromVolume:setUpClass): 200 GET http://10.180.1.21/compute/v2.1/servers/b14c4ac4-7f1e-4b17-93a1-38eae3c77c0e 0.739s
2025-04-25 23:02:31.854 70328 INFO tempest.lib.common.rest_client [req-2565c91b-b124-4465-9d05-99b139807c00 req-2565c91b-b124-4465-9d05-99b139807c00 ] Request (FloatingIPsAssociationTestJSON:_run_cleanups): 202 POST http://10.180.1.21/compute/v2.1/servers/50ce7a0c-aa80-4816-b84e-d8ff7b10fffb/action 1.160s
2025-04-25 23:02:31.883 70344 INFO tempest.lib.common.rest_client [req-90b33bdf-e634-40c9-8d92-c56512a145fa req-90b33bdf-e634-40c9-8d92-c56512a145fa ] Request (VolumesAdminNegativeTest:test_update_attached_volume_with_nonexistent_volume_in_uri): 200 GET http://10.180.1.21/compute/v2.1/servers/738d52c6-0368-434f-a14f-05b47ca865e3 0.739s
2025-04-25 23:02:31.954 70350 INFO tempest.lib.common.rest_client [req-86513fa2-9eb0-493c-9a35-ca85f2792983 req-86513fa2-9eb0-493c-9a35-ca85f2792983 ] Request (ServerActionsTestJSON:setUpClass): 200 GET http://10.180.1.21/compute/v2.1/servers/8adadb2e-2a20-45b1-bed8-34e09df25f39 0.757s
2025-04-25 23:02:31.997 70346 INFO tempest.lib.common.rest_client [req-7c811e40-fc54-4ca6-a15d-cf43187e9676 req-7c811e40-fc54-4ca6-a15d-cf43187e9676 ] Request (ServersAdminTestJSON:test_create_server_with_scheduling_hint): 200 GET http://10.180.1.21/compute/v2.1/servers/0caa6acd-29d4-43ee-8b32-5149462dfc1c 0.807s
2025-04-25 23:02:32.026 70300 INFO tempest.lib.common.rest_client [req-44fe139c-e89e-42fe-b817-6747d046daa5 req-44fe139c-e89e-42fe-b817-6747d046daa5 ] Request (ImagesTestJSON:test_create_image_from_suspended_server): 200 GET http://10.180.1.21/compute/v2.1/servers/1c45f085-0eb5-4edc-b5aa-9d5c53aca1e0 0.770s
2025-04-25 23:02:32.075 70356 INFO tempest.lib.common.rest_client [req-70ab0fae-f848-4e4f-97d5-c9671d162d30 req-70ab0fae-f848-4e4f-97d5-c9671d162d30 ] Request (ServerActionsV293TestJSON:setUpClass): 200 GET http://10.180.1.21/compute/v2.1/servers/6f2bc97b-0f0a-4f16-b41c-7af96130783f 0.813s
2025-04-25 23:02:32.087 70320 INFO tempest.lib.common.rest_client [req-50743c7c-e366-4c17-b48a-5ed952211418 req-50743c7c-e366-4c17-b48a-5ed952211418 ] Request (ServersAdminNegativeTestJSON:setUpClass): 200 GET http://10.180.1.21/compute/v2.1/servers/16c45b86-317a-4d0c-a402-51c85af37a5b 0.776s
2025-04-25 23:02:32.149 70298 INFO tempest.lib.common.rest_client [req-03b2ab26-f077-4370-85ee-99681dba754d req-03b2ab26-f077-4370-85ee-99681dba754d ] Request (ServersTestMultiNic:test_verify_duplicate_network_nics): 200 GET http://10.180.1.21/compute/v2.1/servers/0add6226-3b90-4991-8f2b-81c35e72a7df 0.837s
2025-04-25 23:02:32.160 70308 INFO tempest.lib.common.rest_client [req-8e87f519-c9ba-40d1-a228-2e1ebd711ab3 req-8e87f519-c9ba-40d1-a228-2e1ebd711ab3 ] Request (ServerDiagnosticsTest:test_get_server_diagnostics): 200 GET http://10.180.1.21/compute/v2.1/servers/ae91adc5-b3a4-4503-91f2-d803eaefedc5 0.795s
2025-04-25 23:02:32.202 70312 INFO tempest.lib.common.rest_client [req-9e939813-e180-4d8f-9b0c-2d72939144a7 req-9e939813-e180-4d8f-9b0c-2d72939144a7 ] Request (ImagesOneServerTestJSON:test_create_image_specify_multibyte_character_image_name): 200 GET http://10.180.1.21/compute/v2.1/images/b4a35e1b-e812-4975-a414-1bbb1e714c78 0.734s
2025-04-25 23:02:32.221 70302 INFO tempest.lib.common.rest_client [req-d301173a-ea79-48dc-beac-8ec0d55293af req-d301173a-ea79-48dc-beac-8ec0d55293af ] Request (InstanceActionsV221TestJSON:test_get_list_deleted_instance_actions): 200 GET http://10.180.1.21/compute/v2.1/servers/0f89d49e-d26c-4d5d-90d7-6f0bf3d67468 0.782s
2025-04-25 23:02:32.319 70318 INFO tempest.lib.common.rest_client [req-e4a38bb1-fca4-4547-927d-51bc6c401bbe req-e4a38bb1-fca4-4547-927d-51bc6c401bbe ] Request (ServersListShow2100Test:test_list_show_rebuild_update_server_2100): 200 GET http://10.180.1.21/compute/v2.1/servers/61bea079-9731-48d1-b472-b30226a0b5a1 0.725s
2025-04-25 23:02:32.354 70326 INFO tempest.lib.common.rest_client [req-e6e79c62-c28d-4301-b3be-2beffdcf99f1 req-e6e79c62-c28d-4301-b3be-2beffdcf99f1 ] Request (ImagesOneServerNegativeTestJSON:tearDown): 200 GET http://10.180.1.21/compute/v2.1/servers/832a38c8-ed3a-460b-91bd-0138d2f2d03d 0.853s
2025-04-25 23:02:32.419 70296 INFO tempest.lib.common.rest_client [req-59c3d779-9ae2-4ac3-965c-8ff5dc4f2b9d req-59c3d779-9ae2-4ac3-965c-8ff5dc4f2b9d ] Request (DeleteServersTestJSON:test_delete_active_server): 200 GET http://10.180.1.21/compute/v2.1/servers/d885ddf7-6ec6-46b8-8fd1-7ca7e6a37456 0.660s
2025-04-25 23:02:32.479 70304 INFO tempest.lib.common.rest_client [req-11987831-f325-4e80-a859-327fb0ace709 req-11987831-f325-4e80-a859-327fb0ace709 ] Request (ServersTestJSON:test_create_server_specify_multibyte_character_name): 200 GET http://10.180.1.21/compute/v2.1/servers/13f6daa5-d859-40ed-b1b0-edd7717b8df3 0.694s
2025-04-25 23:02:32.547 70322 INFO tempest.lib.common.rest_client [req-48887da9-a1ec-4005-828e-038f92c7dca5 req-48887da9-a1ec-4005-828e-038f92c7dca5 ] Request (ServersTestJSON:setUpClass): 200 GET http://10.180.1.21/compute/v2.1/servers/8f7e4e69-0796-469f-8a2b-4e19fbf15ed3 0.728s
2025-04-25 23:02:32.559 70336 INFO tempest.lib.common.rest_client [req-45ecbdf7-3ac8-4317-894e-1ec8d5965d1f req-45ecbdf7-3ac8-4317-894e-1ec8d5965d1f ] Request (SecurityGroupsTestJSON:test_list_security_groups_by_server): 200 POST http://10.180.1.21/compute/v2.1/os-security-groups 0.936s
2025-04-25 23:02:32.632 70328 INFO tempest.lib.common.rest_client [req-53591ce8-7b34-49f0-a497-e14010dc2509 req-53591ce8-7b34-49f0-a497-e14010dc2509 ] Request (FloatingIPsAssociationTestJSON:_run_cleanups): 204 DELETE http://10.180.1.21/compute/v2.1/servers/50ce7a0c-aa80-4816-b84e-d8ff7b10fffb 0.778s
2025-04-25 23:02:32.687 70316 INFO tempest.lib.common.rest_client [req-7ff64598-2bab-49d3-941b-248b3d702d68 req-7ff64598-2bab-49d3-941b-248b3d702d68 ] Request (ImagesNegativeTestJSON:test_create_image_from_deleted_server): 200 GET http://10.180.1.21/compute/v2.1/servers/6c36df58-3ab3-4595-b89c-9ab5a4664eec 0.667s
2025-04-25 23:02:32.693 70340 INFO tempest.lib.common.rest_client [req-7d1d4ea1-e86f-477d-948e-78c501965f0b req-7d1d4ea1-e86f-477d-948e-78c501965f0b ] Request (DeleteServersAdminTestJSON:test_delete_server_while_in_error_state): 200 GET http://10.180.1.21/compute/v2.1/servers/7cf7f0a9-8240-4e78-b5d4-b1eb1da60764 0.747s
2025-04-25 23:02:32.760 70348 INFO tempest.lib.common.rest_client [req-4fa6ba9c-ba40-4e3e-9247-295ee4557ad1 req-4fa6ba9c-ba40-4e3e-9247-295ee4557ad1 ] Request (ServersTestManualDisk:tearDownClass): 200 GET http://10.180.1.21/compute/v2.1/servers/6a114dce-7ed3-46e1-9d50-c3dd6efd340c 0.497s
2025-04-25 23:02:32.820 70342 INFO tempest.lib.common.rest_client [req-b79993c7-e8f7-4f76-bf05-c1f444984bd8 req-b79993c7-e8f7-4f76-bf05-c1f444984bd8 ] Request (ServerPasswordTestJSON:setUpClass): 200 GET http://10.180.1.21/compute/v2.1/servers/c4335d00-29a3-4f2e-b826-1a78ef02e0bf 0.637s
2025-04-25 23:02:32.829 70342 INFO tempest.common.waiters [-] State transition "BUILD/spawning" ==> "ACTIVE/None" after 43 second wait
2025-04-25 23:02:32.889 70314 INFO tempest.lib.common.rest_client [req-e9e7dab1-b6b8-4750-8356-5a36d93485be req-e9e7dab1-b6b8-4750-8356-5a36d93485be ] Request (MigrationsAdminTest:test_list_migrations_in_flavor_resize_situation): 200 GET http://10.180.1.21/compute/v2.1/servers/4b5750d4-98ec-4c70-b214-fad97060b606 0.487s
2025-04-25 23:02:32.946 70334 INFO tempest.lib.common.rest_client [req-4f89feea-faa4-4d7d-ae4e-ca2896051731 req-4f89feea-faa4-4d7d-ae4e-ca2896051731 ] Request (ServerMetadataNegativeTestJSON:setUpClass): 200 GET http://10.180.1.21/compute/v2.1/servers/f53cb08c-0939-4cb1-8476-8b289d6a1b05 0.388s
2025-04-25 23:02:33.016 70354 INFO tempest.lib.common.rest_client [req-7cc4d44d-2120-4578-b375-7c5f9146c0ba req-7cc4d44d-2120-4578-b375-7c5f9146c0ba ] Request (ServersAaction247Test:test_create_backup): 200 GET http://10.180.1.21/compute/v2.1/servers/a09db142-60d1-4a62-8e76-1e2e3676124f 0.393s
2025-04-25 23:02:33.037 70336 INFO tempest.lib.common.rest_client [req-dfce5553-2db0-4adb-b780-bf5a1f06e386 req-dfce5553-2db0-4adb-b780-bf5a1f06e386 ] Request (SecurityGroupsTestJSON:test_list_security_groups_by_server): 200 POST http://10.180.1.21/compute/v2.1/os-security-groups 0.474s
2025-04-25 23:02:33.102 70336 INFO tempest.lib.common.rest_client [req-692a4528-feac-4782-a00f-e575e7895b48 req-692a4528-feac-4782-a00f-e575e7895b48 ] Request (SecurityGroupsTestJSON:test_list_security_groups_by_server): 201 POST http://10.180.1.21/identity/v3/auth/tokens 0.049s
2025-04-25 23:02:33.103 70336 INFO tempest.lib.common.fixed_network [-] (SecurityGroupsTestJSON:test_list_security_groups_by_server) Found network {'id': '7e18bd4a-4d0c-4e7f-a52d-bbfb68dfe3f1', 'name': 'tempest-SecurityGroupsTestJSON-642722899-network', 'tenant_id': 'c2a0a96b236e4a7c8f6878d0becfc66b', 'admin_state_up': True, 'mtu': 8950, 'status': 'ACTIVE', 'subnets': [], 'shared': False, 'project_id': 'c2a0a96b236e4a7c8f6878d0becfc66b', 'port_security_enabled': True, 'router:external': False, 'provider:network_type': 'vlan', 'provider:physical_network': 'default', 'provider:segmentation_id': 762, 'availability_zone_hints': [], 'availability_zones': [], 'ipv4_address_scope': None, 'ipv6_address_scope': None, 'description': '', 'tags': [], 'created_at': '2025-04-25T23:02:29Z', 'updated_at': '2025-04-25T23:02:29Z', 'revision_number': 1} available for tenant
2025-04-25 23:02:33.114 70358 INFO tempest.lib.common.rest_client [req-3bc1d456-77bb-41c5-89df-bf3ed45aead1 req-3bc1d456-77bb-41c5-89df-bf3ed45aead1 ] Request (AttachInterfacesV270Test:test_create_get_list_interfaces): 200 GET http://10.180.1.21/compute/v2.1/servers/19036f6f-2ee3-4ea5-82fa-b510bf903922 0.429s
2025-04-25 23:02:33.194 70310 INFO tempest.lib.common.rest_client [req-5d39327d-21c0-4b88-a486-d3042644f9a2 req-5d39327d-21c0-4b88-a486-d3042644f9a2 ] Request (ServersTestFqdnHostnames:tearDownClass): 200 GET http://10.180.1.21/compute/v2.1/servers/79d98176-b566-4349-ad10-c2ea6fdbc657 0.427s
2025-04-25 23:02:33.268 70342 INFO tempest.lib.common.rest_client [req-2bdaaed4-725f-4964-8547-f68f495d19c6 req-2bdaaed4-725f-4964-8547-f68f495d19c6 ] Request (ServerPasswordTestJSON:test_delete_server_password): 204 DELETE http://10.180.1.21/compute/v2.1/servers/c4335d00-29a3-4f2e-b826-1a78ef02e0bf/os-server-password 0.438s
2025-04-25 23:02:33.331 70338 INFO tempest.lib.common.rest_client [req-2c6d5595-2de5-467f-a09e-de060320d6a0 req-2c6d5595-2de5-467f-a09e-de060320d6a0 ] Request (ServersTestBootFromVolume:setUpClass): 200 GET http://10.180.1.21/compute/v2.1/servers/b14c4ac4-7f1e-4b17-93a1-38eae3c77c0e 0.495s
2025-04-25 23:02:33.392 70344 INFO tempest.lib.common.rest_client [req-b6e9f482-e3d2-46c8-8f3b-1136ddb64886 req-b6e9f482-e3d2-46c8-8f3b-1136ddb64886 ] Request (VolumesAdminNegativeTest:test_update_attached_volume_with_nonexistent_volume_in_uri): 200 GET http://10.180.1.21/compute/v2.1/servers/738d52c6-0368-434f-a14f-05b47ca865e3 0.500s
2025-04-25 23:02:33.451 70350 INFO tempest.lib.common.rest_client [req-c16509ab-d7be-44d7-b243-6b477e003e75 req-c16509ab-d7be-44d7-b243-6b477e003e75 ] Request (ServerActionsTestJSON:setUpClass): 200 GET http://10.180.1.21/compute/v2.1/servers/8adadb2e-2a20-45b1-bed8-34e09df25f39 0.480s
2025-04-25 23:02:33.581 70346 INFO tempest.lib.common.rest_client [req-766f96bc-8042-4ce6-bdf8-87171c6ec0e4 req-766f96bc-8042-4ce6-bdf8-87171c6ec0e4 ] Request (ServersAdminTestJSON:test_create_server_with_scheduling_hint): 200 GET http://10.180.1.21/compute/v2.1/servers/0caa6acd-29d4-43ee-8b32-5149462dfc1c 0.575s
2025-04-25 23:02:33.642 70300 INFO tempest.lib.common.rest_client [req-6e1dd3f1-3e16-42f2-b6a1-ad9a01bf38df req-6e1dd3f1-3e16-42f2-b6a1-ad9a01bf38df ] Request (ImagesTestJSON:test_create_image_from_suspended_server): 200 GET http://10.180.1.21/compute/v2.1/servers/1c45f085-0eb5-4edc-b5aa-9d5c53aca1e0 0.607s
2025-04-25 23:02:33.722 70356 INFO tempest.lib.common.rest_client [req-6585625f-f1f5-43a9-812e-599e359ba1c5 req-6585625f-f1f5-43a9-812e-599e359ba1c5 ] Request (ServerActionsV293TestJSON:setUpClass): 200 GET http://10.180.1.21/compute/v2.1/servers/6f2bc97b-0f0a-4f16-b41c-7af96130783f 0.634s
2025-04-25 23:02:33.800 70320 INFO tempest.lib.common.rest_client [req-ba07bafc-1b73-455c-a864-b9ddf2590db5 req-ba07bafc-1b73-455c-a864-b9ddf2590db5 ] Request (ServersAdminNegativeTestJSON:setUpClass): 200 GET http://10.180.1.21/compute/v2.1/servers/16c45b86-317a-4d0c-a402-51c85af37a5b 0.706s
2025-04-25 23:02:34.263 70328 INFO tempest.lib.common.rest_client [req-e1ed213e-7009-4b92-8250-242a39afc1ab req-e1ed213e-7009-4b92-8250-242a39afc1ab ] Request (FloatingIPsAssociationTestJSON:test_associate_disassociate_floating_ip): 202 POST http://10.180.1.21/compute/v2.1/servers/d601179a-df77-4f2e-b8df-9185b8a485e3/action 1.629s
2025-04-25 23:02:34.331 70298 INFO tempest.lib.common.rest_client [req-a414774e-7b54-4ea5-9019-99d36f4f0392 req-a414774e-7b54-4ea5-9019-99d36f4f0392 ] Request (ServersTestMultiNic:test_verify_duplicate_network_nics): 200 GET http://10.180.1.21/compute/v2.1/servers/0add6226-3b90-4991-8f2b-81c35e72a7df 1.173s
2025-04-25 23:02:34.390 70336 INFO tempest.lib.common.rest_client [req-fcc6b87f-d701-4e73-8f4e-1d75a611da70 req-fcc6b87f-d701-4e73-8f4e-1d75a611da70 ] Request (SecurityGroupsTestJSON:test_list_security_groups_by_server): 202 POST http://10.180.1.21/compute/v2.1/servers 1.286s
2025-04-25 23:02:34.401 70308 INFO tempest.lib.common.rest_client [req-7e0a3b40-f783-41dc-818d-76c4563248f5 req-7e0a3b40-f783-41dc-818d-76c4563248f5 ] Request (ServerDiagnosticsTest:test_get_server_diagnostics): 200 GET http://10.180.1.21/compute/v2.1/servers/ae91adc5-b3a4-4503-91f2-d803eaefedc5 1.233s
2025-04-25 23:02:34.430 70312 INFO tempest.lib.common.rest_client [req-cad32f89-c642-4d97-ba6d-d188201f4543 req-cad32f89-c642-4d97-ba6d-d188201f4543 ] Request (ImagesOneServerTestJSON:test_create_image_specify_multibyte_character_image_name): 200 GET http://10.180.1.21/compute/v2.1/images/b4a35e1b-e812-4975-a414-1bbb1e714c78 1.220s
2025-04-25 23:02:34.458 70342 INFO tempest.lib.common.rest_client [req-5e6c9ffb-7d79-4313-91bf-bef352a2d0c3 req-5e6c9ffb-7d79-4313-91bf-bef352a2d0c3 ] Request (ServerPasswordTestJSON:test_get_server_password): 200 GET http://10.180.1.21/compute/v2.1/servers/c4335d00-29a3-4f2e-b826-1a78ef02e0bf/os-server-password 1.189s
2025-04-25 23:02:34.482 70302 INFO tempest.lib.common.rest_client [req-8380a2b0-9282-42ea-aedd-86aa2856ba46 req-8380a2b0-9282-42ea-aedd-86aa2856ba46 ] Request (InstanceActionsV221TestJSON:test_get_list_deleted_instance_actions): 200 GET http://10.180.1.21/compute/v2.1/servers/0f89d49e-d26c-4d5d-90d7-6f0bf3d67468 1.250s
2025-04-25 23:02:34.547 70318 INFO tempest.lib.common.rest_client [req-1395039b-352e-4ad6-b1e9-ad209a5957a5 req-1395039b-352e-4ad6-b1e9-ad209a5957a5 ] Request (ServersListShow2100Test:test_list_show_rebuild_update_server_2100): 200 GET http://10.180.1.21/compute/v2.1/servers/61bea079-9731-48d1-b472-b30226a0b5a1 1.210s
2025-04-25 23:02:34.613 70296 INFO tempest.lib.common.rest_client [req-4fe92195-2dbe-42bb-b875-1165c4f759a1 req-4fe92195-2dbe-42bb-b875-1165c4f759a1 ] Request (DeleteServersTestJSON:test_delete_active_server): 200 GET http://10.180.1.21/compute/v2.1/servers/d885ddf7-6ec6-46b8-8fd1-7ca7e6a37456 1.187s
2025-04-25 23:02:34.623 70326 INFO tempest.lib.common.rest_client [req-84d353ea-8e20-46f7-9afc-99e4ea46737c req-84d353ea-8e20-46f7-9afc-99e4ea46737c ] Request (ImagesOneServerNegativeTestJSON:tearDown): 200 GET http://10.180.1.21/compute/v2.1/servers/832a38c8-ed3a-460b-91bd-0138d2f2d03d 1.259s
2025-04-25 23:02:34.900 70304 INFO tempest.lib.common.rest_client [req-f2a0e33f-957c-4a43-8051-be93e6031cd7 req-f2a0e33f-957c-4a43-8051-be93e6031cd7 ] Request (ServersTestJSON:test_create_server_specify_multibyte_character_name): 200 GET http://10.180.1.21/compute/v2.1/servers/13f6daa5-d859-40ed-b1b0-edd7717b8df3 1.410s
2025-04-25 23:02:34.908 70322 INFO tempest.lib.common.rest_client [req-007186b5-410e-4ffd-aa8f-89df272da89d req-007186b5-410e-4ffd-aa8f-89df272da89d ] Request (ServersTestJSON:setUpClass): 200 GET http://10.180.1.21/compute/v2.1/servers/8f7e4e69-0796-469f-8a2b-4e19fbf15ed3 1.348s
2025-04-25 23:02:34.915 70304 INFO tempest.common.waiters [-] State transition "BUILD/scheduling" ==> "BUILD/None" after 20 second wait
2025-04-25 23:02:34.962 70316 INFO tempest.lib.common.rest_client [req-a9d4de20-ac79-4ad7-8198-efdc7fc71f57 req-a9d4de20-ac79-4ad7-8198-efdc7fc71f57 ] Request (ImagesNegativeTestJSON:test_create_image_from_deleted_server): 200 GET http://10.180.1.21/compute/v2.1/servers/6c36df58-3ab3-4595-b89c-9ab5a4664eec 1.267s
2025-04-25 23:02:34.987 70340 INFO tempest.lib.common.rest_client [req-499a68b6-9559-483d-9a4b-27c9ef6c1fe3 req-499a68b6-9559-483d-9a4b-27c9ef6c1fe3 ] Request (DeleteServersAdminTestJSON:test_delete_server_while_in_error_state): 200 GET http://10.180.1.21/compute/v2.1/servers/7cf7f0a9-8240-4e78-b5d4-b1eb1da60764 1.285s
2025-04-25 23:02:35.048 70348 INFO tempest.lib.common.rest_client [req-b0790932-6169-4187-8ce3-de0a6bb6e61a req-b0790932-6169-4187-8ce3-de0a6bb6e61a ] Request (ServersTestManualDisk:tearDownClass): 200 GET http://10.180.1.21/compute/v2.1/servers/6a114dce-7ed3-46e1-9d50-c3dd6efd340c 1.280s
2025-04-25 23:02:35.279 70314 INFO tempest.lib.common.rest_client [req-f8b2eecd-c4ad-4670-acd4-6f484676b499 req-f8b2eecd-c4ad-4670-acd4-6f484676b499 ] Request (MigrationsAdminTest:test_list_migrations_in_flavor_resize_situation): 200 GET http://10.180.1.21/compute/v2.1/servers/4b5750d4-98ec-4c70-b214-fad97060b606 1.375s
2025-04-25 23:02:35.288 70314 INFO tempest.common.waiters [-] State transition "RESIZE/resize_prep" ==> "RESIZE/resize_migrating" after 33 second wait
2025-04-25 23:02:35.337 70334 INFO tempest.lib.common.rest_client [req-1fe5fc19-1b50-4faa-877b-642daeeab40c req-1fe5fc19-1b50-4faa-877b-642daeeab40c ] Request (ServerMetadataNegativeTestJSON:setUpClass): 200 GET http://10.180.1.21/compute/v2.1/servers/f53cb08c-0939-4cb1-8476-8b289d6a1b05 1.382s
2025-04-25 23:02:35.346 70334 INFO tempest.common.waiters [-] State transition "BUILD/spawning" ==> "ACTIVE/None" after 46 second wait
2025-04-25 23:02:35.359 70354 INFO tempest.lib.common.rest_client [req-a7134468-be20-4e2f-8061-143bb0444489 req-a7134468-be20-4e2f-8061-143bb0444489 ] Request (ServersAaction247Test:test_create_backup): 200 GET http://10.180.1.21/compute/v2.1/servers/a09db142-60d1-4a62-8e76-1e2e3676124f 1.329s
2025-04-25 23:02:35.403 70358 INFO tempest.lib.common.rest_client [req-08009e43-3b82-4be6-a039-4d50a65b124c req-08009e43-3b82-4be6-a039-4d50a65b124c ] Request (AttachInterfacesV270Test:test_create_get_list_interfaces): 200 GET http://10.180.1.21/compute/v2.1/servers/19036f6f-2ee3-4ea5-82fa-b510bf903922 1.276s
2025-04-25 23:02:35.421 70334 INFO tempest.lib.common.rest_client [req-a3158a17-fe5a-438e-88bd-392c2fa956f6 req-a3158a17-fe5a-438e-88bd-392c2fa956f6 ] Request (ServerMetadataNegativeTestJSON:test_create_server_metadata_blank_key): 201 POST http://10.180.1.21/identity/v3/auth/tokens 0.071s
2025-04-25 23:02:35.422 70334 INFO tempest.lib.common.fixed_network [-] (ServerMetadataNegativeTestJSON:test_create_server_metadata_blank_key) Found network {'id': '6e3d7438-b94d-4438-b4e5-fde03770d05d', 'name': 'tempest-ServerMetadataNegativeTestJSON-965044620-network', 'tenant_id': '37492ec68df9439e860aaacce6f58bcf', 'admin_state_up': True, 'mtu': 8950, 'status': 'ACTIVE', 'subnets': [], 'shared': False, 'project_id': '37492ec68df9439e860aaacce6f58bcf', 'port_security_enabled': True, 'router:external': False, 'provider:network_type': 'vlan', 'provider:physical_network': 'default', 'provider:segmentation_id': 744, 'availability_zone_hints': [], 'availability_zones': [], 'ipv4_address_scope': None, 'ipv6_address_scope': None, 'description': '', 'tags': [], 'created_at': '2025-04-25T23:01:36Z', 'updated_at': '2025-04-25T23:01:36Z', 'revision_number': 1} available for tenant
2025-04-25 23:02:35.438 70310 INFO tempest.lib.common.rest_client [req-74afd2cb-6810-4fb0-9e0c-489ffad2a327 req-74afd2cb-6810-4fb0-9e0c-489ffad2a327 ] Request (ServersTestFqdnHostnames:tearDownClass): 200 GET http://10.180.1.21/compute/v2.1/servers/79d98176-b566-4349-ad10-c2ea6fdbc657 1.232s
2025-04-25 23:02:35.510 70338 INFO tempest.lib.common.rest_client [req-f058f11e-90f5-4db1-8038-d1c1bae2a3f5 req-f058f11e-90f5-4db1-8038-d1c1bae2a3f5 ] Request (ServersTestBootFromVolume:setUpClass): 200 GET http://10.180.1.21/compute/v2.1/servers/b14c4ac4-7f1e-4b17-93a1-38eae3c77c0e 1.168s
2025-04-25 23:02:35.545 70328 INFO tempest.lib.common.rest_client [req-87960d03-db1f-4c73-b5bc-802b2bffefd9 req-87960d03-db1f-4c73-b5bc-802b2bffefd9 ] Request (FloatingIPsAssociationTestJSON:test_associate_disassociate_floating_ip): 200 GET http://10.180.1.21/compute/v2.1/os-floating-ips/505710c0-c80d-4b9a-8e81-289c3e906694 1.282s
2025-04-25 23:02:35.570 70336 INFO tempest.lib.common.rest_client [req-878da80e-3a99-447d-99b7-74ede754a242 req-878da80e-3a99-447d-99b7-74ede754a242 ] Request (SecurityGroupsTestJSON:test_list_security_groups_by_server): 200 GET http://10.180.1.21/compute/v2.1/servers/c9ce57f3-f9a2-40aa-b7eb-403840c34304 1.178s
2025-04-25 23:02:35.603 70344 INFO tempest.lib.common.rest_client [req-6ffdd363-7aaa-4e59-9e9a-6778ef0d4a18 req-6ffdd363-7aaa-4e59-9e9a-6778ef0d4a18 ] Request (VolumesAdminNegativeTest:test_update_attached_volume_with_nonexistent_volume_in_uri): 200 GET http://10.180.1.21/compute/v2.1/servers/738d52c6-0368-434f-a14f-05b47ca865e3 1.203s
2025-04-25 23:02:35.651 70342 INFO tempest.lib.common.rest_client [req-647ebfca-d83c-4831-90c7-7844ede1aa7a req-647ebfca-d83c-4831-90c7-7844ede1aa7a ] Request (ServerPasswordTestJSON:tearDownClass): 204 DELETE http://10.180.1.21/compute/v2.1/servers/c4335d00-29a3-4f2e-b826-1a78ef02e0bf 1.191s
2025-04-25 23:02:35.660 70350 INFO tempest.lib.common.rest_client [req-b37fca6e-cc8b-46fb-ae11-17d96bcab10c req-b37fca6e-cc8b-46fb-ae11-17d96bcab10c ] Request (ServerActionsTestJSON:setUpClass): 200 GET http://10.180.1.21/compute/v2.1/servers/8adadb2e-2a20-45b1-bed8-34e09df25f39 1.198s
2025-04-25 23:02:35.785 70300 INFO tempest.lib.common.rest_client [req-f4cc1024-da80-4cf1-91a4-e93bb92671cc req-f4cc1024-da80-4cf1-91a4-e93bb92671cc ] Request (ImagesTestJSON:test_create_image_from_suspended_server): 200 GET http://10.180.1.21/compute/v2.1/servers/1c45f085-0eb5-4edc-b5aa-9d5c53aca1e0 1.128s
2025-04-25 23:02:35.792 70300 INFO tempest.common.waiters [-] State transition "BUILD/None" ==> "BUILD/spawning" after 42 second wait
2025-04-25 23:02:35.810 70346 INFO tempest.lib.common.rest_client [req-0a7d546c-1af4-4b5a-b8aa-4568e439940e req-0a7d546c-1af4-4b5a-b8aa-4568e439940e ] Request (ServersAdminTestJSON:test_create_server_with_scheduling_hint): 200 GET http://10.180.1.21/compute/v2.1/servers/0caa6acd-29d4-43ee-8b32-5149462dfc1c 1.213s
2025-04-25 23:02:35.841 70356 INFO tempest.lib.common.rest_client [req-a1442dcf-fe17-4dfc-b051-ae6c092d9bed req-a1442dcf-fe17-4dfc-b051-ae6c092d9bed ] Request (ServerActionsV293TestJSON:setUpClass): 200 GET http://10.180.1.21/compute/v2.1/servers/6f2bc97b-0f0a-4f16-b41c-7af96130783f 1.100s
2025-04-25 23:02:35.859 70320 INFO tempest.lib.common.rest_client [req-ec861930-af9e-40b7-a840-988e6a9395bf req-ec861930-af9e-40b7-a840-988e6a9395bf ] Request (ServersAdminNegativeTestJSON:setUpClass): 200 GET http://10.180.1.21/compute/v2.1/servers/16c45b86-317a-4d0c-a402-51c85af37a5b 1.049s
2025-04-25 23:02:35.914 70298 INFO tempest.lib.common.rest_client [req-189539bb-2458-4654-aba1-2648c0944384 req-189539bb-2458-4654-aba1-2648c0944384 ] Request (ServersTestMultiNic:test_verify_duplicate_network_nics): 200 GET http://10.180.1.21/compute/v2.1/servers/0add6226-3b90-4991-8f2b-81c35e72a7df 0.571s
2025-04-25 23:02:35.919 70334 INFO tempest.lib.common.rest_client [req-c9706453-2c36-4c47-a7f0-fc2f4a0f41e5 req-c9706453-2c36-4c47-a7f0-fc2f4a0f41e5 ] Request (ServerMetadataNegativeTestJSON:test_create_server_metadata_blank_key): 400 POST http://10.180.1.21/compute/v2.1/servers 0.496s
2025-04-25 23:02:35.934 70308 INFO tempest.lib.common.rest_client [req-a2d2c577-1454-4a39-91b2-751f5f3b94a9 req-a2d2c577-1454-4a39-91b2-751f5f3b94a9 ] Request (ServerDiagnosticsTest:test_get_server_diagnostics): 200 GET http://10.180.1.21/compute/v2.1/servers/ae91adc5-b3a4-4503-91f2-d803eaefedc5 0.521s
2025-04-25 23:02:35.956 70312 INFO tempest.lib.common.rest_client [req-462fc289-4512-4601-b594-43b11634632b req-462fc289-4512-4601-b594-43b11634632b ] Request (ImagesOneServerTestJSON:test_create_image_specify_multibyte_character_image_name): 200 GET http://10.180.1.21/compute/v2.1/images/b4a35e1b-e812-4975-a414-1bbb1e714c78 0.520s
2025-04-25 23:02:36.005 70302 INFO tempest.lib.common.rest_client [req-ec7359ec-b273-4610-8bec-db5ec4cdd69b req-ec7359ec-b273-4610-8bec-db5ec4cdd69b ] Request (InstanceActionsV221TestJSON:test_get_list_deleted_instance_actions): 200 GET http://10.180.1.21/compute/v2.1/servers/0f89d49e-d26c-4d5d-90d7-6f0bf3d67468 0.511s
2025-04-25 23:02:36.069 70318 INFO tempest.lib.common.rest_client [req-7d61e059-9fa2-4bde-b36c-a1e163508014 req-7d61e059-9fa2-4bde-b36c-a1e163508014 ] Request (ServersListShow2100Test:test_list_show_rebuild_update_server_2100): 200 GET http://10.180.1.21/compute/v2.1/servers/61bea079-9731-48d1-b472-b30226a0b5a1 0.505s
2025-04-25 23:02:36.131 70296 INFO tempest.lib.common.rest_client [req-0f9d474c-209f-4708-a4bb-e0812dfe582a req-0f9d474c-209f-4708-a4bb-e0812dfe582a ] Request (DeleteServersTestJSON:test_delete_active_server): 200 GET http://10.180.1.21/compute/v2.1/servers/d885ddf7-6ec6-46b8-8fd1-7ca7e6a37456 0.498s
2025-04-25 23:02:36.312 70326 INFO tempest.lib.common.rest_client [req-0a6a0bfc-037f-41cb-9f50-cba36115e3d4 req-0a6a0bfc-037f-41cb-9f50-cba36115e3d4 ] Request (ImagesOneServerNegativeTestJSON:tearDown): 200 GET http://10.180.1.21/compute/v2.1/servers/832a38c8-ed3a-460b-91bd-0138d2f2d03d 0.673s
2025-04-25 23:02:36.318 70326 INFO tempest.common.waiters [-] State transition "ACTIVE/image_uploading" ==> "ACTIVE/None" after 6 second wait
2025-04-25 23:02:36.380 70306 WARNING tempest.lib.common.ssh [-] Failed to establish authenticated ssh connection to cirros@10.180.180.244 ([Errno None] Unable to connect to port 22 on 10.180.180.244). Number attempts: 8. Retry after 9 seconds.: paramiko.ssh_exception.NoValidConnectionsError: [Errno None] Unable to connect to port 22 on 10.180.180.244
2025-04-25 23:02:36.469 70342 INFO tempest.lib.common.rest_client [req-5726c202-ddc6-4c72-a3ea-2c38a5a42f8a req-5726c202-ddc6-4c72-a3ea-2c38a5a42f8a ] Request (ServerPasswordTestJSON:tearDownClass): 200 GET http://10.180.1.21/compute/v2.1/servers/c4335d00-29a3-4f2e-b826-1a78ef02e0bf 0.817s
2025-04-25 23:02:36.539 70304 INFO tempest.lib.common.rest_client [req-0abaa946-9c1b-42f9-98a2-5bc202ec6774 req-0abaa946-9c1b-42f9-98a2-5bc202ec6774 ] Request (ServersTestJSON:test_create_server_specify_multibyte_character_name): 200 GET http://10.180.1.21/compute/v2.1/servers/13f6daa5-d859-40ed-b1b0-edd7717b8df3 0.623s
2025-04-25 23:02:36.603 70322 INFO tempest.lib.common.rest_client [req-b346ada0-7dd4-4516-8822-0f25cf8e73f2 req-b346ada0-7dd4-4516-8822-0f25cf8e73f2 ] Request (ServersTestJSON:setUpClass): 200 GET http://10.180.1.21/compute/v2.1/servers/8f7e4e69-0796-469f-8a2b-4e19fbf15ed3 0.684s
2025-04-25 23:02:36.611 70334 INFO tempest.lib.common.rest_client [req-b4d69495-99a7-4c2c-bc5e-3dbc6a7274c8 req-b4d69495-99a7-4c2c-bc5e-3dbc6a7274c8 ] Request (ServerMetadataNegativeTestJSON:test_delete_metadata_non_existent_server): 404 DELETE http://10.180.1.21/compute/v2.1/servers/e05be06d-33af-4a60-88a8-ac04813ffed1/metadata/d 0.691s
2025-04-25 23:02:36.674 70316 INFO tempest.lib.common.rest_client [req-8cf236b0-d014-4692-a9ef-f94857a52b02 req-8cf236b0-d014-4692-a9ef-f94857a52b02 ] Request (ImagesNegativeTestJSON:test_create_image_from_deleted_server): 200 GET http://10.180.1.21/compute/v2.1/servers/6c36df58-3ab3-4595-b89c-9ab5a4664eec 0.700s
2025-04-25 23:02:36.754 70340 INFO tempest.lib.common.rest_client [req-d0d0a36f-e69f-40d8-b98a-e85c3bf1cf67 req-d0d0a36f-e69f-40d8-b98a-e85c3bf1cf67 ] Request (DeleteServersAdminTestJSON:test_delete_server_while_in_error_state): 200 GET http://10.180.1.21/compute/v2.1/servers/7cf7f0a9-8240-4e78-b5d4-b1eb1da60764 0.754s
2025-04-25 23:02:36.762 70340 INFO tempest.common.waiters [-] State transition "ERROR/deleting" ==> "DELETED/None" after 6 second wait
2025-04-25 23:02:36.836 70348 INFO tempest.lib.common.rest_client [req-6b2ecb03-c59b-4a04-b47c-5f544bc70a07 req-6b2ecb03-c59b-4a04-b47c-5f544bc70a07 ] Request (ServersTestManualDisk:tearDownClass): 200 GET http://10.180.1.21/compute/v2.1/servers/6a114dce-7ed3-46e1-9d50-c3dd6efd340c 0.777s
2025-04-25 23:02:36.994 70314 INFO tempest.lib.common.rest_client [req-73590051-9de0-42ad-95e2-29a3e5ed298e req-73590051-9de0-42ad-95e2-29a3e5ed298e ] Request (MigrationsAdminTest:test_list_migrations_in_flavor_resize_situation): 200 GET http://10.180.1.21/compute/v2.1/servers/4b5750d4-98ec-4c70-b214-fad97060b606 0.705s
2025-04-25 23:02:37.018 70330 WARNING tempest.lib.common.ssh [-] Failed to establish authenticated ssh connection to cirros@10.180.180.224 ([Errno None] Unable to connect to port 22 on 10.180.180.224). Number attempts: 6. Retry after 7 seconds.: paramiko.ssh_exception.NoValidConnectionsError: [Errno None] Unable to connect to port 22 on 10.180.180.224
2025-04-25 23:02:37.065 70328 INFO tempest.lib.common.rest_client [req-02142c06-90d2-4de0-9e2c-0ae5cbc9a2b7 req-02142c06-90d2-4de0-9e2c-0ae5cbc9a2b7 ] Request (FloatingIPsAssociationTestJSON:test_associate_disassociate_floating_ip): 202 POST http://10.180.1.21/compute/v2.1/servers/d601179a-df77-4f2e-b8df-9185b8a485e3/action 1.518s
2025-04-25 23:02:37.079 70326 INFO tempest.lib.common.rest_client [req-deebd809-0e5e-497a-a8ad-ca9fe220b364 req-deebd809-0e5e-497a-a8ad-ca9fe220b364 ] Request (ImagesOneServerNegativeTestJSON:_run_cleanups): 204 DELETE http://10.180.1.21/compute/v2.1/servers/832a38c8-ed3a-460b-91bd-0138d2f2d03d 0.760s
2025-04-25 23:02:37.127 70354 INFO tempest.lib.common.rest_client [req-077a1e16-2341-4745-aa0e-42bde90e47a2 req-077a1e16-2341-4745-aa0e-42bde90e47a2 ] Request (ServersAaction247Test:test_create_backup): 200 GET http://10.180.1.21/compute/v2.1/servers/a09db142-60d1-4a62-8e76-1e2e3676124f 0.752s
2025-04-25 23:02:37.149 70358 INFO tempest.lib.common.rest_client [req-35a7ada5-f701-4638-96d7-0f258f04516f req-35a7ada5-f701-4638-96d7-0f258f04516f ] Request (AttachInterfacesV270Test:test_create_get_list_interfaces): 200 GET http://10.180.1.21/compute/v2.1/servers/19036f6f-2ee3-4ea5-82fa-b510bf903922 0.735s
2025-04-25 23:02:37.209 70310 INFO tempest.lib.common.rest_client [req-abfdc924-48b0-464a-b886-a6fe4d0a94d2 req-abfdc924-48b0-464a-b886-a6fe4d0a94d2 ] Request (ServersTestFqdnHostnames:tearDownClass): 200 GET http://10.180.1.21/compute/v2.1/servers/79d98176-b566-4349-ad10-c2ea6fdbc657 0.759s
2025-04-25 23:02:37.223 70338 INFO tempest.lib.common.rest_client [req-e6792c15-e038-4bd4-9ef3-05bb0926687a req-e6792c15-e038-4bd4-9ef3-05bb0926687a ] Request (ServersTestBootFromVolume:setUpClass): 200 GET http://10.180.1.21/compute/v2.1/servers/b14c4ac4-7f1e-4b17-93a1-38eae3c77c0e 0.703s
2025-04-25 23:02:37.277 70336 INFO tempest.lib.common.rest_client [req-585c53ae-3d5f-473b-b166-053b38f84c1a req-585c53ae-3d5f-473b-b166-053b38f84c1a ] Request (SecurityGroupsTestJSON:test_list_security_groups_by_server): 200 GET http://10.180.1.21/compute/v2.1/servers/c9ce57f3-f9a2-40aa-b7eb-403840c34304 0.699s
