2025-04-25 23:00:59.645 70336 INFO tempest.lib.common.dynamic_creds [-] Acquired dynamic creds: credentials: Credentials: {'domain_id': 'default', 'domain_name': 'Default', 'username': 'tempest-ServersAdmin275Test-1125750199-project-admin', 'project_domain_id': 'default', 'project_domain_name': 'Default', 'project_id': 'baf5344f4891411aa6638aa45d08173f', 'project_name': 'tempest-ServersAdmin275Test-1125750199', 'tenant_id': 'baf5344f4891411aa6638aa45d08173f', 'tenant_name': 'tempest-ServersAdmin275Test-1125750199', 'user_domain_id': 'default', 'user_domain_name': 'Default', 'user_id': 'ebd7dacd2c3c4271ae993d0d54c38935', 'system': None}, Network: None, Subnet: None, Router: None
2025-04-25 23:00:59.645 70336 INFO tempest.lib.common.dynamic_creds [-] Created isolated network resources for: credentials: Credentials: {'domain_id': 'default', 'domain_name': 'Default', 'username': 'tempest-ServersAdmin275Test-1125750199-project-admin', 'project_domain_id': 'default', 'project_domain_name': 'Default', 'project_id': 'baf5344f4891411aa6638aa45d08173f', 'project_name': 'tempest-ServersAdmin275Test-1125750199', 'tenant_id': 'baf5344f4891411aa6638aa45d08173f', 'tenant_name': 'tempest-ServersAdmin275Test-1125750199', 'user_domain_id': 'default', 'user_domain_name': 'Default', 'user_id': 'ebd7dacd2c3c4271ae993d0d54c38935', 'system': None}, Network: None, Subnet: None, Router: None
2025-04-25 23:00:59.667 70350 INFO tempest.lib.common.rest_client [req-7b0f5f68-a00b-4350-867e-5f9c101359d8 req-7b0f5f68-a00b-4350-867e-5f9c101359d8 ] Request (ServicesAdminTestJSON:tearDownClass): 204 DELETE http://10.180.1.21/identity/v3/projects/31f450d99a3c4dda81a8623ff53c8126 0.204s
2025-04-25 23:00:59.723 70304 INFO tempest.lib.common.rest_client [req-fc1f0662-9a68-4849-a0f1-1ecb65540b4f req-fc1f0662-9a68-4849-a0f1-1ecb65540b4f ] Request (MultipleCreateNegativeTestJSON:tearDownClass): 200 GET http://10.180.1.21:9696/networking/v2.0/security-groups?tenant_id=ed96c235f51f407e89023c47620f3b63&name=default 0.547s
2025-04-25 23:00:59.740 70312 INFO tempest.lib.common.rest_client [req-52c5d122-f489-4bf2-b157-dfebe7200954 req-52c5d122-f489-4bf2-b157-dfebe7200954 ] Request (HypervisorAdminUnderV252Test:tearDownClass): 204 DELETE http://10.180.1.21/identity/v3/users/d4fc1fe3dd854e87932f4d31334cfe3a 0.248s
2025-04-25 23:00:59.740 70312 INFO tempest.lib.common.dynamic_creds [-] Deleting project and security group for project: 54c199380f2849dd989d07f5caa47211
2025-04-25 23:00:59.753 70342 INFO tempest.lib.common.rest_client [req-7cff4ea1-ad7c-4477-b2de-988316d1ac66 req-7cff4ea1-ad7c-4477-b2de-988316d1ac66 ] Request (HypervisorAdminTestJSON:tearDownClass): 204 DELETE http://10.180.1.21/identity/v3/users/ab4ba5a84fae4820996966e00883f2b8 0.210s
2025-04-25 23:00:59.753 70342 INFO tempest.lib.common.dynamic_creds [-] Deleting project and security group for project: b5acea3787e24a86a12742b1b8ddb81b
2025-04-25 23:00:59.803 70310 INFO tempest.lib.common.rest_client [req-b9130c05-f8b5-4610-bb17-704c80c031a8 req-b9130c05-f8b5-4610-bb17-704c80c031a8 ] Request (ServersTestFqdnHostnames:setUpClass): 201 POST http://10.180.1.21/identity/v3/auth/tokens 0.225s
2025-04-25 23:00:59.808 70344 INFO tempest.lib.common.rest_client [req-5b76d997-0ee8-47b9-8f6e-e34f0fce7250 req-5b76d997-0ee8-47b9-8f6e-e34f0fce7250 ] Request (VolumesAdminNegativeTest:test_update_attached_volume_with_nonexistent_volume_in_body): 202 POST http://10.180.1.21/compute/v2.1/servers 2.583s
2025-04-25 23:00:59.826 70336 INFO tempest.lib.common.rest_client [req-1e3965d3-7ada-43ba-90ce-66d72334bfa5 req-1e3965d3-7ada-43ba-90ce-66d72334bfa5 ] Request (ServersAdmin275Test:setUpClass): 201 POST http://10.180.1.21/identity/v3/auth/tokens 0.176s
2025-04-25 23:00:59.826 70350 INFO tempest.lib.common.rest_client [req-c4a8c328-baf8-4170-aa9c-9a00a0ab474f req-c4a8c328-baf8-4170-aa9c-9a00a0ab474f ] Request (FlavorsV2TestJSON:setUpClass): 201 POST http://10.180.1.21/identity/v3/auth/tokens 0.157s
2025-04-25 23:00:59.859 70312 INFO tempest.lib.common.rest_client [req-46bf572b-b810-4d82-88cf-6aa2705629b3 req-46bf572b-b810-4d82-88cf-6aa2705629b3 ] Request (HypervisorAdminUnderV252Test:tearDownClass): 201 POST http://10.180.1.21/identity/v3/auth/tokens 0.118s
2025-04-25 23:00:59.867 70304 INFO tempest.lib.common.rest_client [req-181ce7d6-e5ea-4fdb-864c-6a409b03be03 req-181ce7d6-e5ea-4fdb-864c-6a409b03be03 ] Request (MultipleCreateNegativeTestJSON:tearDownClass): 204 DELETE http://10.180.1.21:9696/networking/v2.0/security-groups/3d288c57-f4a9-4c78-bb5d-1f721a561e74 0.143s
2025-04-25 23:00:59.867 70342 INFO tempest.lib.common.rest_client [req-512f083d-2968-473e-a718-7a442f6d0ad2 req-512f083d-2968-473e-a718-7a442f6d0ad2 ] Request (HypervisorAdminTestJSON:tearDownClass): 201 POST http://10.180.1.21/identity/v3/auth/tokens 0.114s
2025-04-25 23:00:59.890 70330 INFO tempest.lib.common.rest_client [req-7f2f4e9d-20e7-4a41-be98-c6d2af71e8ce req-7f2f4e9d-20e7-4a41-be98-c6d2af71e8ce ] Request (FlavorMetadataValidation:tearDownClass): 204 DELETE http://10.180.1.21:9696/networking/v2.0/security-groups/e74c07b8-8521-4807-bea7-a543f5b0790d 0.362s
2025-04-25 23:00:59.927 70308 INFO tempest.lib.common.rest_client [req-4111ede8-2a28-44f6-a395-1d59646dbf1d req-4111ede8-2a28-44f6-a395-1d59646dbf1d ] Request (AggregatesAdminNegativeTestJSON:_run_cleanups): 200 POST http://10.180.1.21/compute/v2.1/os-aggregates/1/action 1.646s
2025-04-25 23:00:59.950 70298 INFO tempest.lib.common.rest_client [req-d7950341-ad29-438e-9cba-6e4621185de0 req-d7950341-ad29-438e-9cba-6e4621185de0 ] Request (FlavorsAccessNegativeTestJSON:_run_cleanups): 202 DELETE http://10.180.1.21/compute/v2.1/flavors/1492790953 1.495s
2025-04-25 23:00:59.952 70296 INFO tempest.lib.common.rest_client [req-c25c9f90-503b-48af-8ba5-41dd00cca4c4 req-c25c9f90-503b-48af-8ba5-41dd00cca4c4 ] Request (QuotasAdminTestJSON:test_get_default_quotas): 200 GET http://10.180.1.21/compute/v2.1/os-quota-sets/d5d2d159615d4d5399700c9f8cf91f47/defaults 1.675s
2025-04-25 23:00:59.952 70350 INFO tempest.lib.common.rest_client [req-c7d29b7f-1cc1-4e8e-a7ed-917b68d46fc8 req-c7d29b7f-1cc1-4e8e-a7ed-917b68d46fc8 ] Request (FlavorsV2TestJSON:setUpClass): 201 POST http://10.180.1.21/identity/v3/auth/tokens 0.124s
2025-04-25 23:00:59.954 70338 INFO tempest.lib.common.rest_client [req-85f412a3-9a9e-4eb0-a5ee-c3fdd43c27ce req-85f412a3-9a9e-4eb0-a5ee-c3fdd43c27ce ] Request (FlavorsExtraSpecsNegativeTestJSON:test_flavor_non_admin_unset_keys): 403 DELETE http://10.180.1.21/compute/v2.1/flavors/197296/os-extra_specs/hw:numa_nodes 1.467s
2025-04-25 23:00:59.966 70334 INFO tempest.lib.common.rest_client [req-3fbbbcea-5f68-4721-878a-5e0f5573e212 req-3fbbbcea-5f68-4721-878a-5e0f5573e212 ] Request (FlavorsAccessTestJSON:_run_cleanups): 202 DELETE http://10.180.1.21/compute/v2.1/flavors/1123598576 1.171s
2025-04-25 23:00:59.996 70336 INFO tempest.lib.common.rest_client [req-d0a3c299-b3bd-4659-9444-264b5097b6b2 req-d0a3c299-b3bd-4659-9444-264b5097b6b2 ] Request (ServersAdmin275Test:test_rebuild_update_server_275): 201 POST http://10.180.1.21/identity/v3/auth/tokens 0.162s
2025-04-25 23:00:59.997 70336 INFO tempest.lib.common.fixed_network [-] (ServersAdmin275Test:test_rebuild_update_server_275) Found network None available for tenant
2025-04-25 23:01:00.049 70304 INFO tempest.lib.common.rest_client [req-9eb2f218-e01b-4444-ae07-98ecad762fb3 req-9eb2f218-e01b-4444-ae07-98ecad762fb3 ] Request (MultipleCreateNegativeTestJSON:tearDownClass): 204 DELETE http://10.180.1.21/identity/v3/projects/ed96c235f51f407e89023c47620f3b63 0.182s
2025-04-25 23:01:00.141 70318 INFO tempest.lib.common.rest_client [req-02a1dc75-311d-4518-9d14-fda7550f522c req-02a1dc75-311d-4518-9d14-fda7550f522c ] Request (ServerDiagnosticsV248Test:test_get_server_diagnostics): 200 GET http://10.180.1.21/compute/v2.1/servers/0cc49db6-1574-4e51-8692-b79ee14bc25d 1.340s
2025-04-25 23:01:00.151 70318 INFO tempest.common.waiters [-] State transition "BUILD/None" ==> "BUILD/block_device_mapping" after 6 second wait
2025-04-25 23:01:00.200 70350 INFO tempest.lib.common.rest_client [req-562bd1f5-01d8-4666-b807-39606cb6394b req-562bd1f5-01d8-4666-b807-39606cb6394b ] Request (FlavorsV2TestJSON:setUpClass): 200 GET http://10.180.1.21/identity/v3/domains?name=Default 0.247s
2025-04-25 23:01:00.226 70330 INFO tempest.lib.common.rest_client [req-0a69d391-37f3-4c42-a902-b9795b26b3cb req-0a69d391-37f3-4c42-a902-b9795b26b3cb ] Request (FlavorMetadataValidation:tearDownClass): 204 DELETE http://10.180.1.21/identity/v3/projects/2ecda4b5f0bc461ea3679dc478541643 0.336s
2025-04-25 23:01:00.227 70330 INFO tempest.lib.common.dynamic_creds [-] Deleting project and security group for project: 0f63d8afaa094c449aea728d3860fe7c
2025-04-25 23:01:00.262 70306 INFO tempest.lib.common.rest_client [req-4c547d60-9f6e-474a-adad-74be18e51ae9 req-4c547d60-9f6e-474a-adad-74be18e51ae9 ] Request (VolumesAssistedSnapshotsTest:test_volume_assisted_snapshot_create_delete): 200 GET http://10.180.1.21/volume/v3/volumes/2036300e-6275-47c2-a95e-9e2fedd16fd5 0.058s
2025-04-25 23:01:00.273 70306 INFO tempest.common.waiters [-] volume 2036300e-6275-47c2-a95e-9e2fedd16fd5 reached available after waiting for 1.273404 seconds
2025-04-25 23:01:00.293 70304 INFO tempest.lib.common.rest_client [req-9564e539-3118-4941-b6b6-865a99695987 req-9564e539-3118-4941-b6b6-865a99695987 ] Request (ServerAddressesNegativeTestJSON:setUpClass): 201 POST http://10.180.1.21/identity/v3/auth/tokens 0.242s
2025-04-25 23:01:00.339 70350 INFO tempest.lib.common.rest_client [req-3bbd8243-c787-420d-85b0-5617ea212cb0 req-3bbd8243-c787-420d-85b0-5617ea212cb0 ] Request (FlavorsV2TestJSON:setUpClass): 201 POST http://10.180.1.21/identity/v3/projects 0.139s
2025-04-25 23:01:00.373 70296 INFO tempest.lib.common.rest_client [req-ce8ea9f2-ac03-49b8-ab45-4ae63e9a75a4 req-ce8ea9f2-ac03-49b8-ab45-4ae63e9a75a4 ] Request (QuotasAdminTestJSON:test_get_updated_quotas): 200 GET http://10.180.1.21/identity/v3/domains?name=Default 0.417s
2025-04-25 23:01:00.409 70304 INFO tempest.lib.common.rest_client [req-a2439cd8-9394-4a94-999a-4ab1ef4f5198 req-a2439cd8-9394-4a94-999a-4ab1ef4f5198 ] Request (ServerAddressesNegativeTestJSON:setUpClass): 201 POST http://10.180.1.21/identity/v3/auth/tokens 0.112s
2025-04-25 23:01:00.420 70342 INFO tempest.lib.common.rest_client [req-193abcfb-ee5c-4114-8c1d-4bf185000b1c req-193abcfb-ee5c-4114-8c1d-4bf185000b1c ] Request (HypervisorAdminTestJSON:tearDownClass): 200 GET http://10.180.1.21:9696/networking/v2.0/security-groups?tenant_id=b5acea3787e24a86a12742b1b8ddb81b&name=default 0.552s
2025-04-25 23:01:00.460 70350 INFO tempest.lib.common.rest_client [req-eeec36f1-bdab-434b-8216-feb92700c1d1 req-eeec36f1-bdab-434b-8216-feb92700c1d1 ] Request (FlavorsV2TestJSON:setUpClass): 201 POST http://10.180.1.21/identity/v3/users 0.120s
2025-04-25 23:01:00.467 70356 INFO tempest.lib.common.rest_client [req-d84bb4c7-a71d-4086-b3e3-ebc2276ae010 req-d84bb4c7-a71d-4086-b3e3-ebc2276ae010 ] Request (SecurityGroupRulesTestJSON:test_security_group_rules_create_with_optional_group_id): 200 POST http://10.180.1.21/compute/v2.1/os-security-groups 1.715s
2025-04-25 23:01:00.482 70296 INFO tempest.lib.common.rest_client [req-fa860af6-d82a-4e3e-9c4f-65f9c62fc9e8 req-fa860af6-d82a-4e3e-9c4f-65f9c62fc9e8 ] Request (QuotasAdminTestJSON:test_get_updated_quotas): 201 POST http://10.180.1.21/identity/v3/projects 0.109s
2025-04-25 23:01:00.490 70304 INFO tempest.lib.common.rest_client [req-c4692d8e-27d9-40ce-8fc3-10038771cee2 req-c4692d8e-27d9-40ce-8fc3-10038771cee2 ] Request (ServerAddressesNegativeTestJSON:setUpClass): 200 GET http://10.180.1.21/identity/v3/domains?name=Default 0.080s
2025-04-25 23:01:00.493 70320 INFO tempest.lib.common.rest_client [req-c2d22df2-ff17-49e3-bafb-590e056343cc req-c2d22df2-ff17-49e3-bafb-590e056343cc ] Request (FlavorsAdminTestJSON:_run_cleanups): 202 DELETE http://10.180.1.21/compute/v2.1/flavors/963788249 1.507s
2025-04-25 23:01:00.507 70302 INFO tempest.lib.common.rest_client [req-496c7518-8fbe-4e06-8476-2261428f0bc8 req-496c7518-8fbe-4e06-8476-2261428f0bc8 ] Request (ImagesMetadataTestJSON:setUp): 200 PUT http://10.180.1.21/compute/v2.1/images/e3e962d0-5657-40f5-beaf-98a59b9d5ba2/metadata 1.567s
2025-04-25 23:01:00.522 70316 INFO tempest.lib.common.rest_client [req-6a114052-4d5b-4f40-a69e-51defdf603a1 req-6a114052-4d5b-4f40-a69e-51defdf603a1 ] Request (ServicesAdminNegativeV253TestJSON:test_get_service_by_invalid_service_and_valid_host): 200 GET http://10.180.1.21/compute/v2.1/os-services 1.511s
2025-04-25 23:01:00.538 70350 INFO tempest.lib.common.rest_client [req-3a58f13e-f337-4c56-97bc-55d31bae7399 req-3a58f13e-f337-4c56-97bc-55d31bae7399 ] Request (FlavorsV2TestJSON:setUpClass): 200 GET http://10.180.1.21/identity/v3/roles 0.078s
2025-04-25 23:01:00.538 70314 INFO tempest.lib.common.rest_client [req-c190cc5b-e8c4-4f2d-9d3b-1abfd5a8bf27 req-c190cc5b-e8c4-4f2d-9d3b-1abfd5a8bf27 ] Request (HostsAdminNegativeTestJSON:test_show_host_detail_with_nonexistent_hostname): 404 GET http://10.180.1.21/compute/v2.1/os-hosts/nonexistent_hostname 1.168s
2025-04-25 23:01:00.567 70304 INFO tempest.lib.common.rest_client [req-7b58973d-3b76-49f1-9c02-ab9ae2664404 req-7b58973d-3b76-49f1-9c02-ab9ae2664404 ] Request (ServerAddressesNegativeTestJSON:setUpClass): 201 POST http://10.180.1.21/identity/v3/projects 0.076s
2025-04-25 23:01:00.567 70296 INFO tempest.lib.common.rest_client [req-475e8144-42fb-4812-8a55-fc2cf83cca33 req-475e8144-42fb-4812-8a55-fc2cf83cca33 ] Request (QuotasAdminTestJSON:test_get_updated_quotas): 200 GET http://10.180.1.21/identity/v3/domains?name=Default 0.084s
2025-04-25 23:01:00.577 70332 INFO tempest.lib.common.rest_client [req-6a224a24-fff8-4c6d-8b26-6db11de89647 req-6a224a24-fff8-4c6d-8b26-6db11de89647 ] Request (FlavorsExtraSpecsTestJSON:test_flavor_set_get_update_show_unset_keys): 200 POST http://10.180.1.21/compute/v2.1/flavors/2119189419/os-extra_specs 1.171s
2025-04-25 23:01:00.583 70328 INFO tempest.lib.common.rest_client [req-139123bf-fe01-483a-a5ac-cbfbf9cb2a83 req-139123bf-fe01-483a-a5ac-cbfbf9cb2a83 ] Request (HypervisorAdminNegativeTestJSON:test_get_nonexistent_hypervisor_uptime): 404 GET http://10.180.1.21/compute/v2.1/os-hypervisors/6505848f-e7f7-43a3-83b4-92411599a105/uptime 1.020s
2025-04-25 23:01:00.598 70312 INFO tempest.lib.common.rest_client [req-b4a4899a-1432-4629-8f45-76e9b9233199 req-b4a4899a-1432-4629-8f45-76e9b9233199 ] Request (HypervisorAdminUnderV252Test:tearDownClass): 200 GET http://10.180.1.21:9696/networking/v2.0/security-groups?tenant_id=54c199380f2849dd989d07f5caa47211&name=default 0.739s
2025-04-25 23:01:00.609 70354 INFO tempest.lib.common.rest_client [req-f52c94fa-c35b-4173-b655-bc87883b6e07 req-f52c94fa-c35b-4173-b655-bc87883b6e07 ] Request (InstanceActionsNegativeTestJSON:setUpClass): 201 POST http://10.180.1.21:9696/networking/v2.0/routers 2.493s
2025-04-25 23:01:00.611 70352 INFO tempest.lib.common.rest_client [req-e9097adf-7561-4103-a68d-0cdbd5fbd204 req-e9097adf-7561-4103-a68d-0cdbd5fbd204 ] Request (ServicesAdminNegativeTestJSON:test_get_service_with_valid_service_and_invalid_host): 200 GET http://10.180.1.21/compute/v2.1/os-services?host=xxx&binary=nova-scheduler 1.026s
2025-04-25 23:01:00.619 70346 INFO tempest.lib.common.rest_client [req-f1ddac8d-5290-4652-9d00-1fe87126c68e req-f1ddac8d-5290-4652-9d00-1fe87126c68e ] Request (ServersAdminTestJSON:setUpClass): 201 POST http://10.180.1.21:9696/networking/v2.0/routers 2.456s
2025-04-25 23:01:00.623 70340 INFO tempest.lib.common.rest_client [req-39f08b6b-bd84-4318-9690-b1daf00d3033 req-39f08b6b-bd84-4318-9690-b1daf00d3033 ] Request (DeleteServersAdminTestJSON:test_admin_delete_servers_of_others): 200 GET http://10.180.1.21/compute/v2.1/servers/516341a3-2230-4340-a1e0-ff97bb7a608d 1.438s
2025-04-25 23:01:00.627 70350 INFO tempest.lib.common.rest_client [req-fcb645b7-3d57-444b-b38d-921b48b305ba req-fcb645b7-3d57-444b-b38d-921b48b305ba ] Request (FlavorsV2TestJSON:setUpClass): 204 PUT http://10.180.1.21/identity/v3/projects/d7a9e5d6ff0f4b8cb8f1e89325a663da/users/6cb92e9ef0514c50a1c22e7a59965fae/roles/295d2933538e4df792ec78734f1c3f38 0.088s
2025-04-25 23:01:00.627 70350 INFO tempest.lib.common.dynamic_creds [-] Dynamic test user 6cb92e9ef0514c50a1c22e7a59965fae is created with scope project and roles: ['member']
2025-04-25 23:01:00.627 70350 INFO tempest.lib.common.dynamic_creds [-] Acquired dynamic creds: credentials: Credentials: {'domain_id': 'default', 'domain_name': 'Default', 'username': 'tempest-FlavorsV2TestJSON-2071316396-project-member', 'project_domain_id': 'default', 'project_domain_name': 'Default', 'project_id': 'd7a9e5d6ff0f4b8cb8f1e89325a663da', 'project_name': 'tempest-FlavorsV2TestJSON-2071316396', 'tenant_id': 'd7a9e5d6ff0f4b8cb8f1e89325a663da', 'tenant_name': 'tempest-FlavorsV2TestJSON-2071316396', 'user_domain_id': 'default', 'user_domain_name': 'Default', 'user_id': '6cb92e9ef0514c50a1c22e7a59965fae', 'system': None}, Network: None, Subnet: None, Router: None
2025-04-25 23:01:00.628 70350 INFO tempest.lib.common.dynamic_creds [-] Created isolated network resources for: credentials: Credentials: {'domain_id': 'default', 'domain_name': 'Default', 'username': 'tempest-FlavorsV2TestJSON-2071316396-project-member', 'project_domain_id': 'default', 'project_domain_name': 'Default', 'project_id': 'd7a9e5d6ff0f4b8cb8f1e89325a663da', 'project_name': 'tempest-FlavorsV2TestJSON-2071316396', 'tenant_id': 'd7a9e5d6ff0f4b8cb8f1e89325a663da', 'tenant_name': 'tempest-FlavorsV2TestJSON-2071316396', 'user_domain_id': 'default', 'user_domain_name': 'Default', 'user_id': '6cb92e9ef0514c50a1c22e7a59965fae', 'system': None}, Network: None, Subnet: None, Router: None
2025-04-25 23:01:00.637 70304 INFO tempest.lib.common.rest_client [req-924740cf-bb34-4528-999a-e3d2d1bcfdd9 req-924740cf-bb34-4528-999a-e3d2d1bcfdd9 ] Request (ServerAddressesNegativeTestJSON:setUpClass): 201 POST http://10.180.1.21/identity/v3/users 0.069s
2025-04-25 23:01:00.704 70350 INFO tempest.lib.common.rest_client [req-e52563ef-a227-4126-a0e7-c9583b8bd029 req-e52563ef-a227-4126-a0e7-c9583b8bd029 ] Request (FlavorsV2TestJSON:setUpClass): 201 POST http://10.180.1.21/identity/v3/auth/tokens 0.072s
2025-04-25 23:01:00.704 70304 INFO tempest.lib.common.rest_client [req-d62cba14-6901-481d-9f2e-4ed2808bbec0 req-d62cba14-6901-481d-9f2e-4ed2808bbec0 ] Request (ServerAddressesNegativeTestJSON:setUpClass): 200 GET http://10.180.1.21/identity/v3/roles 0.067s
2025-04-25 23:01:00.726 70344 INFO tempest.lib.common.rest_client [req-39ecfe1b-670d-4c2a-8288-e1be5f74cfb1 req-39ecfe1b-670d-4c2a-8288-e1be5f74cfb1 ] Request (VolumesAdminNegativeTest:test_update_attached_volume_with_nonexistent_volume_in_body): 200 GET http://10.180.1.21/compute/v2.1/servers/1f95bfa8-bc97-4ed7-8c33-c00297430bf5 0.916s
2025-04-25 23:01:00.738 70304 INFO tempest.lib.common.rest_client [req-af759ee6-5355-441b-9c30-208db77d22cc req-af759ee6-5355-441b-9c30-208db77d22cc ] Request (ServerAddressesNegativeTestJSON:setUpClass): 204 PUT http://10.180.1.21/identity/v3/projects/b6039c5c57424a98bbbc8c0f38e9741f/users/f4bcec58841942e29278f2b152add2d9/roles/295d2933538e4df792ec78734f1c3f38 0.034s
2025-04-25 23:01:00.739 70304 INFO tempest.lib.common.dynamic_creds [-] Dynamic test user f4bcec58841942e29278f2b152add2d9 is created with scope project and roles: ['member']
2025-04-25 23:01:00.739 70304 INFO tempest.lib.common.dynamic_creds [-] Acquired dynamic creds: credentials: Credentials: {'domain_id': 'default', 'domain_name': 'Default', 'username': 'tempest-ServerAddressesNegativeTestJSON-1327869760-project-member', 'project_domain_id': 'default', 'project_domain_name': 'Default', 'project_id': 'b6039c5c57424a98bbbc8c0f38e9741f', 'project_name': 'tempest-ServerAddressesNegativeTestJSON-1327869760', 'tenant_id': 'b6039c5c57424a98bbbc8c0f38e9741f', 'tenant_name': 'tempest-ServerAddressesNegativeTestJSON-1327869760', 'user_domain_id': 'default', 'user_domain_name': 'Default', 'user_id': 'f4bcec58841942e29278f2b152add2d9', 'system': None}, Network: None, Subnet: None, Router: None
2025-04-25 23:01:00.749 70348 INFO tempest.lib.common.rest_client [req-760da0b1-82aa-4c3d-b875-7ff2925f17b2 req-760da0b1-82aa-4c3d-b875-7ff2925f17b2 ] Request (ServersTestManualDisk:setUpClass): 200 GET http://10.180.1.21/compute/v2.1/servers/6a114dce-7ed3-46e1-9d50-c3dd6efd340c 0.855s
2025-04-25 23:01:00.751 70330 INFO tempest.lib.common.rest_client [req-5d0b20d4-9b0c-4250-a148-c0058439b28b req-5d0b20d4-9b0c-4250-a148-c0058439b28b ] Request (FlavorMetadataValidation:tearDownClass): 200 GET http://10.180.1.21:9696/networking/v2.0/security-groups?tenant_id=0f63d8afaa094c449aea728d3860fe7c&name=default 0.521s
2025-04-25 23:01:00.766 70308 INFO tempest.lib.common.rest_client [req-fb6ca0ae-6ab2-4b69-927c-d97ac31c5928 req-fb6ca0ae-6ab2-4b69-927c-d97ac31c5928 ] Request (AggregatesAdminNegativeTestJSON:_run_cleanups): 200 DELETE http://10.180.1.21/compute/v2.1/os-aggregates/1 0.837s
2025-04-25 23:01:00.776 70348 INFO tempest.common.waiters [-] State transition "BUILD/scheduling" ==> "BUILD/None" after 2 second wait
2025-04-25 23:01:00.801 70338 INFO tempest.lib.common.rest_client [req-8a9493cf-6f4d-4bcb-b58c-d5318c6d1f17 req-8a9493cf-6f4d-4bcb-b58c-d5318c6d1f17 ] Request (FlavorsExtraSpecsNegativeTestJSON:test_flavor_non_admin_update_specific_key): 200 POST http://10.180.1.21/compute/v2.1/flavors/197296/os-extra_specs 0.845s
2025-04-25 23:01:00.802 70298 INFO tempest.lib.common.rest_client [req-ac89c5fa-0537-4cb3-bd3f-db0f6d26ee3f req-ac89c5fa-0537-4cb3-bd3f-db0f6d26ee3f ] Request (FlavorsAccessNegativeTestJSON:_run_cleanups): 200 GET http://10.180.1.21/compute/v2.1/flavors/detail 0.852s
2025-04-25 23:01:00.843 70334 INFO tempest.lib.common.rest_client [req-7030059e-cb1c-402a-9f89-439bcd6e4bcb req-7030059e-cb1c-402a-9f89-439bcd6e4bcb ] Request (FlavorsAccessTestJSON:_run_cleanups): 200 GET http://10.180.1.21/compute/v2.1/flavors/detail 0.876s
2025-04-25 23:01:00.846 70304 INFO tempest.lib.common.rest_client [req-8b3c007c-d691-4d65-8dcf-435afa1bb0d2 req-8b3c007c-d691-4d65-8dcf-435afa1bb0d2 ] Request (ServerAddressesNegativeTestJSON:setUpClass): 201 POST http://10.180.1.21/identity/v3/auth/tokens 0.107s
2025-04-25 23:01:00.888 70310 INFO tempest.lib.common.rest_client [req-8a5b1932-0d1e-49bd-abed-a883faea79d9 req-8a5b1932-0d1e-49bd-abed-a883faea79d9 ] Request (ServersTestFqdnHostnames:setUpClass): 201 POST http://10.180.1.21:9696/networking/v2.0/networks 1.084s
2025-04-25 23:01:00.928 70312 INFO tempest.lib.common.rest_client [req-6179dbe7-9644-49e9-8f06-0427f89950cf req-6179dbe7-9644-49e9-8f06-0427f89950cf ] Request (HypervisorAdminUnderV252Test:tearDownClass): 204 DELETE http://10.180.1.21:9696/networking/v2.0/security-groups/2bef4491-ab7f-4ab6-8a22-e2fb4e899445 0.329s
2025-04-25 23:01:00.946 70342 INFO tempest.lib.common.rest_client [req-5ad8dfc1-74c1-4112-ba30-87b9f88bb8a2 req-5ad8dfc1-74c1-4112-ba30-87b9f88bb8a2 ] Request (HypervisorAdminTestJSON:tearDownClass): 204 DELETE http://10.180.1.21:9696/networking/v2.0/security-groups/b910001e-180c-424b-bbe0-d8092f8d1127 0.526s
2025-04-25 23:01:00.996 70306 INFO tempest.lib.common.rest_client [req-0490e423-6ed7-45d5-8eb2-d40dbef6c6b8 req-0490e423-6ed7-45d5-8eb2-d40dbef6c6b8 ] Request (VolumesAssistedSnapshotsTest:test_volume_assisted_snapshot_create_delete): 200 POST http://10.180.1.21/compute/v2.1/os-keypairs 0.721s
2025-04-25 23:01:01.027 70312 INFO tempest.lib.common.rest_client [req-31d8f28c-8457-48fe-8d45-3d672ac9e1b3 req-31d8f28c-8457-48fe-8d45-3d672ac9e1b3 ] Request (HypervisorAdminUnderV252Test:tearDownClass): 204 DELETE http://10.180.1.21/identity/v3/projects/54c199380f2849dd989d07f5caa47211 0.098s
2025-04-25 23:01:01.027 70312 INFO tempest.lib.common.dynamic_creds [-] Deleting project and security group for project: b99709892337447d9f05060ba470e602
2025-04-25 23:01:01.034 70342 INFO tempest.lib.common.rest_client [req-7c0f50de-e362-4713-9ff1-169f22de87b7 req-7c0f50de-e362-4713-9ff1-169f22de87b7 ] Request (HypervisorAdminTestJSON:tearDownClass): 204 DELETE http://10.180.1.21/identity/v3/projects/b5acea3787e24a86a12742b1b8ddb81b 0.087s
2025-04-25 23:01:01.034 70342 INFO tempest.lib.common.dynamic_creds [-] Deleting project and security group for project: 810aec93f3354eceb527afed95ea8dac
2025-04-25 23:01:01.097 70336 INFO tempest.lib.common.rest_client [req-bb49285b-ccc1-4327-a8f7-01885710d2ec req-bb49285b-ccc1-4327-a8f7-01885710d2ec ] Request (ServersAdmin275Test:test_rebuild_update_server_275): 202 POST http://10.180.1.21/compute/v2.1/servers 1.100s
2025-04-25 23:01:01.169 70330 INFO tempest.lib.common.rest_client [req-b6130bda-f512-4337-8fa6-5e555b655d79 req-b6130bda-f512-4337-8fa6-5e555b655d79 ] Request (FlavorMetadataValidation:tearDownClass): 204 DELETE http://10.180.1.21:9696/networking/v2.0/security-groups/d57ab4ad-6158-4d02-a1e2-9f4b90756581 0.414s
2025-04-25 23:01:01.335 70326 INFO tempest.lib.common.rest_client [req-7912cfb1-0a91-4791-947c-240b8b4f3e7b req-7912cfb1-0a91-4791-947c-240b8b4f3e7b ] Request (ServerDiagnosticsNegativeTest:test_get_server_diagnostics_by_non_admin): 200 GET http://10.180.1.21/compute/v2.1/servers/01773af2-4ce2-4d2a-b334-ab99348000a5 0.996s
2025-04-25 23:01:01.351 70330 INFO tempest.lib.common.rest_client [req-e66eb409-cb55-4320-8f5e-7297a33114d2 req-e66eb409-cb55-4320-8f5e-7297a33114d2 ] Request (FlavorMetadataValidation:tearDownClass): 204 DELETE http://10.180.1.21/identity/v3/projects/0f63d8afaa094c449aea728d3860fe7c 0.182s
2025-04-25 23:01:01.365 70320 INFO tempest.lib.common.rest_client [req-a735f6c0-8b49-4f7c-ba92-436c810b9c87 req-a735f6c0-8b49-4f7c-ba92-436c810b9c87 ] Request (FlavorsAdminTestJSON:_run_cleanups): 200 GET http://10.180.1.21/compute/v2.1/flavors/detail 0.871s
2025-04-25 23:01:01.409 70302 INFO tempest.lib.common.rest_client [req-ee690dab-005c-491f-8737-b33d16dbf143 req-ee690dab-005c-491f-8737-b33d16dbf143 ] Request (ImagesMetadataTestJSON:test_get_image_metadata_item): 200 GET http://10.180.1.21/compute/v2.1/images/e3e962d0-5657-40f5-beaf-98a59b9d5ba2/metadata/os_distro 0.902s
2025-04-25 23:01:01.437 70316 INFO tempest.lib.common.rest_client [req-628667e8-25c4-4bd1-9ca6-580e5bfcc414 req-628667e8-25c4-4bd1-9ca6-580e5bfcc414 ] Request (ServicesAdminNegativeV253TestJSON:test_get_service_by_invalid_service_and_valid_host): 200 GET http://10.180.1.21/compute/v2.1/os-services?host=devstack&binary=xxx 0.909s
2025-04-25 23:01:01.441 70330 INFO tempest.lib.common.rest_client [req-f6426e3b-3038-44a4-8b0b-fa0757de5fc2 req-f6426e3b-3038-44a4-8b0b-fa0757de5fc2 ] Request (FlavorsV2NegativeTest:setUpClass): 201 POST http://10.180.1.21/identity/v3/auth/tokens 0.087s
2025-04-25 23:01:01.443 70314 INFO tempest.lib.common.rest_client [req-e723afa9-9ad8-4e1a-9877-acf32036cf99 req-e723afa9-9ad8-4e1a-9877-acf32036cf99 ] Request (HostsAdminNegativeTestJSON:test_shutdown_host_with_non_admin_user): 403 GET http://10.180.1.21/compute/v2.1/os-hosts/devstack/shutdown 0.902s
2025-04-25 23:01:01.491 70330 INFO tempest.lib.common.rest_client [req-cd9a4024-ff83-4e7b-b426-45a60446890c req-cd9a4024-ff83-4e7b-b426-45a60446890c ] Request (FlavorsV2NegativeTest:setUpClass): 201 POST http://10.180.1.21/identity/v3/auth/tokens 0.045s
2025-04-25 23:01:01.523 70330 INFO tempest.lib.common.rest_client [req-3fd4c982-3b0d-4535-952c-a35334ef17c1 req-3fd4c982-3b0d-4535-952c-a35334ef17c1 ] Request (FlavorsV2NegativeTest:setUpClass): 200 GET http://10.180.1.21/identity/v3/domains?name=Default 0.031s
2025-04-25 23:01:01.540 70306 INFO tempest.lib.common.rest_client [req-4e6d8471-8f59-41b0-866a-c615d0a3d736 req-4e6d8471-8f59-41b0-866a-c615d0a3d736 ] Request (VolumesAssistedSnapshotsTest:test_volume_assisted_snapshot_create_delete): 201 POST http://10.180.1.21:9696/networking/v2.0/security-groups 0.542s
2025-04-25 23:01:01.555 70330 INFO tempest.lib.common.rest_client [req-ccdc44ec-e3a1-49e8-ad7b-192243d62e9d req-ccdc44ec-e3a1-49e8-ad7b-192243d62e9d ] Request (FlavorsV2NegativeTest:setUpClass): 201 POST http://10.180.1.21/identity/v3/projects 0.031s
2025-04-25 23:01:01.561 70312 INFO tempest.lib.common.rest_client [req-557a5550-9ae7-4e07-a14d-e1756df07976 req-557a5550-9ae7-4e07-a14d-e1756df07976 ] Request (HypervisorAdminUnderV252Test:tearDownClass): 200 GET http://10.180.1.21:9696/networking/v2.0/security-groups?tenant_id=b99709892337447d9f05060ba470e602&name=default 0.533s
2025-04-25 23:01:01.564 70342 INFO tempest.lib.common.rest_client [req-64c926a0-717c-4d7f-a285-d1c3a3b58a4e req-64c926a0-717c-4d7f-a285-d1c3a3b58a4e ] Request (HypervisorAdminTestJSON:tearDownClass): 200 GET http://10.180.1.21:9696/networking/v2.0/security-groups?tenant_id=810aec93f3354eceb527afed95ea8dac&name=default 0.529s
2025-04-25 23:01:01.600 70300 INFO tempest.lib.common.rest_client [req-c9705b7a-247f-4537-9c06-5df638b4f4b5 req-c9705b7a-247f-4537-9c06-5df638b4f4b5 ] Request (ImagesTestJSON:test_create_image_from_stopped_server): 200 GET http://10.180.1.21/compute/v2.1/servers/81d5a1b4-1398-4fca-b500-aa2a3dc41494 1.035s
2025-04-25 23:01:01.607 70300 INFO tempest.common.waiters [-] State transition "BUILD/None" ==> "BUILD/networking" after 7 second wait
2025-04-25 23:01:01.618 70330 INFO tempest.lib.common.rest_client [req-b7545650-f4cc-410a-90bd-ba1d732bcb34 req-b7545650-f4cc-410a-90bd-ba1d732bcb34 ] Request (FlavorsV2NegativeTest:setUpClass): 201 POST http://10.180.1.21/identity/v3/users 0.062s
2025-04-25 23:01:01.661 70356 INFO tempest.lib.common.rest_client [req-c74dc02b-426c-4c5c-a77c-5c711af752a4 req-c74dc02b-426c-4c5c-a77c-5c711af752a4 ] Request (SecurityGroupRulesTestJSON:test_security_group_rules_create_with_optional_group_id): 200 POST http://10.180.1.21/compute/v2.1/os-security-groups 1.189s
2025-04-25 23:01:01.698 70332 INFO tempest.lib.common.rest_client [req-23fae66f-6ba6-47ef-8325-4f4e3505375c req-23fae66f-6ba6-47ef-8325-4f4e3505375c ] Request (FlavorsExtraSpecsTestJSON:test_flavor_set_get_update_show_unset_keys): 200 GET http://10.180.1.21/compute/v2.1/flavors/2119189419/os-extra_specs 1.119s
2025-04-25 23:01:01.719 70330 INFO tempest.lib.common.rest_client [req-1e94852e-41b0-44a1-970b-06e4a89e7f6d req-1e94852e-41b0-44a1-970b-06e4a89e7f6d ] Request (FlavorsV2NegativeTest:setUpClass): 200 GET http://10.180.1.21/identity/v3/roles 0.097s
2025-04-25 23:01:01.722 70328 INFO tempest.lib.common.rest_client [req-42f55a51-d08d-4908-94a8-bc2a0f73a34a req-42f55a51-d08d-4908-94a8-bc2a0f73a34a ] Request (HypervisorAdminNegativeTestJSON:test_show_hypervisor_with_non_admin_user): 200 GET http://10.180.1.21/compute/v2.1/os-hypervisors 1.138s
2025-04-25 23:01:01.751 70330 INFO tempest.lib.common.rest_client [req-fd546775-e8c2-4d9b-966b-6ecbb7149ba3 req-fd546775-e8c2-4d9b-966b-6ecbb7149ba3 ] Request (FlavorsV2NegativeTest:setUpClass): 204 PUT http://10.180.1.21/identity/v3/projects/59e5548978a54ad79cb9d84ae6b8a7a2/users/d61c898c09e648c1add16940f395c9c8/roles/295d2933538e4df792ec78734f1c3f38 0.031s
2025-04-25 23:01:01.751 70330 INFO tempest.lib.common.dynamic_creds [-] Dynamic test user d61c898c09e648c1add16940f395c9c8 is created with scope project and roles: ['member']
2025-04-25 23:01:01.751 70330 INFO tempest.lib.common.dynamic_creds [-] Acquired dynamic creds: credentials: Credentials: {'domain_id': 'default', 'domain_name': 'Default', 'username': 'tempest-FlavorsV2NegativeTest-4629240-project-member', 'project_domain_id': 'default', 'project_domain_name': 'Default', 'project_id': '59e5548978a54ad79cb9d84ae6b8a7a2', 'project_name': 'tempest-FlavorsV2NegativeTest-4629240', 'tenant_id': '59e5548978a54ad79cb9d84ae6b8a7a2', 'tenant_name': 'tempest-FlavorsV2NegativeTest-4629240', 'user_domain_id': 'default', 'user_domain_name': 'Default', 'user_id': 'd61c898c09e648c1add16940f395c9c8', 'system': None}, Network: None, Subnet: None, Router: None
2025-04-25 23:01:01.751 70330 INFO tempest.lib.common.dynamic_creds [-] Created isolated network resources for: credentials: Credentials: {'domain_id': 'default', 'domain_name': 'Default', 'username': 'tempest-FlavorsV2NegativeTest-4629240-project-member', 'project_domain_id': 'default', 'project_domain_name': 'Default', 'project_id': '59e5548978a54ad79cb9d84ae6b8a7a2', 'project_name': 'tempest-FlavorsV2NegativeTest-4629240', 'tenant_id': '59e5548978a54ad79cb9d84ae6b8a7a2', 'tenant_name': 'tempest-FlavorsV2NegativeTest-4629240', 'user_domain_id': 'default', 'user_domain_name': 'Default', 'user_id': 'd61c898c09e648c1add16940f395c9c8', 'system': None}, Network: None, Subnet: None, Router: None
2025-04-25 23:01:01.810 70296 INFO tempest.lib.common.rest_client [req-1261e659-56eb-4add-9154-0eb66fb356e9 req-1261e659-56eb-4add-9154-0eb66fb356e9 ] Request (QuotasAdminTestJSON:test_get_updated_quotas): 200 PUT http://10.180.1.21/compute/v2.1/os-quota-sets/28af2fc2002940f99edcfe85caabb7ab 1.243s
2025-04-25 23:01:01.843 70330 INFO tempest.lib.common.rest_client [req-5179bfac-3abb-4e27-97a6-ac636d65ea92 req-5179bfac-3abb-4e27-97a6-ac636d65ea92 ] Request (FlavorsV2NegativeTest:setUpClass): 201 POST http://10.180.1.21/identity/v3/auth/tokens 0.087s
2025-04-25 23:01:01.855 70352 INFO tempest.lib.common.rest_client [req-705c8355-853c-4951-a58c-bc856bec51ee req-705c8355-853c-4951-a58c-bc856bec51ee ] Request (ServicesAdminNegativeTestJSON:test_list_services_with_non_admin_user): 403 GET http://10.180.1.21/compute/v2.1/os-services 1.239s
2025-04-25 23:01:01.888 70308 INFO tempest.lib.common.rest_client [req-7b8734e1-13c2-4c61-93ec-ee9a132b6e52 req-7b8734e1-13c2-4c61-93ec-ee9a132b6e52 ] Request (AggregatesAdminNegativeTestJSON:test_aggregate_add_host_as_user): 200 POST http://10.180.1.21/compute/v2.1/os-aggregates 1.097s
2025-04-25 23:01:01.895 70338 INFO tempest.lib.common.rest_client [req-6247343f-f3b0-4b98-9d54-7a27430b6b20 req-6247343f-f3b0-4b98-9d54-7a27430b6b20 ] Request (FlavorsExtraSpecsNegativeTestJSON:test_flavor_non_admin_update_specific_key): 403 PUT http://10.180.1.21/compute/v2.1/flavors/197296/os-extra_specs/hw:numa_nodes 1.093s
2025-04-25 23:01:01.930 70298 INFO tempest.lib.common.rest_client [req-c33e3cf3-d7bd-4019-9f6e-a45aca20cb25 req-c33e3cf3-d7bd-4019-9f6e-a45aca20cb25 ] Request (FlavorsAccessNegativeTestJSON:test_flavor_access_list_with_public_flavor): 200 POST http://10.180.1.21/compute/v2.1/flavors 1.108s
2025-04-25 23:01:01.952 70334 INFO tempest.lib.common.rest_client [req-e169463a-f28d-4847-9623-6621de4ecb64 req-e169463a-f28d-4847-9623-6621de4ecb64 ] Request (FlavorsAccessTestJSON:test_flavor_access_list_with_private_flavor): 200 POST http://10.180.1.21/compute/v2.1/flavors 1.098s
2025-04-25 23:01:01.968 70350 INFO tempest.lib.common.rest_client [req-e8f2cf7c-cb0c-4e2b-a4a2-fbc68bec3e2a req-e8f2cf7c-cb0c-4e2b-a4a2-fbc68bec3e2a ] Request (FlavorsV2TestJSON:test_get_flavor): 200 GET http://10.180.1.21/compute/v2.1/flavors/42 1.262s
2025-04-25 23:01:01.988 70304 INFO tempest.lib.common.rest_client [req-c5d04a87-5a34-442b-8a7e-fbeb05b755bd req-c5d04a87-5a34-442b-8a7e-fbeb05b755bd ] Request (ServerAddressesNegativeTestJSON:setUpClass): 201 POST http://10.180.1.21:9696/networking/v2.0/networks 1.142s
2025-04-25 23:01:02.035 70352 INFO tempest.lib.common.rest_client [req-75d36c24-7169-446d-8480-686ab9ce33b5 req-75d36c24-7169-446d-8480-686ab9ce33b5 ] Request (ServicesAdminNegativeTestJSON:tearDownClass): 204 DELETE http://10.180.1.21/identity/v3/users/01cc822a696144ac885f72b57cfd42ec 0.177s
2025-04-25 23:01:02.049 70310 INFO tempest.lib.common.rest_client [req-3d939c84-6ddb-4e19-84ef-ef06cf1a8957 req-3d939c84-6ddb-4e19-84ef-ef06cf1a8957 ] Request (ServersTestFqdnHostnames:setUpClass): 201 POST http://10.180.1.21:9696/networking/v2.0/subnets 1.160s
2025-04-25 23:01:02.071 70312 INFO tempest.lib.common.rest_client [req-d07b5a76-260c-42d3-917b-383afbcaf8a3 req-d07b5a76-260c-42d3-917b-383afbcaf8a3 ] Request (HypervisorAdminUnderV252Test:tearDownClass): 204 DELETE http://10.180.1.21:9696/networking/v2.0/security-groups/842df4cf-cd53-4915-a87f-a012317b67f7 0.509s
2025-04-25 23:01:02.091 70342 INFO tempest.lib.common.rest_client [req-5c69a242-2cd6-4dfa-9126-86f9ea55a900 req-5c69a242-2cd6-4dfa-9126-86f9ea55a900 ] Request (HypervisorAdminTestJSON:tearDownClass): 204 DELETE http://10.180.1.21:9696/networking/v2.0/security-groups/a8f21de2-6d30-45a5-8e7b-ae4563d6514e 0.527s
2025-04-25 23:01:02.111 70306 INFO tempest.lib.common.rest_client [req-d109e279-3b9a-43ff-8874-bc00cc674657 req-d109e279-3b9a-43ff-8874-bc00cc674657 ] Request (VolumesAssistedSnapshotsTest:test_volume_assisted_snapshot_create_delete): 201 POST http://10.180.1.21:9696/networking/v2.0/security-group-rules 0.570s
2025-04-25 23:01:02.113 70324 INFO tempest.lib.common.rest_client [req-6f3fb6f6-a614-47f5-b3bf-281870c99102 req-6f3fb6f6-a614-47f5-b3bf-281870c99102 ] Request (ServersWithSpecificFlavorTestJSON:setUpClass): 200 PUT http://10.180.1.21:9696/networking/v2.0/routers/903e4b30-7c81-41b6-81a6-37cfd04bdda7/add_router_interface 2.521s
2025-04-25 23:01:02.113 70324 INFO tempest.lib.common.dynamic_creds [-] Created isolated network resources for: credentials: Credentials: {'domain_id': 'default', 'domain_name': 'Default', 'username': 'tempest-ServersWithSpecificFlavorTestJSON-1827464871-project-member', 'project_domain_id': 'default', 'project_domain_name': 'Default', 'project_id': '90641c26c4064f219bf2e52694da4e0d', 'project_name': 'tempest-ServersWithSpecificFlavorTestJSON-1827464871', 'tenant_id': '90641c26c4064f219bf2e52694da4e0d', 'tenant_name': 'tempest-ServersWithSpecificFlavorTestJSON-1827464871', 'user_domain_id': 'default', 'user_domain_name': 'Default', 'user_id': '4413645e57d6483887bd6431f71360eb', 'system': None}, Network: {'id': '47f58371-9cbc-4ed3-98be-09900c36cbf3', 'name': 'tempest-ServersWithSpecificFlavorTestJSON-119128355-network', 'tenant_id': '90641c26c4064f219bf2e52694da4e0d', 'admin_state_up': True, 'mtu': 8950, 'status': 'ACTIVE', 'subnets': [], 'shared': False, 'project_id': '90641c26c4064f219bf2e52694da4e0d', 'port_security_enabled': True, 'router:external': False, 'provider:network_type': 'vlan', 'provider:physical_network': 'default', 'provider:segmentation_id': 2, 'availability_zone_hints': [], 'availability_zones': [], 'ipv4_address_scope': None, 'ipv6_address_scope': None, 'description': '', 'tags': [], 'created_at': '2025-04-25T23:00:58Z', 'updated_at': '2025-04-25T23:00:58Z', 'revision_number': 1}, Subnet: {'id': '62226dfa-1f54-412d-97bd-5305c9ab9b09', 'name': 'tempest-ServersWithSpecificFlavorTestJSON-119128355-subnet', 'tenant_id': '90641c26c4064f219bf2e52694da4e0d', 'network_id': '47f58371-9cbc-4ed3-98be-09900c36cbf3', 'ip_version': 4, 'subnetpool_id': None, 'enable_dhcp': True, 'ipv6_ra_mode': None, 'ipv6_address_mode': None, 'gateway_ip': '192.168.128.1', 'cidr': '192.168.128.0/28', 'allocation_pools': [{'start': '192.168.128.2', 'end': '192.168.128.14'}], 'host_routes': [], 'dns_nameservers': [], 'description': '', 'router:external': False, 'service_types': [], 'tags': [], 'created_at': '2025-04-25T23:00:58Z', 'updated_at': '2025-04-25T23:00:58Z', 'revision_number': 0, 'project_id': '90641c26c4064f219bf2e52694da4e0d'}, Router: {'id': '903e4b30-7c81-41b6-81a6-37cfd04bdda7', 'name': 'tempest-ServersWithSpecificFlavorTestJSON-119128355-router', 'tenant_id': '90641c26c4064f219bf2e52694da4e0d', 'admin_state_up': True, 'status': 'ACTIVE', 'external_gateway_info': {'network_id': '783c1498-5882-46bf-8ab1-02430ccaa6ea', 'external_fixed_ips': [{'subnet_id': 'ebae80c9-2ad5-48ae-8351-41532eaff313', 'ip_address': '10.180.180.216'}], 'enable_snat': True}, 'description': '', 'availability_zones': [], 'distributed': False, 'ha': False, 'availability_zone_hints': [], 'routes': [], 'flavor_id': None, 'tags': [], 'created_at': '2025-04-25T23:00:58Z', 'updated_at': '2025-04-25T23:00:59Z', 'revision_number': 2, 'project_id': '90641c26c4064f219bf2e52694da4e0d'}
2025-04-25 23:01:02.162 70352 INFO tempest.lib.common.rest_client [req-2d64a42d-6b6e-44e2-a279-36ad4195f744 req-2d64a42d-6b6e-44e2-a279-36ad4195f744 ] Request (ServicesAdminNegativeTestJSON:tearDownClass): 204 DELETE http://10.180.1.21/identity/v3/users/66b7763ded044d499685b803b71226d3 0.126s
2025-04-25 23:01:02.162 70352 INFO tempest.lib.common.dynamic_creds [-] Deleting project and security group for project: fa09540a8cae411f906ea41c938bc970
2025-04-25 23:01:02.206 70318 INFO tempest.lib.common.rest_client [req-0e79b7d5-9ca0-4b13-9d2d-ca1fa58b0896 req-0e79b7d5-9ca0-4b13-9d2d-ca1fa58b0896 ] Request (ServerDiagnosticsV248Test:test_get_server_diagnostics): 200 GET http://10.180.1.21/compute/v2.1/servers/0cc49db6-1574-4e51-8692-b79ee14bc25d 1.051s
2025-04-25 23:01:02.220 70318 INFO tempest.common.waiters [-] State transition "BUILD/block_device_mapping" ==> "BUILD/spawning" after 8 second wait
2025-04-25 23:01:02.226 70336 INFO tempest.lib.common.rest_client [req-0a468591-4e55-4636-929a-fd9f48a6c857 req-0a468591-4e55-4636-929a-fd9f48a6c857 ] Request (ServersAdmin275Test:test_rebuild_update_server_275): 200 PUT http://10.180.1.21/compute/v2.1/servers/b0b825d4-534d-4d54-a0c4-b9e507726c47 1.127s
2025-04-25 23:01:02.229 70312 INFO tempest.lib.common.rest_client [req-f52bcdf4-40a6-4e5c-82c8-ffd9473affb3 req-f52bcdf4-40a6-4e5c-82c8-ffd9473affb3 ] Request (HypervisorAdminUnderV252Test:tearDownClass): 204 DELETE http://10.180.1.21/identity/v3/projects/b99709892337447d9f05060ba470e602 0.158s
2025-04-25 23:01:02.237 70320 INFO tempest.lib.common.rest_client [req-5e3b43c4-a3fc-405a-a5ae-5eb81dd9b0f1 req-5e3b43c4-a3fc-405a-a5ae-5eb81dd9b0f1 ] Request (FlavorsAdminTestJSON:test_create_flavor_with_int_id): 200 POST http://10.180.1.21/compute/v2.1/flavors 0.866s
2025-04-25 23:01:02.275 70316 INFO tempest.lib.common.rest_client [req-bc81e3fe-f2a9-410b-8459-7551577385eb req-bc81e3fe-f2a9-410b-8459-7551577385eb ] Request (ServicesAdminNegativeV253TestJSON:test_get_service_with_valid_service_and_invalid_host): 200 GET http://10.180.1.21/compute/v2.1/os-services 0.832s
2025-04-25 23:01:02.288 70314 INFO tempest.lib.common.rest_client [req-e8420053-94fc-400c-b72f-e7e623ebe354 req-e8420053-94fc-400c-b72f-e7e623ebe354 ] Request (HostsAdminNegativeTestJSON:test_shutdown_nonexistent_host): 404 GET http://10.180.1.21/compute/v2.1/os-hosts/nonexistent_hostname/shutdown 0.841s
2025-04-25 23:01:02.295 70342 INFO tempest.lib.common.rest_client [req-804d9a0e-d931-4388-b6cf-1c15f7e3d3b4 req-804d9a0e-d931-4388-b6cf-1c15f7e3d3b4 ] Request (HypervisorAdminTestJSON:tearDownClass): 204 DELETE http://10.180.1.21/identity/v3/projects/810aec93f3354eceb527afed95ea8dac 0.203s
2025-04-25 23:01:02.359 70324 INFO tempest.lib.common.rest_client [req-3b09ea1d-c10f-41c5-b18f-6346c3886af5 req-3b09ea1d-c10f-41c5-b18f-6346c3886af5 ] Request (ServersWithSpecificFlavorTestJSON:setUpClass): 201 POST http://10.180.1.21/identity/v3/auth/tokens 0.241s
2025-04-25 23:01:02.377 70306 INFO tempest.lib.common.rest_client [req-e9ec0351-6571-4d44-a555-69ed32596617 req-e9ec0351-6571-4d44-a555-69ed32596617 ] Request (VolumesAssistedSnapshotsTest:test_volume_assisted_snapshot_create_delete): 201 POST http://10.180.1.21:9696/networking/v2.0/security-group-rules 0.266s
2025-04-25 23:01:02.388 70352 INFO tempest.lib.common.rest_client [req-8ac20b34-60d7-4a85-b406-9cd63123c789 req-8ac20b34-60d7-4a85-b406-9cd63123c789 ] Request (ServicesAdminNegativeTestJSON:tearDownClass): 201 POST http://10.180.1.21/identity/v3/auth/tokens 0.226s
2025-04-25 23:01:02.396 70312 INFO tempest.lib.common.rest_client [req-f6901e22-de49-4b4f-92ce-0017c798f680 req-f6901e22-de49-4b4f-92ce-0017c798f680 ] Request (HypervisorAdminV253TestBase:setUpClass): 201 POST http://10.180.1.21/identity/v3/auth/tokens 0.165s
2025-04-25 23:01:02.407 70340 INFO tempest.lib.common.rest_client [req-f8a9aebe-bc41-4ef0-a1d6-0d08da7b7654 req-f8a9aebe-bc41-4ef0-a1d6-0d08da7b7654 ] Request (DeleteServersAdminTestJSON:test_admin_delete_servers_of_others): 200 GET http://10.180.1.21/compute/v2.1/servers/516341a3-2230-4340-a1e0-ff97bb7a608d 0.763s
2025-04-25 23:01:02.432 70342 INFO tempest.lib.common.rest_client [req-88ac8b9b-37d2-4f81-bd67-d00f5551351f req-88ac8b9b-37d2-4f81-bd67-d00f5551351f ] Request (SecurityGroupsTestAdminJSON:setUpClass): 201 POST http://10.180.1.21/identity/v3/auth/tokens 0.135s
2025-04-25 23:01:02.459 70302 INFO tempest.lib.common.rest_client [req-86318b1d-db7b-43a2-a31e-56954b537188 req-86318b1d-db7b-43a2-a31e-56954b537188 ] Request (ImagesMetadataTestJSON:setUp): 200 PUT http://10.180.1.21/compute/v2.1/images/e3e962d0-5657-40f5-beaf-98a59b9d5ba2/metadata 1.047s
2025-04-25 23:01:02.462 70324 INFO tempest.lib.common.rest_client [req-7c88333e-7f05-4e0d-a60b-04176b6a370a req-7c88333e-7f05-4e0d-a60b-04176b6a370a ] Request (ServersWithSpecificFlavorTestJSON:setUpClass): 201 POST http://10.180.1.21/identity/v3/projects 0.102s
2025-04-25 23:01:02.496 70332 INFO tempest.lib.common.rest_client [req-65f84b84-1151-48f6-ac9e-500d97e71c0d req-65f84b84-1151-48f6-ac9e-500d97e71c0d ] Request (FlavorsExtraSpecsTestJSON:test_flavor_set_get_update_show_unset_keys): 200 PUT http://10.180.1.21/compute/v2.1/flavors/2119189419/os-extra_specs/hw:numa_nodes 0.798s
2025-04-25 23:01:02.513 70312 INFO tempest.lib.common.rest_client [req-5cdf05d2-0e37-4666-9b93-88d252bd286e req-5cdf05d2-0e37-4666-9b93-88d252bd286e ] Request (HypervisorAdminV253TestBase:setUpClass): 201 POST http://10.180.1.21/identity/v3/auth/tokens 0.113s
2025-04-25 23:01:02.541 70342 INFO tempest.lib.common.rest_client [req-74ff90cd-9748-4c4b-ae70-f9e752fa6862 req-74ff90cd-9748-4c4b-ae70-f9e752fa6862 ] Request (SecurityGroupsTestAdminJSON:setUpClass): 201 POST http://10.180.1.21/identity/v3/auth/tokens 0.104s
2025-04-25 23:01:02.557 70324 INFO tempest.lib.common.rest_client [req-2663e176-64c8-48d2-8ee5-0fac8f9ae103 req-2663e176-64c8-48d2-8ee5-0fac8f9ae103 ] Request (ServersWithSpecificFlavorTestJSON:setUpClass): 201 POST http://10.180.1.21/identity/v3/users 0.094s
2025-04-25 23:01:02.591 70312 INFO tempest.lib.common.rest_client [req-2886005c-2df2-464b-89e8-6c421f4fbaf5 req-2886005c-2df2-464b-89e8-6c421f4fbaf5 ] Request (HypervisorAdminV253TestBase:setUpClass): 200 GET http://10.180.1.21/identity/v3/domains?name=Default 0.078s
2025-04-25 23:01:02.627 70342 INFO tempest.lib.common.rest_client [req-c8225363-ad0e-4e8e-b0a2-c62972b224b8 req-c8225363-ad0e-4e8e-b0a2-c62972b224b8 ] Request (SecurityGroupsTestAdminJSON:setUpClass): 200 GET http://10.180.1.21/identity/v3/domains?name=Default 0.086s
2025-04-25 23:01:02.630 70324 INFO tempest.lib.common.rest_client [req-d0ee2ba3-68e7-414d-9725-0bd5de4b1f4e req-d0ee2ba3-68e7-414d-9725-0bd5de4b1f4e ] Request (ServersWithSpecificFlavorTestJSON:setUpClass): 200 GET http://10.180.1.21/identity/v3/roles 0.072s
2025-04-25 23:01:02.663 70312 INFO tempest.lib.common.rest_client [req-8e1c5c7b-0e0a-4226-bf24-c4a549ea235e req-8e1c5c7b-0e0a-4226-bf24-c4a549ea235e ] Request (HypervisorAdminV253TestBase:setUpClass): 201 POST http://10.180.1.21/identity/v3/projects 0.071s
2025-04-25 23:01:02.669 70342 INFO tempest.lib.common.rest_client [req-25337e98-42c3-4ba8-98ac-7cc02cccf325 req-25337e98-42c3-4ba8-98ac-7cc02cccf325 ] Request (SecurityGroupsTestAdminJSON:setUpClass): 201 POST http://10.180.1.21/identity/v3/projects 0.041s
2025-04-25 23:01:02.694 70328 INFO tempest.lib.common.rest_client [req-6aa4fab4-f332-4d34-9207-d1d4de33b879 req-6aa4fab4-f332-4d34-9207-d1d4de33b879 ] Request (HypervisorAdminNegativeTestJSON:test_show_hypervisor_with_non_admin_user): 403 GET http://10.180.1.21/compute/v2.1/os-hypervisors/1 0.969s
2025-04-25 23:01:02.747 70352 INFO tempest.lib.common.rest_client [req-608ba106-9136-4285-9d43-f25bf9550adc req-608ba106-9136-4285-9d43-f25bf9550adc ] Request (ServicesAdminNegativeTestJSON:tearDownClass): 200 GET http://10.180.1.21:9696/networking/v2.0/security-groups?tenant_id=fa09540a8cae411f906ea41c938bc970&name=default 0.358s
2025-04-25 23:01:02.760 70324 INFO tempest.lib.common.rest_client [req-be61fa0f-893d-476a-852d-1654b9ac4d63 req-be61fa0f-893d-476a-852d-1654b9ac4d63 ] Request (ServersWithSpecificFlavorTestJSON:setUpClass): 204 PUT http://10.180.1.21/identity/v3/projects/342e621a7d4a49b694421f1feeb4bff4/users/1ef493e050314d86857db57a5aa07af7/roles/aa49d330ab264427be144ca70aff2343 0.129s
2025-04-25 23:01:02.763 70312 INFO tempest.lib.common.rest_client [req-1615705f-4d58-4e5f-ad9d-45a84989f62a req-1615705f-4d58-4e5f-ad9d-45a84989f62a ] Request (HypervisorAdminV253TestBase:setUpClass): 201 POST http://10.180.1.21/identity/v3/users 0.099s
2025-04-25 23:01:02.816 70342 INFO tempest.lib.common.rest_client [req-41827090-6b0a-4723-a418-0e811046ca20 req-41827090-6b0a-4723-a418-0e811046ca20 ] Request (SecurityGroupsTestAdminJSON:setUpClass): 201 POST http://10.180.1.21/identity/v3/users 0.147s
2025-04-25 23:01:02.822 70344 INFO tempest.lib.common.rest_client [req-7013bf69-e616-45c9-a5da-7219dfa84bce req-7013bf69-e616-45c9-a5da-7219dfa84bce ] Request (VolumesAdminNegativeTest:test_update_attached_volume_with_nonexistent_volume_in_body): 200 GET http://10.180.1.21/compute/v2.1/servers/1f95bfa8-bc97-4ed7-8c33-c00297430bf5 1.077s
2025-04-25 23:01:02.832 70344 INFO tempest.common.waiters [-] State transition "BUILD/scheduling" ==> "BUILD/None" after 2 second wait
2025-04-25 23:01:02.838 70312 INFO tempest.lib.common.rest_client [req-570a96c0-effd-4485-8c1b-ae2152a43495 req-570a96c0-effd-4485-8c1b-ae2152a43495 ] Request (HypervisorAdminV253TestBase:setUpClass): 200 GET http://10.180.1.21/identity/v3/roles 0.075s
2025-04-25 23:01:02.841 70324 INFO tempest.lib.common.rest_client [req-19844136-faf4-4259-a8c3-58d9d1a920c4 req-19844136-faf4-4259-a8c3-58d9d1a920c4 ] Request (ServersWithSpecificFlavorTestJSON:setUpClass): 200 GET http://10.180.1.21/identity/v3/roles 0.081s
2025-04-25 23:01:02.857 70342 INFO tempest.lib.common.rest_client [req-e18b1886-fb0e-4eff-9226-d61e91e494a4 req-e18b1886-fb0e-4eff-9226-d61e91e494a4 ] Request (SecurityGroupsTestAdminJSON:setUpClass): 200 GET http://10.180.1.21/identity/v3/roles 0.040s
