2025-04-25 23:01:02.879 70324 INFO tempest.lib.common.rest_client [req-e4255484-c73b-436e-9bec-518c7ab2ca32 req-e4255484-c73b-436e-9bec-518c7ab2ca32 ] Request (ServersWithSpecificFlavorTestJSON:setUpClass): 204 PUT http://10.180.1.21/identity/v3/projects/342e621a7d4a49b694421f1feeb4bff4/users/1ef493e050314d86857db57a5aa07af7/roles/aa49d330ab264427be144ca70aff2343 0.037s
2025-04-25 23:01:02.879 70312 INFO tempest.lib.common.rest_client [req-6210d896-7199-43fe-a58b-78fcf2dffbb6 req-6210d896-7199-43fe-a58b-78fcf2dffbb6 ] Request (HypervisorAdminV253TestBase:setUpClass): 204 PUT http://10.180.1.21/identity/v3/projects/6e0cea94b52e443ca4b6e29b562e8b3b/users/1f2df5f36a2b4fe198272170e6a0d37b/roles/295d2933538e4df792ec78734f1c3f38 0.040s
2025-04-25 23:01:02.879 70324 INFO tempest.lib.common.dynamic_creds [-] Dynamic test user 1ef493e050314d86857db57a5aa07af7 is created with scope project and roles: ['admin']
2025-04-25 23:01:02.879 70312 INFO tempest.lib.common.dynamic_creds [-] Dynamic test user 1f2df5f36a2b4fe198272170e6a0d37b is created with scope project and roles: ['member']
2025-04-25 23:01:02.880 70324 INFO tempest.lib.common.dynamic_creds [-] Acquired dynamic creds: credentials: Credentials: {'domain_id': 'default', 'domain_name': 'Default', 'username': 'tempest-ServersWithSpecificFlavorTestJSON-334331326-project-admin', 'project_domain_id': 'default', 'project_domain_name': 'Default', 'project_id': '342e621a7d4a49b694421f1feeb4bff4', 'project_name': 'tempest-ServersWithSpecificFlavorTestJSON-334331326', 'tenant_id': '342e621a7d4a49b694421f1feeb4bff4', 'tenant_name': 'tempest-ServersWithSpecificFlavorTestJSON-334331326', 'user_domain_id': 'default', 'user_domain_name': 'Default', 'user_id': '1ef493e050314d86857db57a5aa07af7', 'system': None}, Network: None, Subnet: None, Router: None
2025-04-25 23:01:02.880 70312 INFO tempest.lib.common.dynamic_creds [-] Acquired dynamic creds: credentials: Credentials: {'domain_id': 'default', 'domain_name': 'Default', 'username': 'tempest-HypervisorAdminV253TestBase-1868044318-project-member', 'project_domain_id': 'default', 'project_domain_name': 'Default', 'project_id': '6e0cea94b52e443ca4b6e29b562e8b3b', 'project_name': 'tempest-HypervisorAdminV253TestBase-1868044318', 'tenant_id': '6e0cea94b52e443ca4b6e29b562e8b3b', 'tenant_name': 'tempest-HypervisorAdminV253TestBase-1868044318', 'user_domain_id': 'default', 'user_domain_name': 'Default', 'user_id': '1f2df5f36a2b4fe198272170e6a0d37b', 'system': None}, Network: None, Subnet: None, Router: None
2025-04-25 23:01:02.880 70312 INFO tempest.lib.common.dynamic_creds [-] Created isolated network resources for: credentials: Credentials: {'domain_id': 'default', 'domain_name': 'Default', 'username': 'tempest-HypervisorAdminV253TestBase-1868044318-project-member', 'project_domain_id': 'default', 'project_domain_name': 'Default', 'project_id': '6e0cea94b52e443ca4b6e29b562e8b3b', 'project_name': 'tempest-HypervisorAdminV253TestBase-1868044318', 'tenant_id': '6e0cea94b52e443ca4b6e29b562e8b3b', 'tenant_name': 'tempest-HypervisorAdminV253TestBase-1868044318', 'user_domain_id': 'default', 'user_domain_name': 'Default', 'user_id': '1f2df5f36a2b4fe198272170e6a0d37b', 'system': None}, Network: None, Subnet: None, Router: None
2025-04-25 23:01:02.939 70348 INFO tempest.lib.common.rest_client [req-5ce5e471-bcff-4e7c-ba6e-b87281c06592 req-5ce5e471-bcff-4e7c-ba6e-b87281c06592 ] Request (ServersTestManualDisk:setUpClass): 200 GET http://10.180.1.21/compute/v2.1/servers/6a114dce-7ed3-46e1-9d50-c3dd6efd340c 1.157s
2025-04-25 23:01:02.947 70342 INFO tempest.lib.common.rest_client [req-23a02bf9-0411-4210-9a63-38939f1b18ba req-23a02bf9-0411-4210-9a63-38939f1b18ba ] Request (SecurityGroupsTestAdminJSON:setUpClass): 204 PUT http://10.180.1.21/identity/v3/projects/5b05b5bedc3e461387ff85fcb8ef9d63/users/e2a41d927f334e3c889b64291b88d28f/roles/295d2933538e4df792ec78734f1c3f38 0.089s
2025-04-25 23:01:02.948 70342 INFO tempest.lib.common.dynamic_creds [-] Dynamic test user e2a41d927f334e3c889b64291b88d28f is created with scope project and roles: ['member']
2025-04-25 23:01:02.949 70342 INFO tempest.lib.common.dynamic_creds [-] Acquired dynamic creds: credentials: Credentials: {'domain_id': 'default', 'domain_name': 'Default', 'username': 'tempest-SecurityGroupsTestAdminJSON-1999733736-project-member', 'project_domain_id': 'default', 'project_domain_name': 'Default', 'project_id': '5b05b5bedc3e461387ff85fcb8ef9d63', 'project_name': 'tempest-SecurityGroupsTestAdminJSON-1999733736', 'tenant_id': '5b05b5bedc3e461387ff85fcb8ef9d63', 'tenant_name': 'tempest-SecurityGroupsTestAdminJSON-1999733736', 'user_domain_id': 'default', 'user_domain_name': 'Default', 'user_id': 'e2a41d927f334e3c889b64291b88d28f', 'system': None}, Network: None, Subnet: None, Router: None
2025-04-25 23:01:02.949 70342 INFO tempest.lib.common.dynamic_creds [-] Created isolated network resources for: credentials: Credentials: {'domain_id': 'default', 'domain_name': 'Default', 'username': 'tempest-SecurityGroupsTestAdminJSON-1999733736-project-member', 'project_domain_id': 'default', 'project_domain_name': 'Default', 'project_id': '5b05b5bedc3e461387ff85fcb8ef9d63', 'project_name': 'tempest-SecurityGroupsTestAdminJSON-1999733736', 'tenant_id': '5b05b5bedc3e461387ff85fcb8ef9d63', 'tenant_name': 'tempest-SecurityGroupsTestAdminJSON-1999733736', 'user_domain_id': 'default', 'user_domain_name': 'Default', 'user_id': 'e2a41d927f334e3c889b64291b88d28f', 'system': None}, Network: None, Subnet: None, Router: None
2025-04-25 23:01:02.964 70312 INFO tempest.lib.common.rest_client [req-4e2db351-238f-422c-99cf-0f14454ddac6 req-4e2db351-238f-422c-99cf-0f14454ddac6 ] Request (HypervisorAdminV253TestBase:setUpClass): 201 POST http://10.180.1.21/identity/v3/auth/tokens 0.081s
2025-04-25 23:01:02.967 70352 INFO tempest.lib.common.rest_client [req-cf89763f-20c2-4396-b960-75b69de0b8a4 req-cf89763f-20c2-4396-b960-75b69de0b8a4 ] Request (ServicesAdminNegativeTestJSON:tearDownClass): 204 DELETE http://10.180.1.21:9696/networking/v2.0/security-groups/3c224bf7-3070-40d3-b541-cee0e8c800f0 0.220s
2025-04-25 23:01:03.035 70342 INFO tempest.lib.common.rest_client [req-81ad7bd6-4d99-4177-afed-b911ea4cdf28 req-81ad7bd6-4d99-4177-afed-b911ea4cdf28 ] Request (SecurityGroupsTestAdminJSON:setUpClass): 201 POST http://10.180.1.21/identity/v3/auth/tokens 0.077s
2025-04-25 23:01:03.091 70304 INFO tempest.lib.common.rest_client [req-e8a6a9ca-f372-4ebe-bef8-8d9f2f62ceae req-e8a6a9ca-f372-4ebe-bef8-8d9f2f62ceae ] Request (ServerAddressesNegativeTestJSON:setUpClass): 201 POST http://10.180.1.21:9696/networking/v2.0/subnets 1.101s
2025-04-25 23:01:03.094 70296 INFO tempest.lib.common.rest_client [req-a567f1c9-3222-4418-89ed-3ae866c98d64 req-a567f1c9-3222-4418-89ed-3ae866c98d64 ] Request (QuotasAdminTestJSON:test_get_updated_quotas): 200 GET http://10.180.1.21/compute/v2.1/os-quota-sets/28af2fc2002940f99edcfe85caabb7ab/detail 1.274s
2025-04-25 23:01:03.108 70312 INFO tempest.lib.common.rest_client [req-195fd9af-2d87-4957-83de-c501b610c5a0 req-195fd9af-2d87-4957-83de-c501b610c5a0 ] Request (HypervisorAdminV253TestBase:setUpClass): 201 POST http://10.180.1.21/identity/v3/projects 0.144s
2025-04-25 23:01:03.162 70352 INFO tempest.lib.common.rest_client [req-c5630e78-2508-4c52-b922-e094995587d7 req-c5630e78-2508-4c52-b922-e094995587d7 ] Request (ServicesAdminNegativeTestJSON:tearDownClass): 204 DELETE http://10.180.1.21/identity/v3/projects/fa09540a8cae411f906ea41c938bc970 0.194s
2025-04-25 23:01:03.163 70352 INFO tempest.lib.common.dynamic_creds [-] Deleting project and security group for project: cc76a7fefa1c47f7b6432c1efa2d0b42
2025-04-25 23:01:03.174 70356 INFO tempest.lib.common.rest_client [req-b7234ac2-2bdf-4513-881e-424a4e7b4db5 req-b7234ac2-2bdf-4513-881e-424a4e7b4db5 ] Request (SecurityGroupRulesTestJSON:test_security_group_rules_create_with_optional_group_id): 200 POST http://10.180.1.21/compute/v2.1/os-security-group-rules 1.506s
2025-04-25 23:01:03.176 70356 WARNING tempest.lib.common.rest_client [-] Deprecated: "tenant_id" property is deprecated for removal, use "project_id" instead
2025-04-25 23:01:03.220 70342 INFO tempest.lib.common.rest_client [req-dbc76b74-c2e7-4eb6-b22d-db0a4d40d41d req-dbc76b74-c2e7-4eb6-b22d-db0a4d40d41d ] Request (SecurityGroupsTestAdminJSON:setUpClass): 201 POST http://10.180.1.21/identity/v3/projects 0.184s
2025-04-25 23:01:03.273 70330 INFO tempest.lib.common.rest_client [req-416316e4-e81d-42d0-8877-a177be5e4eab req-416316e4-e81d-42d0-8877-a177be5e4eab ] Request (FlavorsV2NegativeTest:test_boot_with_low_ram): 200 GET http://10.180.1.21/compute/v2.1/flavors/42 1.428s
2025-04-25 23:01:03.282 70338 INFO tempest.lib.common.rest_client [req-77d4a97b-2513-42c3-ac77-e53a8ff4424d req-77d4a97b-2513-42c3-ac77-e53a8ff4424d ] Request (FlavorsExtraSpecsNegativeTestJSON:test_flavor_unset_nonexistent_key): 404 DELETE http://10.180.1.21/compute/v2.1/flavors/197296/os-extra_specs/hw:cpu_thread_policy 1.383s
2025-04-25 23:01:03.285 70296 INFO tempest.lib.common.rest_client [req-b6df5cf5-b4b1-456b-986c-4ec7a708e412 req-b6df5cf5-b4b1-456b-986c-4ec7a708e412 ] Request (QuotasAdminTestJSON:test_get_updated_quotas): 200 GET http://10.180.1.21/identity/v3/domains?name=Default 0.181s
2025-04-25 23:01:03.292 70298 INFO tempest.lib.common.rest_client [req-ec8f341f-8b0e-4611-86d3-2aa3aa451bd8 req-ec8f341f-8b0e-4611-86d3-2aa3aa451bd8 ] Request (FlavorsAccessNegativeTestJSON:test_flavor_access_list_with_public_flavor): 404 GET http://10.180.1.21/compute/v2.1/flavors/184809624/os-flavor-access 1.358s
2025-04-25 23:01:03.310 70334 INFO tempest.lib.common.rest_client [req-f3eb9d7b-c2c1-44e9-be7c-7c56985fd2be req-f3eb9d7b-c2c1-44e9-be7c-7c56985fd2be ] Request (FlavorsAccessTestJSON:test_flavor_access_list_with_private_flavor): 200 GET http://10.180.1.21/compute/v2.1/flavors/858871228/os-flavor-access 1.356s
2025-04-25 23:01:03.320 70312 INFO tempest.lib.common.rest_client [req-9eb01d69-1fc6-46b2-9d22-18c99410f0f3 req-9eb01d69-1fc6-46b2-9d22-18c99410f0f3 ] Request (HypervisorAdminV253TestBase:setUpClass): 201 POST http://10.180.1.21/identity/v3/users 0.211s
2025-04-25 23:01:03.345 70350 INFO tempest.lib.common.rest_client [req-9400abdc-7c72-4c11-925b-37538e098842 req-9400abdc-7c72-4c11-925b-37538e098842 ] Request (FlavorsV2TestJSON:test_list_flavors): 200 GET http://10.180.1.21/compute/v2.1/flavors 1.367s
2025-04-25 23:01:03.351 70342 INFO tempest.lib.common.rest_client [req-d24015be-ab80-4ad5-abe7-04f3a827687b req-d24015be-ab80-4ad5-abe7-04f3a827687b ] Request (SecurityGroupsTestAdminJSON:setUpClass): 201 POST http://10.180.1.21/identity/v3/users 0.131s
2025-04-25 23:01:03.363 70320 INFO tempest.lib.common.rest_client [req-e8a82144-c90e-4a7b-b914-35df2da409cf req-e8a82144-c90e-4a7b-b914-35df2da409cf ] Request (FlavorsAdminTestJSON:_run_cleanups): 202 DELETE http://10.180.1.21/compute/v2.1/flavors/1764955836 1.124s
2025-04-25 23:01:03.375 70296 INFO tempest.lib.common.rest_client [req-eeab9d7f-bd3a-4ecc-aceb-6baf63ce5e4c req-eeab9d7f-bd3a-4ecc-aceb-6baf63ce5e4c ] Request (QuotasAdminTestJSON:test_get_updated_quotas): 201 POST http://10.180.1.21/identity/v3/users 0.089s
2025-04-25 23:01:03.414 70308 INFO tempest.lib.common.rest_client [req-2600e193-b73a-4977-9f0a-294dd0c4086f req-2600e193-b73a-4977-9f0a-294dd0c4086f ] Request (AggregatesAdminNegativeTestJSON:test_aggregate_add_host_as_user): 403 POST http://10.180.1.21/compute/v2.1/os-aggregates/2/action 1.524s
2025-04-25 23:01:03.428 70312 INFO tempest.lib.common.rest_client [req-2e65b46b-13a5-459e-98eb-e6d9f46b58ff req-2e65b46b-13a5-459e-98eb-e6d9f46b58ff ] Request (HypervisorAdminV253TestBase:setUpClass): 200 GET http://10.180.1.21/identity/v3/roles 0.107s
2025-04-25 23:01:03.437 70316 INFO tempest.lib.common.rest_client [req-6d79d7bf-e023-4e0b-a42a-013b0321af73 req-6d79d7bf-e023-4e0b-a42a-013b0321af73 ] Request (ServicesAdminNegativeV253TestJSON:test_get_service_with_valid_service_and_invalid_host): 200 GET http://10.180.1.21/compute/v2.1/os-services?host=xxx&binary=nova-scheduler 1.156s
2025-04-25 23:01:03.444 70314 INFO tempest.lib.common.rest_client [req-73b0fa94-be48-460c-91e1-9435a13be8ce req-73b0fa94-be48-460c-91e1-9435a13be8ce ] Request (HostsAdminNegativeTestJSON:test_startup_host_with_non_admin_user): 403 GET http://10.180.1.21/compute/v2.1/os-hosts/devstack/startup 1.153s
2025-04-25 23:01:03.450 70342 INFO tempest.lib.common.rest_client [req-eb8a1b64-58f2-4ce7-ae9b-020c8e40ae00 req-eb8a1b64-58f2-4ce7-ae9b-020c8e40ae00 ] Request (SecurityGroupsTestAdminJSON:setUpClass): 200 GET http://10.180.1.21/identity/v3/roles 0.098s
2025-04-25 23:01:03.472 70296 INFO tempest.lib.common.rest_client [req-7104f45e-ca38-455d-8a3d-64e154cfdf3f req-7104f45e-ca38-455d-8a3d-64e154cfdf3f ] Request (QuotasAdminTestJSON:test_get_updated_quotas): 200 GET http://10.180.1.21/identity/v3/domains?name=Default 0.097s
2025-04-25 23:01:03.485 70312 INFO tempest.lib.common.rest_client [req-52c0bf83-b35a-4782-8d2f-8f3967854ff7 req-52c0bf83-b35a-4782-8d2f-8f3967854ff7 ] Request (HypervisorAdminV253TestBase:setUpClass): 204 PUT http://10.180.1.21/identity/v3/projects/fa37f22edda64fbd9c1bb57334f0f614/users/26b6d87113814d428183b52c1c63dea4/roles/aa49d330ab264427be144ca70aff2343 0.057s
2025-04-25 23:01:03.499 70342 INFO tempest.lib.common.rest_client [req-9168021e-4a52-46bf-85dd-92b336960d6f req-9168021e-4a52-46bf-85dd-92b336960d6f ] Request (SecurityGroupsTestAdminJSON:setUpClass): 204 PUT http://10.180.1.21/identity/v3/projects/b9226b16fd214c19b07205b55e2f7f6b/users/f967b5e6e9e34392bcfb54088cececc0/roles/aa49d330ab264427be144ca70aff2343 0.048s
2025-04-25 23:01:03.532 70310 INFO tempest.lib.common.rest_client [req-8e582feb-6846-413b-a5e4-8099dee587b0 req-8e582feb-6846-413b-a5e4-8099dee587b0 ] Request (ServersTestFqdnHostnames:setUpClass): 201 POST http://10.180.1.21:9696/networking/v2.0/routers 1.482s
2025-04-25 23:01:03.536 70336 INFO tempest.lib.common.rest_client [req-f62ee04c-1251-4937-bdfb-558be854f66f req-f62ee04c-1251-4937-bdfb-558be854f66f ] Request (ServersAdmin275Test:test_rebuild_update_server_275): 200 GET http://10.180.1.21/compute/v2.1/servers/b0b825d4-534d-4d54-a0c4-b9e507726c47 1.293s
2025-04-25 23:01:03.556 70312 INFO tempest.lib.common.rest_client [req-73004338-19fb-466c-b724-6ace72667575 req-73004338-19fb-466c-b724-6ace72667575 ] Request (HypervisorAdminV253TestBase:setUpClass): 200 GET http://10.180.1.21/identity/v3/roles 0.070s
2025-04-25 23:01:03.574 70342 INFO tempest.lib.common.rest_client [req-8b0eb877-8811-4b42-be99-14cedaf3a95b req-8b0eb877-8811-4b42-be99-14cedaf3a95b ] Request (SecurityGroupsTestAdminJSON:setUpClass): 200 GET http://10.180.1.21/identity/v3/roles 0.075s
2025-04-25 23:01:03.576 70302 INFO tempest.lib.common.rest_client [req-430f3776-c5a4-4c4d-8b23-c52ec1f2bfa2 req-430f3776-c5a4-4c4d-8b23-c52ec1f2bfa2 ] Request (ImagesMetadataTestJSON:test_list_image_metadata): 200 GET http://10.180.1.21/compute/v2.1/images/e3e962d0-5657-40f5-beaf-98a59b9d5ba2/metadata 1.117s
2025-04-25 23:01:03.588 70332 INFO tempest.lib.common.rest_client [req-0c962d92-4c67-41ad-a318-3364d03dbffa req-0c962d92-4c67-41ad-a318-3364d03dbffa ] Request (FlavorsExtraSpecsTestJSON:test_flavor_set_get_update_show_unset_keys): 200 GET http://10.180.1.21/compute/v2.1/flavors/2119189419/os-extra_specs 1.090s
2025-04-25 23:01:03.592 70312 INFO tempest.lib.common.rest_client [req-7df018f1-d3cf-4ac8-936a-023058dbe58c req-7df018f1-d3cf-4ac8-936a-023058dbe58c ] Request (HypervisorAdminV253TestBase:setUpClass): 204 PUT http://10.180.1.21/identity/v3/projects/fa37f22edda64fbd9c1bb57334f0f614/users/26b6d87113814d428183b52c1c63dea4/roles/aa49d330ab264427be144ca70aff2343 0.036s
2025-04-25 23:01:03.593 70312 INFO tempest.lib.common.dynamic_creds [-] Dynamic test user 26b6d87113814d428183b52c1c63dea4 is created with scope project and roles: ['admin']
2025-04-25 23:01:03.593 70312 INFO tempest.lib.common.dynamic_creds [-] Acquired dynamic creds: credentials: Credentials: {'domain_id': 'default', 'domain_name': 'Default', 'username': 'tempest-HypervisorAdminV253TestBase-1471188904-project-admin', 'project_domain_id': 'default', 'project_domain_name': 'Default', 'project_id': 'fa37f22edda64fbd9c1bb57334f0f614', 'project_name': 'tempest-HypervisorAdminV253TestBase-1471188904', 'tenant_id': 'fa37f22edda64fbd9c1bb57334f0f614', 'tenant_name': 'tempest-HypervisorAdminV253TestBase-1471188904', 'user_domain_id': 'default', 'user_domain_name': 'Default', 'user_id': '26b6d87113814d428183b52c1c63dea4', 'system': None}, Network: None, Subnet: None, Router: None
2025-04-25 23:01:03.593 70312 INFO tempest.lib.common.dynamic_creds [-] Created isolated network resources for: credentials: Credentials: {'domain_id': 'default', 'domain_name': 'Default', 'username': 'tempest-HypervisorAdminV253TestBase-1471188904-project-admin', 'project_domain_id': 'default', 'project_domain_name': 'Default', 'project_id': 'fa37f22edda64fbd9c1bb57334f0f614', 'project_name': 'tempest-HypervisorAdminV253TestBase-1471188904', 'tenant_id': 'fa37f22edda64fbd9c1bb57334f0f614', 'tenant_name': 'tempest-HypervisorAdminV253TestBase-1471188904', 'user_domain_id': 'default', 'user_domain_name': 'Default', 'user_id': '26b6d87113814d428183b52c1c63dea4', 'system': None}, Network: None, Subnet: None, Router: None
2025-04-25 23:01:03.645 70342 INFO tempest.lib.common.rest_client [req-9aab9034-988f-4be2-abd3-0aa48cf355f8 req-9aab9034-988f-4be2-abd3-0aa48cf355f8 ] Request (SecurityGroupsTestAdminJSON:setUpClass): 204 PUT http://10.180.1.21/identity/v3/projects/b9226b16fd214c19b07205b55e2f7f6b/users/f967b5e6e9e34392bcfb54088cececc0/roles/aa49d330ab264427be144ca70aff2343 0.070s
2025-04-25 23:01:03.645 70342 INFO tempest.lib.common.dynamic_creds [-] Dynamic test user f967b5e6e9e34392bcfb54088cececc0 is created with scope project and roles: ['admin']
2025-04-25 23:01:03.645 70342 INFO tempest.lib.common.dynamic_creds [-] Acquired dynamic creds: credentials: Credentials: {'domain_id': 'default', 'domain_name': 'Default', 'username': 'tempest-SecurityGroupsTestAdminJSON-1012770091-project-admin', 'project_domain_id': 'default', 'project_domain_name': 'Default', 'project_id': 'b9226b16fd214c19b07205b55e2f7f6b', 'project_name': 'tempest-SecurityGroupsTestAdminJSON-1012770091', 'tenant_id': 'b9226b16fd214c19b07205b55e2f7f6b', 'tenant_name': 'tempest-SecurityGroupsTestAdminJSON-1012770091', 'user_domain_id': 'default', 'user_domain_name': 'Default', 'user_id': 'f967b5e6e9e34392bcfb54088cececc0', 'system': None}, Network: None, Subnet: None, Router: None
2025-04-25 23:01:03.645 70342 INFO tempest.lib.common.dynamic_creds [-] Created isolated network resources for: credentials: Credentials: {'domain_id': 'default', 'domain_name': 'Default', 'username': 'tempest-SecurityGroupsTestAdminJSON-1012770091-project-admin', 'project_domain_id': 'default', 'project_domain_name': 'Default', 'project_id': 'b9226b16fd214c19b07205b55e2f7f6b', 'project_name': 'tempest-SecurityGroupsTestAdminJSON-1012770091', 'tenant_id': 'b9226b16fd214c19b07205b55e2f7f6b', 'tenant_name': 'tempest-SecurityGroupsTestAdminJSON-1012770091', 'user_domain_id': 'default', 'user_domain_name': 'Default', 'user_id': 'f967b5e6e9e34392bcfb54088cececc0', 'system': None}, Network: None, Subnet: None, Router: None
2025-04-25 23:01:03.682 70312 INFO tempest.lib.common.rest_client [req-555b2cca-2a24-4ebe-8a28-32c9047a46d3 req-555b2cca-2a24-4ebe-8a28-32c9047a46d3 ] Request (HypervisorAdminV253TestBase:setUpClass): 201 POST http://10.180.1.21/identity/v3/auth/tokens 0.087s
2025-04-25 23:01:03.729 70330 INFO tempest.lib.common.rest_client [req-812a5e4d-a51b-41d5-b9aa-5396ccd07c8e req-812a5e4d-a51b-41d5-b9aa-5396ccd07c8e ] Request (FlavorsV2NegativeTest:test_boot_with_low_ram): 201 POST http://10.180.1.21/image/v2/images 0.451s
2025-04-25 23:01:03.748 70342 INFO tempest.lib.common.rest_client [req-f8aa1b9c-575c-496d-8cee-97bdbbd7f2e7 req-f8aa1b9c-575c-496d-8cee-97bdbbd7f2e7 ] Request (SecurityGroupsTestAdminJSON:setUpClass): 201 POST http://10.180.1.21/identity/v3/auth/tokens 0.098s
2025-04-25 23:01:04.013 70352 INFO tempest.lib.common.rest_client [req-5d5181bd-0355-48b2-b88d-e2d02efa840c req-5d5181bd-0355-48b2-b88d-e2d02efa840c ] Request (ServicesAdminNegativeTestJSON:tearDownClass): 200 GET http://10.180.1.21:9696/networking/v2.0/security-groups?tenant_id=cc76a7fefa1c47f7b6432c1efa2d0b42&name=default 0.850s
2025-04-25 23:01:04.091 70326 INFO tempest.lib.common.rest_client [req-a7af3dad-124c-445c-a88c-0aac12465b7f req-a7af3dad-124c-445c-a88c-0aac12465b7f ] Request (ServerDiagnosticsNegativeTest:test_get_server_diagnostics_by_non_admin): 200 GET http://10.180.1.21/compute/v2.1/servers/01773af2-4ce2-4d2a-b334-ab99348000a5 1.744s
2025-04-25 23:01:04.112 70328 INFO tempest.lib.common.rest_client [req-59785cdb-12fd-47d0-ac17-0731284f9198 req-59785cdb-12fd-47d0-ac17-0731284f9198 ] Request (HypervisorAdminNegativeTestJSON:test_show_nonexistent_hypervisor): 404 GET http://10.180.1.21/compute/v2.1/os-hypervisors/e5ed68e8-f21d-4897-85d8-0821a7695375 1.415s
2025-04-25 23:01:04.175 70300 INFO tempest.lib.common.rest_client [req-32f55b69-a788-4e70-8a78-ca4ac9c5044f req-32f55b69-a788-4e70-8a78-ca4ac9c5044f ] Request (ImagesTestJSON:test_create_image_from_stopped_server): 200 GET http://10.180.1.21/compute/v2.1/servers/81d5a1b4-1398-4fca-b500-aa2a3dc41494 1.566s
2025-04-25 23:01:04.185 70300 INFO tempest.common.waiters [-] State transition "BUILD/networking" ==> "BUILD/spawning" after 10 second wait
2025-04-25 23:01:04.198 70324 INFO tempest.lib.common.rest_client [req-03d682d8-227d-47b3-866f-805efa33d06f req-03d682d8-227d-47b3-866f-805efa33d06f ] Request (ServersWithSpecificFlavorTestJSON:setUpClass): 201 POST http://10.180.1.21:9696/networking/v2.0/networks 1.318s
2025-04-25 23:01:04.238 70352 INFO tempest.lib.common.rest_client [req-ac4ebd32-abb0-4629-91b2-bd5e307e97d9 req-ac4ebd32-abb0-4629-91b2-bd5e307e97d9 ] Request (ServicesAdminNegativeTestJSON:tearDownClass): 204 DELETE http://10.180.1.21:9696/networking/v2.0/security-groups/5984dd5e-af60-4eae-a0a6-9f16f39631d1 0.225s
2025-04-25 23:01:04.286 70328 INFO tempest.lib.common.rest_client [req-c3145803-fb5b-4d83-800f-fd2856dfd2f2 req-c3145803-fb5b-4d83-800f-fd2856dfd2f2 ] Request (HypervisorAdminNegativeTestJSON:tearDownClass): 204 DELETE http://10.180.1.21/identity/v3/users/7018c3cd10f1460082c4600920d2860f 0.173s
2025-04-25 23:01:04.313 70318 INFO tempest.lib.common.rest_client [req-84d39b84-1234-4cb1-b427-bf0d211ca8ee req-84d39b84-1234-4cb1-b427-bf0d211ca8ee ] Request (ServerDiagnosticsV248Test:test_get_server_diagnostics): 200 GET http://10.180.1.21/compute/v2.1/servers/0cc49db6-1574-4e51-8692-b79ee14bc25d 1.090s
2025-04-25 23:01:04.329 70338 INFO tempest.lib.common.rest_client [req-88bd75a5-ea3e-42b0-b5dd-808ee3148905 req-88bd75a5-ea3e-42b0-b5dd-808ee3148905 ] Request (FlavorsExtraSpecsNegativeTestJSON:test_flavor_update_mismatch_key): 400 PUT http://10.180.1.21/compute/v2.1/flavors/197296/os-extra_specs/hw:numa_nodes 1.045s
2025-04-25 23:01:04.347 70298 INFO tempest.lib.common.rest_client [req-98333cbd-5e59-4da3-ad8e-9ad12e474ed4 req-98333cbd-5e59-4da3-ad8e-9ad12e474ed4 ] Request (FlavorsAccessNegativeTestJSON:_run_cleanups): 202 DELETE http://10.180.1.21/compute/v2.1/flavors/184809624 1.054s
2025-04-25 23:01:04.367 70334 INFO tempest.lib.common.rest_client [req-fe3b85ae-5ada-4ac4-bd89-199d4b5222fb req-fe3b85ae-5ada-4ac4-bd89-199d4b5222fb ] Request (FlavorsAccessTestJSON:_run_cleanups): 202 DELETE http://10.180.1.21/compute/v2.1/flavors/858871228 1.052s
2025-04-25 23:01:04.381 70350 INFO tempest.lib.common.rest_client [req-e713cd13-f0d7-4215-abe9-14bddd40b735 req-e713cd13-f0d7-4215-abe9-14bddd40b735 ] Request (FlavorsV2TestJSON:test_list_flavors): 200 GET http://10.180.1.21/compute/v2.1/flavors/42 1.031s
2025-04-25 23:01:04.413 70320 INFO tempest.lib.common.rest_client [req-5d0ea8f5-7158-4349-9939-a25b592843f8 req-5d0ea8f5-7158-4349-9939-a25b592843f8 ] Request (FlavorsAdminTestJSON:_run_cleanups): 200 GET http://10.180.1.21/compute/v2.1/flavors/detail 1.049s
2025-04-25 23:01:04.423 70352 INFO tempest.lib.common.rest_client [req-29374acc-5060-4321-a41d-a23053d20e2f req-29374acc-5060-4321-a41d-a23053d20e2f ] Request (ServicesAdminNegativeTestJSON:tearDownClass): 204 DELETE http://10.180.1.21/identity/v3/projects/cc76a7fefa1c47f7b6432c1efa2d0b42 0.184s
2025-04-25 23:01:04.423 70352 INFO tempest.test [-] raised in ServerPersonalityTestJSON.setUpClass. Invoking tearDownClass.
2025-04-25 23:01:04.425 70352 INFO tempest.test [-] raised in ServerStableDeviceRescueTestIDE.setUpClass. Invoking tearDownClass.
2025-04-25 23:01:04.443 70308 INFO tempest.lib.common.rest_client [req-490d4968-bad6-4376-91ef-07ec65178ab5 req-490d4968-bad6-4376-91ef-07ec65178ab5 ] Request (AggregatesAdminNegativeTestJSON:_run_cleanups): 200 DELETE http://10.180.1.21/compute/v2.1/os-aggregates/2 1.027s
2025-04-25 23:01:04.466 70352 INFO tempest.lib.common.rest_client [req-c88a1bbc-c266-4ae7-bed4-cda92ac442af req-c88a1bbc-c266-4ae7-bed4-cda92ac442af ] Request (AttachVolumeTestJSON:setUpClass): 201 POST http://10.180.1.21/identity/v3/auth/tokens 0.035s
2025-04-25 23:01:04.468 70330 INFO tempest.lib.common.rest_client [req-3497fc75-5214-4d28-a192-74d4e2d230a9 req-3497fc75-5214-4d28-a192-74d4e2d230a9 ] Request (FlavorsV2NegativeTest:test_boot_with_low_ram): 204 PUT http://10.180.1.21/image/v2/images/148326f6-aa4d-4d8a-8206-61ec978d5a2f/file 0.738s
2025-04-25 23:01:04.499 70352 INFO tempest.lib.common.rest_client [req-46723ab7-2039-4246-9fec-baeb6c12aac5 req-46723ab7-2039-4246-9fec-baeb6c12aac5 ] Request (AttachVolumeTestJSON:setUpClass): 201 POST http://10.180.1.21/identity/v3/auth/tokens 0.028s
2025-04-25 23:01:04.539 70328 INFO tempest.lib.common.rest_client [req-20881e13-8ba7-43e4-bfaa-aa880e065ae2 req-20881e13-8ba7-43e4-bfaa-aa880e065ae2 ] Request (HypervisorAdminNegativeTestJSON:tearDownClass): 204 DELETE http://10.180.1.21/identity/v3/users/cc5f1c65ec33428b840afc319ecfe3b0 0.252s
2025-04-25 23:01:04.539 70328 INFO tempest.lib.common.dynamic_creds [-] Deleting project and security group for project: c637d00bb6934eb0b86e129014cb6178
2025-04-25 23:01:04.554 70330 INFO tempest.lib.common.rest_client [req-de59e78e-5887-4c96-9007-5288c15339b9 req-de59e78e-5887-4c96-9007-5288c15339b9 ] Request (FlavorsV2NegativeTest:test_boot_with_low_ram): 201 POST http://10.180.1.21/identity/v3/auth/tokens 0.079s
2025-04-25 23:01:04.554 70330 INFO tempest.lib.common.fixed_network [-] (FlavorsV2NegativeTest:test_boot_with_low_ram) Found network None available for tenant
2025-04-25 23:01:04.599 70352 INFO tempest.lib.common.rest_client [req-56790ff8-38d1-4fa3-bece-130a49f6a377 req-56790ff8-38d1-4fa3-bece-130a49f6a377 ] Request (AttachVolumeTestJSON:setUpClass): 200 GET http://10.180.1.21/identity/v3/domains?name=Default 0.100s
2025-04-25 23:01:04.620 70328 INFO tempest.lib.common.rest_client [req-f6716ba7-4989-44f2-be68-d6c6f2b9925a req-f6716ba7-4989-44f2-be68-d6c6f2b9925a ] Request (HypervisorAdminNegativeTestJSON:tearDownClass): 201 POST http://10.180.1.21/identity/v3/auth/tokens 0.080s
2025-04-25 23:01:04.631 70352 INFO tempest.lib.common.rest_client [req-57ba6484-e7db-4860-b7d2-01d9be6cfd28 req-57ba6484-e7db-4860-b7d2-01d9be6cfd28 ] Request (AttachVolumeTestJSON:setUpClass): 201 POST http://10.180.1.21/identity/v3/projects 0.031s
2025-04-25 23:01:04.633 70324 INFO tempest.lib.common.rest_client [req-d3b13907-2a9b-4ada-b9a2-ee49f844d294 req-d3b13907-2a9b-4ada-b9a2-ee49f844d294 ] Request (ServersWithSpecificFlavorTestJSON:setUpClass): 201 POST http://10.180.1.21:9696/networking/v2.0/subnets 0.434s
2025-04-25 23:01:04.696 70352 INFO tempest.lib.common.rest_client [req-5f8387eb-41ac-48de-87af-67820da2284f req-5f8387eb-41ac-48de-87af-67820da2284f ] Request (AttachVolumeTestJSON:setUpClass): 201 POST http://10.180.1.21/identity/v3/users 0.064s
2025-04-25 23:01:04.720 70352 INFO tempest.lib.common.rest_client [req-93358926-cbd4-427f-8c0e-a95061115d55 req-93358926-cbd4-427f-8c0e-a95061115d55 ] Request (AttachVolumeTestJSON:setUpClass): 200 GET http://10.180.1.21/identity/v3/roles 0.024s
2025-04-25 23:01:04.751 70352 INFO tempest.lib.common.rest_client [req-03db43f2-5835-44b4-b670-88499633b6be req-03db43f2-5835-44b4-b670-88499633b6be ] Request (AttachVolumeTestJSON:setUpClass): 204 PUT http://10.180.1.21/identity/v3/projects/7412ed0b196c4d44b03bc93b0aae2954/users/d7316cb970904dd8b5b300ec05fb4166/roles/295d2933538e4df792ec78734f1c3f38 0.031s
2025-04-25 23:01:04.751 70352 INFO tempest.lib.common.dynamic_creds [-] Dynamic test user d7316cb970904dd8b5b300ec05fb4166 is created with scope project and roles: ['member']
2025-04-25 23:01:04.752 70352 INFO tempest.lib.common.dynamic_creds [-] Acquired dynamic creds: credentials: Credentials: {'domain_id': 'default', 'domain_name': 'Default', 'username': 'tempest-AttachVolumeTestJSON-972861423-project-member', 'project_domain_id': 'default', 'project_domain_name': 'Default', 'project_id': '7412ed0b196c4d44b03bc93b0aae2954', 'project_name': 'tempest-AttachVolumeTestJSON-972861423', 'tenant_id': '7412ed0b196c4d44b03bc93b0aae2954', 'tenant_name': 'tempest-AttachVolumeTestJSON-972861423', 'user_domain_id': 'default', 'user_domain_name': 'Default', 'user_id': 'd7316cb970904dd8b5b300ec05fb4166', 'system': None}, Network: None, Subnet: None, Router: None
2025-04-25 23:01:04.771 70356 INFO tempest.lib.common.rest_client [req-10813682-2125-43d9-8ac1-5c816091a758 req-10813682-2125-43d9-8ac1-5c816091a758 ] Request (SecurityGroupRulesTestJSON:test_security_group_rules_delete_when_peer_group_deleted): 200 POST http://10.180.1.21/compute/v2.1/os-security-groups 1.594s
2025-04-25 23:01:04.809 70352 INFO tempest.lib.common.rest_client [req-218a4666-e3bb-48af-8e61-8c7ea75096ba req-218a4666-e3bb-48af-8e61-8c7ea75096ba ] Request (AttachVolumeTestJSON:setUpClass): 201 POST http://10.180.1.21/identity/v3/auth/tokens 0.057s
2025-04-25 23:01:04.866 70316 INFO tempest.lib.common.rest_client [req-b0fe91cb-d3ba-48ea-902a-bb05b7641a7a req-b0fe91cb-d3ba-48ea-902a-bb05b7641a7a ] Request (ServicesAdminNegativeV253TestJSON:test_list_services_with_non_admin_user): 403 GET http://10.180.1.21/compute/v2.1/os-services 1.424s
2025-04-25 23:01:04.882 70314 INFO tempest.lib.common.rest_client [req-53739203-b2c2-4568-bab0-3dee755102f9 req-53739203-b2c2-4568-bab0-3dee755102f9 ] Request (HostsAdminNegativeTestJSON:test_startup_nonexistent_host): 404 GET http://10.180.1.21/compute/v2.1/os-hosts/nonexistent_hostname/startup 1.435s
2025-04-25 23:01:04.945 70316 INFO tempest.lib.common.rest_client [req-fb475dca-7970-4a89-9db1-a68ea18af040 req-fb475dca-7970-4a89-9db1-a68ea18af040 ] Request (ServicesAdminNegativeV253TestJSON:tearDownClass): 204 DELETE http://10.180.1.21/identity/v3/users/4bcdefe7ea7c4990978e8391abc366e0 0.078s
2025-04-25 23:01:04.955 70306 INFO tempest.lib.common.rest_client [req-8ed4edaf-0589-49a1-83ef-d63a3494e9d4 req-8ed4edaf-0589-49a1-83ef-d63a3494e9d4 ] Request (VolumesAssistedSnapshotsTest:test_volume_assisted_snapshot_create_delete): 201 POST http://10.180.1.21:9696/networking/v2.0/floatingips 2.576s
2025-04-25 23:01:04.957 70340 INFO tempest.lib.common.rest_client [req-f1de3814-e425-4667-8abf-ce7c4f3c5719 req-f1de3814-e425-4667-8abf-ce7c4f3c5719 ] Request (DeleteServersAdminTestJSON:test_admin_delete_servers_of_others): 200 GET http://10.180.1.21/compute/v2.1/servers/516341a3-2230-4340-a1e0-ff97bb7a608d 1.535s
2025-04-25 23:01:04.967 70340 INFO tempest.common.waiters [-] State transition "BUILD/None" ==> "BUILD/block_device_mapping" after 9 second wait
2025-04-25 23:01:05.060 70306 INFO tempest.lib.common.rest_client [req-3b557b7a-f885-4859-8714-78b60c983417 req-3b557b7a-f885-4859-8714-78b60c983417 ] Request (VolumesAssistedSnapshotsTest:test_volume_assisted_snapshot_create_delete): 201 POST http://10.180.1.21/identity/v3/auth/tokens 0.100s
2025-04-25 23:01:05.060 70306 INFO tempest.lib.common.fixed_network [-] (VolumesAssistedSnapshotsTest:test_volume_assisted_snapshot_create_delete) Found network {'id': 'b4313295-7611-4fc1-b8ba-667ae1e29303', 'name': 'tempest-VolumesAssistedSnapshotsTest-1683239800-network', 'tenant_id': '85abf8ca8009465c87e931b0e9d0fe96', 'admin_state_up': True, 'mtu': 8950, 'status': 'ACTIVE', 'subnets': [], 'shared': False, 'project_id': '85abf8ca8009465c87e931b0e9d0fe96', 'port_security_enabled': True, 'router:external': False, 'provider:network_type': 'vlan', 'provider:physical_network': 'default', 'provider:segmentation_id': 937, 'availability_zone_hints': [], 'availability_zones': [], 'ipv4_address_scope': None, 'ipv6_address_scope': None, 'description': '', 'tags': [], 'created_at': '2025-04-25T23:00:47Z', 'updated_at': '2025-04-25T23:00:47Z', 'revision_number': 1} available for tenant
2025-04-25 23:01:05.071 70316 INFO tempest.lib.common.rest_client [req-43c7c512-9457-4f39-8c45-ffb4720ee4b2 req-43c7c512-9457-4f39-8c45-ffb4720ee4b2 ] Request (ServicesAdminNegativeV253TestJSON:tearDownClass): 204 DELETE http://10.180.1.21/identity/v3/users/9744190cb41249d8af81112c35d41e33 0.126s
2025-04-25 23:01:05.071 70316 INFO tempest.lib.common.dynamic_creds [-] Deleting project and security group for project: f46e1604f2b6489c899736d64234fe6e
2025-04-25 23:01:05.080 70296 INFO tempest.lib.common.rest_client [req-f9a10a19-3b41-4927-8152-9ccdbf824552 req-f9a10a19-3b41-4927-8152-9ccdbf824552 ] Request (QuotasAdminTestJSON:test_get_updated_quotas): 200 PUT http://10.180.1.21/compute/v2.1/os-quota-sets/28af2fc2002940f99edcfe85caabb7ab?user_id=29924790997940c1bc227cd7d639d18d 1.608s
2025-04-25 23:01:05.088 70354 INFO tempest.lib.common.rest_client [req-968fd989-a070-497b-92f8-86f2cc16bfa8 req-968fd989-a070-497b-92f8-86f2cc16bfa8 ] Request (InstanceActionsNegativeTestJSON:setUpClass): 200 PUT http://10.180.1.21:9696/networking/v2.0/routers/e08103ac-f6a6-4711-a7e7-93b360f0a3a1/add_router_interface 4.478s
2025-04-25 23:01:05.089 70354 INFO tempest.lib.common.dynamic_creds [-] Created isolated network resources for: credentials: Credentials: {'domain_id': 'default', 'domain_name': 'Default', 'username': 'tempest-InstanceActionsNegativeTestJSON-1332608593-project-member', 'project_domain_id': 'default', 'project_domain_name': 'Default', 'project_id': 'a63e1e3fd80f4c9a89e43f01aeba54bf', 'project_name': 'tempest-InstanceActionsNegativeTestJSON-1332608593', 'tenant_id': 'a63e1e3fd80f4c9a89e43f01aeba54bf', 'tenant_name': 'tempest-InstanceActionsNegativeTestJSON-1332608593', 'user_domain_id': 'default', 'user_domain_name': 'Default', 'user_id': '01af71591d00469fb2a87c105e083644', 'system': None}, Network: {'id': '2517afa6-97dc-411e-8146-3238342a5322', 'name': 'tempest-InstanceActionsNegativeTestJSON-1596315734-network', 'tenant_id': 'a63e1e3fd80f4c9a89e43f01aeba54bf', 'admin_state_up': True, 'mtu': 8950, 'status': 'ACTIVE', 'subnets': [], 'shared': False, 'project_id': 'a63e1e3fd80f4c9a89e43f01aeba54bf', 'port_security_enabled': True, 'router:external': False, 'provider:network_type': 'vlan', 'provider:physical_network': 'default', 'provider:segmentation_id': 957, 'availability_zone_hints': [], 'availability_zones': [], 'ipv4_address_scope': None, 'ipv6_address_scope': None, 'description': '', 'tags': [], 'created_at': '2025-04-25T23:00:57Z', 'updated_at': '2025-04-25T23:00:57Z', 'revision_number': 1}, Subnet: {'id': '8c1cec25-c034-45da-9600-1f5d0f9102f4', 'name': 'tempest-InstanceActionsNegativeTestJSON-1596315734-subnet', 'tenant_id': 'a63e1e3fd80f4c9a89e43f01aeba54bf', 'network_id': '2517afa6-97dc-411e-8146-3238342a5322', 'ip_version': 4, 'subnetpool_id': None, 'enable_dhcp': True, 'ipv6_ra_mode': None, 'ipv6_address_mode': None, 'gateway_ip': '192.168.128.1', 'cidr': '192.168.128.0/28', 'allocation_pools': [{'start': '192.168.128.2', 'end': '192.168.128.14'}], 'host_routes': [], 'dns_nameservers': [], 'description': '', 'router:external': False, 'service_types': [], 'tags': [], 'created_at': '2025-04-25T23:00:57Z', 'updated_at': '2025-04-25T23:00:57Z', 'revision_number': 0, 'project_id': 'a63e1e3fd80f4c9a89e43f01aeba54bf'}, Router: {'id': 'e08103ac-f6a6-4711-a7e7-93b360f0a3a1', 'name': 'tempest-InstanceActionsNegativeTestJSON-1596315734-router', 'tenant_id': 'a63e1e3fd80f4c9a89e43f01aeba54bf', 'admin_state_up': True, 'status': 'ACTIVE', 'external_gateway_info': {'network_id': '783c1498-5882-46bf-8ab1-02430ccaa6ea', 'external_fixed_ips': [{'subnet_id': 'ebae80c9-2ad5-48ae-8351-41532eaff313', 'ip_address': '10.180.180.160'}], 'enable_snat': True}, 'description': '', 'availability_zones': [], 'distributed': False, 'ha': False, 'availability_zone_hints': [], 'routes': [], 'flavor_id': None, 'tags': [], 'created_at': '2025-04-25T23:00:58Z', 'updated_at': '2025-04-25T23:00:59Z', 'revision_number': 2, 'project_id': 'a63e1e3fd80f4c9a89e43f01aeba54bf'}
2025-04-25 23:01:05.113 70332 INFO tempest.lib.common.rest_client [req-243c95e7-3855-4535-ae7d-9a0131f5840a req-243c95e7-3855-4535-ae7d-9a0131f5840a ] Request (FlavorsExtraSpecsTestJSON:test_flavor_set_get_update_show_unset_keys): 200 DELETE http://10.180.1.21/compute/v2.1/flavors/2119189419/os-extra_specs/hw:numa_nodes 1.524s
2025-04-25 23:01:05.143 70316 INFO tempest.lib.common.rest_client [req-8cca5fb2-ea97-44ca-94f4-4e09dc04363e req-8cca5fb2-ea97-44ca-94f4-4e09dc04363e ] Request (ServicesAdminNegativeV253TestJSON:tearDownClass): 201 POST http://10.180.1.21/identity/v3/auth/tokens 0.070s
2025-04-25 23:01:05.144 70302 INFO tempest.lib.common.rest_client [req-fb0d299c-578a-44d0-8227-13e937a1cc9c req-fb0d299c-578a-44d0-8227-13e937a1cc9c ] Request (ImagesMetadataTestJSON:setUp): 200 PUT http://10.180.1.21/compute/v2.1/images/e3e962d0-5657-40f5-beaf-98a59b9d5ba2/metadata 1.566s
2025-04-25 23:01:05.186 70354 INFO tempest.lib.common.rest_client [req-c4159285-ea54-497c-9efc-2795e64ab110 req-c4159285-ea54-497c-9efc-2795e64ab110 ] Request (InstanceActionsNegativeTestJSON:setUpClass): 201 POST http://10.180.1.21/identity/v3/auth/tokens 0.093s
2025-04-25 23:01:05.203 70346 INFO tempest.lib.common.rest_client [req-e04eee86-0fc6-4ae5-907f-19990d38304e req-e04eee86-0fc6-4ae5-907f-19990d38304e ] Request (ServersAdminTestJSON:setUpClass): 200 PUT http://10.180.1.21:9696/networking/v2.0/routers/5d1e3e30-0cc0-421d-937c-28dae2afb452/add_router_interface 4.581s
2025-04-25 23:01:05.203 70346 INFO tempest.lib.common.dynamic_creds [-] Created isolated network resources for: credentials: Credentials: {'domain_id': 'default', 'domain_name': 'Default', 'username': 'tempest-ServersAdminTestJSON-1183835690-project-member', 'project_domain_id': 'default', 'project_domain_name': 'Default', 'project_id': 'b3a2dc07c1d447ea81ca142d80ab4210', 'project_name': 'tempest-ServersAdminTestJSON-1183835690', 'tenant_id': 'b3a2dc07c1d447ea81ca142d80ab4210', 'tenant_name': 'tempest-ServersAdminTestJSON-1183835690', 'user_domain_id': 'default', 'user_domain_name': 'Default', 'user_id': 'c0e22e21d3684201883adc3617ddee72', 'system': None}, Network: {'id': '943dd639-07d5-4e71-8d72-01499704fb50', 'name': 'tempest-ServersAdminTestJSON-408902375-network', 'tenant_id': 'b3a2dc07c1d447ea81ca142d80ab4210', 'admin_state_up': True, 'mtu': 8950, 'status': 'ACTIVE', 'subnets': [], 'shared': False, 'project_id': 'b3a2dc07c1d447ea81ca142d80ab4210', 'port_security_enabled': True, 'router:external': False, 'provider:network_type': 'vlan', 'provider:physical_network': 'default', 'provider:segmentation_id': 713, 'availability_zone_hints': [], 'availability_zones': [], 'ipv4_address_scope': None, 'ipv6_address_scope': None, 'description': '', 'tags': [], 'created_at': '2025-04-25T23:00:57Z', 'updated_at': '2025-04-25T23:00:57Z', 'revision_number': 1}, Subnet: {'id': '50cdd1a4-4fa5-4cdc-9b35-0ac8ae18f112', 'name': 'tempest-ServersAdminTestJSON-408902375-subnet', 'tenant_id': 'b3a2dc07c1d447ea81ca142d80ab4210', 'network_id': '943dd639-07d5-4e71-8d72-01499704fb50', 'ip_version': 4, 'subnetpool_id': None, 'enable_dhcp': True, 'ipv6_ra_mode': None, 'ipv6_address_mode': None, 'gateway_ip': '192.168.128.1', 'cidr': '192.168.128.0/28', 'allocation_pools': [{'start': '192.168.128.2', 'end': '192.168.128.14'}], 'host_routes': [], 'dns_nameservers': [], 'description': '', 'router:external': False, 'service_types': [], 'tags': [], 'created_at': '2025-04-25T23:00:57Z', 'updated_at': '2025-04-25T23:00:57Z', 'revision_number': 0, 'project_id': 'b3a2dc07c1d447ea81ca142d80ab4210'}, Router: {'id': '5d1e3e30-0cc0-421d-937c-28dae2afb452', 'name': 'tempest-ServersAdminTestJSON-408902375-router', 'tenant_id': 'b3a2dc07c1d447ea81ca142d80ab4210', 'admin_state_up': True, 'status': 'ACTIVE', 'external_gateway_info': {'network_id': '783c1498-5882-46bf-8ab1-02430ccaa6ea', 'external_fixed_ips': [{'subnet_id': 'ebae80c9-2ad5-48ae-8351-41532eaff313', 'ip_address': '10.180.180.186'}], 'enable_snat': True}, 'description': '', 'availability_zones': [], 'distributed': False, 'ha': False, 'availability_zone_hints': [], 'routes': [], 'flavor_id': None, 'tags': [], 'created_at': '2025-04-25T23:00:58Z', 'updated_at': '2025-04-25T23:00:59Z', 'revision_number': 2, 'project_id': 'b3a2dc07c1d447ea81ca142d80ab4210'}
2025-04-25 23:01:05.235 70328 INFO tempest.lib.common.rest_client [req-00b505e6-5ef2-49e0-9b13-63bc16ce671d req-00b505e6-5ef2-49e0-9b13-63bc16ce671d ] Request (HypervisorAdminNegativeTestJSON:tearDownClass): 200 GET http://10.180.1.21:9696/networking/v2.0/security-groups?tenant_id=c637d00bb6934eb0b86e129014cb6178&name=default 0.615s
2025-04-25 23:01:05.312 70354 INFO tempest.lib.common.rest_client [req-fc59b888-418f-45d4-9d11-ece806ad644e req-fc59b888-418f-45d4-9d11-ece806ad644e ] Request (InstanceActionsNegativeTestJSON:setUpClass): 201 POST http://10.180.1.21/identity/v3/auth/tokens 0.119s
2025-04-25 23:01:05.312 70354 INFO tempest.lib.common.fixed_network [-] (InstanceActionsNegativeTestJSON:setUpClass) Found network {'id': '2517afa6-97dc-411e-8146-3238342a5322', 'name': 'tempest-InstanceActionsNegativeTestJSON-1596315734-network', 'tenant_id': 'a63e1e3fd80f4c9a89e43f01aeba54bf', 'admin_state_up': True, 'mtu': 8950, 'status': 'ACTIVE', 'subnets': [], 'shared': False, 'project_id': 'a63e1e3fd80f4c9a89e43f01aeba54bf', 'port_security_enabled': True, 'router:external': False, 'provider:network_type': 'vlan', 'provider:physical_network': 'default', 'provider:segmentation_id': 957, 'availability_zone_hints': [], 'availability_zones': [], 'ipv4_address_scope': None, 'ipv6_address_scope': None, 'description': '', 'tags': [], 'created_at': '2025-04-25T23:00:57Z', 'updated_at': '2025-04-25T23:00:57Z', 'revision_number': 1} available for tenant
2025-04-25 23:01:05.359 70312 INFO tempest.lib.common.rest_client [req-b212d8b1-4e2b-4093-a341-683aa7672bca req-b212d8b1-4e2b-4093-a341-683aa7672bca ] Request (HypervisorAdminV253TestBase:test_list_show_detail_hypervisors): 200 GET http://10.180.1.21/compute/v2.1/os-hypervisors/detail?with_servers=True 1.675s
2025-04-25 23:01:05.409 70346 INFO tempest.lib.common.rest_client [req-daece005-c754-4d14-b210-0245dda5a1ba req-daece005-c754-4d14-b210-0245dda5a1ba ] Request (ServersAdminTestJSON:setUpClass): 201 POST http://10.180.1.21/identity/v3/auth/tokens 0.202s
2025-04-25 23:01:05.467 70346 INFO tempest.lib.common.rest_client [req-5993497e-ad9d-4873-9445-3e8dac045f83 req-5993497e-ad9d-4873-9445-3e8dac045f83 ] Request (ServersAdminTestJSON:setUpClass): 201 POST http://10.180.1.21/identity/v3/projects 0.057s
2025-04-25 23:01:05.471 70344 INFO tempest.lib.common.rest_client [req-98177ff0-bd52-4a5f-9c51-64b4b231c986 req-98177ff0-bd52-4a5f-9c51-64b4b231c986 ] Request (VolumesAdminNegativeTest:test_update_attached_volume_with_nonexistent_volume_in_body): 200 GET http://10.180.1.21/compute/v2.1/servers/1f95bfa8-bc97-4ed7-8c33-c00297430bf5 1.637s
2025-04-25 23:01:05.569 70328 INFO tempest.lib.common.rest_client [req-ea9bea2a-001d-484a-a6ba-4397ac1c28da req-ea9bea2a-001d-484a-a6ba-4397ac1c28da ] Request (HypervisorAdminNegativeTestJSON:tearDownClass): 204 DELETE http://10.180.1.21:9696/networking/v2.0/security-groups/2f76e56b-6ef2-49c9-a698-c135b94cb01e 0.332s
2025-04-25 23:01:05.572 70346 INFO tempest.lib.common.rest_client [req-773dbe09-215f-48fa-8a2a-54a77f885364 req-773dbe09-215f-48fa-8a2a-54a77f885364 ] Request (ServersAdminTestJSON:setUpClass): 201 POST http://10.180.1.21/identity/v3/users 0.104s
2025-04-25 23:01:05.573 70310 INFO tempest.lib.common.rest_client [req-49bfdcba-2ab8-4ee1-9428-3458f235f990 req-49bfdcba-2ab8-4ee1-9428-3458f235f990 ] Request (ServersTestFqdnHostnames:setUpClass): 200 PUT http://10.180.1.21:9696/networking/v2.0/routers/f20d85e6-4071-4af4-8fbb-5fc5f1bf860f/add_router_interface 2.040s
2025-04-25 23:01:05.573 70310 INFO tempest.lib.common.dynamic_creds [-] Created isolated network resources for: credentials: Credentials: {'domain_id': 'default', 'domain_name': 'Default', 'username': 'tempest-ServersTestFqdnHostnames-357486929-project-member', 'project_domain_id': 'default', 'project_domain_name': 'Default', 'project_id': '4f57b434a8be4f14923fe65d0ed24a72', 'project_name': 'tempest-ServersTestFqdnHostnames-357486929', 'tenant_id': '4f57b434a8be4f14923fe65d0ed24a72', 'tenant_name': 'tempest-ServersTestFqdnHostnames-357486929', 'user_domain_id': 'default', 'user_domain_name': 'Default', 'user_id': 'dfd17283a788463d821296e92ca93ef9', 'system': None}, Network: {'id': '53830a9c-7c1f-4b18-ad07-2379bc00d366', 'name': 'tempest-ServersTestFqdnHostnames-1462386900-network', 'tenant_id': '4f57b434a8be4f14923fe65d0ed24a72', 'admin_state_up': True, 'mtu': 8950, 'status': 'ACTIVE', 'subnets': [], 'shared': False, 'project_id': '4f57b434a8be4f14923fe65d0ed24a72', 'port_security_enabled': True, 'router:external': False, 'provider:network_type': 'vlan', 'provider:physical_network': 'default', 'provider:segmentation_id': 725, 'availability_zone_hints': [], 'availability_zones': [], 'ipv4_address_scope': None, 'ipv6_address_scope': None, 'description': '', 'tags': [], 'created_at': '2025-04-25T23:01:00Z', 'updated_at': '2025-04-25T23:01:00Z', 'revision_number': 1}, Subnet: {'id': '861b72b4-58c5-4cce-9402-371cb135be20', 'name': 'tempest-ServersTestFqdnHostnames-1462386900-subnet', 'tenant_id': '4f57b434a8be4f14923fe65d0ed24a72', 'network_id': '53830a9c-7c1f-4b18-ad07-2379bc00d366', 'ip_version': 4, 'subnetpool_id': None, 'enable_dhcp': True, 'ipv6_ra_mode': None, 'ipv6_address_mode': None, 'gateway_ip': '192.168.128.1', 'cidr': '192.168.128.0/28', 'allocation_pools': [{'start': '192.168.128.2', 'end': '192.168.128.14'}], 'host_routes': [], 'dns_nameservers': [], 'description': '', 'router:external': False, 'service_types': [], 'tags': [], 'created_at': '2025-04-25T23:01:01Z', 'updated_at': '2025-04-25T23:01:01Z', 'revision_number': 0, 'project_id': '4f57b434a8be4f14923fe65d0ed24a72'}, Router: {'id': 'f20d85e6-4071-4af4-8fbb-5fc5f1bf860f', 'name': 'tempest-ServersTestFqdnHostnames-1462386900-router', 'tenant_id': '4f57b434a8be4f14923fe65d0ed24a72', 'admin_state_up': True, 'status': 'ACTIVE', 'external_gateway_info': {'network_id': '783c1498-5882-46bf-8ab1-02430ccaa6ea', 'external_fixed_ips': [{'subnet_id': 'ebae80c9-2ad5-48ae-8351-41532eaff313', 'ip_address': '10.180.180.179'}], 'enable_snat': True}, 'description': '', 'availability_zones': [], 'distributed': False, 'ha': False, 'availability_zone_hints': [], 'routes': [], 'flavor_id': None, 'tags': [], 'created_at': '2025-04-25T23:01:02Z', 'updated_at': '2025-04-25T23:01:02Z', 'revision_number': 2, 'project_id': '4f57b434a8be4f14923fe65d0ed24a72'}
2025-04-25 23:01:05.597 70346 INFO tempest.lib.common.rest_client [req-17754dc4-1316-468a-b5aa-c90405cc4513 req-17754dc4-1316-468a-b5aa-c90405cc4513 ] Request (ServersAdminTestJSON:setUpClass): 200 GET http://10.180.1.21/identity/v3/roles 0.025s
2025-04-25 23:01:05.617 70348 INFO tempest.lib.common.rest_client [req-e4f92053-d6e2-40cd-9c6c-4ccce8ce60af req-e4f92053-d6e2-40cd-9c6c-4ccce8ce60af ] Request (ServersTestManualDisk:setUpClass): 200 GET http://10.180.1.21/compute/v2.1/servers/6a114dce-7ed3-46e1-9d50-c3dd6efd340c 1.663s
2025-04-25 23:01:05.620 70338 INFO tempest.lib.common.rest_client [req-0c677b6a-b18c-4033-9a42-a4e45ea8b46e req-0c677b6a-b18c-4033-9a42-a4e45ea8b46e ] Request (FlavorsExtraSpecsNegativeTestJSON:test_flavor_update_more_key): 400 PUT http://10.180.1.21/compute/v2.1/flavors/197296/os-extra_specs/hw:numa_nodes 1.290s
2025-04-25 23:01:05.629 70348 INFO tempest.common.waiters [-] State transition "BUILD/None" ==> "BUILD/networking" after 7 second wait
2025-04-25 23:01:05.695 70298 INFO tempest.lib.common.rest_client [req-d6880750-f48d-4c90-b3bd-fae4f8c2aff3 req-d6880750-f48d-4c90-b3bd-fae4f8c2aff3 ] Request (FlavorsAccessNegativeTestJSON:_run_cleanups): 200 GET http://10.180.1.21/compute/v2.1/flavors/detail 1.347s
2025-04-25 23:01:05.729 70334 INFO tempest.lib.common.rest_client [req-97f1714f-f5d6-4e4d-8973-5a69eb5ab2af req-97f1714f-f5d6-4e4d-8973-5a69eb5ab2af ] Request (FlavorsAccessTestJSON:_run_cleanups): 200 GET http://10.180.1.21/compute/v2.1/flavors/detail 1.362s
2025-04-25 23:01:05.738 70310 INFO tempest.lib.common.rest_client [req-2e6a691b-cf34-4a25-8c64-4fe79ceed5b5 req-2e6a691b-cf34-4a25-8c64-4fe79ceed5b5 ] Request (ServersTestFqdnHostnames:setUpClass): 201 POST http://10.180.1.21/identity/v3/auth/tokens 0.159s
2025-04-25 23:01:05.754 70328 INFO tempest.lib.common.rest_client [req-f02998bd-c4b1-4a98-9bcb-58128be95ac7 req-f02998bd-c4b1-4a98-9bcb-58128be95ac7 ] Request (HypervisorAdminNegativeTestJSON:tearDownClass): 204 DELETE http://10.180.1.21/identity/v3/projects/c637d00bb6934eb0b86e129014cb6178 0.185s
2025-04-25 23:01:05.754 70328 INFO tempest.lib.common.dynamic_creds [-] Deleting project and security group for project: 3aa7d644401749bf82293860fcf52eff
2025-04-25 23:01:05.757 70350 INFO tempest.lib.common.rest_client [req-9764f921-b5aa-4071-a5a2-02328a61c393 req-9764f921-b5aa-4071-a5a2-02328a61c393 ] Request (FlavorsV2TestJSON:test_list_flavors_detailed_filter_by_min_disk): 200 GET http://10.180.1.21/compute/v2.1/flavors/42 1.370s
