2025-04-25 23:03:28.679 70334 INFO tempest.lib.common.rest_client [req-63348d01-0daf-488e-afc9-5b4c8ff58412 req-63348d01-0daf-488e-afc9-5b4c8ff58412 ] Request (ServerMetadataNegativeTestJSON:tearDownClass): 204 DELETE http://10.180.1.21:9696/networking/v2.0/routers/11671f97-c34c-42f8-a992-a352921c4bad 0.375s
2025-04-25 23:03:28.680 70358 INFO tempest.lib.common.rest_client [req-48357dea-d8f7-4aa3-8a38-5608c2ea7d19 req-48357dea-d8f7-4aa3-8a38-5608c2ea7d19 ] Request (AttachInterfacesV270Test:tearDownClass): 200 GET http://10.180.1.21/compute/v2.1/servers/19036f6f-2ee3-4ea5-82fa-b510bf903922 0.109s
2025-04-25 23:03:28.710 70348 INFO tempest.lib.common.rest_client [req-dd710699-5e6a-4ad6-aef5-afaeff2b110c req-dd710699-5e6a-4ad6-aef5-afaeff2b110c ] Request (MultipleCreateTestJSON:test_multiple_create): 200 GET http://10.180.1.21/compute/v2.1/servers/48efbd17-ff4e-426a-a135-f43cae8c97d0 0.100s
2025-04-25 23:03:28.726 70324 INFO tempest.lib.common.rest_client [req-52ebcf6d-69fb-4aa2-9a1e-0acfb54c12e5 req-52ebcf6d-69fb-4aa2-9a1e-0acfb54c12e5 ] Request (ServersWithSpecificFlavorTestJSON:test_verify_created_server_ephemeral_disk): 200 GET http://10.180.1.21/compute/v2.1/servers/f16d60a4-5f80-4f41-b994-068de48775ad 0.083s
2025-04-25 23:03:28.778 70312 INFO tempest.lib.common.rest_client [req-c10630aa-fe8d-49be-8191-33843130fe14 req-c10630aa-fe8d-49be-8191-33843130fe14 ] Request (ImagesOneServerTestJSON:tearDownClass): 200 GET http://10.180.1.21/compute/v2.1/servers/d0756709-f17b-441e-b537-df937cfbde84 0.101s
2025-04-25 23:03:28.783 70308 INFO tempest.lib.common.rest_client [req-50645340-251e-475d-8020-8947e3e670d9 req-50645340-251e-475d-8020-8947e3e670d9 ] Request (ServerDiagnosticsTest:test_get_server_diagnostics): 200 GET http://10.180.1.21/compute/v2.1/servers/ae91adc5-b3a4-4503-91f2-d803eaefedc5 0.095s
2025-04-25 23:03:28.797 70334 INFO tempest.lib.common.rest_client [req-88ea1fcf-9510-4359-af0c-04c7bc3339bd req-88ea1fcf-9510-4359-af0c-04c7bc3339bd ] Request (ServerMetadataNegativeTestJSON:tearDownClass): 204 DELETE http://10.180.1.21:9696/networking/v2.0/subnets/aee514e2-c634-4684-acc5-63b2c76ed8bf 0.118s
2025-04-25 23:03:28.829 70298 INFO tempest.lib.common.rest_client [req-3cc70f9b-4820-412c-9e08-12b76f3f573d req-3cc70f9b-4820-412c-9e08-12b76f3f573d ] Request (ServersTestMultiNic:test_verify_duplicate_network_nics): 200 GET http://10.180.1.21/compute/v2.1/servers/0add6226-3b90-4991-8f2b-81c35e72a7df 0.094s
2025-04-25 23:03:28.849 70330 INFO tempest.lib.common.rest_client [req-8cd2110e-dc48-47bd-afa6-37d19f56cbba req-8cd2110e-dc48-47bd-afa6-37d19f56cbba ] Request (ServersV294TestFqdnHostnames:tearDownClass): 200 GET http://10.180.1.21/compute/v2.1/servers/3501a6fc-f090-4098-8f63-57a97bd61f1b 0.067s
2025-04-25 23:03:28.889 70356 INFO tempest.lib.common.rest_client [req-0454123e-9ba3-4dce-99c6-1bf3bd3ae072 req-0454123e-9ba3-4dce-99c6-1bf3bd3ae072 ] Request (ServerActionsV293TestJSON:setUpClass): 200 GET http://10.180.1.21/compute/v2.1/servers/6f2bc97b-0f0a-4f16-b41c-7af96130783f 0.071s
2025-04-25 23:03:28.929 70310 INFO tempest.lib.common.rest_client [req-4189aecc-f061-4b5e-a0d7-e1405b266619 req-4189aecc-f061-4b5e-a0d7-e1405b266619 ] Request (ServersNegativeTestJSON:setUpClass): 200 GET http://10.180.1.21/compute/v2.1/servers/2198e7f8-5458-4b97-abb3-0a3c932cebc2 0.054s
2025-04-25 23:03:28.996 70322 INFO tempest.lib.common.rest_client [req-64f3232d-454e-49ce-b1ec-3c627f20ace4 req-64f3232d-454e-49ce-b1ec-3c627f20ace4 ] Request (ServersTestJSON:setUpClass): 200 GET http://10.180.1.21/compute/v2.1/servers/8f7e4e69-0796-469f-8a2b-4e19fbf15ed3 0.111s
2025-04-25 23:03:29.003 70316 INFO tempest.lib.common.rest_client [req-b9154d33-f370-4ee4-8462-3bd781b9b914 req-b9154d33-f370-4ee4-8462-3bd781b9b914 ] Request (ImagesNegativeTestJSON:test_create_image_from_deleted_server): 200 GET http://10.180.1.21/compute/v2.1/servers/6c36df58-3ab3-4595-b89c-9ab5a4664eec 0.069s
2025-04-25 23:03:29.050 70340 INFO tempest.lib.common.rest_client [req-0cbaa8d1-9fa0-45bf-b130-fd9860c58cfe req-0cbaa8d1-9fa0-45bf-b130-fd9860c58cfe ] Request (TenantUsagesTestJSON:setUpClass): 200 GET http://10.180.1.21/compute/v2.1/servers/b99195a6-866e-4142-970a-42a0564889ef 0.110s
2025-04-25 23:03:29.060 70304 INFO tempest.lib.common.rest_client [req-0ede7507-2eeb-4dfd-8d2d-914832f11f1e req-0ede7507-2eeb-4dfd-8d2d-914832f11f1e ] Request (ServersTestJSON:test_create_server_with_ipv6_addr_only): 200 GET http://10.180.1.21/compute/v2.1/servers/f7a42358-f26a-4651-a929-d3836f050648 0.083s
2025-04-25 23:03:29.111 70346 INFO tempest.lib.common.rest_client [req-83f37fb3-3957-4fc7-932f-613f99288102 req-83f37fb3-3957-4fc7-932f-613f99288102 ] Request (ServersAdminTestJSON:test_inject_network_info): 200 GET http://10.180.1.21/compute/v2.1/servers/55c20886-ae10-4326-a9de-f8577f320a99 0.121s
2025-04-25 23:03:29.117 70336 INFO tempest.lib.common.rest_client [req-ab5868b3-6012-4e83-994c-7356eefea26d req-ab5868b3-6012-4e83-994c-7356eefea26d ] Request (SecurityGroupsTestJSON:test_list_security_groups_by_server): 200 GET http://10.180.1.21/compute/v2.1/servers/c9ce57f3-f9a2-40aa-b7eb-403840c34304 0.088s
2025-04-25 23:03:29.163 70334 INFO tempest.lib.common.rest_client [req-84e4a1e4-3cc3-4bd5-ace3-ab43109bfbdf req-84e4a1e4-3cc3-4bd5-ace3-ab43109bfbdf ] Request (ServerMetadataNegativeTestJSON:tearDownClass): 204 DELETE http://10.180.1.21:9696/networking/v2.0/networks/6e3d7438-b94d-4438-b4e5-fde03770d05d 0.365s
2025-04-25 23:03:29.172 70326 INFO tempest.lib.common.rest_client [req-fd841218-05f9-4d12-9510-4658be196af4 req-fd841218-05f9-4d12-9510-4658be196af4 ] Request (ImagesOneServerNegativeTestJSON:_run_cleanups): 200 GET http://10.180.1.21/compute/v2.1/servers/29d41731-4ae2-4cc4-bfda-b7356922c8ff 0.125s
2025-04-25 23:03:29.191 70318 INFO tempest.lib.common.rest_client [req-b49c6306-7e9f-4ff6-b590-17818abe5dc1 req-b49c6306-7e9f-4ff6-b590-17818abe5dc1 ] Request (ServersListShow2100Test:tearDownClass): 200 GET http://10.180.1.21/compute/v2.1/servers/61bea079-9731-48d1-b472-b30226a0b5a1 0.083s
2025-04-25 23:03:29.272 70334 INFO tempest.lib.common.rest_client [req-74e98e2c-8b2c-433c-baec-dc18c224daf5 req-74e98e2c-8b2c-433c-baec-dc18c224daf5 ] Request (ServerMetadataNegativeTestJSON:tearDownClass): 204 DELETE http://10.180.1.21/identity/v3/users/f2d2bb1595854528850866f2621adcb4 0.109s
2025-04-25 23:03:29.273 70334 INFO tempest.lib.common.dynamic_creds [-] Deleting project and security group for project: 37492ec68df9439e860aaacce6f58bcf
2025-04-25 23:03:29.298 70334 INFO tempest.lib.common.rest_client [req-60e83109-d94a-4971-bd6b-e4c83b4a7c61 req-60e83109-d94a-4971-bd6b-e4c83b4a7c61 ] Request (ServerMetadataNegativeTestJSON:tearDownClass): 200 GET http://10.180.1.21:9696/networking/v2.0/security-groups?tenant_id=37492ec68df9439e860aaacce6f58bcf&name=default 0.024s
2025-04-25 23:03:29.372 70350 WARNING tempest.lib.common.ssh [-] Failed to establish authenticated ssh connection to cirros@10.180.180.237 ([Errno None] Unable to connect to port 22 on 10.180.180.237). Number attempts: 6. Retry after 7 seconds.: paramiko.ssh_exception.NoValidConnectionsError: [Errno None] Unable to connect to port 22 on 10.180.180.237
2025-04-25 23:03:29.372 70334 INFO tempest.lib.common.rest_client [req-8d01be9b-6344-41f3-92e0-cbca89c30368 req-8d01be9b-6344-41f3-92e0-cbca89c30368 ] Request (ServerMetadataNegativeTestJSON:tearDownClass): 204 DELETE http://10.180.1.21:9696/networking/v2.0/security-groups/06e430a7-fc6c-41b2-a61d-37124a285ded 0.073s
2025-04-25 23:03:29.440 70320 INFO tempest.lib.common.rest_client [req-ff54faa2-c80b-4825-b842-cfdbeb6cff33 req-ff54faa2-c80b-4825-b842-cfdbeb6cff33 ] Request (ServersAdminNegativeTestJSON:test_migrate_server_invalid_state): 200 GET http://10.180.1.21/compute/v2.1/servers/38839949-c717-4f0b-97a7-108d87417b88 0.049s
2025-04-25 23:03:29.456 70334 INFO tempest.lib.common.rest_client [req-9beb9d1d-e15a-4a13-acc6-129cfffb6339 req-9beb9d1d-e15a-4a13-acc6-129cfffb6339 ] Request (ServerMetadataNegativeTestJSON:tearDownClass): 204 DELETE http://10.180.1.21/identity/v3/projects/37492ec68df9439e860aaacce6f58bcf 0.084s
2025-04-25 23:03:29.461 70328 INFO tempest.lib.common.rest_client [req-d7b03181-8859-4739-b013-7669bb3bda49 req-d7b03181-8859-4739-b013-7669bb3bda49 ] Request (FloatingIPsAssociationTestJSON:tearDownClass): 200 GET http://10.180.1.21/compute/v2.1/servers/d601179a-df77-4f2e-b8df-9185b8a485e3 0.057s
2025-04-25 23:03:29.491 70296 INFO tempest.lib.common.rest_client [req-9ac95524-e461-4e23-9248-a9f86e4df9db req-9ac95524-e461-4e23-9248-a9f86e4df9db ] Request (DeleteServersTestJSON:test_delete_server_while_in_attached_volume): 200 GET http://10.180.1.21/compute/v2.1/servers/c08166c5-2c31-4d40-a61c-c541924eb49c 0.048s
2025-04-25 23:03:29.525 70334 INFO tempest.lib.common.rest_client [req-dbde845f-2697-451c-bd5c-e2f3bcada576 req-dbde845f-2697-451c-bd5c-e2f3bcada576 ] Request (VolumesNegativeTest:setUpClass): 201 POST http://10.180.1.21/identity/v3/auth/tokens 0.067s
2025-04-25 23:03:29.552 70334 INFO tempest.lib.common.rest_client [req-3307fa69-3531-4755-8937-c121904816f2 req-3307fa69-3531-4755-8937-c121904816f2 ] Request (VolumesNegativeTest:setUpClass): 201 POST http://10.180.1.21/identity/v3/auth/tokens 0.024s
2025-04-25 23:03:29.579 70334 INFO tempest.lib.common.rest_client [req-5c672d89-fe08-4000-9644-e760118a89be req-5c672d89-fe08-4000-9644-e760118a89be ] Request (VolumesNegativeTest:setUpClass): 200 GET http://10.180.1.21/identity/v3/domains?name=Default 0.026s
2025-04-25 23:03:29.607 70334 INFO tempest.lib.common.rest_client [req-2510b2c8-d1c5-47b6-b81c-a192b7d0c850 req-2510b2c8-d1c5-47b6-b81c-a192b7d0c850 ] Request (VolumesNegativeTest:setUpClass): 201 POST http://10.180.1.21/identity/v3/projects 0.028s
2025-04-25 23:03:29.622 70354 INFO tempest.lib.common.rest_client [req-d918c1eb-6380-4a29-bd8d-84ecc359e686 req-d918c1eb-6380-4a29-bd8d-84ecc359e686 ] Request (ServersAaction247Test:tearDownClass): 200 GET http://10.180.1.21/compute/v2.1/servers/a09db142-60d1-4a62-8e76-1e2e3676124f 0.074s
2025-04-25 23:03:29.673 70334 INFO tempest.lib.common.rest_client [req-f16f938d-a6c3-49b2-a085-42b54728381a req-f16f938d-a6c3-49b2-a085-42b54728381a ] Request (VolumesNegativeTest:setUpClass): 201 POST http://10.180.1.21/identity/v3/users 0.066s
2025-04-25 23:03:29.682 70300 INFO tempest.lib.common.rest_client [req-b0693d5c-5009-46c6-8444-6b45a8307496 req-b0693d5c-5009-46c6-8444-6b45a8307496 ] Request (ImagesTestJSON:test_create_server_from_snapshot): 200 GET http://10.180.1.21/compute/v2.1/servers/f56e88f6-3a25-44d9-bdb1-cc4291169c9c 0.064s
2025-04-25 23:03:29.696 70334 INFO tempest.lib.common.rest_client [req-a544553e-da5d-4ff2-bc9d-f3493b07ad2e req-a544553e-da5d-4ff2-bc9d-f3493b07ad2e ] Request (VolumesNegativeTest:setUpClass): 200 GET http://10.180.1.21/identity/v3/roles 0.022s
2025-04-25 23:03:29.698 70314 INFO tempest.lib.common.rest_client [req-a0129d3c-8003-4dfd-b170-6146413a3417 req-a0129d3c-8003-4dfd-b170-6146413a3417 ] Request (MigrationsAdminTest:test_list_migrations_in_flavor_resize_situation): 200 GET http://10.180.1.21/compute/v2.1/servers/4b5750d4-98ec-4c70-b214-fad97060b606 0.126s
2025-04-25 23:03:29.725 70334 INFO tempest.lib.common.rest_client [req-ecaa5d4f-1611-48ff-a477-aa7c025e4de0 req-ecaa5d4f-1611-48ff-a477-aa7c025e4de0 ] Request (VolumesNegativeTest:setUpClass): 204 PUT http://10.180.1.21/identity/v3/projects/7cd48363507440b4a31ccbcfbab4878c/users/edc3272f71dd48ac921d45b86ebdc985/roles/295d2933538e4df792ec78734f1c3f38 0.028s
2025-04-25 23:03:29.725 70334 INFO tempest.lib.common.dynamic_creds [-] Dynamic test user edc3272f71dd48ac921d45b86ebdc985 is created with scope project and roles: ['member']
2025-04-25 23:03:29.725 70334 INFO tempest.lib.common.dynamic_creds [-] Acquired dynamic creds: credentials: Credentials: {'domain_id': 'default', 'domain_name': 'Default', 'username': 'tempest-VolumesNegativeTest-892167837-project-member', 'project_domain_id': 'default', 'project_domain_name': 'Default', 'project_id': '7cd48363507440b4a31ccbcfbab4878c', 'project_name': 'tempest-VolumesNegativeTest-892167837', 'tenant_id': '7cd48363507440b4a31ccbcfbab4878c', 'tenant_name': 'tempest-VolumesNegativeTest-892167837', 'user_domain_id': 'default', 'user_domain_name': 'Default', 'user_id': 'edc3272f71dd48ac921d45b86ebdc985', 'system': None}, Network: None, Subnet: None, Router: None
2025-04-25 23:03:29.726 70334 INFO tempest.lib.common.dynamic_creds [-] Created isolated network resources for: credentials: Credentials: {'domain_id': 'default', 'domain_name': 'Default', 'username': 'tempest-VolumesNegativeTest-892167837-project-member', 'project_domain_id': 'default', 'project_domain_name': 'Default', 'project_id': '7cd48363507440b4a31ccbcfbab4878c', 'project_name': 'tempest-VolumesNegativeTest-892167837', 'tenant_id': '7cd48363507440b4a31ccbcfbab4878c', 'tenant_name': 'tempest-VolumesNegativeTest-892167837', 'user_domain_id': 'default', 'user_domain_name': 'Default', 'user_id': 'edc3272f71dd48ac921d45b86ebdc985', 'system': None}, Network: None, Subnet: None, Router: None
2025-04-25 23:03:29.741 70344 INFO tempest.lib.common.rest_client [req-f0056ffe-def2-4c2c-a4e0-72247b746689 req-f0056ffe-def2-4c2c-a4e0-72247b746689 ] Request (VolumesAdminNegativeTest:test_update_attached_volume_with_nonexistent_volume_in_uri): 200 GET http://10.180.1.21/compute/v2.1/servers/738d52c6-0368-434f-a14f-05b47ca865e3 0.120s
2025-04-25 23:03:29.752 70302 INFO tempest.lib.common.rest_client [req-3413b873-7a26-4a01-a53b-090c7e3ccdf4 req-3413b873-7a26-4a01-a53b-090c7e3ccdf4 ] Request (ServerGroupTestJSON:test_create_server_with_scheduler_hint_group): 200 GET http://10.180.1.21/compute/v2.1/servers/36f15b0a-d57f-49d8-9510-1036e889a438 0.081s
2025-04-25 23:03:29.800 70334 INFO tempest.lib.common.rest_client [req-1f48ea2a-f939-40e6-a1b8-ae7ee2ce2c18 req-1f48ea2a-f939-40e6-a1b8-ae7ee2ce2c18 ] Request (VolumesNegativeTest:setUpClass): 201 POST http://10.180.1.21/identity/v3/auth/tokens 0.071s
2025-04-25 23:03:29.803 70358 INFO tempest.lib.common.rest_client [req-a409958f-f2f2-4e07-a632-cc58882cc295 req-a409958f-f2f2-4e07-a632-cc58882cc295 ] Request (AttachInterfacesV270Test:tearDownClass): 200 GET http://10.180.1.21/compute/v2.1/servers/19036f6f-2ee3-4ea5-82fa-b510bf903922 0.110s
2025-04-25 23:03:29.823 70348 INFO tempest.lib.common.rest_client [req-0f30c022-04bf-48be-9111-e104657c7e5b req-0f30c022-04bf-48be-9111-e104657c7e5b ] Request (MultipleCreateTestJSON:test_multiple_create): 200 GET http://10.180.1.21/compute/v2.1/servers/48efbd17-ff4e-426a-a135-f43cae8c97d0 0.106s
2025-04-25 23:03:29.842 70312 INFO tempest.lib.common.rest_client [req-4822ebd8-1a1c-40e0-a62c-3ec226488888 req-4822ebd8-1a1c-40e0-a62c-3ec226488888 ] Request (ImagesOneServerTestJSON:tearDownClass): 404 GET http://10.180.1.21/compute/v2.1/servers/d0756709-f17b-441e-b537-df937cfbde84 0.055s
2025-04-25 23:03:29.847 70324 INFO tempest.lib.common.rest_client [req-28a814c1-19b6-433d-a5b5-04a8f46a9205 req-28a814c1-19b6-433d-a5b5-04a8f46a9205 ] Request (ServersWithSpecificFlavorTestJSON:test_verify_created_server_ephemeral_disk): 200 GET http://10.180.1.21/compute/v2.1/servers/f16d60a4-5f80-4f41-b994-068de48775ad 0.107s
2025-04-25 23:03:29.888 70308 INFO tempest.lib.common.rest_client [req-bd6940bf-eec9-4d6f-b66f-f001655e178a req-bd6940bf-eec9-4d6f-b66f-f001655e178a ] Request (ServerDiagnosticsTest:test_get_server_diagnostics): 200 GET http://10.180.1.21/compute/v2.1/servers/ae91adc5-b3a4-4503-91f2-d803eaefedc5 0.094s
2025-04-25 23:03:29.908 70334 INFO tempest.lib.common.rest_client [req-27a95e12-f95d-46df-9f1b-e7fc4cc31a25 req-27a95e12-f95d-46df-9f1b-e7fc4cc31a25 ] Request (VolumesNegativeTest:test_create_volume_with_invalid_size): 400 POST http://10.180.1.21/compute/v2.1/os-volumes 0.106s
2025-04-25 23:03:29.933 70298 INFO tempest.lib.common.rest_client [req-b0d8263d-6e78-4dbc-b0f7-3e1a4a4aec5d req-b0d8263d-6e78-4dbc-b0f7-3e1a4a4aec5d ] Request (ServersTestMultiNic:test_verify_duplicate_network_nics): 200 GET http://10.180.1.21/compute/v2.1/servers/0add6226-3b90-4991-8f2b-81c35e72a7df 0.094s
2025-04-25 23:03:29.964 70330 INFO tempest.lib.common.rest_client [req-3c74df58-b5f5-4308-bc6e-14600782558d req-3c74df58-b5f5-4308-bc6e-14600782558d ] Request (ServersV294TestFqdnHostnames:tearDownClass): 200 GET http://10.180.1.21/compute/v2.1/servers/3501a6fc-f090-4098-8f63-57a97bd61f1b 0.103s
2025-04-25 23:03:29.970 70334 INFO tempest.lib.common.rest_client [req-1039735e-5c10-4501-84e4-72b3a38dd263 req-1039735e-5c10-4501-84e4-72b3a38dd263 ] Request (VolumesNegativeTest:test_create_volume_with_size_zero): 400 POST http://10.180.1.21/compute/v2.1/os-volumes 0.060s
2025-04-25 23:03:29.983 70356 INFO tempest.lib.common.rest_client [req-0e38fc01-3309-4f85-b6fd-154b75fdf107 req-0e38fc01-3309-4f85-b6fd-154b75fdf107 ] Request (ServerActionsV293TestJSON:setUpClass): 200 GET http://10.180.1.21/compute/v2.1/servers/6f2bc97b-0f0a-4f16-b41c-7af96130783f 0.082s
2025-04-25 23:03:29.987 70334 INFO tempest.lib.common.rest_client [req-a591ab17-5745-4a9d-b38b-db0cd690e591 req-a591ab17-5745-4a9d-b38b-db0cd690e591 ] Request (VolumesNegativeTest:test_create_volume_without_passing_size): 400 POST http://10.180.1.21/compute/v2.1/os-volumes 0.015s
2025-04-25 23:03:30.011 70334 INFO tempest.lib.common.rest_client [req-cb6296ae-7e57-4630-a170-33440971a6c0 req-cb6296ae-7e57-4630-a170-33440971a6c0 ] Request (VolumesNegativeTest:test_delete_invalid_volume_id): 404 DELETE http://10.180.1.21/compute/v2.1/os-volumes/tempest-invalid-272749824 0.022s
2025-04-25 23:03:30.021 70310 INFO tempest.lib.common.rest_client [req-08d2dc85-7829-4320-ae71-f83dafc3d4a1 req-08d2dc85-7829-4320-ae71-f83dafc3d4a1 ] Request (ServersNegativeTestJSON:setUpClass): 200 GET http://10.180.1.21/compute/v2.1/servers/2198e7f8-5458-4b97-abb3-0a3c932cebc2 0.083s
2025-04-25 23:03:30.025 70334 INFO tempest.lib.common.rest_client [req-50d82f04-50cf-4786-81c5-e684088800ac req-50d82f04-50cf-4786-81c5-e684088800ac ] Request (VolumesNegativeTest:test_delete_volume_without_passing_volume_id): 404 DELETE http://10.180.1.21/compute/v2.1/os-volumes/ 0.013s
2025-04-25 23:03:30.083 70316 INFO tempest.lib.common.rest_client [req-d3ad2ed0-ecb1-4ff3-ac4a-f4b6dd8f5452 req-d3ad2ed0-ecb1-4ff3-ac4a-f4b6dd8f5452 ] Request (ImagesNegativeTestJSON:test_create_image_from_deleted_server): 200 GET http://10.180.1.21/compute/v2.1/servers/6c36df58-3ab3-4595-b89c-9ab5a4664eec 0.071s
2025-04-25 23:03:30.086 70334 INFO tempest.lib.common.rest_client [req-d0d3f288-8761-4933-bca1-e4aaf24ebdca req-d0d3f288-8761-4933-bca1-e4aaf24ebdca ] Request (VolumesNegativeTest:test_get_volume_without_passing_volume_id): 404 GET http://10.180.1.21/compute/v2.1/os-volumes/ 0.059s
2025-04-25 23:03:30.128 70322 INFO tempest.lib.common.rest_client [req-59bd5bf5-e78a-4bf4-b8f1-ddac8aab3f62 req-59bd5bf5-e78a-4bf4-b8f1-ddac8aab3f62 ] Request (ServersTestJSON:setUpClass): 200 GET http://10.180.1.21/compute/v2.1/servers/8f7e4e69-0796-469f-8a2b-4e19fbf15ed3 0.123s
2025-04-25 23:03:30.141 70340 INFO tempest.lib.common.rest_client [req-2d8584c4-241f-4829-b3cb-9022e48fcd0a req-2d8584c4-241f-4829-b3cb-9022e48fcd0a ] Request (TenantUsagesTestJSON:setUpClass): 200 GET http://10.180.1.21/compute/v2.1/servers/b99195a6-866e-4142-970a-42a0564889ef 0.082s
2025-04-25 23:03:30.163 70334 INFO tempest.lib.common.rest_client [req-5dfa5a80-ed6a-41ba-a0ac-0ad9d30bc66c req-5dfa5a80-ed6a-41ba-a0ac-0ad9d30bc66c ] Request (VolumesNegativeTest:test_volume_delete_nonexistent_volume_id): 404 DELETE http://10.180.1.21/compute/v2.1/os-volumes/590a4c75-242f-4f54-9beb-91f82429bba0 0.076s
2025-04-25 23:03:30.181 70304 INFO tempest.lib.common.rest_client [req-8c5467e2-5daa-4e2f-869e-a0b9576b8705 req-8c5467e2-5daa-4e2f-869e-a0b9576b8705 ] Request (ServersTestJSON:test_create_server_with_ipv6_addr_only): 200 GET http://10.180.1.21/compute/v2.1/servers/f7a42358-f26a-4651-a929-d3836f050648 0.113s
2025-04-25 23:03:30.211 70346 INFO tempest.lib.common.rest_client [req-c0dba497-86a3-4d15-a04a-2bd365c95b92 req-c0dba497-86a3-4d15-a04a-2bd365c95b92 ] Request (ServersAdminTestJSON:test_inject_network_info): 200 GET http://10.180.1.21/compute/v2.1/servers/55c20886-ae10-4326-a9de-f8577f320a99 0.092s
2025-04-25 23:03:30.224 70336 INFO tempest.lib.common.rest_client [req-4ff38c75-a7d0-4251-a50f-949e0dc3e918 req-4ff38c75-a7d0-4251-a50f-949e0dc3e918 ] Request (SecurityGroupsTestJSON:test_list_security_groups_by_server): 200 GET http://10.180.1.21/compute/v2.1/servers/c9ce57f3-f9a2-40aa-b7eb-403840c34304 0.095s
2025-04-25 23:03:30.236 70334 INFO tempest.lib.common.rest_client [req-af3b244e-ac48-40db-8d7c-1bcd09669299 req-af3b244e-ac48-40db-8d7c-1bcd09669299 ] Request (VolumesNegativeTest:test_volume_get_nonexistent_volume_id): 404 GET http://10.180.1.21/compute/v2.1/os-volumes/e421475e-af0b-4ed8-8b45-a661a344470b 0.071s
2025-04-25 23:03:30.272 70326 INFO tempest.lib.common.rest_client [req-e299f98d-1741-498b-935c-14937a13cf58 req-e299f98d-1741-498b-935c-14937a13cf58 ] Request (ImagesOneServerNegativeTestJSON:_run_cleanups): 200 GET http://10.180.1.21/compute/v2.1/servers/29d41731-4ae2-4cc4-bfda-b7356922c8ff 0.090s
2025-04-25 23:03:30.304 70318 INFO tempest.lib.common.rest_client [req-2f879a1c-62c6-4e49-a959-9ab9607919c5 req-2f879a1c-62c6-4e49-a959-9ab9607919c5 ] Request (ServersListShow2100Test:tearDownClass): 200 GET http://10.180.1.21/compute/v2.1/servers/61bea079-9731-48d1-b472-b30226a0b5a1 0.101s
2025-04-25 23:03:30.356 70334 INFO tempest.lib.common.rest_client [req-619f7de2-83a4-496b-99ac-e3bf77a138ef req-619f7de2-83a4-496b-99ac-e3bf77a138ef ] Request (VolumesNegativeTest:tearDownClass): 204 DELETE http://10.180.1.21/identity/v3/users/edc3272f71dd48ac921d45b86ebdc985 0.116s
2025-04-25 23:03:30.356 70334 INFO tempest.lib.common.dynamic_creds [-] Deleting project and security group for project: 7cd48363507440b4a31ccbcfbab4878c
2025-04-25 23:03:30.416 70334 INFO tempest.lib.common.rest_client [req-765b544d-db12-4e8a-bfce-0a2e30bcb37d req-765b544d-db12-4e8a-bfce-0a2e30bcb37d ] Request (VolumesNegativeTest:tearDownClass): 201 POST http://10.180.1.21/identity/v3/auth/tokens 0.059s
2025-04-25 23:03:30.511 70320 INFO tempest.lib.common.rest_client [req-1c2acd08-9616-4b42-964c-58443a6f19e1 req-1c2acd08-9616-4b42-964c-58443a6f19e1 ] Request (ServersAdminNegativeTestJSON:test_migrate_server_invalid_state): 200 GET http://10.180.1.21/compute/v2.1/servers/38839949-c717-4f0b-97a7-108d87417b88 0.061s
2025-04-25 23:03:30.546 70328 INFO tempest.lib.common.rest_client [req-8394e658-ccfa-4e47-b9a0-37b7c186b46d req-8394e658-ccfa-4e47-b9a0-37b7c186b46d ] Request (FloatingIPsAssociationTestJSON:tearDownClass): 200 GET http://10.180.1.21/compute/v2.1/servers/d601179a-df77-4f2e-b8df-9185b8a485e3 0.077s
2025-04-25 23:03:30.570 70296 INFO tempest.lib.common.rest_client [req-0bd8f245-ca27-41d2-a76f-4fef589ef04e req-0bd8f245-ca27-41d2-a76f-4fef589ef04e ] Request (DeleteServersTestJSON:test_delete_server_while_in_attached_volume): 200 GET http://10.180.1.21/compute/v2.1/servers/c08166c5-2c31-4d40-a61c-c541924eb49c 0.069s
2025-04-25 23:03:30.606 70334 INFO tempest.lib.common.rest_client [req-f40396a1-2efc-45ba-9a98-8f189258f945 req-f40396a1-2efc-45ba-9a98-8f189258f945 ] Request (VolumesNegativeTest:tearDownClass): 200 GET http://10.180.1.21:9696/networking/v2.0/security-groups?tenant_id=7cd48363507440b4a31ccbcfbab4878c&name=default 0.190s
2025-04-25 23:03:30.698 70354 INFO tempest.lib.common.rest_client [req-f75e058e-73a2-41e6-a079-61174e7cd08d req-f75e058e-73a2-41e6-a079-61174e7cd08d ] Request (ServersAaction247Test:tearDownClass): 200 GET http://10.180.1.21/compute/v2.1/servers/a09db142-60d1-4a62-8e76-1e2e3676124f 0.065s
2025-04-25 23:03:30.702 70334 INFO tempest.lib.common.rest_client [req-25ea290d-6171-4cb2-96dd-7e8e1a77ba00 req-25ea290d-6171-4cb2-96dd-7e8e1a77ba00 ] Request (VolumesNegativeTest:tearDownClass): 204 DELETE http://10.180.1.21:9696/networking/v2.0/security-groups/a726de34-23f2-4448-a788-012d82cea64e 0.095s
2025-04-25 23:03:30.754 70300 INFO tempest.lib.common.rest_client [req-41ac1628-1868-4ef5-89c3-8228ae3c8376 req-41ac1628-1868-4ef5-89c3-8228ae3c8376 ] Request (ImagesTestJSON:test_create_server_from_snapshot): 200 GET http://10.180.1.21/compute/v2.1/servers/f56e88f6-3a25-44d9-bdb1-cc4291169c9c 0.062s
2025-04-25 23:03:30.772 70334 INFO tempest.lib.common.rest_client [req-962ad001-d9bd-4584-91ff-6c5c5623b32b req-962ad001-d9bd-4584-91ff-6c5c5623b32b ] Request (VolumesNegativeTest:tearDownClass): 204 DELETE http://10.180.1.21/identity/v3/projects/7cd48363507440b4a31ccbcfbab4878c 0.070s
2025-04-25 23:03:30.814 70344 INFO tempest.lib.common.rest_client [req-ef0e324e-9178-4af0-ad6f-31e3b6d57fd5 req-ef0e324e-9178-4af0-ad6f-31e3b6d57fd5 ] Request (VolumesAdminNegativeTest:test_update_attached_volume_with_nonexistent_volume_in_uri): 200 GET http://10.180.1.21/compute/v2.1/servers/738d52c6-0368-434f-a14f-05b47ca865e3 0.065s
2025-04-25 23:03:30.842 70312 INFO tempest.lib.common.rest_client [req-780ad40f-fe96-4b1f-859e-b47439126274 req-780ad40f-fe96-4b1f-859e-b47439126274 ] Request (ImagesOneServerTestJSON:tearDownClass): 200 PUT http://10.180.1.21:9696/networking/v2.0/routers/2e7a3159-4ed0-47e3-b504-28ddddca5b9a/remove_router_interface 0.999s
2025-04-25 23:03:30.856 70314 INFO tempest.lib.common.rest_client [req-2e39d305-c11b-4f9b-88f7-eeabb591737f req-2e39d305-c11b-4f9b-88f7-eeabb591737f ] Request (MigrationsAdminTest:test_list_migrations_in_flavor_resize_situation): 200 GET http://10.180.1.21/compute/v2.1/servers/4b5750d4-98ec-4c70-b214-fad97060b606 0.151s
2025-04-25 23:03:30.882 70302 INFO tempest.lib.common.rest_client [req-c73f053e-7dd6-4db3-bbfa-15a3238dfce2 req-c73f053e-7dd6-4db3-bbfa-15a3238dfce2 ] Request (ServerGroupTestJSON:test_create_server_with_scheduler_hint_group): 200 GET http://10.180.1.21/compute/v2.1/servers/36f15b0a-d57f-49d8-9510-1036e889a438 0.119s
2025-04-25 23:03:30.930 70358 INFO tempest.lib.common.rest_client [req-8fb2014b-378a-4be4-a4e5-164a48a58b41 req-8fb2014b-378a-4be4-a4e5-164a48a58b41 ] Request (AttachInterfacesV270Test:tearDownClass): 200 GET http://10.180.1.21/compute/v2.1/servers/19036f6f-2ee3-4ea5-82fa-b510bf903922 0.117s
2025-04-25 23:03:30.944 70348 INFO tempest.lib.common.rest_client [req-0723806d-640b-49d4-9728-314dfeaedeca req-0723806d-640b-49d4-9728-314dfeaedeca ] Request (MultipleCreateTestJSON:test_multiple_create): 200 GET http://10.180.1.21/compute/v2.1/servers/48efbd17-ff4e-426a-a135-f43cae8c97d0 0.113s
2025-04-25 23:03:30.990 70324 INFO tempest.lib.common.rest_client [req-ddaa0714-0fe8-4cf3-a831-bf4ae3d9f063 req-ddaa0714-0fe8-4cf3-a831-bf4ae3d9f063 ] Request (ServersWithSpecificFlavorTestJSON:test_verify_created_server_ephemeral_disk): 200 GET http://10.180.1.21/compute/v2.1/servers/f16d60a4-5f80-4f41-b994-068de48775ad 0.135s
2025-04-25 23:03:31.001 70308 INFO tempest.lib.common.rest_client [req-937f072e-f71f-4d46-a0dd-fb4cce5b7a15 req-937f072e-f71f-4d46-a0dd-fb4cce5b7a15 ] Request (ServerDiagnosticsTest:test_get_server_diagnostics): 200 GET http://10.180.1.21/compute/v2.1/servers/ae91adc5-b3a4-4503-91f2-d803eaefedc5 0.105s
2025-04-25 23:03:31.049 70298 INFO tempest.lib.common.rest_client [req-18729bbb-6744-46e6-a264-1835ba83a960 req-18729bbb-6744-46e6-a264-1835ba83a960 ] Request (ServersTestMultiNic:test_verify_duplicate_network_nics): 200 GET http://10.180.1.21/compute/v2.1/servers/0add6226-3b90-4991-8f2b-81c35e72a7df 0.108s
2025-04-25 23:03:31.080 70330 INFO tempest.lib.common.rest_client [req-7f36f32e-df92-4d65-81b8-46879ac7259f req-7f36f32e-df92-4d65-81b8-46879ac7259f ] Request (ServersV294TestFqdnHostnames:tearDownClass): 200 GET http://10.180.1.21/compute/v2.1/servers/3501a6fc-f090-4098-8f63-57a97bd61f1b 0.103s
2025-04-25 23:03:31.111 70356 INFO tempest.lib.common.rest_client [req-5c5a252b-2e16-4408-8233-77c2d307f157 req-5c5a252b-2e16-4408-8233-77c2d307f157 ] Request (ServerActionsV293TestJSON:setUpClass): 200 GET http://10.180.1.21/compute/v2.1/servers/6f2bc97b-0f0a-4f16-b41c-7af96130783f 0.115s
2025-04-25 23:03:31.137 70310 INFO tempest.lib.common.rest_client [req-86b4a90c-e413-443f-97dd-73403ac97e55 req-86b4a90c-e413-443f-97dd-73403ac97e55 ] Request (ServersNegativeTestJSON:setUpClass): 200 GET http://10.180.1.21/compute/v2.1/servers/2198e7f8-5458-4b97-abb3-0a3c932cebc2 0.107s
2025-04-25 23:03:31.180 70316 INFO tempest.lib.common.rest_client [req-9db7d593-1549-4d72-a4e3-1e9dd0705390 req-9db7d593-1549-4d72-a4e3-1e9dd0705390 ] Request (ImagesNegativeTestJSON:test_create_image_from_deleted_server): 200 GET http://10.180.1.21/compute/v2.1/servers/6c36df58-3ab3-4595-b89c-9ab5a4664eec 0.089s
2025-04-25 23:03:31.238 70340 INFO tempest.lib.common.rest_client [req-3eb57c61-f966-4bc6-9249-d97607d6f3ab req-3eb57c61-f966-4bc6-9249-d97607d6f3ab ] Request (TenantUsagesTestJSON:setUpClass): 200 GET http://10.180.1.21/compute/v2.1/servers/b99195a6-866e-4142-970a-42a0564889ef 0.088s
2025-04-25 23:03:31.262 70322 INFO tempest.lib.common.rest_client [req-8d1858b4-18a5-4341-a114-32f683a12f9b req-8d1858b4-18a5-4341-a114-32f683a12f9b ] Request (ServersTestJSON:setUpClass): 200 GET http://10.180.1.21/compute/v2.1/servers/8f7e4e69-0796-469f-8a2b-4e19fbf15ed3 0.125s
2025-04-25 23:03:31.293 70304 INFO tempest.lib.common.rest_client [req-257d004b-42b8-46a2-85c0-664df23e60ca req-257d004b-42b8-46a2-85c0-664df23e60ca ] Request (ServersTestJSON:test_create_server_with_ipv6_addr_only): 200 GET http://10.180.1.21/compute/v2.1/servers/f7a42358-f26a-4651-a929-d3836f050648 0.101s
2025-04-25 23:03:31.308 70346 INFO tempest.lib.common.rest_client [req-9c0fa853-ca96-4023-944e-2727ac07b143 req-9c0fa853-ca96-4023-944e-2727ac07b143 ] Request (ServersAdminTestJSON:test_inject_network_info): 200 GET http://10.180.1.21/compute/v2.1/servers/55c20886-ae10-4326-a9de-f8577f320a99 0.089s
2025-04-25 23:03:31.355 70336 INFO tempest.lib.common.rest_client [req-875da99a-56eb-4407-bef0-6c2d961499fb req-875da99a-56eb-4407-bef0-6c2d961499fb ] Request (SecurityGroupsTestJSON:test_list_security_groups_by_server): 200 GET http://10.180.1.21/compute/v2.1/servers/c9ce57f3-f9a2-40aa-b7eb-403840c34304 0.123s
2025-04-25 23:03:31.358 70326 INFO tempest.lib.common.rest_client [req-f090c8da-7e94-4257-b253-4dbe67a55ed2 req-f090c8da-7e94-4257-b253-4dbe67a55ed2 ] Request (ImagesOneServerNegativeTestJSON:_run_cleanups): 200 GET http://10.180.1.21/compute/v2.1/servers/29d41731-4ae2-4cc4-bfda-b7356922c8ff 0.077s
2025-04-25 23:03:31.386 70312 INFO tempest.lib.common.rest_client [req-2b7178a6-0bb4-4a83-8621-9d635ac59049 req-2b7178a6-0bb4-4a83-8621-9d635ac59049 ] Request (ImagesOneServerTestJSON:tearDownClass): 204 DELETE http://10.180.1.21:9696/networking/v2.0/routers/2e7a3159-4ed0-47e3-b504-28ddddca5b9a 0.544s
2025-04-25 23:03:31.409 70352 INFO paramiko.transport [-] Connected (version 2.0, client dropbear_2020.81)
2025-04-25 23:03:31.429 70318 INFO tempest.lib.common.rest_client [req-51899e33-333c-4eab-85d3-177ec3d37d88 req-51899e33-333c-4eab-85d3-177ec3d37d88 ] Request (ServersListShow2100Test:tearDownClass): 200 GET http://10.180.1.21/compute/v2.1/servers/61bea079-9731-48d1-b472-b30226a0b5a1 0.110s
2025-04-25 23:03:31.472 70352 INFO paramiko.transport [-] Authentication (publickey) successful!
2025-04-25 23:03:31.473 70352 INFO tempest.lib.common.ssh [-] ssh connection to cirros@10.180.180.133 successfully created
2025-04-25 23:03:31.504 70352 INFO tempest.lib.common.rest_client [req-7a277058-b4a0-482f-9860-5bba47f058fb req-7a277058-b4a0-482f-9860-5bba47f058fb ] Request (AttachVolumeTestJSON:test_attach_detach_volume): 200 GET http://10.180.1.21/compute/v2.1/servers/08ce6bc8-30fe-4c63-80e1-26c84ae75702/ips 0.031s
2025-04-25 23:03:31.509 70352 INFO tempest.lib.common.ssh [-] Creating ssh connection to '10.180.180.133:22' as 'cirros' with public key authentication
2025-04-25 23:03:31.512 70352 INFO paramiko.transport [-] Connected (version 2.0, client dropbear_2020.81)
2025-04-25 23:03:31.517 70312 INFO tempest.lib.common.rest_client [req-d8c5c4ed-8bbe-4ec0-8b61-bb0aed3c3ae2 req-d8c5c4ed-8bbe-4ec0-8b61-bb0aed3c3ae2 ] Request (ImagesOneServerTestJSON:tearDownClass): 204 DELETE http://10.180.1.21:9696/networking/v2.0/subnets/2b899be7-a76b-46c4-ab5f-93028031aa30 0.130s
2025-04-25 23:03:31.593 70320 INFO tempest.lib.common.rest_client [req-e114cc97-7adc-4546-ad1b-1dd2b81f4bbc req-e114cc97-7adc-4546-ad1b-1dd2b81f4bbc ] Request (ServersAdminNegativeTestJSON:test_migrate_server_invalid_state): 200 GET http://10.180.1.21/compute/v2.1/servers/38839949-c717-4f0b-97a7-108d87417b88 0.073s
2025-04-25 23:03:31.611 70352 INFO paramiko.transport [-] Authentication (publickey) successful!
2025-04-25 23:03:31.611 70352 INFO tempest.lib.common.ssh [-] ssh connection to cirros@10.180.180.133 successfully created
2025-04-25 23:03:31.612 70352 INFO tempest.lib.common.ssh [-] Creating ssh connection to '10.180.180.133:22' as 'cirros' with public key authentication
2025-04-25 23:03:31.614 70352 INFO paramiko.transport [-] Connected (version 2.0, client dropbear_2020.81)
2025-04-25 23:03:31.640 70328 INFO tempest.lib.common.rest_client [req-0f940692-271c-40ce-b404-a150fe5aa036 req-0f940692-271c-40ce-b404-a150fe5aa036 ] Request (FloatingIPsAssociationTestJSON:tearDownClass): 200 GET http://10.180.1.21/compute/v2.1/servers/d601179a-df77-4f2e-b8df-9185b8a485e3 0.086s
2025-04-25 23:03:31.652 70296 INFO tempest.lib.common.rest_client [req-a601f338-8165-44ac-9ab3-1918ac73058c req-a601f338-8165-44ac-9ab3-1918ac73058c ] Request (DeleteServersTestJSON:test_delete_server_while_in_attached_volume): 200 GET http://10.180.1.21/compute/v2.1/servers/c08166c5-2c31-4d40-a61c-c541924eb49c 0.074s
2025-04-25 23:03:31.676 70352 INFO paramiko.transport [-] Authentication (publickey) successful!
2025-04-25 23:03:31.678 70352 INFO tempest.lib.common.ssh [-] ssh connection to cirros@10.180.180.133 successfully created
2025-04-25 23:03:31.787 70354 INFO tempest.lib.common.rest_client [req-269b38f7-4930-4290-91b9-148f5a810599 req-269b38f7-4930-4290-91b9-148f5a810599 ] Request (ServersAaction247Test:tearDownClass): 200 GET http://10.180.1.21/compute/v2.1/servers/a09db142-60d1-4a62-8e76-1e2e3676124f 0.076s
2025-04-25 23:03:31.821 70300 INFO tempest.lib.common.rest_client [req-e90ca88f-9280-4816-a43b-9c3e286eeafc req-e90ca88f-9280-4816-a43b-9c3e286eeafc ] Request (ImagesTestJSON:test_create_server_from_snapshot): 200 GET http://10.180.1.21/compute/v2.1/servers/f56e88f6-3a25-44d9-bdb1-cc4291169c9c 0.059s
2025-04-25 23:03:31.825 70312 INFO tempest.lib.common.rest_client [req-089611f6-f03d-4d45-accc-77cd94a87305 req-089611f6-f03d-4d45-accc-77cd94a87305 ] Request (ImagesOneServerTestJSON:tearDownClass): 204 DELETE http://10.180.1.21:9696/networking/v2.0/networks/b9cd5a16-4e28-4b20-983f-20891a232625 0.308s
2025-04-25 23:03:31.826 70352 INFO tempest.lib.common.rest_client [req-45887405-66b4-4c84-86d0-1ee0bbfeb201 req-45887405-66b4-4c84-86d0-1ee0bbfeb201 ] Request (AttachVolumeTestJSON:test_attach_detach_volume): 202 POST http://10.180.1.21/volume/v3/volumes 0.142s
2025-04-25 23:03:31.870 70352 INFO tempest.lib.common.rest_client [req-511d0c06-61f1-4764-99ac-e53d21b06cc9 req-511d0c06-61f1-4764-99ac-e53d21b06cc9 ] Request (AttachVolumeTestJSON:test_attach_detach_volume): 200 GET http://10.180.1.21/volume/v3/volumes/d8414132-451b-4d65-a184-bdc8c5deb6c9 0.029s
2025-04-25 23:03:31.879 70344 INFO tempest.lib.common.rest_client [req-7e74c5c1-566c-4e68-9f30-7be1ae70f246 req-7e74c5c1-566c-4e68-9f30-7be1ae70f246 ] Request (VolumesAdminNegativeTest:test_update_attached_volume_with_nonexistent_volume_in_uri): 200 GET http://10.180.1.21/compute/v2.1/servers/738d52c6-0368-434f-a14f-05b47ca865e3 0.054s
2025-04-25 23:03:31.951 70312 INFO tempest.lib.common.rest_client [req-ecf4ca7e-c196-4a19-bd96-4ec4242c6864 req-ecf4ca7e-c196-4a19-bd96-4ec4242c6864 ] Request (ImagesOneServerTestJSON:tearDownClass): 204 DELETE http://10.180.1.21/identity/v3/users/585b37191dc04f67b47b69bff0203b42 0.125s
2025-04-25 23:03:31.951 70312 INFO tempest.lib.common.dynamic_creds [-] Deleting project and security group for project: 8444a0cca1194f8e9e190e02a82e9556
2025-04-25 23:03:31.965 70302 INFO tempest.lib.common.rest_client [req-2673278a-c7c8-4b06-87c7-4aa964da6d82 req-2673278a-c7c8-4b06-87c7-4aa964da6d82 ] Request (ServerGroupTestJSON:test_create_server_with_scheduler_hint_group): 200 GET http://10.180.1.21/compute/v2.1/servers/36f15b0a-d57f-49d8-9510-1036e889a438 0.062s
2025-04-25 23:03:31.969 70314 INFO tempest.lib.common.rest_client [req-391bf583-6c78-48fa-9967-f211f04284f0 req-391bf583-6c78-48fa-9967-f211f04284f0 ] Request (MigrationsAdminTest:test_list_migrations_in_flavor_resize_situation): 200 GET http://10.180.1.21/compute/v2.1/servers/4b5750d4-98ec-4c70-b214-fad97060b606 0.105s
2025-04-25 23:03:31.986 70312 INFO tempest.lib.common.rest_client [req-3de5c0af-2060-4cbb-8f0a-2fde0ef4870e req-3de5c0af-2060-4cbb-8f0a-2fde0ef4870e ] Request (ImagesOneServerTestJSON:tearDownClass): 200 GET http://10.180.1.21:9696/networking/v2.0/security-groups?tenant_id=8444a0cca1194f8e9e190e02a82e9556&name=default 0.035s
2025-04-25 23:03:32.019 70348 INFO tempest.lib.common.rest_client [req-aed2c0ca-097c-4d63-9ff3-c408c75a761c req-aed2c0ca-097c-4d63-9ff3-c408c75a761c ] Request (MultipleCreateTestJSON:test_multiple_create): 200 GET http://10.180.1.21/compute/v2.1/servers/48efbd17-ff4e-426a-a135-f43cae8c97d0 0.067s
2025-04-25 23:03:32.036 70358 INFO tempest.lib.common.rest_client [req-6e8d82c9-393e-4fd1-b47d-6973ce6caf75 req-6e8d82c9-393e-4fd1-b47d-6973ce6caf75 ] Request (AttachInterfacesV270Test:tearDownClass): 200 GET http://10.180.1.21/compute/v2.1/servers/19036f6f-2ee3-4ea5-82fa-b510bf903922 0.095s
2025-04-25 23:03:32.069 70312 INFO tempest.lib.common.rest_client [req-863af3ff-0b56-44e3-8b0d-b201c2e30987 req-863af3ff-0b56-44e3-8b0d-b201c2e30987 ] Request (ImagesOneServerTestJSON:tearDownClass): 204 DELETE http://10.180.1.21:9696/networking/v2.0/security-groups/d189cef5-279a-45d3-a52a-a0fb084ee3fa 0.082s
2025-04-25 23:03:32.073 70324 INFO tempest.lib.common.rest_client [req-7f724378-83dd-40fc-aa71-402423bc3eff req-7f724378-83dd-40fc-aa71-402423bc3eff ] Request (ServersWithSpecificFlavorTestJSON:test_verify_created_server_ephemeral_disk): 200 GET http://10.180.1.21/compute/v2.1/servers/f16d60a4-5f80-4f41-b994-068de48775ad 0.066s
2025-04-25 23:03:32.088 70308 INFO tempest.lib.common.rest_client [req-4e895796-88ed-415f-96ed-4d9986428cbf req-4e895796-88ed-415f-96ed-4d9986428cbf ] Request (ServerDiagnosticsTest:test_get_server_diagnostics): 200 GET http://10.180.1.21/compute/v2.1/servers/ae91adc5-b3a4-4503-91f2-d803eaefedc5 0.076s
2025-04-25 23:03:32.121 70298 INFO tempest.lib.common.rest_client [req-80e0c8d1-3d55-4ee4-af9d-f9d72de94543 req-80e0c8d1-3d55-4ee4-af9d-f9d72de94543 ] Request (ServersTestMultiNic:test_verify_duplicate_network_nics): 200 GET http://10.180.1.21/compute/v2.1/servers/0add6226-3b90-4991-8f2b-81c35e72a7df 0.061s
2025-04-25 23:03:32.170 70330 INFO tempest.lib.common.rest_client [req-7eba5fa9-4f84-498f-a018-6477f0436b9c req-7eba5fa9-4f84-498f-a018-6477f0436b9c ] Request (ServersV294TestFqdnHostnames:tearDownClass): 200 GET http://10.180.1.21/compute/v2.1/servers/3501a6fc-f090-4098-8f63-57a97bd61f1b 0.076s
2025-04-25 23:03:32.171 70312 INFO tempest.lib.common.rest_client [req-56ab908b-f8e8-4859-8e41-8a31cd9eada4 req-56ab908b-f8e8-4859-8e41-8a31cd9eada4 ] Request (ImagesOneServerTestJSON:tearDownClass): 204 DELETE http://10.180.1.21/identity/v3/projects/8444a0cca1194f8e9e190e02a82e9556 0.101s
2025-04-25 23:03:32.188 70356 INFO tempest.lib.common.rest_client [req-5f39eece-8bc9-4b2b-8e08-6faaba5474f6 req-5f39eece-8bc9-4b2b-8e08-6faaba5474f6 ] Request (ServerActionsV293TestJSON:setUpClass): 200 GET http://10.180.1.21/compute/v2.1/servers/6f2bc97b-0f0a-4f16-b41c-7af96130783f 0.065s
2025-04-25 23:03:32.219 70338 WARNING tempest.lib.common.ssh [-] Failed to establish authenticated ssh connection to cirros@10.180.180.238 ([Errno None] Unable to connect to port 22 on 10.180.180.238). Number attempts: 5. Retry after 6 seconds.: paramiko.ssh_exception.NoValidConnectionsError: [Errno None] Unable to connect to port 22 on 10.180.180.238
2025-04-25 23:03:32.221 70310 INFO tempest.lib.common.rest_client [req-05fc1776-8fff-4781-8c87-f188907b8e35 req-05fc1776-8fff-4781-8c87-f188907b8e35 ] Request (ServersNegativeTestJSON:setUpClass): 200 GET http://10.180.1.21/compute/v2.1/servers/2198e7f8-5458-4b97-abb3-0a3c932cebc2 0.066s
2025-04-25 23:03:32.248 70312 INFO tempest.lib.common.rest_client [req-7721fa1d-dd40-4ead-af5e-a059a2d23cd3 req-7721fa1d-dd40-4ead-af5e-a059a2d23cd3 ] Request (AttachVolumeNegativeTest:setUpClass): 201 POST http://10.180.1.21/identity/v3/auth/tokens 0.074s
2025-04-25 23:03:32.253 70316 INFO tempest.lib.common.rest_client [req-ea7166cf-ac5b-4654-956a-98c3da61869b req-ea7166cf-ac5b-4654-956a-98c3da61869b ] Request (ImagesNegativeTestJSON:test_create_image_from_deleted_server): 200 GET http://10.180.1.21/compute/v2.1/servers/6c36df58-3ab3-4595-b89c-9ab5a4664eec 0.063s
2025-04-25 23:03:32.278 70312 INFO tempest.lib.common.rest_client [req-b816db1d-c42f-41e2-a195-63938b05d360 req-b816db1d-c42f-41e2-a195-63938b05d360 ] Request (AttachVolumeNegativeTest:setUpClass): 201 POST http://10.180.1.21/identity/v3/auth/tokens 0.028s
2025-04-25 23:03:32.303 70312 INFO tempest.lib.common.rest_client [req-5ae34c6b-26ed-4ee8-b79d-20b00ac72c37 req-5ae34c6b-26ed-4ee8-b79d-20b00ac72c37 ] Request (AttachVolumeNegativeTest:setUpClass): 200 GET http://10.180.1.21/identity/v3/domains?name=Default 0.024s
2025-04-25 23:03:32.304 70340 INFO tempest.lib.common.rest_client [req-2a386612-ef97-4c47-9cb1-9b060d5261f2 req-2a386612-ef97-4c47-9cb1-9b060d5261f2 ] Request (TenantUsagesTestJSON:setUpClass): 200 GET http://10.180.1.21/compute/v2.1/servers/b99195a6-866e-4142-970a-42a0564889ef 0.057s
2025-04-25 23:03:32.333 70312 INFO tempest.lib.common.rest_client [req-9f789aff-f6fb-45c5-ada9-0f640e2e77ec req-9f789aff-f6fb-45c5-ada9-0f640e2e77ec ] Request (AttachVolumeNegativeTest:setUpClass): 201 POST http://10.180.1.21/identity/v3/projects 0.029s
2025-04-25 23:03:32.355 70304 INFO tempest.lib.common.rest_client [req-a0e62783-518f-433b-88e9-55c0c8a0b04f req-a0e62783-518f-433b-88e9-55c0c8a0b04f ] Request (ServersTestJSON:test_create_server_with_ipv6_addr_only): 200 GET http://10.180.1.21/compute/v2.1/servers/f7a42358-f26a-4651-a929-d3836f050648 0.055s
2025-04-25 23:03:32.389 70312 INFO tempest.lib.common.rest_client [req-35de3e92-0b54-4faf-ad15-8436c3346491 req-35de3e92-0b54-4faf-ad15-8436c3346491 ] Request (AttachVolumeNegativeTest:setUpClass): 201 POST http://10.180.1.21/identity/v3/users 0.056s
2025-04-25 23:03:32.402 70346 INFO tempest.lib.common.rest_client [req-8760fe5f-2259-4770-905b-a2d1e52b65b0 req-8760fe5f-2259-4770-905b-a2d1e52b65b0 ] Request (ServersAdminTestJSON:test_inject_network_info): 200 GET http://10.180.1.21/compute/v2.1/servers/55c20886-ae10-4326-a9de-f8577f320a99 0.085s
2025-04-25 23:03:32.410 70312 INFO tempest.lib.common.rest_client [req-ca4561ca-a099-485f-a204-f0d28b127962 req-ca4561ca-a099-485f-a204-f0d28b127962 ] Request (AttachVolumeNegativeTest:setUpClass): 200 GET http://10.180.1.21/identity/v3/roles 0.020s
2025-04-25 23:03:32.418 70322 INFO tempest.lib.common.rest_client [req-7362902b-5a76-4ddb-b09c-2eb10ec2780a req-7362902b-5a76-4ddb-b09c-2eb10ec2780a ] Request (ServersTestJSON:setUpClass): 200 GET http://10.180.1.21/compute/v2.1/servers/8f7e4e69-0796-469f-8a2b-4e19fbf15ed3 0.143s
2025-04-25 23:03:32.438 70312 INFO tempest.lib.common.rest_client [req-60ef9e6c-83fd-4467-b173-ad73e5aee8af req-60ef9e6c-83fd-4467-b173-ad73e5aee8af ] Request (AttachVolumeNegativeTest:setUpClass): 204 PUT http://10.180.1.21/identity/v3/projects/16f59a8f930846ec9299416b9ec5dd48/users/33279b0a8dc848ceb443776f840845c3/roles/295d2933538e4df792ec78734f1c3f38 0.027s
2025-04-25 23:03:32.438 70312 INFO tempest.lib.common.dynamic_creds [-] Dynamic test user 33279b0a8dc848ceb443776f840845c3 is created with scope project and roles: ['member']
2025-04-25 23:03:32.438 70312 INFO tempest.lib.common.dynamic_creds [-] Acquired dynamic creds: credentials: Credentials: {'domain_id': 'default', 'domain_name': 'Default', 'username': 'tempest-AttachVolumeNegativeTest-680083968-project-member', 'project_domain_id': 'default', 'project_domain_name': 'Default', 'project_id': '16f59a8f930846ec9299416b9ec5dd48', 'project_name': 'tempest-AttachVolumeNegativeTest-680083968', 'tenant_id': '16f59a8f930846ec9299416b9ec5dd48', 'tenant_name': 'tempest-AttachVolumeNegativeTest-680083968', 'user_domain_id': 'default', 'user_domain_name': 'Default', 'user_id': '33279b0a8dc848ceb443776f840845c3', 'system': None}, Network: None, Subnet: None, Router: None
2025-04-25 23:03:32.451 70336 INFO tempest.lib.common.rest_client [req-dd46ca09-607b-4d3c-a8e4-723bb5a92353 req-dd46ca09-607b-4d3c-a8e4-723bb5a92353 ] Request (SecurityGroupsTestJSON:test_list_security_groups_by_server): 200 GET http://10.180.1.21/compute/v2.1/servers/c9ce57f3-f9a2-40aa-b7eb-403840c34304 0.087s
2025-04-25 23:03:32.464 70326 INFO tempest.lib.common.rest_client [req-1c2c0a6c-e783-4053-9a2a-6f7d1f881f73 req-1c2c0a6c-e783-4053-9a2a-6f7d1f881f73 ] Request (ImagesOneServerNegativeTestJSON:_run_cleanups): 200 GET http://10.180.1.21/compute/v2.1/servers/29d41731-4ae2-4cc4-bfda-b7356922c8ff 0.094s
2025-04-25 23:03:32.498 70312 INFO tempest.lib.common.rest_client [req-93615f8f-5299-43fb-bd03-7cd1b1190ff6 req-93615f8f-5299-43fb-bd03-7cd1b1190ff6 ] Request (AttachVolumeNegativeTest:setUpClass): 201 POST http://10.180.1.21/identity/v3/auth/tokens 0.059s
2025-04-25 23:03:32.522 70318 INFO tempest.lib.common.rest_client [req-23d88776-6352-4223-9572-cf3ce3d63eba req-23d88776-6352-4223-9572-cf3ce3d63eba ] Request (ServersListShow2100Test:tearDownClass): 200 GET http://10.180.1.21/compute/v2.1/servers/61bea079-9731-48d1-b472-b30226a0b5a1 0.079s
2025-04-25 23:03:32.657 70320 INFO tempest.lib.common.rest_client [req-41d3318b-3407-487d-9ca6-e7372789264a req-41d3318b-3407-487d-9ca6-e7372789264a ] Request (ServersAdminNegativeTestJSON:test_migrate_server_invalid_state): 200 GET http://10.180.1.21/compute/v2.1/servers/38839949-c717-4f0b-97a7-108d87417b88 0.054s
2025-04-25 23:03:32.718 70296 INFO tempest.lib.common.rest_client [req-0af206a7-531c-4fe7-a0bf-ddbd6dec4bb9 req-0af206a7-531c-4fe7-a0bf-ddbd6dec4bb9 ] Request (DeleteServersTestJSON:test_delete_server_while_in_attached_volume): 200 GET http://10.180.1.21/compute/v2.1/servers/c08166c5-2c31-4d40-a61c-c541924eb49c 0.055s
2025-04-25 23:03:32.726 70328 INFO tempest.lib.common.rest_client [req-7296b1dd-95ae-42bf-b351-31b3b5dd0734 req-7296b1dd-95ae-42bf-b351-31b3b5dd0734 ] Request (FloatingIPsAssociationTestJSON:tearDownClass): 200 GET http://10.180.1.21/compute/v2.1/servers/d601179a-df77-4f2e-b8df-9185b8a485e3 0.074s
2025-04-25 23:03:32.735 70312 INFO tempest.lib.common.rest_client [req-9197cffc-a886-4e56-b404-336b0315cc85 req-9197cffc-a886-4e56-b404-336b0315cc85 ] Request (AttachVolumeNegativeTest:setUpClass): 201 POST http://10.180.1.21:9696/networking/v2.0/networks 0.237s
2025-04-25 23:03:32.763 70306 WARNING tempest.lib.common.ssh [-] Failed to establish authenticated ssh connection to cirros@10.180.180.244 ([Errno None] Unable to connect to port 22 on 10.180.180.244). Number attempts: 12. Retry after 13 seconds.: paramiko.ssh_exception.NoValidConnectionsError: [Errno None] Unable to connect to port 22 on 10.180.180.244
2025-04-25 23:03:32.862 70354 INFO tempest.lib.common.rest_client [req-418f7e7d-0c58-41bc-898e-248c55598857 req-418f7e7d-0c58-41bc-898e-248c55598857 ] Request (ServersAaction247Test:tearDownClass): 200 GET http://10.180.1.21/compute/v2.1/servers/a09db142-60d1-4a62-8e76-1e2e3676124f 0.064s
2025-04-25 23:03:32.885 70312 INFO tempest.lib.common.rest_client [req-b5f2afaa-58da-4800-b356-374e4e9dbae8 req-b5f2afaa-58da-4800-b356-374e4e9dbae8 ] Request (AttachVolumeNegativeTest:setUpClass): 201 POST http://10.180.1.21:9696/networking/v2.0/subnets 0.149s
2025-04-25 23:03:32.886 70300 INFO tempest.lib.common.rest_client [req-c9d90f79-e80d-44ce-bc7f-95aa300cfb13 req-c9d90f79-e80d-44ce-bc7f-95aa300cfb13 ] Request (ImagesTestJSON:test_create_server_from_snapshot): 200 GET http://10.180.1.21/compute/v2.1/servers/f56e88f6-3a25-44d9-bdb1-cc4291169c9c 0.052s
2025-04-25 23:03:32.905 70352 INFO tempest.lib.common.rest_client [req-d0d06c2c-530f-45c6-843e-ac8233422da0 req-d0d06c2c-530f-45c6-843e-ac8233422da0 ] Request (AttachVolumeTestJSON:test_attach_detach_volume): 200 GET http://10.180.1.21/volume/v3/volumes/d8414132-451b-4d65-a184-bdc8c5deb6c9 0.026s
2025-04-25 23:03:32.912 70352 INFO tempest.common.waiters [-] volume d8414132-451b-4d65-a184-bdc8c5deb6c9 reached available after waiting for 1.912187 seconds
2025-04-25 23:03:32.938 70344 INFO tempest.lib.common.rest_client [req-c899439a-98b3-4768-aa5d-80f4c794a2c4 req-c899439a-98b3-4768-aa5d-80f4c794a2c4 ] Request (VolumesAdminNegativeTest:test_update_attached_volume_with_nonexistent_volume_in_uri): 200 GET http://10.180.1.21/compute/v2.1/servers/738d52c6-0368-434f-a14f-05b47ca865e3 0.051s
2025-04-25 23:03:33.031 70302 INFO tempest.lib.common.rest_client [req-8690502b-8b6f-4c41-a5d2-bb1ed44c1ff8 req-8690502b-8b6f-4c41-a5d2-bb1ed44c1ff8 ] Request (ServerGroupTestJSON:test_create_server_with_scheduler_hint_group): 200 GET http://10.180.1.21/compute/v2.1/servers/36f15b0a-d57f-49d8-9510-1036e889a438 0.056s
2025-04-25 23:03:33.115 70314 INFO tempest.lib.common.rest_client [req-bf76de56-4d86-46d6-92ea-3170ec9e456c req-bf76de56-4d86-46d6-92ea-3170ec9e456c ] Request (MigrationsAdminTest:test_list_migrations_in_flavor_resize_situation): 200 GET http://10.180.1.21/compute/v2.1/servers/4b5750d4-98ec-4c70-b214-fad97060b606 0.136s
2025-04-25 23:03:33.162 70348 INFO tempest.lib.common.rest_client [req-727ddfa5-d73a-44b7-8069-ef5180df6f8c req-727ddfa5-d73a-44b7-8069-ef5180df6f8c ] Request (MultipleCreateTestJSON:test_multiple_create): 200 GET http://10.180.1.21/compute/v2.1/servers/48efbd17-ff4e-426a-a135-f43cae8c97d0 0.134s
