2025-04-25 23:02:10.510 70304 INFO tempest.lib.common.rest_client [req-9cba8c98-be46-4564-8e39-e2f07da5c2a8 req-9cba8c98-be46-4564-8e39-e2f07da5c2a8 ] Request (ServersTestJSON:setUpClass): 201 POST http://10.180.1.21/identity/v3/auth/tokens 0.163s
2025-04-25 23:02:10.514 70318 INFO tempest.lib.common.rest_client [req-c53930a5-2f36-487b-9ce4-d4d8a3cce20d req-c53930a5-2f36-487b-9ce4-d4d8a3cce20d ] Request (ServersListShow2100Test:setUpClass): 204 PUT http://10.180.1.21/identity/v3/projects/9ab619bd27bb4b7db48d604ad2a9da1d/users/89b90cb7ce4741679ee03aba35d8b64a/roles/295d2933538e4df792ec78734f1c3f38 0.032s
2025-04-25 23:02:10.514 70318 INFO tempest.lib.common.dynamic_creds [-] Dynamic test user 89b90cb7ce4741679ee03aba35d8b64a is created with scope project and roles: ['member']
2025-04-25 23:02:10.514 70318 INFO tempest.lib.common.dynamic_creds [-] Acquired dynamic creds: credentials: Credentials: {'domain_id': 'default', 'domain_name': 'Default', 'username': 'tempest-ServersListShow2100Test-971081473-project-member', 'project_domain_id': 'default', 'project_domain_name': 'Default', 'project_id': '9ab619bd27bb4b7db48d604ad2a9da1d', 'project_name': 'tempest-ServersListShow2100Test-971081473', 'tenant_id': '9ab619bd27bb4b7db48d604ad2a9da1d', 'tenant_name': 'tempest-ServersListShow2100Test-971081473', 'user_domain_id': 'default', 'user_domain_name': 'Default', 'user_id': '89b90cb7ce4741679ee03aba35d8b64a', 'system': None}, Network: None, Subnet: None, Router: None
2025-04-25 23:02:10.514 70318 INFO tempest.lib.common.dynamic_creds [-] Created isolated network resources for: credentials: Credentials: {'domain_id': 'default', 'domain_name': 'Default', 'username': 'tempest-ServersListShow2100Test-971081473-project-member', 'project_domain_id': 'default', 'project_domain_name': 'Default', 'project_id': '9ab619bd27bb4b7db48d604ad2a9da1d', 'project_name': 'tempest-ServersListShow2100Test-971081473', 'tenant_id': '9ab619bd27bb4b7db48d604ad2a9da1d', 'tenant_name': 'tempest-ServersListShow2100Test-971081473', 'user_domain_id': 'default', 'user_domain_name': 'Default', 'user_id': '89b90cb7ce4741679ee03aba35d8b64a', 'system': None}, Network: None, Subnet: None, Router: None
2025-04-25 23:02:10.534 70308 INFO tempest.lib.common.rest_client [req-6f554d62-8d55-4d47-bd12-1fffe283f014 req-6f554d62-8d55-4d47-bd12-1fffe283f014 ] Request (QuotasAdminNegativeTest:_run_cleanups): 200 PUT http://10.180.1.21/compute/v2.1/os-quota-sets/5f5f525a93a2431cbd91dd462f2fda71 1.168s
2025-04-25 23:02:10.553 70324 INFO tempest.lib.common.rest_client [req-6f949414-a5fe-4706-a790-abc7320acbdf req-6f949414-a5fe-4706-a790-abc7320acbdf ] Request (ServersWithSpecificFlavorTestJSON:test_verify_created_server_ephemeral_disk): 200 GET http://10.180.1.21/compute/v2.1/servers/301b30f6-9909-4fc9-8721-88a314e4edb4 1.091s
2025-04-25 23:02:10.567 70324 INFO tempest.common.waiters [-] State transition "BUILD/spawning" ==> "ACTIVE/None" after 34 second wait
2025-04-25 23:02:10.610 70304 INFO tempest.lib.common.rest_client [req-aded25e9-4508-47b7-afc3-787a3a7de5b9 req-aded25e9-4508-47b7-afc3-787a3a7de5b9 ] Request (ServersTestJSON:test_create_server_specify_multibyte_character_name): 201 POST http://10.180.1.21/identity/v3/auth/tokens 0.096s
2025-04-25 23:02:10.611 70304 INFO tempest.lib.common.fixed_network [-] (ServersTestJSON:test_create_server_specify_multibyte_character_name) Found network {'id': 'bff860aa-ea09-4260-84e8-d9ffd2c5bf4b', 'name': 'tempest-ServersTestJSON-1893681432-network', 'tenant_id': 'bd3733a000724aab9255cb498cecdfba', 'admin_state_up': True, 'mtu': 8950, 'status': 'ACTIVE', 'subnets': [], 'shared': False, 'project_id': 'bd3733a000724aab9255cb498cecdfba', 'port_security_enabled': True, 'router:external': False, 'provider:network_type': 'vlan', 'provider:physical_network': 'default', 'provider:segmentation_id': 250, 'availability_zone_hints': [], 'availability_zones': [], 'ipv4_address_scope': None, 'ipv6_address_scope': None, 'description': '', 'tags': [], 'created_at': '2025-04-25T23:02:07Z', 'updated_at': '2025-04-25T23:02:07Z', 'revision_number': 1} available for tenant
2025-04-25 23:02:10.644 70318 INFO tempest.lib.common.rest_client [req-5869c380-9030-4775-ba6f-5e539e04f244 req-5869c380-9030-4775-ba6f-5e539e04f244 ] Request (ServersListShow2100Test:setUpClass): 201 POST http://10.180.1.21/identity/v3/auth/tokens 0.126s
2025-04-25 23:02:10.658 70356 INFO tempest.lib.common.rest_client [req-b2ad42ab-c68d-4d33-8f9f-96dd1585ced5 req-b2ad42ab-c68d-4d33-8f9f-96dd1585ced5 ] Request (ServerActionsV293TestJSON:setUpClass): 200 GET http://10.180.1.21/volume/v3/volumes/b709f316-53b7-4e6a-a871-7ecc3270770e 0.048s
2025-04-25 23:02:10.697 70318 INFO tempest.lib.common.rest_client [req-85f23880-0f95-433a-b8e1-e5eff2b7899c req-85f23880-0f95-433a-b8e1-e5eff2b7899c ] Request (ServersListShow2100Test:test_list_show_rebuild_update_server_2100): 201 POST http://10.180.1.21/identity/v3/auth/tokens 0.047s
2025-04-25 23:02:10.697 70318 INFO tempest.lib.common.fixed_network [-] (ServersListShow2100Test:test_list_show_rebuild_update_server_2100) Found network None available for tenant
2025-04-25 23:02:10.800 70310 INFO tempest.lib.common.rest_client [req-98363c29-f4ff-429b-ba34-b7929b2caf7c req-98363c29-f4ff-429b-ba34-b7929b2caf7c ] Request (ServersTestFqdnHostnames:tearDownClass): 200 GET http://10.180.1.21/compute/v2.1/servers/79d98176-b566-4349-ad10-c2ea6fdbc657 1.197s
2025-04-25 23:02:10.834 70330 INFO tempest.lib.common.rest_client [req-875e32e7-0402-44f9-a46f-3dd178b0a9af req-875e32e7-0402-44f9-a46f-3dd178b0a9af ] Request (ServersV294TestFqdnHostnames:setUpClass): 200 GET http://10.180.1.21/compute/v2.1/servers/3501a6fc-f090-4098-8f63-57a97bd61f1b 1.362s
2025-04-25 23:02:10.855 70330 INFO tempest.api.compute.base [-] Attempting to verify tagged devices in server 3501a6fc-f090-4098-8f63-57a97bd61f1b via the metadata service: http://169.254.169.254/openstack/latest/meta_data.json
2025-04-25 23:02:10.855 70330 INFO tempest.lib.common.ssh [-] Creating ssh connection to '10.180.180.224:22' as 'cirros' with public key authentication
2025-04-25 23:02:10.865 70320 INFO tempest.lib.common.rest_client [req-f008e6f7-3148-4d4a-b9f9-b51c426b9298 req-f008e6f7-3148-4d4a-b9f9-b51c426b9298 ] Request (FlavorsAdminTestJSON:_run_cleanups): 200 GET http://10.180.1.21/compute/v2.1/flavors/detail 1.109s
2025-04-25 23:02:10.928 70346 INFO tempest.lib.common.rest_client [req-62a9ad13-b5ec-45d3-8123-eece0942f31c req-62a9ad13-b5ec-45d3-8123-eece0942f31c ] Request (ServersAdminTestJSON:test_create_server_with_scheduling_hint): 200 GET http://10.180.1.21/compute/v2.1/servers/0caa6acd-29d4-43ee-8b32-5149462dfc1c 1.127s
2025-04-25 23:02:10.931 70326 INFO tempest.lib.common.rest_client [req-26560d8c-bc8e-430d-b13e-5bc472042d44 req-26560d8c-bc8e-430d-b13e-5bc472042d44 ] Request (ImagesOneServerNegativeTestJSON:setUpClass): 200 GET http://10.180.1.21/compute/v2.1/servers/832a38c8-ed3a-460b-91bd-0138d2f2d03d 1.201s
2025-04-25 23:02:11.003 70350 INFO tempest.lib.common.rest_client [req-ad6a41db-119a-4a92-b9c6-4cdd9a98d5da req-ad6a41db-119a-4a92-b9c6-4cdd9a98d5da ] Request (ServerActionsTestJSON:setUpClass): 200 GET http://10.180.1.21/compute/v2.1/servers/8adadb2e-2a20-45b1-bed8-34e09df25f39 1.119s
2025-04-25 23:02:11.037 70320 INFO tempest.lib.common.rest_client [req-08c74e36-df31-4f46-acf3-6a872916ab8f req-08c74e36-df31-4f46-acf3-6a872916ab8f ] Request (FlavorsAdminTestJSON:tearDownClass): 204 DELETE http://10.180.1.21/identity/v3/users/56ebdee18c1f446fbf15a98acda5fc5a 0.161s
2025-04-25 23:02:11.153 70320 INFO tempest.lib.common.rest_client [req-17a398d9-887a-4e09-9347-76a73bc1a9bd req-17a398d9-887a-4e09-9347-76a73bc1a9bd ] Request (FlavorsAdminTestJSON:tearDownClass): 204 DELETE http://10.180.1.21/identity/v3/users/1d6dc1e302704cd5a2c54adb36a0b822 0.116s
2025-04-25 23:02:11.154 70320 INFO tempest.lib.common.dynamic_creds [-] Deleting project and security group for project: 1adb7c28e94b47cb93b06ce78be01146
2025-04-25 23:02:11.154 70302 INFO tempest.lib.common.rest_client [req-dd34629f-cb5b-4d79-a652-6d8a00f9a43a req-dd34629f-cb5b-4d79-a652-6d8a00f9a43a ] Request (InstanceActionsV221TestJSON:test_get_list_deleted_instance_actions): 200 GET http://10.180.1.21/compute/v2.1/servers/0f89d49e-d26c-4d5d-90d7-6f0bf3d67468 1.133s
2025-04-25 23:02:11.237 70320 INFO tempest.lib.common.rest_client [req-41853cd5-aa98-47b2-91cc-8d06fab995f2 req-41853cd5-aa98-47b2-91cc-8d06fab995f2 ] Request (FlavorsAdminTestJSON:tearDownClass): 201 POST http://10.180.1.21/identity/v3/auth/tokens 0.083s
2025-04-25 23:02:11.260 70344 INFO tempest.lib.common.rest_client [req-42297b6b-358e-4363-a426-32779684f1b4 req-42297b6b-358e-4363-a426-32779684f1b4 ] Request (VolumesAdminNegativeTest:test_update_attached_volume_with_nonexistent_volume_in_body): 400 PUT http://10.180.1.21/compute/v2.1/servers/1f95bfa8-bc97-4ed7-8c33-c00297430bf5/os-volume_attachments/e54a3dde-2eb6-4c6d-aea0-e0c46f4906bd 1.417s
2025-04-25 23:02:11.298 70344 INFO tempest.lib.common.rest_client [req-65899d02-5a0c-44cc-b6b2-dad1fc91031c req-65899d02-5a0c-44cc-b6b2-dad1fc91031c ] Request (VolumesAdminNegativeTest:_run_cleanups): 200 GET http://10.180.1.21/volume/v3/volumes/e54a3dde-2eb6-4c6d-aea0-e0c46f4906bd 0.037s
2025-04-25 23:02:11.337 70328 INFO tempest.lib.common.rest_client [req-d1b1ed07-a8f4-444a-bd5b-672921846d36 req-d1b1ed07-a8f4-444a-bd5b-672921846d36 ] Request (FloatingIPsAssociationTestJSON:test_associate_already_associated_floating_ip): 200 GET http://10.180.1.21/compute/v2.1/servers/50ce7a0c-aa80-4816-b84e-d8ff7b10fffb 1.249s
2025-04-25 23:02:11.350 70328 INFO tempest.common.waiters [-] State transition "BUILD/None" ==> "BUILD/networking" after 23 second wait
2025-04-25 23:02:11.496 70320 INFO tempest.lib.common.rest_client [req-79c6d5f4-1e89-4d98-8041-340459c75ff9 req-79c6d5f4-1e89-4d98-8041-340459c75ff9 ] Request (FlavorsAdminTestJSON:tearDownClass): 200 GET http://10.180.1.21:9696/networking/v2.0/security-groups?tenant_id=1adb7c28e94b47cb93b06ce78be01146&name=default 0.259s
2025-04-25 23:02:11.497 70322 INFO tempest.lib.common.rest_client [req-88922638-2d0e-4dbb-bf4a-5c51f5e75ccd req-88922638-2d0e-4dbb-bf4a-5c51f5e75ccd ] Request (SecurityGroupsNegativeTestJSON:tearDownClass): 200 PUT http://10.180.1.21:9696/networking/v2.0/routers/e65d03ea-dd76-4ad1-b0cb-16b5b8f0440c/remove_router_interface 1.190s
2025-04-25 23:02:11.659 70300 INFO tempest.lib.common.rest_client [req-6bfd9f8d-74a1-49a6-a04c-7c1c96a03a67 req-6bfd9f8d-74a1-49a6-a04c-7c1c96a03a67 ] Request (ImagesTestJSON:test_create_image_from_suspended_server): 200 GET http://10.180.1.21/compute/v2.1/servers/1c45f085-0eb5-4edc-b5aa-9d5c53aca1e0 1.563s
2025-04-25 23:02:11.694 70320 INFO tempest.lib.common.rest_client [req-3af8e6df-e244-4eb6-948e-f34b85620bc7 req-3af8e6df-e244-4eb6-948e-f34b85620bc7 ] Request (FlavorsAdminTestJSON:tearDownClass): 204 DELETE http://10.180.1.21:9696/networking/v2.0/security-groups/327c9d79-ecce-431f-8a15-b272aade13eb 0.197s
2025-04-25 23:02:11.710 70356 INFO tempest.lib.common.rest_client [req-e9935072-bff1-4893-b063-b62b6a191e73 req-e9935072-bff1-4893-b063-b62b6a191e73 ] Request (ServerActionsV293TestJSON:setUpClass): 200 GET http://10.180.1.21/volume/v3/volumes/b709f316-53b7-4e6a-a871-7ecc3270770e 0.037s
2025-04-25 23:02:11.734 70332 INFO tempest.lib.common.rest_client [req-3f17750d-d1ba-497c-ae2b-68f2d2901831 req-3f17750d-d1ba-497c-ae2b-68f2d2901831 ] Request (SecurityGroupRulesNegativeTestJSON:test_create_security_group_rule_with_invalid_port_range): 400 POST http://10.180.1.21/compute/v2.1/os-security-group-rules 1.594s
2025-04-25 23:02:11.784 70320 INFO tempest.lib.common.rest_client [req-eb2555ce-2a8c-43e4-b2c8-862ec1181159 req-eb2555ce-2a8c-43e4-b2c8-862ec1181159 ] Request (FlavorsAdminTestJSON:tearDownClass): 204 DELETE http://10.180.1.21/identity/v3/projects/1adb7c28e94b47cb93b06ce78be01146 0.089s
2025-04-25 23:02:11.784 70320 INFO tempest.lib.common.dynamic_creds [-] Deleting project and security group for project: 7f9d1fecf14b41deae0c5e5a28fee261
2025-04-25 23:02:11.819 70296 INFO tempest.lib.common.rest_client [req-2bb002e7-c472-4825-9d39-0a66b1c75e1a req-2bb002e7-c472-4825-9d39-0a66b1c75e1a ] Request (DeleteServersTestJSON:test_delete_active_server): 200 GET http://10.180.1.21/compute/v2.1/servers/d885ddf7-6ec6-46b8-8fd1-7ca7e6a37456 1.646s
2025-04-25 23:02:11.889 70338 INFO tempest.lib.common.rest_client [req-4bc43ce2-a952-4899-b5f7-f8a1a59ea442 req-4bc43ce2-a952-4899-b5f7-f8a1a59ea442 ] Request (ServersTestBootFromVolume:setUpClass): 202 POST http://10.180.1.21/compute/v2.1/servers 1.822s
2025-04-25 23:02:11.932 70352 WARNING tempest.lib.common.ssh [-] Failed to establish authenticated ssh connection to cirros@10.180.180.133 ([Errno None] Unable to connect to port 22 on 10.180.180.133). Number attempts: 3. Retry after 4 seconds.: paramiko.ssh_exception.NoValidConnectionsError: [Errno None] Unable to connect to port 22 on 10.180.180.133
2025-04-25 23:02:11.987 70340 INFO tempest.lib.common.rest_client [req-4874ad91-a22b-4771-9835-5ac3a519a025 req-4874ad91-a22b-4771-9835-5ac3a519a025 ] Request (DeleteServersAdminTestJSON:test_delete_server_while_in_error_state): 200 GET http://10.180.1.21/compute/v2.1/servers/7cf7f0a9-8240-4e78-b5d4-b1eb1da60764 1.730s
2025-04-25 23:02:12.019 70298 INFO tempest.lib.common.rest_client [req-07b9b816-1db3-4f4b-9106-e40fb8532daa req-07b9b816-1db3-4f4b-9106-e40fb8532daa ] Request (FloatingIPDetailsTestJSON:test_get_floating_ip_details): 200 GET http://10.180.1.21/compute/v2.1/os-floating-ips/ae14f211-86f9-49dc-9272-d74f60d7bc80 1.783s
2025-04-25 23:02:12.079 70320 INFO tempest.lib.common.rest_client [req-448b323c-02bc-493d-a114-2e6b43660565 req-448b323c-02bc-493d-a114-2e6b43660565 ] Request (FlavorsAdminTestJSON:tearDownClass): 200 GET http://10.180.1.21:9696/networking/v2.0/security-groups?tenant_id=7f9d1fecf14b41deae0c5e5a28fee261&name=default 0.294s
2025-04-25 23:02:12.180 70308 INFO tempest.lib.common.rest_client [req-54ff355a-a902-4a16-8fa4-0b18ed00e8b4 req-54ff355a-a902-4a16-8fa4-0b18ed00e8b4 ] Request (QuotasAdminNegativeTest:test_create_server_when_memory_quota_is_full): 200 GET http://10.180.1.21/compute/v2.1/os-quota-sets/5f5f525a93a2431cbd91dd462f2fda71 1.642s
2025-04-25 23:02:12.194 70314 INFO tempest.lib.common.rest_client [req-2d51d290-064d-41b8-b1f6-e65bef49b766 req-2d51d290-064d-41b8-b1f6-e65bef49b766 ] Request (MigrationsAdminTest:test_list_migrations_in_flavor_resize_situation): 200 GET http://10.180.1.21/compute/v2.1/servers/4b5750d4-98ec-4c70-b214-fad97060b606 1.691s
2025-04-25 23:02:12.215 70320 INFO tempest.lib.common.rest_client [req-9eb0e5a6-b8b6-4840-ba0b-a59a214c054f req-9eb0e5a6-b8b6-4840-ba0b-a59a214c054f ] Request (FlavorsAdminTestJSON:tearDownClass): 204 DELETE http://10.180.1.21:9696/networking/v2.0/security-groups/368e466c-1f8e-486d-b944-c54ba9f9655d 0.134s
2025-04-25 23:02:12.294 70322 INFO tempest.lib.common.rest_client [req-80b81e78-99af-4467-b39c-ec55a8c73cbb req-80b81e78-99af-4467-b39c-ec55a8c73cbb ] Request (SecurityGroupsNegativeTestJSON:tearDownClass): 204 DELETE http://10.180.1.21:9696/networking/v2.0/routers/e65d03ea-dd76-4ad1-b0cb-16b5b8f0440c 0.796s
2025-04-25 23:02:12.364 70324 INFO tempest.lib.common.rest_client [req-db076ee2-3cd2-42ca-8423-275994e819d0 req-db076ee2-3cd2-42ca-8423-275994e819d0 ] Request (ServersWithSpecificFlavorTestJSON:test_verify_created_server_ephemeral_disk): 200 GET http://10.180.1.21/compute/v2.1/servers/301b30f6-9909-4fc9-8721-88a314e4edb4/os-interface 1.796s
2025-04-25 23:02:12.365 70320 INFO tempest.lib.common.rest_client [req-9ab70a3b-913a-4b10-9eec-ff1c4d1122fd req-9ab70a3b-913a-4b10-9eec-ff1c4d1122fd ] Request (FlavorsAdminTestJSON:tearDownClass): 204 DELETE http://10.180.1.21/identity/v3/projects/7f9d1fecf14b41deae0c5e5a28fee261 0.149s
2025-04-25 23:02:12.366 70320 INFO tempest.test [-] raised in LiveMigrationTest.setUpClass. Invoking tearDownClass.
2025-04-25 23:02:12.509 70320 INFO tempest.lib.common.rest_client [req-58e1bbab-e78c-4a9e-ab4c-71ed654d4eec req-58e1bbab-e78c-4a9e-ab4c-71ed654d4eec ] Request (ServersAdminNegativeTestJSON:setUpClass): 201 POST http://10.180.1.21/identity/v3/auth/tokens 0.140s
2025-04-25 23:02:12.527 70342 INFO tempest.lib.common.rest_client [req-78b341df-adeb-45d0-b9e8-87de772b298c req-78b341df-adeb-45d0-b9e8-87de772b298c ] Request (ServerPasswordTestJSON:setUpClass): 200 GET http://10.180.1.21/compute/v2.1/servers/c4335d00-29a3-4f2e-b826-1a78ef02e0bf 1.840s
2025-04-25 23:02:12.576 70320 INFO tempest.lib.common.rest_client [req-f3a66e11-7246-445c-a935-905ba7fd10c1 req-f3a66e11-7246-445c-a935-905ba7fd10c1 ] Request (ServersAdminNegativeTestJSON:setUpClass): 201 POST http://10.180.1.21/identity/v3/auth/tokens 0.059s
2025-04-25 23:02:12.610 70320 INFO tempest.lib.common.rest_client [req-614d5a1f-2796-47e8-8a53-07f3cd6b20bb req-614d5a1f-2796-47e8-8a53-07f3cd6b20bb ] Request (ServersAdminNegativeTestJSON:setUpClass): 200 GET http://10.180.1.21/identity/v3/domains?name=Default 0.033s
2025-04-25 23:02:12.646 70320 INFO tempest.lib.common.rest_client [req-5a25a949-dd1b-4f52-b88a-732feadc2388 req-5a25a949-dd1b-4f52-b88a-732feadc2388 ] Request (ServersAdminNegativeTestJSON:setUpClass): 201 POST http://10.180.1.21/identity/v3/projects 0.035s
2025-04-25 23:02:12.724 70320 INFO tempest.lib.common.rest_client [req-c72d59cf-4f9d-4429-99a9-ed92e2c2a92d req-c72d59cf-4f9d-4429-99a9-ed92e2c2a92d ] Request (ServersAdminNegativeTestJSON:setUpClass): 201 POST http://10.180.1.21/identity/v3/users 0.078s
2025-04-25 23:02:12.769 70320 INFO tempest.lib.common.rest_client [req-8a6d999f-ab63-4101-a061-3e6eb243d31c req-8a6d999f-ab63-4101-a061-3e6eb243d31c ] Request (ServersAdminNegativeTestJSON:setUpClass): 200 GET http://10.180.1.21/identity/v3/roles 0.044s
2025-04-25 23:02:12.771 70356 INFO tempest.lib.common.rest_client [req-2df674b5-6aba-437c-87d3-89af85274c7b req-2df674b5-6aba-437c-87d3-89af85274c7b ] Request (ServerActionsV293TestJSON:setUpClass): 200 GET http://10.180.1.21/volume/v3/volumes/b709f316-53b7-4e6a-a871-7ecc3270770e 0.046s
2025-04-25 23:02:12.797 70318 INFO tempest.lib.common.rest_client [req-09d4577a-c6bf-422c-9c6c-a394f858f4c1 req-09d4577a-c6bf-422c-9c6c-a394f858f4c1 ] Request (ServersListShow2100Test:test_list_show_rebuild_update_server_2100): 202 POST http://10.180.1.21/compute/v2.1/servers 2.099s
2025-04-25 23:02:12.803 70320 INFO tempest.lib.common.rest_client [req-d91868bc-ec98-4af7-a974-4bb218b913ab req-d91868bc-ec98-4af7-a974-4bb218b913ab ] Request (ServersAdminNegativeTestJSON:setUpClass): 204 PUT http://10.180.1.21/identity/v3/projects/d3b44270b4b74bdba8befc7bc5f55e52/users/a2a633598fe84159b970241c87588a02/roles/295d2933538e4df792ec78734f1c3f38 0.034s
2025-04-25 23:02:12.804 70320 INFO tempest.lib.common.dynamic_creds [-] Dynamic test user a2a633598fe84159b970241c87588a02 is created with scope project and roles: ['member']
2025-04-25 23:02:12.804 70320 INFO tempest.lib.common.dynamic_creds [-] Acquired dynamic creds: credentials: Credentials: {'domain_id': 'default', 'domain_name': 'Default', 'username': 'tempest-ServersAdminNegativeTestJSON-1634392682-project-member', 'project_domain_id': 'default', 'project_domain_name': 'Default', 'project_id': 'd3b44270b4b74bdba8befc7bc5f55e52', 'project_name': 'tempest-ServersAdminNegativeTestJSON-1634392682', 'tenant_id': 'd3b44270b4b74bdba8befc7bc5f55e52', 'tenant_name': 'tempest-ServersAdminNegativeTestJSON-1634392682', 'user_domain_id': 'default', 'user_domain_name': 'Default', 'user_id': 'a2a633598fe84159b970241c87588a02', 'system': None}, Network: None, Subnet: None, Router: None
2025-04-25 23:02:12.804 70320 INFO tempest.lib.common.dynamic_creds [-] Created isolated network resources for: credentials: Credentials: {'domain_id': 'default', 'domain_name': 'Default', 'username': 'tempest-ServersAdminNegativeTestJSON-1634392682-project-member', 'project_domain_id': 'default', 'project_domain_name': 'Default', 'project_id': 'd3b44270b4b74bdba8befc7bc5f55e52', 'project_name': 'tempest-ServersAdminNegativeTestJSON-1634392682', 'tenant_id': 'd3b44270b4b74bdba8befc7bc5f55e52', 'tenant_name': 'tempest-ServersAdminNegativeTestJSON-1634392682', 'user_domain_id': 'default', 'user_domain_name': 'Default', 'user_id': 'a2a633598fe84159b970241c87588a02', 'system': None}, Network: None, Subnet: None, Router: None
2025-04-25 23:02:12.885 70320 INFO tempest.lib.common.rest_client [req-175ddc0c-49d4-47c4-8185-ac157b688fb8 req-175ddc0c-49d4-47c4-8185-ac157b688fb8 ] Request (ServersAdminNegativeTestJSON:setUpClass): 201 POST http://10.180.1.21/identity/v3/auth/tokens 0.077s
2025-04-25 23:02:12.934 70316 INFO tempest.lib.common.rest_client [req-d56aeed4-4434-4c71-a3b6-9d7eb386ee8b req-d56aeed4-4434-4c71-a3b6-9d7eb386ee8b ] Request (ImagesNegativeTestJSON:test_create_image_from_deleted_server): 200 GET http://10.180.1.21/compute/v2.1/servers/6c36df58-3ab3-4595-b89c-9ab5a4664eec 2.176s
2025-04-25 23:02:12.957 70320 INFO tempest.lib.common.rest_client [req-4c07bf5a-2dd5-4bff-bf35-ac346e2d8fec req-4c07bf5a-2dd5-4bff-bf35-ac346e2d8fec ] Request (ServersAdminNegativeTestJSON:setUpClass): 201 POST http://10.180.1.21/identity/v3/projects 0.071s
2025-04-25 23:02:12.998 70322 INFO tempest.lib.common.rest_client [req-dac09ba0-5f5c-47ce-88c7-a8b4c8518e10 req-dac09ba0-5f5c-47ce-88c7-a8b4c8518e10 ] Request (SecurityGroupsNegativeTestJSON:tearDownClass): 204 DELETE http://10.180.1.21:9696/networking/v2.0/subnets/ef0dacba-be68-48f8-975d-fbe6b063af03 0.704s
2025-04-25 23:02:13.025 70320 INFO tempest.lib.common.rest_client [req-b8f4ca56-a3d8-40e2-9b54-73f37e93cae2 req-b8f4ca56-a3d8-40e2-9b54-73f37e93cae2 ] Request (ServersAdminNegativeTestJSON:setUpClass): 201 POST http://10.180.1.21/identity/v3/users 0.067s
2025-04-25 23:02:13.051 70320 INFO tempest.lib.common.rest_client [req-22babe67-79cb-4161-bf7f-413414e06a3a req-22babe67-79cb-4161-bf7f-413414e06a3a ] Request (ServersAdminNegativeTestJSON:setUpClass): 200 GET http://10.180.1.21/identity/v3/roles 0.025s
2025-04-25 23:02:13.063 70348 INFO tempest.lib.common.rest_client [req-f106b16e-ab59-49ce-abf3-66686ff1112b req-f106b16e-ab59-49ce-abf3-66686ff1112b ] Request (ServersTestManualDisk:tearDownClass): 200 GET http://10.180.1.21/compute/v2.1/servers/6a114dce-7ed3-46e1-9d50-c3dd6efd340c 2.117s
2025-04-25 23:02:13.073 70348 INFO tempest.common.waiters [-] State transition "ACTIVE/deleting" ==> "DELETED/None" after 4 second wait
2025-04-25 23:02:13.076 70320 INFO tempest.lib.common.rest_client [req-d9723e1b-45f4-40bf-84ea-dde41b8579fe req-d9723e1b-45f4-40bf-84ea-dde41b8579fe ] Request (ServersAdminNegativeTestJSON:setUpClass): 204 PUT http://10.180.1.21/identity/v3/projects/8ea26c2cb7b2450493832aac4552c34a/users/a43c6008e0594b7da5e56ee146577f52/roles/aa49d330ab264427be144ca70aff2343 0.025s
2025-04-25 23:02:13.131 70322 INFO tempest.lib.common.rest_client [req-876c87df-b22a-4094-b760-b51f220b409e req-876c87df-b22a-4094-b760-b51f220b409e ] Request (SecurityGroupsNegativeTestJSON:tearDownClass): 204 DELETE http://10.180.1.21:9696/networking/v2.0/networks/5eaec85c-7bd2-4e43-809c-5a3146d62fce 0.132s
2025-04-25 23:02:13.142 70320 INFO tempest.lib.common.rest_client [req-5e5725b2-1783-415f-9230-aa8e48282655 req-5e5725b2-1783-415f-9230-aa8e48282655 ] Request (ServersAdminNegativeTestJSON:setUpClass): 200 GET http://10.180.1.21/identity/v3/roles 0.066s
2025-04-25 23:02:13.159 70320 INFO tempest.lib.common.rest_client [req-9e241d76-f24c-4bf6-bb5b-4fa9d39cc8f5 req-9e241d76-f24c-4bf6-bb5b-4fa9d39cc8f5 ] Request (ServersAdminNegativeTestJSON:setUpClass): 204 PUT http://10.180.1.21/identity/v3/projects/8ea26c2cb7b2450493832aac4552c34a/users/a43c6008e0594b7da5e56ee146577f52/roles/aa49d330ab264427be144ca70aff2343 0.016s
2025-04-25 23:02:13.159 70320 INFO tempest.lib.common.dynamic_creds [-] Dynamic test user a43c6008e0594b7da5e56ee146577f52 is created with scope project and roles: ['admin']
2025-04-25 23:02:13.160 70320 INFO tempest.lib.common.dynamic_creds [-] Acquired dynamic creds: credentials: Credentials: {'domain_id': 'default', 'domain_name': 'Default', 'username': 'tempest-ServersAdminNegativeTestJSON-642453273-project-admin', 'project_domain_id': 'default', 'project_domain_name': 'Default', 'project_id': '8ea26c2cb7b2450493832aac4552c34a', 'project_name': 'tempest-ServersAdminNegativeTestJSON-642453273', 'tenant_id': '8ea26c2cb7b2450493832aac4552c34a', 'tenant_name': 'tempest-ServersAdminNegativeTestJSON-642453273', 'user_domain_id': 'default', 'user_domain_name': 'Default', 'user_id': 'a43c6008e0594b7da5e56ee146577f52', 'system': None}, Network: None, Subnet: None, Router: None
2025-04-25 23:02:13.160 70320 INFO tempest.lib.common.dynamic_creds [-] Created isolated network resources for: credentials: Credentials: {'domain_id': 'default', 'domain_name': 'Default', 'username': 'tempest-ServersAdminNegativeTestJSON-642453273-project-admin', 'project_domain_id': 'default', 'project_domain_name': 'Default', 'project_id': '8ea26c2cb7b2450493832aac4552c34a', 'project_name': 'tempest-ServersAdminNegativeTestJSON-642453273', 'tenant_id': '8ea26c2cb7b2450493832aac4552c34a', 'tenant_name': 'tempest-ServersAdminNegativeTestJSON-642453273', 'user_domain_id': 'default', 'user_domain_name': 'Default', 'user_id': 'a43c6008e0594b7da5e56ee146577f52', 'system': None}, Network: None, Subnet: None, Router: None
2025-04-25 23:02:13.170 70334 INFO tempest.lib.common.rest_client [req-03409f63-3413-4baf-933e-87e61b0f2138 req-03409f63-3413-4baf-933e-87e61b0f2138 ] Request (ServerMetadataNegativeTestJSON:setUpClass): 200 GET http://10.180.1.21/compute/v2.1/servers/f53cb08c-0939-4cb1-8476-8b289d6a1b05 1.941s
2025-04-25 23:02:13.230 70322 INFO tempest.lib.common.rest_client [req-3765d204-7a72-4b66-aa13-7da4f29afb60 req-3765d204-7a72-4b66-aa13-7da4f29afb60 ] Request (SecurityGroupsNegativeTestJSON:tearDownClass): 204 DELETE http://10.180.1.21/identity/v3/users/14729dbaa81d40b49408584a5492f5b7 0.098s
2025-04-25 23:02:13.230 70322 INFO tempest.lib.common.dynamic_creds [-] Deleting project and security group for project: c8e95101039e4b5cabc89b86fde146dc
2025-04-25 23:02:13.237 70312 INFO tempest.lib.common.rest_client [req-4dd14f2b-d0c9-4043-b1bc-e11f615fe398 req-4dd14f2b-d0c9-4043-b1bc-e11f615fe398 ] Request (ImagesOneServerTestJSON:test_create_delete_image): 200 GET http://10.180.1.21/compute/v2.1/images/ef5754c9-6b33-4609-bfbc-a01eecd8d813 1.951s
2025-04-25 23:02:13.250 70320 INFO tempest.lib.common.rest_client [req-78462f4c-ff3d-4195-b677-1d62297f8b19 req-78462f4c-ff3d-4195-b677-1d62297f8b19 ] Request (ServersAdminNegativeTestJSON:setUpClass): 201 POST http://10.180.1.21/identity/v3/auth/tokens 0.087s
2025-04-25 23:02:13.251 70320 WARNING tempest.lib.common.rest_client [-] Deprecated: "tenant_id" property is deprecated for removal, use "project_id" instead
2025-04-25 23:02:13.270 70322 INFO tempest.lib.common.rest_client [req-5cc01973-bb6e-4da2-ac64-6c313a41336f req-5cc01973-bb6e-4da2-ac64-6c313a41336f ] Request (SecurityGroupsNegativeTestJSON:tearDownClass): 200 GET http://10.180.1.21:9696/networking/v2.0/security-groups?tenant_id=c8e95101039e4b5cabc89b86fde146dc&name=default 0.038s
2025-04-25 23:02:13.317 70320 INFO tempest.lib.common.rest_client [req-78abe851-cf5b-44b3-b62b-65f74fcdf8a4 req-78abe851-cf5b-44b3-b62b-65f74fcdf8a4 ] Request (ServersAdminNegativeTestJSON:setUpClass): 201 POST http://10.180.1.21/identity/v3/auth/tokens 0.062s
2025-04-25 23:02:13.318 70320 INFO tempest.lib.common.fixed_network [-] (ServersAdminNegativeTestJSON:setUpClass) Found network None available for tenant
2025-04-25 23:02:13.325 70354 INFO tempest.lib.common.rest_client [req-25305526-4cb9-4b37-9328-b73068c769ad req-25305526-4cb9-4b37-9328-b73068c769ad ] Request (ServersAaction247Test:test_create_backup): 200 GET http://10.180.1.21/compute/v2.1/servers/a09db142-60d1-4a62-8e76-1e2e3676124f 2.023s
2025-04-25 23:02:13.334 70354 INFO tempest.common.waiters [-] State transition "BUILD/scheduling" ==> "BUILD/None" after 5 second wait
2025-04-25 23:02:13.387 70304 INFO tempest.lib.common.rest_client [req-55f57f7e-f086-4985-9b92-120bb80b0762 req-55f57f7e-f086-4985-9b92-120bb80b0762 ] Request (ServersTestJSON:test_create_server_specify_multibyte_character_name): 202 POST http://10.180.1.21/compute/v2.1/servers 2.775s
2025-04-25 23:02:13.390 70322 INFO tempest.lib.common.rest_client [req-23ccb13d-9d6b-4133-97a5-f017f932dee0 req-23ccb13d-9d6b-4133-97a5-f017f932dee0 ] Request (SecurityGroupsNegativeTestJSON:tearDownClass): 204 DELETE http://10.180.1.21:9696/networking/v2.0/security-groups/f06205d7-8599-41c0-8946-867638468251 0.120s
2025-04-25 23:02:13.466 70336 INFO tempest.lib.common.rest_client [req-9fe3719f-0236-49f1-89a2-0bca20a3a116 req-9fe3719f-0236-49f1-89a2-0bca20a3a116 ] Request (ServersAdmin275Test:tearDownClass): 200 GET http://10.180.1.21/compute/v2.1/servers/b0b825d4-534d-4d54-a0c4-b9e507726c47 2.089s
2025-04-25 23:02:13.546 70358 INFO tempest.lib.common.rest_client [req-72c2e809-fcba-42bf-a1e0-c25b672b5a4b req-72c2e809-fcba-42bf-a1e0-c25b672b5a4b ] Request (AttachInterfacesV270Test:test_create_get_list_interfaces): 200 GET http://10.180.1.21/compute/v2.1/servers/19036f6f-2ee3-4ea5-82fa-b510bf903922 2.112s
2025-04-25 23:02:13.556 70344 INFO tempest.lib.common.rest_client [req-9a29a062-3002-4c4d-9603-beceef397242 req-9a29a062-3002-4c4d-9603-beceef397242 ] Request (VolumesAdminNegativeTest:_run_cleanups): 202 DELETE http://10.180.1.21/compute/v2.1/servers/1f95bfa8-bc97-4ed7-8c33-c00297430bf5/os-volume_attachments/e54a3dde-2eb6-4c6d-aea0-e0c46f4906bd 2.250s
2025-04-25 23:02:13.624 70322 INFO tempest.lib.common.rest_client [req-391834e1-8750-4cd1-8eeb-8cd1c1f417c6 req-391834e1-8750-4cd1-8eeb-8cd1c1f417c6 ] Request (SecurityGroupsNegativeTestJSON:tearDownClass): 204 DELETE http://10.180.1.21/identity/v3/projects/c8e95101039e4b5cabc89b86fde146dc 0.234s
2025-04-25 23:02:13.659 70310 INFO tempest.lib.common.rest_client [req-a419cdcb-40f0-4393-9ef6-12e37095bf77 req-a419cdcb-40f0-4393-9ef6-12e37095bf77 ] Request (ServersTestFqdnHostnames:tearDownClass): 200 GET http://10.180.1.21/compute/v2.1/servers/79d98176-b566-4349-ad10-c2ea6fdbc657 1.843s
2025-04-25 23:02:13.725 70322 INFO tempest.lib.common.rest_client [req-0b40cefa-4a9a-4479-81f3-681da1c04444 req-0b40cefa-4a9a-4479-81f3-681da1c04444 ] Request (ServersTestJSON:setUpClass): 201 POST http://10.180.1.21/identity/v3/auth/tokens 0.099s
2025-04-25 23:02:13.761 70322 INFO tempest.lib.common.rest_client [req-01a62621-4350-4042-bae5-edd863b9cd15 req-01a62621-4350-4042-bae5-edd863b9cd15 ] Request (ServersTestJSON:setUpClass): 201 POST http://10.180.1.21/identity/v3/auth/tokens 0.034s
2025-04-25 23:02:13.767 70338 INFO tempest.lib.common.rest_client [req-95462ebf-8974-4a09-ae30-f0208a374834 req-95462ebf-8974-4a09-ae30-f0208a374834 ] Request (ServersTestBootFromVolume:setUpClass): 200 GET http://10.180.1.21/compute/v2.1/servers/b14c4ac4-7f1e-4b17-93a1-38eae3c77c0e 1.876s
2025-04-25 23:02:13.805 70322 INFO tempest.lib.common.rest_client [req-1a1e49d3-750b-4177-a8ad-1829540a2710 req-1a1e49d3-750b-4177-a8ad-1829540a2710 ] Request (ServersTestJSON:setUpClass): 200 GET http://10.180.1.21/identity/v3/domains?name=Default 0.043s
2025-04-25 23:02:13.814 70356 INFO tempest.lib.common.rest_client [req-df9dcb52-7f43-49f0-8f67-321af11b0589 req-df9dcb52-7f43-49f0-8f67-321af11b0589 ] Request (ServerActionsV293TestJSON:setUpClass): 200 GET http://10.180.1.21/volume/v3/volumes/b709f316-53b7-4e6a-a871-7ecc3270770e 0.035s
2025-04-25 23:02:13.838 70322 INFO tempest.lib.common.rest_client [req-afb50c5b-62cb-42aa-ac83-82a6df9513c5 req-afb50c5b-62cb-42aa-ac83-82a6df9513c5 ] Request (ServersTestJSON:setUpClass): 201 POST http://10.180.1.21/identity/v3/projects 0.032s
2025-04-25 23:02:13.853 70346 INFO tempest.lib.common.rest_client [req-bfdf2964-c616-4aac-8c30-f320c86241c3 req-bfdf2964-c616-4aac-8c30-f320c86241c3 ] Request (ServersAdminTestJSON:test_create_server_with_scheduling_hint): 200 GET http://10.180.1.21/compute/v2.1/servers/0caa6acd-29d4-43ee-8b32-5149462dfc1c 1.916s
2025-04-25 23:02:13.864 70332 INFO tempest.lib.common.rest_client [req-79112648-16ce-4064-80f3-74973fb46efd req-79112648-16ce-4064-80f3-74973fb46efd ] Request (SecurityGroupRulesNegativeTestJSON:test_create_security_group_rule_with_invalid_to_port): 200 POST http://10.180.1.21/compute/v2.1/os-security-groups 2.129s
2025-04-25 23:02:13.919 70330 WARNING tempest.lib.common.ssh [-] Failed to establish authenticated ssh connection to cirros@10.180.180.224 ([Errno None] Unable to connect to port 22 on 10.180.180.224). Number attempts: 1. Retry after 2 seconds.: paramiko.ssh_exception.NoValidConnectionsError: [Errno None] Unable to connect to port 22 on 10.180.180.224
2025-04-25 23:02:13.927 70322 INFO tempest.lib.common.rest_client [req-2a1ab0dc-ad4f-4693-9da3-94acad65b8b2 req-2a1ab0dc-ad4f-4693-9da3-94acad65b8b2 ] Request (ServersTestJSON:setUpClass): 201 POST http://10.180.1.21/identity/v3/users 0.089s
2025-04-25 23:02:13.950 70324 INFO tempest.lib.common.rest_client [req-ad6f3214-0018-4a13-9baa-7dbbcd020bd8 req-ad6f3214-0018-4a13-9baa-7dbbcd020bd8 ] Request (ServersWithSpecificFlavorTestJSON:test_verify_created_server_ephemeral_disk): 200 PUT http://10.180.1.21:9696/networking/v2.0/floatingips/00c2b765-128e-467e-878b-f9de98af98b3 1.583s
2025-04-25 23:02:13.955 70350 INFO tempest.lib.common.rest_client [req-c2d7ba18-33b5-405f-9817-9b356106ecf5 req-c2d7ba18-33b5-405f-9817-9b356106ecf5 ] Request (ServerActionsTestJSON:setUpClass): 200 GET http://10.180.1.21/compute/v2.1/servers/8adadb2e-2a20-45b1-bed8-34e09df25f39 1.939s
2025-04-25 23:02:13.967 70322 INFO tempest.lib.common.rest_client [req-63628f51-4b58-4f13-9b40-4988686ae45d req-63628f51-4b58-4f13-9b40-4988686ae45d ] Request (ServersTestJSON:setUpClass): 200 GET http://10.180.1.21/identity/v3/roles 0.039s
2025-04-25 23:02:13.999 70322 INFO tempest.lib.common.rest_client [req-a421d282-bb8f-43e8-b80c-2202a51b31ff req-a421d282-bb8f-43e8-b80c-2202a51b31ff ] Request (ServersTestJSON:setUpClass): 204 PUT http://10.180.1.21/identity/v3/projects/df815d08ee8e4aae9d880cdb980c2ad5/users/215c9a4a63f149b580991b6aa5ac2f45/roles/295d2933538e4df792ec78734f1c3f38 0.032s
2025-04-25 23:02:14.000 70322 INFO tempest.lib.common.dynamic_creds [-] Dynamic test user 215c9a4a63f149b580991b6aa5ac2f45 is created with scope project and roles: ['member']
2025-04-25 23:02:14.000 70322 INFO tempest.lib.common.dynamic_creds [-] Acquired dynamic creds: credentials: Credentials: {'domain_id': 'default', 'domain_name': 'Default', 'username': 'tempest-ServersTestJSON-2095302437-project-member', 'project_domain_id': 'default', 'project_domain_name': 'Default', 'project_id': 'df815d08ee8e4aae9d880cdb980c2ad5', 'project_name': 'tempest-ServersTestJSON-2095302437', 'tenant_id': 'df815d08ee8e4aae9d880cdb980c2ad5', 'tenant_name': 'tempest-ServersTestJSON-2095302437', 'user_domain_id': 'default', 'user_domain_name': 'Default', 'user_id': '215c9a4a63f149b580991b6aa5ac2f45', 'system': None}, Network: None, Subnet: None, Router: None
2025-04-25 23:02:14.065 70322 INFO tempest.lib.common.rest_client [req-d787c428-9002-4d46-95f4-df265221e826 req-d787c428-9002-4d46-95f4-df265221e826 ] Request (ServersTestJSON:setUpClass): 201 POST http://10.180.1.21/identity/v3/auth/tokens 0.065s
2025-04-25 23:02:14.158 70326 INFO tempest.lib.common.rest_client [req-251ce286-c915-4ab2-bdfe-0e6c76a53d22 req-251ce286-c915-4ab2-bdfe-0e6c76a53d22 ] Request (ImagesOneServerNegativeTestJSON:setUpClass): 200 GET http://10.180.1.21/compute/v2.1/servers/832a38c8-ed3a-460b-91bd-0138d2f2d03d 2.217s
2025-04-25 23:02:14.235 70306 WARNING tempest.lib.common.ssh [-] Failed to establish authenticated ssh connection to cirros@10.180.180.244 ([Errno None] Unable to connect to port 22 on 10.180.180.244). Number attempts: 6. Retry after 7 seconds.: paramiko.ssh_exception.NoValidConnectionsError: [Errno None] Unable to connect to port 22 on 10.180.180.244
2025-04-25 23:02:14.385 70302 INFO tempest.lib.common.rest_client [req-14eed533-624d-4d79-816c-ab915fb4e9c4 req-14eed533-624d-4d79-816c-ab915fb4e9c4 ] Request (InstanceActionsV221TestJSON:test_get_list_deleted_instance_actions): 200 GET http://10.180.1.21/compute/v2.1/servers/0f89d49e-d26c-4d5d-90d7-6f0bf3d67468 2.220s
2025-04-25 23:02:14.398 70302 INFO tempest.common.waiters [-] State transition "BUILD/spawning" ==> "ACTIVE/None" after 33 second wait
2025-04-25 23:02:14.423 70322 INFO tempest.lib.common.rest_client [req-63f59515-66ce-4de2-aa74-69f0c4790d46 req-63f59515-66ce-4de2-aa74-69f0c4790d46 ] Request (ServersTestJSON:setUpClass): 201 POST http://10.180.1.21:9696/networking/v2.0/networks 0.357s
2025-04-25 23:02:14.512 70298 INFO tempest.lib.common.rest_client [req-146c0e3c-cd14-4a7e-b737-b3b333016897 req-146c0e3c-cd14-4a7e-b737-b3b333016897 ] Request (FloatingIPDetailsTestJSON:_run_cleanups): 202 DELETE http://10.180.1.21/compute/v2.1/os-floating-ips/ae14f211-86f9-49dc-9272-d74f60d7bc80 2.490s
2025-04-25 23:02:14.558 70308 INFO tempest.lib.common.rest_client [req-84c431d5-0a0b-42b0-8e26-65b718538926 req-84c431d5-0a0b-42b0-8e26-65b718538926 ] Request (QuotasAdminNegativeTest:test_create_server_when_memory_quota_is_full): 200 PUT http://10.180.1.21/compute/v2.1/os-quota-sets/5f5f525a93a2431cbd91dd462f2fda71 2.375s
2025-04-25 23:02:14.594 70322 INFO tempest.lib.common.rest_client [req-0bfe04a8-fee0-43d1-8168-93ba0f21db20 req-0bfe04a8-fee0-43d1-8168-93ba0f21db20 ] Request (ServersTestJSON:setUpClass): 201 POST http://10.180.1.21:9696/networking/v2.0/subnets 0.171s
2025-04-25 23:02:14.619 70300 INFO tempest.lib.common.rest_client [req-1de83a2c-1f50-4425-b751-b14e61adbbd8 req-1de83a2c-1f50-4425-b751-b14e61adbbd8 ] Request (ImagesTestJSON:test_create_image_from_suspended_server): 200 GET http://10.180.1.21/compute/v2.1/servers/1c45f085-0eb5-4edc-b5aa-9d5c53aca1e0 1.941s
2025-04-25 23:02:14.638 70308 INFO tempest.lib.common.rest_client [req-e13b0e0b-13c4-41dd-a86f-7740426a5e16 req-e13b0e0b-13c4-41dd-a86f-7740426a5e16 ] Request (QuotasAdminNegativeTest:test_create_server_when_memory_quota_is_full): 201 POST http://10.180.1.21/identity/v3/auth/tokens 0.075s
2025-04-25 23:02:14.638 70308 INFO tempest.lib.common.fixed_network [-] (QuotasAdminNegativeTest:test_create_server_when_memory_quota_is_full) Found network None available for tenant
2025-04-25 23:02:14.670 70328 INFO tempest.lib.common.rest_client [req-b6a360c9-59a4-4e95-b26d-46ea7f15230f req-b6a360c9-59a4-4e95-b26d-46ea7f15230f ] Request (FloatingIPsAssociationTestJSON:test_associate_already_associated_floating_ip): 200 GET http://10.180.1.21/compute/v2.1/servers/50ce7a0c-aa80-4816-b84e-d8ff7b10fffb 2.318s
2025-04-25 23:02:14.680 70328 INFO tempest.common.waiters [-] State transition "BUILD/networking" ==> "BUILD/spawning" after 26 second wait
2025-04-25 23:02:14.690 70318 INFO tempest.lib.common.rest_client [req-6ff8156b-66cb-467e-9b6b-4d374d838e5f req-6ff8156b-66cb-467e-9b6b-4d374d838e5f ] Request (ServersListShow2100Test:test_list_show_rebuild_update_server_2100): 200 GET http://10.180.1.21/compute/v2.1/servers/61bea079-9731-48d1-b472-b30226a0b5a1 1.892s
2025-04-25 23:02:14.745 70296 INFO tempest.lib.common.rest_client [req-b79d995b-2a32-47e4-9fe8-1f929249827d req-b79d995b-2a32-47e4-9fe8-1f929249827d ] Request (DeleteServersTestJSON:test_delete_active_server): 200 GET http://10.180.1.21/compute/v2.1/servers/d885ddf7-6ec6-46b8-8fd1-7ca7e6a37456 1.912s
2025-04-25 23:02:14.756 70340 INFO tempest.lib.common.rest_client [req-4b328cd3-fd80-4e9f-b468-8b8e1d68d375 req-4b328cd3-fd80-4e9f-b468-8b8e1d68d375 ] Request (DeleteServersAdminTestJSON:test_delete_server_while_in_error_state): 200 GET http://10.180.1.21/compute/v2.1/servers/7cf7f0a9-8240-4e78-b5d4-b1eb1da60764 1.757s
2025-04-25 23:02:14.797 70312 INFO tempest.lib.common.rest_client [req-3bcc708d-264d-41f9-85b3-a66f6ddbb290 req-3bcc708d-264d-41f9-85b3-a66f6ddbb290 ] Request (ImagesOneServerTestJSON:test_create_delete_image): 200 GET http://10.180.1.21/compute/v2.1/images/ef5754c9-6b33-4609-bfbc-a01eecd8d813 1.554s
2025-04-25 23:02:14.848 70356 INFO tempest.lib.common.rest_client [req-b3a4bf77-75b5-4be9-93b6-883752aeb706 req-b3a4bf77-75b5-4be9-93b6-883752aeb706 ] Request (ServerActionsV293TestJSON:setUpClass): 200 GET http://10.180.1.21/volume/v3/volumes/b709f316-53b7-4e6a-a871-7ecc3270770e 0.026s
2025-04-25 23:02:14.849 70314 INFO tempest.lib.common.rest_client [req-3c6fcd02-0fc0-4ceb-99a1-787401ab7935 req-3c6fcd02-0fc0-4ceb-99a1-787401ab7935 ] Request (MigrationsAdminTest:test_list_migrations_in_flavor_resize_situation): 200 GET http://10.180.1.21/compute/v2.1/servers/4b5750d4-98ec-4c70-b214-fad97060b606 1.646s
2025-04-25 23:02:14.910 70304 INFO tempest.lib.common.rest_client [req-f6f8750c-e00c-49c3-ab5d-7e8e7fe55dcd req-f6f8750c-e00c-49c3-ab5d-7e8e7fe55dcd ] Request (ServersTestJSON:test_create_server_specify_multibyte_character_name): 200 GET http://10.180.1.21/compute/v2.1/servers/13f6daa5-d859-40ed-b1b0-edd7717b8df3 1.521s
2025-04-25 23:02:14.983 70342 INFO tempest.lib.common.rest_client [req-de7ab0c4-1ebe-48e2-84ae-91b28a714d3b req-de7ab0c4-1ebe-48e2-84ae-91b28a714d3b ] Request (ServerPasswordTestJSON:setUpClass): 200 GET http://10.180.1.21/compute/v2.1/servers/c4335d00-29a3-4f2e-b826-1a78ef02e0bf 1.448s
2025-04-25 23:02:15.016 70344 INFO tempest.lib.common.rest_client [req-f1e8cdef-d516-4e29-a00b-73ef44092060 req-f1e8cdef-d516-4e29-a00b-73ef44092060 ] Request (VolumesAdminNegativeTest:_run_cleanups): 200 GET http://10.180.1.21/compute/v2.1/servers/1f95bfa8-bc97-4ed7-8c33-c00297430bf5/os-volume_attachments 1.460s
2025-04-25 23:02:15.058 70332 INFO tempest.lib.common.rest_client [req-e130f0da-6082-4af8-9553-c06487272b8f req-e130f0da-6082-4af8-9553-c06487272b8f ] Request (SecurityGroupRulesNegativeTestJSON:test_create_security_group_rule_with_invalid_to_port): 400 POST http://10.180.1.21/compute/v2.1/os-security-group-rules 1.189s
2025-04-25 23:02:15.107 70316 INFO tempest.lib.common.rest_client [req-b133be30-b946-4a41-9563-24cc48535d14 req-b133be30-b946-4a41-9563-24cc48535d14 ] Request (ImagesNegativeTestJSON:test_create_image_from_deleted_server): 200 GET http://10.180.1.21/compute/v2.1/servers/6c36df58-3ab3-4595-b89c-9ab5a4664eec 1.162s
2025-04-25 23:02:15.140 70320 INFO tempest.lib.common.rest_client [req-bd1e2fe6-5dac-4ca3-8ca7-367c2b131aaa req-bd1e2fe6-5dac-4ca3-8ca7-367c2b131aaa ] Request (ServersAdminNegativeTestJSON:setUpClass): 202 POST http://10.180.1.21/compute/v2.1/servers 1.819s
2025-04-25 23:02:15.210 70348 INFO tempest.lib.common.rest_client [req-a3370706-e196-463e-9edf-54f87c03f028 req-a3370706-e196-463e-9edf-54f87c03f028 ] Request (ServersTestManualDisk:tearDownClass): 200 GET http://10.180.1.21/compute/v2.1/servers/6a114dce-7ed3-46e1-9d50-c3dd6efd340c 1.135s
2025-04-25 23:02:15.225 70324 INFO tempest.lib.common.rest_client [req-a1661eca-74ea-494c-b776-2e21d1b8b311 req-a1661eca-74ea-494c-b776-2e21d1b8b311 ] Request (ServersWithSpecificFlavorTestJSON:test_verify_created_server_ephemeral_disk): 200 GET http://10.180.1.21/compute/v2.1/servers/301b30f6-9909-4fc9-8721-88a314e4edb4 1.275s
2025-04-25 23:02:15.234 70324 INFO tempest.lib.common.ssh [-] Creating ssh connection to '10.180.180.142:22' as 'cirros' with public key authentication
2025-04-25 23:02:15.268 70334 INFO tempest.lib.common.rest_client [req-846b5205-a0da-426e-9083-d5784d046f3b req-846b5205-a0da-426e-9083-d5784d046f3b ] Request (ServerMetadataNegativeTestJSON:setUpClass): 200 GET http://10.180.1.21/compute/v2.1/servers/f53cb08c-0939-4cb1-8476-8b289d6a1b05 1.087s
2025-04-25 23:02:15.278 70322 INFO tempest.lib.common.rest_client [req-8264f3b3-1982-4f39-8ba7-0cff12dd01ad req-8264f3b3-1982-4f39-8ba7-0cff12dd01ad ] Request (ServersTestJSON:setUpClass): 201 POST http://10.180.1.21:9696/networking/v2.0/routers 0.683s
2025-04-25 23:02:15.279 70354 INFO tempest.lib.common.rest_client [req-3c488683-8ed0-416f-bc1b-a6f8998e88e6 req-3c488683-8ed0-416f-bc1b-a6f8998e88e6 ] Request (ServersAaction247Test:test_create_backup): 200 GET http://10.180.1.21/compute/v2.1/servers/a09db142-60d1-4a62-8e76-1e2e3676124f 0.944s
2025-04-25 23:02:15.351 70302 INFO tempest.lib.common.rest_client [req-2efc0ca8-1101-4645-8662-ea4fe4b05789 req-2efc0ca8-1101-4645-8662-ea4fe4b05789 ] Request (InstanceActionsV221TestJSON:test_get_list_deleted_instance_actions): 204 DELETE http://10.180.1.21/compute/v2.1/servers/0f89d49e-d26c-4d5d-90d7-6f0bf3d67468 0.953s
2025-04-25 23:02:15.358 70336 INFO tempest.lib.common.rest_client [req-102ef551-fcd4-4849-a3b3-b78a1983fa03 req-102ef551-fcd4-4849-a3b3-b78a1983fa03 ] Request (ServersAdmin275Test:tearDownClass): 200 GET http://10.180.1.21/compute/v2.1/servers/b0b825d4-534d-4d54-a0c4-b9e507726c47 0.875s
2025-04-25 23:02:15.414 70358 INFO tempest.lib.common.rest_client [req-54ac32b5-5524-4745-a734-40703f716f91 req-54ac32b5-5524-4745-a734-40703f716f91 ] Request (AttachInterfacesV270Test:test_create_get_list_interfaces): 200 GET http://10.180.1.21/compute/v2.1/servers/19036f6f-2ee3-4ea5-82fa-b510bf903922 0.854s
2025-04-25 23:02:15.427 70358 INFO tempest.common.waiters [-] State transition "BUILD/scheduling" ==> "BUILD/None" after 7 second wait
2025-04-25 23:02:15.449 70298 INFO tempest.lib.common.rest_client [req-22c5cdc6-1719-406d-91f4-d0bd21e43f13 req-22c5cdc6-1719-406d-91f4-d0bd21e43f13 ] Request (FloatingIPDetailsTestJSON:test_list_floating_ips): 200 GET http://10.180.1.21/compute/v2.1/os-floating-ips 0.935s
2025-04-25 23:02:15.549 70310 INFO tempest.lib.common.rest_client [req-d6772286-e51b-42a2-8520-40e017d1ad5b req-d6772286-e51b-42a2-8520-40e017d1ad5b ] Request (ServersTestFqdnHostnames:tearDownClass): 200 GET http://10.180.1.21/compute/v2.1/servers/79d98176-b566-4349-ad10-c2ea6fdbc657 0.879s
2025-04-25 23:02:15.559 70310 INFO tempest.common.waiters [-] State transition "ACTIVE/deleting" ==> "DELETED/None" after 5 second wait
2025-04-25 23:02:15.608 70338 INFO tempest.lib.common.rest_client [req-1d06b9f9-9f6a-4825-8a00-127b1ae917df req-1d06b9f9-9f6a-4825-8a00-127b1ae917df ] Request (ServersTestBootFromVolume:setUpClass): 200 GET http://10.180.1.21/compute/v2.1/servers/b14c4ac4-7f1e-4b17-93a1-38eae3c77c0e 0.830s
2025-04-25 23:02:15.673 70308 INFO tempest.lib.common.rest_client [req-b7f7d751-6451-48df-a60d-c2d1b98eb421 req-b7f7d751-6451-48df-a60d-c2d1b98eb421 ] Request (QuotasAdminNegativeTest:test_create_server_when_memory_quota_is_full): 403 POST http://10.180.1.21/compute/v2.1/servers 1.034s
2025-04-25 23:02:15.737 70346 INFO tempest.lib.common.rest_client [req-01917268-baa2-4a54-b619-597e998c7593 req-01917268-baa2-4a54-b619-597e998c7593 ] Request (ServersAdminTestJSON:test_create_server_with_scheduling_hint): 200 GET http://10.180.1.21/compute/v2.1/servers/0caa6acd-29d4-43ee-8b32-5149462dfc1c 0.876s
2025-04-25 23:02:15.802 70350 INFO tempest.lib.common.rest_client [req-eb15a02e-efc9-423c-9e22-ef163a924cd5 req-eb15a02e-efc9-423c-9e22-ef163a924cd5 ] Request (ServerActionsTestJSON:setUpClass): 200 GET http://10.180.1.21/compute/v2.1/servers/8adadb2e-2a20-45b1-bed8-34e09df25f39 0.835s
2025-04-25 23:02:15.826 70332 INFO tempest.lib.common.rest_client [req-803da135-3395-4b4b-879d-accdc701aad1 req-803da135-3395-4b4b-879d-accdc701aad1 ] Request (SecurityGroupRulesNegativeTestJSON:test_create_security_group_rule_with_non_existent_id): 404 POST http://10.180.1.21/compute/v2.1/os-security-group-rules 0.766s
2025-04-25 23:02:15.829 70312 INFO tempest.lib.common.rest_client [req-92238d87-77b1-43fb-8e2b-8f8d54f47257 req-92238d87-77b1-43fb-8e2b-8f8d54f47257 ] Request (ImagesOneServerTestJSON:test_create_delete_image): 200 GET http://10.180.1.21/compute/v2.1/servers/d0756709-f17b-441e-b537-df937cfbde84 1.027s
2025-04-25 23:02:15.892 70356 INFO tempest.lib.common.rest_client [req-d88aae97-7a17-4cf2-a3b1-f519cfd21b22 req-d88aae97-7a17-4cf2-a3b1-f519cfd21b22 ] Request (ServerActionsV293TestJSON:setUpClass): 200 GET http://10.180.1.21/volume/v3/volumes/b709f316-53b7-4e6a-a871-7ecc3270770e 0.033s
2025-04-25 23:02:15.901 70320 INFO tempest.lib.common.rest_client [req-6f4564cb-72b3-4781-909d-3b897aa3c2da req-6f4564cb-72b3-4781-909d-3b897aa3c2da ] Request (ServersAdminNegativeTestJSON:setUpClass): 200 GET http://10.180.1.21/compute/v2.1/servers/16c45b86-317a-4d0c-a402-51c85af37a5b 0.759s
2025-04-25 23:02:16.224 70322 INFO tempest.lib.common.rest_client [req-b23e62f4-841f-49ea-9954-67eebb64691d req-b23e62f4-841f-49ea-9954-67eebb64691d ] Request (ServersTestJSON:setUpClass): 200 PUT http://10.180.1.21:9696/networking/v2.0/routers/bf08fc3a-e0aa-4419-8100-c3f92a349350/add_router_interface 0.946s
