2025-04-26 01:08:11.132 70503 INFO tempest.lib.common.rest_client [req-9468ea41-e215-488a-a534-68557490dec6 req-9468ea41-e215-488a-a534-68557490dec6 ] Request (ImagesOneServerNegativeTestJSON:setUpClass): 200 GET http://10.180.1.21/compute/v2.1/servers/c4022a83-16ef-4d53-8efa-76d794878ed4 0.046s
2025-04-26 01:08:11.223 70517 INFO tempest.lib.common.rest_client [req-bfb28ac3-3180-4395-872b-83d593ce131a req-bfb28ac3-3180-4395-872b-83d593ce131a ] Request (ServersListShow296Test:test_list_show_update_rebuild_server_296): 200 GET http://10.180.1.21/compute/v2.1/servers/d0b2e7f5-622a-458f-86b2-44a8a6e86e1b 0.061s
2025-04-26 01:08:11.303 70499 INFO tempest.lib.common.rest_client [req-ea10e065-96ad-4dcc-91fa-871a3b0b25b8 req-ea10e065-96ad-4dcc-91fa-871a3b0b25b8 ] Request (ServersAdminNegativeTestJSON:tearDownClass): 200 GET http://10.180.1.21/compute/v2.1/servers/28201572-27d6-494c-a82a-73b22a2a276c 0.073s
2025-04-26 01:08:11.341 70497 INFO tempest.lib.common.rest_client [req-baadb6a2-8bfd-43c5-bafc-195b649b29e8 req-baadb6a2-8bfd-43c5-bafc-195b649b29e8 ] Request (ServerRescueNegativeTestJSON:setUpClass): 200 GET http://10.180.1.21/compute/v2.1/servers/af8598b0-ea9e-4751-aebc-414ece12150e 0.057s
2025-04-26 01:08:11.409 70537 WARNING tempest.lib.common.ssh [-] Failed to establish authenticated ssh connection to cirros@10.180.180.232 ([Errno None] Unable to connect to port 22 on 10.180.180.232). Number attempts: 8. Retry after 9 seconds.: paramiko.ssh_exception.NoValidConnectionsError: [Errno None] Unable to connect to port 22 on 10.180.180.232
2025-04-26 01:08:11.412 70521 INFO tempest.lib.common.rest_client [req-3a48671e-5f00-4c60-a3ad-cf635d837321 req-3a48671e-5f00-4c60-a3ad-cf635d837321 ] Request (ServerShowV257Test:tearDownClass): 200 GET http://10.180.1.21/compute/v2.1/servers/e94e9694-4aa0-470b-b46b-0c8c93dd3420 0.056s
2025-04-26 01:08:11.464 70509 INFO tempest.lib.common.rest_client [req-c9f0efd1-2485-4fc4-8105-e22959565a91 req-c9f0efd1-2485-4fc4-8105-e22959565a91 ] Request (ServersAdmin275Test:tearDownClass): 200 GET http://10.180.1.21/compute/v2.1/servers/34212518-eb14-4da3-913a-9c68b5f5e353 0.057s
2025-04-26 01:08:11.536 70547 INFO tempest.lib.common.rest_client [req-e3e2173e-1c47-4f96-8c9c-79679e6386be req-e3e2173e-1c47-4f96-8c9c-79679e6386be ] Request (ServerPasswordTestJSON:setUpClass): 200 GET http://10.180.1.21/compute/v2.1/servers/e1e494d0-aba4-4254-b4c7-14d56d79c336 0.057s
2025-04-26 01:08:11.546 70559 INFO tempest.lib.common.rest_client [req-5fba3944-2478-4d52-9f62-41dccb3ea78c req-5fba3944-2478-4d52-9f62-41dccb3ea78c ] Request (InstanceActionsNegativeTestJSON:tearDownClass): 200 GET http://10.180.1.21/compute/v2.1/servers/1cad8a6b-a8b2-4078-a15b-3b370dd08bf9 0.080s
2025-04-26 01:08:11.606 70529 INFO tempest.lib.common.rest_client [req-cb12f0e3-1da4-44bc-8ebc-431d93f5ad8a req-cb12f0e3-1da4-44bc-8ebc-431d93f5ad8a ] Request (ServersTestFqdnHostnames:test_create_server_with_fqdn_name): 200 GET http://10.180.1.21/compute/v2.1/servers/0f111af8-5458-46f1-8cde-f30a1dc8f355 0.071s
2025-04-26 01:08:11.609 70551 INFO tempest.lib.common.rest_client [req-fd2000e4-1741-4408-bc87-87308a1c0951 req-fd2000e4-1741-4408-bc87-87308a1c0951 ] Request (ServersTestMultiNic:test_verify_duplicate_network_nics): 200 GET http://10.180.1.21/compute/v2.1/servers/a88a7999-85b6-4f16-9da7-1dea0c980f16 0.108s
2025-04-26 01:08:11.669 70523 INFO tempest.lib.common.rest_client [req-fbe811a3-7e69-45e5-825d-93f63a72a688 req-fbe811a3-7e69-45e5-825d-93f63a72a688 ] Request (ServerDiagnosticsV248Test:test_get_server_diagnostics): 200 GET http://10.180.1.21/compute/v2.1/servers/575326a8-9704-4f18-9488-0f9357a05860 0.078s
2025-04-26 01:08:11.686 70525 INFO tempest.lib.common.rest_client [req-15e586c3-33be-4a95-97fd-d1fbd5ca2737 req-15e586c3-33be-4a95-97fd-d1fbd5ca2737 ] Request (FloatingIPsAssociationTestJSON:setUpClass): 200 GET http://10.180.1.21/compute/v2.1/servers/0a47c5bb-e901-4095-984a-c52b1ee873d2 0.050s
2025-04-26 01:08:11.745 70519 INFO tempest.lib.common.rest_client [req-e1ad5a78-6444-496a-8e30-855f320c0969 req-e1ad5a78-6444-496a-8e30-855f320c0969 ] Request (DeleteServersAdminTestJSON:test_delete_server_while_in_error_state): 200 GET http://10.180.1.21/compute/v2.1/servers/f14f60ae-501b-44b6-a246-63b64a35aaa9 0.055s
2025-04-26 01:08:11.789 70531 INFO tempest.lib.common.rest_client [req-2404a33a-1ac1-4ab0-9de9-b34b178ee885 req-2404a33a-1ac1-4ab0-9de9-b34b178ee885 ] Request (MigrationsAdminTest:test_list_migrations_in_flavor_resize_situation): 200 GET http://10.180.1.21/compute/v2.1/servers/0c653c24-61a2-468d-bcc6-112e95d6368a 0.151s
2025-04-26 01:08:11.810 70543 INFO tempest.lib.common.rest_client [req-38645f79-d131-40f7-bb47-1843a12b20e5 req-38645f79-d131-40f7-bb47-1843a12b20e5 ] Request (ServersListShow298Test:tearDownClass): 200 GET http://10.180.1.21/compute/v2.1/servers/ed5faa43-07dd-4a5c-bd7c-022867ac115f 0.104s
2025-04-26 01:08:11.837 70505 INFO tempest.lib.common.rest_client [req-317a0db7-6648-4dff-9fff-f3d16ea8cc94 req-317a0db7-6648-4dff-9fff-f3d16ea8cc94 ] Request (AttachInterfacesTestJSON:test_create_list_show_delete_interfaces_by_fixed_ip): 200 GET http://10.180.1.21/compute/v2.1/servers/25461bf2-3b05-45e3-9401-8f440b1e06f3 0.074s
2025-04-26 01:08:11.855 70539 INFO tempest.lib.common.rest_client [req-bda88d1e-ea94-4898-b7f4-65fe0e963055 req-bda88d1e-ea94-4898-b7f4-65fe0e963055 ] Request (ServerShowV247Test:test_update_rebuild_list_server): 200 GET http://10.180.1.21/compute/v2.1/servers/59d02e38-bd37-49eb-977c-577df91eb2e6 0.086s
2025-04-26 01:08:11.863 70539 INFO tempest.common.waiters [-] State transition "BUILD/spawning" ==> "ACTIVE/None" after 46 second wait
2025-04-26 01:08:11.887 70501 INFO tempest.lib.common.rest_client [req-f5a38089-0340-4987-bffd-e765a0489aea req-f5a38089-0340-4987-bffd-e765a0489aea ] Request (ListServerFiltersTestJSON:tearDownClass): 200 GET http://10.180.1.21/compute/v2.1/servers/6750e7b9-6ca1-43a3-933c-516927e52767 0.054s
2025-04-26 01:08:11.902 70535 INFO tempest.lib.common.rest_client [req-452706ee-f000-4c35-90e7-baa1e848239e req-452706ee-f000-4c35-90e7-baa1e848239e ] Request (FloatingIPsAssociationNegativeTestJSON:tearDownClass): 200 PUT http://10.180.1.21:9696/networking/v2.0/routers/d9d3fc00-4be5-47a5-baf4-197e1558bfbc/remove_router_interface 0.958s
2025-04-26 01:08:11.944 70513 INFO tempest.lib.common.rest_client [req-e54dcea3-c1da-4116-b723-a26f23793ad5 req-e54dcea3-c1da-4116-b723-a26f23793ad5 ] Request (ListImageFiltersTestJSON:setUpClass): 200 GET http://10.180.1.21/compute/v2.1/servers/54c6c8cb-a4a7-44f9-b712-7977bfe0c54e 0.077s
2025-04-26 01:08:12.000 70528 INFO tempest.lib.common.rest_client [req-913c7dcc-ec81-4a34-b76f-305b5b60f6c9 req-913c7dcc-ec81-4a34-b76f-305b5b60f6c9 ] Request (ServerActionsTestJSON:setUpClass): 200 GET http://10.180.1.21/compute/v2.1/servers/7ac66455-b270-4d41-aef2-63bb5191ecf9 0.076s
2025-04-26 01:08:12.030 70539 INFO tempest.lib.common.rest_client [req-82b8bcfc-b33f-4b91-a70f-719d88db39a1 req-82b8bcfc-b33f-4b91-a70f-719d88db39a1 ] Request (ServerShowV247Test:test_update_rebuild_list_server): 202 POST http://10.180.1.21/compute/v2.1/servers/59d02e38-bd37-49eb-977c-577df91eb2e6/action 0.166s
2025-04-26 01:08:12.094 70515 INFO tempest.lib.common.rest_client [req-c0df158a-8346-496a-8f60-03366b42e5ff req-c0df158a-8346-496a-8f60-03366b42e5ff ] Request (ServersAdminTestJSON:test_create_server_with_scheduling_hint): 200 GET http://10.180.1.21/compute/v2.1/servers/ffd5619f-4fd8-4d3b-a235-74cffa83216d 0.064s
2025-04-26 01:08:12.107 70507 INFO tempest.lib.common.rest_client [req-229877bc-b314-43ad-8726-615c6181d758 req-229877bc-b314-43ad-8726-615c6181d758 ] Request (ServersTestBootFromVolume:setUpClass): 200 GET http://10.180.1.21/compute/v2.1/servers/0bc3e427-2335-46f3-b311-fa688563fece 0.140s
2025-04-26 01:08:12.115 70507 INFO tempest.common.waiters [-] State transition "BUILD/block_device_mapping" ==> "BUILD/spawning" after 42 second wait
2025-04-26 01:08:12.143 70539 INFO tempest.lib.common.rest_client [req-b741ff1e-ebbd-470e-a783-3cd0a5aab690 req-b741ff1e-ebbd-470e-a783-3cd0a5aab690 ] Request (ServerShowV247Test:test_update_rebuild_list_server): 200 GET http://10.180.1.21/compute/v2.1/servers/59d02e38-bd37-49eb-977c-577df91eb2e6 0.105s
2025-04-26 01:08:12.156 70511 INFO tempest.lib.common.rest_client [req-65787c40-ebd9-4377-b0a2-2b5819a181af req-65787c40-ebd9-4377-b0a2-2b5819a181af ] Request (ImagesOneServerTestJSON:setUpClass): 200 GET http://10.180.1.21/compute/v2.1/servers/c4c8a84f-bcd6-48b9-9a4f-aff338cf8084 0.078s
2025-04-26 01:08:12.191 70503 INFO tempest.lib.common.rest_client [req-a97e30bb-ecb7-473c-b475-63533ead344b req-a97e30bb-ecb7-473c-b475-63533ead344b ] Request (ImagesOneServerNegativeTestJSON:setUpClass): 200 GET http://10.180.1.21/compute/v2.1/servers/c4022a83-16ef-4d53-8efa-76d794878ed4 0.050s
2025-04-26 01:08:12.231 70535 INFO tempest.lib.common.rest_client [req-839fe74b-5d1b-41d9-8a7c-a727886128f7 req-839fe74b-5d1b-41d9-8a7c-a727886128f7 ] Request (FloatingIPsAssociationNegativeTestJSON:tearDownClass): 204 DELETE http://10.180.1.21:9696/networking/v2.0/routers/d9d3fc00-4be5-47a5-baf4-197e1558bfbc 0.329s
2025-04-26 01:08:12.304 70517 INFO tempest.lib.common.rest_client [req-3faf2268-7cd1-42d9-a09a-3cae75e649d7 req-3faf2268-7cd1-42d9-a09a-3cae75e649d7 ] Request (ServersListShow296Test:test_list_show_update_rebuild_server_296): 200 GET http://10.180.1.21/compute/v2.1/servers/d0b2e7f5-622a-458f-86b2-44a8a6e86e1b 0.070s
2025-04-26 01:08:12.346 70535 INFO tempest.lib.common.rest_client [req-4b8a22dc-446b-45ed-bb1b-256b24b43f09 req-4b8a22dc-446b-45ed-bb1b-256b24b43f09 ] Request (FloatingIPsAssociationNegativeTestJSON:tearDownClass): 204 DELETE http://10.180.1.21:9696/networking/v2.0/subnets/8ba7d821-5659-4838-a53a-3b8376f30dff 0.114s
2025-04-26 01:08:12.374 70499 INFO tempest.lib.common.rest_client [req-7d91d084-eb7b-4eef-ad68-bb9ccac96858 req-7d91d084-eb7b-4eef-ad68-bb9ccac96858 ] Request (ServersAdminNegativeTestJSON:tearDownClass): 200 GET http://10.180.1.21/compute/v2.1/servers/28201572-27d6-494c-a82a-73b22a2a276c 0.060s
2025-04-26 01:08:12.406 70497 INFO tempest.lib.common.rest_client [req-9764d289-4a46-47fc-8b4d-21d73d6a2f91 req-9764d289-4a46-47fc-8b4d-21d73d6a2f91 ] Request (ServerRescueNegativeTestJSON:setUpClass): 200 GET http://10.180.1.21/compute/v2.1/servers/af8598b0-ea9e-4751-aebc-414ece12150e 0.057s
2025-04-26 01:08:12.498 70521 INFO tempest.lib.common.rest_client [req-81991905-622e-4688-bb9f-07498c3533a5 req-81991905-622e-4688-bb9f-07498c3533a5 ] Request (ServerShowV257Test:tearDownClass): 200 GET http://10.180.1.21/compute/v2.1/servers/e94e9694-4aa0-470b-b46b-0c8c93dd3420 0.074s
2025-04-26 01:08:12.510 70541 WARNING tempest.lib.common.ssh [-] Failed to establish authenticated ssh connection to cirros@10.180.180.181 ([Errno None] Unable to connect to port 22 on 10.180.180.181). Number attempts: 6. Retry after 7 seconds.: paramiko.ssh_exception.NoValidConnectionsError: [Errno None] Unable to connect to port 22 on 10.180.180.181
2025-04-26 01:08:12.548 70509 INFO tempest.lib.common.rest_client [req-e5e12089-95f3-4484-9bc5-4e6e8f6c7f72 req-e5e12089-95f3-4484-9bc5-4e6e8f6c7f72 ] Request (ServersAdmin275Test:tearDownClass): 200 GET http://10.180.1.21/compute/v2.1/servers/34212518-eb14-4da3-913a-9c68b5f5e353 0.073s
2025-04-26 01:08:12.590 70535 INFO tempest.lib.common.rest_client [req-b62f37a8-67a4-4495-aeb1-c3ebf867be2c req-b62f37a8-67a4-4495-aeb1-c3ebf867be2c ] Request (FloatingIPsAssociationNegativeTestJSON:tearDownClass): 204 DELETE http://10.180.1.21:9696/networking/v2.0/networks/4c6e4665-e364-4ad9-932e-b547f1ccb260 0.244s
2025-04-26 01:08:12.617 70547 INFO tempest.lib.common.rest_client [req-f46cc742-03d4-48b7-be7a-229b84bc1cca req-f46cc742-03d4-48b7-be7a-229b84bc1cca ] Request (ServerPasswordTestJSON:setUpClass): 200 GET http://10.180.1.21/compute/v2.1/servers/e1e494d0-aba4-4254-b4c7-14d56d79c336 0.071s
2025-04-26 01:08:12.630 70559 INFO tempest.lib.common.rest_client [req-d306e179-aa26-4cfd-af21-3f525787760d req-d306e179-aa26-4cfd-af21-3f525787760d ] Request (InstanceActionsNegativeTestJSON:tearDownClass): 200 GET http://10.180.1.21/compute/v2.1/servers/1cad8a6b-a8b2-4078-a15b-3b370dd08bf9 0.076s
2025-04-26 01:08:12.669 70535 INFO tempest.lib.common.rest_client [req-c0934ef8-7485-473e-9ca1-dadc906b332e req-c0934ef8-7485-473e-9ca1-dadc906b332e ] Request (FloatingIPsAssociationNegativeTestJSON:tearDownClass): 204 DELETE http://10.180.1.21/identity/v3/users/ec98f6b45ece4967812045d68387dfbf 0.078s
2025-04-26 01:08:12.669 70535 INFO tempest.lib.common.dynamic_creds [-] Deleting project and security group for project: c3026a9bbacc4aa587e99797aa4e7911
2025-04-26 01:08:12.670 70529 INFO tempest.lib.common.rest_client [req-5b1dd093-b70a-4e46-8bc0-9cbfe45c44ba req-5b1dd093-b70a-4e46-8bc0-9cbfe45c44ba ] Request (ServersTestFqdnHostnames:test_create_server_with_fqdn_name): 200 GET http://10.180.1.21/compute/v2.1/servers/0f111af8-5458-46f1-8cde-f30a1dc8f355 0.056s
2025-04-26 01:08:12.684 70551 INFO tempest.lib.common.rest_client [req-9ddffe8a-e750-4e6b-8dff-d030526b918f req-9ddffe8a-e750-4e6b-8dff-d030526b918f ] Request (ServersTestMultiNic:test_verify_duplicate_network_nics): 200 GET http://10.180.1.21/compute/v2.1/servers/a88a7999-85b6-4f16-9da7-1dea0c980f16 0.062s
2025-04-26 01:08:12.713 70535 INFO tempest.lib.common.rest_client [req-6d9653b5-0ac6-4750-ad5f-ebdc64469f81 req-6d9653b5-0ac6-4750-ad5f-ebdc64469f81 ] Request (FloatingIPsAssociationNegativeTestJSON:tearDownClass): 200 GET http://10.180.1.21:9696/networking/v2.0/security-groups?tenant_id=c3026a9bbacc4aa587e99797aa4e7911&name=default 0.043s
2025-04-26 01:08:12.753 70557 WARNING tempest.lib.common.ssh [-] Failed to establish authenticated ssh connection to cirros@10.180.180.244 ([Errno None] Unable to connect to port 22 on 10.180.180.244). Number attempts: 2. Retry after 3 seconds.: paramiko.ssh_exception.NoValidConnectionsError: [Errno None] Unable to connect to port 22 on 10.180.180.244
2025-04-26 01:08:12.765 70523 INFO tempest.lib.common.rest_client [req-a13d90a0-7eef-46d0-bfe5-3ff98c1d1cc1 req-a13d90a0-7eef-46d0-bfe5-3ff98c1d1cc1 ] Request (ServerDiagnosticsV248Test:test_get_server_diagnostics): 200 GET http://10.180.1.21/compute/v2.1/servers/575326a8-9704-4f18-9488-0f9357a05860 0.086s
2025-04-26 01:08:12.769 70525 INFO tempest.lib.common.rest_client [req-97356e2c-c708-4f7c-9f3b-d8a852df3227 req-97356e2c-c708-4f7c-9f3b-d8a852df3227 ] Request (FloatingIPsAssociationTestJSON:setUpClass): 200 GET http://10.180.1.21/compute/v2.1/servers/0a47c5bb-e901-4095-984a-c52b1ee873d2 0.071s
2025-04-26 01:08:12.820 70519 INFO tempest.lib.common.rest_client [req-8c880a31-9b63-4401-88dd-58eeb0205b2b req-8c880a31-9b63-4401-88dd-58eeb0205b2b ] Request (DeleteServersAdminTestJSON:test_delete_server_while_in_error_state): 200 GET http://10.180.1.21/compute/v2.1/servers/f14f60ae-501b-44b6-a246-63b64a35aaa9 0.066s
2025-04-26 01:08:12.838 70535 INFO tempest.lib.common.rest_client [req-527cb509-b390-415e-bdc0-813f3c45e979 req-527cb509-b390-415e-bdc0-813f3c45e979 ] Request (FloatingIPsAssociationNegativeTestJSON:tearDownClass): 204 DELETE http://10.180.1.21:9696/networking/v2.0/security-groups/2f99763c-6b1c-4c89-b72c-4255c3b90438 0.125s
2025-04-26 01:08:12.897 70543 INFO tempest.lib.common.rest_client [req-4e7bfd28-61a3-4113-af5a-adf8cb229518 req-4e7bfd28-61a3-4113-af5a-adf8cb229518 ] Request (ServersListShow298Test:tearDownClass): 200 GET http://10.180.1.21/compute/v2.1/servers/ed5faa43-07dd-4a5c-bd7c-022867ac115f 0.077s
2025-04-26 01:08:12.913 70531 INFO tempest.lib.common.rest_client [req-41a2fd58-1c56-4a65-bd7f-2166da157e8d req-41a2fd58-1c56-4a65-bd7f-2166da157e8d ] Request (MigrationsAdminTest:test_list_migrations_in_flavor_resize_situation): 200 GET http://10.180.1.21/compute/v2.1/servers/0c653c24-61a2-468d-bcc6-112e95d6368a 0.115s
2025-04-26 01:08:12.944 70505 INFO tempest.lib.common.rest_client [req-67eac1d5-f93d-42e9-a26f-8a2b7f40b5e2 req-67eac1d5-f93d-42e9-a26f-8a2b7f40b5e2 ] Request (AttachInterfacesTestJSON:test_create_list_show_delete_interfaces_by_fixed_ip): 200 GET http://10.180.1.21/compute/v2.1/servers/25461bf2-3b05-45e3-9401-8f440b1e06f3 0.100s
2025-04-26 01:08:12.970 70501 INFO tempest.lib.common.rest_client [req-c2dd906c-b460-4710-b0a4-2b6309363383 req-c2dd906c-b460-4710-b0a4-2b6309363383 ] Request (ListServerFiltersTestJSON:tearDownClass): 200 GET http://10.180.1.21/compute/v2.1/servers/6750e7b9-6ca1-43a3-933c-516927e52767 0.074s
2025-04-26 01:08:12.989 70535 INFO tempest.lib.common.rest_client [req-cc15bf97-0ab2-4e7c-aa6a-98a7a9cafcef req-cc15bf97-0ab2-4e7c-aa6a-98a7a9cafcef ] Request (FloatingIPsAssociationNegativeTestJSON:tearDownClass): 204 DELETE http://10.180.1.21/identity/v3/projects/c3026a9bbacc4aa587e99797aa4e7911 0.148s
2025-04-26 01:08:13.002 70513 INFO tempest.lib.common.rest_client [req-f0f92a4d-bf4e-437b-a569-f47ab5f2be0e req-f0f92a4d-bf4e-437b-a569-f47ab5f2be0e ] Request (ListImageFiltersTestJSON:setUpClass): 200 GET http://10.180.1.21/compute/v2.1/servers/54c6c8cb-a4a7-44f9-b712-7977bfe0c54e 0.050s
2025-04-26 01:08:13.051 70535 INFO tempest.lib.common.rest_client [req-913f6d09-9fec-4133-938e-650c666676a5 req-913f6d09-9fec-4133-938e-650c666676a5 ] Request (FloatingIPDetailsNegativeTestJSON:setUpClass): 201 POST http://10.180.1.21/identity/v3/auth/tokens 0.059s
2025-04-26 01:08:13.058 70528 INFO tempest.lib.common.rest_client [req-5c847cce-a22d-4716-93e2-09bb63ac93c4 req-5c847cce-a22d-4716-93e2-09bb63ac93c4 ] Request (ServerActionsTestJSON:setUpClass): 200 GET http://10.180.1.21/compute/v2.1/servers/7ac66455-b270-4d41-aef2-63bb5191ecf9 0.050s
2025-04-26 01:08:13.087 70535 INFO tempest.lib.common.rest_client [req-dd95f34f-4562-4a33-88e3-ad808bd25b80 req-dd95f34f-4562-4a33-88e3-ad808bd25b80 ] Request (FloatingIPDetailsNegativeTestJSON:setUpClass): 201 POST http://10.180.1.21/identity/v3/auth/tokens 0.033s
2025-04-26 01:08:13.121 70535 INFO tempest.lib.common.rest_client [req-e1b23f87-1c38-4d60-a703-14e8e55d59bd req-e1b23f87-1c38-4d60-a703-14e8e55d59bd ] Request (FloatingIPDetailsNegativeTestJSON:setUpClass): 200 GET http://10.180.1.21/identity/v3/domains?name=Default 0.033s
2025-04-26 01:08:13.153 70535 INFO tempest.lib.common.rest_client [req-2b2d227f-4137-4722-b9a7-56cec8688aac req-2b2d227f-4137-4722-b9a7-56cec8688aac ] Request (FloatingIPDetailsNegativeTestJSON:setUpClass): 201 POST http://10.180.1.21/identity/v3/projects 0.031s
2025-04-26 01:08:13.167 70515 INFO tempest.lib.common.rest_client [req-078910d2-4136-4509-9108-59c1add568ff req-078910d2-4136-4509-9108-59c1add568ff ] Request (ServersAdminTestJSON:test_create_server_with_scheduling_hint): 200 GET http://10.180.1.21/compute/v2.1/servers/ffd5619f-4fd8-4d3b-a235-74cffa83216d 0.062s
2025-04-26 01:08:13.221 70535 INFO tempest.lib.common.rest_client [req-37aee866-76d6-49ce-828e-e0b8a16e8cad req-37aee866-76d6-49ce-828e-e0b8a16e8cad ] Request (FloatingIPDetailsNegativeTestJSON:setUpClass): 201 POST http://10.180.1.21/identity/v3/users 0.068s
2025-04-26 01:08:13.226 70539 INFO tempest.lib.common.rest_client [req-4d006dae-0a90-4390-b9ab-e9a2e91f64cf req-4d006dae-0a90-4390-b9ab-e9a2e91f64cf ] Request (ServerShowV247Test:test_update_rebuild_list_server): 200 GET http://10.180.1.21/compute/v2.1/servers/59d02e38-bd37-49eb-977c-577df91eb2e6 0.072s
2025-04-26 01:08:13.236 70507 INFO tempest.lib.common.rest_client [req-00a6f240-213f-4cf7-92b4-6ae2f04e5b14 req-00a6f240-213f-4cf7-92b4-6ae2f04e5b14 ] Request (ServersTestBootFromVolume:setUpClass): 200 GET http://10.180.1.21/compute/v2.1/servers/0bc3e427-2335-46f3-b311-fa688563fece 0.120s
2025-04-26 01:08:13.244 70535 INFO tempest.lib.common.rest_client [req-cfac4ec8-b170-437f-9675-c910d45069eb req-cfac4ec8-b170-437f-9675-c910d45069eb ] Request (FloatingIPDetailsNegativeTestJSON:setUpClass): 200 GET http://10.180.1.21/identity/v3/roles 0.023s
2025-04-26 01:08:13.282 70511 INFO tempest.lib.common.rest_client [req-8b2bf1d1-41d9-4b99-83a5-79f7719ba15a req-8b2bf1d1-41d9-4b99-83a5-79f7719ba15a ] Request (ImagesOneServerTestJSON:setUpClass): 200 GET http://10.180.1.21/compute/v2.1/servers/c4c8a84f-bcd6-48b9-9a4f-aff338cf8084 0.115s
2025-04-26 01:08:13.286 70535 INFO tempest.lib.common.rest_client [req-2873c482-aec2-48a0-965f-a20bb244e5cc req-2873c482-aec2-48a0-965f-a20bb244e5cc ] Request (FloatingIPDetailsNegativeTestJSON:setUpClass): 204 PUT http://10.180.1.21/identity/v3/projects/cabad189dfcd4034a2454497024d32a4/users/04720452562849d4a5434a40c050d1b9/roles/f591c89b987b4ea19071db1d48abbf95 0.041s
2025-04-26 01:08:13.286 70535 INFO tempest.lib.common.dynamic_creds [-] Dynamic test user 04720452562849d4a5434a40c050d1b9 is created with scope project and roles: ['member']
2025-04-26 01:08:13.287 70535 INFO tempest.lib.common.dynamic_creds [-] Acquired dynamic creds: credentials: Credentials: {'domain_id': 'default', 'domain_name': 'Default', 'username': 'tempest-FloatingIPDetailsNegativeTestJSON-894361994-project-member', 'project_domain_id': 'default', 'project_domain_name': 'Default', 'project_id': 'cabad189dfcd4034a2454497024d32a4', 'project_name': 'tempest-FloatingIPDetailsNegativeTestJSON-894361994', 'tenant_id': 'cabad189dfcd4034a2454497024d32a4', 'tenant_name': 'tempest-FloatingIPDetailsNegativeTestJSON-894361994', 'user_domain_id': 'default', 'user_domain_name': 'Default', 'user_id': '04720452562849d4a5434a40c050d1b9', 'system': None}, Network: None, Subnet: None, Router: None
2025-04-26 01:08:13.295 70503 INFO tempest.lib.common.rest_client [req-54989ed4-45ae-4d25-b86b-9ea5fa26d3ac req-54989ed4-45ae-4d25-b86b-9ea5fa26d3ac ] Request (ImagesOneServerNegativeTestJSON:setUpClass): 200 GET http://10.180.1.21/compute/v2.1/servers/c4022a83-16ef-4d53-8efa-76d794878ed4 0.098s
2025-04-26 01:08:13.347 70535 INFO tempest.lib.common.rest_client [req-c128c71f-f5c3-426c-a228-115b004be5d2 req-c128c71f-f5c3-426c-a228-115b004be5d2 ] Request (FloatingIPDetailsNegativeTestJSON:setUpClass): 201 POST http://10.180.1.21/identity/v3/auth/tokens 0.060s
2025-04-26 01:08:13.376 70517 INFO tempest.lib.common.rest_client [req-0d94057c-5752-4a9c-8e49-9a69a585ea9a req-0d94057c-5752-4a9c-8e49-9a69a585ea9a ] Request (ServersListShow296Test:test_list_show_update_rebuild_server_296): 200 GET http://10.180.1.21/compute/v2.1/servers/d0b2e7f5-622a-458f-86b2-44a8a6e86e1b 0.061s
2025-04-26 01:08:13.386 70517 INFO tempest.common.waiters [-] State transition "BUILD/None" ==> "BUILD/networking" after 42 second wait
2025-04-26 01:08:13.448 70499 INFO tempest.lib.common.rest_client [req-dc7960d9-da10-4b12-854e-2e7479e1ccea req-dc7960d9-da10-4b12-854e-2e7479e1ccea ] Request (ServersAdminNegativeTestJSON:tearDownClass): 200 GET http://10.180.1.21/compute/v2.1/servers/28201572-27d6-494c-a82a-73b22a2a276c 0.066s
2025-04-26 01:08:13.466 70497 INFO tempest.lib.common.rest_client [req-728c7e0d-a86f-47cd-b8e0-3bd484cc5f0b req-728c7e0d-a86f-47cd-b8e0-3bd484cc5f0b ] Request (ServerRescueNegativeTestJSON:setUpClass): 200 GET http://10.180.1.21/compute/v2.1/servers/af8598b0-ea9e-4751-aebc-414ece12150e 0.052s
2025-04-26 01:08:13.583 70521 INFO tempest.lib.common.rest_client [req-e2266857-c375-4fd3-8e16-fd869d531e9b req-e2266857-c375-4fd3-8e16-fd869d531e9b ] Request (ServerShowV257Test:tearDownClass): 200 GET http://10.180.1.21/compute/v2.1/servers/e94e9694-4aa0-470b-b46b-0c8c93dd3420 0.076s
2025-04-26 01:08:13.633 70535 INFO tempest.lib.common.rest_client [req-86f9c2c1-a5bc-4de9-80bc-269bcdd1620a req-86f9c2c1-a5bc-4de9-80bc-269bcdd1620a ] Request (FloatingIPDetailsNegativeTestJSON:setUpClass): 201 POST http://10.180.1.21:9696/networking/v2.0/networks 0.285s
2025-04-26 01:08:13.652 70509 INFO tempest.lib.common.rest_client [req-be11427f-560e-4f40-9b95-7ca6ee89290b req-be11427f-560e-4f40-9b95-7ca6ee89290b ] Request (ServersAdmin275Test:tearDownClass): 200 GET http://10.180.1.21/compute/v2.1/servers/34212518-eb14-4da3-913a-9c68b5f5e353 0.091s
2025-04-26 01:08:13.685 70547 INFO tempest.lib.common.rest_client [req-45c3e57a-c2b3-4aa9-838e-4d4122039d75 req-45c3e57a-c2b3-4aa9-838e-4d4122039d75 ] Request (ServerPasswordTestJSON:setUpClass): 200 GET http://10.180.1.21/compute/v2.1/servers/e1e494d0-aba4-4254-b4c7-14d56d79c336 0.059s
2025-04-26 01:08:13.721 70559 INFO tempest.lib.common.rest_client [req-834fecd9-3c09-4027-b0b4-bc6004a0fd3e req-834fecd9-3c09-4027-b0b4-bc6004a0fd3e ] Request (InstanceActionsNegativeTestJSON:tearDownClass): 200 GET http://10.180.1.21/compute/v2.1/servers/1cad8a6b-a8b2-4078-a15b-3b370dd08bf9 0.078s
2025-04-26 01:08:13.748 70529 INFO tempest.lib.common.rest_client [req-86c39457-f25a-42fc-807e-5aac7e0c7f9b req-86c39457-f25a-42fc-807e-5aac7e0c7f9b ] Request (ServersTestFqdnHostnames:test_create_server_with_fqdn_name): 200 GET http://10.180.1.21/compute/v2.1/servers/0f111af8-5458-46f1-8cde-f30a1dc8f355 0.068s
2025-04-26 01:08:13.785 70551 INFO tempest.lib.common.rest_client [req-b525d519-a0c4-491f-ba65-b2cc659370b4 req-b525d519-a0c4-491f-ba65-b2cc659370b4 ] Request (ServersTestMultiNic:test_verify_duplicate_network_nics): 200 GET http://10.180.1.21/compute/v2.1/servers/a88a7999-85b6-4f16-9da7-1dea0c980f16 0.093s
2025-04-26 01:08:13.845 70525 INFO tempest.lib.common.rest_client [req-8a2a4e01-ed22-40fa-8a8e-a9560b0f4b22 req-8a2a4e01-ed22-40fa-8a8e-a9560b0f4b22 ] Request (FloatingIPsAssociationTestJSON:setUpClass): 200 GET http://10.180.1.21/compute/v2.1/servers/0a47c5bb-e901-4095-984a-c52b1ee873d2 0.062s
2025-04-26 01:08:13.850 70535 INFO tempest.lib.common.rest_client [req-4eb7c7c8-0164-4e81-b619-988146bbc2ef req-4eb7c7c8-0164-4e81-b619-988146bbc2ef ] Request (FloatingIPDetailsNegativeTestJSON:setUpClass): 201 POST http://10.180.1.21:9696/networking/v2.0/subnets 0.216s
2025-04-26 01:08:13.850 70523 INFO tempest.lib.common.rest_client [req-e523bd7f-3375-401c-9645-f730a2e4df21 req-e523bd7f-3375-401c-9645-f730a2e4df21 ] Request (ServerDiagnosticsV248Test:test_get_server_diagnostics): 200 GET http://10.180.1.21/compute/v2.1/servers/575326a8-9704-4f18-9488-0f9357a05860 0.075s
2025-04-26 01:08:13.899 70519 INFO tempest.lib.common.rest_client [req-32600743-f958-4c17-91d3-f7fff456393b req-32600743-f958-4c17-91d3-f7fff456393b ] Request (DeleteServersAdminTestJSON:test_delete_server_while_in_error_state): 200 GET http://10.180.1.21/compute/v2.1/servers/f14f60ae-501b-44b6-a246-63b64a35aaa9 0.070s
2025-04-26 01:08:14.000 70543 INFO tempest.lib.common.rest_client [req-0e80c426-79b0-402f-9eb8-e765d3cc792b req-0e80c426-79b0-402f-9eb8-e765d3cc792b ] Request (ServersListShow298Test:tearDownClass): 200 GET http://10.180.1.21/compute/v2.1/servers/ed5faa43-07dd-4a5c-bd7c-022867ac115f 0.091s
2025-04-26 01:08:14.065 70505 INFO tempest.lib.common.rest_client [req-2cb1264f-57ba-4dab-be6e-9ce10059eb61 req-2cb1264f-57ba-4dab-be6e-9ce10059eb61 ] Request (AttachInterfacesTestJSON:test_create_list_show_delete_interfaces_by_fixed_ip): 200 GET http://10.180.1.21/compute/v2.1/servers/25461bf2-3b05-45e3-9401-8f440b1e06f3 0.112s
2025-04-26 01:08:14.094 70531 INFO tempest.lib.common.rest_client [req-4ac04803-ee8e-4fcc-aac7-d58ddd349ab7 req-4ac04803-ee8e-4fcc-aac7-d58ddd349ab7 ] Request (MigrationsAdminTest:test_list_migrations_in_flavor_resize_situation): 200 GET http://10.180.1.21/compute/v2.1/servers/0c653c24-61a2-468d-bcc6-112e95d6368a 0.171s
2025-04-26 01:08:14.132 70501 INFO tempest.lib.common.rest_client [req-2531f0d2-6b05-474a-bca4-1a2714eb7560 req-2531f0d2-6b05-474a-bca4-1a2714eb7560 ] Request (ListServerFiltersTestJSON:tearDownClass): 200 GET http://10.180.1.21/compute/v2.1/servers/6750e7b9-6ca1-43a3-933c-516927e52767 0.154s
2025-04-26 01:08:14.151 70513 INFO tempest.lib.common.rest_client [req-199d5670-dda8-4a0e-bd00-64895f768048 req-199d5670-dda8-4a0e-bd00-64895f768048 ] Request (ListImageFiltersTestJSON:setUpClass): 200 GET http://10.180.1.21/compute/v2.1/servers/54c6c8cb-a4a7-44f9-b712-7977bfe0c54e 0.141s
2025-04-26 01:08:14.193 70528 INFO tempest.lib.common.rest_client [req-62f528e5-0f75-452b-b9bd-f8b6f8645967 req-62f528e5-0f75-452b-b9bd-f8b6f8645967 ] Request (ServerActionsTestJSON:setUpClass): 200 GET http://10.180.1.21/compute/v2.1/servers/7ac66455-b270-4d41-aef2-63bb5191ecf9 0.127s
2025-04-26 01:08:14.240 70515 INFO tempest.lib.common.rest_client [req-fe242c6f-78b6-47b8-b4f4-3170a26a21b5 req-fe242c6f-78b6-47b8-b4f4-3170a26a21b5 ] Request (ServersAdminTestJSON:test_create_server_with_scheduling_hint): 200 GET http://10.180.1.21/compute/v2.1/servers/ffd5619f-4fd8-4d3b-a235-74cffa83216d 0.066s
2025-04-26 01:08:14.306 70539 INFO tempest.lib.common.rest_client [req-d8484637-c94d-432b-95b9-821cb7df7686 req-d8484637-c94d-432b-95b9-821cb7df7686 ] Request (ServerShowV247Test:test_update_rebuild_list_server): 200 GET http://10.180.1.21/compute/v2.1/servers/59d02e38-bd37-49eb-977c-577df91eb2e6 0.068s
2025-04-26 01:08:14.371 70511 INFO tempest.lib.common.rest_client [req-39cfc33c-6d09-462f-9087-f0e5a543faf5 req-39cfc33c-6d09-462f-9087-f0e5a543faf5 ] Request (ImagesOneServerTestJSON:setUpClass): 200 GET http://10.180.1.21/compute/v2.1/servers/c4c8a84f-bcd6-48b9-9a4f-aff338cf8084 0.081s
2025-04-26 01:08:14.442 70503 INFO tempest.lib.common.rest_client [req-4fa8173b-bf0e-490a-8da8-e1f7ecb964e8 req-4fa8173b-bf0e-490a-8da8-e1f7ecb964e8 ] Request (ImagesOneServerNegativeTestJSON:setUpClass): 200 GET http://10.180.1.21/compute/v2.1/servers/c4022a83-16ef-4d53-8efa-76d794878ed4 0.139s
2025-04-26 01:08:14.462 70507 INFO tempest.lib.common.rest_client [req-178eb6f4-b909-4859-a92a-ffef66b11779 req-178eb6f4-b909-4859-a92a-ffef66b11779 ] Request (ServersTestBootFromVolume:setUpClass): 200 GET http://10.180.1.21/compute/v2.1/servers/0bc3e427-2335-46f3-b311-fa688563fece 0.217s
2025-04-26 01:08:14.506 70517 INFO tempest.lib.common.rest_client [req-e119502e-f4b6-475f-ade1-8ce6b3c2c3a4 req-e119502e-f4b6-475f-ade1-8ce6b3c2c3a4 ] Request (ServersListShow296Test:test_list_show_update_rebuild_server_296): 200 GET http://10.180.1.21/compute/v2.1/servers/d0b2e7f5-622a-458f-86b2-44a8a6e86e1b 0.119s
2025-04-26 01:08:14.516 70517 INFO tempest.common.waiters [-] State transition "BUILD/networking" ==> "BUILD/spawning" after 43 second wait
2025-04-26 01:08:14.525 70499 INFO tempest.lib.common.rest_client [req-c7b347cd-0728-478c-828c-9ae542c0bd3b req-c7b347cd-0728-478c-828c-9ae542c0bd3b ] Request (ServersAdminNegativeTestJSON:tearDownClass): 200 GET http://10.180.1.21/compute/v2.1/servers/28201572-27d6-494c-a82a-73b22a2a276c 0.068s
2025-04-26 01:08:14.564 70497 INFO tempest.lib.common.rest_client [req-f7156439-9cc5-43c1-a68f-172bf2aa661e req-f7156439-9cc5-43c1-a68f-172bf2aa661e ] Request (ServerRescueNegativeTestJSON:setUpClass): 200 GET http://10.180.1.21/compute/v2.1/servers/af8598b0-ea9e-4751-aebc-414ece12150e 0.088s
2025-04-26 01:08:14.666 70521 INFO tempest.lib.common.rest_client [req-a46765dd-a28f-4777-8f7b-ac70690e0bc5 req-a46765dd-a28f-4777-8f7b-ac70690e0bc5 ] Request (ServerShowV257Test:tearDownClass): 200 GET http://10.180.1.21/compute/v2.1/servers/e94e9694-4aa0-470b-b46b-0c8c93dd3420 0.073s
2025-04-26 01:08:14.763 70509 INFO tempest.lib.common.rest_client [req-7344d719-6c49-4572-b56b-f9375feea73a req-7344d719-6c49-4572-b56b-f9375feea73a ] Request (ServersAdmin275Test:tearDownClass): 200 GET http://10.180.1.21/compute/v2.1/servers/34212518-eb14-4da3-913a-9c68b5f5e353 0.095s
2025-04-26 01:08:14.774 70547 INFO tempest.lib.common.rest_client [req-469ab970-1b35-48fa-95f5-6b2393c0ef15 req-469ab970-1b35-48fa-95f5-6b2393c0ef15 ] Request (ServerPasswordTestJSON:setUpClass): 200 GET http://10.180.1.21/compute/v2.1/servers/e1e494d0-aba4-4254-b4c7-14d56d79c336 0.078s
2025-04-26 01:08:14.807 70535 INFO tempest.lib.common.rest_client [req-6f960064-3b1f-4f95-a8e5-bf595fb023d3 req-6f960064-3b1f-4f95-a8e5-bf595fb023d3 ] Request (FloatingIPDetailsNegativeTestJSON:setUpClass): 201 POST http://10.180.1.21:9696/networking/v2.0/routers 0.956s
2025-04-26 01:08:14.839 70559 INFO tempest.lib.common.rest_client [req-35443a9d-5feb-402c-b22e-7d9eefcb7cc7 req-35443a9d-5feb-402c-b22e-7d9eefcb7cc7 ] Request (InstanceActionsNegativeTestJSON:tearDownClass): 200 GET http://10.180.1.21/compute/v2.1/servers/1cad8a6b-a8b2-4078-a15b-3b370dd08bf9 0.108s
2025-04-26 01:08:14.841 70529 INFO tempest.lib.common.rest_client [req-25e365f0-e071-4213-86e6-32f2a959fcec req-25e365f0-e071-4213-86e6-32f2a959fcec ] Request (ServersTestFqdnHostnames:test_create_server_with_fqdn_name): 200 GET http://10.180.1.21/compute/v2.1/servers/0f111af8-5458-46f1-8cde-f30a1dc8f355 0.082s
2025-04-26 01:08:14.890 70551 INFO tempest.lib.common.rest_client [req-da02054c-3b70-4701-96bd-bd8641c0ac73 req-da02054c-3b70-4701-96bd-bd8641c0ac73 ] Request (ServersTestMultiNic:test_verify_duplicate_network_nics): 200 GET http://10.180.1.21/compute/v2.1/servers/a88a7999-85b6-4f16-9da7-1dea0c980f16 0.092s
2025-04-26 01:08:14.917 70525 INFO tempest.lib.common.rest_client [req-d6619797-e94b-48dd-b7a4-fce29cc046aa req-d6619797-e94b-48dd-b7a4-fce29cc046aa ] Request (FloatingIPsAssociationTestJSON:setUpClass): 200 GET http://10.180.1.21/compute/v2.1/servers/0a47c5bb-e901-4095-984a-c52b1ee873d2 0.062s
2025-04-26 01:08:14.951 70523 INFO tempest.lib.common.rest_client [req-14ce1587-e565-4486-ba6d-4d94fc3aca91 req-14ce1587-e565-4486-ba6d-4d94fc3aca91 ] Request (ServerDiagnosticsV248Test:test_get_server_diagnostics): 200 GET http://10.180.1.21/compute/v2.1/servers/575326a8-9704-4f18-9488-0f9357a05860 0.091s
2025-04-26 01:08:14.971 70519 INFO tempest.lib.common.rest_client [req-76b1268b-2c87-430b-a01e-f4c42b8299e8 req-76b1268b-2c87-430b-a01e-f4c42b8299e8 ] Request (DeleteServersAdminTestJSON:test_delete_server_while_in_error_state): 200 GET http://10.180.1.21/compute/v2.1/servers/f14f60ae-501b-44b6-a246-63b64a35aaa9 0.063s
2025-04-26 01:08:15.089 70543 INFO tempest.lib.common.rest_client [req-7fc65f96-6a65-4b88-a0cc-907795cbefbf req-7fc65f96-6a65-4b88-a0cc-907795cbefbf ] Request (ServersListShow298Test:tearDownClass): 200 GET http://10.180.1.21/compute/v2.1/servers/ed5faa43-07dd-4a5c-bd7c-022867ac115f 0.076s
2025-04-26 01:08:15.134 70505 INFO tempest.lib.common.rest_client [req-96a2b6b7-1071-4b52-9684-807423af3e0a req-96a2b6b7-1071-4b52-9684-807423af3e0a ] Request (AttachInterfacesTestJSON:test_create_list_show_delete_interfaces_by_fixed_ip): 200 GET http://10.180.1.21/compute/v2.1/servers/25461bf2-3b05-45e3-9401-8f440b1e06f3 0.059s
2025-04-26 01:08:15.205 70531 INFO tempest.lib.common.rest_client [req-55108b6d-7712-4741-8026-9f323eb5b58e req-55108b6d-7712-4741-8026-9f323eb5b58e ] Request (MigrationsAdminTest:test_list_migrations_in_flavor_resize_situation): 200 GET http://10.180.1.21/compute/v2.1/servers/0c653c24-61a2-468d-bcc6-112e95d6368a 0.103s
2025-04-26 01:08:15.220 70501 INFO tempest.lib.common.rest_client [req-dbd7ccd3-2c65-4d24-8d51-a9e1e194f358 req-dbd7ccd3-2c65-4d24-8d51-a9e1e194f358 ] Request (ListServerFiltersTestJSON:tearDownClass): 200 GET http://10.180.1.21/compute/v2.1/servers/6750e7b9-6ca1-43a3-933c-516927e52767 0.076s
2025-04-26 01:08:15.262 70513 INFO tempest.lib.common.rest_client [req-54d94280-aa07-4302-81db-048d2b4d015c req-54d94280-aa07-4302-81db-048d2b4d015c ] Request (ListImageFiltersTestJSON:setUpClass): 200 GET http://10.180.1.21/compute/v2.1/servers/54c6c8cb-a4a7-44f9-b712-7977bfe0c54e 0.101s
2025-04-26 01:08:15.276 70528 INFO tempest.lib.common.rest_client [req-1412884e-c54f-433d-ae6f-e6914df36320 req-1412884e-c54f-433d-ae6f-e6914df36320 ] Request (ServerActionsTestJSON:setUpClass): 200 GET http://10.180.1.21/compute/v2.1/servers/7ac66455-b270-4d41-aef2-63bb5191ecf9 0.074s
2025-04-26 01:08:15.313 70515 INFO tempest.lib.common.rest_client [req-2f721ec8-086f-4763-a6d6-7538bed851e1 req-2f721ec8-086f-4763-a6d6-7538bed851e1 ] Request (ServersAdminTestJSON:test_create_server_with_scheduling_hint): 200 GET http://10.180.1.21/compute/v2.1/servers/ffd5619f-4fd8-4d3b-a235-74cffa83216d 0.064s
2025-04-26 01:08:15.372 70539 INFO tempest.lib.common.rest_client [req-d6457505-3674-4642-a01b-b8ab46afdc4d req-d6457505-3674-4642-a01b-b8ab46afdc4d ] Request (ServerShowV247Test:test_update_rebuild_list_server): 200 GET http://10.180.1.21/compute/v2.1/servers/59d02e38-bd37-49eb-977c-577df91eb2e6 0.055s
2025-04-26 01:08:15.382 70539 INFO tempest.common.waiters [-] State transition "REBUILD/rebuilding" ==> "REBUILD/rebuild_spawning" after 3 second wait
2025-04-26 01:08:15.436 70511 INFO tempest.lib.common.rest_client [req-3557b02e-621c-43d4-8ce7-a3da0d6f0aaf req-3557b02e-621c-43d4-8ce7-a3da0d6f0aaf ] Request (ImagesOneServerTestJSON:setUpClass): 200 GET http://10.180.1.21/compute/v2.1/servers/c4c8a84f-bcd6-48b9-9a4f-aff338cf8084 0.053s
2025-04-26 01:08:15.508 70503 INFO tempest.lib.common.rest_client [req-688e5347-e2ca-46af-871d-c30c3f94ae3a req-688e5347-e2ca-46af-871d-c30c3f94ae3a ] Request (ImagesOneServerNegativeTestJSON:setUpClass): 200 GET http://10.180.1.21/compute/v2.1/servers/c4022a83-16ef-4d53-8efa-76d794878ed4 0.058s
2025-04-26 01:08:15.581 70517 INFO tempest.lib.common.rest_client [req-92f91537-f14f-4a7d-84a2-b5eb0d2613cb req-92f91537-f14f-4a7d-84a2-b5eb0d2613cb ] Request (ServersListShow296Test:test_list_show_update_rebuild_server_296): 200 GET http://10.180.1.21/compute/v2.1/servers/d0b2e7f5-622a-458f-86b2-44a8a6e86e1b 0.064s
2025-04-26 01:08:15.589 70507 INFO tempest.lib.common.rest_client [req-9dd66551-3967-495a-9c20-e13e68850d85 req-9dd66551-3967-495a-9c20-e13e68850d85 ] Request (ServersTestBootFromVolume:setUpClass): 200 GET http://10.180.1.21/compute/v2.1/servers/0bc3e427-2335-46f3-b311-fa688563fece 0.118s
2025-04-26 01:08:15.610 70535 INFO tempest.lib.common.rest_client [req-18c68815-09a4-4dad-96e2-92d0f5286be5 req-18c68815-09a4-4dad-96e2-92d0f5286be5 ] Request (FloatingIPDetailsNegativeTestJSON:setUpClass): 200 PUT http://10.180.1.21:9696/networking/v2.0/routers/4b29afef-04c3-40f1-885a-a45154e4987f/add_router_interface 0.802s
2025-04-26 01:08:15.610 70535 INFO tempest.lib.common.dynamic_creds [-] Created isolated network resources for: credentials: Credentials: {'domain_id': 'default', 'domain_name': 'Default', 'username': 'tempest-FloatingIPDetailsNegativeTestJSON-894361994-project-member', 'project_domain_id': 'default', 'project_domain_name': 'Default', 'project_id': 'cabad189dfcd4034a2454497024d32a4', 'project_name': 'tempest-FloatingIPDetailsNegativeTestJSON-894361994', 'tenant_id': 'cabad189dfcd4034a2454497024d32a4', 'tenant_name': 'tempest-FloatingIPDetailsNegativeTestJSON-894361994', 'user_domain_id': 'default', 'user_domain_name': 'Default', 'user_id': '04720452562849d4a5434a40c050d1b9', 'system': None}, Network: {'id': '613ed8fa-63d9-44f7-9534-1f469820e5dd', 'name': 'tempest-FloatingIPDetailsNegativeTestJSON-2123437829-network', 'tenant_id': 'cabad189dfcd4034a2454497024d32a4', 'admin_state_up': True, 'mtu': 8950, 'status': 'ACTIVE', 'subnets': [], 'shared': False, 'project_id': 'cabad189dfcd4034a2454497024d32a4', 'port_security_enabled': True, 'router:external': False, 'provider:network_type': 'vlan', 'provider:physical_network': 'default', 'provider:segmentation_id': 475, 'availability_zone_hints': [], 'availability_zones': [], 'ipv4_address_scope': None, 'ipv6_address_scope': None, 'description': '', 'tags': [], 'created_at': '2025-04-26T01:08:13Z', 'updated_at': '2025-04-26T01:08:13Z', 'revision_number': 1}, Subnet: {'id': '93b0c4c7-2825-4f98-b110-bda41c11af96', 'name': 'tempest-FloatingIPDetailsNegativeTestJSON-2123437829-subnet', 'tenant_id': 'cabad189dfcd4034a2454497024d32a4', 'network_id': '613ed8fa-63d9-44f7-9534-1f469820e5dd', 'ip_version': 4, 'subnetpool_id': None, 'enable_dhcp': True, 'ipv6_ra_mode': None, 'ipv6_address_mode': None, 'gateway_ip': '192.168.128.1', 'cidr': '192.168.128.0/28', 'allocation_pools': [{'start': '192.168.128.2', 'end': '192.168.128.14'}], 'host_routes': [], 'dns_nameservers': [], 'description': '', 'router:external': False, 'service_types': [], 'tags': [], 'created_at': '2025-04-26T01:08:13Z', 'updated_at': '2025-04-26T01:08:13Z', 'revision_number': 0, 'project_id': 'cabad189dfcd4034a2454497024d32a4'}, Router: {'id': '4b29afef-04c3-40f1-885a-a45154e4987f', 'name': 'tempest-FloatingIPDetailsNegativeTestJSON-2123437829-router', 'tenant_id': 'cabad189dfcd4034a2454497024d32a4', 'admin_state_up': True, 'status': 'ACTIVE', 'external_gateway_info': {'network_id': '1408e763-5a5e-4e4a-97d9-6d0e0662ee98', 'external_fixed_ips': [{'subnet_id': '4e4f9a9a-02c6-4a99-afa8-f8123a72baef', 'ip_address': '10.180.180.205'}], 'enable_snat': True}, 'description': '', 'availability_zones': [], 'distributed': False, 'ha': False, 'availability_zone_hints': [], 'routes': [], 'flavor_id': None, 'tags': [], 'created_at': '2025-04-26T01:08:13Z', 'updated_at': '2025-04-26T01:08:14Z', 'revision_number': 2, 'project_id': 'cabad189dfcd4034a2454497024d32a4'}
2025-04-26 01:08:15.642 70499 INFO tempest.lib.common.rest_client [req-a8fd5927-8343-4235-a51f-92802891c3e4 req-a8fd5927-8343-4235-a51f-92802891c3e4 ] Request (ServersAdminNegativeTestJSON:tearDownClass): 200 GET http://10.180.1.21/compute/v2.1/servers/28201572-27d6-494c-a82a-73b22a2a276c 0.109s
2025-04-26 01:08:15.651 70497 INFO tempest.lib.common.rest_client [req-6c39c32f-184d-49a9-855f-bc2a02de3152 req-6c39c32f-184d-49a9-855f-bc2a02de3152 ] Request (ServerRescueNegativeTestJSON:setUpClass): 200 GET http://10.180.1.21/compute/v2.1/servers/af8598b0-ea9e-4751-aebc-414ece12150e 0.078s
2025-04-26 01:08:15.692 70535 INFO tempest.lib.common.rest_client [req-0d511910-8ca4-4db2-b693-cd5260587592 req-0d511910-8ca4-4db2-b693-cd5260587592 ] Request (FloatingIPDetailsNegativeTestJSON:setUpClass): 201 POST http://10.180.1.21/identity/v3/auth/tokens 0.078s
2025-04-26 01:08:15.752 70521 INFO tempest.lib.common.rest_client [req-c8ccedb8-ce75-41e9-bd8f-be6ea57e46f6 req-c8ccedb8-ce75-41e9-bd8f-be6ea57e46f6 ] Request (ServerShowV257Test:tearDownClass): 200 GET http://10.180.1.21/compute/v2.1/servers/e94e9694-4aa0-470b-b46b-0c8c93dd3420 0.071s
2025-04-26 01:08:15.796 70535 INFO tempest.lib.common.rest_client [req-dca59d51-0271-4ed5-be7a-8e1a8893bc93 req-dca59d51-0271-4ed5-be7a-8e1a8893bc93 ] Request (FloatingIPDetailsNegativeTestJSON:test_get_nonexistent_floating_ip_details): 404 GET http://10.180.1.21/compute/v2.1/os-floating-ips/f414732c-7720-4ae0-86cb-ff0e6fa1ddb0 0.103s
2025-04-26 01:08:15.805 70509 INFO tempest.lib.common.rest_client [req-4d38a9c0-5b51-4ac9-b148-67fba5f0738f req-4d38a9c0-5b51-4ac9-b148-67fba5f0738f ] Request (ServersAdmin275Test:tearDownClass): 404 GET http://10.180.1.21/compute/v2.1/servers/34212518-eb14-4da3-913a-9c68b5f5e353 0.029s
2025-04-26 01:08:15.872 70547 INFO tempest.lib.common.rest_client [req-69102f07-07e4-4eea-ad6d-28567b4edb21 req-69102f07-07e4-4eea-ad6d-28567b4edb21 ] Request (ServerPasswordTestJSON:setUpClass): 200 GET http://10.180.1.21/compute/v2.1/servers/e1e494d0-aba4-4254-b4c7-14d56d79c336 0.088s
2025-04-26 01:08:15.904 70509 INFO tempest.lib.common.rest_client [req-9eb07135-2e48-488c-be27-c2cbdd8d3978 req-9eb07135-2e48-488c-be27-c2cbdd8d3978 ] Request (ServersAdmin275Test:tearDownClass): 204 DELETE http://10.180.1.21/identity/v3/users/c0cfa4efab0b416f996af321353eefb5 0.098s
2025-04-26 01:08:15.911 70529 INFO tempest.lib.common.rest_client [req-bfc5b1fe-6f14-411e-86ce-8fdbf733c33d req-bfc5b1fe-6f14-411e-86ce-8fdbf733c33d ] Request (ServersTestFqdnHostnames:test_create_server_with_fqdn_name): 200 GET http://10.180.1.21/compute/v2.1/servers/0f111af8-5458-46f1-8cde-f30a1dc8f355 0.062s
2025-04-26 01:08:15.943 70559 INFO tempest.lib.common.rest_client [req-fe5e0315-95c3-4c6f-8cfd-4a4ed392d9a6 req-fe5e0315-95c3-4c6f-8cfd-4a4ed392d9a6 ] Request (InstanceActionsNegativeTestJSON:tearDownClass): 200 GET http://10.180.1.21/compute/v2.1/servers/1cad8a6b-a8b2-4078-a15b-3b370dd08bf9 0.093s
2025-04-26 01:08:15.976 70551 INFO tempest.lib.common.rest_client [req-16fc59c8-44db-4c7c-8ee9-f989fea307bf req-16fc59c8-44db-4c7c-8ee9-f989fea307bf ] Request (ServersTestMultiNic:test_verify_duplicate_network_nics): 200 GET http://10.180.1.21/compute/v2.1/servers/a88a7999-85b6-4f16-9da7-1dea0c980f16 0.078s
2025-04-26 01:08:16.004 70525 INFO tempest.lib.common.rest_client [req-930a5f40-d0c3-49bf-90eb-c3396a1ab59f req-930a5f40-d0c3-49bf-90eb-c3396a1ab59f ] Request (FloatingIPsAssociationTestJSON:setUpClass): 200 GET http://10.180.1.21/compute/v2.1/servers/0a47c5bb-e901-4095-984a-c52b1ee873d2 0.077s
2025-04-26 01:08:16.012 70509 INFO tempest.lib.common.rest_client [req-3fda7c9b-6f65-48db-b848-7f0e38649226 req-3fda7c9b-6f65-48db-b848-7f0e38649226 ] Request (ServersAdmin275Test:tearDownClass): 204 DELETE http://10.180.1.21/identity/v3/users/da97cc906499462fa294cc3926f75f5f 0.107s
2025-04-26 01:08:16.013 70509 INFO tempest.lib.common.dynamic_creds [-] Deleting project and security group for project: 78de59d4cb41442ab0d3e2eafa2c29ea
2025-04-26 01:08:16.040 70523 INFO tempest.lib.common.rest_client [req-de2eb6fd-5f24-4632-9031-26b9702fa7b5 req-de2eb6fd-5f24-4632-9031-26b9702fa7b5 ] Request (ServerDiagnosticsV248Test:test_get_server_diagnostics): 200 GET http://10.180.1.21/compute/v2.1/servers/575326a8-9704-4f18-9488-0f9357a05860 0.079s
2025-04-26 01:08:16.059 70519 INFO tempest.lib.common.rest_client [req-b96b5b41-287e-48c2-bb5b-a12c7165ac28 req-b96b5b41-287e-48c2-bb5b-a12c7165ac28 ] Request (DeleteServersAdminTestJSON:test_delete_server_while_in_error_state): 200 GET http://10.180.1.21/compute/v2.1/servers/f14f60ae-501b-44b6-a246-63b64a35aaa9 0.078s
2025-04-26 01:08:16.076 70509 INFO tempest.lib.common.rest_client [req-657d6749-9fc8-457d-8065-261343f061df req-657d6749-9fc8-457d-8065-261343f061df ] Request (ServersAdmin275Test:tearDownClass): 201 POST http://10.180.1.21/identity/v3/auth/tokens 0.064s
2025-04-26 01:08:16.279 70509 INFO tempest.lib.common.rest_client [req-6848e76b-8d17-41ed-86cc-e90800611a24 req-6848e76b-8d17-41ed-86cc-e90800611a24 ] Request (ServersAdmin275Test:tearDownClass): 200 GET http://10.180.1.21:9696/networking/v2.0/security-groups?tenant_id=78de59d4cb41442ab0d3e2eafa2c29ea&name=default 0.202s
2025-04-26 01:08:16.381 70509 INFO tempest.lib.common.rest_client [req-40f3057d-6d1b-47b6-8feb-322fdd7b9937 req-40f3057d-6d1b-47b6-8feb-322fdd7b9937 ] Request (ServersAdmin275Test:tearDownClass): 204 DELETE http://10.180.1.21:9696/networking/v2.0/security-groups/7eb25ea3-9743-412d-be1d-b01f95798845 0.101s
2025-04-26 01:08:16.394 70505 INFO tempest.lib.common.rest_client [req-ae1c7433-15a6-4871-9a96-0e3e2eaa796a req-ae1c7433-15a6-4871-9a96-0e3e2eaa796a ] Request (AttachInterfacesTestJSON:test_create_list_show_delete_interfaces_by_fixed_ip): 200 GET http://10.180.1.21/compute/v2.1/servers/25461bf2-3b05-45e3-9401-8f440b1e06f3 0.251s
2025-04-26 01:08:16.409 70543 INFO tempest.lib.common.rest_client [req-b0481f07-e581-4136-bd25-371493781daf req-b0481f07-e581-4136-bd25-371493781daf ] Request (ServersListShow298Test:tearDownClass): 200 GET http://10.180.1.21/compute/v2.1/servers/ed5faa43-07dd-4a5c-bd7c-022867ac115f 0.309s
2025-04-26 01:08:16.475 70509 INFO tempest.lib.common.rest_client [req-46d2b303-73d8-4d47-87ed-b868e1ba3025 req-46d2b303-73d8-4d47-87ed-b868e1ba3025 ] Request (ServersAdmin275Test:tearDownClass): 204 DELETE http://10.180.1.21/identity/v3/projects/78de59d4cb41442ab0d3e2eafa2c29ea 0.093s
2025-04-26 01:08:16.475 70509 INFO tempest.lib.common.dynamic_creds [-] Deleting project and security group for project: 7a21fc00826e496e993249a443057529
2025-04-26 01:08:16.489 70501 INFO tempest.lib.common.rest_client [req-b1a64062-33da-4b1d-984c-ffce6df06ddf req-b1a64062-33da-4b1d-984c-ffce6df06ddf ] Request (ListServerFiltersTestJSON:tearDownClass): 200 GET http://10.180.1.21/compute/v2.1/servers/6750e7b9-6ca1-43a3-933c-516927e52767 0.259s
2025-04-26 01:08:16.558 70513 INFO tempest.lib.common.rest_client [req-5cb84b9d-68d6-48e2-aa7c-0dd070ab77fe req-5cb84b9d-68d6-48e2-aa7c-0dd070ab77fe ] Request (ListImageFiltersTestJSON:setUpClass): 200 GET http://10.180.1.21/compute/v2.1/servers/54c6c8cb-a4a7-44f9-b712-7977bfe0c54e 0.287s
2025-04-26 01:08:16.583 70531 INFO tempest.lib.common.rest_client [req-b39f2aaf-fd10-4d0d-a54a-116bf1e440cb req-b39f2aaf-fd10-4d0d-a54a-116bf1e440cb ] Request (MigrationsAdminTest:test_list_migrations_in_flavor_resize_situation): 200 GET http://10.180.1.21/compute/v2.1/servers/0c653c24-61a2-468d-bcc6-112e95d6368a 0.369s
2025-04-26 01:08:16.593 70509 INFO tempest.lib.common.rest_client [req-cbf13707-6879-474f-a9ad-75e4101d22a5 req-cbf13707-6879-474f-a9ad-75e4101d22a5 ] Request (ServersAdmin275Test:tearDownClass): 200 GET http://10.180.1.21:9696/networking/v2.0/security-groups?tenant_id=7a21fc00826e496e993249a443057529&name=default 0.117s
2025-04-26 01:08:16.608 70528 INFO tempest.lib.common.rest_client [req-410dd172-db24-4568-924e-36396ac28917 req-410dd172-db24-4568-924e-36396ac28917 ] Request (ServerActionsTestJSON:setUpClass): 200 GET http://10.180.1.21/compute/v2.1/servers/7ac66455-b270-4d41-aef2-63bb5191ecf9 0.322s
2025-04-26 01:08:16.633 70515 INFO tempest.lib.common.rest_client [req-5e25a519-18c2-44c0-a175-330a33b68e07 req-5e25a519-18c2-44c0-a175-330a33b68e07 ] Request (ServersAdminTestJSON:test_create_server_with_scheduling_hint): 200 GET http://10.180.1.21/compute/v2.1/servers/ffd5619f-4fd8-4d3b-a235-74cffa83216d 0.311s
2025-04-26 01:08:16.661 70509 INFO tempest.lib.common.rest_client [req-8a954a2e-29ef-4f7f-a235-66e78ebed7fe req-8a954a2e-29ef-4f7f-a235-66e78ebed7fe ] Request (ServersAdmin275Test:tearDownClass): 204 DELETE http://10.180.1.21:9696/networking/v2.0/security-groups/0ea30676-7034-4689-9e2e-fbf1ecd9eb06 0.068s
2025-04-26 01:08:16.681 70539 INFO tempest.lib.common.rest_client [req-ed5074ec-311b-463e-bc9c-45d607e43f5d req-ed5074ec-311b-463e-bc9c-45d607e43f5d ] Request (ServerShowV247Test:test_update_rebuild_list_server): 200 GET http://10.180.1.21/compute/v2.1/servers/59d02e38-bd37-49eb-977c-577df91eb2e6 0.299s
2025-04-26 01:08:16.692 70511 INFO tempest.lib.common.rest_client [req-b8b1586f-9a31-4753-b991-556cd94c448e req-b8b1586f-9a31-4753-b991-556cd94c448e ] Request (ImagesOneServerTestJSON:setUpClass): 200 GET http://10.180.1.21/compute/v2.1/servers/c4c8a84f-bcd6-48b9-9a4f-aff338cf8084 0.244s
