2025-04-26 01:09:17.004 70515 INFO tempest.lib.common.rest_client [req-80e4eeb0-635e-42cf-847e-b0804fc7a10a req-80e4eeb0-635e-42cf-847e-b0804fc7a10a ] Request (ServersAdminTestJSON:test_inject_network_info): 200 GET http://10.180.1.21/compute/v2.1/servers/cb8dcc63-bef7-4eba-9ec5-477f7a09f2b8 0.060s
2025-04-26 01:09:17.218 70519 INFO tempest.lib.common.rest_client [req-8929962f-efdd-4f2d-98b2-3b6edbbd723b req-8929962f-efdd-4f2d-98b2-3b6edbbd723b ] Request (DeleteServersAdminTestJSON:test_delete_server_while_in_error_state): 200 GET http://10.180.1.21/compute/v2.1/servers/f14f60ae-501b-44b6-a246-63b64a35aaa9 0.055s
2025-04-26 01:09:17.268 70513 INFO tempest.lib.common.rest_client [req-d9427e7c-a9e6-43a4-bd14-e0f554af8c19 req-d9427e7c-a9e6-43a4-bd14-e0f554af8c19 ] Request (ListImageFiltersTestJSON:setUpClass): 200 GET http://10.180.1.21/compute/v2.1/servers/54c6c8cb-a4a7-44f9-b712-7977bfe0c54e 0.058s
2025-04-26 01:09:17.302 70497 INFO tempest.lib.common.rest_client [req-81612e2f-cc2a-43e8-b93c-6f07406e5b97 req-81612e2f-cc2a-43e8-b93c-6f07406e5b97 ] Request (ServerRescueNegativeTestJSON:setUpClass): 200 GET http://10.180.1.21/compute/v2.1/servers/af8598b0-ea9e-4751-aebc-414ece12150e 0.104s
2025-04-26 01:09:17.329 70501 INFO tempest.lib.common.rest_client [req-d13863c7-5563-47b7-9627-e6f0352e69a0 req-d13863c7-5563-47b7-9627-e6f0352e69a0 ] Request (ListServerFiltersTestJSON:tearDownClass): 200 GET http://10.180.1.21/compute/v2.1/servers/95b4ab4c-0dce-456e-847c-e4e38778446a 0.058s
2025-04-26 01:09:17.353 70547 INFO tempest.lib.common.rest_client [req-eb772938-52b5-443e-adfe-6c7c4039a01a req-eb772938-52b5-443e-adfe-6c7c4039a01a ] Request (ServerPasswordTestJSON:tearDownClass): 200 GET http://10.180.1.21/compute/v2.1/servers/e1e494d0-aba4-4254-b4c7-14d56d79c336 0.068s
2025-04-26 01:09:17.411 70535 INFO tempest.lib.common.rest_client [req-87cd24e7-e644-46db-b4fd-6b450e85471d req-87cd24e7-e644-46db-b4fd-6b450e85471d ] Request (ServerAddressesTestJSON:setUpClass): 200 GET http://10.180.1.21/compute/v2.1/servers/2fcb8655-8edf-4205-82f1-728c9fe0997e 0.048s
2025-04-26 01:09:17.448 70511 INFO tempest.lib.common.rest_client [req-c4b3efe4-8879-4f51-a761-2a05c9e919b1 req-c4b3efe4-8879-4f51-a761-2a05c9e919b1 ] Request (ImagesOneServerTestJSON:setUpClass): 200 GET http://10.180.1.21/compute/v2.1/servers/c4c8a84f-bcd6-48b9-9a4f-aff338cf8084 0.048s
2025-04-26 01:09:17.469 70525 INFO tempest.lib.common.rest_client [req-a0cf6a52-5927-4f8f-98d6-f7d6383cdfc1 req-a0cf6a52-5927-4f8f-98d6-f7d6383cdfc1 ] Request (FloatingIPsAssociationTestJSON:test_associate_already_associated_floating_ip): 200 GET http://10.180.1.21/compute/v2.1/servers/cdf9e135-81ba-4261-9d43-1680ad1c5bb3 0.046s
2025-04-26 01:09:17.535 70531 INFO tempest.lib.common.rest_client [req-2c935e46-9024-4385-b654-9bd10b7ece82 req-2c935e46-9024-4385-b654-9bd10b7ece82 ] Request (MigrationsAdminTest:test_resize_server_revert_deleted_flavor): 200 GET http://10.180.1.21/compute/v2.1/servers/e77916d8-d281-4418-aeab-169a6d99f109 0.047s
2025-04-26 01:09:17.616 70517 INFO tempest.lib.common.rest_client [req-f4df2baa-42b1-4b2d-9921-fc1f3d8b1ee2 req-f4df2baa-42b1-4b2d-9921-fc1f3d8b1ee2 ] Request (ServersListShow296Test:tearDownClass): 200 GET http://10.180.1.21/compute/v2.1/servers/d0b2e7f5-622a-458f-86b2-44a8a6e86e1b 0.068s
2025-04-26 01:09:17.626 70499 INFO tempest.lib.common.rest_client [req-89aafbd6-118d-4dfd-8281-d940cfa78369 req-89aafbd6-118d-4dfd-8281-d940cfa78369 ] Request (ServersAdminNegativeTestJSON:tearDownClass): 200 GET http://10.180.1.21/compute/v2.1/servers/21228faf-5663-44c8-b3ce-52e69d01eeac 0.057s
2025-04-26 01:09:17.676 70551 INFO tempest.lib.common.rest_client [req-f7ebabc3-73b8-4085-9954-8b118f019f9b req-f7ebabc3-73b8-4085-9954-8b118f019f9b ] Request (ServersTestMultiNic:test_verify_duplicate_network_nics): 200 GET http://10.180.1.21/compute/v2.1/servers/a88a7999-85b6-4f16-9da7-1dea0c980f16 0.059s
2025-04-26 01:09:17.683 70523 INFO tempest.lib.common.rest_client [req-8b1a3d0d-fe90-4b49-8b5b-fd2e5dfd3a58 req-8b1a3d0d-fe90-4b49-8b5b-fd2e5dfd3a58 ] Request (ServerDiagnosticsV248Test:tearDownClass): 200 GET http://10.180.1.21/compute/v2.1/servers/575326a8-9704-4f18-9488-0f9357a05860 0.082s
2025-04-26 01:09:17.721 70541 INFO tempest.lib.common.rest_client [req-d4e091cf-a5ff-4ce8-ae4a-3b0b5bcfd7f0 req-d4e091cf-a5ff-4ce8-ae4a-3b0b5bcfd7f0 ] Request (ServerMetadataTestJSON:setUpClass): 200 GET http://10.180.1.21/compute/v2.1/servers/8524c032-88de-4b91-a351-9413a628f230 0.078s
2025-04-26 01:09:17.762 70539 INFO tempest.lib.common.rest_client [req-7ec42b75-4a97-436b-b85a-f03a7f556908 req-7ec42b75-4a97-436b-b85a-f03a7f556908 ] Request (ServerShowV247Test:tearDownClass): 200 GET http://10.180.1.21/compute/v2.1/servers/d48215f1-518c-409d-a343-6c0eada63c56 0.058s
2025-04-26 01:09:17.818 70537 INFO tempest.lib.common.rest_client [req-d858344d-9643-42c2-9fd7-e17f892f8a0a req-d858344d-9643-42c2-9fd7-e17f892f8a0a ] Request (VolumesAssistedSnapshotsTest:tearDownClass): 200 GET http://10.180.1.21/compute/v2.1/servers/ca432dce-af3a-46fb-a71d-9d6e1ef8064d 0.080s
2025-04-26 01:09:17.845 70509 INFO tempest.lib.common.rest_client [req-e5073601-fbcd-4e85-8b4b-978208214288 req-e5073601-fbcd-4e85-8b4b-978208214288 ] Request (ImagesTestJSON:test_create_image_from_stopped_server): 200 GET http://10.180.1.21/compute/v2.1/servers/de59df0d-6372-447a-877c-41f3f26e6342 0.055s
2025-04-26 01:09:17.870 70529 INFO tempest.lib.common.rest_client [req-d4ff45a7-9688-4414-be38-b35331fde783 req-d4ff45a7-9688-4414-be38-b35331fde783 ] Request (ServersTestFqdnHostnames:test_create_server_with_fqdn_name): 200 GET http://10.180.1.21/compute/v2.1/servers/0f111af8-5458-46f1-8cde-f30a1dc8f355 0.052s
2025-04-26 01:09:17.968 70553 WARNING tempest.lib.common.ssh [-] Failed to establish authenticated ssh connection to cirros@10.180.180.203 ([Errno None] Unable to connect to port 22 on 10.180.180.203). Number attempts: 12. Retry after 13 seconds.: paramiko.ssh_exception.NoValidConnectionsError: [Errno None] Unable to connect to port 22 on 10.180.180.203
2025-04-26 01:09:17.988 70559 INFO tempest.lib.common.rest_client [req-9e8b4a8e-396d-4768-8fd0-93d2c0603380 req-9e8b4a8e-396d-4768-8fd0-93d2c0603380 ] Request (ServerShowV254Test:test_rebuild_server): 200 GET http://10.180.1.21/compute/v2.1/servers/f524ca71-6018-4bc9-8362-6668eea30748 0.053s
2025-04-26 01:09:18.024 70505 INFO tempest.lib.common.rest_client [req-6ed3533b-ca40-4636-8507-bb0bac7ee2d1 req-6ed3533b-ca40-4636-8507-bb0bac7ee2d1 ] Request (AttachInterfacesTestJSON:test_create_list_show_delete_interfaces_by_fixed_ip): 200 GET http://10.180.1.21/compute/v2.1/servers/25461bf2-3b05-45e3-9401-8f440b1e06f3/os-interface 0.063s
2025-04-26 01:09:18.047 70503 INFO tempest.lib.common.rest_client [req-7b5ffd9e-6fb5-41e8-bd88-5f598dc3cf0d req-7b5ffd9e-6fb5-41e8-bd88-5f598dc3cf0d ] Request (ImagesOneServerNegativeTestJSON:_run_cleanups): 200 GET http://10.180.1.21/compute/v2.1/servers/c4022a83-16ef-4d53-8efa-76d794878ed4 0.063s
2025-04-26 01:09:18.070 70515 INFO tempest.lib.common.rest_client [req-fcad976a-834b-4591-acec-b36cb3a70523 req-fcad976a-834b-4591-acec-b36cb3a70523 ] Request (ServersAdminTestJSON:test_inject_network_info): 200 GET http://10.180.1.21/compute/v2.1/servers/cb8dcc63-bef7-4eba-9ec5-477f7a09f2b8 0.058s
2025-04-26 01:09:18.282 70519 INFO tempest.lib.common.rest_client [req-840e59d3-3cd9-49a8-9d7a-34b82ca838a3 req-840e59d3-3cd9-49a8-9d7a-34b82ca838a3 ] Request (DeleteServersAdminTestJSON:test_delete_server_while_in_error_state): 200 GET http://10.180.1.21/compute/v2.1/servers/f14f60ae-501b-44b6-a246-63b64a35aaa9 0.057s
2025-04-26 01:09:18.327 70513 INFO tempest.lib.common.rest_client [req-8dc3df80-814d-4dfa-8300-4517e578a388 req-8dc3df80-814d-4dfa-8300-4517e578a388 ] Request (ListImageFiltersTestJSON:setUpClass): 200 GET http://10.180.1.21/compute/v2.1/servers/54c6c8cb-a4a7-44f9-b712-7977bfe0c54e 0.051s
2025-04-26 01:09:18.399 70501 INFO tempest.lib.common.rest_client [req-b6a8f277-9236-4544-9d55-a9c22c0af8a7 req-b6a8f277-9236-4544-9d55-a9c22c0af8a7 ] Request (ListServerFiltersTestJSON:tearDownClass): 200 GET http://10.180.1.21/compute/v2.1/servers/95b4ab4c-0dce-456e-847c-e4e38778446a 0.059s
2025-04-26 01:09:18.437 70497 INFO tempest.lib.common.rest_client [req-d047c64a-c0cc-4cc9-a312-0c6b72cf74d7 req-d047c64a-c0cc-4cc9-a312-0c6b72cf74d7 ] Request (ServerRescueNegativeTestJSON:setUpClass): 200 GET http://10.180.1.21/compute/v2.1/servers/af8598b0-ea9e-4751-aebc-414ece12150e 0.127s
2025-04-26 01:09:18.443 70497 INFO tempest.common.waiters [-] State transition "ACTIVE/rescuing" ==> "RESCUE/None" after 9 second wait
2025-04-26 01:09:18.448 70547 INFO tempest.lib.common.rest_client [req-2ae50d70-b4ea-4392-87de-cea51ab750f5 req-2ae50d70-b4ea-4392-87de-cea51ab750f5 ] Request (ServerPasswordTestJSON:tearDownClass): 200 GET http://10.180.1.21/compute/v2.1/servers/e1e494d0-aba4-4254-b4c7-14d56d79c336 0.087s
2025-04-26 01:09:18.484 70535 INFO tempest.lib.common.rest_client [req-ccecbe5d-8089-4413-b6c5-02a0a1b01511 req-ccecbe5d-8089-4413-b6c5-02a0a1b01511 ] Request (ServerAddressesTestJSON:setUpClass): 200 GET http://10.180.1.21/compute/v2.1/servers/2fcb8655-8edf-4205-82f1-728c9fe0997e 0.065s
2025-04-26 01:09:18.527 70511 INFO tempest.lib.common.rest_client [req-fcd7b4e6-9a9d-4d5c-8606-abeace3ee741 req-fcd7b4e6-9a9d-4d5c-8606-abeace3ee741 ] Request (ImagesOneServerTestJSON:setUpClass): 200 GET http://10.180.1.21/compute/v2.1/servers/c4c8a84f-bcd6-48b9-9a4f-aff338cf8084 0.071s
2025-04-26 01:09:18.534 70497 INFO tempest.lib.common.rest_client [req-b9dea32e-1e8e-46fa-b453-7762015c6d1a req-b9dea32e-1e8e-46fa-b453-7762015c6d1a ] Request (ServerRescueNegativeTestJSON:setUpClass): 200 GET http://10.180.1.21/compute/v2.1/servers/4cbd6401-885a-4bd2-af8d-1c51bd0c4f20 0.090s
2025-04-26 01:09:18.553 70497 INFO tempest.lib.common.rest_client [req-7bd038a6-6faa-4e34-94c3-a20587c78578 req-7bd038a6-6faa-4e34-94c3-a20587c78578 ] Request (ServerRescueNegativeTestJSON:test_rescue_non_existent_server): 404 POST http://10.180.1.21/compute/v2.1/servers/1fe42a96-a115-4552-af43-68586cb01563/action 0.012s
2025-04-26 01:09:18.574 70525 INFO tempest.lib.common.rest_client [req-788af7f2-b96b-44fd-b4c1-5cc190571414 req-788af7f2-b96b-44fd-b4c1-5cc190571414 ] Request (FloatingIPsAssociationTestJSON:test_associate_already_associated_floating_ip): 200 GET http://10.180.1.21/compute/v2.1/servers/cdf9e135-81ba-4261-9d43-1680ad1c5bb3 0.097s
2025-04-26 01:09:18.596 70531 INFO tempest.lib.common.rest_client [req-aa775961-cf00-4efd-a7ef-13ddc337c902 req-aa775961-cf00-4efd-a7ef-13ddc337c902 ] Request (MigrationsAdminTest:test_resize_server_revert_deleted_flavor): 200 GET http://10.180.1.21/compute/v2.1/servers/e77916d8-d281-4418-aeab-169a6d99f109 0.053s
2025-04-26 01:09:18.695 70499 INFO tempest.lib.common.rest_client [req-4d0b9121-cfc0-4d0f-b423-4d6721bda986 req-4d0b9121-cfc0-4d0f-b423-4d6721bda986 ] Request (ServersAdminNegativeTestJSON:tearDownClass): 200 GET http://10.180.1.21/compute/v2.1/servers/21228faf-5663-44c8-b3ce-52e69d01eeac 0.061s
2025-04-26 01:09:18.704 70517 INFO tempest.lib.common.rest_client [req-f7ab9871-3730-40a3-915e-a67cb53e4c56 req-f7ab9871-3730-40a3-915e-a67cb53e4c56 ] Request (ServersListShow296Test:tearDownClass): 200 GET http://10.180.1.21/compute/v2.1/servers/d0b2e7f5-622a-458f-86b2-44a8a6e86e1b 0.070s
2025-04-26 01:09:18.722 70497 INFO tempest.lib.common.rest_client [req-7654e5c4-5229-4fc0-9abd-2b6e1984f91e req-7654e5c4-5229-4fc0-9abd-2b6e1984f91e ] Request (ServerRescueNegativeTestJSON:test_rescued_vm_attach_volume): 202 POST http://10.180.1.21/volume/v3/volumes 0.168s
2025-04-26 01:09:18.751 70551 INFO tempest.lib.common.rest_client [req-ea8f7c33-11a5-4186-b401-cef193cbd44a req-ea8f7c33-11a5-4186-b401-cef193cbd44a ] Request (ServersTestMultiNic:test_verify_duplicate_network_nics): 200 GET http://10.180.1.21/compute/v2.1/servers/a88a7999-85b6-4f16-9da7-1dea0c980f16 0.067s
2025-04-26 01:09:18.755 70497 INFO tempest.lib.common.rest_client [req-90ccb3ee-3c6b-44a2-bce4-4532ce21f430 req-90ccb3ee-3c6b-44a2-bce4-4532ce21f430 ] Request (ServerRescueNegativeTestJSON:test_rescued_vm_attach_volume): 200 GET http://10.180.1.21/volume/v3/volumes/87f31631-361e-45f0-bfc3-1f3c671f4305 0.027s
2025-04-26 01:09:18.769 70523 INFO tempest.lib.common.rest_client [req-19bf9bd8-c386-4308-9bf2-14fa53faeabe req-19bf9bd8-c386-4308-9bf2-14fa53faeabe ] Request (ServerDiagnosticsV248Test:tearDownClass): 200 GET http://10.180.1.21/compute/v2.1/servers/575326a8-9704-4f18-9488-0f9357a05860 0.078s
2025-04-26 01:09:18.807 70541 INFO tempest.lib.common.rest_client [req-9f6c7358-9304-463a-a263-5d70fbbe1c76 req-9f6c7358-9304-463a-a263-5d70fbbe1c76 ] Request (ServerMetadataTestJSON:setUpClass): 200 GET http://10.180.1.21/compute/v2.1/servers/8524c032-88de-4b91-a351-9413a628f230 0.074s
2025-04-26 01:09:18.823 70539 INFO tempest.lib.common.rest_client [req-90e86285-c18f-40cd-9d11-0fd3ae65f4ca req-90e86285-c18f-40cd-9d11-0fd3ae65f4ca ] Request (ServerShowV247Test:tearDownClass): 200 GET http://10.180.1.21/compute/v2.1/servers/d48215f1-518c-409d-a343-6c0eada63c56 0.050s
2025-04-26 01:09:18.884 70537 INFO tempest.lib.common.rest_client [req-f6d45264-2bd2-48ed-bf6c-5dd081065c69 req-f6d45264-2bd2-48ed-bf6c-5dd081065c69 ] Request (VolumesAssistedSnapshotsTest:tearDownClass): 200 GET http://10.180.1.21/compute/v2.1/servers/ca432dce-af3a-46fb-a71d-9d6e1ef8064d 0.055s
2025-04-26 01:09:18.899 70509 INFO tempest.lib.common.rest_client [req-bc1f82bc-fab7-4ad4-befa-97188758fc2a req-bc1f82bc-fab7-4ad4-befa-97188758fc2a ] Request (ImagesTestJSON:test_create_image_from_stopped_server): 200 GET http://10.180.1.21/compute/v2.1/servers/de59df0d-6372-447a-877c-41f3f26e6342 0.046s
2025-04-26 01:09:18.927 70529 INFO tempest.lib.common.rest_client [req-90ea8b97-9b6e-40a0-8f0b-7fa396de59ba req-90ea8b97-9b6e-40a0-8f0b-7fa396de59ba ] Request (ServersTestFqdnHostnames:test_create_server_with_fqdn_name): 200 GET http://10.180.1.21/compute/v2.1/servers/0f111af8-5458-46f1-8cde-f30a1dc8f355 0.048s
2025-04-26 01:09:19.048 70559 INFO tempest.lib.common.rest_client [req-61110ace-8164-48e9-a0c4-6ff68319d3a7 req-61110ace-8164-48e9-a0c4-6ff68319d3a7 ] Request (ServerShowV254Test:test_rebuild_server): 200 GET http://10.180.1.21/compute/v2.1/servers/f524ca71-6018-4bc9-8362-6668eea30748 0.051s
2025-04-26 01:09:19.117 70503 INFO tempest.lib.common.rest_client [req-7ac8c0ff-4c65-43df-b5f6-b489f6714342 req-7ac8c0ff-4c65-43df-b5f6-b489f6714342 ] Request (ImagesOneServerNegativeTestJSON:_run_cleanups): 200 GET http://10.180.1.21/compute/v2.1/servers/c4022a83-16ef-4d53-8efa-76d794878ed4 0.061s
2025-04-26 01:09:19.127 70505 INFO tempest.lib.common.rest_client [req-8684c347-b25f-4f4e-a428-1b0a311c1c06 req-8684c347-b25f-4f4e-a428-1b0a311c1c06 ] Request (AttachInterfacesTestJSON:test_create_list_show_delete_interfaces_by_fixed_ip): 200 GET http://10.180.1.21/compute/v2.1/servers/25461bf2-3b05-45e3-9401-8f440b1e06f3/os-interface 0.100s
2025-04-26 01:09:19.158 70515 INFO tempest.lib.common.rest_client [req-a47b86da-49ca-4948-88e7-f2b3e32f2ea8 req-a47b86da-49ca-4948-88e7-f2b3e32f2ea8 ] Request (ServersAdminTestJSON:test_inject_network_info): 200 GET http://10.180.1.21/compute/v2.1/servers/cb8dcc63-bef7-4eba-9ec5-477f7a09f2b8 0.080s
2025-04-26 01:09:19.350 70519 INFO tempest.lib.common.rest_client [req-6bd23f51-c2b5-470a-922f-50d38e5c28e9 req-6bd23f51-c2b5-470a-922f-50d38e5c28e9 ] Request (DeleteServersAdminTestJSON:test_delete_server_while_in_error_state): 200 GET http://10.180.1.21/compute/v2.1/servers/f14f60ae-501b-44b6-a246-63b64a35aaa9 0.059s
2025-04-26 01:09:19.382 70513 INFO tempest.lib.common.rest_client [req-12905c0e-8a0d-4145-9852-d18efc5323a6 req-12905c0e-8a0d-4145-9852-d18efc5323a6 ] Request (ListImageFiltersTestJSON:setUpClass): 200 GET http://10.180.1.21/compute/v2.1/servers/54c6c8cb-a4a7-44f9-b712-7977bfe0c54e 0.047s
2025-04-26 01:09:19.391 70513 INFO tempest.common.waiters [-] State transition "BUILD/None" ==> "BUILD/networking" after 80 second wait
2025-04-26 01:09:19.464 70501 INFO tempest.lib.common.rest_client [req-33473656-5a4a-4bac-a2c7-17d1fe7d2b57 req-33473656-5a4a-4bac-a2c7-17d1fe7d2b57 ] Request (ListServerFiltersTestJSON:tearDownClass): 200 GET http://10.180.1.21/compute/v2.1/servers/95b4ab4c-0dce-456e-847c-e4e38778446a 0.056s
2025-04-26 01:09:19.511 70547 INFO tempest.lib.common.rest_client [req-23d1b20a-7fe1-4489-b26c-403306ce96cb req-23d1b20a-7fe1-4489-b26c-403306ce96cb ] Request (ServerPasswordTestJSON:tearDownClass): 200 GET http://10.180.1.21/compute/v2.1/servers/e1e494d0-aba4-4254-b4c7-14d56d79c336 0.056s
2025-04-26 01:09:19.547 70535 INFO tempest.lib.common.rest_client [req-16c73f6b-d3b4-4e62-a86c-44c72ddfdd42 req-16c73f6b-d3b4-4e62-a86c-44c72ddfdd42 ] Request (ServerAddressesTestJSON:setUpClass): 200 GET http://10.180.1.21/compute/v2.1/servers/2fcb8655-8edf-4205-82f1-728c9fe0997e 0.055s
2025-04-26 01:09:19.587 70511 INFO tempest.lib.common.rest_client [req-79cba60b-3732-4e79-9b52-4087e891c9da req-79cba60b-3732-4e79-9b52-4087e891c9da ] Request (ImagesOneServerTestJSON:setUpClass): 200 GET http://10.180.1.21/compute/v2.1/servers/c4c8a84f-bcd6-48b9-9a4f-aff338cf8084 0.052s
2025-04-26 01:09:19.633 70525 INFO tempest.lib.common.rest_client [req-85481cc1-c507-44f0-b282-3e57d4b1ca77 req-85481cc1-c507-44f0-b282-3e57d4b1ca77 ] Request (FloatingIPsAssociationTestJSON:test_associate_already_associated_floating_ip): 200 GET http://10.180.1.21/compute/v2.1/servers/cdf9e135-81ba-4261-9d43-1680ad1c5bb3 0.051s
2025-04-26 01:09:19.650 70531 INFO tempest.lib.common.rest_client [req-eaf85659-3d5c-4ae4-a3c5-d8b387abe5bb req-eaf85659-3d5c-4ae4-a3c5-d8b387abe5bb ] Request (MigrationsAdminTest:test_resize_server_revert_deleted_flavor): 200 GET http://10.180.1.21/compute/v2.1/servers/e77916d8-d281-4418-aeab-169a6d99f109 0.047s
2025-04-26 01:09:19.726 70499 INFO tempest.lib.common.rest_client [req-78b9c754-a286-4e10-89da-c242c368c9b1 req-78b9c754-a286-4e10-89da-c242c368c9b1 ] Request (ServersAdminNegativeTestJSON:tearDownClass): 404 GET http://10.180.1.21/compute/v2.1/servers/21228faf-5663-44c8-b3ce-52e69d01eeac 0.022s
2025-04-26 01:09:19.744 70517 INFO tempest.lib.common.rest_client [req-f743a354-ff94-4a6e-980c-a47b3eace262 req-f743a354-ff94-4a6e-980c-a47b3eace262 ] Request (ServersListShow296Test:tearDownClass): 404 GET http://10.180.1.21/compute/v2.1/servers/d0b2e7f5-622a-458f-86b2-44a8a6e86e1b 0.029s
2025-04-26 01:09:19.807 70497 INFO tempest.lib.common.rest_client [req-5e827b7f-f5c4-41da-8a29-4b439ec898eb req-5e827b7f-f5c4-41da-8a29-4b439ec898eb ] Request (ServerRescueNegativeTestJSON:test_rescued_vm_attach_volume): 200 GET http://10.180.1.21/volume/v3/volumes/87f31631-361e-45f0-bfc3-1f3c671f4305 0.041s
2025-04-26 01:09:19.814 70497 INFO tempest.common.waiters [-] volume 87f31631-361e-45f0-bfc3-1f3c671f4305 reached available after waiting for 1.814079 seconds
2025-04-26 01:09:19.820 70517 INFO tempest.lib.common.rest_client [req-e79a5377-1af5-457f-a310-ce85210435cd req-e79a5377-1af5-457f-a310-ce85210435cd ] Request (ServersListShow296Test:tearDownClass): 204 DELETE http://10.180.1.21/identity/v3/users/0cfc41db66b541f1a03711775f57a151 0.075s
2025-04-26 01:09:19.820 70517 INFO tempest.lib.common.dynamic_creds [-] Deleting project and security group for project: f5f1cff4224d4d9c9a5258627f9a0d49
2025-04-26 01:09:19.822 70499 INFO tempest.lib.common.rest_client [req-2bd6e32a-eea9-4f17-af1b-f52b80139988 req-2bd6e32a-eea9-4f17-af1b-f52b80139988 ] Request (ServersAdminNegativeTestJSON:tearDownClass): 204 DELETE http://10.180.1.21/identity/v3/users/19f2849d07f242cfb5aa659b7b966e13 0.095s
2025-04-26 01:09:19.825 70528 WARNING tempest.lib.common.ssh [-] Failed to establish authenticated ssh connection to cirros@10.180.180.210 ([Errno None] Unable to connect to port 22 on 10.180.180.210). Number attempts: 2. Retry after 3 seconds.: paramiko.ssh_exception.NoValidConnectionsError: [Errno None] Unable to connect to port 22 on 10.180.180.210
2025-04-26 01:09:19.833 70551 INFO tempest.lib.common.rest_client [req-5708e1df-ab81-4eda-9e4d-90253663ac33 req-5708e1df-ab81-4eda-9e4d-90253663ac33 ] Request (ServersTestMultiNic:test_verify_duplicate_network_nics): 200 GET http://10.180.1.21/compute/v2.1/servers/a88a7999-85b6-4f16-9da7-1dea0c980f16 0.073s
2025-04-26 01:09:19.851 70523 INFO tempest.lib.common.rest_client [req-2010a35b-b175-4bb5-8b09-e0058edae774 req-2010a35b-b175-4bb5-8b09-e0058edae774 ] Request (ServerDiagnosticsV248Test:tearDownClass): 200 GET http://10.180.1.21/compute/v2.1/servers/575326a8-9704-4f18-9488-0f9357a05860 0.071s
2025-04-26 01:09:19.886 70517 INFO tempest.lib.common.rest_client [req-52c16beb-78b9-4fdc-8c84-9c872ac7acd3 req-52c16beb-78b9-4fdc-8c84-9c872ac7acd3 ] Request (ServersListShow296Test:tearDownClass): 201 POST http://10.180.1.21/identity/v3/auth/tokens 0.065s
2025-04-26 01:09:19.889 70557 WARNING tempest.lib.common.ssh [-] Failed to establish authenticated ssh connection to cirros@10.180.180.244 ([Errno None] Unable to connect to port 22 on 10.180.180.244). Number attempts: 9. Retry after 10 seconds.: paramiko.ssh_exception.NoValidConnectionsError: [Errno None] Unable to connect to port 22 on 10.180.180.244
2025-04-26 01:09:19.903 70541 INFO tempest.lib.common.rest_client [req-8261032d-beb9-4d91-beec-d282c198dcaf req-8261032d-beb9-4d91-beec-d282c198dcaf ] Request (ServerMetadataTestJSON:setUpClass): 200 GET http://10.180.1.21/compute/v2.1/servers/8524c032-88de-4b91-a351-9413a628f230 0.087s
2025-04-26 01:09:19.913 70499 INFO tempest.lib.common.rest_client [req-201027c2-7cbf-4815-8f6a-4a9137b835de req-201027c2-7cbf-4815-8f6a-4a9137b835de ] Request (ServersAdminNegativeTestJSON:tearDownClass): 204 DELETE http://10.180.1.21/identity/v3/users/1c15004fffb14b5cbfa6442b8e6dd6c6 0.091s
2025-04-26 01:09:19.914 70499 INFO tempest.lib.common.dynamic_creds [-] Deleting project and security group for project: 61f81bebe5e04c29aa17ac647b73740c
2025-04-26 01:09:19.924 70497 INFO tempest.lib.common.rest_client [req-7353c4a8-50c8-44aa-8d26-29d16ae8edae req-7353c4a8-50c8-44aa-8d26-29d16ae8edae ] Request (ServerRescueNegativeTestJSON:test_rescued_vm_attach_volume): 200 POST http://10.180.1.21/compute/v2.1/servers/4cbd6401-885a-4bd2-af8d-1c51bd0c4f20/action 0.109s
2025-04-26 01:09:19.974 70499 INFO tempest.lib.common.rest_client [req-1393c081-739a-48d5-9d86-a574375c7650 req-1393c081-739a-48d5-9d86-a574375c7650 ] Request (ServersAdminNegativeTestJSON:tearDownClass): 201 POST http://10.180.1.21/identity/v3/auth/tokens 0.060s
2025-04-26 01:09:19.974 70539 INFO tempest.lib.common.rest_client [req-a680d916-2a4c-4cf7-b664-12430a593a45 req-a680d916-2a4c-4cf7-b664-12430a593a45 ] Request (ServerShowV247Test:tearDownClass): 200 GET http://10.180.1.21/compute/v2.1/servers/d48215f1-518c-409d-a343-6c0eada63c56 0.143s
2025-04-26 01:09:19.984 70539 INFO tempest.common.waiters [-] State transition "ACTIVE/deleting" ==> "DELETED/None" after 4 second wait
2025-04-26 01:09:19.995 70537 INFO tempest.lib.common.rest_client [req-545bf3b6-d06b-41d2-80a1-c019995ee134 req-545bf3b6-d06b-41d2-80a1-c019995ee134 ] Request (VolumesAssistedSnapshotsTest:tearDownClass): 200 GET http://10.180.1.21/compute/v2.1/servers/ca432dce-af3a-46fb-a71d-9d6e1ef8064d 0.104s
2025-04-26 01:09:20.042 70499 INFO tempest.lib.common.rest_client [req-bffe865c-1941-4e76-9086-29a15f3a9a95 req-bffe865c-1941-4e76-9086-29a15f3a9a95 ] Request (ServersAdminNegativeTestJSON:tearDownClass): 200 GET http://10.180.1.21:9696/networking/v2.0/security-groups?tenant_id=61f81bebe5e04c29aa17ac647b73740c&name=default 0.068s
2025-04-26 01:09:20.044 70509 INFO tempest.lib.common.rest_client [req-d780ffae-f83e-4e0b-b5a7-93402db84df4 req-d780ffae-f83e-4e0b-b5a7-93402db84df4 ] Request (ImagesTestJSON:test_create_image_from_stopped_server): 200 GET http://10.180.1.21/compute/v2.1/servers/de59df0d-6372-447a-877c-41f3f26e6342 0.137s
2025-04-26 01:09:20.108 70529 INFO tempest.lib.common.rest_client [req-8e09d781-723a-4fd4-ab34-f17abeb9f8b3 req-8e09d781-723a-4fd4-ab34-f17abeb9f8b3 ] Request (ServersTestFqdnHostnames:test_create_server_with_fqdn_name): 200 GET http://10.180.1.21/compute/v2.1/servers/0f111af8-5458-46f1-8cde-f30a1dc8f355 0.173s
2025-04-26 01:09:20.129 70497 INFO tempest.lib.common.rest_client [req-4392c48c-770b-4f36-84a6-011515476d30 req-4392c48c-770b-4f36-84a6-011515476d30 ] Request (ServerRescueNegativeTestJSON:test_rescued_vm_attach_volume): 200 GET http://10.180.1.21/compute/v2.1/servers/4cbd6401-885a-4bd2-af8d-1c51bd0c4f20 0.205s
2025-04-26 01:09:20.173 70559 INFO tempest.lib.common.rest_client [req-22f5e9e7-c8ee-40c6-ac92-33b7ab533946 req-22f5e9e7-c8ee-40c6-ac92-33b7ab533946 ] Request (ServerShowV254Test:test_rebuild_server): 200 GET http://10.180.1.21/compute/v2.1/servers/f524ca71-6018-4bc9-8362-6668eea30748 0.116s
2025-04-26 01:09:20.188 70499 INFO tempest.lib.common.rest_client [req-26e6d547-f99f-49eb-9fc9-0e4d50e855cd req-26e6d547-f99f-49eb-9fc9-0e4d50e855cd ] Request (ServersAdminNegativeTestJSON:tearDownClass): 204 DELETE http://10.180.1.21:9696/networking/v2.0/security-groups/dde5bd47-7458-4391-b324-1c63276451e0 0.145s
2025-04-26 01:09:20.196 70517 INFO tempest.lib.common.rest_client [req-8014082e-cc5f-444b-b3cc-8c9d61edce4f req-8014082e-cc5f-444b-b3cc-8c9d61edce4f ] Request (ServersListShow296Test:tearDownClass): 200 GET http://10.180.1.21:9696/networking/v2.0/security-groups?tenant_id=f5f1cff4224d4d9c9a5258627f9a0d49&name=default 0.310s
2025-04-26 01:09:20.202 70503 INFO tempest.lib.common.rest_client [req-30204993-a104-4d90-9bc6-0905f6396081 req-30204993-a104-4d90-9bc6-0905f6396081 ] Request (ImagesOneServerNegativeTestJSON:_run_cleanups): 200 GET http://10.180.1.21/compute/v2.1/servers/c4022a83-16ef-4d53-8efa-76d794878ed4 0.077s
2025-04-26 01:09:20.258 70515 INFO tempest.lib.common.rest_client [req-0cde307b-65d7-4bd2-9b0b-558beca78fa1 req-0cde307b-65d7-4bd2-9b0b-558beca78fa1 ] Request (ServersAdminTestJSON:test_inject_network_info): 200 GET http://10.180.1.21/compute/v2.1/servers/cb8dcc63-bef7-4eba-9ec5-477f7a09f2b8 0.092s
2025-04-26 01:09:20.262 70499 INFO tempest.lib.common.rest_client [req-e788d1b7-d425-48f4-99cb-a15bd1feb1a7 req-e788d1b7-d425-48f4-99cb-a15bd1feb1a7 ] Request (ServersAdminNegativeTestJSON:tearDownClass): 204 DELETE http://10.180.1.21/identity/v3/projects/61f81bebe5e04c29aa17ac647b73740c 0.073s
2025-04-26 01:09:20.262 70499 INFO tempest.lib.common.dynamic_creds [-] Deleting project and security group for project: 5df5e4d4fe73480fbcdc1cd0ca3ec825
2025-04-26 01:09:20.270 70505 INFO tempest.lib.common.rest_client [req-4cd7160d-46fc-4580-99c4-fd7995c9c799 req-4cd7160d-46fc-4580-99c4-fd7995c9c799 ] Request (AttachInterfacesTestJSON:test_create_list_show_delete_interfaces_by_fixed_ip): 200 GET http://10.180.1.21/compute/v2.1/servers/25461bf2-3b05-45e3-9401-8f440b1e06f3/os-interface 0.138s
2025-04-26 01:09:20.284 70499 INFO tempest.lib.common.rest_client [req-19f8e2a7-2166-4f88-93f2-a32caf12b8d8 req-19f8e2a7-2166-4f88-93f2-a32caf12b8d8 ] Request (ServersAdminNegativeTestJSON:tearDownClass): 200 GET http://10.180.1.21:9696/networking/v2.0/security-groups?tenant_id=5df5e4d4fe73480fbcdc1cd0ca3ec825&name=default 0.021s
2025-04-26 01:09:20.322 70517 INFO tempest.lib.common.rest_client [req-7cf9f4c3-5136-4dce-8ae7-88f242aca04a req-7cf9f4c3-5136-4dce-8ae7-88f242aca04a ] Request (ServersListShow296Test:tearDownClass): 204 DELETE http://10.180.1.21:9696/networking/v2.0/security-groups/d33fba20-c22d-4658-a14e-99d30d962c17 0.125s
2025-04-26 01:09:20.352 70499 INFO tempest.lib.common.rest_client [req-74a49ba5-4aaf-4a18-8427-3a0f135fd8c7 req-74a49ba5-4aaf-4a18-8427-3a0f135fd8c7 ] Request (ServersAdminNegativeTestJSON:tearDownClass): 204 DELETE http://10.180.1.21:9696/networking/v2.0/security-groups/967c3391-80f5-4a48-ae89-a6b4ea619c03 0.067s
2025-04-26 01:09:20.418 70517 INFO tempest.lib.common.rest_client [req-3507a769-2df7-4022-a8fd-763bb7d9f252 req-3507a769-2df7-4022-a8fd-763bb7d9f252 ] Request (ServersListShow296Test:tearDownClass): 204 DELETE http://10.180.1.21/identity/v3/projects/f5f1cff4224d4d9c9a5258627f9a0d49 0.095s
2025-04-26 01:09:20.425 70519 INFO tempest.lib.common.rest_client [req-5cbaf522-4ca9-4882-9198-d7df2cd858e0 req-5cbaf522-4ca9-4882-9198-d7df2cd858e0 ] Request (DeleteServersAdminTestJSON:test_delete_server_while_in_error_state): 200 GET http://10.180.1.21/compute/v2.1/servers/f14f60ae-501b-44b6-a246-63b64a35aaa9 0.067s
2025-04-26 01:09:20.470 70499 INFO tempest.lib.common.rest_client [req-4b70ccbb-838e-4cd4-a6b5-05fcd08f3573 req-4b70ccbb-838e-4cd4-a6b5-05fcd08f3573 ] Request (ServersAdminNegativeTestJSON:tearDownClass): 204 DELETE http://10.180.1.21/identity/v3/projects/5df5e4d4fe73480fbcdc1cd0ca3ec825 0.118s
2025-04-26 01:09:20.533 70499 INFO tempest.lib.common.rest_client [req-12bb24db-d482-4ddc-8a09-ddee8900694c req-12bb24db-d482-4ddc-8a09-ddee8900694c ] Request (KeyPairsV22TestJSON:setUpClass): 201 POST http://10.180.1.21/identity/v3/auth/tokens 0.061s
2025-04-26 01:09:20.557 70501 INFO tempest.lib.common.rest_client [req-0e1e6abc-7e60-47f6-9bd7-6c0571170d81 req-0e1e6abc-7e60-47f6-9bd7-6c0571170d81 ] Request (ListServerFiltersTestJSON:tearDownClass): 200 GET http://10.180.1.21/compute/v2.1/servers/95b4ab4c-0dce-456e-847c-e4e38778446a 0.085s
2025-04-26 01:09:20.574 70499 INFO tempest.lib.common.rest_client [req-50e6a0f2-ce15-4811-84cd-4d10ec261f95 req-50e6a0f2-ce15-4811-84cd-4d10ec261f95 ] Request (KeyPairsV22TestJSON:setUpClass): 201 POST http://10.180.1.21/identity/v3/auth/tokens 0.038s
2025-04-26 01:09:20.575 70513 INFO tempest.lib.common.rest_client [req-383f47a2-0dec-4e76-a636-6c643aa87156 req-383f47a2-0dec-4e76-a636-6c643aa87156 ] Request (ListImageFiltersTestJSON:setUpClass): 200 GET http://10.180.1.21/compute/v2.1/servers/54c6c8cb-a4a7-44f9-b712-7977bfe0c54e 0.182s
2025-04-26 01:09:20.582 70513 INFO tempest.common.waiters [-] State transition "BUILD/networking" ==> "BUILD/block_device_mapping" after 81 second wait
2025-04-26 01:09:20.604 70499 INFO tempest.lib.common.rest_client [req-1feef16c-6646-48d5-ba22-e918c8db3b8c req-1feef16c-6646-48d5-ba22-e918c8db3b8c ] Request (KeyPairsV22TestJSON:setUpClass): 200 GET http://10.180.1.21/identity/v3/domains?name=Default 0.029s
2025-04-26 01:09:20.621 70547 INFO tempest.lib.common.rest_client [req-5bbbaf09-2927-4fca-86a1-f0ef57f95a54 req-5bbbaf09-2927-4fca-86a1-f0ef57f95a54 ] Request (ServerPasswordTestJSON:tearDownClass): 200 GET http://10.180.1.21/compute/v2.1/servers/e1e494d0-aba4-4254-b4c7-14d56d79c336 0.104s
2025-04-26 01:09:20.637 70535 INFO tempest.lib.common.rest_client [req-b72e6120-8c69-4728-aaeb-af1224530406 req-b72e6120-8c69-4728-aaeb-af1224530406 ] Request (ServerAddressesTestJSON:setUpClass): 200 GET http://10.180.1.21/compute/v2.1/servers/2fcb8655-8edf-4205-82f1-728c9fe0997e 0.082s
2025-04-26 01:09:20.647 70499 INFO tempest.lib.common.rest_client [req-973f20eb-a125-4195-8a6c-f277f6fb1204 req-973f20eb-a125-4195-8a6c-f277f6fb1204 ] Request (KeyPairsV22TestJSON:setUpClass): 201 POST http://10.180.1.21/identity/v3/projects 0.043s
2025-04-26 01:09:20.692 70511 INFO tempest.lib.common.rest_client [req-526d6320-ac92-49cc-9f06-a38a0e14fb2c req-526d6320-ac92-49cc-9f06-a38a0e14fb2c ] Request (ImagesOneServerTestJSON:setUpClass): 200 GET http://10.180.1.21/compute/v2.1/servers/c4c8a84f-bcd6-48b9-9a4f-aff338cf8084 0.098s
2025-04-26 01:09:20.696 70525 INFO tempest.lib.common.rest_client [req-476f98fc-897b-43ff-8886-efb128ce2f24 req-476f98fc-897b-43ff-8886-efb128ce2f24 ] Request (FloatingIPsAssociationTestJSON:test_associate_already_associated_floating_ip): 200 GET http://10.180.1.21/compute/v2.1/servers/cdf9e135-81ba-4261-9d43-1680ad1c5bb3 0.054s
2025-04-26 01:09:20.719 70499 INFO tempest.lib.common.rest_client [req-8ae342cc-bab4-458f-91b0-babe199119e6 req-8ae342cc-bab4-458f-91b0-babe199119e6 ] Request (KeyPairsV22TestJSON:setUpClass): 201 POST http://10.180.1.21/identity/v3/users 0.071s
2025-04-26 01:09:20.742 70499 INFO tempest.lib.common.rest_client [req-4e12c425-39ec-4d91-ba12-2d27062f1fbc req-4e12c425-39ec-4d91-ba12-2d27062f1fbc ] Request (KeyPairsV22TestJSON:setUpClass): 200 GET http://10.180.1.21/identity/v3/roles 0.023s
2025-04-26 01:09:20.743 70531 INFO tempest.lib.common.rest_client [req-6a9813dc-90d4-4592-b449-231e3a0feb04 req-6a9813dc-90d4-4592-b449-231e3a0feb04 ] Request (MigrationsAdminTest:test_resize_server_revert_deleted_flavor): 200 GET http://10.180.1.21/compute/v2.1/servers/e77916d8-d281-4418-aeab-169a6d99f109 0.085s
2025-04-26 01:09:20.771 70499 INFO tempest.lib.common.rest_client [req-47977107-6149-443a-9474-a1bac00d6232 req-47977107-6149-443a-9474-a1bac00d6232 ] Request (KeyPairsV22TestJSON:setUpClass): 204 PUT http://10.180.1.21/identity/v3/projects/40a01f98ceae4f04864a246fe2718847/users/19cdd12cf29d4b8aa5fcbd7632dcaa1f/roles/f591c89b987b4ea19071db1d48abbf95 0.028s
2025-04-26 01:09:20.771 70499 INFO tempest.lib.common.dynamic_creds [-] Dynamic test user 19cdd12cf29d4b8aa5fcbd7632dcaa1f is created with scope project and roles: ['member']
2025-04-26 01:09:20.772 70499 INFO tempest.lib.common.dynamic_creds [-] Acquired dynamic creds: credentials: Credentials: {'domain_id': 'default', 'domain_name': 'Default', 'username': 'tempest-KeyPairsV22TestJSON-929583560-project-member', 'project_domain_id': 'default', 'project_domain_name': 'Default', 'project_id': '40a01f98ceae4f04864a246fe2718847', 'project_name': 'tempest-KeyPairsV22TestJSON-929583560', 'tenant_id': '40a01f98ceae4f04864a246fe2718847', 'tenant_name': 'tempest-KeyPairsV22TestJSON-929583560', 'user_domain_id': 'default', 'user_domain_name': 'Default', 'user_id': '19cdd12cf29d4b8aa5fcbd7632dcaa1f', 'system': None}, Network: None, Subnet: None, Router: None
2025-04-26 01:09:20.772 70499 INFO tempest.lib.common.dynamic_creds [-] Created isolated network resources for: credentials: Credentials: {'domain_id': 'default', 'domain_name': 'Default', 'username': 'tempest-KeyPairsV22TestJSON-929583560-project-member', 'project_domain_id': 'default', 'project_domain_name': 'Default', 'project_id': '40a01f98ceae4f04864a246fe2718847', 'project_name': 'tempest-KeyPairsV22TestJSON-929583560', 'tenant_id': '40a01f98ceae4f04864a246fe2718847', 'tenant_name': 'tempest-KeyPairsV22TestJSON-929583560', 'user_domain_id': 'default', 'user_domain_name': 'Default', 'user_id': '19cdd12cf29d4b8aa5fcbd7632dcaa1f', 'system': None}, Network: None, Subnet: None, Router: None
2025-04-26 01:09:20.840 70499 INFO tempest.lib.common.rest_client [req-2ac72fc1-03e9-439a-95f8-6eb3f7bffcce req-2ac72fc1-03e9-439a-95f8-6eb3f7bffcce ] Request (KeyPairsV22TestJSON:setUpClass): 201 POST http://10.180.1.21/identity/v3/auth/tokens 0.066s
2025-04-26 01:09:20.912 70551 INFO tempest.lib.common.rest_client [req-3b9691b6-8d0b-4fa9-abab-3076b2226f66 req-3b9691b6-8d0b-4fa9-abab-3076b2226f66 ] Request (ServersTestMultiNic:test_verify_duplicate_network_nics): 200 GET http://10.180.1.21/compute/v2.1/servers/a88a7999-85b6-4f16-9da7-1dea0c980f16 0.068s
2025-04-26 01:09:20.932 70499 INFO tempest.lib.common.rest_client [req-f5fb9ef5-f6cb-4774-8457-90aea2c5a1de req-f5fb9ef5-f6cb-4774-8457-90aea2c5a1de ] Request (KeyPairsV22TestJSON:test_get_keypair_detail): 201 POST http://10.180.1.21/compute/v2.1/os-keypairs 0.090s
2025-04-26 01:09:20.990 70523 INFO tempest.lib.common.rest_client [req-d431779d-1976-4279-b770-e616fa96705c req-d431779d-1976-4279-b770-e616fa96705c ] Request (ServerDiagnosticsV248Test:tearDownClass): 200 GET http://10.180.1.21/compute/v2.1/servers/575326a8-9704-4f18-9488-0f9357a05860 0.127s
2025-04-26 01:09:20.991 70541 INFO tempest.lib.common.rest_client [req-0c8cff83-8c2d-41ff-8c18-9dbc4274d728 req-0c8cff83-8c2d-41ff-8c18-9dbc4274d728 ] Request (ServerMetadataTestJSON:setUpClass): 200 GET http://10.180.1.21/compute/v2.1/servers/8524c032-88de-4b91-a351-9413a628f230 0.077s
2025-04-26 01:09:20.998 70499 INFO tempest.lib.common.rest_client [req-05c930c0-7735-4a6a-ae78-39ea408f029c req-05c930c0-7735-4a6a-ae78-39ea408f029c ] Request (KeyPairsV22TestJSON:test_get_keypair_detail): 200 GET http://10.180.1.21/compute/v2.1/os-keypairs/tempest-keypair-1136173160 0.065s
2025-04-26 01:09:21.021 70499 INFO tempest.lib.common.rest_client [req-ea09bde4-9ee5-40a7-98b9-cb27915527d8 req-ea09bde4-9ee5-40a7-98b9-cb27915527d8 ] Request (KeyPairsV22TestJSON:_run_cleanups): 204 DELETE http://10.180.1.21/compute/v2.1/os-keypairs/tempest-keypair-1136173160 0.021s
2025-04-26 01:09:21.063 70539 INFO tempest.lib.common.rest_client [req-f41f9402-3542-4950-a861-126024b1b38e req-f41f9402-3542-4950-a861-126024b1b38e ] Request (ServerShowV247Test:tearDownClass): 200 GET http://10.180.1.21/compute/v2.1/servers/d48215f1-518c-409d-a343-6c0eada63c56 0.076s
2025-04-26 01:09:21.074 70537 INFO tempest.lib.common.rest_client [req-55dc5827-0945-4906-b7a6-c809f40f518f req-55dc5827-0945-4906-b7a6-c809f40f518f ] Request (VolumesAssistedSnapshotsTest:tearDownClass): 200 GET http://10.180.1.21/compute/v2.1/servers/ca432dce-af3a-46fb-a71d-9d6e1ef8064d 0.064s
2025-04-26 01:09:21.090 70499 INFO tempest.lib.common.rest_client [req-633541ff-4bc0-4790-9f95-602db68bc942 req-633541ff-4bc0-4790-9f95-602db68bc942 ] Request (KeyPairsV22TestJSON:test_keypair_create_delete): 201 POST http://10.180.1.21/compute/v2.1/os-keypairs 0.067s
2025-04-26 01:09:21.112 70499 INFO tempest.lib.common.rest_client [req-270ce2b6-89f3-4e9f-88b8-11bbe48681a6 req-270ce2b6-89f3-4e9f-88b8-11bbe48681a6 ] Request (KeyPairsV22TestJSON:_run_cleanups): 204 DELETE http://10.180.1.21/compute/v2.1/os-keypairs/tempest-keypair-428990030 0.020s
2025-04-26 01:09:21.141 70509 INFO tempest.lib.common.rest_client [req-e8e90075-9b59-42db-8bbd-df9b5c9575ad req-e8e90075-9b59-42db-8bbd-df9b5c9575ad ] Request (ImagesTestJSON:test_create_image_from_stopped_server): 200 GET http://10.180.1.21/compute/v2.1/servers/de59df0d-6372-447a-877c-41f3f26e6342 0.088s
2025-04-26 01:09:21.144 70499 INFO tempest.lib.common.rest_client [req-44b94fc5-9214-40cb-857f-6f94db07da54 req-44b94fc5-9214-40cb-857f-6f94db07da54 ] Request (KeyPairsV22TestJSON:test_keypair_create_with_pub_key): 201 POST http://10.180.1.21/compute/v2.1/os-keypairs 0.030s
2025-04-26 01:09:21.192 70529 INFO tempest.lib.common.rest_client [req-ca458eb5-25c8-4d84-9bd8-9d8322d8904d req-ca458eb5-25c8-4d84-9bd8-9d8322d8904d ] Request (ServersTestFqdnHostnames:test_create_server_with_fqdn_name): 200 GET http://10.180.1.21/compute/v2.1/servers/0f111af8-5458-46f1-8cde-f30a1dc8f355 0.068s
2025-04-26 01:09:21.204 70499 INFO tempest.lib.common.rest_client [req-500ac7ef-86c2-42b6-8c9d-09185c83d902 req-500ac7ef-86c2-42b6-8c9d-09185c83d902 ] Request (KeyPairsV22TestJSON:_run_cleanups): 204 DELETE http://10.180.1.21/compute/v2.1/os-keypairs/tempest-keypair-1273508570 0.059s
2025-04-26 01:09:21.234 70497 INFO tempest.lib.common.rest_client [req-ee754301-1539-41fd-a355-927eba0e8ee4 req-ee754301-1539-41fd-a355-927eba0e8ee4 ] Request (ServerRescueNegativeTestJSON:test_rescued_vm_attach_volume): 200 GET http://10.180.1.21/compute/v2.1/servers/4cbd6401-885a-4bd2-af8d-1c51bd0c4f20 0.096s
2025-04-26 01:09:21.251 70559 INFO tempest.lib.common.rest_client [req-b4eeace7-fdca-4076-8fee-0134e681b7bf req-b4eeace7-fdca-4076-8fee-0134e681b7bf ] Request (ServerShowV254Test:test_rebuild_server): 200 GET http://10.180.1.21/compute/v2.1/servers/f524ca71-6018-4bc9-8362-6668eea30748 0.067s
2025-04-26 01:09:21.262 70499 INFO tempest.lib.common.rest_client [req-bc63729b-abce-4f08-9519-1b1844268976 req-bc63729b-abce-4f08-9519-1b1844268976 ] Request (KeyPairsV22TestJSON:test_keypairs_create_list_delete): 201 POST http://10.180.1.21/compute/v2.1/os-keypairs 0.056s
2025-04-26 01:09:21.296 70499 INFO tempest.lib.common.rest_client [req-3e3d8e02-aee7-4ca7-a5fa-84cb07af9002 req-3e3d8e02-aee7-4ca7-a5fa-84cb07af9002 ] Request (KeyPairsV22TestJSON:test_keypairs_create_list_delete): 201 POST http://10.180.1.21/compute/v2.1/os-keypairs 0.032s
2025-04-26 01:09:21.315 70503 INFO tempest.lib.common.rest_client [req-d20be676-8883-4d9a-8203-c69eac5abbe6 req-d20be676-8883-4d9a-8203-c69eac5abbe6 ] Request (ImagesOneServerNegativeTestJSON:_run_cleanups): 200 GET http://10.180.1.21/compute/v2.1/servers/c4022a83-16ef-4d53-8efa-76d794878ed4 0.105s
2025-04-26 01:09:21.347 70515 INFO tempest.lib.common.rest_client [req-665751ae-1aca-41d2-bd28-2317823fd805 req-665751ae-1aca-41d2-bd28-2317823fd805 ] Request (ServersAdminTestJSON:test_inject_network_info): 200 GET http://10.180.1.21/compute/v2.1/servers/cb8dcc63-bef7-4eba-9ec5-477f7a09f2b8 0.080s
2025-04-26 01:09:21.378 70505 INFO tempest.lib.common.rest_client [req-8ed8d188-65ab-4acc-993c-222d2a04937f req-8ed8d188-65ab-4acc-993c-222d2a04937f ] Request (AttachInterfacesTestJSON:test_create_list_show_delete_interfaces_by_fixed_ip): 200 GET http://10.180.1.21/compute/v2.1/servers/25461bf2-3b05-45e3-9401-8f440b1e06f3/os-interface 0.104s
2025-04-26 01:09:21.380 70499 INFO tempest.lib.common.rest_client [req-72195e6a-0450-4099-bcd9-44f36313878c req-72195e6a-0450-4099-bcd9-44f36313878c ] Request (KeyPairsV22TestJSON:test_keypairs_create_list_delete): 201 POST http://10.180.1.21/compute/v2.1/os-keypairs 0.081s
2025-04-26 01:09:21.394 70499 INFO tempest.lib.common.rest_client [req-45de4a0e-22bd-4efc-8784-48ed7266eec9 req-45de4a0e-22bd-4efc-8784-48ed7266eec9 ] Request (KeyPairsV22TestJSON:test_keypairs_create_list_delete): 200 GET http://10.180.1.21/compute/v2.1/os-keypairs 0.013s
2025-04-26 01:09:21.397 70505 INFO tempest.lib.common.rest_client [req-89900833-92cd-4227-8df3-7736c506d059 req-89900833-92cd-4227-8df3-7736c506d059 ] Request (AttachInterfacesTestJSON:_run_cleanups): 404 DELETE http://10.180.1.21:9696/networking/v2.0/ports/0d8e272f-4dfb-428b-9fcf-5ee81d72a14f 0.016s
2025-04-26 01:09:21.413 70499 INFO tempest.lib.common.rest_client [req-abe49ff6-38be-4535-9662-efb77e65a485 req-abe49ff6-38be-4535-9662-efb77e65a485 ] Request (KeyPairsV22TestJSON:_run_cleanups): 204 DELETE http://10.180.1.21/compute/v2.1/os-keypairs/tempest-KeyPairsV22TestJSON-keypair-1229947446 0.018s
2025-04-26 01:09:21.430 70499 INFO tempest.lib.common.rest_client [req-af021aaf-2d56-4ae9-8126-d0e72f0396e7 req-af021aaf-2d56-4ae9-8126-d0e72f0396e7 ] Request (KeyPairsV22TestJSON:_run_cleanups): 204 DELETE http://10.180.1.21/compute/v2.1/os-keypairs/tempest-KeyPairsV22TestJSON-keypair-177178099 0.016s
2025-04-26 01:09:21.446 70499 INFO tempest.lib.common.rest_client [req-87fc62f1-d805-4f78-926d-e84ff2ffb7cc req-87fc62f1-d805-4f78-926d-e84ff2ffb7cc ] Request (KeyPairsV22TestJSON:_run_cleanups): 204 DELETE http://10.180.1.21/compute/v2.1/os-keypairs/tempest-KeyPairsV22TestJSON-keypair-1401207055 0.015s
2025-04-26 01:09:21.476 70505 INFO tempest.lib.common.rest_client [req-456fc517-6526-4185-8891-a9141364c4c8 req-456fc517-6526-4185-8891-a9141364c4c8 ] Request (AttachInterfacesTestJSON:_run_cleanups): 204 DELETE http://10.180.1.21/compute/v2.1/servers/25461bf2-3b05-45e3-9401-8f440b1e06f3 0.079s
2025-04-26 01:09:21.496 70519 INFO tempest.lib.common.rest_client [req-560a2320-e80a-477e-836d-30f9da4daf57 req-560a2320-e80a-477e-836d-30f9da4daf57 ] Request (DeleteServersAdminTestJSON:test_delete_server_while_in_error_state): 200 GET http://10.180.1.21/compute/v2.1/servers/f14f60ae-501b-44b6-a246-63b64a35aaa9 0.063s
2025-04-26 01:09:21.501 70499 INFO tempest.lib.common.rest_client [req-03fa5805-2862-463e-840d-0e6c401d0a3a req-03fa5805-2862-463e-840d-0e6c401d0a3a ] Request (KeyPairsV22TestJSON:test_keypairsv22_create_list_show): 201 POST http://10.180.1.21/compute/v2.1/os-keypairs 0.053s
2025-04-26 01:09:21.513 70499 INFO tempest.lib.common.rest_client [req-552ad6b4-61ec-4f10-857d-6a4468f9577e req-552ad6b4-61ec-4f10-857d-6a4468f9577e ] Request (KeyPairsV22TestJSON:test_keypairsv22_create_list_show): 200 GET http://10.180.1.21/compute/v2.1/os-keypairs/tempest-keypair-383917429 0.011s
2025-04-26 01:09:21.525 70499 INFO tempest.lib.common.rest_client [req-fcc9993f-a589-4120-bb4a-8ac657fbb4b6 req-fcc9993f-a589-4120-bb4a-8ac657fbb4b6 ] Request (KeyPairsV22TestJSON:test_keypairsv22_create_list_show): 200 GET http://10.180.1.21/compute/v2.1/os-keypairs 0.009s
2025-04-26 01:09:21.541 70499 INFO tempest.lib.common.rest_client [req-92a61974-0ede-4de5-90c7-4be0a254b507 req-92a61974-0ede-4de5-90c7-4be0a254b507 ] Request (KeyPairsV22TestJSON:_run_cleanups): 204 DELETE http://10.180.1.21/compute/v2.1/os-keypairs/tempest-keypair-383917429 0.014s
2025-04-26 01:09:21.582 70505 INFO tempest.lib.common.rest_client [req-13ceb89b-3980-4788-ad4b-e9f277b75a93 req-13ceb89b-3980-4788-ad4b-e9f277b75a93 ] Request (AttachInterfacesTestJSON:_run_cleanups): 200 GET http://10.180.1.21/compute/v2.1/servers/25461bf2-3b05-45e3-9401-8f440b1e06f3 0.105s
2025-04-26 01:09:21.641 70501 INFO tempest.lib.common.rest_client [req-3746a13e-2764-4dcd-830d-fb281a01f2c9 req-3746a13e-2764-4dcd-830d-fb281a01f2c9 ] Request (ListServerFiltersTestJSON:tearDownClass): 200 GET http://10.180.1.21/compute/v2.1/servers/95b4ab4c-0dce-456e-847c-e4e38778446a 0.071s
2025-04-26 01:09:21.740 70513 INFO tempest.lib.common.rest_client [req-50a46f41-551a-418e-9ac6-fbf36bc74ae8 req-50a46f41-551a-418e-9ac6-fbf36bc74ae8 ] Request (ListImageFiltersTestJSON:setUpClass): 200 GET http://10.180.1.21/compute/v2.1/servers/54c6c8cb-a4a7-44f9-b712-7977bfe0c54e 0.157s
2025-04-26 01:09:21.747 70513 INFO tempest.common.waiters [-] State transition "BUILD/block_device_mapping" ==> "BUILD/spawning" after 82 second wait
2025-04-26 01:09:21.763 70547 INFO tempest.lib.common.rest_client [req-6f27669d-4a88-4338-90b0-aecb5177fdb3 req-6f27669d-4a88-4338-90b0-aecb5177fdb3 ] Request (ServerPasswordTestJSON:tearDownClass): 404 GET http://10.180.1.21/compute/v2.1/servers/e1e494d0-aba4-4254-b4c7-14d56d79c336 0.131s
2025-04-26 01:09:21.817 70535 INFO tempest.lib.common.rest_client [req-d28989d0-a0ca-46e9-ae5b-b071befa411e req-d28989d0-a0ca-46e9-ae5b-b071befa411e ] Request (ServerAddressesTestJSON:setUpClass): 200 GET http://10.180.1.21/compute/v2.1/servers/2fcb8655-8edf-4205-82f1-728c9fe0997e 0.166s
2025-04-26 01:09:21.825 70499 INFO tempest.lib.common.rest_client [req-2afa6d78-44ba-4f60-a058-090355d07787 req-2afa6d78-44ba-4f60-a058-090355d07787 ] Request (KeyPairsV22TestJSON:test_keypairsv22_create_list_show_with_type): 201 POST http://10.180.1.21/compute/v2.1/os-keypairs 0.283s
2025-04-26 01:09:21.868 70511 INFO tempest.lib.common.rest_client [req-cb12278e-ff84-43ad-a084-0d50be974c3c req-cb12278e-ff84-43ad-a084-0d50be974c3c ] Request (ImagesOneServerTestJSON:setUpClass): 200 GET http://10.180.1.21/compute/v2.1/servers/c4c8a84f-bcd6-48b9-9a4f-aff338cf8084 0.168s
2025-04-26 01:09:21.880 70525 INFO tempest.lib.common.rest_client [req-b49fdafe-7f81-474a-af86-f4265830d19f req-b49fdafe-7f81-474a-af86-f4265830d19f ] Request (FloatingIPsAssociationTestJSON:test_associate_already_associated_floating_ip): 200 GET http://10.180.1.21/compute/v2.1/servers/cdf9e135-81ba-4261-9d43-1680ad1c5bb3 0.176s
2025-04-26 01:09:21.882 70511 INFO tempest.common.waiters [-] State transition "BUILD/None" ==> "BUILD/networking" after 74 second wait
2025-04-26 01:09:21.911 70499 INFO tempest.lib.common.rest_client [req-0a7c7b41-7668-4276-9410-1ddbbda54e7e req-0a7c7b41-7668-4276-9410-1ddbbda54e7e ] Request (KeyPairsV22TestJSON:test_keypairsv22_create_list_show_with_type): 200 GET http://10.180.1.21/compute/v2.1/os-keypairs/tempest-keypair-1168765839 0.084s
2025-04-26 01:09:21.928 70531 INFO tempest.lib.common.rest_client [req-8c77ad1c-20b0-4c7a-b6ad-278439c51387 req-8c77ad1c-20b0-4c7a-b6ad-278439c51387 ] Request (MigrationsAdminTest:test_resize_server_revert_deleted_flavor): 200 GET http://10.180.1.21/compute/v2.1/servers/e77916d8-d281-4418-aeab-169a6d99f109 0.177s
2025-04-26 01:09:21.934 70499 INFO tempest.lib.common.rest_client [req-d4393324-faff-47ac-a8e3-0e589e4c714a req-d4393324-faff-47ac-a8e3-0e589e4c714a ] Request (KeyPairsV22TestJSON:test_keypairsv22_create_list_show_with_type): 200 GET http://10.180.1.21/compute/v2.1/os-keypairs 0.020s
2025-04-26 01:09:21.961 70499 INFO tempest.lib.common.rest_client [req-98277034-5b27-4b3f-8257-4510cbe394be req-98277034-5b27-4b3f-8257-4510cbe394be ] Request (KeyPairsV22TestJSON:_run_cleanups): 204 DELETE http://10.180.1.21/compute/v2.1/os-keypairs/tempest-keypair-1168765839 0.024s
2025-04-26 01:09:21.981 70551 INFO tempest.lib.common.rest_client [req-0859d39a-4f57-4f17-930f-3ff659603ffc req-0859d39a-4f57-4f17-930f-3ff659603ffc ] Request (ServersTestMultiNic:test_verify_duplicate_network_nics): 200 GET http://10.180.1.21/compute/v2.1/servers/a88a7999-85b6-4f16-9da7-1dea0c980f16 0.061s
2025-04-26 01:09:22.064 70541 INFO tempest.lib.common.rest_client [req-da408602-0afa-4818-b7d5-1139b91f0cc7 req-da408602-0afa-4818-b7d5-1139b91f0cc7 ] Request (ServerMetadataTestJSON:setUpClass): 200 GET http://10.180.1.21/compute/v2.1/servers/8524c032-88de-4b91-a351-9413a628f230 0.063s
2025-04-26 01:09:22.088 70523 INFO tempest.lib.common.rest_client [req-98d61ef5-d173-4169-a145-1a09f00ba7e3 req-98d61ef5-d173-4169-a145-1a09f00ba7e3 ] Request (ServerDiagnosticsV248Test:tearDownClass): 200 GET http://10.180.1.21/compute/v2.1/servers/575326a8-9704-4f18-9488-0f9357a05860 0.086s
2025-04-26 01:09:22.121 70499 INFO tempest.lib.common.rest_client [req-110bcd85-4398-4a6e-9bf1-3cc1032c07af req-110bcd85-4398-4a6e-9bf1-3cc1032c07af ] Request (KeyPairsV22TestJSON:tearDownClass): 204 DELETE http://10.180.1.21/identity/v3/users/19cdd12cf29d4b8aa5fcbd7632dcaa1f 0.158s
2025-04-26 01:09:22.121 70499 INFO tempest.lib.common.dynamic_creds [-] Deleting project and security group for project: 40a01f98ceae4f04864a246fe2718847
2025-04-26 01:09:22.157 70537 INFO tempest.lib.common.rest_client [req-85267879-f9c5-487a-9362-a071c2d667b9 req-85267879-f9c5-487a-9362-a071c2d667b9 ] Request (VolumesAssistedSnapshotsTest:tearDownClass): 200 GET http://10.180.1.21/compute/v2.1/servers/ca432dce-af3a-46fb-a71d-9d6e1ef8064d 0.075s
