2025-04-26 01:09:09.275 70541 INFO tempest.lib.common.dynamic_creds [-] Created isolated network resources for: credentials: Credentials: {'domain_id': 'default', 'domain_name': 'Default', 'username': 'tempest-ServerMetadataTestJSON-1555587701-project-member', 'project_domain_id': 'default', 'project_domain_name': 'Default', 'project_id': '961d1a28a5684358932f19493852d73c', 'project_name': 'tempest-ServerMetadataTestJSON-1555587701', 'tenant_id': '961d1a28a5684358932f19493852d73c', 'tenant_name': 'tempest-ServerMetadataTestJSON-1555587701', 'user_domain_id': 'default', 'user_domain_name': 'Default', 'user_id': '3245f825d2d042a0b1d5fd3bd4d1a3c0', 'system': None}, Network: {'id': '4a731839-276e-40b7-ba8f-33e3b3741b06', 'name': 'tempest-ServerMetadataTestJSON-192978071-network', 'tenant_id': '961d1a28a5684358932f19493852d73c', 'admin_state_up': True, 'mtu': 8950, 'status': 'ACTIVE', 'subnets': [], 'shared': False, 'project_id': '961d1a28a5684358932f19493852d73c', 'port_security_enabled': True, 'router:external': False, 'provider:network_type': 'vlan', 'provider:physical_network': 'default', 'provider:segmentation_id': 105, 'availability_zone_hints': [], 'availability_zones': [], 'ipv4_address_scope': None, 'ipv6_address_scope': None, 'description': '', 'tags': [], 'created_at': '2025-04-26T01:09:07Z', 'updated_at': '2025-04-26T01:09:07Z', 'revision_number': 1}, Subnet: {'id': 'c09c27f5-6452-4139-9eca-6d2ead98ba9f', 'name': 'tempest-ServerMetadataTestJSON-192978071-subnet', 'tenant_id': '961d1a28a5684358932f19493852d73c', 'network_id': '4a731839-276e-40b7-ba8f-33e3b3741b06', 'ip_version': 4, 'subnetpool_id': None, 'enable_dhcp': True, 'ipv6_ra_mode': None, 'ipv6_address_mode': None, 'gateway_ip': '192.168.128.1', 'cidr': '192.168.128.0/28', 'allocation_pools': [{'start': '192.168.128.2', 'end': '192.168.128.14'}], 'host_routes': [], 'dns_nameservers': [], 'description': '', 'router:external': False, 'service_types': [], 'tags': [], 'created_at': '2025-04-26T01:09:07Z', 'updated_at': '2025-04-26T01:09:07Z', 'revision_number': 0, 'project_id': '961d1a28a5684358932f19493852d73c'}, Router: {'id': 'edcab678-b828-4a88-b889-690744cfd3b3', 'name': 'tempest-ServerMetadataTestJSON-192978071-router', 'tenant_id': '961d1a28a5684358932f19493852d73c', 'admin_state_up': True, 'status': 'ACTIVE', 'external_gateway_info': {'network_id': '1408e763-5a5e-4e4a-97d9-6d0e0662ee98', 'external_fixed_ips': [{'subnet_id': '4e4f9a9a-02c6-4a99-afa8-f8123a72baef', 'ip_address': '10.180.180.152'}], 'enable_snat': True}, 'description': '', 'availability_zones': [], 'distributed': False, 'ha': False, 'availability_zone_hints': [], 'routes': [], 'flavor_id': None, 'tags': [], 'created_at': '2025-04-26T01:09:07Z', 'updated_at': '2025-04-26T01:09:08Z', 'revision_number': 2, 'project_id': '961d1a28a5684358932f19493852d73c'}
2025-04-26 01:09:09.311 70509 INFO tempest.lib.common.rest_client [req-8ec9fa34-175a-4191-8776-67923153f75e req-8ec9fa34-175a-4191-8776-67923153f75e ] Request (ImagesTestJSON:test_create_image_from_stopped_server): 200 GET http://10.180.1.21/compute/v2.1/servers/de59df0d-6372-447a-877c-41f3f26e6342 0.286s
2025-04-26 01:09:09.363 70529 INFO tempest.lib.common.rest_client [req-a2fb37ca-0d5d-4e73-b250-8195e96aa8d3 req-a2fb37ca-0d5d-4e73-b250-8195e96aa8d3 ] Request (ServersTestFqdnHostnames:test_create_server_with_fqdn_name): 200 GET http://10.180.1.21/compute/v2.1/servers/0f111af8-5458-46f1-8cde-f30a1dc8f355 0.291s
2025-04-26 01:09:09.366 70541 INFO tempest.lib.common.rest_client [req-020b3de9-cda3-41e2-a658-5f613c5e4a76 req-020b3de9-cda3-41e2-a658-5f613c5e4a76 ] Request (ServerMetadataTestJSON:setUpClass): 201 POST http://10.180.1.21/identity/v3/auth/tokens 0.087s
2025-04-26 01:09:09.406 70541 INFO tempest.lib.common.rest_client [req-85c96950-d4ec-455a-bcda-7e31e9945466 req-85c96950-d4ec-455a-bcda-7e31e9945466 ] Request (ServerMetadataTestJSON:setUpClass): 201 POST http://10.180.1.21/identity/v3/auth/tokens 0.036s
2025-04-26 01:09:09.406 70541 INFO tempest.lib.common.fixed_network [-] (ServerMetadataTestJSON:setUpClass) Found network {'id': '4a731839-276e-40b7-ba8f-33e3b3741b06', 'name': 'tempest-ServerMetadataTestJSON-192978071-network', 'tenant_id': '961d1a28a5684358932f19493852d73c', 'admin_state_up': True, 'mtu': 8950, 'status': 'ACTIVE', 'subnets': [], 'shared': False, 'project_id': '961d1a28a5684358932f19493852d73c', 'port_security_enabled': True, 'router:external': False, 'provider:network_type': 'vlan', 'provider:physical_network': 'default', 'provider:segmentation_id': 105, 'availability_zone_hints': [], 'availability_zones': [], 'ipv4_address_scope': None, 'ipv6_address_scope': None, 'description': '', 'tags': [], 'created_at': '2025-04-26T01:09:07Z', 'updated_at': '2025-04-26T01:09:07Z', 'revision_number': 1} available for tenant
2025-04-26 01:09:09.415 70559 INFO tempest.lib.common.rest_client [req-42b0f0a6-829f-45a4-94fa-68d0e8d6c2b7 req-42b0f0a6-829f-45a4-94fa-68d0e8d6c2b7 ] Request (ServerShowV254Test:test_rebuild_server): 200 GET http://10.180.1.21/compute/v2.1/servers/f524ca71-6018-4bc9-8362-6668eea30748 0.292s
2025-04-26 01:09:09.473 70503 INFO tempest.lib.common.rest_client [req-6a17ab51-7a20-4eb3-b576-f0791d44cefb req-6a17ab51-7a20-4eb3-b576-f0791d44cefb ] Request (ImagesOneServerNegativeTestJSON:_run_cleanups): 200 GET http://10.180.1.21/compute/v2.1/servers/c4022a83-16ef-4d53-8efa-76d794878ed4 0.301s
2025-04-26 01:09:09.525 70515 INFO tempest.lib.common.rest_client [req-9a44b434-9483-43c2-90ba-aa9b1aca0f2f req-9a44b434-9483-43c2-90ba-aa9b1aca0f2f ] Request (ServersAdminTestJSON:test_inject_network_info): 200 GET http://10.180.1.21/compute/v2.1/servers/cb8dcc63-bef7-4eba-9ec5-477f7a09f2b8 0.301s
2025-04-26 01:09:09.611 70497 INFO tempest.lib.common.rest_client [req-66378835-7a56-4602-8e75-8fa0dba97cb2 req-66378835-7a56-4602-8e75-8fa0dba97cb2 ] Request (ServerRescueNegativeTestJSON:setUpClass): 200 GET http://10.180.1.21/compute/v2.1/servers/af8598b0-ea9e-4751-aebc-414ece12150e 0.357s
2025-04-26 01:09:09.665 70519 INFO tempest.lib.common.rest_client [req-9362dc08-d004-4d27-8aef-e477c09736af req-9362dc08-d004-4d27-8aef-e477c09736af ] Request (DeleteServersAdminTestJSON:test_delete_server_while_in_error_state): 200 GET http://10.180.1.21/compute/v2.1/servers/f14f60ae-501b-44b6-a246-63b64a35aaa9 0.386s
2025-04-26 01:09:09.713 70513 INFO tempest.lib.common.rest_client [req-0ce8c73d-2884-4292-a40b-c2aabb8c64cc req-0ce8c73d-2884-4292-a40b-c2aabb8c64cc ] Request (ListImageFiltersTestJSON:setUpClass): 200 GET http://10.180.1.21/compute/v2.1/servers/54c6c8cb-a4a7-44f9-b712-7977bfe0c54e 0.390s
2025-04-26 01:09:09.781 70501 INFO tempest.lib.common.rest_client [req-e41c6dcc-9b73-4897-8243-32eb851690fb req-e41c6dcc-9b73-4897-8243-32eb851690fb ] Request (ListServerFiltersTestJSON:tearDownClass): 200 GET http://10.180.1.21/compute/v2.1/servers/95b4ab4c-0dce-456e-847c-e4e38778446a 0.407s
2025-04-26 01:09:10.152 70541 INFO tempest.lib.common.rest_client [req-0128b2dc-5412-44f0-9124-ed48397e566f req-0128b2dc-5412-44f0-9124-ed48397e566f ] Request (ServerMetadataTestJSON:setUpClass): 202 POST http://10.180.1.21/compute/v2.1/servers 0.745s
2025-04-26 01:09:10.220 70547 INFO tempest.lib.common.rest_client [req-b489a109-3db8-4003-be2d-21e96a173052 req-b489a109-3db8-4003-be2d-21e96a173052 ] Request (ServerPasswordTestJSON:tearDownClass): 200 GET http://10.180.1.21/compute/v2.1/servers/e1e494d0-aba4-4254-b4c7-14d56d79c336 0.791s
2025-04-26 01:09:10.325 70528 INFO tempest.lib.common.rest_client [req-c6efa988-e2ac-4eba-a78d-0f4e35b99f84 req-c6efa988-e2ac-4eba-a78d-0f4e35b99f84 ] Request (ServerActionsTestJSON:setUpClass): 200 GET http://10.180.1.21/compute/v2.1/servers/7ac66455-b270-4d41-aef2-63bb5191ecf9 0.804s
2025-04-26 01:09:10.375 70535 INFO tempest.lib.common.rest_client [req-21a3a210-ab15-4dcc-8c0f-e0bed73026b2 req-21a3a210-ab15-4dcc-8c0f-e0bed73026b2 ] Request (ServerAddressesTestJSON:setUpClass): 200 GET http://10.180.1.21/compute/v2.1/servers/2fcb8655-8edf-4205-82f1-728c9fe0997e 0.806s
2025-04-26 01:09:10.425 70511 INFO tempest.lib.common.rest_client [req-233c26ab-d6c6-4d6b-90dd-e92832b58f28 req-233c26ab-d6c6-4d6b-90dd-e92832b58f28 ] Request (ImagesOneServerTestJSON:setUpClass): 200 GET http://10.180.1.21/compute/v2.1/servers/c4c8a84f-bcd6-48b9-9a4f-aff338cf8084 0.808s
2025-04-26 01:09:10.474 70525 INFO tempest.lib.common.rest_client [req-8c5c27ca-f042-4277-8d56-251ec2995f97 req-8c5c27ca-f042-4277-8d56-251ec2995f97 ] Request (FloatingIPsAssociationTestJSON:test_associate_already_associated_floating_ip): 200 GET http://10.180.1.21/compute/v2.1/servers/cdf9e135-81ba-4261-9d43-1680ad1c5bb3 0.798s
2025-04-26 01:09:10.544 70517 INFO tempest.lib.common.rest_client [req-f64f7842-ef85-4a57-a42a-5dedff4f73d7 req-f64f7842-ef85-4a57-a42a-5dedff4f73d7 ] Request (ServersListShow296Test:tearDownClass): 200 GET http://10.180.1.21/compute/v2.1/servers/d0b2e7f5-622a-458f-86b2-44a8a6e86e1b 0.795s
2025-04-26 01:09:10.591 70531 INFO tempest.lib.common.rest_client [req-b73cc6cb-b2bd-41ac-a647-82c796b26703 req-b73cc6cb-b2bd-41ac-a647-82c796b26703 ] Request (MigrationsAdminTest:test_resize_server_revert_deleted_flavor): 200 GET http://10.180.1.21/compute/v2.1/servers/e77916d8-d281-4418-aeab-169a6d99f109 0.789s
2025-04-26 01:09:10.600 70531 INFO tempest.common.waiters [-] State transition "BUILD/scheduling" ==> "BUILD/None" after 29 second wait
2025-04-26 01:09:10.647 70523 INFO tempest.lib.common.rest_client [req-f3fde007-408f-4e39-a15f-7c46a0014782 req-f3fde007-408f-4e39-a15f-7c46a0014782 ] Request (ServerDiagnosticsV248Test:tearDownClass): 200 GET http://10.180.1.21/compute/v2.1/servers/575326a8-9704-4f18-9488-0f9357a05860 0.776s
2025-04-26 01:09:10.711 70499 INFO tempest.lib.common.rest_client [req-e96227d6-e145-4ac1-927b-4cd5ef801e0e req-e96227d6-e145-4ac1-927b-4cd5ef801e0e ] Request (ServersAdminNegativeTestJSON:tearDownClass): 200 GET http://10.180.1.21/compute/v2.1/servers/21228faf-5663-44c8-b3ce-52e69d01eeac 0.788s
2025-04-26 01:09:10.778 70539 INFO tempest.lib.common.rest_client [req-9878c9d5-ab1f-415e-b934-6c03579c5f38 req-9878c9d5-ab1f-415e-b934-6c03579c5f38 ] Request (ServerShowV247Test:tearDownClass): 200 GET http://10.180.1.21/compute/v2.1/servers/59d02e38-bd37-49eb-977c-577df91eb2e6 0.714s
2025-04-26 01:09:10.840 70551 INFO tempest.lib.common.rest_client [req-83cd7026-cc43-493a-87c0-4caa533090f8 req-83cd7026-cc43-493a-87c0-4caa533090f8 ] Request (ServersTestMultiNic:test_verify_duplicate_network_nics): 200 GET http://10.180.1.21/compute/v2.1/servers/a88a7999-85b6-4f16-9da7-1dea0c980f16 0.727s
2025-04-26 01:09:10.893 70541 INFO tempest.lib.common.rest_client [req-c98c183a-9123-4131-bfe1-181336256ab5 req-c98c183a-9123-4131-bfe1-181336256ab5 ] Request (ServerMetadataTestJSON:setUpClass): 200 GET http://10.180.1.21/compute/v2.1/servers/8524c032-88de-4b91-a351-9413a628f230 0.738s
2025-04-26 01:09:10.943 70537 INFO tempest.lib.common.rest_client [req-def157a9-f460-452b-909b-505661fbeb8c req-def157a9-f460-452b-909b-505661fbeb8c ] Request (VolumesAssistedSnapshotsTest:tearDownClass): 200 GET http://10.180.1.21/compute/v2.1/servers/ca432dce-af3a-46fb-a71d-9d6e1ef8064d 0.760s
2025-04-26 01:09:10.986 70509 INFO tempest.lib.common.rest_client [req-7d0dfd5b-03e5-4bfd-9675-09715244b9c1 req-7d0dfd5b-03e5-4bfd-9675-09715244b9c1 ] Request (ImagesTestJSON:test_create_image_from_stopped_server): 200 GET http://10.180.1.21/compute/v2.1/servers/de59df0d-6372-447a-877c-41f3f26e6342 0.667s
2025-04-26 01:09:11.033 70529 INFO tempest.lib.common.rest_client [req-e1873f5e-bde2-442b-850d-a525c8c11c2c req-e1873f5e-bde2-442b-850d-a525c8c11c2c ] Request (ServersTestFqdnHostnames:test_create_server_with_fqdn_name): 200 GET http://10.180.1.21/compute/v2.1/servers/0f111af8-5458-46f1-8cde-f30a1dc8f355 0.655s
2025-04-26 01:09:11.056 70507 WARNING tempest.lib.common.ssh [-] Failed to establish authenticated ssh connection to cirros@10.180.180.136 ([Errno None] Unable to connect to port 22 on 10.180.180.136). Number attempts: 7. Retry after 8 seconds.: paramiko.ssh_exception.NoValidConnectionsError: [Errno None] Unable to connect to port 22 on 10.180.180.136
2025-04-26 01:09:11.084 70559 INFO tempest.lib.common.rest_client [req-f30b2066-5720-477f-86a9-92674cbccd61 req-f30b2066-5720-477f-86a9-92674cbccd61 ] Request (ServerShowV254Test:test_rebuild_server): 200 GET http://10.180.1.21/compute/v2.1/servers/f524ca71-6018-4bc9-8362-6668eea30748 0.656s
2025-04-26 01:09:11.142 70503 INFO tempest.lib.common.rest_client [req-7280e3ec-688f-47bb-a643-383b2533c1e3 req-7280e3ec-688f-47bb-a643-383b2533c1e3 ] Request (ImagesOneServerNegativeTestJSON:_run_cleanups): 200 GET http://10.180.1.21/compute/v2.1/servers/c4022a83-16ef-4d53-8efa-76d794878ed4 0.662s
2025-04-26 01:09:11.192 70515 INFO tempest.lib.common.rest_client [req-5ac2757b-684c-4093-b5fc-48e1756ebfa9 req-5ac2757b-684c-4093-b5fc-48e1756ebfa9 ] Request (ServersAdminTestJSON:test_inject_network_info): 200 GET http://10.180.1.21/compute/v2.1/servers/cb8dcc63-bef7-4eba-9ec5-477f7a09f2b8 0.657s
2025-04-26 01:09:11.287 70497 INFO tempest.lib.common.rest_client [req-fa16538b-dee4-4747-a0b5-1fe73965c44d req-fa16538b-dee4-4747-a0b5-1fe73965c44d ] Request (ServerRescueNegativeTestJSON:setUpClass): 200 GET http://10.180.1.21/compute/v2.1/servers/af8598b0-ea9e-4751-aebc-414ece12150e 0.668s
2025-04-26 01:09:11.342 70519 INFO tempest.lib.common.rest_client [req-1c990e78-20d4-4a77-8621-f070a8333584 req-1c990e78-20d4-4a77-8621-f070a8333584 ] Request (DeleteServersAdminTestJSON:test_delete_server_while_in_error_state): 200 GET http://10.180.1.21/compute/v2.1/servers/f14f60ae-501b-44b6-a246-63b64a35aaa9 0.667s
2025-04-26 01:09:11.390 70513 INFO tempest.lib.common.rest_client [req-bb26f3d0-45a4-422c-bacf-6d0334d2dcd4 req-bb26f3d0-45a4-422c-bacf-6d0334d2dcd4 ] Request (ListImageFiltersTestJSON:setUpClass): 200 GET http://10.180.1.21/compute/v2.1/servers/54c6c8cb-a4a7-44f9-b712-7977bfe0c54e 0.665s
2025-04-26 01:09:11.445 70501 INFO tempest.lib.common.rest_client [req-69be228e-a692-4fd0-bc42-d2a0f3e96f2c req-69be228e-a692-4fd0-bc42-d2a0f3e96f2c ] Request (ListServerFiltersTestJSON:tearDownClass): 200 GET http://10.180.1.21/compute/v2.1/servers/95b4ab4c-0dce-456e-847c-e4e38778446a 0.645s
2025-04-26 01:09:11.521 70547 INFO tempest.lib.common.rest_client [req-17fbcbd4-fa2f-4942-81ea-aae73e106b10 req-17fbcbd4-fa2f-4942-81ea-aae73e106b10 ] Request (ServerPasswordTestJSON:tearDownClass): 200 GET http://10.180.1.21/compute/v2.1/servers/e1e494d0-aba4-4254-b4c7-14d56d79c336 0.294s
2025-04-26 01:09:11.606 70528 INFO tempest.lib.common.rest_client [req-0e5f2f3a-2960-4e10-a36d-9f9091dbd012 req-0e5f2f3a-2960-4e10-a36d-9f9091dbd012 ] Request (ServerActionsTestJSON:setUpClass): 200 GET http://10.180.1.21/compute/v2.1/servers/7ac66455-b270-4d41-aef2-63bb5191ecf9 0.269s
2025-04-26 01:09:11.613 70528 INFO tempest.common.waiters [-] State transition "BUILD/spawning" ==> "ACTIVE/None" after 73 second wait
2025-04-26 01:09:11.649 70535 INFO tempest.lib.common.rest_client [req-6f41bcf5-0431-4615-a2ab-89509337b139 req-6f41bcf5-0431-4615-a2ab-89509337b139 ] Request (ServerAddressesTestJSON:setUpClass): 200 GET http://10.180.1.21/compute/v2.1/servers/2fcb8655-8edf-4205-82f1-728c9fe0997e 0.265s
2025-04-26 01:09:11.696 70511 INFO tempest.lib.common.rest_client [req-d9803426-8003-498b-b777-eb9588c0a771 req-d9803426-8003-498b-b777-eb9588c0a771 ] Request (ImagesOneServerTestJSON:setUpClass): 200 GET http://10.180.1.21/compute/v2.1/servers/c4c8a84f-bcd6-48b9-9a4f-aff338cf8084 0.262s
2025-04-26 01:09:11.747 70525 INFO tempest.lib.common.rest_client [req-95c7a838-ba13-4774-a492-1565349da934 req-95c7a838-ba13-4774-a492-1565349da934 ] Request (FloatingIPsAssociationTestJSON:test_associate_already_associated_floating_ip): 200 GET http://10.180.1.21/compute/v2.1/servers/cdf9e135-81ba-4261-9d43-1680ad1c5bb3 0.265s
2025-04-26 01:09:11.806 70517 INFO tempest.lib.common.rest_client [req-784a3438-b3fd-45a6-ad59-2757d1ed3719 req-784a3438-b3fd-45a6-ad59-2757d1ed3719 ] Request (ServersListShow296Test:tearDownClass): 200 GET http://10.180.1.21/compute/v2.1/servers/d0b2e7f5-622a-458f-86b2-44a8a6e86e1b 0.248s
2025-04-26 01:09:11.847 70531 INFO tempest.lib.common.rest_client [req-121b55c0-e2bd-4b5b-a3cd-a5b766dee7b2 req-121b55c0-e2bd-4b5b-a3cd-a5b766dee7b2 ] Request (MigrationsAdminTest:test_resize_server_revert_deleted_flavor): 200 GET http://10.180.1.21/compute/v2.1/servers/e77916d8-d281-4418-aeab-169a6d99f109 0.246s
2025-04-26 01:09:11.908 70528 INFO tempest.lib.common.rest_client [req-de645de9-d1ba-4921-964d-83d056c9a729 req-de645de9-d1ba-4921-964d-83d056c9a729 ] Request (ServerActionsTestJSON:setUpClass): 200 GET http://10.180.1.21/compute/v2.1/servers/7ac66455-b270-4d41-aef2-63bb5191ecf9/os-interface 0.294s
2025-04-26 01:09:11.971 70523 INFO tempest.lib.common.rest_client [req-399888d6-8ed3-4ad4-b6dd-2b99cde5ada1 req-399888d6-8ed3-4ad4-b6dd-2b99cde5ada1 ] Request (ServerDiagnosticsV248Test:tearDownClass): 200 GET http://10.180.1.21/compute/v2.1/servers/575326a8-9704-4f18-9488-0f9357a05860 0.313s
2025-04-26 01:09:11.980 70523 INFO tempest.common.waiters [-] State transition "ACTIVE/deleting" ==> "DELETED/None" after 4 second wait
2025-04-26 01:09:12.033 70499 INFO tempest.lib.common.rest_client [req-4e2e1e5e-e994-463a-9012-0087761ab3c9 req-4e2e1e5e-e994-463a-9012-0087761ab3c9 ] Request (ServersAdminNegativeTestJSON:tearDownClass): 200 GET http://10.180.1.21/compute/v2.1/servers/21228faf-5663-44c8-b3ce-52e69d01eeac 0.314s
2025-04-26 01:09:12.094 70539 INFO tempest.lib.common.rest_client [req-73865ff8-d97b-4eb1-b6c8-41feadbeed06 req-73865ff8-d97b-4eb1-b6c8-41feadbeed06 ] Request (ServerShowV247Test:tearDownClass): 200 GET http://10.180.1.21/compute/v2.1/servers/59d02e38-bd37-49eb-977c-577df91eb2e6 0.305s
2025-04-26 01:09:12.144 70551 INFO tempest.lib.common.rest_client [req-a3576266-02e1-4518-ae9e-990e8dee9e75 req-a3576266-02e1-4518-ae9e-990e8dee9e75 ] Request (ServersTestMultiNic:test_verify_duplicate_network_nics): 200 GET http://10.180.1.21/compute/v2.1/servers/a88a7999-85b6-4f16-9da7-1dea0c980f16 0.295s
2025-04-26 01:09:12.192 70541 INFO tempest.lib.common.rest_client [req-d5e0f0bb-6ea0-4740-ac98-4282c2913eaa req-d5e0f0bb-6ea0-4740-ac98-4282c2913eaa ] Request (ServerMetadataTestJSON:setUpClass): 200 GET http://10.180.1.21/compute/v2.1/servers/8524c032-88de-4b91-a351-9413a628f230 0.292s
2025-04-26 01:09:12.474 70537 INFO tempest.lib.common.rest_client [req-53e616f7-636f-4a64-87a6-76415d69b9d4 req-53e616f7-636f-4a64-87a6-76415d69b9d4 ] Request (VolumesAssistedSnapshotsTest:tearDownClass): 200 GET http://10.180.1.21/compute/v2.1/servers/ca432dce-af3a-46fb-a71d-9d6e1ef8064d 0.523s
2025-04-26 01:09:12.524 70509 INFO tempest.lib.common.rest_client [req-c74916b7-4831-4b97-83fe-9a08c7760666 req-c74916b7-4831-4b97-83fe-9a08c7760666 ] Request (ImagesTestJSON:test_create_image_from_stopped_server): 200 GET http://10.180.1.21/compute/v2.1/servers/de59df0d-6372-447a-877c-41f3f26e6342 0.530s
2025-04-26 01:09:12.577 70529 INFO tempest.lib.common.rest_client [req-732c177c-5bce-40b1-bfa7-f20db8892a59 req-732c177c-5bce-40b1-bfa7-f20db8892a59 ] Request (ServersTestFqdnHostnames:test_create_server_with_fqdn_name): 200 GET http://10.180.1.21/compute/v2.1/servers/0f111af8-5458-46f1-8cde-f30a1dc8f355 0.536s
2025-04-26 01:09:12.641 70528 INFO tempest.lib.common.rest_client [req-6ffbe4dc-db65-4390-ad34-16837641d5dc req-6ffbe4dc-db65-4390-ad34-16837641d5dc ] Request (ServerActionsTestJSON:setUpClass): 200 PUT http://10.180.1.21:9696/networking/v2.0/floatingips/4ce78d64-86c7-4012-b5c6-a3eb05fccf54 0.731s
2025-04-26 01:09:12.642 70559 INFO tempest.lib.common.rest_client [req-6dee350b-3043-4032-b62e-79d54b33627a req-6dee350b-3043-4032-b62e-79d54b33627a ] Request (ServerShowV254Test:test_rebuild_server): 200 GET http://10.180.1.21/compute/v2.1/servers/f524ca71-6018-4bc9-8362-6668eea30748 0.546s
2025-04-26 01:09:12.643 70528 INFO tempest.lib.common.ssh [-] Creating ssh connection to '10.180.180.210:22' as 'cirros' with public key authentication
2025-04-26 01:09:12.694 70503 INFO tempest.lib.common.rest_client [req-311d430b-26b3-41cc-803a-187e40889da9 req-311d430b-26b3-41cc-803a-187e40889da9 ] Request (ImagesOneServerNegativeTestJSON:_run_cleanups): 200 GET http://10.180.1.21/compute/v2.1/servers/c4022a83-16ef-4d53-8efa-76d794878ed4 0.544s
2025-04-26 01:09:12.743 70515 INFO tempest.lib.common.rest_client [req-f3856c19-072f-4c1d-a15b-1c0e8ffc4b33 req-f3856c19-072f-4c1d-a15b-1c0e8ffc4b33 ] Request (ServersAdminTestJSON:test_inject_network_info): 200 GET http://10.180.1.21/compute/v2.1/servers/cb8dcc63-bef7-4eba-9ec5-477f7a09f2b8 0.544s
2025-04-26 01:09:12.754 70515 INFO tempest.common.waiters [-] State transition "BUILD/scheduling" ==> "BUILD/None" after 27 second wait
2025-04-26 01:09:12.871 70497 INFO tempest.lib.common.rest_client [req-e4faa6c6-5dd7-4134-9407-17d3ad05f25f req-e4faa6c6-5dd7-4134-9407-17d3ad05f25f ] Request (ServerRescueNegativeTestJSON:setUpClass): 200 GET http://10.180.1.21/compute/v2.1/servers/af8598b0-ea9e-4751-aebc-414ece12150e 0.576s
2025-04-26 01:09:12.925 70519 INFO tempest.lib.common.rest_client [req-93e14489-10b5-4594-8b90-adbb78ab7831 req-93e14489-10b5-4594-8b90-adbb78ab7831 ] Request (DeleteServersAdminTestJSON:test_delete_server_while_in_error_state): 200 GET http://10.180.1.21/compute/v2.1/servers/f14f60ae-501b-44b6-a246-63b64a35aaa9 0.575s
2025-04-26 01:09:12.973 70513 INFO tempest.lib.common.rest_client [req-bb266e95-5896-46b1-b631-3a5757f581ad req-bb266e95-5896-46b1-b631-3a5757f581ad ] Request (ListImageFiltersTestJSON:setUpClass): 200 GET http://10.180.1.21/compute/v2.1/servers/54c6c8cb-a4a7-44f9-b712-7977bfe0c54e 0.572s
2025-04-26 01:09:13.028 70501 INFO tempest.lib.common.rest_client [req-89826c54-09b9-4b8a-9940-77d63dcc92a9 req-89826c54-09b9-4b8a-9940-77d63dcc92a9 ] Request (ListServerFiltersTestJSON:tearDownClass): 200 GET http://10.180.1.21/compute/v2.1/servers/95b4ab4c-0dce-456e-847c-e4e38778446a 0.573s
2025-04-26 01:09:13.086 70547 INFO tempest.lib.common.rest_client [req-16c00ee1-189a-4714-96cc-467a04dd64ad req-16c00ee1-189a-4714-96cc-467a04dd64ad ] Request (ServerPasswordTestJSON:tearDownClass): 200 GET http://10.180.1.21/compute/v2.1/servers/e1e494d0-aba4-4254-b4c7-14d56d79c336 0.555s
2025-04-26 01:09:13.163 70535 INFO tempest.lib.common.rest_client [req-ea2d7f3c-04d0-4a8c-bcc4-16ebdeb9df1b req-ea2d7f3c-04d0-4a8c-bcc4-16ebdeb9df1b ] Request (ServerAddressesTestJSON:setUpClass): 200 GET http://10.180.1.21/compute/v2.1/servers/2fcb8655-8edf-4205-82f1-728c9fe0997e 0.507s
2025-04-26 01:09:13.200 70505 INFO tempest.lib.common.rest_client [req-4a0c1085-ea81-461d-be10-15a6b351fea1 req-4a0c1085-ea81-461d-be10-15a6b351fea1 ] Request (AttachInterfacesTestJSON:test_create_list_show_delete_interfaces_by_fixed_ip): 200 POST http://10.180.1.21/compute/v2.1/servers/25461bf2-3b05-45e3-9401-8f440b1e06f3/os-interface 8.164s
2025-04-26 01:09:13.218 70511 INFO tempest.lib.common.rest_client [req-48c36f8a-b518-4eb2-b4c4-702d6e23f8ae req-48c36f8a-b518-4eb2-b4c4-702d6e23f8ae ] Request (ImagesOneServerTestJSON:setUpClass): 200 GET http://10.180.1.21/compute/v2.1/servers/c4c8a84f-bcd6-48b9-9a4f-aff338cf8084 0.514s
2025-04-26 01:09:13.250 70525 INFO tempest.lib.common.rest_client [req-920f20f7-6269-4a0a-aefd-f3dcc110b559 req-920f20f7-6269-4a0a-aefd-f3dcc110b559 ] Request (FloatingIPsAssociationTestJSON:test_associate_already_associated_floating_ip): 200 GET http://10.180.1.21/compute/v2.1/servers/cdf9e135-81ba-4261-9d43-1680ad1c5bb3 0.495s
2025-04-26 01:09:13.283 70517 INFO tempest.lib.common.rest_client [req-e0361967-7a84-4dc2-a687-3f02fb10265b req-e0361967-7a84-4dc2-a687-3f02fb10265b ] Request (ServersListShow296Test:tearDownClass): 200 GET http://10.180.1.21/compute/v2.1/servers/d0b2e7f5-622a-458f-86b2-44a8a6e86e1b 0.466s
2025-04-26 01:09:13.299 70531 INFO tempest.lib.common.rest_client [req-5ae2d67d-4cfa-4ca0-af1d-bbcd7808faef req-5ae2d67d-4cfa-4ca0-af1d-bbcd7808faef ] Request (MigrationsAdminTest:test_resize_server_revert_deleted_flavor): 200 GET http://10.180.1.21/compute/v2.1/servers/e77916d8-d281-4418-aeab-169a6d99f109 0.443s
2025-04-26 01:09:13.340 70523 INFO tempest.lib.common.rest_client [req-aaca8bab-8eda-498d-8eb9-256609789610 req-aaca8bab-8eda-498d-8eb9-256609789610 ] Request (ServerDiagnosticsV248Test:tearDownClass): 200 GET http://10.180.1.21/compute/v2.1/servers/575326a8-9704-4f18-9488-0f9357a05860 0.358s
2025-04-26 01:09:13.351 70499 INFO tempest.lib.common.rest_client [req-ea3085fa-41de-42ad-8019-358abbd8eced req-ea3085fa-41de-42ad-8019-358abbd8eced ] Request (ServersAdminNegativeTestJSON:tearDownClass): 200 GET http://10.180.1.21/compute/v2.1/servers/21228faf-5663-44c8-b3ce-52e69d01eeac 0.310s
2025-04-26 01:09:13.400 70539 INFO tempest.lib.common.rest_client [req-ac6e832d-c1ef-418d-b2c7-d43e5cb974ae req-ac6e832d-c1ef-418d-b2c7-d43e5cb974ae ] Request (ServerShowV247Test:tearDownClass): 200 GET http://10.180.1.21/compute/v2.1/servers/59d02e38-bd37-49eb-977c-577df91eb2e6 0.294s
2025-04-26 01:09:13.404 70551 INFO tempest.lib.common.rest_client [req-4ad1cf37-c5ed-4916-b99a-9ad1b7ee3f58 req-4ad1cf37-c5ed-4916-b99a-9ad1b7ee3f58 ] Request (ServersTestMultiNic:test_verify_duplicate_network_nics): 200 GET http://10.180.1.21/compute/v2.1/servers/a88a7999-85b6-4f16-9da7-1dea0c980f16 0.253s
2025-04-26 01:09:13.461 70541 INFO tempest.lib.common.rest_client [req-f31fc562-9633-48fd-b5fa-d5a7880f5cd0 req-f31fc562-9633-48fd-b5fa-d5a7880f5cd0 ] Request (ServerMetadataTestJSON:setUpClass): 200 GET http://10.180.1.21/compute/v2.1/servers/8524c032-88de-4b91-a351-9413a628f230 0.257s
2025-04-26 01:09:13.468 70505 INFO tempest.lib.common.rest_client [req-555ed10f-63b7-4a5b-8522-814fe032a29e req-555ed10f-63b7-4a5b-8522-814fe032a29e ] Request (AttachInterfacesTestJSON:test_create_list_show_delete_interfaces_by_fixed_ip): 200 GET http://10.180.1.21/compute/v2.1/servers/25461bf2-3b05-45e3-9401-8f440b1e06f3/os-interface/0d8e272f-4dfb-428b-9fcf-5ee81d72a14f 0.266s
2025-04-26 01:09:13.533 70505 INFO tempest.lib.common.rest_client [req-c53f9ba4-07d9-475c-916c-4d43c09e54fe req-c53f9ba4-07d9-475c-916c-4d43c09e54fe ] Request (AttachInterfacesTestJSON:test_create_list_show_delete_interfaces_by_fixed_ip): 200 GET http://10.180.1.21/compute/v2.1/servers/25461bf2-3b05-45e3-9401-8f440b1e06f3/os-interface 0.062s
2025-04-26 01:09:13.549 70537 INFO tempest.lib.common.rest_client [req-ae8ba70d-e5bd-403a-8740-97cbcde35c93 req-ae8ba70d-e5bd-403a-8740-97cbcde35c93 ] Request (VolumesAssistedSnapshotsTest:tearDownClass): 200 GET http://10.180.1.21/compute/v2.1/servers/ca432dce-af3a-46fb-a71d-9d6e1ef8064d 0.067s
2025-04-26 01:09:13.588 70509 INFO tempest.lib.common.rest_client [req-b05aea1e-b3b5-432e-8e06-476533dbba0e req-b05aea1e-b3b5-432e-8e06-476533dbba0e ] Request (ImagesTestJSON:test_create_image_from_stopped_server): 200 GET http://10.180.1.21/compute/v2.1/servers/de59df0d-6372-447a-877c-41f3f26e6342 0.056s
2025-04-26 01:09:13.610 70505 INFO tempest.lib.common.rest_client [req-c129fef2-f3d5-4542-8308-c282c1814090 req-c129fef2-f3d5-4542-8308-c282c1814090 ] Request (AttachInterfacesTestJSON:test_create_list_show_delete_interfaces_by_fixed_ip): 200 GET http://10.180.1.21/compute/v2.1/servers/25461bf2-3b05-45e3-9401-8f440b1e06f3/os-interface/9f9a5919-4bf7-469e-b5c5-e0e3a14cc163 0.075s
2025-04-26 01:09:13.634 70529 INFO tempest.lib.common.rest_client [req-a69f8e14-f6cf-459a-81b5-e20e9a6a5ce7 req-a69f8e14-f6cf-459a-81b5-e20e9a6a5ce7 ] Request (ServersTestFqdnHostnames:test_create_server_with_fqdn_name): 200 GET http://10.180.1.21/compute/v2.1/servers/0f111af8-5458-46f1-8cde-f30a1dc8f355 0.049s
2025-04-26 01:09:13.665 70505 INFO tempest.lib.common.rest_client [req-647024f2-3920-4fa0-87b3-956bb7fce9b7 req-647024f2-3920-4fa0-87b3-956bb7fce9b7 ] Request (AttachInterfacesTestJSON:test_create_list_show_delete_interfaces_by_fixed_ip): 202 DELETE http://10.180.1.21/compute/v2.1/servers/25461bf2-3b05-45e3-9401-8f440b1e06f3/os-interface/0d8e272f-4dfb-428b-9fcf-5ee81d72a14f 0.053s
2025-04-26 01:09:13.715 70559 INFO tempest.lib.common.rest_client [req-51f35540-0142-4966-9004-7dea446ca95c req-51f35540-0142-4966-9004-7dea446ca95c ] Request (ServerShowV254Test:test_rebuild_server): 200 GET http://10.180.1.21/compute/v2.1/servers/f524ca71-6018-4bc9-8362-6668eea30748 0.060s
2025-04-26 01:09:13.735 70505 INFO tempest.lib.common.rest_client [req-a189e813-51b2-4d16-838e-ff315b601d0f req-a189e813-51b2-4d16-838e-ff315b601d0f ] Request (AttachInterfacesTestJSON:test_create_list_show_delete_interfaces_by_fixed_ip): 200 GET http://10.180.1.21/compute/v2.1/servers/25461bf2-3b05-45e3-9401-8f440b1e06f3/os-interface 0.070s
2025-04-26 01:09:13.771 70503 INFO tempest.lib.common.rest_client [req-0b5267ad-84ce-41cb-a6b8-f8c18644b6fb req-0b5267ad-84ce-41cb-a6b8-f8c18644b6fb ] Request (ImagesOneServerNegativeTestJSON:_run_cleanups): 200 GET http://10.180.1.21/compute/v2.1/servers/c4022a83-16ef-4d53-8efa-76d794878ed4 0.068s
2025-04-26 01:09:13.805 70515 INFO tempest.lib.common.rest_client [req-31df636b-842b-4c9a-8b7c-ebabe7124130 req-31df636b-842b-4c9a-8b7c-ebabe7124130 ] Request (ServersAdminTestJSON:test_inject_network_info): 200 GET http://10.180.1.21/compute/v2.1/servers/cb8dcc63-bef7-4eba-9ec5-477f7a09f2b8 0.050s
2025-04-26 01:09:13.969 70497 INFO tempest.lib.common.rest_client [req-2eb5f7fa-562c-41ca-a0a3-ae5944f465aa req-2eb5f7fa-562c-41ca-a0a3-ae5944f465aa ] Request (ServerRescueNegativeTestJSON:setUpClass): 200 GET http://10.180.1.21/compute/v2.1/servers/af8598b0-ea9e-4751-aebc-414ece12150e 0.090s
2025-04-26 01:09:14.001 70519 INFO tempest.lib.common.rest_client [req-65349de4-396c-4c79-907a-a191fcc05173 req-65349de4-396c-4c79-907a-a191fcc05173 ] Request (DeleteServersAdminTestJSON:test_delete_server_while_in_error_state): 200 GET http://10.180.1.21/compute/v2.1/servers/f14f60ae-501b-44b6-a246-63b64a35aaa9 0.067s
2025-04-26 01:09:14.040 70513 INFO tempest.lib.common.rest_client [req-e60d810b-a02c-4364-833c-df30abc59565 req-e60d810b-a02c-4364-833c-df30abc59565 ] Request (ListImageFiltersTestJSON:setUpClass): 200 GET http://10.180.1.21/compute/v2.1/servers/54c6c8cb-a4a7-44f9-b712-7977bfe0c54e 0.060s
2025-04-26 01:09:14.114 70501 INFO tempest.lib.common.rest_client [req-e0a09e78-2001-43e6-9523-d58a73b7c294 req-e0a09e78-2001-43e6-9523-d58a73b7c294 ] Request (ListServerFiltersTestJSON:tearDownClass): 200 GET http://10.180.1.21/compute/v2.1/servers/95b4ab4c-0dce-456e-847c-e4e38778446a 0.077s
2025-04-26 01:09:14.148 70547 INFO tempest.lib.common.rest_client [req-3d2d0c75-7b12-4235-a863-0dc5a0126924 req-3d2d0c75-7b12-4235-a863-0dc5a0126924 ] Request (ServerPasswordTestJSON:tearDownClass): 200 GET http://10.180.1.21/compute/v2.1/servers/e1e494d0-aba4-4254-b4c7-14d56d79c336 0.054s
2025-04-26 01:09:14.223 70535 INFO tempest.lib.common.rest_client [req-4c8a088b-cabf-4fed-817c-d65b59f2882e req-4c8a088b-cabf-4fed-817c-d65b59f2882e ] Request (ServerAddressesTestJSON:setUpClass): 200 GET http://10.180.1.21/compute/v2.1/servers/2fcb8655-8edf-4205-82f1-728c9fe0997e 0.050s
2025-04-26 01:09:14.275 70511 INFO tempest.lib.common.rest_client [req-64a187e5-f7a3-4269-91a3-51e61271d3e2 req-64a187e5-f7a3-4269-91a3-51e61271d3e2 ] Request (ImagesOneServerTestJSON:setUpClass): 200 GET http://10.180.1.21/compute/v2.1/servers/c4c8a84f-bcd6-48b9-9a4f-aff338cf8084 0.049s
2025-04-26 01:09:14.305 70525 INFO tempest.lib.common.rest_client [req-970cf4bc-839c-4464-b836-b1aa87ce5712 req-970cf4bc-839c-4464-b836-b1aa87ce5712 ] Request (FloatingIPsAssociationTestJSON:test_associate_already_associated_floating_ip): 200 GET http://10.180.1.21/compute/v2.1/servers/cdf9e135-81ba-4261-9d43-1680ad1c5bb3 0.047s
2025-04-26 01:09:14.365 70531 INFO tempest.lib.common.rest_client [req-1d46475a-e193-41db-b775-f50ce4f4c299 req-1d46475a-e193-41db-b775-f50ce4f4c299 ] Request (MigrationsAdminTest:test_resize_server_revert_deleted_flavor): 200 GET http://10.180.1.21/compute/v2.1/servers/e77916d8-d281-4418-aeab-169a6d99f109 0.057s
2025-04-26 01:09:14.370 70517 INFO tempest.lib.common.rest_client [req-75f2c6db-2b4c-469f-b1a4-8996a8b8a327 req-75f2c6db-2b4c-469f-b1a4-8996a8b8a327 ] Request (ServersListShow296Test:tearDownClass): 200 GET http://10.180.1.21/compute/v2.1/servers/d0b2e7f5-622a-458f-86b2-44a8a6e86e1b 0.073s
2025-04-26 01:09:14.426 70499 INFO tempest.lib.common.rest_client [req-a91b3b72-b72c-436c-b8a6-f66d2aa8e3ba req-a91b3b72-b72c-436c-b8a6-f66d2aa8e3ba ] Request (ServersAdminNegativeTestJSON:tearDownClass): 200 GET http://10.180.1.21/compute/v2.1/servers/21228faf-5663-44c8-b3ce-52e69d01eeac 0.066s
2025-04-26 01:09:14.429 70523 INFO tempest.lib.common.rest_client [req-07b2f231-1ce6-445c-b99d-20ebac51c32c req-07b2f231-1ce6-445c-b99d-20ebac51c32c ] Request (ServerDiagnosticsV248Test:tearDownClass): 200 GET http://10.180.1.21/compute/v2.1/servers/575326a8-9704-4f18-9488-0f9357a05860 0.079s
2025-04-26 01:09:14.474 70551 INFO tempest.lib.common.rest_client [req-87c88411-8a93-491c-8987-f49a60d9feb0 req-87c88411-8a93-491c-8987-f49a60d9feb0 ] Request (ServersTestMultiNic:test_verify_duplicate_network_nics): 200 GET http://10.180.1.21/compute/v2.1/servers/a88a7999-85b6-4f16-9da7-1dea0c980f16 0.058s
2025-04-26 01:09:14.483 70539 INFO tempest.lib.common.rest_client [req-c52dbbaf-02ac-4c7e-83b8-99d43d96e89a req-c52dbbaf-02ac-4c7e-83b8-99d43d96e89a ] Request (ServerShowV247Test:tearDownClass): 200 GET http://10.180.1.21/compute/v2.1/servers/59d02e38-bd37-49eb-977c-577df91eb2e6 0.075s
2025-04-26 01:09:14.519 70541 INFO tempest.lib.common.rest_client [req-b3efaf2d-65ea-46f1-a5e9-307a34d2eb2e req-b3efaf2d-65ea-46f1-a5e9-307a34d2eb2e ] Request (ServerMetadataTestJSON:setUpClass): 200 GET http://10.180.1.21/compute/v2.1/servers/8524c032-88de-4b91-a351-9413a628f230 0.049s
2025-04-26 01:09:14.612 70537 INFO tempest.lib.common.rest_client [req-49c97dc6-66d5-4e7d-af8e-d2f1ee9a8329 req-49c97dc6-66d5-4e7d-af8e-d2f1ee9a8329 ] Request (VolumesAssistedSnapshotsTest:tearDownClass): 200 GET http://10.180.1.21/compute/v2.1/servers/ca432dce-af3a-46fb-a71d-9d6e1ef8064d 0.054s
2025-04-26 01:09:14.641 70509 INFO tempest.lib.common.rest_client [req-85f62c8c-d41f-4cea-8974-97a435427c57 req-85f62c8c-d41f-4cea-8974-97a435427c57 ] Request (ImagesTestJSON:test_create_image_from_stopped_server): 200 GET http://10.180.1.21/compute/v2.1/servers/de59df0d-6372-447a-877c-41f3f26e6342 0.045s
2025-04-26 01:09:14.687 70529 INFO tempest.lib.common.rest_client [req-dabbe4bf-d72d-4f2a-9d07-6a8179531c31 req-dabbe4bf-d72d-4f2a-9d07-6a8179531c31 ] Request (ServersTestFqdnHostnames:test_create_server_with_fqdn_name): 200 GET http://10.180.1.21/compute/v2.1/servers/0f111af8-5458-46f1-8cde-f30a1dc8f355 0.044s
2025-04-26 01:09:14.777 70559 INFO tempest.lib.common.rest_client [req-0f02f02b-86da-4f55-a40a-9d9b0bb12462 req-0f02f02b-86da-4f55-a40a-9d9b0bb12462 ] Request (ServerShowV254Test:test_rebuild_server): 200 GET http://10.180.1.21/compute/v2.1/servers/f524ca71-6018-4bc9-8362-6668eea30748 0.052s
2025-04-26 01:09:14.804 70505 INFO tempest.lib.common.rest_client [req-54624296-2e04-4937-aa4f-0abcd7f62b2e req-54624296-2e04-4937-aa4f-0abcd7f62b2e ] Request (AttachInterfacesTestJSON:test_create_list_show_delete_interfaces_by_fixed_ip): 200 GET http://10.180.1.21/compute/v2.1/servers/25461bf2-3b05-45e3-9401-8f440b1e06f3/os-interface 0.065s
2025-04-26 01:09:14.833 70503 INFO tempest.lib.common.rest_client [req-b60b8e1a-bacb-4d1a-828a-6a534ce63630 req-b60b8e1a-bacb-4d1a-828a-6a534ce63630 ] Request (ImagesOneServerNegativeTestJSON:_run_cleanups): 200 GET http://10.180.1.21/compute/v2.1/servers/c4022a83-16ef-4d53-8efa-76d794878ed4 0.054s
2025-04-26 01:09:14.859 70515 INFO tempest.lib.common.rest_client [req-1ee672c7-8c5a-4788-a68d-3baf5af997d1 req-1ee672c7-8c5a-4788-a68d-3baf5af997d1 ] Request (ServersAdminTestJSON:test_inject_network_info): 200 GET http://10.180.1.21/compute/v2.1/servers/cb8dcc63-bef7-4eba-9ec5-477f7a09f2b8 0.046s
2025-04-26 01:09:15.088 70519 INFO tempest.lib.common.rest_client [req-f2c77742-3c8a-4fba-aaa7-ce5e20fc1d23 req-f2c77742-3c8a-4fba-aaa7-ce5e20fc1d23 ] Request (DeleteServersAdminTestJSON:test_delete_server_while_in_error_state): 200 GET http://10.180.1.21/compute/v2.1/servers/f14f60ae-501b-44b6-a246-63b64a35aaa9 0.076s
2025-04-26 01:09:15.089 70497 INFO tempest.lib.common.rest_client [req-b841757d-de81-42ad-aeb8-c59337f21550 req-b841757d-de81-42ad-aeb8-c59337f21550 ] Request (ServerRescueNegativeTestJSON:setUpClass): 200 GET http://10.180.1.21/compute/v2.1/servers/af8598b0-ea9e-4751-aebc-414ece12150e 0.111s
2025-04-26 01:09:15.144 70513 INFO tempest.lib.common.rest_client [req-7827f0f9-ab1b-4183-8bad-d39c5ec7643f req-7827f0f9-ab1b-4183-8bad-d39c5ec7643f ] Request (ListImageFiltersTestJSON:setUpClass): 200 GET http://10.180.1.21/compute/v2.1/servers/54c6c8cb-a4a7-44f9-b712-7977bfe0c54e 0.095s
2025-04-26 01:09:15.191 70501 INFO tempest.lib.common.rest_client [req-ce9b5da1-cef4-4d13-a400-e2b652cd079b req-ce9b5da1-cef4-4d13-a400-e2b652cd079b ] Request (ListServerFiltersTestJSON:tearDownClass): 200 GET http://10.180.1.21/compute/v2.1/servers/95b4ab4c-0dce-456e-847c-e4e38778446a 0.069s
2025-04-26 01:09:15.215 70547 INFO tempest.lib.common.rest_client [req-9bce6b60-5dc8-4933-96b7-68e529e72ca4 req-9bce6b60-5dc8-4933-96b7-68e529e72ca4 ] Request (ServerPasswordTestJSON:tearDownClass): 200 GET http://10.180.1.21/compute/v2.1/servers/e1e494d0-aba4-4254-b4c7-14d56d79c336 0.059s
2025-04-26 01:09:15.290 70535 INFO tempest.lib.common.rest_client [req-e4ddfe53-2732-4cb3-9736-dcb1b7043e92 req-e4ddfe53-2732-4cb3-9736-dcb1b7043e92 ] Request (ServerAddressesTestJSON:setUpClass): 200 GET http://10.180.1.21/compute/v2.1/servers/2fcb8655-8edf-4205-82f1-728c9fe0997e 0.055s
2025-04-26 01:09:15.329 70511 INFO tempest.lib.common.rest_client [req-785ac213-9d08-4dc8-8425-d5b0828ce930 req-785ac213-9d08-4dc8-8425-d5b0828ce930 ] Request (ImagesOneServerTestJSON:setUpClass): 200 GET http://10.180.1.21/compute/v2.1/servers/c4c8a84f-bcd6-48b9-9a4f-aff338cf8084 0.046s
2025-04-26 01:09:15.358 70525 INFO tempest.lib.common.rest_client [req-e8775c78-5d97-48ab-8100-caf8bd061c09 req-e8775c78-5d97-48ab-8100-caf8bd061c09 ] Request (FloatingIPsAssociationTestJSON:test_associate_already_associated_floating_ip): 200 GET http://10.180.1.21/compute/v2.1/servers/cdf9e135-81ba-4261-9d43-1680ad1c5bb3 0.045s
2025-04-26 01:09:15.417 70531 INFO tempest.lib.common.rest_client [req-ecaf16b3-46c8-47e0-b8c6-0b82715b675f req-ecaf16b3-46c8-47e0-b8c6-0b82715b675f ] Request (MigrationsAdminTest:test_resize_server_revert_deleted_flavor): 200 GET http://10.180.1.21/compute/v2.1/servers/e77916d8-d281-4418-aeab-169a6d99f109 0.044s
2025-04-26 01:09:15.450 70517 INFO tempest.lib.common.rest_client [req-da398bb6-8b10-4332-8dcf-b768f583de1a req-da398bb6-8b10-4332-8dcf-b768f583de1a ] Request (ServersListShow296Test:tearDownClass): 200 GET http://10.180.1.21/compute/v2.1/servers/d0b2e7f5-622a-458f-86b2-44a8a6e86e1b 0.071s
2025-04-26 01:09:15.490 70499 INFO tempest.lib.common.rest_client [req-2ffcc9bc-2033-4165-84f2-acfdd505f3b4 req-2ffcc9bc-2033-4165-84f2-acfdd505f3b4 ] Request (ServersAdminNegativeTestJSON:tearDownClass): 200 GET http://10.180.1.21/compute/v2.1/servers/21228faf-5663-44c8-b3ce-52e69d01eeac 0.056s
2025-04-26 01:09:15.505 70523 INFO tempest.lib.common.rest_client [req-b54dfc8e-a75e-4447-9ee6-b1c7a2bb9d03 req-b54dfc8e-a75e-4447-9ee6-b1c7a2bb9d03 ] Request (ServerDiagnosticsV248Test:tearDownClass): 200 GET http://10.180.1.21/compute/v2.1/servers/575326a8-9704-4f18-9488-0f9357a05860 0.066s
2025-04-26 01:09:15.522 70539 INFO tempest.lib.common.rest_client [req-fabcb799-e6c4-45c2-a453-60016bf663dc req-fabcb799-e6c4-45c2-a453-60016bf663dc ] Request (ServerShowV247Test:tearDownClass): 404 GET http://10.180.1.21/compute/v2.1/servers/59d02e38-bd37-49eb-977c-577df91eb2e6 0.030s
2025-04-26 01:09:15.537 70551 INFO tempest.lib.common.rest_client [req-1281984e-d914-435f-8066-866d150a1038 req-1281984e-d914-435f-8066-866d150a1038 ] Request (ServersTestMultiNic:test_verify_duplicate_network_nics): 200 GET http://10.180.1.21/compute/v2.1/servers/a88a7999-85b6-4f16-9da7-1dea0c980f16 0.055s
2025-04-26 01:09:15.577 70541 INFO tempest.lib.common.rest_client [req-1b21680e-f0c1-4301-831d-5313e997680c req-1b21680e-f0c1-4301-831d-5313e997680c ] Request (ServerMetadataTestJSON:setUpClass): 200 GET http://10.180.1.21/compute/v2.1/servers/8524c032-88de-4b91-a351-9413a628f230 0.050s
2025-04-26 01:09:15.588 70539 INFO tempest.lib.common.rest_client [req-12d08929-7689-4f76-b574-95ea1e2931d9 req-12d08929-7689-4f76-b574-95ea1e2931d9 ] Request (ServerShowV247Test:tearDownClass): 204 DELETE http://10.180.1.21/compute/v2.1/servers/d48215f1-518c-409d-a343-6c0eada63c56 0.065s
2025-04-26 01:09:15.637 70539 INFO tempest.lib.common.rest_client [req-44259de9-0914-486a-b601-a1a21d2f3747 req-44259de9-0914-486a-b601-a1a21d2f3747 ] Request (ServerShowV247Test:tearDownClass): 200 GET http://10.180.1.21/compute/v2.1/servers/d48215f1-518c-409d-a343-6c0eada63c56 0.049s
2025-04-26 01:09:15.672 70537 INFO tempest.lib.common.rest_client [req-ed924d3d-722f-43e0-aa72-6c31cbae16ab req-ed924d3d-722f-43e0-aa72-6c31cbae16ab ] Request (VolumesAssistedSnapshotsTest:tearDownClass): 200 GET http://10.180.1.21/compute/v2.1/servers/ca432dce-af3a-46fb-a71d-9d6e1ef8064d 0.053s
2025-04-26 01:09:15.723 70509 INFO tempest.lib.common.rest_client [req-bf28da9f-63fa-4be7-865c-d29dec0b5479 req-bf28da9f-63fa-4be7-865c-d29dec0b5479 ] Request (ImagesTestJSON:test_create_image_from_stopped_server): 200 GET http://10.180.1.21/compute/v2.1/servers/de59df0d-6372-447a-877c-41f3f26e6342 0.072s
2025-04-26 01:09:15.756 70529 INFO tempest.lib.common.rest_client [req-b5fa068e-34fe-4f35-9846-041912240893 req-b5fa068e-34fe-4f35-9846-041912240893 ] Request (ServersTestFqdnHostnames:test_create_server_with_fqdn_name): 200 GET http://10.180.1.21/compute/v2.1/servers/0f111af8-5458-46f1-8cde-f30a1dc8f355 0.060s
2025-04-26 01:09:15.866 70559 INFO tempest.lib.common.rest_client [req-85355b74-3b3a-4b1c-8e67-426bc27ef2fa req-85355b74-3b3a-4b1c-8e67-426bc27ef2fa ] Request (ServerShowV254Test:test_rebuild_server): 200 GET http://10.180.1.21/compute/v2.1/servers/f524ca71-6018-4bc9-8362-6668eea30748 0.079s
2025-04-26 01:09:15.891 70505 INFO tempest.lib.common.rest_client [req-83f8e14c-5fd0-43fb-8c44-78f1d55d0051 req-83f8e14c-5fd0-43fb-8c44-78f1d55d0051 ] Request (AttachInterfacesTestJSON:test_create_list_show_delete_interfaces_by_fixed_ip): 200 GET http://10.180.1.21/compute/v2.1/servers/25461bf2-3b05-45e3-9401-8f440b1e06f3/os-interface 0.084s
2025-04-26 01:09:15.916 70503 INFO tempest.lib.common.rest_client [req-636b8608-fd43-49d3-b183-73357a7289ca req-636b8608-fd43-49d3-b183-73357a7289ca ] Request (ImagesOneServerNegativeTestJSON:_run_cleanups): 200 GET http://10.180.1.21/compute/v2.1/servers/c4022a83-16ef-4d53-8efa-76d794878ed4 0.076s
2025-04-26 01:09:15.935 70515 INFO tempest.lib.common.rest_client [req-c12d356e-c3e7-42dc-95d7-f71a7cfe9be0 req-c12d356e-c3e7-42dc-95d7-f71a7cfe9be0 ] Request (ServersAdminTestJSON:test_inject_network_info): 200 GET http://10.180.1.21/compute/v2.1/servers/cb8dcc63-bef7-4eba-9ec5-477f7a09f2b8 0.068s
2025-04-26 01:09:16.156 70519 INFO tempest.lib.common.rest_client [req-ead30cfa-ab12-4e4c-a8d8-2b0e79f17292 req-ead30cfa-ab12-4e4c-a8d8-2b0e79f17292 ] Request (DeleteServersAdminTestJSON:test_delete_server_while_in_error_state): 200 GET http://10.180.1.21/compute/v2.1/servers/f14f60ae-501b-44b6-a246-63b64a35aaa9 0.059s
2025-04-26 01:09:16.190 70497 INFO tempest.lib.common.rest_client [req-01435efd-2376-4667-aa03-fabc52bcde03 req-01435efd-2376-4667-aa03-fabc52bcde03 ] Request (ServerRescueNegativeTestJSON:setUpClass): 200 GET http://10.180.1.21/compute/v2.1/servers/af8598b0-ea9e-4751-aebc-414ece12150e 0.094s
2025-04-26 01:09:16.203 70513 INFO tempest.lib.common.rest_client [req-748af297-d468-42ab-a295-9d805b4332e6 req-748af297-d468-42ab-a295-9d805b4332e6 ] Request (ListImageFiltersTestJSON:setUpClass): 200 GET http://10.180.1.21/compute/v2.1/servers/54c6c8cb-a4a7-44f9-b712-7977bfe0c54e 0.050s
2025-04-26 01:09:16.262 70501 INFO tempest.lib.common.rest_client [req-9da8e755-5560-4809-a252-138a6bb2dd7e req-9da8e755-5560-4809-a252-138a6bb2dd7e ] Request (ListServerFiltersTestJSON:tearDownClass): 200 GET http://10.180.1.21/compute/v2.1/servers/95b4ab4c-0dce-456e-847c-e4e38778446a 0.060s
2025-04-26 01:09:16.277 70547 INFO tempest.lib.common.rest_client [req-608609b2-79f1-4dda-83fc-06ab47dc3347 req-608609b2-79f1-4dda-83fc-06ab47dc3347 ] Request (ServerPasswordTestJSON:tearDownClass): 200 GET http://10.180.1.21/compute/v2.1/servers/e1e494d0-aba4-4254-b4c7-14d56d79c336 0.054s
2025-04-26 01:09:16.355 70535 INFO tempest.lib.common.rest_client [req-8a8daaf1-a0fd-469b-b112-495c0b44ce1e req-8a8daaf1-a0fd-469b-b112-495c0b44ce1e ] Request (ServerAddressesTestJSON:setUpClass): 200 GET http://10.180.1.21/compute/v2.1/servers/2fcb8655-8edf-4205-82f1-728c9fe0997e 0.057s
2025-04-26 01:09:16.392 70511 INFO tempest.lib.common.rest_client [req-69c382c7-ae50-4e6b-b101-e24702f4f9ef req-69c382c7-ae50-4e6b-b101-e24702f4f9ef ] Request (ImagesOneServerTestJSON:setUpClass): 200 GET http://10.180.1.21/compute/v2.1/servers/c4c8a84f-bcd6-48b9-9a4f-aff338cf8084 0.056s
2025-04-26 01:09:16.415 70525 INFO tempest.lib.common.rest_client [req-94d54516-050b-4f8b-8902-492f73d54938 req-94d54516-050b-4f8b-8902-492f73d54938 ] Request (FloatingIPsAssociationTestJSON:test_associate_already_associated_floating_ip): 200 GET http://10.180.1.21/compute/v2.1/servers/cdf9e135-81ba-4261-9d43-1680ad1c5bb3 0.049s
2025-04-26 01:09:16.478 70531 INFO tempest.lib.common.rest_client [req-2ab8d398-ee68-4456-a177-befd3b4dfcdf req-2ab8d398-ee68-4456-a177-befd3b4dfcdf ] Request (MigrationsAdminTest:test_resize_server_revert_deleted_flavor): 200 GET http://10.180.1.21/compute/v2.1/servers/e77916d8-d281-4418-aeab-169a6d99f109 0.053s
2025-04-26 01:09:16.533 70517 INFO tempest.lib.common.rest_client [req-ba409205-ddc0-436d-92e6-bf8fd08a18bf req-ba409205-ddc0-436d-92e6-bf8fd08a18bf ] Request (ServersListShow296Test:tearDownClass): 200 GET http://10.180.1.21/compute/v2.1/servers/d0b2e7f5-622a-458f-86b2-44a8a6e86e1b 0.073s
2025-04-26 01:09:16.562 70499 INFO tempest.lib.common.rest_client [req-0fe19d76-7547-4183-815a-7aaaef40601d req-0fe19d76-7547-4183-815a-7aaaef40601d ] Request (ServersAdminNegativeTestJSON:tearDownClass): 200 GET http://10.180.1.21/compute/v2.1/servers/21228faf-5663-44c8-b3ce-52e69d01eeac 0.063s
2025-04-26 01:09:16.592 70523 INFO tempest.lib.common.rest_client [req-fe0e3982-9455-4572-87e4-3849ceb1250d req-fe0e3982-9455-4572-87e4-3849ceb1250d ] Request (ServerDiagnosticsV248Test:tearDownClass): 200 GET http://10.180.1.21/compute/v2.1/servers/575326a8-9704-4f18-9488-0f9357a05860 0.074s
2025-04-26 01:09:16.609 70551 INFO tempest.lib.common.rest_client [req-9557d7a4-2ee6-4446-a989-baeb2e060d1b req-9557d7a4-2ee6-4446-a989-baeb2e060d1b ] Request (ServersTestMultiNic:test_verify_duplicate_network_nics): 200 GET http://10.180.1.21/compute/v2.1/servers/a88a7999-85b6-4f16-9da7-1dea0c980f16 0.061s
2025-04-26 01:09:16.636 70541 INFO tempest.lib.common.rest_client [req-d2f3751f-edbb-4bdc-981e-82a668fac892 req-d2f3751f-edbb-4bdc-981e-82a668fac892 ] Request (ServerMetadataTestJSON:setUpClass): 200 GET http://10.180.1.21/compute/v2.1/servers/8524c032-88de-4b91-a351-9413a628f230 0.051s
2025-04-26 01:09:16.695 70539 INFO tempest.lib.common.rest_client [req-0f9760f4-9097-4276-894d-4dd1096d0849 req-0f9760f4-9097-4276-894d-4dd1096d0849 ] Request (ServerShowV247Test:tearDownClass): 200 GET http://10.180.1.21/compute/v2.1/servers/d48215f1-518c-409d-a343-6c0eada63c56 0.049s
2025-04-26 01:09:16.730 70537 INFO tempest.lib.common.rest_client [req-5da2672d-00b8-49ff-8654-78d53918419c req-5da2672d-00b8-49ff-8654-78d53918419c ] Request (VolumesAssistedSnapshotsTest:tearDownClass): 200 GET http://10.180.1.21/compute/v2.1/servers/ca432dce-af3a-46fb-a71d-9d6e1ef8064d 0.051s
2025-04-26 01:09:16.754 70528 WARNING tempest.lib.common.ssh [-] Failed to establish authenticated ssh connection to cirros@10.180.180.210 ([Errno None] Unable to connect to port 22 on 10.180.180.210). Number attempts: 1. Retry after 2 seconds.: paramiko.ssh_exception.NoValidConnectionsError: [Errno None] Unable to connect to port 22 on 10.180.180.210
2025-04-26 01:09:16.782 70509 INFO tempest.lib.common.rest_client [req-7ed5a4d9-4619-4fd1-aba6-b14bd4bd6a3a req-7ed5a4d9-4619-4fd1-aba6-b14bd4bd6a3a ] Request (ImagesTestJSON:test_create_image_from_stopped_server): 200 GET http://10.180.1.21/compute/v2.1/servers/de59df0d-6372-447a-877c-41f3f26e6342 0.051s
2025-04-26 01:09:16.811 70529 INFO tempest.lib.common.rest_client [req-a81e4178-0002-4fa6-bdac-d33ce5a8bf59 req-a81e4178-0002-4fa6-bdac-d33ce5a8bf59 ] Request (ServersTestFqdnHostnames:test_create_server_with_fqdn_name): 200 GET http://10.180.1.21/compute/v2.1/servers/0f111af8-5458-46f1-8cde-f30a1dc8f355 0.045s
2025-04-26 01:09:16.926 70559 INFO tempest.lib.common.rest_client [req-5b33a4c6-4ca9-4eb1-b567-355cc3bfc321 req-5b33a4c6-4ca9-4eb1-b567-355cc3bfc321 ] Request (ServerShowV254Test:test_rebuild_server): 200 GET http://10.180.1.21/compute/v2.1/servers/f524ca71-6018-4bc9-8362-6668eea30748 0.050s
2025-04-26 01:09:16.957 70505 INFO tempest.lib.common.rest_client [req-c5cb8cc8-845f-49be-b115-4672b9bbeaca req-c5cb8cc8-845f-49be-b115-4672b9bbeaca ] Request (AttachInterfacesTestJSON:test_create_list_show_delete_interfaces_by_fixed_ip): 200 GET http://10.180.1.21/compute/v2.1/servers/25461bf2-3b05-45e3-9401-8f440b1e06f3/os-interface 0.063s
2025-04-26 01:09:16.976 70503 INFO tempest.lib.common.rest_client [req-3505675b-6511-4d63-ba9b-670099d05b28 req-3505675b-6511-4d63-ba9b-670099d05b28 ] Request (ImagesOneServerNegativeTestJSON:_run_cleanups): 200 GET http://10.180.1.21/compute/v2.1/servers/c4022a83-16ef-4d53-8efa-76d794878ed4 0.052s
