2025-04-26 01:06:52.296 70503 INFO tempest.lib.common.rest_client [req-18cf4ef3-7169-47fd-8493-1eee37abe223 req-18cf4ef3-7169-47fd-8493-1eee37abe223 ] Request (FloatingIPDetailsTestJSON:setUpClass): 204 PUT http://10.180.1.21/identity/v3/projects/7ae322c47e40405095d1a80565a9e52e/users/992825250a7e4768bb7d8c86f42720a1/roles/f591c89b987b4ea19071db1d48abbf95 0.180s
2025-04-26 01:06:52.297 70503 INFO tempest.lib.common.dynamic_creds [-] Dynamic test user 992825250a7e4768bb7d8c86f42720a1 is created with scope project and roles: ['member']
2025-04-26 01:06:52.297 70503 INFO tempest.lib.common.dynamic_creds [-] Acquired dynamic creds: credentials: Credentials: {'domain_id': 'default', 'domain_name': 'Default', 'username': 'tempest-FloatingIPDetailsTestJSON-2039759101-project-member', 'project_domain_id': 'default', 'project_domain_name': 'Default', 'project_id': '7ae322c47e40405095d1a80565a9e52e', 'project_name': 'tempest-FloatingIPDetailsTestJSON-2039759101', 'tenant_id': '7ae322c47e40405095d1a80565a9e52e', 'tenant_name': 'tempest-FloatingIPDetailsTestJSON-2039759101', 'user_domain_id': 'default', 'user_domain_name': 'Default', 'user_id': '992825250a7e4768bb7d8c86f42720a1', 'system': None}, Network: None, Subnet: None, Router: None
2025-04-26 01:06:52.305 70545 INFO tempest.lib.common.rest_client [req-ac734039-e901-419b-b369-780bb25596a6 req-ac734039-e901-419b-b369-780bb25596a6 ] Request (ServicesAdminNegativeV253TestJSON:setUpClass): 201 POST http://10.180.1.21/identity/v3/projects 0.190s
2025-04-26 01:06:52.327 70509 INFO tempest.lib.common.rest_client [req-ce91cdab-e27d-49a7-ac58-204c51eff4b5 req-ce91cdab-e27d-49a7-ac58-204c51eff4b5 ] Request (ServersAdmin275Test:test_rebuild_update_server_275): 200 GET http://10.180.1.21/compute/v2.1/servers/34212518-eb14-4da3-913a-9c68b5f5e353 1.422s
2025-04-26 01:06:52.339 70509 INFO tempest.common.waiters [-] State transition "BUILD/None" ==> "BUILD/spawning" after 11 second wait
2025-04-26 01:06:52.376 70529 INFO tempest.lib.common.rest_client [req-a606b39e-d8cd-427e-9a1d-4dc766011500 req-a606b39e-d8cd-427e-9a1d-4dc766011500 ] Request (ServerDiagnosticsTest:setUpClass): 201 POST http://10.180.1.21/identity/v3/auth/tokens 0.235s
2025-04-26 01:06:52.398 70533 INFO tempest.lib.common.rest_client [req-7719572c-72de-4e17-a185-9cf2b46bfd3d req-7719572c-72de-4e17-a185-9cf2b46bfd3d ] Request (FlavorsExtraSpecsNegativeTestJSON:tearDownClass): 204 DELETE http://10.180.1.21/identity/v3/projects/daa1838313bc4ad2baad7c57534ac8bd 0.201s
2025-04-26 01:06:52.405 70539 INFO tempest.lib.common.rest_client [req-c88dfbfd-7389-46b8-b5ae-9ddbb00564be req-c88dfbfd-7389-46b8-b5ae-9ddbb00564be ] Request (SecurityGroupRulesNegativeTestJSON:test_delete_security_group_rule_with_non_existent_id): 404 DELETE http://10.180.1.21/compute/v2.1/os-security-group-rules/0f9f306d-9809-44d1-97f7-21dc2b6651a1 1.391s
2025-04-26 01:06:52.434 70547 INFO tempest.lib.common.rest_client [req-4debd403-41be-4d01-992d-a4c0f7458eff req-4debd403-41be-4d01-992d-a4c0f7458eff ] Request (QuotaClassesAdminTestJSON:tearDownClass): 204 DELETE http://10.180.1.21:9696/networking/v2.0/security-groups/73ae51c8-975b-4111-8a88-3c2328529b1b 0.541s
2025-04-26 01:06:52.448 70513 INFO tempest.lib.common.rest_client [req-33d2487b-fb20-4c07-b9b7-824a00be89e8 req-33d2487b-fb20-4c07-b9b7-824a00be89e8 ] Request (HostsAdminNegativeTestJSON:tearDownClass): 200 GET http://10.180.1.21:9696/networking/v2.0/security-groups?tenant_id=8ed6dd1666e844fe946fdae057428b4c&name=default 0.894s
2025-04-26 01:06:52.473 70501 INFO tempest.lib.common.rest_client [req-67fa979f-0073-49ba-a5fa-12d40f6e80d3 req-67fa979f-0073-49ba-a5fa-12d40f6e80d3 ] Request (ListServerFiltersTestJSON:setUpClass): 200 GET http://10.180.1.21/identity/v3/domains?name=Default 0.207s
2025-04-26 01:06:52.495 70503 INFO tempest.lib.common.rest_client [req-3220752b-f6bf-416a-94c8-fbc04d86be19 req-3220752b-f6bf-416a-94c8-fbc04d86be19 ] Request (FloatingIPDetailsTestJSON:setUpClass): 201 POST http://10.180.1.21/identity/v3/auth/tokens 0.198s
2025-04-26 01:06:52.521 70531 INFO tempest.lib.common.rest_client [req-57fbb44f-d62b-4477-92c1-0db0f5ea3803 req-57fbb44f-d62b-4477-92c1-0db0f5ea3803 ] Request (MigrationsAdminTest:test_list_migrations_in_flavor_resize_situation): 200 GET http://10.180.1.21/compute/v2.1/servers/0c653c24-61a2-468d-bcc6-112e95d6368a 1.435s
2025-04-26 01:06:52.529 70531 INFO tempest.common.waiters [-] State transition "BUILD/None" ==> "BUILD/networking" after 11 second wait
2025-04-26 01:06:52.532 70545 INFO tempest.lib.common.rest_client [req-f9965e56-e32e-4d61-8f0f-953c643fac70 req-f9965e56-e32e-4d61-8f0f-953c643fac70 ] Request (ServicesAdminNegativeV253TestJSON:setUpClass): 201 POST http://10.180.1.21/identity/v3/users 0.226s
2025-04-26 01:06:52.559 70529 INFO tempest.lib.common.rest_client [req-2a1c1ee0-e586-43a1-b43f-b5dc5df13515 req-2a1c1ee0-e586-43a1-b43f-b5dc5df13515 ] Request (ServerDiagnosticsTest:test_get_server_diagnostics): 201 POST http://10.180.1.21/identity/v3/auth/tokens 0.179s
2025-04-26 01:06:52.560 70529 INFO tempest.lib.common.fixed_network [-] (ServerDiagnosticsTest:test_get_server_diagnostics) Found network None available for tenant
2025-04-26 01:06:52.565 70533 INFO tempest.lib.common.rest_client [req-98cab342-025b-406a-80ab-cc133f883d4e req-98cab342-025b-406a-80ab-cc133f883d4e ] Request (ImagesMetadataNegativeTestJSON:setUpClass): 201 POST http://10.180.1.21/identity/v3/auth/tokens 0.165s
2025-04-26 01:06:52.573 70525 INFO tempest.lib.common.rest_client [req-71b97726-f4a3-4b26-a93c-3f63997033d7 req-71b97726-f4a3-4b26-a93c-3f63997033d7 ] Request (HypervisorAdminNegativeUnderV252Test:tearDownClass): 200 GET http://10.180.1.21:9696/networking/v2.0/security-groups?tenant_id=c2b66e61b8ff478fb800e9813c59f33c&name=default 0.667s
2025-04-26 01:06:52.595 70501 INFO tempest.lib.common.rest_client [req-9f5ab2d5-2d37-4740-93f5-29d65c6e6924 req-9f5ab2d5-2d37-4740-93f5-29d65c6e6924 ] Request (ListServerFiltersTestJSON:setUpClass): 201 POST http://10.180.1.21/identity/v3/projects 0.121s
2025-04-26 01:06:52.615 70553 INFO tempest.lib.common.rest_client [req-a58d5f50-fb12-496b-b460-e9181166d279 req-a58d5f50-fb12-496b-b460-e9181166d279 ] Request (ServersWithSpecificFlavorTestJSON:test_verify_created_server_ephemeral_disk): 202 POST http://10.180.1.21/compute/v2.1/servers 2.410s
2025-04-26 01:06:52.621 70547 INFO tempest.lib.common.rest_client [req-ce36356c-c7c0-450d-8b8b-374c63cfd34a req-ce36356c-c7c0-450d-8b8b-374c63cfd34a ] Request (QuotaClassesAdminTestJSON:tearDownClass): 204 DELETE http://10.180.1.21/identity/v3/projects/f9f83907654e4a879852e20596939be2 0.186s
2025-04-26 01:06:52.622 70547 INFO tempest.lib.common.dynamic_creds [-] Deleting project and security group for project: add3d0708684461096abb6d897c3094e
2025-04-26 01:06:52.718 70545 INFO tempest.lib.common.rest_client [req-e588b9d0-629e-405d-8cdd-2f0f221fcfd8 req-e588b9d0-629e-405d-8cdd-2f0f221fcfd8 ] Request (ServicesAdminNegativeV253TestJSON:setUpClass): 200 GET http://10.180.1.21/identity/v3/roles 0.185s
2025-04-26 01:06:52.718 70533 INFO tempest.lib.common.rest_client [req-3d4fcb2a-7ceb-49b1-95ec-b7265cb6ba04 req-3d4fcb2a-7ceb-49b1-95ec-b7265cb6ba04 ] Request (ImagesMetadataNegativeTestJSON:setUpClass): 201 POST http://10.180.1.21/identity/v3/auth/tokens 0.148s
2025-04-26 01:06:52.749 70533 INFO tempest.lib.common.rest_client [req-78d7c9d7-c56d-4f47-bf6d-4c420f09b2ae req-78d7c9d7-c56d-4f47-bf6d-4c420f09b2ae ] Request (ImagesMetadataNegativeTestJSON:setUpClass): 200 GET http://10.180.1.21/identity/v3/domains?name=Default 0.030s
2025-04-26 01:06:52.753 70501 INFO tempest.lib.common.rest_client [req-b6f0d2a7-aa40-4e25-a081-2516cb75b4ef req-b6f0d2a7-aa40-4e25-a081-2516cb75b4ef ] Request (ListServerFiltersTestJSON:setUpClass): 201 POST http://10.180.1.21/identity/v3/users 0.157s
2025-04-26 01:06:52.777 70545 INFO tempest.lib.common.rest_client [req-34c9a330-f9b9-4906-bdf7-aed0685f976e req-34c9a330-f9b9-4906-bdf7-aed0685f976e ] Request (ServicesAdminNegativeV253TestJSON:setUpClass): 204 PUT http://10.180.1.21/identity/v3/projects/ec3127771d9f4216b7f08d8918f24dff/users/40fe31fe724b49bc937b42a597c12602/roles/790162ee600c48d783999f4cd5950ebc 0.058s
2025-04-26 01:06:52.781 70533 INFO tempest.lib.common.rest_client [req-956aa48b-5ef4-4707-b57d-7265db594566 req-956aa48b-5ef4-4707-b57d-7265db594566 ] Request (ImagesMetadataNegativeTestJSON:setUpClass): 201 POST http://10.180.1.21/identity/v3/projects 0.031s
2025-04-26 01:06:52.788 70513 INFO tempest.lib.common.rest_client [req-a2bc9b5d-ba34-42f8-b1b9-7aebd4a9159a req-a2bc9b5d-ba34-42f8-b1b9-7aebd4a9159a ] Request (HostsAdminNegativeTestJSON:tearDownClass): 204 DELETE http://10.180.1.21:9696/networking/v2.0/security-groups/623c1ee2-6ec5-4e22-aa44-5b592656d2b4 0.339s
2025-04-26 01:06:52.809 70515 INFO tempest.lib.common.rest_client [req-ff82e440-df2c-4ea2-8b73-686f483d7355 req-ff82e440-df2c-4ea2-8b73-686f483d7355 ] Request (ServersAdminTestJSON:setUpClass): 201 POST http://10.180.1.21:9696/networking/v2.0/networks 0.980s
2025-04-26 01:06:52.831 70545 INFO tempest.lib.common.rest_client [req-879e8344-287c-4ca2-90bf-2ed432dd11ca req-879e8344-287c-4ca2-90bf-2ed432dd11ca ] Request (ServicesAdminNegativeV253TestJSON:setUpClass): 200 GET http://10.180.1.21/identity/v3/roles 0.054s
2025-04-26 01:06:52.842 70501 INFO tempest.lib.common.rest_client [req-a651ac6f-f7eb-4ac3-8412-2809a9b3093a req-a651ac6f-f7eb-4ac3-8412-2809a9b3093a ] Request (ListServerFiltersTestJSON:setUpClass): 200 GET http://10.180.1.21/identity/v3/roles 0.089s
2025-04-26 01:06:52.849 70519 INFO tempest.lib.common.rest_client [req-6484bdc9-e37d-4d9d-8f85-89912997e46c req-6484bdc9-e37d-4d9d-8f85-89912997e46c ] Request (DeleteServersAdminTestJSON:test_admin_delete_servers_of_others): 200 GET http://10.180.1.21/compute/v2.1/servers/64f4d6f6-12b5-440f-9329-a7f1894605aa 1.667s
2025-04-26 01:06:52.852 70543 INFO tempest.lib.common.rest_client [req-8ccd3d71-4846-4c51-a199-5aa262f8b676 req-8ccd3d71-4846-4c51-a199-5aa262f8b676 ] Request (NetworksTest:test_get_network): 200 GET http://10.180.1.21/compute/v2.1/os-networks/1408e763-5a5e-4e4a-97d9-6d0e0662ee98 1.655s
2025-04-26 01:06:52.861 70533 INFO tempest.lib.common.rest_client [req-78a07af7-0fcf-4849-85ee-9edcf3a35fff req-78a07af7-0fcf-4849-85ee-9edcf3a35fff ] Request (ImagesMetadataNegativeTestJSON:setUpClass): 201 POST http://10.180.1.21/identity/v3/users 0.079s
2025-04-26 01:06:52.879 70545 INFO tempest.lib.common.rest_client [req-ee3a2e75-2f21-4e76-ba98-8fcdd04b2bb7 req-ee3a2e75-2f21-4e76-ba98-8fcdd04b2bb7 ] Request (ServicesAdminNegativeV253TestJSON:setUpClass): 204 PUT http://10.180.1.21/identity/v3/projects/ec3127771d9f4216b7f08d8918f24dff/users/40fe31fe724b49bc937b42a597c12602/roles/790162ee600c48d783999f4cd5950ebc 0.047s
2025-04-26 01:06:52.879 70545 INFO tempest.lib.common.dynamic_creds [-] Dynamic test user 40fe31fe724b49bc937b42a597c12602 is created with scope project and roles: ['admin']
2025-04-26 01:06:52.880 70545 INFO tempest.lib.common.dynamic_creds [-] Acquired dynamic creds: credentials: Credentials: {'domain_id': 'default', 'domain_name': 'Default', 'username': 'tempest-ServicesAdminNegativeV253TestJSON-341417446-project-admin', 'project_domain_id': 'default', 'project_domain_name': 'Default', 'project_id': 'ec3127771d9f4216b7f08d8918f24dff', 'project_name': 'tempest-ServicesAdminNegativeV253TestJSON-341417446', 'tenant_id': 'ec3127771d9f4216b7f08d8918f24dff', 'tenant_name': 'tempest-ServicesAdminNegativeV253TestJSON-341417446', 'user_domain_id': 'default', 'user_domain_name': 'Default', 'user_id': '40fe31fe724b49bc937b42a597c12602', 'system': None}, Network: None, Subnet: None, Router: None
2025-04-26 01:06:52.880 70545 INFO tempest.lib.common.dynamic_creds [-] Created isolated network resources for: credentials: Credentials: {'domain_id': 'default', 'domain_name': 'Default', 'username': 'tempest-ServicesAdminNegativeV253TestJSON-341417446-project-admin', 'project_domain_id': 'default', 'project_domain_name': 'Default', 'project_id': 'ec3127771d9f4216b7f08d8918f24dff', 'project_name': 'tempest-ServicesAdminNegativeV253TestJSON-341417446', 'tenant_id': 'ec3127771d9f4216b7f08d8918f24dff', 'tenant_name': 'tempest-ServicesAdminNegativeV253TestJSON-341417446', 'user_domain_id': 'default', 'user_domain_name': 'Default', 'user_id': '40fe31fe724b49bc937b42a597c12602', 'system': None}, Network: None, Subnet: None, Router: None
2025-04-26 01:06:52.890 70557 INFO tempest.lib.common.rest_client [req-2917edb7-7b6d-454a-b121-92dcedbddaed req-2917edb7-7b6d-454a-b121-92dcedbddaed ] Request (ServerActionsV293TestJSON:setUpClass): 200 PUT http://10.180.1.21:9696/networking/v2.0/routers/6801379f-c79a-402e-904c-a284f48a7b11/add_router_interface 4.150s
2025-04-26 01:06:52.890 70557 INFO tempest.lib.common.dynamic_creds [-] Created isolated network resources for: credentials: Credentials: {'domain_id': 'default', 'domain_name': 'Default', 'username': 'tempest-ServerActionsV293TestJSON-803510431-project-member', 'project_domain_id': 'default', 'project_domain_name': 'Default', 'project_id': 'c4500b0d442246139a545b9d4cddd692', 'project_name': 'tempest-ServerActionsV293TestJSON-803510431', 'tenant_id': 'c4500b0d442246139a545b9d4cddd692', 'tenant_name': 'tempest-ServerActionsV293TestJSON-803510431', 'user_domain_id': 'default', 'user_domain_name': 'Default', 'user_id': 'd8e9dc72e6bd4c739dd14c48e7171ca5', 'system': None}, Network: {'id': 'ba455a6e-911e-4300-9d9a-80611d4e6eca', 'name': 'tempest-ServerActionsV293TestJSON-278398419-network', 'tenant_id': 'c4500b0d442246139a545b9d4cddd692', 'admin_state_up': True, 'mtu': 8950, 'status': 'ACTIVE', 'subnets': [], 'shared': False, 'project_id': 'c4500b0d442246139a545b9d4cddd692', 'port_security_enabled': True, 'router:external': False, 'provider:network_type': 'vlan', 'provider:physical_network': 'default', 'provider:segmentation_id': 444, 'availability_zone_hints': [], 'availability_zones': [], 'ipv4_address_scope': None, 'ipv6_address_scope': None, 'description': '', 'tags': [], 'created_at': '2025-04-26T01:06:45Z', 'updated_at': '2025-04-26T01:06:45Z', 'revision_number': 1}, Subnet: {'id': '86275de5-adb3-4f34-b932-fc13d8333b23', 'name': 'tempest-ServerActionsV293TestJSON-278398419-subnet', 'tenant_id': 'c4500b0d442246139a545b9d4cddd692', 'network_id': 'ba455a6e-911e-4300-9d9a-80611d4e6eca', 'ip_version': 4, 'subnetpool_id': None, 'enable_dhcp': True, 'ipv6_ra_mode': None, 'ipv6_address_mode': None, 'gateway_ip': '192.168.128.1', 'cidr': '192.168.128.0/28', 'allocation_pools': [{'start': '192.168.128.2', 'end': '192.168.128.14'}], 'host_routes': [], 'dns_nameservers': [], 'description': '', 'router:external': False, 'service_types': [], 'tags': [], 'created_at': '2025-04-26T01:06:45Z', 'updated_at': '2025-04-26T01:06:45Z', 'revision_number': 0, 'project_id': 'c4500b0d442246139a545b9d4cddd692'}, Router: {'id': '6801379f-c79a-402e-904c-a284f48a7b11', 'name': 'tempest-ServerActionsV293TestJSON-278398419-router', 'tenant_id': 'c4500b0d442246139a545b9d4cddd692', 'admin_state_up': True, 'status': 'ACTIVE', 'external_gateway_info': {'network_id': '1408e763-5a5e-4e4a-97d9-6d0e0662ee98', 'external_fixed_ips': [{'subnet_id': '4e4f9a9a-02c6-4a99-afa8-f8123a72baef', 'ip_address': '10.180.180.238'}], 'enable_snat': True}, 'description': '', 'availability_zones': [], 'distributed': False, 'ha': False, 'availability_zone_hints': [], 'routes': [], 'flavor_id': None, 'tags': [], 'created_at': '2025-04-26T01:06:46Z', 'updated_at': '2025-04-26T01:06:47Z', 'revision_number': 2, 'project_id': 'c4500b0d442246139a545b9d4cddd692'}
2025-04-26 01:06:52.941 70513 INFO tempest.lib.common.rest_client [req-34c0c745-c159-47ed-988e-a6284706dc52 req-34c0c745-c159-47ed-988e-a6284706dc52 ] Request (HostsAdminNegativeTestJSON:tearDownClass): 204 DELETE http://10.180.1.21/identity/v3/projects/8ed6dd1666e844fe946fdae057428b4c 0.153s
2025-04-26 01:06:52.941 70513 INFO tempest.lib.common.dynamic_creds [-] Deleting project and security group for project: c7892045e05040deb81a0417659a7193
2025-04-26 01:06:52.946 70528 INFO tempest.lib.common.rest_client [req-223e1d37-8d84-46cd-981e-664c93247106 req-223e1d37-8d84-46cd-981e-664c93247106 ] Request (TenantUsagesTestJSON:setUpClass): 200 GET http://10.180.1.21/compute/v2.1/servers/2b82486a-2d73-45b1-8250-3466ae285f6a 1.654s
2025-04-26 01:06:53.000 70501 INFO tempest.lib.common.rest_client [req-3566a646-0012-4f14-8e26-c3acd1e18f7d req-3566a646-0012-4f14-8e26-c3acd1e18f7d ] Request (ListServerFiltersTestJSON:setUpClass): 204 PUT http://10.180.1.21/identity/v3/projects/3969a08440cc4f2fadeac29c4fea5930/users/4c220b3d0c894b8392bcad69d71e4c18/roles/f591c89b987b4ea19071db1d48abbf95 0.157s
2025-04-26 01:06:53.000 70501 INFO tempest.lib.common.dynamic_creds [-] Dynamic test user 4c220b3d0c894b8392bcad69d71e4c18 is created with scope project and roles: ['member']
2025-04-26 01:06:53.001 70501 INFO tempest.lib.common.dynamic_creds [-] Acquired dynamic creds: credentials: Credentials: {'domain_id': 'default', 'domain_name': 'Default', 'username': 'tempest-ListServerFiltersTestJSON-889359882-project-member', 'project_domain_id': 'default', 'project_domain_name': 'Default', 'project_id': '3969a08440cc4f2fadeac29c4fea5930', 'project_name': 'tempest-ListServerFiltersTestJSON-889359882', 'tenant_id': '3969a08440cc4f2fadeac29c4fea5930', 'tenant_name': 'tempest-ListServerFiltersTestJSON-889359882', 'user_domain_id': 'default', 'user_domain_name': 'Default', 'user_id': '4c220b3d0c894b8392bcad69d71e4c18', 'system': None}, Network: None, Subnet: None, Router: None
2025-04-26 01:06:53.010 70533 INFO tempest.lib.common.rest_client [req-a036993e-a38f-4f80-8134-59855669e365 req-a036993e-a38f-4f80-8134-59855669e365 ] Request (ImagesMetadataNegativeTestJSON:setUpClass): 200 GET http://10.180.1.21/identity/v3/roles 0.149s
2025-04-26 01:06:53.071 70545 INFO tempest.lib.common.rest_client [req-c89fce58-7041-4eae-84c2-72f18c717695 req-c89fce58-7041-4eae-84c2-72f18c717695 ] Request (ServicesAdminNegativeV253TestJSON:setUpClass): 201 POST http://10.180.1.21/identity/v3/auth/tokens 0.188s
2025-04-26 01:06:53.074 70557 INFO tempest.lib.common.rest_client [req-adee6a36-fe51-4d18-92b2-5273e5c2ae09 req-adee6a36-fe51-4d18-92b2-5273e5c2ae09 ] Request (ServerActionsV293TestJSON:setUpClass): 201 POST http://10.180.1.21/identity/v3/auth/tokens 0.176s
2025-04-26 01:06:53.084 70555 INFO tempest.lib.common.rest_client [req-ed9a11a5-15a1-49d2-afe1-737450ba5b43 req-ed9a11a5-15a1-49d2-afe1-737450ba5b43 ] Request (ExtensionsTest:tearDownClass): 200 GET http://10.180.1.21:9696/networking/v2.0/security-groups?tenant_id=6050f3e268d54a77bc27e01e6ccf8c50&name=default 0.816s
2025-04-26 01:06:53.126 70533 INFO tempest.lib.common.rest_client [req-7411d28e-baff-40a6-a1bc-1d4c9ae997ea req-7411d28e-baff-40a6-a1bc-1d4c9ae997ea ] Request (ImagesMetadataNegativeTestJSON:setUpClass): 204 PUT http://10.180.1.21/identity/v3/projects/9f9345b9c96d49f3a721cfa435d2e220/users/10977b428fb94cae806e5998effb9979/roles/f591c89b987b4ea19071db1d48abbf95 0.114s
2025-04-26 01:06:53.126 70533 INFO tempest.lib.common.dynamic_creds [-] Dynamic test user 10977b428fb94cae806e5998effb9979 is created with scope project and roles: ['member']
2025-04-26 01:06:53.126 70533 INFO tempest.lib.common.dynamic_creds [-] Acquired dynamic creds: credentials: Credentials: {'domain_id': 'default', 'domain_name': 'Default', 'username': 'tempest-ImagesMetadataNegativeTestJSON-963853851-project-member', 'project_domain_id': 'default', 'project_domain_name': 'Default', 'project_id': '9f9345b9c96d49f3a721cfa435d2e220', 'project_name': 'tempest-ImagesMetadataNegativeTestJSON-963853851', 'tenant_id': '9f9345b9c96d49f3a721cfa435d2e220', 'tenant_name': 'tempest-ImagesMetadataNegativeTestJSON-963853851', 'user_domain_id': 'default', 'user_domain_name': 'Default', 'user_id': '10977b428fb94cae806e5998effb9979', 'system': None}, Network: None, Subnet: None, Router: None
2025-04-26 01:06:53.126 70533 INFO tempest.lib.common.dynamic_creds [-] Created isolated network resources for: credentials: Credentials: {'domain_id': 'default', 'domain_name': 'Default', 'username': 'tempest-ImagesMetadataNegativeTestJSON-963853851-project-member', 'project_domain_id': 'default', 'project_domain_name': 'Default', 'project_id': '9f9345b9c96d49f3a721cfa435d2e220', 'project_name': 'tempest-ImagesMetadataNegativeTestJSON-963853851', 'tenant_id': '9f9345b9c96d49f3a721cfa435d2e220', 'tenant_name': 'tempest-ImagesMetadataNegativeTestJSON-963853851', 'user_domain_id': 'default', 'user_domain_name': 'Default', 'user_id': '10977b428fb94cae806e5998effb9979', 'system': None}, Network: None, Subnet: None, Router: None
2025-04-26 01:06:53.130 70501 INFO tempest.lib.common.rest_client [req-0104dca2-f69c-44bf-8725-580aaf62b8a4 req-0104dca2-f69c-44bf-8725-580aaf62b8a4 ] Request (ListServerFiltersTestJSON:setUpClass): 201 POST http://10.180.1.21/identity/v3/auth/tokens 0.129s
2025-04-26 01:06:53.183 70525 INFO tempest.lib.common.rest_client [req-c4adbeed-6242-435e-bfee-8330647ca593 req-c4adbeed-6242-435e-bfee-8330647ca593 ] Request (HypervisorAdminNegativeUnderV252Test:tearDownClass): 204 DELETE http://10.180.1.21:9696/networking/v2.0/security-groups/a87dff55-4a1a-46cb-bcde-f814ec7717b0 0.610s
2025-04-26 01:06:53.185 70537 INFO tempest.lib.common.rest_client [req-d20d59d4-4883-4263-a63a-2da7a91ce116 req-d20d59d4-4883-4263-a63a-2da7a91ce116 ] Request (VolumesAssistedSnapshotsTest:test_volume_assisted_snapshot_create_delete): 200 GET http://10.180.1.21/compute/v2.1/servers/ca432dce-af3a-46fb-a71d-9d6e1ef8064d 1.772s
2025-04-26 01:06:53.192 70537 INFO tempest.common.waiters [-] State transition "BUILD/scheduling" ==> "BUILD/None" after 3 second wait
2025-04-26 01:06:53.201 70517 INFO tempest.lib.common.rest_client [req-670bde9f-658b-4eaf-879f-2b8ab7f36d67 req-670bde9f-658b-4eaf-879f-2b8ab7f36d67 ] Request (FlavorsV2TestJSON:test_list_flavors_detailed_filter_by_min_disk): 200 GET http://10.180.1.21/compute/v2.1/flavors/42 1.396s
2025-04-26 01:06:53.211 70547 INFO tempest.lib.common.rest_client [req-99c41993-6767-485a-a64e-9c9e65c7b03c req-99c41993-6767-485a-a64e-9c9e65c7b03c ] Request (QuotaClassesAdminTestJSON:tearDownClass): 200 GET http://10.180.1.21:9696/networking/v2.0/security-groups?tenant_id=add3d0708684461096abb6d897c3094e&name=default 0.588s
2025-04-26 01:06:53.225 70533 INFO tempest.lib.common.rest_client [req-4f2eeef4-50fb-403e-ac72-8422ec7992a2 req-4f2eeef4-50fb-403e-ac72-8422ec7992a2 ] Request (ImagesMetadataNegativeTestJSON:setUpClass): 201 POST http://10.180.1.21/identity/v3/auth/tokens 0.092s
2025-04-26 01:06:53.234 70523 INFO tempest.lib.common.rest_client [req-f312b422-703b-4c77-a841-e34071b360f3 req-f312b422-703b-4c77-a841-e34071b360f3 ] Request (AggregatesAdminNegativeTestJSON:test_aggregate_create_with_existent_aggregate_name): 200 POST http://10.180.1.21/compute/v2.1/os-aggregates 1.425s
2025-04-26 01:06:53.259 70511 INFO tempest.lib.common.rest_client [req-3c83cba5-4c7d-4ed3-ae6c-3e01cd3864ef req-3c83cba5-4c7d-4ed3-ae6c-3e01cd3864ef ] Request (FlavorsAdminTestJSON:test_create_list_flavor_without_extra_data): 200 POST http://10.180.1.21/compute/v2.1/flavors 1.051s
2025-04-26 01:06:53.338 70497 INFO tempest.lib.common.rest_client [req-93bc25ff-cd54-4117-b360-aaa4b680d18e req-93bc25ff-cd54-4117-b360-aaa4b680d18e ] Request (ServerDiagnosticsNegativeTest:test_get_server_diagnostics_by_non_admin): 200 GET http://10.180.1.21/compute/v2.1/servers/542efbf6-f5ea-44e0-9c73-f6265fc6ed45 1.991s
2025-04-26 01:06:53.363 70525 INFO tempest.lib.common.rest_client [req-25083392-1f8b-4dd4-bc44-4cb6e16186d6 req-25083392-1f8b-4dd4-bc44-4cb6e16186d6 ] Request (HypervisorAdminNegativeUnderV252Test:tearDownClass): 204 DELETE http://10.180.1.21/identity/v3/projects/c2b66e61b8ff478fb800e9813c59f33c 0.177s
2025-04-26 01:06:53.363 70525 INFO tempest.lib.common.dynamic_creds [-] Deleting project and security group for project: 4e2de7179d5f4dfc94675b8da64e6ae0
2025-04-26 01:06:53.482 70521 INFO tempest.lib.common.rest_client [req-faad1da4-e725-4e79-9ad8-52d93080d5a5 req-faad1da4-e725-4e79-9ad8-52d93080d5a5 ] Request (ListImagesTestJSON:test_get_image): 200 GET http://10.180.1.21/compute/v2.1/images/aaaed22f-e212-40be-bda3-a3d7fb53f464 1.269s
2025-04-26 01:06:53.577 70555 INFO tempest.lib.common.rest_client [req-c370ea85-7524-4655-bb2d-5459a3dd9d3d req-c370ea85-7524-4655-bb2d-5459a3dd9d3d ] Request (ExtensionsTest:tearDownClass): 204 DELETE http://10.180.1.21:9696/networking/v2.0/security-groups/ffaecb61-f567-4f10-ae14-30e6b0057d0d 0.492s
2025-04-26 01:06:53.588 70513 INFO tempest.lib.common.rest_client [req-9879fd1a-2207-4927-a85f-b4badee09dd6 req-9879fd1a-2207-4927-a85f-b4badee09dd6 ] Request (HostsAdminNegativeTestJSON:tearDownClass): 200 GET http://10.180.1.21:9696/networking/v2.0/security-groups?tenant_id=c7892045e05040deb81a0417659a7193&name=default 0.646s
2025-04-26 01:06:53.634 70507 INFO tempest.lib.common.rest_client [req-3a45aabd-d97d-48eb-b7f1-ea525bc8ecfe req-3a45aabd-d97d-48eb-b7f1-ea525bc8ecfe ] Request (ServersTestBootFromVolume:setUpClass): 201 POST http://10.180.1.21:9696/networking/v2.0/networks 1.393s
2025-04-26 01:06:53.648 70547 INFO tempest.lib.common.rest_client [req-de0065b5-d58d-4db9-9a5f-4e11a6dd7c95 req-de0065b5-d58d-4db9-9a5f-4e11a6dd7c95 ] Request (QuotaClassesAdminTestJSON:tearDownClass): 204 DELETE http://10.180.1.21:9696/networking/v2.0/security-groups/c2abcbef-53f8-4f0e-9baa-1ca7eb842ce2 0.436s
2025-04-26 01:06:53.685 70559 INFO tempest.lib.common.rest_client [req-ed2fc894-be61-4642-b5e4-d95e57c3de1c req-ed2fc894-be61-4642-b5e4-d95e57c3de1c ] Request (FloatingIPsNegativeTestJSON:setUpClass): 201 POST http://10.180.1.21:9696/networking/v2.0/routers 3.659s
2025-04-26 01:06:53.699 70555 INFO tempest.lib.common.rest_client [req-6dcd0ba7-17ff-48a5-9b38-7501d7c2c4b5 req-6dcd0ba7-17ff-48a5-9b38-7501d7c2c4b5 ] Request (ExtensionsTest:tearDownClass): 204 DELETE http://10.180.1.21/identity/v3/projects/6050f3e268d54a77bc27e01e6ccf8c50 0.121s
2025-04-26 01:06:53.800 70539 INFO tempest.lib.common.rest_client [req-b9426825-aa43-4e06-acb1-a4a6de90b449 req-b9426825-aa43-4e06-acb1-a4a6de90b449 ] Request (SecurityGroupRulesNegativeTestJSON:tearDownClass): 202 DELETE http://10.180.1.21/compute/v2.1/os-security-groups/160793e6-2034-4bc0-9ee8-68e44331a575 1.394s
2025-04-26 01:06:53.819 70547 INFO tempest.lib.common.rest_client [req-760586dd-bb0f-4c88-b8f2-b5ddba8952f8 req-760586dd-bb0f-4c88-b8f2-b5ddba8952f8 ] Request (QuotaClassesAdminTestJSON:tearDownClass): 204 DELETE http://10.180.1.21/identity/v3/projects/add3d0708684461096abb6d897c3094e 0.170s
2025-04-26 01:06:53.935 70547 INFO tempest.lib.common.rest_client [req-342e1178-d328-498e-9895-3936637512a5 req-342e1178-d328-498e-9895-3936637512a5 ] Request (KeyPairsV2TestJSON:setUpClass): 201 POST http://10.180.1.21/identity/v3/auth/tokens 0.114s
2025-04-26 01:06:53.942 70553 INFO tempest.lib.common.rest_client [req-b13d849d-74e6-4c4b-80fd-301da6666c57 req-b13d849d-74e6-4c4b-80fd-301da6666c57 ] Request (ServersWithSpecificFlavorTestJSON:test_verify_created_server_ephemeral_disk): 200 GET http://10.180.1.21/compute/v2.1/servers/0ee0f9f8-c5b4-4fe2-9f33-ed3c743dfc4b 1.325s
2025-04-26 01:06:53.987 70547 INFO tempest.lib.common.rest_client [req-c14a0aaa-54d5-4808-85f0-0f885d92f89b req-c14a0aaa-54d5-4808-85f0-0f885d92f89b ] Request (KeyPairsV2TestJSON:setUpClass): 201 POST http://10.180.1.21/identity/v3/auth/tokens 0.050s
2025-04-26 01:06:54.032 70547 INFO tempest.lib.common.rest_client [req-74eb77b6-b263-44d2-b103-969b85facf80 req-74eb77b6-b263-44d2-b103-969b85facf80 ] Request (KeyPairsV2TestJSON:setUpClass): 200 GET http://10.180.1.21/identity/v3/domains?name=Default 0.041s
2025-04-26 01:06:54.062 70513 INFO tempest.lib.common.rest_client [req-74744c50-6485-46e1-b532-a23051c4e6c2 req-74744c50-6485-46e1-b532-a23051c4e6c2 ] Request (HostsAdminNegativeTestJSON:tearDownClass): 204 DELETE http://10.180.1.21:9696/networking/v2.0/security-groups/b43cdcf5-7640-4bcb-a24e-d1d60047de50 0.474s
2025-04-26 01:06:54.067 70503 INFO tempest.lib.common.rest_client [req-f0351d91-1322-42b2-aa1c-0ccc76e21da5 req-f0351d91-1322-42b2-aa1c-0ccc76e21da5 ] Request (FloatingIPDetailsTestJSON:setUpClass): 201 POST http://10.180.1.21:9696/networking/v2.0/networks 1.571s
2025-04-26 01:06:54.082 70547 INFO tempest.lib.common.rest_client [req-3e3c2c15-4156-4800-b40b-9908d79ef43f req-3e3c2c15-4156-4800-b40b-9908d79ef43f ] Request (KeyPairsV2TestJSON:setUpClass): 201 POST http://10.180.1.21/identity/v3/projects 0.049s
2025-04-26 01:06:54.130 70529 INFO tempest.lib.common.rest_client [req-facd5861-9b2b-4630-ae87-1ba962250571 req-facd5861-9b2b-4630-ae87-1ba962250571 ] Request (ServerDiagnosticsTest:test_get_server_diagnostics): 202 POST http://10.180.1.21/compute/v2.1/servers 1.569s
2025-04-26 01:06:54.171 70547 INFO tempest.lib.common.rest_client [req-879a110a-939d-40c3-9bb1-0b4707dd905b req-879a110a-939d-40c3-9bb1-0b4707dd905b ] Request (KeyPairsV2TestJSON:setUpClass): 201 POST http://10.180.1.21/identity/v3/users 0.089s
2025-04-26 01:06:54.202 70547 INFO tempest.lib.common.rest_client [req-3747161e-de9d-4fcd-9dc3-bdde0fdce203 req-3747161e-de9d-4fcd-9dc3-bdde0fdce203 ] Request (KeyPairsV2TestJSON:setUpClass): 200 GET http://10.180.1.21/identity/v3/roles 0.030s
2025-04-26 01:06:54.210 70525 INFO tempest.lib.common.rest_client [req-d97a9437-028a-45fe-9d6d-30cd50df0b8f req-d97a9437-028a-45fe-9d6d-30cd50df0b8f ] Request (HypervisorAdminNegativeUnderV252Test:tearDownClass): 200 GET http://10.180.1.21:9696/networking/v2.0/security-groups?tenant_id=4e2de7179d5f4dfc94675b8da64e6ae0&name=default 0.847s
2025-04-26 01:06:54.218 70513 INFO tempest.lib.common.rest_client [req-653e3ef2-7295-4f56-8c8e-1d7311dc1342 req-653e3ef2-7295-4f56-8c8e-1d7311dc1342 ] Request (HostsAdminNegativeTestJSON:tearDownClass): 204 DELETE http://10.180.1.21/identity/v3/projects/c7892045e05040deb81a0417659a7193 0.155s
2025-04-26 01:06:54.299 70547 INFO tempest.lib.common.rest_client [req-cc972e0f-d6f5-49cb-90cd-327ab3fceab5 req-cc972e0f-d6f5-49cb-90cd-327ab3fceab5 ] Request (KeyPairsV2TestJSON:setUpClass): 204 PUT http://10.180.1.21/identity/v3/projects/b802312f2c134188bdcb20967e2e3000/users/fcb34f0ca1604760994086d26266ef50/roles/f591c89b987b4ea19071db1d48abbf95 0.097s
2025-04-26 01:06:54.300 70547 INFO tempest.lib.common.dynamic_creds [-] Dynamic test user fcb34f0ca1604760994086d26266ef50 is created with scope project and roles: ['member']
2025-04-26 01:06:54.304 70547 INFO tempest.lib.common.dynamic_creds [-] Acquired dynamic creds: credentials: Credentials: {'domain_id': 'default', 'domain_name': 'Default', 'username': 'tempest-KeyPairsV2TestJSON-1153308124-project-member', 'project_domain_id': 'default', 'project_domain_name': 'Default', 'project_id': 'b802312f2c134188bdcb20967e2e3000', 'project_name': 'tempest-KeyPairsV2TestJSON-1153308124', 'tenant_id': 'b802312f2c134188bdcb20967e2e3000', 'tenant_name': 'tempest-KeyPairsV2TestJSON-1153308124', 'user_domain_id': 'default', 'user_domain_name': 'Default', 'user_id': 'fcb34f0ca1604760994086d26266ef50', 'system': None}, Network: None, Subnet: None, Router: None
2025-04-26 01:06:54.304 70547 INFO tempest.lib.common.dynamic_creds [-] Created isolated network resources for: credentials: Credentials: {'domain_id': 'default', 'domain_name': 'Default', 'username': 'tempest-KeyPairsV2TestJSON-1153308124-project-member', 'project_domain_id': 'default', 'project_domain_name': 'Default', 'project_id': 'b802312f2c134188bdcb20967e2e3000', 'project_name': 'tempest-KeyPairsV2TestJSON-1153308124', 'tenant_id': 'b802312f2c134188bdcb20967e2e3000', 'tenant_name': 'tempest-KeyPairsV2TestJSON-1153308124', 'user_domain_id': 'default', 'user_domain_name': 'Default', 'user_id': 'fcb34f0ca1604760994086d26266ef50', 'system': None}, Network: None, Subnet: None, Router: None
2025-04-26 01:06:54.320 70513 INFO tempest.lib.common.rest_client [req-075cbda5-1e9f-47d3-a486-7b60942d6581 req-075cbda5-1e9f-47d3-a486-7b60942d6581 ] Request (HypervisorAdminV253TestBase:setUpClass): 201 POST http://10.180.1.21/identity/v3/auth/tokens 0.100s
2025-04-26 01:06:54.378 70499 INFO tempest.lib.common.rest_client [req-7f73086b-e13e-4768-9c09-235a855a3910 req-7f73086b-e13e-4768-9c09-235a855a3910 ] Request (ServersAdminNegativeTestJSON:setUpClass): 200 GET http://10.180.1.21/compute/v2.1/servers/21228faf-5663-44c8-b3ce-52e69d01eeac 1.598s
2025-04-26 01:06:54.382 70515 INFO tempest.lib.common.rest_client [req-69f2dce4-3951-4801-8f06-f1a3f82fcf4a req-69f2dce4-3951-4801-8f06-f1a3f82fcf4a ] Request (ServersAdminTestJSON:setUpClass): 201 POST http://10.180.1.21:9696/networking/v2.0/subnets 1.572s
2025-04-26 01:06:54.384 70541 INFO tempest.lib.common.rest_client [req-264a1e16-5547-400b-8362-0c73d67e7b16 req-264a1e16-5547-400b-8362-0c73d67e7b16 ] Request (ServersTestJSON:setUpClass): 201 POST http://10.180.1.21:9696/networking/v2.0/routers 3.802s
2025-04-26 01:06:54.409 70513 INFO tempest.lib.common.rest_client [req-35467079-0463-4c60-bae6-74b47830f6c3 req-35467079-0463-4c60-bae6-74b47830f6c3 ] Request (HypervisorAdminV253TestBase:setUpClass): 201 POST http://10.180.1.21/identity/v3/auth/tokens 0.083s
2025-04-26 01:06:54.412 70547 INFO tempest.lib.common.rest_client [req-7406f5b5-6395-45fc-b3e4-f8483eefa62a req-7406f5b5-6395-45fc-b3e4-f8483eefa62a ] Request (KeyPairsV2TestJSON:setUpClass): 201 POST http://10.180.1.21/identity/v3/auth/tokens 0.103s
2025-04-26 01:06:54.434 70513 INFO tempest.lib.common.rest_client [req-2ba84873-0efa-4619-a439-e52f2e435800 req-2ba84873-0efa-4619-a439-e52f2e435800 ] Request (HypervisorAdminV253TestBase:setUpClass): 200 GET http://10.180.1.21/identity/v3/domains?name=Default 0.024s
2025-04-26 01:06:54.473 70513 INFO tempest.lib.common.rest_client [req-7da33992-2fa6-4139-9824-4447975957d3 req-7da33992-2fa6-4139-9824-4447975957d3 ] Request (HypervisorAdminV253TestBase:setUpClass): 201 POST http://10.180.1.21/identity/v3/projects 0.038s
2025-04-26 01:06:54.474 70543 INFO tempest.lib.common.rest_client [req-8e8d31b6-219f-4b4d-87c7-d47773e3dfec req-8e8d31b6-219f-4b4d-87c7-d47773e3dfec ] Request (NetworksTest:test_list_all_networks): 200 GET http://10.180.1.21/compute/v2.1/os-networks 1.620s
2025-04-26 01:06:54.530 70545 INFO tempest.lib.common.rest_client [req-15321e1b-f63a-4ea2-bf94-98b1fd755569 req-15321e1b-f63a-4ea2-bf94-98b1fd755569 ] Request (ServicesAdminNegativeV253TestJSON:test_disable_log_reason_with_invalid_service_id): 404 PUT http://10.180.1.21/compute/v2.1/os-services/9e072d47-3013-4646-90ff-5dc619878131 1.458s
2025-04-26 01:06:54.561 70513 INFO tempest.lib.common.rest_client [req-c450a39f-972d-403e-9351-50c0cd82d497 req-c450a39f-972d-403e-9351-50c0cd82d497 ] Request (HypervisorAdminV253TestBase:setUpClass): 201 POST http://10.180.1.21/identity/v3/users 0.087s
2025-04-26 01:06:54.667 70557 INFO tempest.lib.common.rest_client [req-576d223d-5584-48b3-b7e3-14c6be33eac6 req-576d223d-5584-48b3-b7e3-14c6be33eac6 ] Request (ServerActionsV293TestJSON:setUpClass): 201 POST http://10.180.1.21/compute/v2.1/os-keypairs 1.591s
2025-04-26 01:06:54.678 70543 INFO tempest.lib.common.rest_client [req-76e79abb-4ba2-45e3-8827-bbd63ca37e95 req-76e79abb-4ba2-45e3-8827-bbd63ca37e95 ] Request (NetworksTest:tearDownClass): 204 DELETE http://10.180.1.21/identity/v3/users/5e235b4a4ccd429cbe4ffc8f96bd1f97 0.199s
2025-04-26 01:06:54.699 70513 INFO tempest.lib.common.rest_client [req-46a55d25-dc45-40c3-879f-d969c97cfaeb req-46a55d25-dc45-40c3-879f-d969c97cfaeb ] Request (HypervisorAdminV253TestBase:setUpClass): 200 GET http://10.180.1.21/identity/v3/roles 0.138s
2025-04-26 01:06:54.703 70517 INFO tempest.lib.common.rest_client [req-de350a89-df64-4124-9dbe-d6cc5c3327bb req-de350a89-df64-4124-9dbe-d6cc5c3327bb ] Request (FlavorsV2TestJSON:test_list_flavors_detailed_filter_by_min_disk): 200 GET http://10.180.1.21/compute/v2.1/flavors/detail?minDisk=2 1.498s
2025-04-26 01:06:54.761 70501 INFO tempest.lib.common.rest_client [req-fc080deb-1c6b-4f41-aae0-ab194086f096 req-fc080deb-1c6b-4f41-aae0-ab194086f096 ] Request (ListServerFiltersTestJSON:setUpClass): 201 POST http://10.180.1.21:9696/networking/v2.0/networks 1.630s
2025-04-26 01:06:54.768 70525 INFO tempest.lib.common.rest_client [req-8f81ea23-735a-4c7a-b32e-dabaed9fe964 req-8f81ea23-735a-4c7a-b32e-dabaed9fe964 ] Request (HypervisorAdminNegativeUnderV252Test:tearDownClass): 204 DELETE http://10.180.1.21:9696/networking/v2.0/security-groups/61dc9a83-b676-4a85-b760-f2c7c8d071e2 0.557s
2025-04-26 01:06:54.772 70513 INFO tempest.lib.common.rest_client [req-c59f6acb-ee8c-4fb2-941e-354ec1e9de18 req-c59f6acb-ee8c-4fb2-941e-354ec1e9de18 ] Request (HypervisorAdminV253TestBase:setUpClass): 204 PUT http://10.180.1.21/identity/v3/projects/07d5814ba75041558948c097ba8a679a/users/70548af9297e4159b571f9442b1d622e/roles/f591c89b987b4ea19071db1d48abbf95 0.072s
2025-04-26 01:06:54.773 70513 INFO tempest.lib.common.dynamic_creds [-] Dynamic test user 70548af9297e4159b571f9442b1d622e is created with scope project and roles: ['member']
2025-04-26 01:06:54.774 70513 INFO tempest.lib.common.dynamic_creds [-] Acquired dynamic creds: credentials: Credentials: {'domain_id': 'default', 'domain_name': 'Default', 'username': 'tempest-HypervisorAdminV253TestBase-1047603219-project-member', 'project_domain_id': 'default', 'project_domain_name': 'Default', 'project_id': '07d5814ba75041558948c097ba8a679a', 'project_name': 'tempest-HypervisorAdminV253TestBase-1047603219', 'tenant_id': '07d5814ba75041558948c097ba8a679a', 'tenant_name': 'tempest-HypervisorAdminV253TestBase-1047603219', 'user_domain_id': 'default', 'user_domain_name': 'Default', 'user_id': '70548af9297e4159b571f9442b1d622e', 'system': None}, Network: None, Subnet: None, Router: None
2025-04-26 01:06:54.774 70513 INFO tempest.lib.common.dynamic_creds [-] Created isolated network resources for: credentials: Credentials: {'domain_id': 'default', 'domain_name': 'Default', 'username': 'tempest-HypervisorAdminV253TestBase-1047603219-project-member', 'project_domain_id': 'default', 'project_domain_name': 'Default', 'project_id': '07d5814ba75041558948c097ba8a679a', 'project_name': 'tempest-HypervisorAdminV253TestBase-1047603219', 'tenant_id': '07d5814ba75041558948c097ba8a679a', 'tenant_name': 'tempest-HypervisorAdminV253TestBase-1047603219', 'user_domain_id': 'default', 'user_domain_name': 'Default', 'user_id': '70548af9297e4159b571f9442b1d622e', 'system': None}, Network: None, Subnet: None, Router: None
2025-04-26 01:06:54.804 70543 INFO tempest.lib.common.rest_client [req-c4486dfc-1b64-438b-ae44-37fddcb00f5d req-c4486dfc-1b64-438b-ae44-37fddcb00f5d ] Request (NetworksTest:tearDownClass): 204 DELETE http://10.180.1.21/identity/v3/users/60d41583dfa94c1a85692ccd3fa9fabe 0.126s
2025-04-26 01:06:54.805 70543 INFO tempest.lib.common.dynamic_creds [-] Deleting project and security group for project: a5587344e6da46f0bf639f5f6d7c9a1f
2025-04-26 01:06:54.950 70533 INFO tempest.lib.common.rest_client [req-28cf4b92-b426-4265-9fd7-a28962073ac2 req-28cf4b92-b426-4265-9fd7-a28962073ac2 ] Request (ImagesMetadataNegativeTestJSON:test_delete_nonexistent_image_metadata_item): 404 DELETE http://10.180.1.21/compute/v2.1/images/fdcace21-086b-4ffe-8370-33982213efe5/metadata/os_distro 1.723s
2025-04-26 01:06:54.976 70523 INFO tempest.lib.common.rest_client [req-77be1a39-b198-450b-94ab-2dc5425d24f2 req-77be1a39-b198-450b-94ab-2dc5425d24f2 ] Request (AggregatesAdminNegativeTestJSON:test_aggregate_create_with_existent_aggregate_name): 409 POST http://10.180.1.21/compute/v2.1/os-aggregates 1.740s
2025-04-26 01:06:55.009 70505 INFO tempest.lib.common.rest_client [req-f06ef1a9-54d5-469a-b2d5-286fc0c8d8c7 req-f06ef1a9-54d5-469a-b2d5-286fc0c8d8c7 ] Request (SecurityGroupsNegativeTestJSON:setUpClass): 201 POST http://10.180.1.21:9696/networking/v2.0/routers 4.185s
2025-04-26 01:06:55.010 70511 INFO tempest.lib.common.rest_client [req-2ef16d43-a14c-4ad3-907d-32a523620d5e req-2ef16d43-a14c-4ad3-907d-32a523620d5e ] Request (FlavorsAdminTestJSON:test_create_list_flavor_without_extra_data): 200 GET http://10.180.1.21/compute/v2.1/flavors/238869040 1.747s
2025-04-26 01:06:55.036 70513 INFO tempest.lib.common.rest_client [req-e4dd0001-5d7a-45bc-8a78-efb66714c19a req-e4dd0001-5d7a-45bc-8a78-efb66714c19a ] Request (HypervisorAdminV253TestBase:setUpClass): 201 POST http://10.180.1.21/identity/v3/auth/tokens 0.258s
2025-04-26 01:06:55.067 70525 INFO tempest.lib.common.rest_client [req-09c0d2f9-5e99-4bef-8824-1908bd1607c1 req-09c0d2f9-5e99-4bef-8824-1908bd1607c1 ] Request (HypervisorAdminNegativeUnderV252Test:tearDownClass): 204 DELETE http://10.180.1.21/identity/v3/projects/4e2de7179d5f4dfc94675b8da64e6ae0 0.298s
2025-04-26 01:06:55.099 70543 INFO tempest.lib.common.rest_client [req-1d858ac1-e471-4f47-83b6-ccdebefefc0e req-1d858ac1-e471-4f47-83b6-ccdebefefc0e ] Request (NetworksTest:tearDownClass): 201 POST http://10.180.1.21/identity/v3/auth/tokens 0.294s
2025-04-26 01:06:55.132 70525 INFO tempest.lib.common.rest_client [req-6d4ec1c6-9d3d-411f-8c31-b284464e46ce req-6d4ec1c6-9d3d-411f-8c31-b284464e46ce ] Request (SecurityGroupsTestAdminJSON:setUpClass): 201 POST http://10.180.1.21/identity/v3/auth/tokens 0.060s
2025-04-26 01:06:55.147 70513 INFO tempest.lib.common.rest_client [req-4a39124f-2f14-4fae-b279-7e2ee6c2d26d req-4a39124f-2f14-4fae-b279-7e2ee6c2d26d ] Request (HypervisorAdminV253TestBase:setUpClass): 201 POST http://10.180.1.21/identity/v3/projects 0.110s
2025-04-26 01:06:55.188 70551 INFO tempest.lib.common.rest_client [req-027465bc-4d27-42c5-a25a-7fb3fd7bdc02 req-027465bc-4d27-42c5-a25a-7fb3fd7bdc02 ] Request (ImagesNegativeTestJSON:setUpClass): 200 PUT http://10.180.1.21:9696/networking/v2.0/routers/f776eebf-66b8-4524-9372-c1f2957c0602/add_router_interface 4.525s
2025-04-26 01:06:55.189 70551 INFO tempest.lib.common.dynamic_creds [-] Created isolated network resources for: credentials: Credentials: {'domain_id': 'default', 'domain_name': 'Default', 'username': 'tempest-ImagesNegativeTestJSON-1101221842-project-member', 'project_domain_id': 'default', 'project_domain_name': 'Default', 'project_id': 'e42f73f7a30647879f5f2a46720c66d1', 'project_name': 'tempest-ImagesNegativeTestJSON-1101221842', 'tenant_id': 'e42f73f7a30647879f5f2a46720c66d1', 'tenant_name': 'tempest-ImagesNegativeTestJSON-1101221842', 'user_domain_id': 'default', 'user_domain_name': 'Default', 'user_id': '5b3bbb2f191d4a4d80fbba28ba1e0059', 'system': None}, Network: {'id': 'b6d4639b-1b6a-4c93-8a56-f52515e4d8cc', 'name': 'tempest-ImagesNegativeTestJSON-673446937-network', 'tenant_id': 'e42f73f7a30647879f5f2a46720c66d1', 'admin_state_up': True, 'mtu': 8950, 'status': 'ACTIVE', 'subnets': [], 'shared': False, 'project_id': 'e42f73f7a30647879f5f2a46720c66d1', 'port_security_enabled': True, 'router:external': False, 'provider:network_type': 'vlan', 'provider:physical_network': 'default', 'provider:segmentation_id': 966, 'availability_zone_hints': [], 'availability_zones': [], 'ipv4_address_scope': None, 'ipv6_address_scope': None, 'description': '', 'tags': [], 'created_at': '2025-04-26T01:06:46Z', 'updated_at': '2025-04-26T01:06:46Z', 'revision_number': 1}, Subnet: {'id': '7278e328-5a18-4779-afe7-a4ff81913583', 'name': 'tempest-ImagesNegativeTestJSON-673446937-subnet', 'tenant_id': 'e42f73f7a30647879f5f2a46720c66d1', 'network_id': 'b6d4639b-1b6a-4c93-8a56-f52515e4d8cc', 'ip_version': 4, 'subnetpool_id': None, 'enable_dhcp': True, 'ipv6_ra_mode': None, 'ipv6_address_mode': None, 'gateway_ip': '192.168.128.1', 'cidr': '192.168.128.0/28', 'allocation_pools': [{'start': '192.168.128.2', 'end': '192.168.128.14'}], 'host_routes': [], 'dns_nameservers': [], 'description': '', 'router:external': False, 'service_types': [], 'tags': [], 'created_at': '2025-04-26T01:06:47Z', 'updated_at': '2025-04-26T01:06:47Z', 'revision_number': 0, 'project_id': 'e42f73f7a30647879f5f2a46720c66d1'}, Router: {'id': 'f776eebf-66b8-4524-9372-c1f2957c0602', 'name': 'tempest-ImagesNegativeTestJSON-673446937-router', 'tenant_id': 'e42f73f7a30647879f5f2a46720c66d1', 'admin_state_up': True, 'status': 'ACTIVE', 'external_gateway_info': {'network_id': '1408e763-5a5e-4e4a-97d9-6d0e0662ee98', 'external_fixed_ips': [{'subnet_id': '4e4f9a9a-02c6-4a99-afa8-f8123a72baef', 'ip_address': '10.180.180.250'}], 'enable_snat': True}, 'description': '', 'availability_zones': [], 'distributed': False, 'ha': False, 'availability_zone_hints': [], 'routes': [], 'flavor_id': None, 'tags': [], 'created_at': '2025-04-26T01:06:47Z', 'updated_at': '2025-04-26T01:06:49Z', 'revision_number': 2, 'project_id': 'e42f73f7a30647879f5f2a46720c66d1'}
2025-04-26 01:06:55.189 70509 INFO tempest.lib.common.rest_client [req-267de31c-00cf-4f0d-9305-c4315ed775c5 req-267de31c-00cf-4f0d-9305-c4315ed775c5 ] Request (ServersAdmin275Test:test_rebuild_update_server_275): 200 GET http://10.180.1.21/compute/v2.1/servers/34212518-eb14-4da3-913a-9c68b5f5e353 1.848s
2025-04-26 01:06:55.235 70507 INFO tempest.lib.common.rest_client [req-6947a05d-4876-494c-a96e-51a86bf3d321 req-6947a05d-4876-494c-a96e-51a86bf3d321 ] Request (ServersTestBootFromVolume:setUpClass): 201 POST http://10.180.1.21:9696/networking/v2.0/subnets 1.601s
2025-04-26 01:06:55.244 70525 INFO tempest.lib.common.rest_client [req-c2958d12-6d64-4ad5-91ec-2c1878cd8c10 req-c2958d12-6d64-4ad5-91ec-2c1878cd8c10 ] Request (SecurityGroupsTestAdminJSON:setUpClass): 201 POST http://10.180.1.21/identity/v3/auth/tokens 0.104s
2025-04-26 01:06:55.255 70521 INFO tempest.lib.common.rest_client [req-ef4d441b-b0cc-4f7f-837f-d4ca3f9a95e5 req-ef4d441b-b0cc-4f7f-837f-d4ca3f9a95e5 ] Request (ListImagesTestJSON:test_list_images): 200 GET http://10.180.1.21/compute/v2.1/images 1.767s
2025-04-26 01:06:55.295 70503 INFO tempest.lib.common.rest_client [req-c2d8cc02-ccbd-4164-b1fa-e5085c93c7fa req-c2d8cc02-ccbd-4164-b1fa-e5085c93c7fa ] Request (FloatingIPDetailsTestJSON:setUpClass): 201 POST http://10.180.1.21:9696/networking/v2.0/subnets 1.228s
2025-04-26 01:06:55.298 70513 INFO tempest.lib.common.rest_client [req-f3f809bb-71b0-4b44-8349-2a2b1a8eac18 req-f3f809bb-71b0-4b44-8349-2a2b1a8eac18 ] Request (HypervisorAdminV253TestBase:setUpClass): 201 POST http://10.180.1.21/identity/v3/users 0.150s
2025-04-26 01:06:55.332 70525 INFO tempest.lib.common.rest_client [req-d1031a9c-d724-480e-a31a-d8afb362b94e req-d1031a9c-d724-480e-a31a-d8afb362b94e ] Request (SecurityGroupsTestAdminJSON:setUpClass): 200 GET http://10.180.1.21/identity/v3/domains?name=Default 0.088s
2025-04-26 01:06:55.357 70513 INFO tempest.lib.common.rest_client [req-76f4cfc1-a708-458f-83df-1931e6d4aa00 req-76f4cfc1-a708-458f-83df-1931e6d4aa00 ] Request (HypervisorAdminV253TestBase:setUpClass): 200 GET http://10.180.1.21/identity/v3/roles 0.058s
2025-04-26 01:06:55.367 70557 INFO tempest.lib.common.rest_client [req-1d7afefa-19ee-45fc-a08a-9b5c8a529cfe req-1d7afefa-19ee-45fc-a08a-9b5c8a529cfe ] Request (ServerActionsV293TestJSON:setUpClass): 201 POST http://10.180.1.21:9696/networking/v2.0/security-groups 0.698s
2025-04-26 01:06:55.375 70551 INFO tempest.lib.common.rest_client [req-95c0a7bb-f27f-4020-9ca4-177c82693e1f req-95c0a7bb-f27f-4020-9ca4-177c82693e1f ] Request (ImagesNegativeTestJSON:setUpClass): 201 POST http://10.180.1.21/identity/v3/auth/tokens 0.182s
2025-04-26 01:06:55.407 70525 INFO tempest.lib.common.rest_client [req-e03d60aa-cf6f-4a63-8854-2b4448fddfd6 req-e03d60aa-cf6f-4a63-8854-2b4448fddfd6 ] Request (SecurityGroupsTestAdminJSON:setUpClass): 201 POST http://10.180.1.21/identity/v3/projects 0.074s
2025-04-26 01:06:55.410 70513 INFO tempest.lib.common.rest_client [req-b921dce9-a65c-4570-b4f2-be884297bf79 req-b921dce9-a65c-4570-b4f2-be884297bf79 ] Request (HypervisorAdminV253TestBase:setUpClass): 204 PUT http://10.180.1.21/identity/v3/projects/c27fb6eb9fd1426ca0c591144ca66992/users/f6e60da5f96f471abba166841317d93b/roles/790162ee600c48d783999f4cd5950ebc 0.052s
2025-04-26 01:06:55.478 70535 INFO tempest.lib.common.rest_client [req-54e8e155-ce23-40d0-90d1-ece8701f064b req-54e8e155-ce23-40d0-90d1-ece8701f064b ] Request (FloatingIPsAssociationNegativeTestJSON:setUpClass): 200 GET http://10.180.1.21/compute/v2.1/servers/2ed0eaf0-eb4a-49fa-af4d-dc960bdef81b 2.308s
2025-04-26 01:06:55.499 70551 INFO tempest.lib.common.rest_client [req-90d10fb9-9c10-4b9e-a87f-684d2ab134d6 req-90d10fb9-9c10-4b9e-a87f-684d2ab134d6 ] Request (ImagesNegativeTestJSON:test_create_image_from_deleted_server): 201 POST http://10.180.1.21/identity/v3/auth/tokens 0.118s
2025-04-26 01:06:55.500 70551 INFO tempest.lib.common.fixed_network [-] (ImagesNegativeTestJSON:test_create_image_from_deleted_server) Found network {'id': 'b6d4639b-1b6a-4c93-8a56-f52515e4d8cc', 'name': 'tempest-ImagesNegativeTestJSON-673446937-network', 'tenant_id': 'e42f73f7a30647879f5f2a46720c66d1', 'admin_state_up': True, 'mtu': 8950, 'status': 'ACTIVE', 'subnets': [], 'shared': False, 'project_id': 'e42f73f7a30647879f5f2a46720c66d1', 'port_security_enabled': True, 'router:external': False, 'provider:network_type': 'vlan', 'provider:physical_network': 'default', 'provider:segmentation_id': 966, 'availability_zone_hints': [], 'availability_zones': [], 'ipv4_address_scope': None, 'ipv6_address_scope': None, 'description': '', 'tags': [], 'created_at': '2025-04-26T01:06:46Z', 'updated_at': '2025-04-26T01:06:46Z', 'revision_number': 1} available for tenant
2025-04-26 01:06:55.508 70525 INFO tempest.lib.common.rest_client [req-bd0b8d46-b88f-491f-aa4d-42c6dc5e56e9 req-bd0b8d46-b88f-491f-aa4d-42c6dc5e56e9 ] Request (SecurityGroupsTestAdminJSON:setUpClass): 201 POST http://10.180.1.21/identity/v3/users 0.100s
2025-04-26 01:06:55.531 70513 INFO tempest.lib.common.rest_client [req-42debd09-93b2-4ec0-9745-c528fcfe048a req-42debd09-93b2-4ec0-9745-c528fcfe048a ] Request (HypervisorAdminV253TestBase:setUpClass): 200 GET http://10.180.1.21/identity/v3/roles 0.121s
