2025-04-26 01:07:35.883 70523 INFO tempest.lib.common.dynamic_creds [-] Acquired dynamic creds: credentials: Credentials: {'domain_id': 'default', 'domain_name': 'Default', 'username': 'tempest-QuotaClassesAdmin257Test-225812448-project-member', 'project_domain_id': 'default', 'project_domain_name': 'Default', 'project_id': 'febdcd282aab45f087c9337c46909a15', 'project_name': 'tempest-QuotaClassesAdmin257Test-225812448', 'tenant_id': 'febdcd282aab45f087c9337c46909a15', 'tenant_name': 'tempest-QuotaClassesAdmin257Test-225812448', 'user_domain_id': 'default', 'user_domain_name': 'Default', 'user_id': '9fa45d6f65ad451ba9df6e0f80227389', 'system': None}, Network: None, Subnet: None, Router: None
2025-04-26 01:07:35.883 70523 INFO tempest.lib.common.dynamic_creds [-] Created isolated network resources for: credentials: Credentials: {'domain_id': 'default', 'domain_name': 'Default', 'username': 'tempest-QuotaClassesAdmin257Test-225812448-project-member', 'project_domain_id': 'default', 'project_domain_name': 'Default', 'project_id': 'febdcd282aab45f087c9337c46909a15', 'project_name': 'tempest-QuotaClassesAdmin257Test-225812448', 'tenant_id': 'febdcd282aab45f087c9337c46909a15', 'tenant_name': 'tempest-QuotaClassesAdmin257Test-225812448', 'user_domain_id': 'default', 'user_domain_name': 'Default', 'user_id': '9fa45d6f65ad451ba9df6e0f80227389', 'system': None}, Network: None, Subnet: None, Router: None
2025-04-26 01:07:35.972 70545 INFO tempest.lib.common.rest_client [req-4387a4b9-3de4-450e-a2f8-b156375f57fd req-4387a4b9-3de4-450e-a2f8-b156375f57fd ] Request (SecurityGroupRulesTestJSON:test_security_group_rules_create_with_optional_group_id): 200 POST http://10.180.1.21/compute/v2.1/os-security-group-rules 1.056s
2025-04-26 01:07:35.989 70523 INFO tempest.lib.common.rest_client [req-a0cd208e-e5fd-400e-acab-3adbf3e4b643 req-a0cd208e-e5fd-400e-acab-3adbf3e4b643 ] Request (QuotaClassesAdmin257Test:setUpClass): 201 POST http://10.180.1.21/identity/v3/auth/tokens 0.102s
2025-04-26 01:07:36.002 70511 INFO tempest.lib.common.rest_client [req-9eb5142b-748a-4af9-854f-373b821dae0b req-9eb5142b-748a-4af9-854f-373b821dae0b ] Request (FlavorsAdminTestJSON:_run_cleanups): 202 DELETE http://10.180.1.21/compute/v2.1/flavors/1166656173 0.956s
2025-04-26 01:07:36.086 70523 INFO tempest.lib.common.rest_client [req-a6c9021b-c248-4169-9357-f61991f692c7 req-a6c9021b-c248-4169-9357-f61991f692c7 ] Request (QuotaClassesAdmin257Test:setUpClass): 201 POST http://10.180.1.21/identity/v3/projects 0.096s
2025-04-26 01:07:36.136 70547 INFO tempest.lib.common.rest_client [req-fe0139e3-8815-42ed-811a-698b0eb32f3b req-fe0139e3-8815-42ed-811a-698b0eb32f3b ] Request (ServerPasswordTestJSON:setUpClass): 202 POST http://10.180.1.21/compute/v2.1/servers 1.415s
2025-04-26 01:07:36.171 70523 INFO tempest.lib.common.rest_client [req-2fbc0dec-0302-402d-bdc7-9de89e2c00ff req-2fbc0dec-0302-402d-bdc7-9de89e2c00ff ] Request (QuotaClassesAdmin257Test:setUpClass): 201 POST http://10.180.1.21/identity/v3/users 0.084s
2025-04-26 01:07:36.174 70541 INFO tempest.lib.common.rest_client [req-372c7934-8597-4e14-bc4c-11d01c6f755c req-372c7934-8597-4e14-bc4c-11d01c6f755c ] Request (ServersTestJSON:setUpClass): 200 GET http://10.180.1.21/compute/v2.1/servers/65efef5f-247f-45ab-9b76-915bdd9f9ce3 1.034s
2025-04-26 01:07:36.195 70523 INFO tempest.lib.common.rest_client [req-7b193ad4-6139-41bc-a882-7546a2551d42 req-7b193ad4-6139-41bc-a882-7546a2551d42 ] Request (QuotaClassesAdmin257Test:setUpClass): 200 GET http://10.180.1.21/identity/v3/roles 0.024s
2025-04-26 01:07:36.219 70513 INFO tempest.lib.common.rest_client [req-bcdeabd4-19a6-43ce-ba88-2d6106701eec req-bcdeabd4-19a6-43ce-ba88-2d6106701eec ] Request (ImagesMetadataTestJSON:setUpClass): 204 PUT http://10.180.1.21/image/v2/images/fee4b5d6-9ef0-4026-9b2b-18eccc482248/file 0.759s
2025-04-26 01:07:36.226 70523 INFO tempest.lib.common.rest_client [req-f0a3372d-c287-4e9b-9ada-8469c3967aef req-f0a3372d-c287-4e9b-9ada-8469c3967aef ] Request (QuotaClassesAdmin257Test:setUpClass): 204 PUT http://10.180.1.21/identity/v3/projects/00ac15a5bf6f421a860b77c9dca3f56d/users/185b98e45af44c06826416d5645a6744/roles/790162ee600c48d783999f4cd5950ebc 0.030s
2025-04-26 01:07:36.241 70509 INFO tempest.lib.common.rest_client [req-8497818f-4751-4c9d-b444-86e319eafa28 req-8497818f-4751-4c9d-b444-86e319eafa28 ] Request (ServersAdmin275Test:tearDownClass): 200 GET http://10.180.1.21/compute/v2.1/servers/34212518-eb14-4da3-913a-9c68b5f5e353 1.003s
2025-04-26 01:07:36.255 70515 INFO tempest.lib.common.rest_client [req-8f23a4f0-e85f-446a-a362-9bdc52472c08 req-8f23a4f0-e85f-446a-a362-9bdc52472c08 ] Request (ServersAdminTestJSON:setUpClass): 200 GET http://10.180.1.21/compute/v2.1/servers/7619eb88-8d1e-4270-b7b5-a44843cb1c4f 1.070s
2025-04-26 01:07:36.266 70515 INFO tempest.common.waiters [-] State transition "BUILD/spawning" ==> "ACTIVE/None" after 25 second wait
2025-04-26 01:07:36.292 70523 INFO tempest.lib.common.rest_client [req-5e012d1c-a2c2-4c87-9db3-d671f572c7bc req-5e012d1c-a2c2-4c87-9db3-d671f572c7bc ] Request (QuotaClassesAdmin257Test:setUpClass): 200 GET http://10.180.1.21/identity/v3/roles 0.065s
2025-04-26 01:07:36.316 70528 INFO tempest.lib.common.rest_client [req-3053f93e-9034-41c3-8492-37d7212801f7 req-3053f93e-9034-41c3-8492-37d7212801f7 ] Request (TenantUsagesTestJSON:tearDownClass): 200 GET http://10.180.1.21/compute/v2.1/servers/2b82486a-2d73-45b1-8250-3466ae285f6a 1.068s
2025-04-26 01:07:36.321 70523 INFO tempest.lib.common.rest_client [req-7be6abd0-df16-49b6-96bf-37630ad96a14 req-7be6abd0-df16-49b6-96bf-37630ad96a14 ] Request (QuotaClassesAdmin257Test:setUpClass): 204 PUT http://10.180.1.21/identity/v3/projects/00ac15a5bf6f421a860b77c9dca3f56d/users/185b98e45af44c06826416d5645a6744/roles/790162ee600c48d783999f4cd5950ebc 0.027s
2025-04-26 01:07:36.321 70523 INFO tempest.lib.common.dynamic_creds [-] Dynamic test user 185b98e45af44c06826416d5645a6744 is created with scope project and roles: ['admin']
2025-04-26 01:07:36.321 70523 INFO tempest.lib.common.dynamic_creds [-] Acquired dynamic creds: credentials: Credentials: {'domain_id': 'default', 'domain_name': 'Default', 'username': 'tempest-QuotaClassesAdmin257Test-975451245-project-admin', 'project_domain_id': 'default', 'project_domain_name': 'Default', 'project_id': '00ac15a5bf6f421a860b77c9dca3f56d', 'project_name': 'tempest-QuotaClassesAdmin257Test-975451245', 'tenant_id': '00ac15a5bf6f421a860b77c9dca3f56d', 'tenant_name': 'tempest-QuotaClassesAdmin257Test-975451245', 'user_domain_id': 'default', 'user_domain_name': 'Default', 'user_id': '185b98e45af44c06826416d5645a6744', 'system': None}, Network: None, Subnet: None, Router: None
2025-04-26 01:07:36.321 70523 INFO tempest.lib.common.dynamic_creds [-] Created isolated network resources for: credentials: Credentials: {'domain_id': 'default', 'domain_name': 'Default', 'username': 'tempest-QuotaClassesAdmin257Test-975451245-project-admin', 'project_domain_id': 'default', 'project_domain_name': 'Default', 'project_id': '00ac15a5bf6f421a860b77c9dca3f56d', 'project_name': 'tempest-QuotaClassesAdmin257Test-975451245', 'tenant_id': '00ac15a5bf6f421a860b77c9dca3f56d', 'tenant_name': 'tempest-QuotaClassesAdmin257Test-975451245', 'user_domain_id': 'default', 'user_domain_name': 'Default', 'user_id': '185b98e45af44c06826416d5645a6744', 'system': None}, Network: None, Subnet: None, Router: None
2025-04-26 01:07:36.377 70519 INFO tempest.lib.common.rest_client [req-b7964bc4-84c3-4d22-ae62-782ded92d21d req-b7964bc4-84c3-4d22-ae62-782ded92d21d ] Request (DeleteServersAdminTestJSON:test_admin_delete_servers_of_others): 200 GET http://10.180.1.21/compute/v2.1/servers/64f4d6f6-12b5-440f-9329-a7f1894605aa 1.050s
2025-04-26 01:07:36.394 70523 INFO tempest.lib.common.rest_client [req-804fe41c-79dc-4723-bc01-420ad3d96bc6 req-804fe41c-79dc-4723-bc01-420ad3d96bc6 ] Request (QuotaClassesAdmin257Test:setUpClass): 201 POST http://10.180.1.21/identity/v3/auth/tokens 0.070s
2025-04-26 01:07:36.435 70551 INFO tempest.lib.common.rest_client [req-c46c5b8f-91bd-4caf-99bd-7ef87c140337 req-c46c5b8f-91bd-4caf-99bd-7ef87c140337 ] Request (ImagesNegativeTestJSON:test_create_image_from_deleted_server): 200 GET http://10.180.1.21/compute/v2.1/servers/f6db5281-a7f3-4ed3-86f5-6fe09cc39c38 1.020s
2025-04-26 01:07:36.462 70497 INFO tempest.lib.common.rest_client [req-1ad670c4-829e-4529-9c0c-70db5444421f req-1ad670c4-829e-4529-9c0c-70db5444421f ] Request (KeyPairsNegativeTestJSON:test_create_keypair_with_duplicate_name): 409 POST http://10.180.1.21/compute/v2.1/os-keypairs 1.022s
2025-04-26 01:07:36.483 70501 INFO tempest.lib.common.rest_client [req-0fa3f57f-a9df-4634-b080-d19064ddb7c9 req-0fa3f57f-a9df-4634-b080-d19064ddb7c9 ] Request (ListServerFiltersTestJSON:test_list_servers_detailed_filter_by_server_name): 200 GET http://10.180.1.21/compute/v2.1/servers/detail?name=tempest-ListServerFiltersTestJSON-instance-1040637779 1.235s
2025-04-26 01:07:36.523 70533 INFO tempest.lib.common.rest_client [req-6ee3a2c7-221a-46f9-b903-85ba9af249ac req-6ee3a2c7-221a-46f9-b903-85ba9af249ac ] Request (VolumesTestJSON:test_volume_list_with_detail_param_offset_and_limit): 200 GET http://10.180.1.21/compute/v2.1/os-volumes/detail 1.032s
2025-04-26 01:07:36.581 70521 INFO tempest.lib.common.rest_client [req-4a741866-3e56-40ac-91f5-2637d34f8f37 req-4a741866-3e56-40ac-91f5-2637d34f8f37 ] Request (ServerShowV257Test:test_rebuild_server): 200 GET http://10.180.1.21/compute/v2.1/servers/e94e9694-4aa0-470b-b46b-0c8c93dd3420 1.005s
2025-04-26 01:07:36.588 70531 INFO tempest.lib.common.rest_client [req-603a6ac2-6342-47fa-8c58-917ae1735aac req-603a6ac2-6342-47fa-8c58-917ae1735aac ] Request (MigrationsAdminTest:test_list_migrations_in_flavor_resize_situation): 200 GET http://10.180.1.21/compute/v2.1/servers/0c653c24-61a2-468d-bcc6-112e95d6368a 1.129s
2025-04-26 01:07:36.666 70543 INFO tempest.lib.common.rest_client [req-33802ac1-c5bf-46b0-bb06-eb573535a53e req-33802ac1-c5bf-46b0-bb06-eb573535a53e ] Request (ServersListShow298Test:test_list_show_update_rebuild_server_298): 200 GET http://10.180.1.21/compute/v2.1/servers/ed5faa43-07dd-4a5c-bd7c-022867ac115f 0.985s
2025-04-26 01:07:36.678 70543 INFO tempest.common.waiters [-] State transition "BUILD/block_device_mapping" ==> "BUILD/spawning" after 23 second wait
2025-04-26 01:07:36.712 70499 INFO tempest.lib.common.rest_client [req-07180fda-4a32-4153-a8b9-0b0ee913fb06 req-07180fda-4a32-4153-a8b9-0b0ee913fb06 ] Request (ServersAdminNegativeTestJSON:test_migrate_server_invalid_state): 200 GET http://10.180.1.21/compute/v2.1/servers/28201572-27d6-494c-a82a-73b22a2a276c 1.097s
2025-04-26 01:07:36.771 70559 INFO tempest.lib.common.rest_client [req-2ab500ff-51e1-42a8-a63c-03ae31590eef req-2ab500ff-51e1-42a8-a63c-03ae31590eef ] Request (InstanceActionsNegativeTestJSON:setUpClass): 200 GET http://10.180.1.21/compute/v2.1/servers/1cad8a6b-a8b2-4078-a15b-3b370dd08bf9 0.952s
2025-04-26 01:07:36.847 70529 INFO tempest.lib.common.rest_client [req-f88bad53-3665-4a23-b01d-c41e7407d158 req-f88bad53-3665-4a23-b01d-c41e7407d158 ] Request (ServerDiagnosticsTest:tearDownClass): 200 GET http://10.180.1.21/compute/v2.1/servers/b643add3-e476-47c2-b316-a38cbddc7ad0 0.917s
2025-04-26 01:07:37.030 70545 INFO tempest.lib.common.rest_client [req-f98479c5-3285-4578-afba-b744f4a3103e req-f98479c5-3285-4578-afba-b744f4a3103e ] Request (SecurityGroupRulesTestJSON:test_security_group_rules_delete_when_peer_group_deleted): 200 POST http://10.180.1.21/compute/v2.1/os-security-groups 1.050s
2025-04-26 01:07:37.058 70511 INFO tempest.lib.common.rest_client [req-0f9a5f3c-d88f-4e92-8b48-4cc6b19dde71 req-0f9a5f3c-d88f-4e92-8b48-4cc6b19dde71 ] Request (FlavorsAdminTestJSON:_run_cleanups): 200 GET http://10.180.1.21/compute/v2.1/flavors/detail 1.055s
2025-04-26 01:07:37.113 70525 INFO tempest.lib.common.rest_client [req-72ce6709-a483-4102-a5f0-52826fe9a8b9 req-72ce6709-a483-4102-a5f0-52826fe9a8b9 ] Request (FloatingIPsAssociationTestJSON:setUpClass): 200 GET http://10.180.1.21/compute/v2.1/servers/0a47c5bb-e901-4095-984a-c52b1ee873d2 1.095s
2025-04-26 01:07:37.168 70547 INFO tempest.lib.common.rest_client [req-dfcb23df-5705-4493-a237-a0e520fab3e2 req-dfcb23df-5705-4493-a237-a0e520fab3e2 ] Request (ServerPasswordTestJSON:setUpClass): 200 GET http://10.180.1.21/compute/v2.1/servers/e1e494d0-aba4-4254-b4c7-14d56d79c336 1.029s
2025-04-26 01:07:37.197 70503 INFO tempest.lib.common.rest_client [req-7158bbea-c09e-4391-9b99-f342dcb9fcbd req-7158bbea-c09e-4391-9b99-f342dcb9fcbd ] Request (ImagesOneServerNegativeTestJSON:setUpClass): 202 POST http://10.180.1.21/compute/v2.1/servers 1.420s
2025-04-26 01:07:37.230 70513 INFO tempest.lib.common.rest_client [req-05da7703-29fe-4973-bac8-61c64ad35e4b req-05da7703-29fe-4973-bac8-61c64ad35e4b ] Request (ImagesMetadataTestJSON:setUpClass): 200 GET http://10.180.1.21/compute/v2.1/images/fee4b5d6-9ef0-4026-9b2b-18eccc482248 1.011s
2025-04-26 01:07:37.239 70535 INFO tempest.lib.common.rest_client [req-15a46c8e-9a67-45cd-86ad-4f7c4c3c42e5 req-15a46c8e-9a67-45cd-86ad-4f7c4c3c42e5 ] Request (FloatingIPsAssociationNegativeTestJSON:tearDownClass): 200 GET http://10.180.1.21/compute/v2.1/servers/2ed0eaf0-eb4a-49fa-af4d-dc960bdef81b 1.098s
2025-04-26 01:07:37.295 70505 INFO tempest.lib.common.rest_client [req-bd4768b6-7983-47d1-aac5-9c007fcf90a8 req-bd4768b6-7983-47d1-aac5-9c007fcf90a8 ] Request (AttachInterfacesTestJSON:test_create_list_show_delete_interfaces_by_fixed_ip): 200 GET http://10.180.1.21/compute/v2.1/servers/25461bf2-3b05-45e3-9401-8f440b1e06f3 0.979s
2025-04-26 01:07:37.356 70507 INFO tempest.lib.common.rest_client [req-bfb2b0bf-a514-4fb9-a015-e95628519819 req-bfb2b0bf-a514-4fb9-a015-e95628519819 ] Request (ServersTestBootFromVolume:setUpClass): 200 GET http://10.180.1.21/compute/v2.1/servers/0bc3e427-2335-46f3-b311-fa688563fece 1.014s
2025-04-26 01:07:37.373 70515 INFO tempest.lib.common.rest_client [req-f5c73cb1-5933-4838-992d-2273a841055c req-f5c73cb1-5933-4838-992d-2273a841055c ] Request (ServersAdminTestJSON:setUpClass): 200 GET http://10.180.1.21/compute/v2.1/servers/f86272cc-e3fb-4bc5-8272-faab2cb68e29 1.106s
2025-04-26 01:07:37.411 70523 INFO tempest.lib.common.rest_client [req-aa87438f-d45b-400c-8342-df9b076c79ae req-aa87438f-d45b-400c-8342-df9b076c79ae ] Request (QuotaClassesAdmin257Test:test_update_default_quotas): 200 GET http://10.180.1.21/compute/v2.1/os-quota-class-sets/default 1.015s
2025-04-26 01:07:37.428 70497 INFO tempest.lib.common.rest_client [req-a6e793cf-b33b-4b3e-9df9-5d41837a4497 req-a6e793cf-b33b-4b3e-9df9-5d41837a4497 ] Request (KeyPairsNegativeTestJSON:test_create_keypair_with_duplicate_name): 202 DELETE http://10.180.1.21/compute/v2.1/os-keypairs/tempest-keypair-917880762 0.966s
2025-04-26 01:07:37.434 70539 INFO tempest.lib.common.rest_client [req-a4767ddb-d6c5-407f-b398-e155e11820db req-a4767ddb-d6c5-407f-b398-e155e11820db ] Request (ServerShowV247Test:test_update_rebuild_list_server): 200 GET http://10.180.1.21/compute/v2.1/servers/59d02e38-bd37-49eb-977c-577df91eb2e6 1.029s
2025-04-26 01:07:37.461 70515 INFO tempest.lib.common.rest_client [req-4066a4d9-cad6-4743-9d1d-1b2913e82742 req-4066a4d9-cad6-4743-9d1d-1b2913e82742 ] Request (ServersAdminTestJSON:test_create_server_with_scheduling_hint): 201 POST http://10.180.1.21/identity/v3/auth/tokens 0.076s
2025-04-26 01:07:37.462 70515 INFO tempest.lib.common.fixed_network [-] (ServersAdminTestJSON:test_create_server_with_scheduling_hint) Found network {'id': 'c07da540-343a-4553-8e00-fc05d767a905', 'name': 'tempest-ServersAdminTestJSON-1598334809-network', 'tenant_id': '9d247b45b2e5476ab77803389da309ed', 'admin_state_up': True, 'mtu': 8950, 'status': 'ACTIVE', 'subnets': [], 'shared': False, 'project_id': '9d247b45b2e5476ab77803389da309ed', 'port_security_enabled': True, 'router:external': False, 'provider:network_type': 'vlan', 'provider:physical_network': 'default', 'provider:segmentation_id': 141, 'availability_zone_hints': [], 'availability_zones': [], 'ipv4_address_scope': None, 'ipv6_address_scope': None, 'description': '', 'tags': [], 'created_at': '2025-04-26T01:06:43Z', 'updated_at': '2025-04-26T01:06:43Z', 'revision_number': 1} available for tenant
2025-04-26 01:07:37.468 70533 INFO tempest.lib.common.rest_client [req-fbd13801-8018-4f15-97a4-d1d366f4aef2 req-fbd13801-8018-4f15-97a4-d1d366f4aef2 ] Request (VolumesTestJSON:test_volume_list_with_detail_param_offset_and_limit): 200 GET http://10.180.1.21/compute/v2.1/os-volumes/detail?offset=1&limit=1 0.940s
2025-04-26 01:07:37.532 70517 INFO tempest.lib.common.rest_client [req-c98dca87-5ac3-4c8d-b5be-14c6ddaa8da0 req-c98dca87-5ac3-4c8d-b5be-14c6ddaa8da0 ] Request (ServersListShow296Test:test_list_show_update_rebuild_server_296): 200 GET http://10.180.1.21/compute/v2.1/servers/d0b2e7f5-622a-458f-86b2-44a8a6e86e1b 0.937s
2025-04-26 01:07:37.543 70517 INFO tempest.common.waiters [-] State transition "BUILD/scheduling" ==> "BUILD/None" after 6 second wait
2025-04-26 01:07:37.591 70557 INFO tempest.lib.common.rest_client [req-e00dd803-67f1-4b9c-926c-03e696e47c91 req-e00dd803-67f1-4b9c-926c-03e696e47c91 ] Request (ServerActionsV293TestJSON:setUpClass): 200 GET http://10.180.1.21/compute/v2.1/servers/6cb69540-1a92-4eff-9c4c-cd8a41516690 0.899s
2025-04-26 01:07:37.650 70501 INFO tempest.lib.common.rest_client [req-e666713b-7879-49c5-af0f-f051dbc67873 req-e666713b-7879-49c5-af0f-f051dbc67873 ] Request (ListServerFiltersTestJSON:test_list_servers_detailed_filter_by_server_status): 200 GET http://10.180.1.21/compute/v2.1/servers/detail?status=active 1.158s
2025-04-26 01:07:37.668 70511 INFO tempest.lib.common.rest_client [req-a2a07cc9-7f7a-4bac-8e59-52542bc1eed7 req-a2a07cc9-7f7a-4bac-8e59-52542bc1eed7 ] Request (FlavorsAdminTestJSON:test_list_non_public_flavor): 200 POST http://10.180.1.21/compute/v2.1/flavors 0.603s
2025-04-26 01:07:37.745 70545 INFO tempest.lib.common.rest_client [req-32562bde-f11c-476e-9898-adff574f9f93 req-32562bde-f11c-476e-9898-adff574f9f93 ] Request (SecurityGroupRulesTestJSON:test_security_group_rules_delete_when_peer_group_deleted): 200 POST http://10.180.1.21/compute/v2.1/os-security-groups 0.707s
2025-04-26 01:07:37.792 70503 INFO tempest.lib.common.rest_client [req-ec99c8e3-c8b4-44a7-9c7d-cf9c02891fe8 req-ec99c8e3-c8b4-44a7-9c7d-cf9c02891fe8 ] Request (ImagesOneServerNegativeTestJSON:setUpClass): 200 GET http://10.180.1.21/compute/v2.1/servers/c4022a83-16ef-4d53-8efa-76d794878ed4 0.593s
2025-04-26 01:07:37.807 70541 INFO tempest.lib.common.rest_client [req-f3998ce3-dacc-4315-adf4-38ff236be8d0 req-f3998ce3-dacc-4315-adf4-38ff236be8d0 ] Request (ServersTestJSON:setUpClass): 200 GET http://10.180.1.21/compute/v2.1/servers/65efef5f-247f-45ab-9b76-915bdd9f9ce3 0.622s
2025-04-26 01:07:37.872 70509 INFO tempest.lib.common.rest_client [req-37e7150e-8dd6-4e21-86a4-d4a5f4168a84 req-37e7150e-8dd6-4e21-86a4-d4a5f4168a84 ] Request (ServersAdmin275Test:tearDownClass): 200 GET http://10.180.1.21/compute/v2.1/servers/34212518-eb14-4da3-913a-9c68b5f5e353 0.611s
2025-04-26 01:07:37.936 70528 INFO tempest.lib.common.rest_client [req-1efaf057-e2a4-4063-9ec1-a892cbe982f2 req-1efaf057-e2a4-4063-9ec1-a892cbe982f2 ] Request (TenantUsagesTestJSON:tearDownClass): 200 GET http://10.180.1.21/compute/v2.1/servers/2b82486a-2d73-45b1-8250-3466ae285f6a 0.608s
2025-04-26 01:07:38.009 70519 INFO tempest.lib.common.rest_client [req-57204f98-eea7-4bf1-847c-2c1c672b4205 req-57204f98-eea7-4bf1-847c-2c1c672b4205 ] Request (DeleteServersAdminTestJSON:test_admin_delete_servers_of_others): 200 GET http://10.180.1.21/compute/v2.1/servers/64f4d6f6-12b5-440f-9329-a7f1894605aa 0.621s
2025-04-26 01:07:38.040 70513 INFO tempest.lib.common.rest_client [req-5969280f-5384-4a59-9152-55f8c5008c11 req-5969280f-5384-4a59-9152-55f8c5008c11 ] Request (ImagesMetadataTestJSON:setUp): 200 PUT http://10.180.1.21/compute/v2.1/images/fee4b5d6-9ef0-4026-9b2b-18eccc482248/metadata 0.804s
2025-04-26 01:07:38.046 70497 INFO tempest.lib.common.rest_client [req-15097e7d-7e2b-4b97-846c-d0aa381bd07a req-15097e7d-7e2b-4b97-846c-d0aa381bd07a ] Request (KeyPairsNegativeTestJSON:test_create_keypair_with_empty_name_string): 400 POST http://10.180.1.21/compute/v2.1/os-keypairs 0.616s
2025-04-26 01:07:38.056 70523 INFO tempest.lib.common.rest_client [req-021433d5-a284-4010-a8ed-1130e79146f2 req-021433d5-a284-4010-a8ed-1130e79146f2 ] Request (QuotaClassesAdmin257Test:test_update_default_quotas): 200 PUT http://10.180.1.21/compute/v2.1/os-quota-class-sets/default 0.643s
2025-04-26 01:07:38.106 70551 INFO tempest.lib.common.rest_client [req-ddf7ec1f-7fd7-4346-8c11-bcedf4ceea80 req-ddf7ec1f-7fd7-4346-8c11-bcedf4ceea80 ] Request (ImagesNegativeTestJSON:test_create_image_from_deleted_server): 200 GET http://10.180.1.21/compute/v2.1/servers/f6db5281-a7f3-4ed3-86f5-6fe09cc39c38 0.663s
2025-04-26 01:07:38.148 70533 INFO tempest.lib.common.rest_client [req-d37c724d-160f-4151-832a-49cc86a31f0f req-d37c724d-160f-4151-832a-49cc86a31f0f ] Request (VolumesTestJSON:test_volume_list_with_details): 200 GET http://10.180.1.21/compute/v2.1/os-volumes/detail 0.677s
2025-04-26 01:07:38.217 70533 INFO tempest.lib.common.rest_client [req-dc3c37a5-8d4f-46c5-924f-9c25354c888d req-dc3c37a5-8d4f-46c5-924f-9c25354c888d ] Request (VolumesTestJSON:tearDownClass): 202 DELETE http://10.180.1.21/volume/v3/volumes/5ba9e289-6fae-48ab-a14f-5caad529c358 0.061s
2025-04-26 01:07:38.241 70533 INFO tempest.lib.common.rest_client [req-34e40eb5-a233-4a46-94cd-4d28392c251f req-34e40eb5-a233-4a46-94cd-4d28392c251f ] Request (VolumesTestJSON:tearDownClass): 200 GET http://10.180.1.21/volume/v3/volumes/5ba9e289-6fae-48ab-a14f-5caad529c358 0.023s
2025-04-26 01:07:38.382 70521 INFO tempest.lib.common.rest_client [req-c80bd546-3bc4-4bde-9af8-6e27360fba2e req-c80bd546-3bc4-4bde-9af8-6e27360fba2e ] Request (ServerShowV257Test:test_rebuild_server): 200 GET http://10.180.1.21/compute/v2.1/servers/e94e9694-4aa0-470b-b46b-0c8c93dd3420 0.792s
2025-04-26 01:07:38.507 70531 INFO tempest.lib.common.rest_client [req-c6a8e406-aedb-4834-94e8-dee237231eb7 req-c6a8e406-aedb-4834-94e8-dee237231eb7 ] Request (MigrationsAdminTest:test_list_migrations_in_flavor_resize_situation): 200 GET http://10.180.1.21/compute/v2.1/servers/0c653c24-61a2-468d-bcc6-112e95d6368a 0.907s
2025-04-26 01:07:38.593 70515 INFO tempest.lib.common.rest_client [req-761faa7b-68d0-4f65-aacb-7bdcb43bc12f req-761faa7b-68d0-4f65-aacb-7bdcb43bc12f ] Request (ServersAdminTestJSON:test_create_server_with_scheduling_hint): 202 POST http://10.180.1.21/compute/v2.1/servers 1.130s
2025-04-26 01:07:38.619 70511 INFO tempest.lib.common.rest_client [req-39cdb0ef-91a8-4227-85d6-17b75b8b3bd5 req-39cdb0ef-91a8-4227-85d6-17b75b8b3bd5 ] Request (FlavorsAdminTestJSON:test_list_non_public_flavor): 200 GET http://10.180.1.21/compute/v2.1/flavors/detail 0.947s
2025-04-26 01:07:38.640 70501 INFO tempest.lib.common.rest_client [req-65d3f3ad-b0e6-42ce-9933-126c5c392ec1 req-65d3f3ad-b0e6-42ce-9933-126c5c392ec1 ] Request (ListServerFiltersTestJSON:test_list_servers_detailed_limit_results): 200 GET http://10.180.1.21/compute/v2.1/servers/detail?limit=1 0.978s
2025-04-26 01:07:38.683 70543 INFO tempest.lib.common.rest_client [req-6b077678-7683-4765-b7fb-ba064c373d8e req-6b077678-7683-4765-b7fb-ba064c373d8e ] Request (ServersListShow298Test:test_list_show_update_rebuild_server_298): 200 GET http://10.180.1.21/compute/v2.1/servers/ed5faa43-07dd-4a5c-bd7c-022867ac115f 1.003s
2025-04-26 01:07:38.773 70499 INFO tempest.lib.common.rest_client [req-b9de2be7-7b98-43a4-a6b9-450992d04fb6 req-b9de2be7-7b98-43a4-a6b9-450992d04fb6 ] Request (ServersAdminNegativeTestJSON:test_migrate_server_invalid_state): 200 GET http://10.180.1.21/compute/v2.1/servers/28201572-27d6-494c-a82a-73b22a2a276c 1.052s
2025-04-26 01:07:38.839 70559 INFO tempest.lib.common.rest_client [req-a6898d97-e0b4-499d-9c82-708ecbb8ab4d req-a6898d97-e0b4-499d-9c82-708ecbb8ab4d ] Request (InstanceActionsNegativeTestJSON:setUpClass): 200 GET http://10.180.1.21/compute/v2.1/servers/1cad8a6b-a8b2-4078-a15b-3b370dd08bf9 1.054s
2025-04-26 01:07:38.867 70545 INFO tempest.lib.common.rest_client [req-a9587c77-1a56-4da1-a07f-449e4e937ac4 req-a9587c77-1a56-4da1-a07f-449e4e937ac4 ] Request (SecurityGroupRulesTestJSON:test_security_group_rules_delete_when_peer_group_deleted): 200 POST http://10.180.1.21/compute/v2.1/os-security-group-rules 1.120s
2025-04-26 01:07:38.895 70529 INFO tempest.lib.common.rest_client [req-cc0c9a32-8b11-44d1-9147-9eb529deaa4d req-cc0c9a32-8b11-44d1-9147-9eb529deaa4d ] Request (ServerDiagnosticsTest:tearDownClass): 200 GET http://10.180.1.21/compute/v2.1/servers/b643add3-e476-47c2-b316-a38cbddc7ad0 1.040s
2025-04-26 01:07:38.932 70497 INFO tempest.lib.common.rest_client [req-231b2870-7f7f-4bc3-9d62-a1ad5676d9c8 req-231b2870-7f7f-4bc3-9d62-a1ad5676d9c8 ] Request (KeyPairsNegativeTestJSON:test_create_keypair_with_empty_public_key): 400 POST http://10.180.1.21/compute/v2.1/os-keypairs 0.885s
2025-04-26 01:07:38.950 70523 INFO tempest.lib.common.rest_client [req-c2ad9369-3453-41a2-b596-5841065f49e1 req-c2ad9369-3453-41a2-b596-5841065f49e1 ] Request (QuotaClassesAdmin257Test:test_update_default_quotas): 200 GET http://10.180.1.21/compute/v2.1/os-quota-class-sets/default 0.892s
2025-04-26 01:07:39.011 70525 INFO tempest.lib.common.rest_client [req-affd28b5-6f4d-4d14-b30c-c7d7748ce00a req-affd28b5-6f4d-4d14-b30c-c7d7748ce00a ] Request (FloatingIPsAssociationTestJSON:setUpClass): 200 GET http://10.180.1.21/compute/v2.1/servers/0a47c5bb-e901-4095-984a-c52b1ee873d2 0.890s
2025-04-26 01:07:39.045 70513 INFO tempest.lib.common.rest_client [req-3c048ec5-315f-4d97-9b6b-04126af5713d req-3c048ec5-315f-4d97-9b6b-04126af5713d ] Request (ImagesMetadataTestJSON:test_delete_image_metadata_item): 204 DELETE http://10.180.1.21/compute/v2.1/images/fee4b5d6-9ef0-4026-9b2b-18eccc482248/metadata/os_version 1.004s
2025-04-26 01:07:39.067 70547 INFO tempest.lib.common.rest_client [req-5876c242-b0d4-41d5-ac84-66cd4cad197f req-5876c242-b0d4-41d5-ac84-66cd4cad197f ] Request (ServerPasswordTestJSON:setUpClass): 200 GET http://10.180.1.21/compute/v2.1/servers/e1e494d0-aba4-4254-b4c7-14d56d79c336 0.886s
2025-04-26 01:07:39.118 70535 INFO tempest.lib.common.rest_client [req-b3429fd6-e684-4158-a9e3-dd326c23b0e3 req-b3429fd6-e684-4158-a9e3-dd326c23b0e3 ] Request (FloatingIPsAssociationNegativeTestJSON:tearDownClass): 200 GET http://10.180.1.21/compute/v2.1/servers/2ed0eaf0-eb4a-49fa-af4d-dc960bdef81b 0.872s
2025-04-26 01:07:39.124 70505 INFO tempest.lib.common.rest_client [req-56b1952a-46f9-4306-b203-4f75183d45a0 req-56b1952a-46f9-4306-b203-4f75183d45a0 ] Request (AttachInterfacesTestJSON:test_create_list_show_delete_interfaces_by_fixed_ip): 200 GET http://10.180.1.21/compute/v2.1/servers/25461bf2-3b05-45e3-9401-8f440b1e06f3 0.816s
2025-04-26 01:07:39.188 70507 INFO tempest.lib.common.rest_client [req-49c92840-8047-40b5-b1d1-7fb38717fc7f req-49c92840-8047-40b5-b1d1-7fb38717fc7f ] Request (ServersTestBootFromVolume:setUpClass): 200 GET http://10.180.1.21/compute/v2.1/servers/0bc3e427-2335-46f3-b311-fa688563fece 0.819s
2025-04-26 01:07:39.197 70539 INFO tempest.lib.common.rest_client [req-c1d73a49-0d5f-437c-b4df-676e22df201c req-c1d73a49-0d5f-437c-b4df-676e22df201c ] Request (ServerShowV247Test:test_update_rebuild_list_server): 200 GET http://10.180.1.21/compute/v2.1/servers/59d02e38-bd37-49eb-977c-577df91eb2e6 0.753s
2025-04-26 01:07:39.249 70515 INFO tempest.lib.common.rest_client [req-f2bc3631-9809-489a-aeac-50ab41dece1d req-f2bc3631-9809-489a-aeac-50ab41dece1d ] Request (ServersAdminTestJSON:test_create_server_with_scheduling_hint): 200 GET http://10.180.1.21/compute/v2.1/servers/ffd5619f-4fd8-4d3b-a235-74cffa83216d 0.654s
2025-04-26 01:07:39.259 70517 INFO tempest.lib.common.rest_client [req-6934da13-e800-4dd1-9a3b-cd9aed810ea5 req-6934da13-e800-4dd1-9a3b-cd9aed810ea5 ] Request (ServersListShow296Test:test_list_show_update_rebuild_server_296): 200 GET http://10.180.1.21/compute/v2.1/servers/d0b2e7f5-622a-458f-86b2-44a8a6e86e1b 0.715s
2025-04-26 01:07:39.270 70533 INFO tempest.lib.common.rest_client [req-0ff679a2-fc4b-4bd2-8ee2-d1ec9f2b4f57 req-0ff679a2-fc4b-4bd2-8ee2-d1ec9f2b4f57 ] Request (VolumesTestJSON:tearDownClass): 404 GET http://10.180.1.21/volume/v3/volumes/5ba9e289-6fae-48ab-a14f-5caad529c358 0.021s
2025-04-26 01:07:39.287 70511 INFO tempest.lib.common.rest_client [req-4d3bd2c4-e0f2-4e56-af95-4014b17db20c req-4d3bd2c4-e0f2-4e56-af95-4014b17db20c ] Request (FlavorsAdminTestJSON:test_list_non_public_flavor): 200 GET http://10.180.1.21/compute/v2.1/flavors/detail 0.663s
2025-04-26 01:07:39.308 70557 INFO tempest.lib.common.rest_client [req-15208014-35c3-4cf4-9d2d-d6be18f7a666 req-15208014-35c3-4cf4-9d2d-d6be18f7a666 ] Request (ServerActionsV293TestJSON:setUpClass): 200 GET http://10.180.1.21/compute/v2.1/servers/6cb69540-1a92-4eff-9c4c-cd8a41516690 0.707s
2025-04-26 01:07:39.324 70533 INFO tempest.lib.common.rest_client [req-de041f9c-f091-4fe1-82d2-be90f6162d35 req-de041f9c-f091-4fe1-82d2-be90f6162d35 ] Request (VolumesTestJSON:tearDownClass): 202 DELETE http://10.180.1.21/volume/v3/volumes/95c87d30-3622-4f17-818c-b61fc2bd572e 0.054s
2025-04-26 01:07:39.362 70533 INFO tempest.lib.common.rest_client [req-3d86ca1a-1282-4f2a-bf57-96a0200a48c7 req-3d86ca1a-1282-4f2a-bf57-96a0200a48c7 ] Request (VolumesTestJSON:tearDownClass): 200 GET http://10.180.1.21/volume/v3/volumes/95c87d30-3622-4f17-818c-b61fc2bd572e 0.038s
2025-04-26 01:07:39.370 70503 INFO tempest.lib.common.rest_client [req-b8f9e630-2781-4605-9854-c07346877930 req-b8f9e630-2781-4605-9854-c07346877930 ] Request (ImagesOneServerNegativeTestJSON:setUpClass): 200 GET http://10.180.1.21/compute/v2.1/servers/c4022a83-16ef-4d53-8efa-76d794878ed4 0.564s
2025-04-26 01:07:39.385 70501 INFO tempest.lib.common.rest_client [req-3ba931b6-696a-49f8-94b8-d94156211533 req-3ba931b6-696a-49f8-94b8-d94156211533 ] Request (ListServerFiltersTestJSON:test_list_servers_filter_by_active_status): 200 GET http://10.180.1.21/compute/v2.1/servers?status=active 0.731s
2025-04-26 01:07:39.543 70545 INFO tempest.lib.common.rest_client [req-a258d298-5f1e-40d8-bcf3-e58b070f8403 req-a258d298-5f1e-40d8-bcf3-e58b070f8403 ] Request (SecurityGroupRulesTestJSON:test_security_group_rules_delete_when_peer_group_deleted): 202 DELETE http://10.180.1.21/compute/v2.1/os-security-groups/423f7ac8-d776-439b-ac39-40e35a485ca2 0.673s
2025-04-26 01:07:39.546 70541 INFO tempest.lib.common.rest_client [req-a2ecafff-bd6a-4937-bb8f-12b725e89e6b req-a2ecafff-bd6a-4937-bb8f-12b725e89e6b ] Request (ServersTestJSON:setUpClass): 200 GET http://10.180.1.21/compute/v2.1/servers/65efef5f-247f-45ab-9b76-915bdd9f9ce3 0.730s
2025-04-26 01:07:39.551 70497 INFO tempest.lib.common.rest_client [req-de4445c2-442e-481f-8119-ba3d8f5a38cf req-de4445c2-442e-481f-8119-ba3d8f5a38cf ] Request (KeyPairsNegativeTestJSON:test_create_keypair_with_long_keynames): 400 POST http://10.180.1.21/compute/v2.1/os-keypairs 0.616s
2025-04-26 01:07:39.607 70509 INFO tempest.lib.common.rest_client [req-32fb6470-65ab-4e99-83ea-b11dbb342033 req-32fb6470-65ab-4e99-83ea-b11dbb342033 ] Request (ServersAdmin275Test:tearDownClass): 200 GET http://10.180.1.21/compute/v2.1/servers/34212518-eb14-4da3-913a-9c68b5f5e353 0.720s
2025-04-26 01:07:39.608 70528 INFO tempest.lib.common.rest_client [req-d02fddb6-7431-4559-a450-c3cf0fa6c410 req-d02fddb6-7431-4559-a450-c3cf0fa6c410 ] Request (TenantUsagesTestJSON:tearDownClass): 200 GET http://10.180.1.21/compute/v2.1/servers/2b82486a-2d73-45b1-8250-3466ae285f6a 0.662s
2025-04-26 01:07:39.618 70509 INFO tempest.common.waiters [-] State transition "ACTIVE/deleting" ==> "DELETED/None" after 3 second wait
2025-04-26 01:07:39.661 70519 INFO tempest.lib.common.rest_client [req-78ec2e71-ea51-43e7-8f32-43d4614e155d req-78ec2e71-ea51-43e7-8f32-43d4614e155d ] Request (DeleteServersAdminTestJSON:test_admin_delete_servers_of_others): 200 GET http://10.180.1.21/compute/v2.1/servers/64f4d6f6-12b5-440f-9329-a7f1894605aa 0.643s
2025-04-26 01:07:39.693 70513 INFO tempest.lib.common.rest_client [req-520e5fdf-5ca9-439c-bf05-5672408f4191 req-520e5fdf-5ca9-439c-bf05-5672408f4191 ] Request (ImagesMetadataTestJSON:test_delete_image_metadata_item): 200 GET http://10.180.1.21/compute/v2.1/images/fee4b5d6-9ef0-4026-9b2b-18eccc482248/metadata 0.647s
2025-04-26 01:07:39.764 70551 INFO tempest.lib.common.rest_client [req-3f6b2fb9-0f7d-4b2f-93df-bceaafc9ae92 req-3f6b2fb9-0f7d-4b2f-93df-bceaafc9ae92 ] Request (ImagesNegativeTestJSON:test_create_image_from_deleted_server): 200 GET http://10.180.1.21/compute/v2.1/servers/f6db5281-a7f3-4ed3-86f5-6fe09cc39c38 0.650s
2025-04-26 01:07:39.784 70511 INFO tempest.lib.common.rest_client [req-247814d7-8c61-4170-afb9-7c48eae39303 req-247814d7-8c61-4170-afb9-7c48eae39303 ] Request (FlavorsAdminTestJSON:_run_cleanups): 202 DELETE http://10.180.1.21/compute/v2.1/flavors/2326093 0.492s
2025-04-26 01:07:39.872 70523 INFO tempest.lib.common.rest_client [req-9a09c4c1-0e28-493e-a3d8-a38bb9f45cf8 req-9a09c4c1-0e28-493e-a3d8-a38bb9f45cf8 ] Request (QuotaClassesAdmin257Test:_run_cleanups): 200 PUT http://10.180.1.21/compute/v2.1/os-quota-class-sets/default 0.920s
2025-04-26 01:07:39.933 70521 INFO tempest.lib.common.rest_client [req-02cd64ae-5af2-43a6-98c7-31a31b199726 req-02cd64ae-5af2-43a6-98c7-31a31b199726 ] Request (ServerShowV257Test:test_rebuild_server): 200 GET http://10.180.1.21/compute/v2.1/servers/e94e9694-4aa0-470b-b46b-0c8c93dd3420 0.539s
2025-04-26 01:07:40.011 70523 INFO tempest.lib.common.rest_client [req-0d6f743f-bff6-4815-82f6-297b8d72e5fb req-0d6f743f-bff6-4815-82f6-297b8d72e5fb ] Request (QuotaClassesAdmin257Test:tearDownClass): 204 DELETE http://10.180.1.21/identity/v3/users/9fa45d6f65ad451ba9df6e0f80227389 0.136s
2025-04-26 01:07:40.059 70531 INFO tempest.lib.common.rest_client [req-86b01c21-917f-4fd5-9cc9-f5820b6821d8 req-86b01c21-917f-4fd5-9cc9-f5820b6821d8 ] Request (MigrationsAdminTest:test_list_migrations_in_flavor_resize_situation): 200 GET http://10.180.1.21/compute/v2.1/servers/0c653c24-61a2-468d-bcc6-112e95d6368a 0.543s
2025-04-26 01:07:40.069 70531 INFO tempest.common.waiters [-] State transition "RESIZE/resize_prep" ==> "RESIZE/resize_migrating" after 24 second wait
2025-04-26 01:07:40.091 70545 INFO tempest.lib.common.rest_client [req-71f09f51-47bf-4be6-898e-e7aac8d6c355 req-71f09f51-47bf-4be6-898e-e7aac8d6c355 ] Request (SecurityGroupRulesTestJSON:test_security_group_rules_delete_when_peer_group_deleted): 200 GET http://10.180.1.21/compute/v2.1/os-security-groups/36b3a761-2b9c-4970-b522-d1177b3712b3 0.548s
2025-04-26 01:07:40.093 70523 INFO tempest.lib.common.rest_client [req-24c227a7-2ebe-4085-8287-e1eecbe97658 req-24c227a7-2ebe-4085-8287-e1eecbe97658 ] Request (QuotaClassesAdmin257Test:tearDownClass): 204 DELETE http://10.180.1.21/identity/v3/users/185b98e45af44c06826416d5645a6744 0.082s
2025-04-26 01:07:40.094 70523 INFO tempest.lib.common.dynamic_creds [-] Deleting project and security group for project: febdcd282aab45f087c9337c46909a15
2025-04-26 01:07:40.118 70501 INFO tempest.lib.common.rest_client [req-44667bad-3388-4313-a39c-e5fa27f70376 req-44667bad-3388-4313-a39c-e5fa27f70376 ] Request (ListServerFiltersTestJSON:test_list_servers_filter_by_exceed_limit): 200 GET http://10.180.1.21/compute/v2.1/servers?limit=100000 0.729s
2025-04-26 01:07:40.145 70497 INFO tempest.lib.common.rest_client [req-7be83379-2420-471a-b720-486f8caada08 req-7be83379-2420-471a-b720-486f8caada08 ] Request (KeyPairsNegativeTestJSON:test_keypair_create_with_invalid_pub_key): 400 POST http://10.180.1.21/compute/v2.1/os-keypairs 0.593s
2025-04-26 01:07:40.174 70523 INFO tempest.lib.common.rest_client [req-ef7abfbd-aaf3-4f78-acc3-d625caf2da10 req-ef7abfbd-aaf3-4f78-acc3-d625caf2da10 ] Request (QuotaClassesAdmin257Test:tearDownClass): 201 POST http://10.180.1.21/identity/v3/auth/tokens 0.080s
2025-04-26 01:07:40.217 70543 INFO tempest.lib.common.rest_client [req-c6a4ac7b-e8b9-4508-8023-7f08b886b61a req-c6a4ac7b-e8b9-4508-8023-7f08b886b61a ] Request (ServersListShow298Test:test_list_show_update_rebuild_server_298): 200 GET http://10.180.1.21/compute/v2.1/servers/ed5faa43-07dd-4a5c-bd7c-022867ac115f 0.515s
2025-04-26 01:07:40.304 70537 WARNING tempest.lib.common.ssh [-] Failed to establish authenticated ssh connection to cirros@10.180.180.232 ([Errno None] Unable to connect to port 22 on 10.180.180.232). Number attempts: 4. Retry after 5 seconds.: paramiko.ssh_exception.NoValidConnectionsError: [Errno None] Unable to connect to port 22 on 10.180.180.232
2025-04-26 01:07:40.312 70499 INFO tempest.lib.common.rest_client [req-0ba7a25c-d103-4f81-9e75-b91856d39030 req-0ba7a25c-d103-4f81-9e75-b91856d39030 ] Request (ServersAdminNegativeTestJSON:test_migrate_server_invalid_state): 200 GET http://10.180.1.21/compute/v2.1/servers/28201572-27d6-494c-a82a-73b22a2a276c 0.532s
2025-04-26 01:07:40.316 70513 INFO tempest.lib.common.rest_client [req-bceef9f8-9fcd-4b7c-933d-946e4dd3c544 req-bceef9f8-9fcd-4b7c-933d-946e4dd3c544 ] Request (ImagesMetadataTestJSON:setUp): 200 PUT http://10.180.1.21/compute/v2.1/images/fee4b5d6-9ef0-4026-9b2b-18eccc482248/metadata 0.622s
2025-04-26 01:07:40.337 70511 INFO tempest.lib.common.rest_client [req-a1c3e2ec-fe39-4244-aac3-4f94ec8f9b84 req-a1c3e2ec-fe39-4244-aac3-4f94ec8f9b84 ] Request (FlavorsAdminTestJSON:_run_cleanups): 200 GET http://10.180.1.21/compute/v2.1/flavors/detail 0.553s
2025-04-26 01:07:40.350 70523 INFO tempest.lib.common.rest_client [req-6686fe69-4a3b-4a61-a430-8f489d99c343 req-6686fe69-4a3b-4a61-a430-8f489d99c343 ] Request (QuotaClassesAdmin257Test:tearDownClass): 200 GET http://10.180.1.21:9696/networking/v2.0/security-groups?tenant_id=febdcd282aab45f087c9337c46909a15&name=default 0.175s
2025-04-26 01:07:40.367 70559 INFO tempest.lib.common.rest_client [req-8ebbdb99-2fce-4770-b49a-eb21a67243ea req-8ebbdb99-2fce-4770-b49a-eb21a67243ea ] Request (InstanceActionsNegativeTestJSON:setUpClass): 200 GET http://10.180.1.21/compute/v2.1/servers/1cad8a6b-a8b2-4078-a15b-3b370dd08bf9 0.519s
2025-04-26 01:07:40.388 70533 INFO tempest.lib.common.rest_client [req-7b9595c8-f948-43a7-91fd-a78989c475e9 req-7b9595c8-f948-43a7-91fd-a78989c475e9 ] Request (VolumesTestJSON:tearDownClass): 404 GET http://10.180.1.21/volume/v3/volumes/95c87d30-3622-4f17-818c-b61fc2bd572e 0.017s
2025-04-26 01:07:40.405 70529 INFO tempest.lib.common.rest_client [req-a54883f8-5646-456b-8f66-64eac0c4836d req-a54883f8-5646-456b-8f66-64eac0c4836d ] Request (ServerDiagnosticsTest:tearDownClass): 200 GET http://10.180.1.21/compute/v2.1/servers/b643add3-e476-47c2-b316-a38cbddc7ad0 0.497s
2025-04-26 01:07:40.422 70525 INFO tempest.lib.common.rest_client [req-e7afa173-4620-4a2c-b5cf-e7aed13e0131 req-e7afa173-4620-4a2c-b5cf-e7aed13e0131 ] Request (FloatingIPsAssociationTestJSON:setUpClass): 200 GET http://10.180.1.21/compute/v2.1/servers/0a47c5bb-e901-4095-984a-c52b1ee873d2 0.401s
2025-04-26 01:07:40.429 70523 INFO tempest.lib.common.rest_client [req-612dda1d-d79a-47b8-b9f0-0a15ea61ff6d req-612dda1d-d79a-47b8-b9f0-0a15ea61ff6d ] Request (QuotaClassesAdmin257Test:tearDownClass): 204 DELETE http://10.180.1.21:9696/networking/v2.0/security-groups/33f643ed-ac59-439b-b062-9ac1afe3dfaa 0.078s
2025-04-26 01:07:40.431 70533 INFO tempest.lib.common.rest_client [req-a4a1de8d-2bbc-4a0e-b562-26767bc872c7 req-a4a1de8d-2bbc-4a0e-b562-26767bc872c7 ] Request (VolumesTestJSON:tearDownClass): 202 DELETE http://10.180.1.21/volume/v3/volumes/8f01e3ee-fca0-402b-a0e4-6e51ecdfc055 0.042s
2025-04-26 01:07:40.460 70533 INFO tempest.lib.common.rest_client [req-ed3921ca-1327-46e9-b5ba-93433f76547e req-ed3921ca-1327-46e9-b5ba-93433f76547e ] Request (VolumesTestJSON:tearDownClass): 200 GET http://10.180.1.21/volume/v3/volumes/8f01e3ee-fca0-402b-a0e4-6e51ecdfc055 0.029s
2025-04-26 01:07:40.461 70547 INFO tempest.lib.common.rest_client [req-607e0f13-0d85-4e6d-b121-000dff445680 req-607e0f13-0d85-4e6d-b121-000dff445680 ] Request (ServerPasswordTestJSON:setUpClass): 200 GET http://10.180.1.21/compute/v2.1/servers/e1e494d0-aba4-4254-b4c7-14d56d79c336 0.385s
2025-04-26 01:07:40.526 70523 INFO tempest.lib.common.rest_client [req-3646ea5f-931c-42ae-ad8c-859d31f72396 req-3646ea5f-931c-42ae-ad8c-859d31f72396 ] Request (QuotaClassesAdmin257Test:tearDownClass): 204 DELETE http://10.180.1.21/identity/v3/projects/febdcd282aab45f087c9337c46909a15 0.097s
2025-04-26 01:07:40.526 70523 INFO tempest.lib.common.dynamic_creds [-] Deleting project and security group for project: 00ac15a5bf6f421a860b77c9dca3f56d
2025-04-26 01:07:40.550 70501 INFO tempest.lib.common.rest_client [req-ec537225-52a4-4f0a-bc55-6b1fa336a4eb req-ec537225-52a4-4f0a-bc55-6b1fa336a4eb ] Request (ListServerFiltersTestJSON:test_list_servers_filter_by_exceed_limit): 200 GET http://10.180.1.21/compute/v2.1/servers 0.429s
2025-04-26 01:07:40.555 70545 INFO tempest.lib.common.rest_client [req-9e2cfda7-5805-46a9-b76f-d0ada1f19a72 req-9e2cfda7-5805-46a9-b76f-d0ada1f19a72 ] Request (SecurityGroupRulesTestJSON:test_security_group_rules_list): 200 POST http://10.180.1.21/compute/v2.1/os-security-groups 0.453s
2025-04-26 01:07:40.610 70505 INFO tempest.lib.common.rest_client [req-05e4747b-66e5-452f-89e0-11969cdc6d9a req-05e4747b-66e5-452f-89e0-11969cdc6d9a ] Request (AttachInterfacesTestJSON:test_create_list_show_delete_interfaces_by_fixed_ip): 200 GET http://10.180.1.21/compute/v2.1/servers/25461bf2-3b05-45e3-9401-8f440b1e06f3 0.477s
2025-04-26 01:07:40.615 70535 INFO tempest.lib.common.rest_client [req-96eb9431-43ef-49bf-b648-4deb1b638b03 req-96eb9431-43ef-49bf-b648-4deb1b638b03 ] Request (FloatingIPsAssociationNegativeTestJSON:tearDownClass): 200 GET http://10.180.1.21/compute/v2.1/servers/2ed0eaf0-eb4a-49fa-af4d-dc960bdef81b 0.482s
2025-04-26 01:07:40.623 70497 INFO tempest.lib.common.rest_client [req-eb2b305a-2ae6-4925-96f3-a89d5e33ac84 req-eb2b305a-2ae6-4925-96f3-a89d5e33ac84 ] Request (KeyPairsNegativeTestJSON:test_keypair_delete_nonexistent_key): 404 DELETE http://10.180.1.21/compute/v2.1/os-keypairs/tempest-keypair-non-existent-1793019094 0.476s
2025-04-26 01:07:40.626 70523 INFO tempest.lib.common.rest_client [req-5da0e1a6-5c58-49c3-ac2e-707bb755e8dd req-5da0e1a6-5c58-49c3-ac2e-707bb755e8dd ] Request (QuotaClassesAdmin257Test:tearDownClass): 200 GET http://10.180.1.21:9696/networking/v2.0/security-groups?tenant_id=00ac15a5bf6f421a860b77c9dca3f56d&name=default 0.099s
2025-04-26 01:07:40.670 70507 INFO tempest.lib.common.rest_client [req-6ad9c6f0-09b2-45d0-a9a5-f1872dfa4c4f req-6ad9c6f0-09b2-45d0-a9a5-f1872dfa4c4f ] Request (ServersTestBootFromVolume:setUpClass): 200 GET http://10.180.1.21/compute/v2.1/servers/0bc3e427-2335-46f3-b311-fa688563fece 0.473s
2025-04-26 01:07:40.679 70539 INFO tempest.lib.common.rest_client [req-ca8240a1-a4a1-457d-b77e-96b8bf407c8a req-ca8240a1-a4a1-457d-b77e-96b8bf407c8a ] Request (ServerShowV247Test:test_update_rebuild_list_server): 200 GET http://10.180.1.21/compute/v2.1/servers/59d02e38-bd37-49eb-977c-577df91eb2e6 0.469s
2025-04-26 01:07:40.723 70523 INFO tempest.lib.common.rest_client [req-36c7d4d6-f1ab-4f07-8a8b-d4efd88d5cdb req-36c7d4d6-f1ab-4f07-8a8b-d4efd88d5cdb ] Request (QuotaClassesAdmin257Test:tearDownClass): 204 DELETE http://10.180.1.21:9696/networking/v2.0/security-groups/5c7836b9-6906-4501-a9a8-92286770591c 0.096s
2025-04-26 01:07:40.754 70515 INFO tempest.lib.common.rest_client [req-c3148eff-c319-4867-96c0-1afac749c907 req-c3148eff-c319-4867-96c0-1afac749c907 ] Request (ServersAdminTestJSON:test_create_server_with_scheduling_hint): 200 GET http://10.180.1.21/compute/v2.1/servers/ffd5619f-4fd8-4d3b-a235-74cffa83216d 0.495s
2025-04-26 01:07:40.755 70497 INFO tempest.lib.common.rest_client [req-2091a976-5cb7-45f9-baa3-831708f7db0e req-2091a976-5cb7-45f9-baa3-831708f7db0e ] Request (KeyPairsNegativeTestJSON:tearDownClass): 204 DELETE http://10.180.1.21/identity/v3/users/4c7ab60b8dcf4c19a4e107471ae9b21d 0.129s
2025-04-26 01:07:40.756 70497 INFO tempest.lib.common.dynamic_creds [-] Deleting project and security group for project: 212d08920cdf4c1e8727d7e59b1e882d
2025-04-26 01:07:40.767 70517 INFO tempest.lib.common.rest_client [req-4dc5e86a-7eeb-4db6-8394-4b33822671ca req-4dc5e86a-7eeb-4db6-8394-4b33822671ca ] Request (ServersListShow296Test:test_list_show_update_rebuild_server_296): 200 GET http://10.180.1.21/compute/v2.1/servers/d0b2e7f5-622a-458f-86b2-44a8a6e86e1b 0.490s
2025-04-26 01:07:40.792 70513 INFO tempest.lib.common.rest_client [req-7bf40001-ba03-42da-91a0-3e4cb068a878 req-7bf40001-ba03-42da-91a0-3e4cb068a878 ] Request (ImagesMetadataTestJSON:test_get_image_metadata_item): 200 GET http://10.180.1.21/compute/v2.1/images/fee4b5d6-9ef0-4026-9b2b-18eccc482248/metadata/os_distro 0.475s
2025-04-26 01:07:40.824 70511 INFO tempest.lib.common.rest_client [req-27dc40a0-80ba-4ff7-9625-a08d4590afeb req-27dc40a0-80ba-4ff7-9625-a08d4590afeb ] Request (FlavorsAdminTestJSON:test_list_public_flavor_with_other_user): 200 POST http://10.180.1.21/compute/v2.1/flavors 0.479s
2025-04-26 01:07:40.837 70497 INFO tempest.lib.common.rest_client [req-5cf4e076-e1b7-49d2-bcb3-ec36ee30351f req-5cf4e076-e1b7-49d2-bcb3-ec36ee30351f ] Request (KeyPairsNegativeTestJSON:tearDownClass): 201 POST http://10.180.1.21/identity/v3/auth/tokens 0.080s
2025-04-26 01:07:40.837 70557 INFO tempest.lib.common.rest_client [req-03d54041-0dc0-4798-9bc5-7f0b9fec1e3f req-03d54041-0dc0-4798-9bc5-7f0b9fec1e3f ] Request (ServerActionsV293TestJSON:setUpClass): 200 GET http://10.180.1.21/compute/v2.1/servers/6cb69540-1a92-4eff-9c4c-cd8a41516690 0.518s
2025-04-26 01:07:40.872 70523 INFO tempest.lib.common.rest_client [req-c8fa0c8d-3582-45c3-aed4-8ee09e2cc8c6 req-c8fa0c8d-3582-45c3-aed4-8ee09e2cc8c6 ] Request (QuotaClassesAdmin257Test:tearDownClass): 204 DELETE http://10.180.1.21/identity/v3/projects/00ac15a5bf6f421a860b77c9dca3f56d 0.148s
2025-04-26 01:07:40.885 70503 INFO tempest.lib.common.rest_client [req-31be3c53-4da2-4781-b5c3-e8480d0c4bd4 req-31be3c53-4da2-4781-b5c3-e8480d0c4bd4 ] Request (ImagesOneServerNegativeTestJSON:setUpClass): 200 GET http://10.180.1.21/compute/v2.1/servers/c4022a83-16ef-4d53-8efa-76d794878ed4 0.505s
2025-04-26 01:07:40.933 70501 INFO tempest.lib.common.rest_client [req-882c17d0-25f6-4536-a51d-1b59fc2e49db req-882c17d0-25f6-4536-a51d-1b59fc2e49db ] Request (ListServerFiltersTestJSON:test_list_servers_filter_by_flavor): 200 GET http://10.180.1.21/compute/v2.1/servers?flavor=84 0.380s
2025-04-26 01:07:40.943 70523 INFO tempest.lib.common.rest_client [req-c6bbd524-5e8f-4e45-92be-cb1e701b28cd req-c6bbd524-5e8f-4e45-92be-cb1e701b28cd ] Request (ServerDiagnosticsV248Test:setUpClass): 201 POST http://10.180.1.21/identity/v3/auth/tokens 0.069s
2025-04-26 01:07:40.978 70523 INFO tempest.lib.common.rest_client [req-9ba255b0-9c5e-4cfe-b2da-64c7c979637a req-9ba255b0-9c5e-4cfe-b2da-64c7c979637a ] Request (ServerDiagnosticsV248Test:setUpClass): 201 POST http://10.180.1.21/identity/v3/auth/tokens 0.030s
2025-04-26 01:07:41.009 70541 INFO tempest.lib.common.rest_client [req-1582f818-42e7-41e8-83cb-59bb812ebe55 req-1582f818-42e7-41e8-83cb-59bb812ebe55 ] Request (ServersTestJSON:setUpClass): 200 GET http://10.180.1.21/compute/v2.1/servers/65efef5f-247f-45ab-9b76-915bdd9f9ce3 0.455s
2025-04-26 01:07:41.013 70523 INFO tempest.lib.common.rest_client [req-28b5f7cc-9f47-4416-8b8f-74a65c23d3e1 req-28b5f7cc-9f47-4416-8b8f-74a65c23d3e1 ] Request (ServerDiagnosticsV248Test:setUpClass): 200 GET http://10.180.1.21/identity/v3/domains?name=Default 0.034s
2025-04-26 01:07:41.020 70541 INFO tempest.common.waiters [-] State transition "BUILD/spawning" ==> "ACTIVE/None" after 29 second wait
2025-04-26 01:07:41.049 70523 INFO tempest.lib.common.rest_client [req-e9ee5ac2-e71b-4bd6-b02c-122d84da02a7 req-e9ee5ac2-e71b-4bd6-b02c-122d84da02a7 ] Request (ServerDiagnosticsV248Test:setUpClass): 201 POST http://10.180.1.21/identity/v3/projects 0.035s
2025-04-26 01:07:41.075 70497 INFO tempest.lib.common.rest_client [req-f254aaf2-2229-4cb4-9f08-bedbc8a4505e req-f254aaf2-2229-4cb4-9f08-bedbc8a4505e ] Request (KeyPairsNegativeTestJSON:tearDownClass): 200 GET http://10.180.1.21:9696/networking/v2.0/security-groups?tenant_id=212d08920cdf4c1e8727d7e59b1e882d&name=default 0.237s
2025-04-26 01:07:41.078 70528 INFO tempest.lib.common.rest_client [req-9f6a3557-29f0-4f90-8a0f-ddb74dbbe822 req-9f6a3557-29f0-4f90-8a0f-ddb74dbbe822 ] Request (TenantUsagesTestJSON:tearDownClass): 200 GET http://10.180.1.21/compute/v2.1/servers/2b82486a-2d73-45b1-8250-3466ae285f6a 0.462s
2025-04-26 01:07:41.108 70545 INFO tempest.lib.common.rest_client [req-7d89ff29-267e-4f81-9360-b479c02eed13 req-7d89ff29-267e-4f81-9360-b479c02eed13 ] Request (SecurityGroupRulesTestJSON:test_security_group_rules_list): 200 POST http://10.180.1.21/compute/v2.1/os-security-group-rules 0.549s
2025-04-26 01:07:41.114 70523 INFO tempest.lib.common.rest_client [req-25ff45c9-2269-4f61-a699-051d4699ae17 req-25ff45c9-2269-4f61-a699-051d4699ae17 ] Request (ServerDiagnosticsV248Test:setUpClass): 201 POST http://10.180.1.21/identity/v3/users 0.064s
2025-04-26 01:07:41.127 70519 INFO tempest.lib.common.rest_client [req-785898ec-9b25-4eb4-a7e4-e82b73ff72ad req-785898ec-9b25-4eb4-a7e4-e82b73ff72ad ] Request (DeleteServersAdminTestJSON:test_admin_delete_servers_of_others): 404 GET http://10.180.1.21/compute/v2.1/servers/64f4d6f6-12b5-440f-9329-a7f1894605aa 0.458s
2025-04-26 01:07:41.137 70523 INFO tempest.lib.common.rest_client [req-1f70c197-1dcb-46cd-9edf-28b91d79fcc3 req-1f70c197-1dcb-46cd-9edf-28b91d79fcc3 ] Request (ServerDiagnosticsV248Test:setUpClass): 200 GET http://10.180.1.21/identity/v3/roles 0.022s
2025-04-26 01:07:41.141 70509 INFO tempest.lib.common.rest_client [req-cc7c2a82-d15f-4f00-8be4-d9b5ad9a4b3f req-cc7c2a82-d15f-4f00-8be4-d9b5ad9a4b3f ] Request (ServersAdmin275Test:tearDownClass): 200 GET http://10.180.1.21/compute/v2.1/servers/34212518-eb14-4da3-913a-9c68b5f5e353 0.521s
