2025-04-26 01:09:35.282 70519 INFO tempest.lib.common.rest_client [req-3498cf2b-2e9e-4164-8135-2294632e326e req-3498cf2b-2e9e-4164-8135-2294632e326e ] Request (DeleteServersAdminTestJSON:tearDownClass): 204 DELETE http://10.180.1.21/identity/v3/projects/b931481ee3b644d0a01cb750a3e32097 0.075s
2025-04-26 01:09:35.283 70519 INFO tempest.lib.common.dynamic_creds [-] Deleting project and security group for project: 4a8f9b45b9274e41bfa1866f76973a0d
2025-04-26 01:09:35.348 70523 INFO tempest.lib.common.rest_client [req-e7325852-7a9f-4112-8bbe-3af90820097d req-e7325852-7a9f-4112-8bbe-3af90820097d ] Request (ServerDiagnosticsV248Test:tearDownClass): 200 GET http://10.180.1.21/compute/v2.1/servers/575326a8-9704-4f18-9488-0f9357a05860 0.074s
2025-04-26 01:09:35.378 70511 INFO tempest.lib.common.rest_client [req-1dac43b3-bf99-4c85-9253-10ed71a1ff3a req-1dac43b3-bf99-4c85-9253-10ed71a1ff3a ] Request (ImagesOneServerTestJSON:test_create_delete_image): 200 GET http://10.180.1.21/compute/v2.1/images/c3e62177-a282-44fb-9e22-c9416ec4476c 0.069s
2025-04-26 01:09:35.405 70497 INFO tempest.lib.common.rest_client [req-e57b0fc7-15ce-4b72-ac0f-77770625a27e req-e57b0fc7-15ce-4b72-ac0f-77770625a27e ] Request (ServerRescueNegativeTestJSON:_run_cleanups): 200 GET http://10.180.1.21/compute/v2.1/servers/4cbd6401-885a-4bd2-af8d-1c51bd0c4f20 0.128s
2025-04-26 01:09:35.413 70497 INFO tempest.common.waiters [-] State transition "RESCUE/unrescuing" ==> "ACTIVE/None" after 5 second wait
2025-04-26 01:09:35.438 70519 INFO tempest.lib.common.rest_client [req-aa11040a-26da-4631-a99c-d5d4bb6c0cea req-aa11040a-26da-4631-a99c-d5d4bb6c0cea ] Request (DeleteServersAdminTestJSON:tearDownClass): 200 GET http://10.180.1.21:9696/networking/v2.0/security-groups?tenant_id=4a8f9b45b9274e41bfa1866f76973a0d&name=default 0.155s
2025-04-26 01:09:35.446 70499 INFO tempest.lib.common.rest_client [req-aa08d80d-1988-4761-abed-bad557b2e4cc req-aa08d80d-1988-4761-abed-bad557b2e4cc ] Request (AttachInterfacesV270Test:test_create_get_list_interfaces): 200 GET http://10.180.1.21/compute/v2.1/servers/54c0b980-8cb2-4f49-8454-bfe07defe304 0.113s
2025-04-26 01:09:35.461 70499 INFO tempest.common.waiters [-] State transition "BUILD/scheduling" ==> "BUILD/None" after 9 second wait
2025-04-26 01:09:35.546 70497 INFO tempest.lib.common.rest_client [req-835d5410-fa24-4938-8f7e-836d586d2e6b req-835d5410-fa24-4938-8f7e-836d586d2e6b ] Request (ServerRescueNegativeTestJSON:test_rescued_vm_detach_volume): 202 POST http://10.180.1.21/volume/v3/volumes 0.132s
2025-04-26 01:09:35.575 70497 INFO tempest.lib.common.rest_client [req-0f8e1fed-b736-49bb-9018-096381558f0f req-0f8e1fed-b736-49bb-9018-096381558f0f ] Request (ServerRescueNegativeTestJSON:test_rescued_vm_detach_volume): 200 GET http://10.180.1.21/volume/v3/volumes/bf79e61e-31f8-4f6d-85d5-bfb0e2545735 0.024s
2025-04-26 01:09:35.758 70537 INFO tempest.lib.common.rest_client [req-87cff03d-ed36-4c34-a915-eda51fc63409 req-87cff03d-ed36-4c34-a915-eda51fc63409 ] Request (ServersV294TestFqdnHostnames:setUpClass): 201 POST http://10.180.1.21:9696/networking/v2.0/routers 1.120s
2025-04-26 01:09:35.784 70559 INFO tempest.lib.common.rest_client [req-74e238fe-d53a-4359-8181-bae6a2513725 req-74e238fe-d53a-4359-8181-bae6a2513725 ] Request (ServerShowV254Test:test_rebuild_server): 200 GET http://10.180.1.21/compute/v2.1/servers/f524ca71-6018-4bc9-8362-6668eea30748 0.324s
2025-04-26 01:09:35.801 70509 INFO tempest.lib.common.rest_client [req-ac4a3ae5-477b-4790-9284-5c5cf03fc87f req-ac4a3ae5-477b-4790-9284-5c5cf03fc87f ] Request (ImagesTestJSON:test_create_image_from_stopped_server): 200 GET http://10.180.1.21/compute/v2.1/servers/de59df0d-6372-447a-877c-41f3f26e6342 0.425s
2025-04-26 01:09:35.813 70509 INFO tempest.common.waiters [-] State transition "BUILD/networking" ==> "BUILD/spawning" after 71 second wait
2025-04-26 01:09:35.852 70519 INFO tempest.lib.common.rest_client [req-8ac31e43-75e3-4c5c-8468-ec7ba5e7a0d3 req-8ac31e43-75e3-4c5c-8468-ec7ba5e7a0d3 ] Request (DeleteServersAdminTestJSON:tearDownClass): 204 DELETE http://10.180.1.21:9696/networking/v2.0/security-groups/df5d39dc-52a9-4151-9369-deeb1a4c45dd 0.413s
2025-04-26 01:09:35.891 70539 INFO tempest.lib.common.rest_client [req-3c35fa13-02ed-498c-9d20-c8cd9993746d req-3c35fa13-02ed-498c-9d20-c8cd9993746d ] Request (ServerShowV247Test:tearDownClass): 200 GET http://10.180.1.21/compute/v2.1/servers/d48215f1-518c-409d-a343-6c0eada63c56 0.350s
2025-04-26 01:09:35.963 70515 INFO tempest.lib.common.rest_client [req-31e1e5e5-28e7-4210-8de4-52f32d5bbdf9 req-31e1e5e5-28e7-4210-8de4-52f32d5bbdf9 ] Request (ServersAdminTestJSON:test_inject_network_info): 200 GET http://10.180.1.21/compute/v2.1/servers/cb8dcc63-bef7-4eba-9ec5-477f7a09f2b8 0.391s
2025-04-26 01:09:35.967 70519 INFO tempest.lib.common.rest_client [req-a36f313b-4410-4432-8dbb-bf60f4e47e58 req-a36f313b-4410-4432-8dbb-bf60f4e47e58 ] Request (DeleteServersAdminTestJSON:tearDownClass): 204 DELETE http://10.180.1.21/identity/v3/projects/4a8f9b45b9274e41bfa1866f76973a0d 0.115s
2025-04-26 01:09:36.044 70505 INFO tempest.lib.common.rest_client [req-37868335-dae9-4198-83c5-76955fa3eaaa req-37868335-dae9-4198-83c5-76955fa3eaaa ] Request (AttachInterfacesTestJSON:_run_cleanups): 200 GET http://10.180.1.21/compute/v2.1/servers/25461bf2-3b05-45e3-9401-8f440b1e06f3 0.392s
2025-04-26 01:09:36.047 70519 INFO tempest.lib.common.rest_client [req-12e750bd-1345-467b-bee4-0a637cccd1af req-12e750bd-1345-467b-bee4-0a637cccd1af ] Request (QuotasAdminNegativeTest:setUpClass): 201 POST http://10.180.1.21/identity/v3/auth/tokens 0.078s
2025-04-26 01:09:36.066 70551 INFO tempest.lib.common.rest_client [req-f940a06a-0f51-4c89-9113-6a3c8520ea95 req-f940a06a-0f51-4c89-9113-6a3c8520ea95 ] Request (ServersTestMultiNic:test_verify_duplicate_network_nics): 200 GET http://10.180.1.21/compute/v2.1/servers/a88a7999-85b6-4f16-9da7-1dea0c980f16 0.574s
2025-04-26 01:09:36.087 70519 INFO tempest.lib.common.rest_client [req-dc49cde2-a55d-461d-be09-18a578582489 req-dc49cde2-a55d-461d-be09-18a578582489 ] Request (QuotasAdminNegativeTest:setUpClass): 201 POST http://10.180.1.21/identity/v3/auth/tokens 0.035s
2025-04-26 01:09:36.129 70519 INFO tempest.lib.common.rest_client [req-71ded142-b51b-4e83-a80a-6201a0a08261 req-71ded142-b51b-4e83-a80a-6201a0a08261 ] Request (QuotasAdminNegativeTest:setUpClass): 200 GET http://10.180.1.21/identity/v3/domains?name=Default 0.042s
2025-04-26 01:09:36.161 70525 INFO tempest.lib.common.rest_client [req-2da956cf-55da-40ca-8a9c-73b15d50f13e req-2da956cf-55da-40ca-8a9c-73b15d50f13e ] Request (FloatingIPsAssociationTestJSON:test_associate_already_associated_floating_ip): 200 GET http://10.180.1.21/compute/v2.1/servers/cdf9e135-81ba-4261-9d43-1680ad1c5bb3 0.095s
2025-04-26 01:09:36.177 70519 INFO tempest.lib.common.rest_client [req-23b7ad72-03b2-4cdc-9852-86e09a39f3e8 req-23b7ad72-03b2-4cdc-9852-86e09a39f3e8 ] Request (QuotasAdminNegativeTest:setUpClass): 201 POST http://10.180.1.21/identity/v3/projects 0.047s
2025-04-26 01:09:36.198 70535 INFO tempest.lib.common.rest_client [req-a1a32841-a8e8-493b-9a07-8531b519386a req-a1a32841-a8e8-493b-9a07-8531b519386a ] Request (ServerAddressesTestJSON:setUpClass): 200 GET http://10.180.1.21/compute/v2.1/servers/2fcb8655-8edf-4205-82f1-728c9fe0997e 0.244s
2025-04-26 01:09:36.252 70519 INFO tempest.lib.common.rest_client [req-d6acfcb4-7cdb-448a-a550-d34fd3584894 req-d6acfcb4-7cdb-448a-a550-d34fd3584894 ] Request (QuotasAdminNegativeTest:setUpClass): 201 POST http://10.180.1.21/identity/v3/users 0.074s
2025-04-26 01:09:36.263 70531 INFO tempest.lib.common.rest_client [req-384c3e43-3faf-40ae-b5ca-5bae413edee1 req-384c3e43-3faf-40ae-b5ca-5bae413edee1 ] Request (MigrationsAdminTest:test_resize_server_revert_deleted_flavor): 200 GET http://10.180.1.21/compute/v2.1/servers/e77916d8-d281-4418-aeab-169a6d99f109 0.128s
2025-04-26 01:09:36.291 70519 INFO tempest.lib.common.rest_client [req-3b79c37e-5242-4c6d-8b00-b2efa0d81601 req-3b79c37e-5242-4c6d-8b00-b2efa0d81601 ] Request (QuotasAdminNegativeTest:setUpClass): 200 GET http://10.180.1.21/identity/v3/roles 0.038s
2025-04-26 01:09:36.325 70519 INFO tempest.lib.common.rest_client [req-6fb2e0ba-3a6c-481a-ac67-e2449090e766 req-6fb2e0ba-3a6c-481a-ac67-e2449090e766 ] Request (QuotasAdminNegativeTest:setUpClass): 204 PUT http://10.180.1.21/identity/v3/projects/c2617a81ee2e495682365be962cdd9a6/users/5bcfb2d498144a9d810905e5653d9712/roles/f591c89b987b4ea19071db1d48abbf95 0.032s
2025-04-26 01:09:36.325 70519 INFO tempest.lib.common.dynamic_creds [-] Dynamic test user 5bcfb2d498144a9d810905e5653d9712 is created with scope project and roles: ['member']
2025-04-26 01:09:36.326 70519 INFO tempest.lib.common.dynamic_creds [-] Acquired dynamic creds: credentials: Credentials: {'domain_id': 'default', 'domain_name': 'Default', 'username': 'tempest-QuotasAdminNegativeTest-958157528-project-member', 'project_domain_id': 'default', 'project_domain_name': 'Default', 'project_id': 'c2617a81ee2e495682365be962cdd9a6', 'project_name': 'tempest-QuotasAdminNegativeTest-958157528', 'tenant_id': 'c2617a81ee2e495682365be962cdd9a6', 'tenant_name': 'tempest-QuotasAdminNegativeTest-958157528', 'user_domain_id': 'default', 'user_domain_name': 'Default', 'user_id': '5bcfb2d498144a9d810905e5653d9712', 'system': None}, Network: None, Subnet: None, Router: None
2025-04-26 01:09:36.326 70519 INFO tempest.lib.common.dynamic_creds [-] Created isolated network resources for: credentials: Credentials: {'domain_id': 'default', 'domain_name': 'Default', 'username': 'tempest-QuotasAdminNegativeTest-958157528-project-member', 'project_domain_id': 'default', 'project_domain_name': 'Default', 'project_id': 'c2617a81ee2e495682365be962cdd9a6', 'project_name': 'tempest-QuotasAdminNegativeTest-958157528', 'tenant_id': 'c2617a81ee2e495682365be962cdd9a6', 'tenant_name': 'tempest-QuotasAdminNegativeTest-958157528', 'user_domain_id': 'default', 'user_domain_name': 'Default', 'user_id': '5bcfb2d498144a9d810905e5653d9712', 'system': None}, Network: None, Subnet: None, Router: None
2025-04-26 01:09:36.335 70501 INFO tempest.lib.common.rest_client [req-3f9e3ab3-511f-47a8-b349-e64a9a1d9e08 req-3f9e3ab3-511f-47a8-b349-e64a9a1d9e08 ] Request (ListServerFiltersTestJSON:tearDownClass): 200 GET http://10.180.1.21/compute/v2.1/servers/f0951203-1ae7-4579-a80c-c9d22fbee6df 0.161s
2025-04-26 01:09:36.342 70529 INFO tempest.lib.common.rest_client [req-0fa6eea3-c2ac-4712-ba6c-0cc67bd3e68e req-0fa6eea3-c2ac-4712-ba6c-0cc67bd3e68e ] Request (ServersTestFqdnHostnames:test_create_server_with_fqdn_name): 200 GET http://10.180.1.21/compute/v2.1/servers/0f111af8-5458-46f1-8cde-f30a1dc8f355 0.255s
2025-04-26 01:09:36.379 70513 INFO tempest.lib.common.rest_client [req-b3948d7f-d4eb-4fb4-b620-b0269a5af6d0 req-b3948d7f-d4eb-4fb4-b620-b0269a5af6d0 ] Request (ListImageFiltersTestJSON:setUpClass): 200 GET http://10.180.1.21/compute/v2.1/images/b5a64929-8334-4d3d-a280-ccdf04652e78 0.197s
2025-04-26 01:09:36.393 70503 INFO tempest.lib.common.rest_client [req-78d473ba-3be6-40af-a4d3-a6c4fa952756 req-78d473ba-3be6-40af-a4d3-a6c4fa952756 ] Request (ImagesOneServerNegativeTestJSON:_run_cleanups): 200 GET http://10.180.1.21/compute/v2.1/servers/2b6b424c-2264-40e0-9e45-7418575e5d9e 0.157s
2025-04-26 01:09:36.419 70519 INFO tempest.lib.common.rest_client [req-a8eca6ac-ebae-4d7b-9d60-0af6a105bf3f req-a8eca6ac-ebae-4d7b-9d60-0af6a105bf3f ] Request (QuotasAdminNegativeTest:setUpClass): 201 POST http://10.180.1.21/identity/v3/auth/tokens 0.087s
2025-04-26 01:09:36.436 70541 INFO tempest.lib.common.rest_client [req-dcca8c9b-7f23-4c81-ad47-fb11111f6953 req-dcca8c9b-7f23-4c81-ad47-fb11111f6953 ] Request (ServerMetadataTestJSON:setUpClass): 200 GET http://10.180.1.21/compute/v2.1/servers/8524c032-88de-4b91-a351-9413a628f230 0.165s
2025-04-26 01:09:36.467 70523 INFO tempest.lib.common.rest_client [req-281994aa-3605-4f42-b389-5751fd834a7a req-281994aa-3605-4f42-b389-5751fd834a7a ] Request (ServerDiagnosticsV248Test:tearDownClass): 200 GET http://10.180.1.21/compute/v2.1/servers/575326a8-9704-4f18-9488-0f9357a05860 0.109s
2025-04-26 01:09:36.479 70511 INFO tempest.lib.common.rest_client [req-a1d53722-4e1e-48dc-9e00-662c8d1403a8 req-a1d53722-4e1e-48dc-9e00-662c8d1403a8 ] Request (ImagesOneServerTestJSON:test_create_delete_image): 200 GET http://10.180.1.21/compute/v2.1/images/c3e62177-a282-44fb-9e22-c9416ec4476c 0.094s
2025-04-26 01:09:36.505 70519 INFO tempest.lib.common.rest_client [req-e550f7be-992b-49ee-8144-54b626e45c46 req-e550f7be-992b-49ee-8144-54b626e45c46 ] Request (QuotasAdminNegativeTest:setUpClass): 201 POST http://10.180.1.21/identity/v3/projects 0.085s
2025-04-26 01:09:36.526 70499 INFO tempest.lib.common.rest_client [req-f5188ee6-59a3-4448-b798-e76311e0a1a4 req-f5188ee6-59a3-4448-b798-e76311e0a1a4 ] Request (AttachInterfacesV270Test:test_create_get_list_interfaces): 200 GET http://10.180.1.21/compute/v2.1/servers/54c0b980-8cb2-4f49-8454-bfe07defe304 0.064s
2025-04-26 01:09:36.566 70519 INFO tempest.lib.common.rest_client [req-5b602204-99f1-4cc1-9b12-799bf87b87f2 req-5b602204-99f1-4cc1-9b12-799bf87b87f2 ] Request (QuotasAdminNegativeTest:setUpClass): 201 POST http://10.180.1.21/identity/v3/users 0.061s
2025-04-26 01:09:36.589 70519 INFO tempest.lib.common.rest_client [req-4b55caec-b05a-43e6-b789-342f484c2166 req-4b55caec-b05a-43e6-b789-342f484c2166 ] Request (QuotasAdminNegativeTest:setUpClass): 200 GET http://10.180.1.21/identity/v3/roles 0.022s
2025-04-26 01:09:36.607 70537 INFO tempest.lib.common.rest_client [req-b3fa7444-24c5-4696-a537-0d406ddfb2cb req-b3fa7444-24c5-4696-a537-0d406ddfb2cb ] Request (ServersV294TestFqdnHostnames:setUpClass): 200 PUT http://10.180.1.21:9696/networking/v2.0/routers/ae5897d8-f3fc-45c9-81fc-819dfc071c37/add_router_interface 0.849s
2025-04-26 01:09:36.608 70537 INFO tempest.lib.common.dynamic_creds [-] Created isolated network resources for: credentials: Credentials: {'domain_id': 'default', 'domain_name': 'Default', 'username': 'tempest-ServersV294TestFqdnHostnames-884960744-project-member', 'project_domain_id': 'default', 'project_domain_name': 'Default', 'project_id': '0e3e861122f74d3491f12aef054fa1ad', 'project_name': 'tempest-ServersV294TestFqdnHostnames-884960744', 'tenant_id': '0e3e861122f74d3491f12aef054fa1ad', 'tenant_name': 'tempest-ServersV294TestFqdnHostnames-884960744', 'user_domain_id': 'default', 'user_domain_name': 'Default', 'user_id': '8957375770714b8a9fc2ea1326b9977d', 'system': None}, Network: {'id': 'b4780783-6721-46a6-8be3-3b8949120c76', 'name': 'tempest-ServersV294TestFqdnHostnames-1638348025-network', 'tenant_id': '0e3e861122f74d3491f12aef054fa1ad', 'admin_state_up': True, 'mtu': 8950, 'status': 'ACTIVE', 'subnets': [], 'shared': False, 'project_id': '0e3e861122f74d3491f12aef054fa1ad', 'port_security_enabled': True, 'router:external': False, 'provider:network_type': 'vlan', 'provider:physical_network': 'default', 'provider:segmentation_id': 326, 'availability_zone_hints': [], 'availability_zones': [], 'ipv4_address_scope': None, 'ipv6_address_scope': None, 'description': '', 'tags': [], 'created_at': '2025-04-26T01:09:34Z', 'updated_at': '2025-04-26T01:09:34Z', 'revision_number': 1}, Subnet: {'id': '35c31252-7f09-4d1a-b267-9631b0e90763', 'name': 'tempest-ServersV294TestFqdnHostnames-1638348025-subnet', 'tenant_id': '0e3e861122f74d3491f12aef054fa1ad', 'network_id': 'b4780783-6721-46a6-8be3-3b8949120c76', 'ip_version': 4, 'subnetpool_id': None, 'enable_dhcp': True, 'ipv6_ra_mode': None, 'ipv6_address_mode': None, 'gateway_ip': '192.168.128.1', 'cidr': '192.168.128.0/28', 'allocation_pools': [{'start': '192.168.128.2', 'end': '192.168.128.14'}], 'host_routes': [], 'dns_nameservers': [], 'description': '', 'router:external': False, 'service_types': [], 'tags': [], 'created_at': '2025-04-26T01:09:34Z', 'updated_at': '2025-04-26T01:09:34Z', 'revision_number': 0, 'project_id': '0e3e861122f74d3491f12aef054fa1ad'}, Router: {'id': 'ae5897d8-f3fc-45c9-81fc-819dfc071c37', 'name': 'tempest-ServersV294TestFqdnHostnames-1638348025-router', 'tenant_id': '0e3e861122f74d3491f12aef054fa1ad', 'admin_state_up': True, 'status': 'ACTIVE', 'external_gateway_info': {'network_id': '1408e763-5a5e-4e4a-97d9-6d0e0662ee98', 'external_fixed_ips': [{'subnet_id': '4e4f9a9a-02c6-4a99-afa8-f8123a72baef', 'ip_address': '10.180.180.135'}], 'enable_snat': True}, 'description': '', 'availability_zones': [], 'distributed': False, 'ha': False, 'availability_zone_hints': [], 'routes': [], 'flavor_id': None, 'tags': [], 'created_at': '2025-04-26T01:09:34Z', 'updated_at': '2025-04-26T01:09:35Z', 'revision_number': 2, 'project_id': '0e3e861122f74d3491f12aef054fa1ad'}
2025-04-26 01:09:36.615 70497 INFO tempest.lib.common.rest_client [req-41e597d3-0a2d-481d-beb0-2738b30c24e7 req-41e597d3-0a2d-481d-beb0-2738b30c24e7 ] Request (ServerRescueNegativeTestJSON:test_rescued_vm_detach_volume): 200 GET http://10.180.1.21/volume/v3/volumes/bf79e61e-31f8-4f6d-85d5-bfb0e2545735 0.033s
2025-04-26 01:09:36.622 70497 INFO tempest.common.waiters [-] volume bf79e61e-31f8-4f6d-85d5-bfb0e2545735 reached available after waiting for 1.622724 seconds
2025-04-26 01:09:36.625 70519 INFO tempest.lib.common.rest_client [req-32eb1f5d-75ad-431d-9f71-ed9cb53b6e7e req-32eb1f5d-75ad-431d-9f71-ed9cb53b6e7e ] Request (QuotasAdminNegativeTest:setUpClass): 204 PUT http://10.180.1.21/identity/v3/projects/e8346b75fb30442196add7e437211b6d/users/3726408fc2a0412b87906a6149ad83fa/roles/790162ee600c48d783999f4cd5950ebc 0.035s
2025-04-26 01:09:36.671 70497 INFO tempest.lib.common.rest_client [req-7b5f79de-fbe3-407b-a042-9eef38ecdcc8 req-7b5f79de-fbe3-407b-a042-9eef38ecdcc8 ] Request (ServerRescueNegativeTestJSON:test_rescued_vm_detach_volume): 200 POST http://10.180.1.21/compute/v2.1/os-keypairs 0.047s
2025-04-26 01:09:36.676 70537 INFO tempest.lib.common.rest_client [req-3d652c9f-b902-4b25-94c7-7a78ffd097a0 req-3d652c9f-b902-4b25-94c7-7a78ffd097a0 ] Request (ServersV294TestFqdnHostnames:setUpClass): 201 POST http://10.180.1.21/identity/v3/auth/tokens 0.065s
2025-04-26 01:09:36.680 70519 INFO tempest.lib.common.rest_client [req-58acb4a3-3af7-4e8c-be9e-4cc4be078a4e req-58acb4a3-3af7-4e8c-be9e-4cc4be078a4e ] Request (QuotasAdminNegativeTest:setUpClass): 200 GET http://10.180.1.21/identity/v3/roles 0.054s
2025-04-26 01:09:36.701 70519 INFO tempest.lib.common.rest_client [req-1d7ee99a-3818-40f6-bc6b-f4059b9f8b98 req-1d7ee99a-3818-40f6-bc6b-f4059b9f8b98 ] Request (QuotasAdminNegativeTest:setUpClass): 204 PUT http://10.180.1.21/identity/v3/projects/e8346b75fb30442196add7e437211b6d/users/3726408fc2a0412b87906a6149ad83fa/roles/790162ee600c48d783999f4cd5950ebc 0.020s
2025-04-26 01:09:36.701 70519 INFO tempest.lib.common.dynamic_creds [-] Dynamic test user 3726408fc2a0412b87906a6149ad83fa is created with scope project and roles: ['admin']
2025-04-26 01:09:36.701 70519 INFO tempest.lib.common.dynamic_creds [-] Acquired dynamic creds: credentials: Credentials: {'domain_id': 'default', 'domain_name': 'Default', 'username': 'tempest-QuotasAdminNegativeTest-1070333260-project-admin', 'project_domain_id': 'default', 'project_domain_name': 'Default', 'project_id': 'e8346b75fb30442196add7e437211b6d', 'project_name': 'tempest-QuotasAdminNegativeTest-1070333260', 'tenant_id': 'e8346b75fb30442196add7e437211b6d', 'tenant_name': 'tempest-QuotasAdminNegativeTest-1070333260', 'user_domain_id': 'default', 'user_domain_name': 'Default', 'user_id': '3726408fc2a0412b87906a6149ad83fa', 'system': None}, Network: None, Subnet: None, Router: None
2025-04-26 01:09:36.701 70519 INFO tempest.lib.common.dynamic_creds [-] Created isolated network resources for: credentials: Credentials: {'domain_id': 'default', 'domain_name': 'Default', 'username': 'tempest-QuotasAdminNegativeTest-1070333260-project-admin', 'project_domain_id': 'default', 'project_domain_name': 'Default', 'project_id': 'e8346b75fb30442196add7e437211b6d', 'project_name': 'tempest-QuotasAdminNegativeTest-1070333260', 'tenant_id': 'e8346b75fb30442196add7e437211b6d', 'tenant_name': 'tempest-QuotasAdminNegativeTest-1070333260', 'user_domain_id': 'default', 'user_domain_name': 'Default', 'user_id': '3726408fc2a0412b87906a6149ad83fa', 'system': None}, Network: None, Subnet: None, Router: None
2025-04-26 01:09:36.822 70519 INFO tempest.lib.common.rest_client [req-d42867d8-b947-4afc-9c33-f68f52ad639e req-d42867d8-b947-4afc-9c33-f68f52ad639e ] Request (QuotasAdminNegativeTest:setUpClass): 201 POST http://10.180.1.21/identity/v3/auth/tokens 0.117s
2025-04-26 01:09:36.823 70519 WARNING tempest.lib.common.rest_client [-] Deprecated: "tenant_id" property is deprecated for removal, use "project_id" instead
2025-04-26 01:09:36.885 70497 INFO tempest.lib.common.rest_client [req-1ef0fcb2-5b9a-4c6e-bad6-96c92faa8163 req-1ef0fcb2-5b9a-4c6e-bad6-96c92faa8163 ] Request (ServerRescueNegativeTestJSON:test_rescued_vm_detach_volume): 201 POST http://10.180.1.21:9696/networking/v2.0/security-groups 0.212s
2025-04-26 01:09:36.898 70559 INFO tempest.lib.common.rest_client [req-c88abfd3-5551-4dd2-a990-6303e3a5d539 req-c88abfd3-5551-4dd2-a990-6303e3a5d539 ] Request (ServerShowV254Test:test_rebuild_server): 200 GET http://10.180.1.21/compute/v2.1/servers/f524ca71-6018-4bc9-8362-6668eea30748 0.102s
2025-04-26 01:09:36.925 70537 INFO tempest.lib.common.rest_client [req-824ed451-0bd2-477b-98cd-4a1c3a882c84 req-824ed451-0bd2-477b-98cd-4a1c3a882c84 ] Request (ServersV294TestFqdnHostnames:setUpClass): 201 POST http://10.180.1.21/compute/v2.1/os-keypairs 0.246s
2025-04-26 01:09:37.000 70519 INFO tempest.lib.common.rest_client [req-96a4e3a3-9cc3-41c9-8ba0-d77d4fb57494 req-96a4e3a3-9cc3-41c9-8ba0-d77d4fb57494 ] Request (QuotasAdminNegativeTest:test_create_server_when_cpu_quota_is_full): 200 GET http://10.180.1.21/compute/v2.1/os-quota-sets/c2617a81ee2e495682365be962cdd9a6 0.176s
2025-04-26 01:09:37.087 70509 INFO tempest.lib.common.rest_client [req-4d77aba3-0c7f-4511-bcc0-a6680ae9fdaf req-4d77aba3-0c7f-4511-bcc0-a6680ae9fdaf ] Request (ImagesTestJSON:test_create_image_from_stopped_server): 200 GET http://10.180.1.21/compute/v2.1/servers/de59df0d-6372-447a-877c-41f3f26e6342 0.271s
2025-04-26 01:09:37.105 70539 INFO tempest.lib.common.rest_client [req-db57d978-b5aa-4f6e-a08c-34fb78253579 req-db57d978-b5aa-4f6e-a08c-34fb78253579 ] Request (ServerShowV247Test:tearDownClass): 200 GET http://10.180.1.21/compute/v2.1/servers/d48215f1-518c-409d-a343-6c0eada63c56 0.203s
2025-04-26 01:09:37.140 70497 INFO tempest.lib.common.rest_client [req-563a3b47-9581-4bcf-bdfe-1396e00564c9 req-563a3b47-9581-4bcf-bdfe-1396e00564c9 ] Request (ServerRescueNegativeTestJSON:test_rescued_vm_detach_volume): 201 POST http://10.180.1.21:9696/networking/v2.0/security-group-rules 0.254s
2025-04-26 01:09:37.148 70515 INFO tempest.lib.common.rest_client [req-07ab2c29-353b-4149-8891-c1ab055adef2 req-07ab2c29-353b-4149-8891-c1ab055adef2 ] Request (ServersAdminTestJSON:test_inject_network_info): 200 GET http://10.180.1.21/compute/v2.1/servers/cb8dcc63-bef7-4eba-9ec5-477f7a09f2b8 0.169s
2025-04-26 01:09:37.161 70537 INFO tempest.lib.common.rest_client [req-6d505568-58ec-40f5-b986-4faaef868946 req-6d505568-58ec-40f5-b986-4faaef868946 ] Request (ServersV294TestFqdnHostnames:setUpClass): 201 POST http://10.180.1.21:9696/networking/v2.0/security-groups 0.234s
2025-04-26 01:09:37.185 70519 INFO tempest.lib.common.rest_client [req-210e839e-1bcc-49ed-9227-2861ea5dfabc req-210e839e-1bcc-49ed-9227-2861ea5dfabc ] Request (QuotasAdminNegativeTest:test_create_server_when_cpu_quota_is_full): 200 PUT http://10.180.1.21/compute/v2.1/os-quota-sets/c2617a81ee2e495682365be962cdd9a6 0.183s
2025-04-26 01:09:37.224 70505 INFO tempest.lib.common.rest_client [req-68656101-b445-4e91-a55f-7df054af6d5a req-68656101-b445-4e91-a55f-7df054af6d5a ] Request (AttachInterfacesTestJSON:_run_cleanups): 200 GET http://10.180.1.21/compute/v2.1/servers/25461bf2-3b05-45e3-9401-8f440b1e06f3 0.171s
2025-04-26 01:09:37.274 70519 INFO tempest.lib.common.rest_client [req-365f2ecf-4cb4-4c00-8104-d4a3a7bdb779 req-365f2ecf-4cb4-4c00-8104-d4a3a7bdb779 ] Request (QuotasAdminNegativeTest:test_create_server_when_cpu_quota_is_full): 201 POST http://10.180.1.21/identity/v3/auth/tokens 0.081s
2025-04-26 01:09:37.275 70519 INFO tempest.lib.common.fixed_network [-] (QuotasAdminNegativeTest:test_create_server_when_cpu_quota_is_full) Found network None available for tenant
2025-04-26 01:09:37.376 70497 INFO tempest.lib.common.rest_client [req-1c9750d5-8372-4a3d-bfb5-77dfd6214437 req-1c9750d5-8372-4a3d-bfb5-77dfd6214437 ] Request (ServerRescueNegativeTestJSON:test_rescued_vm_detach_volume): 201 POST http://10.180.1.21:9696/networking/v2.0/security-group-rules 0.236s
2025-04-26 01:09:37.415 70551 INFO tempest.lib.common.rest_client [req-42811def-ff55-4de0-aa84-a58620ad2d3b req-42811def-ff55-4de0-aa84-a58620ad2d3b ] Request (ServersTestMultiNic:test_verify_duplicate_network_nics): 200 GET http://10.180.1.21/compute/v2.1/servers/a88a7999-85b6-4f16-9da7-1dea0c980f16 0.336s
2025-04-26 01:09:37.431 70537 INFO tempest.lib.common.rest_client [req-db51f3d5-abf3-4027-99b9-ced867d91c84 req-db51f3d5-abf3-4027-99b9-ced867d91c84 ] Request (ServersV294TestFqdnHostnames:setUpClass): 201 POST http://10.180.1.21:9696/networking/v2.0/security-group-rules 0.269s
2025-04-26 01:09:37.530 70525 INFO tempest.lib.common.rest_client [req-4b559e5d-b588-4a53-9a25-d576c4e5a378 req-4b559e5d-b588-4a53-9a25-d576c4e5a378 ] Request (FloatingIPsAssociationTestJSON:test_associate_already_associated_floating_ip): 200 GET http://10.180.1.21/compute/v2.1/servers/cdf9e135-81ba-4261-9d43-1680ad1c5bb3 0.354s
2025-04-26 01:09:37.540 70525 INFO tempest.common.waiters [-] State transition "BUILD/None" ==> "BUILD/block_device_mapping" after 62 second wait
2025-04-26 01:09:37.614 70531 INFO tempest.lib.common.rest_client [req-b100cdfc-a4c1-4160-9aea-e5e1947a2c9d req-b100cdfc-a4c1-4160-9aea-e5e1947a2c9d ] Request (MigrationsAdminTest:test_resize_server_revert_deleted_flavor): 200 GET http://10.180.1.21/compute/v2.1/servers/e77916d8-d281-4418-aeab-169a6d99f109 0.343s
2025-04-26 01:09:37.670 70537 INFO tempest.lib.common.rest_client [req-534a3007-858f-4d50-b745-9ba51045d30b req-534a3007-858f-4d50-b745-9ba51045d30b ] Request (ServersV294TestFqdnHostnames:setUpClass): 201 POST http://10.180.1.21:9696/networking/v2.0/security-group-rules 0.239s
2025-04-26 01:09:37.687 70535 INFO tempest.lib.common.rest_client [req-c44f2d49-7d92-42c1-963a-95b156731a01 req-c44f2d49-7d92-42c1-963a-95b156731a01 ] Request (ServerAddressesTestJSON:setUpClass): 200 GET http://10.180.1.21/compute/v2.1/servers/2fcb8655-8edf-4205-82f1-728c9fe0997e 0.479s
2025-04-26 01:09:37.784 70501 INFO tempest.lib.common.rest_client [req-c1223288-b846-40dd-a7c8-273787e46ad4 req-c1223288-b846-40dd-a7c8-273787e46ad4 ] Request (ListServerFiltersTestJSON:tearDownClass): 200 GET http://10.180.1.21/compute/v2.1/servers/f0951203-1ae7-4579-a80c-c9d22fbee6df 0.440s
2025-04-26 01:09:37.883 70519 INFO tempest.lib.common.rest_client [req-71260a36-a1f1-4eed-96e5-6f3d13cbe2aa req-71260a36-a1f1-4eed-96e5-6f3d13cbe2aa ] Request (QuotasAdminNegativeTest:test_create_server_when_cpu_quota_is_full): 403 POST http://10.180.1.21/compute/v2.1/servers 0.606s
2025-04-26 01:09:37.900 70529 INFO tempest.lib.common.rest_client [req-e6e4b90d-7e19-4a91-bfb3-e8b4b4d486c9 req-e6e4b90d-7e19-4a91-bfb3-e8b4b4d486c9 ] Request (ServersTestFqdnHostnames:test_create_server_with_fqdn_name): 200 GET http://10.180.1.21/compute/v2.1/servers/0f111af8-5458-46f1-8cde-f30a1dc8f355 0.548s
2025-04-26 01:09:37.908 70529 INFO tempest.common.waiters [-] State transition "BUILD/spawning" ==> "ACTIVE/None" after 89 second wait
2025-04-26 01:09:37.923 70513 INFO tempest.lib.common.rest_client [req-0bc4232b-3c59-43f8-867a-ad6ac83e08c6 req-0bc4232b-3c59-43f8-867a-ad6ac83e08c6 ] Request (ListImageFiltersTestJSON:setUpClass): 200 GET http://10.180.1.21/compute/v2.1/images/b5a64929-8334-4d3d-a280-ccdf04652e78 0.540s
2025-04-26 01:09:37.965 70503 INFO tempest.lib.common.rest_client [req-351e5431-525d-47f8-9023-270b62c26a48 req-351e5431-525d-47f8-9023-270b62c26a48 ] Request (ImagesOneServerNegativeTestJSON:_run_cleanups): 200 GET http://10.180.1.21/compute/v2.1/servers/2b6b424c-2264-40e0-9e45-7418575e5d9e 0.565s
2025-04-26 01:09:37.981 70541 INFO tempest.lib.common.rest_client [req-09d141d6-e24b-4a22-b96c-d5755f4233fc req-09d141d6-e24b-4a22-b96c-d5755f4233fc ] Request (ServerMetadataTestJSON:setUpClass): 200 GET http://10.180.1.21/compute/v2.1/servers/8524c032-88de-4b91-a351-9413a628f230 0.534s
2025-04-26 01:09:38.013 70511 INFO tempest.lib.common.rest_client [req-8ac5a509-ff32-4798-816c-4db06387edcc req-8ac5a509-ff32-4798-816c-4db06387edcc ] Request (ImagesOneServerTestJSON:test_create_delete_image): 200 GET http://10.180.1.21/compute/v2.1/images/c3e62177-a282-44fb-9e22-c9416ec4476c 0.528s
2025-04-26 01:09:38.036 70523 INFO tempest.lib.common.rest_client [req-eaa32fa7-37a1-42df-8ce8-e5fd607411aa req-eaa32fa7-37a1-42df-8ce8-e5fd607411aa ] Request (ServerDiagnosticsV248Test:tearDownClass): 200 GET http://10.180.1.21/compute/v2.1/servers/575326a8-9704-4f18-9488-0f9357a05860 0.554s
2025-04-26 01:09:38.075 70499 INFO tempest.lib.common.rest_client [req-d6f49cb9-9d51-4a16-a4a6-19e60cbcb6fc req-d6f49cb9-9d51-4a16-a4a6-19e60cbcb6fc ] Request (AttachInterfacesV270Test:test_create_get_list_interfaces): 200 GET http://10.180.1.21/compute/v2.1/servers/54c0b980-8cb2-4f49-8454-bfe07defe304 0.538s
2025-04-26 01:09:38.134 70519 INFO tempest.lib.common.rest_client [req-d0d6f9a3-dfbe-4ee2-a0a8-e248f81779d7 req-d0d6f9a3-dfbe-4ee2-a0a8-e248f81779d7 ] Request (QuotasAdminNegativeTest:_run_cleanups): 200 PUT http://10.180.1.21/compute/v2.1/os-quota-sets/c2617a81ee2e495682365be962cdd9a6 0.250s
2025-04-26 01:09:38.137 70529 INFO tempest.lib.common.rest_client [req-2c3adfdf-5b86-4617-a909-05a6ccc959e7 req-2c3adfdf-5b86-4617-a909-05a6ccc959e7 ] Request (ServersTestFqdnHostnames:test_create_server_with_fqdn_name): 200 GET http://10.180.1.21/compute/v2.1/servers/0f111af8-5458-46f1-8cde-f30a1dc8f355/os-interface 0.229s
2025-04-26 01:09:38.228 70559 INFO tempest.lib.common.rest_client [req-0ed92f7f-74b0-457a-8f2b-c21e42c71301 req-0ed92f7f-74b0-457a-8f2b-c21e42c71301 ] Request (ServerShowV254Test:test_rebuild_server): 200 GET http://10.180.1.21/compute/v2.1/servers/f524ca71-6018-4bc9-8362-6668eea30748 0.320s
2025-04-26 01:09:38.332 70509 INFO tempest.lib.common.rest_client [req-ec89e752-3671-4d0d-a55f-e3c33bd94bd5 req-ec89e752-3671-4d0d-a55f-e3c33bd94bd5 ] Request (ImagesTestJSON:test_create_image_from_stopped_server): 200 GET http://10.180.1.21/compute/v2.1/servers/de59df0d-6372-447a-877c-41f3f26e6342 0.238s
2025-04-26 01:09:38.350 70539 INFO tempest.lib.common.rest_client [req-78ad8c29-aa39-4ef8-9d30-3827a4628e56 req-78ad8c29-aa39-4ef8-9d30-3827a4628e56 ] Request (ServerShowV247Test:tearDownClass): 200 GET http://10.180.1.21/compute/v2.1/servers/d48215f1-518c-409d-a343-6c0eada63c56 0.227s
2025-04-26 01:09:38.383 70519 INFO tempest.lib.common.rest_client [req-2a32d7b8-aa82-46f7-bb8c-c203dfb9645a req-2a32d7b8-aa82-46f7-bb8c-c203dfb9645a ] Request (QuotasAdminNegativeTest:test_create_server_when_instances_quota_is_full): 200 GET http://10.180.1.21/compute/v2.1/os-quota-sets/c2617a81ee2e495682365be962cdd9a6 0.241s
2025-04-26 01:09:38.417 70515 INFO tempest.lib.common.rest_client [req-1228dce6-4126-47ac-8eb8-39a6531e8128 req-1228dce6-4126-47ac-8eb8-39a6531e8128 ] Request (ServersAdminTestJSON:test_inject_network_info): 200 GET http://10.180.1.21/compute/v2.1/servers/cb8dcc63-bef7-4eba-9ec5-477f7a09f2b8 0.256s
2025-04-26 01:09:38.426 70497 INFO tempest.lib.common.rest_client [req-28096efd-50b2-418d-be25-7afec7bdb2d3 req-28096efd-50b2-418d-be25-7afec7bdb2d3 ] Request (ServerRescueNegativeTestJSON:test_rescued_vm_detach_volume): 201 POST http://10.180.1.21:9696/networking/v2.0/floatingips 1.049s
2025-04-26 01:09:38.458 70505 INFO tempest.lib.common.rest_client [req-348a0ff4-b122-463a-9529-85fc3ef650a6 req-348a0ff4-b122-463a-9529-85fc3ef650a6 ] Request (AttachInterfacesTestJSON:_run_cleanups): 200 GET http://10.180.1.21/compute/v2.1/servers/25461bf2-3b05-45e3-9401-8f440b1e06f3 0.217s
2025-04-26 01:09:38.501 70519 INFO tempest.lib.common.rest_client [req-4a193c28-9ba1-417f-bd51-07db324f31b2 req-4a193c28-9ba1-417f-bd51-07db324f31b2 ] Request (QuotasAdminNegativeTest:test_create_server_when_instances_quota_is_full): 200 PUT http://10.180.1.21/compute/v2.1/os-quota-sets/c2617a81ee2e495682365be962cdd9a6 0.115s
2025-04-26 01:09:38.521 70497 INFO tempest.lib.common.rest_client [req-84d14342-e9d4-413f-87be-d46bfd349d30 req-84d14342-e9d4-413f-87be-d46bfd349d30 ] Request (ServerRescueNegativeTestJSON:test_rescued_vm_detach_volume): 201 POST http://10.180.1.21/identity/v3/auth/tokens 0.091s
2025-04-26 01:09:38.522 70497 INFO tempest.lib.common.fixed_network [-] (ServerRescueNegativeTestJSON:test_rescued_vm_detach_volume) Found network {'id': '4ada0eb9-ee56-45c4-bdde-635a83d3c331', 'name': 'tempest-ServerRescueNegativeTestJSON-1053720438-network', 'tenant_id': 'aabcb73835254760a2aa9fb999b12a3e', 'admin_state_up': True, 'mtu': 8950, 'status': 'ACTIVE', 'subnets': [], 'shared': False, 'project_id': 'aabcb73835254760a2aa9fb999b12a3e', 'port_security_enabled': True, 'router:external': False, 'provider:network_type': 'vlan', 'provider:physical_network': 'default', 'provider:segmentation_id': 61, 'availability_zone_hints': [], 'availability_zones': [], 'ipv4_address_scope': None, 'ipv6_address_scope': None, 'description': '', 'tags': [], 'created_at': '2025-04-26T01:07:42Z', 'updated_at': '2025-04-26T01:07:42Z', 'revision_number': 1} available for tenant
2025-04-26 01:09:38.535 70519 INFO tempest.lib.common.rest_client [req-2e0d3e0e-2c23-4de2-b4bd-a93b725566e7 req-2e0d3e0e-2c23-4de2-b4bd-a93b725566e7 ] Request (QuotasAdminNegativeTest:test_create_server_when_instances_quota_is_full): 201 POST http://10.180.1.21/identity/v3/auth/tokens 0.028s
2025-04-26 01:09:38.536 70519 INFO tempest.lib.common.fixed_network [-] (QuotasAdminNegativeTest:test_create_server_when_instances_quota_is_full) Found network None available for tenant
2025-04-26 01:09:38.554 70537 INFO tempest.lib.common.rest_client [req-27a171c3-d161-44e2-b357-2af99228d595 req-27a171c3-d161-44e2-b357-2af99228d595 ] Request (ServersV294TestFqdnHostnames:setUpClass): 201 POST http://10.180.1.21:9696/networking/v2.0/floatingips 0.883s
2025-04-26 01:09:38.611 70537 INFO tempest.lib.common.rest_client [req-4edef45d-9934-47d4-8f37-caa63bb73c0c req-4edef45d-9934-47d4-8f37-caa63bb73c0c ] Request (ServersV294TestFqdnHostnames:setUpClass): 201 POST http://10.180.1.21/identity/v3/auth/tokens 0.053s
2025-04-26 01:09:38.611 70537 INFO tempest.lib.common.fixed_network [-] (ServersV294TestFqdnHostnames:setUpClass) Found network {'id': 'b4780783-6721-46a6-8be3-3b8949120c76', 'name': 'tempest-ServersV294TestFqdnHostnames-1638348025-network', 'tenant_id': '0e3e861122f74d3491f12aef054fa1ad', 'admin_state_up': True, 'mtu': 8950, 'status': 'ACTIVE', 'subnets': [], 'shared': False, 'project_id': '0e3e861122f74d3491f12aef054fa1ad', 'port_security_enabled': True, 'router:external': False, 'provider:network_type': 'vlan', 'provider:physical_network': 'default', 'provider:segmentation_id': 326, 'availability_zone_hints': [], 'availability_zones': [], 'ipv4_address_scope': None, 'ipv6_address_scope': None, 'description': '', 'tags': [], 'created_at': '2025-04-26T01:09:34Z', 'updated_at': '2025-04-26T01:09:34Z', 'revision_number': 1} available for tenant
2025-04-26 01:09:38.639 70551 INFO tempest.lib.common.rest_client [req-e91d96fd-01af-446d-9c06-0ec8d66ada66 req-e91d96fd-01af-446d-9c06-0ec8d66ada66 ] Request (ServersTestMultiNic:test_verify_duplicate_network_nics): 200 GET http://10.180.1.21/compute/v2.1/servers/a88a7999-85b6-4f16-9da7-1dea0c980f16 0.207s
2025-04-26 01:09:38.951 70519 INFO tempest.lib.common.rest_client [req-5d894057-4a64-43a6-8282-11972fece3fb req-5d894057-4a64-43a6-8282-11972fece3fb ] Request (QuotasAdminNegativeTest:test_create_server_when_instances_quota_is_full): 403 POST http://10.180.1.21/compute/v2.1/servers 0.415s
2025-04-26 01:09:39.034 70529 INFO tempest.lib.common.rest_client [req-0a2f8bbf-9934-4dd1-906c-301cf4d4009a req-0a2f8bbf-9934-4dd1-906c-301cf4d4009a ] Request (ServersTestFqdnHostnames:test_create_server_with_fqdn_name): 200 PUT http://10.180.1.21:9696/networking/v2.0/floatingips/693e640a-6730-457f-9750-161c4f5c3213 0.894s
2025-04-26 01:09:39.035 70529 INFO tempest.lib.common.ssh [-] Creating ssh connection to '10.180.180.226:22' as 'cirros' with public key authentication
2025-04-26 01:09:39.091 70497 INFO tempest.lib.common.rest_client [req-83d82b8c-bec7-463c-a294-740ad47bbea0 req-83d82b8c-bec7-463c-a294-740ad47bbea0 ] Request (ServerRescueNegativeTestJSON:test_rescued_vm_detach_volume): 202 POST http://10.180.1.21/compute/v2.1/servers 0.568s
2025-04-26 01:09:39.104 70525 INFO tempest.lib.common.rest_client [req-6ff7d3ff-9cf3-47e2-a604-5de6ab32b905 req-6ff7d3ff-9cf3-47e2-a604-5de6ab32b905 ] Request (FloatingIPsAssociationTestJSON:test_associate_already_associated_floating_ip): 200 GET http://10.180.1.21/compute/v2.1/servers/cdf9e135-81ba-4261-9d43-1680ad1c5bb3 0.564s
2025-04-26 01:09:39.117 70525 INFO tempest.common.waiters [-] State transition "BUILD/block_device_mapping" ==> "BUILD/spawning" after 64 second wait
2025-04-26 01:09:39.174 70531 INFO tempest.lib.common.rest_client [req-a7af5029-e0cb-4888-b188-97c97c2b3c60 req-a7af5029-e0cb-4888-b188-97c97c2b3c60 ] Request (MigrationsAdminTest:test_resize_server_revert_deleted_flavor): 200 GET http://10.180.1.21/compute/v2.1/servers/e77916d8-d281-4418-aeab-169a6d99f109 0.550s
2025-04-26 01:09:39.181 70531 INFO tempest.common.waiters [-] State transition "BUILD/None" ==> "BUILD/networking" after 58 second wait
2025-04-26 01:09:39.321 70535 INFO tempest.lib.common.rest_client [req-b258cf4c-bf34-48e4-8f50-96cc0a2b13e8 req-b258cf4c-bf34-48e4-8f50-96cc0a2b13e8 ] Request (ServerAddressesTestJSON:setUpClass): 200 GET http://10.180.1.21/compute/v2.1/servers/2fcb8655-8edf-4205-82f1-728c9fe0997e 0.622s
2025-04-26 01:09:39.400 70501 INFO tempest.lib.common.rest_client [req-b90f5dac-4b27-43bd-8d6a-fafaf5701f75 req-b90f5dac-4b27-43bd-8d6a-fafaf5701f75 ] Request (ListServerFiltersTestJSON:tearDownClass): 200 GET http://10.180.1.21/compute/v2.1/servers/f0951203-1ae7-4579-a80c-c9d22fbee6df 0.595s
2025-04-26 01:09:39.436 70513 INFO tempest.lib.common.rest_client [req-99941b45-6e24-4791-998b-baa9bf2488ed req-99941b45-6e24-4791-998b-baa9bf2488ed ] Request (ListImageFiltersTestJSON:setUpClass): 200 GET http://10.180.1.21/compute/v2.1/images/b5a64929-8334-4d3d-a280-ccdf04652e78 0.508s
2025-04-26 01:09:39.527 70519 INFO tempest.lib.common.rest_client [req-cdf22944-18f7-4e92-ab89-c292231c2165 req-cdf22944-18f7-4e92-ab89-c292231c2165 ] Request (QuotasAdminNegativeTest:_run_cleanups): 200 PUT http://10.180.1.21/compute/v2.1/os-quota-sets/c2617a81ee2e495682365be962cdd9a6 0.575s
2025-04-26 01:09:39.581 70537 INFO tempest.lib.common.rest_client [req-85b54960-2498-44af-a91e-440049d75ef6 req-85b54960-2498-44af-a91e-440049d75ef6 ] Request (ServersV294TestFqdnHostnames:setUpClass): 202 POST http://10.180.1.21/compute/v2.1/servers 0.969s
2025-04-26 01:09:39.587 70503 INFO tempest.lib.common.rest_client [req-6c294e73-e80f-49fc-9f8b-1a8a0d3ef592 req-6c294e73-e80f-49fc-9f8b-1a8a0d3ef592 ] Request (ImagesOneServerNegativeTestJSON:_run_cleanups): 200 GET http://10.180.1.21/compute/v2.1/servers/2b6b424c-2264-40e0-9e45-7418575e5d9e 0.602s
2025-04-26 01:09:39.601 70503 INFO tempest.common.waiters [-] State transition "BUILD/scheduling" ==> "BUILD/None" after 9 second wait
2025-04-26 01:09:39.634 70511 INFO tempest.lib.common.rest_client [req-873b278c-2a7c-460e-9586-102628698142 req-873b278c-2a7c-460e-9586-102628698142 ] Request (ImagesOneServerTestJSON:test_create_delete_image): 200 GET http://10.180.1.21/compute/v2.1/images/c3e62177-a282-44fb-9e22-c9416ec4476c 0.616s
2025-04-26 01:09:39.693 70541 INFO tempest.lib.common.rest_client [req-22dab777-9650-4421-a25d-644129bac659 req-22dab777-9650-4421-a25d-644129bac659 ] Request (ServerMetadataTestJSON:setUpClass): 200 GET http://10.180.1.21/compute/v2.1/servers/8524c032-88de-4b91-a351-9413a628f230 0.704s
2025-04-26 01:09:39.755 70523 INFO tempest.lib.common.rest_client [req-4dfe413a-1170-442b-b202-95d0667be5b3 req-4dfe413a-1170-442b-b202-95d0667be5b3 ] Request (ServerDiagnosticsV248Test:tearDownClass): 200 GET http://10.180.1.21/compute/v2.1/servers/575326a8-9704-4f18-9488-0f9357a05860 0.705s
2025-04-26 01:09:39.786 70499 INFO tempest.lib.common.rest_client [req-ceeffb92-67eb-4939-8626-d7e8c333c958 req-ceeffb92-67eb-4939-8626-d7e8c333c958 ] Request (AttachInterfacesV270Test:test_create_get_list_interfaces): 200 GET http://10.180.1.21/compute/v2.1/servers/54c0b980-8cb2-4f49-8454-bfe07defe304 0.700s
2025-04-26 01:09:39.853 70497 INFO tempest.lib.common.rest_client [req-ca30c43d-ab2d-4ece-b3c8-7c7bf009ed11 req-ca30c43d-ab2d-4ece-b3c8-7c7bf009ed11 ] Request (ServerRescueNegativeTestJSON:test_rescued_vm_detach_volume): 200 GET http://10.180.1.21/compute/v2.1/servers/67b781f1-3651-42ae-9c8e-7270cff068cf 0.760s
2025-04-26 01:09:39.868 70559 INFO tempest.lib.common.rest_client [req-0173869c-85a8-40a3-b8c7-6af859b02a42 req-0173869c-85a8-40a3-b8c7-6af859b02a42 ] Request (ServerShowV254Test:test_rebuild_server): 200 GET http://10.180.1.21/compute/v2.1/servers/f524ca71-6018-4bc9-8362-6668eea30748 0.627s
2025-04-26 01:09:39.949 70539 INFO tempest.lib.common.rest_client [req-761fc369-12e1-4827-99ec-a3395d732af9 req-761fc369-12e1-4827-99ec-a3395d732af9 ] Request (ServerShowV247Test:tearDownClass): 200 GET http://10.180.1.21/compute/v2.1/servers/d48215f1-518c-409d-a343-6c0eada63c56 0.582s
2025-04-26 01:09:40.011 70515 INFO tempest.lib.common.rest_client [req-7c9f488e-982b-41ad-af11-a8ee6f785a11 req-7c9f488e-982b-41ad-af11-a8ee6f785a11 ] Request (ServersAdminTestJSON:test_inject_network_info): 200 GET http://10.180.1.21/compute/v2.1/servers/cb8dcc63-bef7-4eba-9ec5-477f7a09f2b8 0.586s
2025-04-26 01:09:40.068 70509 INFO tempest.lib.common.rest_client [req-403e101e-8064-4ad9-a51b-1540813ed2ec req-403e101e-8064-4ad9-a51b-1540813ed2ec ] Request (ImagesTestJSON:test_create_image_from_stopped_server): 200 GET http://10.180.1.21/compute/v2.1/servers/de59df0d-6372-447a-877c-41f3f26e6342 0.722s
2025-04-26 01:09:40.093 70505 INFO tempest.lib.common.rest_client [req-06af3345-830a-4549-951d-dc043607a39b req-06af3345-830a-4549-951d-dc043607a39b ] Request (AttachInterfacesTestJSON:_run_cleanups): 200 GET http://10.180.1.21/compute/v2.1/servers/25461bf2-3b05-45e3-9401-8f440b1e06f3 0.621s
2025-04-26 01:09:40.143 70519 INFO tempest.lib.common.rest_client [req-b17721cc-6719-49eb-9664-ba5866025c04 req-b17721cc-6719-49eb-9664-ba5866025c04 ] Request (QuotasAdminNegativeTest:test_create_server_when_memory_quota_is_full): 200 GET http://10.180.1.21/compute/v2.1/os-quota-sets/c2617a81ee2e495682365be962cdd9a6 0.613s
2025-04-26 01:09:40.150 70537 INFO tempest.lib.common.rest_client [req-ea8f591e-6bc2-4ae7-9b29-72c736ae591f req-ea8f591e-6bc2-4ae7-9b29-72c736ae591f ] Request (ServersV294TestFqdnHostnames:setUpClass): 200 GET http://10.180.1.21/compute/v2.1/servers/efb5caa8-1889-4c66-a941-afd026a1d992 0.567s
2025-04-26 01:09:40.346 70525 INFO tempest.lib.common.rest_client [req-4b8ac827-365c-46f0-826c-0b6e979f6653 req-4b8ac827-365c-46f0-826c-0b6e979f6653 ] Request (FloatingIPsAssociationTestJSON:test_associate_already_associated_floating_ip): 200 GET http://10.180.1.21/compute/v2.1/servers/cdf9e135-81ba-4261-9d43-1680ad1c5bb3 0.227s
2025-04-26 01:09:40.349 70551 INFO tempest.lib.common.rest_client [req-65fe5b70-7f43-44c2-bab4-826ae6c30706 req-65fe5b70-7f43-44c2-bab4-826ae6c30706 ] Request (ServersTestMultiNic:test_verify_duplicate_network_nics): 200 GET http://10.180.1.21/compute/v2.1/servers/a88a7999-85b6-4f16-9da7-1dea0c980f16 0.696s
2025-04-26 01:09:40.426 70519 INFO tempest.lib.common.rest_client [req-3e987d66-a43c-4705-91a3-7fcaa4550f76 req-3e987d66-a43c-4705-91a3-7fcaa4550f76 ] Request (QuotasAdminNegativeTest:test_create_server_when_memory_quota_is_full): 200 PUT http://10.180.1.21/compute/v2.1/os-quota-sets/c2617a81ee2e495682365be962cdd9a6 0.281s
2025-04-26 01:09:40.471 70531 INFO tempest.lib.common.rest_client [req-13027c75-f71c-40e0-8c3d-4237100f4ffa req-13027c75-f71c-40e0-8c3d-4237100f4ffa ] Request (MigrationsAdminTest:test_resize_server_revert_deleted_flavor): 200 GET http://10.180.1.21/compute/v2.1/servers/e77916d8-d281-4418-aeab-169a6d99f109 0.289s
2025-04-26 01:09:40.474 70519 INFO tempest.lib.common.rest_client [req-f1c458a7-2cbd-4f07-ae43-1c56be941cd5 req-f1c458a7-2cbd-4f07-ae43-1c56be941cd5 ] Request (QuotasAdminNegativeTest:test_create_server_when_memory_quota_is_full): 201 POST http://10.180.1.21/identity/v3/auth/tokens 0.037s
2025-04-26 01:09:40.474 70519 INFO tempest.lib.common.fixed_network [-] (QuotasAdminNegativeTest:test_create_server_when_memory_quota_is_full) Found network None available for tenant
2025-04-26 01:09:40.478 70531 INFO tempest.common.waiters [-] State transition "BUILD/networking" ==> "BUILD/block_device_mapping" after 59 second wait
2025-04-26 01:09:40.541 70501 INFO tempest.lib.common.rest_client [req-33fa416c-0b7b-4ee7-bb03-1848df4067f5 req-33fa416c-0b7b-4ee7-bb03-1848df4067f5 ] Request (ListServerFiltersTestJSON:tearDownClass): 200 GET http://10.180.1.21/compute/v2.1/servers/f0951203-1ae7-4579-a80c-c9d22fbee6df 0.132s
2025-04-26 01:09:40.556 70535 INFO tempest.lib.common.rest_client [req-c1a314f1-ed77-4273-a990-f0212c7fde07 req-c1a314f1-ed77-4273-a990-f0212c7fde07 ] Request (ServerAddressesTestJSON:setUpClass): 200 GET http://10.180.1.21/compute/v2.1/servers/2fcb8655-8edf-4205-82f1-728c9fe0997e 0.226s
2025-04-26 01:09:40.576 70513 INFO tempest.lib.common.rest_client [req-19feae70-24cc-4b48-aa28-60c6b8bb8b6c req-19feae70-24cc-4b48-aa28-60c6b8bb8b6c ] Request (ListImageFiltersTestJSON:setUpClass): 200 GET http://10.180.1.21/compute/v2.1/images/b5a64929-8334-4d3d-a280-ccdf04652e78 0.135s
2025-04-26 01:09:40.674 70503 INFO tempest.lib.common.rest_client [req-ed45c20b-1366-4e37-ba18-207bd04f3cb9 req-ed45c20b-1366-4e37-ba18-207bd04f3cb9 ] Request (ImagesOneServerNegativeTestJSON:_run_cleanups): 200 GET http://10.180.1.21/compute/v2.1/servers/2b6b424c-2264-40e0-9e45-7418575e5d9e 0.072s
2025-04-26 01:09:40.716 70511 INFO tempest.lib.common.rest_client [req-98157b27-af64-438e-b76b-795df960c875 req-98157b27-af64-438e-b76b-795df960c875 ] Request (ImagesOneServerTestJSON:test_create_delete_image): 200 GET http://10.180.1.21/compute/v2.1/images/c3e62177-a282-44fb-9e22-c9416ec4476c 0.074s
2025-04-26 01:09:40.765 70519 INFO tempest.lib.common.rest_client [req-1da8da18-74eb-4652-a4d7-40c1b7200c1b req-1da8da18-74eb-4652-a4d7-40c1b7200c1b ] Request (QuotasAdminNegativeTest:test_create_server_when_memory_quota_is_full): 403 POST http://10.180.1.21/compute/v2.1/servers 0.290s
2025-04-26 01:09:40.780 70541 INFO tempest.lib.common.rest_client [req-dd7b3e4a-6e66-40eb-aca8-4eab5eb8f8c4 req-dd7b3e4a-6e66-40eb-aca8-4eab5eb8f8c4 ] Request (ServerMetadataTestJSON:setUpClass): 200 GET http://10.180.1.21/compute/v2.1/servers/8524c032-88de-4b91-a351-9413a628f230 0.072s
2025-04-26 01:09:40.871 70519 INFO tempest.lib.common.rest_client [req-4949c8b2-4544-43b6-b876-c6db83b604a2 req-4949c8b2-4544-43b6-b876-c6db83b604a2 ] Request (QuotasAdminNegativeTest:_run_cleanups): 200 PUT http://10.180.1.21/compute/v2.1/os-quota-sets/c2617a81ee2e495682365be962cdd9a6 0.105s
2025-04-26 01:09:40.888 70523 INFO tempest.lib.common.rest_client [req-0cc0bf91-6956-438d-86c6-6588a183ec70 req-0cc0bf91-6956-438d-86c6-6588a183ec70 ] Request (ServerDiagnosticsV248Test:tearDownClass): 200 GET http://10.180.1.21/compute/v2.1/servers/575326a8-9704-4f18-9488-0f9357a05860 0.121s
2025-04-26 01:09:40.948 70499 INFO tempest.lib.common.rest_client [req-4bdcb970-c27c-46e0-baa4-ae7682430a56 req-4bdcb970-c27c-46e0-baa4-ae7682430a56 ] Request (AttachInterfacesV270Test:test_create_get_list_interfaces): 200 GET http://10.180.1.21/compute/v2.1/servers/54c0b980-8cb2-4f49-8454-bfe07defe304 0.145s
2025-04-26 01:09:40.954 70519 INFO tempest.lib.common.rest_client [req-88a28ce9-6fa2-4e74-be1a-d95e0b035840 req-88a28ce9-6fa2-4e74-be1a-d95e0b035840 ] Request (QuotasAdminNegativeTest:test_update_quota_normal_user): 403 PUT http://10.180.1.21/compute/v2.1/os-quota-sets/c2617a81ee2e495682365be962cdd9a6 0.079s
2025-04-26 01:09:40.964 70497 INFO tempest.lib.common.rest_client [req-15c3c15b-2a02-4a75-9937-691413c9cf80 req-15c3c15b-2a02-4a75-9937-691413c9cf80 ] Request (ServerRescueNegativeTestJSON:test_rescued_vm_detach_volume): 200 GET http://10.180.1.21/compute/v2.1/servers/67b781f1-3651-42ae-9c8e-7270cff068cf 0.100s
2025-04-26 01:09:41.045 70559 INFO tempest.lib.common.rest_client [req-bd106e76-681a-40ea-a28f-74ce77339abe req-bd106e76-681a-40ea-a28f-74ce77339abe ] Request (ServerShowV254Test:test_rebuild_server): 200 GET http://10.180.1.21/compute/v2.1/servers/f524ca71-6018-4bc9-8362-6668eea30748 0.166s
2025-04-26 01:09:41.057 70539 INFO tempest.lib.common.rest_client [req-a6c1f549-f2d5-4038-ad42-da3decda3a30 req-a6c1f549-f2d5-4038-ad42-da3decda3a30 ] Request (ServerShowV247Test:tearDownClass): 200 GET http://10.180.1.21/compute/v2.1/servers/d48215f1-518c-409d-a343-6c0eada63c56 0.098s
2025-04-26 01:09:41.131 70515 INFO tempest.lib.common.rest_client [req-9a059a5e-796a-4eca-aa60-d8c252decc03 req-9a059a5e-796a-4eca-aa60-d8c252decc03 ] Request (ServersAdminTestJSON:test_inject_network_info): 200 GET http://10.180.1.21/compute/v2.1/servers/cb8dcc63-bef7-4eba-9ec5-477f7a09f2b8 0.110s
2025-04-26 01:09:41.213 70519 INFO tempest.lib.common.rest_client [req-e2a8fdb9-f1d5-4a67-81b4-308b7097cc73 req-e2a8fdb9-f1d5-4a67-81b4-308b7097cc73 ] Request (QuotasAdminNegativeTest:tearDownClass): 204 DELETE http://10.180.1.21/identity/v3/users/5bcfb2d498144a9d810905e5653d9712 0.257s
