2025-04-26 01:07:59.890 70507 INFO tempest.lib.common.rest_client [req-a2a314d9-520f-4f13-ad92-40bd682347d0 req-a2a314d9-520f-4f13-ad92-40bd682347d0 ] Request (ServersTestBootFromVolume:setUpClass): 200 GET http://10.180.1.21/compute/v2.1/servers/0bc3e427-2335-46f3-b311-fa688563fece 0.292s
2025-04-26 01:07:59.906 70529 INFO tempest.lib.common.rest_client [req-a59089f8-f55e-457c-a108-32db2db8b709 req-a59089f8-f55e-457c-a108-32db2db8b709 ] Request (ServerDiagnosticsTest:tearDownClass): 200 GET http://10.180.1.21:9696/networking/v2.0/security-groups?tenant_id=6ecdcbaf317c440f995538cedd0070d5&name=default 0.128s
2025-04-26 01:07:59.930 70513 INFO tempest.lib.common.rest_client [req-c5f5d6cc-a819-44e5-ae42-f1ae16a04520 req-c5f5d6cc-a819-44e5-ae42-f1ae16a04520 ] Request (ListImageFiltersTestJSON:setUpClass): 200 GET http://10.180.1.21/compute/v2.1/servers/54c6c8cb-a4a7-44f9-b712-7977bfe0c54e 0.272s
2025-04-26 01:07:59.951 70551 INFO tempest.lib.common.rest_client [req-aa90f2dc-816a-4ca1-8c6e-4c5412ca1e0d req-aa90f2dc-816a-4ca1-8c6e-4c5412ca1e0d ] Request (ImagesNegativeTestJSON:tearDownClass): 404 DELETE http://10.180.1.21/compute/v2.1/servers/f6db5281-a7f3-4ed3-86f5-6fe09cc39c38 0.287s
2025-04-26 01:07:59.957 70535 INFO tempest.lib.common.rest_client [req-9f097260-805d-49be-809e-aeede0707e67 req-9f097260-805d-49be-809e-aeede0707e67 ] Request (FloatingIPsAssociationNegativeTestJSON:tearDownClass): 200 GET http://10.180.1.21/compute/v2.1/servers/2ed0eaf0-eb4a-49fa-af4d-dc960bdef81b 0.293s
2025-04-26 01:08:00.011 70501 INFO tempest.lib.common.rest_client [req-269a7b9f-c84b-4e2c-92fb-d7b57f47ed56 req-269a7b9f-c84b-4e2c-92fb-d7b57f47ed56 ] Request (ListServerFiltersTestJSON:test_list_servers_filtered_by_name_regex): 200 GET http://10.180.1.21/compute/v2.1/servers?name=%5E.%2A%5C-instance%5C-.%2A%24 0.344s
2025-04-26 01:08:00.029 70528 INFO tempest.lib.common.rest_client [req-93ee8cbc-3f98-4a3a-9335-0f8b0007ec6b req-93ee8cbc-3f98-4a3a-9335-0f8b0007ec6b ] Request (ServerActionsTestJSON:setUpClass): 200 GET http://10.180.1.21/compute/v2.1/servers/7ac66455-b270-4d41-aef2-63bb5191ecf9 0.290s
2025-04-26 01:08:00.042 70529 INFO tempest.lib.common.rest_client [req-bf9694cc-5028-4372-9ae3-df4feefa6e9e req-bf9694cc-5028-4372-9ae3-df4feefa6e9e ] Request (ServerDiagnosticsTest:tearDownClass): 204 DELETE http://10.180.1.21:9696/networking/v2.0/security-groups/db274a14-6ca0-4b52-90f7-3cb52569da81 0.135s
2025-04-26 01:08:00.063 70515 INFO tempest.lib.common.rest_client [req-a7d9b5ed-735e-4803-9c8d-ed26865267e8 req-a7d9b5ed-735e-4803-9c8d-ed26865267e8 ] Request (ServersAdminTestJSON:test_create_server_with_scheduling_hint): 200 GET http://10.180.1.21/compute/v2.1/servers/ffd5619f-4fd8-4d3b-a235-74cffa83216d 0.241s
2025-04-26 01:08:00.086 70521 INFO tempest.lib.common.rest_client [req-a1c7953e-a9d2-4fb5-be67-b40d1d2795e2 req-a1c7953e-a9d2-4fb5-be67-b40d1d2795e2 ] Request (ServerShowV257Test:test_rebuild_server): 200 GET http://10.180.1.21/compute/v2.1/servers/e94e9694-4aa0-470b-b46b-0c8c93dd3420 0.234s
2025-04-26 01:08:00.106 70551 INFO tempest.lib.common.rest_client [req-5af4a686-427f-4f01-8842-4602a967eb18 req-5af4a686-427f-4f01-8842-4602a967eb18 ] Request (ImagesNegativeTestJSON:tearDownClass): 404 GET http://10.180.1.21/compute/v2.1/servers/f6db5281-a7f3-4ed3-86f5-6fe09cc39c38 0.155s
2025-04-26 01:08:00.118 70503 INFO tempest.lib.common.rest_client [req-cd5ed116-c9a8-46dd-a4a8-7f5a9a3f145d req-cd5ed116-c9a8-46dd-a4a8-7f5a9a3f145d ] Request (ImagesOneServerNegativeTestJSON:setUpClass): 200 GET http://10.180.1.21/compute/v2.1/servers/c4022a83-16ef-4d53-8efa-76d794878ed4 0.237s
2025-04-26 01:08:00.124 70529 INFO tempest.lib.common.rest_client [req-8f9cf557-ea6e-4bef-9759-5b070e66840f req-8f9cf557-ea6e-4bef-9759-5b070e66840f ] Request (ServerDiagnosticsTest:tearDownClass): 204 DELETE http://10.180.1.21/identity/v3/projects/6ecdcbaf317c440f995538cedd0070d5 0.082s
2025-04-26 01:08:00.125 70529 INFO tempest.lib.common.dynamic_creds [-] Deleting project and security group for project: 6cc70e9bf87847a7bb2a950faad664aa
2025-04-26 01:08:00.151 70501 INFO tempest.lib.common.rest_client [req-03139ce1-661d-42bd-9261-3b9b2136fac1 req-03139ce1-661d-42bd-9261-3b9b2136fac1 ] Request (ListServerFiltersTestJSON:test_list_servers_filtered_by_name_regex): 200 GET http://10.180.1.21/compute/v2.1/servers?name=1040637779 0.138s
2025-04-26 01:08:00.224 70517 INFO tempest.lib.common.rest_client [req-ca8d4ef9-f8d0-4bcf-80c4-18475f2fedff req-ca8d4ef9-f8d0-4bcf-80c4-18475f2fedff ] Request (ServersListShow296Test:test_list_show_update_rebuild_server_296): 200 GET http://10.180.1.21/compute/v2.1/servers/d0b2e7f5-622a-458f-86b2-44a8a6e86e1b 0.128s
2025-04-26 01:08:00.259 70557 INFO tempest.lib.common.rest_client [req-d0046067-fe28-48f1-bcb8-ff318febf68b req-d0046067-fe28-48f1-bcb8-ff318febf68b ] Request (ServerActionsV293TestJSON:setUpClass): 200 GET http://10.180.1.21/compute/v2.1/servers/6cb69540-1a92-4eff-9c4c-cd8a41516690 0.243s
2025-04-26 01:08:00.268 70529 INFO tempest.lib.common.rest_client [req-2bb04f63-3e17-44e4-ad3e-cce3d8b953e6 req-2bb04f63-3e17-44e4-ad3e-cce3d8b953e6 ] Request (ServerDiagnosticsTest:tearDownClass): 200 GET http://10.180.1.21:9696/networking/v2.0/security-groups?tenant_id=6cc70e9bf87847a7bb2a950faad664aa&name=default 0.142s
2025-04-26 01:08:00.272 70501 INFO tempest.lib.common.rest_client [req-2a5ae33c-2059-4134-b500-be45ae87a9bd req-2a5ae33c-2059-4134-b500-be45ae87a9bd ] Request (ListServerFiltersTestJSON:test_list_servers_filtered_by_name_wildcard): 200 GET http://10.180.1.21/compute/v2.1/servers?name=-instance 0.118s
2025-04-26 01:08:00.279 70511 INFO tempest.lib.common.rest_client [req-b50ff9b0-37a1-493d-b3c9-7f435eafa863 req-b50ff9b0-37a1-493d-b3c9-7f435eafa863 ] Request (FloatingIPsTestJSON:tearDownClass): 200 PUT http://10.180.1.21:9696/networking/v2.0/routers/b9b656b5-6de8-4729-8d0e-a460613bd558/remove_router_interface 0.869s
2025-04-26 01:08:00.336 70499 INFO tempest.lib.common.rest_client [req-523ae70c-75fa-485a-b36a-81986eef0ae6 req-523ae70c-75fa-485a-b36a-81986eef0ae6 ] Request (ServersAdminNegativeTestJSON:tearDownClass): 200 GET http://10.180.1.21/compute/v2.1/servers/28201572-27d6-494c-a82a-73b22a2a276c 0.177s
2025-04-26 01:08:00.347 70529 INFO tempest.lib.common.rest_client [req-d567a313-da43-417a-b6b6-32687e12df68 req-d567a313-da43-417a-b6b6-32687e12df68 ] Request (ServerDiagnosticsTest:tearDownClass): 204 DELETE http://10.180.1.21:9696/networking/v2.0/security-groups/157c7f91-e28d-49bc-acaa-f5d9fd0e3de3 0.078s
2025-04-26 01:08:00.383 70501 INFO tempest.lib.common.rest_client [req-a31ce9b6-e178-4bd3-ac76-e9ab2d830ffb req-a31ce9b6-e178-4bd3-ac76-e9ab2d830ffb ] Request (ListServerFiltersTestJSON:test_list_servers_filtered_by_name_wildcard): 200 GET http://10.180.1.21/compute/v2.1/servers?name=t-ListServerFiltersTestJSON-instance-104063777 0.108s
2025-04-26 01:08:00.443 70529 INFO tempest.lib.common.rest_client [req-00ebc7e3-73a9-40e3-9a0a-c594c2e571d8 req-00ebc7e3-73a9-40e3-9a0a-c594c2e571d8 ] Request (ServerDiagnosticsTest:tearDownClass): 204 DELETE http://10.180.1.21/identity/v3/projects/6cc70e9bf87847a7bb2a950faad664aa 0.095s
2025-04-26 01:08:00.492 70541 WARNING tempest.lib.common.ssh [-] Failed to establish authenticated ssh connection to cirros@10.180.180.181 ([Errno None] Unable to connect to port 22 on 10.180.180.181). Number attempts: 4. Retry after 5 seconds.: paramiko.ssh_exception.NoValidConnectionsError: [Errno None] Unable to connect to port 22 on 10.180.180.181
2025-04-26 01:08:00.518 70529 INFO tempest.lib.common.rest_client [req-898ce4b6-ad89-42ff-94db-7c89e138028e req-898ce4b6-ad89-42ff-94db-7c89e138028e ] Request (ServersTestFqdnHostnames:setUpClass): 201 POST http://10.180.1.21/identity/v3/auth/tokens 0.072s
2025-04-26 01:08:00.547 70529 INFO tempest.lib.common.rest_client [req-8091c530-5d00-4682-a338-bebd3288200b req-8091c530-5d00-4682-a338-bebd3288200b ] Request (ServersTestFqdnHostnames:setUpClass): 201 POST http://10.180.1.21/identity/v3/auth/tokens 0.027s
2025-04-26 01:08:00.576 70529 INFO tempest.lib.common.rest_client [req-4190f95a-70ee-4d7b-a839-8e917c2c01f9 req-4190f95a-70ee-4d7b-a839-8e917c2c01f9 ] Request (ServersTestFqdnHostnames:setUpClass): 200 GET http://10.180.1.21/identity/v3/domains?name=Default 0.029s
2025-04-26 01:08:00.604 70529 INFO tempest.lib.common.rest_client [req-8307adfc-3598-42a7-904d-43a56a28506b req-8307adfc-3598-42a7-904d-43a56a28506b ] Request (ServersTestFqdnHostnames:setUpClass): 201 POST http://10.180.1.21/identity/v3/projects 0.027s
2025-04-26 01:08:00.628 70497 INFO tempest.lib.common.rest_client [req-0ba81a2c-2226-4fad-8e4d-b16506a524da req-0ba81a2c-2226-4fad-8e4d-b16506a524da ] Request (ServerRescueNegativeTestJSON:setUpClass): 200 GET http://10.180.1.21/compute/v2.1/servers/af8598b0-ea9e-4751-aebc-414ece12150e 0.311s
2025-04-26 01:08:00.680 70529 INFO tempest.lib.common.rest_client [req-73a22afd-2e3a-4fd7-91d1-ece73936f098 req-73a22afd-2e3a-4fd7-91d1-ece73936f098 ] Request (ServersTestFqdnHostnames:setUpClass): 201 POST http://10.180.1.21/identity/v3/users 0.075s
2025-04-26 01:08:00.708 70529 INFO tempest.lib.common.rest_client [req-705a6a87-25c3-42ec-ab2a-a1300a59b231 req-705a6a87-25c3-42ec-ab2a-a1300a59b231 ] Request (ServersTestFqdnHostnames:setUpClass): 200 GET http://10.180.1.21/identity/v3/roles 0.028s
2025-04-26 01:08:00.739 70509 INFO tempest.lib.common.rest_client [req-c9ac791e-7583-4cfc-ba9b-8fddc2f8639c req-c9ac791e-7583-4cfc-ba9b-8fddc2f8639c ] Request (ServersAdmin275Test:tearDownClass): 200 GET http://10.180.1.21/compute/v2.1/servers/34212518-eb14-4da3-913a-9c68b5f5e353 0.352s
2025-04-26 01:08:00.744 70531 INFO tempest.lib.common.rest_client [req-35f8d3bf-bb30-4cba-a26e-9e1b7a0fc2bd req-35f8d3bf-bb30-4cba-a26e-9e1b7a0fc2bd ] Request (MigrationsAdminTest:test_list_migrations_in_flavor_resize_situation): 200 GET http://10.180.1.21/compute/v2.1/servers/0c653c24-61a2-468d-bcc6-112e95d6368a 0.495s
2025-04-26 01:08:00.752 70529 INFO tempest.lib.common.rest_client [req-f0aa731b-3223-495f-bb0a-644cbc73456f req-f0aa731b-3223-495f-bb0a-644cbc73456f ] Request (ServersTestFqdnHostnames:setUpClass): 204 PUT http://10.180.1.21/identity/v3/projects/8534080420624cb18083179fcbf699a7/users/8a23f0c4259642d8ad3b4b08a2ada7fe/roles/f591c89b987b4ea19071db1d48abbf95 0.043s
2025-04-26 01:08:00.752 70529 INFO tempest.lib.common.dynamic_creds [-] Dynamic test user 8a23f0c4259642d8ad3b4b08a2ada7fe is created with scope project and roles: ['member']
2025-04-26 01:08:00.752 70529 INFO tempest.lib.common.dynamic_creds [-] Acquired dynamic creds: credentials: Credentials: {'domain_id': 'default', 'domain_name': 'Default', 'username': 'tempest-ServersTestFqdnHostnames-730147433-project-member', 'project_domain_id': 'default', 'project_domain_name': 'Default', 'project_id': '8534080420624cb18083179fcbf699a7', 'project_name': 'tempest-ServersTestFqdnHostnames-730147433', 'tenant_id': '8534080420624cb18083179fcbf699a7', 'tenant_name': 'tempest-ServersTestFqdnHostnames-730147433', 'user_domain_id': 'default', 'user_domain_name': 'Default', 'user_id': '8a23f0c4259642d8ad3b4b08a2ada7fe', 'system': None}, Network: None, Subnet: None, Router: None
2025-04-26 01:08:00.817 70529 INFO tempest.lib.common.rest_client [req-c5207487-4ab7-4340-8ae7-10bc7ebce953 req-c5207487-4ab7-4340-8ae7-10bc7ebce953 ] Request (ServersTestFqdnHostnames:setUpClass): 201 POST http://10.180.1.21/identity/v3/auth/tokens 0.064s
2025-04-26 01:08:00.842 70543 INFO tempest.lib.common.rest_client [req-6d966ba5-f405-42d4-8629-d5421e696ce2 req-6d966ba5-f405-42d4-8629-d5421e696ce2 ] Request (ServersListShow298Test:tearDownClass): 200 GET http://10.180.1.21/compute/v2.1/servers/ed5faa43-07dd-4a5c-bd7c-022867ac115f 0.446s
2025-04-26 01:08:00.846 70501 INFO tempest.lib.common.rest_client [req-4dc2f34d-9448-456d-968b-acf48bc0a7f5 req-4dc2f34d-9448-456d-968b-acf48bc0a7f5 ] Request (ListServerFiltersTestJSON:tearDownClass): 204 DELETE http://10.180.1.21/compute/v2.1/servers/6750e7b9-6ca1-43a3-933c-516927e52767 0.458s
2025-04-26 01:08:00.933 70547 INFO tempest.lib.common.rest_client [req-13d4d605-9dcd-4659-bea4-dc7eafb5ae9b req-13d4d605-9dcd-4659-bea4-dc7eafb5ae9b ] Request (ServerPasswordTestJSON:setUpClass): 200 GET http://10.180.1.21/compute/v2.1/servers/e1e494d0-aba4-4254-b4c7-14d56d79c336 0.406s
2025-04-26 01:08:00.946 70523 INFO tempest.lib.common.rest_client [req-36f55240-583e-4d20-a160-e9cd974f3c35 req-36f55240-583e-4d20-a160-e9cd974f3c35 ] Request (ServerDiagnosticsV248Test:test_get_server_diagnostics): 200 GET http://10.180.1.21/compute/v2.1/servers/575326a8-9704-4f18-9488-0f9357a05860 0.499s
2025-04-26 01:08:01.010 70525 INFO tempest.lib.common.rest_client [req-2c5f250a-9644-4c7c-9976-710a6f0fd101 req-2c5f250a-9644-4c7c-9976-710a6f0fd101 ] Request (FloatingIPsAssociationTestJSON:setUpClass): 200 GET http://10.180.1.21/compute/v2.1/servers/0a47c5bb-e901-4095-984a-c52b1ee873d2 0.427s
2025-04-26 01:08:01.035 70519 INFO tempest.lib.common.rest_client [req-8b1bd2cc-c14c-4449-b686-8027e28220b4 req-8b1bd2cc-c14c-4449-b686-8027e28220b4 ] Request (DeleteServersAdminTestJSON:test_delete_server_while_in_error_state): 200 GET http://10.180.1.21/compute/v2.1/servers/f14f60ae-501b-44b6-a246-63b64a35aaa9 0.290s
2025-04-26 01:08:01.083 70505 INFO tempest.lib.common.rest_client [req-670c770b-bd91-481f-ba12-d728a63f4dbb req-670c770b-bd91-481f-ba12-d728a63f4dbb ] Request (AttachInterfacesTestJSON:test_create_list_show_delete_interfaces_by_fixed_ip): 200 GET http://10.180.1.21/compute/v2.1/servers/25461bf2-3b05-45e3-9401-8f440b1e06f3 0.258s
2025-04-26 01:08:01.109 70529 INFO tempest.lib.common.rest_client [req-337b7913-47e1-491e-844f-1ea35ffd9454 req-337b7913-47e1-491e-844f-1ea35ffd9454 ] Request (ServersTestFqdnHostnames:setUpClass): 201 POST http://10.180.1.21:9696/networking/v2.0/networks 0.292s
2025-04-26 01:08:01.234 70559 INFO tempest.lib.common.rest_client [req-918e6e88-aa77-41f0-98c0-b2bded0797b2 req-918e6e88-aa77-41f0-98c0-b2bded0797b2 ] Request (InstanceActionsNegativeTestJSON:setUpClass): 200 GET http://10.180.1.21/compute/v2.1/servers/1cad8a6b-a8b2-4078-a15b-3b370dd08bf9 0.394s
2025-04-26 01:08:01.251 70529 INFO tempest.lib.common.rest_client [req-7026d13a-3fcc-4ed7-b7d3-988009c93e3a req-7026d13a-3fcc-4ed7-b7d3-988009c93e3a ] Request (ServersTestFqdnHostnames:setUpClass): 201 POST http://10.180.1.21:9696/networking/v2.0/subnets 0.141s
2025-04-26 01:08:01.315 70539 INFO tempest.lib.common.rest_client [req-7674d4aa-5aa0-4254-b49a-369acbd76628 req-7674d4aa-5aa0-4254-b49a-369acbd76628 ] Request (ServerShowV247Test:test_update_rebuild_list_server): 200 GET http://10.180.1.21/compute/v2.1/servers/59d02e38-bd37-49eb-977c-577df91eb2e6 0.421s
2025-04-26 01:08:01.410 70501 INFO tempest.lib.common.rest_client [req-12617e3c-eb27-4f3c-940f-1186ea58fe8f req-12617e3c-eb27-4f3c-940f-1186ea58fe8f ] Request (ListServerFiltersTestJSON:tearDownClass): 200 GET http://10.180.1.21/compute/v2.1/servers/6750e7b9-6ca1-43a3-933c-516927e52767 0.564s
2025-04-26 01:08:01.414 70507 INFO tempest.lib.common.rest_client [req-76172cdf-3def-4a6e-9423-8b215d946d1c req-76172cdf-3def-4a6e-9423-8b215d946d1c ] Request (ServersTestBootFromVolume:setUpClass): 200 GET http://10.180.1.21/compute/v2.1/servers/0bc3e427-2335-46f3-b311-fa688563fece 0.515s
2025-04-26 01:08:01.491 70511 INFO tempest.lib.common.rest_client [req-b701debd-35cf-40d4-891a-3fcc11483be1 req-b701debd-35cf-40d4-891a-3fcc11483be1 ] Request (FloatingIPsTestJSON:tearDownClass): 204 DELETE http://10.180.1.21:9696/networking/v2.0/routers/b9b656b5-6de8-4729-8d0e-a460613bd558 1.212s
2025-04-26 01:08:01.493 70513 INFO tempest.lib.common.rest_client [req-ab2eaf7b-5c89-4861-9c60-efda5d1bbd54 req-ab2eaf7b-5c89-4861-9c60-efda5d1bbd54 ] Request (ListImageFiltersTestJSON:setUpClass): 200 GET http://10.180.1.21/compute/v2.1/servers/54c6c8cb-a4a7-44f9-b712-7977bfe0c54e 0.550s
2025-04-26 01:08:01.569 70528 INFO tempest.lib.common.rest_client [req-6f67a3d4-22f5-4802-950a-18e7f5641dd4 req-6f67a3d4-22f5-4802-950a-18e7f5641dd4 ] Request (ServerActionsTestJSON:setUpClass): 200 GET http://10.180.1.21/compute/v2.1/servers/7ac66455-b270-4d41-aef2-63bb5191ecf9 0.529s
2025-04-26 01:08:01.609 70511 INFO tempest.lib.common.rest_client [req-a898384c-f670-49ab-953c-b7ec2fa7f32c req-a898384c-f670-49ab-953c-b7ec2fa7f32c ] Request (FloatingIPsTestJSON:tearDownClass): 204 DELETE http://10.180.1.21:9696/networking/v2.0/subnets/a9e831f9-ed23-498d-8650-bd5310c5048e 0.117s
2025-04-26 01:08:01.647 70515 INFO tempest.lib.common.rest_client [req-260c79e9-f002-46e9-9792-299ac2d77e71 req-260c79e9-f002-46e9-9792-299ac2d77e71 ] Request (ServersAdminTestJSON:test_create_server_with_scheduling_hint): 200 GET http://10.180.1.21/compute/v2.1/servers/ffd5619f-4fd8-4d3b-a235-74cffa83216d 0.575s
2025-04-26 01:08:01.714 70521 INFO tempest.lib.common.rest_client [req-a30b8530-04e8-4282-876f-896bae0c0d91 req-a30b8530-04e8-4282-876f-896bae0c0d91 ] Request (ServerShowV257Test:test_rebuild_server): 200 GET http://10.180.1.21/compute/v2.1/servers/e94e9694-4aa0-470b-b46b-0c8c93dd3420 0.618s
2025-04-26 01:08:01.763 70511 INFO tempest.lib.common.rest_client [req-6cb67699-1061-4978-a00c-75b50c2bde1b req-6cb67699-1061-4978-a00c-75b50c2bde1b ] Request (FloatingIPsTestJSON:tearDownClass): 204 DELETE http://10.180.1.21:9696/networking/v2.0/networks/5b95bfb7-131b-4892-8c53-ec013b669bf7 0.153s
2025-04-26 01:08:01.768 70535 INFO tempest.lib.common.rest_client [req-18d64b5d-fab9-4016-b1e9-c8bb794fd724 req-18d64b5d-fab9-4016-b1e9-c8bb794fd724 ] Request (FloatingIPsAssociationNegativeTestJSON:tearDownClass): 200 GET http://10.180.1.21/compute/v2.1/servers/2ed0eaf0-eb4a-49fa-af4d-dc960bdef81b 0.798s
2025-04-26 01:08:01.790 70503 INFO tempest.lib.common.rest_client [req-c915c515-4aab-41a1-94e3-6ad70e8774ac req-c915c515-4aab-41a1-94e3-6ad70e8774ac ] Request (ImagesOneServerNegativeTestJSON:setUpClass): 200 GET http://10.180.1.21/compute/v2.1/servers/c4022a83-16ef-4d53-8efa-76d794878ed4 0.662s
2025-04-26 01:08:01.843 70517 INFO tempest.lib.common.rest_client [req-3c646c3b-3b95-4c66-b08c-e60653a8271c req-3c646c3b-3b95-4c66-b08c-e60653a8271c ] Request (ServersListShow296Test:test_list_show_update_rebuild_server_296): 200 GET http://10.180.1.21/compute/v2.1/servers/d0b2e7f5-622a-458f-86b2-44a8a6e86e1b 0.599s
2025-04-26 01:08:01.867 70511 INFO tempest.lib.common.rest_client [req-a190d978-b815-441d-a28b-627b0d93e862 req-a190d978-b815-441d-a28b-627b0d93e862 ] Request (FloatingIPsTestJSON:tearDownClass): 204 DELETE http://10.180.1.21/identity/v3/users/38fbf453133042318f0d9a31d82a4da4 0.103s
2025-04-26 01:08:01.867 70511 INFO tempest.lib.common.dynamic_creds [-] Deleting project and security group for project: ced2515f352d442281e2b396cc09ec0a
2025-04-26 01:08:01.940 70499 INFO tempest.lib.common.rest_client [req-6c60a266-3240-4a53-abaa-0e93c6f739ad req-6c60a266-3240-4a53-abaa-0e93c6f739ad ] Request (ServersAdminNegativeTestJSON:tearDownClass): 200 GET http://10.180.1.21/compute/v2.1/servers/28201572-27d6-494c-a82a-73b22a2a276c 0.596s
2025-04-26 01:08:01.961 70511 INFO tempest.lib.common.rest_client [req-a209a52e-2c39-42d0-b0b3-9b2008bc9de5 req-a209a52e-2c39-42d0-b0b3-9b2008bc9de5 ] Request (FloatingIPsTestJSON:tearDownClass): 200 GET http://10.180.1.21:9696/networking/v2.0/security-groups?tenant_id=ced2515f352d442281e2b396cc09ec0a&name=default 0.094s
2025-04-26 01:08:02.018 70551 INFO tempest.lib.common.rest_client [req-364dffed-ccdb-4491-8411-e775ddb51fc6 req-364dffed-ccdb-4491-8411-e775ddb51fc6 ] Request (ImagesNegativeTestJSON:tearDownClass): 200 PUT http://10.180.1.21:9696/networking/v2.0/routers/f776eebf-66b8-4524-9372-c1f2957c0602/remove_router_interface 1.911s
2025-04-26 01:08:02.020 70497 INFO tempest.lib.common.rest_client [req-f1872a64-5c14-43b3-8f34-51656c6ccb49 req-f1872a64-5c14-43b3-8f34-51656c6ccb49 ] Request (ServerRescueNegativeTestJSON:setUpClass): 200 GET http://10.180.1.21/compute/v2.1/servers/af8598b0-ea9e-4751-aebc-414ece12150e 0.381s
2025-04-26 01:08:02.084 70557 INFO tempest.lib.common.rest_client [req-97b0e078-3855-4823-adac-5c4a61ed91e4 req-97b0e078-3855-4823-adac-5c4a61ed91e4 ] Request (ServerActionsV293TestJSON:setUpClass): 200 GET http://10.180.1.21/compute/v2.1/servers/6cb69540-1a92-4eff-9c4c-cd8a41516690 0.814s
2025-04-26 01:08:02.121 70511 INFO tempest.lib.common.rest_client [req-13b58ec7-137d-4907-aa26-9f751b7aeec4 req-13b58ec7-137d-4907-aa26-9f751b7aeec4 ] Request (FloatingIPsTestJSON:tearDownClass): 204 DELETE http://10.180.1.21:9696/networking/v2.0/security-groups/a06400a9-cc92-4acc-a6f2-321092fa0079 0.159s
2025-04-26 01:08:02.182 70509 INFO tempest.lib.common.rest_client [req-8714c4d2-f4eb-42ee-9852-692e539ca6de req-8714c4d2-f4eb-42ee-9852-692e539ca6de ] Request (ServersAdmin275Test:tearDownClass): 200 GET http://10.180.1.21/compute/v2.1/servers/34212518-eb14-4da3-913a-9c68b5f5e353 0.429s
2025-04-26 01:08:02.196 70531 INFO tempest.lib.common.rest_client [req-1e11e2c9-eaec-4782-a62f-6adf98bb96f4 req-1e11e2c9-eaec-4782-a62f-6adf98bb96f4 ] Request (MigrationsAdminTest:test_list_migrations_in_flavor_resize_situation): 200 GET http://10.180.1.21/compute/v2.1/servers/0c653c24-61a2-468d-bcc6-112e95d6368a 0.442s
2025-04-26 01:08:02.224 70511 INFO tempest.lib.common.rest_client [req-85c2608c-9746-4af0-bb3f-0fb94350e03a req-85c2608c-9746-4af0-bb3f-0fb94350e03a ] Request (FloatingIPsTestJSON:tearDownClass): 204 DELETE http://10.180.1.21/identity/v3/projects/ced2515f352d442281e2b396cc09ec0a 0.102s
2025-04-26 01:08:02.262 70547 INFO tempest.lib.common.rest_client [req-b229af6f-12c9-4c7c-9456-1815a5194b44 req-b229af6f-12c9-4c7c-9456-1815a5194b44 ] Request (ServerPasswordTestJSON:setUpClass): 200 GET http://10.180.1.21/compute/v2.1/servers/e1e494d0-aba4-4254-b4c7-14d56d79c336 0.314s
2025-04-26 01:08:02.279 70543 INFO tempest.lib.common.rest_client [req-822cd265-b1bc-4e48-8822-9bbd3ddc067b req-822cd265-b1bc-4e48-8822-9bbd3ddc067b ] Request (ServersListShow298Test:tearDownClass): 200 GET http://10.180.1.21/compute/v2.1/servers/ed5faa43-07dd-4a5c-bd7c-022867ac115f 0.422s
2025-04-26 01:08:02.292 70543 INFO tempest.common.waiters [-] State transition "ACTIVE/deleting" ==> "DELETED/None" after 5 second wait
2025-04-26 01:08:02.295 70511 INFO tempest.lib.common.rest_client [req-fb85a1ce-c920-4e14-826a-14cc9598de42 req-fb85a1ce-c920-4e14-826a-14cc9598de42 ] Request (ImagesOneServerTestJSON:setUpClass): 201 POST http://10.180.1.21/identity/v3/auth/tokens 0.070s
2025-04-26 01:08:02.319 70523 INFO tempest.lib.common.rest_client [req-cead1ac1-9c91-4046-ae43-fc3bc64ec792 req-cead1ac1-9c91-4046-ae43-fc3bc64ec792 ] Request (ServerDiagnosticsV248Test:test_get_server_diagnostics): 200 GET http://10.180.1.21/compute/v2.1/servers/575326a8-9704-4f18-9488-0f9357a05860 0.361s
2025-04-26 01:08:02.328 70511 INFO tempest.lib.common.rest_client [req-7d6b8096-6c5c-49e8-9fa0-fdf4cb4ffa73 req-7d6b8096-6c5c-49e8-9fa0-fdf4cb4ffa73 ] Request (ImagesOneServerTestJSON:setUpClass): 201 POST http://10.180.1.21/identity/v3/auth/tokens 0.030s
2025-04-26 01:08:02.340 70525 INFO tempest.lib.common.rest_client [req-6819d7e6-e35a-422f-b4c1-1ef72b54af79 req-6819d7e6-e35a-422f-b4c1-1ef72b54af79 ] Request (FloatingIPsAssociationTestJSON:setUpClass): 200 GET http://10.180.1.21/compute/v2.1/servers/0a47c5bb-e901-4095-984a-c52b1ee873d2 0.322s
2025-04-26 01:08:02.359 70511 INFO tempest.lib.common.rest_client [req-e9cad0c4-ce32-4ae2-af19-bc9c78d73e05 req-e9cad0c4-ce32-4ae2-af19-bc9c78d73e05 ] Request (ImagesOneServerTestJSON:setUpClass): 200 GET http://10.180.1.21/identity/v3/domains?name=Default 0.031s
2025-04-26 01:08:02.385 70519 INFO tempest.lib.common.rest_client [req-2a30caae-4f9a-43a1-945f-736baa507096 req-2a30caae-4f9a-43a1-945f-736baa507096 ] Request (DeleteServersAdminTestJSON:test_delete_server_while_in_error_state): 200 GET http://10.180.1.21/compute/v2.1/servers/f14f60ae-501b-44b6-a246-63b64a35aaa9 0.339s
2025-04-26 01:08:02.398 70511 INFO tempest.lib.common.rest_client [req-4d959542-cb83-4f2f-b196-bff6c670da64 req-4d959542-cb83-4f2f-b196-bff6c670da64 ] Request (ImagesOneServerTestJSON:setUpClass): 201 POST http://10.180.1.21/identity/v3/projects 0.038s
2025-04-26 01:08:02.406 70505 INFO tempest.lib.common.rest_client [req-31a57baf-2e8c-4909-ac9d-e05b746425aa req-31a57baf-2e8c-4909-ac9d-e05b746425aa ] Request (AttachInterfacesTestJSON:test_create_list_show_delete_interfaces_by_fixed_ip): 200 GET http://10.180.1.21/compute/v2.1/servers/25461bf2-3b05-45e3-9401-8f440b1e06f3 0.313s
2025-04-26 01:08:02.514 70539 INFO tempest.lib.common.rest_client [req-dc56988d-c7ff-4a83-a108-b2c8f98faa97 req-dc56988d-c7ff-4a83-a108-b2c8f98faa97 ] Request (ServerShowV247Test:test_update_rebuild_list_server): 200 GET http://10.180.1.21/compute/v2.1/servers/59d02e38-bd37-49eb-977c-577df91eb2e6 0.185s
2025-04-26 01:08:02.546 70559 INFO tempest.lib.common.rest_client [req-aad87178-2357-441a-8646-ec90cc05a71e req-aad87178-2357-441a-8646-ec90cc05a71e ] Request (InstanceActionsNegativeTestJSON:setUpClass): 200 GET http://10.180.1.21/compute/v2.1/servers/1cad8a6b-a8b2-4078-a15b-3b370dd08bf9 0.304s
2025-04-26 01:08:02.553 70559 INFO tempest.common.waiters [-] State transition "BUILD/spawning" ==> "ACTIVE/None" after 39 second wait
2025-04-26 01:08:02.570 70511 INFO tempest.lib.common.rest_client [req-e7674f15-13fe-4e82-8d50-3153461bb7ed req-e7674f15-13fe-4e82-8d50-3153461bb7ed ] Request (ImagesOneServerTestJSON:setUpClass): 201 POST http://10.180.1.21/identity/v3/users 0.171s
2025-04-26 01:08:02.594 70511 INFO tempest.lib.common.rest_client [req-a746ed1e-5e96-4db9-b854-209ac3e305cc req-a746ed1e-5e96-4db9-b854-209ac3e305cc ] Request (ImagesOneServerTestJSON:setUpClass): 200 GET http://10.180.1.21/identity/v3/roles 0.023s
2025-04-26 01:08:02.622 70507 INFO tempest.lib.common.rest_client [req-1cf0ce05-cabe-4b94-b090-e2838b32eca5 req-1cf0ce05-cabe-4b94-b090-e2838b32eca5 ] Request (ServersTestBootFromVolume:setUpClass): 200 GET http://10.180.1.21/compute/v2.1/servers/0bc3e427-2335-46f3-b311-fa688563fece 0.197s
2025-04-26 01:08:02.635 70511 INFO tempest.lib.common.rest_client [req-b621aabb-20f6-452c-befa-469d8068d80e req-b621aabb-20f6-452c-befa-469d8068d80e ] Request (ImagesOneServerTestJSON:setUpClass): 204 PUT http://10.180.1.21/identity/v3/projects/ed02b6b29be142ce80ea98b67c57a0e9/users/bf2151fd01964e2d8f0a3d0247f0ebf8/roles/f591c89b987b4ea19071db1d48abbf95 0.040s
2025-04-26 01:08:02.635 70511 INFO tempest.lib.common.dynamic_creds [-] Dynamic test user bf2151fd01964e2d8f0a3d0247f0ebf8 is created with scope project and roles: ['member']
2025-04-26 01:08:02.635 70511 INFO tempest.lib.common.dynamic_creds [-] Acquired dynamic creds: credentials: Credentials: {'domain_id': 'default', 'domain_name': 'Default', 'username': 'tempest-ImagesOneServerTestJSON-186778945-project-member', 'project_domain_id': 'default', 'project_domain_name': 'Default', 'project_id': 'ed02b6b29be142ce80ea98b67c57a0e9', 'project_name': 'tempest-ImagesOneServerTestJSON-186778945', 'tenant_id': 'ed02b6b29be142ce80ea98b67c57a0e9', 'tenant_name': 'tempest-ImagesOneServerTestJSON-186778945', 'user_domain_id': 'default', 'user_domain_name': 'Default', 'user_id': 'bf2151fd01964e2d8f0a3d0247f0ebf8', 'system': None}, Network: None, Subnet: None, Router: None
2025-04-26 01:08:02.676 70501 INFO tempest.lib.common.rest_client [req-15e502bc-af4d-48d1-886a-65945c3f149e req-15e502bc-af4d-48d1-886a-65945c3f149e ] Request (ListServerFiltersTestJSON:tearDownClass): 200 GET http://10.180.1.21/compute/v2.1/servers/6750e7b9-6ca1-43a3-933c-516927e52767 0.257s
2025-04-26 01:08:02.699 70513 INFO tempest.lib.common.rest_client [req-f2db6c21-5e0d-450e-85f7-0ca703ffec48 req-f2db6c21-5e0d-450e-85f7-0ca703ffec48 ] Request (ListImageFiltersTestJSON:setUpClass): 200 GET http://10.180.1.21/compute/v2.1/servers/54c6c8cb-a4a7-44f9-b712-7977bfe0c54e 0.196s
2025-04-26 01:08:02.702 70529 INFO tempest.lib.common.rest_client [req-4ec587d8-8557-4628-bc15-e32b097b26c1 req-4ec587d8-8557-4628-bc15-e32b097b26c1 ] Request (ServersTestFqdnHostnames:setUpClass): 201 POST http://10.180.1.21:9696/networking/v2.0/routers 1.450s
2025-04-26 01:08:02.720 70551 INFO tempest.lib.common.rest_client [req-10fd5478-7bbe-47eb-9afd-31af02bb13d9 req-10fd5478-7bbe-47eb-9afd-31af02bb13d9 ] Request (ImagesNegativeTestJSON:tearDownClass): 204 DELETE http://10.180.1.21:9696/networking/v2.0/routers/f776eebf-66b8-4524-9372-c1f2957c0602 0.702s
2025-04-26 01:08:02.725 70511 INFO tempest.lib.common.rest_client [req-9f555400-9581-4ca8-ac49-ac0dc0f22a7d req-9f555400-9581-4ca8-ac49-ac0dc0f22a7d ] Request (ImagesOneServerTestJSON:setUpClass): 201 POST http://10.180.1.21/identity/v3/auth/tokens 0.088s
2025-04-26 01:08:02.727 70559 INFO tempest.lib.common.rest_client [req-66ba86b8-2e68-41a4-a34c-e12bb34f37c4 req-66ba86b8-2e68-41a4-a34c-e12bb34f37c4 ] Request (InstanceActionsNegativeTestJSON:test_get_instance_action_invalid_request): 404 GET http://10.180.1.21/compute/v2.1/servers/1cad8a6b-a8b2-4078-a15b-3b370dd08bf9/os-instance-actions/999 0.169s
2025-04-26 01:08:02.786 70528 INFO tempest.lib.common.rest_client [req-e8a4a758-e6b0-4b26-bce9-bca4ca0f02bf req-e8a4a758-e6b0-4b26-bce9-bca4ca0f02bf ] Request (ServerActionsTestJSON:setUpClass): 200 GET http://10.180.1.21/compute/v2.1/servers/7ac66455-b270-4d41-aef2-63bb5191ecf9 0.205s
2025-04-26 01:08:02.805 70515 INFO tempest.lib.common.rest_client [req-a28c2330-7fce-4dd5-bc06-6aaf96314e1e req-a28c2330-7fce-4dd5-bc06-6aaf96314e1e ] Request (ServersAdminTestJSON:test_create_server_with_scheduling_hint): 200 GET http://10.180.1.21/compute/v2.1/servers/ffd5619f-4fd8-4d3b-a235-74cffa83216d 0.148s
2025-04-26 01:08:02.825 70559 INFO tempest.lib.common.rest_client [req-0727a628-6873-4dde-bf94-618180a4d79a req-0727a628-6873-4dde-bf94-618180a4d79a ] Request (InstanceActionsNegativeTestJSON:test_list_instance_actions_non_existent_server): 404 GET http://10.180.1.21/compute/v2.1/servers/1051b17f-4be1-4180-b02c-6b0bd93cac0e/os-instance-actions 0.094s
2025-04-26 01:08:02.900 70537 WARNING tempest.lib.common.ssh [-] Failed to establish authenticated ssh connection to cirros@10.180.180.232 ([Errno None] Unable to connect to port 22 on 10.180.180.232). Number attempts: 7. Retry after 8 seconds.: paramiko.ssh_exception.NoValidConnectionsError: [Errno None] Unable to connect to port 22 on 10.180.180.232
2025-04-26 01:08:02.911 70521 INFO tempest.lib.common.rest_client [req-2fe3432b-d226-4523-9d18-377b84719741 req-2fe3432b-d226-4523-9d18-377b84719741 ] Request (ServerShowV257Test:test_rebuild_server): 200 GET http://10.180.1.21/compute/v2.1/servers/e94e9694-4aa0-470b-b46b-0c8c93dd3420 0.183s
2025-04-26 01:08:02.923 70521 INFO tempest.common.waiters [-] State transition "REBUILD/rebuild_spawning" ==> "ACTIVE/None" after 10 second wait
2025-04-26 01:08:02.925 70535 INFO tempest.lib.common.rest_client [req-2ac3fe9a-5b1d-4ee0-ba66-0aa3d4ecdce6 req-2ac3fe9a-5b1d-4ee0-ba66-0aa3d4ecdce6 ] Request (FloatingIPsAssociationNegativeTestJSON:tearDownClass): 200 GET http://10.180.1.21/compute/v2.1/servers/2ed0eaf0-eb4a-49fa-af4d-dc960bdef81b 0.138s
2025-04-26 01:08:02.970 70551 INFO tempest.lib.common.rest_client [req-9d2579a9-310c-4e78-be36-0adcd8cf3d7c req-9d2579a9-310c-4e78-be36-0adcd8cf3d7c ] Request (ImagesNegativeTestJSON:tearDownClass): 204 DELETE http://10.180.1.21:9696/networking/v2.0/subnets/7278e328-5a18-4779-afe7-a4ff81913583 0.248s
2025-04-26 01:08:02.979 70503 INFO tempest.lib.common.rest_client [req-bb248c40-3d3b-4341-853d-9f20936cdd8f req-bb248c40-3d3b-4341-853d-9f20936cdd8f ] Request (ImagesOneServerNegativeTestJSON:setUpClass): 200 GET http://10.180.1.21/compute/v2.1/servers/c4022a83-16ef-4d53-8efa-76d794878ed4 0.173s
2025-04-26 01:08:03.060 70517 INFO tempest.lib.common.rest_client [req-76bfe0ae-775e-492c-835e-506c7dfa3552 req-76bfe0ae-775e-492c-835e-506c7dfa3552 ] Request (ServersListShow296Test:test_list_show_update_rebuild_server_296): 200 GET http://10.180.1.21/compute/v2.1/servers/d0b2e7f5-622a-458f-86b2-44a8a6e86e1b 0.203s
2025-04-26 01:08:03.147 70521 INFO tempest.lib.common.rest_client [req-2a7350e0-f952-4ded-a0da-870e82f72cd8 req-2a7350e0-f952-4ded-a0da-870e82f72cd8 ] Request (ServerShowV257Test:tearDownClass): 204 DELETE http://10.180.1.21/compute/v2.1/servers/e94e9694-4aa0-470b-b46b-0c8c93dd3420 0.217s
2025-04-26 01:08:03.199 70511 INFO tempest.lib.common.rest_client [req-978f1aa9-bcff-43c8-93ed-645dc06e9bdd req-978f1aa9-bcff-43c8-93ed-645dc06e9bdd ] Request (ImagesOneServerTestJSON:setUpClass): 201 POST http://10.180.1.21:9696/networking/v2.0/networks 0.474s
2025-04-26 01:08:03.226 70499 INFO tempest.lib.common.rest_client [req-fd8ac669-52c0-4269-a8b8-e8504fecd8c2 req-fd8ac669-52c0-4269-a8b8-e8504fecd8c2 ] Request (ServersAdminNegativeTestJSON:tearDownClass): 200 GET http://10.180.1.21/compute/v2.1/servers/28201572-27d6-494c-a82a-73b22a2a276c 0.275s
2025-04-26 01:08:03.259 70559 INFO tempest.lib.common.rest_client [req-db1c3119-d8a8-40d6-a876-5d68e4dda237 req-db1c3119-d8a8-40d6-a876-5d68e4dda237 ] Request (InstanceActionsNegativeTestJSON:tearDownClass): 204 DELETE http://10.180.1.21/compute/v2.1/servers/1cad8a6b-a8b2-4078-a15b-3b370dd08bf9 0.431s
2025-04-26 01:08:03.421 70511 INFO tempest.lib.common.rest_client [req-f161cb5e-c69d-442f-9637-cdf07b6ececa req-f161cb5e-c69d-442f-9637-cdf07b6ececa ] Request (ImagesOneServerTestJSON:setUpClass): 201 POST http://10.180.1.21:9696/networking/v2.0/subnets 0.221s
2025-04-26 01:08:03.543 70497 INFO tempest.lib.common.rest_client [req-346cde83-31e1-452e-90c3-06e73a8cd7ac req-346cde83-31e1-452e-90c3-06e73a8cd7ac ] Request (ServerRescueNegativeTestJSON:setUpClass): 200 GET http://10.180.1.21/compute/v2.1/servers/af8598b0-ea9e-4751-aebc-414ece12150e 0.509s
2025-04-26 01:08:03.624 70521 INFO tempest.lib.common.rest_client [req-76d5ab7a-fa8b-4d6e-8203-646bcf9abffd req-76d5ab7a-fa8b-4d6e-8203-646bcf9abffd ] Request (ServerShowV257Test:tearDownClass): 200 GET http://10.180.1.21/compute/v2.1/servers/e94e9694-4aa0-470b-b46b-0c8c93dd3420 0.475s
2025-04-26 01:08:03.658 70557 INFO tempest.lib.common.rest_client [req-26e8bd5f-3bd6-40f4-83d2-f62fcb9f15ae req-26e8bd5f-3bd6-40f4-83d2-f62fcb9f15ae ] Request (ServerActionsV293TestJSON:setUpClass): 200 GET http://10.180.1.21/compute/v2.1/servers/6cb69540-1a92-4eff-9c4c-cd8a41516690 0.561s
2025-04-26 01:08:03.677 70557 INFO tempest.common.waiters [-] State transition "BUILD/spawning" ==> "ACTIVE/None" after 40 second wait
2025-04-26 01:08:03.717 70509 INFO tempest.lib.common.rest_client [req-e1e5b9b3-bf9a-49b5-a892-31d6f6db809d req-e1e5b9b3-bf9a-49b5-a892-31d6f6db809d ] Request (ServersAdmin275Test:tearDownClass): 200 GET http://10.180.1.21/compute/v2.1/servers/34212518-eb14-4da3-913a-9c68b5f5e353 0.520s
2025-04-26 01:08:03.826 70551 INFO tempest.lib.common.rest_client [req-4d145420-e41e-4f11-836d-53528c54c37a req-4d145420-e41e-4f11-836d-53528c54c37a ] Request (ImagesNegativeTestJSON:tearDownClass): 204 DELETE http://10.180.1.21:9696/networking/v2.0/networks/b6d4639b-1b6a-4c93-8a56-f52515e4d8cc 0.856s
2025-04-26 01:08:03.854 70531 INFO tempest.lib.common.rest_client [req-df55e68c-8a3e-4a2d-bbb0-877a6a1d589c req-df55e68c-8a3e-4a2d-bbb0-877a6a1d589c ] Request (MigrationsAdminTest:test_list_migrations_in_flavor_resize_situation): 200 GET http://10.180.1.21/compute/v2.1/servers/0c653c24-61a2-468d-bcc6-112e95d6368a 0.643s
2025-04-26 01:08:03.934 70547 INFO tempest.lib.common.rest_client [req-c73d2f71-a5fb-4407-ae25-98fb017862c5 req-c73d2f71-a5fb-4407-ae25-98fb017862c5 ] Request (ServerPasswordTestJSON:setUpClass): 200 GET http://10.180.1.21/compute/v2.1/servers/e1e494d0-aba4-4254-b4c7-14d56d79c336 0.663s
2025-04-26 01:08:03.939 70559 INFO tempest.lib.common.rest_client [req-50206c0c-55ef-46c3-bfb8-a5d4b7adf21b req-50206c0c-55ef-46c3-bfb8-a5d4b7adf21b ] Request (InstanceActionsNegativeTestJSON:tearDownClass): 200 GET http://10.180.1.21/compute/v2.1/servers/1cad8a6b-a8b2-4078-a15b-3b370dd08bf9 0.678s
2025-04-26 01:08:03.940 70551 INFO tempest.lib.common.rest_client [req-2a0fae3f-26bc-47c5-9f12-ca770a0cd229 req-2a0fae3f-26bc-47c5-9f12-ca770a0cd229 ] Request (ImagesNegativeTestJSON:tearDownClass): 204 DELETE http://10.180.1.21/identity/v3/users/5b3bbb2f191d4a4d80fbba28ba1e0059 0.113s
2025-04-26 01:08:03.941 70551 INFO tempest.lib.common.dynamic_creds [-] Deleting project and security group for project: e42f73f7a30647879f5f2a46720c66d1
2025-04-26 01:08:03.988 70551 INFO tempest.lib.common.rest_client [req-c1d915fa-1262-4ca5-827a-ca9178a6d9ed req-c1d915fa-1262-4ca5-827a-ca9178a6d9ed ] Request (ImagesNegativeTestJSON:tearDownClass): 200 GET http://10.180.1.21:9696/networking/v2.0/security-groups?tenant_id=e42f73f7a30647879f5f2a46720c66d1&name=default 0.047s
2025-04-26 01:08:04.002 70523 INFO tempest.lib.common.rest_client [req-c28b2110-f087-4a13-be8d-87ddb4ae1409 req-c28b2110-f087-4a13-be8d-87ddb4ae1409 ] Request (ServerDiagnosticsV248Test:test_get_server_diagnostics): 200 GET http://10.180.1.21/compute/v2.1/servers/575326a8-9704-4f18-9488-0f9357a05860 0.674s
2025-04-26 01:08:04.019 70543 INFO tempest.lib.common.rest_client [req-993b0989-c0df-4036-bda8-2d26a6e43d36 req-993b0989-c0df-4036-bda8-2d26a6e43d36 ] Request (ServersListShow298Test:tearDownClass): 200 GET http://10.180.1.21/compute/v2.1/servers/ed5faa43-07dd-4a5c-bd7c-022867ac115f 0.727s
2025-04-26 01:08:04.063 70525 INFO tempest.lib.common.rest_client [req-29403a5a-5095-4ae6-9e0b-eb7ee910d29e req-29403a5a-5095-4ae6-9e0b-eb7ee910d29e ] Request (FloatingIPsAssociationTestJSON:setUpClass): 200 GET http://10.180.1.21/compute/v2.1/servers/0a47c5bb-e901-4095-984a-c52b1ee873d2 0.709s
2025-04-26 01:08:04.111 70551 INFO tempest.lib.common.rest_client [req-61ab9ca5-1828-4c25-b907-84bf75b02650 req-61ab9ca5-1828-4c25-b907-84bf75b02650 ] Request (ImagesNegativeTestJSON:tearDownClass): 204 DELETE http://10.180.1.21:9696/networking/v2.0/security-groups/57156c34-df29-46b4-b2fb-ef68c49e8db0 0.123s
2025-04-26 01:08:04.114 70519 INFO tempest.lib.common.rest_client [req-793d46a5-9104-459c-a207-ff93074eea6e req-793d46a5-9104-459c-a207-ff93074eea6e ] Request (DeleteServersAdminTestJSON:test_delete_server_while_in_error_state): 200 GET http://10.180.1.21/compute/v2.1/servers/f14f60ae-501b-44b6-a246-63b64a35aaa9 0.718s
2025-04-26 01:08:04.122 70519 INFO tempest.common.waiters [-] State transition "BUILD/scheduling" ==> "BUILD/None" after 22 second wait
2025-04-26 01:08:04.122 70505 INFO tempest.lib.common.rest_client [req-d03e4c61-efcb-4579-8da1-71b25a1e908e req-d03e4c61-efcb-4579-8da1-71b25a1e908e ] Request (AttachInterfacesTestJSON:test_create_list_show_delete_interfaces_by_fixed_ip): 200 GET http://10.180.1.21/compute/v2.1/servers/25461bf2-3b05-45e3-9401-8f440b1e06f3 0.705s
2025-04-26 01:08:04.138 70511 INFO tempest.lib.common.rest_client [req-f202c036-48fe-47df-824f-5330e4020d99 req-f202c036-48fe-47df-824f-5330e4020d99 ] Request (ImagesOneServerTestJSON:setUpClass): 201 POST http://10.180.1.21:9696/networking/v2.0/routers 0.716s
2025-04-26 01:08:04.189 70539 INFO tempest.lib.common.rest_client [req-72925c50-61b5-4f4c-ab99-d29c1a2c77b2 req-72925c50-61b5-4f4c-ab99-d29c1a2c77b2 ] Request (ServerShowV247Test:test_update_rebuild_list_server): 200 GET http://10.180.1.21/compute/v2.1/servers/59d02e38-bd37-49eb-977c-577df91eb2e6 0.665s
2025-04-26 01:08:04.194 70507 INFO tempest.lib.common.rest_client [req-11996a0c-be9b-4f1c-975f-e374d73d36d1 req-11996a0c-be9b-4f1c-975f-e374d73d36d1 ] Request (ServersTestBootFromVolume:setUpClass): 200 GET http://10.180.1.21/compute/v2.1/servers/0bc3e427-2335-46f3-b311-fa688563fece 0.556s
2025-04-26 01:08:04.200 70539 INFO tempest.common.waiters [-] State transition "BUILD/None" ==> "BUILD/networking" after 39 second wait
2025-04-26 01:08:04.246 70551 INFO tempest.lib.common.rest_client [req-2139b2e7-3b0b-49f5-9e47-1f81145e03cc req-2139b2e7-3b0b-49f5-9e47-1f81145e03cc ] Request (ImagesNegativeTestJSON:tearDownClass): 204 DELETE http://10.180.1.21/identity/v3/projects/e42f73f7a30647879f5f2a46720c66d1 0.135s
2025-04-26 01:08:04.286 70501 INFO tempest.lib.common.rest_client [req-e964ef2b-ec11-4f6b-a884-9e3dbad1623f req-e964ef2b-ec11-4f6b-a884-9e3dbad1623f ] Request (ListServerFiltersTestJSON:tearDownClass): 200 GET http://10.180.1.21/compute/v2.1/servers/6750e7b9-6ca1-43a3-933c-516927e52767 0.596s
2025-04-26 01:08:04.305 70557 INFO tempest.lib.common.rest_client [req-b37f8f29-2880-49ea-b5c4-71a1f884a313 req-b37f8f29-2880-49ea-b5c4-71a1f884a313 ] Request (ServerActionsV293TestJSON:setUpClass): 200 GET http://10.180.1.21/compute/v2.1/servers/6cb69540-1a92-4eff-9c4c-cd8a41516690/os-interface 0.628s
2025-04-26 01:08:04.329 70551 INFO tempest.lib.common.rest_client [req-26a9a722-ea34-4df4-8a2c-8aefd721afdd req-26a9a722-ea34-4df4-8a2c-8aefd721afdd ] Request (ServersTestMultiNic:setUpClass): 201 POST http://10.180.1.21/identity/v3/auth/tokens 0.081s
2025-04-26 01:08:04.378 70551 INFO tempest.lib.common.rest_client [req-417868b7-2b86-462e-b8b3-21fa1ebd1bda req-417868b7-2b86-462e-b8b3-21fa1ebd1bda ] Request (ServersTestMultiNic:setUpClass): 201 POST http://10.180.1.21/identity/v3/auth/tokens 0.043s
2025-04-26 01:08:04.392 70528 INFO tempest.lib.common.rest_client [req-c4db6eda-39d4-4801-befd-1eac649cd268 req-c4db6eda-39d4-4801-befd-1eac649cd268 ] Request (ServerActionsTestJSON:setUpClass): 200 GET http://10.180.1.21/compute/v2.1/servers/7ac66455-b270-4d41-aef2-63bb5191ecf9 0.597s
2025-04-26 01:08:04.398 70513 INFO tempest.lib.common.rest_client [req-805fe06f-f650-4035-a0fa-3bc90b0ea1ff req-805fe06f-f650-4035-a0fa-3bc90b0ea1ff ] Request (ListImageFiltersTestJSON:setUpClass): 200 GET http://10.180.1.21/compute/v2.1/servers/54c6c8cb-a4a7-44f9-b712-7977bfe0c54e 0.688s
2025-04-26 01:08:04.430 70551 INFO tempest.lib.common.rest_client [req-c9e022b5-f423-46db-a329-bb17e9ec81cd req-c9e022b5-f423-46db-a329-bb17e9ec81cd ] Request (ServersTestMultiNic:setUpClass): 200 GET http://10.180.1.21/identity/v3/domains?name=Default 0.052s
2025-04-26 01:08:04.465 70535 INFO tempest.lib.common.rest_client [req-9721864d-070d-4008-bdc4-935c353d5064 req-9721864d-070d-4008-bdc4-935c353d5064 ] Request (FloatingIPsAssociationNegativeTestJSON:tearDownClass): 200 GET http://10.180.1.21/compute/v2.1/servers/2ed0eaf0-eb4a-49fa-af4d-dc960bdef81b 0.530s
2025-04-26 01:08:04.465 70515 INFO tempest.lib.common.rest_client [req-457f4764-f06d-4de2-b890-5c153d4cca72 req-457f4764-f06d-4de2-b890-5c153d4cca72 ] Request (ServersAdminTestJSON:test_create_server_with_scheduling_hint): 200 GET http://10.180.1.21/compute/v2.1/servers/ffd5619f-4fd8-4d3b-a235-74cffa83216d 0.649s
2025-04-26 01:08:04.469 70551 INFO tempest.lib.common.rest_client [req-513a1b94-4ecd-4410-8c0c-81fc3ccb59ee req-513a1b94-4ecd-4410-8c0c-81fc3ccb59ee ] Request (ServersTestMultiNic:setUpClass): 201 POST http://10.180.1.21/identity/v3/projects 0.038s
2025-04-26 01:08:04.482 70529 INFO tempest.lib.common.rest_client [req-5d22c03c-1acb-488b-b5fe-3a49e2fa764b req-5d22c03c-1acb-488b-b5fe-3a49e2fa764b ] Request (ServersTestFqdnHostnames:setUpClass): 200 PUT http://10.180.1.21:9696/networking/v2.0/routers/f1b65673-e7c5-44f8-8f7c-543ba089f91f/add_router_interface 1.779s
2025-04-26 01:08:04.482 70529 INFO tempest.lib.common.dynamic_creds [-] Created isolated network resources for: credentials: Credentials: {'domain_id': 'default', 'domain_name': 'Default', 'username': 'tempest-ServersTestFqdnHostnames-730147433-project-member', 'project_domain_id': 'default', 'project_domain_name': 'Default', 'project_id': '8534080420624cb18083179fcbf699a7', 'project_name': 'tempest-ServersTestFqdnHostnames-730147433', 'tenant_id': '8534080420624cb18083179fcbf699a7', 'tenant_name': 'tempest-ServersTestFqdnHostnames-730147433', 'user_domain_id': 'default', 'user_domain_name': 'Default', 'user_id': '8a23f0c4259642d8ad3b4b08a2ada7fe', 'system': None}, Network: {'id': 'a5b45645-7a76-4690-a5c4-a5a4e77845f3', 'name': 'tempest-ServersTestFqdnHostnames-1985984722-network', 'tenant_id': '8534080420624cb18083179fcbf699a7', 'admin_state_up': True, 'mtu': 8950, 'status': 'ACTIVE', 'subnets': [], 'shared': False, 'project_id': '8534080420624cb18083179fcbf699a7', 'port_security_enabled': True, 'router:external': False, 'provider:network_type': 'vlan', 'provider:physical_network': 'default', 'provider:segmentation_id': 887, 'availability_zone_hints': [], 'availability_zones': [], 'ipv4_address_scope': None, 'ipv6_address_scope': None, 'description': '', 'tags': [], 'created_at': '2025-04-26T01:08:01Z', 'updated_at': '2025-04-26T01:08:01Z', 'revision_number': 1}, Subnet: {'id': 'fb862fdd-49f7-401e-a09a-0ec7a74d3062', 'name': 'tempest-ServersTestFqdnHostnames-1985984722-subnet', 'tenant_id': '8534080420624cb18083179fcbf699a7', 'network_id': 'a5b45645-7a76-4690-a5c4-a5a4e77845f3', 'ip_version': 4, 'subnetpool_id': None, 'enable_dhcp': True, 'ipv6_ra_mode': None, 'ipv6_address_mode': None, 'gateway_ip': '192.168.128.1', 'cidr': '192.168.128.0/28', 'allocation_pools': [{'start': '192.168.128.2', 'end': '192.168.128.14'}], 'host_routes': [], 'dns_nameservers': [], 'description': '', 'router:external': False, 'service_types': [], 'tags': [], 'created_at': '2025-04-26T01:08:01Z', 'updated_at': '2025-04-26T01:08:01Z', 'revision_number': 0, 'project_id': '8534080420624cb18083179fcbf699a7'}, Router: {'id': 'f1b65673-e7c5-44f8-8f7c-543ba089f91f', 'name': 'tempest-ServersTestFqdnHostnames-1985984722-router', 'tenant_id': '8534080420624cb18083179fcbf699a7', 'admin_state_up': True, 'status': 'ACTIVE', 'external_gateway_info': {'network_id': '1408e763-5a5e-4e4a-97d9-6d0e0662ee98', 'external_fixed_ips': [{'subnet_id': '4e4f9a9a-02c6-4a99-afa8-f8123a72baef', 'ip_address': '10.180.180.208'}], 'enable_snat': True}, 'description': '', 'availability_zones': [], 'distributed': False, 'ha': False, 'availability_zone_hints': [], 'routes': [], 'flavor_id': None, 'tags': [], 'created_at': '2025-04-26T01:08:01Z', 'updated_at': '2025-04-26T01:08:02Z', 'revision_number': 2, 'project_id': '8534080420624cb18083179fcbf699a7'}
2025-04-26 01:08:04.526 70503 INFO tempest.lib.common.rest_client [req-66addfb4-360d-4204-a106-72e149174068 req-66addfb4-360d-4204-a106-72e149174068 ] Request (ImagesOneServerNegativeTestJSON:setUpClass): 200 GET http://10.180.1.21/compute/v2.1/servers/c4022a83-16ef-4d53-8efa-76d794878ed4 0.537s
2025-04-26 01:08:04.543 70517 INFO tempest.lib.common.rest_client [req-a82ab657-8dd8-4b1f-81a1-b65cebb40fc6 req-a82ab657-8dd8-4b1f-81a1-b65cebb40fc6 ] Request (ServersListShow296Test:test_list_show_update_rebuild_server_296): 200 GET http://10.180.1.21/compute/v2.1/servers/d0b2e7f5-622a-458f-86b2-44a8a6e86e1b 0.466s
2025-04-26 01:08:04.570 70551 INFO tempest.lib.common.rest_client [req-04ab8f94-0583-437b-af11-ebb68ac24bbf req-04ab8f94-0583-437b-af11-ebb68ac24bbf ] Request (ServersTestMultiNic:setUpClass): 201 POST http://10.180.1.21/identity/v3/users 0.101s
2025-04-26 01:08:04.572 70529 INFO tempest.lib.common.rest_client [req-0000eab9-77be-4cf4-a6f3-0e08f799b028 req-0000eab9-77be-4cf4-a6f3-0e08f799b028 ] Request (ServersTestFqdnHostnames:setUpClass): 201 POST http://10.180.1.21/identity/v3/auth/tokens 0.086s
2025-04-26 01:08:04.596 70499 INFO tempest.lib.common.rest_client [req-8553873e-4eab-4454-99f0-bab4e9941c76 req-8553873e-4eab-4454-99f0-bab4e9941c76 ] Request (ServersAdminNegativeTestJSON:tearDownClass): 200 GET http://10.180.1.21/compute/v2.1/servers/28201572-27d6-494c-a82a-73b22a2a276c 0.361s
2025-04-26 01:08:04.603 70551 INFO tempest.lib.common.rest_client [req-4acd20b9-b48a-4df1-be2f-4b75a7ed352c req-4acd20b9-b48a-4df1-be2f-4b75a7ed352c ] Request (ServersTestMultiNic:setUpClass): 200 GET http://10.180.1.21/identity/v3/roles 0.032s
2025-04-26 01:08:04.623 70497 INFO tempest.lib.common.rest_client [req-8cc1afbe-ffca-4438-a62e-e67b7a603200 req-8cc1afbe-ffca-4438-a62e-e67b7a603200 ] Request (ServerRescueNegativeTestJSON:setUpClass): 200 GET http://10.180.1.21/compute/v2.1/servers/af8598b0-ea9e-4751-aebc-414ece12150e 0.070s
2025-04-26 01:08:04.641 70551 INFO tempest.lib.common.rest_client [req-f1c18c32-2eef-4af9-a87e-e18a4da0b6cc req-f1c18c32-2eef-4af9-a87e-e18a4da0b6cc ] Request (ServersTestMultiNic:setUpClass): 204 PUT http://10.180.1.21/identity/v3/projects/d49f1b3699714548a8772cc2c43f4836/users/84f2cf71afae4cfaa34c659e15a2320e/roles/f591c89b987b4ea19071db1d48abbf95 0.037s
2025-04-26 01:08:04.641 70551 INFO tempest.lib.common.dynamic_creds [-] Dynamic test user 84f2cf71afae4cfaa34c659e15a2320e is created with scope project and roles: ['member']
2025-04-26 01:08:04.641 70551 INFO tempest.lib.common.dynamic_creds [-] Acquired dynamic creds: credentials: Credentials: {'domain_id': 'default', 'domain_name': 'Default', 'username': 'tempest-ServersTestMultiNic-1918351972-project-member', 'project_domain_id': 'default', 'project_domain_name': 'Default', 'project_id': 'd49f1b3699714548a8772cc2c43f4836', 'project_name': 'tempest-ServersTestMultiNic-1918351972', 'tenant_id': 'd49f1b3699714548a8772cc2c43f4836', 'tenant_name': 'tempest-ServersTestMultiNic-1918351972', 'user_domain_id': 'default', 'user_domain_name': 'Default', 'user_id': '84f2cf71afae4cfaa34c659e15a2320e', 'system': None}, Network: None, Subnet: None, Router: None
2025-04-26 01:08:04.698 70521 INFO tempest.lib.common.rest_client [req-2230b082-065a-4845-a290-71930c8942d7 req-2230b082-065a-4845-a290-71930c8942d7 ] Request (ServerShowV257Test:tearDownClass): 200 GET http://10.180.1.21/compute/v2.1/servers/e94e9694-4aa0-470b-b46b-0c8c93dd3420 0.064s
2025-04-26 01:08:04.717 70551 INFO tempest.lib.common.rest_client [req-1654e6d0-6293-4352-8a83-04a525bab804 req-1654e6d0-6293-4352-8a83-04a525bab804 ] Request (ServersTestMultiNic:setUpClass): 201 POST http://10.180.1.21/identity/v3/auth/tokens 0.075s
2025-04-26 01:08:04.802 70529 INFO tempest.lib.common.rest_client [req-4320709c-f0ec-48bc-92c3-25dc35b62c8d req-4320709c-f0ec-48bc-92c3-25dc35b62c8d ] Request (ServersTestFqdnHostnames:test_create_server_with_fqdn_name): 200 POST http://10.180.1.21/compute/v2.1/os-keypairs 0.228s
