2025-04-26 12:24:12.216 69493 INFO tempest.lib.common.rest_client [req-dc2eab7a-1fe8-4960-8d2c-4e754239cbfc req-dc2eab7a-1fe8-4960-8d2c-4e754239cbfc ] Request (ServersTestBootFromVolume:setUpClass): 200 GET http://10.180.1.21/volume/v3/volumes/f082f57c-871b-47d7-8d75-13175d577e64 0.039s
2025-04-26 12:24:12.279 69471 INFO tempest.lib.common.rest_client [req-ccb830f7-154b-4586-958d-fbc9cb34dff9 req-ccb830f7-154b-4586-958d-fbc9cb34dff9 ] Request (ServersNegativeTestMultiTenantJSON:setUpClass): 200 GET http://10.180.1.21/compute/v2.1/servers/c1074fc1-c72a-4eae-865a-cd31a20667e2 0.084s
2025-04-26 12:24:12.289 69489 INFO tempest.lib.common.rest_client [req-333fc96b-6076-433c-9127-cae9d07ba597 req-333fc96b-6076-433c-9127-cae9d07ba597 ] Request (ServerRescueTestJSON:setUpClass): 200 GET http://10.180.1.21/compute/v2.1/servers/4f85f88b-4e84-4963-8750-8c17f62af69e 0.156s
2025-04-26 12:24:12.408 69481 INFO tempest.lib.common.rest_client [req-26c18c85-45f6-405c-9c69-019e39f36271 req-26c18c85-45f6-405c-9c69-019e39f36271 ] Request (ServersTestJSON:setUpClass): 200 GET http://10.180.1.21/compute/v2.1/servers/1fae0e2c-fb8d-411b-826e-18cda413b24f 0.194s
2025-04-26 12:24:12.435 69506 INFO tempest.lib.common.rest_client [req-65b8baf0-fe3f-4c03-9597-67f7187eb933 req-65b8baf0-fe3f-4c03-9597-67f7187eb933 ] Request (ImagesOneServerNegativeTestJSON:setUpClass): 200 GET http://10.180.1.21/compute/v2.1/servers/0ea7324d-38d7-432d-b7ce-5c59d42eee6d 0.158s
2025-04-26 12:24:12.446 69506 INFO tempest.common.waiters [-] State transition "BUILD/networking" ==> "BUILD/block_device_mapping" after 41 second wait
2025-04-26 12:24:12.473 69479 INFO tempest.lib.common.rest_client [req-ca56e4f3-217c-4f4b-897e-c057a966d085 req-ca56e4f3-217c-4f4b-897e-c057a966d085 ] Request (ImagesNegativeTestJSON:test_create_image_from_deleted_server): 200 GET http://10.180.1.21/compute/v2.1/servers/795d88ec-e18d-4b16-b23f-2e0d5455e79e 0.135s
2025-04-26 12:24:12.498 69487 INFO tempest.lib.common.rest_client [req-b86e3823-193c-4677-bb6e-cb1d33bd37ce req-b86e3823-193c-4677-bb6e-cb1d33bd37ce ] Request (ServerActionsTestOtherA:test_rebuild_server_in_stop_state): 200 GET http://10.180.1.21/compute/v2.1/servers/ca1b71dc-0931-435e-8848-c7d3391cda32 0.106s
2025-04-26 12:24:12.529 69523 INFO tempest.lib.common.rest_client [req-948e7015-3692-46d9-87fe-4d6b93ab2d0c req-948e7015-3692-46d9-87fe-4d6b93ab2d0c ] Request (ImagesTestJSON:test_create_image_from_stopped_server): 200 GET http://10.180.1.21/compute/v2.1/servers/e1cc2e39-cf2f-487b-a57f-7a4399c8d6f1 0.086s
2025-04-26 12:24:12.676 69495 INFO tempest.lib.common.rest_client [req-20cf8a4f-bd44-4f6e-821b-edd01112b7db req-20cf8a4f-bd44-4f6e-821b-edd01112b7db ] Request (DeleteServersAdminTestJSON:test_delete_server_while_in_error_state): 200 GET http://10.180.1.21/compute/v2.1/servers/a1b743d8-af17-4c36-9e79-ed89e9134705 0.097s
2025-04-26 12:24:12.692 69521 INFO tempest.lib.common.rest_client [req-0c2d6388-4028-44f9-9bf2-d366767cb631 req-0c2d6388-4028-44f9-9bf2-d366767cb631 ] Request (ServersAdminTestJSON:setUpClass): 200 GET http://10.180.1.21/compute/v2.1/servers/6b8edafd-cb4d-4158-8bba-b521fccba8e4 0.053s
2025-04-26 12:24:12.782 69469 INFO tempest.lib.common.rest_client [req-728fa1ce-fe58-4285-ba48-94a7b26d8140 req-728fa1ce-fe58-4285-ba48-94a7b26d8140 ] Request (ServersNegativeTestJSON:setUpClass): 200 GET http://10.180.1.21/compute/v2.1/servers/93436e04-008a-451e-a0ce-1a4ebc1ddd9b 0.052s
2025-04-26 12:24:12.795 69485 INFO tempest.lib.common.rest_client [req-f22b7844-47d9-4b44-8699-02393e9db0cf req-f22b7844-47d9-4b44-8699-02393e9db0cf ] Request (ServersAdminNegativeTestJSON:tearDownClass): 200 GET http://10.180.1.21/compute/v2.1/servers/8cbd7c33-de21-4bb3-a27f-fe2d61c18e32 0.053s
2025-04-26 12:24:12.807 69499 WARNING tempest.lib.common.ssh [-] Failed to establish authenticated ssh connection to cirros@10.180.180.245 ([Errno None] Unable to connect to port 22 on 10.180.180.245). Number attempts: 7. Retry after 8 seconds.: paramiko.ssh_exception.NoValidConnectionsError: [Errno None] Unable to connect to port 22 on 10.180.180.245
2025-04-26 12:24:12.834 69477 INFO tempest.lib.common.rest_client [req-f8e4d5e5-37dc-43d2-b7af-5ab9914fbee0 req-f8e4d5e5-37dc-43d2-b7af-5ab9914fbee0 ] Request (ServerDiagnosticsNegativeTest:test_get_server_diagnostics_by_non_admin): 200 GET http://10.180.1.21/compute/v2.1/servers/b26562ea-4352-445d-9a42-871579a76088 0.045s
2025-04-26 12:24:12.838 69517 INFO tempest.lib.common.rest_client [req-c26d90b1-60f2-4675-9233-0c10b1c64e9b req-c26d90b1-60f2-4675-9233-0c10b1c64e9b ] Request (FloatingIPsAssociationNegativeTestJSON:setUpClass): 200 GET http://10.180.1.21/compute/v2.1/servers/42529ebf-4349-4d54-8ad8-da779bfd9af2 0.048s
2025-04-26 12:24:12.902 69501 INFO tempest.lib.common.rest_client [req-9e04a802-ced1-415b-b0e9-9051dfd45e15 req-9e04a802-ced1-415b-b0e9-9051dfd45e15 ] Request (ServerDiskConfigTestJSON:test_rebuild_server_with_auto_disk_config): 200 GET http://10.180.1.21/compute/v2.1/servers/8afc2d09-29e9-4e5e-a483-8a8f4a2fd298 0.053s
2025-04-26 12:24:12.909 69473 INFO tempest.lib.common.rest_client [req-94eb36f9-d2cb-43f3-a6b0-5b7d7afb7b78 req-94eb36f9-d2cb-43f3-a6b0-5b7d7afb7b78 ] Request (AttachInterfacesV270Test:test_create_get_list_interfaces): 200 GET http://10.180.1.21/compute/v2.1/servers/eb3117db-c8ed-44d8-809f-a1bfdedec373 0.055s
2025-04-26 12:24:13.014 69513 INFO tempest.lib.common.rest_client [req-e5911a5f-125b-46ea-b79d-0633d9efac25 req-e5911a5f-125b-46ea-b79d-0633d9efac25 ] Request (MultipleCreateTestJSON:_run_cleanups): 200 GET http://10.180.1.21/compute/v2.1/servers/f3de78f8-6adc-4a86-9da0-a83b5aa3949c 0.060s
2025-04-26 12:24:13.051 69525 INFO paramiko.transport [-] Connected (version 2.0, client dropbear_2020.81)
2025-04-26 12:24:13.073 69475 INFO tempest.lib.common.rest_client [req-01edbbd2-b34f-4b25-ae70-c6a424b41940 req-01edbbd2-b34f-4b25-ae70-c6a424b41940 ] Request (AttachVolumeTestJSON:test_attach_detach_volume): 200 GET http://10.180.1.21/compute/v2.1/servers/601edb67-4716-4c68-be2d-18285c148e79 0.069s
2025-04-26 12:24:13.110 69491 INFO tempest.lib.common.rest_client [req-3e873c55-43e9-4f37-b63d-91e3aa211808 req-3e873c55-43e9-4f37-b63d-91e3aa211808 ] Request (MigrationsAdminTest:test_list_migrations_in_flavor_resize_situation): 200 GET http://10.180.1.21/compute/v2.1/servers/f503d73d-b6a6-49cb-9c4c-ece76e61ff8e 0.120s
2025-04-26 12:24:13.125 69463 INFO tempest.lib.common.rest_client [req-ce2adaf5-bc59-4035-8820-0d3939301082 req-ce2adaf5-bc59-4035-8820-0d3939301082 ] Request (SecurityGroupsTestJSON:test_list_security_groups_by_server): 200 GET http://10.180.1.21/compute/v2.1/servers/0be21c90-925c-47da-a3e1-93978d98867c 0.081s
2025-04-26 12:24:13.160 69503 INFO tempest.lib.common.rest_client [req-6fb3569f-bc0c-4d44-a158-25c826d9a242 req-6fb3569f-bc0c-4d44-a158-25c826d9a242 ] Request (ImagesOneServerTestJSON:test_create_delete_image): 200 GET http://10.180.1.21/compute/v2.1/images/68db1088-35d1-4285-811e-922ce8b45cda 0.082s
2025-04-26 12:24:13.161 69525 INFO paramiko.transport [-] Authentication (publickey) successful!
2025-04-26 12:24:13.161 69525 INFO tempest.lib.common.ssh [-] ssh connection to cirros@10.180.180.169 successfully created
2025-04-26 12:24:13.173 69465 INFO tempest.lib.common.rest_client [req-8792214a-8b5b-4857-8738-98ff50172421 req-8792214a-8b5b-4857-8738-98ff50172421 ] Request (ListImageFiltersTestJSON:setUpClass): 200 GET http://10.180.1.21/compute/v2.1/servers/00db072e-b278-4803-b7bf-516918f84656 0.109s
2025-04-26 12:24:13.235 69511 INFO tempest.lib.common.rest_client [req-e6e28f73-ed6b-4b48-89fb-394b636b2669 req-e6e28f73-ed6b-4b48-89fb-394b636b2669 ] Request (InstanceActionsTestJSON:setUpClass): 200 GET http://10.180.1.21/compute/v2.1/servers/52ded3f3-e73d-4a27-a464-9493e09b61a1 0.100s
2025-04-26 12:24:13.236 69515 INFO tempest.lib.common.rest_client [req-ae6c2906-8ce6-4f6f-9b27-d5d2ec7d2d27 req-ae6c2906-8ce6-4f6f-9b27-d5d2ec7d2d27 ] Request (ServerDiagnosticsV248Test:tearDownClass): 200 GET http://10.180.1.21/compute/v2.1/servers/882eb1a9-82fc-40dc-ba7b-d3a3cc9d40c6 0.102s
2025-04-26 12:24:13.253 69493 INFO tempest.lib.common.rest_client [req-4fca32ce-65bf-4d4d-9678-b7e8efb3147e req-4fca32ce-65bf-4d4d-9678-b7e8efb3147e ] Request (ServersTestBootFromVolume:setUpClass): 200 GET http://10.180.1.21/volume/v3/volumes/f082f57c-871b-47d7-8d75-13175d577e64 0.027s
2025-04-26 12:24:13.260 69493 INFO tempest.common.waiters [-] volume f082f57c-871b-47d7-8d75-13175d577e64 reached available after waiting for 22.260895 seconds
2025-04-26 12:24:13.314 69525 INFO tempest.lib.common.rest_client [req-9d24aeb8-7f5c-4b04-b134-a38c2bb9fc7d req-9d24aeb8-7f5c-4b04-b134-a38c2bb9fc7d ] Request (VolumesAdminNegativeTest:test_update_attached_volume_with_nonexistent_volume_in_body): 202 POST http://10.180.1.21/volume/v3/volumes 0.152s
2025-04-26 12:24:13.344 69525 INFO tempest.lib.common.rest_client [req-09a76cbb-0fc5-4bef-902b-fc2fa1911a00 req-09a76cbb-0fc5-4bef-902b-fc2fa1911a00 ] Request (VolumesAdminNegativeTest:test_update_attached_volume_with_nonexistent_volume_in_body): 200 GET http://10.180.1.21/volume/v3/volumes/ffb1807c-8b6e-4bd7-a433-e7bc93a8b939 0.023s
2025-04-26 12:24:13.349 69471 INFO tempest.lib.common.rest_client [req-a7677bd1-aee4-4eae-baf6-fb5c47834409 req-a7677bd1-aee4-4eae-baf6-fb5c47834409 ] Request (ServersNegativeTestMultiTenantJSON:setUpClass): 200 GET http://10.180.1.21/compute/v2.1/servers/c1074fc1-c72a-4eae-865a-cd31a20667e2 0.055s
2025-04-26 12:24:13.457 69489 INFO tempest.lib.common.rest_client [req-8df48e09-8001-4cc9-8d66-43aba1a6efc1 req-8df48e09-8001-4cc9-8d66-43aba1a6efc1 ] Request (ServerRescueTestJSON:setUpClass): 200 GET http://10.180.1.21/compute/v2.1/servers/4f85f88b-4e84-4963-8750-8c17f62af69e 0.158s
2025-04-26 12:24:13.465 69489 INFO tempest.common.waiters [-] State transition "ACTIVE/rescuing" ==> "RESCUE/None" after 10 second wait
2025-04-26 12:24:13.548 69489 INFO tempest.lib.common.rest_client [req-d882bd80-31d0-44c9-b20f-c376220f4327 req-d882bd80-31d0-44c9-b20f-c376220f4327 ] Request (ServerRescueTestJSON:test_rescue_unrescue_instance): 201 POST http://10.180.1.21/identity/v3/auth/tokens 0.078s
2025-04-26 12:24:13.548 69489 INFO tempest.lib.common.fixed_network [-] (ServerRescueTestJSON:test_rescue_unrescue_instance) Found network {'id': '930f2715-64e6-4a3b-b684-9b507eba82ae', 'name': 'tempest-ServerRescueTestJSON-410407698-network', 'tenant_id': 'fc2bc0efaf0a49039fc066abcc953317', 'admin_state_up': True, 'mtu': 8950, 'status': 'ACTIVE', 'subnets': [], 'shared': False, 'project_id': 'fc2bc0efaf0a49039fc066abcc953317', 'port_security_enabled': True, 'router:external': False, 'provider:network_type': 'vlan', 'provider:physical_network': 'default', 'provider:segmentation_id': 902, 'availability_zone_hints': [], 'availability_zones': [], 'ipv4_address_scope': None, 'ipv6_address_scope': None, 'description': '', 'tags': [], 'created_at': '2025-04-26T12:23:08Z', 'updated_at': '2025-04-26T12:23:08Z', 'revision_number': 1} available for tenant
2025-04-26 12:24:13.593 69481 INFO tempest.lib.common.rest_client [req-74a52b2c-dd87-4156-972f-d73fbc5181e8 req-74a52b2c-dd87-4156-972f-d73fbc5181e8 ] Request (ServersTestJSON:setUpClass): 200 GET http://10.180.1.21/compute/v2.1/servers/1fae0e2c-fb8d-411b-826e-18cda413b24f 0.170s
2025-04-26 12:24:13.600 69481 INFO tempest.common.waiters [-] State transition "BUILD/spawning" ==> "ACTIVE/None" after 45 second wait
2025-04-26 12:24:13.697 69506 INFO tempest.lib.common.rest_client [req-6461a220-5959-4ac8-bc97-adc2ca8f73c0 req-6461a220-5959-4ac8-bc97-adc2ca8f73c0 ] Request (ImagesOneServerNegativeTestJSON:setUpClass): 200 GET http://10.180.1.21/compute/v2.1/servers/0ea7324d-38d7-432d-b7ce-5c59d42eee6d 0.249s
2025-04-26 12:24:13.704 69506 INFO tempest.common.waiters [-] State transition "BUILD/block_device_mapping" ==> "BUILD/spawning" after 42 second wait
2025-04-26 12:24:13.745 69479 INFO tempest.lib.common.rest_client [req-01b67029-f4ea-4283-82d2-d6c66bc59e48 req-01b67029-f4ea-4283-82d2-d6c66bc59e48 ] Request (ImagesNegativeTestJSON:test_create_image_from_deleted_server): 200 GET http://10.180.1.21/compute/v2.1/servers/795d88ec-e18d-4b16-b23f-2e0d5455e79e 0.260s
2025-04-26 12:24:13.794 69487 INFO tempest.lib.common.rest_client [req-95e0c65f-fb12-494b-9f58-e75466690357 req-95e0c65f-fb12-494b-9f58-e75466690357 ] Request (ServerActionsTestOtherA:test_rebuild_server_in_stop_state): 200 GET http://10.180.1.21/compute/v2.1/servers/ca1b71dc-0931-435e-8848-c7d3391cda32 0.288s
2025-04-26 12:24:13.840 69523 INFO tempest.lib.common.rest_client [req-36e67590-26a1-43d0-8353-12db2de7031b req-36e67590-26a1-43d0-8353-12db2de7031b ] Request (ImagesTestJSON:test_create_image_from_stopped_server): 200 GET http://10.180.1.21/compute/v2.1/servers/e1cc2e39-cf2f-487b-a57f-7a4399c8d6f1 0.302s
2025-04-26 12:24:13.854 69493 INFO tempest.lib.common.rest_client [req-8bcd6408-afde-4b03-8f14-b8e0c968ffd4 req-8bcd6408-afde-4b03-8f14-b8e0c968ffd4 ] Request (ServersTestBootFromVolume:setUpClass): 202 POST http://10.180.1.21/compute/v2.1/servers 0.592s
2025-04-26 12:24:13.915 69481 INFO tempest.lib.common.rest_client [req-3a0378cf-9425-4d29-b822-7a1d563edfde req-3a0378cf-9425-4d29-b822-7a1d563edfde ] Request (ServersTestJSON:setUpClass): 200 GET http://10.180.1.21/compute/v2.1/servers/1fae0e2c-fb8d-411b-826e-18cda413b24f/os-interface 0.314s
2025-04-26 12:24:14.055 69495 INFO tempest.lib.common.rest_client [req-d55f8ef9-37d1-4133-af34-fdc916f05835 req-d55f8ef9-37d1-4133-af34-fdc916f05835 ] Request (DeleteServersAdminTestJSON:test_delete_server_while_in_error_state): 200 GET http://10.180.1.21/compute/v2.1/servers/a1b743d8-af17-4c36-9e79-ed89e9134705 0.371s
2025-04-26 12:24:14.093 69489 INFO tempest.lib.common.rest_client [req-f18f1a66-06c2-4b7a-b660-cc874748c254 req-f18f1a66-06c2-4b7a-b660-cc874748c254 ] Request (ServerRescueTestJSON:test_rescue_unrescue_instance): 202 POST http://10.180.1.21/compute/v2.1/servers 0.544s
2025-04-26 12:24:14.110 69521 INFO tempest.lib.common.rest_client [req-5dc89edd-51c6-446c-b132-961b627a4d60 req-5dc89edd-51c6-446c-b132-961b627a4d60 ] Request (ServersAdminTestJSON:setUpClass): 200 GET http://10.180.1.21/compute/v2.1/servers/6b8edafd-cb4d-4158-8bba-b521fccba8e4 0.409s
2025-04-26 12:24:14.152 69469 INFO tempest.lib.common.rest_client [req-7e1a7234-63f1-46a4-9953-6601191cd5ce req-7e1a7234-63f1-46a4-9953-6601191cd5ce ] Request (ServersNegativeTestJSON:setUpClass): 200 GET http://10.180.1.21/compute/v2.1/servers/93436e04-008a-451e-a0ce-1a4ebc1ddd9b 0.362s
2025-04-26 12:24:14.172 69485 INFO tempest.lib.common.rest_client [req-ab838c93-4c76-4c14-835c-dece24106cf4 req-ab838c93-4c76-4c14-835c-dece24106cf4 ] Request (ServersAdminNegativeTestJSON:tearDownClass): 200 GET http://10.180.1.21/compute/v2.1/servers/8cbd7c33-de21-4bb3-a27f-fe2d61c18e32 0.369s
2025-04-26 12:24:14.210 69477 INFO tempest.lib.common.rest_client [req-dcecb733-722d-418e-bf58-198a5244d8e8 req-dcecb733-722d-418e-bf58-198a5244d8e8 ] Request (ServerDiagnosticsNegativeTest:test_get_server_diagnostics_by_non_admin): 200 GET http://10.180.1.21/compute/v2.1/servers/b26562ea-4352-445d-9a42-871579a76088 0.367s
2025-04-26 12:24:14.216 69498 WARNING tempest.lib.common.ssh [-] Failed to establish authenticated ssh connection to cirros@10.180.180.203 ([Errno None] Unable to connect to port 22 on 10.180.180.203). Number attempts: 1. Retry after 2 seconds.: paramiko.ssh_exception.NoValidConnectionsError: [Errno None] Unable to connect to port 22 on 10.180.180.203
2025-04-26 12:24:14.253 69517 INFO tempest.lib.common.rest_client [req-3d0b6c32-2d97-4d58-903e-8272ce2ee8f5 req-3d0b6c32-2d97-4d58-903e-8272ce2ee8f5 ] Request (FloatingIPsAssociationNegativeTestJSON:setUpClass): 200 GET http://10.180.1.21/compute/v2.1/servers/42529ebf-4349-4d54-8ad8-da779bfd9af2 0.406s
2025-04-26 12:24:14.254 69493 INFO tempest.lib.common.rest_client [req-6e3e3d80-68da-420c-992f-f9cac630dcbb req-6e3e3d80-68da-420c-992f-f9cac630dcbb ] Request (ServersTestBootFromVolume:setUpClass): 200 GET http://10.180.1.21/compute/v2.1/servers/cb7ae2c4-3eef-4254-af3a-3a5de42222d6 0.399s
2025-04-26 12:24:14.303 69501 INFO tempest.lib.common.rest_client [req-d15d0e92-13a0-4fc3-afd9-5518a5c471a0 req-d15d0e92-13a0-4fc3-afd9-5518a5c471a0 ] Request (ServerDiskConfigTestJSON:test_rebuild_server_with_auto_disk_config): 200 GET http://10.180.1.21/compute/v2.1/servers/8afc2d09-29e9-4e5e-a483-8a8f4a2fd298 0.384s
2025-04-26 12:24:14.344 69508 WARNING tempest.lib.common.ssh [-] Failed to establish authenticated ssh connection to cirros@10.180.180.247 ([Errno None] Unable to connect to port 22 on 10.180.180.247). Number attempts: 3. Retry after 4 seconds.: paramiko.ssh_exception.NoValidConnectionsError: [Errno None] Unable to connect to port 22 on 10.180.180.247
2025-04-26 12:24:14.353 69473 INFO tempest.lib.common.rest_client [req-a5f56a55-aa26-49d9-90d0-76ec780694c7 req-a5f56a55-aa26-49d9-90d0-76ec780694c7 ] Request (AttachInterfacesV270Test:test_create_get_list_interfaces): 200 GET http://10.180.1.21/compute/v2.1/servers/eb3117db-c8ed-44d8-809f-a1bfdedec373 0.432s
2025-04-26 12:24:14.367 69513 INFO tempest.lib.common.rest_client [req-9427361d-f8bd-4597-b9b8-a73b45f51b65 req-9427361d-f8bd-4597-b9b8-a73b45f51b65 ] Request (MultipleCreateTestJSON:_run_cleanups): 200 GET http://10.180.1.21/compute/v2.1/servers/f3de78f8-6adc-4a86-9da0-a83b5aa3949c 0.338s
2025-04-26 12:24:14.399 69525 INFO tempest.lib.common.rest_client [req-306e5e3c-25e6-4f36-a2d1-7f9866bfab03 req-306e5e3c-25e6-4f36-a2d1-7f9866bfab03 ] Request (VolumesAdminNegativeTest:test_update_attached_volume_with_nonexistent_volume_in_body): 200 GET http://10.180.1.21/volume/v3/volumes/ffb1807c-8b6e-4bd7-a433-e7bc93a8b939 0.047s
2025-04-26 12:24:14.405 69525 INFO tempest.common.waiters [-] volume ffb1807c-8b6e-4bd7-a433-e7bc93a8b939 reached available after waiting for 1.405890 seconds
2025-04-26 12:24:14.416 69489 INFO tempest.lib.common.rest_client [req-0252f6eb-334a-4d8c-977a-0170667ac552 req-0252f6eb-334a-4d8c-977a-0170667ac552 ] Request (ServerRescueTestJSON:test_rescue_unrescue_instance): 200 GET http://10.180.1.21/compute/v2.1/servers/e9e7d775-f6be-484c-ae78-4d3bb64c3fa7 0.321s
2025-04-26 12:24:14.424 69475 INFO tempest.lib.common.rest_client [req-016baad3-cdb6-4820-bd8d-c1a3d4d99b4a req-016baad3-cdb6-4820-bd8d-c1a3d4d99b4a ] Request (AttachVolumeTestJSON:test_attach_detach_volume): 200 GET http://10.180.1.21/compute/v2.1/servers/601edb67-4716-4c68-be2d-18285c148e79 0.343s
2025-04-26 12:24:14.500 69463 INFO tempest.lib.common.rest_client [req-bcf9b509-6a71-4622-9757-bbd3b9d8c0fa req-bcf9b509-6a71-4622-9757-bbd3b9d8c0fa ] Request (SecurityGroupsTestJSON:test_list_security_groups_by_server): 200 GET http://10.180.1.21/compute/v2.1/servers/0be21c90-925c-47da-a3e1-93978d98867c 0.365s
2025-04-26 12:24:14.519 69491 INFO tempest.lib.common.rest_client [req-f4ab25b7-1eff-4e15-87ab-b2305f95382a req-f4ab25b7-1eff-4e15-87ab-b2305f95382a ] Request (MigrationsAdminTest:test_list_migrations_in_flavor_resize_situation): 200 GET http://10.180.1.21/compute/v2.1/servers/f503d73d-b6a6-49cb-9c4c-ece76e61ff8e 0.402s
2025-04-26 12:24:14.531 69491 INFO tempest.common.waiters [-] State transition "RESIZE/resize_migrating" ==> "RESIZE/resize_migrated" after 36 second wait
2025-04-26 12:24:14.543 69503 INFO tempest.lib.common.rest_client [req-6c69aa57-7d57-40d8-9094-1332954c806c req-6c69aa57-7d57-40d8-9094-1332954c806c ] Request (ImagesOneServerTestJSON:test_create_delete_image): 200 GET http://10.180.1.21/compute/v2.1/images/68db1088-35d1-4285-811e-922ce8b45cda 0.378s
2025-04-26 12:24:14.577 69465 INFO tempest.lib.common.rest_client [req-179ae755-1205-4ec4-8f7e-b35892601ef3 req-179ae755-1205-4ec4-8f7e-b35892601ef3 ] Request (ListImageFiltersTestJSON:setUpClass): 200 GET http://10.180.1.21/compute/v2.1/servers/00db072e-b278-4803-b7bf-516918f84656 0.393s
2025-04-26 12:24:14.628 69511 INFO tempest.lib.common.rest_client [req-40137701-c84c-42f5-ab2a-6241c98f7881 req-40137701-c84c-42f5-ab2a-6241c98f7881 ] Request (InstanceActionsTestJSON:setUpClass): 200 GET http://10.180.1.21/compute/v2.1/servers/52ded3f3-e73d-4a27-a464-9493e09b61a1 0.384s
2025-04-26 12:24:14.638 69515 INFO tempest.lib.common.rest_client [req-4b6a8e2b-4832-42f8-b6fc-fbbd08f676b6 req-4b6a8e2b-4832-42f8-b6fc-fbbd08f676b6 ] Request (ServerDiagnosticsV248Test:tearDownClass): 200 GET http://10.180.1.21/compute/v2.1/servers/882eb1a9-82fc-40dc-ba7b-d3a3cc9d40c6 0.391s
2025-04-26 12:24:14.695 69471 INFO tempest.lib.common.rest_client [req-2c4ea6bf-e9fa-4fe5-a173-dacd47ec970b req-2c4ea6bf-e9fa-4fe5-a173-dacd47ec970b ] Request (ServersNegativeTestMultiTenantJSON:setUpClass): 200 GET http://10.180.1.21/compute/v2.1/servers/c1074fc1-c72a-4eae-865a-cd31a20667e2 0.330s
2025-04-26 12:24:14.700 69481 INFO tempest.lib.common.rest_client [req-e7f91cbf-3c61-491e-9f02-5124f37ac1fc req-e7f91cbf-3c61-491e-9f02-5124f37ac1fc ] Request (ServersTestJSON:setUpClass): 200 PUT http://10.180.1.21:9696/networking/v2.0/floatingips/dff991d5-e7b6-42c8-9271-64c94b5ff53f 0.782s
2025-04-26 12:24:15.083 69481 INFO tempest.lib.common.rest_client [req-4a256223-f49a-4d09-86ca-7da66e6bb3dc req-4a256223-f49a-4d09-86ca-7da66e6bb3dc ] Request (ServersTestJSON:setUpClass): 200 GET http://10.180.1.21/compute/v2.1/servers/1fae0e2c-fb8d-411b-826e-18cda413b24f 0.382s
2025-04-26 12:24:15.097 69481 INFO tempest.lib.common.ssh [-] Creating ssh connection to '10.180.180.228:22' as 'cirros' with public key authentication
2025-04-26 12:24:15.270 69506 INFO tempest.lib.common.rest_client [req-7ef11fa9-8e4e-4b55-b546-a81df852f024 req-7ef11fa9-8e4e-4b55-b546-a81df852f024 ] Request (ImagesOneServerNegativeTestJSON:setUpClass): 200 GET http://10.180.1.21/compute/v2.1/servers/0ea7324d-38d7-432d-b7ce-5c59d42eee6d 0.565s
2025-04-26 12:24:15.360 69479 INFO tempest.lib.common.rest_client [req-8b116133-ec7e-4f3c-945d-d0654390533b req-8b116133-ec7e-4f3c-945d-d0654390533b ] Request (ImagesNegativeTestJSON:test_create_image_from_deleted_server): 200 GET http://10.180.1.21/compute/v2.1/servers/795d88ec-e18d-4b16-b23f-2e0d5455e79e 0.605s
2025-04-26 12:24:15.418 69487 INFO tempest.lib.common.rest_client [req-ad54ca93-24d6-44b8-8b49-ce0e4caca1f0 req-ad54ca93-24d6-44b8-8b49-ce0e4caca1f0 ] Request (ServerActionsTestOtherA:test_rebuild_server_in_stop_state): 200 GET http://10.180.1.21/compute/v2.1/servers/ca1b71dc-0931-435e-8848-c7d3391cda32 0.614s
2025-04-26 12:24:15.480 69523 INFO tempest.lib.common.rest_client [req-3a59b5c0-f716-4d48-b4fd-3ad82669e598 req-3a59b5c0-f716-4d48-b4fd-3ad82669e598 ] Request (ImagesTestJSON:test_create_image_from_stopped_server): 200 GET http://10.180.1.21/compute/v2.1/servers/e1cc2e39-cf2f-487b-a57f-7a4399c8d6f1 0.631s
2025-04-26 12:24:15.489 69523 INFO tempest.common.waiters [-] State transition "BUILD/scheduling" ==> "BUILD/None" after 19 second wait
2025-04-26 12:24:15.672 69495 INFO tempest.lib.common.rest_client [req-e0800bf3-0ccd-41da-884e-320174a38cbd req-e0800bf3-0ccd-41da-884e-320174a38cbd ] Request (DeleteServersAdminTestJSON:test_delete_server_while_in_error_state): 200 GET http://10.180.1.21/compute/v2.1/servers/a1b743d8-af17-4c36-9e79-ed89e9134705 0.609s
2025-04-26 12:24:15.730 69521 INFO tempest.lib.common.rest_client [req-c3ad5f23-b1a8-41c0-8ae9-9585b97dd80d req-c3ad5f23-b1a8-41c0-8ae9-9585b97dd80d ] Request (ServersAdminTestJSON:setUpClass): 200 GET http://10.180.1.21/compute/v2.1/servers/6b8edafd-cb4d-4158-8bba-b521fccba8e4 0.607s
2025-04-26 12:24:15.799 69469 INFO tempest.lib.common.rest_client [req-ca8596f8-459c-42e7-b6dc-6589438aea7d req-ca8596f8-459c-42e7-b6dc-6589438aea7d ] Request (ServersNegativeTestJSON:setUpClass): 200 GET http://10.180.1.21/compute/v2.1/servers/93436e04-008a-451e-a0ce-1a4ebc1ddd9b 0.633s
2025-04-26 12:24:15.853 69485 INFO tempest.lib.common.rest_client [req-ded7d90f-41b3-4b28-92da-4b78e0287ba8 req-ded7d90f-41b3-4b28-92da-4b78e0287ba8 ] Request (ServersAdminNegativeTestJSON:tearDownClass): 200 GET http://10.180.1.21/compute/v2.1/servers/8cbd7c33-de21-4bb3-a27f-fe2d61c18e32 0.666s
2025-04-26 12:24:15.900 69477 INFO tempest.lib.common.rest_client [req-a3db830c-2d81-43d4-a9f3-b66e08d23267 req-a3db830c-2d81-43d4-a9f3-b66e08d23267 ] Request (ServerDiagnosticsNegativeTest:test_get_server_diagnostics_by_non_admin): 200 GET http://10.180.1.21/compute/v2.1/servers/b26562ea-4352-445d-9a42-871579a76088 0.680s
2025-04-26 12:24:15.946 69493 INFO tempest.lib.common.rest_client [req-c46b501c-43ea-4daa-8e3d-19cb6fb2b10e req-c46b501c-43ea-4daa-8e3d-19cb6fb2b10e ] Request (ServersTestBootFromVolume:setUpClass): 200 GET http://10.180.1.21/compute/v2.1/servers/cb7ae2c4-3eef-4254-af3a-3a5de42222d6 0.682s
2025-04-26 12:24:15.994 69517 INFO tempest.lib.common.rest_client [req-d19e116e-bb5f-4ec6-ad0c-900ed6514c22 req-d19e116e-bb5f-4ec6-ad0c-900ed6514c22 ] Request (FloatingIPsAssociationNegativeTestJSON:setUpClass): 200 GET http://10.180.1.21/compute/v2.1/servers/42529ebf-4349-4d54-8ad8-da779bfd9af2 0.729s
2025-04-26 12:24:16.040 69501 INFO tempest.lib.common.rest_client [req-bca895c2-7e02-4806-b386-d204cd0de9fb req-bca895c2-7e02-4806-b386-d204cd0de9fb ] Request (ServerDiskConfigTestJSON:test_rebuild_server_with_auto_disk_config): 200 GET http://10.180.1.21/compute/v2.1/servers/8afc2d09-29e9-4e5e-a483-8a8f4a2fd298 0.726s
2025-04-26 12:24:16.090 69473 INFO tempest.lib.common.rest_client [req-379a50a8-a554-4cea-861e-3879bbbe5d28 req-379a50a8-a554-4cea-861e-3879bbbe5d28 ] Request (AttachInterfacesV270Test:test_create_get_list_interfaces): 200 GET http://10.180.1.21/compute/v2.1/servers/eb3117db-c8ed-44d8-809f-a1bfdedec373 0.717s
2025-04-26 12:24:16.144 69513 INFO tempest.lib.common.rest_client [req-3e5cd459-394d-41f8-9bcd-e3a0763a74b7 req-3e5cd459-394d-41f8-9bcd-e3a0763a74b7 ] Request (MultipleCreateTestJSON:_run_cleanups): 200 GET http://10.180.1.21/compute/v2.1/servers/f3de78f8-6adc-4a86-9da0-a83b5aa3949c 0.763s
2025-04-26 12:24:16.197 69489 INFO tempest.lib.common.rest_client [req-82a87722-d2e9-42ea-a938-797a60f2ccff req-82a87722-d2e9-42ea-a938-797a60f2ccff ] Request (ServerRescueTestJSON:test_rescue_unrescue_instance): 200 GET http://10.180.1.21/compute/v2.1/servers/e9e7d775-f6be-484c-ae78-4d3bb64c3fa7 0.769s
2025-04-26 12:24:16.246 69475 INFO tempest.lib.common.rest_client [req-847b1c0b-10ef-4691-839f-9d641594b38d req-847b1c0b-10ef-4691-839f-9d641594b38d ] Request (AttachVolumeTestJSON:test_attach_detach_volume): 200 GET http://10.180.1.21/compute/v2.1/servers/601edb67-4716-4c68-be2d-18285c148e79 0.813s
2025-04-26 12:24:16.286 69525 INFO tempest.lib.common.rest_client [req-80f8fa17-813a-44e9-8b0b-24985bec6e7d req-80f8fa17-813a-44e9-8b0b-24985bec6e7d ] Request (VolumesAdminNegativeTest:test_update_attached_volume_with_nonexistent_volume_in_body): 200 POST http://10.180.1.21/compute/v2.1/servers/1be9cd60-b206-4ce2-a8b5-793a218a2806/os-volume_attachments 1.880s
2025-04-26 12:24:16.301 69463 INFO tempest.lib.common.rest_client [req-e42e7d15-5538-4a2a-8885-8e86aebbca2f req-e42e7d15-5538-4a2a-8885-8e86aebbca2f ] Request (SecurityGroupsTestJSON:test_list_security_groups_by_server): 200 GET http://10.180.1.21/compute/v2.1/servers/0be21c90-925c-47da-a3e1-93978d98867c 0.792s
2025-04-26 12:24:16.313 69525 INFO tempest.lib.common.rest_client [req-1105cf08-a62c-4ca8-ade1-60f9543fa58b req-1105cf08-a62c-4ca8-ade1-60f9543fa58b ] Request (VolumesAdminNegativeTest:test_update_attached_volume_with_nonexistent_volume_in_body): 200 GET http://10.180.1.21/volume/v3/volumes/ffb1807c-8b6e-4bd7-a433-e7bc93a8b939 0.024s
2025-04-26 12:24:16.343 69503 INFO tempest.lib.common.rest_client [req-fa0c8976-5bad-4248-821f-6b997f2fcff5 req-fa0c8976-5bad-4248-821f-6b997f2fcff5 ] Request (ImagesOneServerTestJSON:test_create_delete_image): 200 GET http://10.180.1.21/compute/v2.1/images/68db1088-35d1-4285-811e-922ce8b45cda 0.794s
2025-04-26 12:24:16.395 69491 INFO tempest.lib.common.rest_client [req-90124b54-d475-4b5b-a716-cd22b74ca6e3 req-90124b54-d475-4b5b-a716-cd22b74ca6e3 ] Request (MigrationsAdminTest:test_list_migrations_in_flavor_resize_situation): 200 GET http://10.180.1.21/compute/v2.1/servers/f503d73d-b6a6-49cb-9c4c-ece76e61ff8e 0.864s
2025-04-26 12:24:16.405 69465 INFO tempest.lib.common.rest_client [req-1ad6832b-4986-40dd-a71e-d59b9f5548e5 req-1ad6832b-4986-40dd-a71e-d59b9f5548e5 ] Request (ListImageFiltersTestJSON:setUpClass): 200 GET http://10.180.1.21/compute/v2.1/servers/00db072e-b278-4803-b7bf-516918f84656 0.819s
2025-04-26 12:24:16.444 69511 INFO tempest.lib.common.rest_client [req-dad2d1e8-88b9-4fb4-8a4f-56e3a63e1f56 req-dad2d1e8-88b9-4fb4-8a4f-56e3a63e1f56 ] Request (InstanceActionsTestJSON:setUpClass): 200 GET http://10.180.1.21/compute/v2.1/servers/52ded3f3-e73d-4a27-a464-9493e09b61a1 0.800s
2025-04-26 12:24:16.480 69515 INFO tempest.lib.common.rest_client [req-029103d6-baed-4a9f-a608-04a011dee657 req-029103d6-baed-4a9f-a608-04a011dee657 ] Request (ServerDiagnosticsV248Test:tearDownClass): 200 GET http://10.180.1.21/compute/v2.1/servers/882eb1a9-82fc-40dc-ba7b-d3a3cc9d40c6 0.829s
2025-04-26 12:24:16.496 69471 INFO tempest.lib.common.rest_client [req-3b340d5d-e1c0-4eed-a2c6-fe22d4da4dc2 req-3b340d5d-e1c0-4eed-a2c6-fe22d4da4dc2 ] Request (ServersNegativeTestMultiTenantJSON:setUpClass): 200 GET http://10.180.1.21/compute/v2.1/servers/c1074fc1-c72a-4eae-865a-cd31a20667e2 0.788s
2025-04-26 12:24:16.563 69479 INFO tempest.lib.common.rest_client [req-e8f8afdb-ffcc-441c-9f80-697bab7f2cbf req-e8f8afdb-ffcc-441c-9f80-697bab7f2cbf ] Request (ImagesNegativeTestJSON:test_create_image_from_deleted_server): 200 GET http://10.180.1.21/compute/v2.1/servers/795d88ec-e18d-4b16-b23f-2e0d5455e79e 0.191s
2025-04-26 12:24:16.597 69506 INFO tempest.lib.common.rest_client [req-d0860e23-31d9-4abf-b0da-2c3487db31bb req-d0860e23-31d9-4abf-b0da-2c3487db31bb ] Request (ImagesOneServerNegativeTestJSON:setUpClass): 200 GET http://10.180.1.21/compute/v2.1/servers/0ea7324d-38d7-432d-b7ce-5c59d42eee6d 0.317s
2025-04-26 12:24:16.609 69487 INFO tempest.lib.common.rest_client [req-12d5d01f-e694-46f2-9607-12252e17d535 req-12d5d01f-e694-46f2-9607-12252e17d535 ] Request (ServerActionsTestOtherA:test_rebuild_server_in_stop_state): 200 GET http://10.180.1.21/compute/v2.1/servers/ca1b71dc-0931-435e-8848-c7d3391cda32 0.177s
2025-04-26 12:24:16.662 69523 INFO tempest.lib.common.rest_client [req-0fc3fd51-782d-48a6-bce1-af1dc7ac50b0 req-0fc3fd51-782d-48a6-bce1-af1dc7ac50b0 ] Request (ImagesTestJSON:test_create_image_from_stopped_server): 200 GET http://10.180.1.21/compute/v2.1/servers/e1cc2e39-cf2f-487b-a57f-7a4399c8d6f1 0.171s
2025-04-26 12:24:16.793 69521 INFO tempest.lib.common.rest_client [req-6bd2cd2c-e4cf-4a05-b897-c21a6ca7af08 req-6bd2cd2c-e4cf-4a05-b897-c21a6ca7af08 ] Request (ServersAdminTestJSON:setUpClass): 200 GET http://10.180.1.21/compute/v2.1/servers/6b8edafd-cb4d-4158-8bba-b521fccba8e4 0.055s
2025-04-26 12:24:16.804 69495 INFO tempest.lib.common.rest_client [req-5591a344-f0b1-4a22-b5f8-8b1b0aabbae5 req-5591a344-f0b1-4a22-b5f8-8b1b0aabbae5 ] Request (DeleteServersAdminTestJSON:test_delete_server_while_in_error_state): 200 GET http://10.180.1.21/compute/v2.1/servers/a1b743d8-af17-4c36-9e79-ed89e9134705 0.124s
2025-04-26 12:24:16.836 69469 INFO tempest.lib.common.rest_client [req-02934430-e952-4f74-a325-f1729eac6486 req-02934430-e952-4f74-a325-f1729eac6486 ] Request (ServersNegativeTestJSON:setUpClass): 404 GET http://10.180.1.21/compute/v2.1/servers/93436e04-008a-451e-a0ce-1a4ebc1ddd9b 0.028s
2025-04-26 12:24:16.937 69485 INFO tempest.lib.common.rest_client [req-6f5304ae-9ea8-453f-afdf-c3dd88f32a2d req-6f5304ae-9ea8-453f-afdf-c3dd88f32a2d ] Request (ServersAdminNegativeTestJSON:tearDownClass): 200 GET http://10.180.1.21/compute/v2.1/servers/8cbd7c33-de21-4bb3-a27f-fe2d61c18e32 0.073s
2025-04-26 12:24:16.979 69469 INFO tempest.lib.common.rest_client [req-b8fc77cb-81c8-436b-bce6-d9fb173a9125 req-b8fc77cb-81c8-436b-bce6-d9fb173a9125 ] Request (ServersNegativeTestJSON:setUp): 200 GET http://10.180.1.21/compute/v2.1/servers/dcd6c82f-24af-4906-841c-1c8f5d7306de 0.142s
2025-04-26 12:24:16.991 69477 INFO tempest.lib.common.rest_client [req-d3188105-636a-4b89-a27b-bd625543bc45 req-d3188105-636a-4b89-a27b-bd625543bc45 ] Request (ServerDiagnosticsNegativeTest:test_get_server_diagnostics_by_non_admin): 200 GET http://10.180.1.21/compute/v2.1/servers/b26562ea-4352-445d-9a42-871579a76088 0.082s
2025-04-26 12:24:17.031 69493 INFO tempest.lib.common.rest_client [req-38252c54-fb80-4c95-b1bc-502a80641a74 req-38252c54-fb80-4c95-b1bc-502a80641a74 ] Request (ServersTestBootFromVolume:setUpClass): 200 GET http://10.180.1.21/compute/v2.1/servers/cb7ae2c4-3eef-4254-af3a-3a5de42222d6 0.076s
2025-04-26 12:24:17.066 69517 INFO tempest.lib.common.rest_client [req-eca49cd5-44b6-49f0-b5a5-e870fb096642 req-eca49cd5-44b6-49f0-b5a5-e870fb096642 ] Request (FloatingIPsAssociationNegativeTestJSON:setUpClass): 200 GET http://10.180.1.21/compute/v2.1/servers/42529ebf-4349-4d54-8ad8-da779bfd9af2 0.065s
2025-04-26 12:24:17.078 69469 INFO tempest.lib.common.rest_client [req-8137d2eb-fbc8-4608-8a84-41bd5da207e1 req-8137d2eb-fbc8-4608-8a84-41bd5da207e1 ] Request (ServersNegativeTestJSON:test_create_numeric_server_name): 201 POST http://10.180.1.21/identity/v3/auth/tokens 0.088s
2025-04-26 12:24:17.078 69469 INFO tempest.lib.common.fixed_network [-] (ServersNegativeTestJSON:test_create_numeric_server_name) Found network {'id': '5b6c4734-9ae3-4069-9bdf-96b955569fdf', 'name': 'tempest-ServersNegativeTestJSON-2026018221-network', 'tenant_id': '8041e0d49dfe4d029404c11c4077d5fe', 'admin_state_up': True, 'mtu': 8950, 'status': 'ACTIVE', 'subnets': [], 'shared': False, 'project_id': '8041e0d49dfe4d029404c11c4077d5fe', 'port_security_enabled': True, 'router:external': False, 'provider:network_type': 'vlan', 'provider:physical_network': 'default', 'provider:segmentation_id': 804, 'availability_zone_hints': [], 'availability_zones': [], 'ipv4_address_scope': None, 'ipv6_address_scope': None, 'description': '', 'tags': [], 'created_at': '2025-04-26T12:22:34Z', 'updated_at': '2025-04-26T12:22:34Z', 'revision_number': 1} available for tenant
2025-04-26 12:24:17.087 69469 INFO tempest.lib.common.rest_client [req-42308f26-66be-4017-aec5-c65c94b91cae req-42308f26-66be-4017-aec5-c65c94b91cae ] Request (ServersNegativeTestJSON:test_create_numeric_server_name): 400 POST http://10.180.1.21/compute/v2.1/servers 0.008s
2025-04-26 12:24:17.105 69501 INFO tempest.lib.common.rest_client [req-b76041c0-7c5a-46dd-a03e-011e48c660bf req-b76041c0-7c5a-46dd-a03e-011e48c660bf ] Request (ServerDiskConfigTestJSON:test_rebuild_server_with_auto_disk_config): 200 GET http://10.180.1.21/compute/v2.1/servers/8afc2d09-29e9-4e5e-a483-8a8f4a2fd298 0.057s
2025-04-26 12:24:17.156 69473 INFO tempest.lib.common.rest_client [req-65480b47-bbfc-45e6-84e1-d10f36636236 req-65480b47-bbfc-45e6-84e1-d10f36636236 ] Request (AttachInterfacesV270Test:test_create_get_list_interfaces): 200 GET http://10.180.1.21/compute/v2.1/servers/eb3117db-c8ed-44d8-809f-a1bfdedec373 0.054s
2025-04-26 12:24:17.224 69469 INFO tempest.lib.common.rest_client [req-c991fd99-da40-4d40-bef5-4c192c091b6a req-c991fd99-da40-4d40-bef5-4c192c091b6a ] Request (ServersNegativeTestJSON:tearDown): 200 GET http://10.180.1.21/compute/v2.1/servers/dcd6c82f-24af-4906-841c-1c8f5d7306de 0.136s
2025-04-26 12:24:17.230 69513 INFO tempest.lib.common.rest_client [req-3ce5d210-9ce8-4e9d-bbd8-d8c9982cb138 req-3ce5d210-9ce8-4e9d-bbd8-d8c9982cb138 ] Request (MultipleCreateTestJSON:_run_cleanups): 200 GET http://10.180.1.21/compute/v2.1/servers/f3de78f8-6adc-4a86-9da0-a83b5aa3949c 0.077s
2025-04-26 12:24:17.275 69489 INFO tempest.lib.common.rest_client [req-f70fee65-c660-40fa-9f53-af43dd8c6666 req-f70fee65-c660-40fa-9f53-af43dd8c6666 ] Request (ServerRescueTestJSON:test_rescue_unrescue_instance): 200 GET http://10.180.1.21/compute/v2.1/servers/e9e7d775-f6be-484c-ae78-4d3bb64c3fa7 0.067s
2025-04-26 12:24:17.287 69498 WARNING tempest.lib.common.ssh [-] Failed to establish authenticated ssh connection to cirros@10.180.180.203 ([Errno None] Unable to connect to port 22 on 10.180.180.203). Number attempts: 2. Retry after 3 seconds.: paramiko.ssh_exception.NoValidConnectionsError: [Errno None] Unable to connect to port 22 on 10.180.180.203
2025-04-26 12:24:17.330 69475 INFO tempest.lib.common.rest_client [req-158a643c-f1f8-479a-8ee9-4d1abc9f1ff4 req-158a643c-f1f8-479a-8ee9-4d1abc9f1ff4 ] Request (AttachVolumeTestJSON:test_attach_detach_volume): 200 GET http://10.180.1.21/compute/v2.1/servers/601edb67-4716-4c68-be2d-18285c148e79 0.076s
2025-04-26 12:24:17.353 69525 INFO tempest.lib.common.rest_client [req-00e2fca3-dd6d-4f9c-809a-62ff12fe8bc2 req-00e2fca3-dd6d-4f9c-809a-62ff12fe8bc2 ] Request (VolumesAdminNegativeTest:test_update_attached_volume_with_nonexistent_volume_in_body): 200 GET http://10.180.1.21/volume/v3/volumes/ffb1807c-8b6e-4bd7-a433-e7bc93a8b939 0.032s
2025-04-26 12:24:17.359 69469 INFO tempest.lib.common.rest_client [req-e74e2a68-7c7e-4f54-8f79-1189e903e8b7 req-e74e2a68-7c7e-4f54-8f79-1189e903e8b7 ] Request (ServersNegativeTestJSON:setUp): 200 GET http://10.180.1.21/compute/v2.1/servers/dcd6c82f-24af-4906-841c-1c8f5d7306de 0.126s
2025-04-26 12:24:17.393 69463 INFO tempest.lib.common.rest_client [req-289661da-001e-4a1c-9fbc-7e5c38fc39f7 req-289661da-001e-4a1c-9fbc-7e5c38fc39f7 ] Request (SecurityGroupsTestJSON:test_list_security_groups_by_server): 200 GET http://10.180.1.21/compute/v2.1/servers/0be21c90-925c-47da-a3e1-93978d98867c 0.083s
2025-04-26 12:24:17.405 69503 INFO tempest.lib.common.rest_client [req-544903fc-6c7d-4fb8-9c0b-5ffbe0ed5adc req-544903fc-6c7d-4fb8-9c0b-5ffbe0ed5adc ] Request (ImagesOneServerTestJSON:test_create_delete_image): 200 GET http://10.180.1.21/compute/v2.1/images/68db1088-35d1-4285-811e-922ce8b45cda 0.056s
2025-04-26 12:24:17.471 69465 INFO tempest.lib.common.rest_client [req-e174c514-3d76-486b-9cb3-f4d4a05d79e4 req-e174c514-3d76-486b-9cb3-f4d4a05d79e4 ] Request (ListImageFiltersTestJSON:setUpClass): 200 GET http://10.180.1.21/compute/v2.1/servers/00db072e-b278-4803-b7bf-516918f84656 0.054s
2025-04-26 12:24:17.520 69511 INFO tempest.lib.common.rest_client [req-9bbd7e69-8477-4567-9160-7173c96769ef req-9bbd7e69-8477-4567-9160-7173c96769ef ] Request (InstanceActionsTestJSON:setUpClass): 200 GET http://10.180.1.21/compute/v2.1/servers/52ded3f3-e73d-4a27-a464-9493e09b61a1 0.067s
2025-04-26 12:24:17.530 69491 INFO tempest.lib.common.rest_client [req-01b7c08a-fd17-4e14-82f2-c0174a5108aa req-01b7c08a-fd17-4e14-82f2-c0174a5108aa ] Request (MigrationsAdminTest:test_list_migrations_in_flavor_resize_situation): 200 GET http://10.180.1.21/compute/v2.1/servers/f503d73d-b6a6-49cb-9c4c-ece76e61ff8e 0.126s
2025-04-26 12:24:17.537 69491 INFO tempest.common.waiters [-] State transition "RESIZE/resize_migrated" ==> "RESIZE/resize_finish" after 39 second wait
2025-04-26 12:24:17.590 69471 INFO tempest.lib.common.rest_client [req-40e183da-7aa5-4d95-8274-2bcecd160625 req-40e183da-7aa5-4d95-8274-2bcecd160625 ] Request (ServersNegativeTestMultiTenantJSON:setUpClass): 200 GET http://10.180.1.21/compute/v2.1/servers/c1074fc1-c72a-4eae-865a-cd31a20667e2 0.084s
2025-04-26 12:24:17.593 69515 INFO tempest.lib.common.rest_client [req-78573ea2-91dc-4ca8-88f3-6b46cf49ab20 req-78573ea2-91dc-4ca8-88f3-6b46cf49ab20 ] Request (ServerDiagnosticsV248Test:tearDownClass): 200 GET http://10.180.1.21/compute/v2.1/servers/882eb1a9-82fc-40dc-ba7b-d3a3cc9d40c6 0.103s
2025-04-26 12:24:17.612 69469 INFO tempest.lib.common.rest_client [req-689b9256-4907-4997-847c-a3d6edb41fb9 req-689b9256-4907-4997-847c-a3d6edb41fb9 ] Request (ServersNegativeTestJSON:test_create_server_from_non_bootable_volume): 202 POST http://10.180.1.21/volume/v3/volumes 0.242s
2025-04-26 12:24:17.644 69479 INFO tempest.lib.common.rest_client [req-de1fd895-cfeb-46f5-9d1e-d2bf8601b0ca req-de1fd895-cfeb-46f5-9d1e-d2bf8601b0ca ] Request (ImagesNegativeTestJSON:test_create_image_from_deleted_server): 200 GET http://10.180.1.21/compute/v2.1/servers/795d88ec-e18d-4b16-b23f-2e0d5455e79e 0.073s
2025-04-26 12:24:17.648 69469 INFO tempest.lib.common.rest_client [req-f7ce071e-bfd1-472e-acb5-7920ae808072 req-f7ce071e-bfd1-472e-acb5-7920ae808072 ] Request (ServersNegativeTestJSON:test_create_server_from_non_bootable_volume): 200 GET http://10.180.1.21/volume/v3/volumes/8234e1af-7189-441c-a616-331a4d347505 0.028s
2025-04-26 12:24:17.694 69487 INFO tempest.lib.common.rest_client [req-ffb3ee20-9bf1-4bd1-bf23-d676725dadfe req-ffb3ee20-9bf1-4bd1-bf23-d676725dadfe ] Request (ServerActionsTestOtherA:test_rebuild_server_in_stop_state): 200 GET http://10.180.1.21/compute/v2.1/servers/ca1b71dc-0931-435e-8848-c7d3391cda32 0.075s
2025-04-26 12:24:17.728 69506 INFO tempest.lib.common.rest_client [req-258ae9ea-5344-4e8c-ad03-e357f634e32b req-258ae9ea-5344-4e8c-ad03-e357f634e32b ] Request (ImagesOneServerNegativeTestJSON:setUpClass): 200 GET http://10.180.1.21/compute/v2.1/servers/0ea7324d-38d7-432d-b7ce-5c59d42eee6d 0.122s
2025-04-26 12:24:17.737 69523 INFO tempest.lib.common.rest_client [req-68fc3f2a-ec34-4acc-8ae0-626a768c9641 req-68fc3f2a-ec34-4acc-8ae0-626a768c9641 ] Request (ImagesTestJSON:test_create_image_from_stopped_server): 200 GET http://10.180.1.21/compute/v2.1/servers/e1cc2e39-cf2f-487b-a57f-7a4399c8d6f1 0.068s
2025-04-26 12:24:17.862 69521 INFO tempest.lib.common.rest_client [req-d9fda70d-b1cc-46e7-a2a3-aa66c3fc6eca req-d9fda70d-b1cc-46e7-a2a3-aa66c3fc6eca ] Request (ServersAdminTestJSON:setUpClass): 200 GET http://10.180.1.21/compute/v2.1/servers/6b8edafd-cb4d-4158-8bba-b521fccba8e4 0.058s
2025-04-26 12:24:17.927 69495 INFO tempest.lib.common.rest_client [req-e5ced4db-30cb-466f-bd8f-9768f3852b64 req-e5ced4db-30cb-466f-bd8f-9768f3852b64 ] Request (DeleteServersAdminTestJSON:test_delete_server_while_in_error_state): 200 GET http://10.180.1.21/compute/v2.1/servers/a1b743d8-af17-4c36-9e79-ed89e9134705 0.115s
2025-04-26 12:24:18.009 69485 INFO tempest.lib.common.rest_client [req-a0f84d11-4dcc-4658-94ef-f037f294734c req-a0f84d11-4dcc-4658-94ef-f037f294734c ] Request (ServersAdminNegativeTestJSON:tearDownClass): 200 GET http://10.180.1.21/compute/v2.1/servers/8cbd7c33-de21-4bb3-a27f-fe2d61c18e32 0.064s
2025-04-26 12:24:18.060 69477 INFO tempest.lib.common.rest_client [req-259d842f-0afe-4ace-b46a-6178449fa60c req-259d842f-0afe-4ace-b46a-6178449fa60c ] Request (ServerDiagnosticsNegativeTest:test_get_server_diagnostics_by_non_admin): 200 GET http://10.180.1.21/compute/v2.1/servers/b26562ea-4352-445d-9a42-871579a76088 0.059s
2025-04-26 12:24:18.111 69493 INFO tempest.lib.common.rest_client [req-ef765cca-b714-447b-af3c-7a7684b9d368 req-ef765cca-b714-447b-af3c-7a7684b9d368 ] Request (ServersTestBootFromVolume:setUpClass): 200 GET http://10.180.1.21/compute/v2.1/servers/cb7ae2c4-3eef-4254-af3a-3a5de42222d6 0.068s
2025-04-26 12:24:18.139 69517 INFO tempest.lib.common.rest_client [req-6c14e30d-db03-4816-9631-ddc036328c1c req-6c14e30d-db03-4816-9631-ddc036328c1c ] Request (FloatingIPsAssociationNegativeTestJSON:setUpClass): 200 GET http://10.180.1.21/compute/v2.1/servers/42529ebf-4349-4d54-8ad8-da779bfd9af2 0.063s
2025-04-26 12:24:18.171 69501 INFO tempest.lib.common.rest_client [req-35c666fa-111f-4569-9b5d-3f2694875c91 req-35c666fa-111f-4569-9b5d-3f2694875c91 ] Request (ServerDiskConfigTestJSON:test_rebuild_server_with_auto_disk_config): 200 GET http://10.180.1.21/compute/v2.1/servers/8afc2d09-29e9-4e5e-a483-8a8f4a2fd298 0.058s
2025-04-26 12:24:18.223 69473 INFO tempest.lib.common.rest_client [req-b9308077-76ed-4f18-8bf4-13b86c8a3a4c req-b9308077-76ed-4f18-8bf4-13b86c8a3a4c ] Request (AttachInterfacesV270Test:test_create_get_list_interfaces): 200 GET http://10.180.1.21/compute/v2.1/servers/eb3117db-c8ed-44d8-809f-a1bfdedec373 0.058s
2025-04-26 12:24:18.317 69513 INFO tempest.lib.common.rest_client [req-e0e6d6e7-eeb5-4779-92d7-6e23bb6fccaf req-e0e6d6e7-eeb5-4779-92d7-6e23bb6fccaf ] Request (MultipleCreateTestJSON:_run_cleanups): 200 GET http://10.180.1.21/compute/v2.1/servers/f3de78f8-6adc-4a86-9da0-a83b5aa3949c 0.074s
2025-04-26 12:24:18.358 69489 INFO tempest.lib.common.rest_client [req-061ed2d3-a212-47a7-8503-3bdefa14aab9 req-061ed2d3-a212-47a7-8503-3bdefa14aab9 ] Request (ServerRescueTestJSON:test_rescue_unrescue_instance): 200 GET http://10.180.1.21/compute/v2.1/servers/e9e7d775-f6be-484c-ae78-4d3bb64c3fa7 0.071s
2025-04-26 12:24:18.397 69475 INFO tempest.lib.common.rest_client [req-122d921d-85b1-4246-a295-488b82c78dbc req-122d921d-85b1-4246-a295-488b82c78dbc ] Request (AttachVolumeTestJSON:test_attach_detach_volume): 200 GET http://10.180.1.21/compute/v2.1/servers/601edb67-4716-4c68-be2d-18285c148e79 0.058s
2025-04-26 12:24:18.398 69525 INFO tempest.lib.common.rest_client [req-071d6cef-7c5a-48ae-9925-93fec5524743 req-071d6cef-7c5a-48ae-9925-93fec5524743 ] Request (VolumesAdminNegativeTest:test_update_attached_volume_with_nonexistent_volume_in_body): 200 GET http://10.180.1.21/volume/v3/volumes/ffb1807c-8b6e-4bd7-a433-e7bc93a8b939 0.034s
2025-04-26 12:24:18.463 69503 INFO tempest.lib.common.rest_client [req-15c8eacb-0c53-457d-8d19-a81a8aa78a76 req-15c8eacb-0c53-457d-8d19-a81a8aa78a76 ] Request (ImagesOneServerTestJSON:test_create_delete_image): 200 GET http://10.180.1.21/compute/v2.1/images/68db1088-35d1-4285-811e-922ce8b45cda 0.050s
2025-04-26 12:24:18.473 69463 INFO tempest.lib.common.rest_client [req-b2ee8471-0056-4248-8761-05f3249a1647 req-b2ee8471-0056-4248-8761-05f3249a1647 ] Request (SecurityGroupsTestJSON:test_list_security_groups_by_server): 200 GET http://10.180.1.21/compute/v2.1/servers/0be21c90-925c-47da-a3e1-93978d98867c 0.073s
2025-04-26 12:24:18.530 69465 INFO tempest.lib.common.rest_client [req-16769357-e6eb-421a-a637-932186db06d4 req-16769357-e6eb-421a-a637-932186db06d4 ] Request (ListImageFiltersTestJSON:setUpClass): 200 GET http://10.180.1.21/compute/v2.1/servers/00db072e-b278-4803-b7bf-516918f84656 0.051s
2025-04-26 12:24:18.590 69511 INFO tempest.lib.common.rest_client [req-4f9f1273-5f4c-41d5-820f-55b497f642db req-4f9f1273-5f4c-41d5-820f-55b497f642db ] Request (InstanceActionsTestJSON:setUpClass): 200 GET http://10.180.1.21/compute/v2.1/servers/52ded3f3-e73d-4a27-a464-9493e09b61a1 0.058s
2025-04-26 12:24:18.654 69471 INFO tempest.lib.common.rest_client [req-3c53f45e-15c0-4550-8ccc-baef24232807 req-3c53f45e-15c0-4550-8ccc-baef24232807 ] Request (ServersNegativeTestMultiTenantJSON:setUpClass): 200 GET http://10.180.1.21/compute/v2.1/servers/c1074fc1-c72a-4eae-865a-cd31a20667e2 0.055s
2025-04-26 12:24:18.674 69491 INFO tempest.lib.common.rest_client [req-0feb8844-74c1-4ac1-aab6-17e98fc4d304 req-0feb8844-74c1-4ac1-aab6-17e98fc4d304 ] Request (MigrationsAdminTest:test_list_migrations_in_flavor_resize_situation): 200 GET http://10.180.1.21/compute/v2.1/servers/f503d73d-b6a6-49cb-9c4c-ece76e61ff8e 0.136s
2025-04-26 12:24:18.681 69469 INFO tempest.lib.common.rest_client [req-9909dc98-18a6-4f01-a554-bb713ff4f1d2 req-9909dc98-18a6-4f01-a554-bb713ff4f1d2 ] Request (ServersNegativeTestJSON:test_create_server_from_non_bootable_volume): 200 GET http://10.180.1.21/volume/v3/volumes/8234e1af-7189-441c-a616-331a4d347505 0.025s
2025-04-26 12:24:18.689 69469 INFO tempest.common.waiters [-] volume 8234e1af-7189-441c-a616-331a4d347505 reached available after waiting for 1.689015 seconds
2025-04-26 12:24:18.714 69469 INFO tempest.lib.common.rest_client [req-911d358c-1704-4f91-8906-8d66af6b3858 req-911d358c-1704-4f91-8906-8d66af6b3858 ] Request (ServersNegativeTestJSON:test_create_server_from_non_bootable_volume): 200 POST http://10.180.1.21/volume/v3/volumes/8234e1af-7189-441c-a616-331a4d347505/action 0.025s
2025-04-26 12:24:18.730 69479 INFO tempest.lib.common.rest_client [req-a3d17f45-6929-4b12-89f5-1cb7acad1262 req-a3d17f45-6929-4b12-89f5-1cb7acad1262 ] Request (ImagesNegativeTestJSON:test_create_image_from_deleted_server): 200 GET http://10.180.1.21/compute/v2.1/servers/795d88ec-e18d-4b16-b23f-2e0d5455e79e 0.078s
2025-04-26 12:24:18.738 69515 INFO tempest.lib.common.rest_client [req-bd0a9059-348c-4fd8-bfd0-ecbc339e6d64 req-bd0a9059-348c-4fd8-bfd0-ecbc339e6d64 ] Request (ServerDiagnosticsV248Test:tearDownClass): 200 GET http://10.180.1.21/compute/v2.1/servers/882eb1a9-82fc-40dc-ba7b-d3a3cc9d40c6 0.134s
2025-04-26 12:24:18.742 69469 INFO tempest.lib.common.rest_client [req-3ad16b38-2b27-4ef1-9e68-869b74e742a0 req-3ad16b38-2b27-4ef1-9e68-869b74e742a0 ] Request (ServersNegativeTestJSON:test_create_server_from_non_bootable_volume): 200 GET http://10.180.1.21/volume/v3/volumes/8234e1af-7189-441c-a616-331a4d347505 0.027s
2025-04-26 12:24:18.781 69469 INFO tempest.lib.common.rest_client [req-0e69313b-43bc-42a0-88c5-70e8f5fe8362 req-0e69313b-43bc-42a0-88c5-70e8f5fe8362 ] Request (ServersNegativeTestJSON:test_create_server_from_non_bootable_volume): 201 POST http://10.180.1.21/identity/v3/auth/tokens 0.027s
2025-04-26 12:24:18.782 69469 INFO tempest.lib.common.fixed_network [-] (ServersNegativeTestJSON:test_create_server_from_non_bootable_volume) Found network {'id': '5b6c4734-9ae3-4069-9bdf-96b955569fdf', 'name': 'tempest-ServersNegativeTestJSON-2026018221-network', 'tenant_id': '8041e0d49dfe4d029404c11c4077d5fe', 'admin_state_up': True, 'mtu': 8950, 'status': 'ACTIVE', 'subnets': [], 'shared': False, 'project_id': '8041e0d49dfe4d029404c11c4077d5fe', 'port_security_enabled': True, 'router:external': False, 'provider:network_type': 'vlan', 'provider:physical_network': 'default', 'provider:segmentation_id': 804, 'availability_zone_hints': [], 'availability_zones': [], 'ipv4_address_scope': None, 'ipv6_address_scope': None, 'description': '', 'tags': [], 'created_at': '2025-04-26T12:22:34Z', 'updated_at': '2025-04-26T12:22:34Z', 'revision_number': 1} available for tenant
2025-04-26 12:24:18.790 69487 INFO tempest.lib.common.rest_client [req-64af763c-2a74-419b-856b-d32f2ede19bf req-64af763c-2a74-419b-856b-d32f2ede19bf ] Request (ServerActionsTestOtherA:test_rebuild_server_in_stop_state): 200 GET http://10.180.1.21/compute/v2.1/servers/ca1b71dc-0931-435e-8848-c7d3391cda32 0.084s
