2025-04-26 12:22:56.359 69509 INFO tempest.lib.common.rest_client [req-d62a27df-0af4-4a72-8a17-d743b7f3d6ee req-d62a27df-0af4-4a72-8a17-d743b7f3d6ee ] Request (ServicesAdminNegativeTestJSON:test_list_services_with_non_admin_user): 403 GET http://10.180.1.21/compute/v2.1/os-services 1.437s
2025-04-26 12:22:56.371 69473 INFO tempest.lib.common.rest_client [req-74b089f2-88c5-437d-a378-b4b47760fa88 req-74b089f2-88c5-437d-a378-b4b47760fa88 ] Request (HypervisorAdminNegativeUnderV252Test:tearDownClass): 201 POST http://10.180.1.21/identity/v3/auth/tokens 0.079s
2025-04-26 12:22:56.374 69483 INFO tempest.lib.common.rest_client [req-7a61842e-2b39-4a8b-a413-17eb373f7d4b req-7a61842e-2b39-4a8b-a413-17eb373f7d4b ] Request (ServersWithSpecificFlavorTestJSON:test_verify_created_server_ephemeral_disk): 200 GET http://10.180.1.21/compute/v2.1/flavors/42/os-extra_specs 1.416s
2025-04-26 12:22:56.402 69465 INFO tempest.lib.common.rest_client [req-1323082f-1593-49c6-9cc9-a026e3eeed91 req-1323082f-1593-49c6-9cc9-a026e3eeed91 ] Request (FlavorsAccessNegativeTestJSON:_run_cleanups): 200 GET http://10.180.1.21/compute/v2.1/flavors/detail 1.429s
2025-04-26 12:22:56.408 69489 INFO tempest.lib.common.rest_client [req-7b864f49-9a6f-4fb5-ac39-fc372cc0c38e req-7b864f49-9a6f-4fb5-ac39-fc372cc0c38e ] Request (FlavorsV255TestJSON:tearDownClass): 204 DELETE http://10.180.1.21/identity/v3/users/6871fb67d9aa4df4b0922e1fe8f22027 0.212s
2025-04-26 12:22:56.409 69489 INFO tempest.lib.common.dynamic_creds [-] Deleting project and security group for project: 25c115580bb9428ab79fd6ad0bec4208
2025-04-26 12:22:56.439 69506 INFO tempest.lib.common.rest_client [req-468b4975-e5e9-4f45-b13f-afe270539eb9 req-468b4975-e5e9-4f45-b13f-afe270539eb9 ] Request (HypervisorAdminTestJSON:tearDownClass): 204 DELETE http://10.180.1.21:9696/networking/v2.0/security-groups/723c3656-6951-41ec-8dce-699e5b4b5130 0.392s
2025-04-26 12:22:56.469 69509 INFO tempest.lib.common.rest_client [req-a7f19562-c423-4aef-970e-decdf04e67a1 req-a7f19562-c423-4aef-970e-decdf04e67a1 ] Request (ServicesAdminNegativeTestJSON:tearDownClass): 204 DELETE http://10.180.1.21/identity/v3/users/bb8dad33051d4cb781dd5af5657dcc61 0.108s
2025-04-26 12:22:56.495 69498 INFO tempest.lib.common.rest_client [req-c21907fd-2f74-46ab-b2d8-bcd95f0ce548 req-c21907fd-2f74-46ab-b2d8-bcd95f0ce548 ] Request (ServerActionsV293TestJSON:setUpClass): 201 POST http://10.180.1.21:9696/networking/v2.0/floatingips 1.609s
2025-04-26 12:22:56.576 69508 INFO tempest.lib.common.rest_client [req-5405ebc8-414f-4f88-88cc-887c4255b408 req-5405ebc8-414f-4f88-88cc-887c4255b408 ] Request (ServicesAdminTestJSON:test_get_service_by_host_name): 200 GET http://10.180.1.21/compute/v2.1/os-services 1.495s
2025-04-26 12:22:56.635 69489 INFO tempest.lib.common.rest_client [req-653413a5-283a-4998-9e93-eeae474b9a7a req-653413a5-283a-4998-9e93-eeae474b9a7a ] Request (FlavorsV255TestJSON:tearDownClass): 201 POST http://10.180.1.21/identity/v3/auth/tokens 0.226s
2025-04-26 12:22:56.643 69506 INFO tempest.lib.common.rest_client [req-ba0ed39b-80dc-4433-b21f-2d7a1f5b597e req-ba0ed39b-80dc-4433-b21f-2d7a1f5b597e ] Request (HypervisorAdminTestJSON:tearDownClass): 204 DELETE http://10.180.1.21/identity/v3/projects/dc97de4bcd8b43919c2bbc816cc48ac5 0.203s
2025-04-26 12:22:56.705 69498 INFO tempest.lib.common.rest_client [req-e2c3334c-fef9-4ee7-a1d9-6f62d603ad51 req-e2c3334c-fef9-4ee7-a1d9-6f62d603ad51 ] Request (ServerActionsV293TestJSON:setUpClass): 201 POST http://10.180.1.21/identity/v3/auth/tokens 0.203s
2025-04-26 12:22:56.705 69498 INFO tempest.lib.common.fixed_network [-] (ServerActionsV293TestJSON:setUpClass) Found network {'id': 'fcd4dbc4-0e34-4d71-8b0c-9388bd5b9d31', 'name': 'tempest-ServerActionsV293TestJSON-2123940696-network', 'tenant_id': '80a016bd54474900b36b6133a00e3bd8', 'admin_state_up': True, 'mtu': 8950, 'status': 'ACTIVE', 'subnets': [], 'shared': False, 'project_id': '80a016bd54474900b36b6133a00e3bd8', 'port_security_enabled': True, 'router:external': False, 'provider:network_type': 'vlan', 'provider:physical_network': 'default', 'provider:segmentation_id': 20, 'availability_zone_hints': [], 'availability_zones': [], 'ipv4_address_scope': None, 'ipv6_address_scope': None, 'description': '', 'tags': [], 'created_at': '2025-04-26T12:22:45Z', 'updated_at': '2025-04-26T12:22:46Z', 'revision_number': 1} available for tenant
2025-04-26 12:22:56.775 69509 INFO tempest.lib.common.rest_client [req-e6ecba46-585f-4580-b038-00c7e4d17478 req-e6ecba46-585f-4580-b038-00c7e4d17478 ] Request (ServicesAdminNegativeTestJSON:tearDownClass): 204 DELETE http://10.180.1.21/identity/v3/users/f2d30d568971478fb6344ad46bba581d 0.305s
2025-04-26 12:22:56.775 69509 INFO tempest.lib.common.dynamic_creds [-] Deleting project and security group for project: 45b38bf2746340dea885435c59c96273
2025-04-26 12:22:56.793 69463 INFO tempest.lib.common.rest_client [req-6e231168-998e-42c7-9109-289a0256c40c req-6e231168-998e-42c7-9109-289a0256c40c ] Request (FloatingIPsNegativeTestJSON:tearDownClass): 204 DELETE http://10.180.1.21:9696/networking/v2.0/networks/c418be75-d7e5-4593-b422-eb9361cb44f8 1.258s
2025-04-26 12:22:56.806 69473 INFO tempest.lib.common.rest_client [req-7114cd38-b408-4b5a-a292-f99910b84ccf req-7114cd38-b408-4b5a-a292-f99910b84ccf ] Request (HypervisorAdminNegativeUnderV252Test:tearDownClass): 200 GET http://10.180.1.21:9696/networking/v2.0/security-groups?tenant_id=7439de447a9b43babd8e8f92442ad730&name=default 0.434s
2025-04-26 12:22:56.839 69506 INFO tempest.lib.common.rest_client [req-f5ea929d-fef4-4bdd-9df8-95876520d172 req-f5ea929d-fef4-4bdd-9df8-95876520d172 ] Request (QuotasAdminTestV257:setUpClass): 201 POST http://10.180.1.21/identity/v3/auth/tokens 0.195s
2025-04-26 12:22:56.862 69475 INFO tempest.lib.common.rest_client [req-c280352a-4c4a-4ffd-96aa-4a9f0201697d req-c280352a-4c4a-4ffd-96aa-4a9f0201697d ] Request (HypervisorAdminNegativeTestJSON:test_get_hypervisor_list_details_with_non_admin_user): 403 GET http://10.180.1.21/compute/v2.1/os-hypervisors/detail 1.435s
2025-04-26 12:22:56.891 69509 INFO tempest.lib.common.rest_client [req-2cd94345-9641-4da5-aeef-d610d592150f req-2cd94345-9641-4da5-aeef-d610d592150f ] Request (ServicesAdminNegativeTestJSON:tearDownClass): 201 POST http://10.180.1.21/identity/v3/auth/tokens 0.115s
2025-04-26 12:22:56.917 69506 INFO tempest.lib.common.rest_client [req-219cb419-dae2-4f7f-ab6c-b5cf96e94a47 req-219cb419-dae2-4f7f-ab6c-b5cf96e94a47 ] Request (QuotasAdminTestV257:setUpClass): 201 POST http://10.180.1.21/identity/v3/auth/tokens 0.076s
2025-04-26 12:22:56.948 69463 INFO tempest.lib.common.rest_client [req-d569670c-ffc3-4fad-8c04-9765cf45cf31 req-d569670c-ffc3-4fad-8c04-9765cf45cf31 ] Request (FloatingIPsNegativeTestJSON:tearDownClass): 204 DELETE http://10.180.1.21/identity/v3/users/09f2f05e857a44bc824767a81f10fc27 0.154s
2025-04-26 12:22:56.948 69463 INFO tempest.lib.common.dynamic_creds [-] Deleting project and security group for project: ac6bc4f9493146deb0bd5d8ae75b8243
2025-04-26 12:22:56.967 69525 INFO tempest.lib.common.rest_client [req-5a9eb621-f3f7-42e5-bac3-056130efd319 req-5a9eb621-f3f7-42e5-bac3-056130efd319 ] Request (VolumesAdminNegativeTest:setUpClass): 201 POST http://10.180.1.21:9696/networking/v2.0/subnets 0.639s
2025-04-26 12:22:57.034 69463 INFO tempest.lib.common.rest_client [req-d4fd1cca-bc3f-4b39-aec7-b8a38775d29a req-d4fd1cca-bc3f-4b39-aec7-b8a38775d29a ] Request (FloatingIPsNegativeTestJSON:tearDownClass): 200 GET http://10.180.1.21:9696/networking/v2.0/security-groups?tenant_id=ac6bc4f9493146deb0bd5d8ae75b8243&name=default 0.085s
2025-04-26 12:22:57.069 69506 INFO tempest.lib.common.rest_client [req-46e985eb-a295-4d03-a670-cee923541b50 req-46e985eb-a295-4d03-a670-cee923541b50 ] Request (QuotasAdminTestV257:setUpClass): 200 GET http://10.180.1.21/identity/v3/domains?name=Default 0.151s
2025-04-26 12:22:57.094 69473 INFO tempest.lib.common.rest_client [req-ee1e52eb-c9c5-43ca-a0c5-1adf9dd9c65f req-ee1e52eb-c9c5-43ca-a0c5-1adf9dd9c65f ] Request (HypervisorAdminNegativeUnderV252Test:tearDownClass): 204 DELETE http://10.180.1.21:9696/networking/v2.0/security-groups/48c24075-1fca-4996-9857-257317dcdeb0 0.287s
2025-04-26 12:22:57.127 69506 INFO tempest.lib.common.rest_client [req-5e03fa7d-505b-4dde-933d-f9343fbf2433 req-5e03fa7d-505b-4dde-933d-f9343fbf2433 ] Request (QuotasAdminTestV257:setUpClass): 201 POST http://10.180.1.21/identity/v3/projects 0.058s
2025-04-26 12:22:57.195 69506 INFO tempest.lib.common.rest_client [req-8c65d759-84e7-4923-b084-7ab25d326574 req-8c65d759-84e7-4923-b084-7ab25d326574 ] Request (QuotasAdminTestV257:setUpClass): 201 POST http://10.180.1.21/identity/v3/users 0.066s
2025-04-26 12:22:57.202 69489 INFO tempest.lib.common.rest_client [req-2351f77e-4307-4eb9-a26d-1fe98cd29fd0 req-2351f77e-4307-4eb9-a26d-1fe98cd29fd0 ] Request (FlavorsV255TestJSON:tearDownClass): 200 GET http://10.180.1.21:9696/networking/v2.0/security-groups?tenant_id=25c115580bb9428ab79fd6ad0bec4208&name=default 0.566s
2025-04-26 12:22:57.222 69506 INFO tempest.lib.common.rest_client [req-b7eda5eb-cc2a-488c-bd11-3aea978e2f3f req-b7eda5eb-cc2a-488c-bd11-3aea978e2f3f ] Request (QuotasAdminTestV257:setUpClass): 200 GET http://10.180.1.21/identity/v3/roles 0.026s
2025-04-26 12:22:57.240 69473 INFO tempest.lib.common.rest_client [req-0172f488-338d-44d0-a216-c26c8f284286 req-0172f488-338d-44d0-a216-c26c8f284286 ] Request (HypervisorAdminNegativeUnderV252Test:tearDownClass): 204 DELETE http://10.180.1.21/identity/v3/projects/7439de447a9b43babd8e8f92442ad730 0.146s
2025-04-26 12:22:57.240 69473 INFO tempest.lib.common.dynamic_creds [-] Deleting project and security group for project: 11fb0a72924a42c987b2a5371ca07fa0
2025-04-26 12:22:57.306 69506 INFO tempest.lib.common.rest_client [req-1ebabcbb-6be2-4a98-b696-b2482e8e3670 req-1ebabcbb-6be2-4a98-b696-b2482e8e3670 ] Request (QuotasAdminTestV257:setUpClass): 204 PUT http://10.180.1.21/identity/v3/projects/11c64a6a579f4a49951a689009b241a5/users/0f57e14dfc2d40d29273e392282c0bcd/roles/ebdcc9c240174d70956b95850a773421 0.083s
2025-04-26 12:22:57.306 69506 INFO tempest.lib.common.dynamic_creds [-] Dynamic test user 0f57e14dfc2d40d29273e392282c0bcd is created with scope project and roles: ['member']
2025-04-26 12:22:57.306 69506 INFO tempest.lib.common.dynamic_creds [-] Acquired dynamic creds: credentials: Credentials: {'domain_id': 'default', 'domain_name': 'Default', 'username': 'tempest-QuotasAdminTestV257-1053741985-project-member', 'project_domain_id': 'default', 'project_domain_name': 'Default', 'project_id': '11c64a6a579f4a49951a689009b241a5', 'project_name': 'tempest-QuotasAdminTestV257-1053741985', 'tenant_id': '11c64a6a579f4a49951a689009b241a5', 'tenant_name': 'tempest-QuotasAdminTestV257-1053741985', 'user_domain_id': 'default', 'user_domain_name': 'Default', 'user_id': '0f57e14dfc2d40d29273e392282c0bcd', 'system': None}, Network: None, Subnet: None, Router: None
2025-04-26 12:22:57.306 69506 INFO tempest.lib.common.dynamic_creds [-] Created isolated network resources for: credentials: Credentials: {'domain_id': 'default', 'domain_name': 'Default', 'username': 'tempest-QuotasAdminTestV257-1053741985-project-member', 'project_domain_id': 'default', 'project_domain_name': 'Default', 'project_id': '11c64a6a579f4a49951a689009b241a5', 'project_name': 'tempest-QuotasAdminTestV257-1053741985', 'tenant_id': '11c64a6a579f4a49951a689009b241a5', 'tenant_name': 'tempest-QuotasAdminTestV257-1053741985', 'user_domain_id': 'default', 'user_domain_name': 'Default', 'user_id': '0f57e14dfc2d40d29273e392282c0bcd', 'system': None}, Network: None, Subnet: None, Router: None
2025-04-26 12:22:57.387 69469 INFO tempest.lib.common.rest_client [req-c82374bf-1d57-4908-a068-fe6137bc8de8 req-c82374bf-1d57-4908-a068-fe6137bc8de8 ] Request (ServersNegativeTestJSON:setUpClass): 200 GET http://10.180.1.21/compute/v2.1/servers/dcd6c82f-24af-4906-841c-1c8f5d7306de 1.906s
2025-04-26 12:22:57.391 69463 INFO tempest.lib.common.rest_client [req-73bf6d84-701e-4e65-a122-62550ff3db30 req-73bf6d84-701e-4e65-a122-62550ff3db30 ] Request (FloatingIPsNegativeTestJSON:tearDownClass): 204 DELETE http://10.180.1.21:9696/networking/v2.0/security-groups/c3915220-ecbd-47d6-800f-f77421545404 0.357s
2025-04-26 12:22:57.411 69506 INFO tempest.lib.common.rest_client [req-111943e6-f2b0-4ab2-91d8-5d940b4d8906 req-111943e6-f2b0-4ab2-91d8-5d940b4d8906 ] Request (QuotasAdminTestV257:setUpClass): 201 POST http://10.180.1.21/identity/v3/auth/tokens 0.100s
2025-04-26 12:22:57.437 69509 INFO tempest.lib.common.rest_client [req-41c66755-d930-477b-8067-e7333fcdc371 req-41c66755-d930-477b-8067-e7333fcdc371 ] Request (ServicesAdminNegativeTestJSON:tearDownClass): 200 GET http://10.180.1.21:9696/networking/v2.0/security-groups?tenant_id=45b38bf2746340dea885435c59c96273&name=default 0.545s
2025-04-26 12:22:57.512 69463 INFO tempest.lib.common.rest_client [req-9abe0821-ec94-4c37-b933-7b20189e97ef req-9abe0821-ec94-4c37-b933-7b20189e97ef ] Request (FloatingIPsNegativeTestJSON:tearDownClass): 204 DELETE http://10.180.1.21/identity/v3/projects/ac6bc4f9493146deb0bd5d8ae75b8243 0.120s
2025-04-26 12:22:57.518 69489 INFO tempest.lib.common.rest_client [req-c0ed8538-c779-4c55-b0bf-f914702a8d0d req-c0ed8538-c779-4c55-b0bf-f914702a8d0d ] Request (FlavorsV255TestJSON:tearDownClass): 204 DELETE http://10.180.1.21:9696/networking/v2.0/security-groups/99036086-f1ed-4840-8738-19ca7bf8b922 0.313s
2025-04-26 12:22:57.524 69521 INFO tempest.lib.common.rest_client [req-a4363652-d56a-48d1-9137-78e1ea37e3df req-a4363652-d56a-48d1-9137-78e1ea37e3df ] Request (FlavorsAccessTestJSON:test_flavor_access_add_remove): 200 GET http://10.180.1.21/compute/v2.1/flavors/detail 1.919s
2025-04-26 12:22:57.531 69481 INFO tempest.lib.common.rest_client [req-c36925a4-5cae-4ff8-b3c8-a3630363ca74 req-c36925a4-5cae-4ff8-b3c8-a3630363ca74 ] Request (HostsAdminNegativeTestJSON:test_shutdown_host_with_non_admin_user): 403 GET http://10.180.1.21/compute/v2.1/os-hosts/devstack/shutdown 1.913s
2025-04-26 12:22:57.547 69463 INFO tempest.lib.common.rest_client [req-1e15a4de-9439-4a29-98b5-0228e49cb8fe req-1e15a4de-9439-4a29-98b5-0228e49cb8fe ] Request (KeyPairsNegativeTestJSON:setUpClass): 201 POST http://10.180.1.21/identity/v3/auth/tokens 0.033s
2025-04-26 12:22:57.557 69506 INFO tempest.lib.common.rest_client [req-5d36a50e-3811-43d0-ac07-1c093cc21b8d req-5d36a50e-3811-43d0-ac07-1c093cc21b8d ] Request (QuotasAdminTestV257:setUpClass): 201 POST http://10.180.1.21/identity/v3/projects 0.145s
2025-04-26 12:22:57.598 69473 INFO tempest.lib.common.rest_client [req-9c6986d2-8f36-41d9-acd1-e3e4d9846282 req-9c6986d2-8f36-41d9-acd1-e3e4d9846282 ] Request (HypervisorAdminNegativeUnderV252Test:tearDownClass): 200 GET http://10.180.1.21:9696/networking/v2.0/security-groups?tenant_id=11fb0a72924a42c987b2a5371ca07fa0&name=default 0.357s
2025-04-26 12:22:57.617 69463 INFO tempest.lib.common.rest_client [req-c1eb8233-3997-4975-a58e-d8a56581be78 req-c1eb8233-3997-4975-a58e-d8a56581be78 ] Request (KeyPairsNegativeTestJSON:setUpClass): 201 POST http://10.180.1.21/identity/v3/auth/tokens 0.066s
2025-04-26 12:22:57.632 69489 INFO tempest.lib.common.rest_client [req-a324208a-b960-4e0e-a91f-121e7ee50ce1 req-a324208a-b960-4e0e-a91f-121e7ee50ce1 ] Request (FlavorsV255TestJSON:tearDownClass): 204 DELETE http://10.180.1.21/identity/v3/projects/25c115580bb9428ab79fd6ad0bec4208 0.113s
2025-04-26 12:22:57.632 69489 INFO tempest.lib.common.dynamic_creds [-] Deleting project and security group for project: a87fb8da0e67424b9a8a853057c39e10
2025-04-26 12:22:57.658 69509 INFO tempest.lib.common.rest_client [req-5c922cf9-4f82-41ab-ba60-beb934727f57 req-5c922cf9-4f82-41ab-ba60-beb934727f57 ] Request (ServicesAdminNegativeTestJSON:tearDownClass): 204 DELETE http://10.180.1.21:9696/networking/v2.0/security-groups/0edb0ec5-d7fc-402d-947b-3b0df6cea3b6 0.220s
2025-04-26 12:22:57.693 69506 INFO tempest.lib.common.rest_client [req-39cb41b0-065c-4c0c-bb4a-c006eced8839 req-39cb41b0-065c-4c0c-bb4a-c006eced8839 ] Request (QuotasAdminTestV257:setUpClass): 201 POST http://10.180.1.21/identity/v3/users 0.135s
2025-04-26 12:22:57.715 69498 INFO tempest.lib.common.rest_client [req-b9e7c1f2-2f22-4a06-9a5b-f20a9531f54f req-b9e7c1f2-2f22-4a06-9a5b-f20a9531f54f ] Request (ServerActionsV293TestJSON:setUpClass): 202 POST http://10.180.1.21/volume/v3/volumes 1.009s
2025-04-26 12:22:57.722 69463 INFO tempest.lib.common.rest_client [req-5e9447fe-e636-43a9-b1b7-561f9f2adbdd req-5e9447fe-e636-43a9-b1b7-561f9f2adbdd ] Request (KeyPairsNegativeTestJSON:setUpClass): 200 GET http://10.180.1.21/identity/v3/domains?name=Default 0.105s
2025-04-26 12:22:57.742 69519 INFO tempest.lib.common.rest_client [req-1eb5ec08-2681-454b-aa68-62bc60af1f1f req-1eb5ec08-2681-454b-aa68-62bc60af1f1f ] Request (VolumesAssistedSnapshotsTest:setUpClass): 200 PUT http://10.180.1.21:9696/networking/v2.0/routers/c5015b36-8da1-47ef-a598-6ae36bf39e02/add_router_interface 2.577s
2025-04-26 12:22:57.748 69519 INFO tempest.lib.common.dynamic_creds [-] Created isolated network resources for: credentials: Credentials: {'domain_id': 'default', 'domain_name': 'Default', 'username': 'tempest-VolumesAssistedSnapshotsTest-1280060346-project', 'project_domain_id': 'default', 'project_domain_name': 'Default', 'project_id': 'fbf3fbbf7bbb468ea97a1b2df02073dd', 'project_name': 'tempest-VolumesAssistedSnapshotsTest-1280060346', 'tenant_id': 'fbf3fbbf7bbb468ea97a1b2df02073dd', 'tenant_name': 'tempest-VolumesAssistedSnapshotsTest-1280060346', 'user_domain_id': 'default', 'user_domain_name': 'Default', 'user_id': '68bfd311b15649f7857a4d097dbdc842', 'system': None}, Network: {'id': '4d520add-92af-4aa2-890b-a29879e516a4', 'name': 'tempest-VolumesAssistedSnapshotsTest-1167265448-network', 'tenant_id': 'fbf3fbbf7bbb468ea97a1b2df02073dd', 'admin_state_up': True, 'mtu': 8950, 'status': 'ACTIVE', 'subnets': [], 'shared': False, 'project_id': 'fbf3fbbf7bbb468ea97a1b2df02073dd', 'port_security_enabled': True, 'router:external': False, 'provider:network_type': 'vlan', 'provider:physical_network': 'default', 'provider:segmentation_id': 387, 'availability_zone_hints': [], 'availability_zones': [], 'ipv4_address_scope': None, 'ipv6_address_scope': None, 'description': '', 'tags': [], 'created_at': '2025-04-26T12:22:52Z', 'updated_at': '2025-04-26T12:22:52Z', 'revision_number': 1}, Subnet: {'id': '167463b0-825d-4f74-a350-00e80658979f', 'name': 'tempest-VolumesAssistedSnapshotsTest-1167265448-subnet', 'tenant_id': 'fbf3fbbf7bbb468ea97a1b2df02073dd', 'network_id': '4d520add-92af-4aa2-890b-a29879e516a4', 'ip_version': 4, 'subnetpool_id': None, 'enable_dhcp': True, 'ipv6_ra_mode': None, 'ipv6_address_mode': None, 'gateway_ip': '192.168.128.1', 'cidr': '192.168.128.0/28', 'allocation_pools': [{'start': '192.168.128.2', 'end': '192.168.128.14'}], 'host_routes': [], 'dns_nameservers': [], 'description': '', 'router:external': False, 'service_types': [], 'tags': [], 'created_at': '2025-04-26T12:22:52Z', 'updated_at': '2025-04-26T12:22:52Z', 'revision_number': 0, 'project_id': 'fbf3fbbf7bbb468ea97a1b2df02073dd'}, Router: {'id': 'c5015b36-8da1-47ef-a598-6ae36bf39e02', 'name': 'tempest-VolumesAssistedSnapshotsTest-1167265448-router', 'tenant_id': 'fbf3fbbf7bbb468ea97a1b2df02073dd', 'admin_state_up': True, 'status': 'ACTIVE', 'external_gateway_info': {'network_id': '6816d43a-ca1c-4ef0-90d7-e3f4b318d9ab', 'external_fixed_ips': [{'subnet_id': '2e6cdac8-19bd-49ff-933e-e6ba5cd32ee8', 'ip_address': '10.180.180.213'}], 'enable_snat': True}, 'description': '', 'availability_zones': [], 'distributed': False, 'ha': False, 'availability_zone_hints': [], 'routes': [], 'flavor_id': None, 'tags': [], 'created_at': '2025-04-26T12:22:53Z', 'updated_at': '2025-04-26T12:22:54Z', 'revision_number': 2, 'project_id': 'fbf3fbbf7bbb468ea97a1b2df02073dd'}
2025-04-26 12:22:57.785 69509 INFO tempest.lib.common.rest_client [req-9dbb4e39-6afe-4124-9b18-060bfe2c6b94 req-9dbb4e39-6afe-4124-9b18-060bfe2c6b94 ] Request (ServicesAdminNegativeTestJSON:tearDownClass): 204 DELETE http://10.180.1.21/identity/v3/projects/45b38bf2746340dea885435c59c96273 0.126s
2025-04-26 12:22:57.785 69498 INFO tempest.lib.common.rest_client [req-1d555614-5c94-42c0-a87a-08b93e28117d req-1d555614-5c94-42c0-a87a-08b93e28117d ] Request (ServerActionsV293TestJSON:setUpClass): 200 GET http://10.180.1.21/volume/v3/volumes/1a9edf1e-1a8a-4c66-89dd-169226d9a198 0.061s
2025-04-26 12:22:57.785 69509 INFO tempest.lib.common.dynamic_creds [-] Deleting project and security group for project: c6a43388f4b24b9eb0fc31f665086d01
2025-04-26 12:22:57.825 69471 INFO tempest.lib.common.rest_client [req-4c45023c-8ce9-4cc4-9e84-6d237c492172 req-4c45023c-8ce9-4cc4-9e84-6d237c492172 ] Request (QuotasAdminTestJSON:test_get_updated_quotas): 200 PUT http://10.180.1.21/compute/v2.1/os-quota-sets/411ef9e0cbb34437a6df2d9a098c0b4e 2.194s
2025-04-26 12:22:57.833 69506 INFO tempest.lib.common.rest_client [req-caa8ac5d-17b6-466d-8557-7f508dfa366b req-caa8ac5d-17b6-466d-8557-7f508dfa366b ] Request (QuotasAdminTestV257:setUpClass): 200 GET http://10.180.1.21/identity/v3/roles 0.140s
2025-04-26 12:22:57.858 69473 INFO tempest.lib.common.rest_client [req-7827affa-a3a4-4ff7-bd42-670e1f648e92 req-7827affa-a3a4-4ff7-bd42-670e1f648e92 ] Request (HypervisorAdminNegativeUnderV252Test:tearDownClass): 204 DELETE http://10.180.1.21:9696/networking/v2.0/security-groups/30223536-b1b0-404c-9bdf-79411f6fdfbd 0.259s
2025-04-26 12:22:57.876 69463 INFO tempest.lib.common.rest_client [req-dce5aea7-1e68-4e0a-b85b-d0d1cbe6b663 req-dce5aea7-1e68-4e0a-b85b-d0d1cbe6b663 ] Request (KeyPairsNegativeTestJSON:setUpClass): 201 POST http://10.180.1.21/identity/v3/projects 0.153s
2025-04-26 12:22:57.894 69523 INFO tempest.lib.common.rest_client [req-91c625a2-24a2-441c-96b3-f7442527e1f4 req-91c625a2-24a2-441c-96b3-f7442527e1f4 ] Request (AggregatesAdminNegativeTestJSON:test_aggregate_add_host_as_user): 200 POST http://10.180.1.21/compute/v2.1/os-aggregates 2.179s
2025-04-26 12:22:57.916 69491 INFO tempest.lib.common.rest_client [req-2d9c8049-620a-4cfb-9cf9-d45ba874d995 req-2d9c8049-620a-4cfb-9cf9-d45ba874d995 ] Request (HostsAdminTestJSON:test_list_hosts_with_zone): 200 GET http://10.180.1.21/compute/v2.1/os-hosts 2.183s
2025-04-26 12:22:57.919 69519 INFO tempest.lib.common.rest_client [req-a7b07192-1403-4dfc-ad1e-4928c3987c78 req-a7b07192-1403-4dfc-ad1e-4928c3987c78 ] Request (VolumesAssistedSnapshotsTest:setUpClass): 201 POST http://10.180.1.21/identity/v3/auth/tokens 0.168s
2025-04-26 12:22:57.948 69493 INFO tempest.lib.common.rest_client [req-0bad22e3-b9b2-4ea0-9b45-5dd7c73dd0ab req-0bad22e3-b9b2-4ea0-9b45-5dd7c73dd0ab ] Request (FlavorsV261TestJSON:_run_cleanups): 200 GET http://10.180.1.21/compute/v2.1/flavors/detail 2.067s
2025-04-26 12:22:57.950 69506 INFO tempest.lib.common.rest_client [req-bbc3d905-09a0-4a8f-8571-2755cc4540eb req-bbc3d905-09a0-4a8f-8571-2755cc4540eb ] Request (QuotasAdminTestV257:setUpClass): 204 PUT http://10.180.1.21/identity/v3/projects/0b2f416daf2641979c144aa3a32fcc94/users/c532ba952ccb4dea8b7ee6b3206ade22/roles/5d5e487a4dc04afcba8122822bf86842 0.115s
2025-04-26 12:22:57.957 69515 INFO tempest.lib.common.rest_client [req-d0c82b40-a961-4f8d-ad19-aab8f5c41c03 req-d0c82b40-a961-4f8d-ad19-aab8f5c41c03 ] Request (FlavorsExtraSpecsNegativeTestJSON:test_flavor_non_admin_update_specific_key): 403 PUT http://10.180.1.21/compute/v2.1/flavors/2086919872/os-extra_specs/hw:numa_nodes 1.988s
2025-04-26 12:22:57.982 69473 INFO tempest.lib.common.rest_client [req-696e593e-cd46-42a7-8336-56dc2dba150d req-696e593e-cd46-42a7-8336-56dc2dba150d ] Request (HypervisorAdminNegativeUnderV252Test:tearDownClass): 204 DELETE http://10.180.1.21/identity/v3/projects/11fb0a72924a42c987b2a5371ca07fa0 0.124s
2025-04-26 12:22:58.015 69503 INFO tempest.lib.common.rest_client [req-04c44c1b-e33e-4312-9385-0c7958255676 req-04c44c1b-e33e-4312-9385-0c7958255676 ] Request (FloatingIPDetailsTestJSON:test_get_floating_ip_details): 200 POST http://10.180.1.21/compute/v2.1/os-floating-ips 3.129s
2025-04-26 12:22:58.027 69489 INFO tempest.lib.common.rest_client [req-ea340487-9988-45cf-8b0f-22ed749121ad req-ea340487-9988-45cf-8b0f-22ed749121ad ] Request (FlavorsV255TestJSON:tearDownClass): 200 GET http://10.180.1.21:9696/networking/v2.0/security-groups?tenant_id=a87fb8da0e67424b9a8a853057c39e10&name=default 0.395s
2025-04-26 12:22:58.036 69467 INFO tempest.lib.common.rest_client [req-c3fd0343-77a2-458c-bc94-f964f214aa0a req-c3fd0343-77a2-458c-bc94-f964f214aa0a ] Request (FlavorsAdminTestJSON:test_create_flavor_with_int_id): 200 POST http://10.180.1.21/compute/v2.1/flavors 2.029s
2025-04-26 12:22:58.047 69463 INFO tempest.lib.common.rest_client [req-5e3b9110-2021-4786-9a34-bbdba47687f5 req-5e3b9110-2021-4786-9a34-bbdba47687f5 ] Request (KeyPairsNegativeTestJSON:setUpClass): 201 POST http://10.180.1.21/identity/v3/users 0.171s
2025-04-26 12:22:58.055 69487 INFO tempest.lib.common.rest_client [req-766813e5-8899-49b1-97f7-d0d456a83f5f req-766813e5-8899-49b1-97f7-d0d456a83f5f ] Request (ServerActionsTestOtherA:setUpClass): 201 POST http://10.180.1.21:9696/networking/v2.0/routers 2.062s
2025-04-26 12:22:58.080 69477 INFO tempest.lib.common.rest_client [req-b38ec197-ecb4-4470-8f6f-c2196f7e9069 req-b38ec197-ecb4-4470-8f6f-c2196f7e9069 ] Request (KeyPairsV210TestJSON:test_admin_manage_keypairs_for_other_users): 201 POST http://10.180.1.21/compute/v2.1/os-keypairs 1.980s
2025-04-26 12:22:58.082 69506 INFO tempest.lib.common.rest_client [req-49b23198-ec46-48c9-9c8e-cab1f355b02e req-49b23198-ec46-48c9-9c8e-cab1f355b02e ] Request (QuotasAdminTestV257:setUpClass): 200 GET http://10.180.1.21/identity/v3/roles 0.131s
2025-04-26 12:22:58.109 69509 INFO tempest.lib.common.rest_client [req-6278319e-4970-4d16-9b80-d5785c643810 req-6278319e-4970-4d16-9b80-d5785c643810 ] Request (ServicesAdminNegativeTestJSON:tearDownClass): 200 GET http://10.180.1.21:9696/networking/v2.0/security-groups?tenant_id=c6a43388f4b24b9eb0fc31f665086d01&name=default 0.324s
2025-04-26 12:22:58.112 69473 INFO tempest.lib.common.rest_client [req-6f063c5c-5d23-49ac-8c86-4027fe4810c5 req-6f063c5c-5d23-49ac-8c86-4027fe4810c5 ] Request (ServicesAdminNegativeV253TestJSON:setUpClass): 201 POST http://10.180.1.21/identity/v3/auth/tokens 0.129s
2025-04-26 12:22:58.166 69493 INFO tempest.lib.common.rest_client [req-c98f80e2-a4af-41cf-a3db-ac7ab4c74bcc req-c98f80e2-a4af-41cf-a3db-ac7ab4c74bcc ] Request (FlavorsV261TestJSON:tearDownClass): 204 DELETE http://10.180.1.21/identity/v3/users/d91a83cb477f4faaa2c487500a884160 0.202s
2025-04-26 12:22:58.166 69513 INFO tempest.lib.common.rest_client [req-b35d2896-c855-4c4a-976a-50b2dc25b556 req-b35d2896-c855-4c4a-976a-50b2dc25b556 ] Request (SecurityGroupsNegativeTestJSON:test_delete_the_default_security_group): 200 GET http://10.180.1.21/compute/v2.1/os-security-groups 2.167s
2025-04-26 12:22:58.205 69483 INFO tempest.lib.common.rest_client [req-e1c3d426-6fb1-462a-903c-facc11b04004 req-e1c3d426-6fb1-462a-903c-facc11b04004 ] Request (ServersWithSpecificFlavorTestJSON:test_verify_created_server_ephemeral_disk): 200 POST http://10.180.1.21/compute/v2.1/flavors/1925536395/os-extra_specs 1.830s
2025-04-26 12:22:58.225 69465 INFO tempest.lib.common.rest_client [req-fe99bc7d-7348-44ad-a5e2-af12907b8b7f req-fe99bc7d-7348-44ad-a5e2-af12907b8b7f ] Request (FlavorsAccessNegativeTestJSON:test_flavor_access_list_with_public_flavor): 200 POST http://10.180.1.21/compute/v2.1/flavors 1.805s
2025-04-26 12:22:58.238 69506 INFO tempest.lib.common.rest_client [req-0b7004ec-e9a6-4f14-b0b0-12c3858dde0d req-0b7004ec-e9a6-4f14-b0b0-12c3858dde0d ] Request (QuotasAdminTestV257:setUpClass): 204 PUT http://10.180.1.21/identity/v3/projects/0b2f416daf2641979c144aa3a32fcc94/users/c532ba952ccb4dea8b7ee6b3206ade22/roles/5d5e487a4dc04afcba8122822bf86842 0.156s
2025-04-26 12:22:58.238 69506 INFO tempest.lib.common.dynamic_creds [-] Dynamic test user c532ba952ccb4dea8b7ee6b3206ade22 is created with scope project and roles: ['admin']
2025-04-26 12:22:58.238 69506 INFO tempest.lib.common.dynamic_creds [-] Acquired dynamic creds: credentials: Credentials: {'domain_id': 'default', 'domain_name': 'Default', 'username': 'tempest-QuotasAdminTestV257-224714408-project-admin', 'project_domain_id': 'default', 'project_domain_name': 'Default', 'project_id': '0b2f416daf2641979c144aa3a32fcc94', 'project_name': 'tempest-QuotasAdminTestV257-224714408', 'tenant_id': '0b2f416daf2641979c144aa3a32fcc94', 'tenant_name': 'tempest-QuotasAdminTestV257-224714408', 'user_domain_id': 'default', 'user_domain_name': 'Default', 'user_id': 'c532ba952ccb4dea8b7ee6b3206ade22', 'system': None}, Network: None, Subnet: None, Router: None
2025-04-26 12:22:58.238 69506 INFO tempest.lib.common.dynamic_creds [-] Created isolated network resources for: credentials: Credentials: {'domain_id': 'default', 'domain_name': 'Default', 'username': 'tempest-QuotasAdminTestV257-224714408-project-admin', 'project_domain_id': 'default', 'project_domain_name': 'Default', 'project_id': '0b2f416daf2641979c144aa3a32fcc94', 'project_name': 'tempest-QuotasAdminTestV257-224714408', 'tenant_id': '0b2f416daf2641979c144aa3a32fcc94', 'tenant_name': 'tempest-QuotasAdminTestV257-224714408', 'user_domain_id': 'default', 'user_domain_name': 'Default', 'user_id': 'c532ba952ccb4dea8b7ee6b3206ade22', 'system': None}, Network: None, Subnet: None, Router: None
2025-04-26 12:22:58.239 69463 INFO tempest.lib.common.rest_client [req-f155ab5f-9e75-4c99-9b4e-70124de98c5b req-f155ab5f-9e75-4c99-9b4e-70124de98c5b ] Request (KeyPairsNegativeTestJSON:setUpClass): 200 GET http://10.180.1.21/identity/v3/roles 0.191s
2025-04-26 12:22:58.309 69473 INFO tempest.lib.common.rest_client [req-36700924-ffaf-4973-9764-b6ce062293c3 req-36700924-ffaf-4973-9764-b6ce062293c3 ] Request (ServicesAdminNegativeV253TestJSON:setUpClass): 201 POST http://10.180.1.21/identity/v3/auth/tokens 0.190s
2025-04-26 12:22:58.383 69519 INFO tempest.lib.common.rest_client [req-4ec20fec-149f-43dd-a42b-76faf54a7ab1 req-4ec20fec-149f-43dd-a42b-76faf54a7ab1 ] Request (VolumesAssistedSnapshotsTest:test_volume_assisted_snapshot_create_delete): 202 POST http://10.180.1.21/volume/v3/volumes 0.462s
2025-04-26 12:22:58.400 69493 INFO tempest.lib.common.rest_client [req-c7e3a396-9f28-41f8-b527-a2fbf217f514 req-c7e3a396-9f28-41f8-b527-a2fbf217f514 ] Request (FlavorsV261TestJSON:tearDownClass): 204 DELETE http://10.180.1.21/identity/v3/users/d2ab080f96ec4382a760a1998e68124b 0.233s
2025-04-26 12:22:58.400 69493 INFO tempest.lib.common.dynamic_creds [-] Deleting project and security group for project: ed05b2dcf3f84225b6edfa4f3378139d
2025-04-26 12:22:58.412 69501 INFO tempest.lib.common.rest_client [req-641dcdff-709c-42d0-acc0-a0ff20d87360 req-641dcdff-709c-42d0-acc0-a0ff20d87360 ] Request (ServerDiagnosticsTest:test_get_server_diagnostics): 200 GET http://10.180.1.21/compute/v2.1/servers/0cd85b86-4f33-4d68-b074-7dc36b00ef1a 1.869s
2025-04-26 12:22:58.441 69508 INFO tempest.lib.common.rest_client [req-cd9ebe27-95ac-46ce-93af-34ef226e584a req-cd9ebe27-95ac-46ce-93af-34ef226e584a ] Request (ServicesAdminTestJSON:test_get_service_by_host_name): 200 GET http://10.180.1.21/compute/v2.1/os-services?host=devstack 1.863s
2025-04-26 12:22:58.448 69489 INFO tempest.lib.common.rest_client [req-7a6d7b1b-fd7a-4f33-87e0-b53b8286be9d req-7a6d7b1b-fd7a-4f33-87e0-b53b8286be9d ] Request (FlavorsV255TestJSON:tearDownClass): 204 DELETE http://10.180.1.21:9696/networking/v2.0/security-groups/d4ab8be2-ee50-41da-90d4-62444c6e12a3 0.421s
2025-04-26 12:22:58.487 69519 INFO tempest.lib.common.rest_client [req-aca118e9-8660-45f1-8856-7f9209320dba req-aca118e9-8660-45f1-8856-7f9209320dba ] Request (VolumesAssistedSnapshotsTest:test_volume_assisted_snapshot_create_delete): 200 GET http://10.180.1.21/volume/v3/volumes/e9cd81b1-0e95-412c-8b54-f195c91ab488 0.088s
2025-04-26 12:22:58.518 69463 INFO tempest.lib.common.rest_client [req-a4b14e59-1d60-4c42-8f31-8a23e715695c req-a4b14e59-1d60-4c42-8f31-8a23e715695c ] Request (KeyPairsNegativeTestJSON:setUpClass): 204 PUT http://10.180.1.21/identity/v3/projects/d8240e94e93e4dfa9433cdf8592c2507/users/1ea492724a574279b13dd8d96fabd6be/roles/ebdcc9c240174d70956b95850a773421 0.278s
2025-04-26 12:22:58.518 69463 INFO tempest.lib.common.dynamic_creds [-] Dynamic test user 1ea492724a574279b13dd8d96fabd6be is created with scope project and roles: ['member']
2025-04-26 12:22:58.518 69463 INFO tempest.lib.common.dynamic_creds [-] Acquired dynamic creds: credentials: Credentials: {'domain_id': 'default', 'domain_name': 'Default', 'username': 'tempest-KeyPairsNegativeTestJSON-1211011708-project-member', 'project_domain_id': 'default', 'project_domain_name': 'Default', 'project_id': 'd8240e94e93e4dfa9433cdf8592c2507', 'project_name': 'tempest-KeyPairsNegativeTestJSON-1211011708', 'tenant_id': 'd8240e94e93e4dfa9433cdf8592c2507', 'tenant_name': 'tempest-KeyPairsNegativeTestJSON-1211011708', 'user_domain_id': 'default', 'user_domain_name': 'Default', 'user_id': '1ea492724a574279b13dd8d96fabd6be', 'system': None}, Network: None, Subnet: None, Router: None
2025-04-26 12:22:58.518 69463 INFO tempest.lib.common.dynamic_creds [-] Created isolated network resources for: credentials: Credentials: {'domain_id': 'default', 'domain_name': 'Default', 'username': 'tempest-KeyPairsNegativeTestJSON-1211011708-project-member', 'project_domain_id': 'default', 'project_domain_name': 'Default', 'project_id': 'd8240e94e93e4dfa9433cdf8592c2507', 'project_name': 'tempest-KeyPairsNegativeTestJSON-1211011708', 'tenant_id': 'd8240e94e93e4dfa9433cdf8592c2507', 'tenant_name': 'tempest-KeyPairsNegativeTestJSON-1211011708', 'user_domain_id': 'default', 'user_domain_name': 'Default', 'user_id': '1ea492724a574279b13dd8d96fabd6be', 'system': None}, Network: None, Subnet: None, Router: None
2025-04-26 12:22:58.541 69509 INFO tempest.lib.common.rest_client [req-272190e3-8b2d-4907-9e9c-cdcdd3bd7bf6 req-272190e3-8b2d-4907-9e9c-cdcdd3bd7bf6 ] Request (ServicesAdminNegativeTestJSON:tearDownClass): 204 DELETE http://10.180.1.21:9696/networking/v2.0/security-groups/79193acc-9f7f-4d54-aed8-d5aec78294fc 0.432s
2025-04-26 12:22:58.551 69506 INFO tempest.lib.common.rest_client [req-2d057a3d-9d10-4460-9573-d9f0eca2e237 req-2d057a3d-9d10-4460-9573-d9f0eca2e237 ] Request (QuotasAdminTestV257:setUpClass): 201 POST http://10.180.1.21/identity/v3/auth/tokens 0.309s
2025-04-26 12:22:58.552 69506 WARNING tempest.lib.common.rest_client [-] Deprecated: "tenant_id" property is deprecated for removal, use "project_id" instead
2025-04-26 12:22:58.562 69495 INFO tempest.lib.common.rest_client [req-16c58112-0356-4054-a018-c529d11229c9 req-16c58112-0356-4054-a018-c529d11229c9 ] Request (DeleteServersAdminTestJSON:test_admin_delete_servers_of_others): 200 GET http://10.180.1.21/compute/v2.1/servers/56625877-eba7-4713-bec1-f052bd43b9be 2.273s
2025-04-26 12:22:58.577 69493 INFO tempest.lib.common.rest_client [req-2a10a7ed-5985-4a8b-9232-9ad6776a4bcb req-2a10a7ed-5985-4a8b-9232-9ad6776a4bcb ] Request (FlavorsV261TestJSON:tearDownClass): 201 POST http://10.180.1.21/identity/v3/auth/tokens 0.176s
2025-04-26 12:22:58.583 69473 INFO tempest.lib.common.rest_client [req-1a2c6e48-be5a-4de5-83c7-10b8c2072322 req-1a2c6e48-be5a-4de5-83c7-10b8c2072322 ] Request (ServicesAdminNegativeV253TestJSON:setUpClass): 200 GET http://10.180.1.21/identity/v3/domains?name=Default 0.274s
2025-04-26 12:22:58.592 69499 INFO tempest.lib.common.rest_client [req-470bee6a-9650-4b7e-b8be-6ec20cc4fb9d req-470bee6a-9650-4b7e-b8be-6ec20cc4fb9d ] Request (ServersTestFqdnHostnames:test_create_server_with_fqdn_name): 200 GET http://10.180.1.21/compute/v2.1/servers/0fc874b1-1810-403d-a646-ade0680bc7c1 1.906s
2025-04-26 12:22:58.600 69475 INFO tempest.lib.common.rest_client [req-a6b5c708-cce8-4c40-bc29-34d6318c6f99 req-a6b5c708-cce8-4c40-bc29-34d6318c6f99 ] Request (HypervisorAdminNegativeTestJSON:test_get_hypervisor_list_with_non_admin_user): 403 GET http://10.180.1.21/compute/v2.1/os-hypervisors 1.734s
2025-04-26 12:22:58.613 69499 INFO tempest.common.waiters [-] State transition "BUILD/None" ==> "BUILD/block_device_mapping" after 9 second wait
2025-04-26 12:22:58.639 69489 INFO tempest.lib.common.rest_client [req-06b59e5a-6b5b-406a-ad7c-07e324469007 req-06b59e5a-6b5b-406a-ad7c-07e324469007 ] Request (FlavorsV255TestJSON:tearDownClass): 204 DELETE http://10.180.1.21/identity/v3/projects/a87fb8da0e67424b9a8a853057c39e10 0.190s
2025-04-26 12:22:58.655 69463 INFO tempest.lib.common.rest_client [req-d2b064af-6a92-44d2-9b96-f8202466c8cb req-d2b064af-6a92-44d2-9b96-f8202466c8cb ] Request (KeyPairsNegativeTestJSON:setUpClass): 201 POST http://10.180.1.21/identity/v3/auth/tokens 0.132s
2025-04-26 12:22:58.708 69517 INFO tempest.lib.common.rest_client [req-fda9ed4e-f0d9-4e96-a6ee-0ea3c8beee9e req-fda9ed4e-f0d9-4e96-a6ee-0ea3c8beee9e ] Request (ServersAdmin275Test:test_rebuild_update_server_275): 200 GET http://10.180.1.21/compute/v2.1/servers/fc3f3fc8-6ff6-48ce-a6f7-94aa5b8a6cd3 1.753s
2025-04-26 12:22:58.721 69473 INFO tempest.lib.common.rest_client [req-7226b858-85c3-4946-b847-6e7b1dbb7d25 req-7226b858-85c3-4946-b847-6e7b1dbb7d25 ] Request (ServicesAdminNegativeV253TestJSON:setUpClass): 201 POST http://10.180.1.21/identity/v3/projects 0.135s
2025-04-26 12:22:58.724 69517 INFO tempest.common.waiters [-] State transition "BUILD/networking" ==> "BUILD/spawning" after 8 second wait
2025-04-26 12:22:58.736 69509 INFO tempest.lib.common.rest_client [req-973e45ea-12ce-4137-a71f-b489d69ad045 req-973e45ea-12ce-4137-a71f-b489d69ad045 ] Request (ServicesAdminNegativeTestJSON:tearDownClass): 204 DELETE http://10.180.1.21/identity/v3/projects/c6a43388f4b24b9eb0fc31f665086d01 0.194s
2025-04-26 12:22:58.779 69511 INFO tempest.lib.common.rest_client [req-900d5d73-5a6e-4488-bc57-c4c90dc5b92d req-900d5d73-5a6e-4488-bc57-c4c90dc5b92d ] Request (TenantUsagesTestJSON:setUpClass): 200 GET http://10.180.1.21/compute/v2.1/servers/bf234d91-d702-4c0f-ae63-6f6db63fdcc4 1.658s
2025-04-26 12:22:58.799 69489 INFO tempest.lib.common.rest_client [req-795934f9-c00d-4578-943b-68cf7ae2ceea req-795934f9-c00d-4578-943b-68cf7ae2ceea ] Request (TenantUsagesNegativeTestJSON:setUpClass): 201 POST http://10.180.1.21/identity/v3/auth/tokens 0.159s
2025-04-26 12:22:58.832 69498 INFO tempest.lib.common.rest_client [req-b6cbfe42-1100-4ef9-871d-7fd593672752 req-b6cbfe42-1100-4ef9-871d-7fd593672752 ] Request (ServerActionsV293TestJSON:setUpClass): 200 GET http://10.180.1.21/volume/v3/volumes/1a9edf1e-1a8a-4c66-89dd-169226d9a198 0.037s
2025-04-26 12:22:58.835 69473 INFO tempest.lib.common.rest_client [req-3b7b8fe4-8ab5-429c-a7b5-c352fa166cf9 req-3b7b8fe4-8ab5-429c-a7b5-c352fa166cf9 ] Request (ServicesAdminNegativeV253TestJSON:setUpClass): 201 POST http://10.180.1.21/identity/v3/users 0.113s
2025-04-26 12:22:58.850 69509 INFO tempest.lib.common.rest_client [req-87b90e2d-3077-4a1a-9a38-f23cf7a97197 req-87b90e2d-3077-4a1a-9a38-f23cf7a97197 ] Request (AttachInterfacesUnderV243Test:setUpClass): 201 POST http://10.180.1.21/identity/v3/auth/tokens 0.112s
2025-04-26 12:22:58.861 69489 INFO tempest.lib.common.rest_client [req-c9068551-9de8-4527-9c07-654302a03801 req-c9068551-9de8-4527-9c07-654302a03801 ] Request (TenantUsagesNegativeTestJSON:setUpClass): 201 POST http://10.180.1.21/identity/v3/auth/tokens 0.057s
2025-04-26 12:22:58.872 69473 INFO tempest.lib.common.rest_client [req-a6dc7685-7ad2-4761-8b15-7c83c4768794 req-a6dc7685-7ad2-4761-8b15-7c83c4768794 ] Request (ServicesAdminNegativeV253TestJSON:setUpClass): 200 GET http://10.180.1.21/identity/v3/roles 0.036s
2025-04-26 12:22:58.897 69509 INFO tempest.lib.common.rest_client [req-7f9d0175-c91a-40d6-a204-966ba3bbd11c req-7f9d0175-c91a-40d6-a204-966ba3bbd11c ] Request (AttachInterfacesUnderV243Test:setUpClass): 201 POST http://10.180.1.21/identity/v3/auth/tokens 0.045s
2025-04-26 12:22:58.897 69485 INFO tempest.lib.common.rest_client [req-0939a230-738b-4188-b1e1-1d82fa6f6145 req-0939a230-738b-4188-b1e1-1d82fa6f6145 ] Request (ServersAdminNegativeTestJSON:setUpClass): 200 GET http://10.180.1.21/compute/v2.1/servers/4ae09b1d-b1cb-413c-b677-9f4af64c05e5 2.040s
2025-04-26 12:22:58.913 69481 INFO tempest.lib.common.rest_client [req-60e73d21-2478-46dd-8d02-e2d2db93470a req-60e73d21-2478-46dd-8d02-e2d2db93470a ] Request (HostsAdminNegativeTestJSON:test_shutdown_nonexistent_host): 404 GET http://10.180.1.21/compute/v2.1/os-hosts/nonexistent_hostname/shutdown 1.379s
2025-04-26 12:22:58.921 69489 INFO tempest.lib.common.rest_client [req-d54a8cc1-1310-4fe3-b492-f222c38cf080 req-d54a8cc1-1310-4fe3-b492-f222c38cf080 ] Request (TenantUsagesNegativeTestJSON:setUpClass): 200 GET http://10.180.1.21/identity/v3/domains?name=Default 0.057s
2025-04-26 12:22:58.943 69473 INFO tempest.lib.common.rest_client [req-b1aa08cd-c795-4543-89c5-a5ad5c79ac87 req-b1aa08cd-c795-4543-89c5-a5ad5c79ac87 ] Request (ServicesAdminNegativeV253TestJSON:setUpClass): 204 PUT http://10.180.1.21/identity/v3/projects/fb88a44f50b042e6ab80c1bb29563699/users/e890d20eeea543af8a45b353c7b62a8f/roles/ebdcc9c240174d70956b95850a773421 0.070s
2025-04-26 12:22:58.943 69473 INFO tempest.lib.common.dynamic_creds [-] Dynamic test user e890d20eeea543af8a45b353c7b62a8f is created with scope project and roles: ['member']
2025-04-26 12:22:58.943 69473 INFO tempest.lib.common.dynamic_creds [-] Acquired dynamic creds: credentials: Credentials: {'domain_id': 'default', 'domain_name': 'Default', 'username': 'tempest-ServicesAdminNegativeV253TestJSON-1248516736-project-member', 'project_domain_id': 'default', 'project_domain_name': 'Default', 'project_id': 'fb88a44f50b042e6ab80c1bb29563699', 'project_name': 'tempest-ServicesAdminNegativeV253TestJSON-1248516736', 'tenant_id': 'fb88a44f50b042e6ab80c1bb29563699', 'tenant_name': 'tempest-ServicesAdminNegativeV253TestJSON-1248516736', 'user_domain_id': 'default', 'user_domain_name': 'Default', 'user_id': 'e890d20eeea543af8a45b353c7b62a8f', 'system': None}, Network: None, Subnet: None, Router: None
2025-04-26 12:22:58.944 69473 INFO tempest.lib.common.dynamic_creds [-] Created isolated network resources for: credentials: Credentials: {'domain_id': 'default', 'domain_name': 'Default', 'username': 'tempest-ServicesAdminNegativeV253TestJSON-1248516736-project-member', 'project_domain_id': 'default', 'project_domain_name': 'Default', 'project_id': 'fb88a44f50b042e6ab80c1bb29563699', 'project_name': 'tempest-ServicesAdminNegativeV253TestJSON-1248516736', 'tenant_id': 'fb88a44f50b042e6ab80c1bb29563699', 'tenant_name': 'tempest-ServicesAdminNegativeV253TestJSON-1248516736', 'user_domain_id': 'default', 'user_domain_name': 'Default', 'user_id': 'e890d20eeea543af8a45b353c7b62a8f', 'system': None}, Network: None, Subnet: None, Router: None
2025-04-26 12:22:59.002 69509 INFO tempest.lib.common.rest_client [req-7e0e7c3c-dec8-4d75-922d-1724b7114968 req-7e0e7c3c-dec8-4d75-922d-1724b7114968 ] Request (AttachInterfacesUnderV243Test:setUpClass): 200 GET http://10.180.1.21/identity/v3/domains?name=Default 0.105s
2025-04-26 12:22:59.030 69489 INFO tempest.lib.common.rest_client [req-38f660a7-35e7-4332-a83f-9ee25c547ca8 req-38f660a7-35e7-4332-a83f-9ee25c547ca8 ] Request (TenantUsagesNegativeTestJSON:setUpClass): 201 POST http://10.180.1.21/identity/v3/projects 0.109s
2025-04-26 12:22:59.035 69521 INFO tempest.lib.common.rest_client [req-247268e2-8348-4af0-9e84-c8007cc491f3 req-247268e2-8348-4af0-9e84-c8007cc491f3 ] Request (FlavorsAccessTestJSON:test_flavor_access_add_remove): 200 POST http://10.180.1.21/compute/v2.1/flavors/82717868/action 1.503s
2025-04-26 12:22:59.056 69493 INFO tempest.lib.common.rest_client [req-f0088915-3e56-4bec-8710-75299b8aebd3 req-f0088915-3e56-4bec-8710-75299b8aebd3 ] Request (FlavorsV261TestJSON:tearDownClass): 200 GET http://10.180.1.21:9696/networking/v2.0/security-groups?tenant_id=ed05b2dcf3f84225b6edfa4f3378139d&name=default 0.479s
2025-04-26 12:22:59.084 69509 INFO tempest.lib.common.rest_client [req-6efc3cf7-7d2b-43aa-b8aa-fb472ecfe1e6 req-6efc3cf7-7d2b-43aa-b8aa-fb472ecfe1e6 ] Request (AttachInterfacesUnderV243Test:setUpClass): 201 POST http://10.180.1.21/identity/v3/projects 0.080s
2025-04-26 12:22:59.084 69473 INFO tempest.lib.common.rest_client [req-b2a004ae-4271-4923-9ba9-1852b3c08f31 req-b2a004ae-4271-4923-9ba9-1852b3c08f31 ] Request (ServicesAdminNegativeV253TestJSON:setUpClass): 201 POST http://10.180.1.21/identity/v3/auth/tokens 0.136s
2025-04-26 12:22:59.139 69489 INFO tempest.lib.common.rest_client [req-de910a37-b853-481a-9876-c13353f6cf64 req-de910a37-b853-481a-9876-c13353f6cf64 ] Request (TenantUsagesNegativeTestJSON:setUpClass): 201 POST http://10.180.1.21/identity/v3/users 0.108s
2025-04-26 12:22:59.185 69493 INFO tempest.lib.common.rest_client [req-822cf051-ee6a-44d9-abf9-2285a81f2b30 req-822cf051-ee6a-44d9-abf9-2285a81f2b30 ] Request (FlavorsV261TestJSON:tearDownClass): 204 DELETE http://10.180.1.21:9696/networking/v2.0/security-groups/0207581f-8b59-4cf4-a8fb-aa5cc721f1a4 0.129s
2025-04-26 12:22:59.234 69523 INFO tempest.lib.common.rest_client [req-64991668-7150-4885-9408-305eb221f537 req-64991668-7150-4885-9408-305eb221f537 ] Request (AggregatesAdminNegativeTestJSON:test_aggregate_add_host_as_user): 403 POST http://10.180.1.21/compute/v2.1/os-aggregates/2/action 1.338s
2025-04-26 12:22:59.237 69473 INFO tempest.lib.common.rest_client [req-5af43cea-98f4-45ac-8367-7690ef436d25 req-5af43cea-98f4-45ac-8367-7690ef436d25 ] Request (ServicesAdminNegativeV253TestJSON:setUpClass): 201 POST http://10.180.1.21/identity/v3/projects 0.151s
2025-04-26 12:22:59.239 69471 INFO tempest.lib.common.rest_client [req-be3dc2c0-4e77-41d4-b706-c5ee670947db req-be3dc2c0-4e77-41d4-b706-c5ee670947db ] Request (QuotasAdminTestJSON:test_get_updated_quotas): 200 GET http://10.180.1.21/compute/v2.1/os-quota-sets/411ef9e0cbb34437a6df2d9a098c0b4e/detail 1.409s
2025-04-26 12:22:59.251 69509 INFO tempest.lib.common.rest_client [req-c8e42fc8-d2ac-48ef-ae82-98d81bad06fb req-c8e42fc8-d2ac-48ef-ae82-98d81bad06fb ] Request (AttachInterfacesUnderV243Test:setUpClass): 201 POST http://10.180.1.21/identity/v3/users 0.163s
2025-04-26 12:22:59.260 69525 INFO tempest.lib.common.rest_client [req-37e5b962-2ac4-4967-8bcd-ff7e5cfdd923 req-37e5b962-2ac4-4967-8bcd-ff7e5cfdd923 ] Request (VolumesAdminNegativeTest:setUpClass): 201 POST http://10.180.1.21:9696/networking/v2.0/routers 2.292s
2025-04-26 12:22:59.274 69491 INFO tempest.lib.common.rest_client [req-03dbbed8-547b-4951-938e-76e7e3e8b11b req-03dbbed8-547b-4951-938e-76e7e3e8b11b ] Request (HostsAdminTestJSON:test_list_hosts_with_zone): 200 GET http://10.180.1.21/compute/v2.1/os-hosts?zone=internal 1.356s
2025-04-26 12:22:59.294 69515 INFO tempest.lib.common.rest_client [req-2b07b4c6-3f5b-44e6-badc-09d34a047e83 req-2b07b4c6-3f5b-44e6-badc-09d34a047e83 ] Request (FlavorsExtraSpecsNegativeTestJSON:test_flavor_unset_nonexistent_key): 404 DELETE http://10.180.1.21/compute/v2.1/flavors/2086919872/os-extra_specs/hw:cpu_thread_policy 1.332s
2025-04-26 12:22:59.296 69489 INFO tempest.lib.common.rest_client [req-414716a7-d94d-419e-b45c-c01f748ca7fa req-414716a7-d94d-419e-b45c-c01f748ca7fa ] Request (TenantUsagesNegativeTestJSON:setUpClass): 200 GET http://10.180.1.21/identity/v3/roles 0.156s
2025-04-26 12:22:59.313 69467 INFO tempest.lib.common.rest_client [req-90cbefea-d011-4b4e-bff5-e07e1141c654 req-90cbefea-d011-4b4e-bff5-e07e1141c654 ] Request (FlavorsAdminTestJSON:_run_cleanups): 202 DELETE http://10.180.1.21/compute/v2.1/flavors/2096935973 1.273s
2025-04-26 12:22:59.325 69473 INFO tempest.lib.common.rest_client [req-fca90ddc-2c8e-41f3-b209-bb080669cce5 req-fca90ddc-2c8e-41f3-b209-bb080669cce5 ] Request (ServicesAdminNegativeV253TestJSON:setUpClass): 201 POST http://10.180.1.21/identity/v3/users 0.087s
2025-04-26 12:22:59.328 69477 INFO tempest.lib.common.rest_client [req-b5873ed1-5651-4edd-8862-fdcca5ad7130 req-b5873ed1-5651-4edd-8862-fdcca5ad7130 ] Request (KeyPairsV210TestJSON:test_admin_manage_keypairs_for_other_users): 200 GET http://10.180.1.21/compute/v2.1/os-keypairs/tempest-keypair-423061964?user_id=21364653150b4244a6ba0227f6872c4f 1.245s
2025-04-26 12:22:59.348 69509 INFO tempest.lib.common.rest_client [req-61fd9994-b770-48cf-a540-7ecdbbee1554 req-61fd9994-b770-48cf-a540-7ecdbbee1554 ] Request (AttachInterfacesUnderV243Test:setUpClass): 200 GET http://10.180.1.21/identity/v3/roles 0.097s
2025-04-26 12:22:59.397 69493 INFO tempest.lib.common.rest_client [req-5e8b6032-448e-446a-bcc0-b609e9d5f483 req-5e8b6032-448e-446a-bcc0-b609e9d5f483 ] Request (FlavorsV261TestJSON:tearDownClass): 204 DELETE http://10.180.1.21/identity/v3/projects/ed05b2dcf3f84225b6edfa4f3378139d 0.211s
2025-04-26 12:22:59.398 69493 INFO tempest.lib.common.dynamic_creds [-] Deleting project and security group for project: 7ad7a6bc1a5f4f56ae216a366e2fd3b9
2025-04-26 12:22:59.443 69503 INFO tempest.lib.common.rest_client [req-05672ba4-f23a-4517-b5b8-3b4011d6cd07 req-05672ba4-f23a-4517-b5b8-3b4011d6cd07 ] Request (FloatingIPDetailsTestJSON:test_get_floating_ip_details): 200 GET http://10.180.1.21/compute/v2.1/os-floating-ips/f64a5e23-1890-4cb4-80b5-30ab6d3e63d2 1.425s
2025-04-26 12:22:59.459 69471 INFO tempest.lib.common.rest_client [req-5a8f5252-8e90-40cf-8452-6ce52ba3f04c req-5a8f5252-8e90-40cf-8452-6ce52ba3f04c ] Request (QuotasAdminTestJSON:test_get_updated_quotas): 200 GET http://10.180.1.21/identity/v3/domains?name=Default 0.208s
2025-04-26 12:22:59.473 69483 INFO tempest.lib.common.rest_client [req-303fdbb0-c118-40df-bb89-fa9d80b4ecc3 req-303fdbb0-c118-40df-bb89-fa9d80b4ecc3 ] Request (ServersWithSpecificFlavorTestJSON:test_verify_created_server_ephemeral_disk): 200 POST http://10.180.1.21/compute/v2.1/flavors 1.267s
