2025-04-26 12:23:10.848 69519 INFO tempest.lib.common.rest_client [req-9ceb91e2-bd7d-482e-9045-9fdbd1ad39c2 req-9ceb91e2-bd7d-482e-9045-9fdbd1ad39c2 ] Request (VolumesAssistedSnapshotsTest:test_volume_assisted_snapshot_create_delete): 200 GET http://10.180.1.21/compute/v2.1/servers/27ac4f0c-fcfb-4023-be75-496a182aeff0 2.708s
2025-04-26 12:23:10.850 69521 INFO tempest.lib.common.rest_client [req-49f6e3c0-63f4-4cdf-9d18-10b3693b4d1d req-49f6e3c0-63f4-4cdf-9d18-10b3693b4d1d ] Request (FlavorsAccessTestJSON:tearDownClass): 204 DELETE http://10.180.1.21:9696/networking/v2.0/security-groups/f59e7198-fd0c-4a3f-82f0-47ebd1daa3ce 0.233s
2025-04-26 12:23:10.854 69487 INFO tempest.lib.common.rest_client [req-7172b3b6-7410-4593-bdff-c02a49824dfd req-7172b3b6-7410-4593-bdff-c02a49824dfd ] Request (ServerActionsTestOtherA:setUpClass): 200 GET http://10.180.1.21/compute/v2.1/servers/566f2979-e4dd-4c8d-b76a-cebe43a13af2 2.831s
2025-04-26 12:23:10.862 69519 INFO tempest.common.waiters [-] State transition "BUILD/None" ==> "BUILD/networking" after 3 second wait
2025-04-26 12:23:10.884 69503 INFO tempest.lib.common.rest_client [req-7ffc8d9b-d288-4e77-b06e-36f656ffe3ce req-7ffc8d9b-d288-4e77-b06e-36f656ffe3ce ] Request (FloatingIPDetailsTestJSON:tearDownClass): 200 PUT http://10.180.1.21:9696/networking/v2.0/routers/fe91f15d-12f6-4a64-9a67-1b62d94008c1/remove_router_interface 1.157s
2025-04-26 12:23:10.933 69521 INFO tempest.lib.common.rest_client [req-24d06718-2de9-4bdf-81e5-29085aee23d9 req-24d06718-2de9-4bdf-81e5-29085aee23d9 ] Request (FlavorsAccessTestJSON:tearDownClass): 204 DELETE http://10.180.1.21/identity/v3/projects/ea7558e8279048f0bc4f8993e49c70e8 0.083s
2025-04-26 12:23:10.934 69521 INFO tempest.lib.common.dynamic_creds [-] Deleting project and security group for project: 77479d805a6d49108d187b9972862140
2025-04-26 12:23:10.950 69509 INFO tempest.lib.common.rest_client [req-1e804c19-c48b-4c49-acc2-a96e3d135899 req-1e804c19-c48b-4c49-acc2-a96e3d135899 ] Request (ValidationResourcesFixture:setUp): 201 POST http://10.180.1.21:9696/networking/v2.0/security-groups 0.602s
2025-04-26 12:23:10.967 69525 INFO tempest.lib.common.rest_client [req-d6d3de7f-6994-45f8-b85e-89875efb281b req-d6d3de7f-6994-45f8-b85e-89875efb281b ] Request (VolumesAdminNegativeTest:test_update_attached_volume_with_nonexistent_volume_in_body): 200 GET http://10.180.1.21/compute/v2.1/servers/1be9cd60-b206-4ce2-a8b5-793a218a2806 2.481s
2025-04-26 12:23:10.979 69471 INFO tempest.lib.common.rest_client [req-d3f8a7a4-d829-4e75-9aa1-cc8e9b13d315 req-d3f8a7a4-d829-4e75-9aa1-cc8e9b13d315 ] Request (QuotasAdminTestJSON:tearDownClass): 204 DELETE http://10.180.1.21:9696/networking/v2.0/security-groups/fcbb9fab-28e5-4bb0-9d46-52c4c0670ec1 0.536s
2025-04-26 12:23:11.068 69517 INFO tempest.lib.common.rest_client [req-ee36b6d6-e24d-4802-a3dd-8ca47bc1fef2 req-ee36b6d6-e24d-4802-a3dd-8ca47bc1fef2 ] Request (ServersAdmin275Test:test_rebuild_update_server_275): 200 GET http://10.180.1.21/compute/v2.1/servers/fc3f3fc8-6ff6-48ce-a6f7-94aa5b8a6cd3 2.092s
2025-04-26 12:23:11.078 69471 INFO tempest.lib.common.rest_client [req-472c00d5-a542-40b6-a20c-a5880941a9fa req-472c00d5-a542-40b6-a20c-a5880941a9fa ] Request (QuotasAdminTestJSON:tearDownClass): 204 DELETE http://10.180.1.21/identity/v3/projects/4a5805cc8d1942c6b20e3ea8050229c6 0.098s
2025-04-26 12:23:11.078 69471 INFO tempest.lib.common.dynamic_creds [-] Deleting project and security group for project: 510d311a0b4e405685ecfaa4b4a36c12
2025-04-26 12:23:11.089 69475 INFO tempest.lib.common.rest_client [req-7d7edc7c-68f0-4247-8f69-26dbc76e7de6 req-7d7edc7c-68f0-4247-8f69-26dbc76e7de6 ] Request (HypervisorAdminNegativeTestJSON:tearDownClass): 204 DELETE http://10.180.1.21:9696/networking/v2.0/security-groups/aa137c68-f5ba-4a5e-82e1-9980867048b4 0.442s
2025-04-26 12:23:11.094 69473 INFO tempest.lib.common.rest_client [req-2b0a95ad-82b1-4826-9e69-b136daad3a48 req-2b0a95ad-82b1-4826-9e69-b136daad3a48 ] Request (ServicesAdminNegativeV253TestJSON:test_get_service_by_invalid_service_and_valid_host): 200 GET http://10.180.1.21/compute/v2.1/os-services 2.094s
2025-04-26 12:23:11.096 69481 INFO tempest.lib.common.rest_client [req-2bba8c39-b1b8-4851-b4eb-bb538f3fcd5a req-2bba8c39-b1b8-4851-b4eb-bb538f3fcd5a ] Request (HostsAdminNegativeTestJSON:tearDownClass): 204 DELETE http://10.180.1.21:9696/networking/v2.0/security-groups/a303067b-f7e1-438a-a78f-20827feee086 0.475s
2025-04-26 12:23:11.123 69465 INFO tempest.lib.common.rest_client [req-ee5f28d7-835d-4d4b-913a-f4ba2fc919e3 req-ee5f28d7-835d-4d4b-913a-f4ba2fc919e3 ] Request (FlavorsAccessNegativeTestJSON:test_flavor_non_admin_remove): 200 POST http://10.180.1.21/compute/v2.1/flavors 2.084s
2025-04-26 12:23:11.183 69495 INFO tempest.lib.common.rest_client [req-dfa038a9-8865-4f84-82b9-6492540d0af3 req-dfa038a9-8865-4f84-82b9-6492540d0af3 ] Request (DeleteServersAdminTestJSON:test_admin_delete_servers_of_others): 200 GET http://10.180.1.21/compute/v2.1/servers/56625877-eba7-4713-bec1-f052bd43b9be 2.778s
2025-04-26 12:23:11.223 69523 INFO tempest.lib.common.rest_client [req-ed7a4da1-12b2-499b-8b53-480db25ff272 req-ed7a4da1-12b2-499b-8b53-480db25ff272 ] Request (AggregatesAdminNegativeTestJSON:test_aggregate_create_with_existent_aggregate_name): 200 POST http://10.180.1.21/compute/v2.1/os-aggregates 1.917s
2025-04-26 12:23:11.231 69475 INFO tempest.lib.common.rest_client [req-98195c3f-abf4-4d85-b50c-bccd60bb2b8a req-98195c3f-abf4-4d85-b50c-bccd60bb2b8a ] Request (HypervisorAdminNegativeTestJSON:tearDownClass): 204 DELETE http://10.180.1.21/identity/v3/projects/49d37591053d4ff481ff4caa43340e1e 0.141s
2025-04-26 12:23:11.231 69475 INFO tempest.lib.common.dynamic_creds [-] Deleting project and security group for project: 2b43db433195405db6d3a84be8963886
2025-04-26 12:23:11.235 69481 INFO tempest.lib.common.rest_client [req-a64f7af3-daeb-4ef5-81b4-f5f94d5d8325 req-a64f7af3-daeb-4ef5-81b4-f5f94d5d8325 ] Request (HostsAdminNegativeTestJSON:tearDownClass): 204 DELETE http://10.180.1.21/identity/v3/projects/2b85f6363cdb4c3c9c2164acfd79188d 0.138s
2025-04-26 12:23:11.235 69481 INFO tempest.lib.common.dynamic_creds [-] Deleting project and security group for project: c435763979414602898690016bb593ac
2025-04-26 12:23:11.309 69521 INFO tempest.lib.common.rest_client [req-6fa065ac-c083-4736-a7ea-954f578d3f47 req-6fa065ac-c083-4736-a7ea-954f578d3f47 ] Request (FlavorsAccessTestJSON:tearDownClass): 200 GET http://10.180.1.21:9696/networking/v2.0/security-groups?tenant_id=77479d805a6d49108d187b9972862140&name=default 0.375s
2025-04-26 12:23:11.311 69489 INFO tempest.lib.common.rest_client [req-1b021613-3a0b-45f4-850e-9a2682c4c16a req-1b021613-3a0b-45f4-850e-9a2682c4c16a ] Request (ServerRescueTestJSON:setUpClass): 201 POST http://10.180.1.21:9696/networking/v2.0/routers 2.297s
2025-04-26 12:23:11.312 69509 INFO tempest.lib.common.rest_client [req-95530ac8-a3af-406e-89fc-e3e345384c1e req-95530ac8-a3af-406e-89fc-e3e345384c1e ] Request (ValidationResourcesFixture:setUp): 201 POST http://10.180.1.21:9696/networking/v2.0/security-group-rules 0.361s
2025-04-26 12:23:11.389 69508 INFO tempest.lib.common.rest_client [req-c01cc475-24c0-4113-89c5-44770422ddce req-c01cc475-24c0-4113-89c5-44770422ddce ] Request (ServersTestManualDisk:setUpClass): 200 POST http://10.180.1.21/compute/v2.1/os-keypairs 2.038s
2025-04-26 12:23:11.475 69498 INFO tempest.lib.common.rest_client [req-19d99927-8eee-4ef1-b7f4-413f016b9d69 req-19d99927-8eee-4ef1-b7f4-413f016b9d69 ] Request (ServerActionsV293TestJSON:setUpClass): 200 GET http://10.180.1.21/volume/v3/volumes/1a9edf1e-1a8a-4c66-89dd-169226d9a198 0.039s
2025-04-26 12:23:11.746 69475 INFO tempest.lib.common.rest_client [req-9cddbf8b-fddb-4e7e-b4d2-1e58cf2a4e62 req-9cddbf8b-fddb-4e7e-b4d2-1e58cf2a4e62 ] Request (HypervisorAdminNegativeTestJSON:tearDownClass): 200 GET http://10.180.1.21:9696/networking/v2.0/security-groups?tenant_id=2b43db433195405db6d3a84be8963886&name=default 0.514s
2025-04-26 12:23:11.762 69481 INFO tempest.lib.common.rest_client [req-53c271b4-336c-45e5-9e04-6f37795d2b92 req-53c271b4-336c-45e5-9e04-6f37795d2b92 ] Request (HostsAdminNegativeTestJSON:tearDownClass): 200 GET http://10.180.1.21:9696/networking/v2.0/security-groups?tenant_id=c435763979414602898690016bb593ac&name=default 0.527s
2025-04-26 12:23:11.765 69471 INFO tempest.lib.common.rest_client [req-a00b12c3-839d-43c9-b79d-1273cb06bf47 req-a00b12c3-839d-43c9-b79d-1273cb06bf47 ] Request (QuotasAdminTestJSON:tearDownClass): 200 GET http://10.180.1.21:9696/networking/v2.0/security-groups?tenant_id=510d311a0b4e405685ecfaa4b4a36c12&name=default 0.687s
2025-04-26 12:23:11.768 69521 INFO tempest.lib.common.rest_client [req-49368f46-f4f5-450d-a9d3-02c75b59ba05 req-49368f46-f4f5-450d-a9d3-02c75b59ba05 ] Request (FlavorsAccessTestJSON:tearDownClass): 204 DELETE http://10.180.1.21:9696/networking/v2.0/security-groups/c18a2798-e978-411f-94e2-4f86c83417af 0.458s
2025-04-26 12:23:11.865 69513 INFO tempest.lib.common.rest_client [req-2ae7c99a-c5e5-4618-b924-10b6e09af748 req-2ae7c99a-c5e5-4618-b924-10b6e09af748 ] Request (MultipleCreateTestJSON:setUpClass): 201 POST http://10.180.1.21:9696/networking/v2.0/routers 2.409s
2025-04-26 12:23:11.898 69521 INFO tempest.lib.common.rest_client [req-2754e266-1cef-4b50-8e15-73eefdce82b1 req-2754e266-1cef-4b50-8e15-73eefdce82b1 ] Request (FlavorsAccessTestJSON:tearDownClass): 204 DELETE http://10.180.1.21/identity/v3/projects/77479d805a6d49108d187b9972862140 0.129s
2025-04-26 12:23:11.939 69501 INFO tempest.lib.common.rest_client [req-0053b36b-3c1a-485f-aba0-ffa6e9ad093d req-0053b36b-3c1a-485f-aba0-ffa6e9ad093d ] Request (ServerDiagnosticsTest:test_get_server_diagnostics): 200 GET http://10.180.1.21/compute/v2.1/servers/0cd85b86-4f33-4d68-b074-7dc36b00ef1a/diagnostics 2.682s
2025-04-26 12:23:11.948 69463 INFO tempest.lib.common.rest_client [req-b18511a6-f58c-4945-90d5-9b94f8ec01a1 req-b18511a6-f58c-4945-90d5-9b94f8ec01a1 ] Request (KeyPairsNegativeTestJSON:test_create_keypair_with_long_keynames): 400 POST http://10.180.1.21/compute/v2.1/os-keypairs 2.179s
2025-04-26 12:23:11.962 69521 INFO tempest.lib.common.rest_client [req-ab660b8e-3497-4409-bab5-33f0e28ea5ad req-ab660b8e-3497-4409-bab5-33f0e28ea5ad ] Request (ServersAdminTestJSON:setUpClass): 201 POST http://10.180.1.21/identity/v3/auth/tokens 0.063s
2025-04-26 12:23:11.969 69481 INFO tempest.lib.common.rest_client [req-abbd50b0-37d0-47d4-80ab-4954b5e22a2b req-abbd50b0-37d0-47d4-80ab-4954b5e22a2b ] Request (HostsAdminNegativeTestJSON:tearDownClass): 204 DELETE http://10.180.1.21:9696/networking/v2.0/security-groups/ec7ad596-ca1c-4d54-9fe2-a4ef44ef3b0f 0.206s
2025-04-26 12:23:11.970 69471 INFO tempest.lib.common.rest_client [req-32aacbfd-af23-4a9d-a76e-30d0b6838393 req-32aacbfd-af23-4a9d-a76e-30d0b6838393 ] Request (QuotasAdminTestJSON:tearDownClass): 204 DELETE http://10.180.1.21:9696/networking/v2.0/security-groups/8ceca1e9-8d9e-48ad-b824-51e265e687f8 0.204s
2025-04-26 12:23:12.002 69521 INFO tempest.lib.common.rest_client [req-176fef8d-f5a8-4a52-b990-58c868bb50b7 req-176fef8d-f5a8-4a52-b990-58c868bb50b7 ] Request (ServersAdminTestJSON:setUpClass): 201 POST http://10.180.1.21/identity/v3/auth/tokens 0.038s
2025-04-26 12:23:12.039 69481 INFO tempest.lib.common.rest_client [req-fbc81809-70ba-4e29-aa13-f286048893ab req-fbc81809-70ba-4e29-aa13-f286048893ab ] Request (HostsAdminNegativeTestJSON:tearDownClass): 204 DELETE http://10.180.1.21/identity/v3/projects/c435763979414602898690016bb593ac 0.069s
2025-04-26 12:23:12.059 69471 INFO tempest.lib.common.rest_client [req-2852a59f-38f3-4777-a27a-80a76cca0d32 req-2852a59f-38f3-4777-a27a-80a76cca0d32 ] Request (QuotasAdminTestJSON:tearDownClass): 204 DELETE http://10.180.1.21/identity/v3/projects/510d311a0b4e405685ecfaa4b4a36c12 0.089s
2025-04-26 12:23:12.105 69509 INFO tempest.lib.common.rest_client [req-5a0886dc-6bb9-48d6-a936-9666b1812e51 req-5a0886dc-6bb9-48d6-a936-9666b1812e51 ] Request (ValidationResourcesFixture:setUp): 201 POST http://10.180.1.21:9696/networking/v2.0/security-group-rules 0.793s
2025-04-26 12:23:12.126 69481 INFO tempest.lib.common.rest_client [req-c4b27586-f58d-410d-bf53-ca2ba11e12ce req-c4b27586-f58d-410d-bf53-ca2ba11e12ce ] Request (ServersTestJSON:setUpClass): 201 POST http://10.180.1.21/identity/v3/auth/tokens 0.085s
2025-04-26 12:23:12.158 69471 INFO tempest.lib.common.rest_client [req-6e83883e-936f-4111-b424-993213da2854 req-6e83883e-936f-4111-b424-993213da2854 ] Request (ImagesDeleteNegativeTestJSON:setUpClass): 201 POST http://10.180.1.21/identity/v3/auth/tokens 0.096s
2025-04-26 12:23:12.174 69521 INFO tempest.lib.common.rest_client [req-5163cd5c-c6de-4430-85c1-d20ffad70b99 req-5163cd5c-c6de-4430-85c1-d20ffad70b99 ] Request (ServersAdminTestJSON:setUpClass): 200 GET http://10.180.1.21/identity/v3/domains?name=Default 0.171s
2025-04-26 12:23:12.196 69481 INFO tempest.lib.common.rest_client [req-be5d33c9-108b-4f28-ab0c-ee16ead4455f req-be5d33c9-108b-4f28-ab0c-ee16ead4455f ] Request (ServersTestJSON:setUpClass): 201 POST http://10.180.1.21/identity/v3/auth/tokens 0.063s
2025-04-26 12:23:12.205 69508 INFO tempest.lib.common.rest_client [req-08574afb-a8ac-4f30-bc1a-d0138e4c3755 req-08574afb-a8ac-4f30-bc1a-d0138e4c3755 ] Request (ServersTestManualDisk:setUpClass): 201 POST http://10.180.1.21:9696/networking/v2.0/security-groups 0.814s
2025-04-26 12:23:12.214 69471 INFO tempest.lib.common.rest_client [req-03fdbeff-c2eb-46d3-b224-ac454d3df6c0 req-03fdbeff-c2eb-46d3-b224-ac454d3df6c0 ] Request (ImagesDeleteNegativeTestJSON:setUpClass): 201 POST http://10.180.1.21/identity/v3/auth/tokens 0.053s
2025-04-26 12:23:12.243 69481 INFO tempest.lib.common.rest_client [req-80bfb5e4-97a3-44e5-bdb6-d1a54e513edb req-80bfb5e4-97a3-44e5-bdb6-d1a54e513edb ] Request (ServersTestJSON:setUpClass): 200 GET http://10.180.1.21/identity/v3/domains?name=Default 0.047s
2025-04-26 12:23:12.246 69521 INFO tempest.lib.common.rest_client [req-2cdef61d-3c3d-47c4-8c9b-9bb5ca53c3cf req-2cdef61d-3c3d-47c4-8c9b-9bb5ca53c3cf ] Request (ServersAdminTestJSON:setUpClass): 201 POST http://10.180.1.21/identity/v3/projects 0.067s
2025-04-26 12:23:12.312 69475 INFO tempest.lib.common.rest_client [req-5aff0606-12b2-4b6c-8c95-c6110853cb99 req-5aff0606-12b2-4b6c-8c95-c6110853cb99 ] Request (HypervisorAdminNegativeTestJSON:tearDownClass): 204 DELETE http://10.180.1.21:9696/networking/v2.0/security-groups/e200bfe2-de85-4e38-9d54-0a3836116143 0.566s
2025-04-26 12:23:12.312 69471 INFO tempest.lib.common.rest_client [req-c4a5088a-af52-4f59-b23b-2135e3ea403b req-c4a5088a-af52-4f59-b23b-2135e3ea403b ] Request (ImagesDeleteNegativeTestJSON:setUpClass): 200 GET http://10.180.1.21/identity/v3/domains?name=Default 0.098s
2025-04-26 12:23:12.321 69481 INFO tempest.lib.common.rest_client [req-cc5a1d7d-67a3-49ba-a3ff-6fb03bb62527 req-cc5a1d7d-67a3-49ba-a3ff-6fb03bb62527 ] Request (ServersTestJSON:setUpClass): 201 POST http://10.180.1.21/identity/v3/projects 0.077s
2025-04-26 12:23:12.341 69521 INFO tempest.lib.common.rest_client [req-5b97e682-b1d7-4270-96c5-06252594d439 req-5b97e682-b1d7-4270-96c5-06252594d439 ] Request (ServersAdminTestJSON:setUpClass): 201 POST http://10.180.1.21/identity/v3/users 0.095s
2025-04-26 12:23:12.401 69471 INFO tempest.lib.common.rest_client [req-2cb3bb48-4424-4a04-9110-132d81193751 req-2cb3bb48-4424-4a04-9110-132d81193751 ] Request (ImagesDeleteNegativeTestJSON:setUpClass): 201 POST http://10.180.1.21/identity/v3/projects 0.088s
2025-04-26 12:23:12.423 69475 INFO tempest.lib.common.rest_client [req-f378aff6-3d52-49d3-9fa4-7f0c3938b32f req-f378aff6-3d52-49d3-9fa4-7f0c3938b32f ] Request (HypervisorAdminNegativeTestJSON:tearDownClass): 204 DELETE http://10.180.1.21/identity/v3/projects/2b43db433195405db6d3a84be8963886 0.110s
2025-04-26 12:23:12.424 69475 INFO tempest.test [-] raised in TestVolumeSwap.setUpClass. Invoking tearDownClass.
2025-04-26 12:23:12.462 69481 INFO tempest.lib.common.rest_client [req-002ab01f-cccc-4907-ab41-85e8c75ff63b req-002ab01f-cccc-4907-ab41-85e8c75ff63b ] Request (ServersTestJSON:setUpClass): 201 POST http://10.180.1.21/identity/v3/users 0.140s
2025-04-26 12:23:12.476 69521 INFO tempest.lib.common.rest_client [req-716801ec-a105-4953-bf70-6a3eeac2c44e req-716801ec-a105-4953-bf70-6a3eeac2c44e ] Request (ServersAdminTestJSON:setUpClass): 200 GET http://10.180.1.21/identity/v3/roles 0.134s
2025-04-26 12:23:12.498 69471 INFO tempest.lib.common.rest_client [req-ed4199af-8d8e-4a3d-b5ab-fc803b93ae2c req-ed4199af-8d8e-4a3d-b5ab-fc803b93ae2c ] Request (ImagesDeleteNegativeTestJSON:setUpClass): 201 POST http://10.180.1.21/identity/v3/users 0.096s
2025-04-26 12:23:12.502 69508 INFO tempest.lib.common.rest_client [req-911a26ea-a3d2-4f28-92bb-c5ed0d699aaa req-911a26ea-a3d2-4f28-92bb-c5ed0d699aaa ] Request (ServersTestManualDisk:setUpClass): 201 POST http://10.180.1.21:9696/networking/v2.0/security-group-rules 0.296s
2025-04-26 12:23:12.510 69475 INFO tempest.lib.common.rest_client [req-da08efd6-26a9-453c-87e5-fbf9b9c07f7c req-da08efd6-26a9-453c-87e5-fbf9b9c07f7c ] Request (KeyPairsV2TestJSON:setUpClass): 201 POST http://10.180.1.21/identity/v3/auth/tokens 0.080s
2025-04-26 12:23:12.515 69498 INFO tempest.lib.common.rest_client [req-96ce3bdb-a4f7-480d-875c-a9f50e547c1e req-96ce3bdb-a4f7-480d-875c-a9f50e547c1e ] Request (ServerActionsV293TestJSON:setUpClass): 200 GET http://10.180.1.21/volume/v3/volumes/1a9edf1e-1a8a-4c66-89dd-169226d9a198 0.028s
2025-04-26 12:23:12.532 69521 INFO tempest.lib.common.rest_client [req-c1e635b2-a412-4dfb-8cd7-17f19be47aed req-c1e635b2-a412-4dfb-8cd7-17f19be47aed ] Request (ServersAdminTestJSON:setUpClass): 204 PUT http://10.180.1.21/identity/v3/projects/9d54b3f4ffd4458f9e27881bd5f60105/users/a6d5260cf12a47dc8971c8f4d89b14e9/roles/ebdcc9c240174d70956b95850a773421 0.055s
2025-04-26 12:23:12.532 69521 INFO tempest.lib.common.dynamic_creds [-] Dynamic test user a6d5260cf12a47dc8971c8f4d89b14e9 is created with scope project and roles: ['member']
2025-04-26 12:23:12.532 69521 INFO tempest.lib.common.dynamic_creds [-] Acquired dynamic creds: credentials: Credentials: {'domain_id': 'default', 'domain_name': 'Default', 'username': 'tempest-ServersAdminTestJSON-1629383019-project-member', 'project_domain_id': 'default', 'project_domain_name': 'Default', 'project_id': '9d54b3f4ffd4458f9e27881bd5f60105', 'project_name': 'tempest-ServersAdminTestJSON-1629383019', 'tenant_id': '9d54b3f4ffd4458f9e27881bd5f60105', 'tenant_name': 'tempest-ServersAdminTestJSON-1629383019', 'user_domain_id': 'default', 'user_domain_name': 'Default', 'user_id': 'a6d5260cf12a47dc8971c8f4d89b14e9', 'system': None}, Network: None, Subnet: None, Router: None
2025-04-26 12:23:12.533 69481 INFO tempest.lib.common.rest_client [req-7a5f06c9-5145-4f48-a677-f696c580d29f req-7a5f06c9-5145-4f48-a677-f696c580d29f ] Request (ServersTestJSON:setUpClass): 200 GET http://10.180.1.21/identity/v3/roles 0.070s
2025-04-26 12:23:12.575 69469 INFO tempest.lib.common.rest_client [req-a5501547-4288-4d92-bbb9-f547416dbea0 req-a5501547-4288-4d92-bbb9-f547416dbea0 ] Request (ServersNegativeTestJSON:setUpClass): 202 POST http://10.180.1.21/compute/v2.1/servers 2.784s
2025-04-26 12:23:12.577 69477 INFO tempest.lib.common.rest_client [req-51ce8395-2aee-49f1-892a-1b4b0d407829 req-51ce8395-2aee-49f1-892a-1b4b0d407829 ] Request (SecurityGroupsTestAdminJSON:test_list_security_groups_list_all_tenants_filter): 200 POST http://10.180.1.21/compute/v2.1/os-security-groups 2.900s
2025-04-26 12:23:12.591 69471 INFO tempest.lib.common.rest_client [req-143b7b82-2ecd-4913-b704-413e64e79db8 req-143b7b82-2ecd-4913-b704-413e64e79db8 ] Request (ImagesDeleteNegativeTestJSON:setUpClass): 200 GET http://10.180.1.21/identity/v3/roles 0.091s
2025-04-26 12:23:12.597 69475 INFO tempest.lib.common.rest_client [req-33bce0e7-1742-471f-a1d7-6879aee183d9 req-33bce0e7-1742-471f-a1d7-6879aee183d9 ] Request (KeyPairsV2TestJSON:setUpClass): 201 POST http://10.180.1.21/identity/v3/auth/tokens 0.082s
2025-04-26 12:23:12.618 69521 INFO tempest.lib.common.rest_client [req-5b0b241e-8c98-458e-a8c9-439299dbf497 req-5b0b241e-8c98-458e-a8c9-439299dbf497 ] Request (ServersAdminTestJSON:setUpClass): 201 POST http://10.180.1.21/identity/v3/auth/tokens 0.084s
2025-04-26 12:23:12.624 69481 INFO tempest.lib.common.rest_client [req-d797c20e-0b4d-4b8c-a961-0f4fd17dd460 req-d797c20e-0b4d-4b8c-a961-0f4fd17dd460 ] Request (ServersTestJSON:setUpClass): 204 PUT http://10.180.1.21/identity/v3/projects/9ad84e45bc4d449087819ad839fa103c/users/d85f1174076148339356a3dcd353914e/roles/ebdcc9c240174d70956b95850a773421 0.090s
2025-04-26 12:23:12.624 69481 INFO tempest.lib.common.dynamic_creds [-] Dynamic test user d85f1174076148339356a3dcd353914e is created with scope project and roles: ['member']
2025-04-26 12:23:12.625 69481 INFO tempest.lib.common.dynamic_creds [-] Acquired dynamic creds: credentials: Credentials: {'domain_id': 'default', 'domain_name': 'Default', 'username': 'tempest-ServersTestJSON-796229910-project-member', 'project_domain_id': 'default', 'project_domain_name': 'Default', 'project_id': '9ad84e45bc4d449087819ad839fa103c', 'project_name': 'tempest-ServersTestJSON-796229910', 'tenant_id': '9ad84e45bc4d449087819ad839fa103c', 'tenant_name': 'tempest-ServersTestJSON-796229910', 'user_domain_id': 'default', 'user_domain_name': 'Default', 'user_id': 'd85f1174076148339356a3dcd353914e', 'system': None}, Network: None, Subnet: None, Router: None
2025-04-26 12:23:12.692 69471 INFO tempest.lib.common.rest_client [req-f7e1241b-7dd3-462e-a53f-a919302d577b req-f7e1241b-7dd3-462e-a53f-a919302d577b ] Request (ImagesDeleteNegativeTestJSON:setUpClass): 204 PUT http://10.180.1.21/identity/v3/projects/41f941b527b34ef0a3aa20e75a26c97b/users/3c261721c012445f9ee2b9ddd8f042af/roles/ebdcc9c240174d70956b95850a773421 0.100s
2025-04-26 12:23:12.692 69471 INFO tempest.lib.common.dynamic_creds [-] Dynamic test user 3c261721c012445f9ee2b9ddd8f042af is created with scope project and roles: ['member']
2025-04-26 12:23:12.692 69471 INFO tempest.lib.common.dynamic_creds [-] Acquired dynamic creds: credentials: Credentials: {'domain_id': 'default', 'domain_name': 'Default', 'username': 'tempest-ImagesDeleteNegativeTestJSON-365841398-project-member', 'project_domain_id': 'default', 'project_domain_name': 'Default', 'project_id': '41f941b527b34ef0a3aa20e75a26c97b', 'project_name': 'tempest-ImagesDeleteNegativeTestJSON-365841398', 'tenant_id': '41f941b527b34ef0a3aa20e75a26c97b', 'tenant_name': 'tempest-ImagesDeleteNegativeTestJSON-365841398', 'user_domain_id': 'default', 'user_domain_name': 'Default', 'user_id': '3c261721c012445f9ee2b9ddd8f042af', 'system': None}, Network: None, Subnet: None, Router: None
2025-04-26 12:23:12.693 69471 INFO tempest.lib.common.dynamic_creds [-] Created isolated network resources for: credentials: Credentials: {'domain_id': 'default', 'domain_name': 'Default', 'username': 'tempest-ImagesDeleteNegativeTestJSON-365841398-project-member', 'project_domain_id': 'default', 'project_domain_name': 'Default', 'project_id': '41f941b527b34ef0a3aa20e75a26c97b', 'project_name': 'tempest-ImagesDeleteNegativeTestJSON-365841398', 'tenant_id': '41f941b527b34ef0a3aa20e75a26c97b', 'tenant_name': 'tempest-ImagesDeleteNegativeTestJSON-365841398', 'user_domain_id': 'default', 'user_domain_name': 'Default', 'user_id': '3c261721c012445f9ee2b9ddd8f042af', 'system': None}, Network: None, Subnet: None, Router: None
2025-04-26 12:23:12.708 69503 INFO tempest.lib.common.rest_client [req-c0c903f2-4ddd-4b78-8cbf-de68f5e909f0 req-c0c903f2-4ddd-4b78-8cbf-de68f5e909f0 ] Request (FloatingIPDetailsTestJSON:tearDownClass): 204 DELETE http://10.180.1.21:9696/networking/v2.0/routers/fe91f15d-12f6-4a64-9a67-1b62d94008c1 1.824s
2025-04-26 12:23:12.715 69491 INFO tempest.lib.common.rest_client [req-4114ce0b-8d9f-486b-82be-27bf0d1d9e98 req-4114ce0b-8d9f-486b-82be-27bf0d1d9e98 ] Request (MigrationsAdminTest:test_list_migrations_in_flavor_resize_situation): 200 GET http://10.180.1.21/compute/v2.1/servers/f503d73d-b6a6-49cb-9c4c-ece76e61ff8e 2.588s
2025-04-26 12:23:12.742 69467 INFO tempest.lib.common.rest_client [req-ddea4a13-bab0-4c5f-9f91-2c27c076524b req-ddea4a13-bab0-4c5f-9f91-2c27c076524b ] Request (FlavorsAdminTestJSON:test_create_list_flavor_without_extra_data): 200 POST http://10.180.1.21/compute/v2.1/flavors 2.581s
2025-04-26 12:23:12.755 69475 INFO tempest.lib.common.rest_client [req-2a799783-bc3f-43f7-9996-922a26ae19ee req-2a799783-bc3f-43f7-9996-922a26ae19ee ] Request (KeyPairsV2TestJSON:setUpClass): 200 GET http://10.180.1.21/identity/v3/domains?name=Default 0.157s
2025-04-26 12:23:12.782 69481 INFO tempest.lib.common.rest_client [req-563b41a0-8902-4a76-aed9-e7801c91bc94 req-563b41a0-8902-4a76-aed9-e7801c91bc94 ] Request (ServersTestJSON:setUpClass): 201 POST http://10.180.1.21/identity/v3/auth/tokens 0.156s
2025-04-26 12:23:12.849 69471 INFO tempest.lib.common.rest_client [req-d01a1791-588d-43f8-8ba5-754b3cf460b7 req-d01a1791-588d-43f8-8ba5-754b3cf460b7 ] Request (ImagesDeleteNegativeTestJSON:setUpClass): 201 POST http://10.180.1.21/identity/v3/auth/tokens 0.151s
2025-04-26 12:23:12.891 69475 INFO tempest.lib.common.rest_client [req-0c267d43-9976-4cbb-bc2f-5543d099c439 req-0c267d43-9976-4cbb-bc2f-5543d099c439 ] Request (KeyPairsV2TestJSON:setUpClass): 201 POST http://10.180.1.21/identity/v3/projects 0.135s
2025-04-26 12:23:13.025 69475 INFO tempest.lib.common.rest_client [req-fb13f23e-a79a-451d-b8fe-f7afcaf80722 req-fb13f23e-a79a-451d-b8fe-f7afcaf80722 ] Request (KeyPairsV2TestJSON:setUpClass): 201 POST http://10.180.1.21/identity/v3/users 0.133s
2025-04-26 12:23:13.048 69503 INFO tempest.lib.common.rest_client [req-5f2e34d0-1484-4ffd-a901-cb1e1e3b0654 req-5f2e34d0-1484-4ffd-a901-cb1e1e3b0654 ] Request (FloatingIPDetailsTestJSON:tearDownClass): 204 DELETE http://10.180.1.21:9696/networking/v2.0/subnets/8e5114d7-58c6-4158-9a44-9ae56ba7c2e9 0.338s
2025-04-26 12:23:13.056 69508 INFO tempest.lib.common.rest_client [req-eeaadca0-fafa-4d39-8c7a-e8cf64c4d88c req-eeaadca0-fafa-4d39-8c7a-e8cf64c4d88c ] Request (ServersTestManualDisk:setUpClass): 201 POST http://10.180.1.21:9696/networking/v2.0/security-group-rules 0.553s
2025-04-26 12:23:13.059 69475 INFO tempest.lib.common.rest_client [req-c3a71b4a-791e-4077-a779-be5076f7d8e6 req-c3a71b4a-791e-4077-a779-be5076f7d8e6 ] Request (KeyPairsV2TestJSON:setUpClass): 200 GET http://10.180.1.21/identity/v3/roles 0.034s
2025-04-26 12:23:13.101 69475 INFO tempest.lib.common.rest_client [req-eaf5a990-6e9a-4a38-a86a-81f2f073e6af req-eaf5a990-6e9a-4a38-a86a-81f2f073e6af ] Request (KeyPairsV2TestJSON:setUpClass): 204 PUT http://10.180.1.21/identity/v3/projects/319bbde678c9410fbf2a457fa1c6f9c5/users/63b90f629adf42df840838c1eb0986ea/roles/ebdcc9c240174d70956b95850a773421 0.041s
2025-04-26 12:23:13.101 69475 INFO tempest.lib.common.dynamic_creds [-] Dynamic test user 63b90f629adf42df840838c1eb0986ea is created with scope project and roles: ['member']
2025-04-26 12:23:13.101 69475 INFO tempest.lib.common.dynamic_creds [-] Acquired dynamic creds: credentials: Credentials: {'domain_id': 'default', 'domain_name': 'Default', 'username': 'tempest-KeyPairsV2TestJSON-1287588496-project-member', 'project_domain_id': 'default', 'project_domain_name': 'Default', 'project_id': '319bbde678c9410fbf2a457fa1c6f9c5', 'project_name': 'tempest-KeyPairsV2TestJSON-1287588496', 'tenant_id': '319bbde678c9410fbf2a457fa1c6f9c5', 'tenant_name': 'tempest-KeyPairsV2TestJSON-1287588496', 'user_domain_id': 'default', 'user_domain_name': 'Default', 'user_id': '63b90f629adf42df840838c1eb0986ea', 'system': None}, Network: None, Subnet: None, Router: None
2025-04-26 12:23:13.101 69475 INFO tempest.lib.common.dynamic_creds [-] Created isolated network resources for: credentials: Credentials: {'domain_id': 'default', 'domain_name': 'Default', 'username': 'tempest-KeyPairsV2TestJSON-1287588496-project-member', 'project_domain_id': 'default', 'project_domain_name': 'Default', 'project_id': '319bbde678c9410fbf2a457fa1c6f9c5', 'project_name': 'tempest-KeyPairsV2TestJSON-1287588496', 'tenant_id': '319bbde678c9410fbf2a457fa1c6f9c5', 'tenant_name': 'tempest-KeyPairsV2TestJSON-1287588496', 'user_domain_id': 'default', 'user_domain_name': 'Default', 'user_id': '63b90f629adf42df840838c1eb0986ea', 'system': None}, Network: None, Subnet: None, Router: None
2025-04-26 12:23:13.126 69506 INFO tempest.lib.common.rest_client [req-5ca8f91e-cf17-4e73-a877-c9e979d569cd req-5ca8f91e-cf17-4e73-a877-c9e979d569cd ] Request (QuotasAdminTestV257:test_get_updated_quotas): 200 PUT http://10.180.1.21/compute/v2.1/os-quota-sets/3f1ee472091e4212bb1a65cd5a5941d7 3.036s
2025-04-26 12:23:13.140 69493 INFO tempest.lib.common.rest_client [req-bd30c80e-286c-4d01-befb-4f9ee1561aa5 req-bd30c80e-286c-4d01-befb-4f9ee1561aa5 ] Request (KeyPairsV22TestJSON:test_get_keypair_detail): 200 GET http://10.180.1.21/compute/v2.1/os-keypairs/tempest-keypair-15308727 2.452s
2025-04-26 12:23:13.252 69475 INFO tempest.lib.common.rest_client [req-b0daa7c6-9cce-403d-bd6c-3d4358c394f0 req-b0daa7c6-9cce-403d-bd6c-3d4358c394f0 ] Request (KeyPairsV2TestJSON:setUpClass): 201 POST http://10.180.1.21/identity/v3/auth/tokens 0.147s
2025-04-26 12:23:13.278 69515 INFO tempest.lib.common.rest_client [req-e3278cd7-9b94-4240-b072-1a1866833f09 req-e3278cd7-9b94-4240-b072-1a1866833f09 ] Request (ServerDiagnosticsV248Test:test_get_server_diagnostics): 200 GET http://10.180.1.21/compute/v2.1/servers/882eb1a9-82fc-40dc-ba7b-d3a3cc9d40c6 2.532s
2025-04-26 12:23:13.301 69473 INFO tempest.lib.common.rest_client [req-7a81a670-ea52-4a10-93f1-72fc79844a65 req-7a81a670-ea52-4a10-93f1-72fc79844a65 ] Request (ServicesAdminNegativeV253TestJSON:test_get_service_by_invalid_service_and_valid_host): 200 GET http://10.180.1.21/compute/v2.1/os-services?host=devstack&binary=xxx 2.205s
2025-04-26 12:23:13.410 69509 INFO tempest.lib.common.rest_client [req-bada044a-6a9b-45f9-8c04-f9c2bce5a471 req-bada044a-6a9b-45f9-8c04-f9c2bce5a471 ] Request (ValidationResourcesFixture:setUp): 201 POST http://10.180.1.21:9696/networking/v2.0/floatingips 1.304s
2025-04-26 12:23:13.450 69465 INFO tempest.lib.common.rest_client [req-cc95d012-44c1-4d87-a7a7-219bbaa1c713 req-cc95d012-44c1-4d87-a7a7-219bbaa1c713 ] Request (FlavorsAccessNegativeTestJSON:test_flavor_non_admin_remove): 200 POST http://10.180.1.21/compute/v2.1/flavors/606436786/action 2.325s
2025-04-26 12:23:13.450 69485 INFO tempest.lib.common.rest_client [req-b32de98f-95e9-4742-ade1-311fad4375f3 req-b32de98f-95e9-4742-ade1-311fad4375f3 ] Request (ServersAdminNegativeTestJSON:test_migrate_server_invalid_state): 202 POST http://10.180.1.21/compute/v2.1/servers 3.147s
2025-04-26 12:23:13.474 69523 INFO tempest.lib.common.rest_client [req-dafe2a0f-fe38-4653-b92d-b39adbf18db3 req-dafe2a0f-fe38-4653-b92d-b39adbf18db3 ] Request (AggregatesAdminNegativeTestJSON:test_aggregate_create_with_existent_aggregate_name): 409 POST http://10.180.1.21/compute/v2.1/os-aggregates 2.248s
2025-04-26 12:23:13.502 69521 INFO tempest.lib.common.rest_client [req-b6f43902-cb50-4b54-9100-365cbf0cf02d req-b6f43902-cb50-4b54-9100-365cbf0cf02d ] Request (ServersAdminTestJSON:setUpClass): 201 POST http://10.180.1.21:9696/networking/v2.0/networks 0.884s
2025-04-26 12:23:13.504 69509 INFO tempest.lib.common.rest_client [req-3151a35c-25c3-4330-8dd7-7fa7caa2bc46 req-3151a35c-25c3-4330-8dd7-7fa7caa2bc46 ] Request (AttachInterfacesUnderV243Test:test_add_remove_fixed_ip): 201 POST http://10.180.1.21/identity/v3/auth/tokens 0.087s
2025-04-26 12:23:13.505 69509 INFO tempest.lib.common.fixed_network [-] (AttachInterfacesUnderV243Test:test_add_remove_fixed_ip) Found network {'id': 'b739e5e7-9c50-492b-b32c-f066d73196b4', 'name': 'tempest-AttachInterfacesUnderV243Test-420456208-network', 'tenant_id': '0a146e07fbc742d3acaa057d8175ae49', 'admin_state_up': True, 'mtu': 8950, 'status': 'ACTIVE', 'subnets': [], 'shared': False, 'project_id': '0a146e07fbc742d3acaa057d8175ae49', 'port_security_enabled': True, 'router:external': False, 'provider:network_type': 'vlan', 'provider:physical_network': 'default', 'provider:segmentation_id': 297, 'availability_zone_hints': [], 'availability_zones': [], 'ipv4_address_scope': None, 'ipv6_address_scope': None, 'description': '', 'tags': [], 'created_at': '2025-04-26T12:23:00Z', 'updated_at': '2025-04-26T12:23:00Z', 'revision_number': 1} available for tenant
2025-04-26 12:23:13.569 69498 INFO tempest.lib.common.rest_client [req-fd60020e-bf6a-4734-9f7d-7c43958be65f req-fd60020e-bf6a-4734-9f7d-7c43958be65f ] Request (ServerActionsV293TestJSON:setUpClass): 200 GET http://10.180.1.21/volume/v3/volumes/1a9edf1e-1a8a-4c66-89dd-169226d9a198 0.041s
2025-04-26 12:23:13.797 69511 INFO tempest.lib.common.rest_client [req-e6ac7441-6f54-45ac-bbd5-1f215d0a38c8 req-e6ac7441-6f54-45ac-bbd5-1f215d0a38c8 ] Request (TenantUsagesTestJSON:setUpClass): 200 GET http://10.180.1.21/compute/v2.1/servers/bf234d91-d702-4c0f-ae63-6f6db63fdcc4 2.219s
2025-04-26 12:23:13.808 69503 INFO tempest.lib.common.rest_client [req-8fd48dd3-61f5-4dfc-b766-6606911cf0b5 req-8fd48dd3-61f5-4dfc-b766-6606911cf0b5 ] Request (FloatingIPDetailsTestJSON:tearDownClass): 204 DELETE http://10.180.1.21:9696/networking/v2.0/networks/703feead-580d-41c4-bc39-092db6a11c2a 0.759s
2025-04-26 12:23:13.917 69521 INFO tempest.lib.common.rest_client [req-b47dfca3-9ff4-490c-abb6-b0d6d344b84a req-b47dfca3-9ff4-490c-abb6-b0d6d344b84a ] Request (ServersAdminTestJSON:setUpClass): 201 POST http://10.180.1.21:9696/networking/v2.0/subnets 0.414s
2025-04-26 12:23:13.928 69481 INFO tempest.lib.common.rest_client [req-6157f3ee-dea9-4afd-b22a-b8ccd924b163 req-6157f3ee-dea9-4afd-b22a-b8ccd924b163 ] Request (ServersTestJSON:setUpClass): 201 POST http://10.180.1.21:9696/networking/v2.0/networks 1.146s
2025-04-26 12:23:13.949 69499 INFO tempest.lib.common.rest_client [req-2d25b963-aa79-45d6-a5e9-767726c34b58 req-2d25b963-aa79-45d6-a5e9-767726c34b58 ] Request (ServersTestFqdnHostnames:test_create_server_with_fqdn_name): 200 GET http://10.180.1.21/compute/v2.1/servers/0fc874b1-1810-403d-a646-ade0680bc7c1 2.412s
2025-04-26 12:23:13.963 69503 INFO tempest.lib.common.rest_client [req-ae76e66b-e94e-4e0c-a237-20e65450de3d req-ae76e66b-e94e-4e0c-a237-20e65450de3d ] Request (FloatingIPDetailsTestJSON:tearDownClass): 204 DELETE http://10.180.1.21/identity/v3/users/25ebcab7ff934c63a4c8c672ceca98fe 0.154s
2025-04-26 12:23:13.963 69503 INFO tempest.lib.common.dynamic_creds [-] Deleting project and security group for project: 949e8e489fa7413aa67a17649a6774df
2025-04-26 12:23:14.094 69503 INFO tempest.lib.common.rest_client [req-7e9e75f3-ec23-4aa0-9975-b01ca60b26b8 req-7e9e75f3-ec23-4aa0-9975-b01ca60b26b8 ] Request (FloatingIPDetailsTestJSON:tearDownClass): 200 GET http://10.180.1.21:9696/networking/v2.0/security-groups?tenant_id=949e8e489fa7413aa67a17649a6774df&name=default 0.131s
2025-04-26 12:23:14.135 69519 INFO tempest.lib.common.rest_client [req-f48f01e4-2987-4c70-bb1b-edfa2f5a6dd8 req-f48f01e4-2987-4c70-bb1b-edfa2f5a6dd8 ] Request (VolumesAssistedSnapshotsTest:test_volume_assisted_snapshot_create_delete): 200 GET http://10.180.1.21/compute/v2.1/servers/27ac4f0c-fcfb-4023-be75-496a182aeff0 2.271s
2025-04-26 12:23:14.147 69519 INFO tempest.common.waiters [-] State transition "BUILD/networking" ==> "BUILD/spawning" after 7 second wait
2025-04-26 12:23:14.198 69513 INFO tempest.lib.common.rest_client [req-a8fe9cf8-5903-447c-ab6f-0e454594e0a0 req-a8fe9cf8-5903-447c-ab6f-0e454594e0a0 ] Request (MultipleCreateTestJSON:setUpClass): 200 PUT http://10.180.1.21:9696/networking/v2.0/routers/5796ed47-1534-4b5c-93a1-03ea65c385ab/add_router_interface 2.333s
2025-04-26 12:23:14.199 69513 INFO tempest.lib.common.dynamic_creds [-] Created isolated network resources for: credentials: Credentials: {'domain_id': 'default', 'domain_name': 'Default', 'username': 'tempest-MultipleCreateTestJSON-1187744830-project-member', 'project_domain_id': 'default', 'project_domain_name': 'Default', 'project_id': '6f6cb36c91a54760abb5927169203833', 'project_name': 'tempest-MultipleCreateTestJSON-1187744830', 'tenant_id': '6f6cb36c91a54760abb5927169203833', 'tenant_name': 'tempest-MultipleCreateTestJSON-1187744830', 'user_domain_id': 'default', 'user_domain_name': 'Default', 'user_id': '83b4a34dd5674a93b521d83c9cb5c77a', 'system': None}, Network: {'id': '5472af61-aa9a-42da-896e-f5186e596b40', 'name': 'tempest-MultipleCreateTestJSON-1461833596-network', 'tenant_id': '6f6cb36c91a54760abb5927169203833', 'admin_state_up': True, 'mtu': 8950, 'status': 'ACTIVE', 'subnets': [], 'shared': False, 'project_id': '6f6cb36c91a54760abb5927169203833', 'port_security_enabled': True, 'router:external': False, 'provider:network_type': 'vlan', 'provider:physical_network': 'default', 'provider:segmentation_id': 795, 'availability_zone_hints': [], 'availability_zones': [], 'ipv4_address_scope': None, 'ipv6_address_scope': None, 'description': '', 'tags': [], 'created_at': '2025-04-26T12:23:08Z', 'updated_at': '2025-04-26T12:23:08Z', 'revision_number': 1}, Subnet: {'id': 'cdd88321-108e-4ca1-b994-be2c7c883b28', 'name': 'tempest-MultipleCreateTestJSON-1461833596-subnet', 'tenant_id': '6f6cb36c91a54760abb5927169203833', 'network_id': '5472af61-aa9a-42da-896e-f5186e596b40', 'ip_version': 4, 'subnetpool_id': None, 'enable_dhcp': True, 'ipv6_ra_mode': None, 'ipv6_address_mode': None, 'gateway_ip': '192.168.128.1', 'cidr': '192.168.128.0/28', 'allocation_pools': [{'start': '192.168.128.2', 'end': '192.168.128.14'}], 'host_routes': [], 'dns_nameservers': [], 'description': '', 'router:external': False, 'service_types': [], 'tags': [], 'created_at': '2025-04-26T12:23:09Z', 'updated_at': '2025-04-26T12:23:09Z', 'revision_number': 0, 'project_id': '6f6cb36c91a54760abb5927169203833'}, Router: {'id': '5796ed47-1534-4b5c-93a1-03ea65c385ab', 'name': 'tempest-MultipleCreateTestJSON-1461833596-router', 'tenant_id': '6f6cb36c91a54760abb5927169203833', 'admin_state_up': True, 'status': 'ACTIVE', 'external_gateway_info': {'network_id': '6816d43a-ca1c-4ef0-90d7-e3f4b318d9ab', 'external_fixed_ips': [{'subnet_id': '2e6cdac8-19bd-49ff-933e-e6ba5cd32ee8', 'ip_address': '10.180.180.192'}], 'enable_snat': True}, 'description': '', 'availability_zones': [], 'distributed': False, 'ha': False, 'availability_zone_hints': [], 'routes': [], 'flavor_id': None, 'tags': [], 'created_at': '2025-04-26T12:23:09Z', 'updated_at': '2025-04-26T12:23:10Z', 'revision_number': 2, 'project_id': '6f6cb36c91a54760abb5927169203833'}
2025-04-26 12:23:14.228 69487 INFO tempest.lib.common.rest_client [req-15788f38-68e6-4cc0-b389-4a794d1d53d6 req-15788f38-68e6-4cc0-b389-4a794d1d53d6 ] Request (ServerActionsTestOtherA:setUpClass): 200 GET http://10.180.1.21/compute/v2.1/servers/566f2979-e4dd-4c8d-b76a-cebe43a13af2 2.358s
2025-04-26 12:23:14.271 69463 INFO tempest.lib.common.rest_client [req-46ae8757-62de-4e6b-9cc3-318c0cacc5f9 req-46ae8757-62de-4e6b-9cc3-318c0cacc5f9 ] Request (KeyPairsNegativeTestJSON:test_keypair_create_with_invalid_pub_key): 400 POST http://10.180.1.21/compute/v2.1/os-keypairs 2.322s
2025-04-26 12:23:14.305 69513 INFO tempest.lib.common.rest_client [req-dfdcaf87-ddb0-4069-a12c-4d7c66acb212 req-dfdcaf87-ddb0-4069-a12c-4d7c66acb212 ] Request (MultipleCreateTestJSON:setUpClass): 201 POST http://10.180.1.21/identity/v3/auth/tokens 0.098s
2025-04-26 12:23:14.329 69483 INFO tempest.lib.common.rest_client [req-3028983e-a0ef-49f7-8913-572b37fdabbd req-3028983e-a0ef-49f7-8913-572b37fdabbd ] Request (ServersWithSpecificFlavorTestJSON:test_verify_created_server_ephemeral_disk): 200 GET http://10.180.1.21/compute/v2.1/servers/1850db1d-3245-43ea-af39-d698d7d03b75 2.541s
2025-04-26 12:23:14.342 69483 INFO tempest.common.waiters [-] State transition "BUILD/None" ==> "BUILD/spawning" after 4 second wait
2025-04-26 12:23:14.348 69513 INFO tempest.lib.common.rest_client [req-5307b559-8805-4584-803e-11d0fb9fda56 req-5307b559-8805-4584-803e-11d0fb9fda56 ] Request (MultipleCreateTestJSON:test_multiple_create): 201 POST http://10.180.1.21/identity/v3/auth/tokens 0.039s
2025-04-26 12:23:14.348 69513 INFO tempest.lib.common.fixed_network [-] (MultipleCreateTestJSON:test_multiple_create) Found network {'id': '5472af61-aa9a-42da-896e-f5186e596b40', 'name': 'tempest-MultipleCreateTestJSON-1461833596-network', 'tenant_id': '6f6cb36c91a54760abb5927169203833', 'admin_state_up': True, 'mtu': 8950, 'status': 'ACTIVE', 'subnets': [], 'shared': False, 'project_id': '6f6cb36c91a54760abb5927169203833', 'port_security_enabled': True, 'router:external': False, 'provider:network_type': 'vlan', 'provider:physical_network': 'default', 'provider:segmentation_id': 795, 'availability_zone_hints': [], 'availability_zones': [], 'ipv4_address_scope': None, 'ipv6_address_scope': None, 'description': '', 'tags': [], 'created_at': '2025-04-26T12:23:08Z', 'updated_at': '2025-04-26T12:23:08Z', 'revision_number': 1} available for tenant
2025-04-26 12:23:14.392 69503 INFO tempest.lib.common.rest_client [req-527dff12-10aa-46ac-9df9-095200c22a60 req-527dff12-10aa-46ac-9df9-095200c22a60 ] Request (FloatingIPDetailsTestJSON:tearDownClass): 204 DELETE http://10.180.1.21:9696/networking/v2.0/security-groups/f23f62b2-f2f2-4836-82fe-77052c2911e7 0.297s
2025-04-26 12:23:14.399 69525 INFO tempest.lib.common.rest_client [req-c9e8a336-e40d-4ad5-9a39-0f607878145c req-c9e8a336-e40d-4ad5-9a39-0f607878145c ] Request (VolumesAdminNegativeTest:test_update_attached_volume_with_nonexistent_volume_in_body): 200 GET http://10.180.1.21/compute/v2.1/servers/1be9cd60-b206-4ce2-a8b5-793a218a2806 2.421s
2025-04-26 12:23:14.415 69501 INFO tempest.lib.common.rest_client [req-426367a7-b9c3-47eb-900b-a25e6f148ac3 req-426367a7-b9c3-47eb-900b-a25e6f148ac3 ] Request (ServerDiagnosticsTest:tearDownClass): 204 DELETE http://10.180.1.21/compute/v2.1/servers/0cd85b86-4f33-4d68-b074-7dc36b00ef1a 2.461s
2025-04-26 12:23:14.472 69481 INFO tempest.lib.common.rest_client [req-802fa662-0096-498f-b0fa-080a474c5b75 req-802fa662-0096-498f-b0fa-080a474c5b75 ] Request (ServersTestJSON:setUpClass): 201 POST http://10.180.1.21:9696/networking/v2.0/subnets 0.543s
2025-04-26 12:23:14.485 69517 INFO tempest.lib.common.rest_client [req-05d467e7-d961-41d3-acb5-d14919eab9b1 req-05d467e7-d961-41d3-acb5-d14919eab9b1 ] Request (ServersAdmin275Test:test_rebuild_update_server_275): 200 GET http://10.180.1.21/compute/v2.1/servers/fc3f3fc8-6ff6-48ce-a6f7-94aa5b8a6cd3 2.390s
2025-04-26 12:23:14.495 69495 INFO tempest.lib.common.rest_client [req-1263dbb9-b51a-4907-b8e5-329f822350e4 req-1263dbb9-b51a-4907-b8e5-329f822350e4 ] Request (DeleteServersAdminTestJSON:test_admin_delete_servers_of_others): 200 GET http://10.180.1.21/compute/v2.1/servers/56625877-eba7-4713-bec1-f052bd43b9be 2.301s
2025-04-26 12:23:14.503 69517 INFO tempest.common.waiters [-] State transition "REBUILD/rebuilding" ==> "REBUILD/rebuild_spawning" after 3 second wait
2025-04-26 12:23:14.507 69503 INFO tempest.lib.common.rest_client [req-d1a5e99c-71c4-4832-8ccc-063367302936 req-d1a5e99c-71c4-4832-8ccc-063367302936 ] Request (FloatingIPDetailsTestJSON:tearDownClass): 204 DELETE http://10.180.1.21/identity/v3/projects/949e8e489fa7413aa67a17649a6774df 0.115s
2025-04-26 12:23:14.508 69495 INFO tempest.common.waiters [-] State transition "ACTIVE/deleting" ==> "DELETED/None" after 3 second wait
2025-04-26 12:23:14.560 69469 INFO tempest.lib.common.rest_client [req-bdbd17f4-f83d-40d8-b041-34dda3662656 req-bdbd17f4-f83d-40d8-b041-34dda3662656 ] Request (ServersNegativeTestJSON:setUpClass): 200 GET http://10.180.1.21/compute/v2.1/servers/93436e04-008a-451e-a0ce-1a4ebc1ddd9b 1.982s
2025-04-26 12:23:14.597 69467 INFO tempest.lib.common.rest_client [req-160e021f-9114-4788-96eb-d2eba6100f52 req-160e021f-9114-4788-96eb-d2eba6100f52 ] Request (FlavorsAdminTestJSON:test_create_list_flavor_without_extra_data): 200 GET http://10.180.1.21/compute/v2.1/flavors/1867602325 1.853s
2025-04-26 12:23:14.597 69503 INFO tempest.lib.common.rest_client [req-a9bf73a8-e665-4b10-baed-a39903eeaa1a req-a9bf73a8-e665-4b10-baed-a39903eeaa1a ] Request (ImagesOneServerTestJSON:setUpClass): 201 POST http://10.180.1.21/identity/v3/auth/tokens 0.088s
2025-04-26 12:23:14.627 69498 INFO tempest.lib.common.rest_client [req-aea43ea7-2ac5-4f5c-8f09-3625c3ee2cb8 req-aea43ea7-2ac5-4f5c-8f09-3625c3ee2cb8 ] Request (ServerActionsV293TestJSON:setUpClass): 200 GET http://10.180.1.21/volume/v3/volumes/1a9edf1e-1a8a-4c66-89dd-169226d9a198 0.039s
2025-04-26 12:23:14.636 69503 INFO tempest.lib.common.rest_client [req-73d94586-913a-4253-9b51-639c9821a97e req-73d94586-913a-4253-9b51-639c9821a97e ] Request (ImagesOneServerTestJSON:setUpClass): 201 POST http://10.180.1.21/identity/v3/auth/tokens 0.035s
2025-04-26 12:23:14.662 69503 INFO tempest.lib.common.rest_client [req-70cd7363-4169-472b-afca-65de91dc331a req-70cd7363-4169-472b-afca-65de91dc331a ] Request (ImagesOneServerTestJSON:setUpClass): 200 GET http://10.180.1.21/identity/v3/domains?name=Default 0.025s
2025-04-26 12:23:14.694 69503 INFO tempest.lib.common.rest_client [req-91032569-5dbb-4f11-81be-742bfe486f07 req-91032569-5dbb-4f11-81be-742bfe486f07 ] Request (ImagesOneServerTestJSON:setUpClass): 201 POST http://10.180.1.21/identity/v3/projects 0.032s
2025-04-26 12:23:14.701 69471 INFO tempest.lib.common.rest_client [req-3ba2debc-ecc2-4512-9e80-1483abebd355 req-3ba2debc-ecc2-4512-9e80-1483abebd355 ] Request (ImagesDeleteNegativeTestJSON:test_delete_image_blank_id): 404 DELETE http://10.180.1.21/compute/v2.1/images/ 1.850s
2025-04-26 12:23:14.705 69508 INFO tempest.lib.common.rest_client [req-6767fd2e-febe-49ec-af12-2de6b5559732 req-6767fd2e-febe-49ec-af12-2de6b5559732 ] Request (ServersTestManualDisk:setUpClass): 201 POST http://10.180.1.21:9696/networking/v2.0/floatingips 1.648s
2025-04-26 12:23:14.753 69503 INFO tempest.lib.common.rest_client [req-be2c1789-7138-4e17-a215-0395dab7fccf req-be2c1789-7138-4e17-a215-0395dab7fccf ] Request (ImagesOneServerTestJSON:setUpClass): 201 POST http://10.180.1.21/identity/v3/users 0.057s
2025-04-26 12:23:14.764 69508 INFO tempest.lib.common.rest_client [req-ba412e11-c75d-499b-81d4-39a8ff345e37 req-ba412e11-c75d-499b-81d4-39a8ff345e37 ] Request (ServersTestManualDisk:setUpClass): 201 POST http://10.180.1.21/identity/v3/auth/tokens 0.054s
2025-04-26 12:23:14.765 69508 INFO tempest.lib.common.fixed_network [-] (ServersTestManualDisk:setUpClass) Found network {'id': 'a393fdd8-db92-4484-808a-54dafe1b4c0d', 'name': 'tempest-ServersTestManualDisk-1042910511-network', 'tenant_id': '8e0240408bf44c98a130ce1e49e8ed0c', 'admin_state_up': True, 'mtu': 8950, 'status': 'ACTIVE', 'subnets': [], 'shared': False, 'project_id': '8e0240408bf44c98a130ce1e49e8ed0c', 'port_security_enabled': True, 'router:external': False, 'provider:network_type': 'vlan', 'provider:physical_network': 'default', 'provider:segmentation_id': 785, 'availability_zone_hints': [], 'availability_zones': [], 'ipv4_address_scope': None, 'ipv6_address_scope': None, 'description': '', 'tags': [], 'created_at': '2025-04-26T12:23:04Z', 'updated_at': '2025-04-26T12:23:04Z', 'revision_number': 1} available for tenant
2025-04-26 12:23:14.785 69503 INFO tempest.lib.common.rest_client [req-8766b15a-9dfd-49b4-a389-d300e6f69d88 req-8766b15a-9dfd-49b4-a389-d300e6f69d88 ] Request (ImagesOneServerTestJSON:setUpClass): 200 GET http://10.180.1.21/identity/v3/roles 0.031s
2025-04-26 12:23:14.792 69477 INFO tempest.lib.common.rest_client [req-c993b339-81fa-4103-bd85-60319ffeb769 req-c993b339-81fa-4103-bd85-60319ffeb769 ] Request (SecurityGroupsTestAdminJSON:test_list_security_groups_list_all_tenants_filter): 200 POST http://10.180.1.21/compute/v2.1/os-security-groups 2.206s
2025-04-26 12:23:14.815 69503 INFO tempest.lib.common.rest_client [req-aa588bdf-fd76-4fa6-b78c-cfe1ef91a369 req-aa588bdf-fd76-4fa6-b78c-cfe1ef91a369 ] Request (ImagesOneServerTestJSON:setUpClass): 204 PUT http://10.180.1.21/identity/v3/projects/9a3b44b98c844627bfef187955095a90/users/310696a0735444ff9c9b2bd1bcb45c9c/roles/ebdcc9c240174d70956b95850a773421 0.030s
2025-04-26 12:23:14.816 69503 INFO tempest.lib.common.dynamic_creds [-] Dynamic test user 310696a0735444ff9c9b2bd1bcb45c9c is created with scope project and roles: ['member']
2025-04-26 12:23:14.816 69503 INFO tempest.lib.common.dynamic_creds [-] Acquired dynamic creds: credentials: Credentials: {'domain_id': 'default', 'domain_name': 'Default', 'username': 'tempest-ImagesOneServerTestJSON-974336783-project-member', 'project_domain_id': 'default', 'project_domain_name': 'Default', 'project_id': '9a3b44b98c844627bfef187955095a90', 'project_name': 'tempest-ImagesOneServerTestJSON-974336783', 'tenant_id': '9a3b44b98c844627bfef187955095a90', 'tenant_name': 'tempest-ImagesOneServerTestJSON-974336783', 'user_domain_id': 'default', 'user_domain_name': 'Default', 'user_id': '310696a0735444ff9c9b2bd1bcb45c9c', 'system': None}, Network: None, Subnet: None, Router: None
2025-04-26 12:23:14.816 69493 INFO tempest.lib.common.rest_client [req-940957d4-f4de-4d1a-bc6b-b41e79317384 req-940957d4-f4de-4d1a-bc6b-b41e79317384 ] Request (KeyPairsV22TestJSON:_run_cleanups): 204 DELETE http://10.180.1.21/compute/v2.1/os-keypairs/tempest-keypair-15308727 1.673s
2025-04-26 12:23:14.887 69503 INFO tempest.lib.common.rest_client [req-2ba9e00c-b7c6-4bfc-b215-7be4c10a148f req-2ba9e00c-b7c6-4bfc-b215-7be4c10a148f ] Request (ImagesOneServerTestJSON:setUpClass): 201 POST http://10.180.1.21/identity/v3/auth/tokens 0.070s
2025-04-26 12:23:14.937 69506 INFO tempest.lib.common.rest_client [req-9a05fbf8-ea4e-464b-a1f7-485dc27452db req-9a05fbf8-ea4e-464b-a1f7-485dc27452db ] Request (QuotasAdminTestV257:test_get_updated_quotas): 200 GET http://10.180.1.21/compute/v2.1/os-quota-sets/3f1ee472091e4212bb1a65cd5a5941d7/detail 1.805s
2025-04-26 12:23:14.966 69473 INFO tempest.lib.common.rest_client [req-c6eed258-eebe-45f4-bac9-63b917746c41 req-c6eed258-eebe-45f4-bac9-63b917746c41 ] Request (ServicesAdminNegativeV253TestJSON:test_get_service_with_valid_service_and_invalid_host): 200 GET http://10.180.1.21/compute/v2.1/os-services 1.662s
