2025-04-26 12:23:57.384 69475 INFO tempest.lib.common.rest_client [req-8e34b14c-f835-4880-b694-4c7f620577c9 req-8e34b14c-f835-4880-b694-4c7f620577c9 ] Request (AttachVolumeTestJSON:test_attach_detach_volume): 200 GET http://10.180.1.21/compute/v2.1/servers/601edb67-4716-4c68-be2d-18285c148e79 0.341s
2025-04-26 12:23:57.390 69467 INFO tempest.lib.common.rest_client [req-5a9aa32b-d831-4407-bd77-85178d771729 req-5a9aa32b-d831-4407-bd77-85178d771729 ] Request (FlavorsExtraSpecsTestJSON:test_flavor_non_admin_get_specific_key): 200 GET http://10.180.1.21/compute/v2.1/flavors/2143504395/os-extra_specs/hw:numa_nodes 0.332s
2025-04-26 12:23:57.445 69463 INFO tempest.lib.common.rest_client [req-f8e2a1c4-c6db-4b38-acc3-7cccbc24b0d5 req-f8e2a1c4-c6db-4b38-acc3-7cccbc24b0d5 ] Request (SecurityGroupsTestJSON:test_list_security_groups_by_server): 200 GET http://10.180.1.21/compute/v2.1/servers/0be21c90-925c-47da-a3e1-93978d98867c 0.383s
2025-04-26 12:23:57.445 69503 INFO tempest.lib.common.rest_client [req-a04b6f46-a47f-45a5-b38d-6efd004882cc req-a04b6f46-a47f-45a5-b38d-6efd004882cc ] Request (ImagesOneServerTestJSON:setUpClass): 200 GET http://10.180.1.21/compute/v2.1/servers/5d283527-7cce-479b-9160-bc2f9cce7e83 0.327s
2025-04-26 12:23:57.459 69503 INFO tempest.common.waiters [-] State transition "BUILD/None" ==> "BUILD/block_device_mapping" after 32 second wait
2025-04-26 12:23:57.520 69493 INFO tempest.lib.common.rest_client [req-a13c165e-fbaa-4027-8afb-7db2f30558bf req-a13c165e-fbaa-4027-8afb-7db2f30558bf ] Request (ServersTestBootFromVolume:setUpClass): 200 GET http://10.180.1.21/volume/v3/volumes/f082f57c-871b-47d7-8d75-13175d577e64 0.028s
2025-04-26 12:23:57.533 69515 INFO tempest.lib.common.rest_client [req-8fe9b364-183e-418e-ad66-367248704ef9 req-8fe9b364-183e-418e-ad66-367248704ef9 ] Request (ServerDiagnosticsV248Test:tearDownClass): 200 GET http://10.180.1.21/compute/v2.1/servers/882eb1a9-82fc-40dc-ba7b-d3a3cc9d40c6 0.323s
2025-04-26 12:23:57.560 69501 INFO tempest.lib.common.rest_client [req-babc7077-feb9-45f2-b86c-912aaadcd288 req-babc7077-feb9-45f2-b86c-912aaadcd288 ] Request (AZV2TestJSON:tearDownClass): 204 DELETE http://10.180.1.21:9696/networking/v2.0/security-groups/519300df-7364-4119-9ccc-fc40953201ef 0.183s
2025-04-26 12:23:57.597 69481 INFO tempest.lib.common.rest_client [req-eb9bb1e3-960d-4865-8a91-3526559cf23d req-eb9bb1e3-960d-4865-8a91-3526559cf23d ] Request (ServersTestJSON:setUpClass): 200 GET http://10.180.1.21/compute/v2.1/servers/1fae0e2c-fb8d-411b-826e-18cda413b24f 0.318s
2025-04-26 12:23:57.643 69489 INFO tempest.lib.common.rest_client [req-81624f30-d77e-4177-adfc-d66a6b8752f0 req-81624f30-d77e-4177-adfc-d66a6b8752f0 ] Request (ServerRescueTestJSON:setUpClass): 200 GET http://10.180.1.21/compute/v2.1/servers/4f85f88b-4e84-4963-8750-8c17f62af69e 0.393s
2025-04-26 12:23:57.653 69501 INFO tempest.lib.common.rest_client [req-1428df30-4816-46af-aec0-7b89dc43ff21 req-1428df30-4816-46af-aec0-7b89dc43ff21 ] Request (AZV2TestJSON:tearDownClass): 204 DELETE http://10.180.1.21/identity/v3/projects/18cee8070da7480ca6f29f7e8995d9fc 0.092s
2025-04-26 12:23:57.677 69506 INFO tempest.lib.common.rest_client [req-d7c738cb-fc19-40e0-9e59-da9e9d55113c req-d7c738cb-fc19-40e0-9e59-da9e9d55113c ] Request (ImagesOneServerNegativeTestJSON:setUpClass): 200 GET http://10.180.1.21/compute/v2.1/servers/0ea7324d-38d7-432d-b7ce-5c59d42eee6d 0.376s
2025-04-26 12:23:57.711 69471 INFO tempest.lib.common.rest_client [req-1f038e96-7342-4c24-ae2f-9d83513013bb req-1f038e96-7342-4c24-ae2f-9d83513013bb ] Request (ServersNegativeTestMultiTenantJSON:setUpClass): 200 GET http://10.180.1.21/compute/v2.1/servers/c1074fc1-c72a-4eae-865a-cd31a20667e2 0.338s
2025-04-26 12:23:57.726 69511 INFO tempest.lib.common.rest_client [req-30c2f3c4-d509-438c-92a3-d7a2baf03e64 req-30c2f3c4-d509-438c-92a3-d7a2baf03e64 ] Request (FloatingIPDetailsNegativeTestJSON:setUpClass): 200 PUT http://10.180.1.21:9696/networking/v2.0/routers/d66da0b5-87e3-421f-af60-ab60d076a950/add_router_interface 1.454s
2025-04-26 12:23:57.726 69511 INFO tempest.lib.common.dynamic_creds [-] Created isolated network resources for: credentials: Credentials: {'domain_id': 'default', 'domain_name': 'Default', 'username': 'tempest-FloatingIPDetailsNegativeTestJSON-1228747770-project-member', 'project_domain_id': 'default', 'project_domain_name': 'Default', 'project_id': '94aed283e6b540419a3bfe272807886f', 'project_name': 'tempest-FloatingIPDetailsNegativeTestJSON-1228747770', 'tenant_id': '94aed283e6b540419a3bfe272807886f', 'tenant_name': 'tempest-FloatingIPDetailsNegativeTestJSON-1228747770', 'user_domain_id': 'default', 'user_domain_name': 'Default', 'user_id': '52357ae292fa4296adac8a715c1a10dc', 'system': None}, Network: {'id': 'c8ba807f-a9b0-4ff6-8568-f47ca09b25be', 'name': 'tempest-FloatingIPDetailsNegativeTestJSON-1697243480-network', 'tenant_id': '94aed283e6b540419a3bfe272807886f', 'admin_state_up': True, 'mtu': 8950, 'status': 'ACTIVE', 'subnets': [], 'shared': False, 'project_id': '94aed283e6b540419a3bfe272807886f', 'port_security_enabled': True, 'router:external': False, 'provider:network_type': 'vlan', 'provider:physical_network': 'default', 'provider:segmentation_id': 793, 'availability_zone_hints': [], 'availability_zones': [], 'ipv4_address_scope': None, 'ipv6_address_scope': None, 'description': '', 'tags': [], 'created_at': '2025-04-26T12:23:54Z', 'updated_at': '2025-04-26T12:23:54Z', 'revision_number': 1}, Subnet: {'id': '44e9e7b2-3e21-4274-a05b-9f99f8726700', 'name': 'tempest-FloatingIPDetailsNegativeTestJSON-1697243480-subnet', 'tenant_id': '94aed283e6b540419a3bfe272807886f', 'network_id': 'c8ba807f-a9b0-4ff6-8568-f47ca09b25be', 'ip_version': 4, 'subnetpool_id': None, 'enable_dhcp': True, 'ipv6_ra_mode': None, 'ipv6_address_mode': None, 'gateway_ip': '192.168.128.1', 'cidr': '192.168.128.0/28', 'allocation_pools': [{'start': '192.168.128.2', 'end': '192.168.128.14'}], 'host_routes': [], 'dns_nameservers': [], 'description': '', 'router:external': False, 'service_types': [], 'tags': [], 'created_at': '2025-04-26T12:23:54Z', 'updated_at': '2025-04-26T12:23:54Z', 'revision_number': 0, 'project_id': '94aed283e6b540419a3bfe272807886f'}, Router: {'id': 'd66da0b5-87e3-421f-af60-ab60d076a950', 'name': 'tempest-FloatingIPDetailsNegativeTestJSON-1697243480-router', 'tenant_id': '94aed283e6b540419a3bfe272807886f', 'admin_state_up': True, 'status': 'ACTIVE', 'external_gateway_info': {'network_id': '6816d43a-ca1c-4ef0-90d7-e3f4b318d9ab', 'external_fixed_ips': [{'subnet_id': '2e6cdac8-19bd-49ff-933e-e6ba5cd32ee8', 'ip_address': '10.180.180.237'}], 'enable_snat': True}, 'description': '', 'availability_zones': [], 'distributed': False, 'ha': False, 'availability_zone_hints': [], 'routes': [], 'flavor_id': None, 'tags': [], 'created_at': '2025-04-26T12:23:54Z', 'updated_at': '2025-04-26T12:23:55Z', 'revision_number': 2, 'project_id': '94aed283e6b540419a3bfe272807886f'}
2025-04-26 12:23:57.733 69467 INFO tempest.lib.common.rest_client [req-37d9b16b-1d13-4f62-8b3a-e18e2d7dcc16 req-37d9b16b-1d13-4f62-8b3a-e18e2d7dcc16 ] Request (FlavorsExtraSpecsTestJSON:test_flavor_set_get_update_show_unset_keys): 200 POST http://10.180.1.21/compute/v2.1/flavors/2143504395/os-extra_specs 0.340s
2025-04-26 12:23:57.741 69473 INFO tempest.lib.common.rest_client [req-2f1866be-fc6e-44ed-99eb-a763df727904 req-2f1866be-fc6e-44ed-99eb-a763df727904 ] Request (AttachInterfacesV270Test:setUpClass): 201 POST http://10.180.1.21:9696/networking/v2.0/routers 1.278s
2025-04-26 12:23:57.746 69501 INFO tempest.lib.common.rest_client [req-5636f3d7-0a00-48f7-a55e-bbb3ad8ffc09 req-5636f3d7-0a00-48f7-a55e-bbb3ad8ffc09 ] Request (ServerDiskConfigTestJSON:setUpClass): 201 POST http://10.180.1.21/identity/v3/auth/tokens 0.091s
2025-04-26 12:23:57.828 69523 INFO tempest.lib.common.rest_client [req-130d61f7-8b59-4318-8b4e-7432844c85cf req-130d61f7-8b59-4318-8b4e-7432844c85cf ] Request (ImagesTestJSON:test_create_image_from_stopped_server): 200 GET http://10.180.1.21/compute/v2.1/servers/e1cc2e39-cf2f-487b-a57f-7a4399c8d6f1 0.390s
2025-04-26 12:23:57.835 69485 INFO tempest.lib.common.rest_client [req-b7c7a293-a5b5-4143-ac44-cf97d1552389 req-b7c7a293-a5b5-4143-ac44-cf97d1552389 ] Request (ServersAdminNegativeTestJSON:tearDownClass): 200 GET http://10.180.1.21/compute/v2.1/servers/8cbd7c33-de21-4bb3-a27f-fe2d61c18e32 0.459s
2025-04-26 12:23:57.845 69511 INFO tempest.lib.common.rest_client [req-b48912c0-38a2-49cc-8d69-0845bfef0899 req-b48912c0-38a2-49cc-8d69-0845bfef0899 ] Request (FloatingIPDetailsNegativeTestJSON:setUpClass): 201 POST http://10.180.1.21/identity/v3/auth/tokens 0.115s
2025-04-26 12:23:57.862 69501 INFO tempest.lib.common.rest_client [req-058628f3-97dd-41f5-afcb-f73f69cee0ee req-058628f3-97dd-41f5-afcb-f73f69cee0ee ] Request (ServerDiskConfigTestJSON:setUpClass): 201 POST http://10.180.1.21/identity/v3/auth/tokens 0.114s
2025-04-26 12:23:57.915 69501 INFO tempest.lib.common.rest_client [req-ec7df372-e322-4175-a696-598dcce0d250 req-ec7df372-e322-4175-a696-598dcce0d250 ] Request (ServerDiskConfigTestJSON:setUpClass): 200 GET http://10.180.1.21/identity/v3/domains?name=Default 0.052s
2025-04-26 12:23:57.929 69469 INFO tempest.lib.common.rest_client [req-cd524a89-c991-4c10-ac8d-343785d66509 req-cd524a89-c991-4c10-ac8d-343785d66509 ] Request (ServersNegativeTestJSON:setUpClass): 200 GET http://10.180.1.21/compute/v2.1/servers/93436e04-008a-451e-a0ce-1a4ebc1ddd9b 0.393s
2025-04-26 12:23:57.961 69501 INFO tempest.lib.common.rest_client [req-5386599d-72f3-4de4-a34f-5c9ad5b5aef7 req-5386599d-72f3-4de4-a34f-5c9ad5b5aef7 ] Request (ServerDiskConfigTestJSON:setUpClass): 201 POST http://10.180.1.21/identity/v3/projects 0.046s
2025-04-26 12:23:57.973 69508 INFO tempest.lib.common.rest_client [req-11ec9725-28ba-42f5-b678-67a44d4e4b00 req-11ec9725-28ba-42f5-b678-67a44d4e4b00 ] Request (ServersTestManualDisk:setUpClass): 200 GET http://10.180.1.21/compute/v2.1/servers/57a41f79-f205-4ed9-b4c2-67d57d113f63 0.469s
2025-04-26 12:23:57.985 69508 INFO tempest.common.waiters [-] State transition "BUILD/spawning" ==> "ACTIVE/None" after 38 second wait
2025-04-26 12:23:58.034 69479 INFO tempest.lib.common.rest_client [req-a4aad851-59ff-41a8-9311-1fe490556a28 req-a4aad851-59ff-41a8-9311-1fe490556a28 ] Request (ImagesNegativeTestJSON:test_create_image_from_deleted_server): 200 GET http://10.180.1.21/compute/v2.1/servers/795d88ec-e18d-4b16-b23f-2e0d5455e79e 0.343s
2025-04-26 12:23:58.039 69501 INFO tempest.lib.common.rest_client [req-f5e048fa-58ed-45ec-8732-861cbe2b2230 req-f5e048fa-58ed-45ec-8732-861cbe2b2230 ] Request (ServerDiskConfigTestJSON:setUpClass): 201 POST http://10.180.1.21/identity/v3/users 0.077s
2025-04-26 12:23:58.046 69467 INFO tempest.lib.common.rest_client [req-5ad651d9-9e76-4cc5-8b50-477f10d37b21 req-5ad651d9-9e76-4cc5-8b50-477f10d37b21 ] Request (FlavorsExtraSpecsTestJSON:test_flavor_set_get_update_show_unset_keys): 200 GET http://10.180.1.21/compute/v2.1/flavors/2143504395/os-extra_specs 0.312s
2025-04-26 12:23:58.058 69501 INFO tempest.lib.common.rest_client [req-f27ac0e1-7ed5-4f65-9cca-c7a026c1fc11 req-f27ac0e1-7ed5-4f65-9cca-c7a026c1fc11 ] Request (ServerDiskConfigTestJSON:setUpClass): 200 GET http://10.180.1.21/identity/v3/roles 0.019s
2025-04-26 12:23:58.089 69501 INFO tempest.lib.common.rest_client [req-3c1248ce-0630-40ea-9d24-100328efcb92 req-3c1248ce-0630-40ea-9d24-100328efcb92 ] Request (ServerDiskConfigTestJSON:setUpClass): 204 PUT http://10.180.1.21/identity/v3/projects/dfd91ddcb62c48dba383798a87da8a37/users/4e999269f9024e1b9c55c8ec393bb391/roles/ebdcc9c240174d70956b95850a773421 0.030s
2025-04-26 12:23:58.089 69501 INFO tempest.lib.common.dynamic_creds [-] Dynamic test user 4e999269f9024e1b9c55c8ec393bb391 is created with scope project and roles: ['member']
2025-04-26 12:23:58.089 69501 INFO tempest.lib.common.dynamic_creds [-] Acquired dynamic creds: credentials: Credentials: {'domain_id': 'default', 'domain_name': 'Default', 'username': 'tempest-ServerDiskConfigTestJSON-1263265881-project-member', 'project_domain_id': 'default', 'project_domain_name': 'Default', 'project_id': 'dfd91ddcb62c48dba383798a87da8a37', 'project_name': 'tempest-ServerDiskConfigTestJSON-1263265881', 'tenant_id': 'dfd91ddcb62c48dba383798a87da8a37', 'tenant_name': 'tempest-ServerDiskConfigTestJSON-1263265881', 'user_domain_id': 'default', 'user_domain_name': 'Default', 'user_id': '4e999269f9024e1b9c55c8ec393bb391', 'system': None}, Network: None, Subnet: None, Router: None
2025-04-26 12:23:58.119 69495 INFO tempest.lib.common.rest_client [req-c6ec72b3-8334-4de7-91b0-ec394616fac4 req-c6ec72b3-8334-4de7-91b0-ec394616fac4 ] Request (DeleteServersAdminTestJSON:test_delete_server_while_in_error_state): 200 GET http://10.180.1.21/compute/v2.1/servers/a1b743d8-af17-4c36-9e79-ed89e9134705 0.352s
2025-04-26 12:23:58.174 69501 INFO tempest.lib.common.rest_client [req-3ee6b16e-c9f1-4acb-b5ca-c452da323891 req-3ee6b16e-c9f1-4acb-b5ca-c452da323891 ] Request (ServerDiskConfigTestJSON:setUpClass): 201 POST http://10.180.1.21/identity/v3/auth/tokens 0.084s
2025-04-26 12:23:58.201 69521 INFO tempest.lib.common.rest_client [req-eba3bb85-01d2-4f1c-90af-01ada8cba3d5 req-eba3bb85-01d2-4f1c-90af-01ada8cba3d5 ] Request (ServersAdminTestJSON:setUpClass): 200 GET http://10.180.1.21/compute/v2.1/servers/6b8edafd-cb4d-4158-8bba-b521fccba8e4 0.627s
2025-04-26 12:23:58.336 69511 INFO tempest.lib.common.rest_client [req-a54b7c3c-422c-4f95-ab83-28696eada5da req-a54b7c3c-422c-4f95-ab83-28696eada5da ] Request (FloatingIPDetailsNegativeTestJSON:test_get_nonexistent_floating_ip_details): 404 GET http://10.180.1.21/compute/v2.1/os-floating-ips/2d47a1d9-828a-439f-9d79-86d8a2d6e56d 0.490s
2025-04-26 12:23:58.468 69508 INFO tempest.lib.common.rest_client [req-63c6bf2b-f046-47f2-8279-140936996886 req-63c6bf2b-f046-47f2-8279-140936996886 ] Request (ServersTestManualDisk:setUpClass): 200 GET http://10.180.1.21/compute/v2.1/servers/57a41f79-f205-4ed9-b4c2-67d57d113f63/os-interface 0.482s
2025-04-26 12:23:58.485 69465 INFO tempest.lib.common.rest_client [req-3e866139-7795-405f-ad51-d3fe296c07c5 req-3e866139-7795-405f-ad51-d3fe296c07c5 ] Request (ListImageFiltersTestJSON:setUpClass): 204 PUT http://10.180.1.21/image/v2/images/ef25dc43-dae3-4eaf-a69b-1326be4fbc8f/file 0.789s
2025-04-26 12:23:58.561 69493 INFO tempest.lib.common.rest_client [req-8c284792-b9b4-4a01-b0a2-97e8a2956f14 req-8c284792-b9b4-4a01-b0a2-97e8a2956f14 ] Request (ServersTestBootFromVolume:setUpClass): 200 GET http://10.180.1.21/volume/v3/volumes/f082f57c-871b-47d7-8d75-13175d577e64 0.032s
2025-04-26 12:23:58.674 69491 INFO tempest.lib.common.rest_client [req-2aee4a81-fac6-45e0-aa2d-1e8a2b7befb6 req-2aee4a81-fac6-45e0-aa2d-1e8a2b7befb6 ] Request (MigrationsAdminTest:test_list_migrations_in_flavor_resize_situation): 200 GET http://10.180.1.21/compute/v2.1/servers/f503d73d-b6a6-49cb-9c4c-ece76e61ff8e 0.676s
2025-04-26 12:23:58.705 69498 INFO tempest.lib.common.rest_client [req-67135374-9369-42cb-8690-c6e952be6ec9 req-67135374-9369-42cb-8690-c6e952be6ec9 ] Request (ServerActionsV293TestJSON:setUpClass): 200 GET http://10.180.1.21/compute/v2.1/servers/4b5da231-5fde-4cb7-9304-faf5a990231f 0.664s
2025-04-26 12:23:58.713 69467 INFO tempest.lib.common.rest_client [req-5157865d-d1bc-4222-b8ce-edce38e49aba req-5157865d-d1bc-4222-b8ce-edce38e49aba ] Request (FlavorsExtraSpecsTestJSON:test_flavor_set_get_update_show_unset_keys): 200 PUT http://10.180.1.21/compute/v2.1/flavors/2143504395/os-extra_specs/hw:numa_nodes 0.666s
2025-04-26 12:23:58.719 69498 INFO tempest.common.waiters [-] State transition "BUILD/block_device_mapping" ==> "BUILD/spawning" after 36 second wait
2025-04-26 12:23:58.777 69477 INFO tempest.lib.common.rest_client [req-8d27a820-9e7d-453e-89d3-4989bf3eaa25 req-8d27a820-9e7d-453e-89d3-4989bf3eaa25 ] Request (ServerDiagnosticsNegativeTest:test_get_server_diagnostics_by_non_admin): 200 GET http://10.180.1.21/compute/v2.1/servers/b26562ea-4352-445d-9a42-871579a76088 0.613s
2025-04-26 12:23:58.862 69517 INFO tempest.lib.common.rest_client [req-92d37572-230c-4b3f-9059-0beef4e13586 req-92d37572-230c-4b3f-9059-0beef4e13586 ] Request (ServersAdmin275Test:tearDownClass): 200 GET http://10.180.1.21/compute/v2.1/servers/fc3f3fc8-6ff6-48ce-a6f7-94aa5b8a6cd3 0.563s
2025-04-26 12:23:58.953 69475 INFO tempest.lib.common.rest_client [req-d6761d3d-09bc-4bb6-a9a7-7c2828519de0 req-d6761d3d-09bc-4bb6-a9a7-7c2828519de0 ] Request (AttachVolumeTestJSON:test_attach_detach_volume): 200 GET http://10.180.1.21/compute/v2.1/servers/601edb67-4716-4c68-be2d-18285c148e79 0.559s
2025-04-26 12:23:58.963 69513 INFO tempest.lib.common.rest_client [req-1c0cbad8-6ebe-4d07-8df5-86e6667cf56a req-1c0cbad8-6ebe-4d07-8df5-86e6667cf56a ] Request (MultipleCreateTestJSON:_run_cleanups): 200 GET http://10.180.1.21/compute/v2.1/servers/f3de78f8-6adc-4a86-9da0-a83b5aa3949c 0.662s
2025-04-26 12:23:59.020 69463 INFO tempest.lib.common.rest_client [req-7310d885-e4df-4862-a9c3-206bc65814ba req-7310d885-e4df-4862-a9c3-206bc65814ba ] Request (SecurityGroupsTestJSON:test_list_security_groups_by_server): 200 GET http://10.180.1.21/compute/v2.1/servers/0be21c90-925c-47da-a3e1-93978d98867c 0.561s
2025-04-26 12:23:59.032 69525 WARNING tempest.lib.common.ssh [-] Failed to establish authenticated ssh connection to cirros@10.180.180.169 ([Errno None] Unable to connect to port 22 on 10.180.180.169). Number attempts: 5. Retry after 6 seconds.: paramiko.ssh_exception.NoValidConnectionsError: [Errno None] Unable to connect to port 22 on 10.180.180.169
2025-04-26 12:23:59.060 69465 INFO tempest.lib.common.rest_client [req-5e653771-c6cb-4773-900f-c49e089c3d42 req-5e653771-c6cb-4773-900f-c49e089c3d42 ] Request (ListImageFiltersTestJSON:setUpClass): 200 GET http://10.180.1.21/compute/v2.1/images/ef25dc43-dae3-4eaf-a69b-1326be4fbc8f 0.575s
2025-04-26 12:23:59.152 69515 INFO tempest.lib.common.rest_client [req-f78ff4cc-6f75-4aa6-8b5f-6710aa547673 req-f78ff4cc-6f75-4aa6-8b5f-6710aa547673 ] Request (ServerDiagnosticsV248Test:tearDownClass): 200 GET http://10.180.1.21/compute/v2.1/servers/882eb1a9-82fc-40dc-ba7b-d3a3cc9d40c6 0.605s
2025-04-26 12:23:59.215 69481 INFO tempest.lib.common.rest_client [req-ca405ff8-d088-428b-893c-56e7cfef8066 req-ca405ff8-d088-428b-893c-56e7cfef8066 ] Request (ServersTestJSON:setUpClass): 200 GET http://10.180.1.21/compute/v2.1/servers/1fae0e2c-fb8d-411b-826e-18cda413b24f 0.609s
2025-04-26 12:23:59.354 69489 INFO tempest.lib.common.rest_client [req-8775c917-7591-482b-b729-6f6016165108 req-8775c917-7591-482b-b729-6f6016165108 ] Request (ServerRescueTestJSON:setUpClass): 200 GET http://10.180.1.21/compute/v2.1/servers/4f85f88b-4e84-4963-8750-8c17f62af69e 0.702s
2025-04-26 12:23:59.416 69506 INFO tempest.lib.common.rest_client [req-cad38bb3-40a0-4e69-b10c-47be40d255f7 req-cad38bb3-40a0-4e69-b10c-47be40d255f7 ] Request (ImagesOneServerNegativeTestJSON:setUpClass): 200 GET http://10.180.1.21/compute/v2.1/servers/0ea7324d-38d7-432d-b7ce-5c59d42eee6d 0.729s
2025-04-26 12:23:59.430 69467 INFO tempest.lib.common.rest_client [req-b32e7846-45d6-403a-adea-bb4e71e89d82 req-b32e7846-45d6-403a-adea-bb4e71e89d82 ] Request (FlavorsExtraSpecsTestJSON:test_flavor_set_get_update_show_unset_keys): 200 GET http://10.180.1.21/compute/v2.1/flavors/2143504395/os-extra_specs 0.716s
2025-04-26 12:23:59.487 69471 INFO tempest.lib.common.rest_client [req-72690568-618a-4cbd-9792-3a858a1e1454 req-72690568-618a-4cbd-9792-3a858a1e1454 ] Request (ServersNegativeTestMultiTenantJSON:setUpClass): 200 GET http://10.180.1.21/compute/v2.1/servers/c1074fc1-c72a-4eae-865a-cd31a20667e2 0.754s
2025-04-26 12:23:59.535 69501 INFO tempest.lib.common.rest_client [req-9fb1e3d5-07cd-442a-a804-e78fa30a6f26 req-9fb1e3d5-07cd-442a-a804-e78fa30a6f26 ] Request (ServerDiskConfigTestJSON:setUpClass): 201 POST http://10.180.1.21:9696/networking/v2.0/networks 1.361s
2025-04-26 12:23:59.555 69523 INFO tempest.lib.common.rest_client [req-47682b82-ff5a-4288-8e70-0759a87e2def req-47682b82-ff5a-4288-8e70-0759a87e2def ] Request (ImagesTestJSON:test_create_image_from_stopped_server): 200 GET http://10.180.1.21/compute/v2.1/servers/e1cc2e39-cf2f-487b-a57f-7a4399c8d6f1 0.712s
2025-04-26 12:23:59.616 69503 INFO tempest.lib.common.rest_client [req-12eef8f1-44df-448a-adb6-2331cb208a16 req-12eef8f1-44df-448a-adb6-2331cb208a16 ] Request (ImagesOneServerTestJSON:setUpClass): 200 GET http://10.180.1.21/compute/v2.1/servers/5d283527-7cce-479b-9160-bc2f9cce7e83 1.155s
2025-04-26 12:23:59.621 69493 INFO tempest.lib.common.rest_client [req-ce532131-c26d-4e43-93b5-6ba23aa75f93 req-ce532131-c26d-4e43-93b5-6ba23aa75f93 ] Request (ServersTestBootFromVolume:setUpClass): 200 GET http://10.180.1.21/volume/v3/volumes/f082f57c-871b-47d7-8d75-13175d577e64 0.044s
2025-04-26 12:23:59.625 69503 INFO tempest.common.waiters [-] State transition "BUILD/block_device_mapping" ==> "BUILD/spawning" after 34 second wait
2025-04-26 12:23:59.630 69485 INFO tempest.lib.common.rest_client [req-881aaa37-4927-4e99-b3fd-62ed36106956 req-881aaa37-4927-4e99-b3fd-62ed36106956 ] Request (ServersAdminNegativeTestJSON:tearDownClass): 200 GET http://10.180.1.21/compute/v2.1/servers/8cbd7c33-de21-4bb3-a27f-fe2d61c18e32 0.778s
2025-04-26 12:23:59.698 69479 INFO tempest.lib.common.rest_client [req-99908228-c90c-40c0-bc4e-b81415d4cd86 req-99908228-c90c-40c0-bc4e-b81415d4cd86 ] Request (ImagesNegativeTestJSON:test_create_image_from_deleted_server): 200 GET http://10.180.1.21/compute/v2.1/servers/795d88ec-e18d-4b16-b23f-2e0d5455e79e 0.656s
2025-04-26 12:23:59.705 69479 INFO tempest.common.waiters [-] State transition "BUILD/scheduling" ==> "BUILD/None" after 19 second wait
2025-04-26 12:23:59.718 69469 INFO tempest.lib.common.rest_client [req-8e183450-2e50-44ec-aedb-bf9baf4f10f4 req-8e183450-2e50-44ec-aedb-bf9baf4f10f4 ] Request (ServersNegativeTestJSON:setUpClass): 200 GET http://10.180.1.21/compute/v2.1/servers/93436e04-008a-451e-a0ce-1a4ebc1ddd9b 0.778s
2025-04-26 12:23:59.745 69465 INFO tempest.lib.common.rest_client [req-d95f7ed9-6adb-448d-923a-86ada16fb524 req-d95f7ed9-6adb-448d-923a-86ada16fb524 ] Request (ListImageFiltersTestJSON:setUpClass): 200 GET http://10.180.1.21/compute/v2.1/images/ef25dc43-dae3-4eaf-a69b-1326be4fbc8f 0.681s
2025-04-26 12:23:59.807 69495 INFO tempest.lib.common.rest_client [req-c3dddc88-44f4-4ec0-a537-9784d2c24bd4 req-c3dddc88-44f4-4ec0-a537-9784d2c24bd4 ] Request (DeleteServersAdminTestJSON:test_delete_server_while_in_error_state): 200 GET http://10.180.1.21/compute/v2.1/servers/a1b743d8-af17-4c36-9e79-ed89e9134705 0.678s
2025-04-26 12:23:59.836 69467 INFO tempest.lib.common.rest_client [req-250ea3bc-b896-4fc1-b26e-6dbd75e389fb req-250ea3bc-b896-4fc1-b26e-6dbd75e389fb ] Request (FlavorsExtraSpecsTestJSON:test_flavor_set_get_update_show_unset_keys): 200 DELETE http://10.180.1.21/compute/v2.1/flavors/2143504395/os-extra_specs/hw:numa_nodes 0.405s
2025-04-26 12:23:59.874 69501 INFO tempest.lib.common.rest_client [req-ea2e0f28-32c3-4db9-a82f-896a97836fe3 req-ea2e0f28-32c3-4db9-a82f-896a97836fe3 ] Request (ServerDiskConfigTestJSON:setUpClass): 201 POST http://10.180.1.21:9696/networking/v2.0/subnets 0.337s
2025-04-26 12:23:59.908 69521 INFO tempest.lib.common.rest_client [req-989935e6-b095-4bf3-8396-975d11d588c2 req-989935e6-b095-4bf3-8396-975d11d588c2 ] Request (ServersAdminTestJSON:setUpClass): 200 GET http://10.180.1.21/compute/v2.1/servers/6b8edafd-cb4d-4158-8bba-b521fccba8e4 0.691s
2025-04-26 12:24:00.005 69487 WARNING tempest.lib.common.ssh [-] Failed to establish authenticated ssh connection to cirros@10.180.180.214 ([Errno None] Unable to connect to port 22 on 10.180.180.214). Number attempts: 6. Retry after 7 seconds.: paramiko.ssh_exception.NoValidConnectionsError: [Errno None] Unable to connect to port 22 on 10.180.180.214
2025-04-26 12:24:00.040 69498 INFO tempest.lib.common.rest_client [req-e81cc22d-6cb3-42bb-80bf-2fd125288c6b req-e81cc22d-6cb3-42bb-80bf-2fd125288c6b ] Request (ServerActionsV293TestJSON:setUpClass): 200 GET http://10.180.1.21/compute/v2.1/servers/4b5da231-5fde-4cb7-9304-faf5a990231f 0.319s
2025-04-26 12:24:00.131 69477 INFO tempest.lib.common.rest_client [req-dcf93510-8b8a-4a66-94de-e4eb48c99814 req-dcf93510-8b8a-4a66-94de-e4eb48c99814 ] Request (ServerDiagnosticsNegativeTest:test_get_server_diagnostics_by_non_admin): 200 GET http://10.180.1.21/compute/v2.1/servers/b26562ea-4352-445d-9a42-871579a76088 0.345s
2025-04-26 12:24:00.156 69467 INFO tempest.lib.common.rest_client [req-eafefdf6-eee6-41bd-b6a4-ed92510b07ea req-eafefdf6-eee6-41bd-b6a4-ed92510b07ea ] Request (FlavorsExtraSpecsTestJSON:test_flavor_set_get_update_show_unset_keys): 200 DELETE http://10.180.1.21/compute/v2.1/flavors/2143504395/os-extra_specs/hw:cpu_policy 0.319s
2025-04-26 12:24:00.184 69465 INFO tempest.lib.common.rest_client [req-3b04dd52-4f5f-402d-837e-81a49d9eb269 req-3b04dd52-4f5f-402d-837e-81a49d9eb269 ] Request (ListImageFiltersTestJSON:setUpClass): 201 POST http://10.180.1.21/image/v2/images 0.433s
2025-04-26 12:24:00.208 69491 INFO tempest.lib.common.rest_client [req-2332b20d-fcda-4012-9649-ffa3ab7ca67a req-2332b20d-fcda-4012-9649-ffa3ab7ca67a ] Request (MigrationsAdminTest:test_list_migrations_in_flavor_resize_situation): 200 GET http://10.180.1.21/compute/v2.1/servers/f503d73d-b6a6-49cb-9c4c-ece76e61ff8e 0.524s
2025-04-26 12:24:00.243 69517 INFO tempest.lib.common.rest_client [req-6593d0c1-e42f-4189-ae14-6378c55c8147 req-6593d0c1-e42f-4189-ae14-6378c55c8147 ] Request (ServersAdmin275Test:tearDownClass): 200 GET http://10.180.1.21/compute/v2.1/servers/fc3f3fc8-6ff6-48ce-a6f7-94aa5b8a6cd3 0.366s
2025-04-26 12:24:00.301 69475 INFO tempest.lib.common.rest_client [req-a4f474fd-8677-4b29-b378-a26345bbcce8 req-a4f474fd-8677-4b29-b378-a26345bbcce8 ] Request (AttachVolumeTestJSON:test_attach_detach_volume): 200 GET http://10.180.1.21/compute/v2.1/servers/601edb67-4716-4c68-be2d-18285c148e79 0.336s
2025-04-26 12:24:00.311 69513 INFO tempest.lib.common.rest_client [req-3d12c57b-808c-4ee9-b55c-0524ba5b170f req-3d12c57b-808c-4ee9-b55c-0524ba5b170f ] Request (MultipleCreateTestJSON:_run_cleanups): 200 GET http://10.180.1.21/compute/v2.1/servers/f3de78f8-6adc-4a86-9da0-a83b5aa3949c 0.333s
2025-04-26 12:24:00.330 69467 INFO tempest.lib.common.rest_client [req-214e634f-edaf-46cf-9446-81c5588d7f95 req-214e634f-edaf-46cf-9446-81c5588d7f95 ] Request (FlavorsExtraSpecsTestJSON:test_flavor_set_get_update_show_unset_keys): 200 GET http://10.180.1.21/compute/v2.1/flavors/2143504395/os-extra_specs 0.174s
2025-04-26 12:24:00.342 69508 INFO tempest.lib.common.rest_client [req-ddaaf18b-d1b7-41dd-9b26-00cd7536e51c req-ddaaf18b-d1b7-41dd-9b26-00cd7536e51c ] Request (ServersTestManualDisk:setUpClass): 200 PUT http://10.180.1.21:9696/networking/v2.0/floatingips/b339e431-10ce-4dc3-a08b-3a680b729571 1.870s
2025-04-26 12:24:00.389 69463 INFO tempest.lib.common.rest_client [req-c55d5cef-e5a0-4c18-8883-4a151e447d80 req-c55d5cef-e5a0-4c18-8883-4a151e447d80 ] Request (SecurityGroupsTestJSON:test_list_security_groups_by_server): 200 GET http://10.180.1.21/compute/v2.1/servers/0be21c90-925c-47da-a3e1-93978d98867c 0.360s
2025-04-26 12:24:00.409 69515 INFO tempest.lib.common.rest_client [req-21c31f57-b381-4356-a0a1-6191e758c765 req-21c31f57-b381-4356-a0a1-6191e758c765 ] Request (ServerDiagnosticsV248Test:tearDownClass): 200 GET http://10.180.1.21/compute/v2.1/servers/882eb1a9-82fc-40dc-ba7b-d3a3cc9d40c6 0.235s
2025-04-26 12:24:00.441 69467 INFO tempest.lib.common.rest_client [req-c430c44e-8e80-4efb-9992-5861c8b5211b req-c430c44e-8e80-4efb-9992-5861c8b5211b ] Request (FlavorsExtraSpecsTestJSON:tearDownClass): 202 DELETE http://10.180.1.21/compute/v2.1/flavors/2143504395 0.109s
2025-04-26 12:24:00.479 69481 INFO tempest.lib.common.rest_client [req-c1f30d2d-76c4-4858-b437-5b8ce60c1b07 req-c1f30d2d-76c4-4858-b437-5b8ce60c1b07 ] Request (ServersTestJSON:setUpClass): 200 GET http://10.180.1.21/compute/v2.1/servers/1fae0e2c-fb8d-411b-826e-18cda413b24f 0.250s
2025-04-26 12:24:00.491 69481 INFO tempest.common.waiters [-] State transition "BUILD/None" ==> "BUILD/networking" after 32 second wait
2025-04-26 12:24:00.574 69508 INFO tempest.lib.common.rest_client [req-4b4b6083-9fbf-492a-a4ca-7cef69714ff0 req-4b4b6083-9fbf-492a-a4ca-7cef69714ff0 ] Request (ServersTestManualDisk:setUpClass): 200 GET http://10.180.1.21/compute/v2.1/servers/57a41f79-f205-4ed9-b4c2-67d57d113f63 0.232s
2025-04-26 12:24:00.594 69508 INFO tempest.lib.common.ssh [-] Creating ssh connection to '10.180.180.247:22' as 'cirros' with public key authentication
2025-04-26 12:24:00.640 69506 INFO tempest.lib.common.rest_client [req-dbc2a091-e3c6-432f-ac21-18361560538c req-dbc2a091-e3c6-432f-ac21-18361560538c ] Request (ImagesOneServerNegativeTestJSON:setUpClass): 200 GET http://10.180.1.21/compute/v2.1/servers/0ea7324d-38d7-432d-b7ce-5c59d42eee6d 0.216s
2025-04-26 12:24:00.667 69493 INFO tempest.lib.common.rest_client [req-ed24bb6d-5349-4449-83a3-99d449353b4a req-ed24bb6d-5349-4449-83a3-99d449353b4a ] Request (ServersTestBootFromVolume:setUpClass): 200 GET http://10.180.1.21/volume/v3/volumes/f082f57c-871b-47d7-8d75-13175d577e64 0.033s
2025-04-26 12:24:00.669 69467 INFO tempest.lib.common.rest_client [req-e687c534-b23b-4ac2-a171-d533b73725c9 req-e687c534-b23b-4ac2-a171-d533b73725c9 ] Request (FlavorsExtraSpecsTestJSON:tearDownClass): 200 GET http://10.180.1.21/compute/v2.1/flavors/detail 0.228s
2025-04-26 12:24:00.730 69471 INFO tempest.lib.common.rest_client [req-73bb33a3-586c-4469-84c3-cff8848a3879 req-73bb33a3-586c-4469-84c3-cff8848a3879 ] Request (ServersNegativeTestMultiTenantJSON:setUpClass): 200 GET http://10.180.1.21/compute/v2.1/servers/c1074fc1-c72a-4eae-865a-cd31a20667e2 0.223s
2025-04-26 12:24:00.739 69489 INFO tempest.lib.common.rest_client [req-079cf2d2-a611-4f6d-893f-a15b97ad785b req-079cf2d2-a611-4f6d-893f-a15b97ad785b ] Request (ServerRescueTestJSON:setUpClass): 200 GET http://10.180.1.21/compute/v2.1/servers/4f85f88b-4e84-4963-8750-8c17f62af69e 0.373s
2025-04-26 12:24:00.785 69467 INFO tempest.lib.common.rest_client [req-386004c7-7de9-4a78-ac0c-1980d136818e req-386004c7-7de9-4a78-ac0c-1980d136818e ] Request (FlavorsExtraSpecsTestJSON:tearDownClass): 204 DELETE http://10.180.1.21/identity/v3/users/e7cf964b66b041bea03ac7ec3c12683a 0.110s
2025-04-26 12:24:00.795 69523 INFO tempest.lib.common.rest_client [req-d303af51-3639-4fe2-b836-45011fa76257 req-d303af51-3639-4fe2-b836-45011fa76257 ] Request (ImagesTestJSON:test_create_image_from_stopped_server): 200 GET http://10.180.1.21/compute/v2.1/servers/e1cc2e39-cf2f-487b-a57f-7a4399c8d6f1 0.228s
2025-04-26 12:24:00.863 69485 INFO tempest.lib.common.rest_client [req-1fd954c2-979a-4513-86b5-c65031851fc5 req-1fd954c2-979a-4513-86b5-c65031851fc5 ] Request (ServersAdminNegativeTestJSON:tearDownClass): 200 GET http://10.180.1.21/compute/v2.1/servers/8cbd7c33-de21-4bb3-a27f-fe2d61c18e32 0.216s
2025-04-26 12:24:00.877 69485 INFO tempest.common.waiters [-] State transition "SUSPENDED/deleting" ==> "DELETED/None" after 3 second wait
2025-04-26 12:24:00.934 69479 INFO tempest.lib.common.rest_client [req-b8af9245-6f5f-441a-9f0c-81fe70ca344d req-b8af9245-6f5f-441a-9f0c-81fe70ca344d ] Request (ImagesNegativeTestJSON:test_create_image_from_deleted_server): 200 GET http://10.180.1.21/compute/v2.1/servers/795d88ec-e18d-4b16-b23f-2e0d5455e79e 0.229s
2025-04-26 12:24:00.943 69467 INFO tempest.lib.common.rest_client [req-e9a57cbb-270e-4df0-a2e2-a197ed283d38 req-e9a57cbb-270e-4df0-a2e2-a197ed283d38 ] Request (FlavorsExtraSpecsTestJSON:tearDownClass): 204 DELETE http://10.180.1.21/identity/v3/users/bcbc4f240d164d28be9a6e9eab780aa0 0.158s
2025-04-26 12:24:00.943 69467 INFO tempest.lib.common.dynamic_creds [-] Deleting project and security group for project: 0db494a56a0441d5ae5af7f7d5d805d1
2025-04-26 12:24:01.008 69469 INFO tempest.lib.common.rest_client [req-74a75a94-1973-4735-bf4f-b48197cdf163 req-74a75a94-1973-4735-bf4f-b48197cdf163 ] Request (ServersNegativeTestJSON:setUpClass): 200 GET http://10.180.1.21/compute/v2.1/servers/93436e04-008a-451e-a0ce-1a4ebc1ddd9b 0.278s
2025-04-26 12:24:01.018 69467 INFO tempest.lib.common.rest_client [req-222e628a-0b6d-4b47-966b-8c460c25e3a3 req-222e628a-0b6d-4b47-966b-8c460c25e3a3 ] Request (FlavorsExtraSpecsTestJSON:tearDownClass): 201 POST http://10.180.1.21/identity/v3/auth/tokens 0.074s
2025-04-26 12:24:01.044 69473 INFO tempest.lib.common.rest_client [req-8a6bf7ad-de29-4398-9dbf-0acc8ba9cfb1 req-8a6bf7ad-de29-4398-9dbf-0acc8ba9cfb1 ] Request (AttachInterfacesV270Test:setUpClass): 200 PUT http://10.180.1.21:9696/networking/v2.0/routers/8d7db9e6-cfe2-403a-8c00-ed6e495d12fb/add_router_interface 3.302s
2025-04-26 12:24:01.044 69473 INFO tempest.lib.common.dynamic_creds [-] Created isolated network resources for: credentials: Credentials: {'domain_id': 'default', 'domain_name': 'Default', 'username': 'tempest-AttachInterfacesV270Test-89867278-project-member', 'project_domain_id': 'default', 'project_domain_name': 'Default', 'project_id': 'f446d2fb9e224aecb9f53babe0e2bb51', 'project_name': 'tempest-AttachInterfacesV270Test-89867278', 'tenant_id': 'f446d2fb9e224aecb9f53babe0e2bb51', 'tenant_name': 'tempest-AttachInterfacesV270Test-89867278', 'user_domain_id': 'default', 'user_domain_name': 'Default', 'user_id': 'a438111eba19415fb4d1428a070628d5', 'system': None}, Network: {'id': 'e043df58-5f1b-4af9-b8b7-c7495204af34', 'name': 'tempest-AttachInterfacesV270Test-338989472-network', 'tenant_id': 'f446d2fb9e224aecb9f53babe0e2bb51', 'admin_state_up': True, 'mtu': 8950, 'status': 'ACTIVE', 'subnets': [], 'shared': False, 'project_id': 'f446d2fb9e224aecb9f53babe0e2bb51', 'port_security_enabled': True, 'router:external': False, 'provider:network_type': 'vlan', 'provider:physical_network': 'default', 'provider:segmentation_id': 420, 'availability_zone_hints': [], 'availability_zones': [], 'ipv4_address_scope': None, 'ipv6_address_scope': None, 'description': '', 'tags': [], 'created_at': '2025-04-26T12:23:56Z', 'updated_at': '2025-04-26T12:23:56Z', 'revision_number': 1}, Subnet: {'id': 'e9251630-1bf2-4420-96f9-b65a270d4c1f', 'name': 'tempest-AttachInterfacesV270Test-338989472-subnet', 'tenant_id': 'f446d2fb9e224aecb9f53babe0e2bb51', 'network_id': 'e043df58-5f1b-4af9-b8b7-c7495204af34', 'ip_version': 4, 'subnetpool_id': None, 'enable_dhcp': True, 'ipv6_ra_mode': None, 'ipv6_address_mode': None, 'gateway_ip': '192.168.128.1', 'cidr': '192.168.128.0/28', 'allocation_pools': [{'start': '192.168.128.2', 'end': '192.168.128.14'}], 'host_routes': [], 'dns_nameservers': [], 'description': '', 'router:external': False, 'service_types': [], 'tags': [], 'created_at': '2025-04-26T12:23:56Z', 'updated_at': '2025-04-26T12:23:56Z', 'revision_number': 0, 'project_id': 'f446d2fb9e224aecb9f53babe0e2bb51'}, Router: {'id': '8d7db9e6-cfe2-403a-8c00-ed6e495d12fb', 'name': 'tempest-AttachInterfacesV270Test-338989472-router', 'tenant_id': 'f446d2fb9e224aecb9f53babe0e2bb51', 'admin_state_up': True, 'status': 'ACTIVE', 'external_gateway_info': {'network_id': '6816d43a-ca1c-4ef0-90d7-e3f4b318d9ab', 'external_fixed_ips': [{'subnet_id': '2e6cdac8-19bd-49ff-933e-e6ba5cd32ee8', 'ip_address': '10.180.180.139'}], 'enable_snat': True}, 'description': '', 'availability_zones': [], 'distributed': False, 'ha': False, 'availability_zone_hints': [], 'routes': [], 'flavor_id': None, 'tags': [], 'created_at': '2025-04-26T12:23:56Z', 'updated_at': '2025-04-26T12:23:57Z', 'revision_number': 2, 'project_id': 'f446d2fb9e224aecb9f53babe0e2bb51'}
2025-04-26 12:24:01.070 69495 INFO tempest.lib.common.rest_client [req-1f74b0b8-7236-454c-b562-fb6e5f0442c1 req-1f74b0b8-7236-454c-b562-fb6e5f0442c1 ] Request (DeleteServersAdminTestJSON:test_delete_server_while_in_error_state): 200 GET http://10.180.1.21/compute/v2.1/servers/a1b743d8-af17-4c36-9e79-ed89e9134705 0.249s
2025-04-26 12:24:01.149 69473 INFO tempest.lib.common.rest_client [req-3e5e05c5-3d38-4ca2-82fc-d24df04ef4b3 req-3e5e05c5-3d38-4ca2-82fc-d24df04ef4b3 ] Request (AttachInterfacesV270Test:setUpClass): 201 POST http://10.180.1.21/identity/v3/auth/tokens 0.095s
2025-04-26 12:24:01.170 69521 INFO tempest.lib.common.rest_client [req-98591066-3e15-4ad4-bc25-b145e0e93087 req-98591066-3e15-4ad4-bc25-b145e0e93087 ] Request (ServersAdminTestJSON:setUpClass): 200 GET http://10.180.1.21/compute/v2.1/servers/6b8edafd-cb4d-4158-8bba-b521fccba8e4 0.249s
2025-04-26 12:24:01.187 69503 INFO tempest.lib.common.rest_client [req-471cb750-0b2a-4486-b81e-40e9d1aaae49 req-471cb750-0b2a-4486-b81e-40e9d1aaae49 ] Request (ImagesOneServerTestJSON:setUpClass): 200 GET http://10.180.1.21/compute/v2.1/servers/5d283527-7cce-479b-9160-bc2f9cce7e83 0.561s
2025-04-26 12:24:01.195 69473 INFO tempest.lib.common.rest_client [req-f40d495e-ee17-4791-8d20-a6e1deae3597 req-f40d495e-ee17-4791-8d20-a6e1deae3597 ] Request (AttachInterfacesV270Test:test_create_get_list_interfaces): 201 POST http://10.180.1.21/identity/v3/auth/tokens 0.040s
2025-04-26 12:24:01.196 69473 INFO tempest.lib.common.fixed_network [-] (AttachInterfacesV270Test:test_create_get_list_interfaces) Found network {'id': 'e043df58-5f1b-4af9-b8b7-c7495204af34', 'name': 'tempest-AttachInterfacesV270Test-338989472-network', 'tenant_id': 'f446d2fb9e224aecb9f53babe0e2bb51', 'admin_state_up': True, 'mtu': 8950, 'status': 'ACTIVE', 'subnets': [], 'shared': False, 'project_id': 'f446d2fb9e224aecb9f53babe0e2bb51', 'port_security_enabled': True, 'router:external': False, 'provider:network_type': 'vlan', 'provider:physical_network': 'default', 'provider:segmentation_id': 420, 'availability_zone_hints': [], 'availability_zones': [], 'ipv4_address_scope': None, 'ipv6_address_scope': None, 'description': '', 'tags': [], 'created_at': '2025-04-26T12:23:56Z', 'updated_at': '2025-04-26T12:23:56Z', 'revision_number': 1} available for tenant
2025-04-26 12:24:01.286 69477 INFO tempest.lib.common.rest_client [req-b76a8ec7-e72c-4913-a151-13c4ee2bd948 req-b76a8ec7-e72c-4913-a151-13c4ee2bd948 ] Request (ServerDiagnosticsNegativeTest:test_get_server_diagnostics_by_non_admin): 200 GET http://10.180.1.21/compute/v2.1/servers/b26562ea-4352-445d-9a42-871579a76088 0.147s
2025-04-26 12:24:01.390 69511 INFO tempest.lib.common.rest_client [req-ea8ff166-b0ef-4ef6-8b4c-5c907b420370 req-ea8ff166-b0ef-4ef6-8b4c-5c907b420370 ] Request (FloatingIPDetailsNegativeTestJSON:tearDownClass): 200 PUT http://10.180.1.21:9696/networking/v2.0/routers/d66da0b5-87e3-421f-af60-ab60d076a950/remove_router_interface 3.050s
2025-04-26 12:24:01.406 69467 INFO tempest.lib.common.rest_client [req-ba8f0c63-fc86-42ec-a2b5-ce4397183c3f req-ba8f0c63-fc86-42ec-a2b5-ce4397183c3f ] Request (FlavorsExtraSpecsTestJSON:tearDownClass): 200 GET http://10.180.1.21:9696/networking/v2.0/security-groups?tenant_id=0db494a56a0441d5ae5af7f7d5d805d1&name=default 0.388s
2025-04-26 12:24:01.411 69498 INFO tempest.lib.common.rest_client [req-aae808c8-6196-42f3-90f2-3baa6caab758 req-aae808c8-6196-42f3-90f2-3baa6caab758 ] Request (ServerActionsV293TestJSON:setUpClass): 200 GET http://10.180.1.21/compute/v2.1/servers/4b5da231-5fde-4cb7-9304-faf5a990231f 0.355s
2025-04-26 12:24:01.482 69519 WARNING tempest.lib.common.ssh [-] Failed to establish authenticated ssh connection to cirros@10.180.180.172 ([Errno None] Unable to connect to port 22 on 10.180.180.172). Number attempts: 5. Retry after 6 seconds.: paramiko.ssh_exception.NoValidConnectionsError: [Errno None] Unable to connect to port 22 on 10.180.180.172
2025-04-26 12:24:01.562 69467 INFO tempest.lib.common.rest_client [req-b3219f29-df27-4ceb-bf4d-1701cfa6d704 req-b3219f29-df27-4ceb-bf4d-1701cfa6d704 ] Request (FlavorsExtraSpecsTestJSON:tearDownClass): 204 DELETE http://10.180.1.21:9696/networking/v2.0/security-groups/e8bab891-2844-4844-a733-df599e59c050 0.155s
2025-04-26 12:24:01.578 69491 INFO tempest.lib.common.rest_client [req-3adb328c-8234-4c05-bfab-2a0399a4c583 req-3adb328c-8234-4c05-bfab-2a0399a4c583 ] Request (MigrationsAdminTest:test_list_migrations_in_flavor_resize_situation): 200 GET http://10.180.1.21/compute/v2.1/servers/f503d73d-b6a6-49cb-9c4c-ece76e61ff8e 0.360s
2025-04-26 12:24:01.699 69467 INFO tempest.lib.common.rest_client [req-fb903e06-eb46-4c20-b5bc-6d521584379a req-fb903e06-eb46-4c20-b5bc-6d521584379a ] Request (FlavorsExtraSpecsTestJSON:tearDownClass): 204 DELETE http://10.180.1.21/identity/v3/projects/0db494a56a0441d5ae5af7f7d5d805d1 0.137s
2025-04-26 12:24:01.699 69467 INFO tempest.lib.common.dynamic_creds [-] Deleting project and security group for project: 3527d6e19a7b430cae40f08f4a23f569
2025-04-26 12:24:01.700 69517 INFO tempest.lib.common.rest_client [req-e01843c0-48b4-4b54-8271-ac5d06939c7b req-e01843c0-48b4-4b54-8271-ac5d06939c7b ] Request (ServersAdmin275Test:tearDownClass): 200 GET http://10.180.1.21/compute/v2.1/servers/fc3f3fc8-6ff6-48ce-a6f7-94aa5b8a6cd3 0.441s
2025-04-26 12:24:01.716 69493 INFO tempest.lib.common.rest_client [req-79b4248c-1a4d-4a00-8640-45c13f92eb46 req-79b4248c-1a4d-4a00-8640-45c13f92eb46 ] Request (ServersTestBootFromVolume:setUpClass): 200 GET http://10.180.1.21/volume/v3/volumes/f082f57c-871b-47d7-8d75-13175d577e64 0.037s
2025-04-26 12:24:01.794 69475 INFO tempest.lib.common.rest_client [req-2731ae15-bab5-4027-b932-63cff554230a req-2731ae15-bab5-4027-b932-63cff554230a ] Request (AttachVolumeTestJSON:test_attach_detach_volume): 200 GET http://10.180.1.21/compute/v2.1/servers/601edb67-4716-4c68-be2d-18285c148e79 0.485s
2025-04-26 12:24:01.888 69467 INFO tempest.lib.common.rest_client [req-4470a71d-8ac0-4e27-a3c6-97199742c443 req-4470a71d-8ac0-4e27-a3c6-97199742c443 ] Request (FlavorsExtraSpecsTestJSON:tearDownClass): 200 GET http://10.180.1.21:9696/networking/v2.0/security-groups?tenant_id=3527d6e19a7b430cae40f08f4a23f569&name=default 0.189s
2025-04-26 12:24:01.895 69513 INFO tempest.lib.common.rest_client [req-697cf0b5-f7df-4664-8787-ec8b7e3bfb94 req-697cf0b5-f7df-4664-8787-ec8b7e3bfb94 ] Request (MultipleCreateTestJSON:_run_cleanups): 200 GET http://10.180.1.21/compute/v2.1/servers/f3de78f8-6adc-4a86-9da0-a83b5aa3949c 0.574s
2025-04-26 12:24:01.905 69513 INFO tempest.common.waiters [-] State transition "ACTIVE/deleting" ==> "DELETED/None" after 4 second wait
2025-04-26 12:24:01.970 69463 INFO tempest.lib.common.rest_client [req-b2808643-3761-45e7-bf2f-00ff8477890a req-b2808643-3761-45e7-bf2f-00ff8477890a ] Request (SecurityGroupsTestJSON:test_list_security_groups_by_server): 200 GET http://10.180.1.21/compute/v2.1/servers/0be21c90-925c-47da-a3e1-93978d98867c 0.572s
2025-04-26 12:24:02.059 69467 INFO tempest.lib.common.rest_client [req-47306375-de27-487a-90be-076ab9d92cff req-47306375-de27-487a-90be-076ab9d92cff ] Request (FlavorsExtraSpecsTestJSON:tearDownClass): 204 DELETE http://10.180.1.21:9696/networking/v2.0/security-groups/2c0852ce-8595-4f14-8638-8889186bf2ae 0.170s
2025-04-26 12:24:02.065 69515 INFO tempest.lib.common.rest_client [req-a76b49ee-b497-4a5e-8360-de012e03e67e req-a76b49ee-b497-4a5e-8360-de012e03e67e ] Request (ServerDiagnosticsV248Test:tearDownClass): 200 GET http://10.180.1.21/compute/v2.1/servers/882eb1a9-82fc-40dc-ba7b-d3a3cc9d40c6 0.643s
2025-04-26 12:24:02.083 69465 INFO tempest.lib.common.rest_client [req-b5ca057c-b8c9-441f-a671-1d64f1bc148d req-b5ca057c-b8c9-441f-a671-1d64f1bc148d ] Request (ListImageFiltersTestJSON:setUpClass): 204 PUT http://10.180.1.21/image/v2/images/e34f9fcd-2f21-4aeb-b025-459bb2f5302e/file 0.896s
2025-04-26 12:24:02.119 69483 WARNING tempest.lib.common.ssh [-] Failed to establish authenticated ssh connection to cirros@10.180.180.165 ([Errno None] Unable to connect to port 22 on 10.180.180.165). Number attempts: 5. Retry after 6 seconds.: paramiko.ssh_exception.NoValidConnectionsError: [Errno None] Unable to connect to port 22 on 10.180.180.165
2025-04-26 12:24:02.223 69467 INFO tempest.lib.common.rest_client [req-e79c7df1-df92-4414-b553-f694869b7e51 req-e79c7df1-df92-4414-b553-f694869b7e51 ] Request (FlavorsExtraSpecsTestJSON:tearDownClass): 204 DELETE http://10.180.1.21/identity/v3/projects/3527d6e19a7b430cae40f08f4a23f569 0.163s
2025-04-26 12:24:02.227 69481 INFO tempest.lib.common.rest_client [req-021685b2-77a7-4bcc-963d-1e0090180db7 req-021685b2-77a7-4bcc-963d-1e0090180db7 ] Request (ServersTestJSON:setUpClass): 200 GET http://10.180.1.21/compute/v2.1/servers/1fae0e2c-fb8d-411b-826e-18cda413b24f 0.733s
2025-04-26 12:24:02.242 69481 INFO tempest.common.waiters [-] State transition "BUILD/networking" ==> "BUILD/spawning" after 34 second wait
2025-04-26 12:24:02.249 69499 WARNING tempest.lib.common.ssh [-] Failed to establish authenticated ssh connection to cirros@10.180.180.245 ([Errno None] Unable to connect to port 22 on 10.180.180.245). Number attempts: 6. Retry after 7 seconds.: paramiko.ssh_exception.NoValidConnectionsError: [Errno None] Unable to connect to port 22 on 10.180.180.245
2025-04-26 12:24:02.290 69473 INFO tempest.lib.common.rest_client [req-99e7b55d-fd73-4968-ac3c-64dad39583aa req-99e7b55d-fd73-4968-ac3c-64dad39583aa ] Request (AttachInterfacesV270Test:test_create_get_list_interfaces): 202 POST http://10.180.1.21/compute/v2.1/servers 1.093s
2025-04-26 12:24:02.300 69506 INFO tempest.lib.common.rest_client [req-232cb6b5-c918-4f50-82b6-750558ccba8f req-232cb6b5-c918-4f50-82b6-750558ccba8f ] Request (ImagesOneServerNegativeTestJSON:setUpClass): 200 GET http://10.180.1.21/compute/v2.1/servers/0ea7324d-38d7-432d-b7ce-5c59d42eee6d 0.648s
2025-04-26 12:24:02.314 69467 INFO tempest.lib.common.rest_client [req-4041d316-bdfd-434b-ab47-00a28c036613 req-4041d316-bdfd-434b-ab47-00a28c036613 ] Request (InstanceUsageAuditLogTestJSON:setUpClass): 201 POST http://10.180.1.21/identity/v3/auth/tokens 0.090s
2025-04-26 12:24:02.361 69467 INFO tempest.lib.common.rest_client [req-da6238ae-0fa7-40c2-a185-e0fda1f51ef2 req-da6238ae-0fa7-40c2-a185-e0fda1f51ef2 ] Request (InstanceUsageAuditLogTestJSON:setUpClass): 201 POST http://10.180.1.21/identity/v3/auth/tokens 0.043s
2025-04-26 12:24:02.369 69471 INFO tempest.lib.common.rest_client [req-58f2cca2-d7c4-409a-8960-f956b334a763 req-58f2cca2-d7c4-409a-8960-f956b334a763 ] Request (ServersNegativeTestMultiTenantJSON:setUpClass): 200 GET http://10.180.1.21/compute/v2.1/servers/c1074fc1-c72a-4eae-865a-cd31a20667e2 0.625s
2025-04-26 12:24:02.402 69467 INFO tempest.lib.common.rest_client [req-766af0d7-c1fb-4f74-a62f-72fc8c91444f req-766af0d7-c1fb-4f74-a62f-72fc8c91444f ] Request (InstanceUsageAuditLogTestJSON:setUpClass): 200 GET http://10.180.1.21/identity/v3/domains?name=Default 0.041s
2025-04-26 12:24:02.441 69467 INFO tempest.lib.common.rest_client [req-76be8b6c-d7e9-4278-9dfb-e23f8ab8689a req-76be8b6c-d7e9-4278-9dfb-e23f8ab8689a ] Request (InstanceUsageAuditLogTestJSON:setUpClass): 201 POST http://10.180.1.21/identity/v3/projects 0.038s
2025-04-26 12:24:02.447 69489 INFO tempest.lib.common.rest_client [req-4297accd-d18e-41d7-8881-4627c50a5fda req-4297accd-d18e-41d7-8881-4627c50a5fda ] Request (ServerRescueTestJSON:setUpClass): 200 GET http://10.180.1.21/compute/v2.1/servers/4f85f88b-4e84-4963-8750-8c17f62af69e 0.696s
2025-04-26 12:24:02.449 69501 INFO tempest.lib.common.rest_client [req-9297303d-94dc-4d89-8f55-779c0a180287 req-9297303d-94dc-4d89-8f55-779c0a180287 ] Request (ServerDiskConfigTestJSON:setUpClass): 201 POST http://10.180.1.21:9696/networking/v2.0/routers 2.573s
2025-04-26 12:24:02.458 69489 INFO tempest.common.waiters [-] State transition "BUILD/spawning" ==> "ACTIVE/None" after 41 second wait
2025-04-26 12:24:02.465 69523 INFO tempest.lib.common.rest_client [req-409a9214-7386-470e-82fa-ba4bd8bff5df req-409a9214-7386-470e-82fa-ba4bd8bff5df ] Request (ImagesTestJSON:test_create_image_from_stopped_server): 200 GET http://10.180.1.21/compute/v2.1/servers/e1cc2e39-cf2f-487b-a57f-7a4399c8d6f1 0.659s
2025-04-26 12:24:02.534 69467 INFO tempest.lib.common.rest_client [req-f9f4404f-ca65-443d-bf15-8471b3c8077d req-f9f4404f-ca65-443d-bf15-8471b3c8077d ] Request (InstanceUsageAuditLogTestJSON:setUpClass): 201 POST http://10.180.1.21/identity/v3/users 0.092s
2025-04-26 12:24:02.546 69479 INFO tempest.lib.common.rest_client [req-8d136fe6-f1f0-492a-a4ad-acdd134b375f req-8d136fe6-f1f0-492a-a4ad-acdd134b375f ] Request (ImagesNegativeTestJSON:test_create_image_from_deleted_server): 200 GET http://10.180.1.21/compute/v2.1/servers/795d88ec-e18d-4b16-b23f-2e0d5455e79e 0.601s
2025-04-26 12:24:02.563 69467 INFO tempest.lib.common.rest_client [req-81be83a5-19b3-4dfd-9a39-18d18ffcf231 req-81be83a5-19b3-4dfd-9a39-18d18ffcf231 ] Request (InstanceUsageAuditLogTestJSON:setUpClass): 200 GET http://10.180.1.21/identity/v3/roles 0.028s
2025-04-26 12:24:02.564 69485 INFO tempest.lib.common.rest_client [req-ede35962-96ed-4726-9a33-046f7961c25c req-ede35962-96ed-4726-9a33-046f7961c25c ] Request (ServersAdminNegativeTestJSON:tearDownClass): 200 GET http://10.180.1.21/compute/v2.1/servers/8cbd7c33-de21-4bb3-a27f-fe2d61c18e32 0.684s
2025-04-26 12:24:02.614 69467 INFO tempest.lib.common.rest_client [req-b158787a-e709-45d8-89ca-87aeb3186026 req-b158787a-e709-45d8-89ca-87aeb3186026 ] Request (InstanceUsageAuditLogTestJSON:setUpClass): 204 PUT http://10.180.1.21/identity/v3/projects/698afc2ef89f46339cc287e224bda631/users/c1ac5aa1d622476d9ad9a1cec9dab03f/roles/ebdcc9c240174d70956b95850a773421 0.050s
2025-04-26 12:24:02.614 69467 INFO tempest.lib.common.dynamic_creds [-] Dynamic test user c1ac5aa1d622476d9ad9a1cec9dab03f is created with scope project and roles: ['member']
