2025-04-28 18:23:01.197 69562 INFO tempest.lib.common.rest_client [req-615c2e26-ef9a-4ece-b5c2-c8421f7bdcaf req-615c2e26-ef9a-4ece-b5c2-c8421f7bdcaf ] Request (ServersAdminNegativeTestJSON:test_migrate_server_invalid_state): 200 GET http://10.180.1.21/compute/v2.1/servers/e15390a1-8b62-4bcc-9ab1-6b434a1227cb 0.118s
2025-04-28 18:23:01.226 69556 INFO tempest.lib.common.rest_client [req-c760e1e7-a556-4d1d-854c-9fb8b9196064 req-c760e1e7-a556-4d1d-854c-9fb8b9196064 ] Request (DeleteServersAdminTestJSON:test_delete_server_while_in_error_state): 200 GET http://10.180.1.21/compute/v2.1/servers/d4426718-3e16-4e62-8613-642f3ede15bc 0.094s
2025-04-28 18:23:01.251 69522 INFO tempest.lib.common.rest_client [req-db72bc6b-1431-40be-a667-80d1fff0a46d req-db72bc6b-1431-40be-a667-80d1fff0a46d ] Request (ServersNegativeTestJSON:setUpClass): 200 GET http://10.180.1.21/compute/v2.1/servers/9b9116ad-9dd6-4078-b35d-67267b2ad5ae 0.097s
2025-04-28 18:23:01.284 69520 INFO tempest.lib.common.rest_client [req-9ab8344b-4097-4096-a805-528d78c60419 req-9ab8344b-4097-4096-a805-528d78c60419 ] Request (ServersAdminTestJSON:test_inject_network_info): 200 GET http://10.180.1.21/compute/v2.1/servers/16aa76b9-2d2f-4970-ac3c-8523cb1ef0e4 0.069s
2025-04-28 18:23:01.307 69546 INFO tempest.lib.common.rest_client [req-9a439da7-7cc7-4603-be97-883aeeae57e1 req-9a439da7-7cc7-4603-be97-883aeeae57e1 ] Request (AttachInterfacesUnderV243Test:_run_cleanups): 200 GET http://10.180.1.21/compute/v2.1/servers/17c14598-2c16-4443-9026-fd16c716bc67 0.069s
2025-04-28 18:23:01.366 69552 INFO tempest.lib.common.rest_client [req-d5bc700f-7654-4857-a26e-3254838f048e req-d5bc700f-7654-4857-a26e-3254838f048e ] Request (ServersTestFqdnHostnames:tearDownClass): 200 GET http://10.180.1.21/compute/v2.1/servers/c53994ed-b194-4ad4-abdc-69d9b8248681 0.078s
2025-04-28 18:23:01.374 69552 INFO tempest.common.waiters [-] State transition "ACTIVE/deleting" ==> "DELETED/None" after 4 second wait
2025-04-28 18:23:01.377 69570 INFO tempest.lib.common.rest_client [req-606e3bd3-efa0-4778-824d-6dc5ebff9beb req-606e3bd3-efa0-4778-824d-6dc5ebff9beb ] Request (ListImageFiltersTestJSON:tearDownClass): 200 GET http://10.180.1.21/compute/v2.1/servers/8b96ed17-6d2b-4f15-8f57-37a6b3fe4efd 0.069s
2025-04-28 18:23:01.422 69566 INFO tempest.lib.common.rest_client [req-66d2e0af-c9ab-4290-8514-1157f3cb1cc0 req-66d2e0af-c9ab-4290-8514-1157f3cb1cc0 ] Request (ImagesNegativeTestJSON:test_create_image_from_deleted_server): 200 GET http://10.180.1.21/compute/v2.1/servers/11c271a6-32aa-4f5f-98e9-058292f4d79c 0.082s
2025-04-28 18:23:01.428 69524 INFO tempest.lib.common.rest_client [req-ffeaa41d-5614-4990-8f4e-617c4e32e375 req-ffeaa41d-5614-4990-8f4e-617c4e32e375 ] Request (ImagesTestJSON:test_create_server_from_snapshot): 200 GET http://10.180.1.21/compute/v2.1/servers/c1911216-06e1-40b2-9e62-922e2d37b2ef 0.064s
2025-04-28 18:23:01.501 69540 INFO tempest.lib.common.rest_client [req-31a5d68e-b11a-4f8c-b0eb-e37612464928 req-31a5d68e-b11a-4f8c-b0eb-e37612464928 ] Request (DeleteServersTestJSON:test_delete_active_server): 200 GET http://10.180.1.21/compute/v2.1/servers/cb003e45-9c77-45fc-a53a-a5d1a3421f3e 0.065s
2025-04-28 18:23:01.573 69578 INFO tempest.lib.common.rest_client [req-98fa4785-f0ef-42db-a668-20b6144bcfea req-98fa4785-f0ef-42db-a668-20b6144bcfea ] Request (ServersNegativeTestMultiTenantJSON:tearDownClass): 200 GET http://10.180.1.21/compute/v2.1/servers/eccadef4-b455-44c3-9490-dce7aea80b22 0.077s
2025-04-28 18:23:01.577 69542 WARNING tempest.lib.common.ssh [-] Failed to establish authenticated ssh connection to cirros@10.180.180.188 ([Errno None] Unable to connect to port 22 on 10.180.180.188). Number attempts: 4. Retry after 5 seconds.: paramiko.ssh_exception.NoValidConnectionsError: [Errno None] Unable to connect to port 22 on 10.180.180.188
2025-04-28 18:23:01.729 69534 INFO tempest.lib.common.rest_client [req-6f6a267d-063e-4e8d-a8b6-39144edfbf27 req-6f6a267d-063e-4e8d-a8b6-39144edfbf27 ] Request (ServerRescueTestJSONUnderV235:tearDownClass): 200 GET http://10.180.1.21/compute/v2.1/servers/1f40acc5-76bd-4e02-9466-0a66f1d27ec3 0.237s
2025-04-28 18:23:01.782 69558 INFO tempest.lib.common.rest_client [req-58dbfbf9-9fa3-4cd2-ad8c-8d479f1fb6df req-58dbfbf9-9fa3-4cd2-ad8c-8d479f1fb6df ] Request (MultipleCreateTestJSON:test_multiple_create): 200 GET http://10.180.1.21/compute/v2.1/servers/d12e566f-9f5c-4cc9-ac43-52620a4c5f1b 0.178s
2025-04-28 18:23:01.807 69550 INFO tempest.lib.common.rest_client [req-08b8d1df-354d-4304-944b-495e7897a83f req-08b8d1df-354d-4304-944b-495e7897a83f ] Request (VolumesAssistedSnapshotsTest:tearDownClass): 200 GET http://10.180.1.21/compute/v2.1/servers/0f617809-7812-415b-825f-73dcbdbe9122 0.145s
2025-04-28 18:23:01.871 69568 INFO tempest.lib.common.rest_client [req-683a3abe-d482-4219-8ac0-8eacc48b6ca9 req-683a3abe-d482-4219-8ac0-8eacc48b6ca9 ] Request (AttachInterfacesTestJSON:_run_cleanups): 200 GET http://10.180.1.21/compute/v2.1/servers/7d7c6517-efae-49b1-8067-be68054bd734 0.188s
2025-04-28 18:23:01.887 69580 INFO tempest.lib.common.rest_client [req-515ef31b-26aa-4918-95f7-3f112c92230f req-515ef31b-26aa-4918-95f7-3f112c92230f ] Request (SecurityGroupsTestJSON:test_server_security_groups): 200 GET http://10.180.1.21/compute/v2.1/servers/3b533631-81e0-4394-8122-9c2ae1debbeb 0.171s
2025-04-28 18:23:01.932 69574 INFO tempest.lib.common.rest_client [req-6aea87d5-14eb-4b34-89f7-7d5052e3cc10 req-6aea87d5-14eb-4b34-89f7-7d5052e3cc10 ] Request (MigrationsAdminTest:test_resize_server_revert_deleted_flavor): 200 GET http://10.180.1.21/compute/v2.1/servers/54841bf4-7c84-4f22-85b0-ea0531580855 0.167s
2025-04-28 18:23:01.948 69526 INFO tempest.lib.common.rest_client [req-af6147c1-3325-403c-a30b-096a11011963 req-af6147c1-3325-403c-a30b-096a11011963 ] Request (ServersTestJSON:setUpClass): 200 GET http://10.180.1.21/compute/v2.1/servers/92594ac9-9eb3-477b-af00-ea6930a43cec 0.167s
2025-04-28 18:23:01.958 69526 INFO tempest.common.waiters [-] State transition "BUILD/None" ==> "BUILD/networking" after 81 second wait
2025-04-28 18:23:01.995 69532 INFO tempest.lib.common.rest_client [req-c52e84a0-092c-42bc-854f-9ccd7816b5d9 req-c52e84a0-092c-42bc-854f-9ccd7816b5d9 ] Request (ServerGroupTestJSON:test_create_server_with_scheduler_hint_group): 200 GET http://10.180.1.21/compute/v2.1/servers/2d306638-e6d4-4c76-8cdc-7f2da7185b1d 0.172s
2025-04-28 18:23:02.014 69538 INFO tempest.lib.common.rest_client [req-2f5107ee-efeb-4dac-a793-006a96ce7c55 req-2f5107ee-efeb-4dac-a793-006a96ce7c55 ] Request (ServerAddressesTestJSON:setUpClass): 200 GET http://10.180.1.21/compute/v2.1/servers/740a2dd7-57f5-4398-b35b-5c3a452c80ec 0.161s
2025-04-28 18:23:02.055 69560 INFO tempest.lib.common.rest_client [req-2ea5b42c-526a-4a9e-b268-5e8920af9f41 req-2ea5b42c-526a-4a9e-b268-5e8920af9f41 ] Request (ServersAaction247Test:test_create_backup): 200 GET http://10.180.1.21/compute/v2.1/servers/e6b25e56-5f7a-47c2-911e-976f39eb02d8 0.128s
2025-04-28 18:23:02.285 69576 INFO tempest.lib.common.rest_client [req-f5333abc-6514-4ac7-a4ab-28460995f84e req-f5333abc-6514-4ac7-a4ab-28460995f84e ] Request (ImagesOneServerNegativeTestJSON:_run_cleanups): 200 GET http://10.180.1.21/compute/v2.1/servers/1edb65c1-6310-4d5d-ad06-5800093dfd70 0.128s
2025-04-28 18:23:02.292 69565 INFO tempest.lib.common.rest_client [req-b316e9c5-8bbd-493d-88ff-1bbfb7940892 req-b316e9c5-8bbd-493d-88ff-1bbfb7940892 ] Request (FloatingIPsAssociationTestJSON:test_associate_already_associated_floating_ip): 200 GET http://10.180.1.21/compute/v2.1/servers/3edd19c0-e0bb-441c-9980-72e60c66b4c5 0.125s
2025-04-28 18:23:02.344 69562 INFO tempest.lib.common.rest_client [req-b150b31e-5f10-4897-9e3c-60564747cd4a req-b150b31e-5f10-4897-9e3c-60564747cd4a ] Request (ServersAdminNegativeTestJSON:test_migrate_server_invalid_state): 200 GET http://10.180.1.21/compute/v2.1/servers/e15390a1-8b62-4bcc-9ab1-6b434a1227cb 0.139s
2025-04-28 18:23:02.351 69556 INFO tempest.lib.common.rest_client [req-189b593b-bd7c-47fe-aafd-3f952e1c33fb req-189b593b-bd7c-47fe-aafd-3f952e1c33fb ] Request (DeleteServersAdminTestJSON:test_delete_server_while_in_error_state): 200 GET http://10.180.1.21/compute/v2.1/servers/d4426718-3e16-4e62-8613-642f3ede15bc 0.117s
2025-04-28 18:23:02.392 69522 INFO tempest.lib.common.rest_client [req-7b019f76-abd7-4a9a-92c9-9ca1572a2438 req-7b019f76-abd7-4a9a-92c9-9ca1572a2438 ] Request (ServersNegativeTestJSON:setUpClass): 200 GET http://10.180.1.21/compute/v2.1/servers/9b9116ad-9dd6-4078-b35d-67267b2ad5ae 0.132s
2025-04-28 18:23:02.410 69520 INFO tempest.lib.common.rest_client [req-5cf1775d-f851-4525-b58d-ac069eac059d req-5cf1775d-f851-4525-b58d-ac069eac059d ] Request (ServersAdminTestJSON:test_inject_network_info): 200 GET http://10.180.1.21/compute/v2.1/servers/16aa76b9-2d2f-4970-ac3c-8523cb1ef0e4 0.114s
2025-04-28 18:23:02.457 69546 INFO tempest.lib.common.rest_client [req-36700726-5a6f-4a72-a199-e8e4a4b256cb req-36700726-5a6f-4a72-a199-e8e4a4b256cb ] Request (AttachInterfacesUnderV243Test:_run_cleanups): 200 GET http://10.180.1.21/compute/v2.1/servers/17c14598-2c16-4443-9026-fd16c716bc67 0.142s
2025-04-28 18:23:02.491 69552 INFO tempest.lib.common.rest_client [req-b113fd25-9231-4325-9f39-db0ccba14857 req-b113fd25-9231-4325-9f39-db0ccba14857 ] Request (ServersTestFqdnHostnames:tearDownClass): 200 GET http://10.180.1.21/compute/v2.1/servers/c53994ed-b194-4ad4-abdc-69d9b8248681 0.115s
2025-04-28 18:23:02.513 69570 INFO tempest.lib.common.rest_client [req-dd1cff89-1655-4d48-b25c-0b224e5be115 req-dd1cff89-1655-4d48-b25c-0b224e5be115 ] Request (ListImageFiltersTestJSON:tearDownClass): 200 GET http://10.180.1.21/compute/v2.1/servers/8b96ed17-6d2b-4f15-8f57-37a6b3fe4efd 0.125s
2025-04-28 18:23:02.540 69566 INFO tempest.lib.common.rest_client [req-18f47d0c-665b-4d86-b5cb-36575f191328 req-18f47d0c-665b-4d86-b5cb-36575f191328 ] Request (ImagesNegativeTestJSON:test_create_image_from_deleted_server): 200 GET http://10.180.1.21/compute/v2.1/servers/11c271a6-32aa-4f5f-98e9-058292f4d79c 0.110s
2025-04-28 18:23:02.564 69524 INFO tempest.lib.common.rest_client [req-450c90bc-1541-4e99-ae20-a0a6a50b1250 req-450c90bc-1541-4e99-ae20-a0a6a50b1250 ] Request (ImagesTestJSON:test_create_server_from_snapshot): 200 GET http://10.180.1.21/compute/v2.1/servers/c1911216-06e1-40b2-9e62-922e2d37b2ef 0.127s
2025-04-28 18:23:02.595 69540 INFO tempest.lib.common.rest_client [req-7000a8d9-b8d1-42ef-8c0f-27bf133e38fb req-7000a8d9-b8d1-42ef-8c0f-27bf133e38fb ] Request (DeleteServersTestJSON:test_delete_active_server): 200 GET http://10.180.1.21/compute/v2.1/servers/cb003e45-9c77-45fc-a53a-a5d1a3421f3e 0.084s
2025-04-28 18:23:02.635 69578 INFO tempest.lib.common.rest_client [req-2a475d2a-b398-4a20-a774-46104f80777a req-2a475d2a-b398-4a20-a774-46104f80777a ] Request (ServersNegativeTestMultiTenantJSON:tearDownClass): 200 GET http://10.180.1.21/compute/v2.1/servers/eccadef4-b455-44c3-9490-dce7aea80b22 0.054s
2025-04-28 18:23:02.789 69534 INFO tempest.lib.common.rest_client [req-a277891d-114b-40d4-9a00-ae34d8f99cc8 req-a277891d-114b-40d4-9a00-ae34d8f99cc8 ] Request (ServerRescueTestJSONUnderV235:tearDownClass): 200 GET http://10.180.1.21/compute/v2.1/servers/1f40acc5-76bd-4e02-9466-0a66f1d27ec3 0.050s
2025-04-28 18:23:02.887 69550 INFO tempest.lib.common.rest_client [req-632bd2d7-8fe2-48f9-841e-a4384719b091 req-632bd2d7-8fe2-48f9-841e-a4384719b091 ] Request (VolumesAssistedSnapshotsTest:tearDownClass): 200 GET http://10.180.1.21/compute/v2.1/servers/0f617809-7812-415b-825f-73dcbdbe9122 0.072s
2025-04-28 18:23:02.898 69558 INFO tempest.lib.common.rest_client [req-cc078d45-6dab-4464-8269-74942f63d227 req-cc078d45-6dab-4464-8269-74942f63d227 ] Request (MultipleCreateTestJSON:test_multiple_create): 200 GET http://10.180.1.21/compute/v2.1/servers/d12e566f-9f5c-4cc9-ac43-52620a4c5f1b 0.109s
2025-04-28 18:23:02.951 69580 INFO tempest.lib.common.rest_client [req-8e6389e9-d1bd-4ae4-b7ff-8dc0b4384817 req-8e6389e9-d1bd-4ae4-b7ff-8dc0b4384817 ] Request (SecurityGroupsTestJSON:test_server_security_groups): 200 GET http://10.180.1.21/compute/v2.1/servers/3b533631-81e0-4394-8122-9c2ae1debbeb 0.055s
2025-04-28 18:23:02.975 69568 INFO tempest.lib.common.rest_client [req-7cd7b2a0-44f1-4608-bfee-2f21c21e9caa req-7cd7b2a0-44f1-4608-bfee-2f21c21e9caa ] Request (AttachInterfacesTestJSON:_run_cleanups): 200 GET http://10.180.1.21/compute/v2.1/servers/7d7c6517-efae-49b1-8067-be68054bd734 0.096s
2025-04-28 18:23:03.024 69574 INFO tempest.lib.common.rest_client [req-5c4d66cc-6915-450c-98e9-ca241d8b8b75 req-5c4d66cc-6915-450c-98e9-ca241d8b8b75 ] Request (MigrationsAdminTest:test_resize_server_revert_deleted_flavor): 200 GET http://10.180.1.21/compute/v2.1/servers/54841bf4-7c84-4f22-85b0-ea0531580855 0.080s
2025-04-28 18:23:03.087 69532 INFO tempest.lib.common.rest_client [req-9ca3aa56-401a-4143-984c-d5afbce541f5 req-9ca3aa56-401a-4143-984c-d5afbce541f5 ] Request (ServerGroupTestJSON:test_create_server_with_scheduler_hint_group): 200 GET http://10.180.1.21/compute/v2.1/servers/2d306638-e6d4-4c76-8cdc-7f2da7185b1d 0.084s
2025-04-28 18:23:03.158 69538 INFO tempest.lib.common.rest_client [req-533e27ec-d627-4c77-8bec-f4ef8632a415 req-533e27ec-d627-4c77-8bec-f4ef8632a415 ] Request (ServerAddressesTestJSON:setUpClass): 200 GET http://10.180.1.21/compute/v2.1/servers/740a2dd7-57f5-4398-b35b-5c3a452c80ec 0.134s
2025-04-28 18:23:03.217 69560 INFO tempest.lib.common.rest_client [req-791028ed-d26e-4bc0-9695-e130fbea0e26 req-791028ed-d26e-4bc0-9695-e130fbea0e26 ] Request (ServersAaction247Test:test_create_backup): 200 GET http://10.180.1.21/compute/v2.1/servers/e6b25e56-5f7a-47c2-911e-976f39eb02d8 0.152s
2025-04-28 18:23:03.232 69526 INFO tempest.lib.common.rest_client [req-fe08b2b4-0e78-479c-aaf6-1ed1f474d662 req-fe08b2b4-0e78-479c-aaf6-1ed1f474d662 ] Request (ServersTestJSON:setUpClass): 200 GET http://10.180.1.21/compute/v2.1/servers/92594ac9-9eb3-477b-af00-ea6930a43cec 0.273s
2025-04-28 18:23:03.239 69526 INFO tempest.common.waiters [-] State transition "BUILD/networking" ==> "BUILD/spawning" after 83 second wait
2025-04-28 18:23:03.419 69565 INFO tempest.lib.common.rest_client [req-4965f5e3-e1fc-4224-8d19-5a517f99f9fd req-4965f5e3-e1fc-4224-8d19-5a517f99f9fd ] Request (FloatingIPsAssociationTestJSON:test_associate_already_associated_floating_ip): 200 GET http://10.180.1.21/compute/v2.1/servers/3edd19c0-e0bb-441c-9980-72e60c66b4c5 0.117s
2025-04-28 18:23:03.450 69576 INFO tempest.lib.common.rest_client [req-a4f4540f-c3f8-45f3-ac5f-979f9b3462e1 req-a4f4540f-c3f8-45f3-ac5f-979f9b3462e1 ] Request (ImagesOneServerNegativeTestJSON:_run_cleanups): 200 GET http://10.180.1.21/compute/v2.1/servers/1edb65c1-6310-4d5d-ad06-5800093dfd70 0.151s
2025-04-28 18:23:03.469 69562 INFO tempest.lib.common.rest_client [req-b491067c-6918-4702-b7c2-827e95bd88c5 req-b491067c-6918-4702-b7c2-827e95bd88c5 ] Request (ServersAdminNegativeTestJSON:test_migrate_server_invalid_state): 200 GET http://10.180.1.21/compute/v2.1/servers/e15390a1-8b62-4bcc-9ab1-6b434a1227cb 0.118s
2025-04-28 18:23:03.511 69556 INFO tempest.lib.common.rest_client [req-34ab7149-8694-457d-8b30-81b40dbb8588 req-34ab7149-8694-457d-8b30-81b40dbb8588 ] Request (DeleteServersAdminTestJSON:test_delete_server_while_in_error_state): 200 GET http://10.180.1.21/compute/v2.1/servers/d4426718-3e16-4e62-8613-642f3ede15bc 0.151s
2025-04-28 18:23:03.518 69522 INFO tempest.lib.common.rest_client [req-0bb00b9c-2259-4d40-8c3f-b4e91bb888e9 req-0bb00b9c-2259-4d40-8c3f-b4e91bb888e9 ] Request (ServersNegativeTestJSON:setUpClass): 200 GET http://10.180.1.21/compute/v2.1/servers/9b9116ad-9dd6-4078-b35d-67267b2ad5ae 0.116s
2025-04-28 18:23:03.558 69520 INFO tempest.lib.common.rest_client [req-cd204248-2a02-47ba-80a1-a797a3667f9e req-cd204248-2a02-47ba-80a1-a797a3667f9e ] Request (ServersAdminTestJSON:test_inject_network_info): 200 GET http://10.180.1.21/compute/v2.1/servers/16aa76b9-2d2f-4970-ac3c-8523cb1ef0e4 0.135s
2025-04-28 18:23:03.570 69546 INFO tempest.lib.common.rest_client [req-d86d1828-fa3a-4db5-8356-e69d3e8a998c req-d86d1828-fa3a-4db5-8356-e69d3e8a998c ] Request (AttachInterfacesUnderV243Test:_run_cleanups): 200 GET http://10.180.1.21/compute/v2.1/servers/17c14598-2c16-4443-9026-fd16c716bc67 0.105s
2025-04-28 18:23:03.612 69552 INFO tempest.lib.common.rest_client [req-cd2fd2f8-7114-4339-8e1e-23509033f581 req-cd2fd2f8-7114-4339-8e1e-23509033f581 ] Request (ServersTestFqdnHostnames:tearDownClass): 200 GET http://10.180.1.21/compute/v2.1/servers/c53994ed-b194-4ad4-abdc-69d9b8248681 0.112s
2025-04-28 18:23:03.624 69570 INFO tempest.lib.common.rest_client [req-3d5c5322-af52-472f-bd64-c9927660be2f req-3d5c5322-af52-472f-bd64-c9927660be2f ] Request (ListImageFiltersTestJSON:tearDownClass): 200 GET http://10.180.1.21/compute/v2.1/servers/8b96ed17-6d2b-4f15-8f57-37a6b3fe4efd 0.102s
2025-04-28 18:23:03.658 69566 INFO tempest.lib.common.rest_client [req-55dda366-942d-4caa-b66c-c08945c15c77 req-55dda366-942d-4caa-b66c-c08945c15c77 ] Request (ImagesNegativeTestJSON:test_create_image_from_deleted_server): 200 GET http://10.180.1.21/compute/v2.1/servers/11c271a6-32aa-4f5f-98e9-058292f4d79c 0.109s
2025-04-28 18:23:03.669 69524 INFO tempest.lib.common.rest_client [req-4acdbd15-2906-4f5c-8965-7663857d2e55 req-4acdbd15-2906-4f5c-8965-7663857d2e55 ] Request (ImagesTestJSON:test_create_server_from_snapshot): 200 GET http://10.180.1.21/compute/v2.1/servers/c1911216-06e1-40b2-9e62-922e2d37b2ef 0.097s
2025-04-28 18:23:03.708 69540 INFO tempest.lib.common.rest_client [req-db10f444-e93a-4853-94e7-f0b208cfcd5c req-db10f444-e93a-4853-94e7-f0b208cfcd5c ] Request (DeleteServersTestJSON:test_delete_active_server): 200 GET http://10.180.1.21/compute/v2.1/servers/cb003e45-9c77-45fc-a53a-a5d1a3421f3e 0.105s
2025-04-28 18:23:03.724 69578 INFO tempest.lib.common.rest_client [req-06631d88-eb75-4f22-9e29-26f73f0e655c req-06631d88-eb75-4f22-9e29-26f73f0e655c ] Request (ServersNegativeTestMultiTenantJSON:tearDownClass): 200 GET http://10.180.1.21/compute/v2.1/servers/eccadef4-b455-44c3-9490-dce7aea80b22 0.082s
2025-04-28 18:23:03.848 69534 INFO tempest.lib.common.rest_client [req-76cfe13e-16b0-4952-897b-ff1e63f48974 req-76cfe13e-16b0-4952-897b-ff1e63f48974 ] Request (ServerRescueTestJSONUnderV235:tearDownClass): 200 GET http://10.180.1.21/compute/v2.1/servers/1f40acc5-76bd-4e02-9466-0a66f1d27ec3 0.051s
2025-04-28 18:23:03.854 69534 INFO tempest.common.waiters [-] State transition "RESCUE/deleting" ==> "DELETED/None" after 4 second wait
2025-04-28 18:23:03.952 69550 INFO tempest.lib.common.rest_client [req-ef04ff6e-c397-4099-bf35-380a1c77cfd9 req-ef04ff6e-c397-4099-bf35-380a1c77cfd9 ] Request (VolumesAssistedSnapshotsTest:tearDownClass): 200 GET http://10.180.1.21/compute/v2.1/servers/0f617809-7812-415b-825f-73dcbdbe9122 0.056s
2025-04-28 18:23:04.008 69580 INFO tempest.lib.common.rest_client [req-c3b696bb-66ce-4c35-87a9-a4a88790ca53 req-c3b696bb-66ce-4c35-87a9-a4a88790ca53 ] Request (SecurityGroupsTestJSON:test_server_security_groups): 200 GET http://10.180.1.21/compute/v2.1/servers/3b533631-81e0-4394-8122-9c2ae1debbeb 0.049s
2025-04-28 18:23:04.023 69558 INFO tempest.lib.common.rest_client [req-1adb0fdf-e2f9-4517-981e-f3b7cef1b8e2 req-1adb0fdf-e2f9-4517-981e-f3b7cef1b8e2 ] Request (MultipleCreateTestJSON:test_multiple_create): 200 GET http://10.180.1.21/compute/v2.1/servers/d12e566f-9f5c-4cc9-ac43-52620a4c5f1b 0.109s
2025-04-28 18:23:04.058 69568 INFO tempest.lib.common.rest_client [req-08b749c9-0c67-4ef1-a12e-a4387e35f131 req-08b749c9-0c67-4ef1-a12e-a4387e35f131 ] Request (AttachInterfacesTestJSON:_run_cleanups): 200 GET http://10.180.1.21/compute/v2.1/servers/7d7c6517-efae-49b1-8067-be68054bd734 0.075s
2025-04-28 18:23:04.084 69574 INFO tempest.lib.common.rest_client [req-ca4508ff-0def-45b4-83f0-c794bf348a97 req-ca4508ff-0def-45b4-83f0-c794bf348a97 ] Request (MigrationsAdminTest:test_resize_server_revert_deleted_flavor): 200 GET http://10.180.1.21/compute/v2.1/servers/54841bf4-7c84-4f22-85b0-ea0531580855 0.046s
2025-04-28 18:23:04.143 69532 INFO tempest.lib.common.rest_client [req-344f8bb9-931e-4420-8555-48356187aa97 req-344f8bb9-931e-4420-8555-48356187aa97 ] Request (ServerGroupTestJSON:test_create_server_with_scheduler_hint_group): 200 GET http://10.180.1.21/compute/v2.1/servers/2d306638-e6d4-4c76-8cdc-7f2da7185b1d 0.048s
2025-04-28 18:23:04.213 69538 INFO tempest.lib.common.rest_client [req-dde257ab-c46f-401d-a99e-68d01c7e0235 req-dde257ab-c46f-401d-a99e-68d01c7e0235 ] Request (ServerAddressesTestJSON:setUpClass): 200 GET http://10.180.1.21/compute/v2.1/servers/740a2dd7-57f5-4398-b35b-5c3a452c80ec 0.046s
2025-04-28 18:23:04.278 69560 INFO tempest.lib.common.rest_client [req-29d9a488-7495-4bc9-a394-6886eeb67b3d req-29d9a488-7495-4bc9-a394-6886eeb67b3d ] Request (ServersAaction247Test:test_create_backup): 200 GET http://10.180.1.21/compute/v2.1/servers/e6b25e56-5f7a-47c2-911e-976f39eb02d8 0.051s
2025-04-28 18:23:04.323 69526 INFO tempest.lib.common.rest_client [req-ef853660-adec-44f6-a175-de1e0acc575f req-ef853660-adec-44f6-a175-de1e0acc575f ] Request (ServersTestJSON:setUpClass): 200 GET http://10.180.1.21/compute/v2.1/servers/92594ac9-9eb3-477b-af00-ea6930a43cec 0.084s
2025-04-28 18:23:04.501 69530 WARNING tempest.lib.common.ssh [-] Failed to establish authenticated ssh connection to cirros@10.180.180.213 ([Errno None] Unable to connect to port 22 on 10.180.180.213). Number attempts: 6. Retry after 7 seconds.: paramiko.ssh_exception.NoValidConnectionsError: [Errno None] Unable to connect to port 22 on 10.180.180.213
2025-04-28 18:23:04.540 69565 INFO tempest.lib.common.rest_client [req-14684f34-67a7-4728-a224-baee1b48bd43 req-14684f34-67a7-4728-a224-baee1b48bd43 ] Request (FloatingIPsAssociationTestJSON:test_associate_already_associated_floating_ip): 200 GET http://10.180.1.21/compute/v2.1/servers/3edd19c0-e0bb-441c-9980-72e60c66b4c5 0.112s
2025-04-28 18:23:04.561 69576 INFO tempest.lib.common.rest_client [req-40ed3a5b-41a4-40ca-bacb-457947833c32 req-40ed3a5b-41a4-40ca-bacb-457947833c32 ] Request (ImagesOneServerNegativeTestJSON:_run_cleanups): 200 GET http://10.180.1.21/compute/v2.1/servers/1edb65c1-6310-4d5d-ad06-5800093dfd70 0.102s
2025-04-28 18:23:04.589 69562 INFO tempest.lib.common.rest_client [req-3bd73567-9f26-4d38-abd2-88f8715bd4d9 req-3bd73567-9f26-4d38-abd2-88f8715bd4d9 ] Request (ServersAdminNegativeTestJSON:test_migrate_server_invalid_state): 200 GET http://10.180.1.21/compute/v2.1/servers/e15390a1-8b62-4bcc-9ab1-6b434a1227cb 0.111s
2025-04-28 18:23:04.610 69556 INFO tempest.lib.common.rest_client [req-17cef2bb-ba3c-4801-901b-13b66b517543 req-17cef2bb-ba3c-4801-901b-13b66b517543 ] Request (DeleteServersAdminTestJSON:test_delete_server_while_in_error_state): 200 GET http://10.180.1.21/compute/v2.1/servers/d4426718-3e16-4e62-8613-642f3ede15bc 0.091s
2025-04-28 18:23:04.633 69522 INFO tempest.lib.common.rest_client [req-a406f7ab-df5a-43fe-8e7f-5944d9a78620 req-a406f7ab-df5a-43fe-8e7f-5944d9a78620 ] Request (ServersNegativeTestJSON:setUpClass): 200 GET http://10.180.1.21/compute/v2.1/servers/9b9116ad-9dd6-4078-b35d-67267b2ad5ae 0.107s
2025-04-28 18:23:04.639 69522 INFO tempest.common.waiters [-] State transition "BUILD/None" ==> "BUILD/networking" after 81 second wait
2025-04-28 18:23:04.654 69520 INFO tempest.lib.common.rest_client [req-737a8fa2-b58a-4a96-a0ff-ce295000a48d req-737a8fa2-b58a-4a96-a0ff-ce295000a48d ] Request (ServersAdminTestJSON:test_inject_network_info): 200 GET http://10.180.1.21/compute/v2.1/servers/16aa76b9-2d2f-4970-ac3c-8523cb1ef0e4 0.087s
2025-04-28 18:23:04.693 69546 INFO tempest.lib.common.rest_client [req-b3f432e5-ef79-4ff2-b0bb-09028f4cb177 req-b3f432e5-ef79-4ff2-b0bb-09028f4cb177 ] Request (AttachInterfacesUnderV243Test:_run_cleanups): 200 GET http://10.180.1.21/compute/v2.1/servers/17c14598-2c16-4443-9026-fd16c716bc67 0.114s
2025-04-28 18:23:04.705 69552 INFO tempest.lib.common.rest_client [req-21774c9a-0a2f-4cc3-8b34-4006b288b9f1 req-21774c9a-0a2f-4cc3-8b34-4006b288b9f1 ] Request (ServersTestFqdnHostnames:tearDownClass): 200 GET http://10.180.1.21/compute/v2.1/servers/c53994ed-b194-4ad4-abdc-69d9b8248681 0.084s
2025-04-28 18:23:04.755 69570 INFO tempest.lib.common.rest_client [req-c642d11b-21d6-43ae-9eb0-ff6c82712b60 req-c642d11b-21d6-43ae-9eb0-ff6c82712b60 ] Request (ListImageFiltersTestJSON:tearDownClass): 200 GET http://10.180.1.21/compute/v2.1/servers/8b96ed17-6d2b-4f15-8f57-37a6b3fe4efd 0.123s
2025-04-28 18:23:04.762 69566 INFO tempest.lib.common.rest_client [req-193f2666-50a2-4d8f-a161-a742892edf0e req-193f2666-50a2-4d8f-a161-a742892edf0e ] Request (ImagesNegativeTestJSON:test_create_image_from_deleted_server): 200 GET http://10.180.1.21/compute/v2.1/servers/11c271a6-32aa-4f5f-98e9-058292f4d79c 0.095s
2025-04-28 18:23:04.845 69540 INFO tempest.lib.common.rest_client [req-7b756223-9bbd-45e5-b24a-51df382cf876 req-7b756223-9bbd-45e5-b24a-51df382cf876 ] Request (DeleteServersTestJSON:test_delete_active_server): 200 GET http://10.180.1.21/compute/v2.1/servers/cb003e45-9c77-45fc-a53a-a5d1a3421f3e 0.130s
2025-04-28 18:23:04.848 69524 INFO tempest.lib.common.rest_client [req-16d334ab-3e7e-4d65-8c68-a372610d548f req-16d334ab-3e7e-4d65-8c68-a372610d548f ] Request (ImagesTestJSON:test_create_server_from_snapshot): 200 GET http://10.180.1.21/compute/v2.1/servers/c1911216-06e1-40b2-9e62-922e2d37b2ef 0.171s
2025-04-28 18:23:04.917 69578 INFO tempest.lib.common.rest_client [req-a14da81f-60ad-4de4-aaef-5229e76d286a req-a14da81f-60ad-4de4-aaef-5229e76d286a ] Request (ServersNegativeTestMultiTenantJSON:tearDownClass): 200 GET http://10.180.1.21/compute/v2.1/servers/eccadef4-b455-44c3-9490-dce7aea80b22 0.185s
2025-04-28 18:23:04.933 69534 INFO tempest.lib.common.rest_client [req-6798f7b3-dc3d-4dae-a739-ccffc2c81682 req-6798f7b3-dc3d-4dae-a739-ccffc2c81682 ] Request (ServerRescueTestJSONUnderV235:tearDownClass): 200 GET http://10.180.1.21/compute/v2.1/servers/1f40acc5-76bd-4e02-9466-0a66f1d27ec3 0.078s
2025-04-28 18:23:05.012 69544 WARNING tempest.lib.common.ssh [-] Failed to establish authenticated ssh connection to cirros@10.180.180.229 ([Errno None] Unable to connect to port 22 on 10.180.180.229). Number attempts: 11. Retry after 12 seconds.: paramiko.ssh_exception.NoValidConnectionsError: [Errno None] Unable to connect to port 22 on 10.180.180.229
2025-04-28 18:23:05.244 69550 INFO tempest.lib.common.rest_client [req-a68817a2-85c4-40f0-b81c-b0c6c0330933 req-a68817a2-85c4-40f0-b81c-b0c6c0330933 ] Request (VolumesAssistedSnapshotsTest:tearDownClass): 200 GET http://10.180.1.21/compute/v2.1/servers/0f617809-7812-415b-825f-73dcbdbe9122 0.280s
2025-04-28 18:23:05.249 69580 INFO tempest.lib.common.rest_client [req-21ebbab8-25c1-4fd8-b6f2-534a2c2865fe req-21ebbab8-25c1-4fd8-b6f2-534a2c2865fe ] Request (SecurityGroupsTestJSON:test_server_security_groups): 200 GET http://10.180.1.21/compute/v2.1/servers/3b533631-81e0-4394-8122-9c2ae1debbeb 0.232s
2025-04-28 18:23:05.363 69568 INFO tempest.lib.common.rest_client [req-d5d03a0d-dd45-4516-a50f-70e87e18fe79 req-d5d03a0d-dd45-4516-a50f-70e87e18fe79 ] Request (AttachInterfacesTestJSON:_run_cleanups): 200 GET http://10.180.1.21/compute/v2.1/servers/7d7c6517-efae-49b1-8067-be68054bd734 0.297s
2025-04-28 18:23:05.397 69558 INFO tempest.lib.common.rest_client [req-c5dfba46-b8b9-4bc8-af28-e7ee43b09c75 req-c5dfba46-b8b9-4bc8-af28-e7ee43b09c75 ] Request (MultipleCreateTestJSON:test_multiple_create): 200 GET http://10.180.1.21/compute/v2.1/servers/d12e566f-9f5c-4cc9-ac43-52620a4c5f1b 0.367s
2025-04-28 18:23:05.405 69558 INFO tempest.common.waiters [-] State transition "BUILD/spawning" ==> "ACTIVE/None" after 94 second wait
2025-04-28 18:23:05.414 69574 INFO tempest.lib.common.rest_client [req-dc242724-8436-452a-90eb-353e930985f2 req-dc242724-8436-452a-90eb-353e930985f2 ] Request (MigrationsAdminTest:test_resize_server_revert_deleted_flavor): 200 GET http://10.180.1.21/compute/v2.1/servers/54841bf4-7c84-4f22-85b0-ea0531580855 0.322s
2025-04-28 18:23:05.454 69532 INFO tempest.lib.common.rest_client [req-c8352d87-0e09-4b49-8e67-6ec84277546d req-c8352d87-0e09-4b49-8e67-6ec84277546d ] Request (ServerGroupTestJSON:test_create_server_with_scheduler_hint_group): 200 GET http://10.180.1.21/compute/v2.1/servers/2d306638-e6d4-4c76-8cdc-7f2da7185b1d 0.303s
2025-04-28 18:23:05.460 69538 INFO tempest.lib.common.rest_client [req-e2fed10a-a6b4-4828-aa8a-2e35884b5c73 req-e2fed10a-a6b4-4828-aa8a-2e35884b5c73 ] Request (ServerAddressesTestJSON:setUpClass): 200 GET http://10.180.1.21/compute/v2.1/servers/740a2dd7-57f5-4398-b35b-5c3a452c80ec 0.240s
2025-04-28 18:23:05.506 69560 INFO tempest.lib.common.rest_client [req-4784a29a-bbcc-4ec1-8367-0f15a1388f09 req-4784a29a-bbcc-4ec1-8367-0f15a1388f09 ] Request (ServersAaction247Test:test_create_backup): 200 GET http://10.180.1.21/compute/v2.1/servers/e6b25e56-5f7a-47c2-911e-976f39eb02d8 0.216s
2025-04-28 18:23:05.561 69526 INFO tempest.lib.common.rest_client [req-aa7b2f2f-6d2b-4c0a-98ef-efad74c152d9 req-aa7b2f2f-6d2b-4c0a-98ef-efad74c152d9 ] Request (ServersTestJSON:setUpClass): 200 GET http://10.180.1.21/compute/v2.1/servers/92594ac9-9eb3-477b-af00-ea6930a43cec 0.229s
2025-04-28 18:23:05.649 69558 INFO tempest.lib.common.rest_client [req-ee6bd379-d471-4017-9c3a-7d3c9cf350e0 req-ee6bd379-d471-4017-9c3a-7d3c9cf350e0 ] Request (MultipleCreateTestJSON:test_multiple_create): 200 GET http://10.180.1.21/compute/v2.1/servers/5f6698bc-f892-4983-82b0-4934915d0940 0.243s
2025-04-28 18:23:05.709 69565 INFO tempest.lib.common.rest_client [req-f5f160a3-e6f5-4a66-8742-32fa00a37b55 req-f5f160a3-e6f5-4a66-8742-32fa00a37b55 ] Request (FloatingIPsAssociationTestJSON:test_associate_already_associated_floating_ip): 200 GET http://10.180.1.21/compute/v2.1/servers/3edd19c0-e0bb-441c-9980-72e60c66b4c5 0.161s
2025-04-28 18:23:05.750 69576 INFO tempest.lib.common.rest_client [req-ab07d040-08c5-4f59-ac44-3188f2385704 req-ab07d040-08c5-4f59-ac44-3188f2385704 ] Request (ImagesOneServerNegativeTestJSON:_run_cleanups): 200 GET http://10.180.1.21/compute/v2.1/servers/1edb65c1-6310-4d5d-ad06-5800093dfd70 0.181s
2025-04-28 18:23:05.756 69562 INFO tempest.lib.common.rest_client [req-b7145b20-714b-4cc7-b4c3-fb39df3e7c82 req-b7145b20-714b-4cc7-b4c3-fb39df3e7c82 ] Request (ServersAdminNegativeTestJSON:test_migrate_server_invalid_state): 200 GET http://10.180.1.21/compute/v2.1/servers/e15390a1-8b62-4bcc-9ab1-6b434a1227cb 0.159s
2025-04-28 18:23:05.816 69556 INFO tempest.lib.common.rest_client [req-37384feb-815c-4383-bbf1-b423c35a8e6b req-37384feb-815c-4383-bbf1-b423c35a8e6b ] Request (DeleteServersAdminTestJSON:test_delete_server_while_in_error_state): 200 GET http://10.180.1.21/compute/v2.1/servers/d4426718-3e16-4e62-8613-642f3ede15bc 0.194s
2025-04-28 18:23:05.871 69522 INFO tempest.lib.common.rest_client [req-5bebd2ab-a6d3-4036-b5b0-aad5243e4c99 req-5bebd2ab-a6d3-4036-b5b0-aad5243e4c99 ] Request (ServersNegativeTestJSON:setUpClass): 200 GET http://10.180.1.21/compute/v2.1/servers/9b9116ad-9dd6-4078-b35d-67267b2ad5ae 0.229s
2025-04-28 18:23:05.879 69522 INFO tempest.common.waiters [-] State transition "BUILD/networking" ==> "BUILD/spawning" after 82 second wait
2025-04-28 18:23:05.895 69558 INFO tempest.lib.common.rest_client [req-fadeae3a-afcf-4973-9715-52b227565809 req-fadeae3a-afcf-4973-9715-52b227565809 ] Request (MultipleCreateTestJSON:_run_cleanups): 204 DELETE http://10.180.1.21/compute/v2.1/servers/5f6698bc-f892-4983-82b0-4934915d0940 0.235s
2025-04-28 18:23:05.918 69520 INFO tempest.lib.common.rest_client [req-cb88824e-6e45-4c91-bc6c-8d5581436f16 req-cb88824e-6e45-4c91-bc6c-8d5581436f16 ] Request (ServersAdminTestJSON:test_inject_network_info): 200 GET http://10.180.1.21/compute/v2.1/servers/16aa76b9-2d2f-4970-ac3c-8523cb1ef0e4 0.254s
2025-04-28 18:23:05.948 69546 INFO tempest.lib.common.rest_client [req-ecd26fdf-bc76-4caf-b674-e0dfefc61239 req-ecd26fdf-bc76-4caf-b674-e0dfefc61239 ] Request (AttachInterfacesUnderV243Test:_run_cleanups): 200 GET http://10.180.1.21/compute/v2.1/servers/17c14598-2c16-4443-9026-fd16c716bc67 0.244s
2025-04-28 18:23:05.979 69552 INFO tempest.lib.common.rest_client [req-7ca0fb8f-fc16-413d-8189-cf677a53a930 req-7ca0fb8f-fc16-413d-8189-cf677a53a930 ] Request (ServersTestFqdnHostnames:tearDownClass): 200 GET http://10.180.1.21/compute/v2.1/servers/c53994ed-b194-4ad4-abdc-69d9b8248681 0.265s
2025-04-28 18:23:06.041 69566 INFO tempest.lib.common.rest_client [req-b05dc920-d927-48cc-9832-bc47000e9a48 req-b05dc920-d927-48cc-9832-bc47000e9a48 ] Request (ImagesNegativeTestJSON:test_create_image_from_deleted_server): 200 GET http://10.180.1.21/compute/v2.1/servers/11c271a6-32aa-4f5f-98e9-058292f4d79c 0.272s
2025-04-28 18:23:06.043 69570 INFO tempest.lib.common.rest_client [req-15076bd4-bc23-4ca1-a128-59877fce322d req-15076bd4-bc23-4ca1-a128-59877fce322d ] Request (ListImageFiltersTestJSON:tearDownClass): 200 GET http://10.180.1.21/compute/v2.1/servers/8b96ed17-6d2b-4f15-8f57-37a6b3fe4efd 0.279s
2025-04-28 18:23:06.097 69524 INFO tempest.lib.common.rest_client [req-8769efc7-61de-49a4-b68a-6515efeb5b9b req-8769efc7-61de-49a4-b68a-6515efeb5b9b ] Request (ImagesTestJSON:test_create_server_from_snapshot): 200 GET http://10.180.1.21/compute/v2.1/servers/c1911216-06e1-40b2-9e62-922e2d37b2ef 0.241s
2025-04-28 18:23:06.103 69540 INFO tempest.lib.common.rest_client [req-04e94a42-9765-4af7-afa2-2d71a6d18425 req-04e94a42-9765-4af7-afa2-2d71a6d18425 ] Request (DeleteServersTestJSON:test_delete_active_server): 200 GET http://10.180.1.21/compute/v2.1/servers/cb003e45-9c77-45fc-a53a-a5d1a3421f3e 0.248s
2025-04-28 18:23:06.160 69578 INFO tempest.lib.common.rest_client [req-f11e8e51-2834-4fae-a907-f4bdb184b4dd req-f11e8e51-2834-4fae-a907-f4bdb184b4dd ] Request (ServersNegativeTestMultiTenantJSON:tearDownClass): 200 GET http://10.180.1.21/compute/v2.1/servers/eccadef4-b455-44c3-9490-dce7aea80b22 0.234s
2025-04-28 18:23:06.235 69558 INFO tempest.lib.common.rest_client [req-b545e9e1-8c93-44cf-b60c-9fde1c0cfb22 req-b545e9e1-8c93-44cf-b60c-9fde1c0cfb22 ] Request (MultipleCreateTestJSON:_run_cleanups): 204 DELETE http://10.180.1.21/compute/v2.1/servers/d12e566f-9f5c-4cc9-ac43-52620a4c5f1b 0.339s
2025-04-28 18:23:06.237 69534 INFO tempest.lib.common.rest_client [req-f5e231fe-5d33-4f88-9b3e-8a043e303011 req-f5e231fe-5d33-4f88-9b3e-8a043e303011 ] Request (ServerRescueTestJSONUnderV235:tearDownClass): 200 GET http://10.180.1.21/compute/v2.1/servers/1f40acc5-76bd-4e02-9466-0a66f1d27ec3 0.295s
2025-04-28 18:23:06.335 69550 INFO tempest.lib.common.rest_client [req-04d14c41-a7a7-443e-9618-3c3338dab6dc req-04d14c41-a7a7-443e-9618-3c3338dab6dc ] Request (VolumesAssistedSnapshotsTest:tearDownClass): 200 GET http://10.180.1.21/compute/v2.1/servers/0f617809-7812-415b-825f-73dcbdbe9122 0.083s
2025-04-28 18:23:06.342 69558 INFO tempest.lib.common.rest_client [req-4a4ddba4-c0e8-46a3-ae0c-2de7d64d9090 req-4a4ddba4-c0e8-46a3-ae0c-2de7d64d9090 ] Request (MultipleCreateTestJSON:_run_cleanups): 200 GET http://10.180.1.21/compute/v2.1/servers/5f6698bc-f892-4983-82b0-4934915d0940 0.107s
2025-04-28 18:23:06.386 69580 INFO tempest.lib.common.rest_client [req-2f0a16f1-9f36-446f-a7f9-6f1a8e0b6467 req-2f0a16f1-9f36-446f-a7f9-6f1a8e0b6467 ] Request (SecurityGroupsTestJSON:test_server_security_groups): 200 GET http://10.180.1.21/compute/v2.1/servers/3b533631-81e0-4394-8122-9c2ae1debbeb 0.130s
2025-04-28 18:23:06.439 69568 INFO tempest.lib.common.rest_client [req-a7a79b7a-73fb-4531-a4c7-df1bcad05cdf req-a7a79b7a-73fb-4531-a4c7-df1bcad05cdf ] Request (AttachInterfacesTestJSON:_run_cleanups): 200 GET http://10.180.1.21/compute/v2.1/servers/7d7c6517-efae-49b1-8067-be68054bd734 0.068s
2025-04-28 18:23:06.472 69574 INFO tempest.lib.common.rest_client [req-6e8c49ef-4dd0-4fa1-a746-f58b39b16489 req-6e8c49ef-4dd0-4fa1-a746-f58b39b16489 ] Request (MigrationsAdminTest:test_resize_server_revert_deleted_flavor): 200 GET http://10.180.1.21/compute/v2.1/servers/54841bf4-7c84-4f22-85b0-ea0531580855 0.049s
2025-04-28 18:23:06.530 69538 INFO tempest.lib.common.rest_client [req-42cf9fad-b3dd-4d6a-ac22-e647e51af25e req-42cf9fad-b3dd-4d6a-ac22-e647e51af25e ] Request (ServerAddressesTestJSON:setUpClass): 200 GET http://10.180.1.21/compute/v2.1/servers/740a2dd7-57f5-4398-b35b-5c3a452c80ec 0.062s
2025-04-28 18:23:06.533 69532 INFO tempest.lib.common.rest_client [req-beb89c4f-79ef-4c82-b4ca-393e9a5aeebd req-beb89c4f-79ef-4c82-b4ca-393e9a5aeebd ] Request (ServerGroupTestJSON:test_create_server_with_scheduler_hint_group): 200 GET http://10.180.1.21/compute/v2.1/servers/2d306638-e6d4-4c76-8cdc-7f2da7185b1d 0.070s
2025-04-28 18:23:06.540 69532 INFO tempest.common.waiters [-] State transition "BUILD/scheduling" ==> "BUILD/None" after 21 second wait
2025-04-28 18:23:06.586 69560 INFO tempest.lib.common.rest_client [req-b0b764c2-1f31-42db-a1a0-70f21c2fa07d req-b0b764c2-1f31-42db-a1a0-70f21c2fa07d ] Request (ServersAaction247Test:test_create_backup): 200 GET http://10.180.1.21/compute/v2.1/servers/e6b25e56-5f7a-47c2-911e-976f39eb02d8 0.070s
2025-04-28 18:23:06.686 69526 INFO tempest.lib.common.rest_client [req-4d78a621-eaed-48ae-a65f-043c5b43f8d0 req-4d78a621-eaed-48ae-a65f-043c5b43f8d0 ] Request (ServersTestJSON:setUpClass): 200 GET http://10.180.1.21/compute/v2.1/servers/92594ac9-9eb3-477b-af00-ea6930a43cec 0.116s
2025-04-28 18:23:06.885 69565 INFO tempest.lib.common.rest_client [req-20d725c4-16e2-467d-a229-e7a60f63fc7b req-20d725c4-16e2-467d-a229-e7a60f63fc7b ] Request (FloatingIPsAssociationTestJSON:test_associate_already_associated_floating_ip): 200 GET http://10.180.1.21/compute/v2.1/servers/3edd19c0-e0bb-441c-9980-72e60c66b4c5 0.167s
2025-04-28 18:23:06.887 69576 INFO tempest.lib.common.rest_client [req-b0135d1e-e185-4bf6-b0a2-2fafd7d92caf req-b0135d1e-e185-4bf6-b0a2-2fafd7d92caf ] Request (ImagesOneServerNegativeTestJSON:_run_cleanups): 200 GET http://10.180.1.21/compute/v2.1/servers/1edb65c1-6310-4d5d-ad06-5800093dfd70 0.129s
2025-04-28 18:23:06.906 69556 INFO tempest.lib.common.rest_client [req-d0c06a3b-cce7-4f37-88cd-10121d82cdcf req-d0c06a3b-cce7-4f37-88cd-10121d82cdcf ] Request (DeleteServersAdminTestJSON:test_delete_server_while_in_error_state): 404 GET http://10.180.1.21/compute/v2.1/servers/d4426718-3e16-4e62-8613-642f3ede15bc 0.082s
2025-04-28 18:23:06.935 69562 INFO tempest.lib.common.rest_client [req-36cc2cf4-fb0d-4dfa-a57f-9368b5fb5d62 req-36cc2cf4-fb0d-4dfa-a57f-9368b5fb5d62 ] Request (ServersAdminNegativeTestJSON:test_migrate_server_invalid_state): 200 GET http://10.180.1.21/compute/v2.1/servers/e15390a1-8b62-4bcc-9ab1-6b434a1227cb 0.170s
2025-04-28 18:23:06.950 69556 INFO tempest.lib.common.rest_client [req-b7a7a0c0-247e-4a19-93bf-532052f3a202 req-b7a7a0c0-247e-4a19-93bf-532052f3a202 ] Request (DeleteServersAdminTestJSON:tearDownClass): 404 DELETE http://10.180.1.21/compute/v2.1/servers/d4426718-3e16-4e62-8613-642f3ede15bc 0.042s
2025-04-28 18:23:07.005 69520 INFO tempest.lib.common.rest_client [req-d5cf6506-1187-40dc-823b-ae8eeac8da29 req-d5cf6506-1187-40dc-823b-ae8eeac8da29 ] Request (ServersAdminTestJSON:test_inject_network_info): 200 GET http://10.180.1.21/compute/v2.1/servers/16aa76b9-2d2f-4970-ac3c-8523cb1ef0e4 0.078s
2025-04-28 18:23:07.015 69522 INFO tempest.lib.common.rest_client [req-30cb7fbb-7dc8-4ebf-88ff-1c1a43826018 req-30cb7fbb-7dc8-4ebf-88ff-1c1a43826018 ] Request (ServersNegativeTestJSON:setUpClass): 200 GET http://10.180.1.21/compute/v2.1/servers/9b9116ad-9dd6-4078-b35d-67267b2ad5ae 0.136s
2025-04-28 18:23:07.023 69556 INFO tempest.lib.common.rest_client [req-9366a5b2-b6c3-4a8f-8220-b1d81ec111e9 req-9366a5b2-b6c3-4a8f-8220-b1d81ec111e9 ] Request (DeleteServersAdminTestJSON:tearDownClass): 404 GET http://10.180.1.21/compute/v2.1/servers/d4426718-3e16-4e62-8613-642f3ede15bc 0.072s
2025-04-28 18:23:07.074 69546 INFO tempest.lib.common.rest_client [req-a961ad79-0ca2-4ff4-a06e-91df84838d68 req-a961ad79-0ca2-4ff4-a06e-91df84838d68 ] Request (AttachInterfacesUnderV243Test:_run_cleanups): 200 GET http://10.180.1.21/compute/v2.1/servers/17c14598-2c16-4443-9026-fd16c716bc67 0.118s
2025-04-28 18:23:07.082 69552 INFO tempest.lib.common.rest_client [req-e8570d1b-c576-487c-baf3-e81c93ec79ad req-e8570d1b-c576-487c-baf3-e81c93ec79ad ] Request (ServersTestFqdnHostnames:tearDownClass): 200 GET http://10.180.1.21/compute/v2.1/servers/c53994ed-b194-4ad4-abdc-69d9b8248681 0.095s
2025-04-28 18:23:07.083 69542 WARNING tempest.lib.common.ssh [-] Failed to establish authenticated ssh connection to cirros@10.180.180.188 ([Errno None] Unable to connect to port 22 on 10.180.180.188). Number attempts: 5. Retry after 6 seconds.: paramiko.ssh_exception.NoValidConnectionsError: [Errno None] Unable to connect to port 22 on 10.180.180.188
2025-04-28 18:23:07.091 69556 INFO tempest.lib.common.rest_client [req-92d0b9b2-488c-4452-a3ba-193ee4655780 req-92d0b9b2-488c-4452-a3ba-193ee4655780 ] Request (DeleteServersAdminTestJSON:tearDownClass): 404 DELETE http://10.180.1.21/compute/v2.1/servers/deb0551a-8414-4666-b84a-b9bd614377b2 0.067s
2025-04-28 18:23:07.130 69566 INFO tempest.lib.common.rest_client [req-74f7934c-fe91-410f-b48f-532714f8aaa3 req-74f7934c-fe91-410f-b48f-532714f8aaa3 ] Request (ImagesNegativeTestJSON:test_create_image_from_deleted_server): 200 GET http://10.180.1.21/compute/v2.1/servers/11c271a6-32aa-4f5f-98e9-058292f4d79c 0.080s
2025-04-28 18:23:07.148 69556 INFO tempest.lib.common.rest_client [req-406eb588-bbb6-4fb4-ab09-19f4948eac99 req-406eb588-bbb6-4fb4-ab09-19f4948eac99 ] Request (DeleteServersAdminTestJSON:tearDownClass): 404 GET http://10.180.1.21/compute/v2.1/servers/deb0551a-8414-4666-b84a-b9bd614377b2 0.057s
2025-04-28 18:23:07.158 69570 INFO tempest.lib.common.rest_client [req-382364a6-5e1b-49f6-95b4-91564783955c req-382364a6-5e1b-49f6-95b4-91564783955c ] Request (ListImageFiltersTestJSON:tearDownClass): 200 GET http://10.180.1.21/compute/v2.1/servers/8b96ed17-6d2b-4f15-8f57-37a6b3fe4efd 0.107s
2025-04-28 18:23:07.183 69540 INFO tempest.lib.common.rest_client [req-c173dba6-6496-4400-bcdc-4dcec912f344 req-c173dba6-6496-4400-bcdc-4dcec912f344 ] Request (DeleteServersTestJSON:test_delete_active_server): 404 GET http://10.180.1.21/compute/v2.1/servers/cb003e45-9c77-45fc-a53a-a5d1a3421f3e 0.071s
2025-04-28 18:23:07.203 69578 INFO tempest.lib.common.rest_client [req-36d6eb64-e601-46f8-b3dd-eb4022e03dec req-36d6eb64-e601-46f8-b3dd-eb4022e03dec ] Request (ServersNegativeTestMultiTenantJSON:tearDownClass): 404 GET http://10.180.1.21/compute/v2.1/servers/eccadef4-b455-44c3-9490-dce7aea80b22 0.034s
2025-04-28 18:23:07.216 69524 INFO tempest.lib.common.rest_client [req-f170e1f9-8b63-43be-a177-9c327a3778c3 req-f170e1f9-8b63-43be-a177-9c327a3778c3 ] Request (ImagesTestJSON:test_create_server_from_snapshot): 200 GET http://10.180.1.21/compute/v2.1/servers/c1911216-06e1-40b2-9e62-922e2d37b2ef 0.109s
2025-04-28 18:23:07.321 69540 INFO tempest.lib.common.rest_client [req-3c5bb1a2-232e-4009-823c-7f5e876c6581 req-3c5bb1a2-232e-4009-823c-7f5e876c6581 ] Request (DeleteServersTestJSON:test_delete_server_while_in_attached_volume): 201 POST http://10.180.1.21/identity/v3/auth/tokens 0.131s
2025-04-28 18:23:07.321 69540 INFO tempest.lib.common.fixed_network [-] (DeleteServersTestJSON:test_delete_server_while_in_attached_volume) Found network {'id': 'ce19c544-d473-49f0-938b-bcefe9eefdc5', 'name': 'tempest-DeleteServersTestJSON-1964491738-network', 'tenant_id': 'c3e8f9cb600145cfa597b57743b69137', 'admin_state_up': True, 'mtu': 8950, 'status': 'ACTIVE', 'subnets': [], 'shared': False, 'project_id': 'c3e8f9cb600145cfa597b57743b69137', 'port_security_enabled': True, 'router:external': False, 'provider:network_type': 'vlan', 'provider:physical_network': 'default', 'provider:segmentation_id': 508, 'availability_zone_hints': [], 'availability_zones': [], 'ipv4_address_scope': None, 'ipv6_address_scope': None, 'description': '', 'tags': [], 'created_at': '2025-04-28T18:21:06Z', 'updated_at': '2025-04-28T18:21:06Z', 'revision_number': 1} available for tenant
2025-04-28 18:23:07.335 69534 INFO tempest.lib.common.rest_client [req-2002c40a-1af0-41c6-945a-8dbee2a3d01f req-2002c40a-1af0-41c6-945a-8dbee2a3d01f ] Request (ServerRescueTestJSONUnderV235:tearDownClass): 200 GET http://10.180.1.21/compute/v2.1/servers/1f40acc5-76bd-4e02-9466-0a66f1d27ec3 0.091s
2025-04-28 18:23:07.371 69550 INFO tempest.lib.common.rest_client [req-694cf0af-d218-45d2-afe0-8fcdf63f68d2 req-694cf0af-d218-45d2-afe0-8fcdf63f68d2 ] Request (VolumesAssistedSnapshotsTest:tearDownClass): 404 GET http://10.180.1.21/compute/v2.1/servers/0f617809-7812-415b-825f-73dcbdbe9122 0.029s
2025-04-28 18:23:07.377 69556 INFO tempest.lib.common.rest_client [req-24ba7b6a-dff9-4364-9f12-dbaa7e5989e6 req-24ba7b6a-dff9-4364-9f12-dbaa7e5989e6 ] Request (DeleteServersAdminTestJSON:tearDownClass): 204 DELETE http://10.180.1.21/identity/v3/users/35b7902038b046bda80b7fb209997548 0.228s
2025-04-28 18:23:07.527 69556 INFO tempest.lib.common.rest_client [req-5a94ed48-e848-4248-b5f8-a42394130301 req-5a94ed48-e848-4248-b5f8-a42394130301 ] Request (DeleteServersAdminTestJSON:tearDownClass): 204 DELETE http://10.180.1.21/identity/v3/users/f7840235b2b94a37a8a0ee6c1e3db149 0.150s
2025-04-28 18:23:07.528 69556 INFO tempest.lib.common.dynamic_creds [-] Deleting project and security group for project: 6865049f55524502b3ab4f61f8456d80
2025-04-28 18:23:07.533 69558 INFO tempest.lib.common.rest_client [req-3e939f39-f6c4-4fb3-a2f6-84e564c6800d req-3e939f39-f6c4-4fb3-a2f6-84e564c6800d ] Request (MultipleCreateTestJSON:_run_cleanups): 200 GET http://10.180.1.21/compute/v2.1/servers/5f6698bc-f892-4983-82b0-4934915d0940 0.184s
2025-04-28 18:23:07.566 69550 INFO tempest.lib.common.rest_client [req-f4dc1ba0-0069-44af-87ce-803a596a81c2 req-f4dc1ba0-0069-44af-87ce-803a596a81c2 ] Request (VolumesAssistedSnapshotsTest:tearDownClass): 202 DELETE http://10.180.1.21/compute/v2.1/os-keypairs/tempest-keypair-1902429887 0.194s
2025-04-28 18:23:07.588 69556 INFO tempest.lib.common.rest_client [req-6f539951-db71-4cf2-9d11-75729c4f0097 req-6f539951-db71-4cf2-9d11-75729c4f0097 ] Request (DeleteServersAdminTestJSON:tearDownClass): 201 POST http://10.180.1.21/identity/v3/auth/tokens 0.060s
2025-04-28 18:23:07.633 69580 INFO tempest.lib.common.rest_client [req-cc0f5527-b7f5-4f67-a936-698b38eda0ec req-cc0f5527-b7f5-4f67-a936-698b38eda0ec ] Request (SecurityGroupsTestJSON:test_server_security_groups): 200 GET http://10.180.1.21/compute/v2.1/servers/3b533631-81e0-4394-8122-9c2ae1debbeb 0.239s
2025-04-28 18:23:07.741 69568 INFO tempest.lib.common.rest_client [req-bce29e2c-79dc-4999-8fc8-cae2d8b96f37 req-bce29e2c-79dc-4999-8fc8-cae2d8b96f37 ] Request (AttachInterfacesTestJSON:_run_cleanups): 200 GET http://10.180.1.21/compute/v2.1/servers/7d7c6517-efae-49b1-8067-be68054bd734 0.294s
2025-04-28 18:23:07.838 69574 INFO tempest.lib.common.rest_client [req-1fd4c88a-4195-47e7-9a64-d2682d14e81f req-1fd4c88a-4195-47e7-9a64-d2682d14e81f ] Request (MigrationsAdminTest:test_resize_server_revert_deleted_flavor): 200 GET http://10.180.1.21/compute/v2.1/servers/54841bf4-7c84-4f22-85b0-ea0531580855 0.358s
2025-04-28 18:23:07.848 69574 INFO tempest.common.waiters [-] State transition "BUILD/None" ==> "BUILD/networking" after 60 second wait
2025-04-28 18:23:07.874 69550 INFO tempest.lib.common.rest_client [req-89865ee4-582a-4a54-8324-4edd6a9df101 req-89865ee4-582a-4a54-8324-4edd6a9df101 ] Request (VolumesAssistedSnapshotsTest:tearDownClass): 204 DELETE http://10.180.1.21:9696/networking/v2.0/security-groups/4c35c618-d1e8-4802-a6f9-941e4fc9cb68 0.307s
2025-04-28 18:23:07.893 69550 INFO tempest.lib.common.rest_client [req-e0f440fb-bbb5-4b08-8550-5aa3bb846c8b req-e0f440fb-bbb5-4b08-8550-5aa3bb846c8b ] Request (VolumesAssistedSnapshotsTest:tearDownClass): 404 GET http://10.180.1.21:9696/networking/v2.0/security-groups/4c35c618-d1e8-4802-a6f9-941e4fc9cb68 0.018s
2025-04-28 18:23:07.896 69556 INFO tempest.lib.common.rest_client [req-088de883-0240-40e4-8a9c-f0c1506d9b2a req-088de883-0240-40e4-8a9c-f0c1506d9b2a ] Request (DeleteServersAdminTestJSON:tearDownClass): 200 GET http://10.180.1.21:9696/networking/v2.0/security-groups?tenant_id=6865049f55524502b3ab4f61f8456d80&name=default 0.307s
2025-04-28 18:23:07.910 69538 INFO tempest.lib.common.rest_client [req-b70d164f-1217-4292-8fdf-7f917fddeb33 req-b70d164f-1217-4292-8fdf-7f917fddeb33 ] Request (ServerAddressesTestJSON:setUpClass): 200 GET http://10.180.1.21/compute/v2.1/servers/740a2dd7-57f5-4398-b35b-5c3a452c80ec 0.369s
2025-04-28 18:23:07.998 69532 INFO tempest.lib.common.rest_client [req-d7fb63c6-cb01-4a25-ae43-9b58c7438d93 req-d7fb63c6-cb01-4a25-ae43-9b58c7438d93 ] Request (ServerGroupTestJSON:test_create_server_with_scheduler_hint_group): 200 GET http://10.180.1.21/compute/v2.1/servers/2d306638-e6d4-4c76-8cdc-7f2da7185b1d 0.457s
2025-04-28 18:23:08.026 69540 INFO tempest.lib.common.rest_client [req-0f52f9f9-83f8-4343-8d1a-95303c3f6eab req-0f52f9f9-83f8-4343-8d1a-95303c3f6eab ] Request (DeleteServersTestJSON:test_delete_server_while_in_attached_volume): 202 POST http://10.180.1.21/compute/v2.1/servers 0.704s
2025-04-28 18:23:08.078 69560 INFO tempest.lib.common.rest_client [req-1e73cc18-2262-436e-92f9-3d977f6f3f58 req-1e73cc18-2262-436e-92f9-3d977f6f3f58 ] Request (ServersAaction247Test:test_create_backup): 200 GET http://10.180.1.21/compute/v2.1/servers/e6b25e56-5f7a-47c2-911e-976f39eb02d8 0.483s
2025-04-28 18:23:08.199 69556 INFO tempest.lib.common.rest_client [req-b8fee39f-f6af-45f4-8483-13ef00710523 req-b8fee39f-f6af-45f4-8483-13ef00710523 ] Request (DeleteServersAdminTestJSON:tearDownClass): 204 DELETE http://10.180.1.21:9696/networking/v2.0/security-groups/ef4f915e-8deb-418d-9402-5a7975af4ed7 0.303s
2025-04-28 18:23:08.249 69526 INFO tempest.lib.common.rest_client [req-32117e7c-0e2a-42bc-a091-2483fa6fa283 req-32117e7c-0e2a-42bc-a091-2483fa6fa283 ] Request (ServersTestJSON:setUpClass): 200 GET http://10.180.1.21/compute/v2.1/servers/92594ac9-9eb3-477b-af00-ea6930a43cec 0.551s
