2025-04-28 18:21:42.232 69524 INFO tempest.lib.common.rest_client [req-586c2e7c-7a69-41c2-820f-3a719ccb9890 req-586c2e7c-7a69-41c2-820f-3a719ccb9890 ] Request (ImagesTestJSON:test_create_image_from_suspended_server): 200 GET http://10.180.1.21/compute/v2.1/servers/60e63b59-407f-4605-9dbc-4cd777b744c1 0.282s
2025-04-28 18:21:42.262 69572 INFO tempest.lib.common.rest_client [req-8ab68dca-acd4-41b1-bbc7-92351c6b75e4 req-8ab68dca-acd4-41b1-bbc7-92351c6b75e4 ] Request (ImagesOneServerTestJSON:test_create_image_specify_multibyte_character_image_name): 200 GET http://10.180.1.21/compute/v2.1/images/884ec008-e998-4eae-800f-aabf55ec74fe 0.294s
2025-04-28 18:21:42.298 69558 INFO tempest.lib.common.rest_client [req-933c0773-b8c5-43db-b906-eb0cd33150fb req-933c0773-b8c5-43db-b906-eb0cd33150fb ] Request (MultipleCreateTestJSON:test_multiple_create): 200 GET http://10.180.1.21/compute/v2.1/servers/d12e566f-9f5c-4cc9-ac43-52620a4c5f1b 0.290s
2025-04-28 18:21:42.342 69560 INFO tempest.lib.common.rest_client [req-2fa377dc-608a-4707-a704-872d7d44ba08 req-2fa377dc-608a-4707-a704-872d7d44ba08 ] Request (ListServersNegativeTestJSON:setUpClass): 200 GET http://10.180.1.21/compute/v2.1/servers/d5640164-1ca1-4dec-ab5a-d6e99e181952 0.307s
2025-04-28 18:21:42.371 69546 INFO tempest.lib.common.rest_client [req-2ae5e628-029e-48a1-80bb-90ac73872958 req-2ae5e628-029e-48a1-80bb-90ac73872958 ] Request (AttachInterfacesUnderV243Test:test_add_remove_fixed_ip): 200 GET http://10.180.1.21/compute/v2.1/servers/17c14598-2c16-4443-9026-fd16c716bc67 0.310s
2025-04-28 18:21:42.422 69522 INFO tempest.lib.common.rest_client [req-c2881480-8849-4ed3-a76e-221a797e868d req-c2881480-8849-4ed3-a76e-221a797e868d ] Request (ServersNegativeTestJSON:setUpClass): 200 PUT http://10.180.1.21:9696/networking/v2.0/routers/8c3ab03d-b7ff-455d-aa23-a07808b930c4/add_router_interface 1.090s
2025-04-28 18:21:42.423 69522 INFO tempest.lib.common.dynamic_creds [-] Created isolated network resources for: credentials: Credentials: {'domain_id': 'default', 'domain_name': 'Default', 'username': 'tempest-ServersNegativeTestJSON-791910590-project-member', 'project_domain_id': 'default', 'project_domain_name': 'Default', 'project_id': '99104d10830e4fc49918c27e4bdc1a89', 'project_name': 'tempest-ServersNegativeTestJSON-791910590', 'tenant_id': '99104d10830e4fc49918c27e4bdc1a89', 'tenant_name': 'tempest-ServersNegativeTestJSON-791910590', 'user_domain_id': 'default', 'user_domain_name': 'Default', 'user_id': 'e55e299c32554f52a8ca82dfe80a9805', 'system': None}, Network: {'id': 'a124d359-38a3-4be6-afc6-233c22f5151f', 'name': 'tempest-ServersNegativeTestJSON-948022243-network', 'tenant_id': '99104d10830e4fc49918c27e4bdc1a89', 'admin_state_up': True, 'mtu': 8950, 'status': 'ACTIVE', 'subnets': [], 'shared': False, 'project_id': '99104d10830e4fc49918c27e4bdc1a89', 'port_security_enabled': True, 'router:external': False, 'provider:network_type': 'vlan', 'provider:physical_network': 'default', 'provider:segmentation_id': 291, 'availability_zone_hints': [], 'availability_zones': [], 'ipv4_address_scope': None, 'ipv6_address_scope': None, 'description': '', 'tags': [], 'created_at': '2025-04-28T18:21:39Z', 'updated_at': '2025-04-28T18:21:39Z', 'revision_number': 1}, Subnet: {'id': '9d8c99c9-b868-46fa-97e2-676c9eab0f37', 'name': 'tempest-ServersNegativeTestJSON-948022243-subnet', 'tenant_id': '99104d10830e4fc49918c27e4bdc1a89', 'network_id': 'a124d359-38a3-4be6-afc6-233c22f5151f', 'ip_version': 4, 'subnetpool_id': None, 'enable_dhcp': True, 'ipv6_ra_mode': None, 'ipv6_address_mode': None, 'gateway_ip': '192.168.128.1', 'cidr': '192.168.128.0/28', 'allocation_pools': [{'start': '192.168.128.2', 'end': '192.168.128.14'}], 'host_routes': [], 'dns_nameservers': [], 'description': '', 'router:external': False, 'service_types': [], 'tags': [], 'created_at': '2025-04-28T18:21:39Z', 'updated_at': '2025-04-28T18:21:39Z', 'revision_number': 0, 'project_id': '99104d10830e4fc49918c27e4bdc1a89'}, Router: {'id': '8c3ab03d-b7ff-455d-aa23-a07808b930c4', 'name': 'tempest-ServersNegativeTestJSON-948022243-router', 'tenant_id': '99104d10830e4fc49918c27e4bdc1a89', 'admin_state_up': True, 'status': 'ACTIVE', 'external_gateway_info': {'network_id': '10234a4e-3a1c-451f-a3a4-4ab616815871', 'external_fixed_ips': [{'subnet_id': 'a3be0249-4c71-476f-b475-0babce468bc6', 'ip_address': '10.180.180.154'}], 'enable_snat': True}, 'description': '', 'availability_zones': [], 'distributed': False, 'ha': False, 'availability_zone_hints': [], 'routes': [], 'flavor_id': None, 'tags': [], 'created_at': '2025-04-28T18:21:40Z', 'updated_at': '2025-04-28T18:21:40Z', 'revision_number': 2, 'project_id': '99104d10830e4fc49918c27e4bdc1a89'}
2025-04-28 18:21:42.439 69540 INFO tempest.lib.common.rest_client [req-adc59f6b-9f49-41ca-904b-e70197c4428a req-adc59f6b-9f49-41ca-904b-e70197c4428a ] Request (DeleteServersTestJSON:test_delete_active_server): 200 GET http://10.180.1.21/compute/v2.1/servers/cb003e45-9c77-45fc-a53a-a5d1a3421f3e 0.295s
2025-04-28 18:21:42.523 69522 INFO tempest.lib.common.rest_client [req-e17aa9b3-7bba-4638-b263-44666189ab94 req-e17aa9b3-7bba-4638-b263-44666189ab94 ] Request (ServersNegativeTestJSON:setUpClass): 201 POST http://10.180.1.21/identity/v3/auth/tokens 0.096s
2025-04-28 18:21:42.537 69568 INFO tempest.lib.common.rest_client [req-5b91f2e8-4ef4-4b8d-b9bf-ce2831e34691 req-5b91f2e8-4ef4-4b8d-b9bf-ce2831e34691 ] Request (AttachInterfacesTestJSON:test_create_list_show_delete_interfaces_by_fixed_ip): 200 GET http://10.180.1.21/compute/v2.1/servers/7d7c6517-efae-49b1-8067-be68054bd734 0.449s
2025-04-28 18:21:42.546 69568 INFO tempest.common.waiters [-] State transition "BUILD/networking" ==> "BUILD/spawning" after 59 second wait
2025-04-28 18:21:42.562 69522 INFO tempest.lib.common.rest_client [req-dd853bcc-c3fe-49cd-8d06-d0a224efbd9e req-dd853bcc-c3fe-49cd-8d06-d0a224efbd9e ] Request (ServersNegativeTestJSON:setUpClass): 201 POST http://10.180.1.21/identity/v3/auth/tokens 0.035s
2025-04-28 18:21:42.562 69532 INFO tempest.lib.common.rest_client [req-139dfe17-99e2-437a-83f7-7492e5b8334c req-139dfe17-99e2-437a-83f7-7492e5b8334c ] Request (InstanceActionsTestJSON:setUpClass): 200 GET http://10.180.1.21/compute/v2.1/servers/bfcf44be-531f-442e-af3c-19e80ecf8382 0.394s
2025-04-28 18:21:42.562 69522 INFO tempest.lib.common.fixed_network [-] (ServersNegativeTestJSON:setUpClass) Found network {'id': 'a124d359-38a3-4be6-afc6-233c22f5151f', 'name': 'tempest-ServersNegativeTestJSON-948022243-network', 'tenant_id': '99104d10830e4fc49918c27e4bdc1a89', 'admin_state_up': True, 'mtu': 8950, 'status': 'ACTIVE', 'subnets': [], 'shared': False, 'project_id': '99104d10830e4fc49918c27e4bdc1a89', 'port_security_enabled': True, 'router:external': False, 'provider:network_type': 'vlan', 'provider:physical_network': 'default', 'provider:segmentation_id': 291, 'availability_zone_hints': [], 'availability_zones': [], 'ipv4_address_scope': None, 'ipv6_address_scope': None, 'description': '', 'tags': [], 'created_at': '2025-04-28T18:21:39Z', 'updated_at': '2025-04-28T18:21:39Z', 'revision_number': 1} available for tenant
2025-04-28 18:21:42.576 69570 INFO tempest.lib.common.rest_client [req-5c8b5ef8-ddb6-4dba-875a-ab62dcb492e9 req-5c8b5ef8-ddb6-4dba-875a-ab62dcb492e9 ] Request (ListImageFiltersTestJSON:setUpClass): 200 GET http://10.180.1.21/compute/v2.1/images/d18315fb-2cc6-440c-be70-f760c24bc35b 0.379s
2025-04-28 18:21:42.616 69580 INFO tempest.lib.common.rest_client [req-d2c6a2ae-d23f-4f51-a186-581c720ba1c7 req-d2c6a2ae-d23f-4f51-a186-581c720ba1c7 ] Request (SecurityGroupsTestJSON:test_list_security_groups_by_server): 200 GET http://10.180.1.21/compute/v2.1/servers/1ef48045-56cd-4809-a0f8-6ed80611121a 0.411s
2025-04-28 18:21:42.634 69556 INFO tempest.lib.common.rest_client [req-2b36cc6b-0d7c-4e32-a225-f0d36812f213 req-2b36cc6b-0d7c-4e32-a225-f0d36812f213 ] Request (DeleteServersAdminTestJSON:test_delete_server_while_in_error_state): 200 GET http://10.180.1.21/compute/v2.1/servers/d4426718-3e16-4e62-8613-642f3ede15bc 0.378s
2025-04-28 18:21:42.669 69552 INFO tempest.lib.common.rest_client [req-e09ac651-2f0e-4f1a-8124-9eac8a754ed4 req-e09ac651-2f0e-4f1a-8124-9eac8a754ed4 ] Request (ServersTestFqdnHostnames:test_create_server_with_fqdn_name): 200 GET http://10.180.1.21/compute/v2.1/servers/c53994ed-b194-4ad4-abdc-69d9b8248681 0.403s
2025-04-28 18:21:42.694 69526 INFO tempest.lib.common.rest_client [req-cba3e9ae-abe4-4ef3-bf0b-c098c257810a req-cba3e9ae-abe4-4ef3-bf0b-c098c257810a ] Request (ServersTestJSON:setUpClass): 200 GET http://10.180.1.21/compute/v2.1/servers/92594ac9-9eb3-477b-af00-ea6930a43cec 0.372s
2025-04-28 18:21:42.733 69536 INFO tempest.lib.common.rest_client [req-56567999-61e8-4c79-8fb4-f8769c4ab7c6 req-56567999-61e8-4c79-8fb4-f8769c4ab7c6 ] Request (ServersV294TestFqdnHostnames:setUpClass): 200 GET http://10.180.1.21/compute/v2.1/servers/1e4ef321-58b8-4403-8b07-c67a34fcbe74 0.406s
2025-04-28 18:21:42.748 69520 INFO tempest.lib.common.rest_client [req-62bd1acf-a3c9-4cde-8cbe-78fd6157d23e req-62bd1acf-a3c9-4cde-8cbe-78fd6157d23e ] Request (ServersAdminTestJSON:test_create_server_with_scheduling_hint): 200 GET http://10.180.1.21/compute/v2.1/servers/d9b56808-ce9b-4efa-ba03-f0ac88238e0e 0.356s
2025-04-28 18:21:42.783 69562 INFO tempest.lib.common.rest_client [req-27ef18ad-8777-434e-b61c-52b19b3bee4d req-27ef18ad-8777-434e-b61c-52b19b3bee4d ] Request (ServersAdminNegativeTestJSON:setUpClass): 200 GET http://10.180.1.21/compute/v2.1/servers/e4bd44b1-19c4-4d31-9868-936745b1a96e 0.368s
2025-04-28 18:21:42.807 69566 INFO tempest.lib.common.rest_client [req-9b7205d2-38ab-4fea-9ba2-5ef7c590c2c6 req-9b7205d2-38ab-4fea-9ba2-5ef7c590c2c6 ] Request (FloatingIPsAssociationNegativeTestJSON:setUpClass): 200 GET http://10.180.1.21/compute/v2.1/servers/416a4207-040b-4c00-aa43-1c7375f075e6 0.356s
2025-04-28 18:21:42.860 69578 INFO tempest.lib.common.rest_client [req-5c49100f-f435-4d21-87bb-3936baadf7a4 req-5c49100f-f435-4d21-87bb-3936baadf7a4 ] Request (ServersNegativeTestMultiTenantJSON:setUpClass): 200 GET http://10.180.1.21/compute/v2.1/servers/eccadef4-b455-44c3-9490-dce7aea80b22 0.185s
2025-04-28 18:21:42.934 69538 INFO tempest.lib.common.rest_client [req-fbcce1df-96af-47c6-baad-e67eae154ab0 req-fbcce1df-96af-47c6-baad-e67eae154ab0 ] Request (ServersAdmin275Test:test_rebuild_update_server_275): 200 GET http://10.180.1.21/compute/v2.1/servers/2cccb0a2-1e20-4696-8297-fb39b1e56c62 0.246s
2025-04-28 18:21:42.945 69538 INFO tempest.common.waiters [-] State transition "REBUILD/rebuild_block_device_mapping" ==> "REBUILD/rebuild_spawning" after 3 second wait
2025-04-28 18:21:42.993 69534 INFO tempest.lib.common.rest_client [req-9cea75d4-0751-429b-9956-aaaccd0ca4fd req-9cea75d4-0751-429b-9956-aaaccd0ca4fd ] Request (ServerRescueTestJSONUnderV235:setUpClass): 200 GET http://10.180.1.21/compute/v2.1/servers/1f40acc5-76bd-4e02-9466-0a66f1d27ec3 0.246s
2025-04-28 18:21:43.053 69576 INFO tempest.lib.common.rest_client [req-5eff8999-8844-4d4f-8e02-6d4e1960b0e9 req-5eff8999-8844-4d4f-8e02-6d4e1960b0e9 ] Request (ImagesOneServerNegativeTestJSON:_run_cleanups): 200 GET http://10.180.1.21/compute/v2.1/servers/1edb65c1-6310-4d5d-ad06-5800093dfd70 0.280s
2025-04-28 18:21:43.118 69565 INFO tempest.lib.common.rest_client [req-c60ad17d-236d-4d8e-8de3-819d28a8e120 req-c60ad17d-236d-4d8e-8de3-819d28a8e120 ] Request (FloatingIPsAssociationTestJSON:test_associate_already_associated_floating_ip): 200 GET http://10.180.1.21/compute/v2.1/servers/3edd19c0-e0bb-441c-9980-72e60c66b4c5 0.312s
2025-04-28 18:21:43.179 69530 INFO tempest.lib.common.rest_client [req-67c2c9f4-230e-47dd-8f54-0fc99e8b780e req-67c2c9f4-230e-47dd-8f54-0fc99e8b780e ] Request (ServerActionsV293TestJSON:setUpClass): 200 GET http://10.180.1.21/compute/v2.1/servers/6ef5d98a-55d5-4f8e-9c32-fabc031ed6fe 0.334s
2025-04-28 18:21:43.242 69522 INFO tempest.lib.common.rest_client [req-21604df3-3114-4190-8a43-d3893dff0c5b req-21604df3-3114-4190-8a43-d3893dff0c5b ] Request (ServersNegativeTestJSON:setUpClass): 202 POST http://10.180.1.21/compute/v2.1/servers 0.679s
2025-04-28 18:21:43.314 69554 INFO tempest.lib.common.rest_client [req-7878f706-d015-4ad0-9efa-50d4d21fb377 req-7878f706-d015-4ad0-9efa-50d4d21fb377 ] Request (InstanceActionsV221TestJSON:test_get_list_deleted_instance_actions): 200 GET http://10.180.1.21/compute/v2.1/servers/e23198c9-fbfe-493d-8906-717c275f7e3b 0.132s
2025-04-28 18:21:43.352 69574 INFO tempest.lib.common.rest_client [req-333d432b-7fe9-454d-a846-6d5a4bf1d640 req-333d432b-7fe9-454d-a846-6d5a4bf1d640 ] Request (MigrationsAdminTest:test_list_migrations_in_flavor_resize_situation): 200 GET http://10.180.1.21/compute/v2.1/servers/69c3825d-e3a3-4b44-b23c-2e5ec5e9fd67 0.278s
2025-04-28 18:21:43.398 69522 INFO tempest.lib.common.rest_client [req-8579034e-05e5-4c25-95b2-f8b68ede08ce req-8579034e-05e5-4c25-95b2-f8b68ede08ce ] Request (ServersNegativeTestJSON:setUpClass): 200 GET http://10.180.1.21/compute/v2.1/servers/9b9116ad-9dd6-4078-b35d-67267b2ad5ae 0.154s
2025-04-28 18:21:43.438 69542 INFO tempest.lib.common.rest_client [req-db055276-2693-411b-829f-41e8dcce1908 req-db055276-2693-411b-829f-41e8dcce1908 ] Request (ServerActionsTestJSON:setUpClass): 200 GET http://10.180.1.21/compute/v2.1/servers/e13d3108-71fe-4a5d-a5e0-8c9d20c8a9ca 0.212s
2025-04-28 18:21:43.451 69524 INFO tempest.lib.common.rest_client [req-d36134ce-8b1c-4b80-beeb-311a915014e9 req-d36134ce-8b1c-4b80-beeb-311a915014e9 ] Request (ImagesTestJSON:test_create_image_from_suspended_server): 200 GET http://10.180.1.21/compute/v2.1/servers/60e63b59-407f-4605-9dbc-4cd777b744c1 0.205s
2025-04-28 18:21:43.476 69572 INFO tempest.lib.common.rest_client [req-890c30f4-99be-4967-9d16-a25bf6ce47f2 req-890c30f4-99be-4967-9d16-a25bf6ce47f2 ] Request (ImagesOneServerTestJSON:test_create_image_specify_multibyte_character_image_name): 200 GET http://10.180.1.21/compute/v2.1/images/884ec008-e998-4eae-800f-aabf55ec74fe 0.210s
2025-04-28 18:21:43.503 69558 INFO tempest.lib.common.rest_client [req-bb182f28-35ed-40d8-9dec-fc80bb60a142 req-bb182f28-35ed-40d8-9dec-fc80bb60a142 ] Request (MultipleCreateTestJSON:test_multiple_create): 200 GET http://10.180.1.21/compute/v2.1/servers/d12e566f-9f5c-4cc9-ac43-52620a4c5f1b 0.192s
2025-04-28 18:21:43.549 69560 INFO tempest.lib.common.rest_client [req-77b1500f-2835-42b8-9381-a2e292fc5c08 req-77b1500f-2835-42b8-9381-a2e292fc5c08 ] Request (ListServersNegativeTestJSON:setUpClass): 200 GET http://10.180.1.21/compute/v2.1/servers/d5640164-1ca1-4dec-ab5a-d6e99e181952 0.195s
2025-04-28 18:21:43.555 69546 INFO tempest.lib.common.rest_client [req-62cce144-194c-4339-9a3c-82705ebbbfe1 req-62cce144-194c-4339-9a3c-82705ebbbfe1 ] Request (AttachInterfacesUnderV243Test:test_add_remove_fixed_ip): 200 GET http://10.180.1.21/compute/v2.1/servers/17c14598-2c16-4443-9026-fd16c716bc67 0.172s
2025-04-28 18:21:43.608 69540 INFO tempest.lib.common.rest_client [req-d4a7198e-687d-4876-a52d-9f99cb807aef req-d4a7198e-687d-4876-a52d-9f99cb807aef ] Request (DeleteServersTestJSON:test_delete_active_server): 200 GET http://10.180.1.21/compute/v2.1/servers/cb003e45-9c77-45fc-a53a-a5d1a3421f3e 0.154s
2025-04-28 18:21:43.665 69568 INFO tempest.lib.common.rest_client [req-86d2b791-9a5a-4ec7-b5fa-fe7f857136d6 req-86d2b791-9a5a-4ec7-b5fa-fe7f857136d6 ] Request (AttachInterfacesTestJSON:test_create_list_show_delete_interfaces_by_fixed_ip): 200 GET http://10.180.1.21/compute/v2.1/servers/7d7c6517-efae-49b1-8067-be68054bd734 0.118s
2025-04-28 18:21:43.700 69570 INFO tempest.lib.common.rest_client [req-545fbf27-3a9a-47b8-9e29-6388c9894afc req-545fbf27-3a9a-47b8-9e29-6388c9894afc ] Request (ListImageFiltersTestJSON:setUpClass): 200 GET http://10.180.1.21/compute/v2.1/images/d18315fb-2cc6-440c-be70-f760c24bc35b 0.114s
2025-04-28 18:21:43.710 69532 INFO tempest.lib.common.rest_client [req-974b1497-e66f-434f-b64c-56789db8d6d5 req-974b1497-e66f-434f-b64c-56789db8d6d5 ] Request (InstanceActionsTestJSON:setUpClass): 200 GET http://10.180.1.21/compute/v2.1/servers/bfcf44be-531f-442e-af3c-19e80ecf8382 0.139s
2025-04-28 18:21:43.768 69580 INFO tempest.lib.common.rest_client [req-7e03956e-ceab-488b-87d5-55c0b48d518f req-7e03956e-ceab-488b-87d5-55c0b48d518f ] Request (SecurityGroupsTestJSON:test_list_security_groups_by_server): 200 GET http://10.180.1.21/compute/v2.1/servers/1ef48045-56cd-4809-a0f8-6ed80611121a 0.143s
2025-04-28 18:21:43.776 69580 INFO tempest.common.waiters [-] State transition "BUILD/None" ==> "BUILD/networking" after 59 second wait
2025-04-28 18:21:43.779 69556 INFO tempest.lib.common.rest_client [req-c3b7a67c-3f8f-448c-b5ef-3c669c12b625 req-c3b7a67c-3f8f-448c-b5ef-3c669c12b625 ] Request (DeleteServersAdminTestJSON:test_delete_server_while_in_error_state): 200 GET http://10.180.1.21/compute/v2.1/servers/d4426718-3e16-4e62-8613-642f3ede15bc 0.137s
2025-04-28 18:21:43.855 69526 INFO tempest.lib.common.rest_client [req-a82485fa-809a-4ef4-b13d-ab8d70d977ca req-a82485fa-809a-4ef4-b13d-ab8d70d977ca ] Request (ServersTestJSON:setUpClass): 200 GET http://10.180.1.21/compute/v2.1/servers/92594ac9-9eb3-477b-af00-ea6930a43cec 0.152s
2025-04-28 18:21:43.866 69552 INFO tempest.lib.common.rest_client [req-d59db2f6-2c31-4343-a75d-3864c6536953 req-d59db2f6-2c31-4343-a75d-3864c6536953 ] Request (ServersTestFqdnHostnames:test_create_server_with_fqdn_name): 200 GET http://10.180.1.21/compute/v2.1/servers/c53994ed-b194-4ad4-abdc-69d9b8248681 0.186s
2025-04-28 18:21:43.925 69544 WARNING tempest.lib.common.ssh [-] Failed to establish authenticated ssh connection to cirros@10.180.180.229 ([Errno None] Unable to connect to port 22 on 10.180.180.229). Number attempts: 4. Retry after 5 seconds.: paramiko.ssh_exception.NoValidConnectionsError: [Errno None] Unable to connect to port 22 on 10.180.180.229
2025-04-28 18:21:43.944 69536 INFO tempest.lib.common.rest_client [req-2b013335-7178-483f-b590-f29c3665c540 req-2b013335-7178-483f-b590-f29c3665c540 ] Request (ServersV294TestFqdnHostnames:setUpClass): 200 GET http://10.180.1.21/compute/v2.1/servers/1e4ef321-58b8-4403-8b07-c67a34fcbe74 0.199s
2025-04-28 18:21:43.949 69520 INFO tempest.lib.common.rest_client [req-35b3fe13-4b30-4c96-9143-876fe0964f68 req-35b3fe13-4b30-4c96-9143-876fe0964f68 ] Request (ServersAdminTestJSON:test_create_server_with_scheduling_hint): 200 GET http://10.180.1.21/compute/v2.1/servers/d9b56808-ce9b-4efa-ba03-f0ac88238e0e 0.192s
2025-04-28 18:21:43.990 69550 WARNING tempest.lib.common.ssh [-] Failed to establish authenticated ssh connection to cirros@10.180.180.193 ([Errno None] Unable to connect to port 22 on 10.180.180.193). Number attempts: 6. Retry after 7 seconds.: paramiko.ssh_exception.NoValidConnectionsError: [Errno None] Unable to connect to port 22 on 10.180.180.193
2025-04-28 18:21:44.025 69566 INFO tempest.lib.common.rest_client [req-0ec54e1e-ae7a-4336-aca2-2756df547cfc req-0ec54e1e-ae7a-4336-aca2-2756df547cfc ] Request (FloatingIPsAssociationNegativeTestJSON:setUpClass): 200 GET http://10.180.1.21/compute/v2.1/servers/416a4207-040b-4c00-aa43-1c7375f075e6 0.210s
2025-04-28 18:21:44.029 69562 INFO tempest.lib.common.rest_client [req-976fa937-e8d1-4cb0-a001-871cc59b061c req-976fa937-e8d1-4cb0-a001-871cc59b061c ] Request (ServersAdminNegativeTestJSON:setUpClass): 200 GET http://10.180.1.21/compute/v2.1/servers/e4bd44b1-19c4-4d31-9868-936745b1a96e 0.234s
2025-04-28 18:21:44.093 69578 INFO tempest.lib.common.rest_client [req-7f67b4ea-b07d-43ab-a235-1424da0459ce req-7f67b4ea-b07d-43ab-a235-1424da0459ce ] Request (ServersNegativeTestMultiTenantJSON:setUpClass): 200 GET http://10.180.1.21/compute/v2.1/servers/eccadef4-b455-44c3-9490-dce7aea80b22 0.222s
2025-04-28 18:21:44.104 69538 INFO tempest.lib.common.rest_client [req-348a4443-3353-4f15-b573-0d145e5b0969 req-348a4443-3353-4f15-b573-0d145e5b0969 ] Request (ServersAdmin275Test:test_rebuild_update_server_275): 200 GET http://10.180.1.21/compute/v2.1/servers/2cccb0a2-1e20-4696-8297-fb39b1e56c62 0.159s
2025-04-28 18:21:44.151 69534 INFO tempest.lib.common.rest_client [req-2a9dd231-7ba2-46ae-9174-8cbd7ee6fa1d req-2a9dd231-7ba2-46ae-9174-8cbd7ee6fa1d ] Request (ServerRescueTestJSONUnderV235:setUpClass): 200 GET http://10.180.1.21/compute/v2.1/servers/1f40acc5-76bd-4e02-9466-0a66f1d27ec3 0.151s
2025-04-28 18:21:44.167 69576 INFO tempest.lib.common.rest_client [req-29dce98f-dc3d-4b68-9cbd-421192156b79 req-29dce98f-dc3d-4b68-9cbd-421192156b79 ] Request (ImagesOneServerNegativeTestJSON:_run_cleanups): 200 GET http://10.180.1.21/compute/v2.1/servers/1edb65c1-6310-4d5d-ad06-5800093dfd70 0.106s
2025-04-28 18:21:44.213 69565 INFO tempest.lib.common.rest_client [req-b32db172-ab2c-4131-8630-d41cf5a6cc99 req-b32db172-ab2c-4131-8630-d41cf5a6cc99 ] Request (FloatingIPsAssociationTestJSON:test_associate_already_associated_floating_ip): 200 GET http://10.180.1.21/compute/v2.1/servers/3edd19c0-e0bb-441c-9980-72e60c66b4c5 0.084s
2025-04-28 18:21:44.264 69530 INFO tempest.lib.common.rest_client [req-5bab707b-cc33-483b-a08b-eadc32d98c48 req-5bab707b-cc33-483b-a08b-eadc32d98c48 ] Request (ServerActionsV293TestJSON:setUpClass): 200 GET http://10.180.1.21/compute/v2.1/servers/6ef5d98a-55d5-4f8e-9c32-fabc031ed6fe 0.068s
2025-04-28 18:21:44.415 69554 INFO tempest.lib.common.rest_client [req-aa055f73-9fc2-40ab-954f-3a171010fcf7 req-aa055f73-9fc2-40ab-954f-3a171010fcf7 ] Request (InstanceActionsV221TestJSON:test_get_list_deleted_instance_actions): 200 GET http://10.180.1.21/compute/v2.1/servers/e23198c9-fbfe-493d-8906-717c275f7e3b 0.083s
2025-04-28 18:21:44.479 69522 INFO tempest.lib.common.rest_client [req-7b708366-7b3f-4885-9573-2c7fc93fd859 req-7b708366-7b3f-4885-9573-2c7fc93fd859 ] Request (ServersNegativeTestJSON:setUpClass): 200 GET http://10.180.1.21/compute/v2.1/servers/9b9116ad-9dd6-4078-b35d-67267b2ad5ae 0.069s
2025-04-28 18:21:44.509 69574 INFO tempest.lib.common.rest_client [req-148c25ee-6d2d-4066-8e44-3b78570b5bd2 req-148c25ee-6d2d-4066-8e44-3b78570b5bd2 ] Request (MigrationsAdminTest:test_list_migrations_in_flavor_resize_situation): 200 GET http://10.180.1.21/compute/v2.1/servers/69c3825d-e3a3-4b44-b23c-2e5ec5e9fd67 0.144s
2025-04-28 18:21:44.582 69524 INFO tempest.lib.common.rest_client [req-8604a4be-9891-4f04-abc7-18b3ddf359b4 req-8604a4be-9891-4f04-abc7-18b3ddf359b4 ] Request (ImagesTestJSON:test_create_image_from_suspended_server): 200 GET http://10.180.1.21/compute/v2.1/servers/60e63b59-407f-4605-9dbc-4cd777b744c1 0.122s
2025-04-28 18:21:44.614 69572 INFO tempest.lib.common.rest_client [req-21c72dc5-90f6-439e-81ae-dc239a6b324d req-21c72dc5-90f6-439e-81ae-dc239a6b324d ] Request (ImagesOneServerTestJSON:test_create_image_specify_multibyte_character_image_name): 200 GET http://10.180.1.21/compute/v2.1/images/884ec008-e998-4eae-800f-aabf55ec74fe 0.131s
2025-04-28 18:21:44.620 69542 INFO tempest.lib.common.rest_client [req-9d866b2e-1c61-4109-b4ad-4140923b6967 req-9d866b2e-1c61-4109-b4ad-4140923b6967 ] Request (ServerActionsTestJSON:setUpClass): 200 GET http://10.180.1.21/compute/v2.1/servers/e13d3108-71fe-4a5d-a5e0-8c9d20c8a9ca 0.170s
2025-04-28 18:21:44.680 69558 INFO tempest.lib.common.rest_client [req-2df4bf55-1418-4f44-ba2f-aeca8212d068 req-2df4bf55-1418-4f44-ba2f-aeca8212d068 ] Request (MultipleCreateTestJSON:test_multiple_create): 200 GET http://10.180.1.21/compute/v2.1/servers/d12e566f-9f5c-4cc9-ac43-52620a4c5f1b 0.169s
2025-04-28 18:21:44.704 69560 INFO tempest.lib.common.rest_client [req-54be0726-6077-44a7-9352-8f017423db90 req-54be0726-6077-44a7-9352-8f017423db90 ] Request (ListServersNegativeTestJSON:setUpClass): 200 GET http://10.180.1.21/compute/v2.1/servers/d5640164-1ca1-4dec-ab5a-d6e99e181952 0.148s
2025-04-28 18:21:44.741 69546 INFO tempest.lib.common.rest_client [req-67ddf75f-4a52-4e4c-8d8f-7f9ea5309440 req-67ddf75f-4a52-4e4c-8d8f-7f9ea5309440 ] Request (AttachInterfacesUnderV243Test:test_add_remove_fixed_ip): 200 GET http://10.180.1.21/compute/v2.1/servers/17c14598-2c16-4443-9026-fd16c716bc67 0.178s
2025-04-28 18:21:44.757 69540 INFO tempest.lib.common.rest_client [req-74acf3dc-7f0f-4659-a539-58807005fc78 req-74acf3dc-7f0f-4659-a539-58807005fc78 ] Request (DeleteServersTestJSON:test_delete_active_server): 200 GET http://10.180.1.21/compute/v2.1/servers/cb003e45-9c77-45fc-a53a-a5d1a3421f3e 0.133s
2025-04-28 18:21:44.795 69570 INFO tempest.lib.common.rest_client [req-d326c896-2d4f-49d8-82ab-e98e4247c0f2 req-d326c896-2d4f-49d8-82ab-e98e4247c0f2 ] Request (ListImageFiltersTestJSON:setUpClass): 200 GET http://10.180.1.21/compute/v2.1/images/d18315fb-2cc6-440c-be70-f760c24bc35b 0.090s
2025-04-28 18:21:44.847 69568 INFO tempest.lib.common.rest_client [req-4f38c643-800a-45d0-ba39-3149ecc81a8a req-4f38c643-800a-45d0-ba39-3149ecc81a8a ] Request (AttachInterfacesTestJSON:test_create_list_show_delete_interfaces_by_fixed_ip): 200 GET http://10.180.1.21/compute/v2.1/servers/7d7c6517-efae-49b1-8067-be68054bd734 0.173s
2025-04-28 18:21:44.905 69532 INFO tempest.lib.common.rest_client [req-4afc7465-83cb-4871-a788-ef2581b872cd req-4afc7465-83cb-4871-a788-ef2581b872cd ] Request (InstanceActionsTestJSON:setUpClass): 200 GET http://10.180.1.21/compute/v2.1/servers/bfcf44be-531f-442e-af3c-19e80ecf8382 0.185s
2025-04-28 18:21:44.984 69556 INFO tempest.lib.common.rest_client [req-22bc3aca-02ca-4cdd-aa6e-7cabd4d0a69b req-22bc3aca-02ca-4cdd-aa6e-7cabd4d0a69b ] Request (DeleteServersAdminTestJSON:test_delete_server_while_in_error_state): 200 GET http://10.180.1.21/compute/v2.1/servers/d4426718-3e16-4e62-8613-642f3ede15bc 0.189s
2025-04-28 18:21:44.987 69580 INFO tempest.lib.common.rest_client [req-af854fcc-49ea-4777-b42c-fb86da6eb276 req-af854fcc-49ea-4777-b42c-fb86da6eb276 ] Request (SecurityGroupsTestJSON:test_list_security_groups_by_server): 200 GET http://10.180.1.21/compute/v2.1/servers/1ef48045-56cd-4809-a0f8-6ed80611121a 0.209s
2025-04-28 18:21:44.995 69580 INFO tempest.common.waiters [-] State transition "BUILD/networking" ==> "BUILD/spawning" after 60 second wait
2025-04-28 18:21:45.053 69552 INFO tempest.lib.common.rest_client [req-06c42258-b661-4776-ab80-bce6cda7ffc8 req-06c42258-b661-4776-ab80-bce6cda7ffc8 ] Request (ServersTestFqdnHostnames:test_create_server_with_fqdn_name): 200 GET http://10.180.1.21/compute/v2.1/servers/c53994ed-b194-4ad4-abdc-69d9b8248681 0.175s
2025-04-28 18:21:45.057 69526 INFO tempest.lib.common.rest_client [req-24784e00-d7c5-4b66-ad8c-41bf2d1c8300 req-24784e00-d7c5-4b66-ad8c-41bf2d1c8300 ] Request (ServersTestJSON:setUpClass): 200 GET http://10.180.1.21/compute/v2.1/servers/92594ac9-9eb3-477b-af00-ea6930a43cec 0.186s
2025-04-28 18:21:45.117 69536 INFO tempest.lib.common.rest_client [req-f7fbb964-2338-4190-aa86-e232bb9a7b63 req-f7fbb964-2338-4190-aa86-e232bb9a7b63 ] Request (ServersV294TestFqdnHostnames:setUpClass): 200 GET http://10.180.1.21/compute/v2.1/servers/1e4ef321-58b8-4403-8b07-c67a34fcbe74 0.158s
2025-04-28 18:21:45.124 69520 INFO tempest.lib.common.rest_client [req-fe9d2d2e-b2b5-40bf-9883-7a391043e47c req-fe9d2d2e-b2b5-40bf-9883-7a391043e47c ] Request (ServersAdminTestJSON:test_create_server_with_scheduling_hint): 200 GET http://10.180.1.21/compute/v2.1/servers/d9b56808-ce9b-4efa-ba03-f0ac88238e0e 0.166s
2025-04-28 18:21:45.169 69566 INFO tempest.lib.common.rest_client [req-b3ceea36-e39f-4289-91f0-07d75e7e0502 req-b3ceea36-e39f-4289-91f0-07d75e7e0502 ] Request (FloatingIPsAssociationNegativeTestJSON:setUpClass): 200 GET http://10.180.1.21/compute/v2.1/servers/416a4207-040b-4c00-aa43-1c7375f075e6 0.135s
2025-04-28 18:21:45.183 69562 INFO tempest.lib.common.rest_client [req-e12f78e6-49ad-416b-ad62-560924b6a6ca req-e12f78e6-49ad-416b-ad62-560924b6a6ca ] Request (ServersAdminNegativeTestJSON:setUpClass): 200 GET http://10.180.1.21/compute/v2.1/servers/e4bd44b1-19c4-4d31-9868-936745b1a96e 0.146s
2025-04-28 18:21:45.220 69578 INFO tempest.lib.common.rest_client [req-c7cdaef6-27fd-4012-850e-317856a8aa4f req-c7cdaef6-27fd-4012-850e-317856a8aa4f ] Request (ServersNegativeTestMultiTenantJSON:setUpClass): 200 GET http://10.180.1.21/compute/v2.1/servers/eccadef4-b455-44c3-9490-dce7aea80b22 0.118s
2025-04-28 18:21:45.240 69538 INFO tempest.lib.common.rest_client [req-a0877043-9e43-4215-a091-dcd0d39a354a req-a0877043-9e43-4215-a091-dcd0d39a354a ] Request (ServersAdmin275Test:test_rebuild_update_server_275): 200 GET http://10.180.1.21/compute/v2.1/servers/2cccb0a2-1e20-4696-8297-fb39b1e56c62 0.125s
2025-04-28 18:21:45.280 69534 INFO tempest.lib.common.rest_client [req-678ca4a7-ede9-4923-a120-2d6f7cf98d05 req-678ca4a7-ede9-4923-a120-2d6f7cf98d05 ] Request (ServerRescueTestJSONUnderV235:setUpClass): 200 GET http://10.180.1.21/compute/v2.1/servers/1f40acc5-76bd-4e02-9466-0a66f1d27ec3 0.117s
2025-04-28 18:21:45.294 69576 INFO tempest.lib.common.rest_client [req-aeb16a23-2c58-4edd-933b-d19a14973e41 req-aeb16a23-2c58-4edd-933b-d19a14973e41 ] Request (ImagesOneServerNegativeTestJSON:_run_cleanups): 200 GET http://10.180.1.21/compute/v2.1/servers/1edb65c1-6310-4d5d-ad06-5800093dfd70 0.119s
2025-04-28 18:21:45.346 69565 INFO tempest.lib.common.rest_client [req-3827b40d-e1c7-4f67-9580-07c86a29baac req-3827b40d-e1c7-4f67-9580-07c86a29baac ] Request (FloatingIPsAssociationTestJSON:test_associate_already_associated_floating_ip): 200 GET http://10.180.1.21/compute/v2.1/servers/3edd19c0-e0bb-441c-9980-72e60c66b4c5 0.123s
2025-04-28 18:21:45.369 69530 INFO tempest.lib.common.rest_client [req-48f43bab-f373-49d5-89dd-d4b732052126 req-48f43bab-f373-49d5-89dd-d4b732052126 ] Request (ServerActionsV293TestJSON:setUpClass): 200 GET http://10.180.1.21/compute/v2.1/servers/6ef5d98a-55d5-4f8e-9c32-fabc031ed6fe 0.088s
2025-04-28 18:21:45.500 69554 INFO tempest.lib.common.rest_client [req-ba7d7cb8-a1f1-475a-90b7-fbe6b5e36081 req-ba7d7cb8-a1f1-475a-90b7-fbe6b5e36081 ] Request (InstanceActionsV221TestJSON:test_get_list_deleted_instance_actions): 200 GET http://10.180.1.21/compute/v2.1/servers/e23198c9-fbfe-493d-8906-717c275f7e3b 0.076s
2025-04-28 18:21:45.559 69522 INFO tempest.lib.common.rest_client [req-a97a2803-7491-4592-9c68-43068807571c req-a97a2803-7491-4592-9c68-43068807571c ] Request (ServersNegativeTestJSON:setUpClass): 200 GET http://10.180.1.21/compute/v2.1/servers/9b9116ad-9dd6-4078-b35d-67267b2ad5ae 0.068s
2025-04-28 18:21:45.649 69574 INFO tempest.lib.common.rest_client [req-b0246c56-cd3d-47e2-a49e-fa7a1ad35206 req-b0246c56-cd3d-47e2-a49e-fa7a1ad35206 ] Request (MigrationsAdminTest:test_list_migrations_in_flavor_resize_situation): 200 GET http://10.180.1.21/compute/v2.1/servers/69c3825d-e3a3-4b44-b23c-2e5ec5e9fd67 0.125s
2025-04-28 18:21:45.656 69524 INFO tempest.lib.common.rest_client [req-077458f5-1fc2-4201-95ad-04667965f98d req-077458f5-1fc2-4201-95ad-04667965f98d ] Request (ImagesTestJSON:test_create_image_from_suspended_server): 200 GET http://10.180.1.21/compute/v2.1/servers/60e63b59-407f-4605-9dbc-4cd777b744c1 0.066s
2025-04-28 18:21:45.755 69542 INFO tempest.lib.common.rest_client [req-401ea837-601c-49bd-bffd-3e217c388b75 req-401ea837-601c-49bd-bffd-3e217c388b75 ] Request (ServerActionsTestJSON:setUpClass): 200 GET http://10.180.1.21/compute/v2.1/servers/e13d3108-71fe-4a5d-a5e0-8c9d20c8a9ca 0.128s
2025-04-28 18:21:45.810 69558 INFO tempest.lib.common.rest_client [req-b821072d-49ed-4aa4-b116-26d299fcd898 req-b821072d-49ed-4aa4-b116-26d299fcd898 ] Request (MultipleCreateTestJSON:test_multiple_create): 200 GET http://10.180.1.21/compute/v2.1/servers/d12e566f-9f5c-4cc9-ac43-52620a4c5f1b 0.120s
2025-04-28 18:21:45.887 69560 INFO tempest.lib.common.rest_client [req-e690b106-f014-4e6b-8f12-74c72964284f req-e690b106-f014-4e6b-8f12-74c72964284f ] Request (ListServersNegativeTestJSON:setUpClass): 200 GET http://10.180.1.21/compute/v2.1/servers/d5640164-1ca1-4dec-ab5a-d6e99e181952 0.172s
2025-04-28 18:21:45.965 69546 INFO tempest.lib.common.rest_client [req-38d4b446-23de-4db2-adb2-42a028e0bc4c req-38d4b446-23de-4db2-adb2-42a028e0bc4c ] Request (AttachInterfacesUnderV243Test:test_add_remove_fixed_ip): 200 GET http://10.180.1.21/compute/v2.1/servers/17c14598-2c16-4443-9026-fd16c716bc67 0.216s
2025-04-28 18:21:46.020 69540 INFO tempest.lib.common.rest_client [req-051621ac-cdc0-44a3-9bdf-dabb90b46a2a req-051621ac-cdc0-44a3-9bdf-dabb90b46a2a ] Request (DeleteServersTestJSON:test_delete_active_server): 200 GET http://10.180.1.21/compute/v2.1/servers/cb003e45-9c77-45fc-a53a-a5d1a3421f3e 0.256s
2025-04-28 18:21:47.137 69572 INFO tempest.lib.common.rest_client [req-09599667-7380-4bc5-81ba-f6c692786d11 req-09599667-7380-4bc5-81ba-f6c692786d11 ] Request (ImagesOneServerTestJSON:test_create_image_specify_multibyte_character_image_name): 200 GET http://10.180.1.21/compute/v2.1/images/884ec008-e998-4eae-800f-aabf55ec74fe 1.520s
2025-04-28 18:21:47.160 69570 INFO tempest.lib.common.rest_client [req-1b499a9f-a4bc-4d69-8d26-9167a5e00cb1 req-1b499a9f-a4bc-4d69-8d26-9167a5e00cb1 ] Request (ListImageFiltersTestJSON:setUpClass): 200 GET http://10.180.1.21/compute/v2.1/images/d18315fb-2cc6-440c-be70-f760c24bc35b 1.355s
2025-04-28 18:21:47.322 69568 INFO tempest.lib.common.rest_client [req-5209692b-0ef2-4add-ab29-aacc93cac991 req-5209692b-0ef2-4add-ab29-aacc93cac991 ] Request (AttachInterfacesTestJSON:test_create_list_show_delete_interfaces_by_fixed_ip): 200 GET http://10.180.1.21/compute/v2.1/servers/7d7c6517-efae-49b1-8067-be68054bd734 1.463s
2025-04-28 18:21:47.371 69532 INFO tempest.lib.common.rest_client [req-1165b7a5-190a-422e-8c61-865aeff47c2c req-1165b7a5-190a-422e-8c61-865aeff47c2c ] Request (InstanceActionsTestJSON:setUpClass): 200 GET http://10.180.1.21/compute/v2.1/servers/bfcf44be-531f-442e-af3c-19e80ecf8382 1.453s
2025-04-28 18:21:47.397 69556 INFO tempest.lib.common.rest_client [req-7e8c3101-3a31-47ec-a939-4070b9fc8899 req-7e8c3101-3a31-47ec-a939-4070b9fc8899 ] Request (DeleteServersAdminTestJSON:test_delete_server_while_in_error_state): 200 GET http://10.180.1.21/compute/v2.1/servers/d4426718-3e16-4e62-8613-642f3ede15bc 1.405s
2025-04-28 18:21:47.457 69552 INFO tempest.lib.common.rest_client [req-08e5f105-c4b2-4d4c-b37a-e4a3b37c1b07 req-08e5f105-c4b2-4d4c-b37a-e4a3b37c1b07 ] Request (ServersTestFqdnHostnames:test_create_server_with_fqdn_name): 200 GET http://10.180.1.21/compute/v2.1/servers/c53994ed-b194-4ad4-abdc-69d9b8248681 1.396s
2025-04-28 18:21:47.474 69580 INFO tempest.lib.common.rest_client [req-3fa33d01-3a90-4554-9632-798c25095901 req-3fa33d01-3a90-4554-9632-798c25095901 ] Request (SecurityGroupsTestJSON:test_list_security_groups_by_server): 200 GET http://10.180.1.21/compute/v2.1/servers/1ef48045-56cd-4809-a0f8-6ed80611121a 1.478s
2025-04-28 18:21:47.508 69526 INFO tempest.lib.common.rest_client [req-3ebdefa4-abfc-46cd-8e7d-f2a2349f930d req-3ebdefa4-abfc-46cd-8e7d-f2a2349f930d ] Request (ServersTestJSON:setUpClass): 200 GET http://10.180.1.21/compute/v2.1/servers/92594ac9-9eb3-477b-af00-ea6930a43cec 1.438s
2025-04-28 18:21:47.527 69536 INFO tempest.lib.common.rest_client [req-df1890ab-c50e-489f-8455-c27dba174a17 req-df1890ab-c50e-489f-8455-c27dba174a17 ] Request (ServersV294TestFqdnHostnames:setUpClass): 200 GET http://10.180.1.21/compute/v2.1/servers/1e4ef321-58b8-4403-8b07-c67a34fcbe74 1.395s
2025-04-28 18:21:47.557 69520 INFO tempest.lib.common.rest_client [req-53fffecc-e0ea-4840-9d91-6c2a479b4ffc req-53fffecc-e0ea-4840-9d91-6c2a479b4ffc ] Request (ServersAdminTestJSON:test_create_server_with_scheduling_hint): 200 GET http://10.180.1.21/compute/v2.1/servers/d9b56808-ce9b-4efa-ba03-f0ac88238e0e 1.420s
2025-04-28 18:21:47.579 69566 INFO tempest.lib.common.rest_client [req-efc648b0-5407-463e-85d4-cebb0cf0e602 req-efc648b0-5407-463e-85d4-cebb0cf0e602 ] Request (FloatingIPsAssociationNegativeTestJSON:setUpClass): 200 GET http://10.180.1.21/compute/v2.1/servers/416a4207-040b-4c00-aa43-1c7375f075e6 1.399s
2025-04-28 18:21:47.616 69562 INFO tempest.lib.common.rest_client [req-065438f5-5a1f-4cea-87b8-ceec8f5dbfb9 req-065438f5-5a1f-4cea-87b8-ceec8f5dbfb9 ] Request (ServersAdminNegativeTestJSON:setUpClass): 200 GET http://10.180.1.21/compute/v2.1/servers/e4bd44b1-19c4-4d31-9868-936745b1a96e 1.424s
2025-04-28 18:21:47.646 69578 INFO tempest.lib.common.rest_client [req-b4fe3931-9c3f-43e5-b72a-da110822a407 req-b4fe3931-9c3f-43e5-b72a-da110822a407 ] Request (ServersNegativeTestMultiTenantJSON:setUpClass): 200 GET http://10.180.1.21/compute/v2.1/servers/eccadef4-b455-44c3-9490-dce7aea80b22 1.418s
2025-04-28 18:21:47.687 69538 INFO tempest.lib.common.rest_client [req-f6f3a6d3-0e40-4e53-9bc0-2333c7d1af01 req-f6f3a6d3-0e40-4e53-9bc0-2333c7d1af01 ] Request (ServersAdmin275Test:test_rebuild_update_server_275): 200 GET http://10.180.1.21/compute/v2.1/servers/2cccb0a2-1e20-4696-8297-fb39b1e56c62 1.435s
2025-04-28 18:21:47.716 69534 INFO tempest.lib.common.rest_client [req-10fe5e44-9a21-4116-8d00-2ad5e7c155e5 req-10fe5e44-9a21-4116-8d00-2ad5e7c155e5 ] Request (ServerRescueTestJSONUnderV235:setUpClass): 200 GET http://10.180.1.21/compute/v2.1/servers/1f40acc5-76bd-4e02-9466-0a66f1d27ec3 1.429s
2025-04-28 18:21:47.756 69576 INFO tempest.lib.common.rest_client [req-749d6635-7fa2-4c4f-a031-7151db0d38e0 req-749d6635-7fa2-4c4f-a031-7151db0d38e0 ] Request (ImagesOneServerNegativeTestJSON:_run_cleanups): 200 GET http://10.180.1.21/compute/v2.1/servers/1edb65c1-6310-4d5d-ad06-5800093dfd70 1.454s
2025-04-28 18:21:47.785 69565 INFO tempest.lib.common.rest_client [req-495b299b-5d62-44e6-a087-146237f1727e req-495b299b-5d62-44e6-a087-146237f1727e ] Request (FloatingIPsAssociationTestJSON:test_associate_already_associated_floating_ip): 200 GET http://10.180.1.21/compute/v2.1/servers/3edd19c0-e0bb-441c-9980-72e60c66b4c5 1.430s
2025-04-28 18:21:47.830 69530 INFO tempest.lib.common.rest_client [req-664b636b-d63e-450e-873e-f3c7b299c45a req-664b636b-d63e-450e-873e-f3c7b299c45a ] Request (ServerActionsV293TestJSON:setUpClass): 200 GET http://10.180.1.21/compute/v2.1/servers/6ef5d98a-55d5-4f8e-9c32-fabc031ed6fe 1.450s
2025-04-28 18:21:47.870 69554 INFO tempest.lib.common.rest_client [req-c6c2d591-612d-4a04-ad61-c4e07349da44 req-c6c2d591-612d-4a04-ad61-c4e07349da44 ] Request (InstanceActionsV221TestJSON:test_get_list_deleted_instance_actions): 200 GET http://10.180.1.21/compute/v2.1/servers/e23198c9-fbfe-493d-8906-717c275f7e3b 1.360s
2025-04-28 18:21:47.885 69522 INFO tempest.lib.common.rest_client [req-faa42dd6-810b-4c1b-b3da-20ef11a1c173 req-faa42dd6-810b-4c1b-b3da-20ef11a1c173 ] Request (ServersNegativeTestJSON:setUpClass): 200 GET http://10.180.1.21/compute/v2.1/servers/9b9116ad-9dd6-4078-b35d-67267b2ad5ae 1.318s
2025-04-28 18:21:47.950 69524 INFO tempest.lib.common.rest_client [req-950bc76b-6d12-4b65-acf4-a5aa91e72eca req-950bc76b-6d12-4b65-acf4-a5aa91e72eca ] Request (ImagesTestJSON:test_create_image_from_suspended_server): 200 GET http://10.180.1.21/compute/v2.1/servers/60e63b59-407f-4605-9dbc-4cd777b744c1 1.284s
2025-04-28 18:21:47.989 69574 INFO tempest.lib.common.rest_client [req-9d8c3d97-3fa6-4763-8716-911c28008650 req-9d8c3d97-3fa6-4763-8716-911c28008650 ] Request (MigrationsAdminTest:test_list_migrations_in_flavor_resize_situation): 200 GET http://10.180.1.21/compute/v2.1/servers/69c3825d-e3a3-4b44-b23c-2e5ec5e9fd67 1.332s
2025-04-28 18:21:48.043 69558 INFO tempest.lib.common.rest_client [req-792c690b-74f2-4828-90cf-cf851d3f7d25 req-792c690b-74f2-4828-90cf-cf851d3f7d25 ] Request (MultipleCreateTestJSON:test_multiple_create): 200 GET http://10.180.1.21/compute/v2.1/servers/d12e566f-9f5c-4cc9-ac43-52620a4c5f1b 1.224s
2025-04-28 18:21:48.094 69542 INFO tempest.lib.common.rest_client [req-0f796c64-95c7-47bc-8113-06ea9d8b399a req-0f796c64-95c7-47bc-8113-06ea9d8b399a ] Request (ServerActionsTestJSON:setUpClass): 200 GET http://10.180.1.21/compute/v2.1/servers/e13d3108-71fe-4a5d-a5e0-8c9d20c8a9ca 1.331s
2025-04-28 18:21:48.119 69560 INFO tempest.lib.common.rest_client [req-07af95de-c117-4522-8cc7-6a50e660605f req-07af95de-c117-4522-8cc7-6a50e660605f ] Request (ListServersNegativeTestJSON:setUpClass): 200 GET http://10.180.1.21/compute/v2.1/servers/d5640164-1ca1-4dec-ab5a-d6e99e181952 1.222s
2025-04-28 18:21:48.175 69546 INFO tempest.lib.common.rest_client [req-83ae705e-cf7c-4880-b9c4-dfa301d3bfbf req-83ae705e-cf7c-4880-b9c4-dfa301d3bfbf ] Request (AttachInterfacesUnderV243Test:test_add_remove_fixed_ip): 200 GET http://10.180.1.21/compute/v2.1/servers/17c14598-2c16-4443-9026-fd16c716bc67 1.200s
2025-04-28 18:21:48.179 69540 INFO tempest.lib.common.rest_client [req-622cd783-2bc1-4c66-b718-7aa6cd755032 req-622cd783-2bc1-4c66-b718-7aa6cd755032 ] Request (DeleteServersTestJSON:test_delete_active_server): 200 GET http://10.180.1.21/compute/v2.1/servers/cb003e45-9c77-45fc-a53a-a5d1a3421f3e 1.148s
2025-04-28 18:21:48.222 69570 INFO tempest.lib.common.rest_client [req-96bd5a35-91a0-47b1-a66f-808f82bba52d req-96bd5a35-91a0-47b1-a66f-808f82bba52d ] Request (ListImageFiltersTestJSON:setUpClass): 200 GET http://10.180.1.21/compute/v2.1/images/d18315fb-2cc6-440c-be70-f760c24bc35b 1.058s
2025-04-28 18:21:48.228 69572 INFO tempest.lib.common.rest_client [req-ce322b42-204f-40f0-a101-61bcac99f072 req-ce322b42-204f-40f0-a101-61bcac99f072 ] Request (ImagesOneServerTestJSON:test_create_image_specify_multibyte_character_image_name): 200 GET http://10.180.1.21/compute/v2.1/images/884ec008-e998-4eae-800f-aabf55ec74fe 0.086s
2025-04-28 18:21:48.323 69570 INFO tempest.lib.common.rest_client [req-37b8a41f-b2b2-416d-aedc-125970e3569b req-37b8a41f-b2b2-416d-aedc-125970e3569b ] Request (ListImageFiltersTestJSON:setUpClass): 200 GET http://10.180.1.21/compute/v2.1/servers/f7ee494c-e0ae-4612-a636-90368a1becbb 0.098s
2025-04-28 18:21:48.469 69568 INFO tempest.lib.common.rest_client [req-2674c19e-c86d-4162-8b2e-b48ffc59b16b req-2674c19e-c86d-4162-8b2e-b48ffc59b16b ] Request (AttachInterfacesTestJSON:test_create_list_show_delete_interfaces_by_fixed_ip): 200 GET http://10.180.1.21/compute/v2.1/servers/7d7c6517-efae-49b1-8067-be68054bd734 0.139s
2025-04-28 18:21:48.486 69532 INFO tempest.lib.common.rest_client [req-9d915a5d-e5f2-4d0b-a84a-b6567e29fb09 req-9d915a5d-e5f2-4d0b-a84a-b6567e29fb09 ] Request (InstanceActionsTestJSON:setUpClass): 200 GET http://10.180.1.21/compute/v2.1/servers/bfcf44be-531f-442e-af3c-19e80ecf8382 0.107s
2025-04-28 18:21:48.521 69556 INFO tempest.lib.common.rest_client [req-4132555d-777e-4236-9141-4f4a6ee81d0a req-4132555d-777e-4236-9141-4f4a6ee81d0a ] Request (DeleteServersAdminTestJSON:test_delete_server_while_in_error_state): 200 GET http://10.180.1.21/compute/v2.1/servers/d4426718-3e16-4e62-8613-642f3ede15bc 0.114s
2025-04-28 18:21:48.536 69552 INFO tempest.lib.common.rest_client [req-555db380-01b6-49e3-86af-d14860481056 req-555db380-01b6-49e3-86af-d14860481056 ] Request (ServersTestFqdnHostnames:test_create_server_with_fqdn_name): 200 GET http://10.180.1.21/compute/v2.1/servers/c53994ed-b194-4ad4-abdc-69d9b8248681 0.071s
2025-04-28 18:21:48.590 69526 INFO tempest.lib.common.rest_client [req-c5107329-1d9e-456f-87f2-ab4e954c5bf0 req-c5107329-1d9e-456f-87f2-ab4e954c5bf0 ] Request (ServersTestJSON:setUpClass): 200 GET http://10.180.1.21/compute/v2.1/servers/92594ac9-9eb3-477b-af00-ea6930a43cec 0.072s
2025-04-28 18:21:48.629 69580 INFO tempest.lib.common.rest_client [req-4d01d2e3-87d0-4d9c-927b-c10868cd4baa req-4d01d2e3-87d0-4d9c-927b-c10868cd4baa ] Request (SecurityGroupsTestJSON:test_list_security_groups_by_server): 200 GET http://10.180.1.21/compute/v2.1/servers/1ef48045-56cd-4809-a0f8-6ed80611121a 0.147s
2025-04-28 18:21:48.645 69536 INFO tempest.lib.common.rest_client [req-b155acca-5699-4800-8bb3-631badf74424 req-b155acca-5699-4800-8bb3-631badf74424 ] Request (ServersV294TestFqdnHostnames:setUpClass): 200 GET http://10.180.1.21/compute/v2.1/servers/1e4ef321-58b8-4403-8b07-c67a34fcbe74 0.105s
2025-04-28 18:21:48.679 69520 INFO tempest.lib.common.rest_client [req-6bc342ca-271b-4678-a919-ecc43abe24af req-6bc342ca-271b-4678-a919-ecc43abe24af ] Request (ServersAdminTestJSON:test_create_server_with_scheduling_hint): 200 GET http://10.180.1.21/compute/v2.1/servers/d9b56808-ce9b-4efa-ba03-f0ac88238e0e 0.114s
2025-04-28 18:21:48.694 69566 INFO tempest.lib.common.rest_client [req-42d1fe85-2566-4d3e-b2c8-caf1a49f4931 req-42d1fe85-2566-4d3e-b2c8-caf1a49f4931 ] Request (FloatingIPsAssociationNegativeTestJSON:setUpClass): 200 GET http://10.180.1.21/compute/v2.1/servers/416a4207-040b-4c00-aa43-1c7375f075e6 0.108s
2025-04-28 18:21:48.701 69566 INFO tempest.common.waiters [-] State transition "BUILD/None" ==> "BUILD/networking" after 64 second wait
2025-04-28 18:21:48.730 69562 INFO tempest.lib.common.rest_client [req-09b6aa34-2b80-4ed0-bf43-0b3fcbe70309 req-09b6aa34-2b80-4ed0-bf43-0b3fcbe70309 ] Request (ServersAdminNegativeTestJSON:setUpClass): 200 GET http://10.180.1.21/compute/v2.1/servers/e4bd44b1-19c4-4d31-9868-936745b1a96e 0.106s
2025-04-28 18:21:48.758 69578 INFO tempest.lib.common.rest_client [req-75d32123-9bac-4ce7-9d93-8f3c56467bd6 req-75d32123-9bac-4ce7-9d93-8f3c56467bd6 ] Request (ServersNegativeTestMultiTenantJSON:setUpClass): 200 GET http://10.180.1.21/compute/v2.1/servers/eccadef4-b455-44c3-9490-dce7aea80b22 0.104s
2025-04-28 18:21:48.788 69538 INFO tempest.lib.common.rest_client [req-9135f84e-3d2c-4cd3-9578-ff7b27d6a956 req-9135f84e-3d2c-4cd3-9578-ff7b27d6a956 ] Request (ServersAdmin275Test:test_rebuild_update_server_275): 200 GET http://10.180.1.21/compute/v2.1/servers/2cccb0a2-1e20-4696-8297-fb39b1e56c62 0.091s
2025-04-28 18:21:48.816 69534 INFO tempest.lib.common.rest_client [req-85e8cb0e-87ce-4a23-a214-dd4a716a7a74 req-85e8cb0e-87ce-4a23-a214-dd4a716a7a74 ] Request (ServerRescueTestJSONUnderV235:setUpClass): 200 GET http://10.180.1.21/compute/v2.1/servers/1f40acc5-76bd-4e02-9466-0a66f1d27ec3 0.085s
2025-04-28 18:21:48.845 69576 INFO tempest.lib.common.rest_client [req-bea807f4-d48a-4dfd-a15a-f932a94e40e9 req-bea807f4-d48a-4dfd-a15a-f932a94e40e9 ] Request (ImagesOneServerNegativeTestJSON:_run_cleanups): 200 GET http://10.180.1.21/compute/v2.1/servers/1edb65c1-6310-4d5d-ad06-5800093dfd70 0.079s
2025-04-28 18:21:48.874 69565 INFO tempest.lib.common.rest_client [req-b6d511a3-a0b6-4c9c-aeab-b81b9432cea0 req-b6d511a3-a0b6-4c9c-aeab-b81b9432cea0 ] Request (FloatingIPsAssociationTestJSON:test_associate_already_associated_floating_ip): 200 GET http://10.180.1.21/compute/v2.1/servers/3edd19c0-e0bb-441c-9980-72e60c66b4c5 0.077s
2025-04-28 18:21:48.915 69530 INFO tempest.lib.common.rest_client [req-f188c77f-f6e9-47a5-afdf-b49d51a1fbad req-f188c77f-f6e9-47a5-afdf-b49d51a1fbad ] Request (ServerActionsV293TestJSON:setUpClass): 200 GET http://10.180.1.21/compute/v2.1/servers/6ef5d98a-55d5-4f8e-9c32-fabc031ed6fe 0.074s
2025-04-28 18:21:48.962 69554 INFO tempest.lib.common.rest_client [req-483912d0-2291-43e9-9212-74db37798b5e req-483912d0-2291-43e9-9212-74db37798b5e ] Request (InstanceActionsV221TestJSON:test_get_list_deleted_instance_actions): 200 GET http://10.180.1.21/compute/v2.1/servers/e23198c9-fbfe-493d-8906-717c275f7e3b 0.080s
2025-04-28 18:21:48.976 69522 INFO tempest.lib.common.rest_client [req-639c9669-3cea-4477-b7c7-c932b62ae24f req-639c9669-3cea-4477-b7c7-c932b62ae24f ] Request (ServersNegativeTestJSON:setUpClass): 200 GET http://10.180.1.21/compute/v2.1/servers/9b9116ad-9dd6-4078-b35d-67267b2ad5ae 0.084s
2025-04-28 18:21:49.018 69524 INFO tempest.lib.common.rest_client [req-4cac4fab-6581-4728-b781-33cc69f1adcc req-4cac4fab-6581-4728-b781-33cc69f1adcc ] Request (ImagesTestJSON:test_create_image_from_suspended_server): 200 GET http://10.180.1.21/compute/v2.1/servers/60e63b59-407f-4605-9dbc-4cd777b744c1 0.060s
2025-04-28 18:21:49.292 69558 INFO tempest.lib.common.rest_client [req-743db0d9-0a6b-454f-bad2-8977db984fd3 req-743db0d9-0a6b-454f-bad2-8977db984fd3 ] Request (MultipleCreateTestJSON:test_multiple_create): 200 GET http://10.180.1.21/compute/v2.1/servers/d12e566f-9f5c-4cc9-ac43-52620a4c5f1b 0.241s
2025-04-28 18:21:49.407 69574 INFO tempest.lib.common.rest_client [req-45c71005-39f9-4667-b674-6a0e4069ad47 req-45c71005-39f9-4667-b674-6a0e4069ad47 ] Request (MigrationsAdminTest:test_list_migrations_in_flavor_resize_situation): 200 GET http://10.180.1.21/compute/v2.1/servers/69c3825d-e3a3-4b44-b23c-2e5ec5e9fd67 0.407s
2025-04-28 18:21:49.446 69542 INFO tempest.lib.common.rest_client [req-7ade0819-e388-40ea-8469-7f3001a408af req-7ade0819-e388-40ea-8469-7f3001a408af ] Request (ServerActionsTestJSON:setUpClass): 200 GET http://10.180.1.21/compute/v2.1/servers/e13d3108-71fe-4a5d-a5e0-8c9d20c8a9ca 0.340s
2025-04-28 18:21:49.458 69542 INFO tempest.common.waiters [-] State transition "BUILD/spawning" ==> "ACTIVE/None" after 69 second wait
2025-04-28 18:21:49.489 69560 INFO tempest.lib.common.rest_client [req-87015888-ed09-4439-8533-69ae293312df req-87015888-ed09-4439-8533-69ae293312df ] Request (ListServersNegativeTestJSON:setUpClass): 200 GET http://10.180.1.21/compute/v2.1/servers/d5640164-1ca1-4dec-ab5a-d6e99e181952 0.356s
2025-04-28 18:21:49.508 69546 INFO tempest.lib.common.rest_client [req-3bb4f621-2529-434f-9fb0-a16f751ed4f6 req-3bb4f621-2529-434f-9fb0-a16f751ed4f6 ] Request (AttachInterfacesUnderV243Test:test_add_remove_fixed_ip): 200 GET http://10.180.1.21/compute/v2.1/servers/17c14598-2c16-4443-9026-fd16c716bc67 0.323s
2025-04-28 18:21:49.545 69540 INFO tempest.lib.common.rest_client [req-9fe07733-c513-430f-9909-306467a30ef9 req-9fe07733-c513-430f-9909-306467a30ef9 ] Request (DeleteServersTestJSON:test_delete_active_server): 200 GET http://10.180.1.21/compute/v2.1/servers/cb003e45-9c77-45fc-a53a-a5d1a3421f3e 0.359s
2025-04-28 18:21:49.554 69572 INFO tempest.lib.common.rest_client [req-9295ef74-f236-4d1b-8388-fdd8aec84043 req-9295ef74-f236-4d1b-8388-fdd8aec84043 ] Request (ImagesOneServerTestJSON:test_create_image_specify_multibyte_character_image_name): 200 GET http://10.180.1.21/compute/v2.1/images/884ec008-e998-4eae-800f-aabf55ec74fe 0.321s
2025-04-28 18:21:49.660 69542 INFO tempest.lib.common.rest_client [req-c0844b19-bc4d-46cc-b230-a85bbd6b16e9 req-c0844b19-bc4d-46cc-b230-a85bbd6b16e9 ] Request (ServerActionsTestJSON:setUpClass): 200 GET http://10.180.1.21/compute/v2.1/servers/e13d3108-71fe-4a5d-a5e0-8c9d20c8a9ca/os-interface 0.201s
