2025-04-28 18:20:27.403 69578 INFO tempest.lib.common.rest_client [req-dc024d70-676e-4f26-acee-ca5d2515ddcc req-dc024d70-676e-4f26-acee-ca5d2515ddcc ] Request (FlavorsExtraSpecsTestJSON:test_flavor_set_get_update_show_unset_keys): 200 GET http://10.180.1.21/compute/v2.1/flavors/1782760846/os-extra_specs 1.742s
2025-04-28 18:20:27.411 69518 INFO tempest.lib.common.rest_client [req-1c030b22-0acb-41eb-ba55-5aa0e2770483 req-1c030b22-0acb-41eb-ba55-5aa0e2770483 ] Request (NetworksTest:setUpClass): 201 POST http://10.180.1.21/identity/v3/auth/tokens 0.093s
2025-04-28 18:20:27.427 69538 INFO tempest.lib.common.rest_client [req-2f361bf0-183b-48c7-b2b3-6df2e4da66b3 req-2f361bf0-183b-48c7-b2b3-6df2e4da66b3 ] Request (FlavorsExtraSpecsNegativeTestJSON:tearDownClass): 204 DELETE http://10.180.1.21/identity/v3/users/4e965ee93870482bbe77dda1c55c9f9a 0.119s
2025-04-28 18:20:27.451 69572 INFO tempest.lib.common.rest_client [req-7261b5eb-69ab-48fa-9a8f-8058ad4ebc2b req-7261b5eb-69ab-48fa-9a8f-8058ad4ebc2b ] Request (ImagesOneServerTestJSON:setUpClass): 202 POST http://10.180.1.21/compute/v2.1/servers 2.155s
2025-04-28 18:20:27.498 69580 INFO tempest.lib.common.rest_client [req-4d3ea8fa-d703-475f-8d9d-d548364ba1b0 req-4d3ea8fa-d703-475f-8d9d-d548364ba1b0 ] Request (QuotasAdminTestV236:tearDownClass): 204 DELETE http://10.180.1.21/identity/v3/projects/6cb2036d96b243b5bf89e5cb60ac5820 0.166s
2025-04-28 18:20:27.499 69580 INFO tempest.lib.common.dynamic_creds [-] Deleting project and security group for project: ff4069570cdb4f558ca6a2cdc67e25a2
2025-04-28 18:20:27.561 69530 INFO tempest.lib.common.rest_client [req-4009b01c-2cce-42c5-adf6-20fe986ad54f req-4009b01c-2cce-42c5-adf6-20fe986ad54f ] Request (HostsAdminNegativeTestJSON:tearDownClass): 200 GET http://10.180.1.21:9696/networking/v2.0/security-groups?tenant_id=40c0684776554a229657cc5dbd1bca83&name=default 0.301s
2025-04-28 18:20:27.570 69532 INFO tempest.lib.common.rest_client [req-85f2cbbe-ff2b-4126-a521-a98b07365606 req-85f2cbbe-ff2b-4126-a521-a98b07365606 ] Request (ServicesAdminNegativeTestJSON:tearDownClass): 200 GET http://10.180.1.21:9696/networking/v2.0/security-groups?tenant_id=2c81952c188b4c49b77f2a4f83b6ab65&name=default 0.728s
2025-04-28 18:20:27.590 69518 INFO tempest.lib.common.rest_client [req-18727fe2-c582-43f0-a4f2-0952424b84ac req-18727fe2-c582-43f0-a4f2-0952424b84ac ] Request (NetworksTest:setUpClass): 200 GET http://10.180.1.21/identity/v3/domains?name=Default 0.178s
2025-04-28 18:20:27.626 69518 INFO tempest.lib.common.rest_client [req-b04b9e46-75e7-45df-be67-42443ec25fff req-b04b9e46-75e7-45df-be67-42443ec25fff ] Request (NetworksTest:setUpClass): 201 POST http://10.180.1.21/identity/v3/projects 0.035s
2025-04-28 18:20:27.689 69538 INFO tempest.lib.common.rest_client [req-281eb4f3-8bf9-435a-95a0-ec0b5ca4c0d0 req-281eb4f3-8bf9-435a-95a0-ec0b5ca4c0d0 ] Request (FlavorsExtraSpecsNegativeTestJSON:tearDownClass): 204 DELETE http://10.180.1.21/identity/v3/users/01d184056a8149e98761c873ed7d89f8 0.261s
2025-04-28 18:20:27.689 69538 INFO tempest.lib.common.dynamic_creds [-] Deleting project and security group for project: b236b24374c0408f96e193a5a27bc5e4
2025-04-28 18:20:27.750 69518 INFO tempest.lib.common.rest_client [req-736beb98-1bb1-4e75-82fe-1092f273a616 req-736beb98-1bb1-4e75-82fe-1092f273a616 ] Request (NetworksTest:setUpClass): 201 POST http://10.180.1.21/identity/v3/users 0.124s
2025-04-28 18:20:27.773 69538 INFO tempest.lib.common.rest_client [req-f5003ca4-6eed-44d3-9b3a-a67c8ae8dad0 req-f5003ca4-6eed-44d3-9b3a-a67c8ae8dad0 ] Request (FlavorsExtraSpecsNegativeTestJSON:tearDownClass): 201 POST http://10.180.1.21/identity/v3/auth/tokens 0.083s
2025-04-28 18:20:27.804 69518 INFO tempest.lib.common.rest_client [req-13363d8b-5f0f-4100-b91a-41edd4c80cc3 req-13363d8b-5f0f-4100-b91a-41edd4c80cc3 ] Request (NetworksTest:setUpClass): 200 GET http://10.180.1.21/identity/v3/roles 0.053s
2025-04-28 18:20:27.832 69574 INFO tempest.lib.common.rest_client [req-6473c959-ae89-4e3c-a974-e8e7c5490d0e req-6473c959-ae89-4e3c-a974-e8e7c5490d0e ] Request (MigrationsAdminTest:test_list_migrations_in_flavor_resize_situation): 200 GET http://10.180.1.21/compute/v2.1/servers/69c3825d-e3a3-4b44-b23c-2e5ec5e9fd67 1.925s
2025-04-28 18:20:27.840 69574 INFO tempest.common.waiters [-] State transition "BUILD/networking" ==> "BUILD/spawning" after 12 second wait
2025-04-28 18:20:27.858 69518 INFO tempest.lib.common.rest_client [req-692ff0f8-59f0-4222-9a02-7355a016a18e req-692ff0f8-59f0-4222-9a02-7355a016a18e ] Request (NetworksTest:setUpClass): 204 PUT http://10.180.1.21/identity/v3/projects/8a63886a1401499faea18410c3a4f76b/users/eb9668d443114a81b810421a0258177d/roles/108c38d73494402a8b619c51d60fb3f9 0.053s
2025-04-28 18:20:27.859 69518 INFO tempest.lib.common.dynamic_creds [-] Dynamic test user eb9668d443114a81b810421a0258177d is created with scope project and roles: ['member']
2025-04-28 18:20:27.859 69518 INFO tempest.lib.common.dynamic_creds [-] Acquired dynamic creds: credentials: Credentials: {'domain_id': 'default', 'domain_name': 'Default', 'username': 'tempest-NetworksTest-1894997631-project-member', 'project_domain_id': 'default', 'project_domain_name': 'Default', 'project_id': '8a63886a1401499faea18410c3a4f76b', 'project_name': 'tempest-NetworksTest-1894997631', 'tenant_id': '8a63886a1401499faea18410c3a4f76b', 'tenant_name': 'tempest-NetworksTest-1894997631', 'user_domain_id': 'default', 'user_domain_name': 'Default', 'user_id': 'eb9668d443114a81b810421a0258177d', 'system': None}, Network: None, Subnet: None, Router: None
2025-04-28 18:20:27.860 69518 INFO tempest.lib.common.dynamic_creds [-] Created isolated network resources for: credentials: Credentials: {'domain_id': 'default', 'domain_name': 'Default', 'username': 'tempest-NetworksTest-1894997631-project-member', 'project_domain_id': 'default', 'project_domain_name': 'Default', 'project_id': '8a63886a1401499faea18410c3a4f76b', 'project_name': 'tempest-NetworksTest-1894997631', 'tenant_id': '8a63886a1401499faea18410c3a4f76b', 'tenant_name': 'tempest-NetworksTest-1894997631', 'user_domain_id': 'default', 'user_domain_name': 'Default', 'user_id': 'eb9668d443114a81b810421a0258177d', 'system': None}, Network: None, Subnet: None, Router: None
2025-04-28 18:20:27.886 69554 INFO tempest.lib.common.rest_client [req-61619db5-f0e7-4f6e-a2a5-e022c0a777c2 req-61619db5-f0e7-4f6e-a2a5-e022c0a777c2 ] Request (InstanceActionsV221TestJSON:setUpClass): 200 PUT http://10.180.1.21:9696/networking/v2.0/routers/f91ecec5-0485-4d9c-873c-22414dfbc74c/add_router_interface 3.534s
2025-04-28 18:20:27.887 69554 INFO tempest.lib.common.dynamic_creds [-] Created isolated network resources for: credentials: Credentials: {'domain_id': 'default', 'domain_name': 'Default', 'username': 'tempest-InstanceActionsV221TestJSON-1843120008-project-member', 'project_domain_id': 'default', 'project_domain_name': 'Default', 'project_id': '919012642f37416aadf68ce92ae3a9b9', 'project_name': 'tempest-InstanceActionsV221TestJSON-1843120008', 'tenant_id': '919012642f37416aadf68ce92ae3a9b9', 'tenant_name': 'tempest-InstanceActionsV221TestJSON-1843120008', 'user_domain_id': 'default', 'user_domain_name': 'Default', 'user_id': 'fe0cfcaeb64d4cbea73ad385b8184236', 'system': None}, Network: {'id': 'f0c48749-d658-4ca3-967b-68c1cbd0fd96', 'name': 'tempest-InstanceActionsV221TestJSON-304154309-network', 'tenant_id': '919012642f37416aadf68ce92ae3a9b9', 'admin_state_up': True, 'mtu': 8950, 'status': 'ACTIVE', 'subnets': [], 'shared': False, 'project_id': '919012642f37416aadf68ce92ae3a9b9', 'port_security_enabled': True, 'router:external': False, 'provider:network_type': 'vlan', 'provider:physical_network': 'default', 'provider:segmentation_id': 75, 'availability_zone_hints': [], 'availability_zones': [], 'ipv4_address_scope': None, 'ipv6_address_scope': None, 'description': '', 'tags': [], 'created_at': '2025-04-28T18:20:21Z', 'updated_at': '2025-04-28T18:20:21Z', 'revision_number': 1}, Subnet: {'id': '48219e8a-742f-457b-bb92-8bdbf1ea5be3', 'name': 'tempest-InstanceActionsV221TestJSON-304154309-subnet', 'tenant_id': '919012642f37416aadf68ce92ae3a9b9', 'network_id': 'f0c48749-d658-4ca3-967b-68c1cbd0fd96', 'ip_version': 4, 'subnetpool_id': None, 'enable_dhcp': True, 'ipv6_ra_mode': None, 'ipv6_address_mode': None, 'gateway_ip': '192.168.128.1', 'cidr': '192.168.128.0/28', 'allocation_pools': [{'start': '192.168.128.2', 'end': '192.168.128.14'}], 'host_routes': [], 'dns_nameservers': [], 'description': '', 'router:external': False, 'service_types': [], 'tags': [], 'created_at': '2025-04-28T18:20:21Z', 'updated_at': '2025-04-28T18:20:21Z', 'revision_number': 0, 'project_id': '919012642f37416aadf68ce92ae3a9b9'}, Router: {'id': 'f91ecec5-0485-4d9c-873c-22414dfbc74c', 'name': 'tempest-InstanceActionsV221TestJSON-304154309-router', 'tenant_id': '919012642f37416aadf68ce92ae3a9b9', 'admin_state_up': True, 'status': 'ACTIVE', 'external_gateway_info': {'network_id': '10234a4e-3a1c-451f-a3a4-4ab616815871', 'external_fixed_ips': [{'subnet_id': 'a3be0249-4c71-476f-b475-0babce468bc6', 'ip_address': '10.180.180.221'}], 'enable_snat': True}, 'description': '', 'availability_zones': [], 'distributed': False, 'ha': False, 'availability_zone_hints': [], 'routes': [], 'flavor_id': None, 'tags': [], 'created_at': '2025-04-28T18:20:21Z', 'updated_at': '2025-04-28T18:20:22Z', 'revision_number': 2, 'project_id': '919012642f37416aadf68ce92ae3a9b9'}
2025-04-28 18:20:27.887 69532 INFO tempest.lib.common.rest_client [req-9e6474ef-ad26-4b93-b727-90ce71e18ae0 req-9e6474ef-ad26-4b93-b727-90ce71e18ae0 ] Request (ServicesAdminNegativeTestJSON:tearDownClass): 204 DELETE http://10.180.1.21:9696/networking/v2.0/security-groups/8b51d687-005e-4ad6-bd38-509f4437be9a 0.317s
2025-04-28 18:20:27.893 69580 INFO tempest.lib.common.rest_client [req-ac4e4056-3ad6-448e-b398-8f82e0e7943c req-ac4e4056-3ad6-448e-b398-8f82e0e7943c ] Request (QuotasAdminTestV236:tearDownClass): 200 GET http://10.180.1.21:9696/networking/v2.0/security-groups?tenant_id=ff4069570cdb4f558ca6a2cdc67e25a2&name=default 0.394s
2025-04-28 18:20:27.961 69518 INFO tempest.lib.common.rest_client [req-40c11bd4-f2f2-4086-b907-4fcab493044a req-40c11bd4-f2f2-4086-b907-4fcab493044a ] Request (NetworksTest:setUpClass): 201 POST http://10.180.1.21/identity/v3/auth/tokens 0.094s
2025-04-28 18:20:27.980 69530 INFO tempest.lib.common.rest_client [req-0de68b52-211e-47ed-b97d-be8b50ad34ee req-0de68b52-211e-47ed-b97d-be8b50ad34ee ] Request (HostsAdminNegativeTestJSON:tearDownClass): 204 DELETE http://10.180.1.21:9696/networking/v2.0/security-groups/17ab09fe-fa8c-4e87-9269-ab6d919860c7 0.418s
2025-04-28 18:20:28.069 69532 INFO tempest.lib.common.rest_client [req-150466e2-fc2f-411f-b27c-bd0a728bbbf2 req-150466e2-fc2f-411f-b27c-bd0a728bbbf2 ] Request (ServicesAdminNegativeTestJSON:tearDownClass): 204 DELETE http://10.180.1.21/identity/v3/projects/2c81952c188b4c49b77f2a4f83b6ab65 0.181s
2025-04-28 18:20:28.069 69532 INFO tempest.lib.common.dynamic_creds [-] Deleting project and security group for project: 34134d0cbb154bcca35926e7ff1b482f
2025-04-28 18:20:28.080 69554 INFO tempest.lib.common.rest_client [req-9aebe169-af2a-45a6-aef5-56556c66dec4 req-9aebe169-af2a-45a6-aef5-56556c66dec4 ] Request (InstanceActionsV221TestJSON:setUpClass): 201 POST http://10.180.1.21/identity/v3/auth/tokens 0.184s
2025-04-28 18:20:28.150 69518 INFO tempest.lib.common.rest_client [req-ce267e36-d0cd-49f5-ba9a-1b2cbc57440f req-ce267e36-d0cd-49f5-ba9a-1b2cbc57440f ] Request (NetworksTest:setUpClass): 201 POST http://10.180.1.21/identity/v3/projects 0.188s
2025-04-28 18:20:28.203 69554 INFO tempest.lib.common.rest_client [req-6d185af6-67f3-4a74-a29d-1dbdce9915d3 req-6d185af6-67f3-4a74-a29d-1dbdce9915d3 ] Request (InstanceActionsV221TestJSON:test_get_list_deleted_instance_actions): 201 POST http://10.180.1.21/identity/v3/auth/tokens 0.118s
2025-04-28 18:20:28.204 69554 INFO tempest.lib.common.fixed_network [-] (InstanceActionsV221TestJSON:test_get_list_deleted_instance_actions) Found network {'id': 'f0c48749-d658-4ca3-967b-68c1cbd0fd96', 'name': 'tempest-InstanceActionsV221TestJSON-304154309-network', 'tenant_id': '919012642f37416aadf68ce92ae3a9b9', 'admin_state_up': True, 'mtu': 8950, 'status': 'ACTIVE', 'subnets': [], 'shared': False, 'project_id': '919012642f37416aadf68ce92ae3a9b9', 'port_security_enabled': True, 'router:external': False, 'provider:network_type': 'vlan', 'provider:physical_network': 'default', 'provider:segmentation_id': 75, 'availability_zone_hints': [], 'availability_zones': [], 'ipv4_address_scope': None, 'ipv6_address_scope': None, 'description': '', 'tags': [], 'created_at': '2025-04-28T18:20:21Z', 'updated_at': '2025-04-28T18:20:21Z', 'revision_number': 1} available for tenant
2025-04-28 18:20:28.222 69530 INFO tempest.lib.common.rest_client [req-9a9a1656-e7f3-4ae6-bd2e-aa985caff9eb req-9a9a1656-e7f3-4ae6-bd2e-aa985caff9eb ] Request (HostsAdminNegativeTestJSON:tearDownClass): 204 DELETE http://10.180.1.21/identity/v3/projects/40c0684776554a229657cc5dbd1bca83 0.241s
2025-04-28 18:20:28.235 69546 INFO tempest.lib.common.rest_client [req-a28be99d-d8e9-44ae-8b15-108a811e5545 req-a28be99d-d8e9-44ae-8b15-108a811e5545 ] Request (QuotasAdminNegativeTest:test_create_server_when_memory_quota_is_full): 403 POST http://10.180.1.21/compute/v2.1/servers 2.217s
2025-04-28 18:20:28.265 69548 INFO tempest.lib.common.rest_client [req-4c9c1f0f-d926-441a-a808-e189f5ec9915 req-4c9c1f0f-d926-441a-a808-e189f5ec9915 ] Request (AggregatesAdminNegativeTestJSON:_run_cleanups): 200 DELETE http://10.180.1.21/compute/v2.1/os-aggregates/3 2.115s
2025-04-28 18:20:28.283 69580 INFO tempest.lib.common.rest_client [req-b61b30f8-b8c7-4246-a5a1-cfa30e292554 req-b61b30f8-b8c7-4246-a5a1-cfa30e292554 ] Request (QuotasAdminTestV236:tearDownClass): 204 DELETE http://10.180.1.21:9696/networking/v2.0/security-groups/928521d3-4845-4989-bd5a-de46722dc895 0.387s
2025-04-28 18:20:28.287 69566 INFO tempest.lib.common.rest_client [req-39f88155-1a65-4620-a942-80aa2240c44f req-39f88155-1a65-4620-a942-80aa2240c44f ] Request (FlavorsV2TestJSON:test_list_flavors_using_marker): 200 GET http://10.180.1.21/compute/v2.1/flavors/42 2.069s
2025-04-28 18:20:28.289 69530 INFO tempest.lib.common.rest_client [req-8332c646-d108-4b35-946c-891d6420e8f8 req-8332c646-d108-4b35-946c-891d6420e8f8 ] Request (QuotasSecurityGroupAdminNegativeTest:setUpClass): 201 POST http://10.180.1.21/identity/v3/auth/tokens 0.066s
2025-04-28 18:20:28.313 69518 INFO tempest.lib.common.rest_client [req-fa790b4c-655f-4ad4-8400-3f091b1aa0e6 req-fa790b4c-655f-4ad4-8400-3f091b1aa0e6 ] Request (NetworksTest:setUpClass): 201 POST http://10.180.1.21/identity/v3/users 0.163s
2025-04-28 18:20:28.345 69568 INFO tempest.lib.common.rest_client [req-a011dc95-e23e-48ed-bb9e-7e5b18d219ec req-a011dc95-e23e-48ed-bb9e-7e5b18d219ec ] Request (AttachInterfacesTestJSON:setUpClass): 201 POST http://10.180.1.21:9696/networking/v2.0/networks 1.001s
2025-04-28 18:20:28.349 69538 INFO tempest.lib.common.rest_client [req-b14160c1-3452-4363-8d31-a5dd4da8f33b req-b14160c1-3452-4363-8d31-a5dd4da8f33b ] Request (FlavorsExtraSpecsNegativeTestJSON:tearDownClass): 200 GET http://10.180.1.21:9696/networking/v2.0/security-groups?tenant_id=b236b24374c0408f96e193a5a27bc5e4&name=default 0.576s
2025-04-28 18:20:28.361 69580 INFO tempest.lib.common.rest_client [req-6861ce58-758e-4c31-a487-1e1587abc00d req-6861ce58-758e-4c31-a487-1e1587abc00d ] Request (QuotasAdminTestV236:tearDownClass): 204 DELETE http://10.180.1.21/identity/v3/projects/ff4069570cdb4f558ca6a2cdc67e25a2 0.078s
2025-04-28 18:20:28.381 69530 INFO tempest.lib.common.rest_client [req-60cbae41-113c-4147-a110-eb4a4f9f15f8 req-60cbae41-113c-4147-a110-eb4a4f9f15f8 ] Request (QuotasSecurityGroupAdminNegativeTest:setUpClass): 201 POST http://10.180.1.21/identity/v3/auth/tokens 0.085s
2025-04-28 18:20:28.416 69532 INFO tempest.lib.common.rest_client [req-de51a4f8-f34c-448e-98cc-ff38cda83464 req-de51a4f8-f34c-448e-98cc-ff38cda83464 ] Request (ServicesAdminNegativeTestJSON:tearDownClass): 200 GET http://10.180.1.21:9696/networking/v2.0/security-groups?tenant_id=34134d0cbb154bcca35926e7ff1b482f&name=default 0.346s
2025-04-28 18:20:28.426 69580 INFO tempest.lib.common.rest_client [req-455a3bf8-4f27-4a95-8d84-477a878f2c17 req-455a3bf8-4f27-4a95-8d84-477a878f2c17 ] Request (SecurityGroupsTestJSON:setUpClass): 201 POST http://10.180.1.21/identity/v3/auth/tokens 0.063s
2025-04-28 18:20:28.441 69518 INFO tempest.lib.common.rest_client [req-949378cb-6f66-4a24-b0fa-0b9e7bd2b852 req-949378cb-6f66-4a24-b0fa-0b9e7bd2b852 ] Request (NetworksTest:setUpClass): 200 GET http://10.180.1.21/identity/v3/roles 0.127s
2025-04-28 18:20:28.458 69530 INFO tempest.lib.common.rest_client [req-5c4628c5-715b-47ad-9686-f1b3c626ca7e req-5c4628c5-715b-47ad-9686-f1b3c626ca7e ] Request (QuotasSecurityGroupAdminNegativeTest:setUpClass): 200 GET http://10.180.1.21/identity/v3/domains?name=Default 0.076s
2025-04-28 18:20:28.466 69580 INFO tempest.lib.common.rest_client [req-d753b9f9-599d-438e-a93b-94bf0b0c3032 req-d753b9f9-599d-438e-a93b-94bf0b0c3032 ] Request (SecurityGroupsTestJSON:setUpClass): 201 POST http://10.180.1.21/identity/v3/auth/tokens 0.036s
2025-04-28 18:20:28.479 69544 INFO tempest.lib.common.rest_client [req-37002bae-57e3-45fd-a63d-a7d1da3653cf req-37002bae-57e3-45fd-a63d-a7d1da3653cf ] Request (ServersWithSpecificFlavorTestJSON:test_verify_created_server_ephemeral_disk): 202 POST http://10.180.1.21/compute/v2.1/servers 2.710s
2025-04-28 18:20:28.482 69518 INFO tempest.lib.common.rest_client [req-bd044b45-6d77-4a60-8817-30be0f63ebdb req-bd044b45-6d77-4a60-8817-30be0f63ebdb ] Request (NetworksTest:setUpClass): 204 PUT http://10.180.1.21/identity/v3/projects/9cf2cfe5fbfb4e3398711a1a490fc585/users/5b40f078723e46d18899e5e3de339ada/roles/0a87f2d73b964f6baa1b309b42f5867f 0.041s
2025-04-28 18:20:28.491 69530 INFO tempest.lib.common.rest_client [req-c44e22ec-43a6-4fbc-ba54-2b40e17f1a0c req-c44e22ec-43a6-4fbc-ba54-2b40e17f1a0c ] Request (QuotasSecurityGroupAdminNegativeTest:setUpClass): 201 POST http://10.180.1.21/identity/v3/projects 0.032s
2025-04-28 18:20:28.539 69518 INFO tempest.lib.common.rest_client [req-de55d645-aab9-4f81-8282-21468335893d req-de55d645-aab9-4f81-8282-21468335893d ] Request (NetworksTest:setUpClass): 200 GET http://10.180.1.21/identity/v3/roles 0.056s
2025-04-28 18:20:28.562 69530 INFO tempest.lib.common.rest_client [req-40804fc0-024e-4708-b7d6-13bc0e6d366a req-40804fc0-024e-4708-b7d6-13bc0e6d366a ] Request (QuotasSecurityGroupAdminNegativeTest:setUpClass): 201 POST http://10.180.1.21/identity/v3/users 0.070s
2025-04-28 18:20:28.575 69518 INFO tempest.lib.common.rest_client [req-b4ce2109-e5da-48b9-9e9b-7ce2c05680df req-b4ce2109-e5da-48b9-9e9b-7ce2c05680df ] Request (NetworksTest:setUpClass): 204 PUT http://10.180.1.21/identity/v3/projects/9cf2cfe5fbfb4e3398711a1a490fc585/users/5b40f078723e46d18899e5e3de339ada/roles/0a87f2d73b964f6baa1b309b42f5867f 0.035s
2025-04-28 18:20:28.575 69518 INFO tempest.lib.common.dynamic_creds [-] Dynamic test user 5b40f078723e46d18899e5e3de339ada is created with scope project and roles: ['admin']
2025-04-28 18:20:28.575 69518 INFO tempest.lib.common.dynamic_creds [-] Acquired dynamic creds: credentials: Credentials: {'domain_id': 'default', 'domain_name': 'Default', 'username': 'tempest-NetworksTest-1800034503-project-admin', 'project_domain_id': 'default', 'project_domain_name': 'Default', 'project_id': '9cf2cfe5fbfb4e3398711a1a490fc585', 'project_name': 'tempest-NetworksTest-1800034503', 'tenant_id': '9cf2cfe5fbfb4e3398711a1a490fc585', 'tenant_name': 'tempest-NetworksTest-1800034503', 'user_domain_id': 'default', 'user_domain_name': 'Default', 'user_id': '5b40f078723e46d18899e5e3de339ada', 'system': None}, Network: None, Subnet: None, Router: None
2025-04-28 18:20:28.575 69518 INFO tempest.lib.common.dynamic_creds [-] Created isolated network resources for: credentials: Credentials: {'domain_id': 'default', 'domain_name': 'Default', 'username': 'tempest-NetworksTest-1800034503-project-admin', 'project_domain_id': 'default', 'project_domain_name': 'Default', 'project_id': '9cf2cfe5fbfb4e3398711a1a490fc585', 'project_name': 'tempest-NetworksTest-1800034503', 'tenant_id': '9cf2cfe5fbfb4e3398711a1a490fc585', 'tenant_name': 'tempest-NetworksTest-1800034503', 'user_domain_id': 'default', 'user_domain_name': 'Default', 'user_id': '5b40f078723e46d18899e5e3de339ada', 'system': None}, Network: None, Subnet: None, Router: None
2025-04-28 18:20:28.577 69580 INFO tempest.lib.common.rest_client [req-75cea993-d62e-4da8-95c6-0da8dbf947ba req-75cea993-d62e-4da8-95c6-0da8dbf947ba ] Request (SecurityGroupsTestJSON:setUpClass): 200 GET http://10.180.1.21/identity/v3/domains?name=Default 0.110s
2025-04-28 18:20:28.623 69530 INFO tempest.lib.common.rest_client [req-3ae7ba70-5f1e-4d05-bdb8-30e584e5e592 req-3ae7ba70-5f1e-4d05-bdb8-30e584e5e592 ] Request (QuotasSecurityGroupAdminNegativeTest:setUpClass): 200 GET http://10.180.1.21/identity/v3/roles 0.060s
2025-04-28 18:20:28.648 69580 INFO tempest.lib.common.rest_client [req-4bb9614f-9bd6-4378-9baf-46d990dde0e6 req-4bb9614f-9bd6-4378-9baf-46d990dde0e6 ] Request (SecurityGroupsTestJSON:setUpClass): 201 POST http://10.180.1.21/identity/v3/projects 0.070s
2025-04-28 18:20:28.718 69570 INFO tempest.lib.common.rest_client [req-dec709ce-5d58-4227-90b6-25aef6ec226b req-dec709ce-5d58-4227-90b6-25aef6ec226b ] Request (ListImageFiltersTestJSON:setUpClass): 202 POST http://10.180.1.21/compute/v2.1/servers 2.489s
2025-04-28 18:20:28.755 69518 INFO tempest.lib.common.rest_client [req-9440ebd5-ca98-46b2-b769-37779f20ec64 req-9440ebd5-ca98-46b2-b769-37779f20ec64 ] Request (NetworksTest:setUpClass): 201 POST http://10.180.1.21/identity/v3/auth/tokens 0.174s
2025-04-28 18:20:28.764 69530 INFO tempest.lib.common.rest_client [req-61199ee7-1076-4898-89e3-a3af44e76b51 req-61199ee7-1076-4898-89e3-a3af44e76b51 ] Request (QuotasSecurityGroupAdminNegativeTest:setUpClass): 204 PUT http://10.180.1.21/identity/v3/projects/abf3d7c1f7d64d7eb7998115b66b6206/users/b8efe8ab20e64b4788d213ccc18c9ca1/roles/108c38d73494402a8b619c51d60fb3f9 0.141s
2025-04-28 18:20:28.764 69530 INFO tempest.lib.common.dynamic_creds [-] Dynamic test user b8efe8ab20e64b4788d213ccc18c9ca1 is created with scope project and roles: ['member']
2025-04-28 18:20:28.764 69530 INFO tempest.lib.common.dynamic_creds [-] Acquired dynamic creds: credentials: Credentials: {'domain_id': 'default', 'domain_name': 'Default', 'username': 'tempest-QuotasSecurityGroupAdminNegativeTest-2046505711-project-member', 'project_domain_id': 'default', 'project_domain_name': 'Default', 'project_id': 'abf3d7c1f7d64d7eb7998115b66b6206', 'project_name': 'tempest-QuotasSecurityGroupAdminNegativeTest-2046505711', 'tenant_id': 'abf3d7c1f7d64d7eb7998115b66b6206', 'tenant_name': 'tempest-QuotasSecurityGroupAdminNegativeTest-2046505711', 'user_domain_id': 'default', 'user_domain_name': 'Default', 'user_id': 'b8efe8ab20e64b4788d213ccc18c9ca1', 'system': None}, Network: None, Subnet: None, Router: None
2025-04-28 18:20:28.765 69530 INFO tempest.lib.common.dynamic_creds [-] Created isolated network resources for: credentials: Credentials: {'domain_id': 'default', 'domain_name': 'Default', 'username': 'tempest-QuotasSecurityGroupAdminNegativeTest-2046505711-project-member', 'project_domain_id': 'default', 'project_domain_name': 'Default', 'project_id': 'abf3d7c1f7d64d7eb7998115b66b6206', 'project_name': 'tempest-QuotasSecurityGroupAdminNegativeTest-2046505711', 'tenant_id': 'abf3d7c1f7d64d7eb7998115b66b6206', 'tenant_name': 'tempest-QuotasSecurityGroupAdminNegativeTest-2046505711', 'user_domain_id': 'default', 'user_domain_name': 'Default', 'user_id': 'b8efe8ab20e64b4788d213ccc18c9ca1', 'system': None}, Network: None, Subnet: None, Router: None
2025-04-28 18:20:28.775 69536 INFO tempest.lib.common.rest_client [req-fa1d5072-2629-4840-9dd6-2e0085f79e53 req-fa1d5072-2629-4840-9dd6-2e0085f79e53 ] Request (SecurityGroupRulesTestJSON:test_security_group_rules_create_with_optional_group_id): 200 POST http://10.180.1.21/compute/v2.1/os-security-groups 2.266s
2025-04-28 18:20:28.798 69532 INFO tempest.lib.common.rest_client [req-c240bb31-d606-49e1-931b-b5d31e63c29f req-c240bb31-d606-49e1-931b-b5d31e63c29f ] Request (ServicesAdminNegativeTestJSON:tearDownClass): 204 DELETE http://10.180.1.21:9696/networking/v2.0/security-groups/387f5d30-f9e9-4af5-a833-a7fb829aaccc 0.381s
2025-04-28 18:20:28.826 69538 INFO tempest.lib.common.rest_client [req-d0c9d958-6ad4-4cde-ade0-7f7c418edcc7 req-d0c9d958-6ad4-4cde-ade0-7f7c418edcc7 ] Request (FlavorsExtraSpecsNegativeTestJSON:tearDownClass): 204 DELETE http://10.180.1.21:9696/networking/v2.0/security-groups/5f80c1e1-d55d-408c-96b4-c5206b7472bc 0.476s
2025-04-28 18:20:28.837 69570 INFO tempest.lib.common.rest_client [req-948ac93b-84d1-4a0f-b3e9-51ce715a883f req-948ac93b-84d1-4a0f-b3e9-51ce715a883f ] Request (ListImageFiltersTestJSON:setUpClass): 201 POST http://10.180.1.21/identity/v3/auth/tokens 0.110s
2025-04-28 18:20:28.837 69570 INFO tempest.lib.common.fixed_network [-] (ListImageFiltersTestJSON:setUpClass) Found network None available for tenant
2025-04-28 18:20:28.856 69580 INFO tempest.lib.common.rest_client [req-96f997cd-fe33-45f5-b5ac-81494d50d8b3 req-96f997cd-fe33-45f5-b5ac-81494d50d8b3 ] Request (SecurityGroupsTestJSON:setUpClass): 201 POST http://10.180.1.21/identity/v3/users 0.208s
2025-04-28 18:20:28.950 69530 INFO tempest.lib.common.rest_client [req-f4e8f53a-5fbf-41ab-a020-33bfa2f94fb0 req-f4e8f53a-5fbf-41ab-a020-33bfa2f94fb0 ] Request (QuotasSecurityGroupAdminNegativeTest:setUpClass): 201 POST http://10.180.1.21/identity/v3/auth/tokens 0.181s
2025-04-28 18:20:28.969 69532 INFO tempest.lib.common.rest_client [req-d18c6b4b-b63d-4178-978a-0969bed802fa req-d18c6b4b-b63d-4178-978a-0969bed802fa ] Request (ServicesAdminNegativeTestJSON:tearDownClass): 204 DELETE http://10.180.1.21/identity/v3/projects/34134d0cbb154bcca35926e7ff1b482f 0.171s
2025-04-28 18:20:29.021 69560 INFO tempest.lib.common.rest_client [req-2816bb65-1290-4436-96c5-d910e2fe0891 req-2816bb65-1290-4436-96c5-d910e2fe0891 ] Request (ListServersNegativeTestJSON:setUpClass): 200 GET http://10.180.1.21/compute/v2.1/servers/0284f77b-b5c3-477e-bd98-cda294fe34d1 2.070s
2025-04-28 18:20:29.053 69580 INFO tempest.lib.common.rest_client [req-fef12924-9dfe-41d5-9296-d5f4b05656ae req-fef12924-9dfe-41d5-9296-d5f4b05656ae ] Request (SecurityGroupsTestJSON:setUpClass): 200 GET http://10.180.1.21/identity/v3/roles 0.196s
2025-04-28 18:20:29.069 69538 INFO tempest.lib.common.rest_client [req-194fcce6-f74a-4db7-8f46-6a23becf7312 req-194fcce6-f74a-4db7-8f46-6a23becf7312 ] Request (FlavorsExtraSpecsNegativeTestJSON:tearDownClass): 204 DELETE http://10.180.1.21/identity/v3/projects/b236b24374c0408f96e193a5a27bc5e4 0.242s
2025-04-28 18:20:29.069 69538 INFO tempest.lib.common.dynamic_creds [-] Deleting project and security group for project: b2b314728c6e4cde9476b9967cb227a1
2025-04-28 18:20:29.091 69568 INFO tempest.lib.common.rest_client [req-6527cb6f-6dc1-4076-ab5c-ab908c2a642a req-6527cb6f-6dc1-4076-ab5c-ab908c2a642a ] Request (AttachInterfacesTestJSON:setUpClass): 201 POST http://10.180.1.21:9696/networking/v2.0/subnets 0.746s
2025-04-28 18:20:29.139 69520 INFO tempest.lib.common.rest_client [req-6ef15d3f-7dc5-4eb6-a0d9-5cdf12ba00a3 req-6ef15d3f-7dc5-4eb6-a0d9-5cdf12ba00a3 ] Request (ServersAdminTestJSON:setUpClass): 200 GET http://10.180.1.21/compute/v2.1/servers/b6c3fc33-d92d-4b77-9e3f-f6c0466967ed 2.010s
2025-04-28 18:20:29.141 69530 INFO tempest.lib.common.rest_client [req-c23470ad-8625-4257-bace-ae2bfb0ce73a req-c23470ad-8625-4257-bace-ae2bfb0ce73a ] Request (QuotasSecurityGroupAdminNegativeTest:setUpClass): 201 POST http://10.180.1.21/identity/v3/projects 0.191s
2025-04-28 18:20:29.148 69532 INFO tempest.lib.common.rest_client [req-a3971762-ea70-46de-9fdd-e600328892a6 req-a3971762-ea70-46de-9fdd-e600328892a6 ] Request (InstanceActionsTestJSON:setUpClass): 201 POST http://10.180.1.21/identity/v3/auth/tokens 0.177s
2025-04-28 18:20:29.214 69530 INFO tempest.lib.common.rest_client [req-19898f61-6184-4bae-9817-b0dea681c9ec req-19898f61-6184-4bae-9817-b0dea681c9ec ] Request (QuotasSecurityGroupAdminNegativeTest:setUpClass): 201 POST http://10.180.1.21/identity/v3/users 0.072s
2025-04-28 18:20:29.252 69580 INFO tempest.lib.common.rest_client [req-5a12fe4f-4ce9-4e79-ad1e-282c3a8298e5 req-5a12fe4f-4ce9-4e79-ad1e-282c3a8298e5 ] Request (SecurityGroupsTestJSON:setUpClass): 204 PUT http://10.180.1.21/identity/v3/projects/9a7cffc241b24816ab8fece2619cace6/users/0cb8fd7fa0a142dd9d2a50e16db39812/roles/108c38d73494402a8b619c51d60fb3f9 0.198s
2025-04-28 18:20:29.253 69580 INFO tempest.lib.common.dynamic_creds [-] Dynamic test user 0cb8fd7fa0a142dd9d2a50e16db39812 is created with scope project and roles: ['member']
2025-04-28 18:20:29.253 69580 INFO tempest.lib.common.dynamic_creds [-] Acquired dynamic creds: credentials: Credentials: {'domain_id': 'default', 'domain_name': 'Default', 'username': 'tempest-SecurityGroupsTestJSON-1943717732-project-member', 'project_domain_id': 'default', 'project_domain_name': 'Default', 'project_id': '9a7cffc241b24816ab8fece2619cace6', 'project_name': 'tempest-SecurityGroupsTestJSON-1943717732', 'tenant_id': '9a7cffc241b24816ab8fece2619cace6', 'tenant_name': 'tempest-SecurityGroupsTestJSON-1943717732', 'user_domain_id': 'default', 'user_domain_name': 'Default', 'user_id': '0cb8fd7fa0a142dd9d2a50e16db39812', 'system': None}, Network: None, Subnet: None, Router: None
2025-04-28 18:20:29.293 69576 INFO tempest.lib.common.rest_client [req-5b6d623f-8f11-425c-b1e2-9c75a69cf6e8 req-5b6d623f-8f11-425c-b1e2-9c75a69cf6e8 ] Request (ImagesOneServerNegativeTestJSON:setUpClass): 200 GET http://10.180.1.21/compute/v2.1/servers/20ad5df1-7da7-4a21-ac60-663f6d3271bd 2.299s
2025-04-28 18:20:29.327 69532 INFO tempest.lib.common.rest_client [req-ef803806-8e78-4f27-b593-5cff618d1de4 req-ef803806-8e78-4f27-b593-5cff618d1de4 ] Request (InstanceActionsTestJSON:setUpClass): 201 POST http://10.180.1.21/identity/v3/auth/tokens 0.177s
2025-04-28 18:20:29.349 69530 INFO tempest.lib.common.rest_client [req-19e73679-5eda-45ce-8f5e-7287c54a2057 req-19e73679-5eda-45ce-8f5e-7287c54a2057 ] Request (QuotasSecurityGroupAdminNegativeTest:setUpClass): 200 GET http://10.180.1.21/identity/v3/roles 0.134s
2025-04-28 18:20:29.370 69580 INFO tempest.lib.common.rest_client [req-27b7a266-6d76-4905-be01-436ef4eb8f63 req-27b7a266-6d76-4905-be01-436ef4eb8f63 ] Request (SecurityGroupsTestJSON:setUpClass): 201 POST http://10.180.1.21/identity/v3/auth/tokens 0.116s
2025-04-28 18:20:29.388 69532 INFO tempest.lib.common.rest_client [req-f1de98a8-90cb-47ed-b677-b31e2d2c7967 req-f1de98a8-90cb-47ed-b677-b31e2d2c7967 ] Request (InstanceActionsTestJSON:setUpClass): 200 GET http://10.180.1.21/identity/v3/domains?name=Default 0.061s
2025-04-28 18:20:29.392 69534 INFO tempest.lib.common.rest_client [req-4ce18d1a-e36c-41cb-ab54-ed65e2ac843f req-4ce18d1a-e36c-41cb-ab54-ed65e2ac843f ] Request (HypervisorAdminNegativeUnderV252Test:test_search_hypervisor_with_non_admin_user): 200 GET http://10.180.1.21/compute/v2.1/os-hypervisors 2.188s
2025-04-28 18:20:29.413 69530 INFO tempest.lib.common.rest_client [req-6f4f2301-6345-4c78-a09d-2d773df77b64 req-6f4f2301-6345-4c78-a09d-2d773df77b64 ] Request (QuotasSecurityGroupAdminNegativeTest:setUpClass): 204 PUT http://10.180.1.21/identity/v3/projects/21a9aa4038e444ce9ccc215b9c73f16f/users/44562e70aeed4e6fa552a853143544d5/roles/0a87f2d73b964f6baa1b309b42f5867f 0.063s
2025-04-28 18:20:29.417 69532 INFO tempest.lib.common.rest_client [req-2749aa60-215d-42f1-8104-d7b90367d891 req-2749aa60-215d-42f1-8104-d7b90367d891 ] Request (InstanceActionsTestJSON:setUpClass): 201 POST http://10.180.1.21/identity/v3/projects 0.028s
2025-04-28 18:20:29.466 69565 INFO tempest.lib.common.rest_client [req-87d9cacc-3fb2-496b-b153-e0815659c433 req-87d9cacc-3fb2-496b-b153-e0815659c433 ] Request (FloatingIPsAssociationTestJSON:setUpClass): 200 PUT http://10.180.1.21:9696/networking/v2.0/routers/cb485684-d2bc-46ec-ae35-b5e0e9e2e9d1/add_router_interface 3.658s
2025-04-28 18:20:29.466 69565 INFO tempest.lib.common.dynamic_creds [-] Created isolated network resources for: credentials: Credentials: {'domain_id': 'default', 'domain_name': 'Default', 'username': 'tempest-FloatingIPsAssociationTestJSON-1824554030-project-member', 'project_domain_id': 'default', 'project_domain_name': 'Default', 'project_id': 'bff3920882e54c4a9a8c451a79adf169', 'project_name': 'tempest-FloatingIPsAssociationTestJSON-1824554030', 'tenant_id': 'bff3920882e54c4a9a8c451a79adf169', 'tenant_name': 'tempest-FloatingIPsAssociationTestJSON-1824554030', 'user_domain_id': 'default', 'user_domain_name': 'Default', 'user_id': '7d26a48118414eea8930f94db0baae35', 'system': None}, Network: {'id': '64290029-fa6e-45f7-b254-3bd9a9346da8', 'name': 'tempest-FloatingIPsAssociationTestJSON-1402336833-network', 'tenant_id': 'bff3920882e54c4a9a8c451a79adf169', 'admin_state_up': True, 'mtu': 8950, 'status': 'ACTIVE', 'subnets': [], 'shared': False, 'project_id': 'bff3920882e54c4a9a8c451a79adf169', 'port_security_enabled': True, 'router:external': False, 'provider:network_type': 'vlan', 'provider:physical_network': 'default', 'provider:segmentation_id': 287, 'availability_zone_hints': [], 'availability_zones': [], 'ipv4_address_scope': None, 'ipv6_address_scope': None, 'description': '', 'tags': [], 'created_at': '2025-04-28T18:20:22Z', 'updated_at': '2025-04-28T18:20:22Z', 'revision_number': 1}, Subnet: {'id': 'bcfca7e5-b00f-4696-9d8c-817f48ae8eb2', 'name': 'tempest-FloatingIPsAssociationTestJSON-1402336833-subnet', 'tenant_id': 'bff3920882e54c4a9a8c451a79adf169', 'network_id': '64290029-fa6e-45f7-b254-3bd9a9346da8', 'ip_version': 4, 'subnetpool_id': None, 'enable_dhcp': True, 'ipv6_ra_mode': None, 'ipv6_address_mode': None, 'gateway_ip': '192.168.128.1', 'cidr': '192.168.128.0/28', 'allocation_pools': [{'start': '192.168.128.2', 'end': '192.168.128.14'}], 'host_routes': [], 'dns_nameservers': [], 'description': '', 'router:external': False, 'service_types': [], 'tags': [], 'created_at': '2025-04-28T18:20:22Z', 'updated_at': '2025-04-28T18:20:22Z', 'revision_number': 0, 'project_id': 'bff3920882e54c4a9a8c451a79adf169'}, Router: {'id': 'cb485684-d2bc-46ec-ae35-b5e0e9e2e9d1', 'name': 'tempest-FloatingIPsAssociationTestJSON-1402336833-router', 'tenant_id': 'bff3920882e54c4a9a8c451a79adf169', 'admin_state_up': True, 'status': 'ACTIVE', 'external_gateway_info': {'network_id': '10234a4e-3a1c-451f-a3a4-4ab616815871', 'external_fixed_ips': [{'subnet_id': 'a3be0249-4c71-476f-b475-0babce468bc6', 'ip_address': '10.180.180.141'}], 'enable_snat': True}, 'description': '', 'availability_zones': [], 'distributed': False, 'ha': False, 'availability_zone_hints': [], 'routes': [], 'flavor_id': None, 'tags': [], 'created_at': '2025-04-28T18:20:23Z', 'updated_at': '2025-04-28T18:20:24Z', 'revision_number': 2, 'project_id': 'bff3920882e54c4a9a8c451a79adf169'}
2025-04-28 18:20:29.499 69538 INFO tempest.lib.common.rest_client [req-5d384d1f-df68-4500-bf81-23758ba249cb req-5d384d1f-df68-4500-bf81-23758ba249cb ] Request (FlavorsExtraSpecsNegativeTestJSON:tearDownClass): 200 GET http://10.180.1.21:9696/networking/v2.0/security-groups?tenant_id=b2b314728c6e4cde9476b9967cb227a1&name=default 0.430s
2025-04-28 18:20:29.536 69530 INFO tempest.lib.common.rest_client [req-52ad8528-8281-43e4-aef7-08a93c357aba req-52ad8528-8281-43e4-aef7-08a93c357aba ] Request (QuotasSecurityGroupAdminNegativeTest:setUpClass): 200 GET http://10.180.1.21/identity/v3/roles 0.123s
2025-04-28 18:20:29.550 69540 INFO tempest.lib.common.rest_client [req-90850ff1-421a-4bfb-97b7-54cdf7247e33 req-90850ff1-421a-4bfb-97b7-54cdf7247e33 ] Request (FlavorsAccessNegativeTestJSON:test_flavor_non_admin_add): 403 POST http://10.180.1.21/compute/v2.1/flavors/708036134/action 2.305s
2025-04-28 18:20:29.565 69532 INFO tempest.lib.common.rest_client [req-2db6566e-d603-4a38-b900-3d3d473e8068 req-2db6566e-d603-4a38-b900-3d3d473e8068 ] Request (InstanceActionsTestJSON:setUpClass): 201 POST http://10.180.1.21/identity/v3/users 0.147s
2025-04-28 18:20:29.583 69530 INFO tempest.lib.common.rest_client [req-11f83092-40fe-4f15-b27a-203bea4321e7 req-11f83092-40fe-4f15-b27a-203bea4321e7 ] Request (QuotasSecurityGroupAdminNegativeTest:setUpClass): 204 PUT http://10.180.1.21/identity/v3/projects/21a9aa4038e444ce9ccc215b9c73f16f/users/44562e70aeed4e6fa552a853143544d5/roles/0a87f2d73b964f6baa1b309b42f5867f 0.046s
2025-04-28 18:20:29.583 69530 INFO tempest.lib.common.dynamic_creds [-] Dynamic test user 44562e70aeed4e6fa552a853143544d5 is created with scope project and roles: ['admin']
2025-04-28 18:20:29.583 69530 INFO tempest.lib.common.dynamic_creds [-] Acquired dynamic creds: credentials: Credentials: {'domain_id': 'default', 'domain_name': 'Default', 'username': 'tempest-QuotasSecurityGroupAdminNegativeTest-1314415938-project-admin', 'project_domain_id': 'default', 'project_domain_name': 'Default', 'project_id': '21a9aa4038e444ce9ccc215b9c73f16f', 'project_name': 'tempest-QuotasSecurityGroupAdminNegativeTest-1314415938', 'tenant_id': '21a9aa4038e444ce9ccc215b9c73f16f', 'tenant_name': 'tempest-QuotasSecurityGroupAdminNegativeTest-1314415938', 'user_domain_id': 'default', 'user_domain_name': 'Default', 'user_id': '44562e70aeed4e6fa552a853143544d5', 'system': None}, Network: None, Subnet: None, Router: None
2025-04-28 18:20:29.584 69530 INFO tempest.lib.common.dynamic_creds [-] Created isolated network resources for: credentials: Credentials: {'domain_id': 'default', 'domain_name': 'Default', 'username': 'tempest-QuotasSecurityGroupAdminNegativeTest-1314415938-project-admin', 'project_domain_id': 'default', 'project_domain_name': 'Default', 'project_id': '21a9aa4038e444ce9ccc215b9c73f16f', 'project_name': 'tempest-QuotasSecurityGroupAdminNegativeTest-1314415938', 'tenant_id': '21a9aa4038e444ce9ccc215b9c73f16f', 'tenant_name': 'tempest-QuotasSecurityGroupAdminNegativeTest-1314415938', 'user_domain_id': 'default', 'user_domain_name': 'Default', 'user_id': '44562e70aeed4e6fa552a853143544d5', 'system': None}, Network: None, Subnet: None, Router: None
2025-04-28 18:20:29.605 69565 INFO tempest.lib.common.rest_client [req-708caf96-71e4-4870-b3f3-7123a8ceea81 req-708caf96-71e4-4870-b3f3-7123a8ceea81 ] Request (FloatingIPsAssociationTestJSON:setUpClass): 201 POST http://10.180.1.21/identity/v3/auth/tokens 0.134s
2025-04-28 18:20:29.655 69550 INFO tempest.lib.common.rest_client [req-b0036ee9-1e06-4e9f-99e1-a884c0a48d3c req-b0036ee9-1e06-4e9f-99e1-a884c0a48d3c ] Request (VolumesAssistedSnapshotsTest:test_volume_assisted_snapshot_create_delete): 200 GET http://10.180.1.21/compute/v2.1/servers/0f617809-7812-415b-825f-73dcbdbe9122 2.403s
2025-04-28 18:20:29.655 69532 INFO tempest.lib.common.rest_client [req-49e6ed60-fbfa-46d4-998b-5a125d133e0b req-49e6ed60-fbfa-46d4-998b-5a125d133e0b ] Request (InstanceActionsTestJSON:setUpClass): 200 GET http://10.180.1.21/identity/v3/roles 0.089s
2025-04-28 18:20:29.677 69522 INFO tempest.lib.common.rest_client [req-cb4af614-53f0-46bc-ac76-5ad55fbd40bb req-cb4af614-53f0-46bc-ac76-5ad55fbd40bb ] Request (FlavorsAdminTestJSON:test_create_flavor_with_uuid_id): 200 POST http://10.180.1.21/compute/v2.1/flavors 2.391s
2025-04-28 18:20:29.707 69530 INFO tempest.lib.common.rest_client [req-3151240b-ebb7-4397-aa53-e1b241ba1ffd req-3151240b-ebb7-4397-aa53-e1b241ba1ffd ] Request (QuotasSecurityGroupAdminNegativeTest:setUpClass): 201 POST http://10.180.1.21/identity/v3/auth/tokens 0.118s
2025-04-28 18:20:29.708 69530 WARNING tempest.lib.common.rest_client [-] Deprecated: "tenant_id" property is deprecated for removal, use "project_id" instead
2025-04-28 18:20:29.723 69578 INFO tempest.lib.common.rest_client [req-ef8dfbd8-615e-4a49-8987-c9a6d43a84d1 req-ef8dfbd8-615e-4a49-8987-c9a6d43a84d1 ] Request (FlavorsExtraSpecsTestJSON:tearDownClass): 202 DELETE http://10.180.1.21/compute/v2.1/flavors/1782760846 2.318s
2025-04-28 18:20:29.746 69552 INFO tempest.lib.common.rest_client [req-37532bd0-658f-4a7f-b9df-d128dd521fd0 req-37532bd0-658f-4a7f-b9df-d128dd521fd0 ] Request (SecurityGroupRulesNegativeTestJSON:test_create_security_group_rule_with_invalid_to_port): 200 POST http://10.180.1.21/compute/v2.1/os-security-groups 2.535s
2025-04-28 18:20:29.753 69565 INFO tempest.lib.common.rest_client [req-47fc6f28-07be-462d-aa66-7fdf65352ade req-47fc6f28-07be-462d-aa66-7fdf65352ade ] Request (FloatingIPsAssociationTestJSON:setUpClass): 201 POST http://10.180.1.21/identity/v3/auth/tokens 0.145s
2025-04-28 18:20:29.753 69565 INFO tempest.lib.common.fixed_network [-] (FloatingIPsAssociationTestJSON:setUpClass) Found network {'id': '64290029-fa6e-45f7-b254-3bd9a9346da8', 'name': 'tempest-FloatingIPsAssociationTestJSON-1402336833-network', 'tenant_id': 'bff3920882e54c4a9a8c451a79adf169', 'admin_state_up': True, 'mtu': 8950, 'status': 'ACTIVE', 'subnets': [], 'shared': False, 'project_id': 'bff3920882e54c4a9a8c451a79adf169', 'port_security_enabled': True, 'router:external': False, 'provider:network_type': 'vlan', 'provider:physical_network': 'default', 'provider:segmentation_id': 287, 'availability_zone_hints': [], 'availability_zones': [], 'ipv4_address_scope': None, 'ipv6_address_scope': None, 'description': '', 'tags': [], 'created_at': '2025-04-28T18:20:22Z', 'updated_at': '2025-04-28T18:20:22Z', 'revision_number': 1} available for tenant
2025-04-28 18:20:29.757 69538 INFO tempest.lib.common.rest_client [req-35807c26-8a69-4fa5-bc9e-5bc81b52ac83 req-35807c26-8a69-4fa5-bc9e-5bc81b52ac83 ] Request (FlavorsExtraSpecsNegativeTestJSON:tearDownClass): 204 DELETE http://10.180.1.21:9696/networking/v2.0/security-groups/006946c0-93c6-4f90-b682-83e916db9a93 0.257s
2025-04-28 18:20:29.780 69532 INFO tempest.lib.common.rest_client [req-f1068c21-66dc-406c-a4be-a90a75245d9d req-f1068c21-66dc-406c-a4be-a90a75245d9d ] Request (InstanceActionsTestJSON:setUpClass): 204 PUT http://10.180.1.21/identity/v3/projects/ec0ad32a5e4a4eedb1c608afd91d6d52/users/f1402125c6bd41b9b5c10af3b019f06d/roles/108c38d73494402a8b619c51d60fb3f9 0.124s
2025-04-28 18:20:29.780 69532 INFO tempest.lib.common.dynamic_creds [-] Dynamic test user f1402125c6bd41b9b5c10af3b019f06d is created with scope project and roles: ['member']
2025-04-28 18:20:29.780 69532 INFO tempest.lib.common.dynamic_creds [-] Acquired dynamic creds: credentials: Credentials: {'domain_id': 'default', 'domain_name': 'Default', 'username': 'tempest-InstanceActionsTestJSON-2056103374-project-member', 'project_domain_id': 'default', 'project_domain_name': 'Default', 'project_id': 'ec0ad32a5e4a4eedb1c608afd91d6d52', 'project_name': 'tempest-InstanceActionsTestJSON-2056103374', 'tenant_id': 'ec0ad32a5e4a4eedb1c608afd91d6d52', 'tenant_name': 'tempest-InstanceActionsTestJSON-2056103374', 'user_domain_id': 'default', 'user_domain_name': 'Default', 'user_id': 'f1402125c6bd41b9b5c10af3b019f06d', 'system': None}, Network: None, Subnet: None, Router: None
2025-04-28 18:20:29.878 69530 INFO tempest.lib.common.rest_client [req-068c6210-5b5b-42b4-be28-9b229ed9d300 req-068c6210-5b5b-42b4-be28-9b229ed9d300 ] Request (QuotasSecurityGroupAdminNegativeTest:tearDownClass): 204 DELETE http://10.180.1.21/identity/v3/users/b8efe8ab20e64b4788d213ccc18c9ca1 0.157s
2025-04-28 18:20:29.879 69572 INFO tempest.lib.common.rest_client [req-bedb1cd2-edb3-4ba4-b0d6-171984b27d51 req-bedb1cd2-edb3-4ba4-b0d6-171984b27d51 ] Request (ImagesOneServerTestJSON:setUpClass): 200 GET http://10.180.1.21/compute/v2.1/servers/484ab422-9e29-49b4-a01f-21825e70866e 2.424s
2025-04-28 18:20:29.974 69538 INFO tempest.lib.common.rest_client [req-594422a6-39fa-4f34-abf2-5b82e39acfe8 req-594422a6-39fa-4f34-abf2-5b82e39acfe8 ] Request (FlavorsExtraSpecsNegativeTestJSON:tearDownClass): 204 DELETE http://10.180.1.21/identity/v3/projects/b2b314728c6e4cde9476b9967cb227a1 0.216s
2025-04-28 18:20:29.991 69562 INFO tempest.lib.common.rest_client [req-6511b61d-e82a-4e48-a3fb-445949dc2974 req-6511b61d-e82a-4e48-a3fb-445949dc2974 ] Request (ServerDiagnosticsNegativeTest:test_get_server_diagnostics_by_non_admin): 200 GET http://10.180.1.21/compute/v2.1/servers/4232f9b1-1138-49b9-baca-877b43666438 2.450s
2025-04-28 18:20:29.995 69524 INFO tempest.lib.common.rest_client [req-9ae0ca24-aa64-4ae1-bd6e-f8e59d5d2924 req-9ae0ca24-aa64-4ae1-bd6e-f8e59d5d2924 ] Request (ImagesTestJSON:test_create_image_from_stopped_server): 200 GET http://10.180.1.21/compute/v2.1/servers/7e0b367c-065d-464a-b7fb-63269a8cfa50 2.539s
2025-04-28 18:20:29.994 69532 INFO tempest.lib.common.rest_client [req-36cc2174-cfd8-4e84-a1f6-75a58c65dbf1 req-36cc2174-cfd8-4e84-a1f6-75a58c65dbf1 ] Request (InstanceActionsTestJSON:setUpClass): 201 POST http://10.180.1.21/identity/v3/auth/tokens 0.214s
2025-04-28 18:20:30.032 69542 INFO tempest.lib.common.rest_client [req-421f83b5-fc5e-442d-a50c-5c856f2a5fd7 req-421f83b5-fc5e-442d-a50c-5c856f2a5fd7 ] Request (ServerActionsTestJSON:setUpClass): 200 PUT http://10.180.1.21:9696/networking/v2.0/routers/0d368b63-14ca-496b-a747-fe3b4ac19595/add_router_interface 3.744s
2025-04-28 18:20:30.032 69542 INFO tempest.lib.common.dynamic_creds [-] Created isolated network resources for: credentials: Credentials: {'domain_id': 'default', 'domain_name': 'Default', 'username': 'tempest-ServerActionsTestJSON-1468384612-project-member', 'project_domain_id': 'default', 'project_domain_name': 'Default', 'project_id': 'e48d56db41684b30a39cb738cb12c3e7', 'project_name': 'tempest-ServerActionsTestJSON-1468384612', 'tenant_id': 'e48d56db41684b30a39cb738cb12c3e7', 'tenant_name': 'tempest-ServerActionsTestJSON-1468384612', 'user_domain_id': 'default', 'user_domain_name': 'Default', 'user_id': '40afc7d8495042d182c49558ec9a6f1a', 'system': None}, Network: {'id': '02d0f7ef-56e3-427e-b1cc-cb602c6bbb56', 'name': 'tempest-ServerActionsTestJSON-1013124253-network', 'tenant_id': 'e48d56db41684b30a39cb738cb12c3e7', 'admin_state_up': True, 'mtu': 8950, 'status': 'ACTIVE', 'subnets': [], 'shared': False, 'project_id': 'e48d56db41684b30a39cb738cb12c3e7', 'port_security_enabled': True, 'router:external': False, 'provider:network_type': 'vlan', 'provider:physical_network': 'default', 'provider:segmentation_id': 329, 'availability_zone_hints': [], 'availability_zones': [], 'ipv4_address_scope': None, 'ipv6_address_scope': None, 'description': '', 'tags': [], 'created_at': '2025-04-28T18:20:23Z', 'updated_at': '2025-04-28T18:20:23Z', 'revision_number': 1}, Subnet: {'id': 'f5a41f34-e3a4-4203-a281-fe5ddb938d09', 'name': 'tempest-ServerActionsTestJSON-1013124253-subnet', 'tenant_id': 'e48d56db41684b30a39cb738cb12c3e7', 'network_id': '02d0f7ef-56e3-427e-b1cc-cb602c6bbb56', 'ip_version': 4, 'subnetpool_id': None, 'enable_dhcp': True, 'ipv6_ra_mode': None, 'ipv6_address_mode': None, 'gateway_ip': '192.168.128.1', 'cidr': '192.168.128.0/28', 'allocation_pools': [{'start': '192.168.128.2', 'end': '192.168.128.14'}], 'host_routes': [], 'dns_nameservers': [], 'description': '', 'router:external': False, 'service_types': [], 'tags': [], 'created_at': '2025-04-28T18:20:23Z', 'updated_at': '2025-04-28T18:20:23Z', 'revision_number': 0, 'project_id': 'e48d56db41684b30a39cb738cb12c3e7'}, Router: {'id': '0d368b63-14ca-496b-a747-fe3b4ac19595', 'name': 'tempest-ServerActionsTestJSON-1013124253-router', 'tenant_id': 'e48d56db41684b30a39cb738cb12c3e7', 'admin_state_up': True, 'status': 'ACTIVE', 'external_gateway_info': {'network_id': '10234a4e-3a1c-451f-a3a4-4ab616815871', 'external_fixed_ips': [{'subnet_id': 'a3be0249-4c71-476f-b475-0babce468bc6', 'ip_address': '10.180.180.201'}], 'enable_snat': True}, 'description': '', 'availability_zones': [], 'distributed': False, 'ha': False, 'availability_zone_hints': [], 'routes': [], 'flavor_id': None, 'tags': [], 'created_at': '2025-04-28T18:20:24Z', 'updated_at': '2025-04-28T18:20:25Z', 'revision_number': 2, 'project_id': 'e48d56db41684b30a39cb738cb12c3e7'}
2025-04-28 18:20:30.081 69538 INFO tempest.lib.common.rest_client [req-9fb24d7b-f831-47ef-99e9-6c3efa1ad2b0 req-9fb24d7b-f831-47ef-99e9-6c3efa1ad2b0 ] Request (ServersAdmin275Test:setUpClass): 201 POST http://10.180.1.21/identity/v3/auth/tokens 0.104s
2025-04-28 18:20:30.124 69558 INFO tempest.lib.common.rest_client [req-d28add40-c1ac-417c-b254-a5a6d3f4cf17 req-d28add40-c1ac-417c-b254-a5a6d3f4cf17 ] Request (ServerDiagnosticsV248Test:test_get_server_diagnostics): 200 GET http://10.180.1.21/compute/v2.1/servers/15647f68-646d-449c-9006-997122cb0a18 2.063s
2025-04-28 18:20:30.164 69580 INFO tempest.lib.common.rest_client [req-04163ecd-0b7f-4a6f-ba7f-e8bdfba87445 req-04163ecd-0b7f-4a6f-ba7f-e8bdfba87445 ] Request (SecurityGroupsTestJSON:setUpClass): 201 POST http://10.180.1.21:9696/networking/v2.0/networks 0.793s
2025-04-28 18:20:30.200 69530 INFO tempest.lib.common.rest_client [req-83456707-a733-4908-b7ab-e169225f4ef9 req-83456707-a733-4908-b7ab-e169225f4ef9 ] Request (QuotasSecurityGroupAdminNegativeTest:tearDownClass): 204 DELETE http://10.180.1.21/identity/v3/users/44562e70aeed4e6fa552a853143544d5 0.321s
2025-04-28 18:20:30.200 69530 INFO tempest.lib.common.dynamic_creds [-] Deleting project and security group for project: abf3d7c1f7d64d7eb7998115b66b6206
2025-04-28 18:20:30.203 69526 INFO tempest.lib.common.rest_client [req-d95458a4-97bc-4921-9266-0920fad3f38d req-d95458a4-97bc-4921-9266-0920fad3f38d ] Request (ServerExternalEventsTest:test_create_server_external_events): 200 GET http://10.180.1.21/compute/v2.1/servers/a52e2252-039c-46b8-9862-d2d804868ce2 2.059s
2025-04-28 18:20:30.254 69556 INFO tempest.lib.common.rest_client [req-1e9e06f5-f1d1-4053-9451-e7ced0872d18 req-1e9e06f5-f1d1-4053-9451-e7ced0872d18 ] Request (DeleteServersAdminTestJSON:test_admin_delete_servers_of_others): 200 GET http://10.180.1.21/compute/v2.1/servers/deb0551a-8414-4666-b84a-b9bd614377b2 2.360s
