2025-05-13 01:16:25.157 70097 INFO tempest.lib.common.rest_client [req-c5523ad8-4acf-4c92-bae7-e2d9fef71086 req-c5523ad8-4acf-4c92-bae7-e2d9fef71086 ] Request (HypervisorAdminV228Test:tearDownClass): 200 GET http://10.180.1.21:9696/networking/v2.0/security-groups?tenant_id=c04a4fd052734a91ba53d7e4f328c252&name=default 0.240s
2025-05-13 01:16:25.190 70083 INFO tempest.lib.common.rest_client [req-67cbdb91-987b-4c88-ba84-b9382c2ee9c3 req-67cbdb91-987b-4c88-ba84-b9382c2ee9c3 ] Request (FloatingIPsAssociationNegativeTestJSON:_run_cleanups): 202 POST http://10.180.1.21/compute/v2.1/servers/135ff4da-ae66-4773-807a-99497e79c966/action 2.112s
2025-05-13 01:16:25.293 70097 INFO tempest.lib.common.rest_client [req-714b2c38-0b26-4919-891e-77387229edda req-714b2c38-0b26-4919-891e-77387229edda ] Request (HypervisorAdminV228Test:tearDownClass): 204 DELETE http://10.180.1.21:9696/networking/v2.0/security-groups/a4a21d39-b445-450a-8137-0b3380d35844 0.135s
2025-05-13 01:16:25.355 70085 INFO tempest.lib.common.rest_client [req-a134366a-bb62-4e60-9595-c5f1b3772365 req-a134366a-bb62-4e60-9595-c5f1b3772365 ] Request (ListServersNegativeTestJSON:setUpClass): 200 GET http://10.180.1.21/compute/v2.1/servers/e4d09780-08a6-4fa0-8b87-f682e2aa0909 1.408s
2025-05-13 01:16:25.386 70097 INFO tempest.lib.common.rest_client [req-0e2b21bf-c31f-42ba-bc16-9f72dee757aa req-0e2b21bf-c31f-42ba-bc16-9f72dee757aa ] Request (HypervisorAdminV228Test:tearDownClass): 204 DELETE http://10.180.1.21/identity/v3/projects/c04a4fd052734a91ba53d7e4f328c252 0.093s
2025-05-13 01:16:25.387 70097 INFO tempest.lib.common.dynamic_creds [-] Deleting project and security group for project: 338a194cd303467f99c8fbf9f5a0aec8
2025-05-13 01:16:25.436 70115 INFO tempest.lib.common.rest_client [req-d31b7204-f5b1-4e25-82e3-58931b1f434f req-d31b7204-f5b1-4e25-82e3-58931b1f434f ] Request (ServersAdmin275Test:test_rebuild_update_server_275): 200 GET http://10.180.1.21/compute/v2.1/servers/d297dbc4-6ae5-463a-a630-03852b6b30ed 1.320s
2025-05-13 01:16:25.528 70075 INFO tempest.lib.common.rest_client [req-4fbad5a0-e422-4fb8-a587-168ad877d239 req-4fbad5a0-e422-4fb8-a587-168ad877d239 ] Request (ImagesTestJSON:setUpClass): 201 POST http://10.180.1.21:9696/networking/v2.0/routers 0.904s
2025-05-13 01:16:25.554 70097 INFO tempest.lib.common.rest_client [req-0bac3715-81f4-4a66-afad-9aeb006e774d req-0bac3715-81f4-4a66-afad-9aeb006e774d ] Request (HypervisorAdminV228Test:tearDownClass): 200 GET http://10.180.1.21:9696/networking/v2.0/security-groups?tenant_id=338a194cd303467f99c8fbf9f5a0aec8&name=default 0.167s
2025-05-13 01:16:25.597 70065 INFO tempest.lib.common.rest_client [req-abfeee4e-3833-41ba-862f-37e0db6e114a req-abfeee4e-3833-41ba-862f-37e0db6e114a ] Request (InstanceActionsTestJSON:setUpClass): 200 GET http://10.180.1.21/compute/v2.1/servers/a936140b-b304-4067-a3f9-bfd0445b4950 1.315s
2025-05-13 01:16:25.648 70081 INFO tempest.lib.common.rest_client [req-3295f5ce-e395-414c-9b1c-18fdd5656fa9 req-3295f5ce-e395-414c-9b1c-18fdd5656fa9 ] Request (SecurityGroupRulesNegativeTestJSON:test_create_security_group_rule_with_invalid_to_port): 400 POST http://10.180.1.21/compute/v2.1/os-security-group-rules 1.346s
2025-05-13 01:16:25.692 70097 INFO tempest.lib.common.rest_client [req-78d25daf-0adf-430e-9781-19e6e8d8473c req-78d25daf-0adf-430e-9781-19e6e8d8473c ] Request (HypervisorAdminV228Test:tearDownClass): 204 DELETE http://10.180.1.21:9696/networking/v2.0/security-groups/b00ae89e-f5e1-41be-a428-b3040ce33b87 0.137s
2025-05-13 01:16:25.715 70095 INFO tempest.lib.common.rest_client [req-103b464f-8359-48e2-b6a3-aef7bf0ef1a5 req-103b464f-8359-48e2-b6a3-aef7bf0ef1a5 ] Request (ServersAdminNegativeTestJSON:test_migrate_server_invalid_state): 200 GET http://10.180.1.21/compute/v2.1/servers/919ee366-6f31-44c2-8d44-5ff2cdfc1dbc 1.374s
2025-05-13 01:16:25.757 70099 INFO tempest.lib.common.rest_client [req-284dd40f-81ef-4cbd-bb0a-010a76f370d5 req-284dd40f-81ef-4cbd-bb0a-010a76f370d5 ] Request (ServerRescueTestJSONUnderV235:test_rescued_vm_add_remove_security_group): 202 POST http://10.180.1.21/compute/v2.1/servers/daf98c6d-4dc6-4d33-a53c-4d9d8800de6c/action 1.887s
2025-05-13 01:16:25.788 70101 INFO tempest.lib.common.rest_client [req-a552ca35-33c7-457c-8309-be11b13a0cc0 req-a552ca35-33c7-457c-8309-be11b13a0cc0 ] Request (InstanceActionsNegativeTestJSON:setUpClass): 200 GET http://10.180.1.21/compute/v2.1/servers/86a50eb4-481a-4167-a95f-ac32c2e811a4 1.381s
2025-05-13 01:16:25.822 70097 INFO tempest.lib.common.rest_client [req-50e00f89-008d-4d16-9d8d-defac2da7478 req-50e00f89-008d-4d16-9d8d-defac2da7478 ] Request (HypervisorAdminV228Test:tearDownClass): 204 DELETE http://10.180.1.21/identity/v3/projects/338a194cd303467f99c8fbf9f5a0aec8 0.129s
2025-05-13 01:16:25.861 70091 INFO tempest.lib.common.rest_client [req-71d5e6ad-3402-4ae2-b540-950d0407faf1 req-71d5e6ad-3402-4ae2-b540-950d0407faf1 ] Request (ImagesOneServerTestJSON:setUpClass): 200 GET http://10.180.1.21/compute/v2.1/servers/7663e26a-d398-4a29-8193-68ae6468e183 1.366s
2025-05-13 01:16:25.883 70126 INFO tempest.lib.common.rest_client [req-4c676ec7-9663-4f62-9c9b-a01b7028a648 req-4c676ec7-9663-4f62-9c9b-a01b7028a648 ] Request (ListServerFiltersTestJSON:setUpClass): 200 GET http://10.180.1.21/compute/v2.1/servers/ba312b9d-1f29-4f21-b4bc-50fd45395220 1.302s
2025-05-13 01:16:25.919 70097 INFO tempest.lib.common.rest_client [req-69b47d13-8ffe-4972-a98e-5698864ae662 req-69b47d13-8ffe-4972-a98e-5698864ae662 ] Request (ListImageFiltersTestJSON:setUpClass): 201 POST http://10.180.1.21/identity/v3/auth/tokens 0.095s
2025-05-13 01:16:25.936 70087 INFO tempest.lib.common.rest_client [req-cc121777-3590-488b-b89a-96d03a58332e req-cc121777-3590-488b-b89a-96d03a58332e ] Request (AttachInterfacesUnderV243Test:test_add_remove_fixed_ip): 200 GET http://10.180.1.21/compute/v2.1/servers/073e9b15-e59c-48ae-ad2f-16608e240d4e 1.265s
2025-05-13 01:16:25.957 70105 INFO tempest.lib.common.rest_client [req-37a1bbcc-e8c3-4de1-b30c-303fdd0c7e19 req-37a1bbcc-e8c3-4de1-b30c-303fdd0c7e19 ] Request (DeleteServersAdminTestJSON:test_delete_server_while_in_error_state): 200 GET http://10.180.1.21/compute/v2.1/servers/e374003a-19c9-4dd1-a636-ccd9b69e7790 1.228s
2025-05-13 01:16:25.969 70097 INFO tempest.lib.common.rest_client [req-65e19366-49e1-4d0b-b450-00d529726e97 req-65e19366-49e1-4d0b-b450-00d529726e97 ] Request (ListImageFiltersTestJSON:setUpClass): 201 POST http://10.180.1.21/identity/v3/auth/tokens 0.044s
2025-05-13 01:16:25.985 70117 INFO tempest.lib.common.rest_client [req-6c03ef85-0777-487c-b63a-b58cec90a6c6 req-6c03ef85-0777-487c-b63a-b58cec90a6c6 ] Request (ImagesDeleteNegativeTestJSON:test_delete_image_with_invalid_image_id): 404 DELETE http://10.180.1.21/compute/v2.1/images/tempest-invalid-1300141715 1.120s
2025-05-13 01:16:26.007 70097 INFO tempest.lib.common.rest_client [req-e9828d4c-d50f-4521-b49c-49cd775f62e0 req-e9828d4c-d50f-4521-b49c-49cd775f62e0 ] Request (ListImageFiltersTestJSON:setUpClass): 200 GET http://10.180.1.21/identity/v3/domains?name=Default 0.037s
2025-05-13 01:16:26.025 70094 INFO tempest.lib.common.rest_client [req-7a34667c-9074-4919-9c3a-769bf6cdf7e2 req-7a34667c-9074-4919-9c3a-769bf6cdf7e2 ] Request (MultipleCreateTestJSON:test_multiple_create): 200 GET http://10.180.1.21/compute/v2.1/servers/2c18c12a-e19e-4da8-bc5f-1b4856e96c71 1.232s
2025-05-13 01:16:26.033 70094 INFO tempest.common.waiters [-] State transition "BUILD/None" ==> "BUILD/networking" after 33 second wait
2025-05-13 01:16:26.054 70097 INFO tempest.lib.common.rest_client [req-eaa0528d-e4f5-4972-b0ff-b1677932028f req-eaa0528d-e4f5-4972-b0ff-b1677932028f ] Request (ListImageFiltersTestJSON:setUpClass): 201 POST http://10.180.1.21/identity/v3/projects 0.046s
2025-05-13 01:16:26.075 70107 INFO tempest.lib.common.rest_client [req-39184f9c-2e7e-4434-926b-c77dbf11bebd req-39184f9c-2e7e-4434-926b-c77dbf11bebd ] Request (ServerShowV247Test:tearDownClass): 200 GET http://10.180.1.21/compute/v2.1/servers/325ff5b6-806a-49a2-ab23-3447973a5dd7 1.116s
2025-05-13 01:16:26.105 70089 INFO tempest.lib.common.rest_client [req-3e3cd634-00f0-462a-b4b0-c62f290425fb req-3e3cd634-00f0-462a-b4b0-c62f290425fb ] Request (ServersAaction247Test:test_create_backup): 200 GET http://10.180.1.21/compute/v2.1/servers/70349e4d-cab8-45e8-be9c-b2c8ec613edf 1.063s
2025-05-13 01:16:26.138 70097 INFO tempest.lib.common.rest_client [req-0c6b04d3-8d8f-40b1-bc59-7f18ff5c0bc4 req-0c6b04d3-8d8f-40b1-bc59-7f18ff5c0bc4 ] Request (ListImageFiltersTestJSON:setUpClass): 201 POST http://10.180.1.21/identity/v3/users 0.084s
2025-05-13 01:16:26.164 70123 INFO tempest.lib.common.rest_client [req-de835305-d1a8-4396-b89f-342fe364ecb8 req-de835305-d1a8-4396-b89f-342fe364ecb8 ] Request (ImagesOneServerNegativeTestJSON:_run_cleanups): 200 GET http://10.180.1.21/compute/v2.1/servers/42963f87-0fef-4d3c-9f3c-26fd35d8fb8d 1.034s
2025-05-13 01:16:26.167 70097 INFO tempest.lib.common.rest_client [req-72b53e1a-9071-49e8-8575-122246c26dbc req-72b53e1a-9071-49e8-8575-122246c26dbc ] Request (ListImageFiltersTestJSON:setUpClass): 200 GET http://10.180.1.21/identity/v3/roles 0.028s
2025-05-13 01:16:26.201 70097 INFO tempest.lib.common.rest_client [req-d4920a43-f952-4c28-a09d-a435308ce2cd req-d4920a43-f952-4c28-a09d-a435308ce2cd ] Request (ListImageFiltersTestJSON:setUpClass): 204 PUT http://10.180.1.21/identity/v3/projects/08170b067a1c4f22a35c7d72f674353b/users/abdf5a510f6841398830238e8fb5562a/roles/dcb413893cb2485282bacffc022d1f84 0.033s
2025-05-13 01:16:26.203 70097 INFO tempest.lib.common.dynamic_creds [-] Dynamic test user abdf5a510f6841398830238e8fb5562a is created with scope project and roles: ['member']
2025-05-13 01:16:26.203 70097 INFO tempest.lib.common.dynamic_creds [-] Acquired dynamic creds: credentials: Credentials: {'domain_id': 'default', 'domain_name': 'Default', 'username': 'tempest-ListImageFiltersTestJSON-2105567477-project-member', 'project_domain_id': 'default', 'project_domain_name': 'Default', 'project_id': '08170b067a1c4f22a35c7d72f674353b', 'project_name': 'tempest-ListImageFiltersTestJSON-2105567477', 'tenant_id': '08170b067a1c4f22a35c7d72f674353b', 'tenant_name': 'tempest-ListImageFiltersTestJSON-2105567477', 'user_domain_id': 'default', 'user_domain_name': 'Default', 'user_id': 'abdf5a510f6841398830238e8fb5562a', 'system': None}, Network: None, Subnet: None, Router: None
2025-05-13 01:16:26.204 70097 INFO tempest.lib.common.dynamic_creds [-] Created isolated network resources for: credentials: Credentials: {'domain_id': 'default', 'domain_name': 'Default', 'username': 'tempest-ListImageFiltersTestJSON-2105567477-project-member', 'project_domain_id': 'default', 'project_domain_name': 'Default', 'project_id': '08170b067a1c4f22a35c7d72f674353b', 'project_name': 'tempest-ListImageFiltersTestJSON-2105567477', 'tenant_id': '08170b067a1c4f22a35c7d72f674353b', 'tenant_name': 'tempest-ListImageFiltersTestJSON-2105567477', 'user_domain_id': 'default', 'user_domain_name': 'Default', 'user_id': 'abdf5a510f6841398830238e8fb5562a', 'system': None}, Network: None, Subnet: None, Router: None
2025-05-13 01:16:26.261 70085 INFO tempest.lib.common.rest_client [req-e8d8ab76-a883-4021-bea2-df9871f3c3cc req-e8d8ab76-a883-4021-bea2-df9871f3c3cc ] Request (ListServersNegativeTestJSON:setUpClass): 204 DELETE http://10.180.1.21/compute/v2.1/servers/e4d09780-08a6-4fa0-8b87-f682e2aa0909 0.897s
2025-05-13 01:16:26.299 70097 INFO tempest.lib.common.rest_client [req-35f3377e-353f-46f7-80a6-ecb2935fad6b req-35f3377e-353f-46f7-80a6-ecb2935fad6b ] Request (ListImageFiltersTestJSON:setUpClass): 201 POST http://10.180.1.21/identity/v3/auth/tokens 0.091s
2025-05-13 01:16:26.332 70103 INFO tempest.lib.common.rest_client [req-46e2de86-31f6-4ea5-8a05-0006eec16da5 req-46e2de86-31f6-4ea5-8a05-0006eec16da5 ] Request (ServerActionsTestOtherA:setUpClass): 200 GET http://10.180.1.21/compute/v2.1/servers/105fe6a4-75f2-4d70-80bd-e07259585778 0.961s
2025-05-13 01:16:26.524 70111 INFO tempest.lib.common.rest_client [req-4cf3c449-b8a1-4254-bddc-647651e29449 req-4cf3c449-b8a1-4254-bddc-647651e29449 ] Request (MigrationsAdminTest:test_list_migrations_in_flavor_resize_situation): 200 GET http://10.180.1.21/compute/v2.1/servers/63005fe8-620c-4a91-b48c-5cecee3ad2d5 0.943s
2025-05-13 01:16:26.558 70075 INFO tempest.lib.common.rest_client [req-3a148d17-d129-4ab1-b4e5-e991f0317c0e req-3a148d17-d129-4ab1-b4e5-e991f0317c0e ] Request (ImagesTestJSON:setUpClass): 200 PUT http://10.180.1.21:9696/networking/v2.0/routers/052fad1b-7958-4609-bf7e-5c47747a47f1/add_router_interface 1.029s
2025-05-13 01:16:26.558 70075 INFO tempest.lib.common.dynamic_creds [-] Created isolated network resources for: credentials: Credentials: {'domain_id': 'default', 'domain_name': 'Default', 'username': 'tempest-ImagesTestJSON-1926541847-project-member', 'project_domain_id': 'default', 'project_domain_name': 'Default', 'project_id': 'ff1e5f866a6f4687b375a77eeafa45ab', 'project_name': 'tempest-ImagesTestJSON-1926541847', 'tenant_id': 'ff1e5f866a6f4687b375a77eeafa45ab', 'tenant_name': 'tempest-ImagesTestJSON-1926541847', 'user_domain_id': 'default', 'user_domain_name': 'Default', 'user_id': 'ea4b55ebf54e4c1da72d8750cb7b1c7f', 'system': None}, Network: {'id': '972a0055-d38e-4e89-9cef-1a9f7e7d618b', 'name': 'tempest-ImagesTestJSON-442114300-network', 'tenant_id': 'ff1e5f866a6f4687b375a77eeafa45ab', 'admin_state_up': True, 'mtu': 8950, 'status': 'ACTIVE', 'subnets': [], 'shared': False, 'project_id': 'ff1e5f866a6f4687b375a77eeafa45ab', 'port_security_enabled': True, 'router:external': False, 'provider:network_type': 'vlan', 'provider:physical_network': 'default', 'provider:segmentation_id': 327, 'availability_zone_hints': [], 'availability_zones': [], 'ipv4_address_scope': None, 'ipv6_address_scope': None, 'description': '', 'tags': [], 'created_at': '2025-05-13T01:16:24Z', 'updated_at': '2025-05-13T01:16:24Z', 'revision_number': 1}, Subnet: {'id': 'a75371f3-5099-4951-964f-c579516c42f3', 'name': 'tempest-ImagesTestJSON-442114300-subnet', 'tenant_id': 'ff1e5f866a6f4687b375a77eeafa45ab', 'network_id': '972a0055-d38e-4e89-9cef-1a9f7e7d618b', 'ip_version': 4, 'subnetpool_id': None, 'enable_dhcp': True, 'ipv6_ra_mode': None, 'ipv6_address_mode': None, 'gateway_ip': '192.168.128.1', 'cidr': '192.168.128.0/28', 'allocation_pools': [{'start': '192.168.128.2', 'end': '192.168.128.14'}], 'host_routes': [], 'dns_nameservers': [], 'description': '', 'router:external': False, 'service_types': [], 'tags': [], 'created_at': '2025-05-13T01:16:24Z', 'updated_at': '2025-05-13T01:16:24Z', 'revision_number': 0, 'project_id': 'ff1e5f866a6f4687b375a77eeafa45ab'}, Router: {'id': '052fad1b-7958-4609-bf7e-5c47747a47f1', 'name': 'tempest-ImagesTestJSON-442114300-router', 'tenant_id': 'ff1e5f866a6f4687b375a77eeafa45ab', 'admin_state_up': True, 'status': 'ACTIVE', 'external_gateway_info': {'network_id': '98ee1d46-8a78-47a0-b024-d30da351af4f', 'external_fixed_ips': [{'subnet_id': 'dcca7ffa-9a21-4a1e-900d-dda75c2787c7', 'ip_address': '10.180.180.240'}], 'enable_snat': True}, 'description': '', 'availability_zones': [], 'distributed': False, 'ha': False, 'availability_zone_hints': [], 'routes': [], 'flavor_id': None, 'tags': [], 'created_at': '2025-05-13T01:16:24Z', 'updated_at': '2025-05-13T01:16:25Z', 'revision_number': 2, 'project_id': 'ff1e5f866a6f4687b375a77eeafa45ab'}
2025-05-13 01:16:26.566 70081 INFO tempest.lib.common.rest_client [req-023b39e9-ae20-4432-b267-205ca1cb5fb2 req-023b39e9-ae20-4432-b267-205ca1cb5fb2 ] Request (SecurityGroupRulesNegativeTestJSON:test_create_security_group_rule_with_non_existent_id): 404 POST http://10.180.1.21/compute/v2.1/os-security-group-rules 0.915s
2025-05-13 01:16:26.655 70109 INFO tempest.lib.common.rest_client [req-63cad342-73bb-4d72-abdc-99fdafae058d req-63cad342-73bb-4d72-abdc-99fdafae058d ] Request (ServerAddressesTestJSON:tearDownClass): 200 GET http://10.180.1.21/compute/v2.1/servers/73aca2a6-ca4f-4177-bd7d-1414e7ee40d0 0.966s
2025-05-13 01:16:26.659 70075 INFO tempest.lib.common.rest_client [req-fdde627d-9371-4691-93ce-1cce616169da req-fdde627d-9371-4691-93ce-1cce616169da ] Request (ImagesTestJSON:setUpClass): 201 POST http://10.180.1.21/identity/v3/auth/tokens 0.097s
2025-05-13 01:16:26.694 70075 INFO tempest.lib.common.rest_client [req-a171bd00-daaf-4de4-82be-fbf98589e4ef req-a171bd00-daaf-4de4-82be-fbf98589e4ef ] Request (ImagesTestJSON:test_create_image_from_stopped_server): 201 POST http://10.180.1.21/identity/v3/auth/tokens 0.029s
2025-05-13 01:16:26.694 70075 INFO tempest.lib.common.fixed_network [-] (ImagesTestJSON:test_create_image_from_stopped_server) Found network {'id': '972a0055-d38e-4e89-9cef-1a9f7e7d618b', 'name': 'tempest-ImagesTestJSON-442114300-network', 'tenant_id': 'ff1e5f866a6f4687b375a77eeafa45ab', 'admin_state_up': True, 'mtu': 8950, 'status': 'ACTIVE', 'subnets': [], 'shared': False, 'project_id': 'ff1e5f866a6f4687b375a77eeafa45ab', 'port_security_enabled': True, 'router:external': False, 'provider:network_type': 'vlan', 'provider:physical_network': 'default', 'provider:segmentation_id': 327, 'availability_zone_hints': [], 'availability_zones': [], 'ipv4_address_scope': None, 'ipv6_address_scope': None, 'description': '', 'tags': [], 'created_at': '2025-05-13T01:16:24Z', 'updated_at': '2025-05-13T01:16:24Z', 'revision_number': 1} available for tenant
2025-05-13 01:16:26.803 70083 INFO tempest.lib.common.rest_client [req-7c8506e1-3458-4e09-a1b1-e1b774856f88 req-7c8506e1-3458-4e09-a1b1-e1b774856f88 ] Request (FloatingIPsAssociationNegativeTestJSON:_run_cleanups): 202 DELETE http://10.180.1.21/compute/v2.1/os-floating-ips/821ded71-48f1-4f0f-8142-f06768eaf525 1.612s
2025-05-13 01:16:26.825 70097 INFO tempest.lib.common.rest_client [req-c507768b-86f3-43a8-a8cf-fb5f60425ebc req-c507768b-86f3-43a8-a8cf-fb5f60425ebc ] Request (ListImageFiltersTestJSON:setUpClass): 201 POST http://10.180.1.21/image/v2/images 0.525s
2025-05-13 01:16:26.887 70071 INFO tempest.lib.common.rest_client [req-53501b6a-d7d3-407a-a259-4c1a0b16daed req-53501b6a-d7d3-407a-a259-4c1a0b16daed ] Request (ServerGroupTestJSON:test_create_server_with_scheduler_hint_group): 200 GET http://10.180.1.21/compute/v2.1/servers/4c04ad57-5729-43ef-85d3-dbc253c6fff4 1.123s
2025-05-13 01:16:26.971 70063 INFO tempest.lib.common.rest_client [req-bdbe7194-229e-4caa-b662-bf07e1f8cbff req-bdbe7194-229e-4caa-b662-bf07e1f8cbff ] Request (ImagesNegativeTestJSON:test_create_image_from_deleted_server): 200 GET http://10.180.1.21/compute/v2.1/servers/b0634adf-22c7-45be-b90f-30400b68f52b 1.117s
2025-05-13 01:16:26.996 70117 INFO tempest.lib.common.rest_client [req-adf06867-2967-42fd-815a-9c6ec0dc79a8 req-adf06867-2967-42fd-815a-9c6ec0dc79a8 ] Request (ImagesDeleteNegativeTestJSON:test_delete_non_existent_image): 404 DELETE http://10.180.1.21/compute/v2.1/images/303902f3-946d-4214-a7de-48b488952934 1.010s
2025-05-13 01:16:27.171 70117 INFO tempest.lib.common.rest_client [req-1bbd9f57-8789-4052-b5e0-164a37ed74dd req-1bbd9f57-8789-4052-b5e0-164a37ed74dd ] Request (ImagesDeleteNegativeTestJSON:tearDownClass): 204 DELETE http://10.180.1.21/identity/v3/users/62032095e005485ebd2d4a7d1b970095 0.173s
2025-05-13 01:16:27.171 70117 INFO tempest.lib.common.dynamic_creds [-] Deleting project and security group for project: 1f6e80a9bf974a4298b3f8711e4405c5
2025-05-13 01:16:27.242 70073 INFO tempest.lib.common.rest_client [req-fef1703d-b3b9-4e1d-ab6b-370c29747f46 req-fef1703d-b3b9-4e1d-ab6b-370c29747f46 ] Request (SecurityGroupsTestJSON:test_list_security_groups_by_server): 200 GET http://10.180.1.21/compute/v2.1/servers/55aa0827-e927-488e-902b-3cbde2f3d36b 1.193s
2025-05-13 01:16:27.251 70117 INFO tempest.lib.common.rest_client [req-9bec303a-1ab2-46fc-bb59-6e48a96311df req-9bec303a-1ab2-46fc-bb59-6e48a96311df ] Request (ImagesDeleteNegativeTestJSON:tearDownClass): 201 POST http://10.180.1.21/identity/v3/auth/tokens 0.080s
2025-05-13 01:16:27.440 70085 INFO tempest.lib.common.rest_client [req-d1013be6-b6c6-4e91-8289-ebfbaf47de8a req-d1013be6-b6c6-4e91-8289-ebfbaf47de8a ] Request (ListServersNegativeTestJSON:setUpClass): 200 GET http://10.180.1.21/compute/v2.1/servers/e4d09780-08a6-4fa0-8b87-f682e2aa0909 1.178s
2025-05-13 01:16:27.486 70117 INFO tempest.lib.common.rest_client [req-4f92d30d-3c70-413e-bfea-652395e9465a req-4f92d30d-3c70-413e-bfea-652395e9465a ] Request (ImagesDeleteNegativeTestJSON:tearDownClass): 200 GET http://10.180.1.21:9696/networking/v2.0/security-groups?tenant_id=1f6e80a9bf974a4298b3f8711e4405c5&name=default 0.233s
2025-05-13 01:16:27.523 70115 INFO tempest.lib.common.rest_client [req-d079a536-55e4-4ca1-9668-c3fd8d467685 req-d079a536-55e4-4ca1-9668-c3fd8d467685 ] Request (ServersAdmin275Test:test_rebuild_update_server_275): 200 GET http://10.180.1.21/compute/v2.1/servers/d297dbc4-6ae5-463a-a630-03852b6b30ed 1.071s
2025-05-13 01:16:27.554 70081 INFO tempest.lib.common.rest_client [req-4768cc90-1792-4278-b54f-1f5565c1784c req-4768cc90-1792-4278-b54f-1f5565c1784c ] Request (SecurityGroupRulesNegativeTestJSON:test_delete_security_group_rule_with_non_existent_id): 404 DELETE http://10.180.1.21/compute/v2.1/os-security-group-rules/9b171b54-2110-4b72-87ef-a30304468943 0.986s
2025-05-13 01:16:27.593 70117 INFO tempest.lib.common.rest_client [req-356e7235-d207-453c-87a3-a39bb590963e req-356e7235-d207-453c-87a3-a39bb590963e ] Request (ImagesDeleteNegativeTestJSON:tearDownClass): 204 DELETE http://10.180.1.21:9696/networking/v2.0/security-groups/9c46943c-a29d-4bef-b691-7043dde5332d 0.107s
2025-05-13 01:16:27.619 70099 INFO tempest.lib.common.rest_client [req-61a15abb-078c-4e87-b183-dbf54a22ce39 req-61a15abb-078c-4e87-b183-dbf54a22ce39 ] Request (ServerRescueTestJSONUnderV235:test_rescued_vm_associate_dissociate_floating_ip): 200 POST http://10.180.1.21/compute/v2.1/os-floating-ips 1.860s
2025-05-13 01:16:27.676 70117 INFO tempest.lib.common.rest_client [req-d5981123-4e8c-4166-9483-f532d70b049c req-d5981123-4e8c-4166-9483-f532d70b049c ] Request (ImagesDeleteNegativeTestJSON:tearDownClass): 204 DELETE http://10.180.1.21/identity/v3/projects/1f6e80a9bf974a4298b3f8711e4405c5 0.082s
2025-05-13 01:16:27.702 70065 INFO tempest.lib.common.rest_client [req-037b0738-bdb3-4c5d-858c-6a9269f6f626 req-037b0738-bdb3-4c5d-858c-6a9269f6f626 ] Request (InstanceActionsTestJSON:setUpClass): 200 GET http://10.180.1.21/compute/v2.1/servers/a936140b-b304-4067-a3f9-bfd0445b4950 1.096s
2025-05-13 01:16:27.749 70117 INFO tempest.lib.common.rest_client [req-032ad5d7-355f-4fd9-b7d5-4bdcbcb6249e req-032ad5d7-355f-4fd9-b7d5-4bdcbcb6249e ] Request (AbsoluteLimitsTestJSON:setUpClass): 201 POST http://10.180.1.21/identity/v3/auth/tokens 0.072s
2025-05-13 01:16:27.757 70095 INFO tempest.lib.common.rest_client [req-1ffb5699-19ed-49da-9b96-2a29b6f9f65a req-1ffb5699-19ed-49da-9b96-2a29b6f9f65a ] Request (ServersAdminNegativeTestJSON:test_migrate_server_invalid_state): 200 GET http://10.180.1.21/compute/v2.1/servers/919ee366-6f31-44c2-8d44-5ff2cdfc1dbc 1.032s
2025-05-13 01:16:27.791 70117 INFO tempest.lib.common.rest_client [req-9ec92c2b-b55d-48f4-a02d-223171ffe13f req-9ec92c2b-b55d-48f4-a02d-223171ffe13f ] Request (AbsoluteLimitsTestJSON:setUpClass): 201 POST http://10.180.1.21/identity/v3/auth/tokens 0.037s
2025-05-13 01:16:27.811 70101 INFO tempest.lib.common.rest_client [req-e42669ce-85d8-4515-ad64-ff9ca5167935 req-e42669ce-85d8-4515-ad64-ff9ca5167935 ] Request (InstanceActionsNegativeTestJSON:setUpClass): 200 GET http://10.180.1.21/compute/v2.1/servers/86a50eb4-481a-4167-a95f-ac32c2e811a4 1.013s
2025-05-13 01:16:27.818 70083 INFO tempest.lib.common.rest_client [req-df6633a4-1816-4e4b-a0f4-b1cdb9f4aa0e req-df6633a4-1816-4e4b-a0f4-b1cdb9f4aa0e ] Request (FloatingIPsAssociationNegativeTestJSON:test_associate_ip_to_server_without_passing_floating_ip): 400 POST http://10.180.1.21/compute/v2.1/servers/135ff4da-ae66-4773-807a-99497e79c966/action 1.014s
2025-05-13 01:16:27.829 70117 INFO tempest.lib.common.rest_client [req-857a24db-11f8-4314-8f65-55adf2ab1539 req-857a24db-11f8-4314-8f65-55adf2ab1539 ] Request (AbsoluteLimitsTestJSON:setUpClass): 200 GET http://10.180.1.21/identity/v3/domains?name=Default 0.037s
2025-05-13 01:16:27.863 70117 INFO tempest.lib.common.rest_client [req-d9e96302-459e-4882-aa9a-2e4d25f7b6de req-d9e96302-459e-4882-aa9a-2e4d25f7b6de ] Request (AbsoluteLimitsTestJSON:setUpClass): 201 POST http://10.180.1.21/identity/v3/projects 0.033s
2025-05-13 01:16:27.896 70091 INFO tempest.lib.common.rest_client [req-5c2a8454-92d1-4e01-ac27-2123b8f80560 req-5c2a8454-92d1-4e01-ac27-2123b8f80560 ] Request (ImagesOneServerTestJSON:setUpClass): 200 GET http://10.180.1.21/compute/v2.1/servers/7663e26a-d398-4a29-8193-68ae6468e183 1.021s
2025-05-13 01:16:27.938 70117 INFO tempest.lib.common.rest_client [req-4c865a37-4a6f-44a5-b602-19fdd09df7d5 req-4c865a37-4a6f-44a5-b602-19fdd09df7d5 ] Request (AbsoluteLimitsTestJSON:setUpClass): 201 POST http://10.180.1.21/identity/v3/users 0.075s
2025-05-13 01:16:27.960 70126 INFO tempest.lib.common.rest_client [req-5ce4553a-4a25-4aec-aa51-911a49d70177 req-5ce4553a-4a25-4aec-aa51-911a49d70177 ] Request (ListServerFiltersTestJSON:setUpClass): 200 GET http://10.180.1.21/compute/v2.1/servers/ba312b9d-1f29-4f21-b4bc-50fd45395220 1.066s
2025-05-13 01:16:27.961 70117 INFO tempest.lib.common.rest_client [req-fee8b159-8e0a-4a19-8209-946b62c7c10d req-fee8b159-8e0a-4a19-8209-946b62c7c10d ] Request (AbsoluteLimitsTestJSON:setUpClass): 200 GET http://10.180.1.21/identity/v3/roles 0.023s
2025-05-13 01:16:27.998 70117 INFO tempest.lib.common.rest_client [req-af4e2ac0-3558-4111-bbb5-c96efb7c244d req-af4e2ac0-3558-4111-bbb5-c96efb7c244d ] Request (AbsoluteLimitsTestJSON:setUpClass): 204 PUT http://10.180.1.21/identity/v3/projects/3849116b27734a519a01aa94cff555e3/users/ab4bc18ecf1b41158fc75c5228538fd4/roles/dcb413893cb2485282bacffc022d1f84 0.033s
2025-05-13 01:16:27.999 70117 INFO tempest.lib.common.dynamic_creds [-] Dynamic test user ab4bc18ecf1b41158fc75c5228538fd4 is created with scope project and roles: ['member']
2025-05-13 01:16:27.999 70117 INFO tempest.lib.common.dynamic_creds [-] Acquired dynamic creds: credentials: Credentials: {'domain_id': 'default', 'domain_name': 'Default', 'username': 'tempest-AbsoluteLimitsTestJSON-2135071148-project-member', 'project_domain_id': 'default', 'project_domain_name': 'Default', 'project_id': '3849116b27734a519a01aa94cff555e3', 'project_name': 'tempest-AbsoluteLimitsTestJSON-2135071148', 'tenant_id': '3849116b27734a519a01aa94cff555e3', 'tenant_name': 'tempest-AbsoluteLimitsTestJSON-2135071148', 'user_domain_id': 'default', 'user_domain_name': 'Default', 'user_id': 'ab4bc18ecf1b41158fc75c5228538fd4', 'system': None}, Network: None, Subnet: None, Router: None
2025-05-13 01:16:27.999 70117 INFO tempest.lib.common.dynamic_creds [-] Created isolated network resources for: credentials: Credentials: {'domain_id': 'default', 'domain_name': 'Default', 'username': 'tempest-AbsoluteLimitsTestJSON-2135071148-project-member', 'project_domain_id': 'default', 'project_domain_name': 'Default', 'project_id': '3849116b27734a519a01aa94cff555e3', 'project_name': 'tempest-AbsoluteLimitsTestJSON-2135071148', 'tenant_id': '3849116b27734a519a01aa94cff555e3', 'tenant_name': 'tempest-AbsoluteLimitsTestJSON-2135071148', 'user_domain_id': 'default', 'user_domain_name': 'Default', 'user_id': 'ab4bc18ecf1b41158fc75c5228538fd4', 'system': None}, Network: None, Subnet: None, Router: None
2025-05-13 01:16:28.086 70117 INFO tempest.lib.common.rest_client [req-9b1e53ba-b9b9-41bf-817b-a6807d7c122c req-9b1e53ba-b9b9-41bf-817b-a6807d7c122c ] Request (AbsoluteLimitsTestJSON:setUpClass): 201 POST http://10.180.1.21/identity/v3/auth/tokens 0.083s
2025-05-13 01:16:28.271 70087 INFO tempest.lib.common.rest_client [req-6f13af5c-0ef6-429f-96fd-7fc2aa782060 req-6f13af5c-0ef6-429f-96fd-7fc2aa782060 ] Request (AttachInterfacesUnderV243Test:test_add_remove_fixed_ip): 200 GET http://10.180.1.21/compute/v2.1/servers/073e9b15-e59c-48ae-ad2f-16608e240d4e 1.323s
2025-05-13 01:16:28.341 70105 INFO tempest.lib.common.rest_client [req-9bc5d093-f051-48d0-ba4d-327c3b5302b1 req-9bc5d093-f051-48d0-ba4d-327c3b5302b1 ] Request (DeleteServersAdminTestJSON:test_delete_server_while_in_error_state): 200 GET http://10.180.1.21/compute/v2.1/servers/e374003a-19c9-4dd1-a636-ccd9b69e7790 1.375s
2025-05-13 01:16:28.466 70075 INFO tempest.lib.common.rest_client [req-24919ee8-7b9c-4ab7-93f0-c65a0edecdf8 req-24919ee8-7b9c-4ab7-93f0-c65a0edecdf8 ] Request (ImagesTestJSON:test_create_image_from_stopped_server): 202 POST http://10.180.1.21/compute/v2.1/servers 1.771s
2025-05-13 01:16:28.563 70094 INFO tempest.lib.common.rest_client [req-60adfa7b-48dd-456d-a7a5-bf2d9e35333d req-60adfa7b-48dd-456d-a7a5-bf2d9e35333d ] Request (MultipleCreateTestJSON:test_multiple_create): 200 GET http://10.180.1.21/compute/v2.1/servers/2c18c12a-e19e-4da8-bc5f-1b4856e96c71 1.529s
2025-05-13 01:16:28.572 70094 INFO tempest.common.waiters [-] State transition "BUILD/networking" ==> "BUILD/spawning" after 35 second wait
2025-05-13 01:16:28.592 70107 INFO tempest.lib.common.rest_client [req-2f24700b-17aa-437d-837c-76308063866c req-2f24700b-17aa-437d-837c-76308063866c ] Request (ServerShowV247Test:tearDownClass): 200 GET http://10.180.1.21/compute/v2.1/servers/325ff5b6-806a-49a2-ab23-3447973a5dd7 1.506s
2025-05-13 01:16:28.603 70121 WARNING tempest.lib.common.ssh [-] Failed to establish authenticated ssh connection to cirros@10.180.180.243 ([Errno None] Unable to connect to port 22 on 10.180.180.243). Number attempts: 6. Retry after 7 seconds.: paramiko.ssh_exception.NoValidConnectionsError: [Errno None] Unable to connect to port 22 on 10.180.180.243
2025-05-13 01:16:28.644 70097 INFO tempest.lib.common.rest_client [req-4f5d4bb4-2107-4aa7-b83c-8d41723dc258 req-4f5d4bb4-2107-4aa7-b83c-8d41723dc258 ] Request (ListImageFiltersTestJSON:setUpClass): 204 PUT http://10.180.1.21/image/v2/images/63755cc9-3f85-4ef6-aec9-c20f5eb72a56/file 0.817s
2025-05-13 01:16:28.654 70089 INFO tempest.lib.common.rest_client [req-4330cb10-07f0-4428-baa4-a3fc48d3c73e req-4330cb10-07f0-4428-baa4-a3fc48d3c73e ] Request (ServersAaction247Test:test_create_backup): 200 GET http://10.180.1.21/compute/v2.1/servers/70349e4d-cab8-45e8-be9c-b2c8ec613edf 1.537s
2025-05-13 01:16:28.683 70123 INFO tempest.lib.common.rest_client [req-e58bcb16-bf12-443d-8abd-7cc2d17a7f74 req-e58bcb16-bf12-443d-8abd-7cc2d17a7f74 ] Request (ImagesOneServerNegativeTestJSON:_run_cleanups): 200 GET http://10.180.1.21/compute/v2.1/servers/42963f87-0fef-4d3c-9f3c-26fd35d8fb8d 1.510s
2025-05-13 01:16:28.736 70103 INFO tempest.lib.common.rest_client [req-df41deec-8544-4fbf-aaef-492b3c434ce0 req-df41deec-8544-4fbf-aaef-492b3c434ce0 ] Request (ServerActionsTestOtherA:setUpClass): 200 GET http://10.180.1.21/compute/v2.1/servers/105fe6a4-75f2-4d70-80bd-e07259585778 1.385s
2025-05-13 01:16:28.883 70111 INFO tempest.lib.common.rest_client [req-31802edd-7c5e-4f45-9d23-56719c580d33 req-31802edd-7c5e-4f45-9d23-56719c580d33 ] Request (MigrationsAdminTest:test_list_migrations_in_flavor_resize_situation): 200 GET http://10.180.1.21/compute/v2.1/servers/63005fe8-620c-4a91-b48c-5cecee3ad2d5 1.339s
2025-05-13 01:16:28.890 70111 INFO tempest.common.waiters [-] State transition "RESIZE/resize_finish" ==> "VERIFY_RESIZE/None" after 41 second wait
2025-05-13 01:16:29.007 70081 INFO tempest.lib.common.rest_client [req-e0dedc2b-4859-46ac-91b8-f9ed86560d8c req-e0dedc2b-4859-46ac-91b8-f9ed86560d8c ] Request (SecurityGroupRulesNegativeTestJSON:tearDownClass): 202 DELETE http://10.180.1.21/compute/v2.1/os-security-groups/f5aabd98-a91a-4af3-a851-d71a1d5a0394 1.451s
2025-05-13 01:16:29.106 70109 INFO tempest.lib.common.rest_client [req-0bfa56c5-fc15-46c7-9077-30b2c7f75733 req-0bfa56c5-fc15-46c7-9077-30b2c7f75733 ] Request (ServerAddressesTestJSON:tearDownClass): 200 GET http://10.180.1.21/compute/v2.1/servers/73aca2a6-ca4f-4177-bd7d-1414e7ee40d0 1.436s
2025-05-13 01:16:29.294 70083 INFO tempest.lib.common.rest_client [req-e24d51ee-6767-43d6-af5e-62f9e3c8aa7a req-e24d51ee-6767-43d6-af5e-62f9e3c8aa7a ] Request (FloatingIPsAssociationNegativeTestJSON:test_associate_nonexistent_floating_ip): 404 POST http://10.180.1.21/compute/v2.1/servers/135ff4da-ae66-4773-807a-99497e79c966/action 1.474s
2025-05-13 01:16:29.381 70071 INFO tempest.lib.common.rest_client [req-f4c490c6-3082-45f2-9f9f-54a3c3ec53eb req-f4c490c6-3082-45f2-9f9f-54a3c3ec53eb ] Request (ServerGroupTestJSON:test_create_server_with_scheduler_hint_group): 200 GET http://10.180.1.21/compute/v2.1/servers/4c04ad57-5729-43ef-85d3-dbc253c6fff4 1.475s
2025-05-13 01:16:29.475 70063 INFO tempest.lib.common.rest_client [req-c8e89805-aba3-4046-807f-4dbdaffb69a9 req-c8e89805-aba3-4046-807f-4dbdaffb69a9 ] Request (ImagesNegativeTestJSON:test_create_image_from_deleted_server): 200 GET http://10.180.1.21/compute/v2.1/servers/b0634adf-22c7-45be-b90f-30400b68f52b 1.491s
2025-05-13 01:16:29.590 70117 INFO tempest.lib.common.rest_client [req-740c0948-cd31-4183-a6a1-9101b90402a5 req-740c0948-cd31-4183-a6a1-9101b90402a5 ] Request (AbsoluteLimitsTestJSON:test_absLimits_get): 200 GET http://10.180.1.21/compute/v2.1/limits 1.503s
2025-05-13 01:16:29.721 70117 INFO tempest.lib.common.rest_client [req-ae3a8899-258f-4753-8c0c-a3bb90bc0ad6 req-ae3a8899-258f-4753-8c0c-a3bb90bc0ad6 ] Request (AbsoluteLimitsTestJSON:tearDownClass): 204 DELETE http://10.180.1.21/identity/v3/users/ab4bc18ecf1b41158fc75c5228538fd4 0.126s
2025-05-13 01:16:29.721 70117 INFO tempest.lib.common.dynamic_creds [-] Deleting project and security group for project: 3849116b27734a519a01aa94cff555e3
2025-05-13 01:16:29.738 70073 INFO tempest.lib.common.rest_client [req-c17e5506-1f10-44d1-b2fe-08938cf89d80 req-c17e5506-1f10-44d1-b2fe-08938cf89d80 ] Request (SecurityGroupsTestJSON:test_list_security_groups_by_server): 200 GET http://10.180.1.21/compute/v2.1/servers/55aa0827-e927-488e-902b-3cbde2f3d36b 1.484s
2025-05-13 01:16:29.779 70117 INFO tempest.lib.common.rest_client [req-33be34a5-045c-4523-95dd-2344d5958a42 req-33be34a5-045c-4523-95dd-2344d5958a42 ] Request (AbsoluteLimitsTestJSON:tearDownClass): 201 POST http://10.180.1.21/identity/v3/auth/tokens 0.057s
2025-05-13 01:16:29.810 70085 INFO tempest.lib.common.rest_client [req-403e4d72-377d-49aa-82b0-505738ff9a2b req-403e4d72-377d-49aa-82b0-505738ff9a2b ] Request (ListServersNegativeTestJSON:setUpClass): 200 GET http://10.180.1.21/compute/v2.1/servers/e4d09780-08a6-4fa0-8b87-f682e2aa0909 1.360s
2025-05-13 01:16:29.869 70075 INFO tempest.lib.common.rest_client [req-687b00ee-5963-4d9c-bf00-235a162de3f8 req-687b00ee-5963-4d9c-bf00-235a162de3f8 ] Request (ImagesTestJSON:test_create_image_from_stopped_server): 200 GET http://10.180.1.21/compute/v2.1/servers/8d2cfd90-bca7-4649-bab9-661a19d642c8 1.400s
2025-05-13 01:16:29.940 70115 INFO tempest.lib.common.rest_client [req-8896b615-1f68-4a42-b773-7b36d3293cd9 req-8896b615-1f68-4a42-b773-7b36d3293cd9 ] Request (ServersAdmin275Test:test_rebuild_update_server_275): 200 GET http://10.180.1.21/compute/v2.1/servers/d297dbc4-6ae5-463a-a630-03852b6b30ed 1.406s
2025-05-13 01:16:29.977 70117 INFO tempest.lib.common.rest_client [req-e1671bbf-c716-48c1-83c8-73075287e18f req-e1671bbf-c716-48c1-83c8-73075287e18f ] Request (AbsoluteLimitsTestJSON:tearDownClass): 200 GET http://10.180.1.21:9696/networking/v2.0/security-groups?tenant_id=3849116b27734a519a01aa94cff555e3&name=default 0.197s
2025-05-13 01:16:30.000 70097 INFO tempest.lib.common.rest_client [req-74e335ad-01ef-4224-818d-3d8ce691ec13 req-74e335ad-01ef-4224-818d-3d8ce691ec13 ] Request (ListImageFiltersTestJSON:setUpClass): 200 GET http://10.180.1.21/compute/v2.1/images/63755cc9-3f85-4ef6-aec9-c20f5eb72a56 1.356s
2025-05-13 01:16:30.068 70099 INFO tempest.lib.common.rest_client [req-d7fab184-4193-4e6c-953c-4a5c7bbc780f req-d7fab184-4193-4e6c-953c-4a5c7bbc780f ] Request (ServerRescueTestJSONUnderV235:test_rescued_vm_associate_dissociate_floating_ip): 202 POST http://10.180.1.21/compute/v2.1/servers/daf98c6d-4dc6-4d33-a53c-4d9d8800de6c/action 2.447s
2025-05-13 01:16:30.123 70117 INFO tempest.lib.common.rest_client [req-8691ba99-677f-4d0d-8ad5-523704fb6fb9 req-8691ba99-677f-4d0d-8ad5-523704fb6fb9 ] Request (AbsoluteLimitsTestJSON:tearDownClass): 204 DELETE http://10.180.1.21:9696/networking/v2.0/security-groups/949ffda0-a58e-4edf-8756-d89ac263ee99 0.145s
2025-05-13 01:16:30.145 70095 INFO tempest.lib.common.rest_client [req-136737dd-79e5-4747-a581-4e9d25eec38d req-136737dd-79e5-4747-a581-4e9d25eec38d ] Request (ServersAdminNegativeTestJSON:test_migrate_server_invalid_state): 200 GET http://10.180.1.21/compute/v2.1/servers/919ee366-6f31-44c2-8d44-5ff2cdfc1dbc 1.379s
2025-05-13 01:16:30.153 70065 INFO tempest.lib.common.rest_client [req-86ed4c3f-7e13-4c8a-b95b-0f920863adf2 req-86ed4c3f-7e13-4c8a-b95b-0f920863adf2 ] Request (InstanceActionsTestJSON:setUpClass): 200 GET http://10.180.1.21/compute/v2.1/servers/a936140b-b304-4067-a3f9-bfd0445b4950 1.444s
2025-05-13 01:16:30.167 70065 INFO tempest.common.waiters [-] State transition "BUILD/spawning" ==> "ACTIVE/None" after 49 second wait
2025-05-13 01:16:30.215 70101 INFO tempest.lib.common.rest_client [req-1e98bf46-97c3-4a64-945d-a2f93273df12 req-1e98bf46-97c3-4a64-945d-a2f93273df12 ] Request (InstanceActionsNegativeTestJSON:setUpClass): 200 GET http://10.180.1.21/compute/v2.1/servers/86a50eb4-481a-4167-a95f-ac32c2e811a4 1.396s
2025-05-13 01:16:30.216 70117 INFO tempest.lib.common.rest_client [req-8a2f4c1d-f31b-4f21-b6e6-a5bc87bc1344 req-8a2f4c1d-f31b-4f21-b6e6-a5bc87bc1344 ] Request (AbsoluteLimitsTestJSON:tearDownClass): 204 DELETE http://10.180.1.21/identity/v3/projects/3849116b27734a519a01aa94cff555e3 0.093s
2025-05-13 01:16:30.230 70111 INFO tempest.lib.common.rest_client [req-6f2994ce-2bfe-4e17-adea-398761be7e6b req-6f2994ce-2bfe-4e17-adea-398761be7e6b ] Request (MigrationsAdminTest:test_list_migrations_in_flavor_resize_situation): 204 POST http://10.180.1.21/compute/v2.1/servers/63005fe8-620c-4a91-b48c-5cecee3ad2d5/action 1.340s
2025-05-13 01:16:30.280 70091 INFO tempest.lib.common.rest_client [req-3ca19d5e-bc60-4871-bf6a-42afabc8e51e req-3ca19d5e-bc60-4871-bf6a-42afabc8e51e ] Request (ImagesOneServerTestJSON:setUpClass): 200 GET http://10.180.1.21/compute/v2.1/servers/7663e26a-d398-4a29-8193-68ae6468e183 1.369s
2025-05-13 01:16:30.294 70126 INFO tempest.lib.common.rest_client [req-f77741ed-7cd3-432d-a1a8-932c6da25d02 req-f77741ed-7cd3-432d-a1a8-932c6da25d02 ] Request (ListServerFiltersTestJSON:setUpClass): 200 GET http://10.180.1.21/compute/v2.1/servers/ba312b9d-1f29-4f21-b4bc-50fd45395220 1.316s
2025-05-13 01:16:30.301 70117 INFO tempest.lib.common.rest_client [req-f41ca51c-cb91-4b97-93e9-669ccfc58b74 req-f41ca51c-cb91-4b97-93e9-669ccfc58b74 ] Request (SecurityGroupRulesTestJSON:setUpClass): 201 POST http://10.180.1.21/identity/v3/auth/tokens 0.083s
2025-05-13 01:16:30.340 70117 INFO tempest.lib.common.rest_client [req-86e9d1ce-5b26-48dc-815d-a32baef3fa0c req-86e9d1ce-5b26-48dc-815d-a32baef3fa0c ] Request (SecurityGroupRulesTestJSON:setUpClass): 201 POST http://10.180.1.21/identity/v3/auth/tokens 0.035s
2025-05-13 01:16:30.360 70087 INFO tempest.lib.common.rest_client [req-4756818c-46f2-477e-bffb-94c7d4243bd3 req-4756818c-46f2-477e-bffb-94c7d4243bd3 ] Request (AttachInterfacesUnderV243Test:test_add_remove_fixed_ip): 200 GET http://10.180.1.21/compute/v2.1/servers/073e9b15-e59c-48ae-ad2f-16608e240d4e 1.077s
2025-05-13 01:16:30.374 70117 INFO tempest.lib.common.rest_client [req-0791c2d6-c31b-485d-8a66-2a51407f4308 req-0791c2d6-c31b-485d-8a66-2a51407f4308 ] Request (SecurityGroupRulesTestJSON:setUpClass): 200 GET http://10.180.1.21/identity/v3/domains?name=Default 0.034s
2025-05-13 01:16:30.394 70119 WARNING tempest.lib.common.ssh [-] Failed to establish authenticated ssh connection to cirros@10.180.180.201 ([Errno None] Unable to connect to port 22 on 10.180.180.201). Number attempts: 4. Retry after 5 seconds.: paramiko.ssh_exception.NoValidConnectionsError: [Errno None] Unable to connect to port 22 on 10.180.180.201
2025-05-13 01:16:30.401 70083 INFO tempest.lib.common.rest_client [req-31603a63-06d8-4b70-b77c-a6dfc9364c2c req-31603a63-06d8-4b70-b77c-a6dfc9364c2c ] Request (FloatingIPsAssociationNegativeTestJSON:test_dissociate_nonexistent_floating_ip): 404 POST http://10.180.1.21/compute/v2.1/servers/135ff4da-ae66-4773-807a-99497e79c966/action 1.105s
2025-05-13 01:16:30.409 70117 INFO tempest.lib.common.rest_client [req-3962e27f-d538-4df1-aa74-23c098f51194 req-3962e27f-d538-4df1-aa74-23c098f51194 ] Request (SecurityGroupRulesTestJSON:setUpClass): 201 POST http://10.180.1.21/identity/v3/projects 0.034s
2025-05-13 01:16:30.433 70081 INFO tempest.lib.common.rest_client [req-a6146f68-2c85-4bf6-9515-b7635b3023ba req-a6146f68-2c85-4bf6-9515-b7635b3023ba ] Request (SecurityGroupRulesNegativeTestJSON:tearDownClass): 202 DELETE http://10.180.1.21/compute/v2.1/os-security-groups/57faee4f-c5b7-496d-9f02-817e4de17247 1.426s
2025-05-13 01:16:30.461 70105 INFO tempest.lib.common.rest_client [req-40715e38-f9c7-4f04-883c-846dc70e4eba req-40715e38-f9c7-4f04-883c-846dc70e4eba ] Request (DeleteServersAdminTestJSON:test_delete_server_while_in_error_state): 200 GET http://10.180.1.21/compute/v2.1/servers/e374003a-19c9-4dd1-a636-ccd9b69e7790 1.108s
2025-05-13 01:16:30.476 70117 INFO tempest.lib.common.rest_client [req-d7912a31-28d8-4469-937c-7eb81bd1d505 req-d7912a31-28d8-4469-937c-7eb81bd1d505 ] Request (SecurityGroupRulesTestJSON:setUpClass): 201 POST http://10.180.1.21/identity/v3/users 0.065s
2025-05-13 01:16:30.500 70117 INFO tempest.lib.common.rest_client [req-0c40175d-995c-4a62-a7ac-8d691c2e2af1 req-0c40175d-995c-4a62-a7ac-8d691c2e2af1 ] Request (SecurityGroupRulesTestJSON:setUpClass): 200 GET http://10.180.1.21/identity/v3/roles 0.023s
2025-05-13 01:16:30.525 70117 INFO tempest.lib.common.rest_client [req-eb1100ee-4e01-47c9-b2cf-b5bd7ddd2df8 req-eb1100ee-4e01-47c9-b2cf-b5bd7ddd2df8 ] Request (SecurityGroupRulesTestJSON:setUpClass): 204 PUT http://10.180.1.21/identity/v3/projects/4433f63b4d764f548a86e1a7eceda87f/users/6c4545eb4acb46c999d6119146c65f8e/roles/dcb413893cb2485282bacffc022d1f84 0.025s
2025-05-13 01:16:30.525 70117 INFO tempest.lib.common.dynamic_creds [-] Dynamic test user 6c4545eb4acb46c999d6119146c65f8e is created with scope project and roles: ['member']
2025-05-13 01:16:30.526 70117 INFO tempest.lib.common.dynamic_creds [-] Acquired dynamic creds: credentials: Credentials: {'domain_id': 'default', 'domain_name': 'Default', 'username': 'tempest-SecurityGroupRulesTestJSON-482860526-project-member', 'project_domain_id': 'default', 'project_domain_name': 'Default', 'project_id': '4433f63b4d764f548a86e1a7eceda87f', 'project_name': 'tempest-SecurityGroupRulesTestJSON-482860526', 'tenant_id': '4433f63b4d764f548a86e1a7eceda87f', 'tenant_name': 'tempest-SecurityGroupRulesTestJSON-482860526', 'user_domain_id': 'default', 'user_domain_name': 'Default', 'user_id': '6c4545eb4acb46c999d6119146c65f8e', 'system': None}, Network: None, Subnet: None, Router: None
2025-05-13 01:16:30.544 70094 INFO tempest.lib.common.rest_client [req-885a6761-12a5-45f1-afc7-faf80d4c979d req-885a6761-12a5-45f1-afc7-faf80d4c979d ] Request (MultipleCreateTestJSON:test_multiple_create): 200 GET http://10.180.1.21/compute/v2.1/servers/2c18c12a-e19e-4da8-bc5f-1b4856e96c71 0.971s
2025-05-13 01:16:30.546 70107 INFO tempest.lib.common.rest_client [req-91848197-c311-4b38-820d-16135d237060 req-91848197-c311-4b38-820d-16135d237060 ] Request (ServerShowV247Test:tearDownClass): 200 GET http://10.180.1.21/compute/v2.1/servers/325ff5b6-806a-49a2-ab23-3447973a5dd7 0.938s
2025-05-13 01:16:30.596 70117 INFO tempest.lib.common.rest_client [req-cfac7e70-0121-4fbf-94dd-46330214b714 req-cfac7e70-0121-4fbf-94dd-46330214b714 ] Request (SecurityGroupRulesTestJSON:setUpClass): 201 POST http://10.180.1.21/identity/v3/auth/tokens 0.070s
2025-05-13 01:16:30.611 70089 INFO tempest.lib.common.rest_client [req-bd22a281-bb31-452a-a4bd-452623cee033 req-bd22a281-bb31-452a-a4bd-452623cee033 ] Request (ServersAaction247Test:test_create_backup): 200 GET http://10.180.1.21/compute/v2.1/servers/70349e4d-cab8-45e8-be9c-b2c8ec613edf 0.946s
2025-05-13 01:16:30.616 70123 INFO tempest.lib.common.rest_client [req-a7b40b2e-4c43-4bae-a98c-66f5c12f35a6 req-a7b40b2e-4c43-4bae-a98c-66f5c12f35a6 ] Request (ImagesOneServerNegativeTestJSON:_run_cleanups): 200 GET http://10.180.1.21/compute/v2.1/servers/42963f87-0fef-4d3c-9f3c-26fd35d8fb8d 0.922s
2025-05-13 01:16:30.622 70089 INFO tempest.common.waiters [-] State transition "BUILD/scheduling" ==> "BUILD/None" after 26 second wait
2025-05-13 01:16:30.651 70097 INFO tempest.lib.common.rest_client [req-dbfe8ada-15be-4cdb-a6bf-a6292dfa3ed8 req-dbfe8ada-15be-4cdb-a6bf-a6292dfa3ed8 ] Request (ListImageFiltersTestJSON:setUpClass): 200 GET http://10.180.1.21/compute/v2.1/images/63755cc9-3f85-4ef6-aec9-c20f5eb72a56 0.646s
2025-05-13 01:16:30.670 70103 INFO tempest.lib.common.rest_client [req-34bf2a37-f96e-49c3-9147-3c19b894bd70 req-34bf2a37-f96e-49c3-9147-3c19b894bd70 ] Request (ServerActionsTestOtherA:setUpClass): 200 GET http://10.180.1.21/compute/v2.1/servers/105fe6a4-75f2-4d70-80bd-e07259585778 0.923s
2025-05-13 01:16:30.697 70109 INFO tempest.lib.common.rest_client [req-9ad48155-3f30-4e90-b461-77ec499cb572 req-9ad48155-3f30-4e90-b461-77ec499cb572 ] Request (ServerAddressesTestJSON:tearDownClass): 404 GET http://10.180.1.21/compute/v2.1/servers/73aca2a6-ca4f-4177-bd7d-1414e7ee40d0 0.579s
2025-05-13 01:16:30.742 70065 INFO tempest.lib.common.rest_client [req-c187c878-2b6d-4e6c-a117-795571be472b req-c187c878-2b6d-4e6c-a117-795571be472b ] Request (InstanceActionsTestJSON:test_get_instance_action): 200 GET http://10.180.1.21/compute/v2.1/servers/a936140b-b304-4067-a3f9-bfd0445b4950/os-instance-actions/req-6e6afe07-53a4-4cc9-b864-82c2b9bc7698 0.574s
2025-05-13 01:16:30.985 70117 INFO tempest.lib.common.rest_client [req-5d3b5b55-2d5b-4d53-9be5-374d9ca6faef req-5d3b5b55-2d5b-4d53-9be5-374d9ca6faef ] Request (SecurityGroupRulesTestJSON:setUpClass): 201 POST http://10.180.1.21:9696/networking/v2.0/networks 0.388s
2025-05-13 01:16:31.039 70097 INFO tempest.lib.common.rest_client [req-56477a18-b9d8-42e7-aaa1-762151293dd6 req-56477a18-b9d8-42e7-aaa1-762151293dd6 ] Request (ListImageFiltersTestJSON:setUpClass): 201 POST http://10.180.1.21/image/v2/images 0.384s
2025-05-13 01:16:31.044 70111 INFO tempest.lib.common.rest_client [req-95f49131-8a04-4a48-a96a-5d2c605a5cd8 req-95f49131-8a04-4a48-a96a-5d2c605a5cd8 ] Request (MigrationsAdminTest:test_list_migrations_in_flavor_resize_situation): 200 GET http://10.180.1.21/compute/v2.1/servers/63005fe8-620c-4a91-b48c-5cecee3ad2d5 0.813s
2025-05-13 01:16:31.146 70071 INFO tempest.lib.common.rest_client [req-593431d9-03d9-4727-a555-72aacba1af20 req-593431d9-03d9-4727-a555-72aacba1af20 ] Request (ServerGroupTestJSON:test_create_server_with_scheduler_hint_group): 200 GET http://10.180.1.21/compute/v2.1/servers/4c04ad57-5729-43ef-85d3-dbc253c6fff4 0.757s
2025-05-13 01:16:31.223 70117 INFO tempest.lib.common.rest_client [req-f8be6018-79f9-400a-ab84-8fa6a0b3f09c req-f8be6018-79f9-400a-ab84-8fa6a0b3f09c ] Request (SecurityGroupRulesTestJSON:setUpClass): 201 POST http://10.180.1.21:9696/networking/v2.0/subnets 0.238s
2025-05-13 01:16:31.236 70083 INFO tempest.lib.common.rest_client [req-94998930-6a51-4862-baab-aafc78521e36 req-94998930-6a51-4862-baab-aafc78521e36 ] Request (FloatingIPsAssociationNegativeTestJSON:tearDownClass): 204 DELETE http://10.180.1.21/compute/v2.1/servers/135ff4da-ae66-4773-807a-99497e79c966 0.833s
2025-05-13 01:16:31.503 70081 INFO tempest.lib.common.rest_client [req-cb8aec0c-6268-4735-a9b1-02e7ba20092b req-cb8aec0c-6268-4735-a9b1-02e7ba20092b ] Request (SecurityGroupRulesNegativeTestJSON:tearDownClass): 202 DELETE http://10.180.1.21/compute/v2.1/os-security-groups/071eaf7a-fe49-43cb-9a01-fed087655c02 1.069s
2025-05-13 01:16:31.606 70063 INFO tempest.lib.common.rest_client [req-cf837579-97e1-4b7b-b693-0df1422cfb03 req-cf837579-97e1-4b7b-b693-0df1422cfb03 ] Request (ImagesNegativeTestJSON:test_create_image_from_deleted_server): 200 GET http://10.180.1.21/compute/v2.1/servers/b0634adf-22c7-45be-b90f-30400b68f52b 1.123s
2025-05-13 01:16:31.802 70079 WARNING tempest.lib.common.ssh [-] Failed to establish authenticated ssh connection to cirros@10.180.180.230 ([Errno None] Unable to connect to port 22 on 10.180.180.230). Number attempts: 6. Retry after 7 seconds.: paramiko.ssh_exception.NoValidConnectionsError: [Errno None] Unable to connect to port 22 on 10.180.180.230
2025-05-13 01:16:31.837 70073 INFO tempest.lib.common.rest_client [req-bccad244-d00e-4798-ae75-20b86da1d7b7 req-bccad244-d00e-4798-ae75-20b86da1d7b7 ] Request (SecurityGroupsTestJSON:test_list_security_groups_by_server): 200 GET http://10.180.1.21/compute/v2.1/servers/55aa0827-e927-488e-902b-3cbde2f3d36b 1.090s
2025-05-13 01:16:31.894 70117 INFO tempest.lib.common.rest_client [req-deee2631-a435-46df-afc3-e537edfaeff0 req-deee2631-a435-46df-afc3-e537edfaeff0 ] Request (SecurityGroupRulesTestJSON:setUpClass): 201 POST http://10.180.1.21:9696/networking/v2.0/routers 0.670s
2025-05-13 01:16:31.914 70065 INFO tempest.lib.common.rest_client [req-2a342527-6ddf-4a4d-9423-6035529d125a req-2a342527-6ddf-4a4d-9423-6035529d125a ] Request (InstanceActionsTestJSON:test_list_instance_actions): 202 POST http://10.180.1.21/compute/v2.1/servers/a936140b-b304-4067-a3f9-bfd0445b4950/action 1.154s
2025-05-13 01:16:32.122 70077 WARNING tempest.lib.common.ssh [-] Failed to establish authenticated ssh connection to cirros@10.180.180.155 ([Errno None] Unable to connect to port 22 on 10.180.180.155). Number attempts: 5. Retry after 6 seconds.: paramiko.ssh_exception.NoValidConnectionsError: [Errno None] Unable to connect to port 22 on 10.180.180.155
