2025-05-13 01:15:55.317 70069 INFO tempest.lib.common.rest_client [req-152e4ebc-e9f1-466f-bb44-23879567b3bc req-152e4ebc-e9f1-466f-bb44-23879567b3bc ] Request (QuotasAdminNegativeTest:_run_cleanups): 200 PUT http://10.180.1.21/compute/v2.1/os-quota-sets/eee7517555054213bc26e0e508f67ef7 1.506s
2025-05-13 01:15:55.324 70115 INFO tempest.lib.common.rest_client [req-15030abf-4610-4a41-818e-b55855e238b4 req-15030abf-4610-4a41-818e-b55855e238b4 ] Request (ServersAdmin275Test:setUpClass): 204 PUT http://10.180.1.21/identity/v3/projects/b2e171a70cb643a9a1e67881494524ef/users/b0abb66f4757408693b2ccaa4704a60c/roles/8b1e3dc6ab3540d6b9bc8543cb009bfb 0.036s
2025-05-13 01:15:55.342 70105 INFO tempest.lib.common.rest_client [req-e638e62f-92a9-49a0-ac08-f789351d0fa8 req-e638e62f-92a9-49a0-ac08-f789351d0fa8 ] Request (DeleteServersAdminTestJSON:test_delete_server_while_in_error_state): 200 GET http://10.180.1.21/compute/v2.1/servers/e374003a-19c9-4dd1-a636-ccd9b69e7790 1.489s
2025-05-13 01:15:55.351 70109 INFO tempest.lib.common.rest_client [req-dd5c3ab7-fc7c-471f-b5f6-e01dcab55099 req-dd5c3ab7-fc7c-471f-b5f6-e01dcab55099 ] Request (ServerAddressesTestJSON:test_list_server_addresses_by_network): 200 GET http://10.180.1.21/compute/v2.1/servers/73aca2a6-ca4f-4177-bd7d-1414e7ee40d0/ips 1.488s
2025-05-13 01:15:55.378 70097 INFO tempest.lib.common.rest_client [req-e219b96f-4a3f-4361-b998-c5aa688ea627 req-e219b96f-4a3f-4361-b998-c5aa688ea627 ] Request (FlavorsAdminTestJSON:test_is_public_string_variations): 200 POST http://10.180.1.21/compute/v2.1/flavors 1.286s
2025-05-13 01:15:55.406 70115 INFO tempest.lib.common.rest_client [req-dd9fa41b-4377-40f1-9d02-90afa86d54d2 req-dd9fa41b-4377-40f1-9d02-90afa86d54d2 ] Request (ServersAdmin275Test:setUpClass): 200 GET http://10.180.1.21/identity/v3/roles 0.081s
2025-05-13 01:15:55.430 70115 INFO tempest.lib.common.rest_client [req-7a2284eb-274f-4ed8-a67d-3e34493256eb req-7a2284eb-274f-4ed8-a67d-3e34493256eb ] Request (ServersAdmin275Test:setUpClass): 204 PUT http://10.180.1.21/identity/v3/projects/b2e171a70cb643a9a1e67881494524ef/users/b0abb66f4757408693b2ccaa4704a60c/roles/8b1e3dc6ab3540d6b9bc8543cb009bfb 0.024s
2025-05-13 01:15:55.430 70115 INFO tempest.lib.common.dynamic_creds [-] Dynamic test user b0abb66f4757408693b2ccaa4704a60c is created with scope project and roles: ['admin']
2025-05-13 01:15:55.430 70115 INFO tempest.lib.common.dynamic_creds [-] Acquired dynamic creds: credentials: Credentials: {'domain_id': 'default', 'domain_name': 'Default', 'username': 'tempest-ServersAdmin275Test-1331713062-project-admin', 'project_domain_id': 'default', 'project_domain_name': 'Default', 'project_id': 'b2e171a70cb643a9a1e67881494524ef', 'project_name': 'tempest-ServersAdmin275Test-1331713062', 'tenant_id': 'b2e171a70cb643a9a1e67881494524ef', 'tenant_name': 'tempest-ServersAdmin275Test-1331713062', 'user_domain_id': 'default', 'user_domain_name': 'Default', 'user_id': 'b0abb66f4757408693b2ccaa4704a60c', 'system': None}, Network: None, Subnet: None, Router: None
2025-05-13 01:15:55.431 70115 INFO tempest.lib.common.dynamic_creds [-] Created isolated network resources for: credentials: Credentials: {'domain_id': 'default', 'domain_name': 'Default', 'username': 'tempest-ServersAdmin275Test-1331713062-project-admin', 'project_domain_id': 'default', 'project_domain_name': 'Default', 'project_id': 'b2e171a70cb643a9a1e67881494524ef', 'project_name': 'tempest-ServersAdmin275Test-1331713062', 'tenant_id': 'b2e171a70cb643a9a1e67881494524ef', 'tenant_name': 'tempest-ServersAdmin275Test-1331713062', 'user_domain_id': 'default', 'user_domain_name': 'Default', 'user_id': 'b0abb66f4757408693b2ccaa4704a60c', 'system': None}, Network: None, Subnet: None, Router: None
2025-05-13 01:15:55.447 70067 INFO tempest.lib.common.rest_client [req-7d33b911-8d58-4df6-86b5-1199b1ce116c req-7d33b911-8d58-4df6-86b5-1199b1ce116c ] Request (SecurityGroupsTestAdminJSON:tearDownClass): 204 DELETE http://10.180.1.21:9696/networking/v2.0/security-groups/ed9a0359-a9e1-4505-a549-59a2340290d1 0.258s
2025-05-13 01:15:55.453 70101 INFO tempest.lib.common.rest_client [req-efc50b53-4e14-4f02-8e80-adb054454de0 req-efc50b53-4e14-4f02-8e80-adb054454de0 ] Request (InstanceActionsNegativeTestJSON:setUpClass): 201 POST http://10.180.1.21:9696/networking/v2.0/routers 0.970s
2025-05-13 01:15:55.535 70115 INFO tempest.lib.common.rest_client [req-856d8e5b-bc32-4460-b5bd-11a525e3ac70 req-856d8e5b-bc32-4460-b5bd-11a525e3ac70 ] Request (ServersAdmin275Test:setUpClass): 201 POST http://10.180.1.21/identity/v3/auth/tokens 0.100s
2025-05-13 01:15:55.576 70067 INFO tempest.lib.common.rest_client [req-99ec52ce-a024-46d0-aa3e-1b72b745dbfc req-99ec52ce-a024-46d0-aa3e-1b72b745dbfc ] Request (SecurityGroupsTestAdminJSON:tearDownClass): 204 DELETE http://10.180.1.21/identity/v3/projects/d53f96c869c240b794a9a35d174bcff4 0.128s
2025-05-13 01:15:55.579 70111 INFO tempest.lib.common.rest_client [req-ab7d1e38-5991-4323-ab20-931270c33237 req-ab7d1e38-5991-4323-ab20-931270c33237 ] Request (MigrationsAdminTest:test_list_migrations_in_flavor_resize_situation): 200 GET http://10.180.1.21/compute/v2.1/servers/63005fe8-620c-4a91-b48c-5cecee3ad2d5 1.714s
2025-05-13 01:15:55.629 70089 INFO tempest.lib.common.rest_client [req-c2590828-21ca-454f-8f93-385d29181741 req-c2590828-21ca-454f-8f93-385d29181741 ] Request (SecurityGroupsNegativeTestJSON:test_delete_the_default_security_group): 200 GET http://10.180.1.21/compute/v2.1/os-security-groups 1.532s
2025-05-13 01:15:55.646 70067 INFO tempest.lib.common.rest_client [req-4338033a-5cf1-457a-ad78-35508103a985 req-4338033a-5cf1-457a-ad78-35508103a985 ] Request (KeyPairsNegativeTestJSON:setUpClass): 201 POST http://10.180.1.21/identity/v3/auth/tokens 0.069s
2025-05-13 01:15:55.663 70099 INFO tempest.lib.common.rest_client [req-11d76b54-47a9-491a-a2d0-1d7dbf4c00b8 req-11d76b54-47a9-491a-a2d0-1d7dbf4c00b8 ] Request (ServerRescueTestJSONUnderV235:setUpClass): 200 GET http://10.180.1.21/compute/v2.1/servers/daf98c6d-4dc6-4d33-a53c-4d9d8800de6c 1.477s
2025-05-13 01:15:55.684 70126 INFO tempest.lib.common.rest_client [req-75d8322f-4f2a-4c08-9cc6-88035d9ed77d req-75d8322f-4f2a-4c08-9cc6-88035d9ed77d ] Request (FlavorsAccessNegativeTestJSON:test_flavor_non_admin_remove): 403 POST http://10.180.1.21/compute/v2.1/flavors/1939702147/action 1.438s
2025-05-13 01:15:55.686 70067 INFO tempest.lib.common.rest_client [req-85bca67f-c621-4a6d-a936-b661a6448f90 req-85bca67f-c621-4a6d-a936-b661a6448f90 ] Request (KeyPairsNegativeTestJSON:setUpClass): 201 POST http://10.180.1.21/identity/v3/auth/tokens 0.034s
2025-05-13 01:15:55.716 70067 INFO tempest.lib.common.rest_client [req-22aabca4-392e-4314-aa9e-634d8cff9f17 req-22aabca4-392e-4314-aa9e-634d8cff9f17 ] Request (KeyPairsNegativeTestJSON:setUpClass): 200 GET http://10.180.1.21/identity/v3/domains?name=Default 0.030s
2025-05-13 01:15:55.742 70075 INFO tempest.lib.common.rest_client [req-a25e3367-4d76-4580-8040-c277d51faf50 req-a25e3367-4d76-4580-8040-c277d51faf50 ] Request (ServerExternalEventsTest:tearDownClass): 200 GET http://10.180.1.21/compute/v2.1/servers/463e35d4-a79b-43a4-9700-3b40ac295bf8 1.549s
2025-05-13 01:15:55.750 70115 INFO tempest.lib.common.rest_client [req-f1aef15c-b842-4fcb-84ed-ea9d02494da4 req-f1aef15c-b842-4fcb-84ed-ea9d02494da4 ] Request (ServersAdmin275Test:test_rebuild_update_server_275): 201 POST http://10.180.1.21/identity/v3/auth/tokens 0.210s
2025-05-13 01:15:55.750 70067 INFO tempest.lib.common.rest_client [req-919d3631-2302-4a14-a067-0c99a7bb87dd req-919d3631-2302-4a14-a067-0c99a7bb87dd ] Request (KeyPairsNegativeTestJSON:setUpClass): 201 POST http://10.180.1.21/identity/v3/projects 0.033s
2025-05-13 01:15:55.751 70115 INFO tempest.lib.common.fixed_network [-] (ServersAdmin275Test:test_rebuild_update_server_275) Found network None available for tenant
2025-05-13 01:15:55.775 70071 INFO tempest.lib.common.rest_client [req-bf5f41a4-94f3-45f7-8959-5640c6e43c57 req-bf5f41a4-94f3-45f7-8959-5640c6e43c57 ] Request (ServerGroupTestJSON:test_create_delete_server_group_with_affinity_policy): 204 DELETE http://10.180.1.21/compute/v2.1/os-server-groups/1becbad2-7c23-425c-9acf-75c688dee962 1.146s
2025-05-13 01:15:55.803 70094 INFO tempest.lib.common.rest_client [req-93916d75-039b-4cfc-ac18-b6118f195c87 req-93916d75-039b-4cfc-ac18-b6118f195c87 ] Request (MultipleCreateTestJSON:test_multiple_create): 200 GET http://10.180.1.21/compute/v2.1/servers/2c18c12a-e19e-4da8-bc5f-1b4856e96c71 1.361s
2025-05-13 01:15:55.816 70067 INFO tempest.lib.common.rest_client [req-c2695bd7-1e15-4e2b-8061-5219d0a49098 req-c2695bd7-1e15-4e2b-8061-5219d0a49098 ] Request (KeyPairsNegativeTestJSON:setUpClass): 201 POST http://10.180.1.21/identity/v3/users 0.065s
2025-05-13 01:15:55.828 70113 INFO tempest.lib.common.rest_client [req-3a94694d-fa3e-45b7-a9b0-61500b04477d req-3a94694d-fa3e-45b7-a9b0-61500b04477d ] Request (VolumesTestJSON:test_volume_list_param_offset_and_limit): 200 GET http://10.180.1.21/compute/v2.1/os-volumes 1.099s
2025-05-13 01:15:55.843 70067 INFO tempest.lib.common.rest_client [req-197a5db3-2d28-4265-8d02-4055d7468643 req-197a5db3-2d28-4265-8d02-4055d7468643 ] Request (KeyPairsNegativeTestJSON:setUpClass): 200 GET http://10.180.1.21/identity/v3/roles 0.026s
2025-05-13 01:15:55.882 70067 INFO tempest.lib.common.rest_client [req-a4f999e7-e692-4bec-b1bb-04ccb0514a38 req-a4f999e7-e692-4bec-b1bb-04ccb0514a38 ] Request (KeyPairsNegativeTestJSON:setUpClass): 204 PUT http://10.180.1.21/identity/v3/projects/f11b9a6a945a4ca9be321b6bbcd70b6e/users/3365636369c645d295edb2ebbab269b3/roles/dcb413893cb2485282bacffc022d1f84 0.038s
2025-05-13 01:15:55.882 70067 INFO tempest.lib.common.dynamic_creds [-] Dynamic test user 3365636369c645d295edb2ebbab269b3 is created with scope project and roles: ['member']
2025-05-13 01:15:55.882 70067 INFO tempest.lib.common.dynamic_creds [-] Acquired dynamic creds: credentials: Credentials: {'domain_id': 'default', 'domain_name': 'Default', 'username': 'tempest-KeyPairsNegativeTestJSON-1587068424-project-member', 'project_domain_id': 'default', 'project_domain_name': 'Default', 'project_id': 'f11b9a6a945a4ca9be321b6bbcd70b6e', 'project_name': 'tempest-KeyPairsNegativeTestJSON-1587068424', 'tenant_id': 'f11b9a6a945a4ca9be321b6bbcd70b6e', 'tenant_name': 'tempest-KeyPairsNegativeTestJSON-1587068424', 'user_domain_id': 'default', 'user_domain_name': 'Default', 'user_id': '3365636369c645d295edb2ebbab269b3', 'system': None}, Network: None, Subnet: None, Router: None
2025-05-13 01:15:55.882 70067 INFO tempest.lib.common.dynamic_creds [-] Created isolated network resources for: credentials: Credentials: {'domain_id': 'default', 'domain_name': 'Default', 'username': 'tempest-KeyPairsNegativeTestJSON-1587068424-project-member', 'project_domain_id': 'default', 'project_domain_name': 'Default', 'project_id': 'f11b9a6a945a4ca9be321b6bbcd70b6e', 'project_name': 'tempest-KeyPairsNegativeTestJSON-1587068424', 'tenant_id': 'f11b9a6a945a4ca9be321b6bbcd70b6e', 'tenant_name': 'tempest-KeyPairsNegativeTestJSON-1587068424', 'user_domain_id': 'default', 'user_domain_name': 'Default', 'user_id': '3365636369c645d295edb2ebbab269b3', 'system': None}, Network: None, Subnet: None, Router: None
2025-05-13 01:15:55.904 70083 INFO tempest.lib.common.rest_client [req-a993c526-51c6-4b46-b7f0-73baa6024a49 req-a993c526-51c6-4b46-b7f0-73baa6024a49 ] Request (FloatingIPsAssociationNegativeTestJSON:setUpClass): 200 GET http://10.180.1.21/compute/v2.1/servers/135ff4da-ae66-4773-807a-99497e79c966 0.929s
2025-05-13 01:15:55.916 70085 INFO tempest.lib.common.rest_client [req-e22799d8-ce4a-40d3-b0a5-e3b5ab74a85b req-e22799d8-ce4a-40d3-b0a5-e3b5ab74a85b ] Request (ListServersNegativeTestJSON:setUpClass): 200 GET http://10.180.1.21/compute/v2.1/servers/3a8deddd-1624-4b69-b150-b5d9487ea7ed 0.854s
2025-05-13 01:15:55.957 70123 INFO tempest.lib.common.rest_client [req-4902a5b2-51e7-4f32-9ba0-08f70392e2de req-4902a5b2-51e7-4f32-9ba0-08f70392e2de ] Request (ImagesOneServerNegativeTestJSON:test_create_second_image_when_first_image_is_being_saved): 409 POST http://10.180.1.21/compute/v2.1/servers/42963f87-0fef-4d3c-9f3c-26fd35d8fb8d/action 0.845s
2025-05-13 01:15:55.987 70067 INFO tempest.lib.common.rest_client [req-92e0a274-f9ce-4161-ae9c-040b51028159 req-92e0a274-f9ce-4161-ae9c-040b51028159 ] Request (KeyPairsNegativeTestJSON:setUpClass): 201 POST http://10.180.1.21/identity/v3/auth/tokens 0.101s
2025-05-13 01:15:56.012 70091 INFO tempest.lib.common.rest_client [req-0019c986-eaba-4218-932d-807c31edaf61 req-0019c986-eaba-4218-932d-807c31edaf61 ] Request (AggregatesAdminNegativeTestJSON:_run_cleanups): 200 DELETE http://10.180.1.21/compute/v2.1/os-aggregates/7 0.754s
2025-05-13 01:15:56.020 70069 INFO tempest.lib.common.rest_client [req-30e42ef2-7efe-4b83-b707-b33f304169d3 req-30e42ef2-7efe-4b83-b707-b33f304169d3 ] Request (QuotasAdminNegativeTest:test_update_quota_normal_user): 403 PUT http://10.180.1.21/compute/v2.1/os-quota-sets/eee7517555054213bc26e0e508f67ef7 0.699s
2025-05-13 01:15:56.059 70063 INFO tempest.lib.common.rest_client [req-418e1058-59da-4c29-9bcf-fb17d34de136 req-418e1058-59da-4c29-9bcf-fb17d34de136 ] Request (ImagesNegativeTestJSON:test_create_image_from_deleted_server): 200 GET http://10.180.1.21/compute/v2.1/servers/b0634adf-22c7-45be-b90f-30400b68f52b 0.988s
2025-05-13 01:15:56.080 70103 INFO tempest.lib.common.rest_client [req-9438b17e-21e8-4bcc-8f93-89793587047a req-9438b17e-21e8-4bcc-8f93-89793587047a ] Request (ServerDiagnosticsTest:tearDownClass): 404 GET http://10.180.1.21/compute/v2.1/servers/e0685130-b55f-407f-b195-a705ac750cb1 0.735s
2025-05-13 01:15:56.105 70117 INFO tempest.lib.common.rest_client [req-412b653b-fcc0-44e6-a43d-d577c1c8d757 req-412b653b-fcc0-44e6-a43d-d577c1c8d757 ] Request (ServerDiagnosticsV248Test:tearDownClass): 200 GET http://10.180.1.21/compute/v2.1/servers/2614820e-831b-445d-8728-1b906bfc5c90 0.764s
2025-05-13 01:15:56.118 70109 INFO tempest.lib.common.rest_client [req-c82cdcd6-84ca-493b-a7cb-039f292e13c9 req-c82cdcd6-84ca-493b-a7cb-039f292e13c9 ] Request (ServerAddressesTestJSON:test_list_server_addresses_by_network): 200 GET http://10.180.1.21/compute/v2.1/servers/73aca2a6-ca4f-4177-bd7d-1414e7ee40d0/ips/tempest-ServerAddressesTestJSON-1030432345-network 0.765s
2025-05-13 01:15:56.138 70097 INFO tempest.lib.common.rest_client [req-3d79f47b-9073-4fe3-9711-eb438be948a8 req-3d79f47b-9073-4fe3-9711-eb438be948a8 ] Request (FlavorsAdminTestJSON:test_is_public_string_variations): 200 POST http://10.180.1.21/compute/v2.1/flavors 0.756s
2025-05-13 01:15:56.166 70069 INFO tempest.lib.common.rest_client [req-41adb254-664b-4eae-a193-649f6f4d2bcd req-41adb254-664b-4eae-a193-649f6f4d2bcd ] Request (QuotasAdminNegativeTest:tearDownClass): 204 DELETE http://10.180.1.21/identity/v3/users/0f2d33f533484c419b2247ab11e2fb6b 0.144s
2025-05-13 01:15:56.180 70103 INFO tempest.lib.common.rest_client [req-f754cdda-8635-43f6-be24-95b74566b0ea req-f754cdda-8635-43f6-be24-95b74566b0ea ] Request (ServerDiagnosticsTest:tearDownClass): 204 DELETE http://10.180.1.21/identity/v3/users/dc51937f793840229c35a113fdabf5cf 0.099s
2025-05-13 01:15:56.196 70073 INFO tempest.lib.common.rest_client [req-29808e75-a4d1-4ca9-8b56-6563b3dc5a5a req-29808e75-a4d1-4ca9-8b56-6563b3dc5a5a ] Request (SecurityGroupsTestJSON:test_list_security_groups_by_server): 200 GET http://10.180.1.21/compute/v2.1/servers/55aa0827-e927-488e-902b-3cbde2f3d36b 0.774s
2025-05-13 01:15:56.199 70065 INFO tempest.lib.common.rest_client [req-b452ea67-27d0-4d2d-b2d5-f230dbf1576d req-b452ea67-27d0-4d2d-b2d5-f230dbf1576d ] Request (InstanceActionsTestJSON:setUpClass): 200 GET http://10.180.1.21/compute/v2.1/servers/a936140b-b304-4067-a3f9-bfd0445b4950 0.765s
2025-05-13 01:15:56.218 70121 WARNING tempest.lib.common.ssh [-] Failed to establish authenticated ssh connection to cirros@10.180.180.243 ([Errno None] Unable to connect to port 22 on 10.180.180.243). Number attempts: 2. Retry after 3 seconds.: paramiko.ssh_exception.NoValidConnectionsError: [Errno None] Unable to connect to port 22 on 10.180.180.243
2025-05-13 01:15:56.277 70103 INFO tempest.lib.common.rest_client [req-55802834-fcce-45ef-a96b-53a4961061bf req-55802834-fcce-45ef-a96b-53a4961061bf ] Request (ServerDiagnosticsTest:tearDownClass): 204 DELETE http://10.180.1.21/identity/v3/users/de0dffb3aca7471182210659f22f98fb 0.097s
2025-05-13 01:15:56.277 70103 INFO tempest.lib.common.dynamic_creds [-] Deleting project and security group for project: ad1cf75b4e454ed1a44a0491f744e0fa
2025-05-13 01:15:56.282 70069 INFO tempest.lib.common.rest_client [req-69d6b2fd-86e5-4435-960d-c7dde9a304cb req-69d6b2fd-86e5-4435-960d-c7dde9a304cb ] Request (QuotasAdminNegativeTest:tearDownClass): 204 DELETE http://10.180.1.21/identity/v3/users/776b54b3c1f24bd2b16cb5e45b46ec22 0.114s
2025-05-13 01:15:56.282 70069 INFO tempest.lib.common.dynamic_creds [-] Deleting project and security group for project: 1af4ad7de9274586bcf0ad58f71470d9
2025-05-13 01:15:56.292 70081 INFO tempest.lib.common.rest_client [req-ba69aa23-49d7-42c4-9b09-f00c6af70802 req-ba69aa23-49d7-42c4-9b09-f00c6af70802 ] Request (ServerDiagnosticsNegativeTest:tearDownClass): 200 GET http://10.180.1.21/compute/v2.1/servers/8975561e-5484-450c-a793-eb8dc7451bf6 0.750s
2025-05-13 01:15:56.342 70103 INFO tempest.lib.common.rest_client [req-023dc07f-a6d0-4a9b-8ed0-2c5e1072c32a req-023dc07f-a6d0-4a9b-8ed0-2c5e1072c32a ] Request (ServerDiagnosticsTest:tearDownClass): 201 POST http://10.180.1.21/identity/v3/auth/tokens 0.064s
2025-05-13 01:15:56.361 70069 INFO tempest.lib.common.rest_client [req-d5bc0023-c97b-4c8e-837d-bca5d9472559 req-d5bc0023-c97b-4c8e-837d-bca5d9472559 ] Request (QuotasAdminNegativeTest:tearDownClass): 201 POST http://10.180.1.21/identity/v3/auth/tokens 0.078s
2025-05-13 01:15:56.380 70077 INFO tempest.lib.common.rest_client [req-64d7c009-0bb1-416d-ad55-e71ef45e074c req-64d7c009-0bb1-416d-ad55-e71ef45e074c ] Request (ServersTestBootFromVolume:setUpClass): 200 GET http://10.180.1.21/compute/v2.1/servers/c14a3623-4df3-41b9-bc09-6bfff4ad45e2 0.808s
2025-05-13 01:15:56.392 70079 WARNING tempest.lib.common.ssh [-] Failed to establish authenticated ssh connection to cirros@10.180.180.230 ([Errno None] Unable to connect to port 22 on 10.180.180.230). Number attempts: 1. Retry after 2 seconds.: paramiko.ssh_exception.NoValidConnectionsError: [Errno None] Unable to connect to port 22 on 10.180.180.230
2025-05-13 01:15:56.398 70089 INFO tempest.lib.common.rest_client [req-a5b6a5b3-e102-4ee8-b1cd-15321db4c976 req-a5b6a5b3-e102-4ee8-b1cd-15321db4c976 ] Request (SecurityGroupsNegativeTestJSON:test_delete_the_default_security_group): 400 DELETE http://10.180.1.21/compute/v2.1/os-security-groups/00300611-bc87-42e1-abe2-d478c4cae8cd 0.765s
2025-05-13 01:15:56.471 70101 INFO tempest.lib.common.rest_client [req-91a8e807-543e-47de-a72d-45c08d8bbc0c req-91a8e807-543e-47de-a72d-45c08d8bbc0c ] Request (InstanceActionsNegativeTestJSON:setUpClass): 200 PUT http://10.180.1.21:9696/networking/v2.0/routers/a8690207-3281-4e83-8759-a9d2f8de5f43/add_router_interface 1.018s
2025-05-13 01:15:56.472 70101 INFO tempest.lib.common.dynamic_creds [-] Created isolated network resources for: credentials: Credentials: {'domain_id': 'default', 'domain_name': 'Default', 'username': 'tempest-InstanceActionsNegativeTestJSON-1913491146-project-member', 'project_domain_id': 'default', 'project_domain_name': 'Default', 'project_id': 'e9d829f9bcd14d67bf57841f22760a18', 'project_name': 'tempest-InstanceActionsNegativeTestJSON-1913491146', 'tenant_id': 'e9d829f9bcd14d67bf57841f22760a18', 'tenant_name': 'tempest-InstanceActionsNegativeTestJSON-1913491146', 'user_domain_id': 'default', 'user_domain_name': 'Default', 'user_id': '54333b53f5864c09bc19628917e626bb', 'system': None}, Network: {'id': 'b6b4667f-b82d-4a9a-bf87-1aa62d32c019', 'name': 'tempest-InstanceActionsNegativeTestJSON-1825720369-network', 'tenant_id': 'e9d829f9bcd14d67bf57841f22760a18', 'admin_state_up': True, 'mtu': 8950, 'status': 'ACTIVE', 'subnets': [], 'shared': False, 'project_id': 'e9d829f9bcd14d67bf57841f22760a18', 'port_security_enabled': True, 'router:external': False, 'provider:network_type': 'vlan', 'provider:physical_network': 'default', 'provider:segmentation_id': 89, 'availability_zone_hints': [], 'availability_zones': [], 'ipv4_address_scope': None, 'ipv6_address_scope': None, 'description': '', 'tags': [], 'created_at': '2025-05-13T01:15:54Z', 'updated_at': '2025-05-13T01:15:54Z', 'revision_number': 1}, Subnet: {'id': '4f1d44e2-13a8-47ca-8bce-3ea7489d1a96', 'name': 'tempest-InstanceActionsNegativeTestJSON-1825720369-subnet', 'tenant_id': 'e9d829f9bcd14d67bf57841f22760a18', 'network_id': 'b6b4667f-b82d-4a9a-bf87-1aa62d32c019', 'ip_version': 4, 'subnetpool_id': None, 'enable_dhcp': True, 'ipv6_ra_mode': None, 'ipv6_address_mode': None, 'gateway_ip': '192.168.128.1', 'cidr': '192.168.128.0/28', 'allocation_pools': [{'start': '192.168.128.2', 'end': '192.168.128.14'}], 'host_routes': [], 'dns_nameservers': [], 'description': '', 'router:external': False, 'service_types': [], 'tags': [], 'created_at': '2025-05-13T01:15:54Z', 'updated_at': '2025-05-13T01:15:54Z', 'revision_number': 0, 'project_id': 'e9d829f9bcd14d67bf57841f22760a18'}, Router: {'id': 'a8690207-3281-4e83-8759-a9d2f8de5f43', 'name': 'tempest-InstanceActionsNegativeTestJSON-1825720369-router', 'tenant_id': 'e9d829f9bcd14d67bf57841f22760a18', 'admin_state_up': True, 'status': 'ACTIVE', 'external_gateway_info': {'network_id': '98ee1d46-8a78-47a0-b024-d30da351af4f', 'external_fixed_ips': [{'subnet_id': 'dcca7ffa-9a21-4a1e-900d-dda75c2787c7', 'ip_address': '10.180.180.163'}], 'enable_snat': True}, 'description': '', 'availability_zones': [], 'distributed': False, 'ha': False, 'availability_zone_hints': [], 'routes': [], 'flavor_id': None, 'tags': [], 'created_at': '2025-05-13T01:15:54Z', 'updated_at': '2025-05-13T01:15:54Z', 'revision_number': 2, 'project_id': 'e9d829f9bcd14d67bf57841f22760a18'}
2025-05-13 01:15:56.530 70126 INFO tempest.lib.common.rest_client [req-70b096fd-3942-4dfa-b523-b92cbe9db7c0 req-70b096fd-3942-4dfa-b523-b92cbe9db7c0 ] Request (FlavorsAccessNegativeTestJSON:_run_cleanups): 200 POST http://10.180.1.21/compute/v2.1/flavors/1939702147/action 0.845s
2025-05-13 01:15:56.542 70071 INFO tempest.lib.common.rest_client [req-3e61de72-7b89-45f2-9e18-8273c2ec4a4a req-3e61de72-7b89-45f2-9e18-8273c2ec4a4a ] Request (ServerGroupTestJSON:test_create_delete_server_group_with_affinity_policy): 200 GET http://10.180.1.21/compute/v2.1/os-server-groups 0.766s
2025-05-13 01:15:56.561 70103 INFO tempest.lib.common.rest_client [req-1f6cf376-24f9-4cc8-8ac7-08a082e8b794 req-1f6cf376-24f9-4cc8-8ac7-08a082e8b794 ] Request (ServerDiagnosticsTest:tearDownClass): 200 GET http://10.180.1.21:9696/networking/v2.0/security-groups?tenant_id=ad1cf75b4e454ed1a44a0491f744e0fa&name=default 0.219s
2025-05-13 01:15:56.574 70101 INFO tempest.lib.common.rest_client [req-3cb5a20a-ffe6-4801-bc72-cb06c953cec2 req-3cb5a20a-ffe6-4801-bc72-cb06c953cec2 ] Request (InstanceActionsNegativeTestJSON:setUpClass): 201 POST http://10.180.1.21/identity/v3/auth/tokens 0.099s
2025-05-13 01:15:56.586 70069 INFO tempest.lib.common.rest_client [req-3b90d312-e51f-4019-9d96-8f2f961dce07 req-3b90d312-e51f-4019-9d96-8f2f961dce07 ] Request (QuotasAdminNegativeTest:tearDownClass): 200 GET http://10.180.1.21:9696/networking/v2.0/security-groups?tenant_id=1af4ad7de9274586bcf0ad58f71470d9&name=default 0.224s
2025-05-13 01:15:56.607 70095 INFO tempest.lib.common.rest_client [req-9e40bc3f-a608-4129-accd-bc6e32be9620 req-9e40bc3f-a608-4129-accd-bc6e32be9620 ] Request (ServersAdminNegativeTestJSON:test_migrate_server_invalid_state): 200 GET http://10.180.1.21/compute/v2.1/servers/919ee366-6f31-44c2-8d44-5ff2cdfc1dbc 0.809s
2025-05-13 01:15:56.610 70101 INFO tempest.lib.common.rest_client [req-7116a2c5-9d9a-4d5f-a886-e368aec742da req-7116a2c5-9d9a-4d5f-a886-e368aec742da ] Request (InstanceActionsNegativeTestJSON:setUpClass): 201 POST http://10.180.1.21/identity/v3/auth/tokens 0.030s
2025-05-13 01:15:56.611 70101 INFO tempest.lib.common.fixed_network [-] (InstanceActionsNegativeTestJSON:setUpClass) Found network {'id': 'b6b4667f-b82d-4a9a-bf87-1aa62d32c019', 'name': 'tempest-InstanceActionsNegativeTestJSON-1825720369-network', 'tenant_id': 'e9d829f9bcd14d67bf57841f22760a18', 'admin_state_up': True, 'mtu': 8950, 'status': 'ACTIVE', 'subnets': [], 'shared': False, 'project_id': 'e9d829f9bcd14d67bf57841f22760a18', 'port_security_enabled': True, 'router:external': False, 'provider:network_type': 'vlan', 'provider:physical_network': 'default', 'provider:segmentation_id': 89, 'availability_zone_hints': [], 'availability_zones': [], 'ipv4_address_scope': None, 'ipv6_address_scope': None, 'description': '', 'tags': [], 'created_at': '2025-05-13T01:15:54Z', 'updated_at': '2025-05-13T01:15:54Z', 'revision_number': 1} available for tenant
2025-05-13 01:15:56.642 70115 INFO tempest.lib.common.rest_client [req-795226b4-8141-45b3-a92f-60f2e2b679bc req-795226b4-8141-45b3-a92f-60f2e2b679bc ] Request (ServersAdmin275Test:test_rebuild_update_server_275): 202 POST http://10.180.1.21/compute/v2.1/servers 0.890s
2025-05-13 01:15:56.647 70113 INFO tempest.lib.common.rest_client [req-5e490ecd-cf09-4e8b-a8b3-453cae6994a3 req-5e490ecd-cf09-4e8b-a8b3-453cae6994a3 ] Request (VolumesTestJSON:test_volume_list_param_offset_and_limit): 200 GET http://10.180.1.21/compute/v2.1/os-volumes?offset=1&limit=1 0.815s
2025-05-13 01:15:56.658 70103 INFO tempest.lib.common.rest_client [req-5624b32d-9dce-49bd-a23e-04d89802d9d2 req-5624b32d-9dce-49bd-a23e-04d89802d9d2 ] Request (ServerDiagnosticsTest:tearDownClass): 204 DELETE http://10.180.1.21:9696/networking/v2.0/security-groups/549a283f-083c-413b-b060-3ad8da4e9ab9 0.096s
2025-05-13 01:15:56.664 70069 INFO tempest.lib.common.rest_client [req-044490be-5aff-44bb-a636-6ba34bf93b69 req-044490be-5aff-44bb-a636-6ba34bf93b69 ] Request (QuotasAdminNegativeTest:tearDownClass): 204 DELETE http://10.180.1.21:9696/networking/v2.0/security-groups/63da2b95-dbf1-42e1-8fee-3d94b1d1c8b8 0.078s
2025-05-13 01:15:56.725 70107 INFO tempest.lib.common.rest_client [req-5dec5a81-3c9b-4e68-89d1-10f896ed354c req-5dec5a81-3c9b-4e68-89d1-10f896ed354c ] Request (ServerShowV247Test:test_update_rebuild_list_server): 200 GET http://10.180.1.21/compute/v2.1/servers/325ff5b6-806a-49a2-ab23-3447973a5dd7 0.780s
2025-05-13 01:15:56.736 70107 INFO tempest.common.waiters [-] State transition "REBUILD/rebuild_spawning" ==> "ACTIVE/None" after 9 second wait
2025-05-13 01:15:56.748 70069 INFO tempest.lib.common.rest_client [req-00a93a88-1438-4325-83b1-e26251cb7b72 req-00a93a88-1438-4325-83b1-e26251cb7b72 ] Request (QuotasAdminNegativeTest:tearDownClass): 204 DELETE http://10.180.1.21/identity/v3/projects/1af4ad7de9274586bcf0ad58f71470d9 0.083s
2025-05-13 01:15:56.748 70069 INFO tempest.lib.common.dynamic_creds [-] Deleting project and security group for project: eee7517555054213bc26e0e508f67ef7
2025-05-13 01:15:56.754 70103 INFO tempest.lib.common.rest_client [req-cdf92d51-a3c8-4810-8880-785f6d4b7712 req-cdf92d51-a3c8-4810-8880-785f6d4b7712 ] Request (ServerDiagnosticsTest:tearDownClass): 204 DELETE http://10.180.1.21/identity/v3/projects/ad1cf75b4e454ed1a44a0491f744e0fa 0.095s
2025-05-13 01:15:56.755 70103 INFO tempest.lib.common.dynamic_creds [-] Deleting project and security group for project: f63d2a1278154f78bdd6f0e6ddc1a056
2025-05-13 01:15:56.764 70119 INFO tempest.lib.common.rest_client [req-6fd0b86f-0e99-45e5-bc7d-87471ae9a9c6 req-6fd0b86f-0e99-45e5-bc7d-87471ae9a9c6 ] Request (ServersWithSpecificFlavorTestJSON:test_verify_created_server_ephemeral_disk): 200 GET http://10.180.1.21/compute/v2.1/servers/fded7459-3142-427d-9771-b97ca1de03bd 0.899s
2025-05-13 01:15:56.778 70119 INFO tempest.common.waiters [-] State transition "BUILD/networking" ==> "BUILD/spawning" after 28 second wait
2025-05-13 01:15:56.781 70103 INFO tempest.lib.common.rest_client [req-99c8eb47-ee65-4825-a3aa-0a2183e00ce5 req-99c8eb47-ee65-4825-a3aa-0a2183e00ce5 ] Request (ServerDiagnosticsTest:tearDownClass): 200 GET http://10.180.1.21:9696/networking/v2.0/security-groups?tenant_id=f63d2a1278154f78bdd6f0e6ddc1a056&name=default 0.026s
2025-05-13 01:15:56.852 70123 INFO tempest.lib.common.rest_client [req-62392140-edff-4d2b-9342-3dbb7eee08a6 req-62392140-edff-4d2b-9342-3dbb7eee08a6 ] Request (ImagesOneServerNegativeTestJSON:test_create_second_image_when_first_image_is_being_saved): 204 DELETE http://10.180.1.21/compute/v2.1/images/256b59fe-0bc9-4610-925b-52fd1fc5ac31 0.894s
2025-05-13 01:15:56.860 70103 INFO tempest.lib.common.rest_client [req-7be076c3-2542-48a5-b9c5-0ecbc6d63753 req-7be076c3-2542-48a5-b9c5-0ecbc6d63753 ] Request (ServerDiagnosticsTest:tearDownClass): 204 DELETE http://10.180.1.21:9696/networking/v2.0/security-groups/23aec94f-89ab-4b08-b54f-d76caff1f669 0.079s
2025-05-13 01:15:56.880 70069 INFO tempest.lib.common.rest_client [req-923cad6d-3777-49eb-8991-25606bb1c036 req-923cad6d-3777-49eb-8991-25606bb1c036 ] Request (QuotasAdminNegativeTest:tearDownClass): 200 GET http://10.180.1.21:9696/networking/v2.0/security-groups?tenant_id=eee7517555054213bc26e0e508f67ef7&name=default 0.131s
2025-05-13 01:15:56.887 70091 INFO tempest.lib.common.rest_client [req-2701dd42-d5da-41f2-87ae-32005d204dc8 req-2701dd42-d5da-41f2-87ae-32005d204dc8 ] Request (AggregatesAdminNegativeTestJSON:test_aggregate_remove_nonexistent_host): 200 POST http://10.180.1.21/compute/v2.1/os-aggregates 0.873s
2025-05-13 01:15:56.929 70067 INFO tempest.lib.common.rest_client [req-7d4f3a75-7bde-4924-8aa5-fce62cb163f2 req-7d4f3a75-7bde-4924-8aa5-fce62cb163f2 ] Request (KeyPairsNegativeTestJSON:test_create_keypair_invalid_name): 400 POST http://10.180.1.21/compute/v2.1/os-keypairs 0.940s
2025-05-13 01:15:56.969 70087 INFO tempest.lib.common.rest_client [req-594e2237-d519-4c55-b886-f9d5e7bd3a51 req-594e2237-d519-4c55-b886-f9d5e7bd3a51 ] Request (AttachInterfacesUnderV243Test:test_add_remove_fixed_ip): 200 GET http://10.180.1.21/compute/v2.1/servers/073e9b15-e59c-48ae-ad2f-16608e240d4e 0.930s
2025-05-13 01:15:56.988 70097 INFO tempest.lib.common.rest_client [req-0e570102-e5ef-480e-a1f3-b5a822c164f6 req-0e570102-e5ef-480e-a1f3-b5a822c164f6 ] Request (FlavorsAdminTestJSON:test_is_public_string_variations): 200 GET http://10.180.1.21/compute/v2.1/flavors/detail?is_public=f 0.848s
2025-05-13 01:15:56.995 70103 INFO tempest.lib.common.rest_client [req-b6f51781-4b3c-4fb5-8207-c13b23f61536 req-b6f51781-4b3c-4fb5-8207-c13b23f61536 ] Request (ServerDiagnosticsTest:tearDownClass): 204 DELETE http://10.180.1.21/identity/v3/projects/f63d2a1278154f78bdd6f0e6ddc1a056 0.135s
2025-05-13 01:15:57.003 70069 INFO tempest.lib.common.rest_client [req-c5986a34-4bf6-48b4-92e4-9ca0f5703662 req-c5986a34-4bf6-48b4-92e4-9ca0f5703662 ] Request (QuotasAdminNegativeTest:tearDownClass): 204 DELETE http://10.180.1.21:9696/networking/v2.0/security-groups/8c38f8f9-d84b-4ed2-9ace-af16e6ae3872 0.122s
2025-05-13 01:15:57.025 70109 INFO tempest.lib.common.rest_client [req-c5ca9b18-5e82-4c70-af02-fad838bd5637 req-c5ca9b18-5e82-4c70-af02-fad838bd5637 ] Request (ServerAddressesTestJSON:tearDownClass): 204 DELETE http://10.180.1.21/compute/v2.1/servers/73aca2a6-ca4f-4177-bd7d-1414e7ee40d0 0.901s
2025-05-13 01:15:57.050 70105 INFO tempest.lib.common.rest_client [req-6749115c-e87d-4cd8-ade8-1fc90a16e49f req-6749115c-e87d-4cd8-ade8-1fc90a16e49f ] Request (DeleteServersAdminTestJSON:test_delete_server_while_in_error_state): 200 GET http://10.180.1.21/compute/v2.1/servers/e374003a-19c9-4dd1-a636-ccd9b69e7790 0.697s
2025-05-13 01:15:57.061 70089 INFO tempest.lib.common.rest_client [req-16ec9807-b420-4cfc-a18b-6f0d7a6c9793 req-16ec9807-b420-4cfc-a18b-6f0d7a6c9793 ] Request (SecurityGroupsNegativeTestJSON:test_security_group_get_nonexistent_group): 404 GET http://10.180.1.21/compute/v2.1/os-security-groups/4c3608a3-33f5-4c8e-8125-80917e5ca9aa 0.660s
2025-05-13 01:15:57.081 70126 INFO tempest.lib.common.rest_client [req-68cceb3f-3f64-44d1-92d4-b6624527708f req-68cceb3f-3f64-44d1-92d4-b6624527708f ] Request (FlavorsAccessNegativeTestJSON:_run_cleanups): 202 DELETE http://10.180.1.21/compute/v2.1/flavors/1939702147 0.550s
2025-05-13 01:15:57.090 70103 INFO tempest.lib.common.rest_client [req-405dba02-c988-4be9-811b-6fdb82e96369 req-405dba02-c988-4be9-811b-6fdb82e96369 ] Request (ListImageFiltersNegativeTestJSON:setUpClass): 201 POST http://10.180.1.21/identity/v3/auth/tokens 0.092s
2025-05-13 01:15:57.132 70071 INFO tempest.lib.common.rest_client [req-1c57f30e-ddba-4bf4-91ab-46dbc94739e7 req-1c57f30e-ddba-4bf4-91ab-46dbc94739e7 ] Request (ServerGroupTestJSON:test_create_delete_server_group_with_anti_affinity_policy): 200 POST http://10.180.1.21/compute/v2.1/os-server-groups 0.587s
2025-05-13 01:15:57.147 70069 INFO tempest.lib.common.rest_client [req-6c9140c8-0c92-43a3-9080-334029045d9f req-6c9140c8-0c92-43a3-9080-334029045d9f ] Request (QuotasAdminNegativeTest:tearDownClass): 204 DELETE http://10.180.1.21/identity/v3/projects/eee7517555054213bc26e0e508f67ef7 0.143s
2025-05-13 01:15:57.163 70103 INFO tempest.lib.common.rest_client [req-b8acf9c5-5b97-481a-a070-c1623f1df3e7 req-b8acf9c5-5b97-481a-a070-c1623f1df3e7 ] Request (ListImageFiltersNegativeTestJSON:setUpClass): 201 POST http://10.180.1.21/identity/v3/auth/tokens 0.070s
2025-05-13 01:15:57.190 70069 INFO tempest.lib.common.rest_client [req-c259219a-7bdb-4e27-a927-d11929675536 req-c259219a-7bdb-4e27-a927-d11929675536 ] Request (QuotasSecurityGroupAdminNegativeTest:setUpClass): 201 POST http://10.180.1.21/identity/v3/auth/tokens 0.041s
2025-05-13 01:15:57.209 70111 INFO tempest.lib.common.rest_client [req-15be5922-667c-4c56-b870-7ed5808b3b24 req-15be5922-667c-4c56-b870-7ed5808b3b24 ] Request (MigrationsAdminTest:test_list_migrations_in_flavor_resize_situation): 200 GET http://10.180.1.21/compute/v2.1/servers/63005fe8-620c-4a91-b48c-5cecee3ad2d5 0.619s
2025-05-13 01:15:57.213 70103 INFO tempest.lib.common.rest_client [req-9d344bde-a1de-4035-bad4-055d7472ff37 req-9d344bde-a1de-4035-bad4-055d7472ff37 ] Request (ListImageFiltersNegativeTestJSON:setUpClass): 200 GET http://10.180.1.21/identity/v3/domains?name=Default 0.049s
2025-05-13 01:15:57.244 70069 INFO tempest.lib.common.rest_client [req-490fd850-a98e-4ffb-9bf8-cf2cd2aa6e1c req-490fd850-a98e-4ffb-9bf8-cf2cd2aa6e1c ] Request (QuotasSecurityGroupAdminNegativeTest:setUpClass): 201 POST http://10.180.1.21/identity/v3/auth/tokens 0.051s
2025-05-13 01:15:57.285 70103 INFO tempest.lib.common.rest_client [req-68d50c23-eaa5-4777-a90d-f9eac7f5262e req-68d50c23-eaa5-4777-a90d-f9eac7f5262e ] Request (ListImageFiltersNegativeTestJSON:setUpClass): 201 POST http://10.180.1.21/identity/v3/projects 0.072s
2025-05-13 01:15:57.288 70115 INFO tempest.lib.common.rest_client [req-f71a73b4-d4da-461b-8d7b-c61a68b0bffe req-f71a73b4-d4da-461b-8d7b-c61a68b0bffe ] Request (ServersAdmin275Test:test_rebuild_update_server_275): 200 PUT http://10.180.1.21/compute/v2.1/servers/d297dbc4-6ae5-463a-a630-03852b6b30ed 0.644s
2025-05-13 01:15:57.298 70069 INFO tempest.lib.common.rest_client [req-b162533d-a997-4605-bc1d-3935ff5cb152 req-b162533d-a997-4605-bc1d-3935ff5cb152 ] Request (QuotasSecurityGroupAdminNegativeTest:setUpClass): 200 GET http://10.180.1.21/identity/v3/domains?name=Default 0.053s
2025-05-13 01:15:57.333 70113 INFO tempest.lib.common.rest_client [req-2d5d93f8-c122-4d74-b658-1f5b6d304b1a req-2d5d93f8-c122-4d74-b658-1f5b6d304b1a ] Request (VolumesTestJSON:test_volume_list_with_detail_param_limit): 200 GET http://10.180.1.21/compute/v2.1/os-volumes/detail?limit=2 0.681s
2025-05-13 01:15:57.376 70103 INFO tempest.lib.common.rest_client [req-8b089822-c51f-4b43-983c-1c8e1b93cd46 req-8b089822-c51f-4b43-983c-1c8e1b93cd46 ] Request (ListImageFiltersNegativeTestJSON:setUpClass): 201 POST http://10.180.1.21/identity/v3/users 0.090s
2025-05-13 01:15:57.382 70069 INFO tempest.lib.common.rest_client [req-9b5c14fa-6932-466e-ae18-bc5ff2bb808b req-9b5c14fa-6932-466e-ae18-bc5ff2bb808b ] Request (QuotasSecurityGroupAdminNegativeTest:setUpClass): 201 POST http://10.180.1.21/identity/v3/projects 0.083s
2025-05-13 01:15:57.406 70099 INFO tempest.lib.common.rest_client [req-db7759bd-5236-4876-8164-1a8c57cce7c4 req-db7759bd-5236-4876-8164-1a8c57cce7c4 ] Request (ServerRescueTestJSONUnderV235:setUpClass): 200 GET http://10.180.1.21/compute/v2.1/servers/daf98c6d-4dc6-4d33-a53c-4d9d8800de6c 0.728s
2025-05-13 01:15:57.413 70099 INFO tempest.common.waiters [-] State transition "BUILD/None" ==> "BUILD/networking" after 29 second wait
2025-05-13 01:15:57.442 70103 INFO tempest.lib.common.rest_client [req-5137b002-3e81-42ba-9d71-29e6fc0bc108 req-5137b002-3e81-42ba-9d71-29e6fc0bc108 ] Request (ListImageFiltersNegativeTestJSON:setUpClass): 200 GET http://10.180.1.21/identity/v3/roles 0.065s
2025-05-13 01:15:57.457 70069 INFO tempest.lib.common.rest_client [req-08ff6764-3cfc-43e0-8cec-8ed537ed736c req-08ff6764-3cfc-43e0-8cec-8ed537ed736c ] Request (QuotasSecurityGroupAdminNegativeTest:setUpClass): 201 POST http://10.180.1.21/identity/v3/users 0.074s
2025-05-13 01:15:57.479 70103 INFO tempest.lib.common.rest_client [req-53e1d2df-2f23-4f7d-9cec-18c9dbf340bd req-53e1d2df-2f23-4f7d-9cec-18c9dbf340bd ] Request (ListImageFiltersNegativeTestJSON:setUpClass): 204 PUT http://10.180.1.21/identity/v3/projects/74169a100b9342829d320436de10428b/users/17d8e6ee537848dcae877133dbbaca50/roles/dcb413893cb2485282bacffc022d1f84 0.037s
2025-05-13 01:15:57.480 70103 INFO tempest.lib.common.dynamic_creds [-] Dynamic test user 17d8e6ee537848dcae877133dbbaca50 is created with scope project and roles: ['member']
2025-05-13 01:15:57.480 70103 INFO tempest.lib.common.dynamic_creds [-] Acquired dynamic creds: credentials: Credentials: {'domain_id': 'default', 'domain_name': 'Default', 'username': 'tempest-ListImageFiltersNegativeTestJSON-782810289-project-member', 'project_domain_id': 'default', 'project_domain_name': 'Default', 'project_id': '74169a100b9342829d320436de10428b', 'project_name': 'tempest-ListImageFiltersNegativeTestJSON-782810289', 'tenant_id': '74169a100b9342829d320436de10428b', 'tenant_name': 'tempest-ListImageFiltersNegativeTestJSON-782810289', 'user_domain_id': 'default', 'user_domain_name': 'Default', 'user_id': '17d8e6ee537848dcae877133dbbaca50', 'system': None}, Network: None, Subnet: None, Router: None
2025-05-13 01:15:57.480 70103 INFO tempest.lib.common.dynamic_creds [-] Created isolated network resources for: credentials: Credentials: {'domain_id': 'default', 'domain_name': 'Default', 'username': 'tempest-ListImageFiltersNegativeTestJSON-782810289-project-member', 'project_domain_id': 'default', 'project_domain_name': 'Default', 'project_id': '74169a100b9342829d320436de10428b', 'project_name': 'tempest-ListImageFiltersNegativeTestJSON-782810289', 'tenant_id': '74169a100b9342829d320436de10428b', 'tenant_name': 'tempest-ListImageFiltersNegativeTestJSON-782810289', 'user_domain_id': 'default', 'user_domain_name': 'Default', 'user_id': '17d8e6ee537848dcae877133dbbaca50', 'system': None}, Network: None, Subnet: None, Router: None
2025-05-13 01:15:57.490 70069 INFO tempest.lib.common.rest_client [req-efa77d25-4d84-4f86-b41c-b2b51e559953 req-efa77d25-4d84-4f86-b41c-b2b51e559953 ] Request (QuotasSecurityGroupAdminNegativeTest:setUpClass): 200 GET http://10.180.1.21/identity/v3/roles 0.032s
2025-05-13 01:15:57.554 70103 INFO tempest.lib.common.rest_client [req-d74d312c-d49b-491d-b819-04b73bcdf589 req-d74d312c-d49b-491d-b819-04b73bcdf589 ] Request (ListImageFiltersNegativeTestJSON:setUpClass): 201 POST http://10.180.1.21/identity/v3/auth/tokens 0.069s
2025-05-13 01:15:57.569 70069 INFO tempest.lib.common.rest_client [req-3feb5df8-2a6b-41bc-9f9a-898d95da30ba req-3feb5df8-2a6b-41bc-9f9a-898d95da30ba ] Request (QuotasSecurityGroupAdminNegativeTest:setUpClass): 204 PUT http://10.180.1.21/identity/v3/projects/8f3ae274160b43e28fb7a583a35a319d/users/04235bb51c4f4e48aa31768ba38429e5/roles/dcb413893cb2485282bacffc022d1f84 0.078s
2025-05-13 01:15:57.569 70069 INFO tempest.lib.common.dynamic_creds [-] Dynamic test user 04235bb51c4f4e48aa31768ba38429e5 is created with scope project and roles: ['member']
2025-05-13 01:15:57.569 70069 INFO tempest.lib.common.dynamic_creds [-] Acquired dynamic creds: credentials: Credentials: {'domain_id': 'default', 'domain_name': 'Default', 'username': 'tempest-QuotasSecurityGroupAdminNegativeTest-528597957-project-member', 'project_domain_id': 'default', 'project_domain_name': 'Default', 'project_id': '8f3ae274160b43e28fb7a583a35a319d', 'project_name': 'tempest-QuotasSecurityGroupAdminNegativeTest-528597957', 'tenant_id': '8f3ae274160b43e28fb7a583a35a319d', 'tenant_name': 'tempest-QuotasSecurityGroupAdminNegativeTest-528597957', 'user_domain_id': 'default', 'user_domain_name': 'Default', 'user_id': '04235bb51c4f4e48aa31768ba38429e5', 'system': None}, Network: None, Subnet: None, Router: None
2025-05-13 01:15:57.569 70069 INFO tempest.lib.common.dynamic_creds [-] Created isolated network resources for: credentials: Credentials: {'domain_id': 'default', 'domain_name': 'Default', 'username': 'tempest-QuotasSecurityGroupAdminNegativeTest-528597957-project-member', 'project_domain_id': 'default', 'project_domain_name': 'Default', 'project_id': '8f3ae274160b43e28fb7a583a35a319d', 'project_name': 'tempest-QuotasSecurityGroupAdminNegativeTest-528597957', 'tenant_id': '8f3ae274160b43e28fb7a583a35a319d', 'tenant_name': 'tempest-QuotasSecurityGroupAdminNegativeTest-528597957', 'user_domain_id': 'default', 'user_domain_name': 'Default', 'user_id': '04235bb51c4f4e48aa31768ba38429e5', 'system': None}, Network: None, Subnet: None, Router: None
2025-05-13 01:15:57.594 70107 INFO tempest.lib.common.rest_client [req-3a2a5e08-1fe1-4166-b941-55b0a7dd727a req-3a2a5e08-1fe1-4166-b941-55b0a7dd727a ] Request (ServerShowV247Test:test_update_rebuild_list_server): 200 GET http://10.180.1.21/compute/v2.1/servers/detail 0.858s
2025-05-13 01:15:57.640 70069 INFO tempest.lib.common.rest_client [req-34735bb3-3d16-46e1-a7b6-fd775d6fcd35 req-34735bb3-3d16-46e1-a7b6-fd775d6fcd35 ] Request (QuotasSecurityGroupAdminNegativeTest:setUpClass): 201 POST http://10.180.1.21/identity/v3/auth/tokens 0.068s
2025-05-13 01:15:57.679 70075 INFO tempest.lib.common.rest_client [req-0a31c239-9d2e-401e-9981-a47eca5ddf89 req-0a31c239-9d2e-401e-9981-a47eca5ddf89 ] Request (ServerExternalEventsTest:tearDownClass): 200 GET http://10.180.1.21/compute/v2.1/servers/463e35d4-a79b-43a4-9700-3b40ac295bf8 0.923s
2025-05-13 01:15:57.711 70069 INFO tempest.lib.common.rest_client [req-ad17a616-8ea8-4940-9290-65ca97bcace9 req-ad17a616-8ea8-4940-9290-65ca97bcace9 ] Request (QuotasSecurityGroupAdminNegativeTest:setUpClass): 201 POST http://10.180.1.21/identity/v3/projects 0.070s
2025-05-13 01:15:57.748 70094 INFO tempest.lib.common.rest_client [req-5fd4ed4b-d287-452c-a407-d674fabb100a req-5fd4ed4b-d287-452c-a407-d674fabb100a ] Request (MultipleCreateTestJSON:test_multiple_create): 200 GET http://10.180.1.21/compute/v2.1/servers/2c18c12a-e19e-4da8-bc5f-1b4856e96c71 0.937s
2025-05-13 01:15:57.794 70069 INFO tempest.lib.common.rest_client [req-0c269e0c-698b-4e70-bf6c-5edb8334392f req-0c269e0c-698b-4e70-bf6c-5edb8334392f ] Request (QuotasSecurityGroupAdminNegativeTest:setUpClass): 201 POST http://10.180.1.21/identity/v3/users 0.082s
2025-05-13 01:15:57.821 70069 INFO tempest.lib.common.rest_client [req-3487c804-4af7-4116-80e7-f847276f1112 req-3487c804-4af7-4116-80e7-f847276f1112 ] Request (QuotasSecurityGroupAdminNegativeTest:setUpClass): 200 GET http://10.180.1.21/identity/v3/roles 0.027s
2025-05-13 01:15:57.838 70101 INFO tempest.lib.common.rest_client [req-3ed5d5eb-a808-4efe-b13c-e8925d1ba2a2 req-3ed5d5eb-a808-4efe-b13c-e8925d1ba2a2 ] Request (InstanceActionsNegativeTestJSON:setUpClass): 202 POST http://10.180.1.21/compute/v2.1/servers 1.226s
2025-05-13 01:15:57.860 70069 INFO tempest.lib.common.rest_client [req-d3a9702b-1709-48e3-b861-bf7d3449b807 req-d3a9702b-1709-48e3-b861-bf7d3449b807 ] Request (QuotasSecurityGroupAdminNegativeTest:setUpClass): 204 PUT http://10.180.1.21/identity/v3/projects/2818e5f346064dadb0c30150013a5c70/users/e056609c088845c48069bb8ecdbb1196/roles/8b1e3dc6ab3540d6b9bc8543cb009bfb 0.038s
2025-05-13 01:15:57.870 70091 INFO tempest.lib.common.rest_client [req-9bdd58d6-e9ab-4d09-b5b1-d433f0f1ba41 req-9bdd58d6-e9ab-4d09-b5b1-d433f0f1ba41 ] Request (AggregatesAdminNegativeTestJSON:test_aggregate_remove_nonexistent_host): 404 POST http://10.180.1.21/compute/v2.1/os-aggregates/8/action 0.981s
2025-05-13 01:15:57.940 70069 INFO tempest.lib.common.rest_client [req-80bcc108-03a4-4707-85f3-2e90a95fc2b7 req-80bcc108-03a4-4707-85f3-2e90a95fc2b7 ] Request (QuotasSecurityGroupAdminNegativeTest:setUpClass): 200 GET http://10.180.1.21/identity/v3/roles 0.079s
2025-05-13 01:15:57.971 70083 INFO tempest.lib.common.rest_client [req-8205d969-8012-4ed4-8963-1aa1488e0c0a req-8205d969-8012-4ed4-8963-1aa1488e0c0a ] Request (FloatingIPsAssociationNegativeTestJSON:setUpClass): 200 GET http://10.180.1.21/compute/v2.1/servers/135ff4da-ae66-4773-807a-99497e79c966 1.054s
2025-05-13 01:15:57.986 70069 INFO tempest.lib.common.rest_client [req-3d3305f9-4728-4fe5-95c9-8cb10a5f7183 req-3d3305f9-4728-4fe5-95c9-8cb10a5f7183 ] Request (QuotasSecurityGroupAdminNegativeTest:setUpClass): 204 PUT http://10.180.1.21/identity/v3/projects/2818e5f346064dadb0c30150013a5c70/users/e056609c088845c48069bb8ecdbb1196/roles/8b1e3dc6ab3540d6b9bc8543cb009bfb 0.046s
2025-05-13 01:15:57.987 70069 INFO tempest.lib.common.dynamic_creds [-] Dynamic test user e056609c088845c48069bb8ecdbb1196 is created with scope project and roles: ['admin']
2025-05-13 01:15:57.987 70069 INFO tempest.lib.common.dynamic_creds [-] Acquired dynamic creds: credentials: Credentials: {'domain_id': 'default', 'domain_name': 'Default', 'username': 'tempest-QuotasSecurityGroupAdminNegativeTest-1160764667-project-admin', 'project_domain_id': 'default', 'project_domain_name': 'Default', 'project_id': '2818e5f346064dadb0c30150013a5c70', 'project_name': 'tempest-QuotasSecurityGroupAdminNegativeTest-1160764667', 'tenant_id': '2818e5f346064dadb0c30150013a5c70', 'tenant_name': 'tempest-QuotasSecurityGroupAdminNegativeTest-1160764667', 'user_domain_id': 'default', 'user_domain_name': 'Default', 'user_id': 'e056609c088845c48069bb8ecdbb1196', 'system': None}, Network: None, Subnet: None, Router: None
2025-05-13 01:15:57.987 70069 INFO tempest.lib.common.dynamic_creds [-] Created isolated network resources for: credentials: Credentials: {'domain_id': 'default', 'domain_name': 'Default', 'username': 'tempest-QuotasSecurityGroupAdminNegativeTest-1160764667-project-admin', 'project_domain_id': 'default', 'project_domain_name': 'Default', 'project_id': '2818e5f346064dadb0c30150013a5c70', 'project_name': 'tempest-QuotasSecurityGroupAdminNegativeTest-1160764667', 'tenant_id': '2818e5f346064dadb0c30150013a5c70', 'tenant_name': 'tempest-QuotasSecurityGroupAdminNegativeTest-1160764667', 'user_domain_id': 'default', 'user_domain_name': 'Default', 'user_id': 'e056609c088845c48069bb8ecdbb1196', 'system': None}, Network: None, Subnet: None, Router: None
2025-05-13 01:15:58.011 70123 INFO tempest.lib.common.rest_client [req-be6652e4-26ba-4b10-9ef4-cc23e173ca3b req-be6652e4-26ba-4b10-9ef4-cc23e173ca3b ] Request (ImagesOneServerNegativeTestJSON:tearDown): 200 GET http://10.180.1.21/compute/v2.1/servers/42963f87-0fef-4d3c-9f3c-26fd35d8fb8d 1.158s
2025-05-13 01:15:58.047 70085 INFO tempest.lib.common.rest_client [req-5cc4496c-b6c3-4cc8-9d68-94d93d219c96 req-5cc4496c-b6c3-4cc8-9d68-94d93d219c96 ] Request (ListServersNegativeTestJSON:setUpClass): 200 GET http://10.180.1.21/compute/v2.1/servers/3a8deddd-1624-4b69-b150-b5d9487ea7ed 1.118s
2025-05-13 01:15:58.052 70067 INFO tempest.lib.common.rest_client [req-17736d9f-e1cf-4822-8aa2-bfbf074d8733 req-17736d9f-e1cf-4822-8aa2-bfbf074d8733 ] Request (KeyPairsNegativeTestJSON:test_create_keypair_when_public_key_bits_exceeds_maximum): 400 POST http://10.180.1.21/compute/v2.1/os-keypairs 1.122s
2025-05-13 01:15:58.069 70097 INFO tempest.lib.common.rest_client [req-9e8c1db3-d529-49f5-b30d-7698b4503536 req-9e8c1db3-d529-49f5-b30d-7698b4503536 ] Request (FlavorsAdminTestJSON:test_is_public_string_variations): 200 GET http://10.180.1.21/compute/v2.1/flavors/detail?is_public=false 1.075s
2025-05-13 01:15:58.085 70069 INFO tempest.lib.common.rest_client [req-a48d561e-e0ad-4eaa-9d74-d1c145f258e6 req-a48d561e-e0ad-4eaa-9d74-d1c145f258e6 ] Request (QuotasSecurityGroupAdminNegativeTest:setUpClass): 201 POST http://10.180.1.21/identity/v3/auth/tokens 0.095s
2025-05-13 01:15:58.105 70089 INFO tempest.lib.common.rest_client [req-1392e62a-bdf2-4d2e-90bf-6c49bf2c493e req-1392e62a-bdf2-4d2e-90bf-6c49bf2c493e ] Request (SecurityGroupsNegativeTestJSON:test_update_non_existent_security_group): 404 PUT http://10.180.1.21/compute/v2.1/os-security-groups/85d9e056-151a-442a-a941-eb1d3ee34c49 1.042s
2025-05-13 01:15:58.211 70069 INFO tempest.lib.common.rest_client [req-a4e3ec0e-814b-4aae-9f6b-579ee1df1cbb req-a4e3ec0e-814b-4aae-9f6b-579ee1df1cbb ] Request (QuotasSecurityGroupAdminNegativeTest:tearDownClass): 204 DELETE http://10.180.1.21/identity/v3/users/04235bb51c4f4e48aa31768ba38429e5 0.113s
2025-05-13 01:15:58.339 70069 INFO tempest.lib.common.rest_client [req-d2fb39f1-67fe-432e-8995-09b93f241711 req-d2fb39f1-67fe-432e-8995-09b93f241711 ] Request (QuotasSecurityGroupAdminNegativeTest:tearDownClass): 204 DELETE http://10.180.1.21/identity/v3/users/e056609c088845c48069bb8ecdbb1196 0.127s
2025-05-13 01:15:58.339 70069 INFO tempest.lib.common.dynamic_creds [-] Deleting project and security group for project: 2818e5f346064dadb0c30150013a5c70
2025-05-13 01:15:58.346 70109 INFO tempest.lib.common.rest_client [req-4dad35e1-d250-448f-97c9-c698e19a4e04 req-4dad35e1-d250-448f-97c9-c698e19a4e04 ] Request (ServerAddressesTestJSON:tearDownClass): 200 GET http://10.180.1.21/compute/v2.1/servers/73aca2a6-ca4f-4177-bd7d-1414e7ee40d0 1.320s
