2025-05-19 17:37:57.764 70359 INFO tempest.lib.common.dynamic_creds [-] Created isolated network resources for: credentials: Credentials: {'domain_id': 'default', 'domain_name': 'Default', 'username': 'tempest-ServerRescueNegativeTestJSON-1507362899-project-member', 'project_domain_id': 'default', 'project_domain_name': 'Default', 'project_id': '44faa2fc2111484aa672534bcdd60d2c', 'project_name': 'tempest-ServerRescueNegativeTestJSON-1507362899', 'tenant_id': '44faa2fc2111484aa672534bcdd60d2c', 'tenant_name': 'tempest-ServerRescueNegativeTestJSON-1507362899', 'user_domain_id': 'default', 'user_domain_name': 'Default', 'user_id': '0d060bc0b130460e8daba610958f7546', 'system': None}, Network: {'id': 'fb3dc49f-0869-4df6-a129-1d00188e3de3', 'name': 'tempest-ServerRescueNegativeTestJSON-1737525272-network', 'tenant_id': '44faa2fc2111484aa672534bcdd60d2c', 'admin_state_up': True, 'mtu': 8950, 'status': 'ACTIVE', 'subnets': [], 'shared': False, 'project_id': '44faa2fc2111484aa672534bcdd60d2c', 'port_security_enabled': True, 'router:external': False, 'provider:network_type': 'vlan', 'provider:physical_network': 'default', 'provider:segmentation_id': 853, 'availability_zone_hints': [], 'availability_zones': [], 'ipv4_address_scope': None, 'ipv6_address_scope': None, 'description': '', 'tags': [], 'created_at': '2025-05-19T17:37:51Z', 'updated_at': '2025-05-19T17:37:51Z', 'revision_number': 1}, Subnet: {'id': '703e60ce-8362-4227-8a39-8c1e18edce32', 'name': 'tempest-ServerRescueNegativeTestJSON-1737525272-subnet', 'tenant_id': '44faa2fc2111484aa672534bcdd60d2c', 'network_id': 'fb3dc49f-0869-4df6-a129-1d00188e3de3', 'ip_version': 4, 'subnetpool_id': None, 'enable_dhcp': True, 'ipv6_ra_mode': None, 'ipv6_address_mode': None, 'gateway_ip': '192.168.128.1', 'cidr': '192.168.128.0/28', 'allocation_pools': [{'start': '192.168.128.2', 'end': '192.168.128.14'}], 'host_routes': [], 'dns_nameservers': [], 'description': '', 'router:external': False, 'service_types': [], 'tags': [], 'created_at': '2025-05-19T17:37:52Z', 'updated_at': '2025-05-19T17:37:52Z', 'revision_number': 0, 'project_id': '44faa2fc2111484aa672534bcdd60d2c'}, Router: {'id': 'c8874955-eb94-4930-a331-33ec060c6d7d', 'name': 'tempest-ServerRescueNegativeTestJSON-1737525272-router', 'tenant_id': '44faa2fc2111484aa672534bcdd60d2c', 'admin_state_up': True, 'status': 'ACTIVE', 'external_gateway_info': {'network_id': '7d882d7a-a696-470b-a07f-214c3af755b9', 'external_fixed_ips': [{'subnet_id': '7c3da6e8-4c97-4e38-a7e4-8784dce1ee78', 'ip_address': '10.180.180.177'}], 'enable_snat': True}, 'description': '', 'availability_zones': [], 'distributed': False, 'ha': False, 'availability_zone_hints': [], 'routes': [], 'flavor_id': None, 'tags': [], 'created_at': '2025-05-19T17:37:53Z', 'updated_at': '2025-05-19T17:37:54Z', 'revision_number': 2, 'project_id': '44faa2fc2111484aa672534bcdd60d2c'}
2025-05-19 17:37:57.858 70343 INFO tempest.lib.common.rest_client [req-c4a1a8ce-5394-4fbf-93a0-8afbd9c919e4 req-c4a1a8ce-5394-4fbf-93a0-8afbd9c919e4 ] Request (ServersTestFqdnHostnames:tearDownClass): 204 DELETE http://10.180.1.21:9696/networking/v2.0/routers/c6202838-7944-4ca6-9017-d70db793f671 1.760s
2025-05-19 17:37:57.875 70359 INFO tempest.lib.common.rest_client [req-17212058-101f-45bb-9835-3f986985f446 req-17212058-101f-45bb-9835-3f986985f446 ] Request (ServerRescueNegativeTestJSON:setUpClass): 201 POST http://10.180.1.21/identity/v3/auth/tokens 0.107s
2025-05-19 17:37:57.887 70367 INFO tempest.lib.common.rest_client [req-b3a5eb68-f67c-4e71-92ec-2876488b0312 req-b3a5eb68-f67c-4e71-92ec-2876488b0312 ] Request (ServersNegativeTestMultiTenantJSON:tearDownClass): 200 PUT http://10.180.1.21:9696/networking/v2.0/routers/7b4e159c-8750-4d40-91a2-f93015eee752/remove_router_interface 3.152s
2025-05-19 17:37:57.921 70359 INFO tempest.lib.common.rest_client [req-be2a5f28-2042-471d-8af9-6a54d18633a8 req-be2a5f28-2042-471d-8af9-6a54d18633a8 ] Request (ServerRescueNegativeTestJSON:setUpClass): 201 POST http://10.180.1.21/identity/v3/auth/tokens 0.041s
2025-05-19 17:37:57.921 70359 INFO tempest.lib.common.fixed_network [-] (ServerRescueNegativeTestJSON:setUpClass) Found network {'id': 'fb3dc49f-0869-4df6-a129-1d00188e3de3', 'name': 'tempest-ServerRescueNegativeTestJSON-1737525272-network', 'tenant_id': '44faa2fc2111484aa672534bcdd60d2c', 'admin_state_up': True, 'mtu': 8950, 'status': 'ACTIVE', 'subnets': [], 'shared': False, 'project_id': '44faa2fc2111484aa672534bcdd60d2c', 'port_security_enabled': True, 'router:external': False, 'provider:network_type': 'vlan', 'provider:physical_network': 'default', 'provider:segmentation_id': 853, 'availability_zone_hints': [], 'availability_zones': [], 'ipv4_address_scope': None, 'ipv6_address_scope': None, 'description': '', 'tags': [], 'created_at': '2025-05-19T17:37:51Z', 'updated_at': '2025-05-19T17:37:51Z', 'revision_number': 1} available for tenant
2025-05-19 17:37:58.192 70349 INFO tempest.lib.common.rest_client [req-7bea0ce8-24d7-43ca-93a1-e62c95e19297 req-7bea0ce8-24d7-43ca-93a1-e62c95e19297 ] Request (ServersTestJSON:test_create_server_specify_multibyte_character_name): 202 POST http://10.180.1.21/compute/v2.1/servers 1.754s
2025-05-19 17:37:58.305 70373 INFO tempest.lib.common.rest_client [req-1131070f-8533-4ca0-b2b0-48bc5c0b583d req-1131070f-8533-4ca0-b2b0-48bc5c0b583d ] Request (DeleteServersTestJSON:test_delete_server_while_in_shelved_state): 200 GET http://10.180.1.21/compute/v2.1/servers/7d307384-a8a8-4885-8468-bfc45a4d260c 1.194s
2025-05-19 17:37:58.356 70343 INFO tempest.lib.common.rest_client [req-810ee045-2188-4409-95db-be5c037e398c req-810ee045-2188-4409-95db-be5c037e398c ] Request (ServersTestFqdnHostnames:tearDownClass): 204 DELETE http://10.180.1.21:9696/networking/v2.0/subnets/3a3c4c42-86a8-47df-93e5-e87baac3b3ce 0.497s
2025-05-19 17:37:58.425 70395 INFO tempest.lib.common.rest_client [req-172416b3-0e3e-412b-a869-7bd67d102cc2 req-172416b3-0e3e-412b-a869-7bd67d102cc2 ] Request (ServerTagsTestJSON:setUpClass): 200 GET http://10.180.1.21/compute/v2.1/servers/be34b079-3c50-4b77-b84b-924d82f5d079 1.064s
2025-05-19 17:37:58.541 70353 INFO tempest.lib.common.rest_client [req-8f7a94a9-790f-4441-8360-797d97069e68 req-8f7a94a9-790f-4441-8360-797d97069e68 ] Request (FloatingIPsAssociationNegativeTestJSON:setUpClass): 202 POST http://10.180.1.21/compute/v2.1/servers 1.432s
2025-05-19 17:37:58.701 70365 INFO tempest.lib.common.rest_client [req-e4474d9d-2963-4ce1-bfbb-9835c8ddaa15 req-e4474d9d-2963-4ce1-bfbb-9835c8ddaa15 ] Request (ValidationResourcesFixture:setUp): 201 POST http://10.180.1.21:9696/networking/v2.0/floatingips 1.783s
2025-05-19 17:37:58.715 70363 INFO tempest.lib.common.rest_client [req-0b99cc08-8e5f-427f-8799-f80ae164eb2e req-0b99cc08-8e5f-427f-8799-f80ae164eb2e ] Request (ServersV294TestFqdnHostnames:setUpClass): 204 DELETE http://10.180.1.21/compute/v2.1/servers/012be8d6-08ef-491b-b965-6271c302c9aa 1.245s
2025-05-19 17:37:58.750 70379 INFO tempest.lib.common.rest_client [req-04dc7dab-072f-4fd5-a677-90f41c128e90 req-04dc7dab-072f-4fd5-a677-90f41c128e90 ] Request (ServerActionsV293TestJSON:setUpClass): 200 GET http://10.180.1.21/volume/v3/volumes/6294e3b6-500f-425c-908e-db9f1fb5cd4e 0.046s
2025-05-19 17:37:58.767 70371 INFO tempest.lib.common.rest_client [req-81f0378e-a4d4-4463-a721-b26b13563d48 req-81f0378e-a4d4-4463-a721-b26b13563d48 ] Request (VolumesAdminNegativeTest:tearDownClass): 204 DELETE http://10.180.1.21:9696/networking/v2.0/routers/b9b2ecfa-1681-4b69-ad01-e43661a7e382 1.008s
2025-05-19 17:37:58.844 70365 INFO tempest.lib.common.rest_client [req-d72b65aa-ee6e-4e42-8edc-6f92fb20b2f5 req-d72b65aa-ee6e-4e42-8edc-6f92fb20b2f5 ] Request (AttachVolumeNegativeTest:test_delete_attached_volume): 201 POST http://10.180.1.21/identity/v3/auth/tokens 0.136s
2025-05-19 17:37:58.845 70365 INFO tempest.lib.common.fixed_network [-] (AttachVolumeNegativeTest:test_delete_attached_volume) Found network {'id': '4ac085d7-f40d-403b-a0c2-d448322d67f3', 'name': 'tempest-AttachVolumeNegativeTest-731536271-network', 'tenant_id': 'cde588fe50314305b21dc0c60c32c462', 'admin_state_up': True, 'mtu': 8950, 'status': 'ACTIVE', 'subnets': [], 'shared': False, 'project_id': 'cde588fe50314305b21dc0c60c32c462', 'port_security_enabled': True, 'router:external': False, 'provider:network_type': 'vlan', 'provider:physical_network': 'default', 'provider:segmentation_id': 692, 'availability_zone_hints': [], 'availability_zones': [], 'ipv4_address_scope': None, 'ipv6_address_scope': None, 'description': '', 'tags': [], 'created_at': '2025-05-19T17:37:18Z', 'updated_at': '2025-05-19T17:37:18Z', 'revision_number': 1} available for tenant
2025-05-19 17:37:58.857 70399 INFO tempest.lib.common.rest_client [req-1bba681e-a763-4a42-a20b-348e4164f051 req-1bba681e-a763-4a42-a20b-348e4164f051 ] Request (ValidationResourcesFixture:setUp): 201 POST http://10.180.1.21:9696/networking/v2.0/floatingips 1.874s
2025-05-19 17:37:58.862 70381 INFO tempest.lib.common.rest_client [req-e4d26b99-4444-4844-a54d-72f61375bddc req-e4d26b99-4444-4844-a54d-72f61375bddc ] Request (ServerMetadataNegativeTestJSON:setUpClass): 204 DELETE http://10.180.1.21/compute/v2.1/servers/240a86d9-5e2c-46ae-ac30-745910c6886d 1.305s
2025-05-19 17:37:58.893 70343 INFO tempest.lib.common.rest_client [req-5a129d95-2593-401f-98ef-c4da7e2d81e8 req-5a129d95-2593-401f-98ef-c4da7e2d81e8 ] Request (ServersTestFqdnHostnames:tearDownClass): 204 DELETE http://10.180.1.21:9696/networking/v2.0/networks/35c8fda5-d969-4224-a759-d316f1e6f3e0 0.537s
2025-05-19 17:37:58.943 70399 INFO tempest.lib.common.rest_client [req-acc8ae77-ad94-47ab-bd50-b91f590a0efb req-acc8ae77-ad94-47ab-bd50-b91f590a0efb ] Request (AttachVolumeTestJSON:test_list_get_volume_attachments): 201 POST http://10.180.1.21/identity/v3/auth/tokens 0.082s
2025-05-19 17:37:58.944 70399 INFO tempest.lib.common.fixed_network [-] (AttachVolumeTestJSON:test_list_get_volume_attachments) Found network {'id': '77b9163b-6f89-404e-93c4-6fd21e12bf79', 'name': 'tempest-AttachVolumeTestJSON-1545920512-network', 'tenant_id': '30a5d57748104779bf547cd0a948a5c5', 'admin_state_up': True, 'mtu': 8950, 'status': 'ACTIVE', 'subnets': [], 'shared': False, 'project_id': '30a5d57748104779bf547cd0a948a5c5', 'port_security_enabled': True, 'router:external': False, 'provider:network_type': 'vlan', 'provider:physical_network': 'default', 'provider:segmentation_id': 58, 'availability_zone_hints': [], 'availability_zones': [], 'ipv4_address_scope': None, 'ipv6_address_scope': None, 'description': '', 'tags': [], 'created_at': '2025-05-19T17:37:31Z', 'updated_at': '2025-05-19T17:37:31Z', 'revision_number': 1} available for tenant
2025-05-19 17:37:59.008 70355 INFO tempest.lib.common.rest_client [req-2a9e63a3-a435-4f8b-8437-5453544e0ac8 req-2a9e63a3-a435-4f8b-8437-5453544e0ac8 ] Request (AttachInterfacesTestJSON:test_create_list_show_delete_interfaces_by_fixed_ip): 204 DELETE http://10.180.1.21/compute/v2.1/servers/45fd493f-d6fc-47fd-937c-9b32a7905cf1 1.361s
2025-05-19 17:37:59.066 70343 INFO tempest.lib.common.rest_client [req-5f363e4b-9db1-4b15-9c3d-2a3ad351854e req-5f363e4b-9db1-4b15-9c3d-2a3ad351854e ] Request (ServersTestFqdnHostnames:tearDownClass): 204 DELETE http://10.180.1.21/identity/v3/users/a924d5417c3a4dfdbbb4dc00b5b4db52 0.172s
2025-05-19 17:37:59.066 70343 INFO tempest.lib.common.dynamic_creds [-] Deleting project and security group for project: 2fe2e55f4f174cb5b963f59c71fb6451
2025-05-19 17:37:59.129 70371 INFO tempest.lib.common.rest_client [req-6e830de1-268c-457a-b027-3b9d59181478 req-6e830de1-268c-457a-b027-3b9d59181478 ] Request (VolumesAdminNegativeTest:tearDownClass): 204 DELETE http://10.180.1.21:9696/networking/v2.0/subnets/3ace2303-4685-497f-b85b-cfb8aa28da04 0.359s
2025-05-19 17:37:59.195 70349 INFO tempest.lib.common.rest_client [req-7aa881ad-36a1-4d1f-add5-c5816934cb29 req-7aa881ad-36a1-4d1f-add5-c5816934cb29 ] Request (ServersTestJSON:test_create_server_specify_multibyte_character_name): 200 GET http://10.180.1.21/compute/v2.1/servers/ff90c6a6-4b92-4f3a-813c-4cec85c056f7 1.001s
2025-05-19 17:37:59.214 70343 INFO tempest.lib.common.rest_client [req-81abd75c-4c5f-4af7-9534-110dde81f520 req-81abd75c-4c5f-4af7-9534-110dde81f520 ] Request (ServersTestFqdnHostnames:tearDownClass): 200 GET http://10.180.1.21:9696/networking/v2.0/security-groups?tenant_id=2fe2e55f4f174cb5b963f59c71fb6451&name=default 0.147s
2025-05-19 17:37:59.293 70367 INFO tempest.lib.common.rest_client [req-65462da4-57b1-49aa-ae20-f0af2bdb91ee req-65462da4-57b1-49aa-ae20-f0af2bdb91ee ] Request (ServersNegativeTestMultiTenantJSON:tearDownClass): 204 DELETE http://10.180.1.21:9696/networking/v2.0/routers/7b4e159c-8750-4d40-91a2-f93015eee752 1.405s
2025-05-19 17:37:59.295 70353 INFO tempest.lib.common.rest_client [req-676aae66-3701-4b06-b168-d22e9f12313f req-676aae66-3701-4b06-b168-d22e9f12313f ] Request (FloatingIPsAssociationNegativeTestJSON:setUpClass): 200 GET http://10.180.1.21/compute/v2.1/servers/a80074b7-3688-4374-9f74-927cb984b944 0.752s
2025-05-19 17:37:59.324 70363 INFO tempest.lib.common.rest_client [req-45fd32ac-eaaa-43d3-a209-5a8c91d3b04a req-45fd32ac-eaaa-43d3-a209-5a8c91d3b04a ] Request (ServersV294TestFqdnHostnames:setUpClass): 404 GET http://10.180.1.21/compute/v2.1/servers/012be8d6-08ef-491b-b965-6271c302c9aa 0.608s
2025-05-19 17:37:59.325 70363 INFO tempest.test [-] raised in ServersV294TestFqdnHostnames.setUpClass. Invoking tearDownClass.
2025-05-19 17:37:59.473 70371 INFO tempest.lib.common.rest_client [req-83622ab3-1894-4b17-8825-91808ff9a188 req-83622ab3-1894-4b17-8825-91808ff9a188 ] Request (VolumesAdminNegativeTest:tearDownClass): 204 DELETE http://10.180.1.21:9696/networking/v2.0/networks/b4c2c119-4a51-49f9-bb2d-0a3a4a8da4dc 0.343s
2025-05-19 17:37:59.481 70343 INFO tempest.lib.common.rest_client [req-d7c82400-a8f2-46cc-b903-a168821a00cf req-d7c82400-a8f2-46cc-b903-a168821a00cf ] Request (ServersTestFqdnHostnames:tearDownClass): 204 DELETE http://10.180.1.21:9696/networking/v2.0/security-groups/2aa100b7-082a-414e-86fd-e6dc38282041 0.267s
2025-05-19 17:37:59.487 70351 INFO tempest.lib.common.rest_client [req-1f914481-a790-431a-b095-699d6e76407f req-1f914481-a790-431a-b095-699d6e76407f ] Request (ServerGroupTestJSON:setUpClass): 200 PUT http://10.180.1.21:9696/networking/v2.0/routers/05ede56b-9b66-4e35-9ea1-a3a72870c21c/add_router_interface 2.302s
2025-05-19 17:37:59.487 70351 INFO tempest.lib.common.dynamic_creds [-] Created isolated network resources for: credentials: Credentials: {'domain_id': 'default', 'domain_name': 'Default', 'username': 'tempest-ServerGroupTestJSON-6845895-project-member', 'project_domain_id': 'default', 'project_domain_name': 'Default', 'project_id': '509fc0c98deb4e8996e7ddf44b84fa99', 'project_name': 'tempest-ServerGroupTestJSON-6845895', 'tenant_id': '509fc0c98deb4e8996e7ddf44b84fa99', 'tenant_name': 'tempest-ServerGroupTestJSON-6845895', 'user_domain_id': 'default', 'user_domain_name': 'Default', 'user_id': 'a6b26365a5014f76a4957afeb37734f8', 'system': None}, Network: {'id': '0916cd7e-9e47-4609-9976-3e9eb38603ff', 'name': 'tempest-ServerGroupTestJSON-257406319-network', 'tenant_id': '509fc0c98deb4e8996e7ddf44b84fa99', 'admin_state_up': True, 'mtu': 8950, 'status': 'ACTIVE', 'subnets': [], 'shared': False, 'project_id': '509fc0c98deb4e8996e7ddf44b84fa99', 'port_security_enabled': True, 'router:external': False, 'provider:network_type': 'vlan', 'provider:physical_network': 'default', 'provider:segmentation_id': 374, 'availability_zone_hints': [], 'availability_zones': [], 'ipv4_address_scope': None, 'ipv6_address_scope': None, 'description': '', 'tags': [], 'created_at': '2025-05-19T17:37:50Z', 'updated_at': '2025-05-19T17:37:51Z', 'revision_number': 1}, Subnet: {'id': '2e34f82d-eb7f-4ca4-b5c1-57be86f2f670', 'name': 'tempest-ServerGroupTestJSON-257406319-subnet', 'tenant_id': '509fc0c98deb4e8996e7ddf44b84fa99', 'network_id': '0916cd7e-9e47-4609-9976-3e9eb38603ff', 'ip_version': 4, 'subnetpool_id': None, 'enable_dhcp': True, 'ipv6_ra_mode': None, 'ipv6_address_mode': None, 'gateway_ip': '192.168.128.1', 'cidr': '192.168.128.0/28', 'allocation_pools': [{'start': '192.168.128.2', 'end': '192.168.128.14'}], 'host_routes': [], 'dns_nameservers': [], 'description': '', 'router:external': False, 'service_types': [], 'tags': [], 'created_at': '2025-05-19T17:37:51Z', 'updated_at': '2025-05-19T17:37:51Z', 'revision_number': 0, 'project_id': '509fc0c98deb4e8996e7ddf44b84fa99'}, Router: {'id': '05ede56b-9b66-4e35-9ea1-a3a72870c21c', 'name': 'tempest-ServerGroupTestJSON-257406319-router', 'tenant_id': '509fc0c98deb4e8996e7ddf44b84fa99', 'admin_state_up': True, 'status': 'ACTIVE', 'external_gateway_info': {'network_id': '7d882d7a-a696-470b-a07f-214c3af755b9', 'external_fixed_ips': [{'subnet_id': '7c3da6e8-4c97-4e38-a7e4-8784dce1ee78', 'ip_address': '10.180.180.159'}], 'enable_snat': True}, 'description': '', 'availability_zones': [], 'distributed': False, 'ha': False, 'availability_zone_hints': [], 'routes': [], 'flavor_id': None, 'tags': [], 'created_at': '2025-05-19T17:37:53Z', 'updated_at': '2025-05-19T17:37:55Z', 'revision_number': 2, 'project_id': '509fc0c98deb4e8996e7ddf44b84fa99'}
2025-05-19 17:37:59.534 70367 INFO tempest.lib.common.rest_client [req-a498da83-8bcb-4be3-9e66-1006512c2b0c req-a498da83-8bcb-4be3-9e66-1006512c2b0c ] Request (ServersNegativeTestMultiTenantJSON:tearDownClass): 204 DELETE http://10.180.1.21:9696/networking/v2.0/subnets/c575881e-983d-4deb-ba39-42e6a0cd4327 0.241s
2025-05-19 17:37:59.583 70351 INFO tempest.lib.common.rest_client [req-f47f7632-fed8-4331-86f0-b0943faf8fae req-f47f7632-fed8-4331-86f0-b0943faf8fae ] Request (ServerGroupTestJSON:setUpClass): 201 POST http://10.180.1.21/identity/v3/auth/tokens 0.092s
2025-05-19 17:37:59.596 70343 INFO tempest.lib.common.rest_client [req-f1fb40ae-cb31-4731-b215-1ecd550d41b9 req-f1fb40ae-cb31-4731-b215-1ecd550d41b9 ] Request (ServersTestFqdnHostnames:tearDownClass): 204 DELETE http://10.180.1.21/identity/v3/projects/2fe2e55f4f174cb5b963f59c71fb6451 0.115s
2025-05-19 17:37:59.599 70359 INFO tempest.lib.common.rest_client [req-ac7f0065-8b95-4af8-a42d-8129faaffc5e req-ac7f0065-8b95-4af8-a42d-8129faaffc5e ] Request (ServerRescueNegativeTestJSON:setUpClass): 202 POST http://10.180.1.21/compute/v2.1/servers 1.677s
2025-05-19 17:37:59.634 70381 INFO tempest.lib.common.rest_client [req-1fedd980-4525-47f8-a752-ccc981116114 req-1fedd980-4525-47f8-a752-ccc981116114 ] Request (ServerMetadataNegativeTestJSON:setUpClass): 404 GET http://10.180.1.21/compute/v2.1/servers/240a86d9-5e2c-46ae-ac30-745910c6886d 0.771s
2025-05-19 17:37:59.635 70381 INFO tempest.test [-] raised in ServerMetadataNegativeTestJSON.setUpClass. Invoking tearDownClass.
2025-05-19 17:37:59.678 70343 INFO tempest.lib.common.rest_client [req-bdb520d3-f32f-43db-a0c5-26416cb74f7b req-bdb520d3-f32f-43db-a0c5-26416cb74f7b ] Request (VolumesSnapshotsTestJSON:setUpClass): 201 POST http://10.180.1.21/identity/v3/auth/tokens 0.080s
2025-05-19 17:37:59.715 70343 INFO tempest.lib.common.rest_client [req-656b919f-6a76-484d-812d-4f85689d676b req-656b919f-6a76-484d-812d-4f85689d676b ] Request (VolumesSnapshotsTestJSON:setUpClass): 201 POST http://10.180.1.21/identity/v3/auth/tokens 0.033s
2025-05-19 17:37:59.718 70361 INFO tempest.lib.common.rest_client [req-5ed16b50-4a12-4be7-9ac7-bf8b80b3d489 req-5ed16b50-4a12-4be7-9ac7-bf8b80b3d489 ] Request (ServerActionsTestOtherB:setUpClass): 200 PUT http://10.180.1.21:9696/networking/v2.0/routers/30e6d690-1cfe-4c16-9869-72bbf1d2729f/add_router_interface 3.627s
2025-05-19 17:37:59.720 70361 INFO tempest.lib.common.dynamic_creds [-] Created isolated network resources for: credentials: Credentials: {'domain_id': 'default', 'domain_name': 'Default', 'username': 'tempest-ServerActionsTestOtherB-894181301-project-member', 'project_domain_id': 'default', 'project_domain_name': 'Default', 'project_id': 'fb550d2d34854ff1a4137d179def19e7', 'project_name': 'tempest-ServerActionsTestOtherB-894181301', 'tenant_id': 'fb550d2d34854ff1a4137d179def19e7', 'tenant_name': 'tempest-ServerActionsTestOtherB-894181301', 'user_domain_id': 'default', 'user_domain_name': 'Default', 'user_id': '4920c66d941b4f728e2d54022c5be983', 'system': None}, Network: {'id': 'ac384f52-7603-4265-a77d-ce62538e86a4', 'name': 'tempest-ServerActionsTestOtherB-1375287998-network', 'tenant_id': 'fb550d2d34854ff1a4137d179def19e7', 'admin_state_up': True, 'mtu': 8950, 'status': 'ACTIVE', 'subnets': [], 'shared': False, 'project_id': 'fb550d2d34854ff1a4137d179def19e7', 'port_security_enabled': True, 'router:external': False, 'provider:network_type': 'vlan', 'provider:physical_network': 'default', 'provider:segmentation_id': 722, 'availability_zone_hints': [], 'availability_zones': [], 'ipv4_address_scope': None, 'ipv6_address_scope': None, 'description': '', 'tags': [], 'created_at': '2025-05-19T17:37:49Z', 'updated_at': '2025-05-19T17:37:49Z', 'revision_number': 1}, Subnet: {'id': 'c33890b6-838b-41b3-9348-eb38b3f2e426', 'name': 'tempest-ServerActionsTestOtherB-1375287998-subnet', 'tenant_id': 'fb550d2d34854ff1a4137d179def19e7', 'network_id': 'ac384f52-7603-4265-a77d-ce62538e86a4', 'ip_version': 4, 'subnetpool_id': None, 'enable_dhcp': True, 'ipv6_ra_mode': None, 'ipv6_address_mode': None, 'gateway_ip': '192.168.128.1', 'cidr': '192.168.128.0/28', 'allocation_pools': [{'start': '192.168.128.2', 'end': '192.168.128.14'}], 'host_routes': [], 'dns_nameservers': [], 'description': '', 'router:external': False, 'service_types': [], 'tags': [], 'created_at': '2025-05-19T17:37:49Z', 'updated_at': '2025-05-19T17:37:49Z', 'revision_number': 0, 'project_id': 'fb550d2d34854ff1a4137d179def19e7'}, Router: {'id': '30e6d690-1cfe-4c16-9869-72bbf1d2729f', 'name': 'tempest-ServerActionsTestOtherB-1375287998-router', 'tenant_id': 'fb550d2d34854ff1a4137d179def19e7', 'admin_state_up': True, 'status': 'ACTIVE', 'external_gateway_info': {'network_id': '7d882d7a-a696-470b-a07f-214c3af755b9', 'external_fixed_ips': [{'subnet_id': '7c3da6e8-4c97-4e38-a7e4-8784dce1ee78', 'ip_address': '10.180.180.228'}], 'enable_snat': True}, 'description': '', 'availability_zones': [], 'distributed': False, 'ha': False, 'availability_zone_hints': [], 'routes': [], 'flavor_id': None, 'tags': [], 'created_at': '2025-05-19T17:37:51Z', 'updated_at': '2025-05-19T17:37:54Z', 'revision_number': 2, 'project_id': 'fb550d2d34854ff1a4137d179def19e7'}
2025-05-19 17:37:59.745 70343 INFO tempest.lib.common.rest_client [req-dc57a168-ff2d-4af8-ba37-70d959f14ffd req-dc57a168-ff2d-4af8-ba37-70d959f14ffd ] Request (VolumesSnapshotsTestJSON:setUpClass): 200 GET http://10.180.1.21/identity/v3/domains?name=Default 0.030s
2025-05-19 17:37:59.782 70343 INFO tempest.lib.common.rest_client [req-d92bf0be-14f8-4d48-b3fa-8296404c12a9 req-d92bf0be-14f8-4d48-b3fa-8296404c12a9 ] Request (VolumesSnapshotsTestJSON:setUpClass): 201 POST http://10.180.1.21/identity/v3/projects 0.037s
2025-05-19 17:37:59.785 70367 INFO tempest.lib.common.rest_client [req-022091ce-883d-4a80-8efb-ea3dd403be4f req-022091ce-883d-4a80-8efb-ea3dd403be4f ] Request (ServersNegativeTestMultiTenantJSON:tearDownClass): 204 DELETE http://10.180.1.21:9696/networking/v2.0/networks/fdb69eae-7491-439b-8851-a29a5084f5f3 0.250s
2025-05-19 17:37:59.801 70379 INFO tempest.lib.common.rest_client [req-0721a0bb-5b30-4782-932d-bfb6385ee11a req-0721a0bb-5b30-4782-932d-bfb6385ee11a ] Request (ServerActionsV293TestJSON:setUpClass): 200 GET http://10.180.1.21/volume/v3/volumes/6294e3b6-500f-425c-908e-db9f1fb5cd4e 0.040s
2025-05-19 17:37:59.804 70361 INFO tempest.lib.common.rest_client [req-0297bbb4-e797-410c-addd-1297fb93d342 req-0297bbb4-e797-410c-addd-1297fb93d342 ] Request (ServerActionsTestOtherB:setUpClass): 201 POST http://10.180.1.21/identity/v3/auth/tokens 0.079s
2025-05-19 17:37:59.869 70343 INFO tempest.lib.common.rest_client [req-6fdcb27d-0dbb-4f89-873e-f6970b72c366 req-6fdcb27d-0dbb-4f89-873e-f6970b72c366 ] Request (VolumesSnapshotsTestJSON:setUpClass): 201 POST http://10.180.1.21/identity/v3/users 0.086s
2025-05-19 17:37:59.905 70367 INFO tempest.lib.common.rest_client [req-57c05d6d-b993-4983-8233-088c657c1712 req-57c05d6d-b993-4983-8233-088c657c1712 ] Request (ServersNegativeTestMultiTenantJSON:tearDownClass): 204 DELETE http://10.180.1.21/identity/v3/users/7cb6754bdd7645af947abc73b08d819a 0.119s
2025-05-19 17:37:59.939 70343 INFO tempest.lib.common.rest_client [req-52def8ae-57bb-423a-8b7b-da370ba36cd6 req-52def8ae-57bb-423a-8b7b-da370ba36cd6 ] Request (VolumesSnapshotsTestJSON:setUpClass): 200 GET http://10.180.1.21/identity/v3/roles 0.069s
2025-05-19 17:37:59.976 70365 INFO tempest.lib.common.rest_client [req-5d259b50-c797-4c84-9a8b-bd6c6a8c2bb3 req-5d259b50-c797-4c84-9a8b-bd6c6a8c2bb3 ] Request (AttachVolumeNegativeTest:test_delete_attached_volume): 202 POST http://10.180.1.21/compute/v2.1/servers 1.130s
2025-05-19 17:37:59.985 70343 INFO tempest.lib.common.rest_client [req-971c9072-2861-4fd4-8de3-975f1618b5ba req-971c9072-2861-4fd4-8de3-975f1618b5ba ] Request (VolumesSnapshotsTestJSON:setUpClass): 204 PUT http://10.180.1.21/identity/v3/projects/7f0826c7af294ac18a5a43966559b1ee/users/b6532d27d2a54b1ebc985f0e9cd5c31b/roles/f98af017260b4772a06a2c44e987c97c 0.045s
2025-05-19 17:37:59.985 70343 INFO tempest.lib.common.dynamic_creds [-] Dynamic test user b6532d27d2a54b1ebc985f0e9cd5c31b is created with scope project and roles: ['member']
2025-05-19 17:37:59.985 70343 INFO tempest.lib.common.dynamic_creds [-] Acquired dynamic creds: credentials: Credentials: {'domain_id': 'default', 'domain_name': 'Default', 'username': 'tempest-VolumesSnapshotsTestJSON-677614787-project-member', 'project_domain_id': 'default', 'project_domain_name': 'Default', 'project_id': '7f0826c7af294ac18a5a43966559b1ee', 'project_name': 'tempest-VolumesSnapshotsTestJSON-677614787', 'tenant_id': '7f0826c7af294ac18a5a43966559b1ee', 'tenant_name': 'tempest-VolumesSnapshotsTestJSON-677614787', 'user_domain_id': 'default', 'user_domain_name': 'Default', 'user_id': 'b6532d27d2a54b1ebc985f0e9cd5c31b', 'system': None}, Network: None, Subnet: None, Router: None
2025-05-19 17:37:59.985 70343 INFO tempest.lib.common.dynamic_creds [-] Created isolated network resources for: credentials: Credentials: {'domain_id': 'default', 'domain_name': 'Default', 'username': 'tempest-VolumesSnapshotsTestJSON-677614787-project-member', 'project_domain_id': 'default', 'project_domain_name': 'Default', 'project_id': '7f0826c7af294ac18a5a43966559b1ee', 'project_name': 'tempest-VolumesSnapshotsTestJSON-677614787', 'tenant_id': '7f0826c7af294ac18a5a43966559b1ee', 'tenant_name': 'tempest-VolumesSnapshotsTestJSON-677614787', 'user_domain_id': 'default', 'user_domain_name': 'Default', 'user_id': 'b6532d27d2a54b1ebc985f0e9cd5c31b', 'system': None}, Network: None, Subnet: None, Router: None
2025-05-19 17:38:00.004 70355 INFO tempest.lib.common.rest_client [req-ec77122d-f080-4ad3-8ab8-af19b3937f63 req-ec77122d-f080-4ad3-8ab8-af19b3937f63 ] Request (AttachInterfacesTestJSON:test_create_list_show_delete_interfaces_by_fixed_ip): 404 GET http://10.180.1.21/compute/v2.1/servers/45fd493f-d6fc-47fd-937c-9b32a7905cf1 0.996s
2025-05-19 17:38:00.035 70367 INFO tempest.lib.common.rest_client [req-996792d7-68f8-45ec-adf4-0e869e20ed36 req-996792d7-68f8-45ec-adf4-0e869e20ed36 ] Request (ServersNegativeTestMultiTenantJSON:tearDownClass): 204 DELETE http://10.180.1.21/identity/v3/users/9acf4c3300794f019a482673f846f8bd 0.130s
2025-05-19 17:38:00.035 70367 INFO tempest.lib.common.dynamic_creds [-] Deleting project and security group for project: e388a6ab4f9243bbb513472eed1788e7
2025-05-19 17:38:00.093 70367 INFO tempest.lib.common.rest_client [req-0ba83e41-2391-4261-842e-1ee1ab0a1346 req-0ba83e41-2391-4261-842e-1ee1ab0a1346 ] Request (ServersNegativeTestMultiTenantJSON:tearDownClass): 200 GET http://10.180.1.21:9696/networking/v2.0/security-groups?tenant_id=e388a6ab4f9243bbb513472eed1788e7&name=default 0.058s
2025-05-19 17:38:00.097 70343 INFO tempest.lib.common.rest_client [req-33f7aef4-a4ae-40d2-a4f6-7052efefdfbf req-33f7aef4-a4ae-40d2-a4f6-7052efefdfbf ] Request (VolumesSnapshotsTestJSON:setUpClass): 201 POST http://10.180.1.21/identity/v3/auth/tokens 0.108s
2025-05-19 17:38:00.109 70373 INFO tempest.lib.common.rest_client [req-be516249-a527-4b8e-8b2f-1b04f621516a req-be516249-a527-4b8e-8b2f-1b04f621516a ] Request (DeleteServersTestJSON:test_delete_server_while_in_shelved_state): 200 GET http://10.180.1.21/compute/v2.1/servers/7d307384-a8a8-4885-8468-bfc45a4d260c 0.795s
2025-05-19 17:38:00.132 70363 INFO tempest.lib.common.rest_client [req-d4d52be3-2d85-4a84-a0c0-281a4479061a req-d4d52be3-2d85-4a84-a0c0-281a4479061a ] Request (ServersV294TestFqdnHostnames:tearDownClass): 204 DELETE http://10.180.1.21/compute/v2.1/os-keypairs/tempest-keypair-2079071030 0.806s
2025-05-19 17:38:00.228 70367 INFO tempest.lib.common.rest_client [req-d70799f3-e6af-433e-a98b-4a1bf9ab0af5 req-d70799f3-e6af-433e-a98b-4a1bf9ab0af5 ] Request (ServersNegativeTestMultiTenantJSON:tearDownClass): 204 DELETE http://10.180.1.21:9696/networking/v2.0/security-groups/c262e844-7e70-4ee6-ad2e-0f9de118835e 0.134s
2025-05-19 17:38:00.234 70395 INFO tempest.lib.common.rest_client [req-04ced564-1c36-4b69-9fa1-44577e156c3e req-04ced564-1c36-4b69-9fa1-44577e156c3e ] Request (ServerTagsTestJSON:setUpClass): 200 GET http://10.180.1.21/compute/v2.1/servers/be34b079-3c50-4b77-b84b-924d82f5d079 0.795s
2025-05-19 17:38:00.263 70399 INFO tempest.lib.common.rest_client [req-78b56471-a8d5-4280-89d6-846034a63178 req-78b56471-a8d5-4280-89d6-846034a63178 ] Request (AttachVolumeTestJSON:test_list_get_volume_attachments): 202 POST http://10.180.1.21/compute/v2.1/servers 1.318s
2025-05-19 17:38:00.338 70359 INFO tempest.lib.common.rest_client [req-4a076f00-6bb6-40f2-ad11-5e434f08312e req-4a076f00-6bb6-40f2-ad11-5e434f08312e ] Request (ServerRescueNegativeTestJSON:setUpClass): 200 GET http://10.180.1.21/compute/v2.1/servers/b5f45701-f120-4a47-98c5-d9e621e1801e 0.737s
2025-05-19 17:38:00.375 70363 INFO tempest.lib.common.rest_client [req-0c185612-8117-4ffc-940b-9b36b8559733 req-0c185612-8117-4ffc-940b-9b36b8559733 ] Request (ServersV294TestFqdnHostnames:tearDownClass): 204 DELETE http://10.180.1.21:9696/networking/v2.0/security-groups/a7a60492-3532-4099-ab03-367cf0270c74 0.242s
2025-05-19 17:38:00.391 70363 INFO tempest.lib.common.rest_client [req-2b69ad1d-4827-43b1-b527-dc158b13db6b req-2b69ad1d-4827-43b1-b527-dc158b13db6b ] Request (ServersV294TestFqdnHostnames:tearDownClass): 404 GET http://10.180.1.21:9696/networking/v2.0/security-groups/a7a60492-3532-4099-ab03-367cf0270c74 0.016s
2025-05-19 17:38:00.413 70367 INFO tempest.lib.common.rest_client [req-387e40d6-c0f4-4716-befa-6184f9ed7f52 req-387e40d6-c0f4-4716-befa-6184f9ed7f52 ] Request (ServersNegativeTestMultiTenantJSON:tearDownClass): 204 DELETE http://10.180.1.21/identity/v3/projects/e388a6ab4f9243bbb513472eed1788e7 0.185s
2025-05-19 17:38:00.414 70367 INFO tempest.lib.common.dynamic_creds [-] Deleting project and security group for project: 7c41d6a1e59149b3a40dbfae0af5c523
2025-05-19 17:38:00.489 70359 INFO tempest.lib.common.rest_client [req-ad367b7f-60c0-4f02-8716-6ad34896ea63 req-ad367b7f-60c0-4f02-8716-6ad34896ea63 ] Request (ServerRescueNegativeTestJSON:setUpClass): 201 POST http://10.180.1.21/identity/v3/auth/tokens 0.136s
2025-05-19 17:38:00.490 70359 INFO tempest.lib.common.fixed_network [-] (ServerRescueNegativeTestJSON:setUpClass) Found network {'id': 'fb3dc49f-0869-4df6-a129-1d00188e3de3', 'name': 'tempest-ServerRescueNegativeTestJSON-1737525272-network', 'tenant_id': '44faa2fc2111484aa672534bcdd60d2c', 'admin_state_up': True, 'mtu': 8950, 'status': 'ACTIVE', 'subnets': [], 'shared': False, 'project_id': '44faa2fc2111484aa672534bcdd60d2c', 'port_security_enabled': True, 'router:external': False, 'provider:network_type': 'vlan', 'provider:physical_network': 'default', 'provider:segmentation_id': 853, 'availability_zone_hints': [], 'availability_zones': [], 'ipv4_address_scope': None, 'ipv6_address_scope': None, 'description': '', 'tags': [], 'created_at': '2025-05-19T17:37:51Z', 'updated_at': '2025-05-19T17:37:51Z', 'revision_number': 1} available for tenant
2025-05-19 17:38:00.508 70351 INFO tempest.lib.common.rest_client [req-05768dca-13da-48b7-9b06-c93a9e3a0f92 req-05768dca-13da-48b7-9b06-c93a9e3a0f92 ] Request (ServerGroupTestJSON:setUp): 200 POST http://10.180.1.21/compute/v2.1/os-server-groups 0.924s
2025-05-19 17:38:00.526 70367 INFO tempest.lib.common.rest_client [req-d63c4917-1b5c-4a02-9690-7b58d4a67c3f req-d63c4917-1b5c-4a02-9690-7b58d4a67c3f ] Request (ServersNegativeTestMultiTenantJSON:tearDownClass): 200 GET http://10.180.1.21:9696/networking/v2.0/security-groups?tenant_id=7c41d6a1e59149b3a40dbfae0af5c523&name=default 0.112s
2025-05-19 17:38:00.573 70365 INFO tempest.lib.common.rest_client [req-926ecf40-cfed-43ad-82a8-4376185a7a32 req-926ecf40-cfed-43ad-82a8-4376185a7a32 ] Request (AttachVolumeNegativeTest:test_delete_attached_volume): 200 GET http://10.180.1.21/compute/v2.1/servers/d046a26f-1831-4372-b3b4-cf1dcba750a5 0.594s
2025-05-19 17:38:00.574 70361 INFO tempest.lib.common.rest_client [req-05c065bf-4bd8-4fc2-afad-46d23d3585bb req-05c065bf-4bd8-4fc2-afad-46d23d3585bb ] Request (ServerActionsTestOtherB:setUpClass): 200 POST http://10.180.1.21/compute/v2.1/os-keypairs 0.766s
2025-05-19 17:38:00.602 70355 INFO tempest.lib.common.rest_client [req-70eb5d4a-0550-453b-b219-bd324965672c req-70eb5d4a-0550-453b-b219-bd324965672c ] Request (AttachInterfacesTestJSON:_run_cleanups): 202 DELETE http://10.180.1.21/compute/v2.1/os-keypairs/tempest-keypair-1881905869 0.596s
2025-05-19 17:38:00.732 70367 INFO tempest.lib.common.rest_client [req-b2fdaf67-a854-408a-aa4d-71203c7bfbc2 req-b2fdaf67-a854-408a-aa4d-71203c7bfbc2 ] Request (ServersNegativeTestMultiTenantJSON:tearDownClass): 204 DELETE http://10.180.1.21:9696/networking/v2.0/security-groups/5987a5e6-e335-436b-9eb1-3089b020b1a5 0.206s
2025-05-19 17:38:00.820 70381 INFO tempest.lib.common.rest_client [req-d0c14a87-731c-478e-9c71-5e9d03527f88 req-d0c14a87-731c-478e-9c71-5e9d03527f88 ] Request (ServerMetadataNegativeTestJSON:tearDownClass): 200 PUT http://10.180.1.21:9696/networking/v2.0/routers/0d4ac4d3-7b10-4c5e-bc4d-32aef0172935/remove_router_interface 1.185s
2025-05-19 17:38:00.866 70343 INFO tempest.lib.common.rest_client [req-dd96cc5a-7f1e-43ed-a7c3-ddcf0951e5c0 req-dd96cc5a-7f1e-43ed-a7c3-ddcf0951e5c0 ] Request (VolumesSnapshotsTestJSON:test_volume_snapshot_create_get_list_delete): 200 POST http://10.180.1.21/compute/v2.1/os-volumes 0.767s
2025-05-19 17:38:00.880 70379 INFO tempest.lib.common.rest_client [req-26a76609-ca3c-4a5b-8eff-af3b59cfbba7 req-26a76609-ca3c-4a5b-8eff-af3b59cfbba7 ] Request (ServerActionsV293TestJSON:setUpClass): 200 GET http://10.180.1.21/volume/v3/volumes/6294e3b6-500f-425c-908e-db9f1fb5cd4e 0.062s
2025-05-19 17:38:00.905 70367 INFO tempest.lib.common.rest_client [req-11ad7d0f-ad37-497a-917a-271cf86995ca req-11ad7d0f-ad37-497a-917a-271cf86995ca ] Request (ServersNegativeTestMultiTenantJSON:tearDownClass): 204 DELETE http://10.180.1.21/identity/v3/projects/7c41d6a1e59149b3a40dbfae0af5c523 0.172s
2025-05-19 17:38:00.924 70373 INFO tempest.lib.common.rest_client [req-2f1ab3ca-9d15-447b-bc44-0d9cd76e00d6 req-2f1ab3ca-9d15-447b-bc44-0d9cd76e00d6 ] Request (DeleteServersTestJSON:test_delete_server_while_in_shelved_state): 204 DELETE http://10.180.1.21/compute/v2.1/servers/7d307384-a8a8-4885-8468-bfc45a4d260c 0.804s
2025-05-19 17:38:00.956 70349 INFO tempest.lib.common.rest_client [req-95604c1e-ac30-4293-aa2e-def6d0736b4b req-95604c1e-ac30-4293-aa2e-def6d0736b4b ] Request (ServersTestJSON:test_create_server_specify_multibyte_character_name): 200 GET http://10.180.1.21/compute/v2.1/servers/ff90c6a6-4b92-4f3a-813c-4cec85c056f7 0.747s
2025-05-19 17:38:01.057 70355 INFO tempest.lib.common.rest_client [req-465de05f-300c-4f18-8d53-92af1db63d86 req-465de05f-300c-4f18-8d53-92af1db63d86 ] Request (AttachInterfacesTestJSON:_run_cleanups): 204 DELETE http://10.180.1.21:9696/networking/v2.0/security-groups/59e95b93-290d-41f7-926d-55aac3f1ec3f 0.455s
2025-05-19 17:38:01.081 70399 INFO tempest.lib.common.rest_client [req-810a9824-4acc-418c-9408-2a0cfbff6177 req-810a9824-4acc-418c-9408-2a0cfbff6177 ] Request (AttachVolumeTestJSON:test_list_get_volume_attachments): 200 GET http://10.180.1.21/compute/v2.1/servers/76e74ef2-f7d1-4d2c-832c-9e6cddb42e11 0.815s
2025-05-19 17:38:01.092 70355 INFO tempest.lib.common.rest_client [req-baf8f276-fe34-4789-99a6-da06681e345e req-baf8f276-fe34-4789-99a6-da06681e345e ] Request (AttachInterfacesTestJSON:_run_cleanups): 404 GET http://10.180.1.21:9696/networking/v2.0/security-groups/59e95b93-290d-41f7-926d-55aac3f1ec3f 0.034s
2025-05-19 17:38:01.221 70363 INFO tempest.lib.common.rest_client [req-d1ee7945-f3c0-4b8a-8822-5e393b5a0579 req-d1ee7945-f3c0-4b8a-8822-5e393b5a0579 ] Request (ServersV294TestFqdnHostnames:tearDownClass): 204 DELETE http://10.180.1.21:9696/networking/v2.0/floatingips/22bd6d38-636b-429f-9447-52fa3ac50ad9 0.829s
2025-05-19 17:38:01.251 70361 INFO tempest.lib.common.rest_client [req-a1a7bb7f-a1a7-49e7-ae31-7df94b585026 req-a1a7bb7f-a1a7-49e7-ae31-7df94b585026 ] Request (ServerActionsTestOtherB:setUpClass): 201 POST http://10.180.1.21:9696/networking/v2.0/security-groups 0.675s
2025-05-19 17:38:01.296 70353 INFO tempest.lib.common.rest_client [req-d17395b8-5708-443b-a1a6-5fbdd17d4d84 req-d17395b8-5708-443b-a1a6-5fbdd17d4d84 ] Request (FloatingIPsAssociationNegativeTestJSON:setUpClass): 200 GET http://10.180.1.21/compute/v2.1/servers/a80074b7-3688-4374-9f74-927cb984b944 0.986s
2025-05-19 17:38:01.321 70371 INFO tempest.lib.common.rest_client [req-fb400e9e-ebd5-463e-9ab3-e6bb65b2eca7 req-fb400e9e-ebd5-463e-9ab3-e6bb65b2eca7 ] Request (VolumesAdminNegativeTest:tearDownClass): 200 PUT http://10.180.1.21:9696/networking/v2.0/routers/3170c21f-a318-4969-bc68-2f9b0ae0db2f/remove_router_interface 1.847s
2025-05-19 17:38:01.375 70395 INFO tempest.lib.common.rest_client [req-0f2b1f37-be95-413a-8cef-a041406538fc req-0f2b1f37-be95-413a-8cef-a041406538fc ] Request (ServerTagsTestJSON:setUpClass): 204 DELETE http://10.180.1.21/compute/v2.1/servers/be34b079-3c50-4b77-b84b-924d82f5d079 1.128s
2025-05-19 17:38:01.433 70351 INFO tempest.lib.common.rest_client [req-58942957-0739-4b5c-803f-81829276dae9 req-58942957-0739-4b5c-803f-81829276dae9 ] Request (ServerGroupTestJSON:test_create_delete_multiple_server_groups_with_same_name_policy): 200 POST http://10.180.1.21/compute/v2.1/os-server-groups 0.923s
2025-05-19 17:38:01.480 70343 INFO tempest.lib.common.rest_client [req-3138da53-7a99-4819-a641-be40b13a7f53 req-3138da53-7a99-4819-a641-be40b13a7f53 ] Request (VolumesSnapshotsTestJSON:test_volume_snapshot_create_get_list_delete): 200 GET http://10.180.1.21/compute/v2.1/os-volumes/9d1ec185-f226-4d6e-b475-02f05146a67d 0.607s
2025-05-19 17:38:01.483 70343 INFO tempest.common.waiters [-] volume 9d1ec185-f226-4d6e-b475-02f05146a67d reached available after waiting for 0.483128 seconds
2025-05-19 17:38:01.515 70373 INFO tempest.lib.common.rest_client [req-6ba91603-9984-43f7-82b1-068331b29550 req-6ba91603-9984-43f7-82b1-068331b29550 ] Request (DeleteServersTestJSON:test_delete_server_while_in_shelved_state): 404 GET http://10.180.1.21/compute/v2.1/servers/7d307384-a8a8-4885-8468-bfc45a4d260c 0.591s
2025-05-19 17:38:01.598 70373 INFO tempest.lib.common.rest_client [req-95b0e4fe-940f-4a0e-8593-64916dc55f28 req-95b0e4fe-940f-4a0e-8593-64916dc55f28 ] Request (DeleteServersTestJSON:test_delete_server_while_in_shutoff_state): 201 POST http://10.180.1.21/identity/v3/auth/tokens 0.075s
2025-05-19 17:38:01.598 70373 INFO tempest.lib.common.fixed_network [-] (DeleteServersTestJSON:test_delete_server_while_in_shutoff_state) Found network {'id': '62fe90b3-bfb5-4918-82cc-8c81a7f7a14e', 'name': 'tempest-DeleteServersTestJSON-120999740-network', 'tenant_id': 'd821e446be3b4458b901c70bfcf3701a', 'admin_state_up': True, 'mtu': 8950, 'status': 'ACTIVE', 'subnets': [], 'shared': False, 'project_id': 'd821e446be3b4458b901c70bfcf3701a', 'port_security_enabled': True, 'router:external': False, 'provider:network_type': 'vlan', 'provider:physical_network': 'default', 'provider:segmentation_id': 631, 'availability_zone_hints': [], 'availability_zones': [], 'ipv4_address_scope': None, 'ipv6_address_scope': None, 'description': '', 'tags': [], 'created_at': '2025-05-19T17:37:31Z', 'updated_at': '2025-05-19T17:37:31Z', 'revision_number': 1} available for tenant
2025-05-19 17:38:01.704 70361 INFO tempest.lib.common.rest_client [req-80844255-45bf-46ab-99de-4918c63f9422 req-80844255-45bf-46ab-99de-4918c63f9422 ] Request (ServerActionsTestOtherB:setUpClass): 201 POST http://10.180.1.21:9696/networking/v2.0/security-group-rules 0.452s
2025-05-19 17:38:01.739 70349 INFO tempest.lib.common.rest_client [req-72c6187f-f587-44e5-a30d-eb0b16f860c0 req-72c6187f-f587-44e5-a30d-eb0b16f860c0 ] Request (ServersTestJSON:test_create_server_specify_multibyte_character_name): 204 DELETE http://10.180.1.21/compute/v2.1/servers/ff90c6a6-4b92-4f3a-813c-4cec85c056f7 0.764s
2025-05-19 17:38:01.876 70381 INFO tempest.lib.common.rest_client [req-3bc330fe-b1fb-456f-a07b-1cf226df07fa req-3bc330fe-b1fb-456f-a07b-1cf226df07fa ] Request (ServerMetadataNegativeTestJSON:tearDownClass): 204 DELETE http://10.180.1.21:9696/networking/v2.0/routers/0d4ac4d3-7b10-4c5e-bc4d-32aef0172935 1.055s
2025-05-19 17:38:01.926 70379 INFO tempest.lib.common.rest_client [req-3be72c38-95f1-4135-bde0-960619bdd566 req-3be72c38-95f1-4135-bde0-960619bdd566 ] Request (ServerActionsV293TestJSON:setUpClass): 200 GET http://10.180.1.21/volume/v3/volumes/6294e3b6-500f-425c-908e-db9f1fb5cd4e 0.036s
2025-05-19 17:38:01.953 70361 INFO tempest.lib.common.rest_client [req-eb1d3487-4295-43cf-8a9e-27af377970d1 req-eb1d3487-4295-43cf-8a9e-27af377970d1 ] Request (ServerActionsTestOtherB:setUpClass): 201 POST http://10.180.1.21:9696/networking/v2.0/security-group-rules 0.248s
2025-05-19 17:38:01.964 70355 INFO tempest.lib.common.rest_client [req-2bf5d566-bf58-4770-aa24-483a9bcd7c3b req-2bf5d566-bf58-4770-aa24-483a9bcd7c3b ] Request (AttachInterfacesTestJSON:_run_cleanups): 204 DELETE http://10.180.1.21:9696/networking/v2.0/floatingips/96e451d5-d2b0-498d-aff6-675aabe790a0 0.871s
2025-05-19 17:38:01.989 70353 INFO tempest.lib.common.rest_client [req-aa21d214-b292-4ec2-9bcf-a35a34ee554e req-aa21d214-b292-4ec2-9bcf-a35a34ee554e ] Request (FloatingIPsAssociationNegativeTestJSON:setUpClass): 204 DELETE http://10.180.1.21/compute/v2.1/servers/a80074b7-3688-4374-9f74-927cb984b944 0.682s
2025-05-19 17:38:01.992 70359 INFO tempest.lib.common.rest_client [req-c69ba7db-d5b8-4ef8-ad22-ce6e8e012aba req-c69ba7db-d5b8-4ef8-ad22-ce6e8e012aba ] Request (ServerRescueNegativeTestJSON:setUpClass): 202 POST http://10.180.1.21/compute/v2.1/servers 1.501s
2025-05-19 17:38:02.016 70395 INFO tempest.lib.common.rest_client [req-f6bcf211-5a13-4d7a-9675-b76bdfd068d8 req-f6bcf211-5a13-4d7a-9675-b76bdfd068d8 ] Request (ServerTagsTestJSON:setUpClass): 404 GET http://10.180.1.21/compute/v2.1/servers/be34b079-3c50-4b77-b84b-924d82f5d079 0.641s
2025-05-19 17:38:02.017 70395 INFO tempest.test [-] raised in ServerTagsTestJSON.setUpClass. Invoking tearDownClass.
2025-05-19 17:38:02.022 70381 INFO tempest.lib.common.rest_client [req-a44cf545-f0a7-4217-ab58-a4ae2f45eae4 req-a44cf545-f0a7-4217-ab58-a4ae2f45eae4 ] Request (ServerMetadataNegativeTestJSON:tearDownClass): 204 DELETE http://10.180.1.21:9696/networking/v2.0/subnets/c85f180d-8ed6-4a4e-b0f4-fbaa11fee98d 0.145s
2025-05-19 17:38:02.096 70351 INFO tempest.lib.common.rest_client [req-e0387cba-ace3-42f5-a0f2-31a4e08a3882 req-e0387cba-ace3-42f5-a0f2-31a4e08a3882 ] Request (ServerGroupTestJSON:test_create_delete_multiple_server_groups_with_same_name_policy): 200 POST http://10.180.1.21/compute/v2.1/os-server-groups 0.661s
2025-05-19 17:38:02.167 70365 INFO tempest.lib.common.rest_client [req-780c74bf-90de-4612-bbb4-47026298451c req-780c74bf-90de-4612-bbb4-47026298451c ] Request (AttachVolumeNegativeTest:test_delete_attached_volume): 200 GET http://10.180.1.21/compute/v2.1/servers/d046a26f-1831-4372-b3b4-cf1dcba750a5 0.584s
2025-05-19 17:38:02.182 70365 INFO tempest.common.waiters [-] State transition "BUILD/scheduling" ==> "ERROR/None" after 2 second wait
2025-05-19 17:38:02.182 70343 INFO tempest.lib.common.rest_client [req-55a2dec3-9304-469a-a420-0b5cb24cb72c req-55a2dec3-9304-469a-a420-0b5cb24cb72c ] Request (VolumesSnapshotsTestJSON:test_volume_snapshot_create_get_list_delete): 200 POST http://10.180.1.21/compute/v2.1/os-snapshots 0.699s
2025-05-19 17:38:02.217 70349 INFO tempest.lib.common.rest_client [req-1a4cfd71-6a4a-4eda-85b5-18d2fe91057b req-1a4cfd71-6a4a-4eda-85b5-18d2fe91057b ] Request (ServersTestJSON:test_create_server_specify_multibyte_character_name): 404 GET http://10.180.1.21/compute/v2.1/servers/ff90c6a6-4b92-4f3a-813c-4cec85c056f7 0.478s
2025-05-19 17:38:02.217 70349 ERROR tempest.lib.decorators [-] Hints: This test was made for the bug_type 1730756. The failure could be related to https://launchpad.net/bugs/1730756: tempest.exceptions.BuildErrorException: Server ff90c6a6-4b92-4f3a-813c-4cec85c056f7 failed to build and is in ERROR status
2025-05-19 17:38:02.284 70355 INFO tempest.lib.common.rest_client [req-52f448c7-913c-4198-82b6-0009e0b033d5 req-52f448c7-913c-4198-82b6-0009e0b033d5 ] Request (ValidationResourcesFixture:setUp): 200 POST http://10.180.1.21/compute/v2.1/os-keypairs 0.316s
2025-05-19 17:38:02.306 70353 INFO tempest.lib.common.rest_client [req-c70ec852-8fd6-4ba4-881b-b2fd466dca83 req-c70ec852-8fd6-4ba4-881b-b2fd466dca83 ] Request (FloatingIPsAssociationNegativeTestJSON:setUpClass): 404 GET http://10.180.1.21/compute/v2.1/servers/a80074b7-3688-4374-9f74-927cb984b944 0.314s
2025-05-19 17:38:02.306 70353 INFO tempest.test [-] raised in FloatingIPsAssociationNegativeTestJSON.setUpClass. Invoking tearDownClass.
2025-05-19 17:38:02.306 70349 INFO tempest.lib.common.rest_client [req-27912daa-3118-4d93-a2e8-a254264b4885 req-27912daa-3118-4d93-a2e8-a254264b4885 ] Request (ServersTestJSON:test_create_server_with_admin_password): 201 POST http://10.180.1.21/identity/v3/auth/tokens 0.083s
2025-05-19 17:38:02.307 70349 INFO tempest.lib.common.fixed_network [-] (ServersTestJSON:test_create_server_with_admin_password) Found network {'id': 'fc65603a-8b48-4a54-a689-f2952db451b6', 'name': 'tempest-ServersTestJSON-296098737-network', 'tenant_id': '16fdc788e4f04c93b29be9930003eade', 'admin_state_up': True, 'mtu': 8950, 'status': 'ACTIVE', 'subnets': [], 'shared': False, 'project_id': '16fdc788e4f04c93b29be9930003eade', 'port_security_enabled': True, 'router:external': False, 'provider:network_type': 'vlan', 'provider:physical_network': 'default', 'provider:segmentation_id': 780, 'availability_zone_hints': [], 'availability_zones': [], 'ipv4_address_scope': None, 'ipv6_address_scope': None, 'description': '', 'tags': [], 'created_at': '2025-05-19T17:37:42Z', 'updated_at': '2025-05-19T17:37:42Z', 'revision_number': 1} available for tenant
2025-05-19 17:38:02.411 70359 INFO tempest.lib.common.rest_client [req-7375b015-5557-4e33-91e7-ab9b3d782b38 req-7375b015-5557-4e33-91e7-ab9b3d782b38 ] Request (ServerRescueNegativeTestJSON:setUpClass): 200 GET http://10.180.1.21/compute/v2.1/servers/32f5eab9-481a-4742-8e6c-9cb6de80d5b8 0.418s
2025-05-19 17:38:02.480 70381 INFO tempest.lib.common.rest_client [req-97133a51-2094-477f-8847-52b6fa5bce2a req-97133a51-2094-477f-8847-52b6fa5bce2a ] Request (ServerMetadataNegativeTestJSON:tearDownClass): 204 DELETE http://10.180.1.21:9696/networking/v2.0/networks/63ca9fe2-b342-4ebb-9c17-dc642cf2a248 0.458s
2025-05-19 17:38:02.559 70399 INFO tempest.lib.common.rest_client [req-cca69434-e05c-4071-9fbd-a63b95aaa5f3 req-cca69434-e05c-4071-9fbd-a63b95aaa5f3 ] Request (AttachVolumeTestJSON:test_list_get_volume_attachments): 200 GET http://10.180.1.21/compute/v2.1/servers/76e74ef2-f7d1-4d2c-832c-9e6cddb42e11 0.467s
2025-05-19 17:38:02.590 70351 INFO tempest.lib.common.rest_client [req-28b44593-c48f-4ceb-88ec-68fac16d64af req-28b44593-c48f-4ceb-88ec-68fac16d64af ] Request (ServerGroupTestJSON:test_create_delete_multiple_server_groups_with_same_name_policy): 204 DELETE http://10.180.1.21/compute/v2.1/os-server-groups/a18339d2-9900-4e73-a82d-8ffb06212fab 0.490s
2025-05-19 17:38:02.617 70371 INFO tempest.lib.common.rest_client [req-af802dd0-6a99-4284-b01a-60cc135c382c req-af802dd0-6a99-4284-b01a-60cc135c382c ] Request (VolumesAdminNegativeTest:tearDownClass): 204 DELETE http://10.180.1.21:9696/networking/v2.0/routers/3170c21f-a318-4969-bc68-2f9b0ae0db2f 1.295s
2025-05-19 17:38:02.654 70381 INFO tempest.lib.common.rest_client [req-150d0e19-ed7f-4768-8cb9-d41575c0fbc2 req-150d0e19-ed7f-4768-8cb9-d41575c0fbc2 ] Request (ServerMetadataNegativeTestJSON:tearDownClass): 204 DELETE http://10.180.1.21/identity/v3/users/979ec5b2aaea43808e1da6604c9d0679 0.174s
2025-05-19 17:38:02.655 70381 INFO tempest.lib.common.dynamic_creds [-] Deleting project and security group for project: 7226f6ce368a46e0b79a0efe032163df
2025-05-19 17:38:02.698 70355 INFO tempest.lib.common.rest_client [req-bb181433-a356-4bc4-a06b-fa44fb275656 req-bb181433-a356-4bc4-a06b-fa44fb275656 ] Request (ValidationResourcesFixture:setUp): 201 POST http://10.180.1.21:9696/networking/v2.0/security-groups 0.411s
2025-05-19 17:38:02.735 70381 INFO tempest.lib.common.rest_client [req-57e283cf-6cc0-4ce9-969b-015c11137870 req-57e283cf-6cc0-4ce9-969b-015c11137870 ] Request (ServerMetadataNegativeTestJSON:tearDownClass): 200 GET http://10.180.1.21:9696/networking/v2.0/security-groups?tenant_id=7226f6ce368a46e0b79a0efe032163df&name=default 0.080s
2025-05-19 17:38:02.794 70373 INFO tempest.lib.common.rest_client [req-0ca2071d-2e24-4ad7-b7a1-a0e4f91001e1 req-0ca2071d-2e24-4ad7-b7a1-a0e4f91001e1 ] Request (DeleteServersTestJSON:test_delete_server_while_in_shutoff_state): 202 POST http://10.180.1.21/compute/v2.1/servers 1.194s
