2025-05-19 17:37:15.736 70395 INFO tempest.lib.common.rest_client [req-0636e11f-9149-406d-8f7a-c736f5ad10c6 req-0636e11f-9149-406d-8f7a-c736f5ad10c6 ] Request (ServerAddressesTestJSON:setUpClass): 204 PUT http://10.180.1.21/identity/v3/projects/55887441ca684fccb5661c0322cc6b36/users/e7d18c855aa4473798726d1b631ef2b8/roles/f98af017260b4772a06a2c44e987c97c 0.027s
2025-05-19 17:37:15.736 70395 INFO tempest.lib.common.dynamic_creds [-] Dynamic test user e7d18c855aa4473798726d1b631ef2b8 is created with scope project and roles: ['member']
2025-05-19 17:37:15.736 70395 INFO tempest.lib.common.dynamic_creds [-] Acquired dynamic creds: credentials: Credentials: {'domain_id': 'default', 'domain_name': 'Default', 'username': 'tempest-ServerAddressesTestJSON-334163807-project-member', 'project_domain_id': 'default', 'project_domain_name': 'Default', 'project_id': '55887441ca684fccb5661c0322cc6b36', 'project_name': 'tempest-ServerAddressesTestJSON-334163807', 'tenant_id': '55887441ca684fccb5661c0322cc6b36', 'tenant_name': 'tempest-ServerAddressesTestJSON-334163807', 'user_domain_id': 'default', 'user_domain_name': 'Default', 'user_id': 'e7d18c855aa4473798726d1b631ef2b8', 'system': None}, Network: None, Subnet: None, Router: None
2025-05-19 17:37:15.748 70351 INFO tempest.lib.common.rest_client [req-9900b86e-4253-4389-9afd-70c27e30f220 req-9900b86e-4253-4389-9afd-70c27e30f220 ] Request (ServersTestMultiNic:test_verify_duplicate_network_nics): 201 POST http://10.180.1.21:9696/networking/v2.0/networks 0.803s
2025-05-19 17:37:15.801 70395 INFO tempest.lib.common.rest_client [req-6ea250b6-2d59-4b95-b1eb-d780d6dba7a5 req-6ea250b6-2d59-4b95-b1eb-d780d6dba7a5 ] Request (ServerAddressesTestJSON:setUpClass): 201 POST http://10.180.1.21/identity/v3/auth/tokens 0.065s
2025-05-19 17:37:15.832 70347 INFO tempest.lib.common.rest_client [req-5016f018-9ac9-412d-8787-5989be0dc0f3 req-5016f018-9ac9-412d-8787-5989be0dc0f3 ] Request (ServerAddressesNegativeTestJSON:setUpClass): 204 DELETE http://10.180.1.21/compute/v2.1/servers/1240c85a-d5e3-4247-acd3-14f6f154e009 0.922s
2025-05-19 17:37:15.899 70381 INFO tempest.lib.common.rest_client [req-fa807dc7-0655-4e72-8713-560903ee4cae req-fa807dc7-0655-4e72-8713-560903ee4cae ] Request (ServerGroup264TestJSON:setUpClass): 201 POST http://10.180.1.21:9696/networking/v2.0/subnets 1.164s
2025-05-19 17:37:15.911 70379 INFO tempest.lib.common.rest_client [req-969e7059-e486-4455-9078-ac765291e622 req-969e7059-e486-4455-9078-ac765291e622 ] Request (InstanceActionsTestJSON:setUpClass): 200 PUT http://10.180.1.21:9696/networking/v2.0/routers/49baa093-0663-457c-b125-dde2427cd4a0/add_router_interface 3.511s
2025-05-19 17:37:15.912 70379 INFO tempest.lib.common.dynamic_creds [-] Created isolated network resources for: credentials: Credentials: {'domain_id': 'default', 'domain_name': 'Default', 'username': 'tempest-InstanceActionsTestJSON-263849154-project-member', 'project_domain_id': 'default', 'project_domain_name': 'Default', 'project_id': '6b67e2ea37614b8cb696bc8b5a567787', 'project_name': 'tempest-InstanceActionsTestJSON-263849154', 'tenant_id': '6b67e2ea37614b8cb696bc8b5a567787', 'tenant_name': 'tempest-InstanceActionsTestJSON-263849154', 'user_domain_id': 'default', 'user_domain_name': 'Default', 'user_id': '932590322cfa4f7892413b3dc7173d0e', 'system': None}, Network: {'id': 'f19ffd49-6087-4635-9ebb-3385228bfe8a', 'name': 'tempest-InstanceActionsTestJSON-965121180-network', 'tenant_id': '6b67e2ea37614b8cb696bc8b5a567787', 'admin_state_up': True, 'mtu': 8950, 'status': 'ACTIVE', 'subnets': [], 'shared': False, 'project_id': '6b67e2ea37614b8cb696bc8b5a567787', 'port_security_enabled': True, 'router:external': False, 'provider:network_type': 'vlan', 'provider:physical_network': 'default', 'provider:segmentation_id': 304, 'availability_zone_hints': [], 'availability_zones': [], 'ipv4_address_scope': None, 'ipv6_address_scope': None, 'description': '', 'tags': [], 'created_at': '2025-05-19T17:37:07Z', 'updated_at': '2025-05-19T17:37:07Z', 'revision_number': 1}, Subnet: {'id': '864cc464-8eaf-4943-9f12-5ae689bb691c', 'name': 'tempest-InstanceActionsTestJSON-965121180-subnet', 'tenant_id': '6b67e2ea37614b8cb696bc8b5a567787', 'network_id': 'f19ffd49-6087-4635-9ebb-3385228bfe8a', 'ip_version': 4, 'subnetpool_id': None, 'enable_dhcp': True, 'ipv6_ra_mode': None, 'ipv6_address_mode': None, 'gateway_ip': '192.168.128.1', 'cidr': '192.168.128.0/28', 'allocation_pools': [{'start': '192.168.128.2', 'end': '192.168.128.14'}], 'host_routes': [], 'dns_nameservers': [], 'description': '', 'router:external': False, 'service_types': [], 'tags': [], 'created_at': '2025-05-19T17:37:08Z', 'updated_at': '2025-05-19T17:37:08Z', 'revision_number': 0, 'project_id': '6b67e2ea37614b8cb696bc8b5a567787'}, Router: {'id': '49baa093-0663-457c-b125-dde2427cd4a0', 'name': 'tempest-InstanceActionsTestJSON-965121180-router', 'tenant_id': '6b67e2ea37614b8cb696bc8b5a567787', 'admin_state_up': True, 'status': 'ACTIVE', 'external_gateway_info': {'network_id': '7d882d7a-a696-470b-a07f-214c3af755b9', 'external_fixed_ips': [{'subnet_id': '7c3da6e8-4c97-4e38-a7e4-8784dce1ee78', 'ip_address': '10.180.180.219'}], 'enable_snat': True}, 'description': '', 'availability_zones': [], 'distributed': False, 'ha': False, 'availability_zone_hints': [], 'routes': [], 'flavor_id': None, 'tags': [], 'created_at': '2025-05-19T17:37:09Z', 'updated_at': '2025-05-19T17:37:10Z', 'revision_number': 2, 'project_id': '6b67e2ea37614b8cb696bc8b5a567787'}
2025-05-19 17:37:15.992 70379 INFO tempest.lib.common.rest_client [req-7589b619-9c1e-4ebe-9287-04d9a0a229db req-7589b619-9c1e-4ebe-9287-04d9a0a229db ] Request (InstanceActionsTestJSON:setUpClass): 201 POST http://10.180.1.21/identity/v3/auth/tokens 0.075s
2025-05-19 17:37:16.015 70373 INFO tempest.lib.common.rest_client [req-8d47cc6f-c489-4aca-b586-198ade6081e3 req-8d47cc6f-c489-4aca-b586-198ade6081e3 ] Request (ServersTestJSON:tearDownClass): 204 DELETE http://10.180.1.21:9696/networking/v2.0/security-groups/6ea70acb-3238-44a8-a293-0c08fc83dddf 0.622s
2025-05-19 17:37:16.036 70379 INFO tempest.lib.common.rest_client [req-f910b3d1-c488-4b04-8f23-a875cffa0ac9 req-f910b3d1-c488-4b04-8f23-a875cffa0ac9 ] Request (InstanceActionsTestJSON:setUpClass): 201 POST http://10.180.1.21/identity/v3/auth/tokens 0.040s
2025-05-19 17:37:16.036 70379 INFO tempest.lib.common.fixed_network [-] (InstanceActionsTestJSON:setUpClass) Found network {'id': 'f19ffd49-6087-4635-9ebb-3385228bfe8a', 'name': 'tempest-InstanceActionsTestJSON-965121180-network', 'tenant_id': '6b67e2ea37614b8cb696bc8b5a567787', 'admin_state_up': True, 'mtu': 8950, 'status': 'ACTIVE', 'subnets': [], 'shared': False, 'project_id': '6b67e2ea37614b8cb696bc8b5a567787', 'port_security_enabled': True, 'router:external': False, 'provider:network_type': 'vlan', 'provider:physical_network': 'default', 'provider:segmentation_id': 304, 'availability_zone_hints': [], 'availability_zones': [], 'ipv4_address_scope': None, 'ipv6_address_scope': None, 'description': '', 'tags': [], 'created_at': '2025-05-19T17:37:07Z', 'updated_at': '2025-05-19T17:37:07Z', 'revision_number': 1} available for tenant
2025-05-19 17:37:16.069 70373 INFO tempest.lib.common.rest_client [req-568f7d18-078b-45b6-a19b-65d8f3f1b302 req-568f7d18-078b-45b6-a19b-65d8f3f1b302 ] Request (ServersTestJSON:tearDownClass): 404 GET http://10.180.1.21:9696/networking/v2.0/security-groups/6ea70acb-3238-44a8-a293-0c08fc83dddf 0.053s
2025-05-19 17:37:16.211 70359 INFO tempest.lib.common.rest_client [req-07692dcb-adb6-4114-82d7-59528942705d req-07692dcb-adb6-4114-82d7-59528942705d ] Request (MultipleCreateTestJSON:setUpClass): 201 POST http://10.180.1.21:9696/networking/v2.0/subnets 1.075s
2025-05-19 17:37:16.315 70399 INFO tempest.lib.common.rest_client [req-7a63b13f-2f45-460a-b366-1a7590e45e90 req-7a63b13f-2f45-460a-b366-1a7590e45e90 ] Request (ServersTestBootFromVolume:setUpClass): 204 DELETE http://10.180.1.21/compute/v2.1/servers/cc56d6f3-a7fa-4fca-b17f-b62368bde3a1 1.113s
2025-05-19 17:37:16.357 70367 INFO tempest.lib.common.rest_client [req-4995222d-314b-40bb-8534-43f1acb22cb7 req-4995222d-314b-40bb-8534-43f1acb22cb7 ] Request (ServersNegativeTestMultiTenantJSON:setUpClass): 201 POST http://10.180.1.21:9696/networking/v2.0/networks 1.282s
2025-05-19 17:37:16.364 70371 INFO tempest.lib.common.rest_client [req-4a4368ed-feac-4a10-97ad-e0816e89acd9 req-4a4368ed-feac-4a10-97ad-e0816e89acd9 ] Request (VolumesAdminNegativeTest:setUpClass): 201 POST http://10.180.1.21:9696/networking/v2.0/subnets 1.349s
2025-05-19 17:37:16.414 70401 INFO tempest.lib.common.rest_client [req-dc0f77e7-80bc-48e7-9f15-3f9a2a244fbb req-dc0f77e7-80bc-48e7-9f15-3f9a2a244fbb ] Request (SecurityGroupsTestJSON:test_security_group_create_get_delete): 200 POST http://10.180.1.21/compute/v2.1/os-security-groups 1.366s
2025-05-19 17:37:16.447 70353 INFO tempest.lib.common.rest_client [req-c5826a96-597e-441b-a512-f3948290a66a req-c5826a96-597e-441b-a512-f3948290a66a ] Request (FlavorsAdminTestJSON:test_list_non_public_flavor): 200 GET http://10.180.1.21/compute/v2.1/flavors/detail 1.024s
2025-05-19 17:37:16.473 70391 INFO tempest.lib.common.rest_client [req-ef5c9b3c-6251-4367-8b2c-01d5690ef64d req-ef5c9b3c-6251-4367-8b2c-01d5690ef64d ] Request (FlavorsAccessNegativeTestJSON:_run_cleanups): 202 DELETE http://10.180.1.21/compute/v2.1/flavors/2114705973 0.858s
2025-05-19 17:37:16.473 70355 INFO tempest.lib.common.rest_client [req-45f80ca6-735a-4ae6-8a3e-8390a1aef5c7 req-45f80ca6-735a-4ae6-8a3e-8390a1aef5c7 ] Request (QuotasAdminTestJSON:test_get_updated_quotas): 200 GET http://10.180.1.21/compute/v2.1/os-quota-sets/139d964edc2a452482aa16675c632fec/detail 1.102s
2025-05-19 17:37:16.489 70361 INFO tempest.lib.common.rest_client [req-05de001b-39df-4d2b-b195-a6791f14f598 req-05de001b-39df-4d2b-b195-a6791f14f598 ] Request (KeyPairsV2TestJSON:_run_cleanups): 202 DELETE http://10.180.1.21/compute/v2.1/os-keypairs/tempest-KeyPairsV2TestJSON-keypair-1090089255 0.860s
2025-05-19 17:37:16.492 70393 INFO tempest.lib.common.rest_client [req-fb5127a8-0017-47e3-a934-d91694cfcafc req-fb5127a8-0017-47e3-a934-d91694cfcafc ] Request (ServersListShow298Test:tearDownClass): 200 GET http://10.180.1.21:9696/networking/v2.0/security-groups?tenant_id=06345a22af1e4e798a95d51b02e776aa&name=default 0.894s
2025-05-19 17:37:16.502 70347 INFO tempest.lib.common.rest_client [req-14872cc3-20bf-4ad0-8bbe-aefcf99805ee req-14872cc3-20bf-4ad0-8bbe-aefcf99805ee ] Request (ServerAddressesNegativeTestJSON:setUpClass): 404 GET http://10.180.1.21/compute/v2.1/servers/1240c85a-d5e3-4247-acd3-14f6f154e009 0.670s
2025-05-19 17:37:16.503 70347 INFO tempest.test [-] raised in ServerAddressesNegativeTestJSON.setUpClass. Invoking tearDownClass.
2025-05-19 17:37:16.515 70355 INFO tempest.lib.common.rest_client [req-08715329-749f-4e31-a513-65d56e49163d req-08715329-749f-4e31-a513-65d56e49163d ] Request (QuotasAdminTestJSON:test_get_updated_quotas): 200 GET http://10.180.1.21/identity/v3/domains?name=Default 0.033s
2025-05-19 17:37:16.524 70345 INFO tempest.lib.common.rest_client [req-aa45d966-532a-441a-97eb-ea64fa39726d req-aa45d966-532a-441a-97eb-ea64fa39726d ] Request (ImagesOneServerTestJSON:tearDownClass): 200 PUT http://10.180.1.21:9696/networking/v2.0/routers/8df0ca72-a675-44c4-aa5f-d53b502dcaac/remove_router_interface 3.784s
2025-05-19 17:37:16.525 70399 INFO tempest.lib.common.rest_client [req-601d7d3c-037f-4d1e-97a9-98ed2e38ede6 req-601d7d3c-037f-4d1e-97a9-98ed2e38ede6 ] Request (ServersTestBootFromVolume:setUpClass): 404 GET http://10.180.1.21/compute/v2.1/servers/cc56d6f3-a7fa-4fca-b17f-b62368bde3a1 0.209s
2025-05-19 17:37:16.525 70399 INFO tempest.test [-] raised in ServersTestBootFromVolume.setUpClass. Invoking tearDownClass.
2025-05-19 17:37:16.525 70365 INFO tempest.lib.common.rest_client [req-0cecd6f0-a1f5-49e2-a84d-7df14e840426 req-0cecd6f0-a1f5-49e2-a84d-7df14e840426 ] Request (ServerShowV263Test:tearDownClass): 200 GET http://10.180.1.21:9696/networking/v2.0/security-groups?tenant_id=593f5afb5ce140f3b76d777948e3cb7a&name=default 0.860s
2025-05-19 17:37:16.550 70355 INFO tempest.lib.common.rest_client [req-aeb4a9c0-f8df-4475-a622-6d4301d5b8f7 req-aeb4a9c0-f8df-4475-a622-6d4301d5b8f7 ] Request (QuotasAdminTestJSON:test_get_updated_quotas): 201 POST http://10.180.1.21/identity/v3/users 0.034s
2025-05-19 17:37:16.575 70355 INFO tempest.lib.common.rest_client [req-3d609b9c-ea68-4ee7-b5f2-60a1563728ab req-3d609b9c-ea68-4ee7-b5f2-60a1563728ab ] Request (QuotasAdminTestJSON:test_get_updated_quotas): 200 GET http://10.180.1.21/identity/v3/domains?name=Default 0.025s
2025-05-19 17:37:16.754 70375 INFO tempest.lib.common.rest_client [req-a6460a66-0a13-4f9b-842a-e351f18d0944 req-a6460a66-0a13-4f9b-842a-e351f18d0944 ] Request (ServerDiskConfigTestJSON:test_rebuild_server_with_manual_disk_config): 200 GET http://10.180.1.21/compute/v2.1/servers/281d0641-aa50-4947-8a79-eb319dbaea75 0.432s
2025-05-19 17:37:16.764 70375 INFO tempest.common.waiters [-] State transition "BUILD/scheduling" ==> "ERROR/None" after 1 second wait
2025-05-19 17:37:16.896 70401 INFO tempest.lib.common.rest_client [req-74db3142-3beb-4ce1-a5c6-bc3485c7a8fb req-74db3142-3beb-4ce1-a5c6-bc3485c7a8fb ] Request (SecurityGroupsTestJSON:test_security_group_create_get_delete): 200 GET http://10.180.1.21/compute/v2.1/os-security-groups/850c6841-cad4-4d0b-887d-b2c73c3cec5c 0.478s
2025-05-19 17:37:16.918 70353 INFO tempest.lib.common.rest_client [req-6a3a045f-d332-4420-a237-9f120b4060c3 req-6a3a045f-d332-4420-a237-9f120b4060c3 ] Request (FlavorsAdminTestJSON:test_list_non_public_flavor): 200 GET http://10.180.1.21/compute/v2.1/flavors/detail 0.466s
2025-05-19 17:37:16.951 70391 INFO tempest.lib.common.rest_client [req-adc2c958-7f77-432e-971b-afd116b9fb93 req-adc2c958-7f77-432e-971b-afd116b9fb93 ] Request (FlavorsAccessNegativeTestJSON:_run_cleanups): 200 GET http://10.180.1.21/compute/v2.1/flavors/detail 0.478s
2025-05-19 17:37:16.967 70361 INFO tempest.lib.common.rest_client [req-5e4a65a1-88b0-4089-92f0-a9333b96d7a6 req-5e4a65a1-88b0-4089-92f0-a9333b96d7a6 ] Request (KeyPairsV2TestJSON:_run_cleanups): 202 DELETE http://10.180.1.21/compute/v2.1/os-keypairs/tempest-KeyPairsV2TestJSON-keypair-500417645 0.477s
2025-05-19 17:37:16.987 70399 INFO tempest.lib.common.rest_client [req-99b35600-8acf-4db9-a971-768daca433fc req-99b35600-8acf-4db9-a971-768daca433fc ] Request (ServersTestBootFromVolume:tearDownClass): 202 DELETE http://10.180.1.21/compute/v2.1/os-keypairs/tempest-keypair-283972008 0.461s
2025-05-19 17:37:17.083 70361 INFO tempest.lib.common.rest_client [req-ff547a70-4b68-40ab-9325-4e547c1a9ac2 req-ff547a70-4b68-40ab-9325-4e547c1a9ac2 ] Request (KeyPairsV2TestJSON:tearDownClass): 204 DELETE http://10.180.1.21/identity/v3/users/a654e91de3ba4ab9891f3c0c2b72a061 0.113s
2025-05-19 17:37:17.083 70361 INFO tempest.lib.common.dynamic_creds [-] Deleting project and security group for project: 37671d384ddb4e93b70a9129d316a29e
2025-05-19 17:37:17.211 70361 INFO tempest.lib.common.rest_client [req-ad38f698-034f-4761-bc83-9c2f62a4d6d5 req-ad38f698-034f-4761-bc83-9c2f62a4d6d5 ] Request (KeyPairsV2TestJSON:tearDownClass): 201 POST http://10.180.1.21/identity/v3/auth/tokens 0.127s
2025-05-19 17:37:17.239 70355 INFO tempest.lib.common.rest_client [req-11efbce9-5869-4b99-be26-1e593e49362f req-11efbce9-5869-4b99-be26-1e593e49362f ] Request (QuotasAdminTestJSON:test_get_updated_quotas): 200 PUT http://10.180.1.21/compute/v2.1/os-quota-sets/139d964edc2a452482aa16675c632fec?user_id=bab694196aad40f2a65bd540511f00e6 0.663s
2025-05-19 17:37:17.241 70395 INFO tempest.lib.common.rest_client [req-bb03c42a-890b-4906-978e-fbea7fa7c78e req-bb03c42a-890b-4906-978e-fbea7fa7c78e ] Request (ServerAddressesTestJSON:setUpClass): 201 POST http://10.180.1.21:9696/networking/v2.0/networks 1.439s
2025-05-19 17:37:17.294 70393 INFO tempest.lib.common.rest_client [req-4a04e883-31ef-4bab-bab6-ad35b2758325 req-4a04e883-31ef-4bab-bab6-ad35b2758325 ] Request (ServersListShow298Test:tearDownClass): 204 DELETE http://10.180.1.21:9696/networking/v2.0/security-groups/ebbfb732-9ae7-40bd-a211-7b898adb08f2 0.801s
2025-05-19 17:37:17.330 70365 INFO tempest.lib.common.rest_client [req-6ba771c9-8a52-4011-899b-31ab656bc5cc req-6ba771c9-8a52-4011-899b-31ab656bc5cc ] Request (ServerShowV263Test:tearDownClass): 204 DELETE http://10.180.1.21:9696/networking/v2.0/security-groups/ec12b99c-8e41-4220-a994-8c2b2be096f3 0.804s
2025-05-19 17:37:17.396 70393 INFO tempest.lib.common.rest_client [req-1c5d18a0-325f-4a33-b4db-23b55b06b727 req-1c5d18a0-325f-4a33-b4db-23b55b06b727 ] Request (ServersListShow298Test:tearDownClass): 204 DELETE http://10.180.1.21/identity/v3/projects/06345a22af1e4e798a95d51b02e776aa 0.101s
2025-05-19 17:37:17.410 70365 INFO tempest.lib.common.rest_client [req-4326d8ee-61c6-4771-a297-100b41254c09 req-4326d8ee-61c6-4771-a297-100b41254c09 ] Request (ServerShowV263Test:tearDownClass): 204 DELETE http://10.180.1.21/identity/v3/projects/593f5afb5ce140f3b76d777948e3cb7a 0.075s
2025-05-19 17:37:17.479 70393 INFO tempest.lib.common.rest_client [req-d4b6d721-1895-4b27-9bd1-2385c50a68e7 req-d4b6d721-1895-4b27-9bd1-2385c50a68e7 ] Request (ComputeTenantNetworksTest:setUpClass): 201 POST http://10.180.1.21/identity/v3/auth/tokens 0.082s
2025-05-19 17:37:17.489 70365 INFO tempest.lib.common.rest_client [req-5080e106-554c-40c2-a775-d078906b1b2f req-5080e106-554c-40c2-a775-d078906b1b2f ] Request (AttachVolumeNegativeTest:setUpClass): 201 POST http://10.180.1.21/identity/v3/auth/tokens 0.077s
2025-05-19 17:37:17.513 70393 INFO tempest.lib.common.rest_client [req-a7a8086f-11d2-4813-bf87-9b21783168ce req-a7a8086f-11d2-4813-bf87-9b21783168ce ] Request (ComputeTenantNetworksTest:setUpClass): 201 POST http://10.180.1.21/identity/v3/auth/tokens 0.028s
2025-05-19 17:37:17.522 70365 INFO tempest.lib.common.rest_client [req-98a909c4-7c86-4054-8a80-d101ea80bea7 req-98a909c4-7c86-4054-8a80-d101ea80bea7 ] Request (AttachVolumeNegativeTest:setUpClass): 201 POST http://10.180.1.21/identity/v3/auth/tokens 0.031s
2025-05-19 17:37:17.540 70393 INFO tempest.lib.common.rest_client [req-69dd1795-4047-4184-8a0f-cb7ebbeb2e75 req-69dd1795-4047-4184-8a0f-cb7ebbeb2e75 ] Request (ComputeTenantNetworksTest:setUpClass): 200 GET http://10.180.1.21/identity/v3/domains?name=Default 0.027s
2025-05-19 17:37:17.543 70351 INFO tempest.lib.common.rest_client [req-ae5c117e-ea3f-4738-b54f-6acc7f500ab2 req-ae5c117e-ea3f-4738-b54f-6acc7f500ab2 ] Request (ServersTestMultiNic:test_verify_duplicate_network_nics): 201 POST http://10.180.1.21:9696/networking/v2.0/subnets 1.795s
2025-05-19 17:37:17.551 70365 INFO tempest.lib.common.rest_client [req-aa188508-a0e4-4941-80a8-a2fb2ea4fc10 req-aa188508-a0e4-4941-80a8-a2fb2ea4fc10 ] Request (AttachVolumeNegativeTest:setUpClass): 200 GET http://10.180.1.21/identity/v3/domains?name=Default 0.028s
2025-05-19 17:37:17.570 70349 INFO tempest.lib.common.rest_client [req-7867b6e8-3ae7-4e48-9044-3c2fe13e41f0 req-7867b6e8-3ae7-4e48-9044-3c2fe13e41f0 ] Request (ServerActionsTestJSON:setUpClass): 200 PUT http://10.180.1.21:9696/networking/v2.0/routers/9486c727-0ace-49b4-a80e-7d270d1b91d0/add_router_interface 5.081s
2025-05-19 17:37:17.570 70349 INFO tempest.lib.common.dynamic_creds [-] Created isolated network resources for: credentials: Credentials: {'domain_id': 'default', 'domain_name': 'Default', 'username': 'tempest-ServerActionsTestJSON-602315027-project-member', 'project_domain_id': 'default', 'project_domain_name': 'Default', 'project_id': '15e4ca5cf8be40c795f243003f46a89e', 'project_name': 'tempest-ServerActionsTestJSON-602315027', 'tenant_id': '15e4ca5cf8be40c795f243003f46a89e', 'tenant_name': 'tempest-ServerActionsTestJSON-602315027', 'user_domain_id': 'default', 'user_domain_name': 'Default', 'user_id': '526f535de3b941329f30b80e492faeb9', 'system': None}, Network: {'id': '63aee88f-1abb-4f06-93b5-8646c71f5d47', 'name': 'tempest-ServerActionsTestJSON-133487627-network', 'tenant_id': '15e4ca5cf8be40c795f243003f46a89e', 'admin_state_up': True, 'mtu': 8950, 'status': 'ACTIVE', 'subnets': [], 'shared': False, 'project_id': '15e4ca5cf8be40c795f243003f46a89e', 'port_security_enabled': True, 'router:external': False, 'provider:network_type': 'vlan', 'provider:physical_network': 'default', 'provider:segmentation_id': 530, 'availability_zone_hints': [], 'availability_zones': [], 'ipv4_address_scope': None, 'ipv6_address_scope': None, 'description': '', 'tags': [], 'created_at': '2025-05-19T17:37:08Z', 'updated_at': '2025-05-19T17:37:08Z', 'revision_number': 1}, Subnet: {'id': '8ad80a67-23ce-4f1d-90cc-53b1701e419a', 'name': 'tempest-ServerActionsTestJSON-133487627-subnet', 'tenant_id': '15e4ca5cf8be40c795f243003f46a89e', 'network_id': '63aee88f-1abb-4f06-93b5-8646c71f5d47', 'ip_version': 4, 'subnetpool_id': None, 'enable_dhcp': True, 'ipv6_ra_mode': None, 'ipv6_address_mode': None, 'gateway_ip': '192.168.128.1', 'cidr': '192.168.128.0/28', 'allocation_pools': [{'start': '192.168.128.2', 'end': '192.168.128.14'}], 'host_routes': [], 'dns_nameservers': [], 'description': '', 'router:external': False, 'service_types': [], 'tags': [], 'created_at': '2025-05-19T17:37:08Z', 'updated_at': '2025-05-19T17:37:08Z', 'revision_number': 0, 'project_id': '15e4ca5cf8be40c795f243003f46a89e'}, Router: {'id': '9486c727-0ace-49b4-a80e-7d270d1b91d0', 'name': 'tempest-ServerActionsTestJSON-133487627-router', 'tenant_id': '15e4ca5cf8be40c795f243003f46a89e', 'admin_state_up': True, 'status': 'ACTIVE', 'external_gateway_info': {'network_id': '7d882d7a-a696-470b-a07f-214c3af755b9', 'external_fixed_ips': [{'subnet_id': '7c3da6e8-4c97-4e38-a7e4-8784dce1ee78', 'ip_address': '10.180.180.178'}], 'enable_snat': True}, 'description': '', 'availability_zones': [], 'distributed': False, 'ha': False, 'availability_zone_hints': [], 'routes': [], 'flavor_id': None, 'tags': [], 'created_at': '2025-05-19T17:37:09Z', 'updated_at': '2025-05-19T17:37:10Z', 'revision_number': 2, 'project_id': '15e4ca5cf8be40c795f243003f46a89e'}
2025-05-19 17:37:17.584 70393 INFO tempest.lib.common.rest_client [req-2c332176-3c29-4f90-937c-5251ed2e7fb9 req-2c332176-3c29-4f90-937c-5251ed2e7fb9 ] Request (ComputeTenantNetworksTest:setUpClass): 201 POST http://10.180.1.21/identity/v3/projects 0.043s
2025-05-19 17:37:17.617 70351 INFO tempest.lib.common.rest_client [req-4ad6a9db-ea47-44d9-bee6-7e81a8d1ebf5 req-4ad6a9db-ea47-44d9-bee6-7e81a8d1ebf5 ] Request (ServersTestMultiNic:test_verify_duplicate_network_nics): 201 POST http://10.180.1.21/identity/v3/auth/tokens 0.069s
2025-05-19 17:37:17.617 70351 INFO tempest.lib.common.fixed_network [-] (ServersTestMultiNic:test_verify_duplicate_network_nics) Found network {'id': '45d73759-9698-4bfe-b9cc-df05442cacb6', 'name': 'tempest-ServersTestMultiNic-47233581-network', 'tenant_id': 'd70d0ade0536421e81eb084991e73b6a', 'admin_state_up': True, 'mtu': 8950, 'status': 'ACTIVE', 'subnets': [], 'shared': False, 'project_id': 'd70d0ade0536421e81eb084991e73b6a', 'port_security_enabled': True, 'router:external': False, 'provider:network_type': 'vlan', 'provider:physical_network': 'default', 'provider:segmentation_id': 845, 'availability_zone_hints': [], 'availability_zones': [], 'ipv4_address_scope': None, 'ipv6_address_scope': None, 'description': '', 'tags': [], 'created_at': '2025-05-19T17:37:04Z', 'updated_at': '2025-05-19T17:37:04Z', 'revision_number': 1} available for tenant
2025-05-19 17:37:17.640 70373 INFO tempest.lib.common.rest_client [req-2e389815-bb99-48e8-973f-9df2daa2244f req-2e389815-bb99-48e8-973f-9df2daa2244f ] Request (ServersTestJSON:tearDownClass): 204 DELETE http://10.180.1.21:9696/networking/v2.0/floatingips/2cc41403-28d2-4eb7-89dc-8d8416949490 1.570s
2025-05-19 17:37:17.647 70375 INFO tempest.lib.common.rest_client [req-7797e77f-cf44-4a9b-8adf-877054c3fda0 req-7797e77f-cf44-4a9b-8adf-877054c3fda0 ] Request (ServerDiskConfigTestJSON:test_rebuild_server_with_manual_disk_config): 204 DELETE http://10.180.1.21/compute/v2.1/servers/281d0641-aa50-4947-8a79-eb319dbaea75 0.882s
2025-05-19 17:37:17.662 70365 INFO tempest.lib.common.rest_client [req-0e7cc167-909a-427e-a392-af6d2bd496a4 req-0e7cc167-909a-427e-a392-af6d2bd496a4 ] Request (AttachVolumeNegativeTest:setUpClass): 201 POST http://10.180.1.21/identity/v3/projects 0.111s
2025-05-19 17:37:17.698 70349 INFO tempest.lib.common.rest_client [req-e955c51e-40d2-41df-b487-512de57e29a8 req-e955c51e-40d2-41df-b487-512de57e29a8 ] Request (ServerActionsTestJSON:setUpClass): 201 POST http://10.180.1.21/identity/v3/auth/tokens 0.122s
2025-05-19 17:37:17.715 70379 INFO tempest.lib.common.rest_client [req-0cef4c7a-0fd1-4988-9951-a58c602e1753 req-0cef4c7a-0fd1-4988-9951-a58c602e1753 ] Request (InstanceActionsTestJSON:setUpClass): 202 POST http://10.180.1.21/compute/v2.1/servers 1.679s
2025-05-19 17:37:17.727 70365 INFO tempest.lib.common.rest_client [req-29dc1e4a-6fbc-4ebb-84de-1441f1862ca6 req-29dc1e4a-6fbc-4ebb-84de-1441f1862ca6 ] Request (AttachVolumeNegativeTest:setUpClass): 201 POST http://10.180.1.21/identity/v3/users 0.064s
2025-05-19 17:37:17.728 70393 INFO tempest.lib.common.rest_client [req-cdd026e9-d969-46f2-9487-d781e96578db req-cdd026e9-d969-46f2-9487-d781e96578db ] Request (ComputeTenantNetworksTest:setUpClass): 201 POST http://10.180.1.21/identity/v3/users 0.143s
2025-05-19 17:37:17.736 70353 INFO tempest.lib.common.rest_client [req-e86cb7f0-b4c5-421b-89bc-b7a815bb4a26 req-e86cb7f0-b4c5-421b-89bc-b7a815bb4a26 ] Request (FlavorsAdminTestJSON:_run_cleanups): 202 DELETE http://10.180.1.21/compute/v2.1/flavors/1625227315 0.812s
2025-05-19 17:37:17.743 70399 INFO tempest.lib.common.rest_client [req-496226a3-0a4d-4908-b1cd-627997c0796f req-496226a3-0a4d-4908-b1cd-627997c0796f ] Request (ServersTestBootFromVolume:tearDownClass): 204 DELETE http://10.180.1.21:9696/networking/v2.0/security-groups/5dc14204-e3eb-4e6c-8bd5-e76840ed7103 0.755s
2025-05-19 17:37:17.750 70365 INFO tempest.lib.common.rest_client [req-38d38e73-d410-4a5e-b7be-d696241c389f req-38d38e73-d410-4a5e-b7be-d696241c389f ] Request (AttachVolumeNegativeTest:setUpClass): 200 GET http://10.180.1.21/identity/v3/roles 0.022s
2025-05-19 17:37:17.754 70393 INFO tempest.lib.common.rest_client [req-13f599e7-63c3-4f8f-bfea-ac7d485c3fa5 req-13f599e7-63c3-4f8f-bfea-ac7d485c3fa5 ] Request (ComputeTenantNetworksTest:setUpClass): 200 GET http://10.180.1.21/identity/v3/roles 0.025s
2025-05-19 17:37:17.763 70391 INFO tempest.lib.common.rest_client [req-27239b1d-de68-4a05-838c-1330a59d44a9 req-27239b1d-de68-4a05-838c-1330a59d44a9 ] Request (FlavorsAccessNegativeTestJSON:test_flavor_non_admin_remove): 200 POST http://10.180.1.21/compute/v2.1/flavors 0.802s
2025-05-19 17:37:17.773 70367 INFO tempest.lib.common.rest_client [req-d45ca86c-612b-41f4-a507-b953f641d8c1 req-d45ca86c-612b-41f4-a507-b953f641d8c1 ] Request (ServersNegativeTestMultiTenantJSON:setUpClass): 201 POST http://10.180.1.21:9696/networking/v2.0/subnets 1.415s
2025-05-19 17:37:17.778 70365 INFO tempest.lib.common.rest_client [req-f7277a4c-4cb5-476e-a83b-adfc6568f4e9 req-f7277a4c-4cb5-476e-a83b-adfc6568f4e9 ] Request (AttachVolumeNegativeTest:setUpClass): 204 PUT http://10.180.1.21/identity/v3/projects/cde588fe50314305b21dc0c60c32c462/users/66e3ea686f86472d8730490c987e8f7d/roles/f98af017260b4772a06a2c44e987c97c 0.027s
2025-05-19 17:37:17.778 70365 INFO tempest.lib.common.dynamic_creds [-] Dynamic test user 66e3ea686f86472d8730490c987e8f7d is created with scope project and roles: ['member']
2025-05-19 17:37:17.778 70365 INFO tempest.lib.common.dynamic_creds [-] Acquired dynamic creds: credentials: Credentials: {'domain_id': 'default', 'domain_name': 'Default', 'username': 'tempest-AttachVolumeNegativeTest-776365347-project-member', 'project_domain_id': 'default', 'project_domain_name': 'Default', 'project_id': 'cde588fe50314305b21dc0c60c32c462', 'project_name': 'tempest-AttachVolumeNegativeTest-776365347', 'tenant_id': 'cde588fe50314305b21dc0c60c32c462', 'tenant_name': 'tempest-AttachVolumeNegativeTest-776365347', 'user_domain_id': 'default', 'user_domain_name': 'Default', 'user_id': '66e3ea686f86472d8730490c987e8f7d', 'system': None}, Network: None, Subnet: None, Router: None
2025-05-19 17:37:17.787 70393 INFO tempest.lib.common.rest_client [req-acb464a9-7d9c-4d21-821f-f76afcb89698 req-acb464a9-7d9c-4d21-821f-f76afcb89698 ] Request (ComputeTenantNetworksTest:setUpClass): 204 PUT http://10.180.1.21/identity/v3/projects/07c96c0c072440539470fbd835bd3e5e/users/241cd6f1dfff4ffcbdfd96efdff71234/roles/f98af017260b4772a06a2c44e987c97c 0.033s
2025-05-19 17:37:17.787 70393 INFO tempest.lib.common.dynamic_creds [-] Dynamic test user 241cd6f1dfff4ffcbdfd96efdff71234 is created with scope project and roles: ['member']
2025-05-19 17:37:17.787 70393 INFO tempest.lib.common.dynamic_creds [-] Acquired dynamic creds: credentials: Credentials: {'domain_id': 'default', 'domain_name': 'Default', 'username': 'tempest-ComputeTenantNetworksTest-1328921821-project-member', 'project_domain_id': 'default', 'project_domain_name': 'Default', 'project_id': '07c96c0c072440539470fbd835bd3e5e', 'project_name': 'tempest-ComputeTenantNetworksTest-1328921821', 'tenant_id': '07c96c0c072440539470fbd835bd3e5e', 'tenant_name': 'tempest-ComputeTenantNetworksTest-1328921821', 'user_domain_id': 'default', 'user_domain_name': 'Default', 'user_id': '241cd6f1dfff4ffcbdfd96efdff71234', 'system': None}, Network: None, Subnet: None, Router: None
2025-05-19 17:37:17.802 70399 INFO tempest.lib.common.rest_client [req-5a33ba5e-c52f-47ef-923f-2eb719b78bee req-5a33ba5e-c52f-47ef-923f-2eb719b78bee ] Request (ServersTestBootFromVolume:tearDownClass): 404 GET http://10.180.1.21:9696/networking/v2.0/security-groups/5dc14204-e3eb-4e6c-8bd5-e76840ed7103 0.059s
2025-05-19 17:37:17.839 70365 INFO tempest.lib.common.rest_client [req-55fdfd55-ae8a-426b-bc71-f2f34b2f8583 req-55fdfd55-ae8a-426b-bc71-f2f34b2f8583 ] Request (AttachVolumeNegativeTest:setUpClass): 201 POST http://10.180.1.21/identity/v3/auth/tokens 0.060s
2025-05-19 17:37:17.864 70393 INFO tempest.lib.common.rest_client [req-5f18ff3a-055c-4f9c-850e-b172cf847a0e req-5f18ff3a-055c-4f9c-850e-b172cf847a0e ] Request (ComputeTenantNetworksTest:setUpClass): 201 POST http://10.180.1.21/identity/v3/auth/tokens 0.076s
2025-05-19 17:37:17.902 70355 INFO tempest.lib.common.rest_client [req-2cc63442-c911-4a35-bb83-e962e2b694a2 req-2cc63442-c911-4a35-bb83-e962e2b694a2 ] Request (QuotasAdminTestJSON:test_get_updated_quotas): 200 GET http://10.180.1.21/compute/v2.1/os-quota-sets/139d964edc2a452482aa16675c632fec?user_id=bab694196aad40f2a65bd540511f00e6 0.658s
2025-05-19 17:37:17.996 70355 INFO tempest.lib.common.rest_client [req-dca56a58-882e-4352-a229-efd9ae22eeb7 req-dca56a58-882e-4352-a229-efd9ae22eeb7 ] Request (QuotasAdminTestJSON:_run_cleanups): 204 DELETE http://10.180.1.21/identity/v3/users/bab694196aad40f2a65bd540511f00e6 0.091s
2025-05-19 17:37:18.019 70363 INFO tempest.lib.common.rest_client [req-a579b646-52e2-4cb5-bc85-4e75968d6306 req-a579b646-52e2-4cb5-bc85-4e75968d6306 ] Request (FloatingIPsTestJSON:tearDownClass): 204 DELETE http://10.180.1.21:9696/networking/v2.0/routers/055095af-0b47-4c9f-a84a-632b8a90b532 2.421s
2025-05-19 17:37:18.091 70355 INFO tempest.lib.common.rest_client [req-71b5ead3-5c2c-4ff7-92ec-b8451100a897 req-71b5ead3-5c2c-4ff7-92ec-b8451100a897 ] Request (QuotasAdminTestJSON:_run_cleanups): 204 DELETE http://10.180.1.21/identity/v3/projects/139d964edc2a452482aa16675c632fec 0.094s
2025-05-19 17:37:18.151 70361 INFO tempest.lib.common.rest_client [req-749a37f1-a6ce-4ea8-aaf7-4aced731c380 req-749a37f1-a6ce-4ea8-aaf7-4aced731c380 ] Request (KeyPairsV2TestJSON:tearDownClass): 200 GET http://10.180.1.21:9696/networking/v2.0/security-groups?tenant_id=37671d384ddb4e93b70a9129d316a29e&name=default 0.939s
2025-05-19 17:37:18.188 70401 INFO tempest.lib.common.rest_client [req-01a60028-cdfc-4961-96a1-7f865c9e9934 req-01a60028-cdfc-4961-96a1-7f865c9e9934 ] Request (SecurityGroupsTestJSON:test_security_group_create_get_delete): 202 DELETE http://10.180.1.21/compute/v2.1/os-security-groups/850c6841-cad4-4d0b-887d-b2c73c3cec5c 1.289s
2025-05-19 17:37:18.223 70375 INFO tempest.lib.common.rest_client [req-64de3608-977e-463e-8834-5a7fd14ea00b req-64de3608-977e-463e-8834-5a7fd14ea00b ] Request (ServerDiskConfigTestJSON:test_rebuild_server_with_manual_disk_config): 404 GET http://10.180.1.21/compute/v2.1/servers/281d0641-aa50-4947-8a79-eb319dbaea75 0.575s
2025-05-19 17:37:18.299 70375 INFO tempest.lib.common.rest_client [req-33e8ab87-617f-4e1d-9abe-9a3ecad6b65b req-33e8ab87-617f-4e1d-9abe-9a3ecad6b65b ] Request (ServerDiskConfigTestJSON:test_resize_server_from_auto_to_manual): 201 POST http://10.180.1.21/identity/v3/auth/tokens 0.070s
2025-05-19 17:37:18.300 70375 INFO tempest.lib.common.fixed_network [-] (ServerDiskConfigTestJSON:test_resize_server_from_auto_to_manual) Found network {'id': '3a2ae3a1-06f9-47d7-aef5-ca19bf9206cc', 'name': 'tempest-ServerDiskConfigTestJSON-744453425-network', 'tenant_id': 'ad4e51d999e148e7b4bd574fdf0032d4', 'admin_state_up': True, 'mtu': 8950, 'status': 'ACTIVE', 'subnets': [], 'shared': False, 'project_id': 'ad4e51d999e148e7b4bd574fdf0032d4', 'port_security_enabled': True, 'router:external': False, 'provider:network_type': 'vlan', 'provider:physical_network': 'default', 'provider:segmentation_id': 276, 'availability_zone_hints': [], 'availability_zones': [], 'ipv4_address_scope': None, 'ipv6_address_scope': None, 'description': '', 'tags': [], 'created_at': '2025-05-19T17:36:49Z', 'updated_at': '2025-05-19T17:36:49Z', 'revision_number': 1} available for tenant
2025-05-19 17:37:18.443 70349 INFO tempest.lib.common.rest_client [req-c461d3a8-80e0-46c7-be84-c472bcd32db7 req-c461d3a8-80e0-46c7-be84-c472bcd32db7 ] Request (ServerActionsTestJSON:setUpClass): 200 POST http://10.180.1.21/compute/v2.1/os-keypairs 0.739s
2025-05-19 17:37:18.582 70379 INFO tempest.lib.common.rest_client [req-ecc1061e-af63-4255-8f9e-20ee946a564a req-ecc1061e-af63-4255-8f9e-20ee946a564a ] Request (InstanceActionsTestJSON:setUpClass): 200 GET http://10.180.1.21/compute/v2.1/servers/ab83875e-93b7-4b22-bcdb-873da1dcb8d4 0.864s
2025-05-19 17:37:18.584 70395 INFO tempest.lib.common.rest_client [req-3b1ad1b2-a9d7-47df-bd3d-1165702ca426 req-3b1ad1b2-a9d7-47df-bd3d-1165702ca426 ] Request (ServerAddressesTestJSON:setUpClass): 201 POST http://10.180.1.21:9696/networking/v2.0/subnets 1.342s
2025-05-19 17:37:18.604 70353 INFO tempest.lib.common.rest_client [req-90fe0d1b-c199-4809-b5db-904a9bddc25a req-90fe0d1b-c199-4809-b5db-904a9bddc25a ] Request (FlavorsAdminTestJSON:_run_cleanups): 200 GET http://10.180.1.21/compute/v2.1/flavors/detail 0.868s
2025-05-19 17:37:18.721 70391 INFO tempest.lib.common.rest_client [req-31779322-58e3-4510-83cb-78a95b45eee2 req-31779322-58e3-4510-83cb-78a95b45eee2 ] Request (FlavorsAccessNegativeTestJSON:test_flavor_non_admin_remove): 200 POST http://10.180.1.21/compute/v2.1/flavors/793099215/action 0.956s
2025-05-19 17:37:18.810 70363 INFO tempest.lib.common.rest_client [req-b9568bce-5158-4110-88f0-4965c916b2ec req-b9568bce-5158-4110-88f0-4965c916b2ec ] Request (FloatingIPsTestJSON:tearDownClass): 204 DELETE http://10.180.1.21:9696/networking/v2.0/subnets/6c9fd2dc-6505-4767-adad-f5171947d601 0.791s
2025-05-19 17:37:18.810 70355 INFO tempest.lib.common.rest_client [req-25cf69d7-9ea2-4d6c-807d-6607b9c26217 req-25cf69d7-9ea2-4d6c-807d-6607b9c26217 ] Request (QuotasAdminTestJSON:test_update_all_quota_resources_for_tenant): 200 GET http://10.180.1.21/compute/v2.1/os-quota-sets/154c9d2d54884ed089264d99e281087b/defaults 0.718s
2025-05-19 17:37:18.818 70345 INFO tempest.lib.common.rest_client [req-eb0d2ecd-dd8c-40ae-af33-912e2b042836 req-eb0d2ecd-dd8c-40ae-af33-912e2b042836 ] Request (ImagesOneServerTestJSON:tearDownClass): 204 DELETE http://10.180.1.21:9696/networking/v2.0/routers/8df0ca72-a675-44c4-aa5f-d53b502dcaac 2.294s
2025-05-19 17:37:18.877 70361 INFO tempest.lib.common.rest_client [req-898b4450-2719-4697-b43b-ff4bf0bf7c6a req-898b4450-2719-4697-b43b-ff4bf0bf7c6a ] Request (KeyPairsV2TestJSON:tearDownClass): 204 DELETE http://10.180.1.21:9696/networking/v2.0/security-groups/1b892d09-549f-406a-bc06-111b50fa3fb5 0.726s
2025-05-19 17:37:18.918 70401 INFO tempest.lib.common.rest_client [req-b9b9fe8b-dad4-43fc-951f-424be3dfb73b req-b9b9fe8b-dad4-43fc-951f-424be3dfb73b ] Request (SecurityGroupsTestJSON:test_security_group_create_get_delete): 404 GET http://10.180.1.21/compute/v2.1/os-security-groups/850c6841-cad4-4d0b-887d-b2c73c3cec5c 0.729s
2025-05-19 17:37:19.006 70361 INFO tempest.lib.common.rest_client [req-4fbdbfd0-44d7-49b1-8e70-5397d4f64254 req-4fbdbfd0-44d7-49b1-8e70-5397d4f64254 ] Request (KeyPairsV2TestJSON:tearDownClass): 204 DELETE http://10.180.1.21/identity/v3/projects/37671d384ddb4e93b70a9129d316a29e 0.128s
2025-05-19 17:37:19.022 70369 INFO tempest.lib.common.rest_client [req-fa0f76c7-7d7e-41f9-bbf6-0cad279598a8 req-fa0f76c7-7d7e-41f9-bbf6-0cad279598a8 ] Request (ServerMetadataTestJSON:tearDownClass): 200 PUT http://10.180.1.21:9696/networking/v2.0/routers/f2ad837f-d69b-4d6c-84b1-734ab39e7049/remove_router_interface 4.093s
2025-05-19 17:37:19.079 70361 INFO tempest.lib.common.rest_client [req-5b45aaaa-8769-4fb0-bd3d-4fddf75fc9f8 req-5b45aaaa-8769-4fb0-bd3d-4fddf75fc9f8 ] Request (InstanceActionsV221TestJSON:setUpClass): 201 POST http://10.180.1.21/identity/v3/auth/tokens 0.071s
2025-05-19 17:37:19.111 70361 INFO tempest.lib.common.rest_client [req-7f4a81a1-d9f0-47e4-98b5-5f7b322ea1a5 req-7f4a81a1-d9f0-47e4-98b5-5f7b322ea1a5 ] Request (InstanceActionsV221TestJSON:setUpClass): 201 POST http://10.180.1.21/identity/v3/auth/tokens 0.029s
2025-05-19 17:37:19.137 70361 INFO tempest.lib.common.rest_client [req-4612036d-8547-416d-b286-72a870602ecc req-4612036d-8547-416d-b286-72a870602ecc ] Request (InstanceActionsV221TestJSON:setUpClass): 200 GET http://10.180.1.21/identity/v3/domains?name=Default 0.025s
2025-05-19 17:37:19.181 70361 INFO tempest.lib.common.rest_client [req-106e3067-5ec7-4304-9718-ee64a8bc3e7b req-106e3067-5ec7-4304-9718-ee64a8bc3e7b ] Request (InstanceActionsV221TestJSON:setUpClass): 201 POST http://10.180.1.21/identity/v3/projects 0.043s
2025-05-19 17:37:19.236 70365 INFO tempest.lib.common.rest_client [req-7997c526-c029-4822-b014-882b3c30bf53 req-7997c526-c029-4822-b014-882b3c30bf53 ] Request (AttachVolumeNegativeTest:setUpClass): 201 POST http://10.180.1.21:9696/networking/v2.0/networks 1.396s
2025-05-19 17:37:19.245 70361 INFO tempest.lib.common.rest_client [req-1f65e8db-115a-4109-801b-47c11934238e req-1f65e8db-115a-4109-801b-47c11934238e ] Request (InstanceActionsV221TestJSON:setUpClass): 201 POST http://10.180.1.21/identity/v3/users 0.063s
2025-05-19 17:37:19.254 70393 INFO tempest.lib.common.rest_client [req-081fd0f1-bccc-49ef-97f4-3e5216dc9985 req-081fd0f1-bccc-49ef-97f4-3e5216dc9985 ] Request (ComputeTenantNetworksTest:setUpClass): 201 POST http://10.180.1.21:9696/networking/v2.0/networks 1.390s
2025-05-19 17:37:19.254 70393 INFO tempest.lib.common.dynamic_creds [-] Created isolated network resources for: credentials: Credentials: {'domain_id': 'default', 'domain_name': 'Default', 'username': 'tempest-ComputeTenantNetworksTest-1328921821-project-member', 'project_domain_id': 'default', 'project_domain_name': 'Default', 'project_id': '07c96c0c072440539470fbd835bd3e5e', 'project_name': 'tempest-ComputeTenantNetworksTest-1328921821', 'tenant_id': '07c96c0c072440539470fbd835bd3e5e', 'tenant_name': 'tempest-ComputeTenantNetworksTest-1328921821', 'user_domain_id': 'default', 'user_domain_name': 'Default', 'user_id': '241cd6f1dfff4ffcbdfd96efdff71234', 'system': None}, Network: {'id': '0d4d0d25-d7a0-43c2-83fc-d4c249c6b59b', 'name': 'tempest-ComputeTenantNetworksTest-1559210519-network', 'tenant_id': '07c96c0c072440539470fbd835bd3e5e', 'admin_state_up': True, 'mtu': 8950, 'status': 'ACTIVE', 'subnets': [], 'shared': False, 'project_id': '07c96c0c072440539470fbd835bd3e5e', 'port_security_enabled': True, 'router:external': False, 'provider:network_type': 'vlan', 'provider:physical_network': 'default', 'provider:segmentation_id': 105, 'availability_zone_hints': [], 'availability_zones': [], 'ipv4_address_scope': None, 'ipv6_address_scope': None, 'description': '', 'tags': [], 'created_at': '2025-05-19T17:37:18Z', 'updated_at': '2025-05-19T17:37:18Z', 'revision_number': 1}, Subnet: None, Router: None
2025-05-19 17:37:19.277 70361 INFO tempest.lib.common.rest_client [req-a8152011-6ab3-4b7e-99a1-a55dfaf3c988 req-a8152011-6ab3-4b7e-99a1-a55dfaf3c988 ] Request (InstanceActionsV221TestJSON:setUpClass): 200 GET http://10.180.1.21/identity/v3/roles 0.032s
2025-05-19 17:37:19.302 70399 INFO tempest.lib.common.rest_client [req-65d558b6-8d5e-4c74-88d4-8d34f2ec49f3 req-65d558b6-8d5e-4c74-88d4-8d34f2ec49f3 ] Request (ServersTestBootFromVolume:tearDownClass): 204 DELETE http://10.180.1.21:9696/networking/v2.0/floatingips/1db298f3-f273-4a8c-8f3f-2444d813dd06 1.499s
2025-05-19 17:37:19.317 70361 INFO tempest.lib.common.rest_client [req-87ec1e45-cd47-4b25-ab0f-acb0b4de645c req-87ec1e45-cd47-4b25-ab0f-acb0b4de645c ] Request (InstanceActionsV221TestJSON:setUpClass): 204 PUT http://10.180.1.21/identity/v3/projects/0bb3d79de1a94834bfada34802cac855/users/14fb0bdb0adc46b3991308a4fd6a84d8/roles/f98af017260b4772a06a2c44e987c97c 0.039s
2025-05-19 17:37:19.317 70361 INFO tempest.lib.common.dynamic_creds [-] Dynamic test user 14fb0bdb0adc46b3991308a4fd6a84d8 is created with scope project and roles: ['member']
2025-05-19 17:37:19.317 70361 INFO tempest.lib.common.dynamic_creds [-] Acquired dynamic creds: credentials: Credentials: {'domain_id': 'default', 'domain_name': 'Default', 'username': 'tempest-InstanceActionsV221TestJSON-1292413076-project-member', 'project_domain_id': 'default', 'project_domain_name': 'Default', 'project_id': '0bb3d79de1a94834bfada34802cac855', 'project_name': 'tempest-InstanceActionsV221TestJSON-1292413076', 'tenant_id': '0bb3d79de1a94834bfada34802cac855', 'tenant_name': 'tempest-InstanceActionsV221TestJSON-1292413076', 'user_domain_id': 'default', 'user_domain_name': 'Default', 'user_id': '14fb0bdb0adc46b3991308a4fd6a84d8', 'system': None}, Network: None, Subnet: None, Router: None
2025-05-19 17:37:19.347 70393 INFO tempest.lib.common.rest_client [req-9c5fc1aa-960d-4c4d-a413-8efc4be3d6fa req-9c5fc1aa-960d-4c4d-a413-8efc4be3d6fa ] Request (ComputeTenantNetworksTest:setUpClass): 201 POST http://10.180.1.21/identity/v3/auth/tokens 0.090s
2025-05-19 17:37:19.380 70361 INFO tempest.lib.common.rest_client [req-3def0aa2-a585-4ece-b5e6-856cba6283d7 req-3def0aa2-a585-4ece-b5e6-856cba6283d7 ] Request (InstanceActionsV221TestJSON:setUpClass): 201 POST http://10.180.1.21/identity/v3/auth/tokens 0.062s
2025-05-19 17:37:19.401 70349 INFO tempest.lib.common.rest_client [req-3796457d-c99a-4cfa-8096-e14261e612a2 req-3796457d-c99a-4cfa-8096-e14261e612a2 ] Request (ServerActionsTestJSON:setUpClass): 201 POST http://10.180.1.21:9696/networking/v2.0/security-groups 0.956s
2025-05-19 17:37:19.412 70393 INFO tempest.lib.common.rest_client [req-96cffa94-8981-4761-addf-6655128638d5 req-96cffa94-8981-4761-addf-6655128638d5 ] Request (ComputeTenantNetworksTest:setUpClass): 201 POST http://10.180.1.21/identity/v3/auth/tokens 0.061s
2025-05-19 17:37:19.412 70393 INFO tempest.lib.common.fixed_network [-] (ComputeTenantNetworksTest:setUpClass) Found network {'id': '0d4d0d25-d7a0-43c2-83fc-d4c249c6b59b', 'name': 'tempest-ComputeTenantNetworksTest-1559210519-network', 'tenant_id': '07c96c0c072440539470fbd835bd3e5e', 'admin_state_up': True, 'mtu': 8950, 'status': 'ACTIVE', 'subnets': [], 'shared': False, 'project_id': '07c96c0c072440539470fbd835bd3e5e', 'port_security_enabled': True, 'router:external': False, 'provider:network_type': 'vlan', 'provider:physical_network': 'default', 'provider:segmentation_id': 105, 'availability_zone_hints': [], 'availability_zones': [], 'ipv4_address_scope': None, 'ipv6_address_scope': None, 'description': '', 'tags': [], 'created_at': '2025-05-19T17:37:18Z', 'updated_at': '2025-05-19T17:37:18Z', 'revision_number': 1} available for tenant
2025-05-19 17:37:19.668 70345 INFO tempest.lib.common.rest_client [req-c3dfb626-dbdc-4110-adbb-1324b43db346 req-c3dfb626-dbdc-4110-adbb-1324b43db346 ] Request (ImagesOneServerTestJSON:tearDownClass): 204 DELETE http://10.180.1.21:9696/networking/v2.0/subnets/efa116f6-cd28-4e05-9a79-65d88a29b426 0.849s
2025-05-19 17:37:20.072 70343 INFO tempest.lib.common.rest_client [req-5248bf35-0371-4354-9322-8fdf593a0ec1 req-5248bf35-0371-4354-9322-8fdf593a0ec1 ] Request (SecurityGroupRulesNegativeTestJSON:tearDownClass): 200 PUT http://10.180.1.21:9696/networking/v2.0/routers/5252434a-a945-4aaa-8c70-20b1d2963f70/remove_router_interface 5.057s
2025-05-19 17:37:20.096 70351 INFO tempest.lib.common.rest_client [req-e6b3ed75-dcb4-4bdb-ae60-e2723f9e37c0 req-e6b3ed75-dcb4-4bdb-ae60-e2723f9e37c0 ] Request (ServersTestMultiNic:test_verify_duplicate_network_nics): 202 POST http://10.180.1.21/compute/v2.1/servers 2.478s
2025-05-19 17:37:20.109 70353 INFO tempest.lib.common.rest_client [req-6a016ea4-455b-4b93-99e1-55abf855f82c req-6a016ea4-455b-4b93-99e1-55abf855f82c ] Request (FlavorsAdminTestJSON:test_list_public_flavor_with_other_user): 200 POST http://10.180.1.21/compute/v2.1/flavors 1.500s
2025-05-19 17:37:20.117 70391 INFO tempest.lib.common.rest_client [req-229294a6-4c03-4336-8487-39c44e6766d4 req-229294a6-4c03-4336-8487-39c44e6766d4 ] Request (FlavorsAccessNegativeTestJSON:test_flavor_non_admin_remove): 403 POST http://10.180.1.21/compute/v2.1/flavors/793099215/action 1.394s
2025-05-19 17:37:20.202 70345 INFO tempest.lib.common.rest_client [req-a0531384-92be-4ee8-a1d4-1bd333d8ec0c req-a0531384-92be-4ee8-a1d4-1bd333d8ec0c ] Request (ImagesOneServerTestJSON:tearDownClass): 204 DELETE http://10.180.1.21:9696/networking/v2.0/networks/c87cb809-bb3d-43dc-b064-e87e21efe7e8 0.534s
2025-05-19 17:37:20.223 70363 INFO tempest.lib.common.rest_client [req-b29a3d98-855b-4210-8c7f-03fcc286ab11 req-b29a3d98-855b-4210-8c7f-03fcc286ab11 ] Request (FloatingIPsTestJSON:tearDownClass): 204 DELETE http://10.180.1.21:9696/networking/v2.0/networks/1a60dfb8-a96a-4847-ae5d-191aeff4f81d 1.413s
2025-05-19 17:37:20.273 70359 INFO tempest.lib.common.rest_client [req-3cb2ef89-2996-4785-a7e2-588becc409ad req-3cb2ef89-2996-4785-a7e2-588becc409ad ] Request (MultipleCreateTestJSON:setUpClass): 201 POST http://10.180.1.21:9696/networking/v2.0/routers 4.061s
2025-05-19 17:37:20.302 70365 INFO tempest.lib.common.rest_client [req-e1748b1b-2330-4476-8d0b-a5d5c4e96052 req-e1748b1b-2330-4476-8d0b-a5d5c4e96052 ] Request (AttachVolumeNegativeTest:setUpClass): 201 POST http://10.180.1.21:9696/networking/v2.0/subnets 1.066s
2025-05-19 17:37:20.305 70345 INFO tempest.lib.common.rest_client [req-e3badfee-8f5b-4944-ad81-72d3a120e713 req-e3badfee-8f5b-4944-ad81-72d3a120e713 ] Request (ImagesOneServerTestJSON:tearDownClass): 204 DELETE http://10.180.1.21/identity/v3/users/13fe0ba5589b47bb959fe5bf613fd5a7 0.103s
2025-05-19 17:37:20.305 70345 INFO tempest.lib.common.dynamic_creds [-] Deleting project and security group for project: bf69d690c3e644bb801f0be781a07e32
2025-05-19 17:37:20.312 70349 INFO tempest.lib.common.rest_client [req-d2379baa-ac69-4276-9da2-d81824ad2656 req-d2379baa-ac69-4276-9da2-d81824ad2656 ] Request (ServerActionsTestJSON:setUpClass): 201 POST http://10.180.1.21:9696/networking/v2.0/security-group-rules 0.910s
2025-05-19 17:37:20.378 70355 INFO tempest.lib.common.rest_client [req-bbac456e-8d8c-4fc9-a665-3b1f837ff5fd req-bbac456e-8d8c-4fc9-a665-3b1f837ff5fd ] Request (QuotasAdminTestJSON:test_update_all_quota_resources_for_tenant): 200 PUT http://10.180.1.21/compute/v2.1/os-quota-sets/154c9d2d54884ed089264d99e281087b 1.562s
2025-05-19 17:37:20.388 70363 INFO tempest.lib.common.rest_client [req-c869f99e-f315-4a95-8eaa-4d130750be15 req-c869f99e-f315-4a95-8eaa-4d130750be15 ] Request (FloatingIPsTestJSON:tearDownClass): 204 DELETE http://10.180.1.21/identity/v3/users/54e6157ded6f43cbb3d457bd055f172c 0.164s
2025-05-19 17:37:20.389 70363 INFO tempest.lib.common.dynamic_creds [-] Deleting project and security group for project: 4f173c377ff94ad3ab72c6e6b778cbc8
2025-05-19 17:37:20.480 70347 INFO tempest.lib.common.rest_client [req-5462b612-8b77-4de9-ac40-2c4732b7eb19 req-5462b612-8b77-4de9-ac40-2c4732b7eb19 ] Request (ServerAddressesNegativeTestJSON:tearDownClass): 200 PUT http://10.180.1.21:9696/networking/v2.0/routers/ea7d07ec-e90e-4f4c-93bb-3a6d3d92e609/remove_router_interface 3.977s
2025-05-19 17:37:20.501 70363 INFO tempest.lib.common.rest_client [req-4eb30eff-a958-49e0-b0dd-5e4d968c49c3 req-4eb30eff-a958-49e0-b0dd-5e4d968c49c3 ] Request (FloatingIPsTestJSON:tearDownClass): 200 GET http://10.180.1.21:9696/networking/v2.0/security-groups?tenant_id=4f173c377ff94ad3ab72c6e6b778cbc8&name=default 0.112s
2025-05-19 17:37:20.637 70345 INFO tempest.lib.common.rest_client [req-f2a9f5e7-6cbb-44bb-aa44-469952a0b4fa req-f2a9f5e7-6cbb-44bb-aa44-469952a0b4fa ] Request (ImagesOneServerTestJSON:tearDownClass): 200 GET http://10.180.1.21:9696/networking/v2.0/security-groups?tenant_id=bf69d690c3e644bb801f0be781a07e32&name=default 0.331s
2025-05-19 17:37:20.744 70375 INFO tempest.lib.common.rest_client [req-c562aed3-bf45-4f69-aac6-8c402eaa9cf3 req-c562aed3-bf45-4f69-aac6-8c402eaa9cf3 ] Request (ServerDiskConfigTestJSON:test_resize_server_from_auto_to_manual): 202 POST http://10.180.1.21/compute/v2.1/servers 2.443s
2025-05-19 17:37:21.000 70401 INFO tempest.lib.common.rest_client [req-624fc572-9446-4b75-b293-738564f74f1c req-624fc572-9446-4b75-b293-738564f74f1c ] Request (SecurityGroupsTestJSON:test_security_groups_create_list_delete): 200 POST http://10.180.1.21/compute/v2.1/os-security-groups 2.081s
2025-05-19 17:37:21.013 70381 INFO tempest.lib.common.rest_client [req-837f9ce2-8e17-4bbd-a5aa-baa35689d6ab req-837f9ce2-8e17-4bbd-a5aa-baa35689d6ab ] Request (ServerGroup264TestJSON:setUpClass): 201 POST http://10.180.1.21:9696/networking/v2.0/routers 5.114s
