2025-05-19 17:36:04.684 70389 INFO tempest.lib.common.rest_client [req-f4638d36-08ab-4e6a-a95b-1aa5f08cdfe6 req-f4638d36-08ab-4e6a-a95b-1aa5f08cdfe6 ] Request (QuotasSecurityGroupAdminNegativeTest:tearDownClass): 204 DELETE http://10.180.1.21/identity/v3/users/a211b123718f48a9a890325118247ae6 0.865s
2025-05-19 17:36:04.684 70389 INFO tempest.lib.common.dynamic_creds [-] Deleting project and security group for project: 682e7b9adf1343b48c2d1fae3189d03c
2025-05-19 17:36:04.810 70345 INFO tempest.lib.common.rest_client [req-e96a0ed1-14a4-412f-89c6-8f39fbe67832 req-e96a0ed1-14a4-412f-89c6-8f39fbe67832 ] Request (FlavorsAccessTestJSON:test_flavor_access_add_remove): 200 POST http://10.180.1.21/compute/v2.1/flavors 2.033s
2025-05-19 17:36:04.820 70381 INFO tempest.lib.common.rest_client [req-1b2c6b9b-f512-4fd2-9292-78a16ca4e496 req-1b2c6b9b-f512-4fd2-9292-78a16ca4e496 ] Request (ServerDiagnosticsNegativeTest:test_get_server_diagnostics_by_non_admin): 201 POST http://10.180.1.21/identity/v3/auth/tokens 0.477s
2025-05-19 17:36:04.821 70381 INFO tempest.lib.common.fixed_network [-] (ServerDiagnosticsNegativeTest:test_get_server_diagnostics_by_non_admin) Found network None available for tenant
2025-05-19 17:36:04.844 70377 INFO tempest.lib.common.rest_client [req-b65a44c4-7115-40a2-9b45-fbd06a0fac65 req-b65a44c4-7115-40a2-9b45-fbd06a0fac65 ] Request (AttachInterfacesV270Test:setUpClass): 201 POST http://10.180.1.21/identity/v3/auth/tokens 0.351s
2025-05-19 17:36:04.858 70391 INFO tempest.lib.common.rest_client [req-14858cb1-ec57-4f50-8d01-692e6e09d1be req-14858cb1-ec57-4f50-8d01-692e6e09d1be ] Request (VolumesAssistedSnapshotsTest:setUpClass): 201 POST http://10.180.1.21/identity/v3/projects 0.474s
2025-05-19 17:36:04.911 70357 INFO tempest.lib.common.rest_client [req-a58d7008-8c51-4234-b4ee-310df2a53d34 req-a58d7008-8c51-4234-b4ee-310df2a53d34 ] Request (FlavorsV261TestJSON:tearDownClass): 204 DELETE http://10.180.1.21:9696/networking/v2.0/security-groups/3a1f9bd9-9a4b-44b5-8978-814f57da9ffd 0.253s
2025-05-19 17:36:04.912 70359 INFO tempest.lib.common.rest_client [req-df5e0de9-a915-46b6-bd86-e797b6e2f83f req-df5e0de9-a915-46b6-bd86-e797b6e2f83f ] Request (ImagesNegativeTestJSON:setUpClass): 201 POST http://10.180.1.21/identity/v3/users 0.363s
2025-05-19 17:36:04.924 70375 INFO tempest.lib.common.rest_client [req-d3d5a7db-7531-48d9-a81b-b4e2f63e7a1d req-d3d5a7db-7531-48d9-a81b-b4e2f63e7a1d ] Request (ListImageFiltersTestJSON:setUpClass): 201 POST http://10.180.1.21/identity/v3/auth/tokens 0.340s
2025-05-19 17:36:04.948 70389 INFO tempest.lib.common.rest_client [req-998bb465-836f-4795-8add-7462c1fb7718 req-998bb465-836f-4795-8add-7462c1fb7718 ] Request (QuotasSecurityGroupAdminNegativeTest:tearDownClass): 201 POST http://10.180.1.21/identity/v3/auth/tokens 0.263s
2025-05-19 17:36:04.964 70361 INFO tempest.lib.common.rest_client [req-0eef2d15-63a9-41a7-b8e1-04f1e21ca818 req-0eef2d15-63a9-41a7-b8e1-04f1e21ca818 ] Request (ImagesTestJSON:test_create_image_from_stopped_server): 201 POST http://10.180.1.21/identity/v3/auth/tokens 0.351s
2025-05-19 17:36:04.965 70361 INFO tempest.lib.common.fixed_network [-] (ImagesTestJSON:test_create_image_from_stopped_server) Found network {'id': '98b26989-b4c0-43bd-a3bf-d3ff2dc141f2', 'name': 'tempest-ImagesTestJSON-1653714325-network', 'tenant_id': '52129caa263f4175bd85fcc564b08c45', 'admin_state_up': True, 'mtu': 8950, 'status': 'ACTIVE', 'subnets': [], 'shared': False, 'project_id': '52129caa263f4175bd85fcc564b08c45', 'port_security_enabled': True, 'router:external': False, 'provider:network_type': 'vlan', 'provider:physical_network': 'default', 'provider:segmentation_id': 385, 'availability_zone_hints': [], 'availability_zones': [], 'ipv4_address_scope': None, 'ipv6_address_scope': None, 'description': '', 'tags': [], 'created_at': '2025-05-19T17:35:59Z', 'updated_at': '2025-05-19T17:35:59Z', 'revision_number': 1} available for tenant
2025-05-19 17:36:05.005 70355 INFO tempest.lib.common.rest_client [req-7c3e169c-0518-474a-923e-c69f43fa14d4 req-7c3e169c-0518-474a-923e-c69f43fa14d4 ] Request (ServersWithSpecificFlavorTestJSON:setUpClass): 201 POST http://10.180.1.21:9696/networking/v2.0/routers 0.864s
2025-05-19 17:36:05.103 70377 INFO tempest.lib.common.rest_client [req-e2a66b9a-7ae2-4311-9baf-ad2b61f3c9cd req-e2a66b9a-7ae2-4311-9baf-ad2b61f3c9cd ] Request (AttachInterfacesV270Test:setUpClass): 201 POST http://10.180.1.21/identity/v3/auth/tokens 0.256s
2025-05-19 17:36:05.121 70391 INFO tempest.lib.common.rest_client [req-ec448dc2-e660-4270-b75e-e1d92d312c08 req-ec448dc2-e660-4270-b75e-e1d92d312c08 ] Request (VolumesAssistedSnapshotsTest:setUpClass): 201 POST http://10.180.1.21/identity/v3/users 0.262s
2025-05-19 17:36:05.141 70359 INFO tempest.lib.common.rest_client [req-4ea770c0-ff8c-4961-ad4b-cd0dfc30dede req-4ea770c0-ff8c-4961-ad4b-cd0dfc30dede ] Request (ImagesNegativeTestJSON:setUpClass): 200 GET http://10.180.1.21/identity/v3/roles 0.229s
2025-05-19 17:36:05.151 70349 INFO tempest.lib.common.rest_client [req-8be746a9-d39d-4143-a7ed-7e7cb0c350bd req-8be746a9-d39d-4143-a7ed-7e7cb0c350bd ] Request (QuotasAdminTestV236:test_get_updated_quotas): 200 PUT http://10.180.1.21/compute/v2.1/os-quota-sets/8c3b59b0fc3943538a784d166125ea62 2.643s
2025-05-19 17:36:05.199 70357 INFO tempest.lib.common.rest_client [req-b358ee85-1f45-43b9-b5cd-6b37ae478af9 req-b358ee85-1f45-43b9-b5cd-6b37ae478af9 ] Request (FlavorsV261TestJSON:tearDownClass): 204 DELETE http://10.180.1.21/identity/v3/projects/dd2aac018f8941198dbe30c5a71ad55a 0.288s
2025-05-19 17:36:05.200 70357 INFO tempest.lib.common.dynamic_creds [-] Deleting project and security group for project: 25fbee6cd1654f3b851d52ab73563d14
2025-05-19 17:36:05.201 70365 INFO tempest.lib.common.rest_client [req-c420bba7-dd71-43f0-9af8-18021c3d744d req-c420bba7-dd71-43f0-9af8-18021c3d744d ] Request (ServersAdminNegativeTestJSON:setUpClass): 200 GET http://10.180.1.21/compute/v2.1/servers/0b9efbe3-5c0e-4727-a724-807802a4fba4 2.224s
2025-05-19 17:36:05.208 70375 INFO tempest.lib.common.rest_client [req-19a061cd-f4a2-4898-a525-7e5e0c87ff32 req-19a061cd-f4a2-4898-a525-7e5e0c87ff32 ] Request (ListImageFiltersTestJSON:setUpClass): 201 POST http://10.180.1.21/identity/v3/auth/tokens 0.282s
2025-05-19 17:36:05.228 70377 INFO tempest.lib.common.rest_client [req-7da2a9b9-57e8-4afc-8b6f-45365f0a091d req-7da2a9b9-57e8-4afc-8b6f-45365f0a091d ] Request (AttachInterfacesV270Test:setUpClass): 200 GET http://10.180.1.21/identity/v3/domains?name=Default 0.125s
2025-05-19 17:36:05.229 70353 INFO tempest.lib.common.rest_client [req-25e1b5e5-2c19-4609-9d3f-8fd0a51fb1d0 req-25e1b5e5-2c19-4609-9d3f-8fd0a51fb1d0 ] Request (FlavorsAdminTestJSON:_run_cleanups): 202 DELETE http://10.180.1.21/compute/v2.1/flavors/1470382109 2.183s
2025-05-19 17:36:05.252 70391 INFO tempest.lib.common.rest_client [req-121d8f8e-6cde-4451-b2fb-29868d4f5132 req-121d8f8e-6cde-4451-b2fb-29868d4f5132 ] Request (VolumesAssistedSnapshotsTest:setUpClass): 200 GET http://10.180.1.21/identity/v3/roles 0.130s
2025-05-19 17:36:05.279 70351 INFO tempest.lib.common.rest_client [req-256f6427-80b5-4e00-b256-577cacb35fe1 req-256f6427-80b5-4e00-b256-577cacb35fe1 ] Request (SecurityGroupRulesTestJSON:test_security_group_rules_create): 200 POST http://10.180.1.21/compute/v2.1/os-security-groups 2.428s
2025-05-19 17:36:05.285 70359 INFO tempest.lib.common.rest_client [req-19aac3aa-b26c-41e8-ad61-0e720f44493d req-19aac3aa-b26c-41e8-ad61-0e720f44493d ] Request (ImagesNegativeTestJSON:setUpClass): 204 PUT http://10.180.1.21/identity/v3/projects/0b393ae39aae4cc6a80f5c8c0a013471/users/73895c32cd404119be9017ad6e969251/roles/f98af017260b4772a06a2c44e987c97c 0.143s
2025-05-19 17:36:05.285 70359 INFO tempest.lib.common.dynamic_creds [-] Dynamic test user 73895c32cd404119be9017ad6e969251 is created with scope project and roles: ['member']
2025-05-19 17:36:05.286 70359 INFO tempest.lib.common.dynamic_creds [-] Acquired dynamic creds: credentials: Credentials: {'domain_id': 'default', 'domain_name': 'Default', 'username': 'tempest-ImagesNegativeTestJSON-224109966-project-member', 'project_domain_id': 'default', 'project_domain_name': 'Default', 'project_id': '0b393ae39aae4cc6a80f5c8c0a013471', 'project_name': 'tempest-ImagesNegativeTestJSON-224109966', 'tenant_id': '0b393ae39aae4cc6a80f5c8c0a013471', 'tenant_name': 'tempest-ImagesNegativeTestJSON-224109966', 'user_domain_id': 'default', 'user_domain_name': 'Default', 'user_id': '73895c32cd404119be9017ad6e969251', 'system': None}, Network: None, Subnet: None, Router: None
2025-05-19 17:36:05.337 70375 INFO tempest.lib.common.rest_client [req-bd5a852e-f498-4274-a284-6d13c62ac9e2 req-bd5a852e-f498-4274-a284-6d13c62ac9e2 ] Request (ListImageFiltersTestJSON:setUpClass): 200 GET http://10.180.1.21/identity/v3/domains?name=Default 0.128s
2025-05-19 17:36:05.354 70377 INFO tempest.lib.common.rest_client [req-74c70ae4-cb61-4ce1-a0a2-f12d6040d070 req-74c70ae4-cb61-4ce1-a0a2-f12d6040d070 ] Request (AttachInterfacesV270Test:setUpClass): 201 POST http://10.180.1.21/identity/v3/projects 0.125s
2025-05-19 17:36:05.394 70357 INFO tempest.lib.common.rest_client [req-43f9d07b-fecf-43a0-99aa-c3f5bf5331b4 req-43f9d07b-fecf-43a0-99aa-c3f5bf5331b4 ] Request (FlavorsV261TestJSON:tearDownClass): 200 GET http://10.180.1.21:9696/networking/v2.0/security-groups?tenant_id=25fbee6cd1654f3b851d52ab73563d14&name=default 0.194s
2025-05-19 17:36:05.434 70391 INFO tempest.lib.common.rest_client [req-c792bd13-92e3-431d-a6fc-852016b95bb2 req-c792bd13-92e3-431d-a6fc-852016b95bb2 ] Request (VolumesAssistedSnapshotsTest:setUpClass): 204 PUT http://10.180.1.21/identity/v3/projects/0bbb7559352f4ed38120aeb782413b2c/users/7e3e87308fa0479288005d6170264ce1/roles/90463b563a6341f98d83d64b15dcc2d3 0.182s
2025-05-19 17:36:05.456 70389 INFO tempest.lib.common.rest_client [req-ded4ada4-198e-4c79-bfd0-c9435d0f67f7 req-ded4ada4-198e-4c79-bfd0-c9435d0f67f7 ] Request (QuotasSecurityGroupAdminNegativeTest:tearDownClass): 200 GET http://10.180.1.21:9696/networking/v2.0/security-groups?tenant_id=682e7b9adf1343b48c2d1fae3189d03c&name=default 0.508s
2025-05-19 17:36:05.459 70383 INFO tempest.lib.common.rest_client [req-ce610483-0a90-4d29-a18b-0adcf8431d1d req-ce610483-0a90-4d29-a18b-0adcf8431d1d ] Request (AZAdminNegativeTestJSON:test_get_availability_zone_list_detail_with_non_admin_user): 403 GET http://10.180.1.21/compute/v2.1/os-availability-zone/detail 2.187s
2025-05-19 17:36:05.509 70359 INFO tempest.lib.common.rest_client [req-e8d189ab-ffa6-479a-980e-bc8222c024df req-e8d189ab-ffa6-479a-980e-bc8222c024df ] Request (ImagesNegativeTestJSON:setUpClass): 201 POST http://10.180.1.21/identity/v3/auth/tokens 0.222s
2025-05-19 17:36:05.533 70375 INFO tempest.lib.common.rest_client [req-0c1769dc-ba90-4bce-a8e5-eb52d02f1406 req-0c1769dc-ba90-4bce-a8e5-eb52d02f1406 ] Request (ListImageFiltersTestJSON:setUpClass): 201 POST http://10.180.1.21/identity/v3/projects 0.195s
2025-05-19 17:36:05.556 70357 INFO tempest.lib.common.rest_client [req-13b4e7d8-9e03-446f-bf40-0f9c2e1fc2d5 req-13b4e7d8-9e03-446f-bf40-0f9c2e1fc2d5 ] Request (FlavorsV261TestJSON:tearDownClass): 204 DELETE http://10.180.1.21:9696/networking/v2.0/security-groups/e25f900b-6ce4-4787-8ff0-530d1c25f291 0.162s
2025-05-19 17:36:05.562 70369 INFO tempest.lib.common.rest_client [req-f6af4479-1f84-4501-9448-3f89db61fa89 req-f6af4479-1f84-4501-9448-3f89db61fa89 ] Request (HypervisorAdminTestJSON:test_get_hypervisor_list): 200 GET http://10.180.1.21/compute/v2.1/os-hypervisors 2.066s
2025-05-19 17:36:05.581 70389 INFO tempest.lib.common.rest_client [req-92d08fd4-09e8-4643-b532-053aa77d4475 req-92d08fd4-09e8-4643-b532-053aa77d4475 ] Request (QuotasSecurityGroupAdminNegativeTest:tearDownClass): 204 DELETE http://10.180.1.21:9696/networking/v2.0/security-groups/56eedc29-ec86-4e72-81a2-00a8bde0f697 0.125s
2025-05-19 17:36:05.617 70391 INFO tempest.lib.common.rest_client [req-9d165e37-e4c4-4ece-9eb7-6ed6258e27d4 req-9d165e37-e4c4-4ece-9eb7-6ed6258e27d4 ] Request (VolumesAssistedSnapshotsTest:setUpClass): 200 GET http://10.180.1.21/identity/v3/roles 0.182s
2025-05-19 17:36:05.626 70377 INFO tempest.lib.common.rest_client [req-9053e84e-8a0e-4671-b3bc-f65f63549553 req-9053e84e-8a0e-4671-b3bc-f65f63549553 ] Request (AttachInterfacesV270Test:setUpClass): 201 POST http://10.180.1.21/identity/v3/users 0.271s
2025-05-19 17:36:05.728 70393 INFO tempest.lib.common.rest_client [req-c57a8721-b1ca-4055-ba4c-94ee4e14bd0d req-c57a8721-b1ca-4055-ba4c-94ee4e14bd0d ] Request (HostsAdminNegativeTestJSON:setUpClass): 200 GET http://10.180.1.21/compute/v2.1/os-hosts 2.091s
2025-05-19 17:36:05.730 70383 INFO tempest.lib.common.rest_client [req-1653cc41-558f-4892-81dd-c9a650408e4d req-1653cc41-558f-4892-81dd-c9a650408e4d ] Request (AZAdminNegativeTestJSON:tearDownClass): 204 DELETE http://10.180.1.21/identity/v3/users/c5819a410b3b4af3be0d91289bf74a8b 0.264s
2025-05-19 17:36:05.787 70375 INFO tempest.lib.common.rest_client [req-22621055-0b94-4758-9132-9f6ed9b9533d req-22621055-0b94-4758-9132-9f6ed9b9533d ] Request (ListImageFiltersTestJSON:setUpClass): 201 POST http://10.180.1.21/identity/v3/users 0.253s
2025-05-19 17:36:05.835 70357 INFO tempest.lib.common.rest_client [req-f2072144-2ad3-40e0-b6c7-b88697384f1b req-f2072144-2ad3-40e0-b6c7-b88697384f1b ] Request (FlavorsV261TestJSON:tearDownClass): 204 DELETE http://10.180.1.21/identity/v3/projects/25fbee6cd1654f3b851d52ab73563d14 0.278s
2025-05-19 17:36:05.839 70355 INFO tempest.lib.common.rest_client [req-4dbd4a67-0c19-4a75-9a3e-d62910cca343 req-4dbd4a67-0c19-4a75-9a3e-d62910cca343 ] Request (ServersWithSpecificFlavorTestJSON:setUpClass): 200 PUT http://10.180.1.21:9696/networking/v2.0/routers/6cf00c5c-29bd-4930-a145-09e096e12e31/add_router_interface 0.834s
2025-05-19 17:36:05.840 70355 INFO tempest.lib.common.dynamic_creds [-] Created isolated network resources for: credentials: Credentials: {'domain_id': 'default', 'domain_name': 'Default', 'username': 'tempest-ServersWithSpecificFlavorTestJSON-112502982-project-admin', 'project_domain_id': 'default', 'project_domain_name': 'Default', 'project_id': 'c0c1004fd9b843c4a8f27c1dd22ba443', 'project_name': 'tempest-ServersWithSpecificFlavorTestJSON-112502982', 'tenant_id': 'c0c1004fd9b843c4a8f27c1dd22ba443', 'tenant_name': 'tempest-ServersWithSpecificFlavorTestJSON-112502982', 'user_domain_id': 'default', 'user_domain_name': 'Default', 'user_id': '5a079f4944084267952965c6c9a7514e', 'system': None}, Network: {'id': '5a499556-d316-4108-8358-ffdcbcc2d23a', 'name': 'tempest-ServersWithSpecificFlavorTestJSON-1004137323-network', 'tenant_id': 'c0c1004fd9b843c4a8f27c1dd22ba443', 'admin_state_up': True, 'mtu': 8950, 'status': 'ACTIVE', 'subnets': [], 'shared': False, 'project_id': 'c0c1004fd9b843c4a8f27c1dd22ba443', 'port_security_enabled': True, 'router:external': False, 'provider:network_type': 'vlan', 'provider:physical_network': 'default', 'provider:segmentation_id': 985, 'availability_zone_hints': [], 'availability_zones': [], 'ipv4_address_scope': None, 'ipv6_address_scope': None, 'description': '', 'tags': [], 'created_at': '2025-05-19T17:36:03Z', 'updated_at': '2025-05-19T17:36:03Z', 'revision_number': 1}, Subnet: {'id': 'accca39d-0761-4a9d-bb68-2f9994ad04da', 'name': 'tempest-ServersWithSpecificFlavorTestJSON-1004137323-subnet', 'tenant_id': 'c0c1004fd9b843c4a8f27c1dd22ba443', 'network_id': '5a499556-d316-4108-8358-ffdcbcc2d23a', 'ip_version': 4, 'subnetpool_id': None, 'enable_dhcp': True, 'ipv6_ra_mode': None, 'ipv6_address_mode': None, 'gateway_ip': '192.168.128.1', 'cidr': '192.168.128.0/28', 'allocation_pools': [{'start': '192.168.128.2', 'end': '192.168.128.14'}], 'host_routes': [], 'dns_nameservers': [], 'description': '', 'router:external': False, 'service_types': [], 'tags': [], 'created_at': '2025-05-19T17:36:03Z', 'updated_at': '2025-05-19T17:36:03Z', 'revision_number': 0, 'project_id': 'c0c1004fd9b843c4a8f27c1dd22ba443'}, Router: {'id': '6cf00c5c-29bd-4930-a145-09e096e12e31', 'name': 'tempest-ServersWithSpecificFlavorTestJSON-1004137323-router', 'tenant_id': 'c0c1004fd9b843c4a8f27c1dd22ba443', 'admin_state_up': True, 'status': 'ACTIVE', 'external_gateway_info': {'network_id': '7d882d7a-a696-470b-a07f-214c3af755b9', 'external_fixed_ips': [{'subnet_id': '7c3da6e8-4c97-4e38-a7e4-8784dce1ee78', 'ip_address': '10.180.180.144'}], 'enable_snat': True}, 'description': '', 'availability_zones': [], 'distributed': False, 'ha': False, 'availability_zone_hints': [], 'routes': [], 'flavor_id': None, 'tags': [], 'created_at': '2025-05-19T17:36:04Z', 'updated_at': '2025-05-19T17:36:04Z', 'revision_number': 2, 'project_id': 'c0c1004fd9b843c4a8f27c1dd22ba443'}
2025-05-19 17:36:05.928 70389 INFO tempest.lib.common.rest_client [req-ab4e7716-5583-430d-99fa-9742ea9a2e34 req-ab4e7716-5583-430d-99fa-9742ea9a2e34 ] Request (QuotasSecurityGroupAdminNegativeTest:tearDownClass): 204 DELETE http://10.180.1.21/identity/v3/projects/682e7b9adf1343b48c2d1fae3189d03c 0.346s
2025-05-19 17:36:05.929 70389 INFO tempest.lib.common.dynamic_creds [-] Deleting project and security group for project: 97a381b5944143dbb3c55ff8607d78dc
2025-05-19 17:36:05.932 70395 INFO tempest.lib.common.rest_client [req-2b93ab97-a48a-4c66-84ce-2c458cd99ec9 req-2b93ab97-a48a-4c66-84ce-2c458cd99ec9 ] Request (AggregatesAdminNegativeTestJSON:setUpClass): 200 GET http://10.180.1.21/compute/v2.1/os-services?binary=nova-compute 2.200s
2025-05-19 17:36:05.963 70391 INFO tempest.lib.common.rest_client [req-80a8ba5a-9ac2-4157-8ea1-17d13135aa25 req-80a8ba5a-9ac2-4157-8ea1-17d13135aa25 ] Request (VolumesAssistedSnapshotsTest:setUpClass): 204 PUT http://10.180.1.21/identity/v3/projects/0bbb7559352f4ed38120aeb782413b2c/users/7e3e87308fa0479288005d6170264ce1/roles/90463b563a6341f98d83d64b15dcc2d3 0.345s
2025-05-19 17:36:05.963 70391 INFO tempest.lib.common.dynamic_creds [-] Dynamic test user 7e3e87308fa0479288005d6170264ce1 is created with scope project and roles: ['admin']
2025-05-19 17:36:05.963 70391 INFO tempest.lib.common.dynamic_creds [-] Acquired dynamic creds: credentials: Credentials: {'domain_id': 'default', 'domain_name': 'Default', 'username': 'tempest-VolumesAssistedSnapshotsTest-811267418-project-admin', 'project_domain_id': 'default', 'project_domain_name': 'Default', 'project_id': '0bbb7559352f4ed38120aeb782413b2c', 'project_name': 'tempest-VolumesAssistedSnapshotsTest-811267418', 'tenant_id': '0bbb7559352f4ed38120aeb782413b2c', 'tenant_name': 'tempest-VolumesAssistedSnapshotsTest-811267418', 'user_domain_id': 'default', 'user_domain_name': 'Default', 'user_id': '7e3e87308fa0479288005d6170264ce1', 'system': None}, Network: None, Subnet: None, Router: None
2025-05-19 17:36:05.963 70359 INFO tempest.lib.common.rest_client [req-34bde914-701c-456d-b9e7-4dd82dd673cd req-34bde914-701c-456d-b9e7-4dd82dd673cd ] Request (ImagesNegativeTestJSON:setUpClass): 201 POST http://10.180.1.21:9696/networking/v2.0/networks 0.454s
2025-05-19 17:36:06.023 70377 INFO tempest.lib.common.rest_client [req-53e6d9e0-787e-4bb6-8a97-75d8cd57f86a req-53e6d9e0-787e-4bb6-8a97-75d8cd57f86a ] Request (AttachInterfacesV270Test:setUpClass): 200 GET http://10.180.1.21/identity/v3/roles 0.396s
2025-05-19 17:36:06.097 70389 INFO tempest.lib.common.rest_client [req-ebf4788b-96d2-4847-a1e7-ab29626a6807 req-ebf4788b-96d2-4847-a1e7-ab29626a6807 ] Request (QuotasSecurityGroupAdminNegativeTest:tearDownClass): 200 GET http://10.180.1.21:9696/networking/v2.0/security-groups?tenant_id=97a381b5944143dbb3c55ff8607d78dc&name=default 0.167s
2025-05-19 17:36:06.120 70383 INFO tempest.lib.common.rest_client [req-dfb765b4-ef12-4fa9-9fe0-37f892e7afcf req-dfb765b4-ef12-4fa9-9fe0-37f892e7afcf ] Request (AZAdminNegativeTestJSON:tearDownClass): 204 DELETE http://10.180.1.21/identity/v3/users/4e2a7b62395c445bbb1145f1fe5fc735 0.387s
2025-05-19 17:36:06.121 70383 INFO tempest.lib.common.dynamic_creds [-] Deleting project and security group for project: 975b347b5cfe48298e13622d191175a8
2025-05-19 17:36:06.129 70375 INFO tempest.lib.common.rest_client [req-42e519ad-7928-4f44-ae6c-e32d71c5586e req-42e519ad-7928-4f44-ae6c-e32d71c5586e ] Request (ListImageFiltersTestJSON:setUpClass): 200 GET http://10.180.1.21/identity/v3/roles 0.341s
2025-05-19 17:36:06.202 70357 INFO tempest.lib.common.rest_client [req-8454bd87-fa00-4fcd-a559-99942ddeaf24 req-8454bd87-fa00-4fcd-a559-99942ddeaf24 ] Request (HypervisorAdminUnderV252Test:setUpClass): 201 POST http://10.180.1.21/identity/v3/auth/tokens 0.365s
2025-05-19 17:36:06.209 70355 INFO tempest.lib.common.rest_client [req-d8989552-fb1d-46ee-b2c5-785426502cee req-d8989552-fb1d-46ee-b2c5-785426502cee ] Request (ServersWithSpecificFlavorTestJSON:setUpClass): 201 POST http://10.180.1.21/identity/v3/auth/tokens 0.367s
2025-05-19 17:36:06.242 70377 INFO tempest.lib.common.rest_client [req-4ffee742-5200-4db9-98ca-799e6e10acf4 req-4ffee742-5200-4db9-98ca-799e6e10acf4 ] Request (AttachInterfacesV270Test:setUpClass): 204 PUT http://10.180.1.21/identity/v3/projects/1605e80077bf4d29a01f4ca1ad5880f3/users/d6d8d36205504d909a8472a4364d86c6/roles/f98af017260b4772a06a2c44e987c97c 0.218s
2025-05-19 17:36:06.242 70377 INFO tempest.lib.common.dynamic_creds [-] Dynamic test user d6d8d36205504d909a8472a4364d86c6 is created with scope project and roles: ['member']
2025-05-19 17:36:06.242 70377 INFO tempest.lib.common.dynamic_creds [-] Acquired dynamic creds: credentials: Credentials: {'domain_id': 'default', 'domain_name': 'Default', 'username': 'tempest-AttachInterfacesV270Test-34004939-project-member', 'project_domain_id': 'default', 'project_domain_name': 'Default', 'project_id': '1605e80077bf4d29a01f4ca1ad5880f3', 'project_name': 'tempest-AttachInterfacesV270Test-34004939', 'tenant_id': '1605e80077bf4d29a01f4ca1ad5880f3', 'tenant_name': 'tempest-AttachInterfacesV270Test-34004939', 'user_domain_id': 'default', 'user_domain_name': 'Default', 'user_id': 'd6d8d36205504d909a8472a4364d86c6', 'system': None}, Network: None, Subnet: None, Router: None
2025-05-19 17:36:06.251 70389 INFO tempest.lib.common.rest_client [req-229a75e7-9715-4002-a077-5a329251e27b req-229a75e7-9715-4002-a077-5a329251e27b ] Request (QuotasSecurityGroupAdminNegativeTest:tearDownClass): 204 DELETE http://10.180.1.21:9696/networking/v2.0/security-groups/0c1cee65-17eb-4195-8e26-44b06e13c68f 0.153s
2025-05-19 17:36:06.259 70359 INFO tempest.lib.common.rest_client [req-918d1ae8-9986-489f-8d7a-25646aeb603e req-918d1ae8-9986-489f-8d7a-25646aeb603e ] Request (ImagesNegativeTestJSON:setUpClass): 201 POST http://10.180.1.21:9696/networking/v2.0/subnets 0.295s
2025-05-19 17:36:06.290 70391 INFO tempest.lib.common.rest_client [req-95a09c6c-879d-4a88-b680-b4f45dbd9367 req-95a09c6c-879d-4a88-b680-b4f45dbd9367 ] Request (VolumesAssistedSnapshotsTest:setUpClass): 201 POST http://10.180.1.21:9696/networking/v2.0/networks 0.326s
2025-05-19 17:36:06.312 70383 INFO tempest.lib.common.rest_client [req-e4bf959f-fbb6-4b6f-89bb-daf89317d53b req-e4bf959f-fbb6-4b6f-89bb-daf89317d53b ] Request (AZAdminNegativeTestJSON:tearDownClass): 201 POST http://10.180.1.21/identity/v3/auth/tokens 0.190s
2025-05-19 17:36:06.350 70375 INFO tempest.lib.common.rest_client [req-31a6ee45-8509-4bc0-b244-e149d005b278 req-31a6ee45-8509-4bc0-b244-e149d005b278 ] Request (ListImageFiltersTestJSON:setUpClass): 204 PUT http://10.180.1.21/identity/v3/projects/68403c782bcb4ff389c721453caf7ada/users/6b1e54d7bd604cd5a57145fe3948454d/roles/f98af017260b4772a06a2c44e987c97c 0.221s
2025-05-19 17:36:06.351 70375 INFO tempest.lib.common.dynamic_creds [-] Dynamic test user 6b1e54d7bd604cd5a57145fe3948454d is created with scope project and roles: ['member']
2025-05-19 17:36:06.351 70375 INFO tempest.lib.common.dynamic_creds [-] Acquired dynamic creds: credentials: Credentials: {'domain_id': 'default', 'domain_name': 'Default', 'username': 'tempest-ListImageFiltersTestJSON-356568460-project-member', 'project_domain_id': 'default', 'project_domain_name': 'Default', 'project_id': '68403c782bcb4ff389c721453caf7ada', 'project_name': 'tempest-ListImageFiltersTestJSON-356568460', 'tenant_id': '68403c782bcb4ff389c721453caf7ada', 'tenant_name': 'tempest-ListImageFiltersTestJSON-356568460', 'user_domain_id': 'default', 'user_domain_name': 'Default', 'user_id': '6b1e54d7bd604cd5a57145fe3948454d', 'system': None}, Network: None, Subnet: None, Router: None
2025-05-19 17:36:06.351 70375 INFO tempest.lib.common.dynamic_creds [-] Created isolated network resources for: credentials: Credentials: {'domain_id': 'default', 'domain_name': 'Default', 'username': 'tempest-ListImageFiltersTestJSON-356568460-project-member', 'project_domain_id': 'default', 'project_domain_name': 'Default', 'project_id': '68403c782bcb4ff389c721453caf7ada', 'project_name': 'tempest-ListImageFiltersTestJSON-356568460', 'tenant_id': '68403c782bcb4ff389c721453caf7ada', 'tenant_name': 'tempest-ListImageFiltersTestJSON-356568460', 'user_domain_id': 'default', 'user_domain_name': 'Default', 'user_id': '6b1e54d7bd604cd5a57145fe3948454d', 'system': None}, Network: None, Subnet: None, Router: None
2025-05-19 17:36:06.405 70357 INFO tempest.lib.common.rest_client [req-8eace283-4063-4357-a9e9-c5550a6cfbc2 req-8eace283-4063-4357-a9e9-c5550a6cfbc2 ] Request (HypervisorAdminUnderV252Test:setUpClass): 201 POST http://10.180.1.21/identity/v3/auth/tokens 0.198s
2025-05-19 17:36:06.405 70377 INFO tempest.lib.common.rest_client [req-98f18b41-4cfc-4e40-b10a-587ae1dfd526 req-98f18b41-4cfc-4e40-b10a-587ae1dfd526 ] Request (AttachInterfacesV270Test:setUpClass): 201 POST http://10.180.1.21/identity/v3/auth/tokens 0.163s
2025-05-19 17:36:06.462 70389 INFO tempest.lib.common.rest_client [req-ff90756f-0286-41cd-af65-7f2bfadae147 req-ff90756f-0286-41cd-af65-7f2bfadae147 ] Request (QuotasSecurityGroupAdminNegativeTest:tearDownClass): 204 DELETE http://10.180.1.21/identity/v3/projects/97a381b5944143dbb3c55ff8607d78dc 0.211s
2025-05-19 17:36:06.510 70375 INFO tempest.lib.common.rest_client [req-5c018f58-aab2-41bb-af92-4a7d67cd4554 req-5c018f58-aab2-41bb-af92-4a7d67cd4554 ] Request (ListImageFiltersTestJSON:setUpClass): 201 POST http://10.180.1.21/identity/v3/auth/tokens 0.155s
2025-05-19 17:36:06.515 70357 INFO tempest.lib.common.rest_client [req-7a0c8655-98b6-4d4c-bdff-4e550589e81a req-7a0c8655-98b6-4d4c-bdff-4e550589e81a ] Request (HypervisorAdminUnderV252Test:setUpClass): 200 GET http://10.180.1.21/identity/v3/domains?name=Default 0.110s
2025-05-19 17:36:06.543 70389 INFO tempest.lib.common.rest_client [req-6cdbd49c-165c-43e0-a5c1-d3579dc6789a req-6cdbd49c-165c-43e0-a5c1-d3579dc6789a ] Request (ServersTestManualDisk:setUpClass): 201 POST http://10.180.1.21/identity/v3/auth/tokens 0.079s
2025-05-19 17:36:06.593 70357 INFO tempest.lib.common.rest_client [req-a2098e62-738a-48d3-95c6-dfca9edb5aff req-a2098e62-738a-48d3-95c6-dfca9edb5aff ] Request (HypervisorAdminUnderV252Test:setUpClass): 201 POST http://10.180.1.21/identity/v3/projects 0.078s
2025-05-19 17:36:06.647 70383 INFO tempest.lib.common.rest_client [req-e222e36a-c935-49a0-8cd9-7653264a9d72 req-e222e36a-c935-49a0-8cd9-7653264a9d72 ] Request (AZAdminNegativeTestJSON:tearDownClass): 200 GET http://10.180.1.21:9696/networking/v2.0/security-groups?tenant_id=975b347b5cfe48298e13622d191175a8&name=default 0.335s
2025-05-19 17:36:06.652 70357 INFO tempest.lib.common.rest_client [req-5c7d3e4d-a885-4a6c-866b-2e8b967759fa req-5c7d3e4d-a885-4a6c-866b-2e8b967759fa ] Request (HypervisorAdminUnderV252Test:setUpClass): 201 POST http://10.180.1.21/identity/v3/users 0.058s
2025-05-19 17:36:06.664 70389 INFO tempest.lib.common.rest_client [req-c6263901-6926-41ea-8947-c5aabe45b61a req-c6263901-6926-41ea-8947-c5aabe45b61a ] Request (ServersTestManualDisk:setUpClass): 201 POST http://10.180.1.21/identity/v3/auth/tokens 0.118s
2025-05-19 17:36:06.683 70357 INFO tempest.lib.common.rest_client [req-8f16f74a-53b4-4d98-9e08-540c492c49b9 req-8f16f74a-53b4-4d98-9e08-540c492c49b9 ] Request (HypervisorAdminUnderV252Test:setUpClass): 200 GET http://10.180.1.21/identity/v3/roles 0.029s
2025-05-19 17:36:06.703 70389 INFO tempest.lib.common.rest_client [req-b1d2c87d-fbeb-4875-915e-c72db6c32dbf req-b1d2c87d-fbeb-4875-915e-c72db6c32dbf ] Request (ServersTestManualDisk:setUpClass): 200 GET http://10.180.1.21/identity/v3/domains?name=Default 0.038s
2025-05-19 17:36:06.733 70357 INFO tempest.lib.common.rest_client [req-b7580813-9c19-4029-be55-fe88ad5ba063 req-b7580813-9c19-4029-be55-fe88ad5ba063 ] Request (HypervisorAdminUnderV252Test:setUpClass): 204 PUT http://10.180.1.21/identity/v3/projects/b31f437a85eb4974a101edd033236c24/users/2d5de2cfc200461485f775e685f454cd/roles/f98af017260b4772a06a2c44e987c97c 0.050s
2025-05-19 17:36:06.734 70357 INFO tempest.lib.common.dynamic_creds [-] Dynamic test user 2d5de2cfc200461485f775e685f454cd is created with scope project and roles: ['member']
2025-05-19 17:36:06.734 70357 INFO tempest.lib.common.dynamic_creds [-] Acquired dynamic creds: credentials: Credentials: {'domain_id': 'default', 'domain_name': 'Default', 'username': 'tempest-HypervisorAdminUnderV252Test-987116980-project-member', 'project_domain_id': 'default', 'project_domain_name': 'Default', 'project_id': 'b31f437a85eb4974a101edd033236c24', 'project_name': 'tempest-HypervisorAdminUnderV252Test-987116980', 'tenant_id': 'b31f437a85eb4974a101edd033236c24', 'tenant_name': 'tempest-HypervisorAdminUnderV252Test-987116980', 'user_domain_id': 'default', 'user_domain_name': 'Default', 'user_id': '2d5de2cfc200461485f775e685f454cd', 'system': None}, Network: None, Subnet: None, Router: None
2025-05-19 17:36:06.734 70357 INFO tempest.lib.common.dynamic_creds [-] Created isolated network resources for: credentials: Credentials: {'domain_id': 'default', 'domain_name': 'Default', 'username': 'tempest-HypervisorAdminUnderV252Test-987116980-project-member', 'project_domain_id': 'default', 'project_domain_name': 'Default', 'project_id': 'b31f437a85eb4974a101edd033236c24', 'project_name': 'tempest-HypervisorAdminUnderV252Test-987116980', 'tenant_id': 'b31f437a85eb4974a101edd033236c24', 'tenant_name': 'tempest-HypervisorAdminUnderV252Test-987116980', 'user_domain_id': 'default', 'user_domain_name': 'Default', 'user_id': '2d5de2cfc200461485f775e685f454cd', 'system': None}, Network: None, Subnet: None, Router: None
2025-05-19 17:36:06.751 70391 INFO tempest.lib.common.rest_client [req-00c235a5-3d8d-45a9-99f7-815ef80c502f req-00c235a5-3d8d-45a9-99f7-815ef80c502f ] Request (VolumesAssistedSnapshotsTest:setUpClass): 201 POST http://10.180.1.21:9696/networking/v2.0/subnets 0.460s
2025-05-19 17:36:06.777 70403 INFO tempest.lib.common.rest_client [req-61f25258-91f4-46ad-a867-94340511d55a req-61f25258-91f4-46ad-a867-94340511d55a ] Request (SecurityGroupsTestAdminJSON:test_list_security_groups_list_all_tenants_filter): 200 POST http://10.180.1.21/compute/v2.1/os-security-groups 2.883s
2025-05-19 17:36:06.795 70389 INFO tempest.lib.common.rest_client [req-02c135f7-e3ff-4241-99fd-3b13f1cd66d1 req-02c135f7-e3ff-4241-99fd-3b13f1cd66d1 ] Request (ServersTestManualDisk:setUpClass): 201 POST http://10.180.1.21/identity/v3/projects 0.091s
2025-05-19 17:36:06.852 70383 INFO tempest.lib.common.rest_client [req-6ed141b9-33cf-4e9a-b4f9-1612064b4f94 req-6ed141b9-33cf-4e9a-b4f9-1612064b4f94 ] Request (AZAdminNegativeTestJSON:tearDownClass): 204 DELETE http://10.180.1.21:9696/networking/v2.0/security-groups/12f17d13-0f82-4a4c-ada0-6b7d031f08c9 0.205s
2025-05-19 17:36:06.874 70357 INFO tempest.lib.common.rest_client [req-5cd28a99-e8a7-4277-8009-708b5d76971a req-5cd28a99-e8a7-4277-8009-708b5d76971a ] Request (HypervisorAdminUnderV252Test:setUpClass): 201 POST http://10.180.1.21/identity/v3/auth/tokens 0.134s
2025-05-19 17:36:06.904 70363 INFO tempest.lib.common.rest_client [req-9c368776-9c9b-4e23-a0a9-46771c4f06a8 req-9c368776-9c9b-4e23-a0a9-46771c4f06a8 ] Request (HypervisorAdminNegativeTestJSON:test_get_hypervisor_list_details_with_non_admin_user): 403 GET http://10.180.1.21/compute/v2.1/os-hypervisors/detail 2.931s
2025-05-19 17:36:06.952 70389 INFO tempest.lib.common.rest_client [req-5c3df7c3-eea8-418e-827d-ab25e0cafe64 req-5c3df7c3-eea8-418e-827d-ab25e0cafe64 ] Request (ServersTestManualDisk:setUpClass): 201 POST http://10.180.1.21/identity/v3/users 0.156s
2025-05-19 17:36:06.980 70357 INFO tempest.lib.common.rest_client [req-75aa1416-506e-487b-91db-27266f9f8f9f req-75aa1416-506e-487b-91db-27266f9f8f9f ] Request (HypervisorAdminUnderV252Test:setUpClass): 201 POST http://10.180.1.21/identity/v3/projects 0.105s
2025-05-19 17:36:07.006 70383 INFO tempest.lib.common.rest_client [req-1b7ddf7d-c1d6-4cf9-a155-91c932dfde48 req-1b7ddf7d-c1d6-4cf9-a155-91c932dfde48 ] Request (AZAdminNegativeTestJSON:tearDownClass): 204 DELETE http://10.180.1.21/identity/v3/projects/975b347b5cfe48298e13622d191175a8 0.153s
2025-05-19 17:36:07.006 70383 INFO tempest.lib.common.dynamic_creds [-] Deleting project and security group for project: a022ebbcadcf458dacf8ebce7320a9f9
2025-05-19 17:36:07.056 70389 INFO tempest.lib.common.rest_client [req-ca119760-97b2-44fa-8959-c6e69e0cb02c req-ca119760-97b2-44fa-8959-c6e69e0cb02c ] Request (ServersTestManualDisk:setUpClass): 200 GET http://10.180.1.21/identity/v3/roles 0.104s
2025-05-19 17:36:07.069 70367 INFO tempest.lib.common.rest_client [req-957f6c40-5202-4f02-9517-6fefb134b3d2 req-957f6c40-5202-4f02-9517-6fefb134b3d2 ] Request (FloatingIPDetailsTestJSON:setUpClass): 200 POST http://10.180.1.21/compute/v2.1/os-floating-ips 3.267s
2025-05-19 17:36:07.079 70357 INFO tempest.lib.common.rest_client [req-9b4b3d1f-3b3a-4710-b26b-3bca70dcb6ab req-9b4b3d1f-3b3a-4710-b26b-3bca70dcb6ab ] Request (HypervisorAdminUnderV252Test:setUpClass): 201 POST http://10.180.1.21/identity/v3/users 0.098s
2025-05-19 17:36:07.097 70389 INFO tempest.lib.common.rest_client [req-765e04d1-9ee7-43d3-a1d5-e49fb66c19cf req-765e04d1-9ee7-43d3-a1d5-e49fb66c19cf ] Request (ServersTestManualDisk:setUpClass): 204 PUT http://10.180.1.21/identity/v3/projects/54705dc8ac00449c8dd711a4a3d4954b/users/446d1fdc6f9c4eb896a68946c785d871/roles/f98af017260b4772a06a2c44e987c97c 0.039s
2025-05-19 17:36:07.097 70389 INFO tempest.lib.common.dynamic_creds [-] Dynamic test user 446d1fdc6f9c4eb896a68946c785d871 is created with scope project and roles: ['member']
2025-05-19 17:36:07.097 70389 INFO tempest.lib.common.dynamic_creds [-] Acquired dynamic creds: credentials: Credentials: {'domain_id': 'default', 'domain_name': 'Default', 'username': 'tempest-ServersTestManualDisk-303144236-project-member', 'project_domain_id': 'default', 'project_domain_name': 'Default', 'project_id': '54705dc8ac00449c8dd711a4a3d4954b', 'project_name': 'tempest-ServersTestManualDisk-303144236', 'tenant_id': '54705dc8ac00449c8dd711a4a3d4954b', 'tenant_name': 'tempest-ServersTestManualDisk-303144236', 'user_domain_id': 'default', 'user_domain_name': 'Default', 'user_id': '446d1fdc6f9c4eb896a68946c785d871', 'system': None}, Network: None, Subnet: None, Router: None
2025-05-19 17:36:07.104 70375 INFO tempest.lib.common.rest_client [req-fc17f677-5293-4e31-9620-7410f9a9a273 req-fc17f677-5293-4e31-9620-7410f9a9a273 ] Request (ListImageFiltersTestJSON:setUpClass): 201 POST http://10.180.1.21/image/v2/images 0.592s
2025-05-19 17:36:07.140 70377 INFO tempest.lib.common.rest_client [req-1ae2e408-4488-4f03-ad21-1ac05fd9766b req-1ae2e408-4488-4f03-ad21-1ac05fd9766b ] Request (AttachInterfacesV270Test:setUpClass): 201 POST http://10.180.1.21:9696/networking/v2.0/networks 0.734s
2025-05-19 17:36:07.208 70373 INFO tempest.lib.common.rest_client [req-0299b20e-8419-4fd4-904a-8bfc12b68488 req-0299b20e-8419-4fd4-904a-8bfc12b68488 ] Request (HypervisorAdminNegativeUnderV252Test:test_search_hypervisor_with_non_admin_user): 403 GET http://10.180.1.21/compute/v2.1/os-hypervisors/domain-c8.fc996f14-c53b-4953-92e3-bdfa48f5cc28/search 3.172s
2025-05-19 17:36:07.249 70357 INFO tempest.lib.common.rest_client [req-05fa4ec4-acbc-431e-88d9-fbe6b0f3c6d2 req-05fa4ec4-acbc-431e-88d9-fbe6b0f3c6d2 ] Request (HypervisorAdminUnderV252Test:setUpClass): 200 GET http://10.180.1.21/identity/v3/roles 0.169s
2025-05-19 17:36:07.253 70389 INFO tempest.lib.common.rest_client [req-3b4e827e-28f2-456c-93d7-7b4e92f2cf9a req-3b4e827e-28f2-456c-93d7-7b4e92f2cf9a ] Request (ServersTestManualDisk:setUpClass): 201 POST http://10.180.1.21/identity/v3/auth/tokens 0.155s
2025-05-19 17:36:07.278 70357 INFO tempest.lib.common.rest_client [req-7b859e07-dd1f-475b-b72e-ecd350efdf70 req-7b859e07-dd1f-475b-b72e-ecd350efdf70 ] Request (HypervisorAdminUnderV252Test:setUpClass): 204 PUT http://10.180.1.21/identity/v3/projects/30aa2f55c15a4410ac1c37737d4d88ce/users/2cebc75d7bc940dbae14922d51112a3e/roles/90463b563a6341f98d83d64b15dcc2d3 0.028s
2025-05-19 17:36:07.286 70383 INFO tempest.lib.common.rest_client [req-414c487e-347e-4710-9f69-cfbdb8b36d2e req-414c487e-347e-4710-9f69-cfbdb8b36d2e ] Request (AZAdminNegativeTestJSON:tearDownClass): 200 GET http://10.180.1.21:9696/networking/v2.0/security-groups?tenant_id=a022ebbcadcf458dacf8ebce7320a9f9&name=default 0.280s
2025-05-19 17:36:07.348 70357 INFO tempest.lib.common.rest_client [req-b5488ff4-0c76-40ed-9b6e-710ee4ffc4c2 req-b5488ff4-0c76-40ed-9b6e-710ee4ffc4c2 ] Request (HypervisorAdminUnderV252Test:setUpClass): 200 GET http://10.180.1.21/identity/v3/roles 0.070s
2025-05-19 17:36:07.369 70357 INFO tempest.lib.common.rest_client [req-011de289-9d54-477a-b397-fcbb4b8c2b46 req-011de289-9d54-477a-b397-fcbb4b8c2b46 ] Request (HypervisorAdminUnderV252Test:setUpClass): 204 PUT http://10.180.1.21/identity/v3/projects/30aa2f55c15a4410ac1c37737d4d88ce/users/2cebc75d7bc940dbae14922d51112a3e/roles/90463b563a6341f98d83d64b15dcc2d3 0.020s
2025-05-19 17:36:07.370 70357 INFO tempest.lib.common.dynamic_creds [-] Dynamic test user 2cebc75d7bc940dbae14922d51112a3e is created with scope project and roles: ['admin']
2025-05-19 17:36:07.370 70357 INFO tempest.lib.common.dynamic_creds [-] Acquired dynamic creds: credentials: Credentials: {'domain_id': 'default', 'domain_name': 'Default', 'username': 'tempest-HypervisorAdminUnderV252Test-2115753508-project-admin', 'project_domain_id': 'default', 'project_domain_name': 'Default', 'project_id': '30aa2f55c15a4410ac1c37737d4d88ce', 'project_name': 'tempest-HypervisorAdminUnderV252Test-2115753508', 'tenant_id': '30aa2f55c15a4410ac1c37737d4d88ce', 'tenant_name': 'tempest-HypervisorAdminUnderV252Test-2115753508', 'user_domain_id': 'default', 'user_domain_name': 'Default', 'user_id': '2cebc75d7bc940dbae14922d51112a3e', 'system': None}, Network: None, Subnet: None, Router: None
2025-05-19 17:36:07.370 70357 INFO tempest.lib.common.dynamic_creds [-] Created isolated network resources for: credentials: Credentials: {'domain_id': 'default', 'domain_name': 'Default', 'username': 'tempest-HypervisorAdminUnderV252Test-2115753508-project-admin', 'project_domain_id': 'default', 'project_domain_name': 'Default', 'project_id': '30aa2f55c15a4410ac1c37737d4d88ce', 'project_name': 'tempest-HypervisorAdminUnderV252Test-2115753508', 'tenant_id': '30aa2f55c15a4410ac1c37737d4d88ce', 'tenant_name': 'tempest-HypervisorAdminUnderV252Test-2115753508', 'user_domain_id': 'default', 'user_domain_name': 'Default', 'user_id': '2cebc75d7bc940dbae14922d51112a3e', 'system': None}, Network: None, Subnet: None, Router: None
2025-05-19 17:36:07.417 70387 INFO tempest.lib.common.rest_client [req-01695067-9196-4807-89ef-044935f22ce4 req-01695067-9196-4807-89ef-044935f22ce4 ] Request (NetworksTest:test_get_network): 200 GET http://10.180.1.21/compute/v2.1/os-networks 3.370s
2025-05-19 17:36:07.443 70357 INFO tempest.lib.common.rest_client [req-877c36d9-5aad-49a7-915f-8da012c0a739 req-877c36d9-5aad-49a7-915f-8da012c0a739 ] Request (HypervisorAdminUnderV252Test:setUpClass): 201 POST http://10.180.1.21/identity/v3/auth/tokens 0.070s
2025-05-19 17:36:07.469 70359 INFO tempest.lib.common.rest_client [req-5e4eda32-3440-4a3b-a7f7-dcf728478a5a req-5e4eda32-3440-4a3b-a7f7-dcf728478a5a ] Request (ImagesNegativeTestJSON:setUpClass): 201 POST http://10.180.1.21:9696/networking/v2.0/routers 1.209s
2025-05-19 17:36:07.473 70397 INFO tempest.lib.common.rest_client [req-ee68ab9a-0a39-4d13-8ec7-9440b6d767b3 req-ee68ab9a-0a39-4d13-8ec7-9440b6d767b3 ] Request (QuotasAdminNegativeTest:test_create_server_when_cpu_quota_is_full): 200 GET http://10.180.1.21/compute/v2.1/os-quota-sets/cd8e3d1ea1634e598d84c4579f9dec45 3.364s
2025-05-19 17:36:07.540 70343 INFO tempest.lib.common.rest_client [req-e8b93919-9bfb-4489-8703-70fd1ec8a59d req-e8b93919-9bfb-4489-8703-70fd1ec8a59d ] Request (ServerExternalEventsTest:test_create_server_external_events): 200 GET http://10.180.1.21/compute/v2.1/servers/f42abc43-8ae2-42f5-903a-28ee69990677 3.391s
2025-05-19 17:36:07.548 70343 INFO tempest.common.waiters [-] State transition "BUILD/scheduling" ==> "ERROR/None" after 4 second wait
2025-05-19 17:36:07.554 70383 INFO tempest.lib.common.rest_client [req-efc75d3e-0ea8-493c-a11d-b04d00a24e40 req-efc75d3e-0ea8-493c-a11d-b04d00a24e40 ] Request (AZAdminNegativeTestJSON:tearDownClass): 204 DELETE http://10.180.1.21:9696/networking/v2.0/security-groups/8f05bd51-0710-4fe5-8474-95f017ebe4a6 0.267s
2025-05-19 17:36:07.594 70379 INFO tempest.lib.common.rest_client [req-99d10533-c6ec-41b1-a20b-88e527e771c5 req-99d10533-c6ec-41b1-a20b-88e527e771c5 ] Request (FlavorsExtraSpecsNegativeTestJSON:setUpClass): 200 POST http://10.180.1.21/compute/v2.1/flavors 3.426s
2025-05-19 17:36:07.631 70399 INFO tempest.lib.common.rest_client [req-64b86484-db81-46e1-b699-7a36b62dc3be req-64b86484-db81-46e1-b699-7a36b62dc3be ] Request (HypervisorAdminV228Test:test_get_list_hypervisor_details): 200 GET http://10.180.1.21/compute/v2.1/os-hypervisors 3.435s
2025-05-19 17:36:07.654 70377 INFO tempest.lib.common.rest_client [req-e9af6dee-ea21-4a67-b65d-e7ad4203d0da req-e9af6dee-ea21-4a67-b65d-e7ad4203d0da ] Request (AttachInterfacesV270Test:setUpClass): 201 POST http://10.180.1.21:9696/networking/v2.0/subnets 0.513s
2025-05-19 17:36:07.670 70383 INFO tempest.lib.common.rest_client [req-a3ae1f13-48b9-4d91-acce-241ca6d68d07 req-a3ae1f13-48b9-4d91-acce-241ca6d68d07 ] Request (AZAdminNegativeTestJSON:tearDownClass): 204 DELETE http://10.180.1.21/identity/v3/projects/a022ebbcadcf458dacf8ebce7320a9f9 0.116s
2025-05-19 17:36:07.677 70371 INFO tempest.lib.common.rest_client [req-75a7f05e-a3a5-4607-8bce-487303173157 req-75a7f05e-a3a5-4607-8bce-487303173157 ] Request (FlavorsV255TestJSON:test_crud_flavor): 200 POST http://10.180.1.21/compute/v2.1/flavors 3.429s
2025-05-19 17:36:07.726 70383 INFO tempest.lib.common.rest_client [req-5a09621e-de6c-4460-b848-2e6617d96545 req-5a09621e-de6c-4460-b848-2e6617d96545 ] Request (ServerDiagnosticsTest:setUpClass): 201 POST http://10.180.1.21/identity/v3/auth/tokens 0.054s
2025-05-19 17:36:07.750 70406 INFO tempest.lib.common.rest_client [req-d74d295d-975c-4403-b11f-7c680db24973 req-d74d295d-975c-4403-b11f-7c680db24973 ] Request (FlavorsExtraSpecsTestJSON:setUpClass): 200 POST http://10.180.1.21/compute/v2.1/flavors 3.438s
2025-05-19 17:36:07.758 70383 INFO tempest.lib.common.rest_client [req-e8d8dc78-5d50-43e5-82f4-399de5dc3aa0 req-e8d8dc78-5d50-43e5-82f4-399de5dc3aa0 ] Request (ServerDiagnosticsTest:setUpClass): 201 POST http://10.180.1.21/identity/v3/auth/tokens 0.028s
2025-05-19 17:36:07.785 70389 INFO tempest.lib.common.rest_client [req-3bb38320-bda8-427a-9864-9f1e384b4682 req-3bb38320-bda8-427a-9864-9f1e384b4682 ] Request (ServersTestManualDisk:setUpClass): 201 POST http://10.180.1.21:9696/networking/v2.0/networks 0.532s
2025-05-19 17:36:07.807 70383 INFO tempest.lib.common.rest_client [req-b3a9b760-30fa-40ad-8d1e-0f0b6087dca3 req-b3a9b760-30fa-40ad-8d1e-0f0b6087dca3 ] Request (ServerDiagnosticsTest:setUpClass): 200 GET http://10.180.1.21/identity/v3/domains?name=Default 0.048s
2025-05-19 17:36:07.817 70401 INFO tempest.lib.common.rest_client [req-12d40fcb-52d9-435b-809f-b870e70c404a req-12d40fcb-52d9-435b-809f-b870e70c404a ] Request (AZAdminV2TestJSON:test_get_availability_zone_list): 200 GET http://10.180.1.21/compute/v2.1/os-availability-zone 3.406s
2025-05-19 17:36:07.843 70383 INFO tempest.lib.common.rest_client [req-a52401b8-b73b-4260-9842-0af48854b332 req-a52401b8-b73b-4260-9842-0af48854b332 ] Request (ServerDiagnosticsTest:setUpClass): 201 POST http://10.180.1.21/identity/v3/projects 0.035s
2025-05-19 17:36:07.909 70383 INFO tempest.lib.common.rest_client [req-7a65fe08-d905-4dba-877d-61f24536d4d1 req-7a65fe08-d905-4dba-877d-61f24536d4d1 ] Request (ServerDiagnosticsTest:setUpClass): 201 POST http://10.180.1.21/identity/v3/users 0.065s
2025-05-19 17:36:07.930 70383 INFO tempest.lib.common.rest_client [req-79f8cf46-b962-43ee-a0c8-c3ae009b6fa0 req-79f8cf46-b962-43ee-a0c8-c3ae009b6fa0 ] Request (ServerDiagnosticsTest:setUpClass): 200 GET http://10.180.1.21/identity/v3/roles 0.021s
2025-05-19 17:36:07.958 70345 INFO tempest.lib.common.rest_client [req-b537bbfd-e727-4e22-84e9-164128a9ced7 req-b537bbfd-e727-4e22-84e9-164128a9ced7 ] Request (FlavorsAccessTestJSON:test_flavor_access_add_remove): 200 POST http://10.180.1.21/compute/v2.1/flavors/1067525403/action 3.145s
2025-05-19 17:36:07.962 70383 INFO tempest.lib.common.rest_client [req-2eb83b3d-ada9-4a47-8f17-e20e9ca2be02 req-2eb83b3d-ada9-4a47-8f17-e20e9ca2be02 ] Request (ServerDiagnosticsTest:setUpClass): 204 PUT http://10.180.1.21/identity/v3/projects/03741de457af4567b0ea0be509aff45a/users/2e00b6ae677144989aa6e0bc9b72775f/roles/f98af017260b4772a06a2c44e987c97c 0.031s
2025-05-19 17:36:07.962 70383 INFO tempest.lib.common.dynamic_creds [-] Dynamic test user 2e00b6ae677144989aa6e0bc9b72775f is created with scope project and roles: ['member']
2025-05-19 17:36:07.962 70383 INFO tempest.lib.common.dynamic_creds [-] Acquired dynamic creds: credentials: Credentials: {'domain_id': 'default', 'domain_name': 'Default', 'username': 'tempest-ServerDiagnosticsTest-2076148895-project-member', 'project_domain_id': 'default', 'project_domain_name': 'Default', 'project_id': '03741de457af4567b0ea0be509aff45a', 'project_name': 'tempest-ServerDiagnosticsTest-2076148895', 'tenant_id': '03741de457af4567b0ea0be509aff45a', 'tenant_name': 'tempest-ServerDiagnosticsTest-2076148895', 'user_domain_id': 'default', 'user_domain_name': 'Default', 'user_id': '2e00b6ae677144989aa6e0bc9b72775f', 'system': None}, Network: None, Subnet: None, Router: None
2025-05-19 17:36:07.962 70383 INFO tempest.lib.common.dynamic_creds [-] Created isolated network resources for: credentials: Credentials: {'domain_id': 'default', 'domain_name': 'Default', 'username': 'tempest-ServerDiagnosticsTest-2076148895-project-member', 'project_domain_id': 'default', 'project_domain_name': 'Default', 'project_id': '03741de457af4567b0ea0be509aff45a', 'project_name': 'tempest-ServerDiagnosticsTest-2076148895', 'tenant_id': '03741de457af4567b0ea0be509aff45a', 'tenant_name': 'tempest-ServerDiagnosticsTest-2076148895', 'user_domain_id': 'default', 'user_domain_name': 'Default', 'user_id': '2e00b6ae677144989aa6e0bc9b72775f', 'system': None}, Network: None, Subnet: None, Router: None
2025-05-19 17:36:08.050 70383 INFO tempest.lib.common.rest_client [req-059cc612-1ecc-4abe-bf3b-4fae0ae35f2c req-059cc612-1ecc-4abe-bf3b-4fae0ae35f2c ] Request (ServerDiagnosticsTest:setUpClass): 201 POST http://10.180.1.21/identity/v3/auth/tokens 0.085s
2025-05-19 17:36:08.121 70383 INFO tempest.lib.common.rest_client [req-ce4693a1-39c9-4e64-a79e-f5aaf0e45323 req-ce4693a1-39c9-4e64-a79e-f5aaf0e45323 ] Request (ServerDiagnosticsTest:setUpClass): 201 POST http://10.180.1.21/identity/v3/projects 0.071s
2025-05-19 17:36:08.152 70389 INFO tempest.lib.common.rest_client [req-328fd642-3ba1-45b9-91a9-9d11fd3925b9 req-328fd642-3ba1-45b9-91a9-9d11fd3925b9 ] Request (ServersTestManualDisk:setUpClass): 201 POST http://10.180.1.21:9696/networking/v2.0/subnets 0.367s
2025-05-19 17:36:08.188 70383 INFO tempest.lib.common.rest_client [req-5dc04cd9-c81d-49d5-8483-f77c0ae9eea2 req-5dc04cd9-c81d-49d5-8483-f77c0ae9eea2 ] Request (ServerDiagnosticsTest:setUpClass): 201 POST http://10.180.1.21/identity/v3/users 0.066s
2025-05-19 17:36:08.207 70383 INFO tempest.lib.common.rest_client [req-271b1f42-3126-4164-9ddd-538fa3072fbc req-271b1f42-3126-4164-9ddd-538fa3072fbc ] Request (ServerDiagnosticsTest:setUpClass): 200 GET http://10.180.1.21/identity/v3/roles 0.019s
2025-05-19 17:36:08.219 70391 INFO tempest.lib.common.rest_client [req-c5f6d8be-41fc-43f5-adf9-082be57dfb64 req-c5f6d8be-41fc-43f5-adf9-082be57dfb64 ] Request (VolumesAssistedSnapshotsTest:setUpClass): 201 POST http://10.180.1.21:9696/networking/v2.0/routers 1.467s
2025-05-19 17:36:08.227 70385 INFO tempest.lib.common.rest_client [req-c51b6f87-fd6c-4817-95ad-2c212bf022e0 req-c51b6f87-fd6c-4817-95ad-2c212bf022e0 ] Request (DeleteServersAdminTestJSON:test_admin_delete_servers_of_others): 202 POST http://10.180.1.21/compute/v2.1/servers 3.561s
2025-05-19 17:36:08.242 70383 INFO tempest.lib.common.rest_client [req-2b45fbfa-7ccd-41b4-9251-bc6ef7462abb req-2b45fbfa-7ccd-41b4-9251-bc6ef7462abb ] Request (ServerDiagnosticsTest:setUpClass): 204 PUT http://10.180.1.21/identity/v3/projects/d7d43b8a63204e71b3f22e8facb3131f/users/2fbc3614c0d44c7fb7dabb5717cfc374/roles/90463b563a6341f98d83d64b15dcc2d3 0.034s
2025-05-19 17:36:08.334 70383 INFO tempest.lib.common.rest_client [req-43d70f78-841e-451a-a6f8-e59b84d36810 req-43d70f78-841e-451a-a6f8-e59b84d36810 ] Request (ServerDiagnosticsTest:setUpClass): 200 GET http://10.180.1.21/identity/v3/roles 0.092s
2025-05-19 17:36:08.360 70383 INFO tempest.lib.common.rest_client [req-609f9ee4-00de-4950-8f97-ee4270747177 req-609f9ee4-00de-4950-8f97-ee4270747177 ] Request (ServerDiagnosticsTest:setUpClass): 204 PUT http://10.180.1.21/identity/v3/projects/d7d43b8a63204e71b3f22e8facb3131f/users/2fbc3614c0d44c7fb7dabb5717cfc374/roles/90463b563a6341f98d83d64b15dcc2d3 0.025s
2025-05-19 17:36:08.360 70383 INFO tempest.lib.common.dynamic_creds [-] Dynamic test user 2fbc3614c0d44c7fb7dabb5717cfc374 is created with scope project and roles: ['admin']
