2025-05-19 17:36:48.516 70361 INFO tempest.lib.common.rest_client [req-72b05f75-4de4-4dec-b931-c74cc76c7ca6 req-72b05f75-4de4-4dec-b931-c74cc76c7ca6 ] Request (ImagesTestJSON:test_delete_saving_image): 404 GET http://10.180.1.21/compute/v2.1/servers/3ce227c1-f3c0-421a-8e6b-284e55eaa804 1.942s
2025-05-19 17:36:48.571 70375 INFO tempest.lib.common.rest_client [req-c30d758e-a294-4942-ba56-08775beb1972 req-c30d758e-a294-4942-ba56-08775beb1972 ] Request (ServerDiskConfigTestJSON:setUpClass): 201 POST http://10.180.1.21/identity/v3/auth/tokens 0.074s
2025-05-19 17:36:48.584 70399 INFO tempest.lib.common.rest_client [req-9ce85259-ba41-467e-a726-983c62016c52 req-9ce85259-ba41-467e-a726-983c62016c52 ] Request (ServersTestBootFromVolume:setUpClass): 201 POST http://10.180.1.21:9696/networking/v2.0/security-group-rules 0.285s
2025-05-19 17:36:48.687 70401 INFO tempest.lib.common.rest_client [req-37e96d19-3bfd-4c63-b0e4-6d05eb3e3308 req-37e96d19-3bfd-4c63-b0e4-6d05eb3e3308 ] Request (ImagesOneServerNegativeTestJSON:tearDownClass): 204 DELETE http://10.180.1.21:9696/networking/v2.0/networks/793dde62-b0a6-4f1f-a247-68960913c27c 1.969s
2025-05-19 17:36:48.776 70401 INFO tempest.lib.common.rest_client [req-73068ae8-5a2c-4eb2-811b-d3cb5364e87e req-73068ae8-5a2c-4eb2-811b-d3cb5364e87e ] Request (ImagesOneServerNegativeTestJSON:tearDownClass): 204 DELETE http://10.180.1.21/identity/v3/users/7215c32989f2427a8d305c34dabcc75b 0.089s
2025-05-19 17:36:48.776 70401 INFO tempest.lib.common.dynamic_creds [-] Deleting project and security group for project: f4d99de4a72f4cc6aa5452c420755922
2025-05-19 17:36:48.805 70369 INFO tempest.lib.common.rest_client [req-e7eb4ac0-46c6-44ad-94eb-4568605ffef5 req-e7eb4ac0-46c6-44ad-94eb-4568605ffef5 ] Request (ServerDiagnosticsV248Test:test_get_server_diagnostics): 204 DELETE http://10.180.1.21/compute/v2.1/servers/34714846-6eba-4228-98b0-06279437f3f3 2.092s
2025-05-19 17:36:48.911 70401 INFO tempest.lib.common.rest_client [req-b7cb38b6-3599-4c38-b038-798190c6555e req-b7cb38b6-3599-4c38-b038-798190c6555e ] Request (ImagesOneServerNegativeTestJSON:tearDownClass): 200 GET http://10.180.1.21:9696/networking/v2.0/security-groups?tenant_id=f4d99de4a72f4cc6aa5452c420755922&name=default 0.134s
2025-05-19 17:36:49.075 70393 INFO tempest.lib.common.rest_client [req-7bf91bdb-1d80-4869-93f6-11de3d888d8b req-7bf91bdb-1d80-4869-93f6-11de3d888d8b ] Request (ServerRescueTestJSON:setUpClass): 202 POST http://10.180.1.21/compute/v2.1/servers 2.609s
2025-05-19 17:36:49.107 70345 INFO tempest.lib.common.rest_client [req-27b97115-eef3-4eab-8df5-f2a66245156f req-27b97115-eef3-4eab-8df5-f2a66245156f ] Request (ServersAdmin275Test:tearDownClass): 404 GET http://10.180.1.21/compute/v2.1/servers/5e9261db-ae23-41bf-b041-dd834543844f 1.822s
2025-05-19 17:36:49.179 70363 INFO tempest.lib.common.rest_client [req-eec1f2bf-8b4f-4735-a960-256eaaeca382 req-eec1f2bf-8b4f-4735-a960-256eaaeca382 ] Request (FloatingIPsTestJSON:setUpClass): 200 PUT http://10.180.1.21:9696/networking/v2.0/routers/055095af-0b47-4c9f-a84a-632b8a90b532/add_router_interface 4.078s
2025-05-19 17:36:49.179 70363 INFO tempest.lib.common.dynamic_creds [-] Created isolated network resources for: credentials: Credentials: {'domain_id': 'default', 'domain_name': 'Default', 'username': 'tempest-FloatingIPsTestJSON-1927469884-project-member', 'project_domain_id': 'default', 'project_domain_name': 'Default', 'project_id': '4f173c377ff94ad3ab72c6e6b778cbc8', 'project_name': 'tempest-FloatingIPsTestJSON-1927469884', 'tenant_id': '4f173c377ff94ad3ab72c6e6b778cbc8', 'tenant_name': 'tempest-FloatingIPsTestJSON-1927469884', 'user_domain_id': 'default', 'user_domain_name': 'Default', 'user_id': '54e6157ded6f43cbb3d457bd055f172c', 'system': None}, Network: {'id': '1a60dfb8-a96a-4847-ae5d-191aeff4f81d', 'name': 'tempest-FloatingIPsTestJSON-1607796458-network', 'tenant_id': '4f173c377ff94ad3ab72c6e6b778cbc8', 'admin_state_up': True, 'mtu': 8950, 'status': 'ACTIVE', 'subnets': [], 'shared': False, 'project_id': '4f173c377ff94ad3ab72c6e6b778cbc8', 'port_security_enabled': True, 'router:external': False, 'provider:network_type': 'vlan', 'provider:physical_network': 'default', 'provider:segmentation_id': 734, 'availability_zone_hints': [], 'availability_zones': [], 'ipv4_address_scope': None, 'ipv6_address_scope': None, 'description': '', 'tags': [], 'created_at': '2025-05-19T17:36:39Z', 'updated_at': '2025-05-19T17:36:39Z', 'revision_number': 1}, Subnet: {'id': '6c9fd2dc-6505-4767-adad-f5171947d601', 'name': 'tempest-FloatingIPsTestJSON-1607796458-subnet', 'tenant_id': '4f173c377ff94ad3ab72c6e6b778cbc8', 'network_id': '1a60dfb8-a96a-4847-ae5d-191aeff4f81d', 'ip_version': 4, 'subnetpool_id': None, 'enable_dhcp': True, 'ipv6_ra_mode': None, 'ipv6_address_mode': None, 'gateway_ip': '192.168.128.1', 'cidr': '192.168.128.0/28', 'allocation_pools': [{'start': '192.168.128.2', 'end': '192.168.128.14'}], 'host_routes': [], 'dns_nameservers': [], 'description': '', 'router:external': False, 'service_types': [], 'tags': [], 'created_at': '2025-05-19T17:36:40Z', 'updated_at': '2025-05-19T17:36:40Z', 'revision_number': 0, 'project_id': '4f173c377ff94ad3ab72c6e6b778cbc8'}, Router: {'id': '055095af-0b47-4c9f-a84a-632b8a90b532', 'name': 'tempest-FloatingIPsTestJSON-1607796458-router', 'tenant_id': '4f173c377ff94ad3ab72c6e6b778cbc8', 'admin_state_up': True, 'status': 'ACTIVE', 'external_gateway_info': {'network_id': '7d882d7a-a696-470b-a07f-214c3af755b9', 'external_fixed_ips': [{'subnet_id': '7c3da6e8-4c97-4e38-a7e4-8784dce1ee78', 'ip_address': '10.180.180.179'}], 'enable_snat': True}, 'description': '', 'availability_zones': [], 'distributed': False, 'ha': False, 'availability_zone_hints': [], 'routes': [], 'flavor_id': None, 'tags': [], 'created_at': '2025-05-19T17:36:41Z', 'updated_at': '2025-05-19T17:36:43Z', 'revision_number': 2, 'project_id': '4f173c377ff94ad3ab72c6e6b778cbc8'}
2025-05-19 17:36:49.183 70377 INFO tempest.lib.common.rest_client [req-7769499f-16e2-4073-af8c-a3aab396f932 req-7769499f-16e2-4073-af8c-a3aab396f932 ] Request (VolumesTestJSON:setUpClass): 200 GET http://10.180.1.21/compute/v2.1/os-volumes/f82a33ce-f1ac-4848-a2df-540df47a9ff3 1.662s
2025-05-19 17:36:49.207 70395 INFO tempest.lib.common.rest_client [req-4a28a4ad-9c5d-4581-9db6-7875c32836d6 req-4a28a4ad-9c5d-4581-9db6-7875c32836d6 ] Request (AggregatesAdminNegativeTestJSON:_run_cleanups): 200 DELETE http://10.180.1.21/compute/v2.1/os-aggregates/6 1.683s
2025-05-19 17:36:49.238 70401 INFO tempest.lib.common.rest_client [req-1193cc89-030e-4568-bbea-42c669e34ed4 req-1193cc89-030e-4568-bbea-42c669e34ed4 ] Request (ImagesOneServerNegativeTestJSON:tearDownClass): 204 DELETE http://10.180.1.21:9696/networking/v2.0/security-groups/4726e3dd-48fe-4f82-9ba7-31f86c615314 0.326s
2025-05-19 17:36:49.265 70383 INFO tempest.lib.common.rest_client [req-554e9404-12a0-41ed-b04a-fcfd2f0bce96 req-554e9404-12a0-41ed-b04a-fcfd2f0bce96 ] Request (FloatingIPsAssociationTestJSON:setUpClass): 200 PUT http://10.180.1.21:9696/networking/v2.0/routers/7e48d16f-7e1e-4616-b74a-163fa1d4af41/add_router_interface 3.665s
2025-05-19 17:36:49.265 70383 INFO tempest.lib.common.dynamic_creds [-] Created isolated network resources for: credentials: Credentials: {'domain_id': 'default', 'domain_name': 'Default', 'username': 'tempest-FloatingIPsAssociationTestJSON-1143125894-project-member', 'project_domain_id': 'default', 'project_domain_name': 'Default', 'project_id': 'c1ac049095c34643a8f785a98399634f', 'project_name': 'tempest-FloatingIPsAssociationTestJSON-1143125894', 'tenant_id': 'c1ac049095c34643a8f785a98399634f', 'tenant_name': 'tempest-FloatingIPsAssociationTestJSON-1143125894', 'user_domain_id': 'default', 'user_domain_name': 'Default', 'user_id': '855f8bbfbfc745ddb1153610c34d864b', 'system': None}, Network: {'id': 'a08dd7fb-4a36-44fa-a5ac-4e7225ff390a', 'name': 'tempest-FloatingIPsAssociationTestJSON-1270188217-network', 'tenant_id': 'c1ac049095c34643a8f785a98399634f', 'admin_state_up': True, 'mtu': 8950, 'status': 'ACTIVE', 'subnets': [], 'shared': False, 'project_id': 'c1ac049095c34643a8f785a98399634f', 'port_security_enabled': True, 'router:external': False, 'provider:network_type': 'vlan', 'provider:physical_network': 'default', 'provider:segmentation_id': 261, 'availability_zone_hints': [], 'availability_zones': [], 'ipv4_address_scope': None, 'ipv6_address_scope': None, 'description': '', 'tags': [], 'created_at': '2025-05-19T17:36:40Z', 'updated_at': '2025-05-19T17:36:40Z', 'revision_number': 1}, Subnet: {'id': '53c13986-a701-485a-abb6-baeb0a3fff17', 'name': 'tempest-FloatingIPsAssociationTestJSON-1270188217-subnet', 'tenant_id': 'c1ac049095c34643a8f785a98399634f', 'network_id': 'a08dd7fb-4a36-44fa-a5ac-4e7225ff390a', 'ip_version': 4, 'subnetpool_id': None, 'enable_dhcp': True, 'ipv6_ra_mode': None, 'ipv6_address_mode': None, 'gateway_ip': '192.168.128.1', 'cidr': '192.168.128.0/28', 'allocation_pools': [{'start': '192.168.128.2', 'end': '192.168.128.14'}], 'host_routes': [], 'dns_nameservers': [], 'description': '', 'router:external': False, 'service_types': [], 'tags': [], 'created_at': '2025-05-19T17:36:41Z', 'updated_at': '2025-05-19T17:36:41Z', 'revision_number': 0, 'project_id': 'c1ac049095c34643a8f785a98399634f'}, Router: {'id': '7e48d16f-7e1e-4616-b74a-163fa1d4af41', 'name': 'tempest-FloatingIPsAssociationTestJSON-1270188217-router', 'tenant_id': 'c1ac049095c34643a8f785a98399634f', 'admin_state_up': True, 'status': 'ACTIVE', 'external_gateway_info': {'network_id': '7d882d7a-a696-470b-a07f-214c3af755b9', 'external_fixed_ips': [{'subnet_id': '7c3da6e8-4c97-4e38-a7e4-8784dce1ee78', 'ip_address': '10.180.180.237'}], 'enable_snat': True}, 'description': '', 'availability_zones': [], 'distributed': False, 'ha': False, 'availability_zone_hints': [], 'routes': [], 'flavor_id': None, 'tags': [], 'created_at': '2025-05-19T17:36:41Z', 'updated_at': '2025-05-19T17:36:43Z', 'revision_number': 2, 'project_id': 'c1ac049095c34643a8f785a98399634f'}
2025-05-19 17:36:49.272 70363 INFO tempest.lib.common.rest_client [req-33bd82d1-8c8d-4710-a4b3-78c08a8b0beb req-33bd82d1-8c8d-4710-a4b3-78c08a8b0beb ] Request (FloatingIPsTestJSON:setUpClass): 201 POST http://10.180.1.21/identity/v3/auth/tokens 0.089s
2025-05-19 17:36:49.287 70345 INFO tempest.lib.common.rest_client [req-579b4167-44bf-40b7-b825-689ba53c91c3 req-579b4167-44bf-40b7-b825-689ba53c91c3 ] Request (ServersAdmin275Test:tearDownClass): 204 DELETE http://10.180.1.21/identity/v3/users/4387976854634729b146458403e07267 0.179s
2025-05-19 17:36:49.360 70401 INFO tempest.lib.common.rest_client [req-faa8d1aa-15b5-4ea4-a005-91ac329909f2 req-faa8d1aa-15b5-4ea4-a005-91ac329909f2 ] Request (ImagesOneServerNegativeTestJSON:tearDownClass): 204 DELETE http://10.180.1.21/identity/v3/projects/f4d99de4a72f4cc6aa5452c420755922 0.121s
2025-05-19 17:36:49.378 70383 INFO tempest.lib.common.rest_client [req-02356270-e338-4069-b4da-7d50bf912dc0 req-02356270-e338-4069-b4da-7d50bf912dc0 ] Request (FloatingIPsAssociationTestJSON:setUpClass): 201 POST http://10.180.1.21/identity/v3/auth/tokens 0.105s
2025-05-19 17:36:49.405 70401 INFO tempest.lib.common.rest_client [req-c1a7d2c8-2e0b-4bc5-86f5-1b4679993563 req-c1a7d2c8-2e0b-4bc5-86f5-1b4679993563 ] Request (SecurityGroupsTestJSON:setUpClass): 201 POST http://10.180.1.21/identity/v3/auth/tokens 0.039s
2025-05-19 17:36:49.463 70383 INFO tempest.lib.common.rest_client [req-cec251f2-f60e-489e-afa2-aca7d230bf56 req-cec251f2-f60e-489e-afa2-aca7d230bf56 ] Request (FloatingIPsAssociationTestJSON:setUpClass): 201 POST http://10.180.1.21/identity/v3/auth/tokens 0.079s
2025-05-19 17:36:49.464 70383 INFO tempest.lib.common.fixed_network [-] (FloatingIPsAssociationTestJSON:setUpClass) Found network {'id': 'a08dd7fb-4a36-44fa-a5ac-4e7225ff390a', 'name': 'tempest-FloatingIPsAssociationTestJSON-1270188217-network', 'tenant_id': 'c1ac049095c34643a8f785a98399634f', 'admin_state_up': True, 'mtu': 8950, 'status': 'ACTIVE', 'subnets': [], 'shared': False, 'project_id': 'c1ac049095c34643a8f785a98399634f', 'port_security_enabled': True, 'router:external': False, 'provider:network_type': 'vlan', 'provider:physical_network': 'default', 'provider:segmentation_id': 261, 'availability_zone_hints': [], 'availability_zones': [], 'ipv4_address_scope': None, 'ipv6_address_scope': None, 'description': '', 'tags': [], 'created_at': '2025-05-19T17:36:40Z', 'updated_at': '2025-05-19T17:36:40Z', 'revision_number': 1} available for tenant
2025-05-19 17:36:49.464 70385 INFO tempest.lib.common.rest_client [req-b9c4948c-b7c5-4721-8278-9d179662bd31 req-b9c4948c-b7c5-4721-8278-9d179662bd31 ] Request (ServerRescueTestJSONUnderV235:setUpClass): 204 DELETE http://10.180.1.21/compute/v2.1/servers/e58bc673-0db2-4077-8569-d80e1d0ceadf 1.936s
2025-05-19 17:36:49.466 70345 INFO tempest.lib.common.rest_client [req-a998da93-df6f-43e0-9add-f01a26ef4905 req-a998da93-df6f-43e0-9add-f01a26ef4905 ] Request (ServersAdmin275Test:tearDownClass): 204 DELETE http://10.180.1.21/identity/v3/users/cafddf403f674517b5d602f9ed5400f7 0.178s
2025-05-19 17:36:49.466 70345 INFO tempest.lib.common.dynamic_creds [-] Deleting project and security group for project: bf1c239d3bbe40459bc66a1e99d83031
2025-05-19 17:36:49.509 70389 INFO tempest.lib.common.rest_client [req-be5346d4-b143-4550-977f-cb0602f7c205 req-be5346d4-b143-4550-977f-cb0602f7c205 ] Request (InstanceActionsNegativeTestJSON:setUpClass): 200 PUT http://10.180.1.21:9696/networking/v2.0/routers/7bf175bf-cb60-4234-b366-b302e63fe920/add_router_interface 5.960s
2025-05-19 17:36:49.510 70389 INFO tempest.lib.common.dynamic_creds [-] Created isolated network resources for: credentials: Credentials: {'domain_id': 'default', 'domain_name': 'Default', 'username': 'tempest-InstanceActionsNegativeTestJSON-30078936-project-member', 'project_domain_id': 'default', 'project_domain_name': 'Default', 'project_id': 'e4d9e520a04f41d0b443fca5860705bc', 'project_name': 'tempest-InstanceActionsNegativeTestJSON-30078936', 'tenant_id': 'e4d9e520a04f41d0b443fca5860705bc', 'tenant_name': 'tempest-InstanceActionsNegativeTestJSON-30078936', 'user_domain_id': 'default', 'user_domain_name': 'Default', 'user_id': '032eb0df15dd4b748854b2cb098763c1', 'system': None}, Network: {'id': '5fc0bd8d-68e1-463b-9afa-1b44e894c8fd', 'name': 'tempest-InstanceActionsNegativeTestJSON-882997782-network', 'tenant_id': 'e4d9e520a04f41d0b443fca5860705bc', 'admin_state_up': True, 'mtu': 8950, 'status': 'ACTIVE', 'subnets': [], 'shared': False, 'project_id': 'e4d9e520a04f41d0b443fca5860705bc', 'port_security_enabled': True, 'router:external': False, 'provider:network_type': 'vlan', 'provider:physical_network': 'default', 'provider:segmentation_id': 176, 'availability_zone_hints': [], 'availability_zones': [], 'ipv4_address_scope': None, 'ipv6_address_scope': None, 'description': '', 'tags': [], 'created_at': '2025-05-19T17:36:38Z', 'updated_at': '2025-05-19T17:36:39Z', 'revision_number': 1}, Subnet: {'id': 'c4ca8167-36f8-49c2-b498-a514736a2f67', 'name': 'tempest-InstanceActionsNegativeTestJSON-882997782-subnet', 'tenant_id': 'e4d9e520a04f41d0b443fca5860705bc', 'network_id': '5fc0bd8d-68e1-463b-9afa-1b44e894c8fd', 'ip_version': 4, 'subnetpool_id': None, 'enable_dhcp': True, 'ipv6_ra_mode': None, 'ipv6_address_mode': None, 'gateway_ip': '192.168.128.1', 'cidr': '192.168.128.0/28', 'allocation_pools': [{'start': '192.168.128.2', 'end': '192.168.128.14'}], 'host_routes': [], 'dns_nameservers': [], 'description': '', 'router:external': False, 'service_types': [], 'tags': [], 'created_at': '2025-05-19T17:36:39Z', 'updated_at': '2025-05-19T17:36:39Z', 'revision_number': 0, 'project_id': 'e4d9e520a04f41d0b443fca5860705bc'}, Router: {'id': '7bf175bf-cb60-4234-b366-b302e63fe920', 'name': 'tempest-InstanceActionsNegativeTestJSON-882997782-router', 'tenant_id': 'e4d9e520a04f41d0b443fca5860705bc', 'admin_state_up': True, 'status': 'ACTIVE', 'external_gateway_info': {'network_id': '7d882d7a-a696-470b-a07f-214c3af755b9', 'external_fixed_ips': [{'subnet_id': '7c3da6e8-4c97-4e38-a7e4-8784dce1ee78', 'ip_address': '10.180.180.220'}], 'enable_snat': True}, 'description': '', 'availability_zones': [], 'distributed': False, 'ha': False, 'availability_zone_hints': [], 'routes': [], 'flavor_id': None, 'tags': [], 'created_at': '2025-05-19T17:36:39Z', 'updated_at': '2025-05-19T17:36:41Z', 'revision_number': 2, 'project_id': 'e4d9e520a04f41d0b443fca5860705bc'}
2025-05-19 17:36:49.534 70401 INFO tempest.lib.common.rest_client [req-80689922-1390-428f-acbf-d4b5fff6d329 req-80689922-1390-428f-acbf-d4b5fff6d329 ] Request (SecurityGroupsTestJSON:setUpClass): 201 POST http://10.180.1.21/identity/v3/auth/tokens 0.125s
2025-05-19 17:36:49.560 70406 INFO tempest.lib.common.rest_client [req-bc1fce49-13ad-42d3-a8c9-92dac09574bc req-bc1fce49-13ad-42d3-a8c9-92dac09574bc ] Request (VolumesNegativeTest:test_create_volume_with_invalid_size): 400 POST http://10.180.1.21/compute/v2.1/os-volumes 1.998s
2025-05-19 17:36:49.570 70345 INFO tempest.lib.common.rest_client [req-ce3212e7-6bbd-496e-8685-fdc23842ae72 req-ce3212e7-6bbd-496e-8685-fdc23842ae72 ] Request (ServersAdmin275Test:tearDownClass): 201 POST http://10.180.1.21/identity/v3/auth/tokens 0.104s
2025-05-19 17:36:49.604 70401 INFO tempest.lib.common.rest_client [req-5a7051b2-fe4d-4ba6-8d44-f80b98e6ec67 req-5a7051b2-fe4d-4ba6-8d44-f80b98e6ec67 ] Request (SecurityGroupsTestJSON:setUpClass): 200 GET http://10.180.1.21/identity/v3/domains?name=Default 0.069s
2025-05-19 17:36:49.625 70389 INFO tempest.lib.common.rest_client [req-c17d047d-4462-47d9-a7fd-835d59ef7ad2 req-c17d047d-4462-47d9-a7fd-835d59ef7ad2 ] Request (InstanceActionsNegativeTestJSON:setUpClass): 201 POST http://10.180.1.21/identity/v3/auth/tokens 0.112s
2025-05-19 17:36:49.626 70349 INFO tempest.lib.common.rest_client [req-3d68b0e3-9f11-48e1-a1a0-037e1d9370de req-3d68b0e3-9f11-48e1-a1a0-037e1d9370de ] Request (ImagesMetadataTestJSON:test_update_image_metadata): 200 GET http://10.180.1.21/compute/v2.1/images/7d825e9b-f293-45d9-96bc-e347a3ad4931/metadata 1.925s
2025-05-19 17:36:49.637 70359 INFO tempest.lib.common.rest_client [req-df224215-5d36-4bd4-897d-0c225f6fd22d req-df224215-5d36-4bd4-897d-0c225f6fd22d ] Request (ValidationResourcesFixture:setUp): 201 POST http://10.180.1.21:9696/networking/v2.0/floatingips 3.483s
2025-05-19 17:36:49.651 70365 INFO tempest.lib.common.rest_client [req-de7ddb56-e650-4fd2-9ecc-9c8d27326126 req-de7ddb56-e650-4fd2-9ecc-9c8d27326126 ] Request (FlavorsV2TestJSON:test_list_flavors_with_detail): 200 GET http://10.180.1.21/compute/v2.1/flavors/42 1.918s
2025-05-19 17:36:49.671 70401 INFO tempest.lib.common.rest_client [req-a032aece-e543-4a55-a69d-c66bccf76bc3 req-a032aece-e543-4a55-a69d-c66bccf76bc3 ] Request (SecurityGroupsTestJSON:setUpClass): 201 POST http://10.180.1.21/identity/v3/projects 0.066s
2025-05-19 17:36:49.677 70353 INFO tempest.lib.common.rest_client [req-47275b81-c523-40ee-beec-40dff686911f req-47275b81-c523-40ee-beec-40dff686911f ] Request (FlavorsAdminTestJSON:test_is_public_string_variations): 200 POST http://10.180.1.21/compute/v2.1/flavors 1.932s
2025-05-19 17:36:49.700 70373 INFO tempest.lib.common.rest_client [req-1f6aaa5e-eef2-4826-a391-b5310defc853 req-1f6aaa5e-eef2-4826-a391-b5310defc853 ] Request (ServersTestJSON:setUpClass): 201 POST http://10.180.1.21:9696/networking/v2.0/networks 1.798s
2025-05-19 17:36:49.724 70349 INFO tempest.lib.common.rest_client [req-dc8d513d-7e57-4d51-9ab4-356495671539 req-dc8d513d-7e57-4d51-9ab4-356495671539 ] Request (ImagesMetadataTestJSON:tearDownClass): 204 DELETE http://10.180.1.21/image/v2/images/7d825e9b-f293-45d9-96bc-e347a3ad4931 0.096s
2025-05-19 17:36:49.738 70389 INFO tempest.lib.common.rest_client [req-05ee3209-85dc-459b-96c2-eb22efac0795 req-05ee3209-85dc-459b-96c2-eb22efac0795 ] Request (InstanceActionsNegativeTestJSON:setUpClass): 201 POST http://10.180.1.21/identity/v3/auth/tokens 0.107s
2025-05-19 17:36:49.739 70389 INFO tempest.lib.common.fixed_network [-] (InstanceActionsNegativeTestJSON:setUpClass) Found network {'id': '5fc0bd8d-68e1-463b-9afa-1b44e894c8fd', 'name': 'tempest-InstanceActionsNegativeTestJSON-882997782-network', 'tenant_id': 'e4d9e520a04f41d0b443fca5860705bc', 'admin_state_up': True, 'mtu': 8950, 'status': 'ACTIVE', 'subnets': [], 'shared': False, 'project_id': 'e4d9e520a04f41d0b443fca5860705bc', 'port_security_enabled': True, 'router:external': False, 'provider:network_type': 'vlan', 'provider:physical_network': 'default', 'provider:segmentation_id': 176, 'availability_zone_hints': [], 'availability_zones': [], 'ipv4_address_scope': None, 'ipv6_address_scope': None, 'description': '', 'tags': [], 'created_at': '2025-05-19T17:36:38Z', 'updated_at': '2025-05-19T17:36:39Z', 'revision_number': 1} available for tenant
2025-05-19 17:36:49.759 70359 INFO tempest.lib.common.rest_client [req-ef57c734-5d52-45e0-9d13-e90d3914ebc3 req-ef57c734-5d52-45e0-9d13-e90d3914ebc3 ] Request (AttachInterfacesUnderV243Test:test_add_remove_fixed_ip): 201 POST http://10.180.1.21/identity/v3/auth/tokens 0.117s
2025-05-19 17:36:49.759 70359 INFO tempest.lib.common.fixed_network [-] (AttachInterfacesUnderV243Test:test_add_remove_fixed_ip) Found network {'id': 'f4eaa686-9f9e-4e71-99b9-f3d5662fdb39', 'name': 'tempest-AttachInterfacesUnderV243Test-1377876458-network', 'tenant_id': '2a8db9e5a2754f12af2b1ee2b65ccdd4', 'admin_state_up': True, 'mtu': 8950, 'status': 'ACTIVE', 'subnets': [], 'shared': False, 'project_id': '2a8db9e5a2754f12af2b1ee2b65ccdd4', 'port_security_enabled': True, 'router:external': False, 'provider:network_type': 'vlan', 'provider:physical_network': 'default', 'provider:segmentation_id': 637, 'availability_zone_hints': [], 'availability_zones': [], 'ipv4_address_scope': None, 'ipv6_address_scope': None, 'description': '', 'tags': [], 'created_at': '2025-05-19T17:36:33Z', 'updated_at': '2025-05-19T17:36:33Z', 'revision_number': 1} available for tenant
2025-05-19 17:36:49.824 70401 INFO tempest.lib.common.rest_client [req-8fc09ea3-5b46-48b8-9ee4-70cc7cc28bb4 req-8fc09ea3-5b46-48b8-9ee4-70cc7cc28bb4 ] Request (SecurityGroupsTestJSON:setUpClass): 201 POST http://10.180.1.21/identity/v3/users 0.152s
2025-05-19 17:36:49.850 70365 INFO tempest.lib.common.rest_client [req-0c03f390-cadf-433c-81c3-5d3ebd033ebf req-0c03f390-cadf-433c-81c3-5d3ebd033ebf ] Request (FlavorsV2TestJSON:tearDownClass): 204 DELETE http://10.180.1.21/identity/v3/users/ec501c484f9342c1a3255f6adf66d12d 0.190s
2025-05-19 17:36:49.850 70365 INFO tempest.lib.common.dynamic_creds [-] Deleting project and security group for project: f8dfd53df96e4fba9489f086f3f28d71
2025-05-19 17:36:49.911 70349 INFO tempest.lib.common.rest_client [req-8b3e6711-b7b1-4bd8-95ab-2e50da786726 req-8b3e6711-b7b1-4bd8-95ab-2e50da786726 ] Request (ImagesMetadataTestJSON:tearDownClass): 204 DELETE http://10.180.1.21/identity/v3/users/198a9b0aa16048bd84f7d87ff1d30b42 0.187s
2025-05-19 17:36:49.911 70349 INFO tempest.lib.common.dynamic_creds [-] Deleting project and security group for project: 8ee37ef1df484eee87cde64c0eff3432
2025-05-19 17:36:49.944 70401 INFO tempest.lib.common.rest_client [req-e1176387-1c48-42b2-bea4-1fa819023422 req-e1176387-1c48-42b2-bea4-1fa819023422 ] Request (SecurityGroupsTestJSON:setUpClass): 200 GET http://10.180.1.21/identity/v3/roles 0.120s
2025-05-19 17:36:49.974 70349 INFO tempest.lib.common.rest_client [req-47398cc8-048f-4e91-8c0d-cfef18db50aa req-47398cc8-048f-4e91-8c0d-cfef18db50aa ] Request (ImagesMetadataTestJSON:tearDownClass): 201 POST http://10.180.1.21/identity/v3/auth/tokens 0.062s
2025-05-19 17:36:49.977 70365 INFO tempest.lib.common.rest_client [req-e9180482-85cb-4e23-8890-4225f8cb8e09 req-e9180482-85cb-4e23-8890-4225f8cb8e09 ] Request (FlavorsV2TestJSON:tearDownClass): 201 POST http://10.180.1.21/identity/v3/auth/tokens 0.127s
2025-05-19 17:36:50.015 70367 INFO tempest.lib.common.rest_client [req-41620b07-0b43-49c3-8c85-da1681b36587 req-41620b07-0b43-49c3-8c85-da1681b36587 ] Request (ListServerFiltersTestJSON:setUpClass): 202 POST http://10.180.1.21/compute/v2.1/servers 2.771s
2025-05-19 17:36:50.024 70355 INFO tempest.lib.common.rest_client [req-d2b7b668-2ff2-4db3-b4c7-882379e52b8d req-d2b7b668-2ff2-4db3-b4c7-882379e52b8d ] Request (ServersWithSpecificFlavorTestJSON:tearDownClass): 200 PUT http://10.180.1.21:9696/networking/v2.0/routers/0f852500-91b9-4c3d-9c79-1c1dca55a033/remove_router_interface 5.402s
2025-05-19 17:36:50.031 70401 INFO tempest.lib.common.rest_client [req-7917ee7e-d9ee-4662-b982-5753c5790a75 req-7917ee7e-d9ee-4662-b982-5753c5790a75 ] Request (SecurityGroupsTestJSON:setUpClass): 204 PUT http://10.180.1.21/identity/v3/projects/0837f2bbb817444cae4148f88549ee57/users/fdd350fd500c49038582e457499b5a46/roles/f98af017260b4772a06a2c44e987c97c 0.087s
2025-05-19 17:36:50.032 70401 INFO tempest.lib.common.dynamic_creds [-] Dynamic test user fdd350fd500c49038582e457499b5a46 is created with scope project and roles: ['member']
2025-05-19 17:36:50.032 70401 INFO tempest.lib.common.dynamic_creds [-] Acquired dynamic creds: credentials: Credentials: {'domain_id': 'default', 'domain_name': 'Default', 'username': 'tempest-SecurityGroupsTestJSON-1050436890-project-member', 'project_domain_id': 'default', 'project_domain_name': 'Default', 'project_id': '0837f2bbb817444cae4148f88549ee57', 'project_name': 'tempest-SecurityGroupsTestJSON-1050436890', 'tenant_id': '0837f2bbb817444cae4148f88549ee57', 'tenant_name': 'tempest-SecurityGroupsTestJSON-1050436890', 'user_domain_id': 'default', 'user_domain_name': 'Default', 'user_id': 'fdd350fd500c49038582e457499b5a46', 'system': None}, Network: None, Subnet: None, Router: None
2025-05-19 17:36:50.048 70347 INFO tempest.lib.common.rest_client [req-cd55831a-c487-42bb-b348-44c6f0b24b9a req-cd55831a-c487-42bb-b348-44c6f0b24b9a ] Request (ListServersNegativeTestJSON:setUpClass): 404 GET http://10.180.1.21/compute/v2.1/servers/d66ae2a0-eb1e-4741-acce-20fa387f47a9 2.269s
2025-05-19 17:36:50.049 70347 INFO tempest.test [-] raised in ListServersNegativeTestJSON.setUpClass. Invoking tearDownClass.
2025-05-19 17:36:50.075 70357 INFO tempest.lib.common.rest_client [req-de2a4d5d-5c6e-4770-827a-0a85ba5ebeaf req-de2a4d5d-5c6e-4770-827a-0a85ba5ebeaf ] Request (ServerShowV247Test:tearDownClass): 204 DELETE http://10.180.1.21/compute/v2.1/servers/472e1cca-35a9-41e6-80df-d99bd142f444 2.318s
2025-05-19 17:36:50.229 70401 INFO tempest.lib.common.rest_client [req-82102bfb-35fd-4440-9039-c4c4909734f3 req-82102bfb-35fd-4440-9039-c4c4909734f3 ] Request (SecurityGroupsTestJSON:setUpClass): 201 POST http://10.180.1.21/identity/v3/auth/tokens 0.197s
2025-05-19 17:36:50.234 70399 INFO tempest.lib.common.rest_client [req-81e0b6ee-3561-42e1-b109-14bf6b0cc949 req-81e0b6ee-3561-42e1-b109-14bf6b0cc949 ] Request (ServersTestBootFromVolume:setUpClass): 201 POST http://10.180.1.21:9696/networking/v2.0/floatingips 1.649s
2025-05-19 17:36:50.260 70375 INFO tempest.lib.common.rest_client [req-c3c954aa-d05b-4aed-b3ba-745240d01f71 req-c3c954aa-d05b-4aed-b3ba-745240d01f71 ] Request (ServerDiskConfigTestJSON:setUpClass): 201 POST http://10.180.1.21:9696/networking/v2.0/networks 1.688s
2025-05-19 17:36:50.263 70367 INFO tempest.lib.common.rest_client [req-d692fb61-e592-4749-b318-271dd1e02553 req-d692fb61-e592-4749-b318-271dd1e02553 ] Request (ListServerFiltersTestJSON:setUpClass): 201 POST http://10.180.1.21/identity/v3/auth/tokens 0.240s
2025-05-19 17:36:50.263 70367 INFO tempest.lib.common.fixed_network [-] (ListServerFiltersTestJSON:setUpClass) Found network {'id': '93d164ff-b044-45f5-8e7b-dce85a1d51dc', 'name': 'tempest-ListServerFiltersTestJSON-179907027-network', 'tenant_id': '62a6220f2abd45218edf29e1aa566c1c', 'admin_state_up': True, 'mtu': 8950, 'status': 'ACTIVE', 'subnets': [], 'shared': False, 'project_id': '62a6220f2abd45218edf29e1aa566c1c', 'port_security_enabled': True, 'router:external': False, 'provider:network_type': 'vlan', 'provider:physical_network': 'default', 'provider:segmentation_id': 754, 'availability_zone_hints': [], 'availability_zones': [], 'ipv4_address_scope': None, 'ipv6_address_scope': None, 'description': '', 'tags': [], 'created_at': '2025-05-19T17:36:42Z', 'updated_at': '2025-05-19T17:36:42Z', 'revision_number': 1} available for tenant
2025-05-19 17:36:50.293 70345 INFO tempest.lib.common.rest_client [req-c3f21e66-0e95-478b-bc9d-c38975a6da65 req-c3f21e66-0e95-478b-bc9d-c38975a6da65 ] Request (ServersAdmin275Test:tearDownClass): 200 GET http://10.180.1.21:9696/networking/v2.0/security-groups?tenant_id=bf1c239d3bbe40459bc66a1e99d83031&name=default 0.722s
2025-05-19 17:36:50.331 70399 INFO tempest.lib.common.rest_client [req-ac5a8699-8ac7-41c2-a1b0-ef6860941807 req-ac5a8699-8ac7-41c2-a1b0-ef6860941807 ] Request (ServersTestBootFromVolume:setUpClass): 201 POST http://10.180.1.21/identity/v3/auth/tokens 0.090s
2025-05-19 17:36:50.331 70399 INFO tempest.lib.common.fixed_network [-] (ServersTestBootFromVolume:setUpClass) Found network {'id': '904aca7e-ca13-43ad-8c0c-af2a0fb8e70f', 'name': 'tempest-ServersTestBootFromVolume-1947886684-network', 'tenant_id': '3f6cd9e5aef947418cb74de887d41b37', 'admin_state_up': True, 'mtu': 8950, 'status': 'ACTIVE', 'subnets': [], 'shared': False, 'project_id': '3f6cd9e5aef947418cb74de887d41b37', 'port_security_enabled': True, 'router:external': False, 'provider:network_type': 'vlan', 'provider:physical_network': 'default', 'provider:segmentation_id': 696, 'availability_zone_hints': [], 'availability_zones': [], 'ipv4_address_scope': None, 'ipv6_address_scope': None, 'description': '', 'tags': [], 'created_at': '2025-05-19T17:36:35Z', 'updated_at': '2025-05-19T17:36:35Z', 'revision_number': 1} available for tenant
2025-05-19 17:36:50.387 70397 INFO tempest.lib.common.rest_client [req-1c46b101-229d-4f68-b93f-a30b6776217d req-1c46b101-229d-4f68-b93f-a30b6776217d ] Request (QuotasTestJSON:test_compare_tenant_quotas_with_default_quotas): 200 GET http://10.180.1.21/compute/v2.1/os-quota-sets/bf712e089b8c4cd0a8698b59e77b4232/defaults 2.312s
2025-05-19 17:36:50.646 70391 INFO tempest.lib.common.rest_client [req-3ffe8da7-0a6f-48c0-ac09-1f72cd26bd21 req-3ffe8da7-0a6f-48c0-ac09-1f72cd26bd21 ] Request (VolumesAssistedSnapshotsTest:tearDownClass): 200 PUT http://10.180.1.21:9696/networking/v2.0/routers/2a16f144-4cb8-4f9f-9bbb-f288985c1777/remove_router_interface 5.411s
2025-05-19 17:36:50.766 70399 INFO tempest.lib.common.rest_client [req-c79c9353-1f52-4c9a-85ea-9767443d3fdb req-c79c9353-1f52-4c9a-85ea-9767443d3fdb ] Request (ServersTestBootFromVolume:setUpClass): 202 POST http://10.180.1.21/volume/v3/volumes 0.433s
2025-05-19 17:36:50.816 70399 INFO tempest.lib.common.rest_client [req-fc74076f-febf-4925-a0f7-fe9d366eca74 req-fc74076f-febf-4925-a0f7-fe9d366eca74 ] Request (ServersTestBootFromVolume:setUpClass): 200 GET http://10.180.1.21/volume/v3/volumes/6c03493d-b63e-4f65-aa6e-5c60555b7d7a 0.041s
2025-05-19 17:36:50.829 70349 INFO tempest.lib.common.rest_client [req-7732db21-ae17-4e77-885d-bab01fef4200 req-7732db21-ae17-4e77-885d-bab01fef4200 ] Request (ImagesMetadataTestJSON:tearDownClass): 200 GET http://10.180.1.21:9696/networking/v2.0/security-groups?tenant_id=8ee37ef1df484eee87cde64c0eff3432&name=default 0.855s
2025-05-19 17:36:50.866 70365 INFO tempest.lib.common.rest_client [req-f3991954-6604-4c4b-b5b7-0b39efbf5550 req-f3991954-6604-4c4b-b5b7-0b39efbf5550 ] Request (FlavorsV2TestJSON:tearDownClass): 200 GET http://10.180.1.21:9696/networking/v2.0/security-groups?tenant_id=f8dfd53df96e4fba9489f086f3f28d71&name=default 0.888s
2025-05-19 17:36:50.900 70345 INFO tempest.lib.common.rest_client [req-ce7b2f85-4679-4214-b374-f1996a0c8acb req-ce7b2f85-4679-4214-b374-f1996a0c8acb ] Request (ServersAdmin275Test:tearDownClass): 204 DELETE http://10.180.1.21:9696/networking/v2.0/security-groups/5a06f6dd-18ae-4966-9e8a-09c894c755ad 0.606s
2025-05-19 17:36:50.979 70345 INFO tempest.lib.common.rest_client [req-007986de-4368-4cc1-8307-0ede156cdd28 req-007986de-4368-4cc1-8307-0ede156cdd28 ] Request (ServersAdmin275Test:tearDownClass): 204 DELETE http://10.180.1.21/identity/v3/projects/bf1c239d3bbe40459bc66a1e99d83031 0.079s
2025-05-19 17:36:50.979 70345 INFO tempest.lib.common.dynamic_creds [-] Deleting project and security group for project: 1455969f745445b7b49c5ea6f316a56a
2025-05-19 17:36:51.140 70373 INFO tempest.lib.common.rest_client [req-740b0d2c-3bdc-4eb3-a479-ee751c02703c req-740b0d2c-3bdc-4eb3-a479-ee751c02703c ] Request (ServersTestJSON:setUpClass): 201 POST http://10.180.1.21:9696/networking/v2.0/subnets 1.439s
2025-05-19 17:36:51.196 70401 INFO tempest.lib.common.rest_client [req-4fb40e59-a372-4aed-a4f3-ff45283fedfe req-4fb40e59-a372-4aed-a4f3-ff45283fedfe ] Request (SecurityGroupsTestJSON:setUpClass): 201 POST http://10.180.1.21:9696/networking/v2.0/networks 0.966s
2025-05-19 17:36:51.206 70351 INFO tempest.lib.common.rest_client [req-88ea2600-5ecc-4792-aa59-28e32dcd8fba req-88ea2600-5ecc-4792-aa59-28e32dcd8fba ] Request (SecurityGroupRulesTestJSON:tearDownClass): 202 DELETE http://10.180.1.21/compute/v2.1/os-security-groups/36b6c55e-8008-4eaa-83f0-0c0a7cf24892 3.122s
2025-05-19 17:36:51.291 70343 INFO tempest.lib.common.rest_client [req-46d33367-aced-43c7-b2fe-4877b602e295 req-46d33367-aced-43c7-b2fe-4877b602e295 ] Request (SecurityGroupRulesNegativeTestJSON:test_create_security_group_rule_with_invalid_ip_protocol): 400 POST http://10.180.1.21/compute/v2.1/os-security-group-rules 2.804s
2025-05-19 17:36:51.350 70365 INFO tempest.lib.common.rest_client [req-a5a85e07-5222-4eaf-9df5-d2ac9f40a566 req-a5a85e07-5222-4eaf-9df5-d2ac9f40a566 ] Request (FlavorsV2TestJSON:tearDownClass): 204 DELETE http://10.180.1.21:9696/networking/v2.0/security-groups/9b61c224-ba1c-41c2-a587-ee10433d55af 0.484s
2025-05-19 17:36:51.380 70349 INFO tempest.lib.common.rest_client [req-291eacfb-b7c5-48c3-9c1e-1165db9b884f req-291eacfb-b7c5-48c3-9c1e-1165db9b884f ] Request (ImagesMetadataTestJSON:tearDownClass): 204 DELETE http://10.180.1.21:9696/networking/v2.0/security-groups/2716acc4-af9e-4c81-9969-f83284710deb 0.550s
2025-05-19 17:36:51.405 70381 INFO tempest.lib.common.rest_client [req-d8009d47-9b25-4243-bba1-ff27eaabc341 req-d8009d47-9b25-4243-bba1-ff27eaabc341 ] Request (ServerActionsTestOtherA:setUpClass): 202 POST http://10.180.1.21/compute/v2.1/servers 3.456s
2025-05-19 17:36:51.425 70371 INFO tempest.lib.common.rest_client [req-edb6566f-3c62-4b8e-a77d-d08a28aadf8b req-edb6566f-3c62-4b8e-a77d-d08a28aadf8b ] Request (ServersAdminTestJSON:setUpClass): 200 GET http://10.180.1.21/compute/v2.1/servers/5d523262-82ab-4230-9e48-66793ce46172 2.710s
2025-05-19 17:36:51.436 70369 INFO tempest.lib.common.rest_client [req-131a52fd-9a16-4328-a27f-f2bc88666f79 req-131a52fd-9a16-4328-a27f-f2bc88666f79 ] Request (ServerDiagnosticsV248Test:test_get_server_diagnostics): 404 GET http://10.180.1.21/compute/v2.1/servers/34714846-6eba-4228-98b0-06279437f3f3 2.630s
2025-05-19 17:36:51.517 70377 INFO tempest.lib.common.rest_client [req-83afc3b5-62a1-4121-94b9-9c3ded9d13aa req-83afc3b5-62a1-4121-94b9-9c3ded9d13aa ] Request (VolumesTestJSON:test_volume_list): 200 GET http://10.180.1.21/compute/v2.1/os-volumes 2.331s
2025-05-19 17:36:51.521 70361 INFO tempest.lib.common.rest_client [req-07bde180-7b25-4dc1-b573-4d41ae23d0f9 req-07bde180-7b25-4dc1-b573-4d41ae23d0f9 ] Request (ImagesTestJSON:tearDownClass): 200 PUT http://10.180.1.21:9696/networking/v2.0/routers/98643bd8-37f2-4f6d-bf44-67953e7c8454/remove_router_interface 3.002s
2025-05-19 17:36:51.527 70365 INFO tempest.lib.common.rest_client [req-ebb00e56-0630-4d79-9fcc-5c1e1774ff16 req-ebb00e56-0630-4d79-9fcc-5c1e1774ff16 ] Request (FlavorsV2TestJSON:tearDownClass): 204 DELETE http://10.180.1.21/identity/v3/projects/f8dfd53df96e4fba9489f086f3f28d71 0.176s
2025-05-19 17:36:51.531 70395 INFO tempest.lib.common.rest_client [req-afaa1d91-62f1-4a33-8e2e-9c53bafc6c47 req-afaa1d91-62f1-4a33-8e2e-9c53bafc6c47 ] Request (AggregatesAdminNegativeTestJSON:test_aggregate_get_details_with_invalid_id): 404 GET http://10.180.1.21/compute/v2.1/os-aggregates/-1 2.321s
2025-05-19 17:36:51.535 70393 INFO tempest.lib.common.rest_client [req-1480d5c6-ad1e-40fc-97a5-1b3f659767d2 req-1480d5c6-ad1e-40fc-97a5-1b3f659767d2 ] Request (ServerRescueTestJSON:setUpClass): 200 GET http://10.180.1.21/compute/v2.1/servers/695ed570-3815-4043-a597-fa123e6bfd0e 2.458s
2025-05-19 17:36:51.567 70349 INFO tempest.lib.common.rest_client [req-90e61bf2-fc85-41bf-b8e3-2b4ce450316c req-90e61bf2-fc85-41bf-b8e3-2b4ce450316c ] Request (ImagesMetadataTestJSON:tearDownClass): 204 DELETE http://10.180.1.21/identity/v3/projects/8ee37ef1df484eee87cde64c0eff3432 0.187s
2025-05-19 17:36:51.652 70365 INFO tempest.lib.common.rest_client [req-66f1619c-5675-49ec-bffc-705f70dfbcd3 req-66f1619c-5675-49ec-bffc-705f70dfbcd3 ] Request (KeyPairsNegativeTestJSON:setUpClass): 201 POST http://10.180.1.21/identity/v3/auth/tokens 0.122s
2025-05-19 17:36:51.676 70345 INFO tempest.lib.common.rest_client [req-bc11fc38-30de-44e5-acc5-96600d9d90a9 req-bc11fc38-30de-44e5-acc5-96600d9d90a9 ] Request (ServersAdmin275Test:tearDownClass): 200 GET http://10.180.1.21:9696/networking/v2.0/security-groups?tenant_id=1455969f745445b7b49c5ea6f316a56a&name=default 0.696s
2025-05-19 17:36:51.697 70369 INFO tempest.lib.common.rest_client [req-7d049e29-af9e-4a54-8c39-1344cd1ae711 req-7d049e29-af9e-4a54-8c39-1344cd1ae711 ] Request (ServerDiagnosticsV248Test:tearDownClass): 204 DELETE http://10.180.1.21/identity/v3/users/1e5b7de887ab4c238abe969869d7ce1d 0.257s
2025-05-19 17:36:51.709 70375 INFO tempest.lib.common.rest_client [req-5adbfc2f-a7af-48a6-925c-1c1a74ad4f96 req-5adbfc2f-a7af-48a6-925c-1c1a74ad4f96 ] Request (ServerDiskConfigTestJSON:setUpClass): 201 POST http://10.180.1.21:9696/networking/v2.0/subnets 1.448s
2025-05-19 17:36:51.868 70399 INFO tempest.lib.common.rest_client [req-ae33e59f-407b-4be2-b8f0-971068205cf4 req-ae33e59f-407b-4be2-b8f0-971068205cf4 ] Request (ServersTestBootFromVolume:setUpClass): 200 GET http://10.180.1.21/volume/v3/volumes/6c03493d-b63e-4f65-aa6e-5c60555b7d7a 0.036s
2025-05-19 17:36:51.887 70365 INFO tempest.lib.common.rest_client [req-4a0fe9d5-fc09-4909-8387-1300054a4ed6 req-4a0fe9d5-fc09-4909-8387-1300054a4ed6 ] Request (KeyPairsNegativeTestJSON:setUpClass): 201 POST http://10.180.1.21/identity/v3/auth/tokens 0.225s
2025-05-19 17:36:51.910 70349 INFO tempest.lib.common.rest_client [req-ab874218-6ba0-402e-ac76-f9f904d958b0 req-ab874218-6ba0-402e-ac76-f9f904d958b0 ] Request (ImagesDeleteNegativeTestJSON:setUpClass): 201 POST http://10.180.1.21/identity/v3/auth/tokens 0.341s
2025-05-19 17:36:51.936 70365 INFO tempest.lib.common.rest_client [req-fc8e1989-0dfb-49f4-b48d-21ecc8e8ce09 req-fc8e1989-0dfb-49f4-b48d-21ecc8e8ce09 ] Request (KeyPairsNegativeTestJSON:setUpClass): 200 GET http://10.180.1.21/identity/v3/domains?name=Default 0.048s
2025-05-19 17:36:51.964 70369 INFO tempest.lib.common.rest_client [req-60d8f976-bd5f-4578-b73e-5f8ca389bfce req-60d8f976-bd5f-4578-b73e-5f8ca389bfce ] Request (ServerDiagnosticsV248Test:tearDownClass): 204 DELETE http://10.180.1.21/identity/v3/users/0e5c08a8f11a425ebd1d950a07e09262 0.267s
2025-05-19 17:36:51.964 70369 INFO tempest.lib.common.dynamic_creds [-] Deleting project and security group for project: 9fe8accba3ba47bd979c80632a1f23b2
2025-05-19 17:36:52.006 70349 INFO tempest.lib.common.rest_client [req-db1568fb-1149-43c3-ac63-37103272c22e req-db1568fb-1149-43c3-ac63-37103272c22e ] Request (ImagesDeleteNegativeTestJSON:setUpClass): 201 POST http://10.180.1.21/identity/v3/auth/tokens 0.093s
2025-05-19 17:36:52.038 70369 INFO tempest.lib.common.rest_client [req-2db98b71-e626-4452-aaa4-7075e159f0cb req-2db98b71-e626-4452-aaa4-7075e159f0cb ] Request (ServerDiagnosticsV248Test:tearDownClass): 201 POST http://10.180.1.21/identity/v3/auth/tokens 0.073s
2025-05-19 17:36:52.061 70365 INFO tempest.lib.common.rest_client [req-713bb837-e7fa-4914-9212-3d62190ad6d8 req-713bb837-e7fa-4914-9212-3d62190ad6d8 ] Request (KeyPairsNegativeTestJSON:setUpClass): 201 POST http://10.180.1.21/identity/v3/projects 0.124s
2025-05-19 17:36:52.067 70349 INFO tempest.lib.common.rest_client [req-a7f4215d-a90a-4782-80e9-18c1e9acacb3 req-a7f4215d-a90a-4782-80e9-18c1e9acacb3 ] Request (ImagesDeleteNegativeTestJSON:setUpClass): 200 GET http://10.180.1.21/identity/v3/domains?name=Default 0.060s
2025-05-19 17:36:52.148 70365 INFO tempest.lib.common.rest_client [req-28c4f599-07d7-46a8-bef1-b5f948e4e5d6 req-28c4f599-07d7-46a8-bef1-b5f948e4e5d6 ] Request (KeyPairsNegativeTestJSON:setUpClass): 201 POST http://10.180.1.21/identity/v3/users 0.086s
2025-05-19 17:36:52.181 70345 INFO tempest.lib.common.rest_client [req-2cac48b9-267a-4ece-b3d3-85ce0a6c71e7 req-2cac48b9-267a-4ece-b3d3-85ce0a6c71e7 ] Request (ServersAdmin275Test:tearDownClass): 204 DELETE http://10.180.1.21:9696/networking/v2.0/security-groups/48d56ce8-8c72-4fca-b13a-7ff97333d3bc 0.505s
2025-05-19 17:36:52.184 70349 INFO tempest.lib.common.rest_client [req-bdec0b67-ab5d-438c-9055-d8cbb1d7df80 req-bdec0b67-ab5d-438c-9055-d8cbb1d7df80 ] Request (ImagesDeleteNegativeTestJSON:setUpClass): 201 POST http://10.180.1.21/identity/v3/projects 0.116s
2025-05-19 17:36:52.204 70391 INFO tempest.lib.common.rest_client [req-d59d4630-5e35-4a7a-baf2-682a4b486363 req-d59d4630-5e35-4a7a-baf2-682a4b486363 ] Request (VolumesAssistedSnapshotsTest:tearDownClass): 204 DELETE http://10.180.1.21:9696/networking/v2.0/routers/2a16f144-4cb8-4f9f-9bbb-f288985c1777 1.557s
2025-05-19 17:36:52.246 70365 INFO tempest.lib.common.rest_client [req-93d0b6ad-5afc-4a37-a552-3b9bcbbe49a1 req-93d0b6ad-5afc-4a37-a552-3b9bcbbe49a1 ] Request (KeyPairsNegativeTestJSON:setUpClass): 200 GET http://10.180.1.21/identity/v3/roles 0.098s
2025-05-19 17:36:52.329 70345 INFO tempest.lib.common.rest_client [req-ada576fe-65c5-4b6e-8d2a-95dd61079186 req-ada576fe-65c5-4b6e-8d2a-95dd61079186 ] Request (ServersAdmin275Test:tearDownClass): 204 DELETE http://10.180.1.21/identity/v3/projects/1455969f745445b7b49c5ea6f316a56a 0.147s
2025-05-19 17:36:52.371 70349 INFO tempest.lib.common.rest_client [req-64b363cd-c85a-495e-b3d4-cd1f0a6b3cbb req-64b363cd-c85a-495e-b3d4-cd1f0a6b3cbb ] Request (ImagesDeleteNegativeTestJSON:setUpClass): 201 POST http://10.180.1.21/identity/v3/users 0.186s
2025-05-19 17:36:52.399 70345 INFO tempest.lib.common.rest_client [req-9272aca3-9e98-4f65-a940-926202f4bfcf req-9272aca3-9e98-4f65-a940-926202f4bfcf ] Request (ImagesOneServerTestJSON:setUpClass): 201 POST http://10.180.1.21/identity/v3/auth/tokens 0.067s
2025-05-19 17:36:52.426 70349 INFO tempest.lib.common.rest_client [req-b0292362-6618-4afb-9dd1-809d2034b638 req-b0292362-6618-4afb-9dd1-809d2034b638 ] Request (ImagesDeleteNegativeTestJSON:setUpClass): 200 GET http://10.180.1.21/identity/v3/roles 0.053s
2025-05-19 17:36:52.429 70365 INFO tempest.lib.common.rest_client [req-e5106770-5785-42d6-8fa0-8a611e61dcbc req-e5106770-5785-42d6-8fa0-8a611e61dcbc ] Request (KeyPairsNegativeTestJSON:setUpClass): 204 PUT http://10.180.1.21/identity/v3/projects/9dc8522f6ea44eec88d942616cb18ffb/users/17c33418592c477ca7946f38a7feec1f/roles/f98af017260b4772a06a2c44e987c97c 0.182s
2025-05-19 17:36:52.429 70365 INFO tempest.lib.common.dynamic_creds [-] Dynamic test user 17c33418592c477ca7946f38a7feec1f is created with scope project and roles: ['member']
2025-05-19 17:36:52.429 70365 INFO tempest.lib.common.dynamic_creds [-] Acquired dynamic creds: credentials: Credentials: {'domain_id': 'default', 'domain_name': 'Default', 'username': 'tempest-KeyPairsNegativeTestJSON-1698084488-project-member', 'project_domain_id': 'default', 'project_domain_name': 'Default', 'project_id': '9dc8522f6ea44eec88d942616cb18ffb', 'project_name': 'tempest-KeyPairsNegativeTestJSON-1698084488', 'tenant_id': '9dc8522f6ea44eec88d942616cb18ffb', 'tenant_name': 'tempest-KeyPairsNegativeTestJSON-1698084488', 'user_domain_id': 'default', 'user_domain_name': 'Default', 'user_id': '17c33418592c477ca7946f38a7feec1f', 'system': None}, Network: None, Subnet: None, Router: None
2025-05-19 17:36:52.430 70365 INFO tempest.lib.common.dynamic_creds [-] Created isolated network resources for: credentials: Credentials: {'domain_id': 'default', 'domain_name': 'Default', 'username': 'tempest-KeyPairsNegativeTestJSON-1698084488-project-member', 'project_domain_id': 'default', 'project_domain_name': 'Default', 'project_id': '9dc8522f6ea44eec88d942616cb18ffb', 'project_name': 'tempest-KeyPairsNegativeTestJSON-1698084488', 'tenant_id': '9dc8522f6ea44eec88d942616cb18ffb', 'tenant_name': 'tempest-KeyPairsNegativeTestJSON-1698084488', 'user_domain_id': 'default', 'user_domain_name': 'Default', 'user_id': '17c33418592c477ca7946f38a7feec1f', 'system': None}, Network: None, Subnet: None, Router: None
2025-05-19 17:36:52.487 70345 INFO tempest.lib.common.rest_client [req-8aed211b-c34f-4ff7-bd42-f79aa41fc781 req-8aed211b-c34f-4ff7-bd42-f79aa41fc781 ] Request (ImagesOneServerTestJSON:setUpClass): 201 POST http://10.180.1.21/identity/v3/auth/tokens 0.081s
2025-05-19 17:36:52.505 70349 INFO tempest.lib.common.rest_client [req-a3a0e56d-93c1-4c2f-9e5a-6793c3a12469 req-a3a0e56d-93c1-4c2f-9e5a-6793c3a12469 ] Request (ImagesDeleteNegativeTestJSON:setUpClass): 204 PUT http://10.180.1.21/identity/v3/projects/a8dd648052754fcb9bb8fc4ecb6d2412/users/e92c5237537e46acbbed5d838dfc0abf/roles/f98af017260b4772a06a2c44e987c97c 0.078s
2025-05-19 17:36:52.506 70349 INFO tempest.lib.common.dynamic_creds [-] Dynamic test user e92c5237537e46acbbed5d838dfc0abf is created with scope project and roles: ['member']
2025-05-19 17:36:52.506 70349 INFO tempest.lib.common.dynamic_creds [-] Acquired dynamic creds: credentials: Credentials: {'domain_id': 'default', 'domain_name': 'Default', 'username': 'tempest-ImagesDeleteNegativeTestJSON-392225736-project-member', 'project_domain_id': 'default', 'project_domain_name': 'Default', 'project_id': 'a8dd648052754fcb9bb8fc4ecb6d2412', 'project_name': 'tempest-ImagesDeleteNegativeTestJSON-392225736', 'tenant_id': 'a8dd648052754fcb9bb8fc4ecb6d2412', 'tenant_name': 'tempest-ImagesDeleteNegativeTestJSON-392225736', 'user_domain_id': 'default', 'user_domain_name': 'Default', 'user_id': 'e92c5237537e46acbbed5d838dfc0abf', 'system': None}, Network: None, Subnet: None, Router: None
2025-05-19 17:36:52.506 70349 INFO tempest.lib.common.dynamic_creds [-] Created isolated network resources for: credentials: Credentials: {'domain_id': 'default', 'domain_name': 'Default', 'username': 'tempest-ImagesDeleteNegativeTestJSON-392225736-project-member', 'project_domain_id': 'default', 'project_domain_name': 'Default', 'project_id': 'a8dd648052754fcb9bb8fc4ecb6d2412', 'project_name': 'tempest-ImagesDeleteNegativeTestJSON-392225736', 'tenant_id': 'a8dd648052754fcb9bb8fc4ecb6d2412', 'tenant_name': 'tempest-ImagesDeleteNegativeTestJSON-392225736', 'user_domain_id': 'default', 'user_domain_name': 'Default', 'user_id': 'e92c5237537e46acbbed5d838dfc0abf', 'system': None}, Network: None, Subnet: None, Router: None
2025-05-19 17:36:52.561 70391 INFO tempest.lib.common.rest_client [req-edd1be78-b1fe-4a34-b431-63c91cb845b6 req-edd1be78-b1fe-4a34-b431-63c91cb845b6 ] Request (VolumesAssistedSnapshotsTest:tearDownClass): 204 DELETE http://10.180.1.21:9696/networking/v2.0/subnets/746a1edd-def2-4ff9-8a33-aaafc02e0023 0.356s
2025-05-19 17:36:52.574 70365 INFO tempest.lib.common.rest_client [req-b973e946-4bd3-46b6-a224-f6654564f16b req-b973e946-4bd3-46b6-a224-f6654564f16b ] Request (KeyPairsNegativeTestJSON:setUpClass): 201 POST http://10.180.1.21/identity/v3/auth/tokens 0.140s
2025-05-19 17:36:52.578 70345 INFO tempest.lib.common.rest_client [req-55135511-1969-4778-bf79-7827f4b8a578 req-55135511-1969-4778-bf79-7827f4b8a578 ] Request (ImagesOneServerTestJSON:setUpClass): 200 GET http://10.180.1.21/identity/v3/domains?name=Default 0.090s
2025-05-19 17:36:52.610 70383 INFO tempest.lib.common.rest_client [req-ea0389a7-3313-4717-a2ba-105cbbda29b0 req-ea0389a7-3313-4717-a2ba-105cbbda29b0 ] Request (FloatingIPsAssociationTestJSON:setUpClass): 202 POST http://10.180.1.21/compute/v2.1/servers 3.145s
2025-05-19 17:36:52.616 70345 INFO tempest.lib.common.rest_client [req-5335da00-54ef-437e-b433-c6a42d4258c1 req-5335da00-54ef-437e-b433-c6a42d4258c1 ] Request (ImagesOneServerTestJSON:setUpClass): 201 POST http://10.180.1.21/identity/v3/projects 0.037s
2025-05-19 17:36:52.641 70385 INFO tempest.lib.common.rest_client [req-0f665b82-775a-4294-a2fe-861bcd5acf3b req-0f665b82-775a-4294-a2fe-861bcd5acf3b ] Request (ServerRescueTestJSONUnderV235:setUpClass): 404 GET http://10.180.1.21/compute/v2.1/servers/e58bc673-0db2-4077-8569-d80e1d0ceadf 3.175s
2025-05-19 17:36:52.642 70385 INFO tempest.test [-] raised in ServerRescueTestJSONUnderV235.setUpClass. Invoking tearDownClass.
2025-05-19 17:36:52.646 70406 INFO tempest.lib.common.rest_client [req-45f9842e-0c78-462c-ad94-815f5f2a72bb req-45f9842e-0c78-462c-ad94-815f5f2a72bb ] Request (VolumesNegativeTest:test_create_volume_with_size_zero): 400 POST http://10.180.1.21/compute/v2.1/os-volumes 3.084s
2025-05-19 17:36:52.670 70353 INFO tempest.lib.common.rest_client [req-f1ef2486-efed-41e2-85d6-911dba8534af req-f1ef2486-efed-41e2-85d6-911dba8534af ] Request (FlavorsAdminTestJSON:test_is_public_string_variations): 200 POST http://10.180.1.21/compute/v2.1/flavors 2.987s
2025-05-19 17:36:52.674 70355 INFO tempest.lib.common.rest_client [req-4197e759-9029-4f5f-bf34-bbbc4ff631b6 req-4197e759-9029-4f5f-bf34-bbbc4ff631b6 ] Request (ServersWithSpecificFlavorTestJSON:tearDownClass): 204 DELETE http://10.180.1.21:9696/networking/v2.0/routers/0f852500-91b9-4c3d-9c79-1c1dca55a033 2.649s
2025-05-19 17:36:52.681 70345 INFO tempest.lib.common.rest_client [req-4d2b7fe0-7817-4435-98de-4cf301603543 req-4d2b7fe0-7817-4435-98de-4cf301603543 ] Request (ImagesOneServerTestJSON:setUpClass): 201 POST http://10.180.1.21/identity/v3/users 0.064s
