2025-04-29 01:30:26.109 70176 INFO tempest.lib.common.rest_client [req-3857619d-c075-49c3-bf64-95abf8e2bead req-3857619d-c075-49c3-bf64-95abf8e2bead ] Request (ServersWithSpecificFlavorTestJSON:setUpClass): 201 POST http://10.180.1.21/identity/v3/auth/tokens 0.120s
2025-04-29 01:30:26.115 70212 WARNING oslo_config.cfg [-] Deprecated: Option "auth_version" from group "identity" is deprecated for removal (Identity v2 API was removed and v3 is the only available identity API version now). Its value may be silently ignored in the future.
2025-04-29 01:30:26.116 70212 WARNING oslo_config.cfg [-] Deprecated: Option "access_rules" from group "identity-feature-enabled" is deprecated for removal (Access rules for application credentials is a default feature since Train). Its value may be silently ignored in the future.
2025-04-29 01:30:26.123 70214 INFO tempest.lib.common.rest_client [req-be1526ce-ef85-453f-9c17-d9c78006a4d4 req-be1526ce-ef85-453f-9c17-d9c78006a4d4 ] Request (VolumesAdminNegativeTest:setUpClass): 201 POST http://10.180.1.21/identity/v3/auth/tokens 0.117s
2025-04-29 01:30:26.136 70212 WARNING oslo_config.cfg [-] Deprecated: Option "import_image" from group "image-feature-enabled" is deprecated for removal (Issue with image import in WSGI mode was fixed in Victoria, and this feature works in any deployment architecture now.). Its value may be silently ignored in the future.
2025-04-29 01:30:26.136 70212 WARNING oslo_config.cfg [-] Deprecated: Option "os_glance_reserved" from group "image-feature-enabled" is deprecated for removal (os_glance namespace is always reserved since Wallaby). Its value may be silently ignored in the future.
2025-04-29 01:30:26.144 70182 INFO tempest.lib.common.rest_client [req-534c8c27-962a-4a30-b075-dcc04adf829c req-534c8c27-962a-4a30-b075-dcc04adf829c ] Request (QuotasAdminTestV257:setUpClass): 201 POST http://10.180.1.21/identity/v3/projects 0.077s
2025-04-29 01:30:26.151 70192 INFO tempest.lib.common.rest_client [req-07b431f1-35ee-4f0e-862f-86c642d03de2 req-07b431f1-35ee-4f0e-862f-86c642d03de2 ] Request (QuotaClassesAdmin257Test:setUpClass): 201 POST http://10.180.1.21/identity/v3/projects 0.072s
2025-04-29 01:30:26.196 70172 INFO tempest.lib.common.rest_client [req-22e830a3-65c4-4339-a182-7f5441df5115 req-22e830a3-65c4-4339-a182-7f5441df5115 ] Request (MigrationsAdminTest:setUpClass): 201 POST http://10.180.1.21/identity/v3/auth/tokens 0.101s
2025-04-29 01:30:26.218 70176 INFO tempest.lib.common.rest_client [req-5c9ce646-2963-4079-aff9-53539d13b6bd req-5c9ce646-2963-4079-aff9-53539d13b6bd ] Request (ServersWithSpecificFlavorTestJSON:setUpClass): 201 POST http://10.180.1.21/identity/v3/auth/tokens 0.097s
2025-04-29 01:30:26.224 70168 INFO tempest.lib.common.rest_client [req-91167f65-62b6-489e-801d-70f4ac0e9f11 req-91167f65-62b6-489e-801d-70f4ac0e9f11 ] Request (FlavorsV2TestJSON:setUpClass): 204 PUT http://10.180.1.21/identity/v3/projects/471f5e6ed7aa4596bb9bb5b68864dab2/users/8ab7fb9628794d309f5212bab98067f0/roles/f4ef515fd3d342ad83c12a663b78d6cb 0.130s
2025-04-29 01:30:26.224 70168 INFO tempest.lib.common.dynamic_creds [-] Dynamic test user 8ab7fb9628794d309f5212bab98067f0 is created with scope project and roles: ['member']
2025-04-29 01:30:26.224 70168 INFO tempest.lib.common.dynamic_creds [-] Acquired dynamic creds: credentials: Credentials: {'domain_id': 'default', 'domain_name': 'Default', 'username': 'tempest-FlavorsV2TestJSON-383917351-project-member', 'project_domain_id': 'default', 'project_domain_name': 'Default', 'project_id': '471f5e6ed7aa4596bb9bb5b68864dab2', 'project_name': 'tempest-FlavorsV2TestJSON-383917351', 'tenant_id': '471f5e6ed7aa4596bb9bb5b68864dab2', 'tenant_name': 'tempest-FlavorsV2TestJSON-383917351', 'user_domain_id': 'default', 'user_domain_name': 'Default', 'user_id': '8ab7fb9628794d309f5212bab98067f0', 'system': None}, Network: None, Subnet: None, Router: None
2025-04-29 01:30:26.228 70168 INFO tempest.lib.common.dynamic_creds [-] Created isolated network resources for: credentials: Credentials: {'domain_id': 'default', 'domain_name': 'Default', 'username': 'tempest-FlavorsV2TestJSON-383917351-project-member', 'project_domain_id': 'default', 'project_domain_name': 'Default', 'project_id': '471f5e6ed7aa4596bb9bb5b68864dab2', 'project_name': 'tempest-FlavorsV2TestJSON-383917351', 'tenant_id': '471f5e6ed7aa4596bb9bb5b68864dab2', 'tenant_name': 'tempest-FlavorsV2TestJSON-383917351', 'user_domain_id': 'default', 'user_domain_name': 'Default', 'user_id': '8ab7fb9628794d309f5212bab98067f0', 'system': None}, Network: None, Subnet: None, Router: None
2025-04-29 01:30:26.275 70214 INFO tempest.lib.common.rest_client [req-a716d25f-c506-4646-8247-3ad3f1edd1ec req-a716d25f-c506-4646-8247-3ad3f1edd1ec ] Request (VolumesAdminNegativeTest:setUpClass): 200 GET http://10.180.1.21/identity/v3/domains?name=Default 0.151s
2025-04-29 01:30:26.286 70182 INFO tempest.lib.common.rest_client [req-81e70063-626d-475b-8535-26cabf2099a0 req-81e70063-626d-475b-8535-26cabf2099a0 ] Request (QuotasAdminTestV257:setUpClass): 201 POST http://10.180.1.21/identity/v3/users 0.141s
2025-04-29 01:30:26.291 70192 INFO tempest.lib.common.rest_client [req-fa7cf0e5-cdd5-4f21-9ad2-3df494430a41 req-fa7cf0e5-cdd5-4f21-9ad2-3df494430a41 ] Request (QuotaClassesAdmin257Test:setUpClass): 201 POST http://10.180.1.21/identity/v3/users 0.139s
2025-04-29 01:30:26.313 70162 INFO tempest.lib.common.rest_client [req-c50b57a9-4176-4306-af45-1e3d1fa19cfb req-c50b57a9-4176-4306-af45-1e3d1fa19cfb ] Request (VolumesAssistedSnapshotsTest:setUpClass): 201 POST http://10.180.1.21/identity/v3/auth/tokens 0.151s
2025-04-29 01:30:26.315 70172 INFO tempest.lib.common.rest_client [req-60ff801d-992b-4aaf-af9a-ae7441e0ae93 req-60ff801d-992b-4aaf-af9a-ae7441e0ae93 ] Request (MigrationsAdminTest:setUpClass): 200 GET http://10.180.1.21/identity/v3/domains?name=Default 0.118s
2025-04-29 01:30:26.331 70204 INFO tempest.lib.common.rest_client [req-6e144495-aed1-4b46-8086-e7cd4779b685 req-6e144495-aed1-4b46-8086-e7cd4779b685 ] Request (HypervisorAdminNegativeUnderV252Test:setUpClass): 201 POST http://10.180.1.21/identity/v3/auth/tokens 0.128s
2025-04-29 01:30:26.339 70198 INFO tempest.lib.common.rest_client [req-ed3e9870-5c91-4689-ab69-2cbf2bf2e818 req-ed3e9870-5c91-4689-ab69-2cbf2bf2e818 ] Request (FlavorMetadataValidation:setUpClass): 201 POST http://10.180.1.21/identity/v3/auth/tokens 0.134s
2025-04-29 01:30:26.356 70188 INFO tempest.lib.common.rest_client [req-c1a17da0-ec6f-4bd4-b126-7d65e2c742b6 req-c1a17da0-ec6f-4bd4-b126-7d65e2c742b6 ] Request (InstanceUsageAuditLogNegativeTestJSON:setUpClass): 201 POST http://10.180.1.21/identity/v3/auth/tokens 0.142s
2025-04-29 01:30:26.362 70176 INFO tempest.lib.common.rest_client [req-becc64b7-172c-43f6-a79e-b03f3b934733 req-becc64b7-172c-43f6-a79e-b03f3b934733 ] Request (ServersWithSpecificFlavorTestJSON:setUpClass): 200 GET http://10.180.1.21/identity/v3/domains?name=Default 0.143s
2025-04-29 01:30:26.384 70182 INFO tempest.lib.common.rest_client [req-2e1cf728-017c-4171-9add-89705e3c4aaa req-2e1cf728-017c-4171-9add-89705e3c4aaa ] Request (QuotasAdminTestV257:setUpClass): 200 GET http://10.180.1.21/identity/v3/roles 0.097s
2025-04-29 01:30:26.392 70214 INFO tempest.lib.common.rest_client [req-011ac555-9e39-4f77-af36-a3af9ec20acc req-011ac555-9e39-4f77-af36-a3af9ec20acc ] Request (VolumesAdminNegativeTest:setUpClass): 201 POST http://10.180.1.21/identity/v3/projects 0.114s
2025-04-29 01:30:26.401 70192 INFO tempest.lib.common.rest_client [req-29bb85ae-1249-4516-aa9c-ff5918587bb2 req-29bb85ae-1249-4516-aa9c-ff5918587bb2 ] Request (QuotaClassesAdmin257Test:setUpClass): 200 GET http://10.180.1.21/identity/v3/roles 0.109s
2025-04-29 01:30:26.453 70172 INFO tempest.lib.common.rest_client [req-ea213b39-6ee7-4085-b529-f82e74c6ab1c req-ea213b39-6ee7-4085-b529-f82e74c6ab1c ] Request (MigrationsAdminTest:setUpClass): 201 POST http://10.180.1.21/identity/v3/projects 0.135s
2025-04-29 01:30:26.487 70162 INFO tempest.lib.common.rest_client [req-f803ea6d-fea0-4523-8e21-ac7e13dabb82 req-f803ea6d-fea0-4523-8e21-ac7e13dabb82 ] Request (VolumesAssistedSnapshotsTest:setUpClass): 201 POST http://10.180.1.21/identity/v3/auth/tokens 0.160s
2025-04-29 01:30:26.527 70168 INFO tempest.lib.common.rest_client [req-d4479ce9-dbdb-44f5-88b7-70dea72ab072 req-d4479ce9-dbdb-44f5-88b7-70dea72ab072 ] Request (FlavorsV2TestJSON:setUpClass): 201 POST http://10.180.1.21/identity/v3/auth/tokens 0.193s
2025-04-29 01:30:26.538 70198 INFO tempest.lib.common.rest_client [req-0123e647-37e9-4bd0-be82-33a08587fc4f req-0123e647-37e9-4bd0-be82-33a08587fc4f ] Request (FlavorMetadataValidation:setUpClass): 201 POST http://10.180.1.21/identity/v3/auth/tokens 0.194s
2025-04-29 01:30:26.547 70204 INFO tempest.lib.common.rest_client [req-442e3640-862f-42d4-b2fd-c30eeda25026 req-442e3640-862f-42d4-b2fd-c30eeda25026 ] Request (HypervisorAdminNegativeUnderV252Test:setUpClass): 201 POST http://10.180.1.21/identity/v3/auth/tokens 0.208s
2025-04-29 01:30:26.563 70188 INFO tempest.lib.common.rest_client [req-766b4d8c-d8ed-4247-98a1-c9d461d95bf7 req-766b4d8c-d8ed-4247-98a1-c9d461d95bf7 ] Request (InstanceUsageAuditLogNegativeTestJSON:setUpClass): 201 POST http://10.180.1.21/identity/v3/auth/tokens 0.202s
2025-04-29 01:30:26.573 70190 INFO tempest.lib.common.rest_client [req-5ffe54ef-d7d3-4b72-8980-dd4ff4af3699 req-5ffe54ef-d7d3-4b72-8980-dd4ff4af3699 ] Request (SecurityGroupsTestAdminJSON:setUpClass): 201 POST http://10.180.1.21/identity/v3/auth/tokens 0.204s
2025-04-29 01:30:26.587 70176 INFO tempest.lib.common.rest_client [req-3b0ce107-e741-49f3-8774-39672f189404 req-3b0ce107-e741-49f3-8774-39672f189404 ] Request (ServersWithSpecificFlavorTestJSON:setUpClass): 201 POST http://10.180.1.21/identity/v3/projects 0.220s
2025-04-29 01:30:26.633 70180 INFO tempest.lib.common.rest_client [req-6fd74020-38ba-4ec9-a695-323e50f64946 req-6fd74020-38ba-4ec9-a695-323e50f64946 ] Request (HostsAdminTestJSON:setUpClass): 201 POST http://10.180.1.21/identity/v3/auth/tokens 0.257s
2025-04-29 01:30:26.643 70182 INFO tempest.lib.common.rest_client [req-d15aa72a-ea06-4b3a-b50b-2d31882897d0 req-d15aa72a-ea06-4b3a-b50b-2d31882897d0 ] Request (QuotasAdminTestV257:setUpClass): 204 PUT http://10.180.1.21/identity/v3/projects/0f2d43f426ff4e98883a5e2fc910d61c/users/ff64219cd35b450eaad107313f51099f/roles/6372e5ee270f4e5dbb823572c6a6a5b3 0.259s
2025-04-29 01:30:26.654 70214 INFO tempest.lib.common.rest_client [req-cc6d2dc3-d432-46d9-a352-1e089a441123 req-cc6d2dc3-d432-46d9-a352-1e089a441123 ] Request (VolumesAdminNegativeTest:setUpClass): 201 POST http://10.180.1.21/identity/v3/users 0.261s
2025-04-29 01:30:26.695 70192 INFO tempest.lib.common.rest_client [req-2c683b7a-563d-4d5f-9201-10f4449d7e7b req-2c683b7a-563d-4d5f-9201-10f4449d7e7b ] Request (QuotaClassesAdmin257Test:setUpClass): 204 PUT http://10.180.1.21/identity/v3/projects/be25910761ec47959367025595a8f1de/users/2f0a9d8c15814f68902631a5200dd023/roles/6372e5ee270f4e5dbb823572c6a6a5b3 0.291s
2025-04-29 01:30:26.699 70164 INFO tempest.test [-] raised in LiveMigrationRemoteConsolesV26Test.setUpClass. Invoking tearDownClass.
2025-04-29 01:30:26.705 70172 INFO tempest.lib.common.rest_client [req-7ff21c73-f443-48c7-8dd3-b3fe11964645 req-7ff21c73-f443-48c7-8dd3-b3fe11964645 ] Request (MigrationsAdminTest:setUpClass): 201 POST http://10.180.1.21/identity/v3/users 0.251s
2025-04-29 01:30:26.747 70196 INFO tempest.lib.common.rest_client [req-ed4ef927-4c1b-4353-bf07-d37f13a6a4b1 req-ed4ef927-4c1b-4353-bf07-d37f13a6a4b1 ] Request (FlavorsAdminTestJSON:setUpClass): 201 POST http://10.180.1.21/identity/v3/auth/tokens 0.230s
2025-04-29 01:30:26.749 70162 INFO tempest.lib.common.rest_client [req-6c9216cd-26bf-4efc-a318-a51fc03d6665 req-6c9216cd-26bf-4efc-a318-a51fc03d6665 ] Request (VolumesAssistedSnapshotsTest:setUpClass): 200 GET http://10.180.1.21/identity/v3/domains?name=Default 0.251s
2025-04-29 01:30:26.754 70179 INFO tempest.test [-] raised in ServersOnMultiNodesTest.setUpClass. Invoking tearDownClass.
2025-04-29 01:30:26.773 70208 INFO tempest.lib.common.rest_client [req-75b8cac6-7e28-45ab-bb3c-143a1506ee2a req-75b8cac6-7e28-45ab-bb3c-143a1506ee2a ] Request (QuotaClassesAdminTestJSON:setUpClass): 201 POST http://10.180.1.21/identity/v3/auth/tokens 0.238s
2025-04-29 01:30:26.794 70198 INFO tempest.lib.common.rest_client [req-7f23552d-1418-4baf-aa3f-16e51e78d316 req-7f23552d-1418-4baf-aa3f-16e51e78d316 ] Request (FlavorMetadataValidation:setUpClass): 200 GET http://10.180.1.21/identity/v3/domains?name=Default 0.256s
2025-04-29 01:30:26.819 70200 INFO tempest.lib.common.rest_client [req-47fa1eb5-80d6-4ca5-943f-c884d45327e5 req-47fa1eb5-80d6-4ca5-943f-c884d45327e5 ] Request (ServersAdmin275Test:setUpClass): 201 POST http://10.180.1.21/identity/v3/auth/tokens 0.259s
2025-04-29 01:30:26.834 70204 INFO tempest.lib.common.rest_client [req-af8c1b29-e41d-4a14-ac53-8c1cc42d3994 req-af8c1b29-e41d-4a14-ac53-8c1cc42d3994 ] Request (HypervisorAdminNegativeUnderV252Test:setUpClass): 200 GET http://10.180.1.21/identity/v3/domains?name=Default 0.271s
2025-04-29 01:30:26.836 70168 INFO tempest.lib.common.rest_client [req-8471f751-e999-4771-aa78-614d2a2b8903 req-8471f751-e999-4771-aa78-614d2a2b8903 ] Request (FlavorsV2TestJSON:test_get_flavor): 200 GET http://10.180.1.21/compute/v2.1/flavors/42 0.307s
2025-04-29 01:30:26.842 70188 INFO tempest.lib.common.rest_client [req-e90c292d-3b10-4286-abaf-a28ea7644af5 req-e90c292d-3b10-4286-abaf-a28ea7644af5 ] Request (InstanceUsageAuditLogNegativeTestJSON:setUpClass): 200 GET http://10.180.1.21/identity/v3/domains?name=Default 0.278s
2025-04-29 01:30:26.850 70210 INFO tempest.test [-] raised in LiveMigrationTest.setUpClass. Invoking tearDownClass.
2025-04-29 01:30:26.860 70166 INFO tempest.lib.common.rest_client [req-c91cd53c-c574-4257-8a90-120d817ba60e req-c91cd53c-c574-4257-8a90-120d817ba60e ] Request (HypervisorAdminTestJSON:setUpClass): 201 POST http://10.180.1.21/identity/v3/auth/tokens 0.286s
2025-04-29 01:30:26.867 70190 INFO tempest.lib.common.rest_client [req-1dcf70bf-011b-428e-bd44-d1a98757c16d req-1dcf70bf-011b-428e-bd44-d1a98757c16d ] Request (SecurityGroupsTestAdminJSON:setUpClass): 201 POST http://10.180.1.21/identity/v3/auth/tokens 0.286s
2025-04-29 01:30:26.880 70176 INFO tempest.lib.common.rest_client [req-fb0f46b2-c442-416d-896a-8bf9dfb76f7e req-fb0f46b2-c442-416d-896a-8bf9dfb76f7e ] Request (ServersWithSpecificFlavorTestJSON:setUpClass): 201 POST http://10.180.1.21/identity/v3/users 0.293s
2025-04-29 01:30:26.881 70168 INFO tempest.lib.common.rest_client [req-f93bffce-5016-43dd-ad4a-e9892d518d22 req-f93bffce-5016-43dd-ad4a-e9892d518d22 ] Request (FlavorsV2TestJSON:test_list_flavors): 200 GET http://10.180.1.21/compute/v2.1/flavors 0.038s
2025-04-29 01:30:26.893 70186 INFO tempest.lib.common.rest_client [req-b6b7b63e-590e-4460-94fd-419e2dfc9799 req-b6b7b63e-590e-4460-94fd-419e2dfc9799 ] Request (FlavorsAccessNegativeTestJSON:setUpClass): 201 POST http://10.180.1.21/identity/v3/auth/tokens 0.280s
2025-04-29 01:30:26.902 70168 INFO tempest.lib.common.rest_client [req-7cff9da4-e961-44d0-963f-cf2f5af1a159 req-7cff9da4-e961-44d0-963f-cf2f5af1a159 ] Request (FlavorsV2TestJSON:test_list_flavors): 200 GET http://10.180.1.21/compute/v2.1/flavors/42 0.015s
2025-04-29 01:30:26.914 70170 INFO tempest.lib.common.rest_client [req-d976ab1e-de31-486d-9008-4cbaca63126c req-d976ab1e-de31-486d-9008-4cbaca63126c ] Request (HypervisorAdminNegativeTestJSON:setUpClass): 201 POST http://10.180.1.21/identity/v3/auth/tokens 0.281s
2025-04-29 01:30:26.926 70168 INFO tempest.lib.common.rest_client [req-420d609c-0e63-4e55-b249-b4ebe64bee84 req-420d609c-0e63-4e55-b249-b4ebe64bee84 ] Request (FlavorsV2TestJSON:test_list_flavors_detailed_filter_by_min_disk): 200 GET http://10.180.1.21/compute/v2.1/flavors/42 0.020s
2025-04-29 01:30:26.938 70180 INFO tempest.lib.common.rest_client [req-ac6a641f-28cb-4b30-b85d-b49c24f14625 req-ac6a641f-28cb-4b30-b85d-b49c24f14625 ] Request (HostsAdminTestJSON:setUpClass): 201 POST http://10.180.1.21/identity/v3/auth/tokens 0.300s
2025-04-29 01:30:26.954 70182 INFO tempest.lib.common.rest_client [req-25cd2d1f-64ef-4a16-a5f1-9325d6886b7b req-25cd2d1f-64ef-4a16-a5f1-9325d6886b7b ] Request (QuotasAdminTestV257:setUpClass): 200 GET http://10.180.1.21/identity/v3/roles 0.310s
2025-04-29 01:30:26.956 70168 INFO tempest.lib.common.rest_client [req-9c32875b-3ab7-4203-8600-efae1c0efc62 req-9c32875b-3ab7-4203-8600-efae1c0efc62 ] Request (FlavorsV2TestJSON:test_list_flavors_detailed_filter_by_min_disk): 200 GET http://10.180.1.21/compute/v2.1/flavors/detail?minDisk=2 0.028s
2025-04-29 01:30:26.977 70220 INFO tempest.lib.common.rest_client [req-41444761-d8ac-4774-bcf2-ea21e2b51be9 req-41444761-d8ac-4774-bcf2-ea21e2b51be9 ] Request (HypervisorAdminUnderV252Test:setUpClass): 201 POST http://10.180.1.21/identity/v3/auth/tokens 0.325s
2025-04-29 01:30:26.980 70168 INFO tempest.lib.common.rest_client [req-52b9d7aa-9397-4503-81b0-cdb45f2b28e8 req-52b9d7aa-9397-4503-81b0-cdb45f2b28e8 ] Request (FlavorsV2TestJSON:test_list_flavors_detailed_filter_by_min_ram): 200 GET http://10.180.1.21/compute/v2.1/flavors/42 0.018s
2025-04-29 01:30:26.993 70214 INFO tempest.lib.common.rest_client [req-3e12099e-0344-4f67-aa01-259e24b100d6 req-3e12099e-0344-4f67-aa01-259e24b100d6 ] Request (VolumesAdminNegativeTest:setUpClass): 200 GET http://10.180.1.21/identity/v3/roles 0.339s
2025-04-29 01:30:27.010 70168 INFO tempest.lib.common.rest_client [req-64eb743b-d013-4d35-a647-2e3bb31ba8a1 req-64eb743b-d013-4d35-a647-2e3bb31ba8a1 ] Request (FlavorsV2TestJSON:test_list_flavors_detailed_filter_by_min_ram): 200 GET http://10.180.1.21/compute/v2.1/flavors/detail?minRam=193 0.027s
2025-04-29 01:30:27.016 70174 INFO tempest.lib.common.rest_client [req-02ce3e17-c494-470c-b107-a579a8b8454e req-02ce3e17-c494-470c-b107-a579a8b8454e ] Request (FlavorsAccessTestJSON:setUpClass): 201 POST http://10.180.1.21/identity/v3/auth/tokens 0.345s
2025-04-29 01:30:27.032 70168 INFO tempest.lib.common.rest_client [req-f9ed7bd9-7850-4165-9bb9-63c441c41f63 req-f9ed7bd9-7850-4165-9bb9-63c441c41f63 ] Request (FlavorsV2TestJSON:test_list_flavors_detailed_limit_results): 200 GET http://10.180.1.21/compute/v2.1/flavors/detail?limit=1 0.017s
2025-04-29 01:30:27.033 70218 INFO tempest.lib.common.rest_client [req-74621128-6f6b-44d9-97f7-e3df8131aa35 req-74621128-6f6b-44d9-97f7-e3df8131aa35 ] Request (QuotasAdminTestJSON:setUpClass): 201 POST http://10.180.1.21/identity/v3/auth/tokens 0.415s
2025-04-29 01:30:27.039 70184 INFO tempest.lib.common.rest_client [req-bea558b3-a18c-4de8-8d12-0fb997cdc72d req-bea558b3-a18c-4de8-8d12-0fb997cdc72d ] Request (FlavorsExtraSpecsTestJSON:setUpClass): 201 POST http://10.180.1.21/identity/v3/auth/tokens 0.361s
2025-04-29 01:30:27.049 70192 INFO tempest.lib.common.rest_client [req-9226d0b7-0515-4821-aba6-59ad9156864d req-9226d0b7-0515-4821-aba6-59ad9156864d ] Request (QuotaClassesAdmin257Test:setUpClass): 200 GET http://10.180.1.21/identity/v3/roles 0.353s
2025-04-29 01:30:27.050 70168 INFO tempest.lib.common.rest_client [req-571d14af-84e2-4f59-97a9-92db8aba35f6 req-571d14af-84e2-4f59-97a9-92db8aba35f6 ] Request (FlavorsV2TestJSON:test_list_flavors_detailed_using_marker): 200 GET http://10.180.1.21/compute/v2.1/flavors/42 0.014s
2025-04-29 01:30:27.056 70172 INFO tempest.lib.common.rest_client [req-5f75e653-503d-41a8-96d4-cf3dc9db270f req-5f75e653-503d-41a8-96d4-cf3dc9db270f ] Request (MigrationsAdminTest:setUpClass): 200 GET http://10.180.1.21/identity/v3/roles 0.351s
2025-04-29 01:30:27.075 70164 INFO tempest.lib.common.rest_client [req-c7668dbe-09d2-4e0b-ab04-1ceb30da3f80 req-c7668dbe-09d2-4e0b-ab04-1ceb30da3f80 ] Request (NetworksTest:setUpClass): 201 POST http://10.180.1.21/identity/v3/auth/tokens 0.357s
2025-04-29 01:30:27.079 70202 INFO tempest.lib.common.rest_client [req-febce34c-a41d-4a70-8235-0ffcbfad0f03 req-febce34c-a41d-4a70-8235-0ffcbfad0f03 ] Request (AZAdminV2TestJSON:setUpClass): 201 POST http://10.180.1.21/identity/v3/auth/tokens 0.354s
2025-04-29 01:30:27.091 70168 INFO tempest.lib.common.rest_client [req-3cb4ff3f-8f59-4377-93e8-dda770e07776 req-3cb4ff3f-8f59-4377-93e8-dda770e07776 ] Request (FlavorsV2TestJSON:test_list_flavors_detailed_using_marker): 200 GET http://10.180.1.21/compute/v2.1/flavors/detail?marker=42 0.038s
2025-04-29 01:30:27.097 70196 INFO tempest.lib.common.rest_client [req-5db25211-97f3-4aea-a8b5-26cf19710e0a req-5db25211-97f3-4aea-a8b5-26cf19710e0a ] Request (FlavorsAdminTestJSON:setUpClass): 201 POST http://10.180.1.21/identity/v3/auth/tokens 0.344s
2025-04-29 01:30:27.100 70195 INFO tempest.lib.common.rest_client [req-789683e0-d131-4c9f-9a4b-500229b88289 req-789683e0-d131-4c9f-9a4b-500229b88289 ] Request (FlavorsV255TestJSON:setUpClass): 201 POST http://10.180.1.21/identity/v3/auth/tokens 0.348s
2025-04-29 01:30:27.110 70168 INFO tempest.lib.common.rest_client [req-17514e7e-1aa6-4c78-be0e-b771ed5e3628 req-17514e7e-1aa6-4c78-be0e-b771ed5e3628 ] Request (FlavorsV2TestJSON:test_list_flavors_filter_by_min_disk): 200 GET http://10.180.1.21/compute/v2.1/flavors/42 0.015s
2025-04-29 01:30:27.119 70162 INFO tempest.lib.common.rest_client [req-82318c08-f5e2-4d2b-85ce-6110461ee62e req-82318c08-f5e2-4d2b-85ce-6110461ee62e ] Request (VolumesAssistedSnapshotsTest:setUpClass): 201 POST http://10.180.1.21/identity/v3/projects 0.357s
2025-04-29 01:30:27.136 70168 INFO tempest.lib.common.rest_client [req-2094c7ee-dbfa-4b81-98e3-32055bcbcb78 req-2094c7ee-dbfa-4b81-98e3-32055bcbcb78 ] Request (FlavorsV2TestJSON:test_list_flavors_filter_by_min_disk): 200 GET http://10.180.1.21/compute/v2.1/flavors?minDisk=2 0.024s
2025-04-29 01:30:27.149 70179 INFO tempest.lib.common.rest_client [req-ede2af01-7259-4234-b7b1-0ac796078930 req-ede2af01-7259-4234-b7b1-0ac796078930 ] Request (AbsoluteLimitsNegativeTestJSON:setUpClass): 201 POST http://10.180.1.21/identity/v3/auth/tokens 0.388s
2025-04-29 01:30:27.155 70168 INFO tempest.lib.common.rest_client [req-efed20ed-8ce6-42ae-9e86-c2b62fb2a5e5 req-efed20ed-8ce6-42ae-9e86-c2b62fb2a5e5 ] Request (FlavorsV2TestJSON:test_list_flavors_filter_by_min_ram): 200 GET http://10.180.1.21/compute/v2.1/flavors/42 0.016s
2025-04-29 01:30:27.165 70206 INFO tempest.lib.common.rest_client [req-50842a20-36fe-4790-9623-8526ac0842a3 req-50842a20-36fe-4790-9623-8526ac0842a3 ] Request (AggregatesAdminNegativeTestJSON:setUpClass): 201 POST http://10.180.1.21/identity/v3/auth/tokens 0.390s
2025-04-29 01:30:27.172 70208 INFO tempest.lib.common.rest_client [req-8ecfc81c-72a8-4ed8-b76e-6f419ab84d6e req-8ecfc81c-72a8-4ed8-b76e-6f419ab84d6e ] Request (QuotaClassesAdminTestJSON:setUpClass): 201 POST http://10.180.1.21/identity/v3/auth/tokens 0.391s
2025-04-29 01:30:27.184 70168 INFO tempest.lib.common.rest_client [req-6482548d-0359-4f8e-8188-60178a9b9051 req-6482548d-0359-4f8e-8188-60178a9b9051 ] Request (FlavorsV2TestJSON:test_list_flavors_filter_by_min_ram): 200 GET http://10.180.1.21/compute/v2.1/flavors?minRam=193 0.026s
2025-04-29 01:30:27.189 70198 INFO tempest.lib.common.rest_client [req-dae5977a-bb48-4083-bba8-88ed4e24c709 req-dae5977a-bb48-4083-bba8-88ed4e24c709 ] Request (FlavorMetadataValidation:setUpClass): 201 POST http://10.180.1.21/identity/v3/projects 0.392s
2025-04-29 01:30:27.208 70168 INFO tempest.lib.common.rest_client [req-9a9b3b0b-7247-499c-9f08-0622fc895179 req-9a9b3b0b-7247-499c-9f08-0622fc895179 ] Request (FlavorsV2TestJSON:test_list_flavors_limit_results): 200 GET http://10.180.1.21/compute/v2.1/flavors?limit=1 0.020s
2025-04-29 01:30:27.223 70222 INFO tempest.lib.common.rest_client [req-6966f1dd-cabd-4317-81c1-bc6e917dba85 req-6966f1dd-cabd-4317-81c1-bc6e917dba85 ] Request (HypervisorAdminV253TestBase:setUpClass): 201 POST http://10.180.1.21/identity/v3/auth/tokens 0.418s
2025-04-29 01:30:27.225 70168 INFO tempest.lib.common.rest_client [req-5972541f-954c-4364-9680-cdc1455dce5f req-5972541f-954c-4364-9680-cdc1455dce5f ] Request (FlavorsV2TestJSON:test_list_flavors_using_marker): 200 GET http://10.180.1.21/compute/v2.1/flavors/42 0.014s
2025-04-29 01:30:27.233 70216 INFO tempest.lib.common.rest_client [req-04515cbb-029a-44da-96e2-542553362edf req-04515cbb-029a-44da-96e2-542553362edf ] Request (FloatingIPsTestJSON:setUpClass): 201 POST http://10.180.1.21/identity/v3/auth/tokens 0.417s
2025-04-29 01:30:27.245 70200 INFO tempest.lib.common.rest_client [req-7f9f4939-16d8-4f9d-a1ae-152567d5f0dc req-7f9f4939-16d8-4f9d-a1ae-152567d5f0dc ] Request (ServersAdmin275Test:setUpClass): 201 POST http://10.180.1.21/identity/v3/auth/tokens 0.422s
2025-04-29 01:30:27.255 70204 INFO tempest.lib.common.rest_client [req-585d50e9-7012-425c-8448-b9e3af5670bb req-585d50e9-7012-425c-8448-b9e3af5670bb ] Request (HypervisorAdminNegativeUnderV252Test:setUpClass): 201 POST http://10.180.1.21/identity/v3/projects 0.418s
2025-04-29 01:30:27.256 70168 INFO tempest.lib.common.rest_client [req-f497c684-c38a-483b-b1fe-873f34a6bb1d req-f497c684-c38a-483b-b1fe-873f34a6bb1d ] Request (FlavorsV2TestJSON:test_list_flavors_using_marker): 200 GET http://10.180.1.21/compute/v2.1/flavors?marker=42 0.029s
2025-04-29 01:30:27.273 70188 INFO tempest.lib.common.rest_client [req-bea7229c-c8c5-48c5-bb4a-11149e67f604 req-bea7229c-c8c5-48c5-bb4a-11149e67f604 ] Request (InstanceUsageAuditLogNegativeTestJSON:setUpClass): 201 POST http://10.180.1.21/identity/v3/projects 0.429s
2025-04-29 01:30:27.286 70168 INFO tempest.lib.common.rest_client [req-1c312f7c-cc41-452c-ad42-37d05fb3a8d6 req-1c312f7c-cc41-452c-ad42-37d05fb3a8d6 ] Request (FlavorsV2TestJSON:test_list_flavors_with_detail): 200 GET http://10.180.1.21/compute/v2.1/flavors/detail 0.026s
2025-04-29 01:30:27.303 70224 INFO tempest.lib.common.rest_client [req-0fa84f0e-96bb-4557-bd9d-cd333538ce02 req-0fa84f0e-96bb-4557-bd9d-cd333538ce02 ] Request (AZAdminNegativeTestJSON:setUpClass): 201 POST http://10.180.1.21/identity/v3/auth/tokens 0.447s
2025-04-29 01:30:27.303 70168 INFO tempest.lib.common.rest_client [req-5b015921-7a63-4f0c-95b2-1b1baeaeeb38 req-5b015921-7a63-4f0c-95b2-1b1baeaeeb38 ] Request (FlavorsV2TestJSON:test_list_flavors_with_detail): 200 GET http://10.180.1.21/compute/v2.1/flavors/42 0.013s
2025-04-29 01:30:27.322 70210 INFO tempest.lib.common.rest_client [req-404be541-bb26-4e22-8552-35d9c268a265 req-404be541-bb26-4e22-8552-35d9c268a265 ] Request (QuotasAdminTestV236:setUpClass): 201 POST http://10.180.1.21/identity/v3/auth/tokens 0.465s
2025-04-29 01:30:27.325 70212 INFO tempest.lib.common.rest_client [req-aac6b00e-aabd-4a05-bf13-afbb541884dc req-aac6b00e-aabd-4a05-bf13-afbb541884dc ] Request (DeleteServersAdminTestJSON:setUpClass): 201 POST http://10.180.1.21/identity/v3/auth/tokens 0.466s
2025-04-29 01:30:27.344 70190 INFO tempest.lib.common.rest_client [req-df6b6a3a-c218-465a-9112-f89588dd8044 req-df6b6a3a-c218-465a-9112-f89588dd8044 ] Request (SecurityGroupsTestAdminJSON:setUpClass): 200 GET http://10.180.1.21/identity/v3/domains?name=Default 0.477s
2025-04-29 01:30:27.345 70166 INFO tempest.lib.common.rest_client [req-31bdd8fa-8e04-46a7-94f8-31dc449f9d43 req-31bdd8fa-8e04-46a7-94f8-31dc449f9d43 ] Request (HypervisorAdminTestJSON:setUpClass): 201 POST http://10.180.1.21/identity/v3/auth/tokens 0.481s
2025-04-29 01:30:27.360 70176 INFO tempest.lib.common.rest_client [req-95645d8e-5f09-4248-a1e9-dcf97a11b800 req-95645d8e-5f09-4248-a1e9-dcf97a11b800 ] Request (ServersWithSpecificFlavorTestJSON:setUpClass): 200 GET http://10.180.1.21/identity/v3/roles 0.479s
2025-04-29 01:30:27.366 70186 INFO tempest.lib.common.rest_client [req-174de1a0-eaca-445e-91ab-ecb1c82d2063 req-174de1a0-eaca-445e-91ab-ecb1c82d2063 ] Request (FlavorsAccessNegativeTestJSON:setUpClass): 201 POST http://10.180.1.21/identity/v3/auth/tokens 0.469s
2025-04-29 01:30:27.381 70170 INFO tempest.lib.common.rest_client [req-02520a0e-8878-4864-a0ab-0d794b663ee4 req-02520a0e-8878-4864-a0ab-0d794b663ee4 ] Request (HypervisorAdminNegativeTestJSON:setUpClass): 201 POST http://10.180.1.21/identity/v3/auth/tokens 0.463s
2025-04-29 01:30:27.385 70180 INFO tempest.lib.common.rest_client [req-2223c12c-1eff-4340-be15-1434423a2181 req-2223c12c-1eff-4340-be15-1434423a2181 ] Request (HostsAdminTestJSON:setUpClass): 200 GET http://10.180.1.21/identity/v3/domains?name=Default 0.446s
2025-04-29 01:30:27.394 70182 INFO tempest.lib.common.rest_client [req-eabe0991-4a59-430c-96b0-5799f7e5cdc5 req-eabe0991-4a59-430c-96b0-5799f7e5cdc5 ] Request (QuotasAdminTestV257:setUpClass): 204 PUT http://10.180.1.21/identity/v3/projects/0f2d43f426ff4e98883a5e2fc910d61c/users/ff64219cd35b450eaad107313f51099f/roles/6372e5ee270f4e5dbb823572c6a6a5b3 0.440s
2025-04-29 01:30:27.394 70182 INFO tempest.lib.common.dynamic_creds [-] Dynamic test user ff64219cd35b450eaad107313f51099f is created with scope project and roles: ['admin']
2025-04-29 01:30:27.394 70182 INFO tempest.lib.common.dynamic_creds [-] Acquired dynamic creds: credentials: Credentials: {'domain_id': 'default', 'domain_name': 'Default', 'username': 'tempest-QuotasAdminTestV257-709156073-project-admin', 'project_domain_id': 'default', 'project_domain_name': 'Default', 'project_id': '0f2d43f426ff4e98883a5e2fc910d61c', 'project_name': 'tempest-QuotasAdminTestV257-709156073', 'tenant_id': '0f2d43f426ff4e98883a5e2fc910d61c', 'tenant_name': 'tempest-QuotasAdminTestV257-709156073', 'user_domain_id': 'default', 'user_domain_name': 'Default', 'user_id': 'ff64219cd35b450eaad107313f51099f', 'system': None}, Network: None, Subnet: None, Router: None
2025-04-29 01:30:27.394 70182 INFO tempest.lib.common.dynamic_creds [-] Created isolated network resources for: credentials: Credentials: {'domain_id': 'default', 'domain_name': 'Default', 'username': 'tempest-QuotasAdminTestV257-709156073-project-admin', 'project_domain_id': 'default', 'project_domain_name': 'Default', 'project_id': '0f2d43f426ff4e98883a5e2fc910d61c', 'project_name': 'tempest-QuotasAdminTestV257-709156073', 'tenant_id': '0f2d43f426ff4e98883a5e2fc910d61c', 'tenant_name': 'tempest-QuotasAdminTestV257-709156073', 'user_domain_id': 'default', 'user_domain_name': 'Default', 'user_id': 'ff64219cd35b450eaad107313f51099f', 'system': None}, Network: None, Subnet: None, Router: None
2025-04-29 01:30:27.433 70220 INFO tempest.lib.common.rest_client [req-72536806-dacc-4c24-a872-775ca4965953 req-72536806-dacc-4c24-a872-775ca4965953 ] Request (HypervisorAdminUnderV252Test:setUpClass): 201 POST http://10.180.1.21/identity/v3/auth/tokens 0.453s
2025-04-29 01:30:27.449 70214 INFO tempest.lib.common.rest_client [req-94d4deec-3298-4ad7-8be7-0362a1fd77ef req-94d4deec-3298-4ad7-8be7-0362a1fd77ef ] Request (VolumesAdminNegativeTest:setUpClass): 204 PUT http://10.180.1.21/identity/v3/projects/4160feb38ebb42ceb54b917b6884c504/users/beb273506a114a08ac1b46eb1a7fac33/roles/f4ef515fd3d342ad83c12a663b78d6cb 0.455s
2025-04-29 01:30:27.449 70214 INFO tempest.lib.common.dynamic_creds [-] Dynamic test user beb273506a114a08ac1b46eb1a7fac33 is created with scope project and roles: ['member']
2025-04-29 01:30:27.449 70214 INFO tempest.lib.common.dynamic_creds [-] Acquired dynamic creds: credentials: Credentials: {'domain_id': 'default', 'domain_name': 'Default', 'username': 'tempest-VolumesAdminNegativeTest-514295296-project-member', 'project_domain_id': 'default', 'project_domain_name': 'Default', 'project_id': '4160feb38ebb42ceb54b917b6884c504', 'project_name': 'tempest-VolumesAdminNegativeTest-514295296', 'tenant_id': '4160feb38ebb42ceb54b917b6884c504', 'tenant_name': 'tempest-VolumesAdminNegativeTest-514295296', 'user_domain_id': 'default', 'user_domain_name': 'Default', 'user_id': 'beb273506a114a08ac1b46eb1a7fac33', 'system': None}, Network: None, Subnet: None, Router: None
2025-04-29 01:30:27.483 70174 INFO tempest.lib.common.rest_client [req-73101cf1-cd8b-498d-ad24-5b150b0fbc06 req-73101cf1-cd8b-498d-ad24-5b150b0fbc06 ] Request (FlavorsAccessTestJSON:setUpClass): 201 POST http://10.180.1.21/identity/v3/auth/tokens 0.464s
2025-04-29 01:30:27.495 70218 INFO tempest.lib.common.rest_client [req-c07ce8aa-823c-4b38-8647-e7b0ac540e6c req-c07ce8aa-823c-4b38-8647-e7b0ac540e6c ] Request (QuotasAdminTestJSON:setUpClass): 201 POST http://10.180.1.21/identity/v3/auth/tokens 0.459s
2025-04-29 01:30:27.504 70184 INFO tempest.lib.common.rest_client [req-04a9620f-a82d-422d-9ee4-c27df8e9a1fd req-04a9620f-a82d-422d-9ee4-c27df8e9a1fd ] Request (FlavorsExtraSpecsTestJSON:setUpClass): 201 POST http://10.180.1.21/identity/v3/auth/tokens 0.462s
2025-04-29 01:30:27.507 70192 INFO tempest.lib.common.rest_client [req-7e29d55f-55fa-4d61-b333-5cf637d0fd0e req-7e29d55f-55fa-4d61-b333-5cf637d0fd0e ] Request (QuotaClassesAdmin257Test:setUpClass): 204 PUT http://10.180.1.21/identity/v3/projects/be25910761ec47959367025595a8f1de/users/2f0a9d8c15814f68902631a5200dd023/roles/6372e5ee270f4e5dbb823572c6a6a5b3 0.457s
2025-04-29 01:30:27.507 70192 INFO tempest.lib.common.dynamic_creds [-] Dynamic test user 2f0a9d8c15814f68902631a5200dd023 is created with scope project and roles: ['admin']
2025-04-29 01:30:27.508 70192 INFO tempest.lib.common.dynamic_creds [-] Acquired dynamic creds: credentials: Credentials: {'domain_id': 'default', 'domain_name': 'Default', 'username': 'tempest-QuotaClassesAdmin257Test-1761007932-project-admin', 'project_domain_id': 'default', 'project_domain_name': 'Default', 'project_id': 'be25910761ec47959367025595a8f1de', 'project_name': 'tempest-QuotaClassesAdmin257Test-1761007932', 'tenant_id': 'be25910761ec47959367025595a8f1de', 'tenant_name': 'tempest-QuotaClassesAdmin257Test-1761007932', 'user_domain_id': 'default', 'user_domain_name': 'Default', 'user_id': '2f0a9d8c15814f68902631a5200dd023', 'system': None}, Network: None, Subnet: None, Router: None
2025-04-29 01:30:27.508 70192 INFO tempest.lib.common.dynamic_creds [-] Created isolated network resources for: credentials: Credentials: {'domain_id': 'default', 'domain_name': 'Default', 'username': 'tempest-QuotaClassesAdmin257Test-1761007932-project-admin', 'project_domain_id': 'default', 'project_domain_name': 'Default', 'project_id': 'be25910761ec47959367025595a8f1de', 'project_name': 'tempest-QuotaClassesAdmin257Test-1761007932', 'tenant_id': 'be25910761ec47959367025595a8f1de', 'tenant_name': 'tempest-QuotaClassesAdmin257Test-1761007932', 'user_domain_id': 'default', 'user_domain_name': 'Default', 'user_id': '2f0a9d8c15814f68902631a5200dd023', 'system': None}, Network: None, Subnet: None, Router: None
2025-04-29 01:30:27.547 70172 INFO tempest.lib.common.rest_client [req-95c00184-ff74-4ca0-9958-1da69007fec6 req-95c00184-ff74-4ca0-9958-1da69007fec6 ] Request (MigrationsAdminTest:setUpClass): 204 PUT http://10.180.1.21/identity/v3/projects/041ac0c2ffd846ad9ac6040f02dde822/users/62bc6bf86b3a4de79edd07cb79096c79/roles/f4ef515fd3d342ad83c12a663b78d6cb 0.490s
2025-04-29 01:30:27.548 70172 INFO tempest.lib.common.dynamic_creds [-] Dynamic test user 62bc6bf86b3a4de79edd07cb79096c79 is created with scope project and roles: ['member']
2025-04-29 01:30:27.548 70172 INFO tempest.lib.common.dynamic_creds [-] Acquired dynamic creds: credentials: Credentials: {'domain_id': 'default', 'domain_name': 'Default', 'username': 'tempest-MigrationsAdminTest-300341509-project-member', 'project_domain_id': 'default', 'project_domain_name': 'Default', 'project_id': '041ac0c2ffd846ad9ac6040f02dde822', 'project_name': 'tempest-MigrationsAdminTest-300341509', 'tenant_id': '041ac0c2ffd846ad9ac6040f02dde822', 'tenant_name': 'tempest-MigrationsAdminTest-300341509', 'user_domain_id': 'default', 'user_domain_name': 'Default', 'user_id': '62bc6bf86b3a4de79edd07cb79096c79', 'system': None}, Network: None, Subnet: None, Router: None
2025-04-29 01:30:27.548 70172 INFO tempest.lib.common.dynamic_creds [-] Created isolated network resources for: credentials: Credentials: {'domain_id': 'default', 'domain_name': 'Default', 'username': 'tempest-MigrationsAdminTest-300341509-project-member', 'project_domain_id': 'default', 'project_domain_name': 'Default', 'project_id': '041ac0c2ffd846ad9ac6040f02dde822', 'project_name': 'tempest-MigrationsAdminTest-300341509', 'tenant_id': '041ac0c2ffd846ad9ac6040f02dde822', 'tenant_name': 'tempest-MigrationsAdminTest-300341509', 'user_domain_id': 'default', 'user_domain_name': 'Default', 'user_id': '62bc6bf86b3a4de79edd07cb79096c79', 'system': None}, Network: None, Subnet: None, Router: None
2025-04-29 01:30:27.554 70164 INFO tempest.lib.common.rest_client [req-b97938ae-c33f-4854-af3f-289bf595acba req-b97938ae-c33f-4854-af3f-289bf595acba ] Request (NetworksTest:setUpClass): 201 POST http://10.180.1.21/identity/v3/auth/tokens 0.474s
2025-04-29 01:30:27.593 70202 INFO tempest.lib.common.rest_client [req-3df91507-e058-4fe1-8519-5c2f696cd9d7 req-3df91507-e058-4fe1-8519-5c2f696cd9d7 ] Request (AZAdminV2TestJSON:setUpClass): 201 POST http://10.180.1.21/identity/v3/auth/tokens 0.510s
2025-04-29 01:30:27.599 70196 INFO tempest.lib.common.rest_client [req-f9997e41-abfe-4c87-9b43-d1049ad25974 req-f9997e41-abfe-4c87-9b43-d1049ad25974 ] Request (FlavorsAdminTestJSON:setUpClass): 200 GET http://10.180.1.21/identity/v3/domains?name=Default 0.501s
2025-04-29 01:30:27.615 70195 INFO tempest.lib.common.rest_client [req-f543ad0b-622e-4694-908c-8290cbda8f20 req-f543ad0b-622e-4694-908c-8290cbda8f20 ] Request (FlavorsV255TestJSON:setUpClass): 201 POST http://10.180.1.21/identity/v3/auth/tokens 0.511s
2025-04-29 01:30:27.618 70162 INFO tempest.lib.common.rest_client [req-857c99b3-d2de-4314-8c4e-7a14a4421b5a req-857c99b3-d2de-4314-8c4e-7a14a4421b5a ] Request (VolumesAssistedSnapshotsTest:setUpClass): 201 POST http://10.180.1.21/identity/v3/users 0.499s
2025-04-29 01:30:27.636 70179 INFO tempest.lib.common.rest_client [req-e631ce9c-f3e5-4c7e-be99-89d5c12fda50 req-e631ce9c-f3e5-4c7e-be99-89d5c12fda50 ] Request (AbsoluteLimitsNegativeTestJSON:setUpClass): 201 POST http://10.180.1.21/identity/v3/auth/tokens 0.485s
2025-04-29 01:30:27.639 70206 INFO tempest.lib.common.rest_client [req-9656661d-2940-436f-9a59-178516c55736 req-9656661d-2940-436f-9a59-178516c55736 ] Request (AggregatesAdminNegativeTestJSON:setUpClass): 201 POST http://10.180.1.21/identity/v3/auth/tokens 0.471s
2025-04-29 01:30:27.655 70208 INFO tempest.lib.common.rest_client [req-a96940ab-1bae-433a-92a4-204591204db4 req-a96940ab-1bae-433a-92a4-204591204db4 ] Request (QuotaClassesAdminTestJSON:setUpClass): 200 GET http://10.180.1.21/identity/v3/domains?name=Default 0.482s
2025-04-29 01:30:27.659 70198 INFO tempest.lib.common.rest_client [req-12192d67-5145-4e81-a092-4f948742706c req-12192d67-5145-4e81-a092-4f948742706c ] Request (FlavorMetadataValidation:setUpClass): 201 POST http://10.180.1.21/identity/v3/users 0.470s
2025-04-29 01:30:27.676 70222 INFO tempest.lib.common.rest_client [req-c7a18d1f-0f12-412b-8884-0558c8cdb14d req-c7a18d1f-0f12-412b-8884-0558c8cdb14d ] Request (HypervisorAdminV253TestBase:setUpClass): 201 POST http://10.180.1.21/identity/v3/auth/tokens 0.450s
2025-04-29 01:30:27.680 70216 INFO tempest.lib.common.rest_client [req-99764128-ddb0-4e5b-9113-7c2633345422 req-99764128-ddb0-4e5b-9113-7c2633345422 ] Request (FloatingIPsTestJSON:setUpClass): 201 POST http://10.180.1.21/identity/v3/auth/tokens 0.444s
2025-04-29 01:30:27.694 70200 INFO tempest.lib.common.rest_client [req-695d7980-2799-4153-8329-d667a7a29512 req-695d7980-2799-4153-8329-d667a7a29512 ] Request (ServersAdmin275Test:setUpClass): 200 GET http://10.180.1.21/identity/v3/domains?name=Default 0.449s
2025-04-29 01:30:27.699 70204 INFO tempest.lib.common.rest_client [req-393ca154-ee8b-4fd8-9625-618b03d90d8e req-393ca154-ee8b-4fd8-9625-618b03d90d8e ] Request (HypervisorAdminNegativeUnderV252Test:setUpClass): 201 POST http://10.180.1.21/identity/v3/users 0.443s
2025-04-29 01:30:27.713 70188 INFO tempest.lib.common.rest_client [req-ed23780d-8840-4627-a24d-913005606753 req-ed23780d-8840-4627-a24d-913005606753 ] Request (InstanceUsageAuditLogNegativeTestJSON:setUpClass): 201 POST http://10.180.1.21/identity/v3/users 0.440s
2025-04-29 01:30:27.720 70224 INFO tempest.lib.common.rest_client [req-a88d6487-785d-4ae3-af59-d6c9e242bd00 req-a88d6487-785d-4ae3-af59-d6c9e242bd00 ] Request (AZAdminNegativeTestJSON:setUpClass): 201 POST http://10.180.1.21/identity/v3/auth/tokens 0.413s
2025-04-29 01:30:27.741 70210 INFO tempest.lib.common.rest_client [req-a85ceb86-6354-4620-a8f9-10e5637f74c3 req-a85ceb86-6354-4620-a8f9-10e5637f74c3 ] Request (QuotasAdminTestV236:setUpClass): 201 POST http://10.180.1.21/identity/v3/auth/tokens 0.416s
2025-04-29 01:30:27.765 70168 INFO tempest.lib.common.rest_client [req-8ad6eab6-2b59-4008-b211-968105b6a1f2 req-8ad6eab6-2b59-4008-b211-968105b6a1f2 ] Request (FlavorsV2TestJSON:tearDownClass): 204 DELETE http://10.180.1.21/identity/v3/users/8ab7fb9628794d309f5212bab98067f0 0.459s
2025-04-29 01:30:27.766 70168 INFO tempest.lib.common.dynamic_creds [-] Deleting project and security group for project: 471f5e6ed7aa4596bb9bb5b68864dab2
2025-04-29 01:30:27.789 70212 INFO tempest.lib.common.rest_client [req-78fbbbc7-da8b-45db-8559-97eed90fd6a9 req-78fbbbc7-da8b-45db-8559-97eed90fd6a9 ] Request (DeleteServersAdminTestJSON:setUpClass): 201 POST http://10.180.1.21/identity/v3/auth/tokens 0.462s
2025-04-29 01:30:27.811 70166 INFO tempest.lib.common.rest_client [req-53d1c6f3-2fb8-47da-9517-d6ca38b07f53 req-53d1c6f3-2fb8-47da-9517-d6ca38b07f53 ] Request (HypervisorAdminTestJSON:setUpClass): 200 GET http://10.180.1.21/identity/v3/domains?name=Default 0.465s
2025-04-29 01:30:27.817 70190 INFO tempest.lib.common.rest_client [req-a354f2e1-d061-456a-928f-16b7c67d089a req-a354f2e1-d061-456a-928f-16b7c67d089a ] Request (SecurityGroupsTestAdminJSON:setUpClass): 201 POST http://10.180.1.21/identity/v3/projects 0.470s
2025-04-29 01:30:27.863 70176 INFO tempest.lib.common.rest_client [req-01414e7f-d06b-452a-bb0c-52c9d867c307 req-01414e7f-d06b-452a-bb0c-52c9d867c307 ] Request (ServersWithSpecificFlavorTestJSON:setUpClass): 204 PUT http://10.180.1.21/identity/v3/projects/68a80f0f7d5c415f8a98c39e92b3c587/users/a2ecda7faf5443279476edf484882410/roles/f4ef515fd3d342ad83c12a663b78d6cb 0.502s
2025-04-29 01:30:27.863 70176 INFO tempest.lib.common.dynamic_creds [-] Dynamic test user a2ecda7faf5443279476edf484882410 is created with scope project and roles: ['member']
2025-04-29 01:30:27.863 70176 INFO tempest.lib.common.dynamic_creds [-] Acquired dynamic creds: credentials: Credentials: {'domain_id': 'default', 'domain_name': 'Default', 'username': 'tempest-ServersWithSpecificFlavorTestJSON-1342976233-project-member', 'project_domain_id': 'default', 'project_domain_name': 'Default', 'project_id': '68a80f0f7d5c415f8a98c39e92b3c587', 'project_name': 'tempest-ServersWithSpecificFlavorTestJSON-1342976233', 'tenant_id': '68a80f0f7d5c415f8a98c39e92b3c587', 'tenant_name': 'tempest-ServersWithSpecificFlavorTestJSON-1342976233', 'user_domain_id': 'default', 'user_domain_name': 'Default', 'user_id': 'a2ecda7faf5443279476edf484882410', 'system': None}, Network: None, Subnet: None, Router: None
2025-04-29 01:30:27.864 70186 INFO tempest.lib.common.rest_client [req-195a8a55-142d-4c9d-9c8c-42e941b6f789 req-195a8a55-142d-4c9d-9c8c-42e941b6f789 ] Request (FlavorsAccessNegativeTestJSON:setUpClass): 200 GET http://10.180.1.21/identity/v3/domains?name=Default 0.497s
2025-04-29 01:30:27.910 70170 INFO tempest.lib.common.rest_client [req-3d035455-4390-437a-be4b-dd337c84c462 req-3d035455-4390-437a-be4b-dd337c84c462 ] Request (HypervisorAdminNegativeTestJSON:setUpClass): 200 GET http://10.180.1.21/identity/v3/domains?name=Default 0.529s
2025-04-29 01:30:27.919 70180 INFO tempest.lib.common.rest_client [req-21743ad2-2be8-4aa2-9c0c-95bbfc5cb14a req-21743ad2-2be8-4aa2-9c0c-95bbfc5cb14a ] Request (HostsAdminTestJSON:setUpClass): 201 POST http://10.180.1.21/identity/v3/projects 0.532s
2025-04-29 01:30:27.965 70182 INFO tempest.lib.common.rest_client [req-b2451c45-999d-42c4-8743-17b79127f048 req-b2451c45-999d-42c4-8743-17b79127f048 ] Request (QuotasAdminTestV257:setUpClass): 201 POST http://10.180.1.21/identity/v3/auth/tokens 0.568s
2025-04-29 01:30:27.966 70182 WARNING tempest.lib.common.rest_client [-] Deprecated: "tenant_id" property is deprecated for removal, use "project_id" instead
2025-04-29 01:30:27.967 70220 INFO tempest.lib.common.rest_client [req-e8f4098d-cf2d-44a7-80d8-1371cc4c1b08 req-e8f4098d-cf2d-44a7-80d8-1371cc4c1b08 ] Request (HypervisorAdminUnderV252Test:setUpClass): 200 GET http://10.180.1.21/identity/v3/domains?name=Default 0.533s
2025-04-29 01:30:27.986 70214 INFO tempest.lib.common.rest_client [req-af31b78f-0ed5-4175-a982-a1124cffe143 req-af31b78f-0ed5-4175-a982-a1124cffe143 ] Request (VolumesAdminNegativeTest:setUpClass): 201 POST http://10.180.1.21/identity/v3/auth/tokens 0.536s
2025-04-29 01:30:27.988 70174 INFO tempest.lib.common.rest_client [req-d78a89ed-b271-4eb4-90aa-417d905d99d4 req-d78a89ed-b271-4eb4-90aa-417d905d99d4 ] Request (FlavorsAccessTestJSON:setUpClass): 200 GET http://10.180.1.21/identity/v3/domains?name=Default 0.504s
2025-04-29 01:30:28.005 70218 INFO tempest.lib.common.rest_client [req-e848042b-c64b-485c-a54a-a34afadedfac req-e848042b-c64b-485c-a54a-a34afadedfac ] Request (QuotasAdminTestJSON:setUpClass): 200 GET http://10.180.1.21/identity/v3/domains?name=Default 0.509s
2025-04-29 01:30:28.009 70184 INFO tempest.lib.common.rest_client [req-4c2ea702-ba2b-41bd-a10e-95582bb1f84c req-4c2ea702-ba2b-41bd-a10e-95582bb1f84c ] Request (FlavorsExtraSpecsTestJSON:setUpClass): 200 GET http://10.180.1.21/identity/v3/domains?name=Default 0.504s
2025-04-29 01:30:28.030 70164 INFO tempest.lib.common.rest_client [req-e9e9382e-0809-40a2-917d-27341e9c7d09 req-e9e9382e-0809-40a2-917d-27341e9c7d09 ] Request (NetworksTest:setUpClass): 200 GET http://10.180.1.21/identity/v3/domains?name=Default 0.476s
2025-04-29 01:30:28.059 70192 INFO tempest.lib.common.rest_client [req-db068c73-682a-4476-8dc9-1d022cbaec4a req-db068c73-682a-4476-8dc9-1d022cbaec4a ] Request (QuotaClassesAdmin257Test:setUpClass): 201 POST http://10.180.1.21/identity/v3/auth/tokens 0.548s
2025-04-29 01:30:28.080 70202 INFO tempest.lib.common.rest_client [req-8d771125-d603-4093-9d9b-06207dac99fd req-8d771125-d603-4093-9d9b-06207dac99fd ] Request (AZAdminV2TestJSON:setUpClass): 200 GET http://10.180.1.21/identity/v3/domains?name=Default 0.486s
2025-04-29 01:30:28.083 70172 INFO tempest.lib.common.rest_client [req-b6303bcc-803f-4165-b789-429ec9761bc9 req-b6303bcc-803f-4165-b789-429ec9761bc9 ] Request (MigrationsAdminTest:setUpClass): 201 POST http://10.180.1.21/identity/v3/auth/tokens 0.494s
2025-04-29 01:30:28.104 70195 INFO tempest.lib.common.rest_client [req-13cedc25-a7f2-4ab5-ba22-d069eb0e45fb req-13cedc25-a7f2-4ab5-ba22-d069eb0e45fb ] Request (FlavorsV255TestJSON:setUpClass): 200 GET http://10.180.1.21/identity/v3/domains?name=Default 0.488s
2025-04-29 01:30:28.105 70196 INFO tempest.lib.common.rest_client [req-9f504938-3e56-4789-8c40-a125004337bb req-9f504938-3e56-4789-8c40-a125004337bb ] Request (FlavorsAdminTestJSON:setUpClass): 201 POST http://10.180.1.21/identity/v3/projects 0.504s
2025-04-29 01:30:28.148 70162 INFO tempest.lib.common.rest_client [req-ef7e5c88-9487-4806-aa36-63b7cc256754 req-ef7e5c88-9487-4806-aa36-63b7cc256754 ] Request (VolumesAssistedSnapshotsTest:setUpClass): 200 GET http://10.180.1.21/identity/v3/roles 0.529s
2025-04-29 01:30:28.150 70179 INFO tempest.lib.common.rest_client [req-9111870a-c47e-49b5-a0c7-2c2fc84955bb req-9111870a-c47e-49b5-a0c7-2c2fc84955bb ] Request (AbsoluteLimitsNegativeTestJSON:setUpClass): 200 GET http://10.180.1.21/identity/v3/domains?name=Default 0.512s
2025-04-29 01:30:28.168 70206 INFO tempest.lib.common.rest_client [req-e7832fae-2312-42c5-8f1c-865b71e53450 req-e7832fae-2312-42c5-8f1c-865b71e53450 ] Request (AggregatesAdminNegativeTestJSON:setUpClass): 200 GET http://10.180.1.21/identity/v3/domains?name=Default 0.528s
2025-04-29 01:30:28.175 70208 INFO tempest.lib.common.rest_client [req-6b77640a-7d23-47ea-93f1-9e42a319acfc req-6b77640a-7d23-47ea-93f1-9e42a319acfc ] Request (QuotaClassesAdminTestJSON:setUpClass): 201 POST http://10.180.1.21/identity/v3/projects 0.518s
2025-04-29 01:30:28.213 70198 INFO tempest.lib.common.rest_client [req-3c8396d4-7a68-4c74-a6e6-26cbf7458fce req-3c8396d4-7a68-4c74-a6e6-26cbf7458fce ] Request (FlavorMetadataValidation:setUpClass): 200 GET http://10.180.1.21/identity/v3/roles 0.553s
2025-04-29 01:30:28.221 70222 INFO tempest.lib.common.rest_client [req-7d5d0a8a-c3be-4a72-a64e-f844f6542954 req-7d5d0a8a-c3be-4a72-a64e-f844f6542954 ] Request (HypervisorAdminV253TestBase:setUpClass): 200 GET http://10.180.1.21/identity/v3/domains?name=Default 0.544s
2025-04-29 01:30:28.232 70216 INFO tempest.lib.common.rest_client [req-2a8b1c52-d148-48ae-84cf-dac4b6f582cf req-2a8b1c52-d148-48ae-84cf-dac4b6f582cf ] Request (FloatingIPsTestJSON:setUpClass): 200 GET http://10.180.1.21/identity/v3/domains?name=Default 0.552s
2025-04-29 01:30:28.246 70200 INFO tempest.lib.common.rest_client [req-8a7fc2bd-2de5-423b-b82c-716e8b2087d0 req-8a7fc2bd-2de5-423b-b82c-716e8b2087d0 ] Request (ServersAdmin275Test:setUpClass): 201 POST http://10.180.1.21/identity/v3/projects 0.549s
2025-04-29 01:30:28.252 70204 INFO tempest.lib.common.rest_client [req-50090b93-8f61-4724-b1cb-2c5e47fb715b req-50090b93-8f61-4724-b1cb-2c5e47fb715b ] Request (HypervisorAdminNegativeUnderV252Test:setUpClass): 200 GET http://10.180.1.21/identity/v3/roles 0.553s
2025-04-29 01:30:28.294 70188 INFO tempest.lib.common.rest_client [req-85a828a2-d7b0-4e6f-afbd-319afedf6ffc req-85a828a2-d7b0-4e6f-afbd-319afedf6ffc ] Request (InstanceUsageAuditLogNegativeTestJSON:setUpClass): 200 GET http://10.180.1.21/identity/v3/roles 0.579s
2025-04-29 01:30:28.299 70224 INFO tempest.lib.common.rest_client [req-c3354304-8172-4624-81a2-974d20a23690 req-c3354304-8172-4624-81a2-974d20a23690 ] Request (AZAdminNegativeTestJSON:setUpClass): 200 GET http://10.180.1.21/identity/v3/domains?name=Default 0.579s
