2025-04-29 01:32:39.610 70168 INFO tempest.lib.common.rest_client [req-c69fd1aa-43c0-40f2-8ca2-9c3c7256cd1e req-c69fd1aa-43c0-40f2-8ca2-9c3c7256cd1e ] Request (ServerAddressesTestJSON:setUpClass): 200 GET http://10.180.1.21/compute/v2.1/servers/93638b9b-cc01-4aca-9e55-7cf5f24d95da 0.248s
2025-04-29 01:32:39.659 70224 INFO tempest.lib.common.rest_client [req-d43625c4-548d-45b6-9245-cfffad49557a req-d43625c4-548d-45b6-9245-cfffad49557a ] Request (ServerDiskConfigTestJSON:test_rebuild_server_with_auto_disk_config): 200 GET http://10.180.1.21/compute/v2.1/servers/29605030-00aa-482e-aaa4-c2d66af2c29d 0.275s
2025-04-29 01:32:39.713 70195 INFO tempest.lib.common.rest_client [req-bd61c9f8-8cf9-4634-824d-338005a84eae req-bd61c9f8-8cf9-4634-824d-338005a84eae ] Request (ServerActionsTestJSON:setUpClass): 200 GET http://10.180.1.21/compute/v2.1/servers/62d3db0b-c60c-4cd7-8363-5da9b1619d16 0.260s
2025-04-29 01:32:39.714 70216 INFO tempest.lib.common.rest_client [req-26a49a0e-ea8c-4439-9856-740df3385d16 req-26a49a0e-ea8c-4439-9856-740df3385d16 ] Request (ServersTestMultiNic:test_verify_multiple_nics_order): 202 POST http://10.180.1.21/compute/v2.1/servers 0.478s
2025-04-29 01:32:40.016 70222 INFO tempest.lib.common.rest_client [req-b00da06d-aecc-4b2f-96c1-b69b9222a3c4 req-b00da06d-aecc-4b2f-96c1-b69b9222a3c4 ] Request (ServersTestBootFromVolume:setUpClass): 200 GET http://10.180.1.21/compute/v2.1/servers/750b8ae4-87a7-402a-a82f-44c01e9fd888 0.486s
2025-04-29 01:32:40.063 70192 INFO tempest.lib.common.rest_client [req-6953e373-d038-428f-bb7d-b1d54c8f14cb req-6953e373-d038-428f-bb7d-b1d54c8f14cb ] Request (TenantUsagesTestJSON:setUpClass): 200 GET http://10.180.1.21/compute/v2.1/servers/62b00bec-6db7-4864-86eb-d702db8dbc47 0.590s
2025-04-29 01:32:40.093 70212 INFO tempest.lib.common.rest_client [req-3dcf4911-2ebb-44dc-8c2e-214184974800 req-3dcf4911-2ebb-44dc-8c2e-214184974800 ] Request (DeleteServersAdminTestJSON:test_delete_server_while_in_error_state): 200 GET http://10.180.1.21/compute/v2.1/servers/56e2f346-ee68-464e-9975-146a5cbf319b 0.452s
2025-04-29 01:32:40.117 70196 INFO tempest.lib.common.rest_client [req-79c6ba11-3d9b-42ed-aa86-0a3350214709 req-79c6ba11-3d9b-42ed-aa86-0a3350214709 ] Request (ServerDiagnosticsNegativeTest:test_get_server_diagnostics_by_non_admin): 200 GET http://10.180.1.21/compute/v2.1/servers/c942ea2c-1af4-4f7c-9fdd-283d06a187e0 0.440s
2025-04-29 01:32:40.135 70216 INFO tempest.lib.common.rest_client [req-6b96f3ff-11dc-459b-83db-a05620cfd465 req-6b96f3ff-11dc-459b-83db-a05620cfd465 ] Request (ServersTestMultiNic:test_verify_multiple_nics_order): 200 GET http://10.180.1.21/compute/v2.1/servers/fc8ace66-7ec0-409e-9025-f46fcbf352ce 0.419s
2025-04-29 01:32:40.170 70206 INFO tempest.lib.common.rest_client [req-0079b201-dbb2-43d4-a037-4d204c2028c4 req-0079b201-dbb2-43d4-a037-4d204c2028c4 ] Request (MultipleCreateTestJSON:test_multiple_create): 200 GET http://10.180.1.21/compute/v2.1/servers/f639e7ca-e188-482a-8541-059c773578a9 0.424s
2025-04-29 01:32:40.183 70220 INFO tempest.lib.common.rest_client [req-62a17ada-80a2-4065-ae0f-42fbe8b11f9d req-62a17ada-80a2-4065-ae0f-42fbe8b11f9d ] Request (ServerMetadataTestJSON:setUpClass): 200 GET http://10.180.1.21/compute/v2.1/servers/45fc71fc-04b0-4f5d-9599-0ac9742f6a6e 0.348s
2025-04-29 01:32:40.235 70204 INFO tempest.lib.common.rest_client [req-ccda26b3-0c79-4bdd-84b8-e6373ba63108 req-ccda26b3-0c79-4bdd-84b8-e6373ba63108 ] Request (ServerGroupTestJSON:_run_cleanups): 200 GET http://10.180.1.21/compute/v2.1/servers/a3ad4820-fe91-492f-9158-7be3e7b54531 0.343s
2025-04-29 01:32:40.243 70186 INFO tempest.lib.common.rest_client [req-63b4d0aa-42b0-4841-8385-b14367c80d36 req-63b4d0aa-42b0-4841-8385-b14367c80d36 ] Request (FloatingIPsAssociationTestJSON:test_associate_already_associated_floating_ip): 200 GET http://10.180.1.21/compute/v2.1/servers/c850434b-0d5d-43f3-9e5b-a8d86153be5c 0.317s
2025-04-29 01:32:40.280 70188 INFO tempest.lib.common.rest_client [req-421f367d-81d8-4a5e-8ce9-05a1ac70a253 req-421f367d-81d8-4a5e-8ce9-05a1ac70a253 ] Request (ImagesOneServerTestJSON:test_create_image_specify_multibyte_character_image_name): 200 GET http://10.180.1.21/compute/v2.1/images/e56bbf5f-d754-4597-9bd2-57a3eedd702c 0.241s
2025-04-29 01:32:40.292 70210 INFO tempest.lib.common.rest_client [req-e2f63fda-43a6-4c97-8df8-0bb4e43e420a req-e2f63fda-43a6-4c97-8df8-0bb4e43e420a ] Request (ServerMetadataNegativeTestJSON:setUpClass): 200 GET http://10.180.1.21/compute/v2.1/servers/54fe1d54-bec9-4888-9c79-cb23e2a11647 0.306s
2025-04-29 01:32:40.323 70174 INFO tempest.lib.common.rest_client [req-b88f0dbc-633b-4846-8ca6-47487e12a2fe req-b88f0dbc-633b-4846-8ca6-47487e12a2fe ] Request (ListImageFiltersTestJSON:setUpClass): 200 GET http://10.180.1.21/compute/v2.1/images/1f0adc3a-2054-43ee-beae-473430624a40 0.240s
2025-04-29 01:32:40.345 70184 INFO tempest.lib.common.rest_client [req-bbd8d52c-30a7-4efe-9217-efb9f2922c2e req-bbd8d52c-30a7-4efe-9217-efb9f2922c2e ] Request (ServersListShow296Test:test_list_show_update_rebuild_server_296): 200 GET http://10.180.1.21/compute/v2.1/servers/4828f76b-eab4-4f3d-8d92-e6a6ee79eb84 0.293s
2025-04-29 01:32:40.373 70200 INFO tempest.lib.common.rest_client [req-943d9351-e90e-4f79-9679-e1bbf9b46b34 req-943d9351-e90e-4f79-9679-e1bbf9b46b34 ] Request (ServerActionsTestOtherA:setUpClass): 200 GET http://10.180.1.21/compute/v2.1/servers/d9fc4e13-6556-4875-b301-c5f47d3e1cf0 0.249s
2025-04-29 01:32:40.399 70218 INFO tempest.lib.common.rest_client [req-ee856508-6492-4419-8fd6-fa399f1e421d req-ee856508-6492-4419-8fd6-fa399f1e421d ] Request (AttachVolumeTestJSON:test_attach_detach_volume): 200 GET http://10.180.1.21/compute/v2.1/servers/0c51bfd5-589a-4b32-9d1a-e619dc352b66 0.248s
2025-04-29 01:32:40.427 70172 INFO tempest.lib.common.rest_client [req-581c8c4b-99a7-47c3-9fe0-756e9864b3e0 req-581c8c4b-99a7-47c3-9fe0-756e9864b3e0 ] Request (MigrationsAdminTest:test_resize_server_revert_deleted_flavor): 200 GET http://10.180.1.21/compute/v2.1/servers/57cc7aea-24c2-49d1-8c30-469a9dbbb5e8 0.236s
2025-04-29 01:32:40.452 70170 INFO tempest.lib.common.rest_client [req-41ea5c84-04d0-492a-afc5-4f7ab82f4020 req-41ea5c84-04d0-492a-afc5-4f7ab82f4020 ] Request (ListServerFiltersTestJSON:tearDownClass): 200 GET http://10.180.1.21/compute/v2.1/servers/72bac9c3-fd70-4de4-8aea-37516ac2b0f4 0.232s
2025-04-29 01:32:40.482 70182 INFO tempest.lib.common.rest_client [req-8031cbeb-8285-48b0-9a6d-1727f2a4d8d9 req-8031cbeb-8285-48b0-9a6d-1727f2a4d8d9 ] Request (SecurityGroupsTestJSON:test_server_security_groups): 200 GET http://10.180.1.21/compute/v2.1/servers/1a278863-e27b-41c3-88e2-338732e1f54c 0.240s
2025-04-29 01:32:40.586 70202 INFO tempest.lib.common.rest_client [req-f918e28b-9f5d-495a-8295-a5f8cd711f0b req-f918e28b-9f5d-495a-8295-a5f8cd711f0b ] Request (ServersAdminTestJSON:test_create_server_with_scheduling_hint): 200 GET http://10.180.1.21/compute/v2.1/servers/222f4b6a-f397-4a13-8a88-c8ecf3d71544 0.100s
2025-04-29 01:32:40.724 70168 INFO tempest.lib.common.rest_client [req-68f024b9-3913-436b-b126-290fa115456b req-68f024b9-3913-436b-b126-290fa115456b ] Request (ServerAddressesTestJSON:setUpClass): 200 GET http://10.180.1.21/compute/v2.1/servers/93638b9b-cc01-4aca-9e55-7cf5f24d95da 0.106s
2025-04-29 01:32:40.728 70224 INFO tempest.lib.common.rest_client [req-b09319f7-60b8-46ef-92c3-5b207c3e2e39 req-b09319f7-60b8-46ef-92c3-5b207c3e2e39 ] Request (ServerDiskConfigTestJSON:test_rebuild_server_with_auto_disk_config): 200 GET http://10.180.1.21/compute/v2.1/servers/29605030-00aa-482e-aaa4-c2d66af2c29d 0.060s
2025-04-29 01:32:40.780 70195 INFO tempest.lib.common.rest_client [req-5edd8fe6-8256-4c2d-9302-45ed776e385d req-5edd8fe6-8256-4c2d-9302-45ed776e385d ] Request (ServerActionsTestJSON:setUpClass): 200 GET http://10.180.1.21/compute/v2.1/servers/62d3db0b-c60c-4cd7-8363-5da9b1619d16 0.059s
2025-04-29 01:32:41.091 70222 INFO tempest.lib.common.rest_client [req-7878c0c0-8a3e-4d4a-b256-0d43b19a4423 req-7878c0c0-8a3e-4d4a-b256-0d43b19a4423 ] Request (ServersTestBootFromVolume:setUpClass): 200 GET http://10.180.1.21/compute/v2.1/servers/750b8ae4-87a7-402a-a82f-44c01e9fd888 0.065s
2025-04-29 01:32:41.181 70212 INFO tempest.lib.common.rest_client [req-9874b80d-83e6-4442-beb2-e9e32981a0fa req-9874b80d-83e6-4442-beb2-e9e32981a0fa ] Request (DeleteServersAdminTestJSON:test_delete_server_while_in_error_state): 200 GET http://10.180.1.21/compute/v2.1/servers/56e2f346-ee68-464e-9975-146a5cbf319b 0.079s
2025-04-29 01:32:41.223 70192 INFO tempest.lib.common.rest_client [req-aec49964-2253-4d96-8a30-16ef62f071e6 req-aec49964-2253-4d96-8a30-16ef62f071e6 ] Request (TenantUsagesTestJSON:setUpClass): 200 GET http://10.180.1.21/compute/v2.1/servers/62b00bec-6db7-4864-86eb-d702db8dbc47 0.150s
2025-04-29 01:32:41.242 70192 INFO tempest.common.waiters [-] State transition "BUILD/spawning" ==> "ACTIVE/None" after 65 second wait
2025-04-29 01:32:41.245 70196 INFO tempest.lib.common.rest_client [req-20767214-4c4f-4aa6-ab16-f3155d113d47 req-20767214-4c4f-4aa6-ab16-f3155d113d47 ] Request (ServerDiagnosticsNegativeTest:test_get_server_diagnostics_by_non_admin): 200 GET http://10.180.1.21/compute/v2.1/servers/c942ea2c-1af4-4f7c-9fdd-283d06a187e0 0.118s
2025-04-29 01:32:41.289 70216 INFO tempest.lib.common.rest_client [req-0472f666-901d-4ec6-b3f3-b555f3aec335 req-0472f666-901d-4ec6-b3f3-b555f3aec335 ] Request (ServersTestMultiNic:test_verify_multiple_nics_order): 200 GET http://10.180.1.21/compute/v2.1/servers/fc8ace66-7ec0-409e-9025-f46fcbf352ce 0.146s
2025-04-29 01:32:41.307 70206 INFO tempest.lib.common.rest_client [req-ded713a1-9bcd-4cf5-97b0-bbd8936c9b35 req-ded713a1-9bcd-4cf5-97b0-bbd8936c9b35 ] Request (MultipleCreateTestJSON:test_multiple_create): 200 GET http://10.180.1.21/compute/v2.1/servers/f639e7ca-e188-482a-8541-059c773578a9 0.126s
2025-04-29 01:32:41.353 70220 INFO tempest.lib.common.rest_client [req-09383a5a-01d6-42fa-acc4-5b843fce4057 req-09383a5a-01d6-42fa-acc4-5b843fce4057 ] Request (ServerMetadataTestJSON:setUpClass): 200 GET http://10.180.1.21/compute/v2.1/servers/45fc71fc-04b0-4f5d-9599-0ac9742f6a6e 0.162s
2025-04-29 01:32:41.415 70204 INFO tempest.lib.common.rest_client [req-1488f731-b3be-4ce1-a815-911543aadadf req-1488f731-b3be-4ce1-a815-911543aadadf ] Request (ServerGroupTestJSON:_run_cleanups): 200 GET http://10.180.1.21/compute/v2.1/servers/a3ad4820-fe91-492f-9158-7be3e7b54531 0.171s
2025-04-29 01:32:41.435 70192 INFO tempest.lib.common.rest_client [req-9fe67bca-6615-499d-9455-3fa6a5340db3 req-9fe67bca-6615-499d-9455-3fa6a5340db3 ] Request (TenantUsagesTestJSON:test_get_usage_tenant): 200 GET http://10.180.1.21/compute/v2.1/os-simple-tenant-usage/508c6f88c330488592bca432b273bc0d?start=2025-04-28T01%3A32%3A41.242996&end=2025-04-30T01%3A32%3A41.242996 0.191s
2025-04-29 01:32:41.476 70186 INFO tempest.lib.common.rest_client [req-34b1b0a0-a55d-4c50-bd30-086172b783f2 req-34b1b0a0-a55d-4c50-bd30-086172b783f2 ] Request (FloatingIPsAssociationTestJSON:test_associate_already_associated_floating_ip): 200 GET http://10.180.1.21/compute/v2.1/servers/c850434b-0d5d-43f3-9e5b-a8d86153be5c 0.225s
2025-04-29 01:32:41.478 70188 INFO tempest.lib.common.rest_client [req-beb9ef4c-7cc2-48ce-b9dd-d10e49503d83 req-beb9ef4c-7cc2-48ce-b9dd-d10e49503d83 ] Request (ImagesOneServerTestJSON:test_create_image_specify_multibyte_character_image_name): 200 GET http://10.180.1.21/compute/v2.1/images/e56bbf5f-d754-4597-9bd2-57a3eedd702c 0.194s
2025-04-29 01:32:41.517 70174 INFO tempest.lib.common.rest_client [req-76d19efa-8e87-4c79-ab33-1e38e2c6eaad req-76d19efa-8e87-4c79-ab33-1e38e2c6eaad ] Request (ListImageFiltersTestJSON:setUpClass): 200 GET http://10.180.1.21/compute/v2.1/images/1f0adc3a-2054-43ee-beae-473430624a40 0.188s
2025-04-29 01:32:41.540 70210 INFO tempest.lib.common.rest_client [req-16146ca6-2c72-4b40-af29-7c4708f0ecb1 req-16146ca6-2c72-4b40-af29-7c4708f0ecb1 ] Request (ServerMetadataNegativeTestJSON:setUpClass): 200 GET http://10.180.1.21/compute/v2.1/servers/54fe1d54-bec9-4888-9c79-cb23e2a11647 0.240s
2025-04-29 01:32:41.603 70200 INFO tempest.lib.common.rest_client [req-144744bb-ec0d-4912-8e96-c0bba22ba2e3 req-144744bb-ec0d-4912-8e96-c0bba22ba2e3 ] Request (ServerActionsTestOtherA:setUpClass): 200 GET http://10.180.1.21/compute/v2.1/servers/d9fc4e13-6556-4875-b301-c5f47d3e1cf0 0.222s
2025-04-29 01:32:41.603 70184 INFO tempest.lib.common.rest_client [req-067d5cb2-2a5e-4e0b-be4a-8e6d8e9fcd8c req-067d5cb2-2a5e-4e0b-be4a-8e6d8e9fcd8c ] Request (ServersListShow296Test:test_list_show_update_rebuild_server_296): 200 GET http://10.180.1.21/compute/v2.1/servers/4828f76b-eab4-4f3d-8d92-e6a6ee79eb84 0.246s
2025-04-29 01:32:41.675 70218 INFO tempest.lib.common.rest_client [req-a0758bd4-e21f-4219-90c8-dbbceac0951b req-a0758bd4-e21f-4219-90c8-dbbceac0951b ] Request (AttachVolumeTestJSON:test_attach_detach_volume): 200 GET http://10.180.1.21/compute/v2.1/servers/0c51bfd5-589a-4b32-9d1a-e619dc352b66 0.266s
2025-04-29 01:32:41.680 70172 INFO tempest.lib.common.rest_client [req-3a310205-3833-41dd-856b-e8e36badd543 req-3a310205-3833-41dd-856b-e8e36badd543 ] Request (MigrationsAdminTest:test_resize_server_revert_deleted_flavor): 200 GET http://10.180.1.21/compute/v2.1/servers/57cc7aea-24c2-49d1-8c30-469a9dbbb5e8 0.244s
2025-04-29 01:32:41.712 70192 INFO tempest.lib.common.rest_client [req-dcad0f5c-4016-40fe-8e19-4e16c8f6dd71 req-dcad0f5c-4016-40fe-8e19-4e16c8f6dd71 ] Request (TenantUsagesTestJSON:test_get_usage_tenant_with_non_admin_user): 200 GET http://10.180.1.21/compute/v2.1/os-simple-tenant-usage/508c6f88c330488592bca432b273bc0d?start=2025-04-28T01%3A32%3A41.242996&end=2025-04-30T01%3A32%3A41.242996 0.271s
2025-04-29 01:32:41.751 70170 INFO tempest.lib.common.rest_client [req-0ce9606f-1c47-419f-9536-1469eebd762e req-0ce9606f-1c47-419f-9536-1469eebd762e ] Request (ListServerFiltersTestJSON:tearDownClass): 200 GET http://10.180.1.21/compute/v2.1/servers/72bac9c3-fd70-4de4-8aea-37516ac2b0f4 0.288s
2025-04-29 01:32:41.766 70182 INFO tempest.lib.common.rest_client [req-a9d33cdc-f2ec-43e2-86c1-ec090825af99 req-a9d33cdc-f2ec-43e2-86c1-ec090825af99 ] Request (SecurityGroupsTestJSON:test_server_security_groups): 200 GET http://10.180.1.21/compute/v2.1/servers/1a278863-e27b-41c3-88e2-338732e1f54c 0.276s
2025-04-29 01:32:41.831 70192 INFO tempest.lib.common.rest_client [req-a79af666-94fe-4da3-8b5d-6bbe145fe372 req-a79af666-94fe-4da3-8b5d-6bbe145fe372 ] Request (TenantUsagesTestJSON:test_list_usage_all_tenants): 200 GET http://10.180.1.21/compute/v2.1/os-simple-tenant-usage?start=2025-04-28T01%3A32%3A41.242996&end=2025-04-30T01%3A32%3A41.242996&detailed=1 0.115s
2025-04-29 01:32:41.917 70202 INFO tempest.lib.common.rest_client [req-99052076-cd46-4907-99b0-05ad8c2df349 req-99052076-cd46-4907-99b0-05ad8c2df349 ] Request (ServersAdminTestJSON:test_create_server_with_scheduling_hint): 200 GET http://10.180.1.21/compute/v2.1/servers/222f4b6a-f397-4a13-8a88-c8ecf3d71544 0.319s
2025-04-29 01:32:41.944 70168 INFO tempest.lib.common.rest_client [req-e2c72f6e-a43a-4bc4-a144-8fd330f7fbdc req-e2c72f6e-a43a-4bc4-a144-8fd330f7fbdc ] Request (ServerAddressesTestJSON:setUpClass): 200 GET http://10.180.1.21/compute/v2.1/servers/93638b9b-cc01-4aca-9e55-7cf5f24d95da 0.212s
2025-04-29 01:32:41.978 70224 INFO tempest.lib.common.rest_client [req-0473c9f0-dd79-4cc0-9656-97295eff7388 req-0473c9f0-dd79-4cc0-9656-97295eff7388 ] Request (ServerDiskConfigTestJSON:test_rebuild_server_with_auto_disk_config): 200 GET http://10.180.1.21/compute/v2.1/servers/29605030-00aa-482e-aaa4-c2d66af2c29d 0.242s
2025-04-29 01:32:41.987 70224 INFO tempest.common.waiters [-] State transition "BUILD/scheduling" ==> "BUILD/None" after 41 second wait
2025-04-29 01:32:42.000 70195 INFO tempest.lib.common.rest_client [req-048f774f-999e-49a9-86d2-607ec0ede4bf req-048f774f-999e-49a9-86d2-607ec0ede4bf ] Request (ServerActionsTestJSON:setUpClass): 200 GET http://10.180.1.21/compute/v2.1/servers/62d3db0b-c60c-4cd7-8363-5da9b1619d16 0.212s
2025-04-29 01:32:42.073 70192 INFO tempest.lib.common.rest_client [req-05625044-06c0-494b-b904-014d2b076cf2 req-05625044-06c0-494b-b904-014d2b076cf2 ] Request (TenantUsagesTestJSON:tearDownClass): 204 DELETE http://10.180.1.21/compute/v2.1/servers/62b00bec-6db7-4864-86eb-d702db8dbc47 0.230s
2025-04-29 01:32:42.173 70222 INFO tempest.lib.common.rest_client [req-07b92a12-efaf-4bee-b92a-6232abb004e3 req-07b92a12-efaf-4bee-b92a-6232abb004e3 ] Request (ServersTestBootFromVolume:setUpClass): 200 GET http://10.180.1.21/compute/v2.1/servers/750b8ae4-87a7-402a-a82f-44c01e9fd888 0.072s
2025-04-29 01:32:42.211 70192 INFO tempest.lib.common.rest_client [req-a72dbd93-4fd4-4fca-9627-95405e58f9d6 req-a72dbd93-4fd4-4fca-9627-95405e58f9d6 ] Request (TenantUsagesTestJSON:tearDownClass): 200 GET http://10.180.1.21/compute/v2.1/servers/62b00bec-6db7-4864-86eb-d702db8dbc47 0.138s
2025-04-29 01:32:42.260 70212 INFO tempest.lib.common.rest_client [req-7cc07bdc-a9a5-4f8b-9c31-8a3498cb5eb5 req-7cc07bdc-a9a5-4f8b-9c31-8a3498cb5eb5 ] Request (DeleteServersAdminTestJSON:test_delete_server_while_in_error_state): 200 GET http://10.180.1.21/compute/v2.1/servers/56e2f346-ee68-464e-9975-146a5cbf319b 0.070s
2025-04-29 01:32:42.311 70196 INFO tempest.lib.common.rest_client [req-918245a3-9711-41d3-b096-976792d360b3 req-918245a3-9711-41d3-b096-976792d360b3 ] Request (ServerDiagnosticsNegativeTest:test_get_server_diagnostics_by_non_admin): 200 GET http://10.180.1.21/compute/v2.1/servers/c942ea2c-1af4-4f7c-9fdd-283d06a187e0 0.056s
2025-04-29 01:32:42.350 70216 INFO tempest.lib.common.rest_client [req-75a8a1a5-41d5-44e2-9629-924485d14514 req-75a8a1a5-41d5-44e2-9629-924485d14514 ] Request (ServersTestMultiNic:test_verify_multiple_nics_order): 200 GET http://10.180.1.21/compute/v2.1/servers/fc8ace66-7ec0-409e-9025-f46fcbf352ce 0.053s
2025-04-29 01:32:42.370 70206 INFO tempest.lib.common.rest_client [req-352b697b-5ebd-4023-a715-b8758bea76ac req-352b697b-5ebd-4023-a715-b8758bea76ac ] Request (MultipleCreateTestJSON:test_multiple_create): 200 GET http://10.180.1.21/compute/v2.1/servers/f639e7ca-e188-482a-8541-059c773578a9 0.055s
2025-04-29 01:32:42.415 70190 WARNING tempest.lib.common.ssh [-] Failed to establish authenticated ssh connection to cirros@10.180.180.240 ([Errno None] Unable to connect to port 22 on 10.180.180.240). Number attempts: 6. Retry after 7 seconds.: paramiko.ssh_exception.NoValidConnectionsError: [Errno None] Unable to connect to port 22 on 10.180.180.240
2025-04-29 01:32:42.418 70220 INFO tempest.lib.common.rest_client [req-49d4ce89-b383-4203-9319-5b625a72e16b req-49d4ce89-b383-4203-9319-5b625a72e16b ] Request (ServerMetadataTestJSON:setUpClass): 200 GET http://10.180.1.21/compute/v2.1/servers/45fc71fc-04b0-4f5d-9599-0ac9742f6a6e 0.056s
2025-04-29 01:32:42.496 70204 INFO tempest.lib.common.rest_client [req-850adeb2-1139-483f-bec4-ced90b36a627 req-850adeb2-1139-483f-bec4-ced90b36a627 ] Request (ServerGroupTestJSON:_run_cleanups): 200 GET http://10.180.1.21/compute/v2.1/servers/a3ad4820-fe91-492f-9158-7be3e7b54531 0.071s
2025-04-29 01:32:42.530 70188 INFO tempest.lib.common.rest_client [req-32244228-8010-4eeb-b0cd-ea460d30cb31 req-32244228-8010-4eeb-b0cd-ea460d30cb31 ] Request (ImagesOneServerTestJSON:test_create_image_specify_multibyte_character_image_name): 200 GET http://10.180.1.21/compute/v2.1/images/e56bbf5f-d754-4597-9bd2-57a3eedd702c 0.045s
2025-04-29 01:32:42.559 70186 INFO tempest.lib.common.rest_client [req-fc2439cd-a508-414b-a020-6808e711a505 req-fc2439cd-a508-414b-a020-6808e711a505 ] Request (FloatingIPsAssociationTestJSON:test_associate_already_associated_floating_ip): 200 GET http://10.180.1.21/compute/v2.1/servers/c850434b-0d5d-43f3-9e5b-a8d86153be5c 0.071s
2025-04-29 01:32:42.575 70174 INFO tempest.lib.common.rest_client [req-f3516865-f487-4851-b7e1-3d8fe9d9181e req-f3516865-f487-4851-b7e1-3d8fe9d9181e ] Request (ListImageFiltersTestJSON:setUpClass): 200 GET http://10.180.1.21/compute/v2.1/images/1f0adc3a-2054-43ee-beae-473430624a40 0.053s
2025-04-29 01:32:42.627 70174 INFO tempest.lib.common.rest_client [req-c1607a63-68e0-40dc-b687-38fd06892352 req-c1607a63-68e0-40dc-b687-38fd06892352 ] Request (ListImageFiltersTestJSON:setUpClass): 200 GET http://10.180.1.21/compute/v2.1/images/1f0adc3a-2054-43ee-beae-473430624a40 0.049s
2025-04-29 01:32:42.692 70200 INFO tempest.lib.common.rest_client [req-3feef71f-df25-4f70-ac3e-fbd8b2f5214d req-3feef71f-df25-4f70-ac3e-fbd8b2f5214d ] Request (ServerActionsTestOtherA:setUpClass): 200 GET http://10.180.1.21/compute/v2.1/servers/d9fc4e13-6556-4875-b301-c5f47d3e1cf0 0.080s
2025-04-29 01:32:42.699 70198 WARNING tempest.lib.common.ssh [-] Failed to establish authenticated ssh connection to cirros@10.180.180.206 ([Errno None] Unable to connect to port 22 on 10.180.180.206). Number attempts: 5. Retry after 6 seconds.: paramiko.ssh_exception.NoValidConnectionsError: [Errno None] Unable to connect to port 22 on 10.180.180.206
2025-04-29 01:32:42.704 70210 INFO tempest.lib.common.rest_client [req-6c3d0b71-ae42-4d59-b218-0f9923151934 req-6c3d0b71-ae42-4d59-b218-0f9923151934 ] Request (ServerMetadataNegativeTestJSON:setUpClass): 200 GET http://10.180.1.21/compute/v2.1/servers/54fe1d54-bec9-4888-9c79-cb23e2a11647 0.153s
2025-04-29 01:32:42.711 70210 INFO tempest.common.waiters [-] State transition "BUILD/None" ==> "BUILD/networking" after 62 second wait
2025-04-29 01:32:42.730 70179 INFO paramiko.transport [-] Connected (version 2.0, client dropbear_2020.81)
2025-04-29 01:32:42.758 70184 INFO tempest.lib.common.rest_client [req-b541309d-905b-456b-af4b-b58816a98e5f req-b541309d-905b-456b-af4b-b58816a98e5f ] Request (ServersListShow296Test:test_list_show_update_rebuild_server_296): 200 GET http://10.180.1.21/compute/v2.1/servers/4828f76b-eab4-4f3d-8d92-e6a6ee79eb84 0.141s
2025-04-29 01:32:42.814 70172 INFO tempest.lib.common.rest_client [req-2e86229a-a794-4ba0-b203-c28a3d073bc1 req-2e86229a-a794-4ba0-b203-c28a3d073bc1 ] Request (MigrationsAdminTest:test_resize_server_revert_deleted_flavor): 200 GET http://10.180.1.21/compute/v2.1/servers/57cc7aea-24c2-49d1-8c30-469a9dbbb5e8 0.119s
2025-04-29 01:32:42.835 70179 INFO paramiko.transport [-] Authentication (publickey) successful!
2025-04-29 01:32:42.837 70179 INFO tempest.lib.common.ssh [-] ssh connection to cirros@10.180.180.222 successfully created
2025-04-29 01:32:42.840 70174 INFO tempest.lib.common.rest_client [req-80f1f558-90d4-4465-93ad-9d4fd1bec154 req-80f1f558-90d4-4465-93ad-9d4fd1bec154 ] Request (ListImageFiltersTestJSON:setUpClass): 200 GET http://10.180.1.21/compute/v2.1/servers/c4ced098-7a4f-4842-895d-e600126f7916 0.206s
2025-04-29 01:32:42.873 70218 INFO tempest.lib.common.rest_client [req-076d2dfa-0822-4ea5-a0f4-af8a20b7cbe4 req-076d2dfa-0822-4ea5-a0f4-af8a20b7cbe4 ] Request (AttachVolumeTestJSON:test_attach_detach_volume): 200 GET http://10.180.1.21/compute/v2.1/servers/0c51bfd5-589a-4b32-9d1a-e619dc352b66 0.177s
2025-04-29 01:32:42.909 70170 INFO tempest.lib.common.rest_client [req-3b0d9609-570d-402d-8e45-fad9ac671d22 req-3b0d9609-570d-402d-8e45-fad9ac671d22 ] Request (ListServerFiltersTestJSON:tearDownClass): 200 GET http://10.180.1.21/compute/v2.1/servers/72bac9c3-fd70-4de4-8aea-37516ac2b0f4 0.150s
2025-04-29 01:32:42.928 70182 INFO tempest.lib.common.rest_client [req-f9e024a9-eb00-4c10-bef5-43ff9d7e96e5 req-f9e024a9-eb00-4c10-bef5-43ff9d7e96e5 ] Request (SecurityGroupsTestJSON:test_server_security_groups): 200 GET http://10.180.1.21/compute/v2.1/servers/1a278863-e27b-41c3-88e2-338732e1f54c 0.153s
2025-04-29 01:32:43.003 70179 INFO tempest.lib.common.rest_client [req-7c1b254f-0a9f-4740-bedd-99c7a5ef214d req-7c1b254f-0a9f-4740-bedd-99c7a5ef214d ] Request (ServersTestFqdnHostnames:tearDownClass): 204 DELETE http://10.180.1.21/compute/v2.1/servers/29a09314-10de-4b2e-8321-e4efab012869 0.154s
2025-04-29 01:32:43.043 70202 INFO tempest.lib.common.rest_client [req-94802adb-0c9f-4dd7-8ce9-9f6fdaa1e16c req-94802adb-0c9f-4dd7-8ce9-9f6fdaa1e16c ] Request (ServersAdminTestJSON:test_create_server_with_scheduling_hint): 200 GET http://10.180.1.21/compute/v2.1/servers/222f4b6a-f397-4a13-8a88-c8ecf3d71544 0.113s
2025-04-29 01:32:43.115 70224 INFO tempest.lib.common.rest_client [req-bb2b22ab-183e-4829-a261-e2ba3cfd69ae req-bb2b22ab-183e-4829-a261-e2ba3cfd69ae ] Request (ServerDiskConfigTestJSON:test_rebuild_server_with_auto_disk_config): 200 GET http://10.180.1.21/compute/v2.1/servers/29605030-00aa-482e-aaa4-c2d66af2c29d 0.127s
2025-04-29 01:32:43.142 70168 INFO tempest.lib.common.rest_client [req-97a873b0-b4e4-4e12-af77-49567b884074 req-97a873b0-b4e4-4e12-af77-49567b884074 ] Request (ServerAddressesTestJSON:setUpClass): 200 GET http://10.180.1.21/compute/v2.1/servers/93638b9b-cc01-4aca-9e55-7cf5f24d95da 0.187s
2025-04-29 01:32:43.154 70168 INFO tempest.common.waiters [-] State transition "BUILD/spawning" ==> "ACTIVE/None" after 65 second wait
2025-04-29 01:32:43.211 70195 INFO tempest.lib.common.rest_client [req-27addc49-090e-4d46-b26b-71b98f9c85d0 req-27addc49-090e-4d46-b26b-71b98f9c85d0 ] Request (ServerActionsTestJSON:setUpClass): 200 GET http://10.180.1.21/compute/v2.1/servers/62d3db0b-c60c-4cd7-8363-5da9b1619d16 0.203s
2025-04-29 01:32:43.240 70168 INFO tempest.lib.common.rest_client [req-62b22432-c0c7-4f21-a2fc-4211502e96ca req-62b22432-c0c7-4f21-a2fc-4211502e96ca ] Request (ServerAddressesTestJSON:test_list_server_addresses): 200 GET http://10.180.1.21/compute/v2.1/servers/93638b9b-cc01-4aca-9e55-7cf5f24d95da/ips 0.085s
2025-04-29 01:32:43.307 70222 INFO tempest.lib.common.rest_client [req-58b25a73-31e9-4a51-b38b-50b466956c8f req-58b25a73-31e9-4a51-b38b-50b466956c8f ] Request (ServersTestBootFromVolume:setUpClass): 200 GET http://10.180.1.21/compute/v2.1/servers/750b8ae4-87a7-402a-a82f-44c01e9fd888 0.117s
2025-04-29 01:32:43.325 70179 INFO tempest.lib.common.rest_client [req-4bafff64-a664-47fc-9260-a1a1014c262a req-4bafff64-a664-47fc-9260-a1a1014c262a ] Request (ServersTestFqdnHostnames:tearDownClass): 200 GET http://10.180.1.21/compute/v2.1/servers/29a09314-10de-4b2e-8321-e4efab012869 0.321s
2025-04-29 01:32:43.353 70168 INFO tempest.lib.common.rest_client [req-e8cf6569-c7ca-46c9-b965-3a2576af2dd7 req-e8cf6569-c7ca-46c9-b965-3a2576af2dd7 ] Request (ServerAddressesTestJSON:test_list_server_addresses_by_network): 200 GET http://10.180.1.21/compute/v2.1/servers/93638b9b-cc01-4aca-9e55-7cf5f24d95da/ips 0.110s
2025-04-29 01:32:43.391 70164 INFO paramiko.transport [-] Connected (version 2.0, client dropbear_2020.81)
2025-04-29 01:32:43.432 70192 INFO tempest.lib.common.rest_client [req-7a731bbd-8642-45ee-a016-3c6508bd2e77 req-7a731bbd-8642-45ee-a016-3c6508bd2e77 ] Request (TenantUsagesTestJSON:tearDownClass): 200 GET http://10.180.1.21/compute/v2.1/servers/62b00bec-6db7-4864-86eb-d702db8dbc47 0.210s
2025-04-29 01:32:43.433 70212 INFO tempest.lib.common.rest_client [req-58a3708e-6ac0-4eb7-9848-daf918ff9e39 req-58a3708e-6ac0-4eb7-9848-daf918ff9e39 ] Request (DeleteServersAdminTestJSON:test_delete_server_while_in_error_state): 200 GET http://10.180.1.21/compute/v2.1/servers/56e2f346-ee68-464e-9975-146a5cbf319b 0.163s
2025-04-29 01:32:43.463 70168 INFO tempest.lib.common.rest_client [req-f2b3a7b5-63e7-4771-953d-c8fb631e0f7f req-f2b3a7b5-63e7-4771-953d-c8fb631e0f7f ] Request (ServerAddressesTestJSON:test_list_server_addresses_by_network): 200 GET http://10.180.1.21/compute/v2.1/servers/93638b9b-cc01-4aca-9e55-7cf5f24d95da/ips/tempest-ServerAddressesTestJSON-2085592101-network 0.108s
2025-04-29 01:32:43.492 70196 INFO tempest.lib.common.rest_client [req-b4b689cc-5be5-46f7-91b3-176d0bbccaf2 req-b4b689cc-5be5-46f7-91b3-176d0bbccaf2 ] Request (ServerDiagnosticsNegativeTest:test_get_server_diagnostics_by_non_admin): 200 GET http://10.180.1.21/compute/v2.1/servers/c942ea2c-1af4-4f7c-9fdd-283d06a187e0 0.172s
2025-04-29 01:32:43.500 70164 INFO paramiko.transport [-] Authentication (publickey) successful!
2025-04-29 01:32:43.501 70164 INFO tempest.lib.common.ssh [-] ssh connection to cirros@10.180.180.210 successfully created
2025-04-29 01:32:43.520 70216 INFO tempest.lib.common.rest_client [req-5d5facf9-6bd7-4bce-adf5-ac3ce9edcc1e req-5d5facf9-6bd7-4bce-adf5-ac3ce9edcc1e ] Request (ServersTestMultiNic:test_verify_multiple_nics_order): 200 GET http://10.180.1.21/compute/v2.1/servers/fc8ace66-7ec0-409e-9025-f46fcbf352ce 0.162s
2025-04-29 01:32:43.544 70206 INFO tempest.lib.common.rest_client [req-056e2ca3-aaea-4970-8f77-7d0e56235cb8 req-056e2ca3-aaea-4970-8f77-7d0e56235cb8 ] Request (MultipleCreateTestJSON:test_multiple_create): 200 GET http://10.180.1.21/compute/v2.1/servers/f639e7ca-e188-482a-8541-059c773578a9 0.164s
2025-04-29 01:32:43.576 70220 INFO tempest.lib.common.rest_client [req-2800f9ec-6116-4669-9a83-9166d2203458 req-2800f9ec-6116-4669-9a83-9166d2203458 ] Request (ServerMetadataTestJSON:setUpClass): 200 GET http://10.180.1.21/compute/v2.1/servers/45fc71fc-04b0-4f5d-9599-0ac9742f6a6e 0.150s
2025-04-29 01:32:43.630 70168 INFO tempest.lib.common.rest_client [req-b9d752a6-78b5-4860-a3a3-e41f12c6737d req-b9d752a6-78b5-4860-a3a3-e41f12c6737d ] Request (ServerAddressesTestJSON:tearDownClass): 204 DELETE http://10.180.1.21/compute/v2.1/servers/93638b9b-cc01-4aca-9e55-7cf5f24d95da 0.159s
2025-04-29 01:32:43.645 70204 INFO tempest.lib.common.rest_client [req-a1b6a66a-a1ae-4ba3-a707-68069ea90567 req-a1b6a66a-a1ae-4ba3-a707-68069ea90567 ] Request (ServerGroupTestJSON:_run_cleanups): 200 GET http://10.180.1.21/compute/v2.1/servers/a3ad4820-fe91-492f-9158-7be3e7b54531 0.140s
2025-04-29 01:32:43.680 70164 INFO tempest.lib.common.rest_client [req-d7d1abea-8543-4c2b-97c8-e0cca895b925 req-d7d1abea-8543-4c2b-97c8-e0cca895b925 ] Request (ServersTestManualDisk:test_list_servers): 200 GET http://10.180.1.21/compute/v2.1/servers 0.170s
2025-04-29 01:32:43.684 70188 INFO tempest.lib.common.rest_client [req-56ea5866-7b73-481f-887f-5f2435864e45 req-56ea5866-7b73-481f-887f-5f2435864e45 ] Request (ImagesOneServerTestJSON:test_create_image_specify_multibyte_character_image_name): 200 GET http://10.180.1.21/compute/v2.1/images/e56bbf5f-d754-4597-9bd2-57a3eedd702c 0.149s
2025-04-29 01:32:43.748 70186 INFO tempest.lib.common.rest_client [req-70b067b6-cf2e-4398-b1f7-946e685896e1 req-70b067b6-cf2e-4398-b1f7-946e685896e1 ] Request (FloatingIPsAssociationTestJSON:test_associate_already_associated_floating_ip): 200 GET http://10.180.1.21/compute/v2.1/servers/c850434b-0d5d-43f3-9e5b-a8d86153be5c 0.177s
2025-04-29 01:32:43.866 70168 INFO tempest.lib.common.rest_client [req-dda94706-ecf2-444e-ac5d-4e58afabb2fe req-dda94706-ecf2-444e-ac5d-4e58afabb2fe ] Request (ServerAddressesTestJSON:tearDownClass): 200 GET http://10.180.1.21/compute/v2.1/servers/93638b9b-cc01-4aca-9e55-7cf5f24d95da 0.235s
2025-04-29 01:32:43.925 70200 INFO tempest.lib.common.rest_client [req-13ad8f7f-d90c-466a-8c93-7920409dba9b req-13ad8f7f-d90c-466a-8c93-7920409dba9b ] Request (ServerActionsTestOtherA:setUpClass): 200 GET http://10.180.1.21/compute/v2.1/servers/d9fc4e13-6556-4875-b301-c5f47d3e1cf0 0.223s
2025-04-29 01:32:43.959 70164 INFO tempest.lib.common.rest_client [req-0604a8c4-e71c-46c5-9233-51087677c4eb req-0604a8c4-e71c-46c5-9233-51087677c4eb ] Request (ServersTestManualDisk:test_list_servers_with_detail): 200 GET http://10.180.1.21/compute/v2.1/servers/detail 0.275s
2025-04-29 01:32:44.033 70184 INFO tempest.lib.common.rest_client [req-415ca6e1-f183-4939-985c-339e0c3bd7c3 req-415ca6e1-f183-4939-985c-339e0c3bd7c3 ] Request (ServersListShow296Test:test_list_show_update_rebuild_server_296): 200 GET http://10.180.1.21/compute/v2.1/servers/4828f76b-eab4-4f3d-8d92-e6a6ee79eb84 0.261s
2025-04-29 01:32:44.058 70210 INFO tempest.lib.common.rest_client [req-39dd510e-e93a-4175-a080-f099c7136450 req-39dd510e-e93a-4175-a080-f099c7136450 ] Request (ServerMetadataNegativeTestJSON:setUpClass): 200 GET http://10.180.1.21/compute/v2.1/servers/54fe1d54-bec9-4888-9c79-cb23e2a11647 0.346s
2025-04-29 01:32:44.067 70210 INFO tempest.common.waiters [-] State transition "BUILD/networking" ==> "BUILD/spawning" after 64 second wait
2025-04-29 01:32:44.109 70172 INFO tempest.lib.common.rest_client [req-a0a9ff67-678d-4cc9-8270-d37540bd49c7 req-a0a9ff67-678d-4cc9-8270-d37540bd49c7 ] Request (MigrationsAdminTest:test_resize_server_revert_deleted_flavor): 200 GET http://10.180.1.21/compute/v2.1/servers/57cc7aea-24c2-49d1-8c30-469a9dbbb5e8 0.283s
2025-04-29 01:32:44.185 70218 INFO tempest.lib.common.rest_client [req-04ddaa59-b8c1-4286-8f0a-7d46871f0ff0 req-04ddaa59-b8c1-4286-8f0a-7d46871f0ff0 ] Request (AttachVolumeTestJSON:test_attach_detach_volume): 200 GET http://10.180.1.21/compute/v2.1/servers/0c51bfd5-589a-4b32-9d1a-e619dc352b66 0.305s
2025-04-29 01:32:44.192 70174 INFO tempest.lib.common.rest_client [req-76b3dc9e-59ec-4df3-822e-147d208db774 req-76b3dc9e-59ec-4df3-822e-147d208db774 ] Request (ListImageFiltersTestJSON:setUpClass): 200 GET http://10.180.1.21/compute/v2.1/servers/c4ced098-7a4f-4842-895d-e600126f7916 0.343s
2025-04-29 01:32:44.250 70182 INFO tempest.lib.common.rest_client [req-d94757db-91fe-48cc-b785-b6ebe232dbdb req-d94757db-91fe-48cc-b785-b6ebe232dbdb ] Request (SecurityGroupsTestJSON:test_server_security_groups): 200 GET http://10.180.1.21/compute/v2.1/servers/1a278863-e27b-41c3-88e2-338732e1f54c 0.314s
2025-04-29 01:32:44.264 70170 INFO tempest.lib.common.rest_client [req-b9cb9beb-d355-4b1f-8d2e-d90eea4004a8 req-b9cb9beb-d355-4b1f-8d2e-d90eea4004a8 ] Request (ListServerFiltersTestJSON:tearDownClass): 200 GET http://10.180.1.21/compute/v2.1/servers/72bac9c3-fd70-4de4-8aea-37516ac2b0f4 0.339s
2025-04-29 01:32:44.264 70164 INFO tempest.lib.common.rest_client [req-e6ab4d52-f349-495b-8662-2756e473a8ec req-e6ab4d52-f349-495b-8662-2756e473a8ec ] Request (ServersTestManualDisk:test_verify_created_server_vcpus): 200 GET http://10.180.1.21/compute/v2.1/flavors/42 0.293s
2025-04-29 01:32:44.268 70164 INFO tempest.lib.common.ssh [-] Creating ssh connection to '10.180.180.210:22' as 'cirros' with public key authentication
2025-04-29 01:32:44.272 70164 INFO paramiko.transport [-] Connected (version 2.0, client dropbear_2020.81)
2025-04-29 01:32:44.356 70224 INFO tempest.lib.common.rest_client [req-9fe46d2f-41a8-471c-85ad-46f5488f57e9 req-9fe46d2f-41a8-471c-85ad-46f5488f57e9 ] Request (ServerDiskConfigTestJSON:test_rebuild_server_with_auto_disk_config): 200 GET http://10.180.1.21/compute/v2.1/servers/29605030-00aa-482e-aaa4-c2d66af2c29d 0.231s
2025-04-29 01:32:44.371 70164 INFO paramiko.transport [-] Authentication (publickey) successful!
2025-04-29 01:32:44.371 70164 INFO tempest.lib.common.ssh [-] ssh connection to cirros@10.180.180.210 successfully created
2025-04-29 01:32:44.448 70195 INFO tempest.lib.common.rest_client [req-9d8846b2-7a16-4023-bb55-769cf7d62de4 req-9d8846b2-7a16-4023-bb55-769cf7d62de4 ] Request (ServerActionsTestJSON:setUpClass): 200 GET http://10.180.1.21/compute/v2.1/servers/62d3db0b-c60c-4cd7-8363-5da9b1619d16 0.224s
2025-04-29 01:32:44.521 70222 INFO tempest.lib.common.rest_client [req-ead46ff8-80b4-422b-b909-bdab570a87be req-ead46ff8-80b4-422b-b909-bdab570a87be ] Request (ServersTestBootFromVolume:setUpClass): 200 GET http://10.180.1.21/compute/v2.1/servers/750b8ae4-87a7-402a-a82f-44c01e9fd888 0.205s
2025-04-29 01:32:44.529 70202 INFO tempest.lib.common.rest_client [req-1c0b0982-1691-4990-9175-2ba4912359d6 req-1c0b0982-1691-4990-9175-2ba4912359d6 ] Request (ServersAdminTestJSON:test_create_server_with_scheduling_hint): 200 GET http://10.180.1.21/compute/v2.1/servers/222f4b6a-f397-4a13-8a88-c8ecf3d71544 0.474s
2025-04-29 01:32:44.635 70164 INFO tempest.lib.common.rest_client [req-5f8c0f55-b9b9-4dc1-91c3-b3fa1d2814ac req-5f8c0f55-b9b9-4dc1-91c3-b3fa1d2814ac ] Request (ServersTestManualDisk:tearDownClass): 204 DELETE http://10.180.1.21/compute/v2.1/servers/25fff063-fede-436b-95a9-b392d0771beb 0.253s
2025-04-29 01:32:44.646 70179 INFO tempest.lib.common.rest_client [req-78eabb81-0dd1-411f-884d-a6d51abae36a req-78eabb81-0dd1-411f-884d-a6d51abae36a ] Request (ServersTestFqdnHostnames:tearDownClass): 200 GET http://10.180.1.21/compute/v2.1/servers/29a09314-10de-4b2e-8321-e4efab012869 0.308s
2025-04-29 01:32:44.727 70212 INFO tempest.lib.common.rest_client [req-4eb5f916-9002-4b84-b942-24e8d0be8614 req-4eb5f916-9002-4b84-b942-24e8d0be8614 ] Request (DeleteServersAdminTestJSON:test_delete_server_while_in_error_state): 200 GET http://10.180.1.21/compute/v2.1/servers/56e2f346-ee68-464e-9975-146a5cbf319b 0.276s
2025-04-29 01:32:44.729 70192 INFO tempest.lib.common.rest_client [req-d558161b-6a85-4152-8846-e23f19f0a602 req-d558161b-6a85-4152-8846-e23f19f0a602 ] Request (TenantUsagesTestJSON:tearDownClass): 200 GET http://10.180.1.21/compute/v2.1/servers/62b00bec-6db7-4864-86eb-d702db8dbc47 0.286s
2025-04-29 01:32:44.793 70216 INFO tempest.lib.common.rest_client [req-d40ca71f-dc1c-4c85-b6be-4d131afa12e6 req-d40ca71f-dc1c-4c85-b6be-4d131afa12e6 ] Request (ServersTestMultiNic:test_verify_multiple_nics_order): 200 GET http://10.180.1.21/compute/v2.1/servers/fc8ace66-7ec0-409e-9025-f46fcbf352ce 0.265s
2025-04-29 01:32:44.797 70196 INFO tempest.lib.common.rest_client [req-7032746b-40d8-4b2d-a506-a862827ea504 req-7032746b-40d8-4b2d-a506-a862827ea504 ] Request (ServerDiagnosticsNegativeTest:test_get_server_diagnostics_by_non_admin): 200 GET http://10.180.1.21/compute/v2.1/servers/c942ea2c-1af4-4f7c-9fdd-283d06a187e0 0.297s
2025-04-29 01:32:44.854 70206 INFO tempest.lib.common.rest_client [req-d9236729-6d7f-4902-9250-2e4b66a9967e req-d9236729-6d7f-4902-9250-2e4b66a9967e ] Request (MultipleCreateTestJSON:test_multiple_create): 200 GET http://10.180.1.21/compute/v2.1/servers/f639e7ca-e188-482a-8541-059c773578a9 0.299s
2025-04-29 01:32:44.862 70220 INFO tempest.lib.common.rest_client [req-e0f79a1f-07e2-40d1-a047-e36a88b3ea5f req-e0f79a1f-07e2-40d1-a047-e36a88b3ea5f ] Request (ServerMetadataTestJSON:setUpClass): 200 GET http://10.180.1.21/compute/v2.1/servers/45fc71fc-04b0-4f5d-9599-0ac9742f6a6e 0.277s
2025-04-29 01:32:44.943 70204 INFO tempest.lib.common.rest_client [req-030a78d5-12b7-4a98-87e2-e71680185baa req-030a78d5-12b7-4a98-87e2-e71680185baa ] Request (ServerGroupTestJSON:_run_cleanups): 200 GET http://10.180.1.21/compute/v2.1/servers/a3ad4820-fe91-492f-9158-7be3e7b54531 0.286s
2025-04-29 01:32:44.961 70164 INFO tempest.lib.common.rest_client [req-418eb039-e8fb-4ecb-ace6-f3fa530ee4be req-418eb039-e8fb-4ecb-ace6-f3fa530ee4be ] Request (ServersTestManualDisk:tearDownClass): 200 GET http://10.180.1.21/compute/v2.1/servers/25fff063-fede-436b-95a9-b392d0771beb 0.325s
2025-04-29 01:32:44.979 70188 INFO tempest.lib.common.rest_client [req-5df3ae88-2a4b-4825-93f2-07ce9cf0d887 req-5df3ae88-2a4b-4825-93f2-07ce9cf0d887 ] Request (ImagesOneServerTestJSON:test_create_image_specify_multibyte_character_image_name): 200 GET http://10.180.1.21/compute/v2.1/images/e56bbf5f-d754-4597-9bd2-57a3eedd702c 0.288s
2025-04-29 01:32:45.064 70186 INFO tempest.lib.common.rest_client [req-ce3a5b69-4e2d-4695-aa68-5feaf71d5de1 req-ce3a5b69-4e2d-4695-aa68-5feaf71d5de1 ] Request (FloatingIPsAssociationTestJSON:test_associate_already_associated_floating_ip): 200 GET http://10.180.1.21/compute/v2.1/servers/c850434b-0d5d-43f3-9e5b-a8d86153be5c 0.307s
2025-04-29 01:32:45.142 70200 INFO tempest.lib.common.rest_client [req-31b6731e-beec-4948-9576-1d04afea23c6 req-31b6731e-beec-4948-9576-1d04afea23c6 ] Request (ServerActionsTestOtherA:setUpClass): 200 GET http://10.180.1.21/compute/v2.1/servers/d9fc4e13-6556-4875-b301-c5f47d3e1cf0 0.208s
2025-04-29 01:32:45.154 70168 INFO tempest.lib.common.rest_client [req-ecbca3e5-0a01-4e65-87d9-09b6ca7c5390 req-ecbca3e5-0a01-4e65-87d9-09b6ca7c5390 ] Request (ServerAddressesTestJSON:tearDownClass): 200 GET http://10.180.1.21/compute/v2.1/servers/93638b9b-cc01-4aca-9e55-7cf5f24d95da 0.274s
2025-04-29 01:32:45.215 70184 INFO tempest.lib.common.rest_client [req-8dc7ea6f-f56f-4c97-b4f4-bc6825db12ad req-8dc7ea6f-f56f-4c97-b4f4-bc6825db12ad ] Request (ServersListShow296Test:test_list_show_update_rebuild_server_296): 200 GET http://10.180.1.21/compute/v2.1/servers/4828f76b-eab4-4f3d-8d92-e6a6ee79eb84 0.170s
2025-04-29 01:32:45.289 70172 INFO tempest.lib.common.rest_client [req-0b7781f3-f5cf-4670-877a-d4888aae2c96 req-0b7781f3-f5cf-4670-877a-d4888aae2c96 ] Request (MigrationsAdminTest:test_resize_server_revert_deleted_flavor): 200 GET http://10.180.1.21/compute/v2.1/servers/57cc7aea-24c2-49d1-8c30-469a9dbbb5e8 0.171s
2025-04-29 01:32:45.297 70172 INFO tempest.common.waiters [-] State transition "BUILD/scheduling" ==> "BUILD/None" after 33 second wait
2025-04-29 01:32:45.329 70210 INFO tempest.lib.common.rest_client [req-96254d8e-f0d2-46f5-a076-90d04b91317e req-96254d8e-f0d2-46f5-a076-90d04b91317e ] Request (ServerMetadataNegativeTestJSON:setUpClass): 200 GET http://10.180.1.21/compute/v2.1/servers/54fe1d54-bec9-4888-9c79-cb23e2a11647 0.261s
2025-04-29 01:32:45.360 70218 INFO tempest.lib.common.rest_client [req-36855bdf-6c97-4273-ad8e-fcd9deee70ee req-36855bdf-6c97-4273-ad8e-fcd9deee70ee ] Request (AttachVolumeTestJSON:test_attach_detach_volume): 200 GET http://10.180.1.21/compute/v2.1/servers/0c51bfd5-589a-4b32-9d1a-e619dc352b66 0.166s
2025-04-29 01:32:45.441 70182 INFO tempest.lib.common.rest_client [req-b5c9f548-457a-405b-a085-57d6a3452245 req-b5c9f548-457a-405b-a085-57d6a3452245 ] Request (SecurityGroupsTestJSON:test_server_security_groups): 200 GET http://10.180.1.21/compute/v2.1/servers/1a278863-e27b-41c3-88e2-338732e1f54c 0.177s
2025-04-29 01:32:45.548 70170 INFO tempest.lib.common.rest_client [req-e338bc9a-2e3e-4a3a-a0ad-0623d5807647 req-e338bc9a-2e3e-4a3a-a0ad-0623d5807647 ] Request (ListServerFiltersTestJSON:tearDownClass): 200 GET http://10.180.1.21/compute/v2.1/servers/72bac9c3-fd70-4de4-8aea-37516ac2b0f4 0.268s
2025-04-29 01:32:45.578 70174 INFO tempest.lib.common.rest_client [req-5a57d828-94ab-4243-aca6-daccf1ee712c req-5a57d828-94ab-4243-aca6-daccf1ee712c ] Request (ListImageFiltersTestJSON:setUpClass): 200 GET http://10.180.1.21/compute/v2.1/servers/c4ced098-7a4f-4842-895d-e600126f7916 0.375s
2025-04-29 01:32:45.590 70174 INFO tempest.common.waiters [-] State transition "ACTIVE/image_uploading" ==> "ACTIVE/None" after 3 second wait
2025-04-29 01:32:45.620 70224 INFO tempest.lib.common.rest_client [req-71160192-50ee-4e70-a2cc-373583661ef7 req-71160192-50ee-4e70-a2cc-373583661ef7 ] Request (ServerDiskConfigTestJSON:test_rebuild_server_with_auto_disk_config): 200 GET http://10.180.1.21/compute/v2.1/servers/29605030-00aa-482e-aaa4-c2d66af2c29d 0.252s
2025-04-29 01:32:45.660 70195 INFO tempest.lib.common.rest_client [req-5791d89b-1cef-463b-9a63-a9ef452280de req-5791d89b-1cef-463b-9a63-a9ef452280de ] Request (ServerActionsTestJSON:setUpClass): 200 GET http://10.180.1.21/compute/v2.1/servers/62d3db0b-c60c-4cd7-8363-5da9b1619d16 0.201s
2025-04-29 01:32:45.684 70222 INFO tempest.lib.common.rest_client [req-27e24f2b-0496-4ab6-9749-98f78c112ea0 req-27e24f2b-0496-4ab6-9749-98f78c112ea0 ] Request (ServersTestBootFromVolume:setUpClass): 200 GET http://10.180.1.21/compute/v2.1/servers/750b8ae4-87a7-402a-a82f-44c01e9fd888 0.150s
2025-04-29 01:32:45.796 70202 INFO tempest.lib.common.rest_client [req-488532a3-9686-4b40-941f-0476f8043a19 req-488532a3-9686-4b40-941f-0476f8043a19 ] Request (ServersAdminTestJSON:test_create_server_with_scheduling_hint): 200 GET http://10.180.1.21/compute/v2.1/servers/222f4b6a-f397-4a13-8a88-c8ecf3d71544 0.258s
2025-04-29 01:32:45.805 70202 INFO tempest.common.waiters [-] State transition "BUILD/spawning" ==> "ACTIVE/None" after 66 second wait
2025-04-29 01:32:45.890 70179 INFO tempest.lib.common.rest_client [req-6c9c3883-9391-4ec7-90fc-4a4e4bb31e0f req-6c9c3883-9391-4ec7-90fc-4a4e4bb31e0f ] Request (ServersTestFqdnHostnames:tearDownClass): 200 GET http://10.180.1.21/compute/v2.1/servers/29a09314-10de-4b2e-8321-e4efab012869 0.231s
2025-04-29 01:32:45.912 70202 INFO tempest.lib.common.rest_client [req-a350e666-f940-4f27-a0a9-52256c0af3be req-a350e666-f940-4f27-a0a9-52256c0af3be ] Request (ServersAdminTestJSON:test_inject_network_info): 201 POST http://10.180.1.21/identity/v3/auth/tokens 0.100s
2025-04-29 01:32:45.912 70202 INFO tempest.lib.common.fixed_network [-] (ServersAdminTestJSON:test_inject_network_info) Found network {'id': '5fce0269-f8bb-41ca-b4f4-32faeb39fc54', 'name': 'tempest-ServersAdminTestJSON-1781194744-network', 'tenant_id': 'a438dd77603c432c8245e52cd69624f5', 'admin_state_up': True, 'mtu': 8950, 'status': 'ACTIVE', 'subnets': [], 'shared': False, 'project_id': 'a438dd77603c432c8245e52cd69624f5', 'port_security_enabled': True, 'router:external': False, 'provider:network_type': 'vlan', 'provider:physical_network': 'default', 'provider:segmentation_id': 712, 'availability_zone_hints': [], 'availability_zones': [], 'ipv4_address_scope': None, 'ipv6_address_scope': None, 'description': '', 'tags': [], 'created_at': '2025-04-29T01:30:44Z', 'updated_at': '2025-04-29T01:30:44Z', 'revision_number': 1} available for tenant
2025-04-29 01:32:45.978 70212 INFO tempest.lib.common.rest_client [req-21021caa-4078-4efc-a55d-d013e6954ac6 req-21021caa-4078-4efc-a55d-d013e6954ac6 ] Request (DeleteServersAdminTestJSON:test_delete_server_while_in_error_state): 200 GET http://10.180.1.21/compute/v2.1/servers/56e2f346-ee68-464e-9975-146a5cbf319b 0.232s
2025-04-29 01:32:46.063 70192 INFO tempest.lib.common.rest_client [req-d54dca14-e051-4261-a04c-3bd3b55ca46a req-d54dca14-e051-4261-a04c-3bd3b55ca46a ] Request (TenantUsagesTestJSON:tearDownClass): 200 GET http://10.180.1.21/compute/v2.1/servers/62b00bec-6db7-4864-86eb-d702db8dbc47 0.308s
2025-04-29 01:32:46.075 70192 INFO tempest.common.waiters [-] State transition "ACTIVE/deleting" ==> "DELETED/None" after 4 second wait
2025-04-29 01:32:46.129 70216 INFO tempest.lib.common.rest_client [req-2ba4408e-7e25-4193-9061-a7d75760bb32 req-2ba4408e-7e25-4193-9061-a7d75760bb32 ] Request (ServersTestMultiNic:test_verify_multiple_nics_order): 200 GET http://10.180.1.21/compute/v2.1/servers/fc8ace66-7ec0-409e-9025-f46fcbf352ce 0.323s
2025-04-29 01:32:46.259 70196 INFO tempest.lib.common.rest_client [req-18a2fdae-8e2c-44e0-88fd-28702ac42129 req-18a2fdae-8e2c-44e0-88fd-28702ac42129 ] Request (ServerDiagnosticsNegativeTest:test_get_server_diagnostics_by_non_admin): 200 GET http://10.180.1.21/compute/v2.1/servers/c942ea2c-1af4-4f7c-9fdd-283d06a187e0 0.449s
2025-04-29 01:32:46.267 70196 INFO tempest.common.waiters [-] State transition "BUILD/None" ==> "BUILD/block_device_mapping" after 58 second wait
2025-04-29 01:32:46.276 70174 INFO tempest.lib.common.rest_client [req-c6d5e476-a9f8-438f-8b06-7940ac132833 req-c6d5e476-a9f8-438f-8b06-7940ac132833 ] Request (ListImageFiltersTestJSON:setUpClass): 202 POST http://10.180.1.21/compute/v2.1/servers/66659cd1-aabd-4158-86c6-66ef8977416d/action 0.683s
2025-04-29 01:32:46.310 70206 INFO tempest.lib.common.rest_client [req-e96c766b-c2b6-4ede-a09c-e5a38840c268 req-e96c766b-c2b6-4ede-a09c-e5a38840c268 ] Request (MultipleCreateTestJSON:test_multiple_create): 200 GET http://10.180.1.21/compute/v2.1/servers/f639e7ca-e188-482a-8541-059c773578a9 0.441s
2025-04-29 01:32:46.352 70220 INFO tempest.lib.common.rest_client [req-d9da4291-4094-41e1-aaf0-bfdd4dc0e159 req-d9da4291-4094-41e1-aaf0-bfdd4dc0e159 ] Request (ServerMetadataTestJSON:setUpClass): 200 GET http://10.180.1.21/compute/v2.1/servers/45fc71fc-04b0-4f5d-9599-0ac9742f6a6e 0.478s
2025-04-29 01:32:46.437 70204 INFO tempest.lib.common.rest_client [req-9c466bfd-e683-47ba-a1da-619f897177c0 req-9c466bfd-e683-47ba-a1da-619f897177c0 ] Request (ServerGroupTestJSON:_run_cleanups): 200 GET http://10.180.1.21/compute/v2.1/servers/a3ad4820-fe91-492f-9158-7be3e7b54531 0.483s
2025-04-29 01:32:46.594 70164 INFO tempest.lib.common.rest_client [req-862ad9cd-f08c-4ec5-ac81-c4a03fa67355 req-862ad9cd-f08c-4ec5-ac81-c4a03fa67355 ] Request (ServersTestManualDisk:tearDownClass): 200 GET http://10.180.1.21/compute/v2.1/servers/25fff063-fede-436b-95a9-b392d0771beb 0.623s
2025-04-29 01:32:46.635 70188 INFO tempest.lib.common.rest_client [req-89d37202-2754-4bd4-929d-bf4edde466cd req-89d37202-2754-4bd4-929d-bf4edde466cd ] Request (ImagesOneServerTestJSON:test_create_image_specify_multibyte_character_image_name): 200 GET http://10.180.1.21/compute/v2.1/images/e56bbf5f-d754-4597-9bd2-57a3eedd702c 0.652s
2025-04-29 01:32:46.707 70186 INFO tempest.lib.common.rest_client [req-cfa7de11-60a3-4db5-a0e6-c99fa90b0161 req-cfa7de11-60a3-4db5-a0e6-c99fa90b0161 ] Request (FloatingIPsAssociationTestJSON:test_associate_already_associated_floating_ip): 200 GET http://10.180.1.21/compute/v2.1/servers/c850434b-0d5d-43f3-9e5b-a8d86153be5c 0.632s
2025-04-29 01:32:46.710 70202 INFO tempest.lib.common.rest_client [req-c150699f-64b3-484f-a49d-8615920e6a60 req-c150699f-64b3-484f-a49d-8615920e6a60 ] Request (ServersAdminTestJSON:test_inject_network_info): 202 POST http://10.180.1.21/compute/v2.1/servers 0.797s
2025-04-29 01:32:46.785 70200 INFO tempest.lib.common.rest_client [req-1a3b3d20-91ab-4a9b-883e-4da634d7d9eb req-1a3b3d20-91ab-4a9b-883e-4da634d7d9eb ] Request (ServerActionsTestOtherA:setUpClass): 200 GET http://10.180.1.21/compute/v2.1/servers/d9fc4e13-6556-4875-b301-c5f47d3e1cf0 0.631s
2025-04-29 01:32:46.799 70168 INFO tempest.lib.common.rest_client [req-a357697d-e9ae-4864-be0a-abeaece44a87 req-a357697d-e9ae-4864-be0a-abeaece44a87 ] Request (ServerAddressesTestJSON:tearDownClass): 200 GET http://10.180.1.21/compute/v2.1/servers/93638b9b-cc01-4aca-9e55-7cf5f24d95da 0.635s
2025-04-29 01:32:46.850 70174 INFO tempest.lib.common.rest_client [req-79e03de8-e0b7-4c06-b581-a887754a9533 req-79e03de8-e0b7-4c06-b581-a887754a9533 ] Request (ListImageFiltersTestJSON:setUpClass): 200 GET http://10.180.1.21/compute/v2.1/images/94f04abc-9d99-4a8a-ac88-44d678262bdd 0.573s
2025-04-29 01:32:46.888 70184 INFO tempest.lib.common.rest_client [req-af443354-d393-40e5-ade9-5224b9231912 req-af443354-d393-40e5-ade9-5224b9231912 ] Request (ServersListShow296Test:test_list_show_update_rebuild_server_296): 200 GET http://10.180.1.21/compute/v2.1/servers/4828f76b-eab4-4f3d-8d92-e6a6ee79eb84 0.660s
