2025-04-29 01:31:52.877 70182 INFO tempest.lib.common.rest_client [req-9ffeb263-2dcf-41ac-acbc-1a8e0eac95b2 req-9ffeb263-2dcf-41ac-acbc-1a8e0eac95b2 ] Request (SecurityGroupsTestJSON:test_list_security_groups_by_server): 200 GET http://10.180.1.21/compute/v2.1/servers/e80028c3-0380-42f7-b907-58d545e343cf 0.379s
2025-04-29 01:31:52.925 70220 INFO tempest.lib.common.rest_client [req-945a8ca2-3d25-458b-9ccd-e22cac2e0ee7 req-945a8ca2-3d25-458b-9ccd-e22cac2e0ee7 ] Request (ServerMetadataTestJSON:setUpClass): 200 GET http://10.180.1.21/compute/v2.1/servers/45fc71fc-04b0-4f5d-9599-0ac9742f6a6e 0.376s
2025-04-29 01:31:52.978 70196 INFO tempest.lib.common.rest_client [req-a6bf824e-897c-4642-8a4e-6f8d885bc979 req-a6bf824e-897c-4642-8a4e-6f8d885bc979 ] Request (ServerDiagnosticsNegativeTest:test_get_server_diagnostics_by_non_admin): 200 GET http://10.180.1.21/compute/v2.1/servers/c942ea2c-1af4-4f7c-9fdd-283d06a187e0 0.361s
2025-04-29 01:31:52.996 70222 INFO tempest.lib.common.rest_client [req-3932c93b-5e8e-4480-812c-3e12d79e2f0f req-3932c93b-5e8e-4480-812c-3e12d79e2f0f ] Request (KeyPairsV2TestJSON:_run_cleanups): 202 DELETE http://10.180.1.21/compute/v2.1/os-keypairs/tempest-keypair-961726718 0.280s
2025-04-29 01:31:53.014 70170 INFO tempest.lib.common.rest_client [req-82ecd15f-2346-4abe-bec6-4cc7ade37821 req-82ecd15f-2346-4abe-bec6-4cc7ade37821 ] Request (ListServerFiltersTestJSON:test_list_servers_detailed_filter_by_server_name): 200 GET http://10.180.1.21/compute/v2.1/servers/detail?name=tempest-ListServerFiltersTestJSON-instance-811024786 0.474s
2025-04-29 01:31:53.062 70222 INFO tempest.lib.common.rest_client [req-e9a0feb8-1a0f-4bcc-8ae1-979e077352bc req-e9a0feb8-1a0f-4bcc-8ae1-979e077352bc ] Request (KeyPairsV2TestJSON:test_keypairs_create_list_delete): 200 POST http://10.180.1.21/compute/v2.1/os-keypairs 0.065s
2025-04-29 01:31:53.129 70190 INFO tempest.lib.common.rest_client [req-3c6419c4-ea07-4887-997c-80a1b03447ee req-3c6419c4-ea07-4887-997c-80a1b03447ee ] Request (AttachInterfacesUnderV243Test:test_add_remove_fixed_ip): 200 GET http://10.180.1.21/compute/v2.1/servers/66ae357b-4902-4d79-b4e4-f54013568a36 0.278s
2025-04-29 01:31:53.136 70190 INFO tempest.common.waiters [-] State transition "BUILD/networking" ==> "BUILD/spawning" after 35 second wait
2025-04-29 01:31:53.195 70216 INFO tempest.lib.common.rest_client [req-42f10bc3-2ec6-4433-8943-52bce77d3638 req-42f10bc3-2ec6-4433-8943-52bce77d3638 ] Request (ServersTestMultiNic:test_verify_duplicate_network_nics): 200 GET http://10.180.1.21/compute/v2.1/servers/1964a3cc-a62d-4085-94cf-b0495ea26fe0 0.180s
2025-04-29 01:31:53.347 70172 INFO tempest.lib.common.rest_client [req-a70059c0-cafc-4ecd-8e62-dc89e22b9172 req-a70059c0-cafc-4ecd-8e62-dc89e22b9172 ] Request (MigrationsAdminTest:test_list_migrations_in_flavor_resize_situation): 200 GET http://10.180.1.21/compute/v2.1/servers/6eb4eb2c-448f-4f20-ab4d-03a458bff9a7 0.322s
2025-04-29 01:31:53.357 70170 INFO tempest.lib.common.rest_client [req-b4674913-b718-4134-9558-774693b78278 req-b4674913-b718-4134-9558-774693b78278 ] Request (ListServerFiltersTestJSON:test_list_servers_detailed_filter_by_server_status): 200 GET http://10.180.1.21/compute/v2.1/servers/detail?status=active 0.334s
2025-04-29 01:31:53.391 70222 INFO tempest.lib.common.rest_client [req-1c7eb482-0712-436c-9515-137e2d4b4d2f req-1c7eb482-0712-436c-9515-137e2d4b4d2f ] Request (KeyPairsV2TestJSON:test_keypairs_create_list_delete): 200 POST http://10.180.1.21/compute/v2.1/os-keypairs 0.327s
2025-04-29 01:31:53.466 70184 INFO tempest.lib.common.rest_client [req-ee2e233a-1cfd-481b-a80f-188535578e80 req-ee2e233a-1cfd-481b-a80f-188535578e80 ] Request (ServersListShow296Test:test_list_show_update_rebuild_server_296): 200 GET http://10.180.1.21/compute/v2.1/servers/4828f76b-eab4-4f3d-8d92-e6a6ee79eb84 0.357s
2025-04-29 01:31:53.519 70162 WARNING tempest.lib.common.ssh [-] Failed to establish authenticated ssh connection to cirros@10.180.180.195 ([Errno None] Unable to connect to port 22 on 10.180.180.195). Number attempts: 5. Retry after 6 seconds.: paramiko.ssh_exception.NoValidConnectionsError: [Errno None] Unable to connect to port 22 on 10.180.180.195
2025-04-29 01:31:53.542 70200 INFO tempest.lib.common.rest_client [req-7ec34f62-814d-416d-892c-c5b8ee794f46 req-7ec34f62-814d-416d-892c-c5b8ee794f46 ] Request (ServersAdmin275Test:tearDownClass): 200 GET http://10.180.1.21/compute/v2.1/servers/00807baa-a6f0-4777-9344-72c3f2ca4009 0.361s
2025-04-29 01:31:53.562 70224 INFO tempest.lib.common.rest_client [req-831bbd11-99ea-4fff-9526-1ae31ad011c2 req-831bbd11-99ea-4fff-9526-1ae31ad011c2 ] Request (ServerDiagnosticsV248Test:tearDownClass): 404 GET http://10.180.1.21/compute/v2.1/servers/fe2ba704-d0d1-4c16-9c5c-e4b4a5242fc5 0.372s
2025-04-29 01:31:53.582 70176 WARNING tempest.lib.common.ssh [-] Failed to establish authenticated ssh connection to cirros@10.180.180.143 ([Errno None] Unable to connect to port 22 on 10.180.180.143). Number attempts: 2. Retry after 3 seconds.: paramiko.ssh_exception.NoValidConnectionsError: [Errno None] Unable to connect to port 22 on 10.180.180.143
2025-04-29 01:31:53.616 70210 INFO tempest.lib.common.rest_client [req-83404a04-cee4-43a0-8327-245f428baa21 req-83404a04-cee4-43a0-8327-245f428baa21 ] Request (ServerMetadataNegativeTestJSON:setUpClass): 200 GET http://10.180.1.21/compute/v2.1/servers/54fe1d54-bec9-4888-9c79-cb23e2a11647 0.382s
2025-04-29 01:31:53.681 70186 INFO tempest.lib.common.rest_client [req-421f0387-e901-40af-a81a-bd5bcf07b6f2 req-421f0387-e901-40af-a81a-bd5bcf07b6f2 ] Request (FloatingIPsAssociationTestJSON:setUpClass): 200 GET http://10.180.1.21/compute/v2.1/servers/cc2450e2-71a6-4d1d-93ba-79041d4b7a7e 0.594s
2025-04-29 01:31:53.691 70224 INFO tempest.lib.common.rest_client [req-73aa6b4d-4d9a-40ee-9d7c-e91c926e5713 req-73aa6b4d-4d9a-40ee-9d7c-e91c926e5713 ] Request (ServerDiagnosticsV248Test:tearDownClass): 204 DELETE http://10.180.1.21/identity/v3/users/8213e8506ed741c190e67526d960e70d 0.129s
2025-04-29 01:31:53.693 70188 INFO tempest.lib.common.rest_client [req-431d96d4-da21-4245-a6f2-fd7a47d481f3 req-431d96d4-da21-4245-a6f2-fd7a47d481f3 ] Request (ImagesOneServerTestJSON:setUpClass): 200 GET http://10.180.1.21/compute/v2.1/servers/d2314af3-6ce2-49d8-991e-0d214c827d18 0.451s
2025-04-29 01:31:53.744 70192 INFO tempest.lib.common.rest_client [req-519731a4-8223-485f-93c4-f3e5a1f0fade req-519731a4-8223-485f-93c4-f3e5a1f0fade ] Request (TenantUsagesTestJSON:setUpClass): 200 GET http://10.180.1.21/compute/v2.1/servers/62b00bec-6db7-4864-86eb-d702db8dbc47 0.386s
2025-04-29 01:31:53.772 70222 INFO tempest.lib.common.rest_client [req-66bdc8ef-725c-4fa1-ae28-6c09b845e9b3 req-66bdc8ef-725c-4fa1-ae28-6c09b845e9b3 ] Request (KeyPairsV2TestJSON:test_keypairs_create_list_delete): 200 POST http://10.180.1.21/compute/v2.1/os-keypairs 0.379s
2025-04-29 01:31:53.797 70224 INFO tempest.lib.common.rest_client [req-40f7c574-f733-4ac5-abc2-9b6e73854bde req-40f7c574-f733-4ac5-abc2-9b6e73854bde ] Request (ServerDiagnosticsV248Test:tearDownClass): 204 DELETE http://10.180.1.21/identity/v3/users/b854a0db9b4b4db4bacd4ce80a5a481d 0.105s
2025-04-29 01:31:53.797 70224 INFO tempest.lib.common.dynamic_creds [-] Deleting project and security group for project: a854a6c620ab42e3822cce0234487055
2025-04-29 01:31:53.825 70168 INFO tempest.lib.common.rest_client [req-33823984-0569-4a7a-9a31-2f8c0545c2b2 req-33823984-0569-4a7a-9a31-2f8c0545c2b2 ] Request (ServerAddressesTestJSON:setUpClass): 200 GET http://10.180.1.21/compute/v2.1/servers/93638b9b-cc01-4aca-9e55-7cf5f24d95da 0.407s
2025-04-29 01:31:53.855 70224 INFO tempest.lib.common.rest_client [req-1ba8603c-623e-4f7d-b537-f37d8c2f5283 req-1ba8603c-623e-4f7d-b537-f37d8c2f5283 ] Request (ServerDiagnosticsV248Test:tearDownClass): 201 POST http://10.180.1.21/identity/v3/auth/tokens 0.058s
2025-04-29 01:31:53.884 70170 INFO tempest.lib.common.rest_client [req-a69e0c1c-af15-48fa-8a5c-81254aa03a98 req-a69e0c1c-af15-48fa-8a5c-81254aa03a98 ] Request (ListServerFiltersTestJSON:test_list_servers_detailed_limit_results): 200 GET http://10.180.1.21/compute/v2.1/servers/detail?limit=1 0.514s
2025-04-29 01:31:53.890 70198 INFO tempest.lib.common.rest_client [req-b4cf4cdd-23fa-4607-b0fe-5e4d7990ebd2 req-b4cf4cdd-23fa-4607-b0fe-5e4d7990ebd2 ] Request (ServersTestJSON:setUpClass): 200 GET http://10.180.1.21/compute/v2.1/servers/ad18a9f2-6a6d-4b33-aa8b-f24826347acc 0.414s
2025-04-29 01:31:53.949 70202 INFO tempest.lib.common.rest_client [req-b5ca7a1c-7e97-4d83-8812-2b6ddb46d788 req-b5ca7a1c-7e97-4d83-8812-2b6ddb46d788 ] Request (ServersAdminTestJSON:test_create_server_with_scheduling_hint): 200 GET http://10.180.1.21/compute/v2.1/servers/222f4b6a-f397-4a13-8a88-c8ecf3d71544 0.405s
2025-04-29 01:31:53.958 70218 INFO tempest.lib.common.rest_client [req-e45916e9-2462-494a-ac72-fbdb6f91f42c req-e45916e9-2462-494a-ac72-fbdb6f91f42c ] Request (AttachVolumeTestJSON:test_attach_detach_volume): 200 GET http://10.180.1.21/compute/v2.1/servers/0c51bfd5-589a-4b32-9d1a-e619dc352b66 0.352s
2025-04-29 01:31:54.029 70166 INFO tempest.lib.common.rest_client [req-002fcdb4-4143-4239-9d9e-fdadfc031f08 req-002fcdb4-4143-4239-9d9e-fdadfc031f08 ] Request (InstanceActionsTestJSON:tearDownClass): 200 GET http://10.180.1.21/compute/v2.1/servers/952acce6-ad90-46ee-94d0-1133bc096c3c 0.398s
2025-04-29 01:31:54.036 70195 INFO tempest.lib.common.rest_client [req-29362c8a-763a-49a9-bee3-51c460016849 req-29362c8a-763a-49a9-bee3-51c460016849 ] Request (ServerExternalEventsTest:tearDownClass): 200 GET http://10.180.1.21/compute/v2.1/servers/3006d961-2b97-45ca-aa2f-d24c378b15c8 0.364s
2025-04-29 01:31:54.039 70224 INFO tempest.lib.common.rest_client [req-ba1c1c08-dc45-4d72-b18f-8267a53b8c14 req-ba1c1c08-dc45-4d72-b18f-8267a53b8c14 ] Request (ServerDiagnosticsV248Test:tearDownClass): 200 GET http://10.180.1.21:9696/networking/v2.0/security-groups?tenant_id=a854a6c620ab42e3822cce0234487055&name=default 0.183s
2025-04-29 01:31:54.119 70174 INFO tempest.lib.common.rest_client [req-1edcb224-fce5-4f4c-998c-28fc5f084861 req-1edcb224-fce5-4f4c-998c-28fc5f084861 ] Request (ListImageFiltersTestJSON:setUpClass): 200 GET http://10.180.1.21/compute/v2.1/servers/66659cd1-aabd-4158-86c6-66ef8977416d 0.429s
2025-04-29 01:31:54.121 70212 INFO tempest.lib.common.rest_client [req-d91b6652-bb4b-4c5c-8d97-b8e6eb61dbef req-d91b6652-bb4b-4c5c-8d97-b8e6eb61dbef ] Request (DeleteServersAdminTestJSON:test_delete_server_while_in_error_state): 200 GET http://10.180.1.21/compute/v2.1/servers/56e2f346-ee68-464e-9975-146a5cbf319b 0.386s
2025-04-29 01:31:54.125 70224 INFO tempest.lib.common.rest_client [req-17f749ad-cd0b-4941-8795-b3066f0c13ff req-17f749ad-cd0b-4941-8795-b3066f0c13ff ] Request (ServerDiagnosticsV248Test:tearDownClass): 204 DELETE http://10.180.1.21:9696/networking/v2.0/security-groups/bdde8caf-8407-4504-8c61-dbba392aea08 0.086s
2025-04-29 01:31:54.134 70222 INFO tempest.lib.common.rest_client [req-6131ed47-d0ff-4ff3-ad77-7e9ed1171159 req-6131ed47-d0ff-4ff3-ad77-7e9ed1171159 ] Request (KeyPairsV2TestJSON:test_keypairs_create_list_delete): 200 GET http://10.180.1.21/compute/v2.1/os-keypairs 0.361s
2025-04-29 01:31:54.188 70206 INFO tempest.lib.common.rest_client [req-12dcdbea-7b58-41ca-a939-3588b2f73f43 req-12dcdbea-7b58-41ca-a939-3588b2f73f43 ] Request (MultipleCreateTestJSON:test_multiple_create): 200 GET http://10.180.1.21/compute/v2.1/servers/f639e7ca-e188-482a-8541-059c773578a9 0.406s
2025-04-29 01:31:54.194 70204 INFO tempest.lib.common.rest_client [req-dcb51bb0-d0bf-4673-9ac2-0d1a77a78316 req-dcb51bb0-d0bf-4673-9ac2-0d1a77a78316 ] Request (ServerGroupTestJSON:test_create_server_with_scheduler_hint_group): 200 GET http://10.180.1.21/compute/v2.1/servers/a3ad4820-fe91-492f-9158-7be3e7b54531 0.407s
2025-04-29 01:31:54.219 70224 INFO tempest.lib.common.rest_client [req-642c8c1c-70e3-4912-be3a-2a886840b340 req-642c8c1c-70e3-4912-be3a-2a886840b340 ] Request (ServerDiagnosticsV248Test:tearDownClass): 204 DELETE http://10.180.1.21/identity/v3/projects/a854a6c620ab42e3822cce0234487055 0.091s
2025-04-29 01:31:54.219 70224 INFO tempest.lib.common.dynamic_creds [-] Deleting project and security group for project: ce4bae34d10d46ad86ba26f9c7723edd
2025-04-29 01:31:54.296 70182 INFO tempest.lib.common.rest_client [req-f35f660c-a27f-4ab2-bb75-a63c0c82cddc req-f35f660c-a27f-4ab2-bb75-a63c0c82cddc ] Request (SecurityGroupsTestJSON:test_list_security_groups_by_server): 200 GET http://10.180.1.21/compute/v2.1/servers/e80028c3-0380-42f7-b907-58d545e343cf 0.410s
2025-04-29 01:31:54.305 70170 INFO tempest.lib.common.rest_client [req-d22a26e5-dd20-4430-b234-805fd5ab9c58 req-d22a26e5-dd20-4430-b234-805fd5ab9c58 ] Request (ListServerFiltersTestJSON:test_list_servers_filter_by_active_status): 200 GET http://10.180.1.21/compute/v2.1/servers?status=active 0.409s
2025-04-29 01:31:54.330 70224 INFO tempest.lib.common.rest_client [req-bddfa634-41cf-49c8-84d1-63e8628bfb10 req-bddfa634-41cf-49c8-84d1-63e8628bfb10 ] Request (ServerDiagnosticsV248Test:tearDownClass): 200 GET http://10.180.1.21:9696/networking/v2.0/security-groups?tenant_id=ce4bae34d10d46ad86ba26f9c7723edd&name=default 0.111s
2025-04-29 01:31:54.359 70220 INFO tempest.lib.common.rest_client [req-d6bb3ced-758f-4de8-9157-6a3e743e7a62 req-d6bb3ced-758f-4de8-9157-6a3e743e7a62 ] Request (ServerMetadataTestJSON:setUpClass): 200 GET http://10.180.1.21/compute/v2.1/servers/45fc71fc-04b0-4f5d-9599-0ac9742f6a6e 0.427s
2025-04-29 01:31:54.374 70196 INFO tempest.lib.common.rest_client [req-d7449aa3-e83e-4f60-8abe-b6582d140a4e req-d7449aa3-e83e-4f60-8abe-b6582d140a4e ] Request (ServerDiagnosticsNegativeTest:test_get_server_diagnostics_by_non_admin): 200 GET http://10.180.1.21/compute/v2.1/servers/c942ea2c-1af4-4f7c-9fdd-283d06a187e0 0.386s
2025-04-29 01:31:54.376 70222 INFO tempest.lib.common.rest_client [req-7ad97bb9-0a1d-4666-98ad-a4082dea89d8 req-7ad97bb9-0a1d-4666-98ad-a4082dea89d8 ] Request (KeyPairsV2TestJSON:_run_cleanups): 202 DELETE http://10.180.1.21/compute/v2.1/os-keypairs/tempest-KeyPairsV2TestJSON-keypair-187005677 0.240s
2025-04-29 01:31:54.458 70224 INFO tempest.lib.common.rest_client [req-1f05c45d-e6e2-4526-bf12-e733e7721333 req-1f05c45d-e6e2-4526-bf12-e733e7721333 ] Request (ServerDiagnosticsV248Test:tearDownClass): 204 DELETE http://10.180.1.21:9696/networking/v2.0/security-groups/97c0adac-3d7e-4375-bbc2-5dbc50ad07ae 0.128s
2025-04-29 01:31:54.479 70179 WARNING tempest.lib.common.ssh [-] Failed to establish authenticated ssh connection to cirros@10.180.180.222 ([Errno None] Unable to connect to port 22 on 10.180.180.222). Number attempts: 3. Retry after 4 seconds.: paramiko.ssh_exception.NoValidConnectionsError: [Errno None] Unable to connect to port 22 on 10.180.180.222
2025-04-29 01:31:54.520 70216 INFO tempest.lib.common.rest_client [req-300b67a3-b04f-4d4a-b8ab-d17059e4ea2d req-300b67a3-b04f-4d4a-b8ab-d17059e4ea2d ] Request (ServersTestMultiNic:test_verify_duplicate_network_nics): 200 GET http://10.180.1.21/compute/v2.1/servers/1964a3cc-a62d-4085-94cf-b0495ea26fe0 0.314s
2025-04-29 01:31:54.525 70190 INFO tempest.lib.common.rest_client [req-5579b5a5-0b8f-4fb2-9ea0-b1a3b17d4b7c req-5579b5a5-0b8f-4fb2-9ea0-b1a3b17d4b7c ] Request (AttachInterfacesUnderV243Test:test_add_remove_fixed_ip): 200 GET http://10.180.1.21/compute/v2.1/servers/66ae357b-4902-4d79-b4e4-f54013568a36 0.385s
2025-04-29 01:31:54.569 70224 INFO tempest.lib.common.rest_client [req-fe9ffb43-2cc0-42d9-b905-5acd03ebb9cf req-fe9ffb43-2cc0-42d9-b905-5acd03ebb9cf ] Request (ServerDiagnosticsV248Test:tearDownClass): 204 DELETE http://10.180.1.21/identity/v3/projects/ce4bae34d10d46ad86ba26f9c7723edd 0.110s
2025-04-29 01:31:54.616 70170 INFO tempest.lib.common.rest_client [req-7e12bca8-29be-4c37-98fe-ff200fd0711f req-7e12bca8-29be-4c37-98fe-ff200fd0711f ] Request (ListServerFiltersTestJSON:test_list_servers_filter_by_exceed_limit): 200 GET http://10.180.1.21/compute/v2.1/servers?limit=100000 0.307s
2025-04-29 01:31:54.625 70172 INFO tempest.lib.common.rest_client [req-85b4dd9a-c7c3-4c5a-991a-09c7ec679427 req-85b4dd9a-c7c3-4c5a-991a-09c7ec679427 ] Request (MigrationsAdminTest:test_list_migrations_in_flavor_resize_situation): 200 GET http://10.180.1.21/compute/v2.1/servers/6eb4eb2c-448f-4f20-ab4d-03a458bff9a7 0.265s
2025-04-29 01:31:54.635 70222 INFO tempest.lib.common.rest_client [req-3d6fb534-2193-4eff-807b-c21ec86f3012 req-3d6fb534-2193-4eff-807b-c21ec86f3012 ] Request (KeyPairsV2TestJSON:_run_cleanups): 202 DELETE http://10.180.1.21/compute/v2.1/os-keypairs/tempest-KeyPairsV2TestJSON-keypair-1210773024 0.258s
2025-04-29 01:31:54.655 70224 INFO tempest.lib.common.rest_client [req-d6259fb0-2658-48b9-b3bf-bf2663616bf5 req-d6259fb0-2658-48b9-b3bf-bf2663616bf5 ] Request (ServerDiskConfigTestJSON:setUpClass): 201 POST http://10.180.1.21/identity/v3/auth/tokens 0.083s
2025-04-29 01:31:54.692 70224 INFO tempest.lib.common.rest_client [req-24703516-343b-4e90-995e-57c4760ca87e req-24703516-343b-4e90-995e-57c4760ca87e ] Request (ServerDiskConfigTestJSON:setUpClass): 201 POST http://10.180.1.21/identity/v3/auth/tokens 0.035s
2025-04-29 01:31:54.699 70184 INFO tempest.lib.common.rest_client [req-da92e6a5-138e-4845-b97f-66d1259985fe req-da92e6a5-138e-4845-b97f-66d1259985fe ] Request (ServersListShow296Test:test_list_show_update_rebuild_server_296): 200 GET http://10.180.1.21/compute/v2.1/servers/4828f76b-eab4-4f3d-8d92-e6a6ee79eb84 0.222s
2025-04-29 01:31:54.706 70200 INFO tempest.lib.common.rest_client [req-b1522bc9-4dac-420a-9632-a8f5a5395b1d req-b1522bc9-4dac-420a-9632-a8f5a5395b1d ] Request (ServersAdmin275Test:tearDownClass): 200 GET http://10.180.1.21/compute/v2.1/servers/00807baa-a6f0-4777-9344-72c3f2ca4009 0.151s
2025-04-29 01:31:54.726 70224 INFO tempest.lib.common.rest_client [req-78226e5e-d80e-4b86-91a1-8263b84775c9 req-78226e5e-d80e-4b86-91a1-8263b84775c9 ] Request (ServerDiskConfigTestJSON:setUpClass): 200 GET http://10.180.1.21/identity/v3/domains?name=Default 0.033s
2025-04-29 01:31:54.756 70224 INFO tempest.lib.common.rest_client [req-e9dbc5fd-7746-4404-912d-9dd45347b8f7 req-e9dbc5fd-7746-4404-912d-9dd45347b8f7 ] Request (ServerDiskConfigTestJSON:setUpClass): 201 POST http://10.180.1.21/identity/v3/projects 0.030s
2025-04-29 01:31:54.757 70170 INFO tempest.lib.common.rest_client [req-116bc549-d4c5-4411-a98c-11e9d01d06f1 req-116bc549-d4c5-4411-a98c-11e9d01d06f1 ] Request (ListServerFiltersTestJSON:test_list_servers_filter_by_exceed_limit): 200 GET http://10.180.1.21/compute/v2.1/servers 0.137s
2025-04-29 01:31:54.761 70210 INFO tempest.lib.common.rest_client [req-0a0994de-a6fa-4501-8f9e-8b09ec47c7c7 req-0a0994de-a6fa-4501-8f9e-8b09ec47c7c7 ] Request (ServerMetadataNegativeTestJSON:setUpClass): 200 GET http://10.180.1.21/compute/v2.1/servers/54fe1d54-bec9-4888-9c79-cb23e2a11647 0.138s
2025-04-29 01:31:54.772 70222 INFO tempest.lib.common.rest_client [req-476ad4f1-b5c2-43d0-8fa6-ea9211a80424 req-476ad4f1-b5c2-43d0-8fa6-ea9211a80424 ] Request (KeyPairsV2TestJSON:_run_cleanups): 202 DELETE http://10.180.1.21/compute/v2.1/os-keypairs/tempest-KeyPairsV2TestJSON-keypair-2032631677 0.137s
2025-04-29 01:31:54.820 70224 INFO tempest.lib.common.rest_client [req-c39bcba2-0d21-4a45-8e75-a7d4004b039c req-c39bcba2-0d21-4a45-8e75-a7d4004b039c ] Request (ServerDiskConfigTestJSON:setUpClass): 201 POST http://10.180.1.21/identity/v3/users 0.063s
2025-04-29 01:31:54.821 70186 INFO tempest.lib.common.rest_client [req-2b5a8bac-ea00-4b1b-9169-0b25c52ff6d6 req-2b5a8bac-ea00-4b1b-9169-0b25c52ff6d6 ] Request (FloatingIPsAssociationTestJSON:setUpClass): 200 GET http://10.180.1.21/compute/v2.1/servers/cc2450e2-71a6-4d1d-93ba-79041d4b7a7e 0.132s
2025-04-29 01:31:54.829 70188 INFO tempest.lib.common.rest_client [req-f8c526ef-ccd1-44da-89e4-bb476a806ffb req-f8c526ef-ccd1-44da-89e4-bb476a806ffb ] Request (ImagesOneServerTestJSON:setUpClass): 200 GET http://10.180.1.21/compute/v2.1/servers/d2314af3-6ce2-49d8-991e-0d214c827d18 0.127s
2025-04-29 01:31:54.844 70224 INFO tempest.lib.common.rest_client [req-4fca17ba-55cb-48fd-9e22-208563814f1f req-4fca17ba-55cb-48fd-9e22-208563814f1f ] Request (ServerDiskConfigTestJSON:setUpClass): 200 GET http://10.180.1.21/identity/v3/roles 0.023s
2025-04-29 01:31:54.874 70192 INFO tempest.lib.common.rest_client [req-54c35400-b887-41df-ad52-c8ea901f202c req-54c35400-b887-41df-ad52-c8ea901f202c ] Request (TenantUsagesTestJSON:setUpClass): 200 GET http://10.180.1.21/compute/v2.1/servers/62b00bec-6db7-4864-86eb-d702db8dbc47 0.119s
2025-04-29 01:31:54.875 70224 INFO tempest.lib.common.rest_client [req-bd5ae03e-ed4c-47c0-a9df-92a81493509c req-bd5ae03e-ed4c-47c0-a9df-92a81493509c ] Request (ServerDiskConfigTestJSON:setUpClass): 204 PUT http://10.180.1.21/identity/v3/projects/e849f93f0111429f8d2f75474cde3e3a/users/903302db778940aa8200f7703157cd33/roles/f4ef515fd3d342ad83c12a663b78d6cb 0.031s
2025-04-29 01:31:54.876 70224 INFO tempest.lib.common.dynamic_creds [-] Dynamic test user 903302db778940aa8200f7703157cd33 is created with scope project and roles: ['member']
2025-04-29 01:31:54.877 70224 INFO tempest.lib.common.dynamic_creds [-] Acquired dynamic creds: credentials: Credentials: {'domain_id': 'default', 'domain_name': 'Default', 'username': 'tempest-ServerDiskConfigTestJSON-1406261514-project-member', 'project_domain_id': 'default', 'project_domain_name': 'Default', 'project_id': 'e849f93f0111429f8d2f75474cde3e3a', 'project_name': 'tempest-ServerDiskConfigTestJSON-1406261514', 'tenant_id': 'e849f93f0111429f8d2f75474cde3e3a', 'tenant_name': 'tempest-ServerDiskConfigTestJSON-1406261514', 'user_domain_id': 'default', 'user_domain_name': 'Default', 'user_id': '903302db778940aa8200f7703157cd33', 'system': None}, Network: None, Subnet: None, Router: None
2025-04-29 01:31:54.882 70222 INFO tempest.lib.common.rest_client [req-701f5415-ce76-4d07-885d-f92c2ab6f915 req-701f5415-ce76-4d07-885d-f92c2ab6f915 ] Request (KeyPairsV2TestJSON:tearDownClass): 204 DELETE http://10.180.1.21/identity/v3/users/b6de0ff1b1bd4da9a4d8bdcbc40a9cc2 0.109s
2025-04-29 01:31:54.883 70222 INFO tempest.lib.common.dynamic_creds [-] Deleting project and security group for project: 1514bb5c02f942d08298318d32cf1cf4
2025-04-29 01:31:54.919 70170 INFO tempest.lib.common.rest_client [req-af04862f-192f-443e-9916-c5132f2e84cd req-af04862f-192f-443e-9916-c5132f2e84cd ] Request (ListServerFiltersTestJSON:test_list_servers_filter_by_flavor): 200 GET http://10.180.1.21/compute/v2.1/servers?flavor=84 0.157s
2025-04-29 01:31:54.944 70224 INFO tempest.lib.common.rest_client [req-2122ba98-d74b-404d-9c9c-e4896b0bae9b req-2122ba98-d74b-404d-9c9c-e4896b0bae9b ] Request (ServerDiskConfigTestJSON:setUpClass): 201 POST http://10.180.1.21/identity/v3/auth/tokens 0.067s
2025-04-29 01:31:54.944 70168 INFO tempest.lib.common.rest_client [req-8e4c823a-9a1a-4cec-92c5-2f1dcd3d8d19 req-8e4c823a-9a1a-4cec-92c5-2f1dcd3d8d19 ] Request (ServerAddressesTestJSON:setUpClass): 200 GET http://10.180.1.21/compute/v2.1/servers/93638b9b-cc01-4aca-9e55-7cf5f24d95da 0.109s
2025-04-29 01:31:54.948 70222 INFO tempest.lib.common.rest_client [req-1760a49d-6d12-4797-8dd6-301996ff4368 req-1760a49d-6d12-4797-8dd6-301996ff4368 ] Request (KeyPairsV2TestJSON:tearDownClass): 201 POST http://10.180.1.21/identity/v3/auth/tokens 0.065s
2025-04-29 01:31:54.971 70198 INFO tempest.lib.common.rest_client [req-2d747d30-e787-4cb1-abd0-263952c210a4 req-2d747d30-e787-4cb1-abd0-263952c210a4 ] Request (ServersTestJSON:setUpClass): 200 GET http://10.180.1.21/compute/v2.1/servers/ad18a9f2-6a6d-4b33-aa8b-f24826347acc 0.070s
2025-04-29 01:31:54.974 70170 INFO tempest.lib.common.rest_client [req-0af1ea00-fda7-411c-acaf-e5cc4d771dea req-0af1ea00-fda7-411c-acaf-e5cc4d771dea ] Request (ListServerFiltersTestJSON:test_list_servers_filter_by_limit): 200 GET http://10.180.1.21/compute/v2.1/servers?limit=1 0.051s
2025-04-29 01:31:55.032 70202 INFO tempest.lib.common.rest_client [req-8be01891-1957-4999-b1b2-7e23016297b7 req-8be01891-1957-4999-b1b2-7e23016297b7 ] Request (ServersAdminTestJSON:test_create_server_with_scheduling_hint): 200 GET http://10.180.1.21/compute/v2.1/servers/222f4b6a-f397-4a13-8a88-c8ecf3d71544 0.071s
2025-04-29 01:31:55.043 70218 INFO tempest.lib.common.rest_client [req-38879897-9124-4ea0-ac0d-579b23d11b41 req-38879897-9124-4ea0-ac0d-579b23d11b41 ] Request (AttachVolumeTestJSON:test_attach_detach_volume): 200 GET http://10.180.1.21/compute/v2.1/servers/0c51bfd5-589a-4b32-9d1a-e619dc352b66 0.076s
2025-04-29 01:31:55.113 70222 INFO tempest.lib.common.rest_client [req-5f272d52-35ce-4fe7-b151-6c0219970ed9 req-5f272d52-35ce-4fe7-b151-6c0219970ed9 ] Request (KeyPairsV2TestJSON:tearDownClass): 200 GET http://10.180.1.21:9696/networking/v2.0/security-groups?tenant_id=1514bb5c02f942d08298318d32cf1cf4&name=default 0.164s
2025-04-29 01:31:55.122 70166 INFO tempest.lib.common.rest_client [req-431435de-49fd-45c0-8a5a-cfa829393239 req-431435de-49fd-45c0-8a5a-cfa829393239 ] Request (InstanceActionsTestJSON:tearDownClass): 200 GET http://10.180.1.21/compute/v2.1/servers/952acce6-ad90-46ee-94d0-1133bc096c3c 0.076s
2025-04-29 01:31:55.122 70170 INFO tempest.lib.common.rest_client [req-c3566357-5eff-4a93-a3d5-6cdb1db62cdb req-c3566357-5eff-4a93-a3d5-6cdb1db62cdb ] Request (ListServerFiltersTestJSON:test_list_servers_filter_by_server_name): 200 GET http://10.180.1.21/compute/v2.1/servers?name=tempest-ListServerFiltersTestJSON-instance-811024786 0.144s
2025-04-29 01:31:55.185 70195 INFO tempest.lib.common.rest_client [req-ccb6b19d-e7c7-4748-90fb-1ee4040dfab4 req-ccb6b19d-e7c7-4748-90fb-1ee4040dfab4 ] Request (ServerExternalEventsTest:tearDownClass): 200 GET http://10.180.1.21/compute/v2.1/servers/3006d961-2b97-45ca-aa2f-d24c378b15c8 0.129s
2025-04-29 01:31:55.206 70170 INFO tempest.lib.common.rest_client [req-187e7fcb-4ffa-4f9a-b9a3-4b445916a524 req-187e7fcb-4ffa-4f9a-b9a3-4b445916a524 ] Request (ListServerFiltersTestJSON:test_list_servers_filter_by_shutoff_status): 202 POST http://10.180.1.21/compute/v2.1/servers/ca89ba12-1438-44fa-b88a-bbe9386b4dce/action 0.080s
2025-04-29 01:31:55.241 70222 INFO tempest.lib.common.rest_client [req-68d74888-2585-4a1b-8e00-2c50ce638441 req-68d74888-2585-4a1b-8e00-2c50ce638441 ] Request (KeyPairsV2TestJSON:tearDownClass): 204 DELETE http://10.180.1.21:9696/networking/v2.0/security-groups/e1a895d3-405c-44b5-a805-3fb328a29a32 0.127s
2025-04-29 01:31:55.242 70174 INFO tempest.lib.common.rest_client [req-ff832b43-81d5-41c7-ad5a-91f83b2d1aa6 req-ff832b43-81d5-41c7-ad5a-91f83b2d1aa6 ] Request (ListImageFiltersTestJSON:setUpClass): 200 GET http://10.180.1.21/compute/v2.1/servers/66659cd1-aabd-4158-86c6-66ef8977416d 0.114s
2025-04-29 01:31:55.272 70212 INFO tempest.lib.common.rest_client [req-3ffb777d-bac3-4c88-b105-de2802868e3d req-3ffb777d-bac3-4c88-b105-de2802868e3d ] Request (DeleteServersAdminTestJSON:test_delete_server_while_in_error_state): 200 GET http://10.180.1.21/compute/v2.1/servers/56e2f346-ee68-464e-9975-146a5cbf319b 0.137s
2025-04-29 01:31:55.317 70206 INFO tempest.lib.common.rest_client [req-11a8554c-5eab-46e5-9a5c-a34083998d00 req-11a8554c-5eab-46e5-9a5c-a34083998d00 ] Request (MultipleCreateTestJSON:test_multiple_create): 200 GET http://10.180.1.21/compute/v2.1/servers/f639e7ca-e188-482a-8541-059c773578a9 0.121s
2025-04-29 01:31:55.333 70222 INFO tempest.lib.common.rest_client [req-911cf0f9-5000-434d-a2fa-a593be57f431 req-911cf0f9-5000-434d-a2fa-a593be57f431 ] Request (KeyPairsV2TestJSON:tearDownClass): 204 DELETE http://10.180.1.21/identity/v3/projects/1514bb5c02f942d08298318d32cf1cf4 0.091s
2025-04-29 01:31:55.349 70204 INFO tempest.lib.common.rest_client [req-377ec6ba-31ab-4e2b-b8be-376714fad146 req-377ec6ba-31ab-4e2b-b8be-376714fad146 ] Request (ServerGroupTestJSON:test_create_server_with_scheduler_hint_group): 200 GET http://10.180.1.21/compute/v2.1/servers/a3ad4820-fe91-492f-9158-7be3e7b54531 0.146s
2025-04-29 01:31:55.372 70224 INFO tempest.lib.common.rest_client [req-6735824f-b496-4be7-a781-d1959bacdcdd req-6735824f-b496-4be7-a781-d1959bacdcdd ] Request (ServerDiskConfigTestJSON:setUpClass): 201 POST http://10.180.1.21:9696/networking/v2.0/networks 0.428s
2025-04-29 01:31:55.429 70222 INFO tempest.lib.common.rest_client [req-23e834bf-7d83-467c-9e20-597e56c73fe9 req-23e834bf-7d83-467c-9e20-597e56c73fe9 ] Request (ServersTestBootFromVolume:setUpClass): 201 POST http://10.180.1.21/identity/v3/auth/tokens 0.094s
2025-04-29 01:31:55.461 70222 INFO tempest.lib.common.rest_client [req-84c67409-d3e5-43f3-9f4a-502cb2839f1a req-84c67409-d3e5-43f3-9f4a-502cb2839f1a ] Request (ServersTestBootFromVolume:setUpClass): 201 POST http://10.180.1.21/identity/v3/auth/tokens 0.029s
2025-04-29 01:31:55.492 70222 INFO tempest.lib.common.rest_client [req-61043fef-eb35-4515-af67-5fa889bd281b req-61043fef-eb35-4515-af67-5fa889bd281b ] Request (ServersTestBootFromVolume:setUpClass): 200 GET http://10.180.1.21/identity/v3/domains?name=Default 0.030s
2025-04-29 01:31:55.509 70170 INFO tempest.lib.common.rest_client [req-686b9098-0464-4133-89e3-ffaca04b1e60 req-686b9098-0464-4133-89e3-ffaca04b1e60 ] Request (ListServerFiltersTestJSON:test_list_servers_filter_by_shutoff_status): 200 GET http://10.180.1.21/compute/v2.1/servers/ca89ba12-1438-44fa-b88a-bbe9386b4dce 0.301s
2025-04-29 01:31:55.521 70182 INFO tempest.lib.common.rest_client [req-d070d8f0-f573-4d62-b316-cf74341deb35 req-d070d8f0-f573-4d62-b316-cf74341deb35 ] Request (SecurityGroupsTestJSON:test_list_security_groups_by_server): 200 GET http://10.180.1.21/compute/v2.1/servers/e80028c3-0380-42f7-b907-58d545e343cf 0.216s
2025-04-29 01:31:55.535 70222 INFO tempest.lib.common.rest_client [req-6530e746-8fd7-4153-b47d-678cd6a9d363 req-6530e746-8fd7-4153-b47d-678cd6a9d363 ] Request (ServersTestBootFromVolume:setUpClass): 201 POST http://10.180.1.21/identity/v3/projects 0.042s
2025-04-29 01:31:55.566 70214 WARNING tempest.lib.common.ssh [-] Failed to establish authenticated ssh connection to cirros@10.180.180.181 ([Errno None] Unable to connect to port 22 on 10.180.180.181). Number attempts: 6. Retry after 7 seconds.: paramiko.ssh_exception.NoValidConnectionsError: [Errno None] Unable to connect to port 22 on 10.180.180.181
2025-04-29 01:31:55.589 70220 INFO tempest.lib.common.rest_client [req-bf89edb1-cb18-4e32-b1be-bbcd440ccbe8 req-bf89edb1-cb18-4e32-b1be-bbcd440ccbe8 ] Request (ServerMetadataTestJSON:setUpClass): 200 GET http://10.180.1.21/compute/v2.1/servers/45fc71fc-04b0-4f5d-9599-0ac9742f6a6e 0.215s
2025-04-29 01:31:55.590 70196 INFO tempest.lib.common.rest_client [req-58fb4686-b353-4b44-ab4c-a2f9c644f538 req-58fb4686-b353-4b44-ab4c-a2f9c644f538 ] Request (ServerDiagnosticsNegativeTest:test_get_server_diagnostics_by_non_admin): 200 GET http://10.180.1.21/compute/v2.1/servers/c942ea2c-1af4-4f7c-9fdd-283d06a187e0 0.204s
2025-04-29 01:31:55.623 70222 INFO tempest.lib.common.rest_client [req-87a61aa7-5798-4f11-8556-e02fcb1b0972 req-87a61aa7-5798-4f11-8556-e02fcb1b0972 ] Request (ServersTestBootFromVolume:setUpClass): 201 POST http://10.180.1.21/identity/v3/users 0.087s
2025-04-29 01:31:55.640 70224 INFO tempest.lib.common.rest_client [req-87e42b3b-aafa-4c91-aecd-90c3143c30b3 req-87e42b3b-aafa-4c91-aecd-90c3143c30b3 ] Request (ServerDiskConfigTestJSON:setUpClass): 201 POST http://10.180.1.21:9696/networking/v2.0/subnets 0.267s
2025-04-29 01:31:55.649 70222 INFO tempest.lib.common.rest_client [req-9512901a-0051-4004-926d-0a6046cd9f74 req-9512901a-0051-4004-926d-0a6046cd9f74 ] Request (ServersTestBootFromVolume:setUpClass): 200 GET http://10.180.1.21/identity/v3/roles 0.026s
2025-04-29 01:31:55.679 70222 INFO tempest.lib.common.rest_client [req-1d684aba-6ccf-4649-af8d-4d5724c2f099 req-1d684aba-6ccf-4649-af8d-4d5724c2f099 ] Request (ServersTestBootFromVolume:setUpClass): 204 PUT http://10.180.1.21/identity/v3/projects/c74f2b4f5b004bde814d7574f3bb8b25/users/857b5a3c9feb4b19b22da29a3449525f/roles/f4ef515fd3d342ad83c12a663b78d6cb 0.030s
2025-04-29 01:31:55.679 70222 INFO tempest.lib.common.dynamic_creds [-] Dynamic test user 857b5a3c9feb4b19b22da29a3449525f is created with scope project and roles: ['member']
2025-04-29 01:31:55.680 70222 INFO tempest.lib.common.dynamic_creds [-] Acquired dynamic creds: credentials: Credentials: {'domain_id': 'default', 'domain_name': 'Default', 'username': 'tempest-ServersTestBootFromVolume-1427621922-project-member', 'project_domain_id': 'default', 'project_domain_name': 'Default', 'project_id': 'c74f2b4f5b004bde814d7574f3bb8b25', 'project_name': 'tempest-ServersTestBootFromVolume-1427621922', 'tenant_id': 'c74f2b4f5b004bde814d7574f3bb8b25', 'tenant_name': 'tempest-ServersTestBootFromVolume-1427621922', 'user_domain_id': 'default', 'user_domain_name': 'Default', 'user_id': '857b5a3c9feb4b19b22da29a3449525f', 'system': None}, Network: None, Subnet: None, Router: None
2025-04-29 01:31:55.740 70190 INFO tempest.lib.common.rest_client [req-71bf29e2-dfa4-4b48-aaf1-cb54696633f4 req-71bf29e2-dfa4-4b48-aaf1-cb54696633f4 ] Request (AttachInterfacesUnderV243Test:test_add_remove_fixed_ip): 200 GET http://10.180.1.21/compute/v2.1/servers/66ae357b-4902-4d79-b4e4-f54013568a36 0.202s
2025-04-29 01:31:55.762 70222 INFO tempest.lib.common.rest_client [req-10d5b75c-a55e-4a75-9559-c7a5656411f1 req-10d5b75c-a55e-4a75-9559-c7a5656411f1 ] Request (ServersTestBootFromVolume:setUpClass): 201 POST http://10.180.1.21/identity/v3/auth/tokens 0.082s
2025-04-29 01:31:55.872 70216 INFO tempest.lib.common.rest_client [req-0ade1fe3-90c5-4f91-8332-7442a9f55e51 req-0ade1fe3-90c5-4f91-8332-7442a9f55e51 ] Request (ServersTestMultiNic:test_verify_duplicate_network_nics): 200 GET http://10.180.1.21/compute/v2.1/servers/1964a3cc-a62d-4085-94cf-b0495ea26fe0 0.337s
2025-04-29 01:31:55.875 70172 INFO tempest.lib.common.rest_client [req-1d9a7ec8-6475-426c-86d4-54ce62751c99 req-1d9a7ec8-6475-426c-86d4-54ce62751c99 ] Request (MigrationsAdminTest:test_list_migrations_in_flavor_resize_situation): 200 GET http://10.180.1.21/compute/v2.1/servers/6eb4eb2c-448f-4f20-ab4d-03a458bff9a7 0.235s
2025-04-29 01:31:55.908 70200 INFO tempest.lib.common.rest_client [req-8014adb4-728b-4df5-8b12-ee0f47f53f36 req-8014adb4-728b-4df5-8b12-ee0f47f53f36 ] Request (ServersAdmin275Test:tearDownClass): 404 GET http://10.180.1.21/compute/v2.1/servers/00807baa-a6f0-4777-9344-72c3f2ca4009 0.190s
2025-04-29 01:31:55.939 70184 INFO tempest.lib.common.rest_client [req-3198a08f-c375-4d8a-99b1-f0dfe28fcabb req-3198a08f-c375-4d8a-99b1-f0dfe28fcabb ] Request (ServersListShow296Test:test_list_show_update_rebuild_server_296): 200 GET http://10.180.1.21/compute/v2.1/servers/4828f76b-eab4-4f3d-8d92-e6a6ee79eb84 0.227s
2025-04-29 01:31:55.977 70210 INFO tempest.lib.common.rest_client [req-bd9838df-b395-49ba-b077-1572d1b90566 req-bd9838df-b395-49ba-b077-1572d1b90566 ] Request (ServerMetadataNegativeTestJSON:setUpClass): 200 GET http://10.180.1.21/compute/v2.1/servers/54fe1d54-bec9-4888-9c79-cb23e2a11647 0.207s
2025-04-29 01:31:55.997 70186 INFO tempest.lib.common.rest_client [req-612ca3ba-9d2e-42b4-9001-89102697b2c2 req-612ca3ba-9d2e-42b4-9001-89102697b2c2 ] Request (FloatingIPsAssociationTestJSON:setUpClass): 200 GET http://10.180.1.21/compute/v2.1/servers/cc2450e2-71a6-4d1d-93ba-79041d4b7a7e 0.167s
2025-04-29 01:31:56.001 70200 INFO tempest.lib.common.rest_client [req-0193d208-82d1-43ec-a146-05752d95da6a req-0193d208-82d1-43ec-a146-05752d95da6a ] Request (ServersAdmin275Test:tearDownClass): 204 DELETE http://10.180.1.21/identity/v3/users/520dee397d8346f7a65f475b878adeb7 0.093s
2025-04-29 01:31:56.079 70192 INFO tempest.lib.common.rest_client [req-011088d8-8d70-40c7-9954-9f0999f4d043 req-011088d8-8d70-40c7-9954-9f0999f4d043 ] Request (TenantUsagesTestJSON:setUpClass): 200 GET http://10.180.1.21/compute/v2.1/servers/62b00bec-6db7-4864-86eb-d702db8dbc47 0.197s
2025-04-29 01:31:56.084 70188 INFO tempest.lib.common.rest_client [req-5db6bdfa-8a9d-44d9-8c1b-0ec395dfeb15 req-5db6bdfa-8a9d-44d9-8c1b-0ec395dfeb15 ] Request (ImagesOneServerTestJSON:setUpClass): 200 GET http://10.180.1.21/compute/v2.1/servers/d2314af3-6ce2-49d8-991e-0d214c827d18 0.241s
2025-04-29 01:31:56.104 70222 INFO tempest.lib.common.rest_client [req-a9b71d04-4e2a-49f9-a6e8-1f5fa6e240e2 req-a9b71d04-4e2a-49f9-a6e8-1f5fa6e240e2 ] Request (ServersTestBootFromVolume:setUpClass): 201 POST http://10.180.1.21:9696/networking/v2.0/networks 0.341s
2025-04-29 01:31:56.186 70200 INFO tempest.lib.common.rest_client [req-0a00b1ee-f5ec-49cd-817d-55dd61c2e5a9 req-0a00b1ee-f5ec-49cd-817d-55dd61c2e5a9 ] Request (ServersAdmin275Test:tearDownClass): 204 DELETE http://10.180.1.21/identity/v3/users/4023f670d87b44ad82159775b66fdbbd 0.184s
2025-04-29 01:31:56.186 70200 INFO tempest.lib.common.dynamic_creds [-] Deleting project and security group for project: dd00ec4c23c2453bae8d8c0eca834168
2025-04-29 01:31:56.193 70198 INFO tempest.lib.common.rest_client [req-e487dfc4-7cc5-4025-8204-80487b45f169 req-e487dfc4-7cc5-4025-8204-80487b45f169 ] Request (ServersTestJSON:setUpClass): 200 GET http://10.180.1.21/compute/v2.1/servers/ad18a9f2-6a6d-4b33-aa8b-f24826347acc 0.212s
2025-04-29 01:31:56.204 70168 INFO tempest.lib.common.rest_client [req-6afb9ed8-e90f-4aa2-9251-7d741bee0115 req-6afb9ed8-e90f-4aa2-9251-7d741bee0115 ] Request (ServerAddressesTestJSON:setUpClass): 200 GET http://10.180.1.21/compute/v2.1/servers/93638b9b-cc01-4aca-9e55-7cf5f24d95da 0.250s
2025-04-29 01:31:56.256 70200 INFO tempest.lib.common.rest_client [req-51ce2aec-97dd-4559-a5c6-3c0dc9426146 req-51ce2aec-97dd-4559-a5c6-3c0dc9426146 ] Request (ServersAdmin275Test:tearDownClass): 201 POST http://10.180.1.21/identity/v3/auth/tokens 0.069s
2025-04-29 01:31:56.272 70218 INFO tempest.lib.common.rest_client [req-70536634-b2ae-45c5-b8ba-3b6c609ea278 req-70536634-b2ae-45c5-b8ba-3b6c609ea278 ] Request (AttachVolumeTestJSON:test_attach_detach_volume): 200 GET http://10.180.1.21/compute/v2.1/servers/0c51bfd5-589a-4b32-9d1a-e619dc352b66 0.221s
2025-04-29 01:31:56.277 70202 INFO tempest.lib.common.rest_client [req-4725de2e-5528-40a3-a989-b75c4f88035e req-4725de2e-5528-40a3-a989-b75c4f88035e ] Request (ServersAdminTestJSON:test_create_server_with_scheduling_hint): 200 GET http://10.180.1.21/compute/v2.1/servers/222f4b6a-f397-4a13-8a88-c8ecf3d71544 0.236s
2025-04-29 01:31:56.361 70195 INFO tempest.lib.common.rest_client [req-a0b097a5-4bce-43bb-a81e-4236f9507406 req-a0b097a5-4bce-43bb-a81e-4236f9507406 ] Request (ServerExternalEventsTest:tearDownClass): 200 GET http://10.180.1.21/compute/v2.1/servers/3006d961-2b97-45ca-aa2f-d24c378b15c8 0.164s
2025-04-29 01:31:56.363 70166 INFO tempest.lib.common.rest_client [req-18e6af56-ae2c-4ec5-9ec4-2a0a1dbaf15c req-18e6af56-ae2c-4ec5-9ec4-2a0a1dbaf15c ] Request (InstanceActionsTestJSON:tearDownClass): 200 GET http://10.180.1.21/compute/v2.1/servers/952acce6-ad90-46ee-94d0-1133bc096c3c 0.231s
2025-04-29 01:31:56.411 70174 INFO tempest.lib.common.rest_client [req-16e4e28a-8277-46e1-b43f-73ed0ed45532 req-16e4e28a-8277-46e1-b43f-73ed0ed45532 ] Request (ListImageFiltersTestJSON:setUpClass): 200 GET http://10.180.1.21/compute/v2.1/servers/66659cd1-aabd-4158-86c6-66ef8977416d 0.161s
2025-04-29 01:31:56.425 70212 INFO tempest.lib.common.rest_client [req-baf0fa38-64a6-4a05-ad20-d52d3a8be8a1 req-baf0fa38-64a6-4a05-ad20-d52d3a8be8a1 ] Request (DeleteServersAdminTestJSON:test_delete_server_while_in_error_state): 200 GET http://10.180.1.21/compute/v2.1/servers/56e2f346-ee68-464e-9975-146a5cbf319b 0.146s
2025-04-29 01:31:56.464 70206 INFO tempest.lib.common.rest_client [req-4dd02dd3-d787-438b-a6b0-67b58ae08fdf req-4dd02dd3-d787-438b-a6b0-67b58ae08fdf ] Request (MultipleCreateTestJSON:test_multiple_create): 200 GET http://10.180.1.21/compute/v2.1/servers/f639e7ca-e188-482a-8541-059c773578a9 0.137s
2025-04-29 01:31:56.474 70222 INFO tempest.lib.common.rest_client [req-e4f40a99-8332-41e1-9f01-2541510177d6 req-e4f40a99-8332-41e1-9f01-2541510177d6 ] Request (ServersTestBootFromVolume:setUpClass): 201 POST http://10.180.1.21:9696/networking/v2.0/subnets 0.369s
2025-04-29 01:31:56.513 70204 INFO tempest.lib.common.rest_client [req-cce2e930-ea33-44ad-9550-219837d66af9 req-cce2e930-ea33-44ad-9550-219837d66af9 ] Request (ServerGroupTestJSON:test_create_server_with_scheduler_hint_group): 200 GET http://10.180.1.21/compute/v2.1/servers/a3ad4820-fe91-492f-9158-7be3e7b54531 0.154s
2025-04-29 01:31:56.551 70200 INFO tempest.lib.common.rest_client [req-01d6923a-a469-49e3-a367-51931f49de8c req-01d6923a-a469-49e3-a367-51931f49de8c ] Request (ServersAdmin275Test:tearDownClass): 200 GET http://10.180.1.21:9696/networking/v2.0/security-groups?tenant_id=dd00ec4c23c2453bae8d8c0eca834168&name=default 0.294s
2025-04-29 01:31:56.674 70224 INFO tempest.lib.common.rest_client [req-23db8b0a-34b1-485f-baa7-9582c3352b18 req-23db8b0a-34b1-485f-baa7-9582c3352b18 ] Request (ServerDiskConfigTestJSON:setUpClass): 201 POST http://10.180.1.21:9696/networking/v2.0/routers 1.033s
2025-04-29 01:31:57.153 70200 INFO tempest.lib.common.rest_client [req-ac5160fd-7cc8-4df2-875e-5ed8e26e86cf req-ac5160fd-7cc8-4df2-875e-5ed8e26e86cf ] Request (ServersAdmin275Test:tearDownClass): 204 DELETE http://10.180.1.21:9696/networking/v2.0/security-groups/633dc0a0-0118-42e6-92ab-69f686be16e2 0.602s
2025-04-29 01:31:57.154 70170 INFO tempest.lib.common.rest_client [req-0229d713-c418-4083-9cd3-951f84415ef6 req-0229d713-c418-4083-9cd3-951f84415ef6 ] Request (ListServerFiltersTestJSON:test_list_servers_filter_by_shutoff_status): 200 GET http://10.180.1.21/compute/v2.1/servers/ca89ba12-1438-44fa-b88a-bbe9386b4dce 0.630s
2025-04-29 01:31:57.178 70182 INFO tempest.lib.common.rest_client [req-35cbfa94-abab-4af0-a66f-be723e8cf012 req-35cbfa94-abab-4af0-a66f-be723e8cf012 ] Request (SecurityGroupsTestJSON:test_list_security_groups_by_server): 200 GET http://10.180.1.21/compute/v2.1/servers/e80028c3-0380-42f7-b907-58d545e343cf 0.645s
2025-04-29 01:31:57.241 70200 INFO tempest.lib.common.rest_client [req-83a7176b-6305-4065-9402-dcb21377e26e req-83a7176b-6305-4065-9402-dcb21377e26e ] Request (ServersAdmin275Test:tearDownClass): 204 DELETE http://10.180.1.21/identity/v3/projects/dd00ec4c23c2453bae8d8c0eca834168 0.087s
2025-04-29 01:31:57.241 70200 INFO tempest.lib.common.dynamic_creds [-] Deleting project and security group for project: 1295188feed5498dbf2bd653f32bdc59
2025-04-29 01:31:57.243 70220 INFO tempest.lib.common.rest_client [req-82f36e16-894e-49fc-9dc1-5928c4bbeabe req-82f36e16-894e-49fc-9dc1-5928c4bbeabe ] Request (ServerMetadataTestJSON:setUpClass): 200 GET http://10.180.1.21/compute/v2.1/servers/45fc71fc-04b0-4f5d-9599-0ac9742f6a6e 0.646s
2025-04-29 01:31:57.259 70196 INFO tempest.lib.common.rest_client [req-8e08070f-bd57-4748-86fd-1f5cebfd776d req-8e08070f-bd57-4748-86fd-1f5cebfd776d ] Request (ServerDiagnosticsNegativeTest:test_get_server_diagnostics_by_non_admin): 200 GET http://10.180.1.21/compute/v2.1/servers/c942ea2c-1af4-4f7c-9fdd-283d06a187e0 0.652s
2025-04-29 01:31:57.438 70200 INFO tempest.lib.common.rest_client [req-776ee1fc-c03b-4d6d-8bda-77a5b184f6e9 req-776ee1fc-c03b-4d6d-8bda-77a5b184f6e9 ] Request (ServersAdmin275Test:tearDownClass): 200 GET http://10.180.1.21:9696/networking/v2.0/security-groups?tenant_id=1295188feed5498dbf2bd653f32bdc59&name=default 0.197s
2025-04-29 01:31:57.456 70216 INFO tempest.lib.common.rest_client [req-e62297d5-d6ab-42d6-9356-423e27f7fd3b req-e62297d5-d6ab-42d6-9356-423e27f7fd3b ] Request (ServersTestMultiNic:test_verify_duplicate_network_nics): 200 GET http://10.180.1.21/compute/v2.1/servers/1964a3cc-a62d-4085-94cf-b0495ea26fe0 0.574s
2025-04-29 01:31:57.532 70190 INFO tempest.lib.common.rest_client [req-127cbfe1-36fa-4e4d-ac31-0e0d4628f817 req-127cbfe1-36fa-4e4d-ac31-0e0d4628f817 ] Request (AttachInterfacesUnderV243Test:test_add_remove_fixed_ip): 200 GET http://10.180.1.21/compute/v2.1/servers/66ae357b-4902-4d79-b4e4-f54013568a36 0.783s
2025-04-29 01:31:57.559 70200 INFO tempest.lib.common.rest_client [req-dc81a43a-1a91-4fb8-875c-56d14c219914 req-dc81a43a-1a91-4fb8-875c-56d14c219914 ] Request (ServersAdmin275Test:tearDownClass): 204 DELETE http://10.180.1.21:9696/networking/v2.0/security-groups/10d8e49e-9012-452b-8fd1-bd4b2311b2da 0.120s
2025-04-29 01:31:57.631 70184 INFO tempest.lib.common.rest_client [req-239aa71a-e3e4-40bf-a519-ee19d2e82e47 req-239aa71a-e3e4-40bf-a519-ee19d2e82e47 ] Request (ServersListShow296Test:test_list_show_update_rebuild_server_296): 200 GET http://10.180.1.21/compute/v2.1/servers/4828f76b-eab4-4f3d-8d92-e6a6ee79eb84 0.680s
2025-04-29 01:31:57.666 70200 INFO tempest.lib.common.rest_client [req-a8a31bc9-bc38-4e69-bf12-1066f400194e req-a8a31bc9-bc38-4e69-bf12-1066f400194e ] Request (ServersAdmin275Test:tearDownClass): 204 DELETE http://10.180.1.21/identity/v3/projects/1295188feed5498dbf2bd653f32bdc59 0.106s
2025-04-29 01:31:57.721 70210 INFO tempest.lib.common.rest_client [req-67587150-c6fd-41e7-b2fa-4a756869686a req-67587150-c6fd-41e7-b2fa-4a756869686a ] Request (ServerMetadataNegativeTestJSON:setUpClass): 200 GET http://10.180.1.21/compute/v2.1/servers/54fe1d54-bec9-4888-9c79-cb23e2a11647 0.733s
2025-04-29 01:31:57.735 70172 INFO tempest.lib.common.rest_client [req-a7d4b78b-358e-48b1-807f-012d12a84059 req-a7d4b78b-358e-48b1-807f-012d12a84059 ] Request (MigrationsAdminTest:test_list_migrations_in_flavor_resize_situation): 200 GET http://10.180.1.21/compute/v2.1/servers/6eb4eb2c-448f-4f20-ab4d-03a458bff9a7 0.848s
2025-04-29 01:31:57.746 70164 WARNING tempest.lib.common.ssh [-] Failed to establish authenticated ssh connection to cirros@10.180.180.210 ([Errno None] Unable to connect to port 22 on 10.180.180.210). Number attempts: 5. Retry after 6 seconds.: paramiko.ssh_exception.NoValidConnectionsError: [Errno None] Unable to connect to port 22 on 10.180.180.210
2025-04-29 01:31:57.773 70200 INFO tempest.lib.common.rest_client [req-a7d2b35c-517f-4b70-b981-8b78e7ee5c8e req-a7d2b35c-517f-4b70-b981-8b78e7ee5c8e ] Request (ImagesDeleteNegativeTestJSON:setUpClass): 201 POST http://10.180.1.21/identity/v3/auth/tokens 0.104s
2025-04-29 01:31:57.823 70200 INFO tempest.lib.common.rest_client [req-b74e83b5-4719-452d-bd07-1e38d1c795de req-b74e83b5-4719-452d-bd07-1e38d1c795de ] Request (ImagesDeleteNegativeTestJSON:setUpClass): 201 POST http://10.180.1.21/identity/v3/auth/tokens 0.047s
2025-04-29 01:31:57.840 70186 INFO tempest.lib.common.rest_client [req-369ee656-353e-4b32-8f59-52480fd3ba86 req-369ee656-353e-4b32-8f59-52480fd3ba86 ] Request (FloatingIPsAssociationTestJSON:setUpClass): 200 GET http://10.180.1.21/compute/v2.1/servers/cc2450e2-71a6-4d1d-93ba-79041d4b7a7e 0.830s
2025-04-29 01:31:57.845 70192 INFO tempest.lib.common.rest_client [req-766a1b7d-0bda-40a4-b2d8-4f4af45f95d7 req-766a1b7d-0bda-40a4-b2d8-4f4af45f95d7 ] Request (TenantUsagesTestJSON:setUpClass): 200 GET http://10.180.1.21/compute/v2.1/servers/62b00bec-6db7-4864-86eb-d702db8dbc47 0.754s
2025-04-29 01:31:57.852 70200 INFO tempest.lib.common.rest_client [req-bdc5d774-cd7b-48c5-aea2-aa54e58aea94 req-bdc5d774-cd7b-48c5-aea2-aa54e58aea94 ] Request (ImagesDeleteNegativeTestJSON:setUpClass): 200 GET http://10.180.1.21/identity/v3/domains?name=Default 0.028s
2025-04-29 01:31:57.887 70200 INFO tempest.lib.common.rest_client [req-18be5308-b0c0-4051-93ab-54d0478d26ec req-18be5308-b0c0-4051-93ab-54d0478d26ec ] Request (ImagesDeleteNegativeTestJSON:setUpClass): 201 POST http://10.180.1.21/identity/v3/projects 0.034s
2025-04-29 01:31:57.926 70188 INFO tempest.lib.common.rest_client [req-99df747e-d033-4dbc-84f5-58f63b831e53 req-99df747e-d033-4dbc-84f5-58f63b831e53 ] Request (ImagesOneServerTestJSON:setUpClass): 200 GET http://10.180.1.21/compute/v2.1/servers/d2314af3-6ce2-49d8-991e-0d214c827d18 0.829s
2025-04-29 01:31:57.929 70198 INFO tempest.lib.common.rest_client [req-807961b5-dce9-42db-8a82-4551fb8437cf req-807961b5-dce9-42db-8a82-4551fb8437cf ] Request (ServersTestJSON:setUpClass): 200 GET http://10.180.1.21/compute/v2.1/servers/ad18a9f2-6a6d-4b33-aa8b-f24826347acc 0.725s
2025-04-29 01:31:57.960 70200 INFO tempest.lib.common.rest_client [req-fbea5e2e-2fb4-45d0-b5aa-a9b390d10ed6 req-fbea5e2e-2fb4-45d0-b5aa-a9b390d10ed6 ] Request (ImagesDeleteNegativeTestJSON:setUpClass): 201 POST http://10.180.1.21/identity/v3/users 0.072s
2025-04-29 01:31:57.986 70200 INFO tempest.lib.common.rest_client [req-f463e19f-42dd-41ae-949d-144939d58d00 req-f463e19f-42dd-41ae-949d-144939d58d00 ] Request (ImagesDeleteNegativeTestJSON:setUpClass): 200 GET http://10.180.1.21/identity/v3/roles 0.025s
2025-04-29 01:31:58.005 70218 INFO tempest.lib.common.rest_client [req-34ef2266-267f-4ef7-b97c-aa5cd4a14bbd req-34ef2266-267f-4ef7-b97c-aa5cd4a14bbd ] Request (AttachVolumeTestJSON:test_attach_detach_volume): 200 GET http://10.180.1.21/compute/v2.1/servers/0c51bfd5-589a-4b32-9d1a-e619dc352b66 0.721s
2025-04-29 01:31:58.018 70168 INFO tempest.lib.common.rest_client [req-5de2230e-7592-49ea-9dce-110a3400e3b6 req-5de2230e-7592-49ea-9dce-110a3400e3b6 ] Request (ServerAddressesTestJSON:setUpClass): 200 GET http://10.180.1.21/compute/v2.1/servers/93638b9b-cc01-4aca-9e55-7cf5f24d95da 0.804s
2025-04-29 01:31:58.026 70200 INFO tempest.lib.common.rest_client [req-eb0c106c-2e48-4df3-83be-19c5962ea3c4 req-eb0c106c-2e48-4df3-83be-19c5962ea3c4 ] Request (ImagesDeleteNegativeTestJSON:setUpClass): 204 PUT http://10.180.1.21/identity/v3/projects/1dbe381f1ac04890aafd2d631c13b6d5/users/386d8e6be6694192b09ba3d2462cef9c/roles/f4ef515fd3d342ad83c12a663b78d6cb 0.039s
2025-04-29 01:31:58.026 70200 INFO tempest.lib.common.dynamic_creds [-] Dynamic test user 386d8e6be6694192b09ba3d2462cef9c is created with scope project and roles: ['member']
