2025-04-29 01:32:26.068 70195 INFO tempest.lib.common.rest_client [req-b216bcf5-47dd-40a7-958a-8d1ae9066a8b req-b216bcf5-47dd-40a7-958a-8d1ae9066a8b ] Request (ServerExternalEventsTest:tearDownClass): 204 DELETE http://10.180.1.21/identity/v3/users/8d5bbd3e1a43409188a8ff9cbbc24732 0.106s
2025-04-29 01:32:26.094 70198 WARNING tempest.lib.common.ssh [-] Failed to establish authenticated ssh connection to cirros@10.180.180.206 ([Errno None] Unable to connect to port 22 on 10.180.180.206). Number attempts: 2. Retry after 3 seconds.: paramiko.ssh_exception.NoValidConnectionsError: [Errno None] Unable to connect to port 22 on 10.180.180.206
2025-04-29 01:32:26.160 70200 INFO tempest.lib.common.rest_client [req-5dd40250-779b-46cc-8ce6-19ca5ab74688 req-5dd40250-779b-46cc-8ce6-19ca5ab74688 ] Request (ServerActionsTestOtherA:setUpClass): 201 POST http://10.180.1.21:9696/networking/v2.0/security-groups 0.244s
2025-04-29 01:32:26.172 70196 INFO tempest.lib.common.rest_client [req-d1b64c0e-e44b-43fe-b0c9-56959c489433 req-d1b64c0e-e44b-43fe-b0c9-56959c489433 ] Request (ServerDiagnosticsNegativeTest:test_get_server_diagnostics_by_non_admin): 200 GET http://10.180.1.21/compute/v2.1/servers/c942ea2c-1af4-4f7c-9fdd-283d06a187e0 0.087s
2025-04-29 01:32:26.213 70195 INFO tempest.lib.common.rest_client [req-8ffdb34f-2739-47dd-a751-d1c6e419d28b req-8ffdb34f-2739-47dd-a751-d1c6e419d28b ] Request (ServerExternalEventsTest:tearDownClass): 204 DELETE http://10.180.1.21/identity/v3/users/cb46f5a070bf416aaa541ba6c55113a4 0.144s
2025-04-29 01:32:26.238 70206 INFO tempest.lib.common.rest_client [req-a292ecd0-1e48-4e9d-9d79-f40c63098bf0 req-a292ecd0-1e48-4e9d-9d79-f40c63098bf0 ] Request (MultipleCreateTestJSON:test_multiple_create): 200 GET http://10.180.1.21/compute/v2.1/servers/f639e7ca-e188-482a-8541-059c773578a9 0.085s
2025-04-29 01:32:26.259 70212 INFO tempest.lib.common.rest_client [req-eb166664-c10f-4826-905d-09807502525b req-eb166664-c10f-4826-905d-09807502525b ] Request (DeleteServersAdminTestJSON:test_delete_server_while_in_error_state): 200 GET http://10.180.1.21/compute/v2.1/servers/56e2f346-ee68-464e-9975-146a5cbf319b 0.243s
2025-04-29 01:32:26.286 70190 WARNING tempest.lib.common.ssh [-] Failed to establish authenticated ssh connection to cirros@10.180.180.240 ([Errno None] Unable to connect to port 22 on 10.180.180.240). Number attempts: 4. Retry after 5 seconds.: paramiko.ssh_exception.NoValidConnectionsError: [Errno None] Unable to connect to port 22 on 10.180.180.240
2025-04-29 01:32:26.308 70200 INFO tempest.lib.common.rest_client [req-a7776f5e-93f2-46bf-92fd-5b1ce80394df req-a7776f5e-93f2-46bf-92fd-5b1ce80394df ] Request (ServerActionsTestOtherA:setUpClass): 201 POST http://10.180.1.21:9696/networking/v2.0/security-group-rules 0.147s
2025-04-29 01:32:26.319 70195 INFO tempest.lib.common.rest_client [req-5110070f-61f2-48e5-960d-5427c16c4863 req-5110070f-61f2-48e5-960d-5427c16c4863 ] Request (ServerExternalEventsTest:tearDownClass): 204 DELETE http://10.180.1.21/identity/v3/users/0a885c47269a4812b127714e58b7c6c2 0.106s
2025-04-29 01:32:26.320 70195 INFO tempest.lib.common.dynamic_creds [-] Deleting project and security group for project: ba64d15ad4e94669a38f5e0afc099d02
2025-04-29 01:32:26.390 70195 INFO tempest.lib.common.rest_client [req-f2624009-8f2a-4d4c-9841-523ee1e0e25b req-f2624009-8f2a-4d4c-9841-523ee1e0e25b ] Request (ServerExternalEventsTest:tearDownClass): 201 POST http://10.180.1.21/identity/v3/auth/tokens 0.070s
2025-04-29 01:32:26.400 70200 INFO tempest.lib.common.rest_client [req-e9e994f5-be7b-4651-aec1-0cc9d416c8f7 req-e9e994f5-be7b-4651-aec1-0cc9d416c8f7 ] Request (ServerActionsTestOtherA:setUpClass): 201 POST http://10.180.1.21:9696/networking/v2.0/security-group-rules 0.092s
2025-04-29 01:32:26.457 70220 INFO tempest.lib.common.rest_client [req-7186a075-1fe1-46c8-9884-0c0c1779855e req-7186a075-1fe1-46c8-9884-0c0c1779855e ] Request (ServerMetadataTestJSON:setUpClass): 200 GET http://10.180.1.21/compute/v2.1/servers/45fc71fc-04b0-4f5d-9599-0ac9742f6a6e 0.064s
2025-04-29 01:32:26.565 70210 INFO tempest.lib.common.rest_client [req-b23db046-ed19-4760-a96f-f808675b5656 req-b23db046-ed19-4760-a96f-f808675b5656 ] Request (ServerMetadataNegativeTestJSON:setUpClass): 200 GET http://10.180.1.21/compute/v2.1/servers/54fe1d54-bec9-4888-9c79-cb23e2a11647 0.084s
2025-04-29 01:32:26.601 70184 INFO tempest.lib.common.rest_client [req-1b934f20-7d1e-43a1-a1d9-9ba02f2f8267 req-1b934f20-7d1e-43a1-a1d9-9ba02f2f8267 ] Request (ServersListShow296Test:test_list_show_update_rebuild_server_296): 200 GET http://10.180.1.21/compute/v2.1/servers/4828f76b-eab4-4f3d-8d92-e6a6ee79eb84 0.123s
2025-04-29 01:32:26.715 70195 INFO tempest.lib.common.rest_client [req-42fc73c6-e874-49db-85e1-32beb241d1fc req-42fc73c6-e874-49db-85e1-32beb241d1fc ] Request (ServerExternalEventsTest:tearDownClass): 200 GET http://10.180.1.21:9696/networking/v2.0/security-groups?tenant_id=ba64d15ad4e94669a38f5e0afc099d02&name=default 0.325s
2025-04-29 01:32:26.821 70186 INFO tempest.lib.common.rest_client [req-389366c0-0777-4b56-bc6c-0cf208fac24f req-389366c0-0777-4b56-bc6c-0cf208fac24f ] Request (FloatingIPsAssociationTestJSON:setUpClass): 200 GET http://10.180.1.21/compute/v2.1/servers/cc2450e2-71a6-4d1d-93ba-79041d4b7a7e 0.217s
2025-04-29 01:32:26.849 70204 INFO tempest.lib.common.rest_client [req-08005fa8-53d4-47e2-92ef-9c24396ddd2f req-08005fa8-53d4-47e2-92ef-9c24396ddd2f ] Request (ServerGroupTestJSON:test_create_server_with_scheduler_hint_group): 200 GET http://10.180.1.21/compute/v2.1/servers/a3ad4820-fe91-492f-9158-7be3e7b54531 0.235s
2025-04-29 01:32:26.856 70195 INFO tempest.lib.common.rest_client [req-ebd3a8d4-05f5-4d6d-8bcc-5489dfea969a req-ebd3a8d4-05f5-4d6d-8bcc-5489dfea969a ] Request (ServerExternalEventsTest:tearDownClass): 204 DELETE http://10.180.1.21:9696/networking/v2.0/security-groups/9f595d2d-a364-4a29-b52f-9fb54f37dd2e 0.140s
2025-04-29 01:32:26.928 70218 INFO tempest.lib.common.rest_client [req-2827b6e5-cf38-4c57-a714-4575c4fe1b23 req-2827b6e5-cf38-4c57-a714-4575c4fe1b23 ] Request (AttachVolumeTestJSON:test_attach_detach_volume): 200 GET http://10.180.1.21/compute/v2.1/servers/0c51bfd5-589a-4b32-9d1a-e619dc352b66 0.254s
2025-04-29 01:32:26.968 70170 INFO tempest.lib.common.rest_client [req-9d76462e-0395-45f8-8174-9694e1428339 req-9d76462e-0395-45f8-8174-9694e1428339 ] Request (ListServerFiltersTestJSON:tearDownClass): 200 GET http://10.180.1.21/compute/v2.1/servers/72bac9c3-fd70-4de4-8aea-37516ac2b0f4 0.279s
2025-04-29 01:32:26.976 70195 INFO tempest.lib.common.rest_client [req-8f64224d-fe38-4f7e-ab04-95cd5cb28cc9 req-8f64224d-fe38-4f7e-ab04-95cd5cb28cc9 ] Request (ServerExternalEventsTest:tearDownClass): 204 DELETE http://10.180.1.21/identity/v3/projects/ba64d15ad4e94669a38f5e0afc099d02 0.119s
2025-04-29 01:32:26.976 70195 INFO tempest.lib.common.dynamic_creds [-] Deleting project and security group for project: 2401c163602d43f5a20fca3313ce8ce8
2025-04-29 01:32:26.983 70174 INFO tempest.lib.common.rest_client [req-a8cd49db-5641-4043-a9c6-2e4b7a3b9d5b req-a8cd49db-5641-4043-a9c6-2e4b7a3b9d5b ] Request (ListImageFiltersTestJSON:setUpClass): 200 GET http://10.180.1.21/compute/v2.1/images/1f0adc3a-2054-43ee-beae-473430624a40 0.284s
2025-04-29 01:32:27.040 70172 INFO tempest.lib.common.rest_client [req-ae33cf8b-7d1e-4181-9ae5-9fe6611e6e83 req-ae33cf8b-7d1e-4181-9ae5-9fe6611e6e83 ] Request (MigrationsAdminTest:test_resize_server_revert_deleted_flavor): 200 GET http://10.180.1.21/compute/v2.1/servers/57cc7aea-24c2-49d1-8c30-469a9dbbb5e8 0.306s
2025-04-29 01:32:27.073 70192 INFO tempest.lib.common.rest_client [req-a6e131f1-c8cd-4f7c-9b6b-ffd10d2de758 req-a6e131f1-c8cd-4f7c-9b6b-ffd10d2de758 ] Request (TenantUsagesTestJSON:setUpClass): 200 GET http://10.180.1.21/compute/v2.1/servers/62b00bec-6db7-4864-86eb-d702db8dbc47 0.311s
2025-04-29 01:32:27.090 70188 INFO tempest.lib.common.rest_client [req-798e6c94-8878-40d9-99c5-46cc6e46881b req-798e6c94-8878-40d9-99c5-46cc6e46881b ] Request (ImagesOneServerTestJSON:test_create_delete_image): 200 GET http://10.180.1.21/compute/v2.1/images/2cc87bd5-a728-426f-8637-850ce50699b7 0.327s
2025-04-29 01:32:27.131 70195 INFO tempest.lib.common.rest_client [req-4939efd7-0cf8-4d61-8e58-6a81fc7c3a85 req-4939efd7-0cf8-4d61-8e58-6a81fc7c3a85 ] Request (ServerExternalEventsTest:tearDownClass): 200 GET http://10.180.1.21:9696/networking/v2.0/security-groups?tenant_id=2401c163602d43f5a20fca3313ce8ce8&name=default 0.154s
2025-04-29 01:32:27.190 70182 INFO tempest.lib.common.rest_client [req-ee0829a5-1dfa-4ad4-84a5-8c00e6f3c678 req-ee0829a5-1dfa-4ad4-84a5-8c00e6f3c678 ] Request (SecurityGroupsTestJSON:test_server_security_groups): 200 GET http://10.180.1.21/compute/v2.1/servers/1a278863-e27b-41c3-88e2-338732e1f54c 0.362s
2025-04-29 01:32:27.202 70168 INFO tempest.lib.common.rest_client [req-a806a586-aa28-4a94-83d6-1f663a96b68d req-a806a586-aa28-4a94-83d6-1f663a96b68d ] Request (ServerAddressesTestJSON:setUpClass): 200 GET http://10.180.1.21/compute/v2.1/servers/93638b9b-cc01-4aca-9e55-7cf5f24d95da 0.389s
2025-04-29 01:32:27.225 70214 WARNING tempest.lib.common.ssh [-] Failed to establish authenticated ssh connection to cirros@10.180.180.181 ([Errno None] Unable to connect to port 22 on 10.180.180.181). Number attempts: 9. Retry after 10 seconds.: paramiko.ssh_exception.NoValidConnectionsError: [Errno None] Unable to connect to port 22 on 10.180.180.181
2025-04-29 01:32:27.261 70202 INFO tempest.lib.common.rest_client [req-b90327e8-162f-4e88-ae83-2cc8f39fd545 req-b90327e8-162f-4e88-ae83-2cc8f39fd545 ] Request (ServersAdminTestJSON:test_create_server_with_scheduling_hint): 200 GET http://10.180.1.21/compute/v2.1/servers/222f4b6a-f397-4a13-8a88-c8ecf3d71544 0.380s
2025-04-29 01:32:27.306 70216 INFO tempest.lib.common.rest_client [req-1c64207d-62b9-41e2-8f92-6e00490750d2 req-1c64207d-62b9-41e2-8f92-6e00490750d2 ] Request (ServersTestMultiNic:_run_cleanups): 200 GET http://10.180.1.21/compute/v2.1/servers/1964a3cc-a62d-4085-94cf-b0495ea26fe0 0.360s
2025-04-29 01:32:27.328 70224 INFO tempest.lib.common.rest_client [req-afc9392f-7db6-40bd-b8db-3627021bc1f0 req-afc9392f-7db6-40bd-b8db-3627021bc1f0 ] Request (ServerDiskConfigTestJSON:test_rebuild_server_with_auto_disk_config): 200 GET http://10.180.1.21/compute/v2.1/servers/29605030-00aa-482e-aaa4-c2d66af2c29d 0.342s
2025-04-29 01:32:27.337 70200 INFO tempest.lib.common.rest_client [req-a53d55f1-284c-485e-8d22-1a592d94cefb req-a53d55f1-284c-485e-8d22-1a592d94cefb ] Request (ServerActionsTestOtherA:setUpClass): 201 POST http://10.180.1.21:9696/networking/v2.0/floatingips 0.936s
2025-04-29 01:32:27.340 70195 INFO tempest.lib.common.rest_client [req-acf46852-6ee1-40b2-a8a9-55a729498319 req-acf46852-6ee1-40b2-a8a9-55a729498319 ] Request (ServerExternalEventsTest:tearDownClass): 204 DELETE http://10.180.1.21:9696/networking/v2.0/security-groups/5667c214-e337-4958-b8a9-04fcb93684ea 0.209s
2025-04-29 01:32:27.392 70222 INFO tempest.lib.common.rest_client [req-565469c4-719c-4152-9e63-056c1e8a0f1e req-565469c4-719c-4152-9e63-056c1e8a0f1e ] Request (ServersTestBootFromVolume:setUpClass): 200 GET http://10.180.1.21/compute/v2.1/servers/750b8ae4-87a7-402a-a82f-44c01e9fd888 0.353s
2025-04-29 01:32:27.407 70196 INFO tempest.lib.common.rest_client [req-98b2d458-cf13-45b1-b274-385a13c01875 req-98b2d458-cf13-45b1-b274-385a13c01875 ] Request (ServerDiagnosticsNegativeTest:test_get_server_diagnostics_by_non_admin): 200 GET http://10.180.1.21/compute/v2.1/servers/c942ea2c-1af4-4f7c-9fdd-283d06a187e0 0.224s
2025-04-29 01:32:27.439 70200 INFO tempest.lib.common.rest_client [req-9f7f7750-5554-4a0b-bb5f-d995dde606e4 req-9f7f7750-5554-4a0b-bb5f-d995dde606e4 ] Request (ServerActionsTestOtherA:setUpClass): 201 POST http://10.180.1.21/identity/v3/auth/tokens 0.099s
2025-04-29 01:32:27.442 70200 INFO tempest.lib.common.fixed_network [-] (ServerActionsTestOtherA:setUpClass) Found network {'id': '74bd6029-d579-4f0c-a0f2-25d0c41fcbb1', 'name': 'tempest-ServerActionsTestOtherA-1275333307-network', 'tenant_id': 'e780cb6ac4a74f5fbaa37b1a2347accf', 'admin_state_up': True, 'mtu': 8950, 'status': 'ACTIVE', 'subnets': [], 'shared': False, 'project_id': 'e780cb6ac4a74f5fbaa37b1a2347accf', 'port_security_enabled': True, 'router:external': False, 'provider:network_type': 'vlan', 'provider:physical_network': 'default', 'provider:segmentation_id': 598, 'availability_zone_hints': [], 'availability_zones': [], 'ipv4_address_scope': None, 'ipv6_address_scope': None, 'description': '', 'tags': [], 'created_at': '2025-04-29T01:32:22Z', 'updated_at': '2025-04-29T01:32:22Z', 'revision_number': 1} available for tenant
2025-04-29 01:32:27.476 70206 INFO tempest.lib.common.rest_client [req-d5ea833c-4194-4d73-bac5-934a683a1eda req-d5ea833c-4194-4d73-bac5-934a683a1eda ] Request (MultipleCreateTestJSON:test_multiple_create): 200 GET http://10.180.1.21/compute/v2.1/servers/f639e7ca-e188-482a-8541-059c773578a9 0.228s
2025-04-29 01:32:27.522 70195 INFO tempest.lib.common.rest_client [req-cb925987-d7f9-46f2-a5f7-4057baa38832 req-cb925987-d7f9-46f2-a5f7-4057baa38832 ] Request (ServerExternalEventsTest:tearDownClass): 204 DELETE http://10.180.1.21/identity/v3/projects/2401c163602d43f5a20fca3313ce8ce8 0.179s
2025-04-29 01:32:27.523 70195 INFO tempest.lib.common.dynamic_creds [-] Deleting project and security group for project: b0e1c039d4f44419acdd2f63e9e8f881
2025-04-29 01:32:27.526 70212 INFO tempest.lib.common.rest_client [req-ee3deddb-280d-439a-a4e1-165d4d84d6d5 req-ee3deddb-280d-439a-a4e1-165d4d84d6d5 ] Request (DeleteServersAdminTestJSON:test_delete_server_while_in_error_state): 200 GET http://10.180.1.21/compute/v2.1/servers/56e2f346-ee68-464e-9975-146a5cbf319b 0.258s
2025-04-29 01:32:27.562 70195 INFO tempest.lib.common.rest_client [req-24d4c216-b3c3-4a90-8181-b40427011ea4 req-24d4c216-b3c3-4a90-8181-b40427011ea4 ] Request (ServerExternalEventsTest:tearDownClass): 200 GET http://10.180.1.21:9696/networking/v2.0/security-groups?tenant_id=b0e1c039d4f44419acdd2f63e9e8f881&name=default 0.039s
2025-04-29 01:32:27.590 70220 INFO tempest.lib.common.rest_client [req-77b0bbb8-6276-4ee0-9047-739831b6228c req-77b0bbb8-6276-4ee0-9047-739831b6228c ] Request (ServerMetadataTestJSON:setUpClass): 200 GET http://10.180.1.21/compute/v2.1/servers/45fc71fc-04b0-4f5d-9599-0ac9742f6a6e 0.120s
2025-04-29 01:32:27.656 70210 INFO tempest.lib.common.rest_client [req-d014c23e-99f7-499c-8d28-b707d198962a req-d014c23e-99f7-499c-8d28-b707d198962a ] Request (ServerMetadataNegativeTestJSON:setUpClass): 200 GET http://10.180.1.21/compute/v2.1/servers/54fe1d54-bec9-4888-9c79-cb23e2a11647 0.083s
2025-04-29 01:32:27.661 70195 INFO tempest.lib.common.rest_client [req-979070e1-4bfe-49cc-9b02-68556bfca26d req-979070e1-4bfe-49cc-9b02-68556bfca26d ] Request (ServerExternalEventsTest:tearDownClass): 204 DELETE http://10.180.1.21:9696/networking/v2.0/security-groups/609f2954-141d-4e89-a574-b4bc76c0416a 0.099s
2025-04-29 01:32:27.737 70184 INFO tempest.lib.common.rest_client [req-bd18a562-be65-4ee7-bea8-af1c0a53ed28 req-bd18a562-be65-4ee7-bea8-af1c0a53ed28 ] Request (ServersListShow296Test:test_list_show_update_rebuild_server_296): 200 GET http://10.180.1.21/compute/v2.1/servers/4828f76b-eab4-4f3d-8d92-e6a6ee79eb84 0.114s
2025-04-29 01:32:27.780 70195 INFO tempest.lib.common.rest_client [req-c02f2c93-4c95-4118-95da-0d6c4c486107 req-c02f2c93-4c95-4118-95da-0d6c4c486107 ] Request (ServerExternalEventsTest:tearDownClass): 204 DELETE http://10.180.1.21/identity/v3/projects/b0e1c039d4f44419acdd2f63e9e8f881 0.119s
2025-04-29 01:32:27.871 70195 INFO tempest.lib.common.rest_client [req-47a0d350-41f0-40b8-b1b7-067541f2b25c req-47a0d350-41f0-40b8-b1b7-067541f2b25c ] Request (ServerActionsTestJSON:setUpClass): 201 POST http://10.180.1.21/identity/v3/auth/tokens 0.088s
2025-04-29 01:32:27.904 70195 INFO tempest.lib.common.rest_client [req-e041eefc-b710-4269-b1f6-c8ba53369ba1 req-e041eefc-b710-4269-b1f6-c8ba53369ba1 ] Request (ServerActionsTestJSON:setUpClass): 201 POST http://10.180.1.21/identity/v3/auth/tokens 0.030s
2025-04-29 01:32:27.912 70200 INFO tempest.lib.common.rest_client [req-79448afd-32cd-41e7-a390-ad0227c039cf req-79448afd-32cd-41e7-a390-ad0227c039cf ] Request (ServerActionsTestOtherA:setUpClass): 202 POST http://10.180.1.21/compute/v2.1/servers 0.468s
2025-04-29 01:32:27.932 70195 INFO tempest.lib.common.rest_client [req-cf87eb5f-b40e-414b-8232-79b87bdc72b0 req-cf87eb5f-b40e-414b-8232-79b87bdc72b0 ] Request (ServerActionsTestJSON:setUpClass): 200 GET http://10.180.1.21/identity/v3/domains?name=Default 0.028s
2025-04-29 01:32:27.944 70186 INFO tempest.lib.common.rest_client [req-a48226cd-f8f4-4539-8c64-f7afefd19e1e req-a48226cd-f8f4-4539-8c64-f7afefd19e1e ] Request (FloatingIPsAssociationTestJSON:setUpClass): 200 GET http://10.180.1.21/compute/v2.1/servers/cc2450e2-71a6-4d1d-93ba-79041d4b7a7e 0.112s
2025-04-29 01:32:27.966 70195 INFO tempest.lib.common.rest_client [req-1871fce1-210c-4519-9edc-af078bae00be req-1871fce1-210c-4519-9edc-af078bae00be ] Request (ServerActionsTestJSON:setUpClass): 201 POST http://10.180.1.21/identity/v3/projects 0.033s
2025-04-29 01:32:27.991 70200 INFO tempest.lib.common.rest_client [req-87e0083e-c5db-41ce-9a14-4b530b15b500 req-87e0083e-c5db-41ce-9a14-4b530b15b500 ] Request (ServerActionsTestOtherA:setUpClass): 200 GET http://10.180.1.21/compute/v2.1/servers/d9fc4e13-6556-4875-b301-c5f47d3e1cf0 0.077s
2025-04-29 01:32:28.043 70195 INFO tempest.lib.common.rest_client [req-18c19361-79ac-4230-810f-c8d3c99b0cee req-18c19361-79ac-4230-810f-c8d3c99b0cee ] Request (ServerActionsTestJSON:setUpClass): 201 POST http://10.180.1.21/identity/v3/users 0.076s
2025-04-29 01:32:28.060 70218 INFO tempest.lib.common.rest_client [req-cd1d6099-bbee-40c8-918c-c1c3baa66eda req-cd1d6099-bbee-40c8-918c-c1c3baa66eda ] Request (AttachVolumeTestJSON:test_attach_detach_volume): 200 GET http://10.180.1.21/compute/v2.1/servers/0c51bfd5-589a-4b32-9d1a-e619dc352b66 0.121s
2025-04-29 01:32:28.075 70195 INFO tempest.lib.common.rest_client [req-0885ea57-a1bf-4d42-a92d-7692f34d9485 req-0885ea57-a1bf-4d42-a92d-7692f34d9485 ] Request (ServerActionsTestJSON:setUpClass): 200 GET http://10.180.1.21/identity/v3/roles 0.031s
2025-04-29 01:32:28.077 70204 INFO tempest.lib.common.rest_client [req-a78f2f1f-2fbc-4c36-a3d8-de689b9b86a9 req-a78f2f1f-2fbc-4c36-a3d8-de689b9b86a9 ] Request (ServerGroupTestJSON:test_create_server_with_scheduler_hint_group): 200 GET http://10.180.1.21/compute/v2.1/servers/a3ad4820-fe91-492f-9158-7be3e7b54531 0.203s
2025-04-29 01:32:28.113 70195 INFO tempest.lib.common.rest_client [req-c970c02c-81bc-45c6-a651-95c7c08aa6ca req-c970c02c-81bc-45c6-a651-95c7c08aa6ca ] Request (ServerActionsTestJSON:setUpClass): 204 PUT http://10.180.1.21/identity/v3/projects/8cfc1c78db844fe683960aebfefd4d7e/users/cbc289301e544c4eb0e6682546ee6e46/roles/f4ef515fd3d342ad83c12a663b78d6cb 0.038s
2025-04-29 01:32:28.113 70195 INFO tempest.lib.common.dynamic_creds [-] Dynamic test user cbc289301e544c4eb0e6682546ee6e46 is created with scope project and roles: ['member']
2025-04-29 01:32:28.113 70195 INFO tempest.lib.common.dynamic_creds [-] Acquired dynamic creds: credentials: Credentials: {'domain_id': 'default', 'domain_name': 'Default', 'username': 'tempest-ServerActionsTestJSON-1236963229-project-member', 'project_domain_id': 'default', 'project_domain_name': 'Default', 'project_id': '8cfc1c78db844fe683960aebfefd4d7e', 'project_name': 'tempest-ServerActionsTestJSON-1236963229', 'tenant_id': '8cfc1c78db844fe683960aebfefd4d7e', 'tenant_name': 'tempest-ServerActionsTestJSON-1236963229', 'user_domain_id': 'default', 'user_domain_name': 'Default', 'user_id': 'cbc289301e544c4eb0e6682546ee6e46', 'system': None}, Network: None, Subnet: None, Router: None
2025-04-29 01:32:28.119 70174 INFO tempest.lib.common.rest_client [req-872c334a-35e4-4d56-9055-d90bee5d6dd5 req-872c334a-35e4-4d56-9055-d90bee5d6dd5 ] Request (ListImageFiltersTestJSON:setUpClass): 200 GET http://10.180.1.21/compute/v2.1/images/1f0adc3a-2054-43ee-beae-473430624a40 0.128s
2025-04-29 01:32:28.143 70170 INFO tempest.lib.common.rest_client [req-32fe8fc7-856c-441e-98c7-868903965d1d req-32fe8fc7-856c-441e-98c7-868903965d1d ] Request (ListServerFiltersTestJSON:tearDownClass): 200 GET http://10.180.1.21/compute/v2.1/servers/72bac9c3-fd70-4de4-8aea-37516ac2b0f4 0.168s
2025-04-29 01:32:28.179 70172 INFO tempest.lib.common.rest_client [req-70114972-54a4-4cfe-b3e2-e32d9ac7f6e5 req-70114972-54a4-4cfe-b3e2-e32d9ac7f6e5 ] Request (MigrationsAdminTest:test_resize_server_revert_deleted_flavor): 200 GET http://10.180.1.21/compute/v2.1/servers/57cc7aea-24c2-49d1-8c30-469a9dbbb5e8 0.125s
2025-04-29 01:32:28.201 70195 INFO tempest.lib.common.rest_client [req-b376deb5-568d-4240-b17f-8398edef49ee req-b376deb5-568d-4240-b17f-8398edef49ee ] Request (ServerActionsTestJSON:setUpClass): 201 POST http://10.180.1.21/identity/v3/auth/tokens 0.087s
2025-04-29 01:32:28.209 70192 INFO tempest.lib.common.rest_client [req-8cc4be52-4188-42f1-9af0-cc5d9350431e req-8cc4be52-4188-42f1-9af0-cc5d9350431e ] Request (TenantUsagesTestJSON:setUpClass): 200 GET http://10.180.1.21/compute/v2.1/servers/62b00bec-6db7-4864-86eb-d702db8dbc47 0.126s
2025-04-29 01:32:28.218 70188 INFO tempest.lib.common.rest_client [req-9dcecfe2-f079-4885-b0e2-86b58bebac2f req-9dcecfe2-f079-4885-b0e2-86b58bebac2f ] Request (ImagesOneServerTestJSON:test_create_delete_image): 200 GET http://10.180.1.21/compute/v2.1/images/2cc87bd5-a728-426f-8637-850ce50699b7 0.121s
2025-04-29 01:32:28.277 70182 INFO tempest.lib.common.rest_client [req-de504828-c1fe-4d01-a906-086577c80958 req-de504828-c1fe-4d01-a906-086577c80958 ] Request (SecurityGroupsTestJSON:test_server_security_groups): 200 GET http://10.180.1.21/compute/v2.1/servers/1a278863-e27b-41c3-88e2-338732e1f54c 0.072s
2025-04-29 01:32:28.287 70168 INFO tempest.lib.common.rest_client [req-4afc8efd-e969-4c7d-8429-9de0addbc1d8 req-4afc8efd-e969-4c7d-8429-9de0addbc1d8 ] Request (ServerAddressesTestJSON:setUpClass): 200 GET http://10.180.1.21/compute/v2.1/servers/93638b9b-cc01-4aca-9e55-7cf5f24d95da 0.073s
2025-04-29 01:32:28.353 70202 INFO tempest.lib.common.rest_client [req-6027487c-980f-4346-a5ba-aaa995a279d9 req-6027487c-980f-4346-a5ba-aaa995a279d9 ] Request (ServersAdminTestJSON:test_create_server_with_scheduling_hint): 200 GET http://10.180.1.21/compute/v2.1/servers/222f4b6a-f397-4a13-8a88-c8ecf3d71544 0.083s
2025-04-29 01:32:28.396 70216 INFO tempest.lib.common.rest_client [req-5cb14f46-9c5f-4c68-8599-77e624a4143d req-5cb14f46-9c5f-4c68-8599-77e624a4143d ] Request (ServersTestMultiNic:_run_cleanups): 200 GET http://10.180.1.21/compute/v2.1/servers/1964a3cc-a62d-4085-94cf-b0495ea26fe0 0.079s
2025-04-29 01:32:28.413 70224 INFO tempest.lib.common.rest_client [req-271e5461-75f1-4693-8ee5-7198e904bc00 req-271e5461-75f1-4693-8ee5-7198e904bc00 ] Request (ServerDiskConfigTestJSON:test_rebuild_server_with_auto_disk_config): 200 GET http://10.180.1.21/compute/v2.1/servers/29605030-00aa-482e-aaa4-c2d66af2c29d 0.076s
2025-04-29 01:32:28.482 70222 INFO tempest.lib.common.rest_client [req-38e5a1d0-ac89-4a30-8d78-855bdfe604eb req-38e5a1d0-ac89-4a30-8d78-855bdfe604eb ] Request (ServersTestBootFromVolume:setUpClass): 200 GET http://10.180.1.21/compute/v2.1/servers/750b8ae4-87a7-402a-a82f-44c01e9fd888 0.079s
2025-04-29 01:32:28.489 70196 INFO tempest.lib.common.rest_client [req-8252f8f1-55ff-4f41-9fcc-f6c7a405ff39 req-8252f8f1-55ff-4f41-9fcc-f6c7a405ff39 ] Request (ServerDiagnosticsNegativeTest:test_get_server_diagnostics_by_non_admin): 200 GET http://10.180.1.21/compute/v2.1/servers/c942ea2c-1af4-4f7c-9fdd-283d06a187e0 0.073s
2025-04-29 01:32:28.546 70206 INFO tempest.lib.common.rest_client [req-9e34fc8d-db66-4eb8-9bd6-499e48b841a4 req-9e34fc8d-db66-4eb8-9bd6-499e48b841a4 ] Request (MultipleCreateTestJSON:test_multiple_create): 200 GET http://10.180.1.21/compute/v2.1/servers/f639e7ca-e188-482a-8541-059c773578a9 0.061s
2025-04-29 01:32:28.590 70195 INFO tempest.lib.common.rest_client [req-1af8a3b0-237c-49fa-a86f-be9c79bd5a0b req-1af8a3b0-237c-49fa-a86f-be9c79bd5a0b ] Request (ServerActionsTestJSON:setUpClass): 201 POST http://10.180.1.21:9696/networking/v2.0/networks 0.388s
2025-04-29 01:32:28.662 70212 INFO tempest.lib.common.rest_client [req-2d906411-74eb-40a1-9776-23e39fe60ad8 req-2d906411-74eb-40a1-9776-23e39fe60ad8 ] Request (DeleteServersAdminTestJSON:test_delete_server_while_in_error_state): 200 GET http://10.180.1.21/compute/v2.1/servers/56e2f346-ee68-464e-9975-146a5cbf319b 0.126s
2025-04-29 01:32:28.666 70220 INFO tempest.lib.common.rest_client [req-bab15b95-ae37-44fa-8dcf-4bc6a9883312 req-bab15b95-ae37-44fa-8dcf-4bc6a9883312 ] Request (ServerMetadataTestJSON:setUpClass): 200 GET http://10.180.1.21/compute/v2.1/servers/45fc71fc-04b0-4f5d-9599-0ac9742f6a6e 0.068s
2025-04-29 01:32:28.732 70210 INFO tempest.lib.common.rest_client [req-efd853e8-5e92-451d-9027-47beee76d373 req-efd853e8-5e92-451d-9027-47beee76d373 ] Request (ServerMetadataNegativeTestJSON:setUpClass): 200 GET http://10.180.1.21/compute/v2.1/servers/54fe1d54-bec9-4888-9c79-cb23e2a11647 0.064s
2025-04-29 01:32:28.805 70195 INFO tempest.lib.common.rest_client [req-b2c67a4c-8316-4dbd-91e0-a5e61f11f873 req-b2c67a4c-8316-4dbd-91e0-a5e61f11f873 ] Request (ServerActionsTestJSON:setUpClass): 201 POST http://10.180.1.21:9696/networking/v2.0/subnets 0.215s
2025-04-29 01:32:28.833 70184 INFO tempest.lib.common.rest_client [req-12537311-a6f4-45bb-8a65-dbc81d532522 req-12537311-a6f4-45bb-8a65-dbc81d532522 ] Request (ServersListShow296Test:test_list_show_update_rebuild_server_296): 200 GET http://10.180.1.21/compute/v2.1/servers/4828f76b-eab4-4f3d-8d92-e6a6ee79eb84 0.079s
2025-04-29 01:32:29.083 70200 INFO tempest.lib.common.rest_client [req-41357542-2e51-4cbb-a766-c6c9e73fba10 req-41357542-2e51-4cbb-a766-c6c9e73fba10 ] Request (ServerActionsTestOtherA:setUpClass): 200 GET http://10.180.1.21/compute/v2.1/servers/d9fc4e13-6556-4875-b301-c5f47d3e1cf0 0.080s
2025-04-29 01:32:29.158 70218 INFO tempest.lib.common.rest_client [req-2ce6021e-aa08-4aeb-834d-5a809783d640 req-2ce6021e-aa08-4aeb-834d-5a809783d640 ] Request (AttachVolumeTestJSON:test_attach_detach_volume): 200 GET http://10.180.1.21/compute/v2.1/servers/0c51bfd5-589a-4b32-9d1a-e619dc352b66 0.088s
2025-04-29 01:32:29.166 70186 INFO tempest.lib.common.rest_client [req-86babda6-cbae-476a-8b36-7e6b952169ae req-86babda6-cbae-476a-8b36-7e6b952169ae ] Request (FloatingIPsAssociationTestJSON:setUpClass): 200 GET http://10.180.1.21/compute/v2.1/servers/cc2450e2-71a6-4d1d-93ba-79041d4b7a7e 0.213s
2025-04-29 01:32:29.202 70174 INFO tempest.lib.common.rest_client [req-c622ffba-7324-4ce9-b1d4-86e63e6a086b req-c622ffba-7324-4ce9-b1d4-86e63e6a086b ] Request (ListImageFiltersTestJSON:setUpClass): 200 GET http://10.180.1.21/compute/v2.1/images/1f0adc3a-2054-43ee-beae-473430624a40 0.079s
2025-04-29 01:32:29.274 70170 INFO tempest.lib.common.rest_client [req-78b60028-52c3-490b-84ab-31994b11affa req-78b60028-52c3-490b-84ab-31994b11affa ] Request (ListServerFiltersTestJSON:tearDownClass): 200 GET http://10.180.1.21/compute/v2.1/servers/72bac9c3-fd70-4de4-8aea-37516ac2b0f4 0.123s
2025-04-29 01:32:29.296 70204 INFO tempest.lib.common.rest_client [req-595b668f-b166-46f6-bb1b-265e15fa3e82 req-595b668f-b166-46f6-bb1b-265e15fa3e82 ] Request (ServerGroupTestJSON:test_create_server_with_scheduler_hint_group): 200 GET http://10.180.1.21/compute/v2.1/servers/a3ad4820-fe91-492f-9158-7be3e7b54531 0.211s
2025-04-29 01:32:29.307 70204 INFO tempest.common.waiters [-] State transition "BUILD/spawning" ==> "ACTIVE/None" after 65 second wait
2025-04-29 01:32:29.325 70172 INFO tempest.lib.common.rest_client [req-9f9ffdef-877b-47ed-857b-cc0a27fadd5d req-9f9ffdef-877b-47ed-857b-cc0a27fadd5d ] Request (MigrationsAdminTest:test_resize_server_revert_deleted_flavor): 200 GET http://10.180.1.21/compute/v2.1/servers/57cc7aea-24c2-49d1-8c30-469a9dbbb5e8 0.137s
2025-04-29 01:32:29.354 70192 INFO tempest.lib.common.rest_client [req-0d7bc358-00b7-4353-b6a5-200b279daddf req-0d7bc358-00b7-4353-b6a5-200b279daddf ] Request (TenantUsagesTestJSON:setUpClass): 200 GET http://10.180.1.21/compute/v2.1/servers/62b00bec-6db7-4864-86eb-d702db8dbc47 0.135s
2025-04-29 01:32:29.368 70192 INFO tempest.common.waiters [-] State transition "BUILD/None" ==> "BUILD/networking" after 53 second wait
2025-04-29 01:32:29.373 70188 INFO tempest.lib.common.rest_client [req-c4e57733-3540-4fac-8eb2-10caa22d7cfc req-c4e57733-3540-4fac-8eb2-10caa22d7cfc ] Request (ImagesOneServerTestJSON:test_create_delete_image): 200 GET http://10.180.1.21/compute/v2.1/images/2cc87bd5-a728-426f-8637-850ce50699b7 0.150s
2025-04-29 01:32:29.416 70182 INFO tempest.lib.common.rest_client [req-17f9ca74-0fd8-46a2-af5d-4f0fd61b1078 req-17f9ca74-0fd8-46a2-af5d-4f0fd61b1078 ] Request (SecurityGroupsTestJSON:test_server_security_groups): 200 GET http://10.180.1.21/compute/v2.1/servers/1a278863-e27b-41c3-88e2-338732e1f54c 0.126s
2025-04-29 01:32:29.435 70168 INFO tempest.lib.common.rest_client [req-edf4b35f-d59f-4089-9be6-ca152781127e req-edf4b35f-d59f-4089-9be6-ca152781127e ] Request (ServerAddressesTestJSON:setUpClass): 200 GET http://10.180.1.21/compute/v2.1/servers/93638b9b-cc01-4aca-9e55-7cf5f24d95da 0.135s
2025-04-29 01:32:29.468 70204 INFO tempest.lib.common.rest_client [req-b8503ca1-83e9-4dd8-9789-69c26d10abc7 req-b8503ca1-83e9-4dd8-9789-69c26d10abc7 ] Request (ServerGroupTestJSON:test_create_server_with_scheduler_hint_group): 200 GET http://10.180.1.21/compute/v2.1/os-server-groups/6ad4aa9b-7963-4fca-b168-352402f8110f 0.160s
2025-04-29 01:32:29.496 70202 INFO tempest.lib.common.rest_client [req-8c284edd-26fc-4323-b3bd-5cc86c29b4d5 req-8c284edd-26fc-4323-b3bd-5cc86c29b4d5 ] Request (ServersAdminTestJSON:test_create_server_with_scheduling_hint): 200 GET http://10.180.1.21/compute/v2.1/servers/222f4b6a-f397-4a13-8a88-c8ecf3d71544 0.135s
2025-04-29 01:32:29.549 70216 INFO tempest.lib.common.rest_client [req-f7dc6e98-05fa-4988-83d9-55fcd3f8dbe3 req-f7dc6e98-05fa-4988-83d9-55fcd3f8dbe3 ] Request (ServersTestMultiNic:_run_cleanups): 200 GET http://10.180.1.21/compute/v2.1/servers/1964a3cc-a62d-4085-94cf-b0495ea26fe0 0.142s
2025-04-29 01:32:29.565 70224 INFO tempest.lib.common.rest_client [req-8c27ab82-d354-4cce-a1f1-2dfe68800e44 req-8c27ab82-d354-4cce-a1f1-2dfe68800e44 ] Request (ServerDiskConfigTestJSON:test_rebuild_server_with_auto_disk_config): 200 GET http://10.180.1.21/compute/v2.1/servers/29605030-00aa-482e-aaa4-c2d66af2c29d 0.144s
2025-04-29 01:32:29.631 70204 INFO tempest.lib.common.rest_client [req-6877b47e-0aef-42ce-bcf6-c444dce5aab7 req-6877b47e-0aef-42ce-bcf6-c444dce5aab7 ] Request (ServerGroupTestJSON:_run_cleanups): 204 DELETE http://10.180.1.21/compute/v2.1/servers/a3ad4820-fe91-492f-9158-7be3e7b54531 0.161s
2025-04-29 01:32:29.639 70222 INFO tempest.lib.common.rest_client [req-5db53d9b-6102-41ff-be3b-105e4892347c req-5db53d9b-6102-41ff-be3b-105e4892347c ] Request (ServersTestBootFromVolume:setUpClass): 200 GET http://10.180.1.21/compute/v2.1/servers/750b8ae4-87a7-402a-a82f-44c01e9fd888 0.147s
2025-04-29 01:32:29.693 70196 INFO tempest.lib.common.rest_client [req-0dd16356-7e2a-4f65-8908-4e1cfe0454f8 req-0dd16356-7e2a-4f65-8908-4e1cfe0454f8 ] Request (ServerDiagnosticsNegativeTest:test_get_server_diagnostics_by_non_admin): 200 GET http://10.180.1.21/compute/v2.1/servers/c942ea2c-1af4-4f7c-9fdd-283d06a187e0 0.195s
2025-04-29 01:32:29.713 70206 INFO tempest.lib.common.rest_client [req-b1a26478-f635-48b9-bf4c-8bb174147959 req-b1a26478-f635-48b9-bf4c-8bb174147959 ] Request (MultipleCreateTestJSON:test_multiple_create): 200 GET http://10.180.1.21/compute/v2.1/servers/f639e7ca-e188-482a-8541-059c773578a9 0.157s
2025-04-29 01:32:29.852 70204 INFO tempest.lib.common.rest_client [req-401b5a1f-63af-4b34-aa61-e0403418fb2e req-401b5a1f-63af-4b34-aa61-e0403418fb2e ] Request (ServerGroupTestJSON:_run_cleanups): 200 GET http://10.180.1.21/compute/v2.1/servers/a3ad4820-fe91-492f-9158-7be3e7b54531 0.220s
2025-04-29 01:32:29.886 70212 INFO tempest.lib.common.rest_client [req-cb303b22-1ff5-49f0-950b-d60809c451b5 req-cb303b22-1ff5-49f0-950b-d60809c451b5 ] Request (DeleteServersAdminTestJSON:test_delete_server_while_in_error_state): 200 GET http://10.180.1.21/compute/v2.1/servers/56e2f346-ee68-464e-9975-146a5cbf319b 0.212s
2025-04-29 01:32:29.913 70220 INFO tempest.lib.common.rest_client [req-798ca9a2-21cd-498c-be5e-96c91964bce4 req-798ca9a2-21cd-498c-be5e-96c91964bce4 ] Request (ServerMetadataTestJSON:setUpClass): 200 GET http://10.180.1.21/compute/v2.1/servers/45fc71fc-04b0-4f5d-9599-0ac9742f6a6e 0.234s
2025-04-29 01:32:29.951 70210 INFO tempest.lib.common.rest_client [req-c40563a9-5098-4eb2-b29f-c38bba5bebd4 req-c40563a9-5098-4eb2-b29f-c38bba5bebd4 ] Request (ServerMetadataNegativeTestJSON:setUpClass): 200 GET http://10.180.1.21/compute/v2.1/servers/54fe1d54-bec9-4888-9c79-cb23e2a11647 0.209s
2025-04-29 01:32:29.986 70184 INFO tempest.lib.common.rest_client [req-32cd7231-88ca-4947-b84c-02542e852a97 req-32cd7231-88ca-4947-b84c-02542e852a97 ] Request (ServersListShow296Test:test_list_show_update_rebuild_server_296): 200 GET http://10.180.1.21/compute/v2.1/servers/4828f76b-eab4-4f3d-8d92-e6a6ee79eb84 0.137s
2025-04-29 01:32:30.042 70195 INFO tempest.lib.common.rest_client [req-66607f7e-8c77-4b99-aa51-120d3961d02c req-66607f7e-8c77-4b99-aa51-120d3961d02c ] Request (ServerActionsTestJSON:setUpClass): 201 POST http://10.180.1.21:9696/networking/v2.0/routers 1.236s
2025-04-29 01:32:30.181 70200 INFO tempest.lib.common.rest_client [req-f33ae70f-0041-41f1-8c43-3d8ab96b50d0 req-f33ae70f-0041-41f1-8c43-3d8ab96b50d0 ] Request (ServerActionsTestOtherA:setUpClass): 200 GET http://10.180.1.21/compute/v2.1/servers/d9fc4e13-6556-4875-b301-c5f47d3e1cf0 0.086s
2025-04-29 01:32:30.241 70218 INFO tempest.lib.common.rest_client [req-d9aceac5-7e0d-4fc7-9597-188640b89b88 req-d9aceac5-7e0d-4fc7-9597-188640b89b88 ] Request (AttachVolumeTestJSON:test_attach_detach_volume): 200 GET http://10.180.1.21/compute/v2.1/servers/0c51bfd5-589a-4b32-9d1a-e619dc352b66 0.074s
2025-04-29 01:32:30.249 70218 INFO tempest.common.waiters [-] State transition "BUILD/scheduling" ==> "BUILD/None" after 40 second wait
2025-04-29 01:32:30.284 70174 INFO tempest.lib.common.rest_client [req-5560bac4-0129-4866-8be8-2a23cce43c04 req-5560bac4-0129-4866-8be8-2a23cce43c04 ] Request (ListImageFiltersTestJSON:setUpClass): 200 GET http://10.180.1.21/compute/v2.1/images/1f0adc3a-2054-43ee-beae-473430624a40 0.076s
2025-04-29 01:32:30.325 70186 INFO tempest.lib.common.rest_client [req-2a27b99d-bedc-4696-8227-405edfa2648a req-2a27b99d-bedc-4696-8227-405edfa2648a ] Request (FloatingIPsAssociationTestJSON:setUpClass): 200 GET http://10.180.1.21/compute/v2.1/servers/cc2450e2-71a6-4d1d-93ba-79041d4b7a7e 0.149s
2025-04-29 01:32:30.369 70170 INFO tempest.lib.common.rest_client [req-505c0842-7d0a-46c7-946d-daabe9c5ca0f req-505c0842-7d0a-46c7-946d-daabe9c5ca0f ] Request (ListServerFiltersTestJSON:tearDownClass): 200 GET http://10.180.1.21/compute/v2.1/servers/72bac9c3-fd70-4de4-8aea-37516ac2b0f4 0.086s
2025-04-29 01:32:30.401 70172 INFO tempest.lib.common.rest_client [req-9a88403c-09bd-4f34-a2a7-bab7fd7cdb91 req-9a88403c-09bd-4f34-a2a7-bab7fd7cdb91 ] Request (MigrationsAdminTest:test_resize_server_revert_deleted_flavor): 200 GET http://10.180.1.21/compute/v2.1/servers/57cc7aea-24c2-49d1-8c30-469a9dbbb5e8 0.068s
2025-04-29 01:32:30.444 70188 INFO tempest.lib.common.rest_client [req-9bb1c31d-f701-40a3-841d-853837439b59 req-9bb1c31d-f701-40a3-841d-853837439b59 ] Request (ImagesOneServerTestJSON:test_create_delete_image): 200 GET http://10.180.1.21/compute/v2.1/images/2cc87bd5-a728-426f-8637-850ce50699b7 0.063s
2025-04-29 01:32:30.520 70182 INFO tempest.lib.common.rest_client [req-ac6e597c-d361-4839-b8fd-df19efd57e24 req-ac6e597c-d361-4839-b8fd-df19efd57e24 ] Request (SecurityGroupsTestJSON:test_server_security_groups): 200 GET http://10.180.1.21/compute/v2.1/servers/1a278863-e27b-41c3-88e2-338732e1f54c 0.094s
2025-04-29 01:32:30.527 70192 INFO tempest.lib.common.rest_client [req-94dc19a2-8bba-4dd0-81fb-0a04ba6fd4c5 req-94dc19a2-8bba-4dd0-81fb-0a04ba6fd4c5 ] Request (TenantUsagesTestJSON:setUpClass): 200 GET http://10.180.1.21/compute/v2.1/servers/62b00bec-6db7-4864-86eb-d702db8dbc47 0.158s
2025-04-29 01:32:30.543 70192 INFO tempest.common.waiters [-] State transition "BUILD/networking" ==> "BUILD/spawning" after 54 second wait
2025-04-29 01:32:30.605 70202 INFO tempest.lib.common.rest_client [req-4848c1d4-6f64-4831-a2cf-7c524c10b8be req-4848c1d4-6f64-4831-a2cf-7c524c10b8be ] Request (ServersAdminTestJSON:test_create_server_with_scheduling_hint): 200 GET http://10.180.1.21/compute/v2.1/servers/222f4b6a-f397-4a13-8a88-c8ecf3d71544 0.099s
2025-04-29 01:32:30.607 70168 INFO tempest.lib.common.rest_client [req-a0e85894-1bdd-4ab9-a80d-eabf7ac24c52 req-a0e85894-1bdd-4ab9-a80d-eabf7ac24c52 ] Request (ServerAddressesTestJSON:setUpClass): 200 GET http://10.180.1.21/compute/v2.1/servers/93638b9b-cc01-4aca-9e55-7cf5f24d95da 0.163s
2025-04-29 01:32:30.683 70224 INFO tempest.lib.common.rest_client [req-475b3600-ce4f-41e8-95ef-a9219f6f9820 req-475b3600-ce4f-41e8-95ef-a9219f6f9820 ] Request (ServerDiskConfigTestJSON:test_rebuild_server_with_auto_disk_config): 200 GET http://10.180.1.21/compute/v2.1/servers/29605030-00aa-482e-aaa4-c2d66af2c29d 0.104s
2025-04-29 01:32:30.689 70216 INFO tempest.lib.common.rest_client [req-56b41ba4-13c8-47b4-9a5f-e6372da2fc6f req-56b41ba4-13c8-47b4-9a5f-e6372da2fc6f ] Request (ServersTestMultiNic:_run_cleanups): 200 GET http://10.180.1.21/compute/v2.1/servers/1964a3cc-a62d-4085-94cf-b0495ea26fe0 0.128s
2025-04-29 01:32:30.751 70222 INFO tempest.lib.common.rest_client [req-4f061907-4f00-41b3-9ba1-6f8ed20a77a8 req-4f061907-4f00-41b3-9ba1-6f8ed20a77a8 ] Request (ServersTestBootFromVolume:setUpClass): 200 GET http://10.180.1.21/compute/v2.1/servers/750b8ae4-87a7-402a-a82f-44c01e9fd888 0.096s
2025-04-29 01:32:30.784 70196 INFO tempest.lib.common.rest_client [req-ed517769-562b-44d7-9ef0-759e3b8eaf9e req-ed517769-562b-44d7-9ef0-759e3b8eaf9e ] Request (ServerDiagnosticsNegativeTest:test_get_server_diagnostics_by_non_admin): 200 GET http://10.180.1.21/compute/v2.1/servers/c942ea2c-1af4-4f7c-9fdd-283d06a187e0 0.076s
2025-04-29 01:32:30.831 70206 INFO tempest.lib.common.rest_client [req-3e0754ca-8bca-4e39-8c03-7cf8c68d581e req-3e0754ca-8bca-4e39-8c03-7cf8c68d581e ] Request (MultipleCreateTestJSON:test_multiple_create): 200 GET http://10.180.1.21/compute/v2.1/servers/f639e7ca-e188-482a-8541-059c773578a9 0.105s
2025-04-29 01:32:31.018 70204 INFO tempest.lib.common.rest_client [req-de62f159-06cc-4f77-b03a-b7bcdae56e8b req-de62f159-06cc-4f77-b03a-b7bcdae56e8b ] Request (ServerGroupTestJSON:_run_cleanups): 200 GET http://10.180.1.21/compute/v2.1/servers/a3ad4820-fe91-492f-9158-7be3e7b54531 0.158s
2025-04-29 01:32:31.055 70212 INFO tempest.lib.common.rest_client [req-cd296706-3dd9-4685-a037-143544e80331 req-cd296706-3dd9-4685-a037-143544e80331 ] Request (DeleteServersAdminTestJSON:test_delete_server_while_in_error_state): 200 GET http://10.180.1.21/compute/v2.1/servers/56e2f346-ee68-464e-9975-146a5cbf319b 0.159s
2025-04-29 01:32:31.062 70212 INFO tempest.common.waiters [-] State transition "BUILD/spawning" ==> "ACTIVE/None" after 65 second wait
2025-04-29 01:32:31.101 70220 INFO tempest.lib.common.rest_client [req-44d4d7ef-44fd-42ca-8d78-ad5b798ba417 req-44d4d7ef-44fd-42ca-8d78-ad5b798ba417 ] Request (ServerMetadataTestJSON:setUpClass): 200 GET http://10.180.1.21/compute/v2.1/servers/45fc71fc-04b0-4f5d-9599-0ac9742f6a6e 0.173s
2025-04-29 01:32:31.120 70210 INFO tempest.lib.common.rest_client [req-fc7e3fba-48be-43f4-893b-5fe1c75d9818 req-fc7e3fba-48be-43f4-893b-5fe1c75d9818 ] Request (ServerMetadataNegativeTestJSON:setUpClass): 200 GET http://10.180.1.21/compute/v2.1/servers/54fe1d54-bec9-4888-9c79-cb23e2a11647 0.154s
2025-04-29 01:32:31.193 70184 INFO tempest.lib.common.rest_client [req-085dc31b-faff-4aaa-bebe-389c9862af48 req-085dc31b-faff-4aaa-bebe-389c9862af48 ] Request (ServersListShow296Test:test_list_show_update_rebuild_server_296): 200 GET http://10.180.1.21/compute/v2.1/servers/4828f76b-eab4-4f3d-8d92-e6a6ee79eb84 0.195s
2025-04-29 01:32:31.201 70212 INFO tempest.lib.common.rest_client [req-3b16871f-c03f-4031-9951-86189e7acaad req-3b16871f-c03f-4031-9951-86189e7acaad ] Request (DeleteServersAdminTestJSON:test_delete_server_while_in_error_state): 202 POST http://10.180.1.21/compute/v2.1/servers/56e2f346-ee68-464e-9975-146a5cbf319b/action 0.139s
2025-04-29 01:32:31.273 70200 INFO tempest.lib.common.rest_client [req-6fed87fa-8e72-40c6-b584-502c399ab705 req-6fed87fa-8e72-40c6-b584-502c399ab705 ] Request (ServerActionsTestOtherA:setUpClass): 200 GET http://10.180.1.21/compute/v2.1/servers/d9fc4e13-6556-4875-b301-c5f47d3e1cf0 0.076s
2025-04-29 01:32:31.347 70218 INFO tempest.lib.common.rest_client [req-7a0e104b-58cb-457a-bc2b-811a2d982373 req-7a0e104b-58cb-457a-bc2b-811a2d982373 ] Request (AttachVolumeTestJSON:test_attach_detach_volume): 200 GET http://10.180.1.21/compute/v2.1/servers/0c51bfd5-589a-4b32-9d1a-e619dc352b66 0.097s
2025-04-29 01:32:31.394 70174 INFO tempest.lib.common.rest_client [req-f57d8256-4786-44bd-8422-8f3454dbad9e req-f57d8256-4786-44bd-8422-8f3454dbad9e ] Request (ListImageFiltersTestJSON:setUpClass): 200 GET http://10.180.1.21/compute/v2.1/images/1f0adc3a-2054-43ee-beae-473430624a40 0.104s
2025-04-29 01:32:31.455 70212 INFO tempest.lib.common.rest_client [req-27fa292b-4492-4506-8812-391fd6bf0ba5 req-27fa292b-4492-4506-8812-391fd6bf0ba5 ] Request (DeleteServersAdminTestJSON:test_delete_server_while_in_error_state): 200 GET http://10.180.1.21/compute/v2.1/servers/56e2f346-ee68-464e-9975-146a5cbf319b 0.253s
2025-04-29 01:32:31.559 70170 INFO tempest.lib.common.rest_client [req-3bba91e0-32e6-4971-ae9f-430e4d84fcd9 req-3bba91e0-32e6-4971-ae9f-430e4d84fcd9 ] Request (ListServerFiltersTestJSON:tearDownClass): 200 GET http://10.180.1.21/compute/v2.1/servers/72bac9c3-fd70-4de4-8aea-37516ac2b0f4 0.180s
2025-04-29 01:32:31.585 70195 INFO tempest.lib.common.rest_client [req-91b994bd-d0e6-4469-b156-a3593501d05f req-91b994bd-d0e6-4469-b156-a3593501d05f ] Request (ServerActionsTestJSON:setUpClass): 200 PUT http://10.180.1.21:9696/networking/v2.0/routers/b094ebe2-fd46-481c-ae3e-3ae407276bfd/add_router_interface 1.542s
2025-04-29 01:32:31.585 70186 INFO tempest.lib.common.rest_client [req-16925c94-d910-4858-a44f-369ba8b3196c req-16925c94-d910-4858-a44f-369ba8b3196c ] Request (FloatingIPsAssociationTestJSON:setUpClass): 200 GET http://10.180.1.21/compute/v2.1/servers/cc2450e2-71a6-4d1d-93ba-79041d4b7a7e 0.251s
2025-04-29 01:32:31.585 70195 INFO tempest.lib.common.dynamic_creds [-] Created isolated network resources for: credentials: Credentials: {'domain_id': 'default', 'domain_name': 'Default', 'username': 'tempest-ServerActionsTestJSON-1236963229-project-member', 'project_domain_id': 'default', 'project_domain_name': 'Default', 'project_id': '8cfc1c78db844fe683960aebfefd4d7e', 'project_name': 'tempest-ServerActionsTestJSON-1236963229', 'tenant_id': '8cfc1c78db844fe683960aebfefd4d7e', 'tenant_name': 'tempest-ServerActionsTestJSON-1236963229', 'user_domain_id': 'default', 'user_domain_name': 'Default', 'user_id': 'cbc289301e544c4eb0e6682546ee6e46', 'system': None}, Network: {'id': 'eaf6f585-11e1-445e-bbab-3f5b659674e7', 'name': 'tempest-ServerActionsTestJSON-940530196-network', 'tenant_id': '8cfc1c78db844fe683960aebfefd4d7e', 'admin_state_up': True, 'mtu': 8950, 'status': 'ACTIVE', 'subnets': [], 'shared': False, 'project_id': '8cfc1c78db844fe683960aebfefd4d7e', 'port_security_enabled': True, 'router:external': False, 'provider:network_type': 'vlan', 'provider:physical_network': 'default', 'provider:segmentation_id': 949, 'availability_zone_hints': [], 'availability_zones': [], 'ipv4_address_scope': None, 'ipv6_address_scope': None, 'description': '', 'tags': [], 'created_at': '2025-04-29T01:32:28Z', 'updated_at': '2025-04-29T01:32:28Z', 'revision_number': 1}, Subnet: {'id': '9458c242-0eb4-4112-b6e8-f7eb2887d002', 'name': 'tempest-ServerActionsTestJSON-940530196-subnet', 'tenant_id': '8cfc1c78db844fe683960aebfefd4d7e', 'network_id': 'eaf6f585-11e1-445e-bbab-3f5b659674e7', 'ip_version': 4, 'subnetpool_id': None, 'enable_dhcp': True, 'ipv6_ra_mode': None, 'ipv6_address_mode': None, 'gateway_ip': '192.168.128.1', 'cidr': '192.168.128.0/28', 'allocation_pools': [{'start': '192.168.128.2', 'end': '192.168.128.14'}], 'host_routes': [], 'dns_nameservers': [], 'description': '', 'router:external': False, 'service_types': [], 'tags': [], 'created_at': '2025-04-29T01:32:28Z', 'updated_at': '2025-04-29T01:32:28Z', 'revision_number': 0, 'project_id': '8cfc1c78db844fe683960aebfefd4d7e'}, Router: {'id': 'b094ebe2-fd46-481c-ae3e-3ae407276bfd', 'name': 'tempest-ServerActionsTestJSON-940530196-router', 'tenant_id': '8cfc1c78db844fe683960aebfefd4d7e', 'admin_state_up': True, 'status': 'ACTIVE', 'external_gateway_info': {'network_id': 'a4d97987-cf2b-4d2d-ab51-f54a7ff90070', 'external_fixed_ips': [{'subnet_id': '57bee0c6-2a32-4198-8fa9-267ccb214b5c', 'ip_address': '10.180.180.165'}], 'enable_snat': True}, 'description': '', 'availability_zones': [], 'distributed': False, 'ha': False, 'availability_zone_hints': [], 'routes': [], 'flavor_id': None, 'tags': [], 'created_at': '2025-04-29T01:32:28Z', 'updated_at': '2025-04-29T01:32:29Z', 'revision_number': 2, 'project_id': '8cfc1c78db844fe683960aebfefd4d7e'}
2025-04-29 01:32:31.614 70172 INFO tempest.lib.common.rest_client [req-2d153853-823a-4eb4-b825-ad26e6ff1166 req-2d153853-823a-4eb4-b825-ad26e6ff1166 ] Request (MigrationsAdminTest:test_resize_server_revert_deleted_flavor): 200 GET http://10.180.1.21/compute/v2.1/servers/57cc7aea-24c2-49d1-8c30-469a9dbbb5e8 0.201s
2025-04-29 01:32:31.622 70188 INFO tempest.lib.common.rest_client [req-181a0e27-2688-4b5c-9079-1e66979ed711 req-181a0e27-2688-4b5c-9079-1e66979ed711 ] Request (ImagesOneServerTestJSON:test_create_delete_image): 200 GET http://10.180.1.21/compute/v2.1/images/2cc87bd5-a728-426f-8637-850ce50699b7 0.174s
2025-04-29 01:32:31.680 70182 INFO tempest.lib.common.rest_client [req-ea4a9081-2a8e-440b-a565-877570c10515 req-ea4a9081-2a8e-440b-a565-877570c10515 ] Request (SecurityGroupsTestJSON:test_server_security_groups): 200 GET http://10.180.1.21/compute/v2.1/servers/1a278863-e27b-41c3-88e2-338732e1f54c 0.149s
2025-04-29 01:32:31.687 70195 INFO tempest.lib.common.rest_client [req-49194e1e-d7ed-4323-87b1-2c6ddbd0e530 req-49194e1e-d7ed-4323-87b1-2c6ddbd0e530 ] Request (ServerActionsTestJSON:setUpClass): 201 POST http://10.180.1.21/identity/v3/auth/tokens 0.097s
2025-04-29 01:32:31.707 70212 INFO tempest.lib.common.rest_client [req-3c0e1f13-bc57-4c34-b02d-eb9b60f3f113 req-3c0e1f13-bc57-4c34-b02d-eb9b60f3f113 ] Request (DeleteServersAdminTestJSON:test_delete_server_while_in_error_state): 204 DELETE http://10.180.1.21/compute/v2.1/servers/56e2f346-ee68-464e-9975-146a5cbf319b 0.240s
2025-04-29 01:32:31.773 70168 INFO tempest.lib.common.rest_client [req-62891131-9b2b-4960-97ac-fc6ba8ae6f0c req-62891131-9b2b-4960-97ac-fc6ba8ae6f0c ] Request (ServerAddressesTestJSON:setUpClass): 200 GET http://10.180.1.21/compute/v2.1/servers/93638b9b-cc01-4aca-9e55-7cf5f24d95da 0.157s
2025-04-29 01:32:31.781 70168 INFO tempest.common.waiters [-] State transition "BUILD/None" ==> "BUILD/networking" after 53 second wait
2025-04-29 01:32:32.014 70202 INFO tempest.lib.common.rest_client [req-28d03c5b-e018-4225-9522-8f758e533da7 req-28d03c5b-e018-4225-9522-8f758e533da7 ] Request (ServersAdminTestJSON:test_create_server_with_scheduling_hint): 200 GET http://10.180.1.21/compute/v2.1/servers/222f4b6a-f397-4a13-8a88-c8ecf3d71544 0.396s
2025-04-29 01:32:32.026 70192 INFO tempest.lib.common.rest_client [req-ac8c22f4-b503-44d5-8e24-5042c51da136 req-ac8c22f4-b503-44d5-8e24-5042c51da136 ] Request (TenantUsagesTestJSON:setUpClass): 200 GET http://10.180.1.21/compute/v2.1/servers/62b00bec-6db7-4864-86eb-d702db8dbc47 0.482s
2025-04-29 01:32:32.098 70224 INFO tempest.lib.common.rest_client [req-cca10226-52c3-4287-874b-b0ae3c61ec09 req-cca10226-52c3-4287-874b-b0ae3c61ec09 ] Request (ServerDiskConfigTestJSON:test_rebuild_server_with_auto_disk_config): 200 GET http://10.180.1.21/compute/v2.1/servers/29605030-00aa-482e-aaa4-c2d66af2c29d 0.404s
2025-04-29 01:32:32.164 70195 INFO tempest.lib.common.rest_client [req-976fe4af-c484-45c5-9ea1-22a073de2a60 req-976fe4af-c484-45c5-9ea1-22a073de2a60 ] Request (ServerActionsTestJSON:setUpClass): 200 POST http://10.180.1.21/compute/v2.1/os-keypairs 0.475s
2025-04-29 01:32:32.186 70216 INFO tempest.lib.common.rest_client [req-0efd305f-2361-4a12-9a02-4afe50d0fb23 req-0efd305f-2361-4a12-9a02-4afe50d0fb23 ] Request (ServersTestMultiNic:_run_cleanups): 200 GET http://10.180.1.21/compute/v2.1/servers/1964a3cc-a62d-4085-94cf-b0495ea26fe0 0.485s
2025-04-29 01:32:32.263 70222 INFO tempest.lib.common.rest_client [req-3bb26561-d84c-4772-bf89-ec3ba8f7df13 req-3bb26561-d84c-4772-bf89-ec3ba8f7df13 ] Request (ServersTestBootFromVolume:setUpClass): 200 GET http://10.180.1.21/compute/v2.1/servers/750b8ae4-87a7-402a-a82f-44c01e9fd888 0.503s
2025-04-29 01:32:32.307 70212 INFO tempest.lib.common.rest_client [req-a072c33f-ae55-43d6-bc2c-e6a3d80dc28d req-a072c33f-ae55-43d6-bc2c-e6a3d80dc28d ] Request (DeleteServersAdminTestJSON:test_delete_server_while_in_error_state): 200 GET http://10.180.1.21/compute/v2.1/servers/56e2f346-ee68-464e-9975-146a5cbf319b 0.599s
2025-04-29 01:32:32.325 70196 INFO tempest.lib.common.rest_client [req-8ff8f014-777c-4966-8e21-018d31156139 req-8ff8f014-777c-4966-8e21-018d31156139 ] Request (ServerDiagnosticsNegativeTest:test_get_server_diagnostics_by_non_admin): 200 GET http://10.180.1.21/compute/v2.1/servers/c942ea2c-1af4-4f7c-9fdd-283d06a187e0 0.527s
