2025-04-29 01:31:58.027 70200 INFO tempest.lib.common.dynamic_creds [-] Acquired dynamic creds: credentials: Credentials: {'domain_id': 'default', 'domain_name': 'Default', 'username': 'tempest-ImagesDeleteNegativeTestJSON-547589192-project-member', 'project_domain_id': 'default', 'project_domain_name': 'Default', 'project_id': '1dbe381f1ac04890aafd2d631c13b6d5', 'project_name': 'tempest-ImagesDeleteNegativeTestJSON-547589192', 'tenant_id': '1dbe381f1ac04890aafd2d631c13b6d5', 'tenant_name': 'tempest-ImagesDeleteNegativeTestJSON-547589192', 'user_domain_id': 'default', 'user_domain_name': 'Default', 'user_id': '386d8e6be6694192b09ba3d2462cef9c', 'system': None}, Network: None, Subnet: None, Router: None
2025-04-29 01:31:58.027 70200 INFO tempest.lib.common.dynamic_creds [-] Created isolated network resources for: credentials: Credentials: {'domain_id': 'default', 'domain_name': 'Default', 'username': 'tempest-ImagesDeleteNegativeTestJSON-547589192-project-member', 'project_domain_id': 'default', 'project_domain_name': 'Default', 'project_id': '1dbe381f1ac04890aafd2d631c13b6d5', 'project_name': 'tempest-ImagesDeleteNegativeTestJSON-547589192', 'tenant_id': '1dbe381f1ac04890aafd2d631c13b6d5', 'tenant_name': 'tempest-ImagesDeleteNegativeTestJSON-547589192', 'user_domain_id': 'default', 'user_domain_name': 'Default', 'user_id': '386d8e6be6694192b09ba3d2462cef9c', 'system': None}, Network: None, Subnet: None, Router: None
2025-04-29 01:31:58.091 70202 INFO tempest.lib.common.rest_client [req-32ac5f0c-a961-4533-8186-533dfceeabd6 req-32ac5f0c-a961-4533-8186-533dfceeabd6 ] Request (ServersAdminTestJSON:test_create_server_with_scheduling_hint): 200 GET http://10.180.1.21/compute/v2.1/servers/222f4b6a-f397-4a13-8a88-c8ecf3d71544 0.805s
2025-04-29 01:31:58.130 70166 INFO tempest.lib.common.rest_client [req-5cc76abc-ec01-43a5-9b88-1f617d9f8429 req-5cc76abc-ec01-43a5-9b88-1f617d9f8429 ] Request (InstanceActionsTestJSON:tearDownClass): 404 GET http://10.180.1.21/compute/v2.1/servers/952acce6-ad90-46ee-94d0-1133bc096c3c 0.751s
2025-04-29 01:31:58.144 70195 INFO tempest.lib.common.rest_client [req-e3c3b1f3-071f-4f23-b4cc-8315fe7d784a req-e3c3b1f3-071f-4f23-b4cc-8315fe7d784a ] Request (ServerExternalEventsTest:tearDownClass): 200 GET http://10.180.1.21/compute/v2.1/servers/3006d961-2b97-45ca-aa2f-d24c378b15c8 0.772s
2025-04-29 01:31:58.151 70200 INFO tempest.lib.common.rest_client [req-6185b963-c652-4ee5-9c86-5b8d034f9653 req-6185b963-c652-4ee5-9c86-5b8d034f9653 ] Request (ImagesDeleteNegativeTestJSON:setUpClass): 201 POST http://10.180.1.21/identity/v3/auth/tokens 0.119s
2025-04-29 01:31:58.191 70224 INFO tempest.lib.common.rest_client [req-0ef3ec1d-d02f-44ec-a206-a9654b15d579 req-0ef3ec1d-d02f-44ec-a206-a9654b15d579 ] Request (ServerDiskConfigTestJSON:setUpClass): 200 PUT http://10.180.1.21:9696/networking/v2.0/routers/610f1ece-d36b-486b-ac33-40a16eb5e49b/add_router_interface 1.517s
2025-04-29 01:31:58.191 70224 INFO tempest.lib.common.dynamic_creds [-] Created isolated network resources for: credentials: Credentials: {'domain_id': 'default', 'domain_name': 'Default', 'username': 'tempest-ServerDiskConfigTestJSON-1406261514-project-member', 'project_domain_id': 'default', 'project_domain_name': 'Default', 'project_id': 'e849f93f0111429f8d2f75474cde3e3a', 'project_name': 'tempest-ServerDiskConfigTestJSON-1406261514', 'tenant_id': 'e849f93f0111429f8d2f75474cde3e3a', 'tenant_name': 'tempest-ServerDiskConfigTestJSON-1406261514', 'user_domain_id': 'default', 'user_domain_name': 'Default', 'user_id': '903302db778940aa8200f7703157cd33', 'system': None}, Network: {'id': 'bde29148-2b44-4315-b059-fcfde3d5b4ac', 'name': 'tempest-ServerDiskConfigTestJSON-615524671-network', 'tenant_id': 'e849f93f0111429f8d2f75474cde3e3a', 'admin_state_up': True, 'mtu': 8950, 'status': 'ACTIVE', 'subnets': [], 'shared': False, 'project_id': 'e849f93f0111429f8d2f75474cde3e3a', 'port_security_enabled': True, 'router:external': False, 'provider:network_type': 'vlan', 'provider:physical_network': 'default', 'provider:segmentation_id': 344, 'availability_zone_hints': [], 'availability_zones': [], 'ipv4_address_scope': None, 'ipv6_address_scope': None, 'description': '', 'tags': [], 'created_at': '2025-04-29T01:31:55Z', 'updated_at': '2025-04-29T01:31:55Z', 'revision_number': 1}, Subnet: {'id': '8829840b-6b84-4912-8d48-b0c259073a34', 'name': 'tempest-ServerDiskConfigTestJSON-615524671-subnet', 'tenant_id': 'e849f93f0111429f8d2f75474cde3e3a', 'network_id': 'bde29148-2b44-4315-b059-fcfde3d5b4ac', 'ip_version': 4, 'subnetpool_id': None, 'enable_dhcp': True, 'ipv6_ra_mode': None, 'ipv6_address_mode': None, 'gateway_ip': '192.168.128.1', 'cidr': '192.168.128.0/28', 'allocation_pools': [{'start': '192.168.128.2', 'end': '192.168.128.14'}], 'host_routes': [], 'dns_nameservers': [], 'description': '', 'router:external': False, 'service_types': [], 'tags': [], 'created_at': '2025-04-29T01:31:55Z', 'updated_at': '2025-04-29T01:31:55Z', 'revision_number': 0, 'project_id': 'e849f93f0111429f8d2f75474cde3e3a'}, Router: {'id': '610f1ece-d36b-486b-ac33-40a16eb5e49b', 'name': 'tempest-ServerDiskConfigTestJSON-615524671-router', 'tenant_id': 'e849f93f0111429f8d2f75474cde3e3a', 'admin_state_up': True, 'status': 'ACTIVE', 'external_gateway_info': {'network_id': 'a4d97987-cf2b-4d2d-ab51-f54a7ff90070', 'external_fixed_ips': [{'subnet_id': '57bee0c6-2a32-4198-8fa9-267ccb214b5c', 'ip_address': '10.180.180.185'}], 'enable_snat': True}, 'description': '', 'availability_zones': [], 'distributed': False, 'ha': False, 'availability_zone_hints': [], 'routes': [], 'flavor_id': None, 'tags': [], 'created_at': '2025-04-29T01:31:55Z', 'updated_at': '2025-04-29T01:31:56Z', 'revision_number': 2, 'project_id': 'e849f93f0111429f8d2f75474cde3e3a'}
2025-04-29 01:31:58.200 70174 INFO tempest.lib.common.rest_client [req-8068d50d-a264-4b48-9f54-d5303836a34b req-8068d50d-a264-4b48-9f54-d5303836a34b ] Request (ListImageFiltersTestJSON:setUpClass): 200 GET http://10.180.1.21/compute/v2.1/servers/66659cd1-aabd-4158-86c6-66ef8977416d 0.778s
2025-04-29 01:31:58.225 70212 INFO tempest.lib.common.rest_client [req-0041c755-8108-4e21-a2f7-4e7c1c41114f req-0041c755-8108-4e21-a2f7-4e7c1c41114f ] Request (DeleteServersAdminTestJSON:test_delete_server_while_in_error_state): 200 GET http://10.180.1.21/compute/v2.1/servers/56e2f346-ee68-464e-9975-146a5cbf319b 0.790s
2025-04-29 01:31:58.282 70206 INFO tempest.lib.common.rest_client [req-f78103e8-862c-458e-b28c-e84dc7459b66 req-f78103e8-862c-458e-b28c-e84dc7459b66 ] Request (MultipleCreateTestJSON:test_multiple_create): 200 GET http://10.180.1.21/compute/v2.1/servers/f639e7ca-e188-482a-8541-059c773578a9 0.810s
2025-04-29 01:31:58.286 70224 INFO tempest.lib.common.rest_client [req-af8bd35a-62fb-4104-bb0f-c52b03b53530 req-af8bd35a-62fb-4104-bb0f-c52b03b53530 ] Request (ServerDiskConfigTestJSON:setUpClass): 201 POST http://10.180.1.21/identity/v3/auth/tokens 0.091s
2025-04-29 01:31:58.311 70204 INFO tempest.lib.common.rest_client [req-ab4bf43e-1d47-40e6-af70-598361c933ad req-ab4bf43e-1d47-40e6-af70-598361c933ad ] Request (ServerGroupTestJSON:test_create_server_with_scheduler_hint_group): 200 GET http://10.180.1.21/compute/v2.1/servers/a3ad4820-fe91-492f-9158-7be3e7b54531 0.784s
2025-04-29 01:31:58.327 70224 INFO tempest.lib.common.rest_client [req-50e9268c-0a96-4d10-b917-5a64939b1f89 req-50e9268c-0a96-4d10-b917-5a64939b1f89 ] Request (ServerDiskConfigTestJSON:test_rebuild_server_with_auto_disk_config): 201 POST http://10.180.1.21/identity/v3/auth/tokens 0.036s
2025-04-29 01:31:58.328 70224 INFO tempest.lib.common.fixed_network [-] (ServerDiskConfigTestJSON:test_rebuild_server_with_auto_disk_config) Found network {'id': 'bde29148-2b44-4315-b059-fcfde3d5b4ac', 'name': 'tempest-ServerDiskConfigTestJSON-615524671-network', 'tenant_id': 'e849f93f0111429f8d2f75474cde3e3a', 'admin_state_up': True, 'mtu': 8950, 'status': 'ACTIVE', 'subnets': [], 'shared': False, 'project_id': 'e849f93f0111429f8d2f75474cde3e3a', 'port_security_enabled': True, 'router:external': False, 'provider:network_type': 'vlan', 'provider:physical_network': 'default', 'provider:segmentation_id': 344, 'availability_zone_hints': [], 'availability_zones': [], 'ipv4_address_scope': None, 'ipv6_address_scope': None, 'description': '', 'tags': [], 'created_at': '2025-04-29T01:31:55Z', 'updated_at': '2025-04-29T01:31:55Z', 'revision_number': 1} available for tenant
2025-04-29 01:31:58.374 70200 INFO tempest.lib.common.rest_client [req-04addfcc-f6c8-4523-8cab-43c75d800ed8 req-04addfcc-f6c8-4523-8cab-43c75d800ed8 ] Request (ImagesDeleteNegativeTestJSON:test_delete_image_blank_id): 404 DELETE http://10.180.1.21/compute/v2.1/images/ 0.221s
2025-04-29 01:31:58.488 70222 INFO tempest.lib.common.rest_client [req-469fa68d-1fa2-4e54-b843-4a3ba8e8856b req-469fa68d-1fa2-4e54-b843-4a3ba8e8856b ] Request (ServersTestBootFromVolume:setUpClass): 201 POST http://10.180.1.21:9696/networking/v2.0/routers 2.013s
2025-04-29 01:31:58.529 70170 INFO tempest.lib.common.rest_client [req-d329b6a4-4f39-4b44-bad4-ccb20cec5835 req-d329b6a4-4f39-4b44-bad4-ccb20cec5835 ] Request (ListServerFiltersTestJSON:test_list_servers_filter_by_shutoff_status): 200 GET http://10.180.1.21/compute/v2.1/servers/ca89ba12-1438-44fa-b88a-bbe9386b4dce 0.362s
2025-04-29 01:31:58.544 70170 INFO tempest.common.waiters [-] State transition "ACTIVE/powering-off" ==> "SHUTOFF/None" after 3 second wait
2025-04-29 01:31:58.577 70182 INFO tempest.lib.common.rest_client [req-49bb24df-0ada-49c1-b248-83e7a7c3e1cc req-49bb24df-0ada-49c1-b248-83e7a7c3e1cc ] Request (SecurityGroupsTestJSON:test_list_security_groups_by_server): 200 GET http://10.180.1.21/compute/v2.1/servers/e80028c3-0380-42f7-b907-58d545e343cf 0.390s
2025-04-29 01:31:58.585 70182 INFO tempest.common.waiters [-] State transition "BUILD/spawning" ==> "ACTIVE/None" after 42 second wait
2025-04-29 01:31:58.608 70220 INFO tempest.lib.common.rest_client [req-4c9eea66-15f8-41c7-a5f5-49f7d10a6044 req-4c9eea66-15f8-41c7-a5f5-49f7d10a6044 ] Request (ServerMetadataTestJSON:setUpClass): 200 GET http://10.180.1.21/compute/v2.1/servers/45fc71fc-04b0-4f5d-9599-0ac9742f6a6e 0.356s
2025-04-29 01:31:58.636 70196 INFO tempest.lib.common.rest_client [req-88e94800-764b-4d7d-921e-0630d90c2840 req-88e94800-764b-4d7d-921e-0630d90c2840 ] Request (ServerDiagnosticsNegativeTest:test_get_server_diagnostics_by_non_admin): 200 GET http://10.180.1.21/compute/v2.1/servers/c942ea2c-1af4-4f7c-9fdd-283d06a187e0 0.368s
2025-04-29 01:31:58.659 70200 INFO tempest.lib.common.rest_client [req-4bcd4611-5977-479f-8a69-404cd4e5f7f1 req-4bcd4611-5977-479f-8a69-404cd4e5f7f1 ] Request (ImagesDeleteNegativeTestJSON:test_delete_image_negative_image_id): 404 DELETE http://10.180.1.21/compute/v2.1/images/-1 0.283s
2025-04-29 01:31:58.883 70216 INFO tempest.lib.common.rest_client [req-e9916e8c-a796-4d2d-bbb5-86c746815cfb req-e9916e8c-a796-4d2d-bbb5-86c746815cfb ] Request (ServersTestMultiNic:test_verify_duplicate_network_nics): 200 GET http://10.180.1.21/compute/v2.1/servers/1964a3cc-a62d-4085-94cf-b0495ea26fe0 0.415s
2025-04-29 01:31:59.095 70190 INFO tempest.lib.common.rest_client [req-8c80e3f1-0ee2-4922-a709-7b56602163fa req-8c80e3f1-0ee2-4922-a709-7b56602163fa ] Request (AttachInterfacesUnderV243Test:test_add_remove_fixed_ip): 200 GET http://10.180.1.21/compute/v2.1/servers/66ae357b-4902-4d79-b4e4-f54013568a36 0.554s
2025-04-29 01:31:59.184 70170 INFO tempest.lib.common.rest_client [req-472f4b55-6ef4-43c3-b3c2-177f71eda447 req-472f4b55-6ef4-43c3-b3c2-177f71eda447 ] Request (ListServerFiltersTestJSON:test_list_servers_filter_by_shutoff_status): 200 GET http://10.180.1.21/compute/v2.1/servers?status=shutoff 0.639s
2025-04-29 01:31:59.280 70224 INFO tempest.lib.common.rest_client [req-805ccded-a0d0-49bc-a407-dcab874984ea req-805ccded-a0d0-49bc-a407-dcab874984ea ] Request (ServerDiskConfigTestJSON:test_rebuild_server_with_auto_disk_config): 202 POST http://10.180.1.21/compute/v2.1/servers 0.951s
2025-04-29 01:31:59.339 70222 INFO tempest.lib.common.rest_client [req-5261d386-f231-47c5-92be-ca31681b6147 req-5261d386-f231-47c5-92be-ca31681b6147 ] Request (ServersTestBootFromVolume:setUpClass): 200 PUT http://10.180.1.21:9696/networking/v2.0/routers/0fa6ef9d-b6a2-4997-aebb-89c78d26af53/add_router_interface 0.851s
2025-04-29 01:31:59.339 70222 INFO tempest.lib.common.dynamic_creds [-] Created isolated network resources for: credentials: Credentials: {'domain_id': 'default', 'domain_name': 'Default', 'username': 'tempest-ServersTestBootFromVolume-1427621922-project-member', 'project_domain_id': 'default', 'project_domain_name': 'Default', 'project_id': 'c74f2b4f5b004bde814d7574f3bb8b25', 'project_name': 'tempest-ServersTestBootFromVolume-1427621922', 'tenant_id': 'c74f2b4f5b004bde814d7574f3bb8b25', 'tenant_name': 'tempest-ServersTestBootFromVolume-1427621922', 'user_domain_id': 'default', 'user_domain_name': 'Default', 'user_id': '857b5a3c9feb4b19b22da29a3449525f', 'system': None}, Network: {'id': '3ba946b7-66f8-434c-a12d-dcda7c891c38', 'name': 'tempest-ServersTestBootFromVolume-1890009307-network', 'tenant_id': 'c74f2b4f5b004bde814d7574f3bb8b25', 'admin_state_up': True, 'mtu': 8950, 'status': 'ACTIVE', 'subnets': [], 'shared': False, 'project_id': 'c74f2b4f5b004bde814d7574f3bb8b25', 'port_security_enabled': True, 'router:external': False, 'provider:network_type': 'vlan', 'provider:physical_network': 'default', 'provider:segmentation_id': 505, 'availability_zone_hints': [], 'availability_zones': [], 'ipv4_address_scope': None, 'ipv6_address_scope': None, 'description': '', 'tags': [], 'created_at': '2025-04-29T01:31:55Z', 'updated_at': '2025-04-29T01:31:56Z', 'revision_number': 1}, Subnet: {'id': '78ba2f58-c808-4de8-ba37-fe6195400986', 'name': 'tempest-ServersTestBootFromVolume-1890009307-subnet', 'tenant_id': 'c74f2b4f5b004bde814d7574f3bb8b25', 'network_id': '3ba946b7-66f8-434c-a12d-dcda7c891c38', 'ip_version': 4, 'subnetpool_id': None, 'enable_dhcp': True, 'ipv6_ra_mode': None, 'ipv6_address_mode': None, 'gateway_ip': '192.168.128.1', 'cidr': '192.168.128.0/28', 'allocation_pools': [{'start': '192.168.128.2', 'end': '192.168.128.14'}], 'host_routes': [], 'dns_nameservers': [], 'description': '', 'router:external': False, 'service_types': [], 'tags': [], 'created_at': '2025-04-29T01:31:56Z', 'updated_at': '2025-04-29T01:31:56Z', 'revision_number': 0, 'project_id': 'c74f2b4f5b004bde814d7574f3bb8b25'}, Router: {'id': '0fa6ef9d-b6a2-4997-aebb-89c78d26af53', 'name': 'tempest-ServersTestBootFromVolume-1890009307-router', 'tenant_id': 'c74f2b4f5b004bde814d7574f3bb8b25', 'admin_state_up': True, 'status': 'ACTIVE', 'external_gateway_info': {'network_id': 'a4d97987-cf2b-4d2d-ab51-f54a7ff90070', 'external_fixed_ips': [{'subnet_id': '57bee0c6-2a32-4198-8fa9-267ccb214b5c', 'ip_address': '10.180.180.194'}], 'enable_snat': True}, 'description': '', 'availability_zones': [], 'distributed': False, 'ha': False, 'availability_zone_hints': [], 'routes': [], 'flavor_id': None, 'tags': [], 'created_at': '2025-04-29T01:31:56Z', 'updated_at': '2025-04-29T01:31:57Z', 'revision_number': 2, 'project_id': 'c74f2b4f5b004bde814d7574f3bb8b25'}
2025-04-29 01:31:59.395 70184 INFO tempest.lib.common.rest_client [req-0a6e9bc7-f1a6-4784-89b6-8461a6d63cb7 req-0a6e9bc7-f1a6-4784-89b6-8461a6d63cb7 ] Request (ServersListShow296Test:test_list_show_update_rebuild_server_296): 200 GET http://10.180.1.21/compute/v2.1/servers/4828f76b-eab4-4f3d-8d92-e6a6ee79eb84 0.745s
2025-04-29 01:31:59.423 70200 INFO tempest.lib.common.rest_client [req-9bd6061d-e78a-47aa-8456-2741281d3110 req-9bd6061d-e78a-47aa-8456-2741281d3110 ] Request (ImagesDeleteNegativeTestJSON:test_delete_image_non_hex_string_id): 404 DELETE http://10.180.1.21/compute/v2.1/images/4aed1717-4fc6-4d40-a56b-306bf626a56j 0.762s
2025-04-29 01:31:59.455 70222 INFO tempest.lib.common.rest_client [req-00caefe7-8034-4e04-bc01-610900eab560 req-00caefe7-8034-4e04-bc01-610900eab560 ] Request (ServersTestBootFromVolume:setUpClass): 201 POST http://10.180.1.21/identity/v3/auth/tokens 0.111s
2025-04-29 01:31:59.691 70210 INFO tempest.lib.common.rest_client [req-df0f97fe-f4a4-482b-b804-2814ba577c65 req-df0f97fe-f4a4-482b-b804-2814ba577c65 ] Request (ServerMetadataNegativeTestJSON:setUpClass): 200 GET http://10.180.1.21/compute/v2.1/servers/54fe1d54-bec9-4888-9c79-cb23e2a11647 0.953s
2025-04-29 01:31:59.914 70172 INFO tempest.lib.common.rest_client [req-6efbafb3-63b2-476c-b9d6-5b47ff645eff req-6efbafb3-63b2-476c-b9d6-5b47ff645eff ] Request (MigrationsAdminTest:test_list_migrations_in_flavor_resize_situation): 200 GET http://10.180.1.21/compute/v2.1/servers/6eb4eb2c-448f-4f20-ab4d-03a458bff9a7 1.165s
2025-04-29 01:32:00.007 70186 INFO tempest.lib.common.rest_client [req-e4c46f61-3096-4dac-b29a-7878d8f60ef4 req-e4c46f61-3096-4dac-b29a-7878d8f60ef4 ] Request (FloatingIPsAssociationTestJSON:setUpClass): 200 GET http://10.180.1.21/compute/v2.1/servers/cc2450e2-71a6-4d1d-93ba-79041d4b7a7e 1.158s
2025-04-29 01:32:00.092 70192 INFO tempest.lib.common.rest_client [req-0f60c481-db44-4662-b78e-cc32ec9c84ef req-0f60c481-db44-4662-b78e-cc32ec9c84ef ] Request (TenantUsagesTestJSON:setUpClass): 200 GET http://10.180.1.21/compute/v2.1/servers/62b00bec-6db7-4864-86eb-d702db8dbc47 1.235s
2025-04-29 01:32:00.103 70166 INFO tempest.lib.common.rest_client [req-046b1631-c3b3-45f7-8fd2-3dfd4f82b767 req-046b1631-c3b3-45f7-8fd2-3dfd4f82b767 ] Request (InstanceActionsTestJSON:tearDownClass): 200 PUT http://10.180.1.21:9696/networking/v2.0/routers/00b1ece1-54e1-46de-9afd-12fba7f6bda9/remove_router_interface 1.972s
2025-04-29 01:32:00.107 70192 INFO tempest.common.waiters [-] State transition "BUILD/scheduling" ==> "BUILD/None" after 24 second wait
2025-04-29 01:32:00.174 70176 WARNING tempest.lib.common.ssh [-] Failed to establish authenticated ssh connection to cirros@10.180.180.143 ([Errno None] Unable to connect to port 22 on 10.180.180.143). Number attempts: 3. Retry after 4 seconds.: paramiko.ssh_exception.NoValidConnectionsError: [Errno None] Unable to connect to port 22 on 10.180.180.143
2025-04-29 01:32:00.184 70188 INFO tempest.lib.common.rest_client [req-355c21f8-4e25-4463-b9ce-b6faf4f415a7 req-355c21f8-4e25-4463-b9ce-b6faf4f415a7 ] Request (ImagesOneServerTestJSON:setUpClass): 200 GET http://10.180.1.21/compute/v2.1/servers/d2314af3-6ce2-49d8-991e-0d214c827d18 1.247s
2025-04-29 01:32:00.250 70198 INFO tempest.lib.common.rest_client [req-3ee39974-e394-4410-9fbf-8ad2630e6f83 req-3ee39974-e394-4410-9fbf-8ad2630e6f83 ] Request (ServersTestJSON:setUpClass): 200 GET http://10.180.1.21/compute/v2.1/servers/ad18a9f2-6a6d-4b33-aa8b-f24826347acc 1.310s
2025-04-29 01:32:00.330 70218 INFO tempest.lib.common.rest_client [req-dce6bcd6-5451-4a87-8a42-de8551418e5a req-dce6bcd6-5451-4a87-8a42-de8551418e5a ] Request (AttachVolumeTestJSON:test_attach_detach_volume): 200 GET http://10.180.1.21/compute/v2.1/servers/0c51bfd5-589a-4b32-9d1a-e619dc352b66 1.310s
2025-04-29 01:32:00.349 70182 INFO tempest.lib.common.rest_client [req-f481909d-1de8-49e9-a153-4b1fd2b5fd71 req-f481909d-1de8-49e9-a153-4b1fd2b5fd71 ] Request (SecurityGroupsTestJSON:test_list_security_groups_by_server): 202 POST http://10.180.1.21/compute/v2.1/servers/e80028c3-0380-42f7-b907-58d545e343cf/action 1.763s
2025-04-29 01:32:00.402 70168 INFO tempest.lib.common.rest_client [req-a0b4050b-0c2f-4dc0-8e19-89fe29d26136 req-a0b4050b-0c2f-4dc0-8e19-89fe29d26136 ] Request (ServerAddressesTestJSON:setUpClass): 200 GET http://10.180.1.21/compute/v2.1/servers/93638b9b-cc01-4aca-9e55-7cf5f24d95da 1.372s
2025-04-29 01:32:00.422 70202 INFO tempest.lib.common.rest_client [req-a9c518a1-3869-4803-a0db-0e88f0421700 req-a9c518a1-3869-4803-a0db-0e88f0421700 ] Request (ServersAdminTestJSON:test_create_server_with_scheduling_hint): 200 GET http://10.180.1.21/compute/v2.1/servers/222f4b6a-f397-4a13-8a88-c8ecf3d71544 1.313s
2025-04-29 01:32:00.472 70195 INFO tempest.lib.common.rest_client [req-52dc1718-088f-4a71-abce-bf114280d5ff req-52dc1718-088f-4a71-abce-bf114280d5ff ] Request (ServerExternalEventsTest:tearDownClass): 200 GET http://10.180.1.21/compute/v2.1/servers/3006d961-2b97-45ca-aa2f-d24c378b15c8 1.318s
2025-04-29 01:32:00.505 70170 INFO tempest.lib.common.rest_client [req-caf4727d-2559-49f6-8519-6b654fad9f44 req-caf4727d-2559-49f6-8519-6b654fad9f44 ] Request (ListServerFiltersTestJSON:test_list_servers_filter_by_shutoff_status): 202 POST http://10.180.1.21/compute/v2.1/servers/ca89ba12-1438-44fa-b88a-bbe9386b4dce/action 1.319s
2025-04-29 01:32:00.534 70174 INFO tempest.lib.common.rest_client [req-6bb01912-46fd-403c-bc03-49e097e8cd0c req-6bb01912-46fd-403c-bc03-49e097e8cd0c ] Request (ListImageFiltersTestJSON:setUpClass): 200 GET http://10.180.1.21/compute/v2.1/servers/66659cd1-aabd-4158-86c6-66ef8977416d 1.323s
2025-04-29 01:32:00.566 70212 INFO tempest.lib.common.rest_client [req-09193cff-fece-4bb2-aa13-96e6660b885c req-09193cff-fece-4bb2-aa13-96e6660b885c ] Request (DeleteServersAdminTestJSON:test_delete_server_while_in_error_state): 200 GET http://10.180.1.21/compute/v2.1/servers/56e2f346-ee68-464e-9975-146a5cbf319b 1.331s
2025-04-29 01:32:00.596 70224 INFO tempest.lib.common.rest_client [req-fec60453-9fd7-44f2-bf2e-50fcc3736602 req-fec60453-9fd7-44f2-bf2e-50fcc3736602 ] Request (ServerDiskConfigTestJSON:test_rebuild_server_with_auto_disk_config): 200 GET http://10.180.1.21/compute/v2.1/servers/29605030-00aa-482e-aaa4-c2d66af2c29d 1.314s
2025-04-29 01:32:00.629 70206 INFO tempest.lib.common.rest_client [req-1cd7e9f7-548e-40ab-a7dc-c8cebdce6f0c req-1cd7e9f7-548e-40ab-a7dc-c8cebdce6f0c ] Request (MultipleCreateTestJSON:test_multiple_create): 200 GET http://10.180.1.21/compute/v2.1/servers/f639e7ca-e188-482a-8541-059c773578a9 1.331s
2025-04-29 01:32:00.645 70200 INFO tempest.lib.common.rest_client [req-6c2f4ccd-2022-42bf-adaa-d3e750de8fb4 req-6c2f4ccd-2022-42bf-adaa-d3e750de8fb4 ] Request (ImagesDeleteNegativeTestJSON:test_delete_image_with_id_over_character_limit): 404 DELETE http://10.180.1.21/compute/v2.1/images/f2878186-3c1e-4f38-974d-99812ec153b21 1.220s
2025-04-29 01:32:00.655 70204 INFO tempest.lib.common.rest_client [req-2c0af28a-5736-4319-bad7-797281c323d7 req-2c0af28a-5736-4319-bad7-797281c323d7 ] Request (ServerGroupTestJSON:test_create_server_with_scheduler_hint_group): 200 GET http://10.180.1.21/compute/v2.1/servers/a3ad4820-fe91-492f-9158-7be3e7b54531 1.331s
2025-04-29 01:32:00.723 70222 INFO tempest.lib.common.rest_client [req-f84915ee-c2d3-47da-8fe2-e511d5326fb4 req-f84915ee-c2d3-47da-8fe2-e511d5326fb4 ] Request (ServersTestBootFromVolume:setUpClass): 200 POST http://10.180.1.21/compute/v2.1/os-keypairs 1.266s
2025-04-29 01:32:00.739 70220 INFO tempest.lib.common.rest_client [req-63133bc2-ca5b-4840-9271-49ddd31ce63b req-63133bc2-ca5b-4840-9271-49ddd31ce63b ] Request (ServerMetadataTestJSON:setUpClass): 200 GET http://10.180.1.21/compute/v2.1/servers/45fc71fc-04b0-4f5d-9599-0ac9742f6a6e 1.118s
2025-04-29 01:32:00.779 70166 INFO tempest.lib.common.rest_client [req-bc4ea04b-4aad-4f52-97ba-efe07da5eb50 req-bc4ea04b-4aad-4f52-97ba-efe07da5eb50 ] Request (InstanceActionsTestJSON:tearDownClass): 204 DELETE http://10.180.1.21:9696/networking/v2.0/routers/00b1ece1-54e1-46de-9afd-12fba7f6bda9 0.676s
2025-04-29 01:32:00.782 70196 INFO tempest.lib.common.rest_client [req-a0582242-f13b-4c4b-9fa7-499ad199b108 req-a0582242-f13b-4c4b-9fa7-499ad199b108 ] Request (ServerDiagnosticsNegativeTest:test_get_server_diagnostics_by_non_admin): 200 GET http://10.180.1.21/compute/v2.1/servers/c942ea2c-1af4-4f7c-9fdd-283d06a187e0 1.135s
2025-04-29 01:32:00.911 70190 INFO tempest.lib.common.rest_client [req-27767b34-bcb6-4cff-a05b-040584b1c5f8 req-27767b34-bcb6-4cff-a05b-040584b1c5f8 ] Request (AttachInterfacesUnderV243Test:test_add_remove_fixed_ip): 200 GET http://10.180.1.21/compute/v2.1/servers/66ae357b-4902-4d79-b4e4-f54013568a36 0.801s
2025-04-29 01:32:00.916 70222 INFO tempest.lib.common.rest_client [req-cf76afb3-e1ff-44fe-a4f3-642602b7753d req-cf76afb3-e1ff-44fe-a4f3-642602b7753d ] Request (ServersTestBootFromVolume:setUpClass): 201 POST http://10.180.1.21:9696/networking/v2.0/security-groups 0.192s
2025-04-29 01:32:00.965 70166 INFO tempest.lib.common.rest_client [req-4ce5b20d-998f-4bea-89d4-6a254a95821d req-4ce5b20d-998f-4bea-89d4-6a254a95821d ] Request (InstanceActionsTestJSON:tearDownClass): 204 DELETE http://10.180.1.21:9696/networking/v2.0/subnets/91865ba2-7248-42ed-9289-f827b618b8cc 0.185s
2025-04-29 01:32:01.000 70216 INFO tempest.lib.common.rest_client [req-0c2f24c2-43b1-42c3-ad53-905f1860680b req-0c2f24c2-43b1-42c3-ad53-905f1860680b ] Request (ServersTestMultiNic:test_verify_duplicate_network_nics): 200 GET http://10.180.1.21/compute/v2.1/servers/1964a3cc-a62d-4085-94cf-b0495ea26fe0 1.106s
2025-04-29 01:32:01.123 70184 INFO tempest.lib.common.rest_client [req-35935a45-f5ea-4748-bbc7-e49b090696f9 req-35935a45-f5ea-4748-bbc7-e49b090696f9 ] Request (ServersListShow296Test:test_list_show_update_rebuild_server_296): 200 GET http://10.180.1.21/compute/v2.1/servers/4828f76b-eab4-4f3d-8d92-e6a6ee79eb84 0.715s
2025-04-29 01:32:01.258 70166 INFO tempest.lib.common.rest_client [req-5a35d2e1-d626-41af-962a-ff1761bc0830 req-5a35d2e1-d626-41af-962a-ff1761bc0830 ] Request (InstanceActionsTestJSON:tearDownClass): 204 DELETE http://10.180.1.21:9696/networking/v2.0/networks/59bc7aaf-2cdf-490f-a1b3-377ce6abaede 0.293s
2025-04-29 01:32:01.264 70222 INFO tempest.lib.common.rest_client [req-b9c62056-e09e-493b-9382-93bbb738ef2b req-b9c62056-e09e-493b-9382-93bbb738ef2b ] Request (ServersTestBootFromVolume:setUpClass): 201 POST http://10.180.1.21:9696/networking/v2.0/security-group-rules 0.347s
2025-04-29 01:32:01.354 70170 INFO tempest.lib.common.rest_client [req-9b4734e9-35ba-491c-ae66-e6c0cd801ad8 req-9b4734e9-35ba-491c-ae66-e6c0cd801ad8 ] Request (ListServerFiltersTestJSON:test_list_servers_filter_by_shutoff_status): 200 GET http://10.180.1.21/compute/v2.1/servers/ca89ba12-1438-44fa-b88a-bbe9386b4dce 0.849s
2025-04-29 01:32:01.386 70200 INFO tempest.lib.common.rest_client [req-f9cf0062-a3ea-44e3-bdf5-1ef9ae5a9141 req-f9cf0062-a3ea-44e3-bdf5-1ef9ae5a9141 ] Request (ImagesDeleteNegativeTestJSON:test_delete_image_with_invalid_image_id): 404 DELETE http://10.180.1.21/compute/v2.1/images/tempest-invalid-326015047 0.739s
2025-04-29 01:32:01.423 70166 INFO tempest.lib.common.rest_client [req-9f19a74e-88a0-4cab-915e-30995f507144 req-9f19a74e-88a0-4cab-915e-30995f507144 ] Request (InstanceActionsTestJSON:tearDownClass): 204 DELETE http://10.180.1.21/identity/v3/users/de491f00f58d4254b81a7a5182c5bb0a 0.164s
2025-04-29 01:32:01.423 70166 INFO tempest.lib.common.dynamic_creds [-] Deleting project and security group for project: 8aacf80d50ef4e18a07a955614fa4945
2025-04-29 01:32:01.469 70166 INFO tempest.lib.common.rest_client [req-cc45e4e7-3605-4915-a246-16fb18a6f9a7 req-cc45e4e7-3605-4915-a246-16fb18a6f9a7 ] Request (InstanceActionsTestJSON:tearDownClass): 200 GET http://10.180.1.21:9696/networking/v2.0/security-groups?tenant_id=8aacf80d50ef4e18a07a955614fa4945&name=default 0.045s
2025-04-29 01:32:01.502 70210 INFO tempest.lib.common.rest_client [req-7916bbdb-8d15-48a8-89b0-fc9947e2e6c1 req-7916bbdb-8d15-48a8-89b0-fc9947e2e6c1 ] Request (ServerMetadataNegativeTestJSON:setUpClass): 200 GET http://10.180.1.21/compute/v2.1/servers/54fe1d54-bec9-4888-9c79-cb23e2a11647 0.803s
2025-04-29 01:32:01.533 70222 INFO tempest.lib.common.rest_client [req-9f02ec18-0328-4825-92e2-bff61ec8a6ae req-9f02ec18-0328-4825-92e2-bff61ec8a6ae ] Request (ServersTestBootFromVolume:setUpClass): 201 POST http://10.180.1.21:9696/networking/v2.0/security-group-rules 0.268s
2025-04-29 01:32:01.635 70166 INFO tempest.lib.common.rest_client [req-f70dc750-4975-409f-84e4-aac0f6142391 req-f70dc750-4975-409f-84e4-aac0f6142391 ] Request (InstanceActionsTestJSON:tearDownClass): 204 DELETE http://10.180.1.21:9696/networking/v2.0/security-groups/081b149a-6447-4792-afcc-0a5674ac909c 0.165s
2025-04-29 01:32:01.679 70172 INFO tempest.lib.common.rest_client [req-eff64568-7486-4a9c-8af4-dca02ca22080 req-eff64568-7486-4a9c-8af4-dca02ca22080 ] Request (MigrationsAdminTest:test_list_migrations_in_flavor_resize_situation): 200 GET http://10.180.1.21/compute/v2.1/servers/6eb4eb2c-448f-4f20-ab4d-03a458bff9a7 0.756s
2025-04-29 01:32:01.755 70186 INFO tempest.lib.common.rest_client [req-8ad7a2fd-88f7-4520-9a0a-94ccfd819933 req-8ad7a2fd-88f7-4520-9a0a-94ccfd819933 ] Request (FloatingIPsAssociationTestJSON:setUpClass): 200 GET http://10.180.1.21/compute/v2.1/servers/cc2450e2-71a6-4d1d-93ba-79041d4b7a7e 0.737s
2025-04-29 01:32:01.764 70166 INFO tempest.lib.common.rest_client [req-ad5db83d-b514-4706-b67c-447ee4c49cf1 req-ad5db83d-b514-4706-b67c-447ee4c49cf1 ] Request (InstanceActionsTestJSON:tearDownClass): 204 DELETE http://10.180.1.21/identity/v3/projects/8aacf80d50ef4e18a07a955614fa4945 0.128s
2025-04-29 01:32:01.765 70166 INFO tempest.test [-] raised in ServerPersonalityTestJSON.setUpClass. Invoking tearDownClass.
2025-04-29 01:32:01.766 70166 INFO tempest.test [-] raised in ServerStableDeviceRescueTestIDE.setUpClass. Invoking tearDownClass.
2025-04-29 01:32:01.771 70166 INFO tempest.test [-] raised in AttachVolumeMultiAttachTest.setUpClass. Invoking tearDownClass.
2025-04-29 01:32:01.814 70182 INFO tempest.lib.common.rest_client [req-d10eda1b-3b44-480c-8440-7d43fd31a7ce req-d10eda1b-3b44-480c-8440-7d43fd31a7ce ] Request (SecurityGroupsTestJSON:test_list_security_groups_by_server): 202 POST http://10.180.1.21/compute/v2.1/servers/e80028c3-0380-42f7-b907-58d545e343cf/action 1.465s
2025-04-29 01:32:01.861 70192 INFO tempest.lib.common.rest_client [req-cbde4299-29f4-4fb9-9d51-dd240d5472e8 req-cbde4299-29f4-4fb9-9d51-dd240d5472e8 ] Request (TenantUsagesTestJSON:setUpClass): 200 GET http://10.180.1.21/compute/v2.1/servers/62b00bec-6db7-4864-86eb-d702db8dbc47 0.753s
2025-04-29 01:32:01.928 70198 INFO tempest.lib.common.rest_client [req-6be86d3a-e3ea-48dd-b8b4-f81c14d28b95 req-6be86d3a-e3ea-48dd-b8b4-f81c14d28b95 ] Request (ServersTestJSON:setUpClass): 200 GET http://10.180.1.21/compute/v2.1/servers/ad18a9f2-6a6d-4b33-aa8b-f24826347acc 0.666s
2025-04-29 01:32:01.987 70218 INFO tempest.lib.common.rest_client [req-ded38634-c4ad-4a4b-8932-71ce70fdf6e1 req-ded38634-c4ad-4a4b-8932-71ce70fdf6e1 ] Request (AttachVolumeTestJSON:test_attach_detach_volume): 200 GET http://10.180.1.21/compute/v2.1/servers/0c51bfd5-589a-4b32-9d1a-e619dc352b66 0.646s
2025-04-29 01:32:02.002 70188 INFO tempest.lib.common.rest_client [req-ad84b78c-90dc-40ae-abf2-714e158586d6 req-ad84b78c-90dc-40ae-abf2-714e158586d6 ] Request (ImagesOneServerTestJSON:setUpClass): 200 GET http://10.180.1.21/compute/v2.1/servers/d2314af3-6ce2-49d8-991e-0d214c827d18 0.810s
2025-04-29 01:32:02.010 70188 INFO tempest.common.waiters [-] State transition "BUILD/None" ==> "BUILD/block_device_mapping" after 44 second wait
2025-04-29 01:32:02.020 70200 INFO tempest.lib.common.rest_client [req-b12f3ce0-ba42-437e-bcf2-339a56562163 req-b12f3ce0-ba42-437e-bcf2-339a56562163 ] Request (ImagesDeleteNegativeTestJSON:test_delete_non_existent_image): 404 DELETE http://10.180.1.21/compute/v2.1/images/1616d047-8611-4cef-990e-3ba5cee4427d 0.632s
2025-04-29 01:32:02.087 70222 INFO tempest.lib.common.rest_client [req-f16198f8-ab0d-441d-a2e5-c9972d2de986 req-f16198f8-ab0d-441d-a2e5-c9972d2de986 ] Request (ServersTestBootFromVolume:setUpClass): 201 POST http://10.180.1.21:9696/networking/v2.0/floatingips 0.554s
2025-04-29 01:32:02.094 70179 WARNING tempest.lib.common.ssh [-] Failed to establish authenticated ssh connection to cirros@10.180.180.222 ([Errno None] Unable to connect to port 22 on 10.180.180.222). Number attempts: 4. Retry after 5 seconds.: paramiko.ssh_exception.NoValidConnectionsError: [Errno None] Unable to connect to port 22 on 10.180.180.222
2025-04-29 01:32:02.104 70168 INFO tempest.lib.common.rest_client [req-196ffe68-7c0b-4c58-b6e3-ded10b160532 req-196ffe68-7c0b-4c58-b6e3-ded10b160532 ] Request (ServerAddressesTestJSON:setUpClass): 200 GET http://10.180.1.21/compute/v2.1/servers/93638b9b-cc01-4aca-9e55-7cf5f24d95da 0.693s
2025-04-29 01:32:02.105 70202 INFO tempest.lib.common.rest_client [req-64e1cb9b-ae8d-40ef-9760-678c1c076e1c req-64e1cb9b-ae8d-40ef-9760-678c1c076e1c ] Request (ServersAdminTestJSON:test_create_server_with_scheduling_hint): 200 GET http://10.180.1.21/compute/v2.1/servers/222f4b6a-f397-4a13-8a88-c8ecf3d71544 0.670s
2025-04-29 01:32:02.153 70222 INFO tempest.lib.common.rest_client [req-ee20a059-5f50-409d-b13b-3c19ab8d31bc req-ee20a059-5f50-409d-b13b-3c19ab8d31bc ] Request (ServersTestBootFromVolume:setUpClass): 201 POST http://10.180.1.21/identity/v3/auth/tokens 0.061s
2025-04-29 01:32:02.154 70222 INFO tempest.lib.common.fixed_network [-] (ServersTestBootFromVolume:setUpClass) Found network {'id': '3ba946b7-66f8-434c-a12d-dcda7c891c38', 'name': 'tempest-ServersTestBootFromVolume-1890009307-network', 'tenant_id': 'c74f2b4f5b004bde814d7574f3bb8b25', 'admin_state_up': True, 'mtu': 8950, 'status': 'ACTIVE', 'subnets': [], 'shared': False, 'project_id': 'c74f2b4f5b004bde814d7574f3bb8b25', 'port_security_enabled': True, 'router:external': False, 'provider:network_type': 'vlan', 'provider:physical_network': 'default', 'provider:segmentation_id': 505, 'availability_zone_hints': [], 'availability_zones': [], 'ipv4_address_scope': None, 'ipv6_address_scope': None, 'description': '', 'tags': [], 'created_at': '2025-04-29T01:31:55Z', 'updated_at': '2025-04-29T01:31:56Z', 'revision_number': 1} available for tenant
2025-04-29 01:32:02.174 70200 INFO tempest.lib.common.rest_client [req-8e11195e-77da-4c9b-9663-815c58a07886 req-8e11195e-77da-4c9b-9663-815c58a07886 ] Request (ImagesDeleteNegativeTestJSON:tearDownClass): 204 DELETE http://10.180.1.21/identity/v3/users/386d8e6be6694192b09ba3d2462cef9c 0.152s
2025-04-29 01:32:02.174 70200 INFO tempest.lib.common.dynamic_creds [-] Deleting project and security group for project: 1dbe381f1ac04890aafd2d631c13b6d5
2025-04-29 01:32:02.186 70174 INFO tempest.lib.common.rest_client [req-d3413ac8-2b79-417e-9c3d-ab9c37b6598e req-d3413ac8-2b79-417e-9c3d-ab9c37b6598e ] Request (ListImageFiltersTestJSON:setUpClass): 200 GET http://10.180.1.21/compute/v2.1/servers/66659cd1-aabd-4158-86c6-66ef8977416d 0.643s
2025-04-29 01:32:02.212 70195 INFO tempest.lib.common.rest_client [req-2ae0db7f-9931-4ce4-aac9-ec663ca496b0 req-2ae0db7f-9931-4ce4-aac9-ec663ca496b0 ] Request (ServerExternalEventsTest:tearDownClass): 200 GET http://10.180.1.21/compute/v2.1/servers/3006d961-2b97-45ca-aa2f-d24c378b15c8 0.731s
2025-04-29 01:32:02.230 70200 INFO tempest.lib.common.rest_client [req-e6d1b422-a89b-4406-b036-b117856f0207 req-e6d1b422-a89b-4406-b036-b117856f0207 ] Request (ImagesDeleteNegativeTestJSON:tearDownClass): 201 POST http://10.180.1.21/identity/v3/auth/tokens 0.056s
2025-04-29 01:32:02.250 70212 INFO tempest.lib.common.rest_client [req-5ee9e4ca-d343-4182-88ef-60fdf3a18d8d req-5ee9e4ca-d343-4182-88ef-60fdf3a18d8d ] Request (DeleteServersAdminTestJSON:test_delete_server_while_in_error_state): 200 GET http://10.180.1.21/compute/v2.1/servers/56e2f346-ee68-464e-9975-146a5cbf319b 0.675s
2025-04-29 01:32:02.278 70224 INFO tempest.lib.common.rest_client [req-125ad33f-fb44-4ecb-b0c3-52f50a1b620d req-125ad33f-fb44-4ecb-b0c3-52f50a1b620d ] Request (ServerDiskConfigTestJSON:test_rebuild_server_with_auto_disk_config): 200 GET http://10.180.1.21/compute/v2.1/servers/29605030-00aa-482e-aaa4-c2d66af2c29d 0.669s
2025-04-29 01:32:02.314 70206 INFO tempest.lib.common.rest_client [req-84ef56c2-aaa0-4a11-9020-da36157d740c req-84ef56c2-aaa0-4a11-9020-da36157d740c ] Request (MultipleCreateTestJSON:test_multiple_create): 200 GET http://10.180.1.21/compute/v2.1/servers/f639e7ca-e188-482a-8541-059c773578a9 0.672s
2025-04-29 01:32:02.346 70204 INFO tempest.lib.common.rest_client [req-cf4ef907-01bb-4a1a-b6e2-af7ec2b66687 req-cf4ef907-01bb-4a1a-b6e2-af7ec2b66687 ] Request (ServerGroupTestJSON:test_create_server_with_scheduler_hint_group): 200 GET http://10.180.1.21/compute/v2.1/servers/a3ad4820-fe91-492f-9158-7be3e7b54531 0.678s
2025-04-29 01:32:02.374 70220 INFO tempest.lib.common.rest_client [req-148444cc-3c9f-4d02-9b39-d53acb8fbb95 req-148444cc-3c9f-4d02-9b39-d53acb8fbb95 ] Request (ServerMetadataTestJSON:setUpClass): 200 GET http://10.180.1.21/compute/v2.1/servers/45fc71fc-04b0-4f5d-9599-0ac9742f6a6e 0.618s
2025-04-29 01:32:02.410 70196 INFO tempest.lib.common.rest_client [req-f5635aa3-4484-46e1-8a6c-b64a81f73996 req-f5635aa3-4484-46e1-8a6c-b64a81f73996 ] Request (ServerDiagnosticsNegativeTest:test_get_server_diagnostics_by_non_admin): 200 GET http://10.180.1.21/compute/v2.1/servers/c942ea2c-1af4-4f7c-9fdd-283d06a187e0 0.620s
2025-04-29 01:32:02.516 70200 INFO tempest.lib.common.rest_client [req-90a91b42-18dc-41d5-9ab9-1dcaab51fd8e req-90a91b42-18dc-41d5-9ab9-1dcaab51fd8e ] Request (ImagesDeleteNegativeTestJSON:tearDownClass): 200 GET http://10.180.1.21:9696/networking/v2.0/security-groups?tenant_id=1dbe381f1ac04890aafd2d631c13b6d5&name=default 0.281s
2025-04-29 01:32:02.582 70182 INFO tempest.lib.common.rest_client [req-6f9502fd-0e8d-4c04-879c-9f83cf4175d4 req-6f9502fd-0e8d-4c04-879c-9f83cf4175d4 ] Request (SecurityGroupsTestJSON:test_list_security_groups_by_server): 200 GET http://10.180.1.21/compute/v2.1/servers/e80028c3-0380-42f7-b907-58d545e343cf/os-security-groups 0.767s
2025-04-29 01:32:02.631 70190 INFO tempest.lib.common.rest_client [req-6427548f-f07f-44db-b5f7-2cf194b83d21 req-6427548f-f07f-44db-b5f7-2cf194b83d21 ] Request (AttachInterfacesUnderV243Test:test_add_remove_fixed_ip): 200 GET http://10.180.1.21/compute/v2.1/servers/66ae357b-4902-4d79-b4e4-f54013568a36 0.710s
2025-04-29 01:32:02.641 70190 INFO tempest.common.waiters [-] State transition "BUILD/spawning" ==> "ACTIVE/None" after 44 second wait
2025-04-29 01:32:02.686 70222 INFO tempest.lib.common.rest_client [req-3ad77ab0-41e0-47c0-94f7-01d7a653885a req-3ad77ab0-41e0-47c0-94f7-01d7a653885a ] Request (ServersTestBootFromVolume:setUpClass): 202 POST http://10.180.1.21/volume/v3/volumes 0.532s
2025-04-29 01:32:02.695 70200 INFO tempest.lib.common.rest_client [req-41e04b60-3265-41ca-9a91-5e1774e8f047 req-41e04b60-3265-41ca-9a91-5e1774e8f047 ] Request (ImagesDeleteNegativeTestJSON:tearDownClass): 204 DELETE http://10.180.1.21:9696/networking/v2.0/security-groups/bcfac40c-76ea-4a28-bba3-ea5cf8982467 0.179s
2025-04-29 01:32:02.701 70184 INFO tempest.lib.common.rest_client [req-9b619afe-eff3-40d1-93e1-7b94e093af5c req-9b619afe-eff3-40d1-93e1-7b94e093af5c ] Request (ServersListShow296Test:test_list_show_update_rebuild_server_296): 200 GET http://10.180.1.21/compute/v2.1/servers/4828f76b-eab4-4f3d-8d92-e6a6ee79eb84 0.566s
2025-04-29 01:32:02.704 70216 INFO tempest.lib.common.rest_client [req-e1cdd6d3-bdce-4749-a88a-1233e18ee4fe req-e1cdd6d3-bdce-4749-a88a-1233e18ee4fe ] Request (ServersTestMultiNic:test_verify_duplicate_network_nics): 200 GET http://10.180.1.21/compute/v2.1/servers/1964a3cc-a62d-4085-94cf-b0495ea26fe0 0.685s
2025-04-29 01:32:02.740 70222 INFO tempest.lib.common.rest_client [req-43341195-d1fb-40fb-8038-fb21d21b8c4f req-43341195-d1fb-40fb-8038-fb21d21b8c4f ] Request (ServersTestBootFromVolume:setUpClass): 200 GET http://10.180.1.21/volume/v3/volumes/4e0c122b-23e3-4f4a-9bae-919284d77cfb 0.047s
2025-04-29 01:32:02.776 70210 INFO tempest.lib.common.rest_client [req-2fd35e45-4ef8-4138-899c-ae3aab8ad2d5 req-2fd35e45-4ef8-4138-899c-ae3aab8ad2d5 ] Request (ServerMetadataNegativeTestJSON:setUpClass): 200 GET http://10.180.1.21/compute/v2.1/servers/54fe1d54-bec9-4888-9c79-cb23e2a11647 0.266s
2025-04-29 01:32:02.788 70200 INFO tempest.lib.common.rest_client [req-69b5b046-f2e1-4ab4-a56b-b695de36130c req-69b5b046-f2e1-4ab4-a56b-b695de36130c ] Request (ImagesDeleteNegativeTestJSON:tearDownClass): 204 DELETE http://10.180.1.21/identity/v3/projects/1dbe381f1ac04890aafd2d631c13b6d5 0.091s
2025-04-29 01:32:02.863 70200 INFO tempest.lib.common.rest_client [req-13ec2acd-c7bc-46f0-9ec4-0429299db650 req-13ec2acd-c7bc-46f0-9ec4-0429299db650 ] Request (SecurityGroupRulesTestJSON:setUpClass): 201 POST http://10.180.1.21/identity/v3/auth/tokens 0.074s
2025-04-29 01:32:02.878 70170 INFO tempest.lib.common.rest_client [req-3507bf94-48cd-4364-9a80-22dddd9bb4bf req-3507bf94-48cd-4364-9a80-22dddd9bb4bf ] Request (ListServerFiltersTestJSON:test_list_servers_filter_by_shutoff_status): 200 GET http://10.180.1.21/compute/v2.1/servers/ca89ba12-1438-44fa-b88a-bbe9386b4dce 0.515s
2025-04-29 01:32:02.910 70200 INFO tempest.lib.common.rest_client [req-9ecec50f-89fd-481e-b619-f524dbdec7bd req-9ecec50f-89fd-481e-b619-f524dbdec7bd ] Request (SecurityGroupRulesTestJSON:setUpClass): 201 POST http://10.180.1.21/identity/v3/auth/tokens 0.043s
2025-04-29 01:32:02.943 70200 INFO tempest.lib.common.rest_client [req-593d825e-4494-48bb-9000-b70157adbe83 req-593d825e-4494-48bb-9000-b70157adbe83 ] Request (SecurityGroupRulesTestJSON:setUpClass): 200 GET http://10.180.1.21/identity/v3/domains?name=Default 0.032s
2025-04-29 01:32:02.944 70182 INFO tempest.lib.common.rest_client [req-d5cba277-42fa-47df-b82a-e78ff00fe214 req-d5cba277-42fa-47df-b82a-e78ff00fe214 ] Request (SecurityGroupsTestJSON:test_security_group_create_get_delete): 200 POST http://10.180.1.21/compute/v2.1/os-security-groups 0.353s
2025-04-29 01:32:02.956 70190 INFO tempest.lib.common.rest_client [req-9a18e7cc-143b-4d5a-8cad-9f57df3671fa req-9a18e7cc-143b-4d5a-8cad-9f57df3671fa ] Request (AttachInterfacesUnderV243Test:test_add_remove_fixed_ip): 200 GET http://10.180.1.21/compute/v2.1/servers/66ae357b-4902-4d79-b4e4-f54013568a36/os-interface 0.314s
2025-04-29 01:32:02.978 70200 INFO tempest.lib.common.rest_client [req-bedf5b1e-33db-4fc6-8c9b-a03f86ec5344 req-bedf5b1e-33db-4fc6-8c9b-a03f86ec5344 ] Request (SecurityGroupRulesTestJSON:setUpClass): 201 POST http://10.180.1.21/identity/v3/projects 0.035s
2025-04-29 01:32:03.035 70186 INFO tempest.lib.common.rest_client [req-9f84cbe5-5cbb-46a8-9337-874ac4ab1c4e req-9f84cbe5-5cbb-46a8-9337-874ac4ab1c4e ] Request (FloatingIPsAssociationTestJSON:setUpClass): 200 GET http://10.180.1.21/compute/v2.1/servers/cc2450e2-71a6-4d1d-93ba-79041d4b7a7e 0.262s
2025-04-29 01:32:03.067 70200 INFO tempest.lib.common.rest_client [req-4d615c69-0fc9-4bcf-b1e1-d5483a643b0a req-4d615c69-0fc9-4bcf-b1e1-d5483a643b0a ] Request (SecurityGroupRulesTestJSON:setUpClass): 201 POST http://10.180.1.21/identity/v3/users 0.088s
2025-04-29 01:32:03.100 70200 INFO tempest.lib.common.rest_client [req-118995f1-89ee-4ffd-9ce4-356c64b5e151 req-118995f1-89ee-4ffd-9ce4-356c64b5e151 ] Request (SecurityGroupRulesTestJSON:setUpClass): 200 GET http://10.180.1.21/identity/v3/roles 0.031s
2025-04-29 01:32:03.119 70162 WARNING tempest.lib.common.ssh [-] Failed to establish authenticated ssh connection to cirros@10.180.180.195 ([Errno None] Unable to connect to port 22 on 10.180.180.195). Number attempts: 6. Retry after 7 seconds.: paramiko.ssh_exception.NoValidConnectionsError: [Errno None] Unable to connect to port 22 on 10.180.180.195
2025-04-29 01:32:03.120 70192 INFO tempest.lib.common.rest_client [req-95870f45-072b-4279-85bc-37229c5203b3 req-95870f45-072b-4279-85bc-37229c5203b3 ] Request (TenantUsagesTestJSON:setUpClass): 200 GET http://10.180.1.21/compute/v2.1/servers/62b00bec-6db7-4864-86eb-d702db8dbc47 0.249s
2025-04-29 01:32:03.160 70200 INFO tempest.lib.common.rest_client [req-2400f6ac-b449-4dee-b801-c6ac7da4b4db req-2400f6ac-b449-4dee-b801-c6ac7da4b4db ] Request (SecurityGroupRulesTestJSON:setUpClass): 204 PUT http://10.180.1.21/identity/v3/projects/4779a096866240d38416e93d8fdb7c7a/users/869883a257a44e3fbb6dd8dcf9377eb3/roles/f4ef515fd3d342ad83c12a663b78d6cb 0.060s
2025-04-29 01:32:03.161 70200 INFO tempest.lib.common.dynamic_creds [-] Dynamic test user 869883a257a44e3fbb6dd8dcf9377eb3 is created with scope project and roles: ['member']
2025-04-29 01:32:03.161 70200 INFO tempest.lib.common.dynamic_creds [-] Acquired dynamic creds: credentials: Credentials: {'domain_id': 'default', 'domain_name': 'Default', 'username': 'tempest-SecurityGroupRulesTestJSON-320845048-project-member', 'project_domain_id': 'default', 'project_domain_name': 'Default', 'project_id': '4779a096866240d38416e93d8fdb7c7a', 'project_name': 'tempest-SecurityGroupRulesTestJSON-320845048', 'tenant_id': '4779a096866240d38416e93d8fdb7c7a', 'tenant_name': 'tempest-SecurityGroupRulesTestJSON-320845048', 'user_domain_id': 'default', 'user_domain_name': 'Default', 'user_id': '869883a257a44e3fbb6dd8dcf9377eb3', 'system': None}, Network: None, Subnet: None, Router: None
2025-04-29 01:32:03.214 70198 INFO tempest.lib.common.rest_client [req-ac8b11c9-a077-4640-b6f1-de93c17402b1 req-ac8b11c9-a077-4640-b6f1-de93c17402b1 ] Request (ServersTestJSON:setUpClass): 200 GET http://10.180.1.21/compute/v2.1/servers/ad18a9f2-6a6d-4b33-aa8b-f24826347acc 0.274s
2025-04-29 01:32:03.231 70172 INFO tempest.lib.common.rest_client [req-a3b9d7f5-a984-4d9f-86ca-b511644425c2 req-a3b9d7f5-a984-4d9f-86ca-b511644425c2 ] Request (MigrationsAdminTest:test_list_migrations_in_flavor_resize_situation): 200 GET http://10.180.1.21/compute/v2.1/servers/6eb4eb2c-448f-4f20-ab4d-03a458bff9a7 0.536s
2025-04-29 01:32:03.244 70200 INFO tempest.lib.common.rest_client [req-1384d8ab-e688-4a59-914b-f48fc5f72ad4 req-1384d8ab-e688-4a59-914b-f48fc5f72ad4 ] Request (SecurityGroupRulesTestJSON:setUpClass): 201 POST http://10.180.1.21/identity/v3/auth/tokens 0.083s
2025-04-29 01:32:03.256 70182 INFO tempest.lib.common.rest_client [req-0eab6fd7-efdf-4a3b-9bb5-f2a27e9cfca4 req-0eab6fd7-efdf-4a3b-9bb5-f2a27e9cfca4 ] Request (SecurityGroupsTestJSON:test_security_group_create_get_delete): 200 GET http://10.180.1.21/compute/v2.1/os-security-groups/6b8b1c37-8857-4550-aed8-a69616ac07b6 0.309s
2025-04-29 01:32:03.328 70218 INFO tempest.lib.common.rest_client [req-2ff5b758-7f84-4dc1-8590-a864a60e8752 req-2ff5b758-7f84-4dc1-8590-a864a60e8752 ] Request (AttachVolumeTestJSON:test_attach_detach_volume): 200 GET http://10.180.1.21/compute/v2.1/servers/0c51bfd5-589a-4b32-9d1a-e619dc352b66 0.329s
2025-04-29 01:32:03.416 70168 INFO tempest.lib.common.rest_client [req-e9a26a97-141c-40fc-81ed-d01e7e3ec5d7 req-e9a26a97-141c-40fc-81ed-d01e7e3ec5d7 ] Request (ServerAddressesTestJSON:setUpClass): 200 GET http://10.180.1.21/compute/v2.1/servers/93638b9b-cc01-4aca-9e55-7cf5f24d95da 0.301s
2025-04-29 01:32:03.425 70168 INFO tempest.common.waiters [-] State transition "BUILD/scheduling" ==> "BUILD/None" after 25 second wait
2025-04-29 01:32:03.442 70188 INFO tempest.lib.common.rest_client [req-a37cafe4-b8ff-4794-8272-4a0e8a479f10 req-a37cafe4-b8ff-4794-8272-4a0e8a479f10 ] Request (ImagesOneServerTestJSON:setUpClass): 200 GET http://10.180.1.21/compute/v2.1/servers/d2314af3-6ce2-49d8-991e-0d214c827d18 0.430s
2025-04-29 01:32:03.458 70188 INFO tempest.common.waiters [-] State transition "BUILD/block_device_mapping" ==> "BUILD/spawning" after 45 second wait
2025-04-29 01:32:03.495 70202 INFO tempest.lib.common.rest_client [req-9bcf1025-7506-4054-9da7-bd500406f875 req-9bcf1025-7506-4054-9da7-bd500406f875 ] Request (ServersAdminTestJSON:test_create_server_with_scheduling_hint): 200 GET http://10.180.1.21/compute/v2.1/servers/222f4b6a-f397-4a13-8a88-c8ecf3d71544 0.379s
2025-04-29 01:32:03.519 70174 INFO tempest.lib.common.rest_client [req-bcfb6307-9d8c-4c1a-ba66-5116cf71ab2b req-bcfb6307-9d8c-4c1a-ba66-5116cf71ab2b ] Request (ListImageFiltersTestJSON:setUpClass): 200 GET http://10.180.1.21/compute/v2.1/servers/66659cd1-aabd-4158-86c6-66ef8977416d 0.322s
2025-04-29 01:32:03.531 70200 INFO tempest.lib.common.rest_client [req-0c22980e-a4b9-4b9e-b6e2-ddd6e94ecbe7 req-0c22980e-a4b9-4b9e-b6e2-ddd6e94ecbe7 ] Request (SecurityGroupRulesTestJSON:setUpClass): 201 POST http://10.180.1.21:9696/networking/v2.0/networks 0.286s
2025-04-29 01:32:03.603 70195 INFO tempest.lib.common.rest_client [req-dba11580-81c9-4e9b-baf1-8493184425a1 req-dba11580-81c9-4e9b-baf1-8493184425a1 ] Request (ServerExternalEventsTest:tearDownClass): 200 GET http://10.180.1.21/compute/v2.1/servers/3006d961-2b97-45ca-aa2f-d24c378b15c8 0.378s
2025-04-29 01:32:03.608 70212 INFO tempest.lib.common.rest_client [req-aaf1c230-8b78-4280-8c10-0a7c64bb7fd2 req-aaf1c230-8b78-4280-8c10-0a7c64bb7fd2 ] Request (DeleteServersAdminTestJSON:test_delete_server_while_in_error_state): 200 GET http://10.180.1.21/compute/v2.1/servers/56e2f346-ee68-464e-9975-146a5cbf319b 0.349s
2025-04-29 01:32:03.684 70224 INFO tempest.lib.common.rest_client [req-f8e17902-5f32-4e9a-8d52-592b6ed22280 req-f8e17902-5f32-4e9a-8d52-592b6ed22280 ] Request (ServerDiskConfigTestJSON:test_rebuild_server_with_auto_disk_config): 200 GET http://10.180.1.21/compute/v2.1/servers/29605030-00aa-482e-aaa4-c2d66af2c29d 0.396s
2025-04-29 01:32:03.720 70200 INFO tempest.lib.common.rest_client [req-8193e244-bc40-41bd-b576-85af5d870b1a req-8193e244-bc40-41bd-b576-85af5d870b1a ] Request (SecurityGroupRulesTestJSON:setUpClass): 201 POST http://10.180.1.21:9696/networking/v2.0/subnets 0.187s
2025-04-29 01:32:03.787 70222 INFO tempest.lib.common.rest_client [req-7a96201e-77e4-4f38-84d3-9adb03440edf req-7a96201e-77e4-4f38-84d3-9adb03440edf ] Request (ServersTestBootFromVolume:setUpClass): 200 GET http://10.180.1.21/volume/v3/volumes/4e0c122b-23e3-4f4a-9bae-919284d77cfb 0.037s
2025-04-29 01:32:03.962 70206 INFO tempest.lib.common.rest_client [req-28ee3fd5-87e7-4555-a8dc-653ae5455c15 req-28ee3fd5-87e7-4555-a8dc-653ae5455c15 ] Request (MultipleCreateTestJSON:test_multiple_create): 200 GET http://10.180.1.21/compute/v2.1/servers/f639e7ca-e188-482a-8541-059c773578a9 0.640s
2025-04-29 01:32:04.041 70204 INFO tempest.lib.common.rest_client [req-3d8c5967-d2cc-4ce0-9f77-99057d5586c7 req-3d8c5967-d2cc-4ce0-9f77-99057d5586c7 ] Request (ServerGroupTestJSON:test_create_server_with_scheduler_hint_group): 200 GET http://10.180.1.21/compute/v2.1/servers/a3ad4820-fe91-492f-9158-7be3e7b54531 0.683s
