2025-04-29 08:50:21.061 69604 INFO tempest.lib.common.rest_client [req-c39a3edc-ae33-4e59-a9c1-12ca80269568 req-c39a3edc-ae33-4e59-a9c1-12ca80269568 ] Request (ImagesOneServerTestJSON:tearDownClass): 200 GET http://10.180.1.21/compute/v2.1/servers/594a8365-5186-4f1f-b5ff-98113fa4b8cb 0.218s
2025-04-29 08:50:21.063 69606 INFO tempest.lib.common.rest_client [req-cf460922-de44-432a-b9bf-0d2223f592de req-cf460922-de44-432a-b9bf-0d2223f592de ] Request (MigrationsAdminTest:test_list_migrations_in_flavor_resize_situation): 200 GET http://10.180.1.21/compute/v2.1/servers/bfe7a82e-684c-485e-a4b2-0e247a218637 0.209s
2025-04-29 08:50:21.120 69630 INFO tempest.lib.common.rest_client [req-b6b32d0c-d6d9-48a5-804d-f641625b33ce req-b6b32d0c-d6d9-48a5-804d-f641625b33ce ] Request (DeleteServersTestJSON:test_delete_server_while_in_attached_volume): 200 GET http://10.180.1.21/compute/v2.1/servers/51d669fe-5caa-478a-8b17-19a0e14863fb 0.211s
2025-04-29 08:50:21.130 69618 INFO tempest.lib.common.rest_client [req-da46dfbc-0999-46ea-8a51-2a713c1765c5 req-da46dfbc-0999-46ea-8a51-2a713c1765c5 ] Request (ServersTestManualDisk:tearDownClass): 200 GET http://10.180.1.21/compute/v2.1/servers/802eba9a-aeb6-46e3-8ff2-c1c71885b8ae 0.227s
2025-04-29 08:50:21.191 69616 INFO tempest.lib.common.rest_client [req-33d04545-55e8-4193-a6d9-337f363a9fe2 req-33d04545-55e8-4193-a6d9-337f363a9fe2 ] Request (ServersNegativeTestJSON:setUpClass): 200 GET http://10.180.1.21/compute/v2.1/servers/2c383460-4553-4dea-b299-e3cc52541ca2 0.169s
2025-04-29 08:50:21.191 69580 INFO tempest.lib.common.rest_client [req-55db0ba9-0749-4552-86d7-7ab722400663 req-55db0ba9-0749-4552-86d7-7ab722400663 ] Request (ServerGroupTestJSON:_run_cleanups): 200 GET http://10.180.1.21/compute/v2.1/servers/14c3d321-34a5-4a5f-946e-c6e88ad5e38f 0.235s
2025-04-29 08:50:21.267 69620 INFO tempest.lib.common.rest_client [req-01355b2f-9bd6-4d09-8179-2248f1effe39 req-01355b2f-9bd6-4d09-8179-2248f1effe39 ] Request (ListServerFiltersTestJSON:setUpClass): 200 GET http://10.180.1.21/compute/v2.1/servers/2aec3ff9-d183-4943-a03c-2a21121ed20a 0.062s
2025-04-29 08:50:21.275 69620 INFO tempest.common.waiters [-] State transition "BUILD/None" ==> "BUILD/networking" after 54 second wait
2025-04-29 08:50:21.349 69642 INFO tempest.lib.common.rest_client [req-ccb105b0-c6f1-42c3-87cc-d7c6434f3a3e req-ccb105b0-c6f1-42c3-87cc-d7c6434f3a3e ] Request (ImagesNegativeTestJSON:test_create_image_from_deleted_server): 200 GET http://10.180.1.21/compute/v2.1/servers/fc35b031-8854-4ac5-83f9-d3b6276ef345 0.069s
2025-04-29 08:50:21.382 69622 INFO tempest.lib.common.rest_client [req-ec39cf2e-49cd-4754-b3dc-b4294b8b45f6 req-ec39cf2e-49cd-4754-b3dc-b4294b8b45f6 ] Request (TenantUsagesTestJSON:setUpClass): 200 GET http://10.180.1.21/compute/v2.1/servers/d25fc554-aae7-460c-bc59-8e7bb8493d53 0.059s
2025-04-29 08:50:21.475 69592 INFO tempest.lib.common.rest_client [req-a3c077a1-4ebe-4502-8525-6ff3e9fe5091 req-a3c077a1-4ebe-4502-8525-6ff3e9fe5091 ] Request (ServersAdminTestJSON:test_create_server_with_scheduling_hint): 200 GET http://10.180.1.21/compute/v2.1/servers/2639322f-3aec-4358-a433-10f2d009784b 0.093s
2025-04-29 08:50:21.761 69624 INFO tempest.lib.common.rest_client [req-87f80ba3-7817-45e2-ae5d-e7c967b1f16f req-87f80ba3-7817-45e2-ae5d-e7c967b1f16f ] Request (ServersAdminNegativeTestJSON:tearDownClass): 200 GET http://10.180.1.21/compute/v2.1/servers/7d51790a-49cf-4543-9019-ec99fa441217 0.070s
2025-04-29 08:50:21.776 69628 INFO tempest.lib.common.rest_client [req-01055d92-6d55-4c37-85ff-873a0bf541b4 req-01055d92-6d55-4c37-85ff-873a0bf541b4 ] Request (FloatingIPsAssociationTestJSON:tearDownClass): 200 GET http://10.180.1.21/compute/v2.1/servers/f3ea3756-4188-4268-bad1-5f72cdab46aa 0.058s
2025-04-29 08:50:21.829 69610 INFO tempest.lib.common.rest_client [req-d6f5992d-405c-45b9-9b1b-388006cfb09a req-d6f5992d-405c-45b9-9b1b-388006cfb09a ] Request (ServerActionsV293TestJSON:setUpClass): 200 GET http://10.180.1.21/compute/v2.1/servers/5c617efc-c13a-4633-a7e0-9d5d6ee94280 0.070s
2025-04-29 08:50:21.830 69594 INFO tempest.lib.common.rest_client [req-e0380413-cd6c-4e54-a0a4-831febd13ad8 req-e0380413-cd6c-4e54-a0a4-831febd13ad8 ] Request (ImagesTestJSON:test_create_image_from_suspended_server): 200 GET http://10.180.1.21/compute/v2.1/servers/8e88021a-4b4a-4926-84a0-de402adb19e7 0.060s
2025-04-29 08:50:21.891 69596 INFO tempest.lib.common.rest_client [req-2f2a2012-d91b-4f0b-bfe3-6b56ae76f10c req-2f2a2012-d91b-4f0b-bfe3-6b56ae76f10c ] Request (ListImageFiltersTestJSON:setUpClass): 200 GET http://10.180.1.21/compute/v2.1/servers/9524393b-7a6e-4590-b195-e5a34c3872a1 0.064s
2025-04-29 08:50:21.898 69640 INFO tempest.lib.common.rest_client [req-e26bbae3-c97f-44b9-bb58-f8684292861d req-e26bbae3-c97f-44b9-bb58-f8684292861d ] Request (ServersAaction247Test:test_create_backup): 200 GET http://10.180.1.21/compute/v2.1/servers/11161123-3245-44ba-8031-96538d86c2cc 0.081s
2025-04-29 08:50:21.952 69614 INFO tempest.lib.common.rest_client [req-ab5e9f9a-5ef5-4597-941e-fec0cc83de39 req-ab5e9f9a-5ef5-4597-941e-fec0cc83de39 ] Request (ServerActionsTestJSON:setUpClass): 200 GET http://10.180.1.21/compute/v2.1/servers/796aa52e-d860-4f75-b1bc-4a5bc9b2c8b8 0.071s
2025-04-29 08:50:21.954 69608 INFO tempest.lib.common.rest_client [req-b08a6b02-0136-4e11-aed4-90eb1a08a0ee req-b08a6b02-0136-4e11-aed4-90eb1a08a0ee ] Request (InstanceActionsNegativeTestJSON:setUpClass): 200 GET http://10.180.1.21/compute/v2.1/servers/b1371739-7839-446a-8819-8df7cbd70c04 0.086s
2025-04-29 08:50:21.997 69582 INFO tempest.lib.common.rest_client [req-ca00de26-413c-48f3-b583-d9dbc9390401 req-ca00de26-413c-48f3-b583-d9dbc9390401 ] Request (ImagesOneServerNegativeTestJSON:_run_cleanups): 200 GET http://10.180.1.21/compute/v2.1/servers/57fd7958-1929-412f-82a7-73ef849d9a07 0.058s
2025-04-29 08:50:22.023 69600 WARNING tempest.lib.common.ssh [-] Failed to establish authenticated ssh connection to cirros@10.180.180.250 ([Errno None] Unable to connect to port 22 on 10.180.180.250). Number attempts: 10. Retry after 11 seconds.: paramiko.ssh_exception.NoValidConnectionsError: [Errno None] Unable to connect to port 22 on 10.180.180.250
2025-04-29 08:50:22.073 69627 INFO tempest.lib.common.rest_client [req-8ef34d54-f207-49eb-8010-bffc425de6a8 req-8ef34d54-f207-49eb-8010-bffc425de6a8 ] Request (ServersTestMultiNic:_run_cleanups): 200 GET http://10.180.1.21/compute/v2.1/servers/c657e795-97fa-46b2-a1ed-a208e5dd684a 0.070s
2025-04-29 08:50:22.117 69584 INFO tempest.lib.common.rest_client [req-80d874dd-aff1-4bf3-b37d-46853c6ab2ad req-80d874dd-aff1-4bf3-b37d-46853c6ab2ad ] Request (ServerRescueNegativeTestJSON:test_rescued_vm_attach_volume): 200 GET http://10.180.1.21/compute/v2.1/servers/efb3d33a-4faf-49e2-91ea-ee2b5dee15cf 0.103s
2025-04-29 08:50:22.132 69604 INFO tempest.lib.common.rest_client [req-74870a0a-86f2-4fe8-85f3-b584e2efc5d6 req-74870a0a-86f2-4fe8-85f3-b584e2efc5d6 ] Request (ImagesOneServerTestJSON:tearDownClass): 200 GET http://10.180.1.21/compute/v2.1/servers/594a8365-5186-4f1f-b5ff-98113fa4b8cb 0.064s
2025-04-29 08:50:22.162 69606 INFO tempest.lib.common.rest_client [req-aac3e76c-6f1d-4537-99a3-c2b4ba0b640f req-aac3e76c-6f1d-4537-99a3-c2b4ba0b640f ] Request (MigrationsAdminTest:test_list_migrations_in_flavor_resize_situation): 200 GET http://10.180.1.21/compute/v2.1/servers/bfe7a82e-684c-485e-a4b2-0e247a218637 0.091s
2025-04-29 08:50:22.179 69630 INFO tempest.lib.common.rest_client [req-05270727-01ce-4423-94db-72e1cdd516a6 req-05270727-01ce-4423-94db-72e1cdd516a6 ] Request (DeleteServersTestJSON:test_delete_server_while_in_attached_volume): 200 GET http://10.180.1.21/compute/v2.1/servers/51d669fe-5caa-478a-8b17-19a0e14863fb 0.051s
2025-04-29 08:50:22.216 69618 INFO tempest.lib.common.rest_client [req-32e6038a-cdb7-4179-b6ae-b46feb8465ed req-32e6038a-cdb7-4179-b6ae-b46feb8465ed ] Request (ServersTestManualDisk:tearDownClass): 200 GET http://10.180.1.21/compute/v2.1/servers/802eba9a-aeb6-46e3-8ff2-c1c71885b8ae 0.078s
2025-04-29 08:50:22.265 69580 INFO tempest.lib.common.rest_client [req-b6687bf6-6875-4173-82e1-c789a9e8d72c req-b6687bf6-6875-4173-82e1-c789a9e8d72c ] Request (ServerGroupTestJSON:_run_cleanups): 200 GET http://10.180.1.21/compute/v2.1/servers/14c3d321-34a5-4a5f-946e-c6e88ad5e38f 0.065s
2025-04-29 08:50:22.273 69616 INFO tempest.lib.common.rest_client [req-2fe7fcd5-717d-4dc7-8957-6338f81d4cac req-2fe7fcd5-717d-4dc7-8957-6338f81d4cac ] Request (ServersNegativeTestJSON:setUpClass): 200 GET http://10.180.1.21/compute/v2.1/servers/2c383460-4553-4dea-b299-e3cc52541ca2 0.072s
2025-04-29 08:50:22.390 69620 INFO tempest.lib.common.rest_client [req-a15155df-4b8a-4590-80cb-a6a0eb122439 req-a15155df-4b8a-4590-80cb-a6a0eb122439 ] Request (ListServerFiltersTestJSON:setUpClass): 200 GET http://10.180.1.21/compute/v2.1/servers/2aec3ff9-d183-4943-a03c-2a21121ed20a 0.113s
2025-04-29 08:50:22.396 69620 INFO tempest.common.waiters [-] State transition "BUILD/networking" ==> "BUILD/spawning" after 55 second wait
2025-04-29 08:50:22.421 69642 INFO tempest.lib.common.rest_client [req-5d40afb7-aed5-4d7c-b063-aeddcf11b1d6 req-5d40afb7-aed5-4d7c-b063-aeddcf11b1d6 ] Request (ImagesNegativeTestJSON:test_create_image_from_deleted_server): 200 GET http://10.180.1.21/compute/v2.1/servers/fc35b031-8854-4ac5-83f9-d3b6276ef345 0.059s
2025-04-29 08:50:22.439 69622 INFO tempest.lib.common.rest_client [req-d4fb28e8-0df2-4929-ac67-ca1a35cace1b req-d4fb28e8-0df2-4929-ac67-ca1a35cace1b ] Request (TenantUsagesTestJSON:setUpClass): 200 GET http://10.180.1.21/compute/v2.1/servers/d25fc554-aae7-460c-bc59-8e7bb8493d53 0.049s
2025-04-29 08:50:22.537 69592 INFO tempest.lib.common.rest_client [req-ee1e9005-21da-411c-866f-66d245a75f92 req-ee1e9005-21da-411c-866f-66d245a75f92 ] Request (ServersAdminTestJSON:test_create_server_with_scheduling_hint): 200 GET http://10.180.1.21/compute/v2.1/servers/2639322f-3aec-4358-a433-10f2d009784b 0.052s
2025-04-29 08:50:22.836 69624 INFO tempest.lib.common.rest_client [req-30136ddf-4fb7-4d51-bf3a-c45fae227a91 req-30136ddf-4fb7-4d51-bf3a-c45fae227a91 ] Request (ServersAdminNegativeTestJSON:tearDownClass): 200 GET http://10.180.1.21/compute/v2.1/servers/7d51790a-49cf-4543-9019-ec99fa441217 0.062s
2025-04-29 08:50:22.846 69628 INFO tempest.lib.common.rest_client [req-a1d58c9e-ad66-4e1e-b7ea-ff56c99947b7 req-a1d58c9e-ad66-4e1e-b7ea-ff56c99947b7 ] Request (FloatingIPsAssociationTestJSON:tearDownClass): 200 GET http://10.180.1.21/compute/v2.1/servers/f3ea3756-4188-4268-bad1-5f72cdab46aa 0.059s
2025-04-29 08:50:22.853 69628 INFO tempest.common.waiters [-] State transition "ACTIVE/deleting" ==> "DELETED/None" after 3 second wait
2025-04-29 08:50:22.897 69594 INFO tempest.lib.common.rest_client [req-6a2d5530-bc74-4302-8a1c-23a68cae9369 req-6a2d5530-bc74-4302-8a1c-23a68cae9369 ] Request (ImagesTestJSON:test_create_image_from_suspended_server): 200 GET http://10.180.1.21/compute/v2.1/servers/8e88021a-4b4a-4926-84a0-de402adb19e7 0.057s
2025-04-29 08:50:22.909 69610 INFO tempest.lib.common.rest_client [req-146ca54b-c8c7-4691-ab5e-7fbe5a73366c req-146ca54b-c8c7-4691-ab5e-7fbe5a73366c ] Request (ServerActionsV293TestJSON:setUpClass): 200 GET http://10.180.1.21/compute/v2.1/servers/5c617efc-c13a-4633-a7e0-9d5d6ee94280 0.066s
2025-04-29 08:50:22.960 69596 INFO tempest.lib.common.rest_client [req-f48cd27a-61e5-4072-87fa-2d4119b50110 req-f48cd27a-61e5-4072-87fa-2d4119b50110 ] Request (ListImageFiltersTestJSON:setUpClass): 200 GET http://10.180.1.21/compute/v2.1/servers/9524393b-7a6e-4590-b195-e5a34c3872a1 0.062s
2025-04-29 08:50:22.971 69640 INFO tempest.lib.common.rest_client [req-ea002f5a-d973-4137-a2bc-3b8ce26799aa req-ea002f5a-d973-4137-a2bc-3b8ce26799aa ] Request (ServersAaction247Test:test_create_backup): 200 GET http://10.180.1.21/compute/v2.1/servers/11161123-3245-44ba-8031-96538d86c2cc 0.064s
2025-04-29 08:50:23.026 69608 INFO tempest.lib.common.rest_client [req-a39afcfa-f1dc-409b-9731-113eb30d205a req-a39afcfa-f1dc-409b-9731-113eb30d205a ] Request (InstanceActionsNegativeTestJSON:setUpClass): 200 GET http://10.180.1.21/compute/v2.1/servers/b1371739-7839-446a-8819-8df7cbd70c04 0.064s
2025-04-29 08:50:23.033 69614 INFO tempest.lib.common.rest_client [req-7c788c76-a88e-4634-be5b-9f8dc67da452 req-7c788c76-a88e-4634-be5b-9f8dc67da452 ] Request (ServerActionsTestJSON:setUpClass): 200 GET http://10.180.1.21/compute/v2.1/servers/796aa52e-d860-4f75-b1bc-4a5bc9b2c8b8 0.070s
2025-04-29 08:50:23.089 69582 INFO tempest.lib.common.rest_client [req-6515aa7d-5e25-4c64-b1e2-cf0dd5feb5f5 req-6515aa7d-5e25-4c64-b1e2-cf0dd5feb5f5 ] Request (ImagesOneServerNegativeTestJSON:_run_cleanups): 200 GET http://10.180.1.21/compute/v2.1/servers/57fd7958-1929-412f-82a7-73ef849d9a07 0.085s
2025-04-29 08:50:23.150 69627 INFO tempest.lib.common.rest_client [req-52c50973-e935-4150-9454-bd1919f9acef req-52c50973-e935-4150-9454-bd1919f9acef ] Request (ServersTestMultiNic:_run_cleanups): 200 GET http://10.180.1.21/compute/v2.1/servers/c657e795-97fa-46b2-a1ed-a208e5dd684a 0.068s
2025-04-29 08:50:23.227 69604 INFO tempest.lib.common.rest_client [req-43f61498-0fd5-4864-ad0f-a62ac9d728c9 req-43f61498-0fd5-4864-ad0f-a62ac9d728c9 ] Request (ImagesOneServerTestJSON:tearDownClass): 200 GET http://10.180.1.21/compute/v2.1/servers/594a8365-5186-4f1f-b5ff-98113fa4b8cb 0.087s
2025-04-29 08:50:23.239 69584 INFO tempest.lib.common.rest_client [req-6717c8c4-f770-4832-82f4-b760ece956a0 req-6717c8c4-f770-4832-82f4-b760ece956a0 ] Request (ServerRescueNegativeTestJSON:test_rescued_vm_attach_volume): 200 GET http://10.180.1.21/compute/v2.1/servers/efb3d33a-4faf-49e2-91ea-ee2b5dee15cf 0.113s
2025-04-29 08:50:23.285 69606 INFO tempest.lib.common.rest_client [req-e5a2f2ae-fc68-4439-bfde-10e77202e9b9 req-e5a2f2ae-fc68-4439-bfde-10e77202e9b9 ] Request (MigrationsAdminTest:test_list_migrations_in_flavor_resize_situation): 200 GET http://10.180.1.21/compute/v2.1/servers/bfe7a82e-684c-485e-a4b2-0e247a218637 0.114s
2025-04-29 08:50:23.295 69630 INFO tempest.lib.common.rest_client [req-8da0dd6c-31bb-4e75-a982-46caca588bd3 req-8da0dd6c-31bb-4e75-a982-46caca588bd3 ] Request (DeleteServersTestJSON:test_delete_server_while_in_attached_volume): 200 GET http://10.180.1.21/compute/v2.1/servers/51d669fe-5caa-478a-8b17-19a0e14863fb 0.105s
2025-04-29 08:50:23.348 69618 INFO tempest.lib.common.rest_client [req-2243f159-5b5b-4174-8584-9237bc5b2087 req-2243f159-5b5b-4174-8584-9237bc5b2087 ] Request (ServersTestManualDisk:tearDownClass): 200 GET http://10.180.1.21/compute/v2.1/servers/802eba9a-aeb6-46e3-8ff2-c1c71885b8ae 0.123s
2025-04-29 08:50:23.354 69580 INFO tempest.lib.common.rest_client [req-b443ef8a-d7bd-487e-89d4-364fb96b19b1 req-b443ef8a-d7bd-487e-89d4-364fb96b19b1 ] Request (ServerGroupTestJSON:_run_cleanups): 200 GET http://10.180.1.21/compute/v2.1/servers/14c3d321-34a5-4a5f-946e-c6e88ad5e38f 0.081s
2025-04-29 08:50:23.395 69616 INFO tempest.lib.common.rest_client [req-de319733-696a-4deb-9203-413078e53181 req-de319733-696a-4deb-9203-413078e53181 ] Request (ServersNegativeTestJSON:setUpClass): 200 GET http://10.180.1.21/compute/v2.1/servers/2c383460-4553-4dea-b299-e3cc52541ca2 0.115s
2025-04-29 08:50:23.434 69602 INFO paramiko.transport [-] Connected (version 2.0, client dropbear_2020.81)
2025-04-29 08:50:23.454 69642 INFO tempest.lib.common.rest_client [req-f1db8a9f-1784-427d-831a-793d1b8c7b28 req-f1db8a9f-1784-427d-831a-793d1b8c7b28 ] Request (ImagesNegativeTestJSON:test_create_image_from_deleted_server): 404 GET http://10.180.1.21/compute/v2.1/servers/fc35b031-8854-4ac5-83f9-d3b6276ef345 0.024s
2025-04-29 08:50:23.501 69620 INFO tempest.lib.common.rest_client [req-e27246e1-3bc1-497c-8b65-09f0e47d515c req-e27246e1-3bc1-497c-8b65-09f0e47d515c ] Request (ListServerFiltersTestJSON:setUpClass): 200 GET http://10.180.1.21/compute/v2.1/servers/2aec3ff9-d183-4943-a03c-2a21121ed20a 0.103s
2025-04-29 08:50:23.517 69622 INFO tempest.lib.common.rest_client [req-cd85f319-2396-4cb4-84ca-a73607449f8c req-cd85f319-2396-4cb4-84ca-a73607449f8c ] Request (TenantUsagesTestJSON:setUpClass): 200 GET http://10.180.1.21/compute/v2.1/servers/d25fc554-aae7-460c-bc59-8e7bb8493d53 0.070s
2025-04-29 08:50:23.523 69642 INFO tempest.lib.common.rest_client [req-ad0aa713-6f4d-4184-b5b6-fdecc80b4b0f req-ad0aa713-6f4d-4184-b5b6-fdecc80b4b0f ] Request (ImagesNegativeTestJSON:test_create_image_from_deleted_server): 404 POST http://10.180.1.21/compute/v2.1/servers/fc35b031-8854-4ac5-83f9-d3b6276ef345/action 0.069s
2025-04-29 08:50:23.534 69642 INFO tempest.lib.common.rest_client [req-0316e22a-9a16-4e2c-b55a-7b0fed9721f4 req-0316e22a-9a16-4e2c-b55a-7b0fed9721f4 ] Request (ImagesNegativeTestJSON:test_create_image_from_invalid_server): 404 POST http://10.180.1.21/compute/v2.1/servers/tempest-invalid-1021700283/action 0.008s
2025-04-29 08:50:23.537 69602 INFO paramiko.transport [-] Authentication (publickey) successful!
2025-04-29 08:50:23.537 69602 INFO tempest.lib.common.ssh [-] ssh connection to cirros@10.180.180.140 successfully created
2025-04-29 08:50:23.545 69642 INFO tempest.lib.common.rest_client [req-5fb32750-33a2-45b0-84ec-e0d34b29a495 req-5fb32750-33a2-45b0-84ec-e0d34b29a495 ] Request (ImagesNegativeTestJSON:test_create_image_specify_uuid_35_characters_or_less): 404 POST http://10.180.1.21/compute/v2.1/servers/aaaaaaaaaaaaaaaaaaaaaaaaaaaaaaaaaaa/action 0.009s
2025-04-29 08:50:23.604 69602 INFO tempest.lib.common.rest_client [req-a0a1afe6-3e17-4928-989a-44ffc676b0fb req-a0a1afe6-3e17-4928-989a-44ffc676b0fb ] Request (ServersTestBootFromVolume:test_list_servers): 200 GET http://10.180.1.21/compute/v2.1/servers 0.059s
2025-04-29 08:50:23.604 69592 INFO tempest.lib.common.rest_client [req-c3427317-1a63-4a15-b170-25c61fb7721b req-c3427317-1a63-4a15-b170-25c61fb7721b ] Request (ServersAdminTestJSON:test_create_server_with_scheduling_hint): 200 GET http://10.180.1.21/compute/v2.1/servers/2639322f-3aec-4358-a433-10f2d009784b 0.059s
2025-04-29 08:50:23.610 69642 INFO tempest.lib.common.rest_client [req-1b5799f4-78b0-432c-954c-39f47daaee7f req-1b5799f4-78b0-432c-954c-39f47daaee7f ] Request (ImagesNegativeTestJSON:test_create_image_specify_uuid_37_characters_or_more): 404 POST http://10.180.1.21/compute/v2.1/servers/aaaaaaaaaaaaaaaaaaaaaaaaaaaaaaaaaaaaa/action 0.063s
2025-04-29 08:50:23.633 69642 INFO tempest.lib.common.rest_client [req-49915de4-1a54-45f5-a741-0092d11406ae req-49915de4-1a54-45f5-a741-0092d11406ae ] Request (ImagesNegativeTestJSON:tearDownClass): 404 DELETE http://10.180.1.21/compute/v2.1/servers/fc35b031-8854-4ac5-83f9-d3b6276ef345 0.021s
2025-04-29 08:50:23.654 69642 INFO tempest.lib.common.rest_client [req-0e9fdf96-6707-4706-a86f-86b0d84c1b74 req-0e9fdf96-6707-4706-a86f-86b0d84c1b74 ] Request (ImagesNegativeTestJSON:tearDownClass): 404 GET http://10.180.1.21/compute/v2.1/servers/fc35b031-8854-4ac5-83f9-d3b6276ef345 0.020s
2025-04-29 08:50:23.829 69602 INFO tempest.lib.common.rest_client [req-69b7cdfd-4b38-4df4-811c-69e9a1c946ac req-69b7cdfd-4b38-4df4-811c-69e9a1c946ac ] Request (ServersTestBootFromVolume:test_list_servers_with_detail): 200 GET http://10.180.1.21/compute/v2.1/servers/detail 0.222s
2025-04-29 08:50:23.857 69602 INFO tempest.lib.common.rest_client [req-9dee45ef-1565-47e5-89e6-d88932804192 req-9dee45ef-1565-47e5-89e6-d88932804192 ] Request (ServersTestBootFromVolume:test_verify_created_server_vcpus): 200 GET http://10.180.1.21/compute/v2.1/flavors/42 0.020s
2025-04-29 08:50:23.860 69602 INFO tempest.lib.common.ssh [-] Creating ssh connection to '10.180.180.140:22' as 'cirros' with public key authentication
2025-04-29 08:50:23.863 69602 INFO paramiko.transport [-] Connected (version 2.0, client dropbear_2020.81)
2025-04-29 08:50:23.910 69624 INFO tempest.lib.common.rest_client [req-3ab02412-811e-456e-b288-da0e79ceab32 req-3ab02412-811e-456e-b288-da0e79ceab32 ] Request (ServersAdminNegativeTestJSON:tearDownClass): 200 GET http://10.180.1.21/compute/v2.1/servers/7d51790a-49cf-4543-9019-ec99fa441217 0.065s
2025-04-29 08:50:23.926 69628 INFO tempest.lib.common.rest_client [req-901088a1-1b14-401f-896c-71ed0ed0ea53 req-901088a1-1b14-401f-896c-71ed0ed0ea53 ] Request (FloatingIPsAssociationTestJSON:tearDownClass): 200 GET http://10.180.1.21/compute/v2.1/servers/f3ea3756-4188-4268-bad1-5f72cdab46aa 0.072s
2025-04-29 08:50:23.965 69594 INFO tempest.lib.common.rest_client [req-53303c0a-ce08-4f57-b474-63757e18aba0 req-53303c0a-ce08-4f57-b474-63757e18aba0 ] Request (ImagesTestJSON:test_create_image_from_suspended_server): 200 GET http://10.180.1.21/compute/v2.1/servers/8e88021a-4b4a-4926-84a0-de402adb19e7 0.058s
2025-04-29 08:50:23.965 69602 INFO paramiko.transport [-] Authentication (publickey) successful!
2025-04-29 08:50:23.966 69602 INFO tempest.lib.common.ssh [-] ssh connection to cirros@10.180.180.140 successfully created
2025-04-29 08:50:23.996 69610 INFO tempest.lib.common.rest_client [req-6a3f7b43-5c36-49bc-b2eb-c4992a09f8c7 req-6a3f7b43-5c36-49bc-b2eb-c4992a09f8c7 ] Request (ServerActionsV293TestJSON:setUpClass): 200 GET http://10.180.1.21/compute/v2.1/servers/5c617efc-c13a-4633-a7e0-9d5d6ee94280 0.076s
2025-04-29 08:50:24.089 69602 INFO tempest.lib.common.rest_client [req-acb637d4-780a-425e-b36d-cd339b59d56c req-acb637d4-780a-425e-b36d-cd339b59d56c ] Request (ServersTestBootFromVolume:tearDownClass): 204 DELETE http://10.180.1.21/compute/v2.1/servers/316ae0ae-492d-4fc1-aed3-d2b2bae0eaaa 0.116s
2025-04-29 08:50:24.145 69640 INFO tempest.lib.common.rest_client [req-84a79c45-be44-49d7-b7e0-ff5a92a3d48f req-84a79c45-be44-49d7-b7e0-ff5a92a3d48f ] Request (ServersAaction247Test:test_create_backup): 200 GET http://10.180.1.21/compute/v2.1/servers/11161123-3245-44ba-8031-96538d86c2cc 0.163s
2025-04-29 08:50:24.196 69608 INFO tempest.lib.common.rest_client [req-bea7513e-8f4b-48d1-b93d-117a3e516ae1 req-bea7513e-8f4b-48d1-b93d-117a3e516ae1 ] Request (InstanceActionsNegativeTestJSON:setUpClass): 200 GET http://10.180.1.21/compute/v2.1/servers/b1371739-7839-446a-8819-8df7cbd70c04 0.162s
2025-04-29 08:50:24.240 69614 INFO tempest.lib.common.rest_client [req-798e3c5c-7120-4280-8cea-45e6a5256df4 req-798e3c5c-7120-4280-8cea-45e6a5256df4 ] Request (ServerActionsTestJSON:setUpClass): 200 GET http://10.180.1.21/compute/v2.1/servers/796aa52e-d860-4f75-b1bc-4a5bc9b2c8b8 0.198s
2025-04-29 08:50:24.273 69596 INFO tempest.lib.common.rest_client [req-98346804-e628-4115-bae5-a31fd7b2c2f4 req-98346804-e628-4115-bae5-a31fd7b2c2f4 ] Request (ListImageFiltersTestJSON:setUpClass): 200 GET http://10.180.1.21/compute/v2.1/servers/9524393b-7a6e-4590-b195-e5a34c3872a1 0.303s
2025-04-29 08:50:24.322 69582 INFO tempest.lib.common.rest_client [req-538e6bff-baa9-4af6-8e7b-a4fe4acadcd6 req-538e6bff-baa9-4af6-8e7b-a4fe4acadcd6 ] Request (ImagesOneServerNegativeTestJSON:_run_cleanups): 200 GET http://10.180.1.21/compute/v2.1/servers/57fd7958-1929-412f-82a7-73ef849d9a07 0.223s
2025-04-29 08:50:24.346 69602 INFO tempest.lib.common.rest_client [req-2fcc61da-bade-4252-a3ad-421d757a6245 req-2fcc61da-bade-4252-a3ad-421d757a6245 ] Request (ServersTestBootFromVolume:tearDownClass): 200 GET http://10.180.1.21/compute/v2.1/servers/316ae0ae-492d-4fc1-aed3-d2b2bae0eaaa 0.256s
2025-04-29 08:50:24.382 69627 INFO tempest.lib.common.rest_client [req-857730e4-fc4f-4edc-b8f7-d01d5652e298 req-857730e4-fc4f-4edc-b8f7-d01d5652e298 ] Request (ServersTestMultiNic:_run_cleanups): 200 GET http://10.180.1.21/compute/v2.1/servers/c657e795-97fa-46b2-a1ed-a208e5dd684a 0.221s
2025-04-29 08:50:24.401 69604 INFO tempest.lib.common.rest_client [req-8838a1b9-cd4c-469e-81a5-151e964d6432 req-8838a1b9-cd4c-469e-81a5-151e964d6432 ] Request (ImagesOneServerTestJSON:tearDownClass): 200 GET http://10.180.1.21/compute/v2.1/servers/594a8365-5186-4f1f-b5ff-98113fa4b8cb 0.167s
2025-04-29 08:50:24.458 69642 INFO tempest.lib.common.rest_client [req-00527067-33ef-4485-b362-dcd3e2573acd req-00527067-33ef-4485-b362-dcd3e2573acd ] Request (ImagesNegativeTestJSON:tearDownClass): 200 PUT http://10.180.1.21:9696/networking/v2.0/routers/5df41d36-8f35-4d50-9813-9c4e4384cb4d/remove_router_interface 0.804s
2025-04-29 08:50:24.463 69606 INFO tempest.lib.common.rest_client [req-a25c8405-d689-4ff0-9054-0c027ff18d50 req-a25c8405-d689-4ff0-9054-0c027ff18d50 ] Request (MigrationsAdminTest:test_list_migrations_in_flavor_resize_situation): 200 GET http://10.180.1.21/compute/v2.1/servers/bfe7a82e-684c-485e-a4b2-0e247a218637 0.170s
2025-04-29 08:50:24.510 69584 INFO tempest.lib.common.rest_client [req-806faa71-c1ca-4743-9a16-a61557042389 req-806faa71-c1ca-4743-9a16-a61557042389 ] Request (ServerRescueNegativeTestJSON:test_rescued_vm_attach_volume): 200 GET http://10.180.1.21/compute/v2.1/servers/efb3d33a-4faf-49e2-91ea-ee2b5dee15cf 0.262s
2025-04-29 08:50:24.517 69630 INFO tempest.lib.common.rest_client [req-2aee344f-c837-47c1-a6f6-74876770c7ad req-2aee344f-c837-47c1-a6f6-74876770c7ad ] Request (DeleteServersTestJSON:test_delete_server_while_in_attached_volume): 200 GET http://10.180.1.21/compute/v2.1/servers/51d669fe-5caa-478a-8b17-19a0e14863fb 0.214s
2025-04-29 08:50:24.573 69618 INFO tempest.lib.common.rest_client [req-47d97e8f-4148-4315-89b9-c5f79a5c9a18 req-47d97e8f-4148-4315-89b9-c5f79a5c9a18 ] Request (ServersTestManualDisk:tearDownClass): 200 GET http://10.180.1.21/compute/v2.1/servers/802eba9a-aeb6-46e3-8ff2-c1c71885b8ae 0.213s
2025-04-29 08:50:24.584 69580 INFO tempest.lib.common.rest_client [req-9f47e084-7bf2-4a9d-9871-f643c7ead484 req-9f47e084-7bf2-4a9d-9871-f643c7ead484 ] Request (ServerGroupTestJSON:_run_cleanups): 200 GET http://10.180.1.21/compute/v2.1/servers/14c3d321-34a5-4a5f-946e-c6e88ad5e38f 0.223s
2025-04-29 08:50:24.625 69616 INFO tempest.lib.common.rest_client [req-71b35665-b213-4ed2-a5ff-685855d6533c req-71b35665-b213-4ed2-a5ff-685855d6533c ] Request (ServersNegativeTestJSON:setUpClass): 200 GET http://10.180.1.21/compute/v2.1/servers/2c383460-4553-4dea-b299-e3cc52541ca2 0.222s
2025-04-29 08:50:24.684 69622 INFO tempest.lib.common.rest_client [req-b45f2d87-ee85-4591-8535-1063d0453869 req-b45f2d87-ee85-4591-8535-1063d0453869 ] Request (TenantUsagesTestJSON:setUpClass): 200 GET http://10.180.1.21/compute/v2.1/servers/d25fc554-aae7-460c-bc59-8e7bb8493d53 0.159s
2025-04-29 08:50:24.694 69620 INFO tempest.lib.common.rest_client [req-e361f045-17c9-4e1c-9fdf-da4d2e43e9c8 req-e361f045-17c9-4e1c-9fdf-da4d2e43e9c8 ] Request (ListServerFiltersTestJSON:setUpClass): 200 GET http://10.180.1.21/compute/v2.1/servers/2aec3ff9-d183-4943-a03c-2a21121ed20a 0.185s
2025-04-29 08:50:24.734 69592 INFO tempest.lib.common.rest_client [req-d447834c-2767-4122-a877-9edc652d0c67 req-d447834c-2767-4122-a877-9edc652d0c67 ] Request (ServersAdminTestJSON:test_create_server_with_scheduling_hint): 200 GET http://10.180.1.21/compute/v2.1/servers/2639322f-3aec-4358-a433-10f2d009784b 0.122s
2025-04-29 08:50:24.842 69642 INFO tempest.lib.common.rest_client [req-2704c890-9551-4443-bdc2-300c39eee122 req-2704c890-9551-4443-bdc2-300c39eee122 ] Request (ImagesNegativeTestJSON:tearDownClass): 204 DELETE http://10.180.1.21:9696/networking/v2.0/routers/5df41d36-8f35-4d50-9813-9c4e4384cb4d 0.383s
2025-04-29 08:50:24.955 69642 INFO tempest.lib.common.rest_client [req-0c97ef3c-0c1a-4d04-b146-342ae862c970 req-0c97ef3c-0c1a-4d04-b146-342ae862c970 ] Request (ImagesNegativeTestJSON:tearDownClass): 204 DELETE http://10.180.1.21:9696/networking/v2.0/subnets/ef5d07ed-4078-4c77-8e99-adcee3cd1231 0.113s
2025-04-29 08:50:25.021 69624 INFO tempest.lib.common.rest_client [req-583e528f-a83c-4a79-b645-96e273e04d14 req-583e528f-a83c-4a79-b645-96e273e04d14 ] Request (ServersAdminNegativeTestJSON:tearDownClass): 200 GET http://10.180.1.21/compute/v2.1/servers/7d51790a-49cf-4543-9019-ec99fa441217 0.102s
2025-04-29 08:50:25.033 69628 INFO tempest.lib.common.rest_client [req-5fb2ae08-d0ba-460a-855b-84354af68476 req-5fb2ae08-d0ba-460a-855b-84354af68476 ] Request (FloatingIPsAssociationTestJSON:tearDownClass): 200 GET http://10.180.1.21/compute/v2.1/servers/f3ea3756-4188-4268-bad1-5f72cdab46aa 0.097s
2025-04-29 08:50:25.107 69594 INFO tempest.lib.common.rest_client [req-667968ac-eb24-4270-83a4-1169bf4157e7 req-667968ac-eb24-4270-83a4-1169bf4157e7 ] Request (ImagesTestJSON:test_create_image_from_suspended_server): 200 GET http://10.180.1.21/compute/v2.1/servers/8e88021a-4b4a-4926-84a0-de402adb19e7 0.130s
2025-04-29 08:50:25.141 69610 INFO tempest.lib.common.rest_client [req-ff1cdc4e-4f5e-446a-b5ed-cbb55ef303b6 req-ff1cdc4e-4f5e-446a-b5ed-cbb55ef303b6 ] Request (ServerActionsV293TestJSON:setUpClass): 200 GET http://10.180.1.21/compute/v2.1/servers/5c617efc-c13a-4633-a7e0-9d5d6ee94280 0.120s
2025-04-29 08:50:25.225 69640 INFO tempest.lib.common.rest_client [req-c148d64e-c704-4479-b4e4-801b9e68f146 req-c148d64e-c704-4479-b4e4-801b9e68f146 ] Request (ServersAaction247Test:test_create_backup): 200 GET http://10.180.1.21/compute/v2.1/servers/11161123-3245-44ba-8031-96538d86c2cc 0.069s
2025-04-29 08:50:25.265 69642 INFO tempest.lib.common.rest_client [req-217ec4d5-bd0b-478b-9886-b17a6d512ce9 req-217ec4d5-bd0b-478b-9886-b17a6d512ce9 ] Request (ImagesNegativeTestJSON:tearDownClass): 204 DELETE http://10.180.1.21:9696/networking/v2.0/networks/317e6dc6-c935-41a0-9576-e416a47e522a 0.309s
2025-04-29 08:50:25.272 69608 INFO tempest.lib.common.rest_client [req-3b1a2fbf-852a-4fc8-ba76-1e11f5d91e71 req-3b1a2fbf-852a-4fc8-ba76-1e11f5d91e71 ] Request (InstanceActionsNegativeTestJSON:setUpClass): 200 GET http://10.180.1.21/compute/v2.1/servers/b1371739-7839-446a-8819-8df7cbd70c04 0.065s
2025-04-29 08:50:25.321 69614 INFO tempest.lib.common.rest_client [req-815e860f-7d10-4b27-adee-37fb1f21be02 req-815e860f-7d10-4b27-adee-37fb1f21be02 ] Request (ServerActionsTestJSON:setUpClass): 200 GET http://10.180.1.21/compute/v2.1/servers/796aa52e-d860-4f75-b1bc-4a5bc9b2c8b8 0.072s
2025-04-29 08:50:25.342 69596 INFO tempest.lib.common.rest_client [req-a9d00285-6723-4985-8aa6-97e0a3bc2906 req-a9d00285-6723-4985-8aa6-97e0a3bc2906 ] Request (ListImageFiltersTestJSON:setUpClass): 200 GET http://10.180.1.21/compute/v2.1/servers/9524393b-7a6e-4590-b195-e5a34c3872a1 0.059s
2025-04-29 08:50:25.393 69582 INFO tempest.lib.common.rest_client [req-b121a9d7-d724-4b60-ad73-b0b1f2338376 req-b121a9d7-d724-4b60-ad73-b0b1f2338376 ] Request (ImagesOneServerNegativeTestJSON:_run_cleanups): 200 GET http://10.180.1.21/compute/v2.1/servers/57fd7958-1929-412f-82a7-73ef849d9a07 0.054s
2025-04-29 08:50:25.394 69642 INFO tempest.lib.common.rest_client [req-43c1dc03-ddda-4b23-ac73-8ba48ed66ba6 req-43c1dc03-ddda-4b23-ac73-8ba48ed66ba6 ] Request (ImagesNegativeTestJSON:tearDownClass): 204 DELETE http://10.180.1.21/identity/v3/users/a6c11603e0a347c98954d3ad03a0470c 0.129s
2025-04-29 08:50:25.394 69642 INFO tempest.lib.common.dynamic_creds [-] Deleting project and security group for project: fcd6c7416d11441e91b215cd220c4dca
2025-04-29 08:50:25.425 69642 INFO tempest.lib.common.rest_client [req-68d3bbb6-a365-40ef-bcd5-08857dbdfbf5 req-68d3bbb6-a365-40ef-bcd5-08857dbdfbf5 ] Request (ImagesNegativeTestJSON:tearDownClass): 200 GET http://10.180.1.21:9696/networking/v2.0/security-groups?tenant_id=fcd6c7416d11441e91b215cd220c4dca&name=default 0.030s
2025-04-29 08:50:25.462 69627 INFO tempest.lib.common.rest_client [req-e2d70ad3-8bf2-43cf-8121-1d0c75c58c49 req-e2d70ad3-8bf2-43cf-8121-1d0c75c58c49 ] Request (ServersTestMultiNic:_run_cleanups): 200 GET http://10.180.1.21/compute/v2.1/servers/c657e795-97fa-46b2-a1ed-a208e5dd684a 0.072s
2025-04-29 08:50:25.477 69602 INFO tempest.lib.common.rest_client [req-8603b7b7-3bc2-46bd-a63c-e5ebc3d14710 req-8603b7b7-3bc2-46bd-a63c-e5ebc3d14710 ] Request (ServersTestBootFromVolume:tearDownClass): 200 GET http://10.180.1.21/compute/v2.1/servers/316ae0ae-492d-4fc1-aed3-d2b2bae0eaaa 0.121s
2025-04-29 08:50:25.519 69642 INFO tempest.lib.common.rest_client [req-1361013b-ccfd-42b0-a2d7-c2aba6fe05be req-1361013b-ccfd-42b0-a2d7-c2aba6fe05be ] Request (ImagesNegativeTestJSON:tearDownClass): 204 DELETE http://10.180.1.21:9696/networking/v2.0/security-groups/69a6662a-ad20-4a62-a1cd-f2b43eb61276 0.093s
2025-04-29 08:50:25.538 69604 INFO tempest.lib.common.rest_client [req-15a1b805-7b97-49d5-91bd-fd13c9d40dac req-15a1b805-7b97-49d5-91bd-fd13c9d40dac ] Request (ImagesOneServerTestJSON:tearDownClass): 200 GET http://10.180.1.21/compute/v2.1/servers/594a8365-5186-4f1f-b5ff-98113fa4b8cb 0.128s
2025-04-29 08:50:25.553 69606 INFO tempest.lib.common.rest_client [req-f21775d7-7c9f-4092-a1a5-799c51be51f1 req-f21775d7-7c9f-4092-a1a5-799c51be51f1 ] Request (MigrationsAdminTest:test_list_migrations_in_flavor_resize_situation): 200 GET http://10.180.1.21/compute/v2.1/servers/bfe7a82e-684c-485e-a4b2-0e247a218637 0.082s
2025-04-29 08:50:25.616 69630 INFO tempest.lib.common.rest_client [req-1dbbf131-3240-4ded-9727-f286a38441a4 req-1dbbf131-3240-4ded-9727-f286a38441a4 ] Request (DeleteServersTestJSON:test_delete_server_while_in_attached_volume): 200 GET http://10.180.1.21/compute/v2.1/servers/51d669fe-5caa-478a-8b17-19a0e14863fb 0.088s
2025-04-29 08:50:25.636 69642 INFO tempest.lib.common.rest_client [req-f0058405-1bc5-415a-b68d-2490356a751f req-f0058405-1bc5-415a-b68d-2490356a751f ] Request (ImagesNegativeTestJSON:tearDownClass): 204 DELETE http://10.180.1.21/identity/v3/projects/fcd6c7416d11441e91b215cd220c4dca 0.117s
2025-04-29 08:50:25.658 69584 INFO tempest.lib.common.rest_client [req-0d3e4422-b6fc-4b82-9412-097555b2e12f req-0d3e4422-b6fc-4b82-9412-097555b2e12f ] Request (ServerRescueNegativeTestJSON:test_rescued_vm_attach_volume): 200 GET http://10.180.1.21/compute/v2.1/servers/efb3d33a-4faf-49e2-91ea-ee2b5dee15cf 0.134s
2025-04-29 08:50:25.682 69618 INFO tempest.lib.common.rest_client [req-1d978294-f620-4ef1-b1bc-f6361ec60c96 req-1d978294-f620-4ef1-b1bc-f6361ec60c96 ] Request (ServersTestManualDisk:tearDownClass): 200 GET http://10.180.1.21/compute/v2.1/servers/802eba9a-aeb6-46e3-8ff2-c1c71885b8ae 0.099s
2025-04-29 08:50:25.703 69642 INFO tempest.lib.common.rest_client [req-df849205-673d-4413-a2b6-cfdee7af8c01 req-df849205-673d-4413-a2b6-cfdee7af8c01 ] Request (QuotasTestJSON:setUpClass): 201 POST http://10.180.1.21/identity/v3/auth/tokens 0.064s
2025-04-29 08:50:25.720 69580 INFO tempest.lib.common.rest_client [req-56c830e6-75a8-44bd-b556-b4ae4fc5edee req-56c830e6-75a8-44bd-b556-b4ae4fc5edee ] Request (ServerGroupTestJSON:_run_cleanups): 200 GET http://10.180.1.21/compute/v2.1/servers/14c3d321-34a5-4a5f-946e-c6e88ad5e38f 0.126s
2025-04-29 08:50:25.729 69616 INFO tempest.lib.common.rest_client [req-cec533f2-a462-403b-8e48-3f254bc7e076 req-cec533f2-a462-403b-8e48-3f254bc7e076 ] Request (ServersNegativeTestJSON:setUpClass): 200 GET http://10.180.1.21/compute/v2.1/servers/2c383460-4553-4dea-b299-e3cc52541ca2 0.092s
2025-04-29 08:50:25.736 69642 INFO tempest.lib.common.rest_client [req-fbe5b8dd-a91c-4b86-9047-394d9cb22c02 req-fbe5b8dd-a91c-4b86-9047-394d9cb22c02 ] Request (QuotasTestJSON:setUpClass): 201 POST http://10.180.1.21/identity/v3/auth/tokens 0.031s
2025-04-29 08:50:25.770 69642 INFO tempest.lib.common.rest_client [req-5710ee09-e717-4299-b01c-c09cdd3f5663 req-5710ee09-e717-4299-b01c-c09cdd3f5663 ] Request (QuotasTestJSON:setUpClass): 200 GET http://10.180.1.21/identity/v3/domains?name=Default 0.033s
2025-04-29 08:50:25.774 69622 INFO tempest.lib.common.rest_client [req-cee9690d-e047-4bcb-bbaa-dbe569929e42 req-cee9690d-e047-4bcb-bbaa-dbe569929e42 ] Request (TenantUsagesTestJSON:setUpClass): 200 GET http://10.180.1.21/compute/v2.1/servers/d25fc554-aae7-460c-bc59-8e7bb8493d53 0.081s
2025-04-29 08:50:25.802 69642 INFO tempest.lib.common.rest_client [req-00a59512-eb29-457e-a691-306dfd216867 req-00a59512-eb29-457e-a691-306dfd216867 ] Request (QuotasTestJSON:setUpClass): 201 POST http://10.180.1.21/identity/v3/projects 0.031s
2025-04-29 08:50:25.832 69592 INFO tempest.lib.common.rest_client [req-a822ad0b-5a76-4513-b100-8fc65d7fad8e req-a822ad0b-5a76-4513-b100-8fc65d7fad8e ] Request (ServersAdminTestJSON:test_create_server_with_scheduling_hint): 200 GET http://10.180.1.21/compute/v2.1/servers/2639322f-3aec-4358-a433-10f2d009784b 0.088s
2025-04-29 08:50:25.843 69620 INFO tempest.lib.common.rest_client [req-7fa20098-f22f-4198-9eb7-516118a5cd62 req-7fa20098-f22f-4198-9eb7-516118a5cd62 ] Request (ListServerFiltersTestJSON:setUpClass): 200 GET http://10.180.1.21/compute/v2.1/servers/2aec3ff9-d183-4943-a03c-2a21121ed20a 0.140s
2025-04-29 08:50:25.868 69642 INFO tempest.lib.common.rest_client [req-fd918564-e7c5-4260-9906-7c2b2c23e13c req-fd918564-e7c5-4260-9906-7c2b2c23e13c ] Request (QuotasTestJSON:setUpClass): 201 POST http://10.180.1.21/identity/v3/users 0.065s
2025-04-29 08:50:25.894 69642 INFO tempest.lib.common.rest_client [req-5bb64d97-53bc-4c23-accf-0a9fd43850c4 req-5bb64d97-53bc-4c23-accf-0a9fd43850c4 ] Request (QuotasTestJSON:setUpClass): 200 GET http://10.180.1.21/identity/v3/roles 0.026s
2025-04-29 08:50:25.925 69642 INFO tempest.lib.common.rest_client [req-e9c4e452-8c98-4339-9758-5a9193a448c6 req-e9c4e452-8c98-4339-9758-5a9193a448c6 ] Request (QuotasTestJSON:setUpClass): 204 PUT http://10.180.1.21/identity/v3/projects/236cea9576e2469799d48b102d1337c1/users/e7b0ae57cef84e489e4850a3ad554d3c/roles/bf0af078731840858a5fb8cc72a1d2dd 0.030s
2025-04-29 08:50:25.925 69642 INFO tempest.lib.common.dynamic_creds [-] Dynamic test user e7b0ae57cef84e489e4850a3ad554d3c is created with scope project and roles: ['member']
2025-04-29 08:50:25.926 69642 INFO tempest.lib.common.dynamic_creds [-] Acquired dynamic creds: credentials: Credentials: {'domain_id': 'default', 'domain_name': 'Default', 'username': 'tempest-QuotasTestJSON-1196822110-project-member', 'project_domain_id': 'default', 'project_domain_name': 'Default', 'project_id': '236cea9576e2469799d48b102d1337c1', 'project_name': 'tempest-QuotasTestJSON-1196822110', 'tenant_id': '236cea9576e2469799d48b102d1337c1', 'tenant_name': 'tempest-QuotasTestJSON-1196822110', 'user_domain_id': 'default', 'user_domain_name': 'Default', 'user_id': 'e7b0ae57cef84e489e4850a3ad554d3c', 'system': None}, Network: None, Subnet: None, Router: None
2025-04-29 08:50:25.926 69642 INFO tempest.lib.common.dynamic_creds [-] Created isolated network resources for: credentials: Credentials: {'domain_id': 'default', 'domain_name': 'Default', 'username': 'tempest-QuotasTestJSON-1196822110-project-member', 'project_domain_id': 'default', 'project_domain_name': 'Default', 'project_id': '236cea9576e2469799d48b102d1337c1', 'project_name': 'tempest-QuotasTestJSON-1196822110', 'tenant_id': '236cea9576e2469799d48b102d1337c1', 'tenant_name': 'tempest-QuotasTestJSON-1196822110', 'user_domain_id': 'default', 'user_domain_name': 'Default', 'user_id': 'e7b0ae57cef84e489e4850a3ad554d3c', 'system': None}, Network: None, Subnet: None, Router: None
2025-04-29 08:50:25.996 69642 INFO tempest.lib.common.rest_client [req-8cb61cea-b9d3-4591-b9a1-4b3267bad618 req-8cb61cea-b9d3-4591-b9a1-4b3267bad618 ] Request (QuotasTestJSON:setUpClass): 201 POST http://10.180.1.21/identity/v3/auth/tokens 0.067s
2025-04-29 08:50:26.061 69624 INFO tempest.lib.common.rest_client [req-59aadfdf-5424-4fc2-8b38-1c059856c6ee req-59aadfdf-5424-4fc2-8b38-1c059856c6ee ] Request (ServersAdminNegativeTestJSON:tearDownClass): 404 GET http://10.180.1.21/compute/v2.1/servers/7d51790a-49cf-4543-9019-ec99fa441217 0.024s
2025-04-29 08:50:26.100 69642 INFO tempest.lib.common.rest_client [req-cbd10a84-7774-40c8-801e-d3b914da160c req-cbd10a84-7774-40c8-801e-d3b914da160c ] Request (QuotasTestJSON:test_compare_tenant_quotas_with_default_quotas): 200 GET http://10.180.1.21/compute/v2.1/os-quota-sets/236cea9576e2469799d48b102d1337c1/defaults 0.102s
2025-04-29 08:50:26.124 69628 INFO tempest.lib.common.rest_client [req-973cfc69-86a2-48a9-be89-385dabae76af req-973cfc69-86a2-48a9-be89-385dabae76af ] Request (FloatingIPsAssociationTestJSON:tearDownClass): 200 GET http://10.180.1.21/compute/v2.1/servers/f3ea3756-4188-4268-bad1-5f72cdab46aa 0.082s
2025-04-29 08:50:26.174 69642 INFO tempest.lib.common.rest_client [req-8ef4bb03-f33c-4b86-97cf-9f2023575a38 req-8ef4bb03-f33c-4b86-97cf-9f2023575a38 ] Request (QuotasTestJSON:test_compare_tenant_quotas_with_default_quotas): 200 GET http://10.180.1.21/compute/v2.1/os-quota-sets/236cea9576e2469799d48b102d1337c1 0.072s
2025-04-29 08:50:26.180 69624 INFO tempest.lib.common.rest_client [req-317fcac6-2532-44e8-9865-05f7a611f6d0 req-317fcac6-2532-44e8-9865-05f7a611f6d0 ] Request (ServersAdminNegativeTestJSON:tearDownClass): 204 DELETE http://10.180.1.21/compute/v2.1/servers/f7dba330-0d27-429c-860e-4e74e14bf018 0.118s
2025-04-29 08:50:26.231 69594 INFO tempest.lib.common.rest_client [req-87b34f73-0850-454a-9f94-ee04d14abb6d req-87b34f73-0850-454a-9f94-ee04d14abb6d ] Request (ImagesTestJSON:test_create_image_from_suspended_server): 200 GET http://10.180.1.21/compute/v2.1/servers/8e88021a-4b4a-4926-84a0-de402adb19e7 0.115s
2025-04-29 08:50:26.243 69610 INFO tempest.lib.common.rest_client [req-0a211283-fa78-4331-98c3-2358c30062f3 req-0a211283-fa78-4331-98c3-2358c30062f3 ] Request (ServerActionsV293TestJSON:setUpClass): 200 GET http://10.180.1.21/compute/v2.1/servers/5c617efc-c13a-4633-a7e0-9d5d6ee94280 0.085s
2025-04-29 08:50:26.266 69642 INFO tempest.lib.common.rest_client [req-396a205d-45c9-4f23-b798-45c1f003bc97 req-396a205d-45c9-4f23-b798-45c1f003bc97 ] Request (QuotasTestJSON:test_get_default_quotas): 200 GET http://10.180.1.21/compute/v2.1/os-quota-sets/236cea9576e2469799d48b102d1337c1/defaults 0.087s
2025-04-29 08:50:26.327 69640 INFO tempest.lib.common.rest_client [req-7742e30b-4849-4887-a7aa-f001fb7f868f req-7742e30b-4849-4887-a7aa-f001fb7f868f ] Request (ServersAaction247Test:test_create_backup): 200 GET http://10.180.1.21/compute/v2.1/servers/11161123-3245-44ba-8031-96538d86c2cc 0.090s
2025-04-29 08:50:26.364 69642 INFO tempest.lib.common.rest_client [req-463b094d-8c1f-44d2-bc70-b6089ad864ec req-463b094d-8c1f-44d2-bc70-b6089ad864ec ] Request (QuotasTestJSON:test_get_quotas): 200 GET http://10.180.1.21/compute/v2.1/os-quota-sets/236cea9576e2469799d48b102d1337c1 0.093s
2025-04-29 08:50:26.373 69624 INFO tempest.lib.common.rest_client [req-61a725c2-2d29-454d-b838-352c6b2bf461 req-61a725c2-2d29-454d-b838-352c6b2bf461 ] Request (ServersAdminNegativeTestJSON:tearDownClass): 200 GET http://10.180.1.21/compute/v2.1/servers/f7dba330-0d27-429c-860e-4e74e14bf018 0.193s
2025-04-29 08:50:26.417 69608 INFO tempest.lib.common.rest_client [req-13a76959-aaa5-4b14-a98f-c68dfb143426 req-13a76959-aaa5-4b14-a98f-c68dfb143426 ] Request (InstanceActionsNegativeTestJSON:setUpClass): 200 GET http://10.180.1.21/compute/v2.1/servers/b1371739-7839-446a-8819-8df7cbd70c04 0.136s
2025-04-29 08:50:26.423 69614 INFO tempest.lib.common.rest_client [req-186f6827-11f5-4733-89b8-6636ee068f53 req-186f6827-11f5-4733-89b8-6636ee068f53 ] Request (ServerActionsTestJSON:setUpClass): 200 GET http://10.180.1.21/compute/v2.1/servers/796aa52e-d860-4f75-b1bc-4a5bc9b2c8b8 0.093s
2025-04-29 08:50:26.468 69596 INFO tempest.lib.common.rest_client [req-a8f42465-a912-4bd8-9ef7-a0568a30d744 req-a8f42465-a912-4bd8-9ef7-a0568a30d744 ] Request (ListImageFiltersTestJSON:setUpClass): 200 GET http://10.180.1.21/compute/v2.1/servers/9524393b-7a6e-4590-b195-e5a34c3872a1 0.118s
2025-04-29 08:50:26.473 69642 INFO tempest.lib.common.rest_client [req-c3b58fb5-bcdd-4145-9e40-4c1c9f4ef84d req-c3b58fb5-bcdd-4145-9e40-4c1c9f4ef84d ] Request (QuotasTestJSON:test_get_quotas): 200 GET http://10.180.1.21/compute/v2.1/os-quota-sets/236cea9576e2469799d48b102d1337c1?user_id=e7b0ae57cef84e489e4850a3ad554d3c 0.106s
2025-04-29 08:50:26.530 69582 INFO tempest.lib.common.rest_client [req-f4613206-ca33-4485-b6a1-21e9a2f8da4f req-f4613206-ca33-4485-b6a1-21e9a2f8da4f ] Request (ImagesOneServerNegativeTestJSON:_run_cleanups): 200 GET http://10.180.1.21/compute/v2.1/servers/57fd7958-1929-412f-82a7-73ef849d9a07 0.129s
2025-04-29 08:50:26.546 69627 INFO tempest.lib.common.rest_client [req-d23bbbae-e7df-46e6-ac22-3a7850d89027 req-d23bbbae-e7df-46e6-ac22-3a7850d89027 ] Request (ServersTestMultiNic:_run_cleanups): 200 GET http://10.180.1.21/compute/v2.1/servers/c657e795-97fa-46b2-a1ed-a208e5dd684a 0.075s
2025-04-29 08:50:26.631 69604 INFO tempest.lib.common.rest_client [req-62fd1868-1656-4566-a4fa-dfeb01dc373b req-62fd1868-1656-4566-a4fa-dfeb01dc373b ] Request (ImagesOneServerTestJSON:tearDownClass): 200 GET http://10.180.1.21/compute/v2.1/servers/594a8365-5186-4f1f-b5ff-98113fa4b8cb 0.081s
2025-04-29 08:50:26.631 69642 INFO tempest.lib.common.rest_client [req-61e150ee-6366-4428-94ad-eca6d0576b3a req-61e150ee-6366-4428-94ad-eca6d0576b3a ] Request (QuotasTestJSON:tearDownClass): 204 DELETE http://10.180.1.21/identity/v3/users/e7b0ae57cef84e489e4850a3ad554d3c 0.147s
2025-04-29 08:50:26.631 69642 INFO tempest.lib.common.dynamic_creds [-] Deleting project and security group for project: 236cea9576e2469799d48b102d1337c1
2025-04-29 08:50:26.688 69602 INFO tempest.lib.common.rest_client [req-74cd79dd-5a6a-4133-816f-120b4cda3ee6 req-74cd79dd-5a6a-4133-816f-120b4cda3ee6 ] Request (ServersTestBootFromVolume:tearDownClass): 200 GET http://10.180.1.21/compute/v2.1/servers/316ae0ae-492d-4fc1-aed3-d2b2bae0eaaa 0.197s
2025-04-29 08:50:26.693 69612 WARNING tempest.lib.common.ssh [-] Failed to establish authenticated ssh connection to cirros@10.180.180.188 ([Errno None] Unable to connect to port 22 on 10.180.180.188). Number attempts: 7. Retry after 8 seconds.: paramiko.ssh_exception.NoValidConnectionsError: [Errno None] Unable to connect to port 22 on 10.180.180.188
2025-04-29 08:50:26.695 69606 INFO tempest.lib.common.rest_client [req-06fe9c30-893b-40a5-8d23-598a7f6cc559 req-06fe9c30-893b-40a5-8d23-598a7f6cc559 ] Request (MigrationsAdminTest:test_list_migrations_in_flavor_resize_situation): 200 GET http://10.180.1.21/compute/v2.1/servers/bfe7a82e-684c-485e-a4b2-0e247a218637 0.133s
2025-04-29 08:50:26.705 69642 INFO tempest.lib.common.rest_client [req-cfd81c71-89af-49cc-aa6b-be0218d911f8 req-cfd81c71-89af-49cc-aa6b-be0218d911f8 ] Request (QuotasTestJSON:tearDownClass): 201 POST http://10.180.1.21/identity/v3/auth/tokens 0.073s
2025-04-29 08:50:26.760 69630 INFO tempest.lib.common.rest_client [req-d878c53c-2c6c-4710-9cd6-ff7567fc54dd req-d878c53c-2c6c-4710-9cd6-ff7567fc54dd ] Request (DeleteServersTestJSON:test_delete_server_while_in_attached_volume): 200 GET http://10.180.1.21/compute/v2.1/servers/51d669fe-5caa-478a-8b17-19a0e14863fb 0.135s
2025-04-29 08:50:26.837 69618 INFO tempest.lib.common.rest_client [req-d22dccea-61dc-4171-af1b-bda917058eb8 req-d22dccea-61dc-4171-af1b-bda917058eb8 ] Request (ServersTestManualDisk:tearDownClass): 200 GET http://10.180.1.21/compute/v2.1/servers/802eba9a-aeb6-46e3-8ff2-c1c71885b8ae 0.145s
2025-04-29 08:50:26.926 69580 INFO tempest.lib.common.rest_client [req-db9c27c7-ac9b-43bb-a083-950231369a07 req-db9c27c7-ac9b-43bb-a083-950231369a07 ] Request (ServerGroupTestJSON:_run_cleanups): 200 GET http://10.180.1.21/compute/v2.1/servers/14c3d321-34a5-4a5f-946e-c6e88ad5e38f 0.196s
2025-04-29 08:50:26.946 69584 INFO tempest.lib.common.rest_client [req-913b20a8-4949-4fb2-8de0-170dc25edf3e req-913b20a8-4949-4fb2-8de0-170dc25edf3e ] Request (ServerRescueNegativeTestJSON:test_rescued_vm_attach_volume): 200 GET http://10.180.1.21/compute/v2.1/servers/efb3d33a-4faf-49e2-91ea-ee2b5dee15cf 0.281s
2025-04-29 08:50:26.966 69642 INFO tempest.lib.common.rest_client [req-7b927f49-06e8-4007-b6e6-da5950e09a8b req-7b927f49-06e8-4007-b6e6-da5950e09a8b ] Request (QuotasTestJSON:tearDownClass): 200 GET http://10.180.1.21:9696/networking/v2.0/security-groups?tenant_id=236cea9576e2469799d48b102d1337c1&name=default 0.260s
2025-04-29 08:50:26.990 69616 INFO tempest.lib.common.rest_client [req-6f584974-f568-4d71-aa12-63be05f56807 req-6f584974-f568-4d71-aa12-63be05f56807 ] Request (ServersNegativeTestJSON:setUpClass): 200 GET http://10.180.1.21/compute/v2.1/servers/2c383460-4553-4dea-b299-e3cc52541ca2 0.245s
2025-04-29 08:50:26.999 69622 INFO tempest.lib.common.rest_client [req-5d2b4da3-9c24-45c6-b513-4e14ba456776 req-5d2b4da3-9c24-45c6-b513-4e14ba456776 ] Request (TenantUsagesTestJSON:setUpClass): 200 GET http://10.180.1.21/compute/v2.1/servers/d25fc554-aae7-460c-bc59-8e7bb8493d53 0.217s
2025-04-29 08:50:27.049 69642 INFO tempest.lib.common.rest_client [req-8e2ac954-e1f1-44d1-8172-d329c6be94f9 req-8e2ac954-e1f1-44d1-8172-d329c6be94f9 ] Request (QuotasTestJSON:tearDownClass): 204 DELETE http://10.180.1.21:9696/networking/v2.0/security-groups/f90f2736-e951-4983-899a-6b9df0f8fe3c 0.083s
2025-04-29 08:50:27.064 69592 INFO tempest.lib.common.rest_client [req-ccba3f0d-66b1-4610-b6be-d5008ab7432f req-ccba3f0d-66b1-4610-b6be-d5008ab7432f ] Request (ServersAdminTestJSON:test_create_server_with_scheduling_hint): 200 GET http://10.180.1.21/compute/v2.1/servers/2639322f-3aec-4358-a433-10f2d009784b 0.223s
2025-04-29 08:50:27.106 69620 INFO tempest.lib.common.rest_client [req-2cf9caf2-562e-42da-a04e-5e461c15d2bb req-2cf9caf2-562e-42da-a04e-5e461c15d2bb ] Request (ListServerFiltersTestJSON:setUpClass): 200 GET http://10.180.1.21/compute/v2.1/servers/2aec3ff9-d183-4943-a03c-2a21121ed20a 0.252s
2025-04-29 08:50:27.133 69642 INFO tempest.lib.common.rest_client [req-8da08ac5-0267-46fe-bc6a-dd07c05a842f req-8da08ac5-0267-46fe-bc6a-dd07c05a842f ] Request (QuotasTestJSON:tearDownClass): 204 DELETE http://10.180.1.21/identity/v3/projects/236cea9576e2469799d48b102d1337c1 0.083s
2025-04-29 08:50:27.202 69628 INFO tempest.lib.common.rest_client [req-7025d4e7-b2fa-4e11-a181-900e06517ee1 req-7025d4e7-b2fa-4e11-a181-900e06517ee1 ] Request (FloatingIPsAssociationTestJSON:tearDownClass): 200 GET http://10.180.1.21/compute/v2.1/servers/f3ea3756-4188-4268-bad1-5f72cdab46aa 0.064s
2025-04-29 08:50:27.299 69594 INFO tempest.lib.common.rest_client [req-71b56175-f9b0-4a08-9c8b-a0a051efecff req-71b56175-f9b0-4a08-9c8b-a0a051efecff ] Request (ImagesTestJSON:test_create_image_from_suspended_server): 200 GET http://10.180.1.21/compute/v2.1/servers/8e88021a-4b4a-4926-84a0-de402adb19e7 0.058s
