2025-04-29 08:51:03.560 69580 INFO tempest.lib.common.dynamic_creds [-] Created isolated network resources for: credentials: Credentials: {'domain_id': 'default', 'domain_name': 'Default', 'username': 'tempest-ServersListShow296Test-1965918263-project-member', 'project_domain_id': 'default', 'project_domain_name': 'Default', 'project_id': '326a5ab885854b4a9f4f779e4b2a3357', 'project_name': 'tempest-ServersListShow296Test-1965918263', 'tenant_id': '326a5ab885854b4a9f4f779e4b2a3357', 'tenant_name': 'tempest-ServersListShow296Test-1965918263', 'user_domain_id': 'default', 'user_domain_name': 'Default', 'user_id': '6fc2decc796b430a9fc5c21fc2ba8a7f', 'system': None}, Network: None, Subnet: None, Router: None
2025-04-29 08:51:03.639 69580 INFO tempest.lib.common.rest_client [req-01df86f0-e304-4a19-81b6-4f36718f005b req-01df86f0-e304-4a19-81b6-4f36718f005b ] Request (ServersListShow296Test:setUpClass): 201 POST http://10.180.1.21/identity/v3/auth/tokens 0.074s
2025-04-29 08:51:03.673 69580 INFO tempest.lib.common.rest_client [req-4520f024-a601-4238-9b0b-aecf1e8d0d11 req-4520f024-a601-4238-9b0b-aecf1e8d0d11 ] Request (ServersListShow296Test:test_list_show_update_rebuild_server_296): 201 POST http://10.180.1.21/identity/v3/auth/tokens 0.029s
2025-04-29 08:51:03.673 69580 INFO tempest.lib.common.fixed_network [-] (ServersListShow296Test:test_list_show_update_rebuild_server_296) Found network None available for tenant
2025-04-29 08:51:03.675 69622 INFO tempest.lib.common.rest_client [req-299fce8f-5e7f-4c47-8b49-7911a02d5844 req-299fce8f-5e7f-4c47-8b49-7911a02d5844 ] Request (TenantUsagesTestJSON:setUpClass): 200 GET http://10.180.1.21/compute/v2.1/servers/d25fc554-aae7-460c-bc59-8e7bb8493d53 0.516s
2025-04-29 08:51:03.689 69592 INFO tempest.lib.common.rest_client [req-4162b2ca-2f5e-447f-a4b7-b38963272296 req-4162b2ca-2f5e-447f-a4b7-b38963272296 ] Request (ServersAdminTestJSON:test_create_server_with_scheduling_hint): 200 GET http://10.180.1.21/compute/v2.1/servers/2639322f-3aec-4358-a433-10f2d009784b 0.533s
2025-04-29 08:51:03.775 69594 INFO tempest.lib.common.rest_client [req-d62a58f5-0dd6-4aed-a02d-ad93c0de5087 req-d62a58f5-0dd6-4aed-a02d-ad93c0de5087 ] Request (ImagesTestJSON:test_create_image_from_suspended_server): 200 GET http://10.180.1.21/compute/v2.1/servers/8e88021a-4b4a-4926-84a0-de402adb19e7 0.529s
2025-04-29 08:51:03.791 69604 INFO tempest.lib.common.rest_client [req-7119000c-c826-4a39-a3b4-d2f7d260f6c1 req-7119000c-c826-4a39-a3b4-d2f7d260f6c1 ] Request (ServersListShow2100Test:test_list_show_rebuild_update_server_2100): 200 GET http://10.180.1.21/compute/v2.1/servers/c7dd6269-bd89-4e20-9e01-222cf348047b 0.499s
2025-04-29 08:51:03.880 69608 INFO tempest.lib.common.rest_client [req-756249df-845f-4d9d-9e4b-1c9e3114d747 req-756249df-845f-4d9d-9e4b-1c9e3114d747 ] Request (InstanceActionsNegativeTestJSON:setUpClass): 200 GET http://10.180.1.21/compute/v2.1/servers/b1371739-7839-446a-8819-8df7cbd70c04 0.557s
2025-04-29 08:51:03.887 69618 INFO tempest.lib.common.rest_client [req-1ac4db60-09a4-4aa8-85d7-c04260d0fe9b req-1ac4db60-09a4-4aa8-85d7-c04260d0fe9b ] Request (ServerDiskConfigTestJSON:setUpClass): 201 POST http://10.180.1.21:9696/networking/v2.0/networks 0.896s
2025-04-29 08:51:03.887 69640 INFO tempest.lib.common.rest_client [req-e91cc461-bf40-41f5-8ee1-93bfcbb910ae req-e91cc461-bf40-41f5-8ee1-93bfcbb910ae ] Request (ServersAaction247Test:test_create_backup): 200 GET http://10.180.1.21/compute/v2.1/servers/11161123-3245-44ba-8031-96538d86c2cc 0.538s
2025-04-29 08:51:03.947 69627 INFO tempest.lib.common.rest_client [req-9d9f3250-b3fa-4b38-a86d-8053c399f50b req-9d9f3250-b3fa-4b38-a86d-8053c399f50b ] Request (ServersTestMultiNic:test_verify_multiple_nics_order): 200 GET http://10.180.1.21/compute/v2.1/servers/b6d8de0f-2f2a-4379-a32e-df7a7c2c1d7d 0.510s
2025-04-29 08:51:03.988 69628 INFO tempest.lib.common.rest_client [req-2e1c1cd0-3123-49c6-aac0-146f7d6aed8e req-2e1c1cd0-3123-49c6-aac0-146f7d6aed8e ] Request (FloatingIPsAssociationTestJSON:tearDownClass): 200 PUT http://10.180.1.21:9696/networking/v2.0/routers/488decff-90b3-4fe5-b6de-b2ad1d9f2252/remove_router_interface 1.631s
2025-04-29 08:51:03.998 69614 INFO tempest.lib.common.rest_client [req-87f8cb21-8e54-46c6-ad96-9d834caf9616 req-87f8cb21-8e54-46c6-ad96-9d834caf9616 ] Request (ServerActionsTestJSON:setUpClass): 200 GET http://10.180.1.21/compute/v2.1/servers/796aa52e-d860-4f75-b1bc-4a5bc9b2c8b8 0.481s
2025-04-29 08:51:04.057 69584 INFO tempest.lib.common.rest_client [req-fc917120-cb03-4ddb-b5fd-e87d1e19a3cb req-fc917120-cb03-4ddb-b5fd-e87d1e19a3cb ] Request (ServerRescueNegativeTestJSON:test_rescued_vm_detach_volume): 200 GET http://10.180.1.21/compute/v2.1/servers/4184821a-18c0-4f78-8ad1-fc56470105b5 0.431s
2025-04-29 08:51:04.081 69606 INFO tempest.lib.common.rest_client [req-9ba35e7f-e4ce-413a-8158-2acffbaeadb5 req-9ba35e7f-e4ce-413a-8158-2acffbaeadb5 ] Request (MigrationsAdminTest:test_list_migrations_in_flavor_resize_situation): 200 GET http://10.180.1.21/compute/v2.1/servers/bfe7a82e-684c-485e-a4b2-0e247a218637 0.548s
2025-04-29 08:51:04.132 69624 INFO tempest.lib.common.rest_client [req-2a05cb8c-d698-45f4-b921-eb2dd18eef0b req-2a05cb8c-d698-45f4-b921-eb2dd18eef0b ] Request (ServersAdminNegativeTestJSON:tearDownClass): 200 GET http://10.180.1.21/compute/v2.1/servers/f7dba330-0d27-429c-860e-4e74e14bf018 0.500s
2025-04-29 08:51:04.188 69582 INFO tempest.lib.common.rest_client [req-fc420716-965c-4d57-aa8a-88eca0476835 req-fc420716-965c-4d57-aa8a-88eca0476835 ] Request (ImagesOneServerNegativeTestJSON:_run_cleanups): 200 GET http://10.180.1.21/compute/v2.1/servers/57fd7958-1929-412f-82a7-73ef849d9a07 0.504s
2025-04-29 08:51:04.214 69618 INFO tempest.lib.common.rest_client [req-06a3b8f9-f3cb-433a-a1dc-adb94ad185a6 req-06a3b8f9-f3cb-433a-a1dc-adb94ad185a6 ] Request (ServerDiskConfigTestJSON:setUpClass): 201 POST http://10.180.1.21:9696/networking/v2.0/subnets 0.327s
2025-04-29 08:51:04.255 69616 INFO tempest.lib.common.rest_client [req-69d5ea0f-57fa-4b30-b34f-f68bb57b3af6 req-69d5ea0f-57fa-4b30-b34f-f68bb57b3af6 ] Request (ServersNegativeTestJSON:setUpClass): 200 GET http://10.180.1.21/compute/v2.1/servers/78082ae6-1d22-4917-bb47-cbccedde44aa 0.556s
2025-04-29 08:51:04.309 69580 INFO tempest.lib.common.rest_client [req-3d1db3f8-9168-4a1c-981e-080c307985cf req-3d1db3f8-9168-4a1c-981e-080c307985cf ] Request (ServersListShow296Test:test_list_show_update_rebuild_server_296): 202 POST http://10.180.1.21/compute/v2.1/servers 0.635s
2025-04-29 08:51:04.349 69602 INFO tempest.lib.common.rest_client [req-fbe9e8e0-1f45-42eb-959b-1fde0343c304 req-fbe9e8e0-1f45-42eb-959b-1fde0343c304 ] Request (ServersTestBootFromVolume:tearDownClass): 200 GET http://10.180.1.21/compute/v2.1/servers/316ae0ae-492d-4fc1-aed3-d2b2bae0eaaa 0.598s
2025-04-29 08:51:04.383 69596 INFO tempest.lib.common.rest_client [req-ecf764c8-3e79-4535-b0d2-650d8c0819ed req-ecf764c8-3e79-4535-b0d2-650d8c0819ed ] Request (ListImageFiltersTestJSON:setUpClass): 200 GET http://10.180.1.21/compute/v2.1/servers/9524393b-7a6e-4590-b195-e5a34c3872a1 0.604s
2025-04-29 08:51:04.437 69630 INFO tempest.lib.common.rest_client [req-548db4b6-069e-42e5-bc72-2cd4455db1a5 req-548db4b6-069e-42e5-bc72-2cd4455db1a5 ] Request (DeleteServersTestJSON:test_delete_server_while_in_attached_volume): 200 GET http://10.180.1.21/compute/v2.1/servers/51d669fe-5caa-478a-8b17-19a0e14863fb 0.599s
2025-04-29 08:51:04.461 69620 INFO tempest.lib.common.rest_client [req-f8be482c-1b30-4481-8cf2-29ddd2424397 req-f8be482c-1b30-4481-8cf2-29ddd2424397 ] Request (ListServerFiltersTestJSON:tearDownClass): 200 GET http://10.180.1.21/compute/v2.1/servers/2aec3ff9-d183-4943-a03c-2a21121ed20a 0.610s
2025-04-29 08:51:04.511 69580 INFO tempest.lib.common.rest_client [req-927f0da5-00d0-4a57-851d-35b009576ea8 req-927f0da5-00d0-4a57-851d-35b009576ea8 ] Request (ServersListShow296Test:test_list_show_update_rebuild_server_296): 200 GET http://10.180.1.21/compute/v2.1/servers/b687fb4a-0cdd-4b4a-b83a-6b236917bf1d 0.199s
2025-04-29 08:51:04.636 69628 INFO tempest.lib.common.rest_client [req-ebe86884-4537-434b-af5b-1cac8d67c3a8 req-ebe86884-4537-434b-af5b-1cac8d67c3a8 ] Request (FloatingIPsAssociationTestJSON:tearDownClass): 204 DELETE http://10.180.1.21:9696/networking/v2.0/routers/488decff-90b3-4fe5-b6de-b2ad1d9f2252 0.647s
2025-04-29 08:51:04.932 69592 INFO tempest.lib.common.rest_client [req-6e5f1185-4d4d-420b-977d-06649e65bc20 req-6e5f1185-4d4d-420b-977d-06649e65bc20 ] Request (ServersAdminTestJSON:test_create_server_with_scheduling_hint): 200 GET http://10.180.1.21/compute/v2.1/servers/2639322f-3aec-4358-a433-10f2d009784b 0.230s
2025-04-29 08:51:04.942 69628 INFO tempest.lib.common.rest_client [req-18078be6-7854-4962-b587-347325935b61 req-18078be6-7854-4962-b587-347325935b61 ] Request (FloatingIPsAssociationTestJSON:tearDownClass): 204 DELETE http://10.180.1.21:9696/networking/v2.0/subnets/8aeeeb7c-0446-429b-bfb1-caed9eb940f9 0.306s
2025-04-29 08:51:04.977 69622 INFO tempest.lib.common.rest_client [req-1129410c-c455-41ac-a492-c99b5b762306 req-1129410c-c455-41ac-a492-c99b5b762306 ] Request (TenantUsagesTestJSON:setUpClass): 200 GET http://10.180.1.21/compute/v2.1/servers/d25fc554-aae7-460c-bc59-8e7bb8493d53 0.294s
2025-04-29 08:51:04.986 69622 INFO tempest.common.waiters [-] State transition "BUILD/spawning" ==> "ACTIVE/None" after 76 second wait
2025-04-29 08:51:05.004 69594 INFO tempest.lib.common.rest_client [req-28aace5c-1b00-4631-9cbe-e1e3af52e42f req-28aace5c-1b00-4631-9cbe-e1e3af52e42f ] Request (ImagesTestJSON:test_create_image_from_suspended_server): 200 GET http://10.180.1.21/compute/v2.1/servers/8e88021a-4b4a-4926-84a0-de402adb19e7 0.215s
2025-04-29 08:51:05.053 69604 INFO tempest.lib.common.rest_client [req-0c830786-78bc-43fb-8107-a3d28ff640a5 req-0c830786-78bc-43fb-8107-a3d28ff640a5 ] Request (ServersListShow2100Test:test_list_show_rebuild_update_server_2100): 200 GET http://10.180.1.21/compute/v2.1/servers/c7dd6269-bd89-4e20-9e01-222cf348047b 0.242s
2025-04-29 08:51:05.073 69608 INFO tempest.lib.common.rest_client [req-bc0f7de2-df94-4ebc-8a38-6a882eec3406 req-bc0f7de2-df94-4ebc-8a38-6a882eec3406 ] Request (InstanceActionsNegativeTestJSON:setUpClass): 200 GET http://10.180.1.21/compute/v2.1/servers/b1371739-7839-446a-8819-8df7cbd70c04 0.184s
2025-04-29 08:51:05.118 69640 INFO tempest.lib.common.rest_client [req-80bc4062-8252-4492-9f15-fb0f089c74c0 req-80bc4062-8252-4492-9f15-fb0f089c74c0 ] Request (ServersAaction247Test:test_create_backup): 200 GET http://10.180.1.21/compute/v2.1/servers/11161123-3245-44ba-8031-96538d86c2cc 0.218s
2025-04-29 08:51:05.130 69640 INFO tempest.common.waiters [-] State transition "BUILD/spawning" ==> "ACTIVE/None" after 71 second wait
2025-04-29 08:51:05.132 69627 INFO tempest.lib.common.rest_client [req-1d4c6dba-4411-4a1c-b875-e21999836cbe req-1d4c6dba-4411-4a1c-b875-e21999836cbe ] Request (ServersTestMultiNic:test_verify_multiple_nics_order): 200 GET http://10.180.1.21/compute/v2.1/servers/b6d8de0f-2f2a-4379-a32e-df7a7c2c1d7d 0.173s
2025-04-29 08:51:05.192 69614 INFO tempest.lib.common.rest_client [req-4706f937-4f71-4bb4-98d6-6ac3fc481b9b req-4706f937-4f71-4bb4-98d6-6ac3fc481b9b ] Request (ServerActionsTestJSON:setUpClass): 200 GET http://10.180.1.21/compute/v2.1/servers/796aa52e-d860-4f75-b1bc-4a5bc9b2c8b8 0.182s
2025-04-29 08:51:05.260 69584 INFO tempest.lib.common.rest_client [req-6084c4b3-9c9b-4c31-af12-4b9f1501b767 req-6084c4b3-9c9b-4c31-af12-4b9f1501b767 ] Request (ServerRescueNegativeTestJSON:test_rescued_vm_detach_volume): 200 GET http://10.180.1.21/compute/v2.1/servers/4184821a-18c0-4f78-8ad1-fc56470105b5 0.191s
2025-04-29 08:51:05.265 69622 INFO tempest.lib.common.rest_client [req-2095488e-fd7e-4d54-aefd-114bf2852f1c req-2095488e-fd7e-4d54-aefd-114bf2852f1c ] Request (TenantUsagesTestJSON:test_get_usage_tenant): 200 GET http://10.180.1.21/compute/v2.1/os-simple-tenant-usage/91c1c20c6f2b410a987541fb1ef9b3f6?start=2025-04-28T08%3A51%3A04.986720&end=2025-04-30T08%3A51%3A04.986720 0.278s
2025-04-29 08:51:05.315 69628 INFO tempest.lib.common.rest_client [req-5877ccda-9a47-49e5-a1b3-0053e28bd290 req-5877ccda-9a47-49e5-a1b3-0053e28bd290 ] Request (FloatingIPsAssociationTestJSON:tearDownClass): 204 DELETE http://10.180.1.21:9696/networking/v2.0/networks/68f49d12-f120-4a29-adc5-8b7279d23732 0.373s
2025-04-29 08:51:05.417 69606 INFO tempest.lib.common.rest_client [req-7f6e6501-4f59-447c-9a39-e0d74bab8f86 req-7f6e6501-4f59-447c-9a39-e0d74bab8f86 ] Request (MigrationsAdminTest:test_list_migrations_in_flavor_resize_situation): 200 GET http://10.180.1.21/compute/v2.1/servers/bfe7a82e-684c-485e-a4b2-0e247a218637 0.327s
2025-04-29 08:51:05.417 69618 INFO tempest.lib.common.rest_client [req-bfca6134-0c03-41c5-80b6-28e97e7da8ea req-bfca6134-0c03-41c5-80b6-28e97e7da8ea ] Request (ServerDiskConfigTestJSON:setUpClass): 201 POST http://10.180.1.21:9696/networking/v2.0/routers 1.202s
2025-04-29 08:51:05.461 69628 INFO tempest.lib.common.rest_client [req-5057d686-c76f-4fa5-ad99-fcd7c2538cf6 req-5057d686-c76f-4fa5-ad99-fcd7c2538cf6 ] Request (FloatingIPsAssociationTestJSON:tearDownClass): 204 DELETE http://10.180.1.21/identity/v3/users/eb2948048b8e4aac8ba87df6cd10106f 0.145s
2025-04-29 08:51:05.461 69628 INFO tempest.lib.common.dynamic_creds [-] Deleting project and security group for project: b3523f60d71a4c008b7ad763e23445f4
2025-04-29 08:51:05.505 69624 INFO tempest.lib.common.rest_client [req-9a4c42ae-5090-40c6-8d0d-5e46c46f33f0 req-9a4c42ae-5090-40c6-8d0d-5e46c46f33f0 ] Request (ServersAdminNegativeTestJSON:tearDownClass): 200 GET http://10.180.1.21/compute/v2.1/servers/f7dba330-0d27-429c-860e-4e74e14bf018 0.364s
2025-04-29 08:51:05.508 69628 INFO tempest.lib.common.rest_client [req-844f96ed-6db2-41b1-ac4c-8bd01edec29c req-844f96ed-6db2-41b1-ac4c-8bd01edec29c ] Request (FloatingIPsAssociationTestJSON:tearDownClass): 200 GET http://10.180.1.21:9696/networking/v2.0/security-groups?tenant_id=b3523f60d71a4c008b7ad763e23445f4&name=default 0.046s
2025-04-29 08:51:05.589 69582 INFO tempest.lib.common.rest_client [req-580cf3e2-3b82-40f4-8411-0159b17428e4 req-580cf3e2-3b82-40f4-8411-0159b17428e4 ] Request (ImagesOneServerNegativeTestJSON:_run_cleanups): 200 GET http://10.180.1.21/compute/v2.1/servers/57fd7958-1929-412f-82a7-73ef849d9a07 0.386s
2025-04-29 08:51:05.627 69628 INFO tempest.lib.common.rest_client [req-0e7b0d25-8055-4687-9e8c-5cfde50a26fb req-0e7b0d25-8055-4687-9e8c-5cfde50a26fb ] Request (FloatingIPsAssociationTestJSON:tearDownClass): 204 DELETE http://10.180.1.21:9696/networking/v2.0/security-groups/2949be13-f858-4157-91a1-664036bdd8ee 0.119s
2025-04-29 08:51:05.650 69616 INFO tempest.lib.common.rest_client [req-9f964d71-d8c8-405e-9939-321606b3eff6 req-9f964d71-d8c8-405e-9939-321606b3eff6 ] Request (ServersNegativeTestJSON:setUpClass): 200 GET http://10.180.1.21/compute/v2.1/servers/78082ae6-1d22-4917-bb47-cbccedde44aa 0.384s
2025-04-29 08:51:05.688 69622 INFO tempest.lib.common.rest_client [req-b74527b1-06b3-4f81-8ec0-a3d8518a96bf req-b74527b1-06b3-4f81-8ec0-a3d8518a96bf ] Request (TenantUsagesTestJSON:test_get_usage_tenant_with_non_admin_user): 200 GET http://10.180.1.21/compute/v2.1/os-simple-tenant-usage/91c1c20c6f2b410a987541fb1ef9b3f6?start=2025-04-28T08%3A51%3A04.986720&end=2025-04-30T08%3A51%3A04.986720 0.419s
2025-04-29 08:51:05.752 69628 INFO tempest.lib.common.rest_client [req-057c7e36-234c-401e-92ef-4e62c036bcf4 req-057c7e36-234c-401e-92ef-4e62c036bcf4 ] Request (FloatingIPsAssociationTestJSON:tearDownClass): 204 DELETE http://10.180.1.21/identity/v3/projects/b3523f60d71a4c008b7ad763e23445f4 0.125s
2025-04-29 08:51:05.756 69602 INFO tempest.lib.common.rest_client [req-4b871a28-b342-4ac6-8076-27e6bbd04631 req-4b871a28-b342-4ac6-8076-27e6bbd04631 ] Request (ServersTestBootFromVolume:tearDownClass): 200 GET http://10.180.1.21/compute/v2.1/servers/316ae0ae-492d-4fc1-aed3-d2b2bae0eaaa 0.397s
2025-04-29 08:51:05.798 69610 WARNING tempest.lib.common.ssh [-] Failed to establish authenticated ssh connection to cirros@10.180.180.201 ([Errno None] Unable to connect to port 22 on 10.180.180.201). Number attempts: 1. Retry after 2 seconds.: paramiko.ssh_exception.NoValidConnectionsError: [Errno None] Unable to connect to port 22 on 10.180.180.201
2025-04-29 08:51:05.805 69640 INFO tempest.lib.common.rest_client [req-42d410b4-07ca-4ae8-ac10-b0a072fd599e req-42d410b4-07ca-4ae8-ac10-b0a072fd599e ] Request (ServersAaction247Test:test_create_backup): 202 POST http://10.180.1.21/compute/v2.1/servers/11161123-3245-44ba-8031-96538d86c2cc/action 0.675s
2025-04-29 08:51:05.815 69596 INFO tempest.lib.common.rest_client [req-2bc8a8db-938d-49cf-a29f-046235f1d1e8 req-2bc8a8db-938d-49cf-a29f-046235f1d1e8 ] Request (ListImageFiltersTestJSON:setUpClass): 200 GET http://10.180.1.21/compute/v2.1/servers/9524393b-7a6e-4590-b195-e5a34c3872a1 0.419s
2025-04-29 08:51:05.843 69628 INFO tempest.lib.common.rest_client [req-0d1ae15e-3259-430a-a33b-ee90d0ea742b req-0d1ae15e-3259-430a-a33b-ee90d0ea742b ] Request (ServersTestFqdnHostnames:setUpClass): 201 POST http://10.180.1.21/identity/v3/auth/tokens 0.088s
2025-04-29 08:51:05.874 69628 INFO tempest.lib.common.rest_client [req-0187c8bb-4280-4fc9-85f4-233a69bb0ddf req-0187c8bb-4280-4fc9-85f4-233a69bb0ddf ] Request (ServersTestFqdnHostnames:setUpClass): 201 POST http://10.180.1.21/identity/v3/auth/tokens 0.029s
2025-04-29 08:51:05.884 69630 INFO tempest.lib.common.rest_client [req-f85b97a0-358c-4001-ae7b-7158bf3d0d1c req-f85b97a0-358c-4001-ae7b-7158bf3d0d1c ] Request (DeleteServersTestJSON:test_delete_server_while_in_attached_volume): 200 GET http://10.180.1.21/compute/v2.1/servers/51d669fe-5caa-478a-8b17-19a0e14863fb 0.436s
2025-04-29 08:51:05.891 69620 INFO tempest.lib.common.rest_client [req-f6e9a751-39ab-4792-86c1-edf3f6b1b0aa req-f6e9a751-39ab-4792-86c1-edf3f6b1b0aa ] Request (ListServerFiltersTestJSON:tearDownClass): 200 GET http://10.180.1.21/compute/v2.1/servers/2aec3ff9-d183-4943-a03c-2a21121ed20a 0.419s
2025-04-29 08:51:05.900 69628 INFO tempest.lib.common.rest_client [req-800d6c0f-cc10-4be1-adba-e67e50778d37 req-800d6c0f-cc10-4be1-adba-e67e50778d37 ] Request (ServersTestFqdnHostnames:setUpClass): 200 GET http://10.180.1.21/identity/v3/domains?name=Default 0.025s
2025-04-29 08:51:05.934 69628 INFO tempest.lib.common.rest_client [req-682b3e25-cd72-4d7f-81ef-62dbe9224b25 req-682b3e25-cd72-4d7f-81ef-62dbe9224b25 ] Request (ServersTestFqdnHostnames:setUpClass): 201 POST http://10.180.1.21/identity/v3/projects 0.033s
2025-04-29 08:51:05.956 69580 INFO tempest.lib.common.rest_client [req-b6fce5dd-7a6f-492d-bf65-914537411df5 req-b6fce5dd-7a6f-492d-bf65-914537411df5 ] Request (ServersListShow296Test:test_list_show_update_rebuild_server_296): 200 GET http://10.180.1.21/compute/v2.1/servers/b687fb4a-0cdd-4b4a-b83a-6b236917bf1d 0.432s
2025-04-29 08:51:05.967 69622 INFO tempest.lib.common.rest_client [req-e7db7daa-b3fb-459b-a2fa-26d5faf4d05f req-e7db7daa-b3fb-459b-a2fa-26d5faf4d05f ] Request (TenantUsagesTestJSON:test_list_usage_all_tenants): 200 GET http://10.180.1.21/compute/v2.1/os-simple-tenant-usage?start=2025-04-28T08%3A51%3A04.986720&end=2025-04-30T08%3A51%3A04.986720&detailed=1 0.275s
2025-04-29 08:51:05.999 69628 INFO tempest.lib.common.rest_client [req-4548c4d9-ca6b-458d-95a3-d3e1dc210d6f req-4548c4d9-ca6b-458d-95a3-d3e1dc210d6f ] Request (ServersTestFqdnHostnames:setUpClass): 201 POST http://10.180.1.21/identity/v3/users 0.064s
2025-04-29 08:51:06.029 69628 INFO tempest.lib.common.rest_client [req-dd98be7f-ae38-4db6-a920-3aef923e435f req-dd98be7f-ae38-4db6-a920-3aef923e435f ] Request (ServersTestFqdnHostnames:setUpClass): 200 GET http://10.180.1.21/identity/v3/roles 0.028s
2025-04-29 08:51:06.042 69640 INFO tempest.lib.common.rest_client [req-89a0f6fe-7d8d-4a93-9ac9-821b2f7a2bac req-89a0f6fe-7d8d-4a93-9ac9-821b2f7a2bac ] Request (ServersAaction247Test:tearDownClass): 204 DELETE http://10.180.1.21/compute/v2.1/servers/11161123-3245-44ba-8031-96538d86c2cc 0.226s
2025-04-29 08:51:06.065 69628 INFO tempest.lib.common.rest_client [req-faac6915-6503-4d52-93e7-eca58cd5bea1 req-faac6915-6503-4d52-93e7-eca58cd5bea1 ] Request (ServersTestFqdnHostnames:setUpClass): 204 PUT http://10.180.1.21/identity/v3/projects/4ea79a35dd4d46019b08051a348e5f4c/users/f9491876780f4616b42e96738ac1bbb0/roles/bf0af078731840858a5fb8cc72a1d2dd 0.035s
2025-04-29 08:51:06.065 69628 INFO tempest.lib.common.dynamic_creds [-] Dynamic test user f9491876780f4616b42e96738ac1bbb0 is created with scope project and roles: ['member']
2025-04-29 08:51:06.065 69628 INFO tempest.lib.common.dynamic_creds [-] Acquired dynamic creds: credentials: Credentials: {'domain_id': 'default', 'domain_name': 'Default', 'username': 'tempest-ServersTestFqdnHostnames-596836303-project-member', 'project_domain_id': 'default', 'project_domain_name': 'Default', 'project_id': '4ea79a35dd4d46019b08051a348e5f4c', 'project_name': 'tempest-ServersTestFqdnHostnames-596836303', 'tenant_id': '4ea79a35dd4d46019b08051a348e5f4c', 'tenant_name': 'tempest-ServersTestFqdnHostnames-596836303', 'user_domain_id': 'default', 'user_domain_name': 'Default', 'user_id': 'f9491876780f4616b42e96738ac1bbb0', 'system': None}, Network: None, Subnet: None, Router: None
2025-04-29 08:51:06.118 69622 INFO tempest.lib.common.rest_client [req-d6a2f2c7-8add-480a-9bc9-a0e568fce71b req-d6a2f2c7-8add-480a-9bc9-a0e568fce71b ] Request (TenantUsagesTestJSON:tearDownClass): 204 DELETE http://10.180.1.21/compute/v2.1/servers/d25fc554-aae7-460c-bc59-8e7bb8493d53 0.134s
2025-04-29 08:51:06.132 69592 INFO tempest.lib.common.rest_client [req-863d51b7-5ecf-425d-afed-fe72fb844843 req-863d51b7-5ecf-425d-afed-fe72fb844843 ] Request (ServersAdminTestJSON:test_create_server_with_scheduling_hint): 200 GET http://10.180.1.21/compute/v2.1/servers/2639322f-3aec-4358-a433-10f2d009784b 0.190s
2025-04-29 08:51:06.137 69628 INFO tempest.lib.common.rest_client [req-9e236477-640d-4cc8-81e5-6f9b39c33ca0 req-9e236477-640d-4cc8-81e5-6f9b39c33ca0 ] Request (ServersTestFqdnHostnames:setUpClass): 201 POST http://10.180.1.21/identity/v3/auth/tokens 0.072s
2025-04-29 08:51:06.172 69594 INFO tempest.lib.common.rest_client [req-8ae32c67-84d3-4439-a7e4-8ca900fca4b7 req-8ae32c67-84d3-4439-a7e4-8ca900fca4b7 ] Request (ImagesTestJSON:test_create_image_from_suspended_server): 200 GET http://10.180.1.21/compute/v2.1/servers/8e88021a-4b4a-4926-84a0-de402adb19e7 0.158s
2025-04-29 08:51:06.197 69640 INFO tempest.lib.common.rest_client [req-0d74b68b-16f4-40b3-bf48-819a61113796 req-0d74b68b-16f4-40b3-bf48-819a61113796 ] Request (ServersAaction247Test:tearDownClass): 200 GET http://10.180.1.21/compute/v2.1/servers/11161123-3245-44ba-8031-96538d86c2cc 0.154s
2025-04-29 08:51:06.264 69608 INFO tempest.lib.common.rest_client [req-082e4479-41a1-4cbc-a4b8-f2d96bdeadd0 req-082e4479-41a1-4cbc-a4b8-f2d96bdeadd0 ] Request (InstanceActionsNegativeTestJSON:setUpClass): 200 GET http://10.180.1.21/compute/v2.1/servers/b1371739-7839-446a-8819-8df7cbd70c04 0.181s
2025-04-29 08:51:06.265 69604 INFO tempest.lib.common.rest_client [req-d4886ed4-4f13-4ecf-a293-586048136a6d req-d4886ed4-4f13-4ecf-a293-586048136a6d ] Request (ServersListShow2100Test:test_list_show_rebuild_update_server_2100): 200 GET http://10.180.1.21/compute/v2.1/servers/c7dd6269-bd89-4e20-9e01-222cf348047b 0.199s
2025-04-29 08:51:06.283 69604 INFO tempest.common.waiters [-] State transition "BUILD/scheduling" ==> "BUILD/None" after 29 second wait
2025-04-29 08:51:06.344 69627 INFO tempest.lib.common.rest_client [req-178eea1f-7c0b-4c68-a7e2-13a481c93fa2 req-178eea1f-7c0b-4c68-a7e2-13a481c93fa2 ] Request (ServersTestMultiNic:test_verify_multiple_nics_order): 200 GET http://10.180.1.21/compute/v2.1/servers/b6d8de0f-2f2a-4379-a32e-df7a7c2c1d7d 0.202s
2025-04-29 08:51:06.401 69618 INFO tempest.lib.common.rest_client [req-31d18240-c6f1-4f21-9335-f7a9b0324570 req-31d18240-c6f1-4f21-9335-f7a9b0324570 ] Request (ServerDiskConfigTestJSON:setUpClass): 200 PUT http://10.180.1.21:9696/networking/v2.0/routers/3767e2fe-2c56-46b6-a53e-cff358487634/add_router_interface 0.984s
2025-04-29 08:51:06.402 69618 INFO tempest.lib.common.dynamic_creds [-] Created isolated network resources for: credentials: Credentials: {'domain_id': 'default', 'domain_name': 'Default', 'username': 'tempest-ServerDiskConfigTestJSON-1013086766-project-member', 'project_domain_id': 'default', 'project_domain_name': 'Default', 'project_id': '72e465d5f26e494caee802232ced5da1', 'project_name': 'tempest-ServerDiskConfigTestJSON-1013086766', 'tenant_id': '72e465d5f26e494caee802232ced5da1', 'tenant_name': 'tempest-ServerDiskConfigTestJSON-1013086766', 'user_domain_id': 'default', 'user_domain_name': 'Default', 'user_id': '11050aa48a43464ebea955a8d8d60b43', 'system': None}, Network: {'id': '14dd3f46-a566-4191-b0be-305ac5a6b9f1', 'name': 'tempest-ServerDiskConfigTestJSON-552509827-network', 'tenant_id': '72e465d5f26e494caee802232ced5da1', 'admin_state_up': True, 'mtu': 8950, 'status': 'ACTIVE', 'subnets': [], 'shared': False, 'project_id': '72e465d5f26e494caee802232ced5da1', 'port_security_enabled': True, 'router:external': False, 'provider:network_type': 'vlan', 'provider:physical_network': 'default', 'provider:segmentation_id': 913, 'availability_zone_hints': [], 'availability_zones': [], 'ipv4_address_scope': None, 'ipv6_address_scope': None, 'description': '', 'tags': [], 'created_at': '2025-04-29T08:51:03Z', 'updated_at': '2025-04-29T08:51:03Z', 'revision_number': 1}, Subnet: {'id': '2342a6b1-90db-4ca6-a70d-f6ef592cb685', 'name': 'tempest-ServerDiskConfigTestJSON-552509827-subnet', 'tenant_id': '72e465d5f26e494caee802232ced5da1', 'network_id': '14dd3f46-a566-4191-b0be-305ac5a6b9f1', 'ip_version': 4, 'subnetpool_id': None, 'enable_dhcp': True, 'ipv6_ra_mode': None, 'ipv6_address_mode': None, 'gateway_ip': '192.168.128.1', 'cidr': '192.168.128.0/28', 'allocation_pools': [{'start': '192.168.128.2', 'end': '192.168.128.14'}], 'host_routes': [], 'dns_nameservers': [], 'description': '', 'router:external': False, 'service_types': [], 'tags': [], 'created_at': '2025-04-29T08:51:03Z', 'updated_at': '2025-04-29T08:51:03Z', 'revision_number': 0, 'project_id': '72e465d5f26e494caee802232ced5da1'}, Router: {'id': '3767e2fe-2c56-46b6-a53e-cff358487634', 'name': 'tempest-ServerDiskConfigTestJSON-552509827-router', 'tenant_id': '72e465d5f26e494caee802232ced5da1', 'admin_state_up': True, 'status': 'ACTIVE', 'external_gateway_info': {'network_id': '2861533f-503a-42b1-a103-a8b1679b2e36', 'external_fixed_ips': [{'subnet_id': '2a2de31a-6619-441c-9261-bdba9c8b170d', 'ip_address': '10.180.180.251'}], 'enable_snat': True}, 'description': '', 'availability_zones': [], 'distributed': False, 'ha': False, 'availability_zone_hints': [], 'routes': [], 'flavor_id': None, 'tags': [], 'created_at': '2025-04-29T08:51:04Z', 'updated_at': '2025-04-29T08:51:04Z', 'revision_number': 2, 'project_id': '72e465d5f26e494caee802232ced5da1'}
2025-04-29 08:51:06.402 69614 INFO tempest.lib.common.rest_client [req-2bc517a2-7067-4d00-8130-fae6930b810b req-2bc517a2-7067-4d00-8130-fae6930b810b ] Request (ServerActionsTestJSON:setUpClass): 200 GET http://10.180.1.21/compute/v2.1/servers/796aa52e-d860-4f75-b1bc-4a5bc9b2c8b8 0.201s
2025-04-29 08:51:06.425 69622 INFO tempest.lib.common.rest_client [req-110e16ee-d43b-477f-9c81-8921ce96e097 req-110e16ee-d43b-477f-9c81-8921ce96e097 ] Request (TenantUsagesTestJSON:tearDownClass): 200 GET http://10.180.1.21/compute/v2.1/servers/d25fc554-aae7-460c-bc59-8e7bb8493d53 0.307s
2025-04-29 08:51:06.466 69584 INFO tempest.lib.common.rest_client [req-f8056f32-a6e5-47cb-b7c8-5f479a97f830 req-f8056f32-a6e5-47cb-b7c8-5f479a97f830 ] Request (ServerRescueNegativeTestJSON:test_rescued_vm_detach_volume): 200 GET http://10.180.1.21/compute/v2.1/servers/4184821a-18c0-4f78-8ad1-fc56470105b5 0.194s
2025-04-29 08:51:06.499 69618 INFO tempest.lib.common.rest_client [req-4cd0b747-b3ae-47fc-ae97-5f073737c988 req-4cd0b747-b3ae-47fc-ae97-5f073737c988 ] Request (ServerDiskConfigTestJSON:setUpClass): 201 POST http://10.180.1.21/identity/v3/auth/tokens 0.093s
2025-04-29 08:51:06.543 69618 INFO tempest.lib.common.rest_client [req-652ea51b-9630-4b64-a97c-24f8039f2c78 req-652ea51b-9630-4b64-a97c-24f8039f2c78 ] Request (ServerDiskConfigTestJSON:test_rebuild_server_with_auto_disk_config): 201 POST http://10.180.1.21/identity/v3/auth/tokens 0.040s
2025-04-29 08:51:06.544 69618 INFO tempest.lib.common.fixed_network [-] (ServerDiskConfigTestJSON:test_rebuild_server_with_auto_disk_config) Found network {'id': '14dd3f46-a566-4191-b0be-305ac5a6b9f1', 'name': 'tempest-ServerDiskConfigTestJSON-552509827-network', 'tenant_id': '72e465d5f26e494caee802232ced5da1', 'admin_state_up': True, 'mtu': 8950, 'status': 'ACTIVE', 'subnets': [], 'shared': False, 'project_id': '72e465d5f26e494caee802232ced5da1', 'port_security_enabled': True, 'router:external': False, 'provider:network_type': 'vlan', 'provider:physical_network': 'default', 'provider:segmentation_id': 913, 'availability_zone_hints': [], 'availability_zones': [], 'ipv4_address_scope': None, 'ipv6_address_scope': None, 'description': '', 'tags': [], 'created_at': '2025-04-29T08:51:03Z', 'updated_at': '2025-04-29T08:51:03Z', 'revision_number': 1} available for tenant
2025-04-29 08:51:06.549 69628 INFO tempest.lib.common.rest_client [req-89ca88c7-a5e8-42e3-a9bd-eec254351726 req-89ca88c7-a5e8-42e3-a9bd-eec254351726 ] Request (ServersTestFqdnHostnames:setUpClass): 201 POST http://10.180.1.21:9696/networking/v2.0/networks 0.411s
2025-04-29 08:51:06.600 69624 INFO tempest.lib.common.rest_client [req-d0bed820-fc90-4952-973d-637eb7416349 req-d0bed820-fc90-4952-973d-637eb7416349 ] Request (ServersAdminNegativeTestJSON:tearDownClass): 200 GET http://10.180.1.21/compute/v2.1/servers/f7dba330-0d27-429c-860e-4e74e14bf018 0.086s
2025-04-29 08:51:06.616 69606 INFO tempest.lib.common.rest_client [req-7d186fbc-87bf-43b0-9bd2-3a677f3dd0be req-7d186fbc-87bf-43b0-9bd2-3a677f3dd0be ] Request (MigrationsAdminTest:test_list_migrations_in_flavor_resize_situation): 200 GET http://10.180.1.21/compute/v2.1/servers/bfe7a82e-684c-485e-a4b2-0e247a218637 0.188s
2025-04-29 08:51:06.680 69582 INFO tempest.lib.common.rest_client [req-330b6e93-4e31-44f5-a96c-6e2a25b4c4b5 req-330b6e93-4e31-44f5-a96c-6e2a25b4c4b5 ] Request (ImagesOneServerNegativeTestJSON:_run_cleanups): 200 GET http://10.180.1.21/compute/v2.1/servers/57fd7958-1929-412f-82a7-73ef849d9a07 0.083s
2025-04-29 08:51:06.740 69616 INFO tempest.lib.common.rest_client [req-6031106c-daef-4ffa-b42e-4d89fad7841e req-6031106c-daef-4ffa-b42e-4d89fad7841e ] Request (ServersNegativeTestJSON:setUpClass): 200 GET http://10.180.1.21/compute/v2.1/servers/78082ae6-1d22-4917-bb47-cbccedde44aa 0.077s
2025-04-29 08:51:06.831 69628 INFO tempest.lib.common.rest_client [req-f8780f07-8bcd-4d06-8b76-ce612ab0535f req-f8780f07-8bcd-4d06-8b76-ce612ab0535f ] Request (ServersTestFqdnHostnames:setUpClass): 201 POST http://10.180.1.21:9696/networking/v2.0/subnets 0.282s
2025-04-29 08:51:06.842 69602 INFO tempest.lib.common.rest_client [req-42c97c59-aae0-4358-b057-caee63623c9d req-42c97c59-aae0-4358-b057-caee63623c9d ] Request (ServersTestBootFromVolume:tearDownClass): 200 GET http://10.180.1.21/compute/v2.1/servers/316ae0ae-492d-4fc1-aed3-d2b2bae0eaaa 0.076s
2025-04-29 08:51:06.928 69596 INFO tempest.lib.common.rest_client [req-4a7ba5e7-35ec-474f-bf62-2704c98fc446 req-4a7ba5e7-35ec-474f-bf62-2704c98fc446 ] Request (ListImageFiltersTestJSON:setUpClass): 200 GET http://10.180.1.21/compute/v2.1/servers/9524393b-7a6e-4590-b195-e5a34c3872a1 0.102s
2025-04-29 08:51:07.018 69630 INFO tempest.lib.common.rest_client [req-a007ac13-83d6-4071-8efa-546b7622a74b req-a007ac13-83d6-4071-8efa-546b7622a74b ] Request (DeleteServersTestJSON:test_delete_server_while_in_attached_volume): 200 GET http://10.180.1.21/compute/v2.1/servers/51d669fe-5caa-478a-8b17-19a0e14863fb 0.124s
2025-04-29 08:51:07.105 69620 INFO tempest.lib.common.rest_client [req-60b7db66-a06d-45d9-912b-be50064a5821 req-60b7db66-a06d-45d9-912b-be50064a5821 ] Request (ListServerFiltersTestJSON:tearDownClass): 200 GET http://10.180.1.21/compute/v2.1/servers/2aec3ff9-d183-4943-a03c-2a21121ed20a 0.197s
2025-04-29 08:51:07.215 69580 INFO tempest.lib.common.rest_client [req-b987a5d0-971c-42f6-b501-21ccf11ad871 req-b987a5d0-971c-42f6-b501-21ccf11ad871 ] Request (ServersListShow296Test:test_list_show_update_rebuild_server_296): 200 GET http://10.180.1.21/compute/v2.1/servers/b687fb4a-0cdd-4b4a-b83a-6b236917bf1d 0.247s
2025-04-29 08:51:07.302 69618 INFO tempest.lib.common.rest_client [req-4aee1845-0c4f-4f3d-bbdd-5f6ffb5fad37 req-4aee1845-0c4f-4f3d-bbdd-5f6ffb5fad37 ] Request (ServerDiskConfigTestJSON:test_rebuild_server_with_auto_disk_config): 202 POST http://10.180.1.21/compute/v2.1/servers 0.757s
2025-04-29 08:51:07.380 69594 INFO tempest.lib.common.rest_client [req-6e6c339a-e090-4dc8-8266-42f35b85e0aa req-6e6c339a-e090-4dc8-8266-42f35b85e0aa ] Request (ImagesTestJSON:test_create_image_from_suspended_server): 200 GET http://10.180.1.21/compute/v2.1/servers/8e88021a-4b4a-4926-84a0-de402adb19e7 0.197s
2025-04-29 08:51:07.398 69592 INFO tempest.lib.common.rest_client [req-f9c4239a-2182-45a2-8413-4baf349f42c7 req-f9c4239a-2182-45a2-8413-4baf349f42c7 ] Request (ServersAdminTestJSON:test_create_server_with_scheduling_hint): 200 GET http://10.180.1.21/compute/v2.1/servers/2639322f-3aec-4358-a433-10f2d009784b 0.255s
2025-04-29 08:51:07.448 69640 INFO tempest.lib.common.rest_client [req-7f53dcf5-a4d9-4e8f-85c3-9f922a820584 req-7f53dcf5-a4d9-4e8f-85c3-9f922a820584 ] Request (ServersAaction247Test:tearDownClass): 200 GET http://10.180.1.21/compute/v2.1/servers/11161123-3245-44ba-8031-96538d86c2cc 0.235s
2025-04-29 08:51:07.475 69608 INFO tempest.lib.common.rest_client [req-c81dc85a-118f-40ab-912a-b6dfff9d026c req-c81dc85a-118f-40ab-912a-b6dfff9d026c ] Request (InstanceActionsNegativeTestJSON:setUpClass): 200 GET http://10.180.1.21/compute/v2.1/servers/b1371739-7839-446a-8819-8df7cbd70c04 0.200s
2025-04-29 08:51:07.559 69618 INFO tempest.lib.common.rest_client [req-a41a383a-5334-40d4-aafc-fddf1023cd5d req-a41a383a-5334-40d4-aafc-fddf1023cd5d ] Request (ServerDiskConfigTestJSON:test_rebuild_server_with_auto_disk_config): 200 GET http://10.180.1.21/compute/v2.1/servers/8f8c82ba-6876-4a7f-bb7a-8b146fa831bd 0.255s
2025-04-29 08:51:07.564 69604 INFO tempest.lib.common.rest_client [req-959826f7-0a9f-44d3-b63c-5e956d8fdc74 req-959826f7-0a9f-44d3-b63c-5e956d8fdc74 ] Request (ServersListShow2100Test:test_list_show_rebuild_update_server_2100): 200 GET http://10.180.1.21/compute/v2.1/servers/c7dd6269-bd89-4e20-9e01-222cf348047b 0.279s
2025-04-29 08:51:07.632 69600 WARNING tempest.lib.common.ssh [-] Failed to establish authenticated ssh connection to cirros@10.180.180.250 ([Errno None] Unable to connect to port 22 on 10.180.180.250). Number attempts: 13. Retry after 14 seconds.: paramiko.ssh_exception.NoValidConnectionsError: [Errno None] Unable to connect to port 22 on 10.180.180.250
2025-04-29 08:51:07.656 69627 INFO tempest.lib.common.rest_client [req-7bb7cd09-e961-4268-9277-9f0f8c0744d8 req-7bb7cd09-e961-4268-9277-9f0f8c0744d8 ] Request (ServersTestMultiNic:test_verify_multiple_nics_order): 200 GET http://10.180.1.21/compute/v2.1/servers/b6d8de0f-2f2a-4379-a32e-df7a7c2c1d7d 0.299s
2025-04-29 08:51:07.661 69614 INFO tempest.lib.common.rest_client [req-2586653c-383f-46fa-972c-61626a4fe0fb req-2586653c-383f-46fa-972c-61626a4fe0fb ] Request (ServerActionsTestJSON:setUpClass): 200 GET http://10.180.1.21/compute/v2.1/servers/796aa52e-d860-4f75-b1bc-4a5bc9b2c8b8 0.237s
2025-04-29 08:51:07.664 69627 INFO tempest.common.waiters [-] State transition "BUILD/scheduling" ==> "BUILD/None" after 26 second wait
2025-04-29 08:51:07.759 69584 INFO tempest.lib.common.rest_client [req-2817f7cf-5a1e-4dc9-82cd-c4307fe20ebd req-2817f7cf-5a1e-4dc9-82cd-c4307fe20ebd ] Request (ServerRescueNegativeTestJSON:test_rescued_vm_detach_volume): 200 GET http://10.180.1.21/compute/v2.1/servers/4184821a-18c0-4f78-8ad1-fc56470105b5 0.279s
2025-04-29 08:51:07.781 69624 INFO tempest.lib.common.rest_client [req-3ac6f137-0205-4e78-a25c-160f530eb6ce req-3ac6f137-0205-4e78-a25c-160f530eb6ce ] Request (ServersAdminNegativeTestJSON:tearDownClass): 404 GET http://10.180.1.21/compute/v2.1/servers/f7dba330-0d27-429c-860e-4e74e14bf018 0.173s
2025-04-29 08:51:07.874 69624 INFO tempest.lib.common.rest_client [req-c8bdb8ad-490e-49a1-b2b7-eed8cb3b1f1b req-c8bdb8ad-490e-49a1-b2b7-eed8cb3b1f1b ] Request (ServersAdminNegativeTestJSON:tearDownClass): 204 DELETE http://10.180.1.21/identity/v3/users/773bedf15be5426c99028f9f45b7d93d 0.093s
2025-04-29 08:51:07.910 69622 INFO tempest.lib.common.rest_client [req-e855baea-2ec5-4734-8b0e-0d63c933129d req-e855baea-2ec5-4734-8b0e-0d63c933129d ] Request (TenantUsagesTestJSON:tearDownClass): 200 GET http://10.180.1.21/compute/v2.1/servers/d25fc554-aae7-460c-bc59-8e7bb8493d53 0.469s
2025-04-29 08:51:07.956 69606 INFO tempest.lib.common.rest_client [req-52aabea8-0f95-47a7-a636-c23f49cb3358 req-52aabea8-0f95-47a7-a636-c23f49cb3358 ] Request (MigrationsAdminTest:test_list_migrations_in_flavor_resize_situation): 200 GET http://10.180.1.21/compute/v2.1/servers/bfe7a82e-684c-485e-a4b2-0e247a218637 0.331s
2025-04-29 08:51:07.987 69582 INFO tempest.lib.common.rest_client [req-3ed6fab3-d120-4f45-bc70-fc3c94d9371f req-3ed6fab3-d120-4f45-bc70-fc3c94d9371f ] Request (ImagesOneServerNegativeTestJSON:_run_cleanups): 200 GET http://10.180.1.21/compute/v2.1/servers/57fd7958-1929-412f-82a7-73ef849d9a07 0.298s
2025-04-29 08:51:07.994 69624 INFO tempest.lib.common.rest_client [req-84ed9713-2529-4adb-b181-e16108642377 req-84ed9713-2529-4adb-b181-e16108642377 ] Request (ServersAdminNegativeTestJSON:tearDownClass): 204 DELETE http://10.180.1.21/identity/v3/users/0d67a47906eb4f48b936619a37b9f56c 0.119s
2025-04-29 08:51:07.994 69624 INFO tempest.lib.common.dynamic_creds [-] Deleting project and security group for project: 0421489a8d54445b8bb5bfe7fdeb7825
2025-04-29 08:51:08.012 69602 INFO tempest.lib.common.rest_client [req-7b416708-2177-4185-9ff3-5d2b776d8087 req-7b416708-2177-4185-9ff3-5d2b776d8087 ] Request (ServersTestBootFromVolume:tearDownClass): 404 GET http://10.180.1.21/compute/v2.1/servers/316ae0ae-492d-4fc1-aed3-d2b2bae0eaaa 0.158s
2025-04-29 08:51:08.033 69616 INFO tempest.lib.common.rest_client [req-c23a111d-2aa2-46ad-a0cb-6e517abb1f47 req-c23a111d-2aa2-46ad-a0cb-6e517abb1f47 ] Request (ServersNegativeTestJSON:setUpClass): 200 GET http://10.180.1.21/compute/v2.1/servers/78082ae6-1d22-4917-bb47-cbccedde44aa 0.284s
2025-04-29 08:51:08.053 69602 INFO tempest.lib.common.rest_client [req-97e8177f-8f3c-479e-9234-3f6a8d7894ed req-97e8177f-8f3c-479e-9234-3f6a8d7894ed ] Request (ServersTestBootFromVolume:tearDownClass): 202 DELETE http://10.180.1.21/compute/v2.1/os-keypairs/tempest-keypair-173667333 0.041s
2025-04-29 08:51:08.075 69624 INFO tempest.lib.common.rest_client [req-72a60ee6-7d70-4cef-94ab-8be2f8c9a54e req-72a60ee6-7d70-4cef-94ab-8be2f8c9a54e ] Request (ServersAdminNegativeTestJSON:tearDownClass): 201 POST http://10.180.1.21/identity/v3/auth/tokens 0.081s
2025-04-29 08:51:08.165 69602 INFO tempest.lib.common.rest_client [req-b52265ec-9812-4f3a-bfb9-95988883558a req-b52265ec-9812-4f3a-bfb9-95988883558a ] Request (ServersTestBootFromVolume:tearDownClass): 204 DELETE http://10.180.1.21:9696/networking/v2.0/security-groups/d8f85b08-83ad-443d-9e32-5acb05ba6b8e 0.111s
2025-04-29 08:51:08.179 69624 INFO tempest.lib.common.rest_client [req-4541d0be-1d03-4bce-9717-5be9bd69a26d req-4541d0be-1d03-4bce-9717-5be9bd69a26d ] Request (ServersAdminNegativeTestJSON:tearDownClass): 200 GET http://10.180.1.21:9696/networking/v2.0/security-groups?tenant_id=0421489a8d54445b8bb5bfe7fdeb7825&name=default 0.103s
2025-04-29 08:51:08.195 69602 INFO tempest.lib.common.rest_client [req-33426293-cd3e-481a-aa52-8eac0d2853f8 req-33426293-cd3e-481a-aa52-8eac0d2853f8 ] Request (ServersTestBootFromVolume:tearDownClass): 404 GET http://10.180.1.21:9696/networking/v2.0/security-groups/d8f85b08-83ad-443d-9e32-5acb05ba6b8e 0.030s
2025-04-29 08:51:08.368 69630 INFO tempest.lib.common.rest_client [req-7aec3422-67b9-487e-9a81-dd1ce9996bba req-7aec3422-67b9-487e-9a81-dd1ce9996bba ] Request (DeleteServersTestJSON:test_delete_server_while_in_attached_volume): 200 GET http://10.180.1.21/compute/v2.1/servers/51d669fe-5caa-478a-8b17-19a0e14863fb 0.341s
2025-04-29 08:51:08.376 69596 INFO tempest.lib.common.rest_client [req-6f920626-2c22-46d2-ac4a-e542c193b371 req-6f920626-2c22-46d2-ac4a-e542c193b371 ] Request (ListImageFiltersTestJSON:setUpClass): 200 GET http://10.180.1.21/compute/v2.1/servers/9524393b-7a6e-4590-b195-e5a34c3872a1 0.438s
2025-04-29 08:51:08.380 69624 INFO tempest.lib.common.rest_client [req-71ee1a40-f82d-43ed-b617-bfc1f8578b5f req-71ee1a40-f82d-43ed-b617-bfc1f8578b5f ] Request (ServersAdminNegativeTestJSON:tearDownClass): 204 DELETE http://10.180.1.21:9696/networking/v2.0/security-groups/15428e17-c58a-4b93-ac2c-9f0a747d6bdb 0.200s
2025-04-29 08:51:08.387 69596 INFO tempest.common.waiters [-] State transition "BUILD/None" ==> "BUILD/networking" after 58 second wait
2025-04-29 08:51:08.469 69624 INFO tempest.lib.common.rest_client [req-6a81a54e-91b1-43fe-a33d-b94ae41c9dd4 req-6a81a54e-91b1-43fe-a33d-b94ae41c9dd4 ] Request (ServersAdminNegativeTestJSON:tearDownClass): 204 DELETE http://10.180.1.21/identity/v3/projects/0421489a8d54445b8bb5bfe7fdeb7825 0.089s
2025-04-29 08:51:08.470 69624 INFO tempest.lib.common.dynamic_creds [-] Deleting project and security group for project: a74a327e3db04303b7889727ec136864
2025-04-29 08:51:08.503 69620 INFO tempest.lib.common.rest_client [req-7f4aec1e-6c79-41b8-97f6-b584ed5b172a req-7f4aec1e-6c79-41b8-97f6-b584ed5b172a ] Request (ListServerFiltersTestJSON:tearDownClass): 200 GET http://10.180.1.21/compute/v2.1/servers/2aec3ff9-d183-4943-a03c-2a21121ed20a 0.381s
2025-04-29 08:51:08.514 69580 INFO tempest.lib.common.rest_client [req-ac8b4132-fcc3-476c-a506-536b918cf130 req-ac8b4132-fcc3-476c-a506-536b918cf130 ] Request (ServersListShow296Test:test_list_show_update_rebuild_server_296): 200 GET http://10.180.1.21/compute/v2.1/servers/b687fb4a-0cdd-4b4a-b83a-6b236917bf1d 0.280s
2025-04-29 08:51:08.553 69624 INFO tempest.lib.common.rest_client [req-0e5a37eb-8659-4799-ac14-884e55eed673 req-0e5a37eb-8659-4799-ac14-884e55eed673 ] Request (ServersAdminNegativeTestJSON:tearDownClass): 200 GET http://10.180.1.21:9696/networking/v2.0/security-groups?tenant_id=a74a327e3db04303b7889727ec136864&name=default 0.083s
2025-04-29 08:51:08.597 69594 INFO tempest.lib.common.rest_client [req-078bb597-9908-4aae-bbfe-f942cf291b56 req-078bb597-9908-4aae-bbfe-f942cf291b56 ] Request (ImagesTestJSON:test_create_image_from_suspended_server): 200 GET http://10.180.1.21/compute/v2.1/servers/8e88021a-4b4a-4926-84a0-de402adb19e7 0.205s
2025-04-29 08:51:08.654 69602 INFO tempest.lib.common.rest_client [req-add953f9-ff0d-4876-ad03-afa22cdabe13 req-add953f9-ff0d-4876-ad03-afa22cdabe13 ] Request (ServersTestBootFromVolume:tearDownClass): 204 DELETE http://10.180.1.21:9696/networking/v2.0/floatingips/a802906f-2926-4b4c-95a8-895a86faac8c 0.457s
2025-04-29 08:51:08.681 69640 INFO tempest.lib.common.rest_client [req-3ed50afe-f3f8-4c5d-94d4-35ff15f36b9a req-3ed50afe-f3f8-4c5d-94d4-35ff15f36b9a ] Request (ServersAaction247Test:tearDownClass): 200 GET http://10.180.1.21/compute/v2.1/servers/11161123-3245-44ba-8031-96538d86c2cc 0.217s
2025-04-29 08:51:08.709 69592 INFO tempest.lib.common.rest_client [req-25e90cb4-f27a-4330-8696-9b5e561fc7c4 req-25e90cb4-f27a-4330-8696-9b5e561fc7c4 ] Request (ServersAdminTestJSON:test_create_server_with_scheduling_hint): 200 GET http://10.180.1.21/compute/v2.1/servers/2639322f-3aec-4358-a433-10f2d009784b 0.298s
2025-04-29 08:51:08.772 69608 INFO tempest.lib.common.rest_client [req-c1a559c6-7ddf-450f-9ef9-4a75698f47de req-c1a559c6-7ddf-450f-9ef9-4a75698f47de ] Request (InstanceActionsNegativeTestJSON:setUpClass): 200 GET http://10.180.1.21/compute/v2.1/servers/b1371739-7839-446a-8819-8df7cbd70c04 0.280s
2025-04-29 08:51:08.791 69618 INFO tempest.lib.common.rest_client [req-3fc2c7f8-839d-4132-acb2-94023d9497f1 req-3fc2c7f8-839d-4132-acb2-94023d9497f1 ] Request (ServerDiskConfigTestJSON:test_rebuild_server_with_auto_disk_config): 200 GET http://10.180.1.21/compute/v2.1/servers/8f8c82ba-6876-4a7f-bb7a-8b146fa831bd 0.219s
2025-04-29 08:51:08.837 69628 INFO tempest.lib.common.rest_client [req-602eb5cc-d45f-483a-b8f1-57c631431a9c req-602eb5cc-d45f-483a-b8f1-57c631431a9c ] Request (ServersTestFqdnHostnames:setUpClass): 201 POST http://10.180.1.21:9696/networking/v2.0/routers 2.006s
2025-04-29 08:51:08.868 69610 WARNING tempest.lib.common.ssh [-] Failed to establish authenticated ssh connection to cirros@10.180.180.201 ([Errno None] Unable to connect to port 22 on 10.180.180.201). Number attempts: 2. Retry after 3 seconds.: paramiko.ssh_exception.NoValidConnectionsError: [Errno None] Unable to connect to port 22 on 10.180.180.201
2025-04-29 08:51:08.897 69627 INFO tempest.lib.common.rest_client [req-532c1111-7973-4240-b127-653c0f2fa058 req-532c1111-7973-4240-b127-653c0f2fa058 ] Request (ServersTestMultiNic:test_verify_multiple_nics_order): 200 GET http://10.180.1.21/compute/v2.1/servers/b6d8de0f-2f2a-4379-a32e-df7a7c2c1d7d 0.231s
2025-04-29 08:51:08.908 69604 INFO tempest.lib.common.rest_client [req-edb1e2bc-c2f1-4b70-a099-3608451cfa28 req-edb1e2bc-c2f1-4b70-a099-3608451cfa28 ] Request (ServersListShow2100Test:test_list_show_rebuild_update_server_2100): 200 GET http://10.180.1.21/compute/v2.1/servers/c7dd6269-bd89-4e20-9e01-222cf348047b 0.315s
2025-04-29 08:51:08.966 69614 INFO tempest.lib.common.rest_client [req-3b7b0049-8463-459f-8b4c-7a1a3681ac59 req-3b7b0049-8463-459f-8b4c-7a1a3681ac59 ] Request (ServerActionsTestJSON:setUpClass): 200 GET http://10.180.1.21/compute/v2.1/servers/796aa52e-d860-4f75-b1bc-4a5bc9b2c8b8 0.296s
2025-04-29 08:51:08.981 69624 INFO tempest.lib.common.rest_client [req-c61d7061-2da9-4be6-8d21-d150b7b78833 req-c61d7061-2da9-4be6-8d21-d150b7b78833 ] Request (ServersAdminNegativeTestJSON:tearDownClass): 204 DELETE http://10.180.1.21:9696/networking/v2.0/security-groups/6c8f8ccc-26e7-4d1c-8f10-654d5c5c5315 0.425s
2025-04-29 08:51:08.986 69584 INFO tempest.lib.common.rest_client [req-c6ed213d-6122-4125-be73-87f2264356a2 req-c6ed213d-6122-4125-be73-87f2264356a2 ] Request (ServerRescueNegativeTestJSON:test_rescued_vm_detach_volume): 200 GET http://10.180.1.21/compute/v2.1/servers/4184821a-18c0-4f78-8ad1-fc56470105b5 0.215s
2025-04-29 08:51:09.035 69622 INFO tempest.lib.common.rest_client [req-1d653acc-e866-4ff2-887f-87deaabcec24 req-1d653acc-e866-4ff2-887f-87deaabcec24 ] Request (TenantUsagesTestJSON:tearDownClass): 200 GET http://10.180.1.21/compute/v2.1/servers/d25fc554-aae7-460c-bc59-8e7bb8493d53 0.112s
2025-04-29 08:51:09.113 69624 INFO tempest.lib.common.rest_client [req-726bb4c0-4b33-443b-8bd4-15905228683a req-726bb4c0-4b33-443b-8bd4-15905228683a ] Request (ServersAdminNegativeTestJSON:tearDownClass): 204 DELETE http://10.180.1.21/identity/v3/projects/a74a327e3db04303b7889727ec136864 0.132s
2025-04-29 08:51:09.128 69582 INFO tempest.lib.common.rest_client [req-1ffa2992-c5a3-4d01-913b-9ae117a0658e req-1ffa2992-c5a3-4d01-913b-9ae117a0658e ] Request (ImagesOneServerNegativeTestJSON:_run_cleanups): 200 GET http://10.180.1.21/compute/v2.1/servers/57fd7958-1929-412f-82a7-73ef849d9a07 0.131s
2025-04-29 08:51:09.172 69606 INFO tempest.lib.common.rest_client [req-17da6f90-d1f7-4a2b-a459-ec35e258b7c2 req-17da6f90-d1f7-4a2b-a459-ec35e258b7c2 ] Request (MigrationsAdminTest:test_list_migrations_in_flavor_resize_situation): 200 GET http://10.180.1.21/compute/v2.1/servers/bfe7a82e-684c-485e-a4b2-0e247a218637 0.203s
2025-04-29 08:51:09.176 69624 INFO tempest.lib.common.rest_client [req-5329a8c0-8dbd-44e7-b9ac-9f21dba1567f req-5329a8c0-8dbd-44e7-b9ac-9f21dba1567f ] Request (SecurityGroupsTestJSON:setUpClass): 201 POST http://10.180.1.21/identity/v3/auth/tokens 0.061s
2025-04-29 08:51:09.206 69616 INFO tempest.lib.common.rest_client [req-bc76586e-f06a-4cd2-95cb-c66460953046 req-bc76586e-f06a-4cd2-95cb-c66460953046 ] Request (ServersNegativeTestJSON:setUpClass): 200 GET http://10.180.1.21/compute/v2.1/servers/78082ae6-1d22-4917-bb47-cbccedde44aa 0.165s
2025-04-29 08:51:09.219 69624 INFO tempest.lib.common.rest_client [req-176e08aa-44a4-45c7-b57c-a322407c61f9 req-176e08aa-44a4-45c7-b57c-a322407c61f9 ] Request (SecurityGroupsTestJSON:setUpClass): 201 POST http://10.180.1.21/identity/v3/auth/tokens 0.040s
2025-04-29 08:51:09.246 69624 INFO tempest.lib.common.rest_client [req-616c0771-bc36-40d5-9bec-5235cb052065 req-616c0771-bc36-40d5-9bec-5235cb052065 ] Request (SecurityGroupsTestJSON:setUpClass): 200 GET http://10.180.1.21/identity/v3/domains?name=Default 0.026s
2025-04-29 08:51:09.274 69624 INFO tempest.lib.common.rest_client [req-fbbedcec-24b4-4004-b978-0141e860dc27 req-fbbedcec-24b4-4004-b978-0141e860dc27 ] Request (SecurityGroupsTestJSON:setUpClass): 201 POST http://10.180.1.21/identity/v3/projects 0.027s
2025-04-29 08:51:09.327 69624 INFO tempest.lib.common.rest_client [req-e56f566a-4c46-49a7-84a3-b05b756a8911 req-e56f566a-4c46-49a7-84a3-b05b756a8911 ] Request (SecurityGroupsTestJSON:setUpClass): 201 POST http://10.180.1.21/identity/v3/users 0.053s
2025-04-29 08:51:09.356 69624 INFO tempest.lib.common.rest_client [req-b171abb7-667f-497a-a914-93d59475d41a req-b171abb7-667f-497a-a914-93d59475d41a ] Request (SecurityGroupsTestJSON:setUpClass): 200 GET http://10.180.1.21/identity/v3/roles 0.028s
2025-04-29 08:51:09.385 69624 INFO tempest.lib.common.rest_client [req-f3ec1714-f1f0-4078-be1d-64f74faf38be req-f3ec1714-f1f0-4078-be1d-64f74faf38be ] Request (SecurityGroupsTestJSON:setUpClass): 204 PUT http://10.180.1.21/identity/v3/projects/f1344687a67b4612bbef84fa4327b1c8/users/4d1f42b7f8244d86a3eadbfb9aa4c8b4/roles/bf0af078731840858a5fb8cc72a1d2dd 0.027s
