2025-04-29 08:51:30.503 69612 INFO tempest.lib.common.rest_client [req-eba91514-29d7-4594-8485-ef2faeb1787c req-eba91514-29d7-4594-8485-ef2faeb1787c ] Request (VolumesAdminNegativeTest:test_update_attached_volume_with_nonexistent_volume_in_uri): 200 GET http://10.180.1.21/compute/v2.1/servers/08796840-bdeb-4383-b113-6006cbdf82c1 0.359s
2025-04-29 08:51:30.571 69618 INFO tempest.lib.common.rest_client [req-dfd00e05-6188-478b-a301-01c1f0174087 req-dfd00e05-6188-478b-a301-01c1f0174087 ] Request (ServerDiskConfigTestJSON:test_rebuild_server_with_auto_disk_config): 200 GET http://10.180.1.21/compute/v2.1/servers/8f8c82ba-6876-4a7f-bb7a-8b146fa831bd 0.353s
2025-04-29 08:51:30.579 69640 INFO tempest.lib.common.rest_client [req-c4dc0ea2-b0de-45b5-b046-631833f1a917 req-c4dc0ea2-b0de-45b5-b046-631833f1a917 ] Request (ServersAaction247Test:tearDownClass): 200 GET http://10.180.1.21/compute/v2.1/servers/11161123-3245-44ba-8031-96538d86c2cc 0.382s
2025-04-29 08:51:30.598 69582 INFO tempest.lib.common.rest_client [req-8d0fe799-8658-4f0a-b99a-a8399d4e8bfc req-8d0fe799-8658-4f0a-b99a-a8399d4e8bfc ] Request (ImagesOneServerNegativeTestJSON:test_delete_image_that_is_not_yet_active): 404 GET http://10.180.1.21/compute/v2.1/images/e3b2993d-5ee5-4867-8050-7a7723d1f6cb 0.333s
2025-04-29 08:51:30.624 69628 INFO tempest.lib.common.rest_client [req-2c9fdb09-34a2-4e2e-9954-fbf958c62fda req-2c9fdb09-34a2-4e2e-9954-fbf958c62fda ] Request (ServersTestFqdnHostnames:test_create_server_with_fqdn_name): 200 GET http://10.180.1.21/compute/v2.1/servers/e7300d10-0760-4d59-bf7f-5d89c5ef2397 0.359s
2025-04-29 08:51:30.651 69627 INFO tempest.lib.common.rest_client [req-eb6cd7c8-4f3c-4b33-92de-daa7db7177a3 req-eb6cd7c8-4f3c-4b33-92de-daa7db7177a3 ] Request (ServersTestMultiNic:test_verify_multiple_nics_order): 200 GET http://10.180.1.21/compute/v2.1/servers/b6d8de0f-2f2a-4379-a32e-df7a7c2c1d7d 0.364s
2025-04-29 08:51:30.721 69620 INFO tempest.lib.common.rest_client [req-195a4898-8feb-486d-9d75-e508f88728af req-195a4898-8feb-486d-9d75-e508f88728af ] Request (ListServerFiltersTestJSON:tearDownClass): 200 GET http://10.180.1.21/compute/v2.1/servers/e545415d-fa64-4855-9c05-edc9395beffc 0.355s
2025-04-29 08:51:30.838 69638 INFO tempest.lib.common.rest_client [req-f55fc99f-4cf2-4738-a526-a240d5d333e9 req-f55fc99f-4cf2-4738-a526-a240d5d333e9 ] Request (ServersTestJSON:test_list_servers_with_detail): 200 GET http://10.180.1.21/compute/v2.1/servers/detail 0.503s
2025-04-29 08:51:30.873 69594 INFO tempest.lib.common.rest_client [req-d285b162-87fc-453d-848f-db121b14c03b req-d285b162-87fc-453d-848f-db121b14c03b ] Request (ImagesTestJSON:test_create_image_from_suspended_server): 200 GET http://10.180.1.21/compute/v2.1/images/f16fc3c7-ae85-44ba-8cea-23f30ff8ed89 0.050s
2025-04-29 08:51:30.885 69582 INFO tempest.lib.common.rest_client [req-6e8ba8e6-b044-41c7-a336-8b50a5d209ca req-6e8ba8e6-b044-41c7-a336-8b50a5d209ca ] Request (ImagesOneServerNegativeTestJSON:tearDown): 200 GET http://10.180.1.21/compute/v2.1/servers/57fd7958-1929-412f-82a7-73ef849d9a07 0.286s
2025-04-29 08:51:30.890 69638 INFO tempest.lib.common.rest_client [req-5784d100-18b1-459f-911b-a3d6143dc313 req-5784d100-18b1-459f-911b-a3d6143dc313 ] Request (ServersTestJSON:test_verify_created_server_vcpus): 200 GET http://10.180.1.21/compute/v2.1/flavors/42 0.043s
2025-04-29 08:51:30.893 69638 INFO tempest.lib.common.ssh [-] Creating ssh connection to '10.180.180.246:22' as 'cirros' with public key authentication
2025-04-29 08:51:30.908 69638 INFO paramiko.transport [-] Connected (version 2.0, client dropbear_2020.81)
2025-04-29 08:51:31.013 69638 INFO paramiko.transport [-] Authentication (publickey) successful!
2025-04-29 08:51:31.013 69638 INFO tempest.lib.common.ssh [-] ssh connection to cirros@10.180.180.246 successfully created
2025-04-29 08:51:31.032 69604 INFO tempest.lib.common.rest_client [req-6fb620c2-21e9-40b3-a83b-cf4bd4697777 req-6fb620c2-21e9-40b3-a83b-cf4bd4697777 ] Request (ServersListShow2100Test:test_list_show_rebuild_update_server_2100): 200 GET http://10.180.1.21/compute/v2.1/servers/c7dd6269-bd89-4e20-9e01-222cf348047b 0.079s
2025-04-29 08:51:31.094 69598 INFO paramiko.transport [-] Connected (version 2.0, client dropbear_2020.81)
2025-04-29 08:51:31.106 69584 INFO tempest.lib.common.rest_client [req-6833e0d2-2471-4b33-a0f2-5fa1a347c473 req-6833e0d2-2471-4b33-a0f2-5fa1a347c473 ] Request (ServerRescueNegativeTestJSON:test_rescued_vm_detach_volume): 200 GET http://10.180.1.21/compute/v2.1/servers/4184821a-18c0-4f78-8ad1-fc56470105b5 0.099s
2025-04-29 08:51:31.113 69584 INFO tempest.common.waiters [-] State transition "BUILD/block_device_mapping" ==> "BUILD/spawning" after 55 second wait
2025-04-29 08:51:31.115 69638 INFO tempest.lib.common.rest_client [req-2ad6a702-f513-495e-b559-8024ea3ae85d req-2ad6a702-f513-495e-b559-8024ea3ae85d ] Request (ServersTestJSON:tearDownClass): 204 DELETE http://10.180.1.21/compute/v2.1/servers/ad8a3a86-13df-41d9-b660-b30255a41fab 0.090s
2025-04-29 08:51:31.175 69624 INFO tempest.lib.common.rest_client [req-f6e3ac83-b6e9-4db1-83da-87ce88369fdd req-f6e3ac83-b6e9-4db1-83da-87ce88369fdd ] Request (SecurityGroupsTestJSON:test_list_security_groups_by_server): 200 GET http://10.180.1.21/compute/v2.1/servers/b75d7fd5-ffee-482f-9c0a-d9b62e72ada8 0.150s
2025-04-29 08:51:31.178 69592 INFO tempest.lib.common.rest_client [req-ef8eb15d-420a-4959-a9b3-5f857a0085c5 req-ef8eb15d-420a-4959-a9b3-5f857a0085c5 ] Request (ServersAdminTestJSON:test_inject_network_info): 200 GET http://10.180.1.21/compute/v2.1/servers/ac6131ac-f4d0-4b70-8e5f-b012da69c368 0.101s
2025-04-29 08:51:31.208 69598 INFO paramiko.transport [-] Authentication (publickey) successful!
2025-04-29 08:51:31.208 69598 INFO tempest.lib.common.ssh [-] ssh connection to cirros@10.180.180.154 successfully created
2025-04-29 08:51:31.262 69602 INFO tempest.lib.common.rest_client [req-2868dd88-3b06-42ad-8f53-287af36ec37d req-2868dd88-3b06-42ad-8f53-287af36ec37d ] Request (ServersV294TestFqdnHostnames:setUpClass): 200 GET http://10.180.1.21/compute/v2.1/servers/2a1339a9-449b-4fbd-99b6-fc7978163dc5 0.149s
2025-04-29 08:51:31.325 69616 INFO tempest.lib.common.rest_client [req-7281928c-9098-4cf0-879f-d0726278fde4 req-7281928c-9098-4cf0-879f-d0726278fde4 ] Request (ServersNegativeTestJSON:setUpClass): 200 GET http://10.180.1.21/compute/v2.1/servers/78082ae6-1d22-4917-bb47-cbccedde44aa 0.140s
2025-04-29 08:51:31.326 69610 WARNING tempest.lib.common.ssh [-] Failed to establish authenticated ssh connection to cirros@10.180.180.201 ([Errno None] Unable to connect to port 22 on 10.180.180.201). Number attempts: 6. Retry after 7 seconds.: paramiko.ssh_exception.NoValidConnectionsError: [Errno None] Unable to connect to port 22 on 10.180.180.201
2025-04-29 08:51:31.340 69638 INFO tempest.lib.common.rest_client [req-02bea649-7413-48ff-916c-3522e53d8bf1 req-02bea649-7413-48ff-916c-3522e53d8bf1 ] Request (ServersTestJSON:tearDownClass): 200 GET http://10.180.1.21/compute/v2.1/servers/ad8a3a86-13df-41d9-b660-b30255a41fab 0.224s
2025-04-29 08:51:31.420 69608 INFO tempest.lib.common.rest_client [req-2e8dc0a4-63ff-401f-bf55-6ffbf1da3299 req-2e8dc0a4-63ff-401f-bf55-6ffbf1da3299 ] Request (InstanceActionsNegativeTestJSON:tearDownClass): 200 GET http://10.180.1.21/compute/v2.1/servers/b1371739-7839-446a-8819-8df7cbd70c04 0.201s
2025-04-29 08:51:31.461 69596 INFO tempest.lib.common.rest_client [req-a64f8cb9-96d9-47eb-a3c2-2e3187bf2f79 req-a64f8cb9-96d9-47eb-a3c2-2e3187bf2f79 ] Request (ListImageFiltersTestJSON:setUpClass): 200 GET http://10.180.1.21/compute/v2.1/images/22f5f8bb-54c7-4e16-b868-61a363a6c613 0.163s
2025-04-29 08:51:31.548 69622 INFO tempest.lib.common.rest_client [req-b8d7b4e0-ae68-42c8-b6de-5b5a5bfb32ab req-b8d7b4e0-ae68-42c8-b6de-5b5a5bfb32ab ] Request (TenantUsagesTestJSON:tearDownClass): 200 GET http://10.180.1.21/compute/v2.1/servers/d25fc554-aae7-460c-bc59-8e7bb8493d53 0.172s
2025-04-29 08:51:31.613 69630 INFO tempest.lib.common.rest_client [req-d1bd2bca-d5d6-4d9d-9acd-450ae3ff3406 req-d1bd2bca-d5d6-4d9d-9acd-450ae3ff3406 ] Request (DeleteServersTestJSON:test_delete_server_while_in_shelved_state): 200 GET http://10.180.1.21/compute/v2.1/servers/62593aee-807d-4efd-8377-26d38f9cd44d 0.213s
2025-04-29 08:51:31.700 69580 INFO tempest.lib.common.rest_client [req-705d04b0-12de-474d-9cec-f1a280dcfee7 req-705d04b0-12de-474d-9cec-f1a280dcfee7 ] Request (ServersListShow296Test:test_list_show_update_rebuild_server_296): 200 GET http://10.180.1.21/compute/v2.1/servers/b687fb4a-0cdd-4b4a-b83a-6b236917bf1d 0.250s
2025-04-29 08:51:31.749 69612 INFO tempest.lib.common.rest_client [req-47979df2-7b0d-4d72-8707-c6ebfab8f13c req-47979df2-7b0d-4d72-8707-c6ebfab8f13c ] Request (VolumesAdminNegativeTest:test_update_attached_volume_with_nonexistent_volume_in_uri): 200 GET http://10.180.1.21/compute/v2.1/servers/08796840-bdeb-4383-b113-6006cbdf82c1 0.237s
2025-04-29 08:51:31.863 69606 INFO tempest.lib.common.rest_client [req-0a6c34e6-d0ba-4ee9-90c1-73f46950384c req-0a6c34e6-d0ba-4ee9-90c1-73f46950384c ] Request (MigrationsAdminTest:test_list_migrations_in_flavor_resize_situation): 200 GET http://10.180.1.21/compute/v2.1/servers/bfe7a82e-684c-485e-a4b2-0e247a218637 0.351s
2025-04-29 08:51:31.911 69618 INFO tempest.lib.common.rest_client [req-8088d8a0-d428-48ec-ae24-52eee8e85644 req-8088d8a0-d428-48ec-ae24-52eee8e85644 ] Request (ServerDiskConfigTestJSON:test_rebuild_server_with_auto_disk_config): 200 GET http://10.180.1.21/compute/v2.1/servers/8f8c82ba-6876-4a7f-bb7a-8b146fa831bd 0.330s
2025-04-29 08:51:31.974 69640 INFO tempest.lib.common.rest_client [req-a0fac286-dcfb-4b94-8361-64db67df4f94 req-a0fac286-dcfb-4b94-8361-64db67df4f94 ] Request (ServersAaction247Test:tearDownClass): 200 GET http://10.180.1.21/compute/v2.1/servers/11161123-3245-44ba-8031-96538d86c2cc 0.382s
2025-04-29 08:51:32.024 69628 INFO tempest.lib.common.rest_client [req-fb5d4937-0bdf-4dcd-9060-3b3c57f73f1d req-fb5d4937-0bdf-4dcd-9060-3b3c57f73f1d ] Request (ServersTestFqdnHostnames:test_create_server_with_fqdn_name): 200 GET http://10.180.1.21/compute/v2.1/servers/e7300d10-0760-4d59-bf7f-5d89c5ef2397 0.390s
2025-04-29 08:51:32.077 69627 INFO tempest.lib.common.rest_client [req-8ac4c288-fbf0-4d59-af6f-b1df9228e0ad req-8ac4c288-fbf0-4d59-af6f-b1df9228e0ad ] Request (ServersTestMultiNic:test_verify_multiple_nics_order): 200 GET http://10.180.1.21/compute/v2.1/servers/b6d8de0f-2f2a-4379-a32e-df7a7c2c1d7d 0.417s
2025-04-29 08:51:32.139 69620 INFO tempest.lib.common.rest_client [req-29d6e5a0-855e-48ae-ad25-7b17aaaa336a req-29d6e5a0-855e-48ae-ad25-7b17aaaa336a ] Request (ListServerFiltersTestJSON:tearDownClass): 200 GET http://10.180.1.21/compute/v2.1/servers/e545415d-fa64-4855-9c05-edc9395beffc 0.409s
2025-04-29 08:51:32.176 69594 INFO tempest.lib.common.rest_client [req-9d7d79d5-8a93-4694-b6e4-651266b55713 req-9d7d79d5-8a93-4694-b6e4-651266b55713 ] Request (ImagesTestJSON:test_create_image_from_suspended_server): 200 GET http://10.180.1.21/compute/v2.1/images/f16fc3c7-ae85-44ba-8cea-23f30ff8ed89 0.298s
2025-04-29 08:51:32.278 69582 INFO tempest.lib.common.rest_client [req-20b4ae0f-44eb-4a37-8c5b-e417c0eb6445 req-20b4ae0f-44eb-4a37-8c5b-e417c0eb6445 ] Request (ImagesOneServerNegativeTestJSON:tearDown): 200 GET http://10.180.1.21/compute/v2.1/servers/57fd7958-1929-412f-82a7-73ef849d9a07 0.382s
2025-04-29 08:51:32.287 69582 INFO tempest.common.waiters [-] State transition "ACTIVE/image_snapshot" ==> "ACTIVE/image_pending_upload" after 2 second wait
2025-04-29 08:51:32.625 69604 INFO tempest.lib.co