2025-04-29 08:48:07.914 69614 INFO tempest.lib.common.dynamic_creds [-] Acquired dynamic creds: credentials: Credentials: {'domain_id': 'default', 'domain_name': 'Default', 'username': 'tempest-KeyPairsV2TestJSON-987212952-project-member', 'project_domain_id': 'default', 'project_domain_name': 'Default', 'project_id': '32e37fa1871a44bca174bfcc3adb243b', 'project_name': 'tempest-KeyPairsV2TestJSON-987212952', 'tenant_id': '32e37fa1871a44bca174bfcc3adb243b', 'tenant_name': 'tempest-KeyPairsV2TestJSON-987212952', 'user_domain_id': 'default', 'user_domain_name': 'Default', 'user_id': '9479f9c17e8943b6862084e7f3b9d114', 'system': None}, Network: None, Subnet: None, Router: None
2025-04-29 08:48:07.914 69614 INFO tempest.lib.common.dynamic_creds [-] Created isolated network resources for: credentials: Credentials: {'domain_id': 'default', 'domain_name': 'Default', 'username': 'tempest-KeyPairsV2TestJSON-987212952-project-member', 'project_domain_id': 'default', 'project_domain_name': 'Default', 'project_id': '32e37fa1871a44bca174bfcc3adb243b', 'project_name': 'tempest-KeyPairsV2TestJSON-987212952', 'tenant_id': '32e37fa1871a44bca174bfcc3adb243b', 'tenant_name': 'tempest-KeyPairsV2TestJSON-987212952', 'user_domain_id': 'default', 'user_domain_name': 'Default', 'user_id': '9479f9c17e8943b6862084e7f3b9d114', 'system': None}, Network: None, Subnet: None, Router: None
2025-04-29 08:48:07.933 69627 INFO tempest.lib.common.rest_client [req-353a13fb-4d55-4200-a311-ea6d5e019c69 req-353a13fb-4d55-4200-a311-ea6d5e019c69 ] Request (FlavorsAccessNegativeTestJSON:test_add_flavor_access_duplicate): 200 POST http://10.180.1.21/compute/v2.1/flavors 3.313s
2025-04-29 08:48:08.036 69600 INFO tempest.lib.common.rest_client [req-be4d0927-bd33-40f6-8be6-a096c87d0c5e req-be4d0927-bd33-40f6-8be6-a096c87d0c5e ] Request (ServersWithSpecificFlavorTestJSON:setUpClass): 200 PUT http://10.180.1.21:9696/networking/v2.0/routers/785b6eb5-6e70-4e28-a5f2-c50650437081/add_router_interface 1.405s
2025-04-29 08:48:08.036 69600 INFO tempest.lib.common.dynamic_creds [-] Created isolated network resources for: credentials: Credentials: {'domain_id': 'default', 'domain_name': 'Default', 'username': 'tempest-ServersWithSpecificFlavorTestJSON-817732757-project-admin', 'project_domain_id': 'default', 'project_domain_name': 'Default', 'project_id': '19a79fc295ed4c71b46506baa4547e25', 'project_name': 'tempest-ServersWithSpecificFlavorTestJSON-817732757', 'tenant_id': '19a79fc295ed4c71b46506baa4547e25', 'tenant_name': 'tempest-ServersWithSpecificFlavorTestJSON-817732757', 'user_domain_id': 'default', 'user_domain_name': 'Default', 'user_id': 'dd4102d8bc54469c8c343b83ea5d9854', 'system': None}, Network: {'id': '741e38e1-7eba-4e4e-9d34-5437c6af5e21', 'name': 'tempest-ServersWithSpecificFlavorTestJSON-403235170-network', 'tenant_id': '19a79fc295ed4c71b46506baa4547e25', 'admin_state_up': True, 'mtu': 8950, 'status': 'ACTIVE', 'subnets': [], 'shared': False, 'project_id': '19a79fc295ed4c71b46506baa4547e25', 'port_security_enabled': True, 'router:external': False, 'provider:network_type': 'vlan', 'provider:physical_network': 'default', 'provider:segmentation_id': 100, 'availability_zone_hints': [], 'availability_zones': [], 'ipv4_address_scope': None, 'ipv6_address_scope': None, 'description': '', 'tags': [], 'created_at': '2025-04-29T08:48:04Z', 'updated_at': '2025-04-29T08:48:04Z', 'revision_number': 1}, Subnet: {'id': '6f09c353-cb3f-4ccc-a380-8ff520fa7f70', 'name': 'tempest-ServersWithSpecificFlavorTestJSON-403235170-subnet', 'tenant_id': '19a79fc295ed4c71b46506baa4547e25', 'network_id': '741e38e1-7eba-4e4e-9d34-5437c6af5e21', 'ip_version': 4, 'subnetpool_id': None, 'enable_dhcp': True, 'ipv6_ra_mode': None, 'ipv6_address_mode': None, 'gateway_ip': '192.168.128.1', 'cidr': '192.168.128.0/28', 'allocation_pools': [{'start': '192.168.128.2', 'end': '192.168.128.14'}], 'host_routes': [], 'dns_nameservers': [], 'description': '', 'router:external': False, 'service_types': [], 'tags': [], 'created_at': '2025-04-29T08:48:04Z', 'updated_at': '2025-04-29T08:48:04Z', 'revision_number': 0, 'project_id': '19a79fc295ed4c71b46506baa4547e25'}, Router: {'id': '785b6eb5-6e70-4e28-a5f2-c50650437081', 'name': 'tempest-ServersWithSpecificFlavorTestJSON-403235170-router', 'tenant_id': '19a79fc295ed4c71b46506baa4547e25', 'admin_state_up': True, 'status': 'ACTIVE', 'external_gateway_info': {'network_id': '2861533f-503a-42b1-a103-a8b1679b2e36', 'external_fixed_ips': [{'subnet_id': '2a2de31a-6619-441c-9261-bdba9c8b170d', 'ip_address': '10.180.180.133'}], 'enable_snat': True}, 'description': '', 'availability_zones': [], 'distributed': False, 'ha': False, 'availability_zone_hints': [], 'routes': [], 'flavor_id': None, 'tags': [], 'created_at': '2025-04-29T08:48:05Z', 'updated_at': '2025-04-29T08:48:05Z', 'revision_number': 2, 'project_id': '19a79fc295ed4c71b46506baa4547e25'}
2025-04-29 08:48:08.121 69614 INFO tempest.lib.common.rest_client [req-93766299-1a23-4406-af8b-ceef5bd48cad req-93766299-1a23-4406-af8b-ceef5bd48cad ] Request (KeyPairsV2TestJSON:setUpClass): 201 POST http://10.180.1.21/identity/v3/auth/tokens 0.202s
2025-04-29 08:48:08.137 69636 INFO tempest.lib.common.rest_client [req-401af3aa-f1ce-4c3d-a807-32f9e55b6826 req-401af3aa-f1ce-4c3d-a807-32f9e55b6826 ] Request (FloatingIPsTestJSON:test_allocate_floating_ip): 200 GET http://10.180.1.21/compute/v2.1/os-floating-ips/be7236ef-88ac-4d5c-8d0d-6035bcc72cc0 3.289s
2025-04-29 08:48:08.198 69600 INFO tempest.lib.common.rest_client [req-cdd46f4c-fdcc-4b9e-9756-08b22d229a4c req-cdd46f4c-fdcc-4b9e-9756-08b22d229a4c ] Request (ServersWithSpecificFlavorTestJSON:setUpClass): 201 POST http://10.180.1.21/identity/v3/auth/tokens 0.156s
2025-04-29 08:48:08.206 69632 INFO tempest.lib.common.rest_client [req-ca4fec10-3f02-4a71-829a-0b490b915bb3 req-ca4fec10-3f02-4a71-829a-0b490b915bb3 ] Request (ImagesMetadataTestJSON:setUpClass): 200 GET http://10.180.1.21/compute/v2.1/images/7281a835-ef52-4cc3-9aab-05645e085c46 3.192s
2025-04-29 08:48:08.220 69598 INFO tempest.lib.common.rest_client [req-86aa5eb0-b49b-4a77-a700-ca8108e162f6 req-86aa5eb0-b49b-4a77-a700-ca8108e162f6 ] Request (VolumesAssistedSnapshotsTest:setUpClass): 200 PUT http://10.180.1.21:9696/networking/v2.0/routers/0cdd0ea8-72a4-40d8-b8a4-780c6cd56b79/add_router_interface 1.626s
2025-04-29 08:48:08.220 69598 INFO tempest.lib.common.dynamic_creds [-] Created isolated network resources for: credentials: Credentials: {'domain_id': 'default', 'domain_name': 'Default', 'username': 'tempest-VolumesAssistedSnapshotsTest-959759415-project-admin', 'project_domain_id': 'default', 'project_domain_name': 'Default', 'project_id': '09338c2e6b414c1aa86a4677b3cfea20', 'project_name': 'tempest-VolumesAssistedSnapshotsTest-959759415', 'tenant_id': '09338c2e6b414c1aa86a4677b3cfea20', 'tenant_name': 'tempest-VolumesAssistedSnapshotsTest-959759415', 'user_domain_id': 'default', 'user_domain_name': 'Default', 'user_id': 'c978c572245b429da7958580c74b0e3d', 'system': None}, Network: {'id': '8e060d80-d784-4741-b03f-f6410ebc8694', 'name': 'tempest-VolumesAssistedSnapshotsTest-388332104-network', 'tenant_id': '09338c2e6b414c1aa86a4677b3cfea20', 'admin_state_up': True, 'mtu': 8950, 'status': 'ACTIVE', 'subnets': [], 'shared': False, 'project_id': '09338c2e6b414c1aa86a4677b3cfea20', 'port_security_enabled': True, 'router:external': False, 'provider:network_type': 'vlan', 'provider:physical_network': 'default', 'provider:segmentation_id': 499, 'availability_zone_hints': [], 'availability_zones': [], 'ipv4_address_scope': None, 'ipv6_address_scope': None, 'description': '', 'tags': [], 'created_at': '2025-04-29T08:48:04Z', 'updated_at': '2025-04-29T08:48:04Z', 'revision_number': 1}, Subnet: {'id': 'bef25cb8-7aa7-41a1-8dab-310461280226', 'name': 'tempest-VolumesAssistedSnapshotsTest-388332104-subnet', 'tenant_id': '09338c2e6b414c1aa86a4677b3cfea20', 'network_id': '8e060d80-d784-4741-b03f-f6410ebc8694', 'ip_version': 4, 'subnetpool_id': None, 'enable_dhcp': True, 'ipv6_ra_mode': None, 'ipv6_address_mode': None, 'gateway_ip': '192.168.128.1', 'cidr': '192.168.128.0/28', 'allocation_pools': [{'start': '192.168.128.2', 'end': '192.168.128.14'}], 'host_routes': [], 'dns_nameservers': [], 'description': '', 'router:external': False, 'service_types': [], 'tags': [], 'created_at': '2025-04-29T08:48:04Z', 'updated_at': '2025-04-29T08:48:04Z', 'revision_number': 0, 'project_id': '09338c2e6b414c1aa86a4677b3cfea20'}, Router: {'id': '0cdd0ea8-72a4-40d8-b8a4-780c6cd56b79', 'name': 'tempest-VolumesAssistedSnapshotsTest-388332104-router', 'tenant_id': '09338c2e6b414c1aa86a4677b3cfea20', 'admin_state_up': True, 'status': 'ACTIVE', 'external_gateway_info': {'network_id': '2861533f-503a-42b1-a103-a8b1679b2e36', 'external_fixed_ips': [{'subnet_id': '2a2de31a-6619-441c-9261-bdba9c8b170d', 'ip_address': '10.180.180.235'}], 'enable_snat': True}, 'description': '', 'availability_zones': [], 'distributed': False, 'ha': False, 'availability_zone_hints': [], 'routes': [], 'flavor_id': None, 'tags': [], 'created_at': '2025-04-29T08:48:05Z', 'updated_at': '2025-04-29T08:48:05Z', 'revision_number': 2, 'project_id': '09338c2e6b414c1aa86a4677b3cfea20'}
2025-04-29 08:48:08.334 69588 INFO tempest.lib.common.rest_client [req-4012e6d6-e127-495b-8f89-6c07bbd2a1e6 req-4012e6d6-e127-495b-8f89-6c07bbd2a1e6 ] Request (ServerExternalEventsTest:test_create_server_external_events): 202 POST http://10.180.1.21/compute/v2.1/servers 3.659s
2025-04-29 08:48:08.368 69604 INFO tempest.lib.common.rest_client [req-3bb00cfd-53a6-495d-9316-8329b46a5d14 req-3bb00cfd-53a6-495d-9316-8329b46a5d14 ] Request (ImagesDeleteNegativeTestJSON:test_delete_image_non_hex_string_id): 404 DELETE http://10.180.1.21/compute/v2.1/images/4b1efef2-52f1-48d3-a2cc-39700343a3dj 3.190s
2025-04-29 08:48:08.369 69598 INFO tempest.lib.common.rest_client [req-5a2742d7-6a7c-43e7-92dc-039274f1f579 req-5a2742d7-6a7c-43e7-92dc-039274f1f579 ] Request (VolumesAssistedSnapshotsTest:setUpClass): 201 POST http://10.180.1.21/identity/v3/auth/tokens 0.145s
2025-04-29 08:48:08.398 69590 INFO tempest.lib.common.rest_client [req-7d7b412b-90d8-4d9b-a872-3007e0169f2f req-7d7b412b-90d8-4d9b-a872-3007e0169f2f ] Request (DeleteServersAdminTestJSON:test_admin_delete_servers_of_others): 200 GET http://10.180.1.21/compute/v2.1/servers/da8df25b-8c1e-4d3f-8b5f-a7d6585ea499 3.239s
2025-04-29 08:48:08.424 69606 INFO tempest.lib.common.rest_client [req-a470eeba-6d8e-490b-a609-838be7da94b5 req-a470eeba-6d8e-490b-a609-838be7da94b5 ] Request (FlavorsAdminTestJSON:_run_cleanups): 202 DELETE http://10.180.1.21/compute/v2.1/flavors/345890854 3.128s
2025-04-29 08:48:08.450 69602 INFO tempest.lib.common.rest_client [req-6fc5ed5f-8720-49c0-b743-54e46392dc69 req-6fc5ed5f-8720-49c0-b743-54e46392dc69 ] Request (ServicesAdminNegativeTestJSON:test_get_service_by_invalid_params): 200 GET http://10.180.1.21/compute/v2.1/os-services?xxx=nova-compute 2.903s
2025-04-29 08:48:08.456 69592 INFO tempest.lib.common.rest_client [req-cf5318fa-5dc5-4b5e-ad52-a783ff88abd7 req-cf5318fa-5dc5-4b5e-ad52-a783ff88abd7 ] Request (HypervisorAdminNegativeTestJSON:test_get_hypervisor_list_with_non_admin_user): 403 GET http://10.180.1.21/compute/v2.1/os-hypervisors 2.756s
2025-04-29 08:48:08.485 69598 INFO tempest.lib.common.rest_client [req-3863c0db-0913-4f49-9b8c-00bbe620bcb0 req-3863c0db-0913-4f49-9b8c-00bbe620bcb0 ] Request (VolumesAssistedSnapshotsTest:setUpClass): 201 POST http://10.180.1.21/identity/v3/projects 0.116s
2025-04-29 08:48:08.512 69618 INFO tempest.lib.common.rest_client [req-743fd2d6-279c-4c5a-97e6-e57284ff8eca req-743fd2d6-279c-4c5a-97e6-e57284ff8eca ] Request (FlavorsV255TestJSON:test_crud_flavor): 200 GET http://10.180.1.21/compute/v2.1/flavors/644857650 3.061s
2025-04-29 08:48:08.522 69582 INFO tempest.lib.common.rest_client [req-9c3d38ea-1e4e-4bf9-824a-4ca7aa2c07db req-9c3d38ea-1e4e-4bf9-824a-4ca7aa2c07db ] Request (NetworksTest:test_get_network): 200 GET http://10.180.1.21/compute/v2.1/os-networks/2861533f-503a-42b1-a103-a8b1679b2e36 2.404s
2025-04-29 08:48:08.548 69596 INFO tempest.lib.common.rest_client [req-6d2043be-16a4-4afe-9205-7060f4988728 req-6d2043be-16a4-4afe-9205-7060f4988728 ] Request (AZAdminV2TestJSON:test_get_availability_zone_list_detail): 200 GET http://10.180.1.21/compute/v2.1/os-availability-zone/detail 2.269s
2025-04-29 08:48:08.591 69598 INFO tempest.lib.common.rest_client [req-fae999bd-85a1-4391-bdf2-22d4f7663fa9 req-fae999bd-85a1-4391-bdf2-22d4f7663fa9 ] Request (VolumesAssistedSnapshotsTest:setUpClass): 201 POST http://10.180.1.21/identity/v3/users 0.105s
2025-04-29 08:48:08.600 69624 INFO tempest.lib.common.rest_client [req-a96bc477-279d-44d5-851f-2bafee6e3a56 req-a96bc477-279d-44d5-851f-2bafee6e3a56 ] Request (ServersAdminNegativeTestJSON:setUpClass): 200 GET http://10.180.1.21/compute/v2.1/servers/f7dba330-0d27-429c-860e-4e74e14bf018 2.401s
2025-04-29 08:48:08.620 69598 INFO tempest.lib.common.rest_client [req-531ff965-e9f8-425b-a6f6-f27310f38325 req-531ff965-e9f8-425b-a6f6-f27310f38325 ] Request (VolumesAssistedSnapshotsTest:setUpClass): 200 GET http://10.180.1.21/identity/v3/roles 0.028s
2025-04-29 08:48:09.275 69598 INFO tempest.lib.common.rest_client [req-a63f8050-2fc1-425f-b473-b253800f66d4 req-a63f8050-2fc1-425f-b473-b253800f66d4 ] Request (VolumesAssistedSnapshotsTest:setUpClass): 204 PUT http://10.180.1.21/identity/v3/projects/07f1e93b52234d749ea97e2a9e7fdd27/users/1b3b0ada27854ab68ae50925adb7aa0b/roles/a2fd359adf2f454fbbb8cd49a75f7c72 0.654s
2025-04-29 08:48:09.278 69642 INFO tempest.lib.common.rest_client [req-fdf7db65-7897-4151-994b-caa3fa14f42b req-fdf7db65-7897-4151-994b-caa3fa14f42b ] Request (FlavorsAccessTestJSON:test_flavor_access_add_remove): 200 POST http://10.180.1.21/compute/v2.1/flavors/1395622954/action 2.928s
2025-04-29 08:48:09.284 69596 INFO tempest.lib.common.rest_client [req-32cb92f5-f472-4db9-8e78-2ece926df592 req-32cb92f5-f472-4db9-8e78-2ece926df592 ] Request (AZAdminV2TestJSON:tearDownClass): 204 DELETE http://10.180.1.21/identity/v3/users/d9fa523667d5425ea2007e5af9166021 0.732s
2025-04-29 08:48:09.345 69586 INFO tempest.lib.common.rest_client [req-bb00f976-1323-4f95-9200-34c39f7e1ae5 req-bb00f976-1323-4f95-9200-34c39f7e1ae5 ] Request (ListImagesTestJSON:test_list_images_with_detail): 200 GET http://10.180.1.21/compute/v2.1/images/detail 2.862s
2025-04-29 08:48:09.371 69580 INFO tempest.lib.common.rest_client [req-cb9ca4af-1811-46b3-b908-d8317a1247d5 req-cb9ca4af-1811-46b3-b908-d8317a1247d5 ] Request (FlavorsV2TestJSON:test_list_flavors_detailed_filter_by_min_disk): 200 GET http://10.180.1.21/compute/v2.1/flavors/42 2.870s
2025-04-29 08:48:09.394 69640 INFO tempest.lib.common.rest_client [req-bc031c12-f546-4336-96cf-fa45db4f1275 req-bc031c12-f546-4336-96cf-fa45db4f1275 ] Request (InstanceUsageAuditLogTestJSON:test_list_instance_usage_audit_logs): 200 GET http://10.180.1.21/compute/v2.1/os-instance_usage_audit_log 2.753s
2025-04-29 08:48:09.395 69598 INFO tempest.lib.common.rest_client [req-854faa0c-ee18-4f79-9af2-d53599c9282c req-854faa0c-ee18-4f79-9af2-d53599c9282c ] Request (VolumesAssistedSnapshotsTest:setUpClass): 200 GET http://10.180.1.21/identity/v3/roles 0.119s
2025-04-29 08:48:09.749 69596 INFO tempest.lib.common.rest_client [req-bdcf8971-ff3f-4665-9c47-dfa2bf2abe67 req-bdcf8971-ff3f-4665-9c47-dfa2bf2abe67 ] Request (AZAdminV2TestJSON:tearDownClass): 204 DELETE http://10.180.1.21/identity/v3/users/4032829ed36b40638dbbce0a0d952cf1 0.464s
2025-04-29 08:48:09.749 69596 INFO tempest.lib.common.dynamic_creds [-] Deleting project and security group for project: 6b8b1049ab4546c9839be9ea4ccfbd93
2025-04-29 08:48:09.750 69586 INFO tempest.lib.common.rest_client [req-bd416e2e-7bb4-43c7-b68d-5f8c17423ba8 req-bd416e2e-7bb4-43c7-b68d-5f8c17423ba8 ] Request (ListImagesTestJSON:tearDownClass): 204 DELETE http://10.180.1.21/identity/v3/users/5e3e64a11f9644e1b026c8508fba7675 0.398s
2025-04-29 08:48:09.750 69586 INFO tempest.lib.common.dynamic_creds [-] Deleting project and security group for project: c8b30c4d84ec44949fd3857524c98db2
2025-04-29 08:48:09.932 69634 INFO tempest.lib.common.rest_client [req-36521488-932e-4553-9364-41deee4c529c req-36521488-932e-4553-9364-41deee4c529c ] Request (FlavorsV261TestJSON:test_crud_flavor): 200 GET http://10.180.1.21/compute/v2.1/flavors/1375542985 3.169s
2025-04-29 08:48:10.023 69598 INFO tempest.lib.common.rest_client [req-73beeb01-289d-42ed-a68a-b7863ba52634 req-73beeb01-289d-42ed-a68a-b7863ba52634 ] Request (VolumesAssistedSnapshotsTest:setUpClass): 204 PUT http://10.180.1.21/identity/v3/projects/07f1e93b52234d749ea97e2a9e7fdd27/users/1b3b0ada27854ab68ae50925adb7aa0b/roles/766cf895c33543afa8a1e543dac01052 0.628s
2025-04-29 08:48:10.023 69598 INFO tempest.lib.common.dynamic_creds [-] Dynamic test user 1b3b0ada27854ab68ae50925adb7aa0b is created with scope project and roles: ['service', 'admin']
2025-04-29 08:48:10.023 69598 INFO tempest.lib.common.dynamic_creds [-] Acquired dynamic creds: credentials: Credentials: {'domain_id': 'default', 'domain_name': 'Default', 'username': 'tempest-VolumesAssistedSnapshotsTest-786606743-project', 'project_domain_id': 'default', 'project_domain_name': 'Default', 'project_id': '07f1e93b52234d749ea97e2a9e7fdd27', 'project_name': 'tempest-VolumesAssistedSnapshotsTest-786606743', 'tenant_id': '07f1e93b52234d749ea97e2a9e7fdd27', 'tenant_name': 'tempest-VolumesAssistedSnapshotsTest-786606743', 'user_domain_id': 'default', 'user_domain_name': 'Default', 'user_id': '1b3b0ada27854ab68ae50925adb7aa0b', 'system': None}, Network: None, Subnet: None, Router: None
2025-04-29 08:48:10.085 69596 INFO tempest.lib.common.rest_client [req-79080c8d-213c-4a53-98b3-65fa1aaef82b req-79080c8d-213c-4a53-98b3-65fa1aaef82b ] Request (AZAdminV2TestJSON:tearDownClass): 201 POST http://10.180.1.21/identity/v3/auth/tokens 0.336s
2025-04-29 08:48:10.104 69640 INFO tempest.lib.common.rest_client [req-21bc3839-b2fe-4f7f-ab73-731acd23420a req-21bc3839-b2fe-4f7f-ab73-731acd23420a ] Request (InstanceUsageAuditLogTestJSON:tearDownClass): 204 DELETE http://10.180.1.21/identity/v3/users/71d86d51de564e069b3018348bd66a8d 0.706s
2025-04-29 08:48:10.145 69586 INFO tempest.lib.common.rest_client [req-46a7d820-c10b-4363-a07e-a7f7499653c7 req-46a7d820-c10b-4363-a07e-a7f7499653c7 ] Request (ListImagesTestJSON:tearDownClass): 201 POST http://10.180.1.21/identity/v3/auth/tokens 0.395s
2025-04-29 08:48:10.183 69638 INFO tempest.lib.common.rest_client [req-884fccde-5853-48df-914c-8ec65b385e54 req-884fccde-5853-48df-914c-8ec65b385e54 ] Request (ServersTestJSON:setUpClass): 202 POST http://10.180.1.21/compute/v2.1/servers 3.723s
2025-04-29 08:48:10.234 69630 INFO tempest.lib.common.rest_client [req-97da6ff6-2833-4a43-83fe-ca9a4f41fbf0 req-97da6ff6-2833-4a43-83fe-ca9a4f41fbf0 ] Request (HypervisorAdminNegativeUnderV252Test:test_search_hypervisor_with_non_admin_user): 403 GET http://10.180.1.21/compute/v2.1/os-hypervisors/domain-c8.fc996f14-c53b-4953-92e3-bdfa48f5cc28/search 3.378s
2025-04-29 08:48:10.404 69628 INFO tempest.lib.common.rest_client [req-fee47e43-9e63-42c9-954d-39c7e4f980bf req-fee47e43-9e63-42c9-954d-39c7e4f980bf ] Request (FloatingIPsAssociationTestJSON:setUpClass): 200 GET http://10.180.1.21/compute/v2.1/servers/f3ea3756-4188-4268-bad1-5f72cdab46aa 3.215s
2025-04-29 08:48:10.427 69622 INFO tempest.lib.common.rest_client [req-97f5cb00-782a-486b-93e4-5bacdef4a5c0 req-97f5cb00-782a-486b-93e4-5bacdef4a5c0 ] Request (FlavorsExtraSpecsNegativeTestJSON:test_flavor_get_nonexistent_key): 404 GET http://10.180.1.21/compute/v2.1/flavors/353548688/os-extra_specs/hw:cpu_thread_policy 3.254s
2025-04-29 08:48:10.442 69598 INFO tempest.lib.common.rest_client [req-89c7fe05-c08e-4cb3-b84d-d1b9b0a2ec44 req-89c7fe05-c08e-4cb3-b84d-d1b9b0a2ec44 ] Request (VolumesAssistedSnapshotsTest:setUpClass): 201 POST http://10.180.1.21:9696/networking/v2.0/networks 0.419s
2025-04-29 08:48:10.444 69640 INFO tempest.lib.common.rest_client [req-51099cef-579f-451c-b565-73bb840716a1 req-51099cef-579f-451c-b565-73bb840716a1 ] Request (InstanceUsageAuditLogTestJSON:tearDownClass): 204 DELETE http://10.180.1.21/identity/v3/users/165d50987dda4f9d8e452502f20f8493 0.340s
2025-04-29 08:48:10.445 69640 INFO tempest.lib.common.dynamic_creds [-] Deleting project and security group for project: b0a0a4c9f21543229cef6b1650c9a841
2025-04-29 08:48:10.448 69612 INFO tempest.lib.common.rest_client [req-af82dba7-545c-46b4-b4bf-8dc03bf2b2d5 req-af82dba7-545c-46b4-b4bf-8dc03bf2b2d5 ] Request (FlavorMetadataValidation:_run_cleanups): 202 DELETE http://10.180.1.21/compute/v2.1/flavors/2047002036 3.141s
2025-04-29 08:48:10.459 69596 INFO tempest.lib.common.rest_client [req-574beabf-dd74-4db3-912d-1b6d56960c3d req-574beabf-dd74-4db3-912d-1b6d56960c3d ] Request (AZAdminV2TestJSON:tearDownClass): 200 GET http://10.180.1.21:9696/networking/v2.0/security-groups?tenant_id=6b8b1049ab4546c9839be9ea4ccfbd93&name=default 0.373s
2025-04-29 08:48:10.551 69620 INFO tempest.lib.common.rest_client [req-0057b93a-5033-4e76-bbd4-1b7cd98c37e3 req-0057b93a-5033-4e76-bbd4-1b7cd98c37e3 ] Request (ServerDiagnosticsV248Test:test_get_server_diagnostics): 200 GET http://10.180.1.21/compute/v2.1/servers/d411f0f0-7f78-4408-84ac-27520ad7aced 3.013s
2025-04-29 08:48:10.554 69640 INFO tempest.lib.common.rest_client [req-eab0cbd2-831f-426b-bcfd-6365b3518f9d req-eab0cbd2-831f-426b-bcfd-6365b3518f9d ] Request (InstanceUsageAuditLogTestJSON:tearDownClass): 201 POST http://10.180.1.21/identity/v3/auth/tokens 0.108s
2025-04-29 08:48:10.581 69586 INFO tempest.lib.common.rest_client [req-35beaba6-be7c-4e9d-8e93-55e8d78037fb req-35beaba6-be7c-4e9d-8e93-55e8d78037fb ] Request (ListImagesTestJSON:tearDownClass): 200 GET http://10.180.1.21:9696/networking/v2.0/security-groups?tenant_id=c8b30c4d84ec44949fd3857524c98db2&name=default 0.435s
2025-04-29 08:48:10.616 69594 INFO tempest.lib.common.rest_client [req-12948854-418f-4332-8803-0ef1c33d27c0 req-12948854-418f-4332-8803-0ef1c33d27c0 ] Request (AggregatesAdminNegativeTestJSON:_run_cleanups): 200 DELETE http://10.180.1.21/compute/v2.1/os-aggregates/1 2.876s
2025-04-29 08:48:10.658 69596 INFO tempest.lib.common.rest_client [req-3340bb7d-17df-4e54-add4-a5dab1183a35 req-3340bb7d-17df-4e54-add4-a5dab1183a35 ] Request (AZAdminV2TestJSON:tearDownClass): 204 DELETE http://10.180.1.21:9696/networking/v2.0/security-groups/f25111a4-8b7d-4d86-9cf0-0b39130d4faf 0.198s
2025-04-29 08:48:10.719 69586 INFO tempest.lib.common.rest_client [req-6fa1ccef-ef05-49b1-83db-5034d17eae66 req-6fa1ccef-ef05-49b1-83db-5034d17eae66 ] Request (ListImagesTestJSON:tearDownClass): 204 DELETE http://10.180.1.21:9696/networking/v2.0/security-groups/e6cb75f5-dbaf-442c-b75c-231f19cf26d4 0.138s
2025-04-29 08:48:10.731 69608 INFO tempest.lib.common.rest_client [req-2fbb1cda-8404-49af-9c38-97914320e154 req-2fbb1cda-8404-49af-9c38-97914320e154 ] Request (QuotasAdminTestV236:test_get_updated_quotas): 200 GET http://10.180.1.21/compute/v2.1/os-quota-sets/801c42bc0dfd44b989d99e5fee5b3662/detail 2.991s
2025-04-29 08:48:10.783 69584 INFO tempest.lib.common.rest_client [req-6ee8f3f9-e7cc-47e0-bbaf-5859f6138718 req-6ee8f3f9-e7cc-47e0-bbaf-5859f6138718 ] Request (FlavorsExtraSpecsTestJSON:test_flavor_non_admin_get_all_keys): 200 GET http://10.180.1.21/compute/v2.1/flavors/857310669/os-extra_specs 2.969s
2025-04-29 08:48:10.824 69596 INFO tempest.lib.common.rest_client [req-651a4ef9-ceb4-43cc-bf1b-e01505268be1 req-651a4ef9-ceb4-43cc-bf1b-e01505268be1 ] Request (AZAdminV2TestJSON:tearDownClass): 204 DELETE http://10.180.1.21/identity/v3/projects/6b8b1049ab4546c9839be9ea4ccfbd93 0.166s
2025-04-29 08:48:10.824 69596 INFO tempest.lib.common.dynamic_creds [-] Deleting project and security group for project: d3d6c53bc8a44887bb1fac1596cbae7f
2025-04-29 08:48:10.843 69640 INFO tempest.lib.common.rest_client [req-dcd9c559-658a-48a6-b6bc-aa6c9605037f req-dcd9c559-658a-48a6-b6bc-aa6c9605037f ] Request (InstanceUsageAuditLogTestJSON:tearDownClass): 200 GET http://10.180.1.21:9696/networking/v2.0/security-groups?tenant_id=b0a0a4c9f21543229cef6b1650c9a841&name=default 0.288s
2025-04-29 08:48:10.908 69598 INFO tempest.lib.common.rest_client [req-1eaab25e-4562-4669-bf07-19a075ca339e req-1eaab25e-4562-4669-bf07-19a075ca339e ] Request (VolumesAssistedSnapshotsTest:setUpClass): 201 POST http://10.180.1.21:9696/networking/v2.0/subnets 0.464s
2025-04-29 08:48:10.924 69586 INFO tempest.lib.common.rest_client [req-e82e04e2-2b44-4b6f-84d8-d473bd469a7e req-e82e04e2-2b44-4b6f-84d8-d473bd469a7e ] Request (ListImagesTestJSON:tearDownClass): 204 DELETE http://10.180.1.21/identity/v3/projects/c8b30c4d84ec44949fd3857524c98db2 0.204s
2025-04-29 08:48:10.971 69608 INFO tempest.lib.common.rest_client [req-028b272e-fe19-4cbc-8330-c5f6098de390 req-028b272e-fe19-4cbc-8330-c5f6098de390 ] Request (QuotasAdminTestV236:test_get_updated_quotas): 200 GET http://10.180.1.21/identity/v3/domains?name=Default 0.234s
2025-04-29 08:48:10.985 69640 INFO tempest.lib.common.rest_client [req-97b3d8c5-ad89-48a0-8b9d-0fd99f9c2c84 req-97b3d8c5-ad89-48a0-8b9d-0fd99f9c2c84 ] Request (InstanceUsageAuditLogTestJSON:tearDownClass): 204 DELETE http://10.180.1.21:9696/networking/v2.0/security-groups/fa81cb34-468c-4cde-8de9-faca44cee267 0.142s
2025-04-29 08:48:11.041 69586 INFO tempest.lib.common.rest_client [req-fe3e8f3a-e161-42c4-814a-f0300621d805 req-fe3e8f3a-e161-42c4-814a-f0300621d805 ] Request (MultipleCreateNegativeTestJSON:setUpClass): 201 POST http://10.180.1.21/identity/v3/auth/tokens 0.115s
2025-04-29 08:48:11.055 69596 INFO tempest.lib.common.rest_client [req-d8b1fff0-42d0-46fb-8aca-88e5cb0d8592 req-d8b1fff0-42d0-46fb-8aca-88e5cb0d8592 ] Request (AZAdminV2TestJSON:tearDownClass): 200 GET http://10.180.1.21:9696/networking/v2.0/security-groups?tenant_id=d3d6c53bc8a44887bb1fac1596cbae7f&name=default 0.231s
2025-04-29 08:48:11.096 69608 INFO tempest.lib.common.rest_client [req-0c0d6bcc-4e28-4825-a798-b130dd789809 req-0c0d6bcc-4e28-4825-a798-b130dd789809 ] Request (QuotasAdminTestV236:test_get_updated_quotas): 201 POST http://10.180.1.21/identity/v3/users 0.124s
2025-04-29 08:48:11.111 69614 INFO tempest.lib.common.rest_client [req-e68e4f7f-61a3-4de0-a69a-9037cd384b54 req-e68e4f7f-61a3-4de0-a69a-9037cd384b54 ] Request (KeyPairsV2TestJSON:test_get_keypair_detail): 200 POST http://10.180.1.21/compute/v2.1/os-keypairs 2.988s
2025-04-29 08:48:11.123 69586 INFO tempest.lib.common.rest_client [req-52ea8579-41b6-40c5-ac34-7d55c92c60e4 req-52ea8579-41b6-40c5-ac34-7d55c92c60e4 ] Request (MultipleCreateNegativeTestJSON:setUpClass): 201 POST http://10.180.1.21/identity/v3/auth/tokens 0.079s
2025-04-29 08:48:11.131 69627 INFO tempest.lib.common.rest_client [req-770df85f-fb96-47f8-b443-2a52eae303f9 req-770df85f-fb96-47f8-b443-2a52eae303f9 ] Request (FlavorsAccessNegativeTestJSON:test_add_flavor_access_duplicate): 200 POST http://10.180.1.21/compute/v2.1/flavors/1017023232/action 3.196s
2025-04-29 08:48:11.153 69608 INFO tempest.lib.common.rest_client [req-96281845-f1e3-436d-8fb7-b3382482e4ee req-96281845-f1e3-436d-8fb7-b3382482e4ee ] Request (QuotasAdminTestV236:test_get_updated_quotas): 200 GET http://10.180.1.21/identity/v3/domains?name=Default 0.057s
2025-04-29 08:48:11.195 69640 INFO tempest.lib.common.rest_client [req-83aafaf0-5aea-4cf7-aaf1-a0eec441ac61 req-83aafaf0-5aea-4cf7-aaf1-a0eec441ac61 ] Request (InstanceUsageAuditLogTestJSON:tearDownClass): 204 DELETE http://10.180.1.21/identity/v3/projects/b0a0a4c9f21543229cef6b1650c9a841 0.210s
2025-04-29 08:48:11.196 69640 INFO tempest.lib.common.dynamic_creds [-] Deleting project and security group for project: f2cafa59302d4db583857c6865da16bf
2025-04-29 08:48:11.214 69586 INFO tempest.lib.common.rest_client [req-efee05f4-1c9c-4ee7-81ae-e26451531af7 req-efee05f4-1c9c-4ee7-81ae-e26451531af7 ] Request (MultipleCreateNegativeTestJSON:setUpClass): 200 GET http://10.180.1.21/identity/v3/domains?name=Default 0.090s
2025-04-29 08:48:11.286 69586 INFO tempest.lib.common.rest_client [req-c09b560d-ba8d-4a75-9aa1-5ed14d6c43f1 req-c09b560d-ba8d-4a75-9aa1-5ed14d6c43f1 ] Request (MultipleCreateNegativeTestJSON:setUpClass): 201 POST http://10.180.1.21/identity/v3/projects 0.072s
2025-04-29 08:48:11.303 69636 INFO tempest.lib.common.rest_client [req-7570465d-aa3f-4c37-9d9d-0ba8eea1f4be req-7570465d-aa3f-4c37-9d9d-0ba8eea1f4be ] Request (FloatingIPsTestJSON:test_allocate_floating_ip): 200 GET http://10.180.1.21/compute/v2.1/os-floating-ips 3.161s
2025-04-29 08:48:11.328 69596 INFO tempest.lib.common.rest_client [req-6dce0b33-bf65-46b4-a6bc-92d923698d78 req-6dce0b33-bf65-46b4-a6bc-92d923698d78 ] Request (AZAdminV2TestJSON:tearDownClass): 204 DELETE http://10.180.1.21:9696/networking/v2.0/security-groups/83b2016f-e1df-46fe-806e-7551a1a38088 0.272s
2025-04-29 08:48:11.330 69600 INFO tempest.lib.common.rest_client [req-0d9278af-6ae8-4b09-99dd-99b36db3281f req-0d9278af-6ae8-4b09-99dd-99b36db3281f ] Request (ServersWithSpecificFlavorTestJSON:test_verify_created_server_ephemeral_disk): 200 GET http://10.180.1.21/compute/v2.1/flavors/42 3.125s
2025-04-29 08:48:11.370 69640 INFO tempest.lib.common.rest_client [req-de783062-8a44-4e0d-9e05-52e92980771e req-de783062-8a44-4e0d-9e05-52e92980771e ] Request (InstanceUsageAuditLogTestJSON:tearDownClass): 200 GET http://10.180.1.21:9696/networking/v2.0/security-groups?tenant_id=f2cafa59302d4db583857c6865da16bf&name=default 0.173s
2025-04-29 08:48:11.377 69586 INFO tempest.lib.common.rest_client [req-6f055c8c-e381-4792-b14a-f5807c25728b req-6f055c8c-e381-4792-b14a-f5807c25728b ] Request (MultipleCreateNegativeTestJSON:setUpClass): 201 POST http://10.180.1.21/identity/v3/users 0.091s
2025-04-29 08:48:11.407 69586 INFO tempest.lib.common.rest_client [req-958eb4cf-413a-4c1d-8744-ff91ff5d9039 req-958eb4cf-413a-4c1d-8744-ff91ff5d9039 ] Request (MultipleCreateNegativeTestJSON:setUpClass): 200 GET http://10.180.1.21/identity/v3/roles 0.029s
2025-04-29 08:48:11.460 69588 INFO tempest.lib.common.rest_client [req-6ff88b15-242a-4a74-bd8e-348795836e14 req-6ff88b15-242a-4a74-bd8e-348795836e14 ] Request (ServerExternalEventsTest:test_create_server_external_events): 200 GET http://10.180.1.21/compute/v2.1/servers/e7c7b1ee-7191-4d9a-a716-6a964a8e19b8 3.124s
2025-04-29 08:48:11.478 69596 INFO tempest.lib.common.rest_client [req-9cb0e827-f172-4bd2-87c9-276c113421c7 req-9cb0e827-f172-4bd2-87c9-276c113421c7 ] Request (AZAdminV2TestJSON:tearDownClass): 204 DELETE http://10.180.1.21/identity/v3/projects/d3d6c53bc8a44887bb1fac1596cbae7f 0.150s
2025-04-29 08:48:11.505 69604 INFO tempest.lib.common.rest_client [req-5b7ec75b-9476-4dad-9188-e23eab9d89dc req-5b7ec75b-9476-4dad-9188-e23eab9d89dc ] Request (ImagesDeleteNegativeTestJSON:test_delete_image_with_id_over_character_limit): 404 DELETE http://10.180.1.21/compute/v2.1/images/6cc14c0c-8c8e-46c0-b1cc-178e17564bbb1 3.135s
2025-04-29 08:48:11.521 69596 INFO tempest.lib.common.rest_client [req-2a278940-82c3-4590-8cdd-77ab4954a0ad req-2a278940-82c3-4590-8cdd-77ab4954a0ad ] Request (QuotasAdminNegativeTest:setUpClass): 201 POST http://10.180.1.21/identity/v3/auth/tokens 0.041s
2025-04-29 08:48:11.538 69586 INFO tempest.lib.common.rest_client [req-ad104a73-a9cb-4f67-8d67-29ab4954b77a req-ad104a73-a9cb-4f67-8d67-29ab4954b77a ] Request (MultipleCreateNegativeTestJSON:setUpClass): 204 PUT http://10.180.1.21/identity/v3/projects/a881e9bd4e5846179006b8a78038e346/users/815048e975764a539536c1eadcc40f07/roles/bf0af078731840858a5fb8cc72a1d2dd 0.130s
2025-04-29 08:48:11.538 69586 INFO tempest.lib.common.dynamic_creds [-] Dynamic test user 815048e975764a539536c1eadcc40f07 is created with scope project and roles: ['member']
2025-04-29 08:48:11.539 69586 INFO tempest.lib.common.dynamic_creds [-] Acquired dynamic creds: credentials: Credentials: {'domain_id': 'default', 'domain_name': 'Default', 'username': 'tempest-MultipleCreateNegativeTestJSON-605042505-project-member', 'project_domain_id': 'default', 'project_domain_name': 'Default', 'project_id': 'a881e9bd4e5846179006b8a78038e346', 'project_name': 'tempest-MultipleCreateNegativeTestJSON-605042505', 'tenant_id': 'a881e9bd4e5846179006b8a78038e346', 'tenant_name': 'tempest-MultipleCreateNegativeTestJSON-605042505', 'user_domain_id': 'default', 'user_domain_name': 'Default', 'user_id': '815048e975764a539536c1eadcc40f07', 'system': None}, Network: None, Subnet: None, Router: None
2025-04-29 08:48:11.539 69586 INFO tempest.lib.common.dynamic_creds [-] Created isolated network resources for: credentials: Credentials: {'domain_id': 'default', 'domain_name': 'Default', 'username': 'tempest-MultipleCreateNegativeTestJSON-605042505-project-member', 'project_domain_id': 'default', 'project_domain_name': 'Default', 'project_id': 'a881e9bd4e5846179006b8a78038e346', 'project_name': 'tempest-MultipleCreateNegativeTestJSON-605042505', 'tenant_id': 'a881e9bd4e5846179006b8a78038e346', 'tenant_name': 'tempest-MultipleCreateNegativeTestJSON-605042505', 'user_domain_id': 'default', 'user_domain_name': 'Default', 'user_id': '815048e975764a539536c1eadcc40f07', 'system': None}, Network: None, Subnet: None, Router: None
2025-04-29 08:48:11.556 69606 INFO tempest.lib.common.rest_client [req-778eddf6-3b6f-4731-9d3e-b93f4de57407 req-778eddf6-3b6f-4731-9d3e-b93f4de57407 ] Request (FlavorsAdminTestJSON:_run_cleanups): 200 GET http://10.180.1.21/compute/v2.1/flavors/detail 3.132s
2025-04-29 08:48:11.582 69602 INFO tempest.lib.common.rest_client [req-fd500b4a-33bb-4cee-9b80-b345c997664e req-fd500b4a-33bb-4cee-9b80-b345c997664e ] Request (ServicesAdminNegativeTestJSON:test_get_service_by_invalid_service_and_valid_host): 200 GET http://10.180.1.21/compute/v2.1/os-services 3.124s
2025-04-29 08:48:11.588 69592 INFO tempest.lib.common.rest_client [req-630c615f-020e-4d84-be13-c10772343a1d req-630c615f-020e-4d84-be13-c10772343a1d ] Request (HypervisorAdminNegativeTestJSON:test_get_hypervisor_stats_with_non_admin_user): 403 GET http://10.180.1.21/compute/v2.1/os-hypervisors/statistics 3.126s
2025-04-29 08:48:11.597 69640 INFO tempest.lib.common.rest_client [req-ccee63a6-5ee9-477d-9fe3-444aa46bc113 req-ccee63a6-5ee9-477d-9fe3-444aa46bc113 ] Request (InstanceUsageAuditLogTestJSON:tearDownClass): 204 DELETE http://10.180.1.21:9696/networking/v2.0/security-groups/b1768a6d-9928-40fa-87ef-0d9f066a13f8 0.227s
2025-04-29 08:48:11.630 69596 INFO tempest.lib.common.rest_client [req-d6360ae3-e282-4218-a122-75ff6809d4ca req-d6360ae3-e282-4218-a122-75ff6809d4ca ] Request (QuotasAdminNegativeTest:setUpClass): 201 POST http://10.180.1.21/identity/v3/auth/tokens 0.104s
2025-04-29 08:48:11.632 69618 INFO tempest.lib.common.rest_client [req-6f2a0343-73a0-46af-b7ac-0c2f35e92091 req-6f2a0343-73a0-46af-b7ac-0c2f35e92091 ] Request (FlavorsV255TestJSON:test_crud_flavor): 200 PUT http://10.180.1.21/compute/v2.1/flavors/644857650 3.117s
2025-04-29 08:48:11.660 69632 INFO tempest.lib.common.rest_client [req-88da1e31-cce1-4b47-87fa-80378ae6560b req-88da1e31-cce1-4b47-87fa-80378ae6560b ] Request (ImagesMetadataTestJSON:setUp): 200 PUT http://10.180.1.21/compute/v2.1/images/7281a835-ef52-4cc3-9aab-05645e085c46/metadata 3.450s
2025-04-29 08:48:11.722 69586 INFO tempest.lib.common.rest_client [req-515d2c20-e0e8-448f-83a4-ce222eb56b52 req-515d2c20-e0e8-448f-83a4-ce222eb56b52 ] Request (MultipleCreateNegativeTestJSON:setUpClass): 201 POST http://10.180.1.21/identity/v3/auth/tokens 0.180s
2025-04-29 08:48:11.732 69640 INFO tempest.lib.common.rest_client [req-154219e9-c462-4530-b3f5-f9ffdbeb4db2 req-154219e9-c462-4530-b3f5-f9ffdbeb4db2 ] Request (InstanceUsageAuditLogTestJSON:tearDownClass): 204 DELETE http://10.180.1.21/identity/v3/projects/f2cafa59302d4db583857c6865da16bf 0.126s
2025-04-29 08:48:11.745 69582 INFO tempest.lib.common.rest_client [req-6c2c5b3f-f439-4afb-bc49-948f80b7e83b req-6c2c5b3f-f439-4afb-bc49-948f80b7e83b ] Request (NetworksTest:test_list_all_networks): 200 GET http://10.180.1.21/compute/v2.1/os-networks 3.217s
2025-04-29 08:48:11.783 69580 INFO tempest.lib.common.rest_client [req-25305131-4c2c-4191-8de7-d3f148b16cac req-25305131-4c2c-4191-8de7-d3f148b16cac ] Request (FlavorsV2TestJSON:test_list_flavors_detailed_filter_by_min_disk): 200 GET http://10.180.1.21/compute/v2.1/flavors/detail?minDisk=2 2.410s
2025-04-29 08:48:11.794 69596 INFO tempest.lib.common.rest_client [req-79903f6d-79db-4966-85c8-6a361efffc75 req-79903f6d-79db-4966-85c8-6a361efffc75 ] Request (QuotasAdminNegativeTest:setUpClass): 200 GET http://10.180.1.21/identity/v3/domains?name=Default 0.162s
2025-04-29 08:48:11.855 69586 INFO tempest.lib.common.rest_client [req-fa9d004a-a340-4f0b-adf4-ff5d3b07923b req-fa9d004a-a340-4f0b-adf4-ff5d3b07923b ] Request (MultipleCreateNegativeTestJSON:test_max_count_less_than_min_count): 201 POST http://10.180.1.21/identity/v3/auth/tokens 0.128s
2025-04-29 08:48:11.856 69586 INFO tempest.lib.common.fixed_network [-] (MultipleCreateNegativeTestJSON:test_max_count_less_than_min_count) Found network None available for tenant
2025-04-29 08:48:11.876 69640 INFO tempest.lib.common.rest_client [req-79aaafff-df67-4730-821c-b0bd038816d4 req-79aaafff-df67-4730-821c-b0bd038816d4 ] Request (ServersAdmin275Test:setUpClass): 201 POST http://10.180.1.21/identity/v3/auth/tokens 0.142s
2025-04-29 08:48:11.909 69642 INFO tempest.lib.common.rest_client [req-972ca398-f3ac-4ffb-8f79-ee2841005bb6 req-972ca398-f3ac-4ffb-8f79-ee2841005bb6 ] Request (FlavorsAccessTestJSON:test_flavor_access_add_remove): 200 GET http://10.180.1.21/compute/v2.1/flavors/detail 2.630s
2025-04-29 08:48:11.914 69596 INFO tempest.lib.common.rest_client [req-425f664f-551b-416f-afe5-318ad5006ce6 req-425f664f-551b-416f-afe5-318ad5006ce6 ] Request (QuotasAdminNegativeTest:setUpClass): 201 POST http://10.180.1.21/identity/v3/projects 0.119s
2025-04-29 08:48:11.922 69590 INFO tempest.lib.common.rest_client [req-8598cfe2-cc5d-4391-9750-b9225b3e2574 req-8598cfe2-cc5d-4391-9750-b9225b3e2574 ] Request (DeleteServersAdminTestJSON:test_admin_delete_servers_of_others): 200 GET http://10.180.1.21/compute/v2.1/servers/da8df25b-8c1e-4d3f-8b5f-a7d6585ea499 2.516s
2025-04-29 08:48:11.935 69590 INFO tempest.common.waiters [-] State transition "BUILD/None" ==> "BUILD/spawning" after 3 second wait
2025-04-29 08:48:11.937 69598 INFO tempest.lib.common.rest_client [req-2e9e7c98-7a2e-4798-b71a-9a9494bf3b6f req-2e9e7c98-7a2e-4798-b71a-9a9494bf3b6f ] Request (VolumesAssistedSnapshotsTest:setUpClass): 201 POST http://10.180.1.21:9696/networking/v2.0/routers 1.028s
2025-04-29 08:48:11.952 69634 INFO tempest.lib.common.rest_client [req-9ae1a0f9-2f07-4072-b01b-ecefd46ba40e req-9ae1a0f9-2f07-4072-b01b-ecefd46ba40e ] Request (FlavorsV261TestJSON:test_crud_flavor): 200 PUT http://10.180.1.21/compute/v2.1/flavors/1375542985 2.018s
2025-04-29 08:48:11.986 69624 INFO tempest.lib.common.rest_client [req-b47e87ec-0d9a-4ad7-b02b-9d03dadfb379 req-b47e87ec-0d9a-4ad7-b02b-9d03dadfb379 ] Request (ServersAdminNegativeTestJSON:setUpClass): 200 GET http://10.180.1.21/compute/v2.1/servers/f7dba330-0d27-429c-860e-4e74e14bf018 2.373s
2025-04-29 08:48:11.986 69582 INFO tempest.lib.common.rest_client [req-4051c3a8-af82-49ef-a65c-32b84bd4b364 req-4051c3a8-af82-49ef-a65c-32b84bd4b364 ] Request (NetworksTest:tearDownClass): 204 DELETE http://10.180.1.21/identity/v3/users/311905afc2034bfbb3cea66bd4751a4d 0.240s
2025-04-29 08:48:11.996 69624 INFO tempest.common.waiters [-] State transition "BUILD/None" ==> "BUILD/networking" after 3 second wait
2025-04-29 08:48:12.003 69630 INFO tempest.lib.common.rest_client [req-77fc63c7-c243-44cc-bdd0-5d3d20b989c7 req-77fc63c7-c243-44cc-bdd0-5d3d20b989c7 ] Request (HypervisorAdminNegativeUnderV252Test:test_search_nonexistent_hypervisor): 404 GET http://10.180.1.21/compute/v2.1/os-hypervisors/nonexistent_hypervisor_name/search 1.763s
2025-04-29 08:48:12.009 69622 INFO tempest.lib.common.rest_client [req-4be2bf0f-f9be-43c0-b973-87de4371bb49 req-4be2bf0f-f9be-43c0-b973-87de4371bb49 ] Request (FlavorsExtraSpecsNegativeTestJSON:test_flavor_non_admin_set_keys): 403 POST http://10.180.1.21/compute/v2.1/flavors/353548688/os-extra_specs 1.569s
2025-04-29 08:48:12.019 69638 INFO tempest.lib.common.rest_client [req-48dd05a4-32f1-4531-b11e-39a1f5fa0c13 req-48dd05a4-32f1-4531-b11e-39a1f5fa0c13 ] Request (ServersTestJSON:setUpClass): 200 GET http://10.180.1.21/compute/v2.1/servers/ad8a3a86-13df-41d9-b660-b30255a41fab 1.834s
2025-04-29 08:48:12.039 69612 INFO tempest.lib.common.rest_client [req-11d37664-3f4e-4374-af9e-049fd1fcac4f req-11d37664-3f4e-4374-af9e-049fd1fcac4f ] Request (FlavorMetadataValidation:_run_cleanups): 200 GET http://10.180.1.21/compute/v2.1/flavors/detail 1.591s
2025-04-29 08:48:12.041 69640 INFO tempest.lib.common.rest_client [req-933d18f7-cebd-4643-9329-c7340e1db3e5 req-933d18f7-cebd-4643-9329-c7340e1db3e5 ] Request (ServersAdmin275Test:setUpClass): 201 POST http://10.180.1.21/identity/v3/auth/tokens 0.162s
2025-04-29 08:48:12.070 69594 INFO tempest.lib.common.rest_client [req-203bc557-63d9-4965-8d12-b3551ca76726 req-203bc557-63d9-4965-8d12-b3551ca76726 ] Request (AggregatesAdminNegativeTestJSON:test_aggregate_add_host_as_user): 200 POST http://10.180.1.21/compute/v2.1/os-aggregates 1.447s
2025-04-29 08:48:12.072 69584 INFO tempest.lib.common.rest_client [req-b633897e-758a-4180-8a23-eba7665b7de6 req-b633897e-758a-4180-8a23-eba7665b7de6 ] Request (FlavorsExtraSpecsTestJSON:test_flavor_non_admin_get_specific_key): 200 POST http://10.180.1.21/compute/v2.1/flavors/857310669/os-extra_specs 1.280s
2025-04-29 08:48:12.082 69596 INFO tempest.lib.common.rest_client [req-25828b83-3805-4cc9-9291-915b580f010d req-25828b83-3805-4cc9-9291-915b580f010d ] Request (QuotasAdminNegativeTest:setUpClass): 201 POST http://10.180.1.21/identity/v3/users 0.167s
2025-04-29 08:48:12.094 69614 INFO tempest.lib.common.rest_client [req-25864094-a5b6-4bdd-adce-b462549bdcf8 req-25864094-a5b6-4bdd-adce-b462549bdcf8 ] Request (KeyPairsV2TestJSON:test_get_keypair_detail): 200 GET http://10.180.1.21/compute/v2.1/os-keypairs/tempest-keypair-281926058 0.982s
2025-04-29 08:48:12.109 69640 INFO tempest.lib.common.rest_client [req-844f4db2-c9b1-4875-852a-d61b78686561 req-844f4db2-c9b1-4875-852a-d61b78686561 ] Request (ServersAdmin275Test:setUpClass): 200 GET http://10.180.1.21/identity/v3/domains?name=Default 0.068s
2025-04-29 08:48:12.161 69582 INFO tempest.lib.common.rest_client [req-4676b5f3-221d-43cf-b378-2b0a42f9f7c6 req-4676b5f3-221d-43cf-b378-2b0a42f9f7c6 ] Request (NetworksTest:tearDownClass): 204 DELETE http://10.180.1.21/identity/v3/users/04d6546126da466394119ff21f0908e9 0.174s
2025-04-29 08:48:12.161 69582 INFO tempest.lib.common.dynamic_creds [-] Deleting project and security group for project: 0299e5f8570c4ac5889fca5a830763eb
2025-04-29 08:48:12.207 69612 INFO tempest.lib.common.rest_client [req-231a1d68-6199-4637-b135-fd21d9199e90 req-231a1d68-6199-4637-b135-fd21d9199e90 ] Request (FlavorMetadataValidation:tearDownClass): 204 DELETE http://10.180.1.21/identity/v3/users/af8fd6101ce14776871504ec9399e4ea 0.155s
2025-04-29 08:48:12.281 69596 INFO tempest.lib.common.rest_client [req-e08ca5a3-73d5-4615-b3a3-352c7cac6994 req-e08ca5a3-73d5-4615-b3a3-352c7cac6994 ] Request (QuotasAdminNegativeTest:setUpClass): 200 GET http://10.180.1.21/identity/v3/roles 0.198s
2025-04-29 08:48:12.305 69582 INFO tempest.lib.common.rest_client [req-383ddefc-de98-47f1-9f4d-7ff9bb501a88 req-383ddefc-de98-47f1-9f4d-7ff9bb501a88 ] Request (NetworksTest:tearDownClass): 201 POST http://10.180.1.21/identity/v3/auth/tokens 0.143s
2025-04-29 08:48:12.354 69640 INFO tempest.lib.common.rest_client [req-9782429d-dd40-4ff5-83bf-0141dd4767c0 req-9782429d-dd40-4ff5-83bf-0141dd4767c0 ] Request (ServersAdmin275Test:setUpClass): 201 POST http://10.180.1.21/identity/v3/projects 0.244s
2025-04-29 08:48:12.516 69627 INFO tempest.lib.common.rest_client [req-27923da3-9980-4854-b3a6-5887a680df07 req-27923da3-9980-4854-b3a6-5887a680df07 ] Request (FlavorsAccessNegativeTestJSON:test_add_flavor_access_duplicate): 409 POST http://10.180.1.21/compute/v2.1/flavors/1017023232/action 1.383s
2025-04-29 08:48:12.517 69612 INFO tempest.lib.common.rest_client [req-a7853458-5c5d-42a9-ba4c-d9e6890895b6 req-a7853458-5c5d-42a9-ba4c-d9e6890895b6 ] Request (FlavorMetadataValidation:tearDownClass): 204 DELETE http://10.180.1.21/identity/v3/users/144e49054efb4828b499e50031616f1a 0.309s
2025-04-29 08:48:12.517 69612 INFO tempest.lib.common.dynamic_creds [-] Deleting project and security group for project: cb375d514c634e70b30e2b137e6c6e2c
2025-04-29 08:48:12.596 69596 INFO tempest.lib.common.rest_client [req-093550e2-59cd-4bce-8f8d-2100bfd2a476 req-093550e2-59cd-4bce-8f8d-2100bfd2a476 ] Request (QuotasAdminNegativeTest:setUpClass): 204 PUT http://10.180.1.21/identity/v3/projects/5c6b967209814aa7a47f8d486b4418fe/users/933d6f042a3c4dfc912740ec0edee0bf/roles/bf0af078731840858a5fb8cc72a1d2dd 0.315s
2025-04-29 08:48:12.597 69596 INFO tempest.lib.common.dynamic_creds [-] Dynamic test user 933d6f042a3c4dfc912740ec0edee0bf is created with scope project and roles: ['member']
2025-04-29 08:48:12.597 69596 INFO tempest.lib.common.dynamic_creds [-] Acquired dynamic creds: credentials: Credentials: {'domain_id': 'default', 'domain_name': 'Default', 'username': 'tempest-QuotasAdminNegativeTest-318655044-project-member', 'project_domain_id': 'default', 'project_domain_name': 'Default', 'project_id': '5c6b967209814aa7a47f8d486b4418fe', 'project_name': 'tempest-QuotasAdminNegativeTest-318655044', 'tenant_id': '5c6b967209814aa7a47f8d486b4418fe', 'tenant_name': 'tempest-QuotasAdminNegativeTest-318655044', 'user_domain_id': 'default', 'user_domain_name': 'Default', 'user_id': '933d6f042a3c4dfc912740ec0edee0bf', 'system': None}, Network: None, Subnet: None, Router: None
2025-04-29 08:48:12.597 69596 INFO tempest.lib.common.dynamic_creds [-] Created isolated network resources for: credentials: Credentials: {'domain_id': 'default', 'domain_name': 'Default', 'username': 'tempest-QuotasAdminNegativeTest-318655044-project-member', 'project_domain_id': 'default', 'project_domain_name': 'Default', 'project_id': '5c6b967209814aa7a47f8d486b4418fe', 'project_name': 'tempest-QuotasAdminNegativeTest-318655044', 'tenant_id': '5c6b967209814aa7a47f8d486b4418fe', 'tenant_name': 'tempest-QuotasAdminNegativeTest-318655044', 'user_domain_id': 'default', 'user_domain_name': 'Default', 'user_id': '933d6f042a3c4dfc912740ec0edee0bf', 'system': None}, Network: None, Subnet: None, Router: None
2025-04-29 08:48:12.723 69612 INFO tempest.lib.common.rest_client [req-df202d97-eb9f-49eb-ba9e-5d6e27da9435 req-df202d97-eb9f-49eb-ba9e-5d6e27da9435 ] Request (FlavorMetadataValidation:tearDownClass): 201 POST http://10.180.1.21/identity/v3/auth/tokens 0.205s
2025-04-29 08:48:12.763 69640 INFO tempest.lib.common.rest_client [req-d49f7e0b-fe25-4d56-91d4-cc1d92e93f67 req-d49f7e0b-fe25-4d56-91d4-cc1d92e93f67 ] Request (ServersAdmin275Test:setUpClass): 201 POST http://10.180.1.21/identity/v3/users 0.408s
2025-04-29 08:48:12.814 69608 INFO tempest.lib.common.rest_client [req-9d39193d-278b-4ae2-8e9b-1b12fc1b7478 req-9d39193d-278b-4ae2-8e9b-1b12fc1b7478 ] Request (QuotasAdminTestV236:test_get_updated_quotas): 200 PUT http://10.180.1.21/compute/v2.1/os-quota-sets/801c42bc0dfd44b989d99e5fee5b3662?user_id=41847003573c4b0b8395aa97b128fc7f 1.660s
2025-04-29 08:48:12.815 69596 INFO tempest.lib.common.rest_client [req-bac723e4-fcae-412c-a2d7-f2380abd2d99 req-bac723e4-fcae-412c-a2d7-f2380abd2d99 ] Request (QuotasAdminNegativeTest:setUpClass): 201 POST http://10.180.1.21/identity/v3/auth/tokens 0.214s
2025-04-29 08:48:12.822 69640 INFO tempest.lib.common.rest_client [req-8683209f-f12b-40e8-8d2f-585f0eb291d6 req-8683209f-f12b-40e8-8d2f-585f0eb291d6 ] Request (ServersAdmin275Test:setUpClass): 200 GET http://10.180.1.21/identity/v3/roles 0.056s
2025-04-29 08:48:12.858 69640 INFO tempest.lib.common.rest_client [req-5c7b5133-67ec-4ead-9fe4-cad833332c9c req-5c7b5133-67ec-4ead-9fe4-cad833332c9c ] Request (ServersAdmin275Test:setUpClass): 204 PUT http://10.180.1.21/identity/v3/projects/31e4d05ae75747e1860a3707eefc6a64/users/edf7dd2a02234eba8c2d962392c6a6b0/roles/bf0af078731840858a5fb8cc72a1d2dd 0.035s
2025-04-29 08:48:12.859 69640 INFO tempest.lib.common.dynamic_creds [-] Dynamic test user edf7dd2a02234eba8c2d962392c6a6b0 is created with scope project and roles: ['member']
2025-04-29 08:48:12.860 69640 INFO tempest.lib.common.dynamic_creds [-] Acquired dynamic creds: credentials: Credentials: {'domain_id': 'default', 'domain_name': 'Default', 'username': 'tempest-ServersAdmin275Test-1982281372-project-member', 'project_domain_id': 'default', 'project_domain_name': 'Default', 'project_id': '31e4d05ae75747e1860a3707eefc6a64', 'project_name': 'tempest-ServersAdmin275Test-1982281372', 'tenant_id': '31e4d05ae75747e1860a3707eefc6a64', 'tenant_name': 'tempest-ServersAdmin275Test-1982281372', 'user_domain_id': 'default', 'user_domain_name': 'Default', 'user_id': 'edf7dd2a02234eba8c2d962392c6a6b0', 'system': None}, Network: None, Subnet: None, Router: None
2025-04-29 08:48:12.860 69640 INFO tempest.lib.common.dynamic_creds [-] Created isolated network resources for: credentials: Credentials: {'domain_id': 'default', 'domain_name': 'Default', 'username': 'tempest-ServersAdmin275Test-1982281372-project-member', 'project_domain_id': 'default', 'project_domain_name': 'Default', 'project_id': '31e4d05ae75747e1860a3707eefc6a64', 'project_name': 'tempest-ServersAdmin275Test-1982281372', 'tenant_id': '31e4d05ae75747e1860a3707eefc6a64', 'tenant_name': 'tempest-ServersAdmin275Test-1982281372', 'user_domain_id': 'default', 'user_domain_name': 'Default', 'user_id': 'edf7dd2a02234eba8c2d962392c6a6b0', 'system': None}, Network: None, Subnet: None, Router: None
2025-04-29 08:48:12.876 69596 INFO tempest.lib.common.rest_client [req-374f3379-9131-43f6-9b45-5b5a4a620749 req-374f3379-9131-43f6-9b45-5b5a4a620749 ] Request (QuotasAdminNegativeTest:setUpClass): 201 POST http://10.180.1.21/identity/v3/projects 0.059s
