2025-04-29 11:19:16.097 70783 INFO tempest.lib.common.rest_client [req-043755dd-5b11-4f73-8b03-f02ad9279eaa req-043755dd-5b11-4f73-8b03-f02ad9279eaa ] Request (FlavorsV261TestJSON:tearDownClass): 204 DELETE http://10.180.1.21/identity/v3/projects/4f547e1933a64ce0a74c0c158b17008e 0.174s
2025-04-29 11:19:16.098 70783 INFO tempest.lib.common.dynamic_creds [-] Deleting project and security group for project: 5c5cc1b154c2429e8b04223aa57f2324
2025-04-29 11:19:16.114 70753 INFO tempest.lib.common.rest_client [req-ee07d918-0baf-4b9a-8ae8-cffa97cb7c1c req-ee07d918-0baf-4b9a-8ae8-cffa97cb7c1c ] Request (ServicesAdminTestJSON:setUpClass): 201 POST http://10.180.1.21/identity/v3/auth/tokens 0.141s
2025-04-29 11:19:16.126 70763 INFO tempest.lib.common.rest_client [req-7ef308be-cf17-4c55-8e44-ff99f6e5ccc0 req-7ef308be-cf17-4c55-8e44-ff99f6e5ccc0 ] Request (FlavorsV255TestJSON:tearDownClass): 200 GET http://10.180.1.21:9696/networking/v2.0/security-groups?tenant_id=076846a94b0748bca415c82cdafea7f5&name=default 1.205s
2025-04-29 11:19:16.139 70753 INFO tempest.lib.common.rest_client [req-68866a54-366a-4469-a57a-b72cd9e679bb req-68866a54-366a-4469-a57a-b72cd9e679bb ] Request (ServicesAdminTestJSON:setUpClass): 200 GET http://10.180.1.21/identity/v3/domains?name=Default 0.024s
2025-04-29 11:19:16.154 70791 INFO tempest.lib.common.rest_client [req-dfb72980-64e7-4898-b1ed-089d437a4c43 req-dfb72980-64e7-4898-b1ed-089d437a4c43 ] Request (KeyPairsV210TestJSON:tearDownClass): 200 GET http://10.180.1.21:9696/networking/v2.0/security-groups?tenant_id=34192bea03554e27b1b6ba3291ef6edb&name=default 1.079s
2025-04-29 11:19:16.163 70768 INFO tempest.lib.common.rest_client [req-88aeb4df-076f-4b5c-9c4e-04c9d115171a req-88aeb4df-076f-4b5c-9c4e-04c9d115171a ] Request (QuotasAdminTestV257:setUpClass): 201 POST http://10.180.1.21/identity/v3/users 0.166s
2025-04-29 11:19:16.166 70759 INFO tempest.lib.common.rest_client [req-23e4e1ec-6e56-4d15-b3ea-18ebbe1b8361 req-23e4e1ec-6e56-4d15-b3ea-18ebbe1b8361 ] Request (ImagesOneServerTestJSON:setUpClass): 200 GET http://10.180.1.21/compute/v2.1/servers/6e16fab4-3840-47aa-b30e-fd4b17872a44 0.920s
2025-04-29 11:19:16.170 70753 INFO tempest.lib.common.rest_client [req-00d59fa6-3e9a-4e27-8eb1-d0a6f5d300c5 req-00d59fa6-3e9a-4e27-8eb1-d0a6f5d300c5 ] Request (ServicesAdminTestJSON:setUpClass): 201 POST http://10.180.1.21/identity/v3/projects 0.030s
2025-04-29 11:19:16.172 70765 INFO tempest.lib.common.rest_client [req-ecab29d7-7ca1-4dde-b002-2b19cb9d768c req-ecab29d7-7ca1-4dde-b002-2b19cb9d768c ] Request (HypervisorAdminNegativeTestJSON:test_show_nonexistent_hypervisor): 404 GET http://10.180.1.21/compute/v2.1/os-hypervisors/5ceb407d-47ad-43aa-a7cb-2e23e74b6d9d 0.860s
2025-04-29 11:19:16.180 70759 INFO tempest.common.waiters [-] State transition "BUILD/None" ==> "BUILD/networking" after 7 second wait
2025-04-29 11:19:16.183 70805 INFO tempest.lib.common.rest_client [req-e3f87b52-1da9-4467-a603-df7376d0a7f7 req-e3f87b52-1da9-4467-a603-df7376d0a7f7 ] Request (FlavorsExtraSpecsNegativeTestJSON:test_flavor_update_mismatch_key): 400 PUT http://10.180.1.21/compute/v2.1/flavors/912332443/os-extra_specs/hw:numa_nodes 0.864s
2025-04-29 11:19:16.235 70789 INFO tempest.lib.common.rest_client [req-ddd20421-0bbb-4333-bb12-6189dcdf4b46 req-ddd20421-0bbb-4333-bb12-6189dcdf4b46 ] Request (KeyPairsV22TestJSON:test_keypair_create_delete): 201 POST http://10.180.1.21/compute/v2.1/os-keypairs 0.907s
2025-04-29 11:19:16.238 70753 INFO tempest.lib.common.rest_client [req-8a6690e6-406a-4411-a7ff-1ed538a53310 req-8a6690e6-406a-4411-a7ff-1ed538a53310 ] Request (ServicesAdminTestJSON:setUpClass): 201 POST http://10.180.1.21/identity/v3/users 0.067s
2025-04-29 11:19:16.250 70808 INFO tempest.lib.common.rest_client [req-8968cddb-d4b7-4dad-9e2a-0699ac515a6b req-8968cddb-d4b7-4dad-9e2a-0699ac515a6b ] Request (FlavorsAccessNegativeTestJSON:test_flavor_access_list_with_public_flavor): 404 GET http://10.180.1.21/compute/v2.1/flavors/1448197819/os-flavor-access 0.905s
2025-04-29 11:19:16.250 70768 INFO tempest.lib.common.rest_client [req-3a706293-cf06-4337-bc5d-49f3e3aa4609 req-3a706293-cf06-4337-bc5d-49f3e3aa4609 ] Request (QuotasAdminTestV257:setUpClass): 200 GET http://10.180.1.21/identity/v3/roles 0.087s
2025-04-29 11:19:16.274 70753 INFO tempest.lib.common.rest_client [req-a09eb8ea-98e0-4435-bb4a-4ed0e8852596 req-a09eb8ea-98e0-4435-bb4a-4ed0e8852596 ] Request (ServicesAdminTestJSON:setUpClass): 200 GET http://10.180.1.21/identity/v3/roles 0.036s
2025-04-29 11:19:16.302 70765 INFO tempest.lib.common.rest_client [req-45fbdc53-9656-4168-a810-2dc5940cbbaf req-45fbdc53-9656-4168-a810-2dc5940cbbaf ] Request (HypervisorAdminNegativeTestJSON:tearDownClass): 204 DELETE http://10.180.1.21/identity/v3/users/62c1ba2f72c04c45a9b9dbf0f600732e 0.127s
2025-04-29 11:19:16.304 70777 INFO tempest.lib.common.rest_client [req-d3fe3e27-a447-4674-b86a-ef2d12886bfd req-d3fe3e27-a447-4674-b86a-ef2d12886bfd ] Request (ServicesAdminNegativeTestJSON:tearDownClass): 200 GET http://10.180.1.21:9696/networking/v2.0/security-groups?tenant_id=380cf00088584e62a5e9e9bccdf50b5c&name=default 0.647s
2025-04-29 11:19:16.338 70768 INFO tempest.lib.common.rest_client [req-60c5989d-a644-4b47-9166-b474dff130ac req-60c5989d-a644-4b47-9166-b474dff130ac ] Request (QuotasAdminTestV257:setUpClass): 204 PUT http://10.180.1.21/identity/v3/projects/4d7059377c7d475385bad7af87c6d868/users/375aa01e66fe410ab35af10b5888887f/roles/7c06c379850d48c79a6aada99ff3a171 0.087s
2025-04-29 11:19:16.339 70768 INFO tempest.lib.common.dynamic_creds [-] Dynamic test user 375aa01e66fe410ab35af10b5888887f is created with scope project and roles: ['member']
2025-04-29 11:19:16.339 70768 INFO tempest.lib.common.dynamic_creds [-] Acquired dynamic creds: credentials: Credentials: {'domain_id': 'default', 'domain_name': 'Default', 'username': 'tempest-QuotasAdminTestV257-1399971620-project-member', 'project_domain_id': 'default', 'project_domain_name': 'Default', 'project_id': '4d7059377c7d475385bad7af87c6d868', 'project_name': 'tempest-QuotasAdminTestV257-1399971620', 'tenant_id': '4d7059377c7d475385bad7af87c6d868', 'tenant_name': 'tempest-QuotasAdminTestV257-1399971620', 'user_domain_id': 'default', 'user_domain_name': 'Default', 'user_id': '375aa01e66fe410ab35af10b5888887f', 'system': None}, Network: None, Subnet: None, Router: None
2025-04-29 11:19:16.339 70768 INFO tempest.lib.common.dynamic_creds [-] Created isolated network resources for: credentials: Credentials: {'domain_id': 'default', 'domain_name': 'Default', 'username': 'tempest-QuotasAdminTestV257-1399971620-project-member', 'project_domain_id': 'default', 'project_domain_name': 'Default', 'project_id': '4d7059377c7d475385bad7af87c6d868', 'project_name': 'tempest-QuotasAdminTestV257-1399971620', 'tenant_id': '4d7059377c7d475385bad7af87c6d868', 'tenant_name': 'tempest-QuotasAdminTestV257-1399971620', 'user_domain_id': 'default', 'user_domain_name': 'Default', 'user_id': '375aa01e66fe410ab35af10b5888887f', 'system': None}, Network: None, Subnet: None, Router: None
2025-04-29 11:19:16.368 70757 INFO tempest.lib.common.rest_client [req-d74c4505-4298-4d14-b20e-7712182658a9 req-d74c4505-4298-4d14-b20e-7712182658a9 ] Request (ServerDiagnosticsNegativeTest:test_get_server_diagnostics_by_non_admin): 202 POST http://10.180.1.21/compute/v2.1/servers 2.014s
2025-04-29 11:19:16.406 70753 INFO tempest.lib.common.rest_client [req-996da586-ea4d-44fa-83c7-d0eb8ff63288 req-996da586-ea4d-44fa-83c7-d0eb8ff63288 ] Request (ServicesAdminTestJSON:setUpClass): 204 PUT http://10.180.1.21/identity/v3/projects/cfafc2a64d6a42389654a6c4dc8454c4/users/a59f2741b772416385a1801cecee8719/roles/7c06c379850d48c79a6aada99ff3a171 0.131s
2025-04-29 11:19:16.407 70753 INFO tempest.lib.common.dynamic_creds [-] Dynamic test user a59f2741b772416385a1801cecee8719 is created with scope project and roles: ['member']
2025-04-29 11:19:16.407 70753 INFO tempest.lib.common.dynamic_creds [-] Acquired dynamic creds: credentials: Credentials: {'domain_id': 'default', 'domain_name': 'Default', 'username': 'tempest-ServicesAdminTestJSON-1026706649-project-member', 'project_domain_id': 'default', 'project_domain_name': 'Default', 'project_id': 'cfafc2a64d6a42389654a6c4dc8454c4', 'project_name': 'tempest-ServicesAdminTestJSON-1026706649', 'tenant_id': 'cfafc2a64d6a42389654a6c4dc8454c4', 'tenant_name': 'tempest-ServicesAdminTestJSON-1026706649', 'user_domain_id': 'default', 'user_domain_name': 'Default', 'user_id': 'a59f2741b772416385a1801cecee8719', 'system': None}, Network: None, Subnet: None, Router: None
2025-04-29 11:19:16.407 70753 INFO tempest.lib.common.dynamic_creds [-] Created isolated network resources for: credentials: Credentials: {'domain_id': 'default', 'domain_name': 'Default', 'username': 'tempest-ServicesAdminTestJSON-1026706649-project-member', 'project_domain_id': 'default', 'project_domain_name': 'Default', 'project_id': 'cfafc2a64d6a42389654a6c4dc8454c4', 'project_name': 'tempest-ServicesAdminTestJSON-1026706649', 'tenant_id': 'cfafc2a64d6a42389654a6c4dc8454c4', 'tenant_name': 'tempest-ServicesAdminTestJSON-1026706649', 'user_domain_id': 'default', 'user_domain_name': 'Default', 'user_id': 'a59f2741b772416385a1801cecee8719', 'system': None}, Network: None, Subnet: None, Router: None
2025-04-29 11:19:16.515 70813 INFO tempest.lib.common.rest_client [req-32c18d97-7010-46bb-92f7-e6e055d53734 req-32c18d97-7010-46bb-92f7-e6e055d53734 ] Request (VolumesAssistedSnapshotsTest:test_volume_assisted_snapshot_create_delete): 200 POST http://10.180.1.21/compute/v2.1/os-keypairs 1.074s
2025-04-29 11:19:16.563 70768 INFO tempest.lib.common.rest_client [req-5f30f48e-3908-4292-929a-fee48449657b req-5f30f48e-3908-4292-929a-fee48449657b ] Request (QuotasAdminTestV257:setUpClass): 201 POST http://10.180.1.21/identity/v3/auth/tokens 0.218s
2025-04-29 11:19:16.600 70765 INFO tempest.lib.common.rest_client [req-1f5d3be3-f111-45d2-a37a-032e41218d52 req-1f5d3be3-f111-45d2-a37a-032e41218d52 ] Request (HypervisorAdminNegativeTestJSON:tearDownClass): 204 DELETE http://10.180.1.21/identity/v3/users/abd8dface86e4c72af32f8b49c5c34e3 0.298s
2025-04-29 11:19:16.600 70765 INFO tempest.lib.common.dynamic_creds [-] Deleting project and security group for project: c9d332d648d544f9a985ed4b5f46f2ad
2025-04-29 11:19:16.665 70787 INFO tempest.lib.common.rest_client [req-0deaf23d-9f39-4e02-9604-3d5d34208a09 req-0deaf23d-9f39-4e02-9604-3d5d34208a09 ] Request (QuotaClassesAdminTestJSON:tearDownClass): 200 GET http://10.180.1.21:9696/networking/v2.0/security-groups?tenant_id=0b88ed99e8914b6081dc303f782c9a87&name=default 0.725s
2025-04-29 11:19:16.675 70753 INFO tempest.lib.common.rest_client [req-1c42ecd9-615c-4669-83cb-a2baa71222e9 req-1c42ecd9-615c-4669-83cb-a2baa71222e9 ] Request (ServicesAdminTestJSON:setUpClass): 201 POST http://10.180.1.21/identity/v3/auth/tokens 0.262s
2025-04-29 11:19:16.707 70763 INFO tempest.lib.common.rest_client [req-30c4058c-c679-4a23-a01b-f7c9a5fee70a req-30c4058c-c679-4a23-a01b-f7c9a5fee70a ] Request (FlavorsV255TestJSON:tearDownClass): 204 DELETE http://10.180.1.21:9696/networking/v2.0/security-groups/42971856-aac8-4216-b39b-be8ce10e771d 0.581s
2025-04-29 11:19:16.721 70761 INFO tempest.lib.common.rest_client [req-c2e67d6a-8d2b-4948-838d-f9ba4a990c21 req-c2e67d6a-8d2b-4948-838d-f9ba4a990c21 ] Request (FloatingIPsTestJSON:tearDownClass): 204 DELETE http://10.180.1.21:9696/networking/v2.0/subnets/39fc2093-0f68-46b3-8691-f27fc9744e4a 0.637s
2025-04-29 11:19:16.728 70771 INFO tempest.lib.common.rest_client [req-6c41a872-8b25-4e86-bed4-085bfba51979 req-6c41a872-8b25-4e86-bed4-085bfba51979 ] Request (DeleteServersAdminTestJSON:test_admin_delete_servers_of_others): 200 GET http://10.180.1.21/compute/v2.1/servers/e023a682-2d0a-4201-8ab6-b9735f112774 1.283s
2025-04-29 11:19:16.736 70783 INFO tempest.lib.common.rest_client [req-3a446a25-1eac-4e1e-bd24-ba4b57ed6642 req-3a446a25-1eac-4e1e-bd24-ba4b57ed6642 ] Request (FlavorsV261TestJSON:tearDownClass): 200 GET http://10.180.1.21:9696/networking/v2.0/security-groups?tenant_id=5c5cc1b154c2429e8b04223aa57f2324&name=default 0.638s
2025-04-29 11:19:16.750 70777 INFO tempest.lib.common.rest_client [req-78653984-fff8-42a6-a0e1-43c0ca12cee1 req-78653984-fff8-42a6-a0e1-43c0ca12cee1 ] Request (ServicesAdminNegativeTestJSON:tearDownClass): 204 DELETE http://10.180.1.21:9696/networking/v2.0/security-groups/7ee5d124-0bc0-4a59-b31a-7c2fa15ef7d0 0.445s
2025-04-29 11:19:16.757 70765 INFO tempest.lib.common.rest_client [req-609b5e3c-dc1a-4fee-aa74-5b18eb54eb13 req-609b5e3c-dc1a-4fee-aa74-5b18eb54eb13 ] Request (HypervisorAdminNegativeTestJSON:tearDownClass): 201 POST http://10.180.1.21/identity/v3/auth/tokens 0.156s
2025-04-29 11:19:16.782 70791 INFO tempest.lib.common.rest_client [req-439a888b-454a-45ad-8a94-f33ea447cc92 req-439a888b-454a-45ad-8a94-f33ea447cc92 ] Request (KeyPairsV210TestJSON:tearDownClass): 204 DELETE http://10.180.1.21:9696/networking/v2.0/security-groups/62e816b4-b935-476f-8d2e-d57af1370d14 0.627s
2025-04-29 11:19:16.793 70753 INFO tempest.lib.common.rest_client [req-4dc99917-0753-41f1-897d-ebce16603d9b req-4dc99917-0753-41f1-897d-ebce16603d9b ] Request (ServicesAdminTestJSON:setUpClass): 201 POST http://10.180.1.21/identity/v3/projects 0.117s
2025-04-29 11:19:16.797 70768 INFO tempest.lib.common.rest_client [req-8e4b1bd3-e189-4ad5-8f6f-0ed81cb2ca4f req-8e4b1bd3-e189-4ad5-8f6f-0ed81cb2ca4f ] Request (QuotasAdminTestV257:setUpClass): 201 POST http://10.180.1.21/identity/v3/projects 0.233s
2025-04-29 11:19:16.848 70815 INFO tempest.lib.common.rest_client [req-1afd119f-8c2b-419d-8fba-40d3b101c51c req-1afd119f-8c2b-419d-8fba-40d3b101c51c ] Request (MigrationsAdminTest:test_list_migrations_in_flavor_resize_situation): 200 GET http://10.180.1.21/compute/v2.1/servers/e9463258-c3e8-49d1-96c6-94ffa06b8efe 1.248s
2025-04-29 11:19:16.932 70763 INFO tempest.lib.common.rest_client [req-11aabad9-0df0-434e-93a0-706504ca4802 req-11aabad9-0df0-434e-93a0-706504ca4802 ] Request (FlavorsV255TestJSON:tearDownClass): 204 DELETE http://10.180.1.21/identity/v3/projects/076846a94b0748bca415c82cdafea7f5 0.225s
2025-04-29 11:19:16.932 70763 INFO tempest.lib.common.dynamic_creds [-] Deleting project and security group for project: 4664f2538ca8450da85758661e8c2882
2025-04-29 11:19:16.944 70787 INFO tempest.lib.common.rest_client [req-9c9036cf-8bd7-4578-8455-8babbbb42710 req-9c9036cf-8bd7-4578-8455-8babbbb42710 ] Request (QuotaClassesAdminTestJSON:tearDownClass): 204 DELETE http://10.180.1.21:9696/networking/v2.0/security-groups/e3136686-2643-4f79-a182-826aa6945c07 0.278s
2025-04-29 11:19:16.992 70755 INFO tempest.lib.common.rest_client [req-247e909a-4a75-4370-b62d-523046666b22 req-247e909a-4a75-4370-b62d-523046666b22 ] Request (ServersAaction247Test:test_create_backup): 200 GET http://10.180.1.21/compute/v2.1/servers/40536092-a993-45c7-b0b3-e264a8a52e09 1.258s
2025-04-29 11:19:17.019 70777 INFO tempest.lib.common.rest_client [req-d1a376bf-1987-4e06-b08c-cd0b657ea68b req-d1a376bf-1987-4e06-b08c-cd0b657ea68b ] Request (ServicesAdminNegativeTestJSON:tearDownClass): 204 DELETE http://10.180.1.21/identity/v3/projects/380cf00088584e62a5e9e9bccdf50b5c 0.268s
2025-04-29 11:19:17.019 70777 INFO tempest.lib.common.dynamic_creds [-] Deleting project and security group for project: d08c489e520c434f9a027f3d6155f367
2025-04-29 11:19:17.060 70809 INFO tempest.lib.common.rest_client [req-5c4ddb9d-ff87-4bb8-b774-bc8ed8987745 req-5c4ddb9d-ff87-4bb8-b774-bc8ed8987745 ] Request (ServerMetadataNegativeTestJSON:setUpClass): 201 POST http://10.180.1.21:9696/networking/v2.0/subnets 1.176s
2025-04-29 11:19:17.104 70773 INFO tempest.lib.common.rest_client [req-f93b7240-f2c8-4943-b0e5-6197e4d5cc67 req-f93b7240-f2c8-4943-b0e5-6197e4d5cc67 ] Request (ServersTestFqdnHostnames:test_create_server_with_fqdn_name): 200 GET http://10.180.1.21/compute/v2.1/servers/d281a50d-ece1-4c55-b6a0-1302229bb35f 1.332s
2025-04-29 11:19:17.118 70773 INFO tempest.common.waiters [-] State transition "BUILD/scheduling" ==> "BUILD/None" after 3 second wait
2025-04-29 11:19:17.119 70753 INFO tempest.lib.common.rest_client [req-770365c5-2f78-4f3a-bbc7-dd33bfa74459 req-770365c5-2f78-4f3a-bbc7-dd33bfa74459 ] Request (ServicesAdminTestJSON:setUpClass): 201 POST http://10.180.1.21/identity/v3/users 0.325s
2025-04-29 11:19:17.119 70813 INFO tempest.lib.common.rest_client [req-dd7e9553-ace5-45de-817e-6228c320db2d req-dd7e9553-ace5-45de-817e-6228c320db2d ] Request (VolumesAssistedSnapshotsTest:test_volume_assisted_snapshot_create_delete): 201 POST http://10.180.1.21:9696/networking/v2.0/security-groups 0.602s
2025-04-29 11:19:17.159 70811 INFO tempest.lib.common.rest_client [req-4e7c32da-b7bb-436d-a06d-47e7d2de273b req-4e7c32da-b7bb-436d-a06d-47e7d2de273b ] Request (ServersWithSpecificFlavorTestJSON:test_verify_created_server_ephemeral_disk): 200 POST http://10.180.1.21/compute/v2.1/flavors/1132854291/os-extra_specs 1.258s
2025-04-29 11:19:17.164 70768 INFO tempest.lib.common.rest_client [req-aa3f673f-aaea-4ad8-a325-60d1e4b8a8e4 req-aa3f673f-aaea-4ad8-a325-60d1e4b8a8e4 ] Request (QuotasAdminTestV257:setUpClass): 201 POST http://10.180.1.21/identity/v3/users 0.366s
2025-04-29 11:19:17.180 70779 INFO tempest.lib.common.rest_client [req-5a59fb49-aeb6-401c-906f-e84daf40cc3c req-5a59fb49-aeb6-401c-906f-e84daf40cc3c ] Request (FlavorsExtraSpecsTestJSON:test_flavor_set_get_update_show_unset_keys): 200 GET http://10.180.1.21/compute/v2.1/flavors/56438785/os-extra_specs 1.252s
2025-04-29 11:19:17.187 70791 INFO tempest.lib.common.rest_client [req-5552d20d-3865-42ee-830b-cb46beb1a7f8 req-5552d20d-3865-42ee-830b-cb46beb1a7f8 ] Request (KeyPairsV210TestJSON:tearDownClass): 204 DELETE http://10.180.1.21/identity/v3/projects/34192bea03554e27b1b6ba3291ef6edb 0.404s
2025-04-29 11:19:17.187 70791 INFO tempest.lib.common.dynamic_creds [-] Deleting project and security group for project: 14514a268ec34ee0b95b4b5cc0b784ae
2025-04-29 11:19:17.210 70795 INFO tempest.lib.common.rest_client [req-16d9bf0c-721b-4f6e-972a-7797c3ec644b req-16d9bf0c-721b-4f6e-972a-7797c3ec644b ] Request (AggregatesAdminNegativeTestJSON:test_aggregate_add_non_exist_host): 200 POST http://10.180.1.21/compute/v2.1/os-aggregates 1.259s
2025-04-29 11:19:17.220 70783 INFO tempest.lib.common.rest_client [req-b510eea1-dd49-474e-85e0-7690e28d0dee req-b510eea1-dd49-474e-85e0-7690e28d0dee ] Request (FlavorsV261TestJSON:tearDownClass): 204 DELETE http://10.180.1.21:9696/networking/v2.0/security-groups/e275c8ed-eb83-487b-845e-d34168f192fd 0.483s
2025-04-29 11:19:17.237 70799 INFO tempest.lib.common.rest_client [req-9941b3e0-5c9b-47cf-8ea1-3158e6e05533 req-9941b3e0-5c9b-47cf-8ea1-3158e6e05533 ] Request (FlavorsAdminTestJSON:_run_cleanups): 200 GET http://10.180.1.21/compute/v2.1/flavors/detail 1.270s
2025-04-29 11:19:17.247 70753 INFO tempest.lib.common.rest_client [req-e5a8bea4-4d6a-45fa-8115-1d49a9383f0d req-e5a8bea4-4d6a-45fa-8115-1d49a9383f0d ] Request (ServicesAdminTestJSON:setUpClass): 200 GET http://10.180.1.21/identity/v3/roles 0.128s
2025-04-29 11:19:17.251 70793 INFO tempest.lib.common.rest_client [req-2bd7af79-20ba-4f2c-9376-87a086e6ca56 req-2bd7af79-20ba-4f2c-9376-87a086e6ca56 ] Request (HostsAdminNegativeTestJSON:test_startup_nonexistent_host): 404 GET http://10.180.1.21/compute/v2.1/os-hosts/nonexistent_hostname/startup 1.277s
2025-04-29 11:19:17.286 70787 INFO tempest.lib.common.rest_client [req-6de0a3a1-da96-40ea-b751-74cae76e5d27 req-6de0a3a1-da96-40ea-b751-74cae76e5d27 ] Request (QuotaClassesAdminTestJSON:tearDownClass): 204 DELETE http://10.180.1.21/identity/v3/projects/0b88ed99e8914b6081dc303f782c9a87 0.341s
2025-04-29 11:19:17.286 70787 INFO tempest.lib.common.dynamic_creds [-] Deleting project and security group for project: 4cb98a2f7cea4965acdbb8692955fee6
2025-04-29 11:19:17.314 70768 INFO tempest.lib.common.rest_client [req-161edf78-c48a-46cb-a8da-d8746297ac04 req-161edf78-c48a-46cb-a8da-d8746297ac04 ] Request (QuotasAdminTestV257:setUpClass): 200 GET http://10.180.1.21/identity/v3/roles 0.149s
2025-04-29 11:19:17.322 70763 INFO tempest.lib.common.rest_client [req-119c5d9c-24d2-4ab1-9083-445824e06c4b req-119c5d9c-24d2-4ab1-9083-445824e06c4b ] Request (FlavorsV255TestJSON:tearDownClass): 200 GET http://10.180.1.21:9696/networking/v2.0/security-groups?tenant_id=4664f2538ca8450da85758661e8c2882&name=default 0.389s
2025-04-29 11:19:17.347 70753 INFO tempest.lib.common.rest_client [req-7c8a4c53-8eea-4cf7-b9bd-bbf0e465e3d9 req-7c8a4c53-8eea-4cf7-b9bd-bbf0e465e3d9 ] Request (ServicesAdminTestJSON:setUpClass): 204 PUT http://10.180.1.21/identity/v3/projects/c77f2f74901f4f609f08e25a3c1b32f9/users/b5b2a4dc58f640d78b9bb0791b5aec98/roles/b33ec143721c4939b7bb6067521827ad 0.099s
2025-04-29 11:19:17.374 70765 INFO tempest.lib.common.rest_client [req-2c1ae2a0-26a7-4a93-a81c-6872fd50f045 req-2c1ae2a0-26a7-4a93-a81c-6872fd50f045 ] Request (HypervisorAdminNegativeTestJSON:tearDownClass): 200 GET http://10.180.1.21:9696/networking/v2.0/security-groups?tenant_id=c9d332d648d544f9a985ed4b5f46f2ad&name=default 0.616s
2025-04-29 11:19:17.382 70783 INFO tempest.lib.common.rest_client [req-58a5065b-1250-481a-90b9-e4fdc2197280 req-58a5065b-1250-481a-90b9-e4fdc2197280 ] Request (FlavorsV261TestJSON:tearDownClass): 204 DELETE http://10.180.1.21/identity/v3/projects/5c5cc1b154c2429e8b04223aa57f2324 0.161s
2025-04-29 11:19:17.412 70785 INFO tempest.lib.common.rest_client [req-09898f1c-59cc-473d-bf3f-a55c2548ae39 req-09898f1c-59cc-473d-bf3f-a55c2548ae39 ] Request (TenantUsagesTestJSON:setUpClass): 202 POST http://10.180.1.21/compute/v2.1/servers 1.698s
2025-04-29 11:19:17.417 70805 INFO tempest.lib.common.rest_client [req-60ead22d-8054-447d-8b8d-c2dfd1978bfa req-60ead22d-8054-447d-8b8d-c2dfd1978bfa ] Request (FlavorsExtraSpecsNegativeTestJSON:test_flavor_update_more_key): 400 PUT http://10.180.1.21/compute/v2.1/flavors/912332443/os-extra_specs/hw:numa_nodes 1.233s
2025-04-29 11:19:17.435 70789 INFO tempest.lib.common.rest_client [req-7ef020d7-3fa5-409e-a5cf-605473f5e757 req-7ef020d7-3fa5-409e-a5cf-605473f5e757 ] Request (KeyPairsV22TestJSON:_run_cleanups): 204 DELETE http://10.180.1.21/compute/v2.1/os-keypairs/tempest-keypair-87208698 1.198s
2025-04-29 11:19:17.455 70768 INFO tempest.lib.common.rest_client [req-28e8e51d-aada-4146-a8f6-d4b7455315ce req-28e8e51d-aada-4146-a8f6-d4b7455315ce ] Request (QuotasAdminTestV257:setUpClass): 204 PUT http://10.180.1.21/identity/v3/projects/253eca3fe38f4febac1160589648b2da/users/31f7b9585cd849c480ded9e0a12dfd34/roles/b33ec143721c4939b7bb6067521827ad 0.141s
2025-04-29 11:19:17.458 70775 INFO tempest.lib.common.rest_client [req-d1726803-8c04-4ca3-acab-8de64320118c req-d1726803-8c04-4ca3-acab-8de64320118c ] Request (FloatingIPsNegativeTestJSON:setUpClass): 201 POST http://10.180.1.21:9696/networking/v2.0/routers 2.950s
2025-04-29 11:19:17.473 70808 INFO tempest.lib.common.rest_client [req-24cf7907-156d-4460-8ac6-131e3742fd8f req-24cf7907-156d-4460-8ac6-131e3742fd8f ] Request (FlavorsAccessNegativeTestJSON:_run_cleanups): 202 DELETE http://10.180.1.21/compute/v2.1/flavors/1448197819 1.222s
2025-04-29 11:19:17.532 70777 INFO tempest.lib.common.rest_client [req-cd9495b4-96be-43d7-adb1-44cb721492fd req-cd9495b4-96be-43d7-adb1-44cb721492fd ] Request (ServicesAdminNegativeTestJSON:tearDownClass): 200 GET http://10.180.1.21:9696/networking/v2.0/security-groups?tenant_id=d08c489e520c434f9a027f3d6155f367&name=default 0.512s
2025-04-29 11:19:17.537 70753 INFO tempest.lib.common.rest_client [req-b5730640-b3d1-4065-8397-4ef3828765c9 req-b5730640-b3d1-4065-8397-4ef3828765c9 ] Request (ServicesAdminTestJSON:setUpClass): 200 GET http://10.180.1.21/identity/v3/roles 0.190s
2025-04-29 11:19:17.556 70768 INFO tempest.lib.common.rest_client [req-a9f3cec1-1a8e-4568-b6dd-481f254efaa8 req-a9f3cec1-1a8e-4568-b6dd-481f254efaa8 ] Request (QuotasAdminTestV257:setUpClass): 200 GET http://10.180.1.21/identity/v3/roles 0.100s
2025-04-29 11:19:17.566 70783 INFO tempest.lib.common.rest_client [req-64650d5e-7dec-4c11-9751-3278e07b6bb4 req-64650d5e-7dec-4c11-9751-3278e07b6bb4 ] Request (HostsAdminTestJSON:setUpClass): 201 POST http://10.180.1.21/identity/v3/auth/tokens 0.183s
2025-04-29 11:19:17.582 70753 INFO tempest.lib.common.rest_client [req-23f66a43-bbd1-4fcc-a7e3-55f9ff143539 req-23f66a43-bbd1-4fcc-a7e3-55f9ff143539 ] Request (ServicesAdminTestJSON:setUpClass): 204 PUT http://10.180.1.21/identity/v3/projects/c77f2f74901f4f609f08e25a3c1b32f9/users/b5b2a4dc58f640d78b9bb0791b5aec98/roles/b33ec143721c4939b7bb6067521827ad 0.045s
2025-04-29 11:19:17.582 70753 INFO tempest.lib.common.dynamic_creds [-] Dynamic test user b5b2a4dc58f640d78b9bb0791b5aec98 is created with scope project and roles: ['admin']
2025-04-29 11:19:17.582 70753 INFO tempest.lib.common.dynamic_creds [-] Acquired dynamic creds: credentials: Credentials: {'domain_id': 'default', 'domain_name': 'Default', 'username': 'tempest-ServicesAdminTestJSON-1258445857-project-admin', 'project_domain_id': 'default', 'project_domain_name': 'Default', 'project_id': 'c77f2f74901f4f609f08e25a3c1b32f9', 'project_name': 'tempest-ServicesAdminTestJSON-1258445857', 'tenant_id': 'c77f2f74901f4f609f08e25a3c1b32f9', 'tenant_name': 'tempest-ServicesAdminTestJSON-1258445857', 'user_domain_id': 'default', 'user_domain_name': 'Default', 'user_id': 'b5b2a4dc58f640d78b9bb0791b5aec98', 'system': None}, Network: None, Subnet: None, Router: None
2025-04-29 11:19:17.583 70753 INFO tempest.lib.common.dynamic_creds [-] Created isolated network resources for: credentials: Credentials: {'domain_id': 'default', 'domain_name': 'Default', 'username': 'tempest-ServicesAdminTestJSON-1258445857-project-admin', 'project_domain_id': 'default', 'project_domain_name': 'Default', 'project_id': 'c77f2f74901f4f609f08e25a3c1b32f9', 'project_name': 'tempest-ServicesAdminTestJSON-1258445857', 'tenant_id': 'c77f2f74901f4f609f08e25a3c1b32f9', 'tenant_name': 'tempest-ServicesAdminTestJSON-1258445857', 'user_domain_id': 'default', 'user_domain_name': 'Default', 'user_id': 'b5b2a4dc58f640d78b9bb0791b5aec98', 'system': None}, Network: None, Subnet: None, Router: None
2025-04-29 11:19:17.596 70768 INFO tempest.lib.common.rest_client [req-bf8bb1a3-b3ea-4a54-8488-755a2f21f927 req-bf8bb1a3-b3ea-4a54-8488-755a2f21f927 ] Request (QuotasAdminTestV257:setUpClass): 204 PUT http://10.180.1.21/identity/v3/projects/253eca3fe38f4febac1160589648b2da/users/31f7b9585cd849c480ded9e0a12dfd34/roles/b33ec143721c4939b7bb6067521827ad 0.040s
2025-04-29 11:19:17.597 70768 INFO tempest.lib.common.dynamic_creds [-] Dynamic test user 31f7b9585cd849c480ded9e0a12dfd34 is created with scope project and roles: ['admin']
2025-04-29 11:19:17.597 70768 INFO tempest.lib.common.dynamic_creds [-] Acquired dynamic creds: credentials: Credentials: {'domain_id': 'default', 'domain_name': 'Default', 'username': 'tempest-QuotasAdminTestV257-1730477245-project-admin', 'project_domain_id': 'default', 'project_domain_name': 'Default', 'project_id': '253eca3fe38f4febac1160589648b2da', 'project_name': 'tempest-QuotasAdminTestV257-1730477245', 'tenant_id': '253eca3fe38f4febac1160589648b2da', 'tenant_name': 'tempest-QuotasAdminTestV257-1730477245', 'user_domain_id': 'default', 'user_domain_name': 'Default', 'user_id': '31f7b9585cd849c480ded9e0a12dfd34', 'system': None}, Network: None, Subnet: None, Router: None
2025-04-29 11:19:17.597 70768 INFO tempest.lib.common.dynamic_creds [-] Created isolated network resources for: credentials: Credentials: {'domain_id': 'default', 'domain_name': 'Default', 'username': 'tempest-QuotasAdminTestV257-1730477245-project-admin', 'project_domain_id': 'default', 'project_domain_name': 'Default', 'project_id': '253eca3fe38f4febac1160589648b2da', 'project_name': 'tempest-QuotasAdminTestV257-1730477245', 'tenant_id': '253eca3fe38f4febac1160589648b2da', 'tenant_name': 'tempest-QuotasAdminTestV257-1730477245', 'user_domain_id': 'default', 'user_domain_name': 'Default', 'user_id': '31f7b9585cd849c480ded9e0a12dfd34', 'system': None}, Network: None, Subnet: None, Router: None
2025-04-29 11:19:17.684 70783 INFO tempest.lib.common.rest_client [req-e0d35d64-de76-4bbd-a7b6-1fc9d5b2f022 req-e0d35d64-de76-4bbd-a7b6-1fc9d5b2f022 ] Request (HostsAdminTestJSON:setUpClass): 201 POST http://10.180.1.21/identity/v3/auth/tokens 0.114s
2025-04-29 11:19:17.731 70813 INFO tempest.lib.common.rest_client [req-816030ed-e795-4b70-a75a-4b2fe3e91cbf req-816030ed-e795-4b70-a75a-4b2fe3e91cbf ] Request (VolumesAssistedSnapshotsTest:test_volume_assisted_snapshot_create_delete): 201 POST http://10.180.1.21:9696/networking/v2.0/security-group-rules 0.611s
2025-04-29 11:19:17.739 70803 INFO tempest.lib.common.rest_client [req-4d2e3dec-d5ba-46d9-8acf-f862c3fe7763 req-4d2e3dec-d5ba-46d9-8acf-f862c3fe7763 ] Request (QuotasAdminTestJSON:test_delete_quota): 200 GET http://10.180.1.21/compute/v2.1/os-quota-sets/9c5098ededba44a991e30d9480a6fbe7 1.746s
2025-04-29 11:19:17.753 70781 INFO tempest.lib.common.rest_client [req-f40bdde7-cc79-4e2b-8964-2c99bf3730c5 req-f40bdde7-cc79-4e2b-8964-2c99bf3730c5 ] Request (ServerExternalEventsTest:test_create_server_external_events): 200 GET http://10.180.1.21/compute/v2.1/servers/cb37d10c-56da-4d42-9063-4d5272e23907 1.440s
2025-04-29 11:19:17.762 70781 INFO tempest.common.waiters [-] State transition "BUILD/scheduling" ==> "BUILD/None" after 2 second wait
2025-04-29 11:19:17.767 70753 INFO tempest.lib.common.rest_client [req-dc88e4b9-6f29-4eba-819b-f921d0386a1a req-dc88e4b9-6f29-4eba-819b-f921d0386a1a ] Request (ServicesAdminTestJSON:setUpClass): 201 POST http://10.180.1.21/identity/v3/auth/tokens 0.182s
2025-04-29 11:19:17.776 70763 INFO tempest.lib.common.rest_client [req-8b5f0ef1-c047-4b6b-aa46-488d8e856fb1 req-8b5f0ef1-c047-4b6b-aa46-488d8e856fb1 ] Request (FlavorsV255TestJSON:tearDownClass): 204 DELETE http://10.180.1.21:9696/networking/v2.0/security-groups/e82b8afa-c59d-4f89-bf2e-ad54bb125a8e 0.454s
2025-04-29 11:19:17.792 70783 INFO tempest.lib.common.rest_client [req-33b54d80-5ae7-4be5-a482-0203dac53163 req-33b54d80-5ae7-4be5-a482-0203dac53163 ] Request (HostsAdminTestJSON:setUpClass): 200 GET http://10.180.1.21/identity/v3/domains?name=Default 0.107s
2025-04-29 11:19:17.805 70765 INFO tempest.lib.common.rest_client [req-0d8a96fc-2660-48c7-808f-dd31a579a0e3 req-0d8a96fc-2660-48c7-808f-dd31a579a0e3 ] Request (HypervisorAdminNegativeTestJSON:tearDownClass): 204 DELETE http://10.180.1.21:9696/networking/v2.0/security-groups/7f2c131f-98c6-466a-a823-f1dce804793f 0.430s
2025-04-29 11:19:17.808 70791 INFO tempest.lib.common.rest_client [req-725fa5f4-1bdf-42f8-9145-e97e4444b6f0 req-725fa5f4-1bdf-42f8-9145-e97e4444b6f0 ] Request (KeyPairsV210TestJSON:tearDownClass): 200 GET http://10.180.1.21:9696/networking/v2.0/security-groups?tenant_id=14514a268ec34ee0b95b4b5cc0b784ae&name=default 0.621s
2025-04-29 11:19:17.810 70768 INFO tempest.lib.common.rest_client [req-66cb1f52-35d1-4386-a2f4-f996ed5ab0e2 req-66cb1f52-35d1-4386-a2f4-f996ed5ab0e2 ] Request (QuotasAdminTestV257:setUpClass): 201 POST http://10.180.1.21/identity/v3/auth/tokens 0.209s
2025-04-29 11:19:17.811 70768 WARNING tempest.lib.common.rest_client [-] Deprecated: "tenant_id" property is deprecated for removal, use "project_id" instead
2025-04-29 11:19:17.837 70757 INFO tempest.lib.common.rest_client [req-497e4302-63ae-4688-810b-6251129e4dcb req-497e4302-63ae-4688-810b-6251129e4dcb ] Request (ServerDiagnosticsNegativeTest:test_get_server_diagnostics_by_non_admin): 200 GET http://10.180.1.21/compute/v2.1/servers/dc5be2fc-86ba-4c41-b927-318edd4eb2a3 1.468s
2025-04-29 11:19:17.841 70761 INFO tempest.lib.common.rest_client [req-924e6601-f442-406a-93d7-81a2aa67763a req-924e6601-f442-406a-93d7-81a2aa67763a ] Request (FloatingIPsTestJSON:tearDownClass): 204 DELETE http://10.180.1.21:9696/networking/v2.0/networks/0d0efdff-7ab7-433a-ac3a-208ddadee989 1.119s
2025-04-29 11:19:17.887 70787 INFO tempest.lib.common.rest_client [req-1181e2da-f6ce-4e56-a408-c3e21f5970dd req-1181e2da-f6ce-4e56-a408-c3e21f5970dd ] Request (QuotaClassesAdminTestJSON:tearDownClass): 200 GET http://10.180.1.21:9696/networking/v2.0/security-groups?tenant_id=4cb98a2f7cea4965acdbb8692955fee6&name=default 0.600s
2025-04-29 11:19:17.888 70763 INFO tempest.lib.common.rest_client [req-58187966-b18b-47cc-be9f-6d1a5ee5138a req-58187966-b18b-47cc-be9f-6d1a5ee5138a ] Request (FlavorsV255TestJSON:tearDownClass): 204 DELETE http://10.180.1.21/identity/v3/projects/4664f2538ca8450da85758661e8c2882 0.112s
2025-04-29 11:19:17.966 70783 INFO tempest.lib.common.rest_client [req-f26c2e8e-08ba-47fb-94fa-b8dab34f37df req-f26c2e8e-08ba-47fb-94fa-b8dab34f37df ] Request (HostsAdminTestJSON:setUpClass): 201 POST http://10.180.1.21/identity/v3/projects 0.173s
2025-04-29 11:19:17.970 70777 INFO tempest.lib.common.rest_client [req-68c908f8-c54d-4273-bda9-a5e3ae7a769e req-68c908f8-c54d-4273-bda9-a5e3ae7a769e ] Request (ServicesAdminNegativeTestJSON:tearDownClass): 204 DELETE http://10.180.1.21:9696/networking/v2.0/security-groups/3ad76b23-7046-4164-86ca-1d23a6679275 0.438s
2025-04-29 11:19:17.979 70797 INFO tempest.lib.common.rest_client [req-5337578e-6e85-4743-b143-c6d674ba115b req-5337578e-6e85-4743-b143-c6d674ba115b ] Request (ImagesTestJSON:test_create_image_from_stopped_server): 200 GET http://10.180.1.21/compute/v2.1/servers/83605608-e5bb-4967-ad6c-7452ec4df689 0.897s
2025-04-29 11:19:18.013 70765 INFO tempest.lib.common.rest_client [req-9ca06e03-373e-4062-85e2-5d223fcab070 req-9ca06e03-373e-4062-85e2-5d223fcab070 ] Request (HypervisorAdminNegativeTestJSON:tearDownClass): 204 DELETE http://10.180.1.21/identity/v3/projects/c9d332d648d544f9a985ed4b5f46f2ad 0.207s
2025-04-29 11:19:18.013 70765 INFO tempest.lib.common.dynamic_creds [-] Deleting project and security group for project: 5cecf752584b41fc807e2434459ef75a
2025-04-29 11:19:18.048 70811 INFO tempest.lib.common.rest_client [req-cf42d689-e0d1-423a-b86e-0563dfbb9c41 req-cf42d689-e0d1-423a-b86e-0563dfbb9c41 ] Request (ValidationResourcesFixture:setUp): 200 POST http://10.180.1.21/compute/v2.1/os-keypairs 0.887s
2025-04-29 11:19:18.052 70791 INFO tempest.lib.common.rest_client [req-49b0480a-634d-4ce7-a2ca-8c2f9c9c36a6 req-49b0480a-634d-4ce7-a2ca-8c2f9c9c36a6 ] Request (KeyPairsV210TestJSON:tearDownClass): 204 DELETE http://10.180.1.21:9696/networking/v2.0/security-groups/8dc99287-bff8-4e94-ad04-c156a07f095e 0.243s
2025-04-29 11:19:18.072 70763 INFO tempest.lib.common.rest_client [req-d6760aa0-8991-47b8-89d0-600c72dc3506 req-d6760aa0-8991-47b8-89d0-600c72dc3506 ] Request (ServersTestBootFromVolume:setUpClass): 201 POST http://10.180.1.21/identity/v3/auth/tokens 0.182s
2025-04-29 11:19:18.078 70779 INFO tempest.lib.common.rest_client [req-5f9c340b-3ace-4b0f-9e33-c386d0cafcdf req-5f9c340b-3ace-4b0f-9e33-c386d0cafcdf ] Request (FlavorsExtraSpecsTestJSON:tearDownClass): 202 DELETE http://10.180.1.21/compute/v2.1/flavors/56438785 0.896s
2025-04-29 11:19:18.112 70802 INFO tempest.lib.common.rest_client [req-f1928db8-1a90-4842-8551-91c3df9e1e0f req-f1928db8-1a90-4842-8551-91c3df9e1e0f ] Request (ServersAdminNegativeTestJSON:setUpClass): 200 GET http://10.180.1.21/compute/v2.1/servers/0b48ad34-3879-4267-b5af-6b040a3a582e 1.215s
2025-04-29 11:19:18.146 70795 INFO tempest.lib.common.rest_client [req-c481b67e-c0b3-4f98-a735-0b9ba25133c8 req-c481b67e-c0b3-4f98-a735-0b9ba25133c8 ] Request (AggregatesAdminNegativeTestJSON:test_aggregate_add_non_exist_host): 404 POST http://10.180.1.21/compute/v2.1/os-aggregates/3/action 0.933s
2025-04-29 11:19:18.159 70813 INFO tempest.lib.common.rest_client [req-d118dc8c-7295-48ea-a73e-c5df06870e41 req-d118dc8c-7295-48ea-a73e-c5df06870e41 ] Request (VolumesAssistedSnapshotsTest:test_volume_assisted_snapshot_create_delete): 201 POST http://10.180.1.21:9696/networking/v2.0/security-group-rules 0.427s
2025-04-29 11:19:18.160 70799 INFO tempest.lib.common.rest_client [req-bca28eef-8ff6-4266-9f97-42bea4757cfe req-bca28eef-8ff6-4266-9f97-42bea4757cfe ] Request (FlavorsAdminTestJSON:test_create_flavor_with_none_id): 200 POST http://10.180.1.21/compute/v2.1/flavors 0.909s
2025-04-29 11:19:18.163 70761 INFO tempest.lib.common.rest_client [req-7cb93b5c-e79e-4042-b5df-cd8d24889397 req-7cb93b5c-e79e-4042-b5df-cd8d24889397 ] Request (FloatingIPsTestJSON:tearDownClass): 204 DELETE http://10.180.1.21/identity/v3/users/027591500cf94bc596f81117e435b18b 0.322s
2025-04-29 11:19:18.164 70761 INFO tempest.lib.common.dynamic_creds [-] Deleting project and security group for project: 91940f34b7ca40af8e6adf2c8dfdc33a
2025-04-29 11:19:18.167 70793 INFO tempest.lib.common.rest_client [req-70108670-3444-473f-97ee-fadbd569ae80 req-70108670-3444-473f-97ee-fadbd569ae80 ] Request (HostsAdminNegativeTestJSON:test_update_host_with_invalid_maintenance_mode): 400 PUT http://10.180.1.21/compute/v2.1/os-hosts/devstack 0.914s
2025-04-29 11:19:18.239 70783 INFO tempest.lib.common.rest_client [req-ab21b8bd-34b0-4a32-a52b-b9c05dc4ae4e req-ab21b8bd-34b0-4a32-a52b-b9c05dc4ae4e ] Request (HostsAdminTestJSON:setUpClass): 201 POST http://10.180.1.21/identity/v3/users 0.273s
2025-04-29 11:19:18.265 70787 INFO tempest.lib.common.rest_client [req-9068ede7-b53a-4084-8afd-d39bee4d7a67 req-9068ede7-b53a-4084-8afd-d39bee4d7a67 ] Request (QuotaClassesAdminTestJSON:tearDownClass): 204 DELETE http://10.180.1.21:9696/networking/v2.0/security-groups/06f20d02-183f-4455-b2eb-8659e2ada78e 0.378s
2025-04-29 11:19:18.305 70791 INFO tempest.lib.common.rest_client [req-4109de78-df81-4910-adea-ebc722904e70 req-4109de78-df81-4910-adea-ebc722904e70 ] Request (KeyPairsV210TestJSON:tearDownClass): 204 DELETE http://10.180.1.21/identity/v3/projects/14514a268ec34ee0b95b4b5cc0b784ae 0.252s
2025-04-29 11:19:18.307 70777 INFO tempest.lib.common.rest_client [req-7548191f-e8d3-4e40-b390-501d9d382f7f req-7548191f-e8d3-4e40-b390-501d9d382f7f ] Request (ServicesAdminNegativeTestJSON:tearDownClass): 204 DELETE http://10.180.1.21/identity/v3/projects/d08c489e520c434f9a027f3d6155f367 0.336s
2025-04-29 11:19:18.342 70765 INFO tempest.lib.common.rest_client [req-76830a88-976c-4a39-9bed-375a2f7300ec req-76830a88-976c-4a39-9bed-375a2f7300ec ] Request (HypervisorAdminNegativeTestJSON:tearDownClass): 200 GET http://10.180.1.21:9696/networking/v2.0/security-groups?tenant_id=5cecf752584b41fc807e2434459ef75a&name=default 0.329s
2025-04-29 11:19:18.353 70785 INFO tempest.lib.common.rest_client [req-d91e94af-bed3-4482-b2d7-c28741c14f99 req-d91e94af-bed3-4482-b2d7-c28741c14f99 ] Request (TenantUsagesTestJSON:setUpClass): 200 GET http://10.180.1.21/compute/v2.1/servers/dfea2f51-2127-4ae5-b35e-cc3d265d80f6 0.940s
2025-04-29 11:19:18.374 70763 INFO tempest.lib.common.rest_client [req-1a09901c-ab1c-437c-9437-416b10ee6237 req-1a09901c-ab1c-437c-9437-416b10ee6237 ] Request (ServersTestBootFromVolume:setUpClass): 201 POST http://10.180.1.21/identity/v3/auth/tokens 0.299s
2025-04-29 11:19:18.381 70805 INFO tempest.lib.common.rest_client [req-cd8fe118-9b6d-4fd7-a750-2bb3504db4da req-cd8fe118-9b6d-4fd7-a750-2bb3504db4da ] Request (FlavorsExtraSpecsNegativeTestJSON:tearDownClass): 202 DELETE http://10.180.1.21/compute/v2.1/flavors/912332443 0.962s
2025-04-29 11:19:18.405 70783 INFO tempest.lib.common.rest_client [req-b8702eb4-1ab7-4cfc-ac37-0beecca1a15c req-b8702eb4-1ab7-4cfc-ac37-0beecca1a15c ] Request (HostsAdminTestJSON:setUpClass): 200 GET http://10.180.1.21/identity/v3/roles 0.165s
2025-04-29 11:19:18.420 70761 INFO tempest.lib.common.rest_client [req-33da3b09-7d05-4f96-a48d-6f8a9b56f238 req-33da3b09-7d05-4f96-a48d-6f8a9b56f238 ] Request (FloatingIPsTestJSON:tearDownClass): 200 GET http://10.180.1.21:9696/networking/v2.0/security-groups?tenant_id=91940f34b7ca40af8e6adf2c8dfdc33a&name=default 0.256s
2025-04-29 11:19:18.422 70789 INFO tempest.lib.common.rest_client [req-b73c2275-9b15-4c86-899d-dfc728de1122 req-b73c2275-9b15-4c86-899d-dfc728de1122 ] Request (KeyPairsV22TestJSON:test_keypair_create_with_pub_key): 201 POST http://10.180.1.21/compute/v2.1/os-keypairs 0.985s
2025-04-29 11:19:18.439 70787 INFO tempest.lib.common.rest_client [req-1c60139e-8801-4ebe-b4c3-f8a1c3ed2861 req-1c60139e-8801-4ebe-b4c3-f8a1c3ed2861 ] Request (QuotaClassesAdminTestJSON:tearDownClass): 204 DELETE http://10.180.1.21/identity/v3/projects/4cb98a2f7cea4965acdbb8692955fee6 0.173s
2025-04-29 11:19:18.440 70787 INFO tempest.test [-] raised in NoVNCConsoleTestJSON.setUpClass. Invoking tearDownClass.
2025-04-29 11:19:18.447 70808 INFO tempest.lib.common.rest_client [req-7e6d6bc7-7961-4961-9d5f-0c0eef4c1e8d req-7e6d6bc7-7961-4961-9d5f-0c0eef4c1e8d ] Request (FlavorsAccessNegativeTestJSON:_run_cleanups): 200 GET http://10.180.1.21/compute/v2.1/flavors/detail 0.973s
2025-04-29 11:19:18.487 70791 INFO tempest.lib.common.rest_client [req-447d7a64-df79-4448-8dea-fe0ab35fb24b req-447d7a64-df79-4448-8dea-fe0ab35fb24b ] Request (SecurityGroupsTestAdminJSON:setUpClass): 201 POST http://10.180.1.21/identity/v3/auth/tokens 0.180s
2025-04-29 11:19:18.502 70777 INFO tempest.lib.common.rest_client [req-125d050a-52a9-4aa5-b369-1a09b70e5e16 req-125d050a-52a9-4aa5-b369-1a09b70e5e16 ] Request (ImagesOneServerNegativeTestJSON:setUpClass): 201 POST http://10.180.1.21/identity/v3/auth/tokens 0.193s
2025-04-29 11:19:18.516 70763 INFO tempest.lib.common.rest_client [req-526fe932-fab7-4979-9eb7-de9faadda5b5 req-526fe932-fab7-4979-9eb7-de9faadda5b5 ] Request (ServersTestBootFromVolume:setUpClass): 200 GET http://10.180.1.21/identity/v3/domains?name=Default 0.142s
2025-04-29 11:19:18.533 70783 INFO tempest.lib.common.rest_client [req-face7b83-5020-419d-9fcf-1cf3122d4281 req-face7b83-5020-419d-9fcf-1cf3122d4281 ] Request (HostsAdminTestJSON:setUpClass): 204 PUT http://10.180.1.21/identity/v3/projects/e326f09f2c2a449e93c0426fa4f54610/users/acfb78bf5527496c91d8d8a29c70f6c4/roles/7c06c379850d48c79a6aada99ff3a171 0.127s
2025-04-29 11:19:18.533 70783 INFO tempest.lib.common.dynamic_creds [-] Dynamic test user acfb78bf5527496c91d8d8a29c70f6c4 is created with scope project and roles: ['member']
2025-04-29 11:19:18.533 70783 INFO tempest.lib.common.dynamic_creds [-] Acquired dynamic creds: credentials: Credentials: {'domain_id': 'default', 'domain_name': 'Default', 'username': 'tempest-HostsAdminTestJSON-195309196-project-member', 'project_domain_id': 'default', 'project_domain_name': 'Default', 'project_id': 'e326f09f2c2a449e93c0426fa4f54610', 'project_name': 'tempest-HostsAdminTestJSON-195309196', 'tenant_id': 'e326f09f2c2a449e93c0426fa4f54610', 'tenant_name': 'tempest-HostsAdminTestJSON-195309196', 'user_domain_id': 'default', 'user_domain_name': 'Default', 'user_id': 'acfb78bf5527496c91d8d8a29c70f6c4', 'system': None}, Network: None, Subnet: None, Router: None
2025-04-29 11:19:18.533 70783 INFO tempest.lib.common.dynamic_creds [-] Created isolated network resources for: credentials: Credentials: {'domain_id': 'default', 'domain_name': 'Default', 'username': 'tempest-HostsAdminTestJSON-195309196-project-member', 'project_domain_id': 'default', 'project_domain_name': 'Default', 'project_id': 'e326f09f2c2a449e93c0426fa4f54610', 'project_name': 'tempest-HostsAdminTestJSON-195309196', 'tenant_id': 'e326f09f2c2a449e93c0426fa4f54610', 'tenant_name': 'tempest-HostsAdminTestJSON-195309196', 'user_domain_id': 'default', 'user_domain_name': 'Default', 'user_id': 'acfb78bf5527496c91d8d8a29c70f6c4', 'system': None}, Network: None, Subnet: None, Router: None
2025-04-29 11:19:18.588 70787 INFO tempest.lib.common.rest_client [req-8445242b-2820-4101-ab39-69b0f8d503f1 req-8445242b-2820-4101-ab39-69b0f8d503f1 ] Request (ServerShowV247Test:setUpClass): 201 POST http://10.180.1.21/identity/v3/auth/tokens 0.141s
2025-04-29 11:19:18.591 70765 INFO tempest.lib.common.rest_client [req-f710c8a3-2356-4744-9935-8173f02261b0 req-f710c8a3-2356-4744-9935-8173f02261b0 ] Request (HypervisorAdminNegativeTestJSON:tearDownClass): 204 DELETE http://10.180.1.21:9696/networking/v2.0/security-groups/3e353412-1289-4142-bbd5-09c2e5f79628 0.248s
2025-04-29 11:19:18.592 70791 INFO tempest.lib.common.rest_client [req-9ac28899-98ee-42cd-b2cf-b13306eb42e7 req-9ac28899-98ee-42cd-b2cf-b13306eb42e7 ] Request (SecurityGroupsTestAdminJSON:setUpClass): 201 POST http://10.180.1.21/identity/v3/auth/tokens 0.102s
2025-04-29 11:19:18.623 70777 INFO tempest.lib.common.rest_client [req-d8f52360-e41c-45d8-93f5-890ec0a66d43 req-d8f52360-e41c-45d8-93f5-890ec0a66d43 ] Request (ImagesOneServerNegativeTestJSON:setUpClass): 201 POST http://10.180.1.21/identity/v3/auth/tokens 0.119s
2025-04-29 11:19:18.625 70763 INFO tempest.lib.common.rest_client [req-7c77bf83-fbe9-4b0d-b5f3-b29e8184b818 req-7c77bf83-fbe9-4b0d-b5f3-b29e8184b818 ] Request (ServersTestBootFromVolume:setUpClass): 201 POST http://10.180.1.21/identity/v3/projects 0.109s
2025-04-29 11:19:18.679 70761 INFO tempest.lib.common.rest_client [req-83aee3fc-e0f2-4144-9ef9-1757da2998b2 req-83aee3fc-e0f2-4144-9ef9-1757da2998b2 ] Request (FloatingIPsTestJSON:tearDownClass): 204 DELETE http://10.180.1.21:9696/networking/v2.0/security-groups/a10d71f0-6e7f-4258-ac25-a9009e41b971 0.259s
2025-04-29 11:19:18.697 70783 INFO tempest.lib.common.rest_client [req-36265375-9698-43b2-b4cd-83d1d0341041 req-36265375-9698-43b2-b4cd-83d1d0341041 ] Request (HostsAdminTestJSON:setUpClass): 201 POST http://10.180.1.21/identity/v3/auth/tokens 0.158s
2025-04-29 11:19:18.737 70811 INFO tempest.lib.common.rest_client [req-476e0541-aa59-4373-944d-c40be61d0a51 req-476e0541-aa59-4373-944d-c40be61d0a51 ] Request (ValidationResourcesFixture:setUp): 201 POST http://10.180.1.21:9696/networking/v2.0/security-groups 0.687s
2025-04-29 11:19:18.753 70759 INFO tempest.lib.common.rest_client [req-cf1b29bf-c762-46be-9f8d-2b1a166d6ff7 req-cf1b29bf-c762-46be-9f8d-2b1a166d6ff7 ] Request (ImagesOneServerTestJSON:setUpClass): 200 GET http://10.180.1.21/compute/v2.1/servers/6e16fab4-3840-47aa-b30e-fd4b17872a44 1.569s
2025-04-29 11:19:18.754 70787 INFO tempest.lib.common.rest_client [req-09a32175-3554-4cac-9eb2-5f327c2b7bad req-09a32175-3554-4cac-9eb2-5f327c2b7bad ] Request (ServerShowV247Test:setUpClass): 201 POST http://10.180.1.21/identity/v3/auth/tokens 0.164s
2025-04-29 11:19:18.760 70759 INFO tempest.common.waiters [-] State transition "BUILD/networking" ==> "BUILD/spawning" after 9 second wait
2025-04-29 11:19:18.773 70803 INFO tempest.lib.common.rest_client [req-5d23e5d9-d8db-4fb7-9f31-6bfc55d44d2a req-5d23e5d9-d8db-4fb7-9f31-6bfc55d44d2a ] Request (QuotasAdminTestJSON:test_delete_quota): 200 PUT http://10.180.1.21/compute/v2.1/os-quota-sets/9c5098ededba44a991e30d9480a6fbe7 1.032s
2025-04-29 11:19:18.788 70791 INFO tempest.lib.common.rest_client [req-c7bd844e-a14d-427e-812c-7b20dba8ff15 req-c7bd844e-a14d-427e-812c-7b20dba8ff15 ] Request (SecurityGroupsTestAdminJSON:setUpClass): 200 GET http://10.180.1.21/identity/v3/domains?name=Default 0.195s
2025-04-29 11:19:18.810 70777 INFO tempest.lib.common.rest_client [req-47b74837-2fe0-4f30-a865-db426d00e93d req-47b74837-2fe0-4f30-a865-db426d00e93d ] Request (ImagesOneServerNegativeTestJSON:setUpClass): 200 GET http://10.180.1.21/identity/v3/domains?name=Default 0.186s
2025-04-29 11:19:18.834 70763 INFO tempest.lib.common.rest_client [req-7a849ef3-4e8b-44e2-acf5-c031a9d9a51c req-7a849ef3-4e8b-44e2-acf5-c031a9d9a51c ] Request (ServersTestBootFromVolume:setUpClass): 201 POST http://10.180.1.21/identity/v3/users 0.207s
2025-04-29 11:19:18.842 70765 INFO tempest.lib.common.rest_client [req-1fe8aa1a-e2d2-4ca7-8863-297f09ff60a5 req-1fe8aa1a-e2d2-4ca7-8863-297f09ff60a5 ] Request (HypervisorAdminNegativeTestJSON:tearDownClass): 204 DELETE http://10.180.1.21/identity/v3/projects/5cecf752584b41fc807e2434459ef75a 0.249s
2025-04-29 11:19:18.911 70783 INFO tempest.lib.common.rest_client [req-311d33eb-dfb6-4854-a0ab-7d1fbd175a84 req-311d33eb-dfb6-4854-a0ab-7d1fbd175a84 ] Request (HostsAdminTestJSON:setUpClass): 201 POST http://10.180.1.21/identity/v3/projects 0.213s
2025-04-29 11:19:18.928 70761 INFO tempest.lib.common.rest_client [req-a3538029-cd63-4118-8c10-e7cd4d83f154 req-a3538029-cd63-4118-8c10-e7cd4d83f154 ] Request (FloatingIPsTestJSON:tearDownClass): 204 DELETE http://10.180.1.21/identity/v3/projects/91940f34b7ca40af8e6adf2c8dfdc33a 0.248s
2025-04-29 11:19:18.975 70787 INFO tempest.lib.common.rest_client [req-18dbec3c-bf99-4414-ab7e-bd4606ebeab5 req-18dbec3c-bf99-4414-ab7e-bd4606ebeab5 ] Request (ServerShowV247Test:setUpClass): 200 GET http://10.180.1.21/identity/v3/domains?name=Default 0.220s
2025-04-29 11:19:19.008 70791 INFO tempest.lib.common.rest_client [req-1ae22f3f-d249-44a0-92e4-338b26015855 req-1ae22f3f-d249-44a0-92e4-338b26015855 ] Request (SecurityGroupsTestAdminJSON:setUpClass): 201 POST http://10.180.1.21/identity/v3/projects 0.220s
2025-04-29 11:19:19.078 70777 INFO tempest.lib.common.rest_client [req-f5efeccd-3eb3-4614-a7ff-95ab464445a2 req-f5efeccd-3eb3-4614-a7ff-95ab464445a2 ] Request (ImagesOneServerNegativeTestJSON:setUpClass): 201 POST http://10.180.1.21/identity/v3/projects 0.266s
2025-04-29 11:19:19.107 70753 INFO tempest.lib.common.rest_client [req-f2dc395e-5028-4885-addb-02e17fedf418 req-f2dc395e-5028-4885-addb-02e17fedf418 ] Request (ServicesAdminTestJSON:test_get_service_by_host_name): 200 GET http://10.180.1.21/compute/v2.1/os-services 1.339s
2025-04-29 11:19:19.109 70771 INFO tempest.lib.common.rest_client [req-e7d4c15f-af6f-409d-b8ca-fd32a40006df req-e7d4c15f-af6f-409d-b8ca-fd32a40006df ] Request (DeleteServersAdminTestJSON:test_admin_delete_servers_of_others): 200 GET http://10.180.1.21/compute/v2.1/servers/e023a682-2d0a-4201-8ab6-b9735f112774 1.368s
2025-04-29 11:19:19.137 70763 INFO tempest.lib.common.rest_client [req-ffd9183e-f5b2-4fc5-8fa2-466571b5fa68 req-ffd9183e-f5b2-4fc5-8fa2-466571b5fa68 ] Request (ServersTestBootFromVolume:setUpClass): 200 GET http://10.180.1.21/identity/v3/roles 0.303s
2025-04-29 11:19:19.158 70765 INFO tempest.lib.common.rest_client [req-e709a0a5-213e-416c-abc6-88db2a246d08 req-e709a0a5-213e-416c-abc6-88db2a246d08 ] Request (AttachInterfacesUnderV243Test:setUpClass): 201 POST http://10.180.1.21/identity/v3/auth/tokens 0.315s
