2025-04-29 11:21:36.180 70771 INFO tempest.lib.common.rest_client [req-bb156c58-8baf-450a-80c4-974a3f6d80d6 req-bb156c58-8baf-450a-80c4-974a3f6d80d6 ] Request (DeleteServersAdminTestJSON:test_delete_server_while_in_error_state): 200 GET http://10.180.1.21/compute/v2.1/servers/b561e468-4930-450f-a3b7-223eacbe36aa 0.397s
2025-04-29 11:21:36.194 70768 INFO tempest.lib.common.rest_client [req-662d5cd6-88d8-4674-a098-4393f2cc7440 req-662d5cd6-88d8-4674-a098-4393f2cc7440 ] Request (FloatingIPsAssociationNegativeTestJSON:setUpClass): 200 GET http://10.180.1.21/compute/v2.1/servers/0e852a0f-8f69-4119-b833-350dab510cf4 0.591s
2025-04-29 11:21:36.200 70768 INFO tempest.common.waiters [-] State transition "BUILD/None" ==> "BUILD/block_device_mapping" after 79 second wait
2025-04-29 11:21:36.242 70761 INFO tempest.lib.common.rest_client [req-4e8b7d74-4b78-4522-9627-a16ebb7bedec req-4e8b7d74-4b78-4522-9627-a16ebb7bedec ] Request (AttachInterfacesTestJSON:_run_cleanups): 200 GET http://10.180.1.21/compute/v2.1/servers/14b0be9c-a80a-4212-8ae5-3b5b527fedd1 0.456s
2025-04-29 11:21:36.301 70781 INFO tempest.lib.common.rest_client [req-c8afa3b1-280e-42c5-b9ec-23eff1354b6d req-c8afa3b1-280e-42c5-b9ec-23eff1354b6d ] Request (ServerAddressesTestJSON:setUpClass): 200 GET http://10.180.1.21/compute/v2.1/servers/d9ff21da-9b26-4512-8769-42aa26c34ad4 0.455s
2025-04-29 11:21:36.316 70779 INFO tempest.lib.common.rest_client [req-ad1cce26-ae8d-4504-9e61-a2272a20b323 req-ad1cce26-ae8d-4504-9e61-a2272a20b323 ] Request (SecurityGroupRulesNegativeTestJSON:test_create_security_group_rule_with_invalid_from_port): 200 POST http://10.180.1.21/compute/v2.1/os-security-groups 0.521s
2025-04-29 11:21:36.360 70811 INFO tempest.lib.common.rest_client [req-89cd4881-c8eb-4dee-986b-f3d523233420 req-89cd4881-c8eb-4dee-986b-f3d523233420 ] Request (ServersWithSpecificFlavorTestJSON:test_verify_created_server_ephemeral_disk): 200 GET http://10.180.1.21/compute/v2.1/servers/00e8f778-1d36-4bd8-9417-dbc11095aacc 0.290s
2025-04-29 11:21:36.375 70773 INFO tempest.lib.common.rest_client [req-fed7aaa5-3132-436e-9652-a99b721e35d1 req-fed7aaa5-3132-436e-9652-a99b721e35d1 ] Request (InstanceActionsTestJSON:setUpClass): 200 GET http://10.180.1.21/compute/v2.1/servers/8dfd1d8b-ad57-40ed-9694-72238da965a0 0.264s
2025-04-29 11:21:36.424 70791 INFO tempest.lib.common.rest_client [req-2bb850fa-2bed-43da-ae9e-eb23a5a3011c req-2bb850fa-2bed-43da-ae9e-eb23a5a3011c ] Request (ListServersNegativeTestJSON:setUpClass): 200 GET http://10.180.1.21/compute/v2.1/servers/32c744da-7d41-4920-8941-93d1dab81cd4 0.286s
2025-04-29 11:21:36.430 70769 INFO tempest.lib.common.rest_client [req-882160da-41c7-4fa8-9452-99ad4625391a req-882160da-41c7-4fa8-9452-99ad4625391a ] Request (FloatingIPsAssociationTestJSON:test_associate_already_associated_floating_ip): 200 GET http://10.180.1.21/compute/v2.1/servers/2aba3d33-4f99-4931-8385-8216e207a37d 0.240s
2025-04-29 11:21:36.456 70779 INFO tempest.lib.common.rest_client [req-63c02236-cc5a-47ea-96c0-5336c38f6e98 req-63c02236-cc5a-47ea-96c0-5336c38f6e98 ] Request (SecurityGroupRulesNegativeTestJSON:test_create_security_group_rule_with_invalid_from_port): 400 POST http://10.180.1.21/compute/v2.1/os-security-group-rules 0.137s
2025-04-29 11:21:36.477 70775 INFO tempest.lib.common.rest_client [req-6c0d1c09-9612-418b-b857-1a3debe5a5b5 req-6c0d1c09-9612-418b-b857-1a3debe5a5b5 ] Request (ServerGroupTestJSON:_run_cleanups): 200 GET http://10.180.1.21/compute/v2.1/servers/cafe0a41-301f-48dc-abad-8ee197460c61 0.214s
2025-04-29 11:21:36.505 70809 INFO tempest.lib.common.rest_client [req-5d151b6e-bc35-4c51-9b31-353c35c6ae66 req-5d151b6e-bc35-4c51-9b31-353c35c6ae66 ] Request (ServersTestJSON:test_create_server_specify_multibyte_character_name): 200 GET http://10.180.1.21/compute/v2.1/servers/5e068d7c-5cc9-4ebc-80fc-0870c3c45bfc 0.178s
2025-04-29 11:21:36.572 70808 INFO tempest.lib.common.rest_client [req-b6ef808d-58eb-4cfc-8bc4-658b6731ad90 req-b6ef808d-58eb-4cfc-8bc4-658b6731ad90 ] Request (InstanceActionsNegativeTestJSON:tearDownClass): 200 GET http://10.180.1.21/compute/v2.1/servers/fa211b33-87ca-4dd9-942f-52247766231f 0.162s
2025-04-29 11:21:36.582 70755 INFO tempest.lib.common.rest_client [req-9fdae36a-b13a-473a-b906-2f4bf8e26692 req-9fdae36a-b13a-473a-b906-2f4bf8e26692 ] Request (ServerMetadataTestJSON:setUpClass): 200 GET http://10.180.1.21/compute/v2.1/servers/ce4927f4-227c-4d59-914e-6fc93c60b1a0 0.197s
2025-04-29 11:21:36.587 70779 INFO tempest.lib.common.rest_client [req-994f6dea-4127-474f-825e-83c9c4d9ac51 req-994f6dea-4127-474f-825e-83c9c4d9ac51 ] Request (SecurityGroupRulesNegativeTestJSON:test_create_security_group_rule_with_invalid_id): 400 POST http://10.180.1.21/compute/v2.1/os-security-group-rules 0.129s
2025-04-29 11:21:36.630 70795 INFO tempest.lib.common.rest_client [req-9c240b4f-d12d-4b33-8ca3-6cc97e60a515 req-9c240b4f-d12d-4b33-8ca3-6cc97e60a515 ] Request (ServersTestManualDisk:setUpClass): 200 GET http://10.180.1.21/compute/v2.1/servers/01028ed3-5ea3-4b64-ad22-8484c2e9707d 0.183s
2025-04-29 11:21:36.638 70777 INFO tempest.lib.common.rest_client [req-929650dc-1e38-4dc3-ac05-9372b9ff19af req-929650dc-1e38-4dc3-ac05-9372b9ff19af ] Request (ImagesOneServerNegativeTestJSON:_run_cleanups): 200 GET http://10.180.1.21/compute/v2.1/servers/652b72ed-c876-4892-b26d-ad3d7947029d 0.153s
2025-04-29 11:21:36.695 70785 INFO tempest.lib.common.rest_client [req-02651a08-f692-4a05-b184-bb433e8691d4 req-02651a08-f692-4a05-b184-bb433e8691d4 ] Request (ListImageFiltersTestJSON:setUpClass): 200 GET http://10.180.1.21/compute/v2.1/servers/9fc9b492-a28c-42d5-8d21-da2ee7c47891 0.157s
2025-04-29 11:21:36.753 70799 INFO tempest.lib.common.rest_client [req-312b0398-45b4-4c96-ac6c-91e957991831 req-312b0398-45b4-4c96-ac6c-91e957991831 ] Request (ServerDiagnosticsV248Test:test_get_server_diagnostics): 200 GET http://10.180.1.21/compute/v2.1/servers/b075c91a-df46-4398-9c46-1b8f5f676b34 0.108s
2025-04-29 11:21:36.764 70799 INFO tempest.common.waiters [-] State transition "BUILD/spawning" ==> "ACTIVE/None" after 83 second wait
2025-04-29 11:21:36.770 70779 INFO tempest.lib.common.rest_client [req-6c2f2a53-269a-4e75-b060-e105fd5730b1 req-6c2f2a53-269a-4e75-b060-e105fd5730b1 ] Request (SecurityGroupRulesNegativeTestJSON:test_create_security_group_rule_with_invalid_ip_protocol): 200 POST http://10.180.1.21/compute/v2.1/os-security-groups 0.181s
2025-04-29 11:21:36.846 70765 INFO tempest.lib.common.rest_client [req-e7075bbc-b4a1-4efa-bfe1-7132aa7ae9c7 req-e7075bbc-b4a1-4efa-bfe1-7132aa7ae9c7 ] Request (AttachInterfacesUnderV243Test:_run_cleanups): 200 GET http://10.180.1.21/compute/v2.1/servers/5782f024-2141-44ec-8db8-ece7e977df88 0.099s
2025-04-29 11:21:36.873 70797 INFO tempest.lib.common.rest_client [req-ec22108d-3823-4307-a8ff-bacb0d698b4f req-ec22108d-3823-4307-a8ff-bacb0d698b4f ] Request (ImagesTestJSON:test_create_image_from_suspended_server): 200 GET http://10.180.1.21/compute/v2.1/servers/8eea129c-2e5e-416f-a3be-e73dcb7664b8 0.221s
2025-04-29 11:21:36.903 70779 INFO tempest.lib.common.rest_client [req-0d807afe-5f50-47bd-a686-db6ab104090a req-0d807afe-5f50-47bd-a686-db6ab104090a ] Request (SecurityGroupRulesNegativeTestJSON:test_create_security_group_rule_with_invalid_ip_protocol): 400 POST http://10.180.1.21/compute/v2.1/os-security-group-rules 0.130s
2025-04-29 11:21:36.974 70802 INFO tempest.lib.common.rest_client [req-f2bd6dd0-a4f6-4a13-b111-2a26be0ab195 req-f2bd6dd0-a4f6-4a13-b111-2a26be0ab195 ] Request (ServersAdminNegativeTestJSON:tearDownClass): 200 GET http://10.180.1.21/compute/v2.1/servers/0b48ad34-3879-4267-b5af-6b040a3a582e 0.109s
2025-04-29 11:21:37.029 70805 INFO tempest.lib.common.rest_client [req-0d006a9f-1ae2-4a51-94f2-35c2ad207d74 req-0d006a9f-1ae2-4a51-94f2-35c2ad207d74 ] Request (ServersTestMultiNic:test_verify_multiple_nics_order): 200 GET http://10.180.1.21/compute/v2.1/servers/9477a9f6-7838-457f-b857-0bc14d6c51b4 0.148s
2025-04-29 11:21:37.130 70779 INFO tempest.lib.common.rest_client [req-cd1450b0-f677-4607-9ace-2021091f2036 req-cd1450b0-f677-4607-9ace-2021091f2036 ] Request (SecurityGroupRulesNegativeTestJSON:test_create_security_group_rule_with_invalid_port_range): 200 POST http://10.180.1.21/compute/v2.1/os-security-groups 0.225s
2025-04-29 11:21:37.189 70787 INFO tempest.lib.common.rest_client [req-dbf323c5-f2a9-451d-a7e0-1599428290dd req-dbf323c5-f2a9-451d-a7e0-1599428290dd ] Request (ServerShowV247Test:tearDownClass): 200 GET http://10.180.1.21/compute/v2.1/servers/03fad8a2-2626-4614-80c4-6ccc678d9c9b 0.236s
2025-04-29 11:21:37.238 70783 INFO tempest.lib.common.rest_client [req-33e859b0-2984-4f91-9b98-52826b33cf00 req-33e859b0-2984-4f91-9b98-52826b33cf00 ] Request (ServerActionsTestOtherA:test_rebuild_server_in_stop_state): 200 GET http://10.180.1.21/compute/v2.1/servers/ae1befdb-7833-4d66-9a74-aba5c8753fb9 0.262s
2025-04-29 11:21:37.288 70759 INFO tempest.lib.common.rest_client [req-2646abdc-c6c4-454b-b9f3-fce4c69b34a3 req-2646abdc-c6c4-454b-b9f3-fce4c69b34a3 ] Request (ServerRescueNegativeTestJSON:setUpClass): 200 GET http://10.180.1.21/compute/v2.1/servers/8a79d3bd-c9ca-484d-a5c4-ee6d7641aa94 0.275s
2025-04-29 11:21:37.332 70793 INFO tempest.lib.common.rest_client [req-45785dcd-6683-465e-861b-f6e762b824e3 req-45785dcd-6683-465e-861b-f6e762b824e3 ] Request (MultipleCreateTestJSON:test_multiple_create): 200 GET http://10.180.1.21/compute/v2.1/servers/ccbfd3b6-a502-45cd-9ddc-529075fc44f2 0.286s
2025-04-29 11:21:37.379 70815 INFO tempest.lib.common.rest_client [req-31cb5e06-680a-4810-8b35-1bf11875afd1 req-31cb5e06-680a-4810-8b35-1bf11875afd1 ] Request (MigrationsAdminTest:test_resize_server_revert_deleted_flavor): 200 GET http://10.180.1.21/compute/v2.1/servers/4278a8f2-85dd-441f-90ee-d27e74333a28 0.263s
2025-04-29 11:21:37.428 70779 INFO tempest.lib.common.rest_client [req-6f7e908a-9869-4763-a411-b16b8bba3a36 req-6f7e908a-9869-4763-a411-b16b8bba3a36 ] Request (SecurityGroupRulesNegativeTestJSON:test_create_security_group_rule_with_invalid_port_range): 400 POST http://10.180.1.21/compute/v2.1/os-security-group-rules 0.294s
2025-04-29 11:21:37.457 70799 INFO tempest.lib.common.rest_client [req-b91d917a-5363-4068-b594-8e0690f9a69e req-b91d917a-5363-4068-b594-8e0690f9a69e ] Request (ServerDiagnosticsV248Test:test_get_server_diagnostics): 200 GET http://10.180.1.21/compute/v2.1/servers/b075c91a-df46-4398-9c46-1b8f5f676b34/diagnostics 0.692s
2025-04-29 11:21:37.482 70771 INFO tempest.lib.common.rest_client [req-c70aad67-8869-4fec-b9cb-ebbcd3cda8e2 req-c70aad67-8869-4fec-b9cb-ebbcd3cda8e2 ] Request (DeleteServersAdminTestJSON:test_delete_server_while_in_error_state): 200 GET http://10.180.1.21/compute/v2.1/servers/b561e468-4930-450f-a3b7-223eacbe36aa 0.292s
2025-04-29 11:21:37.542 70761 INFO tempest.lib.common.rest_client [req-6c97516d-5be8-40f0-b8a8-8a25711afe36 req-6c97516d-5be8-40f0-b8a8-8a25711afe36 ] Request (AttachInterfacesTestJSON:_run_cleanups): 200 GET http://10.180.1.21/compute/v2.1/servers/14b0be9c-a80a-4212-8ae5-3b5b527fedd1 0.292s
2025-04-29 11:21:37.567 70768 INFO tempest.lib.common.rest_client [req-fc070f2e-d572-4a50-8135-b9e0bf7d7139 req-fc070f2e-d572-4a50-8135-b9e0bf7d7139 ] Request (FloatingIPsAssociationNegativeTestJSON:setUpClass): 200 GET http://10.180.1.21/compute/v2.1/servers/0e852a0f-8f69-4119-b833-350dab510cf4 0.366s
2025-04-29 11:21:37.583 70768 INFO tempest.common.waiters [-] State transition "BUILD/block_device_mapping" ==> "BUILD/spawning" after 80 second wait
2025-04-29 11:21:37.606 70781 INFO tempest.lib.common.rest_client [req-ce5b512d-90ad-41c0-a6d4-6aeacc6efb89 req-ce5b512d-90ad-41c0-a6d4-6aeacc6efb89 ] Request (ServerAddressesTestJSON:setUpClass): 200 GET http://10.180.1.21/compute/v2.1/servers/d9ff21da-9b26-4512-8769-42aa26c34ad4 0.295s
2025-04-29 11:21:37.630 70811 INFO tempest.lib.common.rest_client [req-04cd24f3-bdc1-4e30-826b-ebfd6a076a37 req-04cd24f3-bdc1-4e30-826b-ebfd6a076a37 ] Request (ServersWithSpecificFlavorTestJSON:test_verify_created_server_ephemeral_disk): 200 GET http://10.180.1.21/compute/v2.1/servers/00e8f778-1d36-4bd8-9417-dbc11095aacc 0.261s
2025-04-29 11:21:37.666 70773 INFO tempest.lib.common.rest_client [req-5e01a3b2-436e-4bc8-80ac-28c1071e7724 req-5e01a3b2-436e-4bc8-80ac-28c1071e7724 ] Request (InstanceActionsTestJSON:setUpClass): 200 GET http://10.180.1.21/compute/v2.1/servers/8dfd1d8b-ad57-40ed-9694-72238da965a0 0.281s
2025-04-29 11:21:37.690 70791 INFO tempest.lib.common.rest_client [req-90a5366b-cc80-46b2-a772-0bcfec7ea3b8 req-90a5366b-cc80-46b2-a772-0bcfec7ea3b8 ] Request (ListServersNegativeTestJSON:setUpClass): 404 GET http://10.180.1.21/compute/v2.1/servers/32c744da-7d41-4920-8941-93d1dab81cd4 0.254s
2025-04-29 11:21:37.747 70769 INFO tempest.lib.common.rest_client [req-b64319df-3cdb-4d61-92a0-61d02115001f req-b64319df-3cdb-4d61-92a0-61d02115001f ] Request (FloatingIPsAssociationTestJSON:test_associate_already_associated_floating_ip): 200 GET http://10.180.1.21/compute/v2.1/servers/2aba3d33-4f99-4931-8385-8216e207a37d 0.310s
2025-04-29 11:21:37.789 70779 INFO tempest.lib.common.rest_client [req-f3a802ce-57e4-4f4b-8507-d894df44698c req-f3a802ce-57e4-4f4b-8507-d894df44698c ] Request (SecurityGroupRulesNegativeTestJSON:test_create_security_group_rule_with_invalid_to_port): 200 POST http://10.180.1.21/compute/v2.1/os-security-groups 0.361s
2025-04-29 11:21:37.807 70775 INFO tempest.lib.common.rest_client [req-a5c3c155-cd81-4d7d-93f2-3904adf463fb req-a5c3c155-cd81-4d7d-93f2-3904adf463fb ] Request (ServerGroupTestJSON:_run_cleanups): 200 GET http://10.180.1.21/compute/v2.1/servers/cafe0a41-301f-48dc-abad-8ee197460c61 0.322s
2025-04-29 11:21:37.837 70809 INFO tempest.lib.common.rest_client [req-eba62d0c-514d-4cc5-883a-eafc0af07223 req-eba62d0c-514d-4cc5-883a-eafc0af07223 ] Request (ServersTestJSON:test_create_server_specify_multibyte_character_name): 200 GET http://10.180.1.21/compute/v2.1/servers/5e068d7c-5cc9-4ebc-80fc-0870c3c45bfc 0.324s
2025-04-29 11:21:37.844 70809 INFO tempest.common.waiters [-] State transition "BUILD/scheduling" ==> "BUILD/None" after 37 second wait
2025-04-29 11:21:37.860 70808 INFO tempest.lib.common.rest_client [req-dd5942de-ea19-4868-a77c-effcec68ef77 req-dd5942de-ea19-4868-a77c-effcec68ef77 ] Request (InstanceActionsNegativeTestJSON:tearDownClass): 200 GET http://10.180.1.21/compute/v2.1/servers/fa211b33-87ca-4dd9-942f-52247766231f 0.281s
2025-04-29 11:21:37.920 70795 INFO tempest.lib.common.rest_client [req-d07108d2-3ac5-477e-8a2a-316243d2f2f4 req-d07108d2-3ac5-477e-8a2a-316243d2f2f4 ] Request (ServersTestManualDisk:setUpClass): 200 GET http://10.180.1.21/compute/v2.1/servers/01028ed3-5ea3-4b64-ad22-8484c2e9707d 0.283s
2025-04-29 11:21:37.943 70755 INFO tempest.lib.common.rest_client [req-9338c891-54cc-469d-ba2e-5efd2936fbb7 req-9338c891-54cc-469d-ba2e-5efd2936fbb7 ] Request (ServerMetadataTestJSON:setUpClass): 200 GET http://10.180.1.21/compute/v2.1/servers/ce4927f4-227c-4d59-914e-6fc93c60b1a0 0.353s
2025-04-29 11:21:37.972 70777 INFO tempest.lib.common.rest_client [req-4db712a2-2850-49c0-8611-85bf8c94738c req-4db712a2-2850-49c0-8611-85bf8c94738c ] Request (ImagesOneServerNegativeTestJSON:_run_cleanups): 200 GET http://10.180.1.21/compute/v2.1/servers/652b72ed-c876-4892-b26d-ad3d7947029d 0.326s
2025-04-29 11:21:37.997 70791 INFO tempest.lib.common.rest_client [req-ed919664-8321-4c7d-bf57-c9c32f55121b req-ed919664-8321-4c7d-bf57-c9c32f55121b ] Request (ListServersNegativeTestJSON:test_list_servers_by_changes_since_future_date): 200 GET http://10.180.1.21/compute/v2.1/servers?changes-since=2051-01-01T12%3A34%3A00Z&status=ACTIVE 0.306s
2025-04-29 11:21:38.025 70785 INFO tempest.lib.common.rest_client [req-7b8f51e3-0baf-4b17-810c-1ecda1721910 req-7b8f51e3-0baf-4b17-810c-1ecda1721910 ] Request (ListImageFiltersTestJSON:setUpClass): 200 GET http://10.180.1.21/compute/v2.1/servers/9fc9b492-a28c-42d5-8d21-da2ee7c47891 0.322s
2025-04-29 11:21:38.034 70779 INFO tempest.lib.common.rest_client [req-16658d51-4ddd-485e-a750-df865501bbfd req-16658d51-4ddd-485e-a750-df865501bbfd ] Request (SecurityGroupRulesNegativeTestJSON:test_create_security_group_rule_with_invalid_to_port): 400 POST http://10.180.1.21/compute/v2.1/os-security-group-rules 0.242s
2025-04-29 11:21:38.089 70765 INFO tempest.lib.common.rest_client [req-cc845a74-b9b9-46a7-b6ea-7a0a3d0c17aa req-cc845a74-b9b9-46a7-b6ea-7a0a3d0c17aa ] Request (AttachInterfacesUnderV243Test:_run_cleanups): 200 GET http://10.180.1.21/compute/v2.1/servers/5782f024-2141-44ec-8db8-ece7e977df88 0.233s
2025-04-29 11:21:38.135 70797 INFO tempest.lib.common.rest_client [req-5aa6e4ea-9e10-4fba-8c00-a7d91258f50b req-5aa6e4ea-9e10-4fba-8c00-a7d91258f50b ] Request (ImagesTestJSON:test_create_image_from_suspended_server): 200 GET http://10.180.1.21/compute/v2.1/servers/8eea129c-2e5e-416f-a3be-e73dcb7664b8 0.252s
2025-04-29 11:21:38.140 70791 INFO tempest.lib.common.rest_client [req-38049a1e-f138-45d5-b57d-6ab4654d086f req-38049a1e-f138-45d5-b57d-6ab4654d086f ] Request (ListServersNegativeTestJSON:test_list_servers_by_changes_since_invalid_date): 400 GET http://10.180.1.21/compute/v2.1/servers?changes-since=2011%2F01%2F01 0.139s
2025-04-29 11:21:38.142 70797 INFO tempest.common.waiters [-] State transition "ACTIVE/suspending" ==> "SUSPENDED/None" after 3 second wait
2025-04-29 11:21:38.399 70802 INFO tempest.lib.common.rest_client [req-2b34253d-679c-41ce-bf98-4e166dd576b5 req-2b34253d-679c-41ce-bf98-4e166dd576b5 ] Request (ServersAdminNegativeTestJSON:tearDownClass): 200 GET http://10.180.1.21/compute/v2.1/servers/0b48ad34-3879-4267-b5af-6b040a3a582e 0.416s
2025-04-29 11:21:38.402 70779 INFO tempest.lib.common.rest_client [req-5267b457-16a1-4c72-a395-56ae3084ca41 req-5267b457-16a1-4c72-a395-56ae3084ca41 ] Request (SecurityGroupRulesNegativeTestJSON:test_create_security_group_rule_with_non_existent_id): 404 POST http://10.180.1.21/compute/v2.1/os-security-group-rules 0.366s
2025-04-29 11:21:38.456 70805 INFO tempest.lib.common.rest_client [req-eff9cff0-57d8-4d09-a921-13076d81c4ba req-eff9cff0-57d8-4d09-a921-13076d81c4ba ] Request (ServersTestMultiNic:test_verify_multiple_nics_order): 200 GET http://10.180.1.21/compute/v2.1/servers/9477a9f6-7838-457f-b857-0bc14d6c51b4 0.415s
2025-04-29 11:21:38.462 70791 INFO tempest.lib.common.rest_client [req-fe616a55-a8a3-4e9c-aa9d-043d51f7cb29 req-fe616a55-a8a3-4e9c-aa9d-043d51f7cb29 ] Request (ListServersNegativeTestJSON:test_list_servers_by_limits_greater_than_actual_count): 200 GET http://10.180.1.21/compute/v2.1/servers 0.321s
2025-04-29 11:21:38.527 70787 INFO tempest.lib.common.rest_client [req-53feac65-def4-4797-a9b5-985df698ee61 req-53feac65-def4-4797-a9b5-985df698ee61 ] Request (ServerShowV247Test:tearDownClass): 200 GET http://10.180.1.21/compute/v2.1/servers/03fad8a2-2626-4614-80c4-6ccc678d9c9b 0.322s
2025-04-29 11:21:38.591 70783 INFO tempest.lib.common.rest_client [req-e17ecb84-c909-4317-b428-178b875cb5e1 req-e17ecb84-c909-4317-b428-178b875cb5e1 ] Request (ServerActionsTestOtherA:test_rebuild_server_in_stop_state): 200 GET http://10.180.1.21/compute/v2.1/servers/ae1befdb-7833-4d66-9a74-aba5c8753fb9 0.346s
2025-04-29 11:21:38.651 70759 INFO tempest.lib.common.rest_client [req-55d1a61b-b78c-48fa-b8f4-439538cc29d7 req-55d1a61b-b78c-48fa-b8f4-439538cc29d7 ] Request (ServerRescueNegativeTestJSON:setUpClass): 200 GET http://10.180.1.21/compute/v2.1/servers/8a79d3bd-c9ca-484d-a5c4-ee6d7641aa94 0.354s
2025-04-29 11:21:38.702 70793 INFO tempest.lib.common.rest_client [req-cc6ec6cc-b3b5-4746-8761-ab9dfa253bc0 req-cc6ec6cc-b3b5-4746-8761-ab9dfa253bc0 ] Request (MultipleCreateTestJSON:test_multiple_create): 200 GET http://10.180.1.21/compute/v2.1/servers/ccbfd3b6-a502-45cd-9ddc-529075fc44f2 0.361s
2025-04-29 11:21:38.758 70815 INFO tempest.lib.common.rest_client [req-7891311d-7724-45f0-a736-27ce4389e3a0 req-7891311d-7724-45f0-a736-27ce4389e3a0 ] Request (MigrationsAdminTest:test_resize_server_revert_deleted_flavor): 200 GET http://10.180.1.21/compute/v2.1/servers/4278a8f2-85dd-441f-90ee-d27e74333a28 0.371s
2025-04-29 11:21:38.777 70779 INFO tempest.lib.common.rest_client [req-842ee3a9-e515-4189-938b-c49dcb6fa07b req-842ee3a9-e515-4189-938b-c49dcb6fa07b ] Request (SecurityGroupRulesNegativeTestJSON:test_delete_security_group_rule_with_non_existent_id): 404 DELETE http://10.180.1.21/compute/v2.1/os-security-group-rules/01102993-d17a-46ed-bf35-f2d38c8005d3 0.373s
2025-04-29 11:21:38.833 70791 INFO tempest.lib.common.rest_client [req-cd3e6b24-0123-4745-9548-2971ce589b16 req-cd3e6b24-0123-4745-9548-2971ce589b16 ] Request (ListServersNegativeTestJSON:test_list_servers_by_limits_greater_than_actual_count): 200 GET http://10.180.1.21/compute/v2.1/servers?limit=102 0.369s
2025-04-29 11:21:38.838 70753 WARNING tempest.lib.common.ssh [-] Failed to establish authenticated ssh connection to cirros@10.180.180.146 ([Errno None] Unable to connect to port 22 on 10.180.180.146). Number attempts: 3. Retry after 4 seconds.: paramiko.ssh_exception.NoValidConnectionsError: [Errno None] Unable to connect to port 22 on 10.180.180.146
2025-04-29 11:21:38.887 70797 INFO tempest.lib.common.rest_client [req-a9dd8a7b-51d7-4154-bc7c-8bc0b6886bde req-a9dd8a7b-51d7-4154-bc7c-8bc0b6886bde ] Request (ImagesTestJSON:test_create_image_from_suspended_server): 202 POST http://10.180.1.21/compute/v2.1/servers/8eea129c-2e5e-416f-a3be-e73dcb7664b8/action 0.744s
2025-04-29 11:21:38.890 70771 INFO tempest.lib.common.rest_client [req-87ca4f44-42e0-4062-bf50-3044f756c5b1 req-87ca4f44-42e0-4062-bf50-3044f756c5b1 ] Request (DeleteServersAdminTestJSON:test_delete_server_while_in_error_state): 200 GET http://10.180.1.21/compute/v2.1/servers/b561e468-4930-450f-a3b7-223eacbe36aa 0.398s
2025-04-29 11:21:38.947 70761 INFO tempest.lib.common.rest_client [req-c7c08edc-ac0c-42c6-858c-86a3347566e8 req-c7c08edc-ac0c-42c6-858c-86a3347566e8 ] Request (AttachInterfacesTestJSON:_run_cleanups): 200 GET http://10.180.1.21/compute/v2.1/servers/14b0be9c-a80a-4212-8ae5-3b5b527fedd1 0.393s
2025-04-29 11:21:38.996 70781 INFO tempest.lib.common.rest_client [req-0def18f9-dfec-4ddd-939d-499c367c82f3 req-0def18f9-dfec-4ddd-939d-499c367c82f3 ] Request (ServerAddressesTestJSON:setUpClass): 200 GET http://10.180.1.21/compute/v2.1/servers/d9ff21da-9b26-4512-8769-42aa26c34ad4 0.382s
2025-04-29 11:21:39.000 70768 INFO tempest.lib.common.rest_client [req-aecd423a-19f5-4b45-baa3-682fc79b7273 req-aecd423a-19f5-4b45-baa3-682fc79b7273 ] Request (FloatingIPsAssociationNegativeTestJSON:setUpClass): 200 GET http://10.180.1.21/compute/v2.1/servers/0e852a0f-8f69-4119-b833-350dab510cf4 0.414s
2025-04-29 11:21:39.054 70811 INFO tempest.lib.common.rest_client [req-5014876d-5eff-442b-823a-e30ea81dae7c req-5014876d-5eff-442b-823a-e30ea81dae7c ] Request (ServersWithSpecificFlavorTestJSON:test_verify_created_server_ephemeral_disk): 200 GET http://10.180.1.21/compute/v2.1/servers/00e8f778-1d36-4bd8-9417-dbc11095aacc 0.414s
2025-04-29 11:21:39.059 70773 INFO tempest.lib.common.rest_client [req-7cb95454-35f4-499f-9ac8-b0df44072075 req-7cb95454-35f4-499f-9ac8-b0df44072075 ] Request (InstanceActionsTestJSON:setUpClass): 200 GET http://10.180.1.21/compute/v2.1/servers/8dfd1d8b-ad57-40ed-9694-72238da965a0 0.382s
2025-04-29 11:21:39.111 70769 INFO tempest.lib.common.rest_client [req-c66df8f1-b062-45a9-a8c6-79b1dc2371df req-c66df8f1-b062-45a9-a8c6-79b1dc2371df ] Request (FloatingIPsAssociationTestJSON:test_associate_already_associated_floating_ip): 200 GET http://10.180.1.21/compute/v2.1/servers/2aba3d33-4f99-4931-8385-8216e207a37d 0.354s
2025-04-29 11:21:39.165 70775 INFO tempest.lib.common.rest_client [req-2ad8e035-ea8c-4867-90f8-8adbffa6a2f4 req-2ad8e035-ea8c-4867-90f8-8adbffa6a2f4 ] Request (ServerGroupTestJSON:_run_cleanups): 200 GET http://10.180.1.21/compute/v2.1/servers/cafe0a41-301f-48dc-abad-8ee197460c61 0.349s
2025-04-29 11:21:39.171 70791 INFO tempest.lib.common.rest_client [req-ade83a84-f968-4d8e-b76e-17edb402280d req-ade83a84-f968-4d8e-b76e-17edb402280d ] Request (ListServersNegativeTestJSON:test_list_servers_by_limits_pass_negative_value): 400 GET http://10.180.1.21/compute/v2.1/servers?limit=-1 0.334s
2025-04-29 11:21:39.173 70779 INFO tempest.lib.common.rest_client [req-b3f59bb9-8ff7-4f41-ac6b-7377608a4416 req-b3f59bb9-8ff7-4f41-ac6b-7377608a4416 ] Request (SecurityGroupRulesNegativeTestJSON:tearDownClass): 202 DELETE http://10.180.1.21/compute/v2.1/os-security-groups/017176fb-c4a7-4af8-9b55-8855a7da8b5b 0.394s
2025-04-29 11:21:39.220 70809 INFO tempest.lib.common.rest_client [req-d4bafbcc-a494-4c1a-985e-d3da4ea231c4 req-d4bafbcc-a494-4c1a-985e-d3da4ea231c4 ] Request (ServersTestJSON:test_create_server_specify_multibyte_character_name): 200 GET http://10.180.1.21/compute/v2.1/servers/5e068d7c-5cc9-4ebc-80fc-0870c3c45bfc 0.374s
2025-04-29 11:21:39.232 70808 INFO tempest.lib.common.rest_client [req-e217b8cf-2f80-4e81-b719-4e320e577606 req-e217b8cf-2f80-4e81-b719-4e320e577606 ] Request (InstanceActionsNegativeTestJSON:tearDownClass): 200 GET http://10.180.1.21/compute/v2.1/servers/fa211b33-87ca-4dd9-942f-52247766231f 0.365s
2025-04-29 11:21:39.252 70797 INFO tempest.lib.common.rest_client [req-f9eb036d-7b96-40a9-9b7c-c1e56e2834f1 req-f9eb036d-7b96-40a9-9b7c-c1e56e2834f1 ] Request (ImagesTestJSON:test_create_image_from_suspended_server): 200 GET http://10.180.1.21/compute/v2.1/images/86b76bea-08d6-4ef9-9627-5ee527ee44b3 0.363s
2025-04-29 11:21:39.296 70795 INFO tempest.lib.common.rest_client [req-84920241-126a-4771-9e89-06e7ccc5dadb req-84920241-126a-4771-9e89-06e7ccc5dadb ] Request (ServersTestManualDisk:setUpClass): 200 GET http://10.180.1.21/compute/v2.1/servers/01028ed3-5ea3-4b64-ad22-8484c2e9707d 0.367s
2025-04-29 11:21:39.352 70777 INFO tempest.lib.common.rest_client [req-534f0ee0-14c0-4659-ad36-ce8ea3a672d5 req-534f0ee0-14c0-4659-ad36-ce8ea3a672d5 ] Request (ImagesOneServerNegativeTestJSON:_run_cleanups): 200 GET http://10.180.1.21/compute/v2.1/servers/652b72ed-c876-4892-b26d-ad3d7947029d 0.373s
2025-04-29 11:21:39.416 70785 INFO tempest.lib.common.rest_client [req-ad264f80-d09c-4546-8d50-44604d6fa90d req-ad264f80-d09c-4546-8d50-44604d6fa90d ] Request (ListImageFiltersTestJSON:setUpClass): 200 GET http://10.180.1.21/compute/v2.1/servers/9fc9b492-a28c-42d5-8d21-da2ee7c47891 0.382s
2025-04-29 11:21:39.420 70755 INFO tempest.lib.common.rest_client [req-8d521481-7741-4bc5-971f-f1f3dcbb30ea req-8d521481-7741-4bc5-971f-f1f3dcbb30ea ] Request (ServerMetadataTestJSON:setUpClass): 200 GET http://10.180.1.21/compute/v2.1/servers/ce4927f4-227c-4d59-914e-6fc93c60b1a0 0.468s
2025-04-29 11:21:39.427 70791 INFO tempest.lib.common.rest_client [req-3838068c-f437-4eb5-83c5-a7840146c53f req-3838068c-f437-4eb5-83c5-a7840146c53f ] Request (ListServersNegativeTestJSON:test_list_servers_by_limits_pass_string): 400 GET http://10.180.1.21/compute/v2.1/servers?limit=testing 0.254s
2025-04-29 11:21:39.474 70765 INFO tempest.lib.common.rest_client [req-b2a62fa3-7509-4e6c-8f9d-2d439f6f6ee1 req-b2a62fa3-7509-4e6c-8f9d-2d439f6f6ee1 ] Request (AttachInterfacesUnderV243Test:_run_cleanups): 200 GET http://10.180.1.21/compute/v2.1/servers/5782f024-2141-44ec-8db8-ece7e977df88 0.377s
2025-04-29 11:21:39.533 70779 INFO tempest.lib.common.rest_client [req-995d5649-bc0f-4cbe-a83e-9c30db1a0fad req-995d5649-bc0f-4cbe-a83e-9c30db1a0fad ] Request (SecurityGroupRulesNegativeTestJSON:tearDownClass): 202 DELETE http://10.180.1.21/compute/v2.1/os-security-groups/81044df3-bed2-4522-baa8-91dd531653d0 0.360s
2025-04-29 11:21:39.542 70763 WARNING tempest.lib.common.ssh [-] Failed to establish authenticated ssh connection to cirros@10.180.180.211 ([Errno None] Unable to connect to port 22 on 10.180.180.211). Number attempts: 5. Retry after 6 seconds.: paramiko.ssh_exception.NoValidConnectionsError: [Errno None] Unable to connect to port 22 on 10.180.180.211
2025-04-29 11:21:39.546 70791 INFO tempest.lib.common.rest_client [req-d903874a-c5c5-4846-927d-0afcb80083d6 req-d903874a-c5c5-4846-927d-0afcb80083d6 ] Request (ListServersNegativeTestJSON:test_list_servers_by_non_existing_flavor): 200 GET http://10.180.1.21/compute/v2.1/servers?flavor=non_existing_flavor 0.118s
2025-04-29 11:21:39.564 70802 INFO tempest.lib.common.rest_client [req-3f1e863b-730b-413c-957d-70e0dc729d20 req-3f1e863b-730b-413c-957d-70e0dc729d20 ] Request (ServersAdminNegativeTestJSON:tearDownClass): 200 GET http://10.180.1.21/compute/v2.1/servers/0b48ad34-3879-4267-b5af-6b040a3a582e 0.156s
2025-04-29 11:21:39.603 70805 INFO tempest.lib.common.rest_client [req-8e20f82f-31e3-4a43-a203-4e5bade6cbae req-8e20f82f-31e3-4a43-a203-4e5bade6cbae ] Request (ServersTestMultiNic:test_verify_multiple_nics_order): 200 GET http://10.180.1.21/compute/v2.1/servers/9477a9f6-7838-457f-b857-0bc14d6c51b4 0.136s
2025-04-29 11:21:39.669 70787 INFO tempest.lib.common.rest_client [req-d93ed96c-6718-429f-9d49-20adebb71cdf req-d93ed96c-6718-429f-9d49-20adebb71cdf ] Request (ServerShowV247Test:tearDownClass): 200 GET http://10.180.1.21/compute/v2.1/servers/03fad8a2-2626-4614-80c4-6ccc678d9c9b 0.132s
2025-04-29 11:21:39.680 70779 INFO tempest.lib.common.rest_client [req-228fb8ae-d7f6-4653-b767-d309235bb75a req-228fb8ae-d7f6-4653-b767-d309235bb75a ] Request (SecurityGroupRulesNegativeTestJSON:tearDownClass): 202 DELETE http://10.180.1.21/compute/v2.1/os-security-groups/52407fdd-8c28-4ff3-8df8-7e256ea8fa68 0.146s
2025-04-29 11:21:39.717 70791 INFO tempest.lib.common.rest_client [req-b8420b26-a93d-4d85-b9b2-aa49e30d7cb5 req-b8420b26-a93d-4d85-b9b2-aa49e30d7cb5 ] Request (ListServersNegativeTestJSON:test_list_servers_by_non_existing_image): 200 GET http://10.180.1.21/compute/v2.1/servers?image=non_existing_image 0.168s
2025-04-29 11:21:39.725 70783 INFO tempest.lib.common.rest_client [req-72eb7fbb-5093-48ce-961a-789d3766b415 req-72eb7fbb-5093-48ce-961a-789d3766b415 ] Request (ServerActionsTestOtherA:test_rebuild_server_in_stop_state): 200 GET http://10.180.1.21/compute/v2.1/servers/ae1befdb-7833-4d66-9a74-aba5c8753fb9 0.124s
2025-04-29 11:21:39.765 70759 INFO tempest.lib.common.rest_client [req-38cdbbd5-087e-45f6-ab31-3ff07dac593b req-38cdbbd5-087e-45f6-ab31-3ff07dac593b ] Request (ServerRescueNegativeTestJSON:setUpClass): 200 GET http://10.180.1.21/compute/v2.1/servers/8a79d3bd-c9ca-484d-a5c4-ee6d7641aa94 0.105s
2025-04-29 11:21:39.816 70793 INFO tempest.lib.common.rest_client [req-c6182546-9192-47af-b7ab-14813a79ae04 req-c6182546-9192-47af-b7ab-14813a79ae04 ] Request (MultipleCreateTestJSON:test_multiple_create): 200 GET http://10.180.1.21/compute/v2.1/servers/ccbfd3b6-a502-45cd-9ddc-529075fc44f2 0.106s
2025-04-29 11:21:39.832 70779 INFO tempest.lib.common.rest_client [req-8fb9b110-599b-4798-a03a-879d863e2edb req-8fb9b110-599b-4798-a03a-879d863e2edb ] Request (SecurityGroupRulesNegativeTestJSON:tearDownClass): 202 DELETE http://10.180.1.21/compute/v2.1/os-security-groups/eab55192-412a-44e6-a2e2-4f4052b3aeb9 0.151s
2025-04-29 11:21:39.862 70813 WARNING tempest.lib.common.ssh [-] Failed to establish authenticated ssh connection to cirros@10.180.180.201 ([Errno None] Unable to connect to port 22 on 10.180.180.201). Number attempts: 11. Retry after 12 seconds.: paramiko.ssh_exception.NoValidConnectionsError: [Errno None] Unable to connect to port 22 on 10.180.180.201
2025-04-29 11:21:39.864 70791 INFO tempest.lib.common.rest_client [req-b5c97dcd-01fa-4e51-a1fb-0af0267a8d1d req-b5c97dcd-01fa-4e51-a1fb-0af0267a8d1d ] Request (ListServersNegativeTestJSON:test_list_servers_by_non_existing_server_name): 200 GET http://10.180.1.21/compute/v2.1/servers?name=non_existing_server_name 0.144s
2025-04-29 11:21:39.892 70815 INFO tempest.lib.common.rest_client [req-ace7008a-f4b1-4a01-9726-ecfe7622d385 req-ace7008a-f4b1-4a01-9726-ecfe7622d385 ] Request (MigrationsAdminTest:test_resize_server_revert_deleted_flavor): 200 GET http://10.180.1.21/compute/v2.1/servers/4278a8f2-85dd-441f-90ee-d27e74333a28 0.124s
2025-04-29 11:21:39.970 70779 INFO tempest.lib.common.rest_client [req-8fdd132b-0564-462f-944d-034b34f6820c req-8fdd132b-0564-462f-944d-034b34f6820c ] Request (SecurityGroupRulesNegativeTestJSON:tearDownClass): 202 DELETE http://10.180.1.21/compute/v2.1/os-security-groups/0523ef1a-42b1-498e-96f6-51c003321db5 0.137s
2025-04-29 11:21:40.049 70771 INFO tempest.lib.common.rest_client [req-88c25fbd-268e-4316-809b-e80247fed1aa req-88c25fbd-268e-4316-809b-e80247fed1aa ] Request (DeleteServersAdminTestJSON:test_delete_server_while_in_error_state): 200 GET http://10.180.1.21/compute/v2.1/servers/b561e468-4930-450f-a3b7-223eacbe36aa 0.151s
2025-04-29 11:21:40.117 70761 INFO tempest.lib.common.rest_client [req-64231a5a-f060-4bc2-a1d4-16ba7b8090b6 req-64231a5a-f060-4bc2-a1d4-16ba7b8090b6 ] Request (AttachInterfacesTestJSON:_run_cleanups): 200 GET http://10.180.1.21/compute/v2.1/servers/14b0be9c-a80a-4212-8ae5-3b5b527fedd1 0.162s
2025-04-29 11:21:40.139 70791 INFO tempest.lib.common.rest_client [req-fe453506-1be6-4e2f-b1c1-69818f63f491 req-fe453506-1be6-4e2f-b1c1-69818f63f491 ] Request (ListServersNegativeTestJSON:test_list_servers_detail_server_is_deleted): 200 GET http://10.180.1.21/compute/v2.1/servers/detail 0.272s
2025-04-29 11:21:40.182 70781 INFO tempest.lib.common.rest_client [req-9b3a2884-c95e-4377-9b25-e903a23b3493 req-9b3a2884-c95e-4377-9b25-e903a23b3493 ] Request (ServerAddressesTestJSON:setUpClass): 200 GET http://10.180.1.21/compute/v2.1/servers/d9ff21da-9b26-4512-8769-42aa26c34ad4 0.178s
2025-04-29 11:21:40.253 70811 INFO tempest.lib.common.rest_client [req-3d2e1aaa-98cb-4828-9cad-62a50055a3a6 req-3d2e1aaa-98cb-4828-9cad-62a50055a3a6 ] Request (ServersWithSpecificFlavorTestJSON:test_verify_created_server_ephemeral_disk): 200 GET http://10.180.1.21/compute/v2.1/servers/00e8f778-1d36-4bd8-9417-dbc11095aacc 0.189s
2025-04-29 11:21:40.287 70768 INFO tempest.lib.common.rest_client [req-81be8314-1e6e-4e22-9de1-d19675174a12 req-81be8314-1e6e-4e22-9de1-d19675174a12 ] Request (FloatingIPsAssociationNegativeTestJSON:setUpClass): 200 GET http://10.180.1.21/compute/v2.1/servers/0e852a0f-8f69-4119-b833-350dab510cf4 0.280s
2025-04-29 11:21:40.308 70773 INFO tempest.lib.common.rest_client [req-8cfe19bc-be05-4f46-810d-8f0fa11afa9d req-8cfe19bc-be05-4f46-810d-8f0fa11afa9d ] Request (InstanceActionsTestJSON:setUpClass): 200 GET http://10.180.1.21/compute/v2.1/servers/8dfd1d8b-ad57-40ed-9694-72238da965a0 0.240s
2025-04-29 11:21:40.317 70791 INFO tempest.lib.common.rest_client [req-ebb24ce7-c296-4f5d-92d5-48b6532f88a4 req-ebb24ce7-c296-4f5d-92d5-48b6532f88a4 ] Request (ListServersNegativeTestJSON:test_list_servers_status_non_existing): 200 GET http://10.180.1.21/compute/v2.1/servers?status=non_existing_status 0.164s
2025-04-29 11:21:40.343 70769 INFO tempest.lib.common.rest_client [req-7ce4a720-4211-425f-94e4-29a9988913ad req-7ce4a720-4211-425f-94e4-29a9988913ad ] Request (FloatingIPsAssociationTestJSON:test_associate_already_associated_floating_ip): 200 GET http://10.180.1.21/compute/v2.1/servers/2aba3d33-4f99-4931-8385-8216e207a37d 0.224s
2025-04-29 11:21:40.392 70775 INFO tempest.lib.common.rest_client [req-0a2ffdbd-581f-4d38-9315-efaa8336625a req-0a2ffdbd-581f-4d38-9315-efaa8336625a ] Request (ServerGroupTestJSON:_run_cleanups): 200 GET http://10.180.1.21/compute/v2.1/servers/cafe0a41-301f-48dc-abad-8ee197460c61 0.219s
2025-04-29 11:21:40.411 70809 INFO tempest.lib.common.rest_client [req-6c1489bc-b2bf-4827-ae2f-75a9b72721de req-6c1489bc-b2bf-4827-ae2f-75a9b72721de ] Request (ServersTestJSON:test_create_server_specify_multibyte_character_name): 200 GET http://10.180.1.21/compute/v2.1/servers/5e068d7c-5cc9-4ebc-80fc-0870c3c45bfc 0.183s
2025-04-29 11:21:40.456 70797 INFO tempest.lib.common.rest_client [req-22a3164c-2642-41f7-a5d1-64d597037646 req-22a3164c-2642-41f7-a5d1-64d597037646 ] Request (ImagesTestJSON:test_create_image_from_suspended_server): 200 GET http://10.180.1.21/compute/v2.1/images/86b76bea-08d6-4ef9-9627-5ee527ee44b3 0.197s
2025-04-29 11:21:40.472 70808 INFO tempest.lib.common.rest_client [req-5aba9a24-c0d5-4751-b72c-ebc6fbb5adaa req-5aba9a24-c0d5-4751-b72c-ebc6fbb5adaa ] Request (InstanceActionsNegativeTestJSON:tearDownClass): 200 GET http://10.180.1.21/compute/v2.1/servers/fa211b33-87ca-4dd9-942f-52247766231f 0.231s
2025-04-29 11:21:40.516 70795 INFO tempest.lib.common.rest_client [req-7a125d4c-bc6b-432a-a7ca-0362474b6f03 req-7a125d4c-bc6b-432a-a7ca-0362474b6f03 ] Request (ServersTestManualDisk:setUpClass): 200 GET http://10.180.1.21/compute/v2.1/servers/01028ed3-5ea3-4b64-ad22-8484c2e9707d 0.212s
2025-04-29 11:21:40.525 70795 INFO tempest.common.waiters [-] State transition "BUILD/None" ==> "BUILD/networking" after 73 second wait
2025-04-29 11:21:40.571 70791 INFO tempest.lib.common.rest_client [req-e737b2c0-6861-4228-a890-a6f30ff66722 req-e737b2c0-6861-4228-a890-a6f30ff66722 ] Request (ListServersNegativeTestJSON:test_list_servers_with_a_deleted_server): 200 GET http://10.180.1.21/compute/v2.1/servers 0.251s
2025-04-29 11:21:40.588 70777 INFO tempest.lib.common.rest_client [req-bb22467c-3a21-4a2a-bab7-3d03b488329d req-bb22467c-3a21-4a2a-bab7-3d03b488329d ] Request (ImagesOneServerNegativeTestJSON:_run_cleanups): 200 GET http://10.180.1.21/compute/v2.1/servers/652b72ed-c876-4892-b26d-ad3d7947029d 0.223s
2025-04-29 11:21:40.662 70785 INFO tempest.lib.common.rest_client [req-ed137527-1f65-4ab2-8397-0b9a58c50f3d req-ed137527-1f65-4ab2-8397-0b9a58c50f3d ] Request (ListImageFiltersTestJSON:setUpClass): 200 GET http://10.180.1.21/compute/v2.1/servers/9fc9b492-a28c-42d5-8d21-da2ee7c47891 0.235s
2025-04-29 11:21:40.738 70765 INFO tempest.lib.common.rest_client [req-c149f0f9-86bf-4485-8311-431616efd819 req-c149f0f9-86bf-4485-8311-431616efd819 ] Request (AttachInterfacesUnderV243Test:_run_cleanups): 200 GET http://10.180.1.21/compute/v2.1/servers/5782f024-2141-44ec-8db8-ece7e977df88 0.256s
2025-04-29 11:21:40.741 70755 INFO tempest.lib.common.rest_client [req-4a02ec6f-cc60-4da4-8df1-7e99d4ec71ce req-4a02ec6f-cc60-4da4-8df1-7e99d4ec71ce ] Request (ServerMetadataTestJSON:setUpClass): 200 GET http://10.180.1.21/compute/v2.1/servers/ce4927f4-227c-4d59-914e-6fc93c60b1a0 0.313s
2025-04-29 11:21:40.763 70791 INFO tempest.lib.common.rest_client [req-a3e6ad53-d224-4ae2-803d-bcd517cffebf req-a3e6ad53-d224-4ae2-803d-bcd517cffebf ] Request (ListServersNegativeTestJSON:tearDownClass): 404 DELETE http://10.180.1.21/compute/v2.1/servers/32c744da-7d41-4920-8941-93d1dab81cd4 0.187s
2025-04-29 11:21:40.800 70802 INFO tempest.lib.common.rest_client [req-678aecc4-0013-4756-9771-38980a706c5e req-678aecc4-0013-4756-9771-38980a706c5e ] Request (ServersAdminNegativeTestJSON:tearDownClass): 200 GET http://10.180.1.21/compute/v2.1/servers/0b48ad34-3879-4267-b5af-6b040a3a582e 0.226s
2025-04-29 11:21:40.822 70805 INFO tempest.lib.common.rest_client [req-e89c86a6-8c82-41b3-8395-90f11fccffed req-e89c86a6-8c82-41b3-8395-90f11fccffed ] Request (ServersTestMultiNic:test_verify_multiple_nics_order): 200 GET http://10.180.1.21/compute/v2.1/servers/9477a9f6-7838-457f-b857-0bc14d6c51b4 0.210s
2025-04-29 11:21:40.893 70783 INFO tempest.lib.common.rest_client [req-e986147b-1247-4fb0-ac3a-1cf80ea8582f req-e986147b-1247-4fb0-ac3a-1cf80ea8582f ] Request (ServerActionsTestOtherA:test_rebuild_server_in_stop_state): 200 GET http://10.180.1.21/compute/v2.1/servers/ae1befdb-7833-4d66-9a74-aba5c8753fb9 0.160s
2025-04-29 11:21:40.897 70787 INFO tempest.lib.common.rest_client [req-61d680f8-f221-401a-b79b-25c9afc6d7d3 req-61d680f8-f221-401a-b79b-25c9afc6d7d3 ] Request (ServerShowV247Test:tearDownClass): 200 GET http://10.180.1.21/compute/v2.1/servers/03fad8a2-2626-4614-80c4-6ccc678d9c9b 0.216s
2025-04-29 11:21:40.955 70759 INFO tempest.lib.common.rest_client [req-dff0f87c-3be3-4649-9df9-819dd191c043 req-dff0f87c-3be3-4649-9df9-819dd191c043 ] Request (ServerRescueNegativeTestJSON:setUpClass): 200 GET http://10.180.1.21/compute/v2.1/servers/8a79d3bd-c9ca-484d-a5c4-ee6d7641aa94 0.182s
2025-04-29 11:21:40.977 70791 INFO tempest.lib.common.rest_client [req-e8af110a-ac86-44d8-aeec-0d6ee0bdc57a req-e8af110a-ac86-44d8-aeec-0d6ee0bdc57a ] Request (ListServersNegativeTestJSON:tearDownClass): 204 DELETE http://10.180.1.21/compute/v2.1/servers/2eaa7de3-29f6-4bbd-9b7a-c2e746c82e40 0.214s
2025-04-29 11:21:41.012 70779 INFO tempest.lib.common.rest_client [req-ca01aee6-3072-4e96-abe6-390e1778f822 req-ca01aee6-3072-4e96-abe6-390e1778f822 ] Request (SecurityGroupRulesNegativeTestJSON:tearDownClass): 200 PUT http://10.180.1.21:9696/networking/v2.0/routers/85fdb8f4-ad61-41fc-bd12-1e3d31e4f8f6/remove_router_interface 1.041s
2025-04-29 11:21:41.023 70793 INFO tempest.lib.common.rest_client [req-3b629580-5858-4969-8362-d7faedfe329a req-3b629580-5858-4969-8362-d7faedfe329a ] Request (MultipleCreateTestJSON:test_multiple_create): 200 GET http://10.180.1.21/compute/v2.1/servers/ccbfd3b6-a502-45cd-9ddc-529075fc44f2 0.197s
2025-04-29 11:21:41.037 70815 INFO tempest.lib.common.rest_client [req-01a1671d-6228-4f9b-996a-83e92805c9a0 req-01a1671d-6228-4f9b-996a-83e92805c9a0 ] Request (MigrationsAdminTest:test_resize_server_revert_deleted_flavor): 200 GET http://10.180.1.21/compute/v2.1/servers/4278a8f2-85dd-441f-90ee-d27e74333a28 0.137s
2025-04-29 11:21:41.104 70791 INFO tempest.lib.common.rest_client [req-698686d0-c631-4904-a6d2-2273df06ceca req-698686d0-c631-4904-a6d2-2273df06ceca ] Request (ListServersNegativeTestJSON:tearDownClass): 204 DELETE http://10.180.1.21/compute/v2.1/servers/2463f2fd-c558-4548-a035-ece20bd4ee9c 0.127s
2025-04-29 11:21:41.127 70771 INFO tempest.lib.common.rest_client [req-fbd1b92f-5e3f-481f-93bc-c06ddff38581 req-fbd1b92f-5e3f-481f-93bc-c06ddff38581 ] Request (DeleteServersAdminTestJSON:test_delete_server_while_in_error_state): 200 GET http://10.180.1.21/compute/v2.1/servers/b561e468-4930-450f-a3b7-223eacbe36aa 0.070s
2025-04-29 11:21:41.131 70791 INFO tempest.lib.common.rest_client [req-7bcf7e5f-4b58-4be7-bfe0-0449eca2ba4f req-7bcf7e5f-4b58-4be7-bfe0-0449eca2ba4f ] Request (ListServersNegativeTestJSON:tearDownClass): 404 GET http://10.180.1.21/compute/v2.1/servers/32c744da-7d41-4920-8941-93d1dab81cd4 0.027s
2025-04-29 11:21:41.202 70761 INFO tempest.lib.common.rest_client [req-435b170e-b687-40be-9d83-213664079453 req-435b170e-b687-40be-9d83-213664079453 ] Request (AttachInterfacesTestJSON:_run_cleanups): 200 GET http://10.180.1.21/compute/v2.1/servers/14b0be9c-a80a-4212-8ae5-3b5b527fedd1 0.071s
2025-04-29 11:21:41.246 70791 INFO tempest.lib.common.rest_client [req-d480095c-cf14-434b-a9da-4aec8cec3c28 req-d480095c-cf14-434b-a9da-4aec8cec3c28 ] Request (ListServersNegativeTestJSON:tearDownClass): 200 GET http://10.180.1.21/compute/v2.1/servers/2eaa7de3-29f6-4bbd-9b7a-c2e746c82e40 0.114s
2025-04-29 11:21:41.263 70781 INFO tempest.lib.common.rest_client [req-6c418da7-7527-4930-be7c-5cb9b7512217 req-6c418da7-7527-4930-be7c-5cb9b7512217 ] Request (ServerAddressesTestJSON:setUpClass): 200 GET http://10.180.1.21/compute/v2.1/servers/d9ff21da-9b26-4512-8769-42aa26c34ad4 0.071s
2025-04-29 11:21:41.327 70811 INFO tempest.lib.common.rest_client [req-6981554d-d605-4ad7-b49f-22410ec7a417 req-6981554d-d605-4ad7-b49f-22410ec7a417 ] Request (ServersWithSpecificFlavorTestJSON:test_verify_created_server_ephemeral_disk): 200 GET http://10.180.1.21/compute/v2.1/servers/00e8f778-1d36-4bd8-9417-dbc11095aacc 0.065s
2025-04-29 11:21:41.397 70773 INFO tempest.lib.common.rest_client [req-8c9c2f27-5f04-464a-98a1-aff5197df64b req-8c9c2f27-5f04-464a-98a1-aff5197df64b ] Request (InstanceActionsTestJSON:setUpClass): 200 GET http://10.180.1.21/compute/v2.1/servers/8dfd1d8b-ad57-40ed-9694-72238da965a0 0.079s
2025-04-29 11:21:41.457 70779 INFO tempest.lib.common.rest_client [req-2b87d117-cc99-458d-bba0-875b5346d6fd req-2b87d117-cc99-458d-bba0-875b5346d6fd ] Request (SecurityGroupRulesNegativeTestJSON:tearDownClass): 204 DELETE http://10.180.1.21:9696/networking/v2.0/routers/85fdb8f4-ad61-41fc-bd12-1e3d31e4f8f6 0.444s
2025-04-29 11:21:41.460 70769 INFO tempest.lib.common.rest_client [req-0b360aec-7c04-4e33-bf4d-37b49fdccf61 req-0b360aec-7c04-4e33-bf4d-37b49fdccf61 ] Request (FloatingIPsAssociationTestJSON:test_associate_already_associated_floating_ip): 200 GET http://10.180.1.21/compute/v2.1/servers/2aba3d33-4f99-4931-8385-8216e207a37d 0.104s
2025-04-29 11:21:41.475 70768 INFO tempest.lib.common.rest_client [req-e760163c-331a-492a-a9c6-ac9c1ad86dc6 req-e760163c-331a-492a-a9c6-ac9c1ad86dc6 ] Request (FloatingIPsAssociationNegativeTestJSON:setUpClass): 200 GET http://10.180.1.21/compute/v2.1/servers/0e852a0f-8f69-4119-b833-350dab510cf4 0.176s
2025-04-29 11:21:41.535 70775 INFO tempest.lib.common.rest_client [req-2b80f12b-4b92-46d0-9f81-997d69cb9c19 req-2b80f12b-4b92-46d0-9f81-997d69cb9c19 ] Request (ServerGroupTestJSON:_run_cleanups): 200 GET http://10.180.1.21/compute/v2.1/servers/cafe0a41-301f-48dc-abad-8ee197460c61 0.136s
2025-04-29 11:21:41.551 70809 INFO tempest.lib.common.rest_client [req-e37cecd2-2693-44d0-a96d-bcc88ddc979a req-e37cecd2-2693-44d0-a96d-bcc88ddc979a ] Request (ServersTestJSON:test_create_server_specify_multibyte_character_name): 200 GET http://10.180.1.21/compute/v2.1/servers/5e068d7c-5cc9-4ebc-80fc-0870c3c45bfc 0.132s
2025-04-29 11:21:41.587 70797 INFO tempest.lib.common.rest_client [req-56b31250-2041-441d-a820-da4cddb80f09 req-56b31250-2041-441d-a820-da4cddb80f09 ] Request (ImagesTestJSON:test_create_image_from_suspended_server): 200 GET http://10.180.1.21/compute/v2.1/images/86b76bea-08d6-4ef9-9627-5ee527ee44b3 0.125s
2025-04-29 11:21:41.588 70779 INFO tempest.lib.common.rest_client [req-0934e917-4085-403e-9591-b526b6d52c1b req-0934e917-4085-403e-9591-b526b6d52c1b ] Request (SecurityGroupRulesNegativeTestJSON:tearDownClass): 204 DELETE http://10.180.1.21:9696/networking/v2.0/subnets/d1df73e2-9d9f-4aaf-b952-eb1f1b2fab90 0.131s
2025-04-29 11:21:41.643 70808 INFO tempest.lib.common.rest_client [req-e30f34a0-be4f-48c6-93b1-061703b47fe9 req-e30f34a0-be4f-48c6-93b1-061703b47fe9 ] Request (InstanceActionsNegativeTestJSON:tearDownClass): 200 GET http://10.180.1.21/compute/v2.1/servers/fa211b33-87ca-4dd9-942f-52247766231f 0.159s
2025-04-29 11:21:41.710 70777 INFO tempest.lib.common.rest_client [req-0a46f7b8-5592-425d-981a-605982f2ba44 req-0a46f7b8-5592-425d-981a-605982f2ba44 ] Request (ImagesOneServerNegativeTestJSON:_run_cleanups): 200 GET http://10.180.1.21/compute/v2.1/servers/652b72ed-c876-4892-b26d-ad3d7947029d 0.111s
2025-04-29 11:21:41.731 70795 INFO tempest.lib.common.rest_client [req-5438921f-bb03-4db7-91ee-abafdef3828b req-5438921f-bb03-4db7-91ee-abafdef3828b ] Request (ServersTestManualDisk:setUpClass): 200 GET http://10.180.1.21/compute/v2.1/servers/01028ed3-5ea3-4b64-ad22-8484c2e9707d 0.205s
2025-04-29 11:21:41.738 70795 INFO tempest.common.waiters [-] State transition "BUILD/networking" ==> "BUILD/spawning" after 74 second wait
2025-04-29 11:21:41.749 70779 INFO tempest.lib.common.rest_client [req-1932f516-c4c5-405d-a23f-d265ade67d8e req-1932f516-c4c5-405d-a23f-d265ade67d8e ] Request (SecurityGroupRulesNegativeTestJSON:tearDownClass): 204 DELETE http://10.180.1.21:9696/networking/v2.0/networks/f5f6f86d-f025-48ff-84ae-b420b99502da 0.160s
2025-04-29 11:21:41.766 70785 INFO tempest.lib.common.rest_client [req-43cbefb1-78b6-4585-9441-f46edac0af1d req-43cbefb1-78b6-4585-9441-f46edac0af1d ] Request (ListImageFiltersTestJSON:setUpClass): 200 GET http://10.180.1.21/compute/v2.1/servers/9fc9b492-a28c-42d5-8d21-da2ee7c47891 0.093s
2025-04-29 11:21:41.831 70765 INFO tempest.lib.common.rest_client [req-9567870d-44b4-471a-ac4d-484caba70b0f req-9567870d-44b4-471a-ac4d-484caba70b0f ] Request (AttachInterfacesUnderV243Test:_run_cleanups): 200 GET http://10.180.1.21/compute/v2.1/servers/5782f024-2141-44ec-8db8-ece7e977df88 0.083s
2025-04-29 11:21:41.839 70779 INFO tempest.lib.common.rest_client [req-1ca01577-c099-4187-936b-4aeab43346bf req-1ca01577-c099-4187-936b-4aeab43346bf ] Request (SecurityGroupRulesNegativeTestJSON:tearDownClass): 204 DELETE http://10.180.1.21/identity/v3/users/51757984a05844858ba57aff05265cd0 0.089s
2025-04-29 11:21:41.839 70779 INFO tempest.lib.common.dynamic_creds [-] Deleting project and security group for project: 8d1467a8c9884d78a9f15aed6d0da085
2025-04-29 11:21:41.871 70779 INFO tempest.lib.common.rest_client [req-bd2ed4e2-718b-4439-93db-e5490045ba69 req-bd2ed4e2-718b-4439-93db-e5490045ba69 ] Request (SecurityGroupRulesNegativeTestJSON:tearDownClass): 200 GET http://10.180.1.21:9696/networking/v2.0/security-groups?tenant_id=8d1467a8c9884d78a9f15aed6d0da085&name=default 0.030s
2025-04-29 11:21:41.897 70755 INFO tempest.lib.common.rest_client [req-e90279bf-5947-406d-9dab-58532e128283 req-e90279bf-5947-406d-9dab-58532e128283 ] Request (ServerMetadataTestJSON:setUpClass): 200 GET http://10.180.1.21/compute/v2.1/servers/ce4927f4-227c-4d59-914e-6fc93c60b1a0 0.148s
2025-04-29 11:21:41.902 70802 INFO tempest.lib.common.rest_client [req-3840f50a-c540-4b79-86a7-09f649a5eb91 req-3840f50a-c540-4b79-86a7-09f649a5eb91 ] Request (ServersAdminNegativeTestJSON:tearDownClass): 200 GET http://10.180.1.21/compute/v2.1/servers/0b48ad34-3879-4267-b5af-6b040a3a582e 0.092s
2025-04-29 11:21:41.954 70805 INFO tempest.lib.common.rest_client [req-e3ea5e10-2bae-4cac-929a-ba9e0930da94 req-e3ea5e10-2bae-4cac-929a-ba9e0930da94 ] Request (ServersTestMultiNic:test_verify_multiple_nics_order): 200 GET http://10.180.1.21/compute/v2.1/servers/9477a9f6-7838-457f-b857-0bc14d6c51b4 0.122s
2025-04-29 11:21:41.959 70779 INFO tempest.lib.common.rest_client [req-f2f738c6-c02d-421f-b868-2ef10b397224 req-f2f738c6-c02d-421f-b868-2ef10b397224 ] Request (SecurityGroupRulesNegativeTestJSON:tearDownClass): 204 DELETE http://10.180.1.21:9696/networking/v2.0/security-groups/2be3df39-68b3-4bc9-a1df-59a724c097b6 0.086s
2025-04-29 11:21:41.963 70783 INFO tempest.lib.common.rest_client [req-a48c7eb2-55d9-4d10-a922-47b7c0112afa req-a48c7eb2-55d9-4d10-a922-47b7c0112afa ] Request (ServerActionsTestOtherA:test_rebuild_server_in_stop_state): 200 GET http://10.180.1.21/compute/v2.1/servers/ae1befdb-7833-4d66-9a74-aba5c8753fb9 0.057s
