2025-05-05 22:31:11.024 71480 INFO tempest.lib.common.rest_client [req-5152c718-26fb-4104-95c6-18c96fea2f56 req-5152c718-26fb-4104-95c6-18c96fea2f56 ] Request (ServerActionsV293TestJSON:setUpClass): 200 GET http://10.180.1.21/volume/v3/volumes/78f33a7c-abb9-46e6-87c5-3a0cd37bb70e 0.027s
2025-05-05 22:31:11.076 71442 INFO tempest.lib.common.rest_client [req-d94aea36-b0cd-4f53-a1d2-bf5f964bbb93 req-d94aea36-b0cd-4f53-a1d2-bf5f964bbb93 ] Request (QuotaClassesAdminTestJSON:tearDownClass): 204 DELETE http://10.180.1.21/identity/v3/projects/f853cf2fe40d4951b4a5e9994feb53b0 0.079s
2025-05-05 22:31:11.077 71442 INFO tempest.lib.common.dynamic_creds [-] Deleting project and security group for project: db5aeeab80f7432f97aec5f7760668a6
2025-05-05 22:31:11.139 71444 INFO tempest.lib.common.rest_client [req-69e55614-9c58-4f45-a276-2ba0acf10553 req-69e55614-9c58-4f45-a276-2ba0acf10553 ] Request (ServersTestBootFromVolume:setUpClass): 202 POST http://10.180.1.21/compute/v2.1/servers 1.115s
2025-05-05 22:31:11.163 71492 INFO tempest.lib.common.rest_client [req-f1a6ef1d-39f5-4821-a7ec-8f0a0bd62c00 req-f1a6ef1d-39f5-4821-a7ec-8f0a0bd62c00 ] Request (ServersAdminTestJSON:test_create_server_with_scheduling_hint): 200 GET http://10.180.1.21/compute/v2.1/servers/c7c2f338-e656-408e-bae8-92bb630d2aa9 0.701s
2025-05-05 22:31:11.170 71492 INFO tempest.common.waiters [-] State transition "BUILD/networking" ==> "BUILD/spawning" after 40 second wait
2025-05-05 22:31:11.199 71432 INFO tempest.lib.common.rest_client [req-8cc1c409-baf2-4b66-86e0-841d5725aea0 req-8cc1c409-baf2-4b66-86e0-841d5725aea0 ] Request (ListImageFiltersTestJSON:setUpClass): 200 GET http://10.180.1.21/compute/v2.1/images/dc5e38fa-7700-4c5a-aeba-89b729b19fef 0.703s
2025-05-05 22:31:11.207 71442 INFO tempest.lib.common.rest_client [req-a54838ba-99f4-4269-b263-c4bbb06b93a8 req-a54838ba-99f4-4269-b263-c4bbb06b93a8 ] Request (QuotaClassesAdminTestJSON:tearDownClass): 200 GET http://10.180.1.21:9696/networking/v2.0/security-groups?tenant_id=db5aeeab80f7432f97aec5f7760668a6&name=default 0.130s
2025-05-05 22:31:11.207 71461 INFO tempest.lib.common.rest_client [req-69c55e70-8482-412a-9075-c6c25da2e261 req-69c55e70-8482-412a-9075-c6c25da2e261 ] Request (ServerAddressesNegativeTestJSON:setUpClass): 200 GET http://10.180.1.21/compute/v2.1/servers/9c79e9b0-04d2-4822-9b9e-f6958c1ff2f9 0.727s
2025-05-05 22:31:11.214 71461 INFO tempest.common.waiters [-] State transition "BUILD/scheduling" ==> "BUILD/None" after 19 second wait
2025-05-05 22:31:11.267 71448 WARNING tempest.lib.common.ssh [-] Failed to establish authenticated ssh connection to cirros@10.180.180.183 ([Errno None] Unable to connect to port 22 on 10.180.180.183). Number attempts: 5. Retry after 6 seconds.: paramiko.ssh_exception.NoValidConnectionsError: [Errno None] Unable to connect to port 22 on 10.180.180.183
2025-05-05 22:31:11.289 71466 INFO tempest.lib.common.rest_client [req-39f3560b-aab0-4dfd-a355-5b661876feef req-39f3560b-aab0-4dfd-a355-5b661876feef ] Request (ServerMetadataNegativeTestJSON:tearDownClass): 200 GET http://10.180.1.21/compute/v2.1/servers/86e51a30-4cbd-4b56-aff8-dee09042da28 0.562s
2025-05-05 22:31:11.332 71442 INFO tempest.lib.common.rest_client [req-eee34c8c-3f89-472e-896a-99313115a4da req-eee34c8c-3f89-472e-896a-99313115a4da ] Request (QuotaClassesAdminTestJSON:tearDownClass): 204 DELETE http://10.180.1.21:9696/networking/v2.0/security-groups/02ca36bf-6565-47c9-ad2c-daf431965a37 0.124s
2025-05-05 22:31:11.341 71436 INFO tempest.lib.common.rest_client [req-64eb157c-9948-4d13-ae85-30c30ba1f106 req-64eb157c-9948-4d13-ae85-30c30ba1f106 ] Request (AttachInterfacesTestJSON:test_create_list_show_delete_interfaces_by_fixed_ip): 200 GET http://10.180.1.21/compute/v2.1/servers/37fcddcc-b28b-461a-be2f-c5c928716584 0.680s
2025-05-05 22:31:11.388 71472 INFO tempest.lib.common.rest_client [req-60cfb875-74d2-4cc6-b178-e0cf7c0bd2a0 req-60cfb875-74d2-4cc6-b178-e0cf7c0bd2a0 ] Request (ServersListShow298Test:test_list_show_update_rebuild_server_298): 200 GET http://10.180.1.21/compute/v2.1/servers/f173acbb-196b-4e7f-bc5e-44ad94cdc9a7 0.570s
2025-05-05 22:31:11.410 71446 INFO tempest.lib.common.rest_client [req-a45b3447-53c9-435c-bde0-cde3eec8d02e req-a45b3447-53c9-435c-bde0-cde3eec8d02e ] Request (ServerPasswordTestJSON:setUpClass): 200 GET http://10.180.1.21/compute/v2.1/servers/7cad0b0a-a3a0-48a6-84eb-b674e7b96363 0.547s
2025-05-05 22:31:11.472 71438 INFO tempest.lib.common.rest_client [req-963027c0-c89c-47f1-b0d6-f1feac0ed5dc req-963027c0-c89c-47f1-b0d6-f1feac0ed5dc ] Request (SecurityGroupsTestJSON:test_server_security_groups): 200 GET http://10.180.1.21/compute/v2.1/servers/0c57c50d-b602-4936-8d90-d947cedf6a0f 0.600s
2025-05-05 22:31:11.496 71462 INFO tempest.lib.common.rest_client [req-fb8fb5d2-03b1-431c-9e26-712d5f4f90ab req-fb8fb5d2-03b1-431c-9e26-712d5f4f90ab ] Request (MigrationsAdminTest:test_list_migrations_in_flavor_resize_situation): 200 GET http://10.180.1.21/compute/v2.1/servers/b2f9536e-f32c-4e94-bb2f-eced831895f4 0.569s
2025-05-05 22:31:11.540 71478 INFO tempest.lib.common.rest_client [req-20fa607a-1585-462e-a3bd-20d8680d0f89 req-20fa607a-1585-462e-a3bd-20d8680d0f89 ] Request (FloatingIPsAssociationNegativeTestJSON:setUpClass): 200 GET http://10.180.1.21/compute/v2.1/servers/a593e2ed-9c12-430e-be17-38990a4dd8a6 0.579s
2025-05-05 22:31:11.571 71442 INFO tempest.lib.common.rest_client [req-97546162-e0a3-48ed-a4e1-4ecd308d6fe2 req-97546162-e0a3-48ed-a4e1-4ecd308d6fe2 ] Request (QuotaClassesAdminTestJSON:tearDownClass): 204 DELETE http://10.180.1.21/identity/v3/projects/db5aeeab80f7432f97aec5f7760668a6 0.239s
2025-05-05 22:31:11.572 71442 INFO tempest.test [-] raised in TestMultiAttachVolumeSwap.setUpClass. Invoking tearDownClass.
2025-05-05 22:31:11.573 71450 WARNING tempest.lib.common.ssh [-] Failed to establish authenticated ssh connection to cirros@10.180.180.227 ([Errno None] Unable to connect to port 22 on 10.180.180.227). Number attempts: 5. Retry after 6 seconds.: paramiko.ssh_exception.NoValidConnectionsError: [Errno None] Unable to connect to port 22 on 10.180.180.227
2025-05-05 22:31:11.594 71474 INFO tempest.lib.common.rest_client [req-8d2650c1-3550-4643-b17a-a2d49c6c614f req-8d2650c1-3550-4643-b17a-a2d49c6c614f ] Request (AttachInterfacesV270Test:tearDownClass): 200 GET http://10.180.1.21/compute/v2.1/servers/5beeda39-74da-4bc1-a981-4999157823be 0.591s
2025-05-05 22:31:11.640 71476 INFO tempest.lib.common.rest_client [req-d5c29368-a61f-45c2-8b85-016875b205b3 req-d5c29368-a61f-45c2-8b85-016875b205b3 ] Request (InstanceActionsV221TestJSON:test_get_list_deleted_instance_actions): 200 GET http://10.180.1.21/compute/v2.1/servers/e04a8ce7-624f-4c14-85b5-409ee889e92a 0.608s
2025-05-05 22:31:11.687 71442 INFO tempest.lib.common.rest_client [req-f024948d-0a54-46ea-aa46-3d0d5958e0a4 req-f024948d-0a54-46ea-aa46-3d0d5958e0a4 ] Request (AttachVolumeNegativeTest:setUpClass): 201 POST http://10.180.1.21/identity/v3/auth/tokens 0.109s
2025-05-05 22:31:11.688 71464 INFO tempest.lib.common.rest_client [req-25614558-1a46-4cd5-9086-1b2cdc13fb73 req-25614558-1a46-4cd5-9086-1b2cdc13fb73 ] Request (ServerDiagnosticsTest:tearDownClass): 200 GET http://10.180.1.21/compute/v2.1/servers/666e2163-d6ac-46e8-bca6-c7fce49814a9 0.561s
2025-05-05 22:31:11.712 71444 INFO tempest.lib.common.rest_client [req-57ff9b03-6e0a-4e40-b0e7-2fbbb5afed1a req-57ff9b03-6e0a-4e40-b0e7-2fbbb5afed1a ] Request (ServersTestBootFromVolume:setUpClass): 200 GET http://10.180.1.21/compute/v2.1/servers/d760b9b9-a311-474b-99f8-b3397ade6488 0.571s
2025-05-05 22:31:11.732 71484 INFO tempest.lib.common.rest_client [req-ee8f4c7f-f474-4732-b6b0-afb9dc319ece req-ee8f4c7f-f474-4732-b6b0-afb9dc319ece ] Request (InstanceActionsTestJSON:tearDownClass): 404 GET http://10.180.1.21/compute/v2.1/servers/4fd900b8-cabb-482e-97bf-9663d402c228 0.505s
2025-05-05 22:31:11.737 71442 INFO tempest.lib.common.rest_client [req-62621265-a08b-4216-b7a7-a861fb117cd9 req-62621265-a08b-4216-b7a7-a861fb117cd9 ] Request (AttachVolumeNegativeTest:setUpClass): 201 POST http://10.180.1.21/identity/v3/auth/tokens 0.044s
2025-05-05 22:31:11.761 71454 INFO tempest.lib.common.rest_client [req-20bf69cb-ad11-4a41-a59f-d87d18424136 req-20bf69cb-ad11-4a41-a59f-d87d18424136 ] Request (ServersTestMultiNic:test_verify_duplicate_network_nics): 200 GET http://10.180.1.21/compute/v2.1/servers/2d68e334-3f17-424e-a462-b8ab10f8cbb3 0.610s
2025-05-05 22:31:11.775 71442 INFO tempest.lib.common.rest_client [req-63046919-cd2a-4747-9e3e-c1bb850a2d4d req-63046919-cd2a-4747-9e3e-c1bb850a2d4d ] Request (AttachVolumeNegativeTest:setUpClass): 200 GET http://10.180.1.21/identity/v3/domains?name=Default 0.038s
2025-05-05 22:31:11.823 71442 INFO tempest.lib.common.rest_client [req-ea8027af-fe4b-45ef-8b99-8f2c49406f2d req-ea8027af-fe4b-45ef-8b99-8f2c49406f2d ] Request (AttachVolumeNegativeTest:setUpClass): 201 POST http://10.180.1.21/identity/v3/projects 0.046s
2025-05-05 22:31:11.827 71456 INFO tempest.lib.common.rest_client [req-fc57d3af-4621-4b8d-92c4-e27a754bbc8f req-fc57d3af-4621-4b8d-92c4-e27a754bbc8f ] Request (ServersAdminNegativeTestJSON:setUpClass): 200 GET http://10.180.1.21/compute/v2.1/servers/5d3ff322-f182-48be-9066-203f120b2512 0.582s
2025-05-05 22:31:11.892 71434 INFO tempest.lib.common.rest_client [req-685a6aed-7fa8-4270-8c51-e9724effd55f req-685a6aed-7fa8-4270-8c51-e9724effd55f ] Request (FloatingIPsAssociationTestJSON:test_associate_already_associated_floating_ip): 200 GET http://10.180.1.21/compute/v2.1/servers/52179727-7607-4992-bb0e-2b9ec89ae1eb 0.487s
2025-05-05 22:31:11.903 71442 INFO tempest.lib.common.rest_client [req-bbf62687-895c-4929-a1a4-a044308ddc28 req-bbf62687-895c-4929-a1a4-a044308ddc28 ] Request (AttachVolumeNegativeTest:setUpClass): 201 POST http://10.180.1.21/identity/v3/users 0.080s
2025-05-05 22:31:11.940 71442 INFO tempest.lib.common.rest_client [req-ca25ef84-b247-4b08-926f-3a158d4bb7e9 req-ca25ef84-b247-4b08-926f-3a158d4bb7e9 ] Request (AttachVolumeNegativeTest:setUpClass): 200 GET http://10.180.1.21/identity/v3/roles 0.036s
2025-05-05 22:31:11.975 71442 INFO tempest.lib.common.rest_client [req-9ce139a9-f486-40c4-a548-2fea24d28c7f req-9ce139a9-f486-40c4-a548-2fea24d28c7f ] Request (AttachVolumeNegativeTest:setUpClass): 204 PUT http://10.180.1.21/identity/v3/projects/8c9895c23bb64c76b09dc59d59a7d59c/users/ba7093cbd65f405a873058c1ba21ca89/roles/c5bf870ff7ac42a2ac3a4492117f479f 0.035s
2025-05-05 22:31:11.975 71442 INFO tempest.lib.common.dynamic_creds [-] Dynamic test user ba7093cbd65f405a873058c1ba21ca89 is created with scope project and roles: ['member']
2025-05-05 22:31:11.976 71442 INFO tempest.lib.common.dynamic_creds [-] Acquired dynamic creds: credentials: Credentials: {'domain_id': 'default', 'domain_name': 'Default', 'username': 'tempest-AttachVolumeNegativeTest-210907858-project-member', 'project_domain_id': 'default', 'project_domain_name': 'Default', 'project_id': '8c9895c23bb64c76b09dc59d59a7d59c', 'project_name': 'tempest-AttachVolumeNegativeTest-210907858', 'tenant_id': '8c9895c23bb64c76b09dc59d59a7d59c', 'tenant_name': 'tempest-AttachVolumeNegativeTest-210907858', 'user_domain_id': 'default', 'user_domain_name': 'Default', 'user_id': 'ba7093cbd65f405a873058c1ba21ca89', 'system': None}, Network: None, Subnet: None, Router: None
2025-05-05 22:31:11.979 71494 INFO tempest.lib.common.rest_client [req-1176a2b7-e005-4d17-9890-2faede40b272 req-1176a2b7-e005-4d17-9890-2faede40b272 ] Request (ImagesOneServerNegativeTestJSON:_run_cleanups): 200 GET http://10.180.1.21/compute/v2.1/servers/af490d93-f4db-479d-910c-d04a97483af6 0.317s
2025-05-05 22:31:11.992 71494 INFO tempest.common.waiters [-] State transition "ACTIVE/deleting" ==> "DELETED/None" after 5 second wait
2025-05-05 22:31:12.056 71482 INFO tempest.lib.common.rest_client [req-e8497682-dde7-4d56-a2ab-661b264d7346 req-e8497682-dde7-4d56-a2ab-661b264d7346 ] Request (ServerExternalEventsTest:test_create_server_external_events): 200 GET http://10.180.1.21/compute/v2.1/servers/6d38db52-c6ae-4cce-9cdb-39e11eccd8fd 0.297s
2025-05-05 22:31:12.079 71468 INFO tempest.lib.common.rest_client [req-ac54a021-c8af-458d-af58-0cc77881b3fb req-ac54a021-c8af-458d-af58-0cc77881b3fb ] Request (DeleteServersAdminTestJSON:test_delete_server_while_in_error_state): 200 GET http://10.180.1.21/compute/v2.1/servers/a072844a-d6f2-42e6-8ee4-6532341c7977 0.522s
2025-05-05 22:31:12.083 71442 INFO tempest.lib.common.rest_client [req-c25a59cb-5c15-4fe6-b888-519cc1a437bd req-c25a59cb-5c15-4fe6-b888-519cc1a437bd ] Request (AttachVolumeNegativeTest:setUpClass): 201 POST http://10.180.1.21/identity/v3/auth/tokens 0.107s
2025-05-05 22:31:12.083 71480 INFO tempest.lib.common.rest_client [req-c68ae3d8-6720-4646-8d1e-8779667ec597 req-c68ae3d8-6720-4646-8d1e-8779667ec597 ] Request (ServerActionsV293TestJSON:setUpClass): 200 GET http://10.180.1.21/volume/v3/volumes/78f33a7c-abb9-46e6-87c5-3a0cd37bb70e 0.049s
2025-05-05 22:31:12.126 71458 INFO tempest.lib.common.rest_client [req-f0ab024e-0b4b-477b-b02b-d35086fbb1a3 req-f0ab024e-0b4b-477b-b02b-d35086fbb1a3 ] Request (ServerMetadataTestJSON:setUpClass): 200 GET http://10.180.1.21/compute/v2.1/servers/5e954dd4-d026-48c9-8cfa-4b224e9b2c16 0.290s
2025-05-05 22:31:12.186 71452 INFO tempest.lib.common.rest_client [req-f5768b4f-6503-4fec-a780-9148df75aa75 req-f5768b4f-6503-4fec-a780-9148df75aa75 ] Request (ImagesTestJSON:test_create_image_from_suspended_server): 200 GET http://10.180.1.21/compute/v2.1/servers/c848e65e-79ba-4edc-afb5-6c511c0fde71 0.156s
2025-05-05 22:31:12.195 71490 INFO tempest.lib.common.rest_client [req-e406c1ab-96c8-46b1-9be7-145f6c9f101b req-e406c1ab-96c8-46b1-9be7-145f6c9f101b ] Request (ServersAdmin275Test:tearDownClass): 200 GET http://10.180.1.21/compute/v2.1/servers/c576b9d3-e1ae-49d7-b4ea-e3e291fc7b44 0.222s
2025-05-05 22:31:12.262 71432 INFO tempest.lib.common.rest_client [req-bf6c727d-b33c-45b4-9e55-bd45d73cbca3 req-bf6c727d-b33c-45b4-9e55-bd45d73cbca3 ] Request (ListImageFiltersTestJSON:setUpClass): 200 GET http://10.180.1.21/compute/v2.1/images/dc5e38fa-7700-4c5a-aeba-89b729b19fef 0.054s
2025-05-05 22:31:12.325 71461 INFO tempest.lib.common.rest_client [req-be52ad4b-20d9-447d-9b2f-37678c7fdce7 req-be52ad4b-20d9-447d-9b2f-37678c7fdce7 ] Request (ServerAddressesNegativeTestJSON:setUpClass): 200 GET http://10.180.1.21/compute/v2.1/servers/9c79e9b0-04d2-4822-9b9e-f6958c1ff2f9 0.108s
2025-05-05 22:31:12.402 71466 INFO tempest.lib.common.rest_client [req-c4a4eae4-a6d9-4b07-81d7-1528644f8d02 req-c4a4eae4-a6d9-4b07-81d7-1528644f8d02 ] Request (ServerMetadataNegativeTestJSON:tearDownClass): 200 GET http://10.180.1.21/compute/v2.1/servers/86e51a30-4cbd-4b56-aff8-dee09042da28 0.101s
2025-05-05 22:31:12.422 71492 INFO tempest.lib.common.rest_client [req-b749aa3c-e054-499a-aa53-c325e3031364 req-b749aa3c-e054-499a-aa53-c325e3031364 ] Request (ServersAdminTestJSON:test_create_server_with_scheduling_hint): 200 GET http://10.180.1.21/compute/v2.1/servers/c7c2f338-e656-408e-bae8-92bb630d2aa9 0.250s
2025-05-05 22:31:12.543 71472 INFO tempest.lib.common.rest_client [req-1dbf345a-9d68-49ea-88c0-109bd4952948 req-1dbf345a-9d68-49ea-88c0-109bd4952948 ] Request (ServersListShow298Test:test_list_show_update_rebuild_server_298): 200 GET http://10.180.1.21/compute/v2.1/servers/f173acbb-196b-4e7f-bc5e-44ad94cdc9a7 0.135s
2025-05-05 22:31:12.574 71436 INFO tempest.lib.common.rest_client [req-f5277597-4c51-40dc-84d4-63410ad3c510 req-f5277597-4c51-40dc-84d4-63410ad3c510 ] Request (AttachInterfacesTestJSON:test_create_list_show_delete_interfaces_by_fixed_ip): 200 GET http://10.180.1.21/compute/v2.1/servers/37fcddcc-b28b-461a-be2f-c5c928716584 0.224s
2025-05-05 22:31:12.639 71438 INFO tempest.lib.common.rest_client [req-5c931474-963e-4882-8e03-f93a61ae524a req-5c931474-963e-4882-8e03-f93a61ae524a ] Request (SecurityGroupsTestJSON:test_server_security_groups): 200 GET http://10.180.1.21/compute/v2.1/servers/0c57c50d-b602-4936-8d90-d947cedf6a0f 0.153s
2025-05-05 22:31:12.700 71462 INFO tempest.lib.common.rest_client [req-e7e21232-62a9-44fa-84ab-2f035d658e8d req-e7e21232-62a9-44fa-84ab-2f035d658e8d ] Request (MigrationsAdminTest:test_list_migrations_in_flavor_resize_situation): 200 GET http://10.180.1.21/compute/v2.1/servers/b2f9536e-f32c-4e94-bb2f-eced831895f4 0.186s
2025-05-05 22:31:12.752 71478 INFO tempest.lib.common.rest_client [req-6150c2bb-d2d5-489f-be5f-ce22e48c4665 req-6150c2bb-d2d5-489f-be5f-ce22e48c4665 ] Request (FloatingIPsAssociationNegativeTestJSON:setUpClass): 200 GET http://10.180.1.21/compute/v2.1/servers/a593e2ed-9c12-430e-be17-38990a4dd8a6 0.198s
2025-05-05 22:31:12.833 71474 INFO tempest.lib.common.rest_client [req-c3d6243c-ac61-423c-9f14-c1bf207345c7 req-c3d6243c-ac61-423c-9f14-c1bf207345c7 ] Request (AttachInterfacesV270Test:tearDownClass): 200 GET http://10.180.1.21/compute/v2.1/servers/5beeda39-74da-4bc1-a981-4999157823be 0.221s
2025-05-05 22:31:12.863 71446 INFO tempest.lib.common.rest_client [req-37dfaef8-7204-4f5c-bcf3-0da56b4559a7 req-37dfaef8-7204-4f5c-bcf3-0da56b4559a7 ] Request (ServerPasswordTestJSON:setUpClass): 200 GET http://10.180.1.21/compute/v2.1/servers/7cad0b0a-a3a0-48a6-84eb-b674e7b96363 0.434s
2025-05-05 22:31:12.898 71476 INFO tempest.lib.common.rest_client [req-43011932-35e8-47f0-9c76-d16e17009634 req-43011932-35e8-47f0-9c76-d16e17009634 ] Request (InstanceActionsV221TestJSON:test_get_list_deleted_instance_actions): 200 GET http://10.180.1.21/compute/v2.1/servers/e04a8ce7-624f-4c14-85b5-409ee889e92a 0.242s
2025-05-05 22:31:12.954 71444 INFO tempest.lib.common.rest_client [req-f34c6020-7f1b-43c7-895c-5e7c347a4af3 req-f34c6020-7f1b-43c7-895c-5e7c347a4af3 ] Request (ServersTestBootFromVolume:setUpClass): 200 GET http://10.180.1.21/compute/v2.1/servers/d760b9b9-a311-474b-99f8-b3397ade6488 0.227s
2025-05-05 22:31:13.006 71464 INFO tempest.lib.common.rest_client [req-c43bbf75-6d58-485a-889a-c843a009be8b req-c43bbf75-6d58-485a-889a-c843a009be8b ] Request (ServerDiagnosticsTest:tearDownClass): 200 GET http://10.180.1.21/compute/v2.1/servers/666e2163-d6ac-46e8-bca6-c7fce49814a9 0.308s
2025-05-05 22:31:13.020 71454 INFO tempest.lib.common.rest_client [req-e24b0acf-ee69-435d-ba7d-0317500118df req-e24b0acf-ee69-435d-ba7d-0317500118df ] Request (ServersTestMultiNic:test_verify_duplicate_network_nics): 200 GET http://10.180.1.21/compute/v2.1/servers/2d68e334-3f17-424e-a462-b8ab10f8cbb3 0.249s
2025-05-05 22:31:13.044 71442 INFO tempest.lib.common.rest_client [req-05b72a4a-20db-4a82-8633-c3eadfd5f97c req-05b72a4a-20db-4a82-8633-c3eadfd5f97c ] Request (AttachVolumeNegativeTest:setUpClass): 201 POST http://10.180.1.21:9696/networking/v2.0/networks 0.960s
2025-05-05 22:31:13.102 71456 INFO tempest.lib.common.rest_client [req-d3ec17b2-1714-49e1-b8c4-240a0006e34c req-d3ec17b2-1714-49e1-b8c4-240a0006e34c ] Request (ServersAdminNegativeTestJSON:setUpClass): 200 GET http://10.180.1.21/compute/v2.1/servers/5d3ff322-f182-48be-9066-203f120b2512 0.266s
2025-05-05 22:31:13.146 71480 INFO tempest.lib.common.rest_client [req-a9d42905-deb2-4b02-bd64-59b0bca4e9cd req-a9d42905-deb2-4b02-bd64-59b0bca4e9cd ] Request (ServerActionsV293TestJSON:setUpClass): 200 GET http://10.180.1.21/volume/v3/volumes/78f33a7c-abb9-46e6-87c5-3a0cd37bb70e 0.044s
2025-05-05 22:31:13.170 71434 INFO tempest.lib.common.rest_client [req-0bb3cc6a-cdb5-485b-b2f9-b1f83217e3dc req-0bb3cc6a-cdb5-485b-b2f9-b1f83217e3dc ] Request (FloatingIPsAssociationTestJSON:test_associate_already_associated_floating_ip): 200 GET http://10.180.1.21/compute/v2.1/servers/52179727-7607-4992-bb0e-2b9ec89ae1eb 0.267s
2025-05-05 22:31:13.193 71494 INFO tempest.lib.common.rest_client [req-08c92019-c09f-4728-8357-1b365f26b131 req-08c92019-c09f-4728-8357-1b365f26b131 ] Request (ImagesOneServerNegativeTestJSON:_run_cleanups): 200 GET http://10.180.1.21/compute/v2.1/servers/af490d93-f4db-479d-910c-d04a97483af6 0.198s
2025-05-05 22:31:13.244 71482 INFO tempest.lib.common.rest_client [req-730e93ef-3cfc-4a4a-b9f1-0d35561f6fe0 req-730e93ef-3cfc-4a4a-b9f1-0d35561f6fe0 ] Request (ServerExternalEventsTest:test_create_server_external_events): 200 GET http://10.180.1.21/compute/v2.1/servers/6d38db52-c6ae-4cce-9cdb-39e11eccd8fd 0.176s
2025-05-05 22:31:13.287 71468 INFO tempest.lib.common.rest_client [req-7103c908-9ed8-40cb-8433-bbe444a75907 req-7103c908-9ed8-40cb-8433-bbe444a75907 ] Request (DeleteServersAdminTestJSON:test_delete_server_while_in_error_state): 200 GET http://10.180.1.21/compute/v2.1/servers/a072844a-d6f2-42e6-8ee4-6532341c7977 0.193s
2025-05-05 22:31:13.306 71458 INFO tempest.lib.common.rest_client [req-962c5094-e15f-4dc2-96df-5bdfbc3ff411 req-962c5094-e15f-4dc2-96df-5bdfbc3ff411 ] Request (ServerMetadataTestJSON:setUpClass): 200 GET http://10.180.1.21/compute/v2.1/servers/5e954dd4-d026-48c9-8cfa-4b224e9b2c16 0.167s
2025-05-05 22:31:13.348 71442 INFO tempest.lib.common.rest_client [req-1655fa1d-d7ce-472a-93d5-1b774e953284 req-1655fa1d-d7ce-472a-93d5-1b774e953284 ] Request (AttachVolumeNegativeTest:setUpClass): 201 POST http://10.180.1.21:9696/networking/v2.0/subnets 0.303s
2025-05-05 22:31:13.354 71452 INFO tempest.lib.common.rest_client [req-3acb3f34-8e4e-4955-a61e-480fba1d6adc req-3acb3f34-8e4e-4955-a61e-480fba1d6adc ] Request (ImagesTestJSON:test_create_image_from_suspended_server): 200 GET http://10.180.1.21/compute/v2.1/servers/c848e65e-79ba-4edc-afb5-6c511c0fde71 0.156s
2025-05-05 22:31:13.402 71490 INFO tempest.lib.common.rest_client [req-66cd28e2-f610-47ae-9b63-a2470addd0d3 req-66cd28e2-f610-47ae-9b63-a2470addd0d3 ] Request (ServersAdmin275Test:tearDownClass): 200 GET http://10.180.1.21/compute/v2.1/servers/c576b9d3-e1ae-49d7-b4ea-e3e291fc7b44 0.189s
2025-05-05 22:31:13.403 71432 INFO tempest.lib.common.rest_client [req-9dd2c10b-8477-4892-ba8c-4c73077cc4fa req-9dd2c10b-8477-4892-ba8c-4c73077cc4fa ] Request (ListImageFiltersTestJSON:setUpClass): 200 GET http://10.180.1.21/compute/v2.1/images/dc5e38fa-7700-4c5a-aeba-89b729b19fef 0.134s
2025-05-05 22:31:13.468 71461 INFO tempest.lib.common.rest_client [req-0026c563-eaa4-47a4-aeba-ac1ec2cb2476 req-0026c563-eaa4-47a4-aeba-ac1ec2cb2476 ] Request (ServerAddressesNegativeTestJSON:setUpClass): 200 GET http://10.180.1.21/compute/v2.1/servers/9c79e9b0-04d2-4822-9b9e-f6958c1ff2f9 0.134s
2025-05-05 22:31:13.492 71466 INFO tempest.lib.common.rest_client [req-08a9cd71-4a09-45ce-94c7-dfc831160687 req-08a9cd71-4a09-45ce-94c7-dfc831160687 ] Request (ServerMetadataNegativeTestJSON:tearDownClass): 200 GET http://10.180.1.21/compute/v2.1/servers/86e51a30-4cbd-4b56-aff8-dee09042da28 0.080s
2025-05-05 22:31:13.614 71484 INFO tempest.lib.common.rest_client [req-256b88ab-6c62-427d-8b40-a6521eb2e144 req-256b88ab-6c62-427d-8b40-a6521eb2e144 ] Request (InstanceActionsTestJSON:tearDownClass): 200 PUT http://10.180.1.21:9696/networking/v2.0/routers/2156b027-6270-4b8b-8ce3-42aaa66cc485/remove_router_interface 1.881s
2025-05-05 22:31:13.643 71492 INFO tempest.lib.common.rest_client [req-fd043dfe-f236-415a-9d77-0674ebbcc21f req-fd043dfe-f236-415a-9d77-0674ebbcc21f ] Request (ServersAdminTestJSON:test_create_server_with_scheduling_hint): 200 GET http://10.180.1.21/compute/v2.1/servers/c7c2f338-e656-408e-bae8-92bb630d2aa9 0.210s
2025-05-05 22:31:13.785 71436 INFO tempest.lib.common.rest_client [req-bfd3b4b6-2bd2-4ca3-9bd6-3b2da26b462e req-bfd3b4b6-2bd2-4ca3-9bd6-3b2da26b462e ] Request (AttachInterfacesTestJSON:test_create_list_show_delete_interfaces_by_fixed_ip): 200 GET http://10.180.1.21/compute/v2.1/servers/37fcddcc-b28b-461a-be2f-c5c928716584 0.197s
2025-05-05 22:31:13.839 71438 INFO tempest.lib.common.rest_client [req-3ac5e025-0c0f-42f6-a4b3-c2687a3684a8 req-3ac5e025-0c0f-42f6-a4b3-c2687a3684a8 ] Request (SecurityGroupsTestJSON:test_server_security_groups): 200 GET http://10.180.1.21/compute/v2.1/servers/0c57c50d-b602-4936-8d90-d947cedf6a0f 0.189s
2025-05-05 22:31:13.880 71472 INFO tempest.lib.common.rest_client [req-a90dfcec-d117-406d-a435-96b3997c5e70 req-a90dfcec-d117-406d-a435-96b3997c5e70 ] Request (ServersListShow298Test:test_list_show_update_rebuild_server_298): 200 GET http://10.180.1.21/compute/v2.1/servers/f173acbb-196b-4e7f-bc5e-44ad94cdc9a7 0.316s
2025-05-05 22:31:13.910 71462 INFO tempest.lib.common.rest_client [req-71a55305-7079-4f29-ac6a-c9cc9d3c3124 req-71a55305-7079-4f29-ac6a-c9cc9d3c3124 ] Request (MigrationsAdminTest:test_list_migrations_in_flavor_resize_situation): 200 GET http://10.180.1.21/compute/v2.1/servers/b2f9536e-f32c-4e94-bb2f-eced831895f4 0.202s
2025-05-05 22:31:13.941 71478 INFO tempest.lib.common.rest_client [req-388784c9-3220-49fc-a8bb-105b48584639 req-388784c9-3220-49fc-a8bb-105b48584639 ] Request (FloatingIPsAssociationNegativeTestJSON:setUpClass): 200 GET http://10.180.1.21/compute/v2.1/servers/a593e2ed-9c12-430e-be17-38990a4dd8a6 0.179s
2025-05-05 22:31:13.989 71474 INFO tempest.lib.common.rest_client [req-6cefa69d-9dc0-4637-8384-1556db0eec1a req-6cefa69d-9dc0-4637-8384-1556db0eec1a ] Request (AttachInterfacesV270Test:tearDownClass): 200 GET http://10.180.1.21/compute/v2.1/servers/5beeda39-74da-4bc1-a981-4999157823be 0.134s
2025-05-05 22:31:14.006 71446 INFO tempest.lib.common.rest_client [req-7b13d9ed-c483-4427-9101-6170619f2200 req-7b13d9ed-c483-4427-9101-6170619f2200 ] Request (ServerPasswordTestJSON:setUpClass): 200 GET http://10.180.1.21/compute/v2.1/servers/7cad0b0a-a3a0-48a6-84eb-b674e7b96363 0.125s
2025-05-05 22:31:14.046 71476 INFO tempest.lib.common.rest_client [req-1005b22f-b6df-41bd-898c-000eaedb38bb req-1005b22f-b6df-41bd-898c-000eaedb38bb ] Request (InstanceActionsV221TestJSON:test_get_list_deleted_instance_actions): 200 GET http://10.180.1.21/compute/v2.1/servers/e04a8ce7-624f-4c14-85b5-409ee889e92a 0.137s
2025-05-05 22:31:14.078 71444 INFO tempest.lib.common.rest_client [req-09dfb6a1-439a-4296-9f5a-393147d118e7 req-09dfb6a1-439a-4296-9f5a-393147d118e7 ] Request (ServersTestBootFromVolume:setUpClass): 200 GET http://10.180.1.21/compute/v2.1/servers/d760b9b9-a311-474b-99f8-b3397ade6488 0.115s
2025-05-05 22:31:14.120 71464 INFO tempest.lib.common.rest_client [req-05db5bf5-caa9-4392-b759-f6a727fae76d req-05db5bf5-caa9-4392-b759-f6a727fae76d ] Request (ServerDiagnosticsTest:tearDownClass): 200 GET http://10.180.1.21/compute/v2.1/servers/666e2163-d6ac-46e8-bca6-c7fce49814a9 0.096s
2025-05-05 22:31:14.133 71470 WARNING tempest.lib.common.ssh [-] Failed to establish authenticated ssh connection to cirros@10.180.180.247 ([Errno None] Unable to connect to port 22 on 10.180.180.247). Number attempts: 4. Retry after 5 seconds.: paramiko.ssh_exception.NoValidConnectionsError: [Errno None] Unable to connect to port 22 on 10.180.180.247
2025-05-05 22:31:14.162 71454 INFO tempest.lib.common.rest_client [req-5b9a29bb-39db-4fbf-b5ae-51d530e14db2 req-5b9a29bb-39db-4fbf-b5ae-51d530e14db2 ] Request (ServersTestMultiNic:test_verify_duplicate_network_nics): 200 GET http://10.180.1.21/compute/v2.1/servers/2d68e334-3f17-424e-a462-b8ab10f8cbb3 0.129s
2025-05-05 22:31:14.195 71456 INFO tempest.lib.common.rest_client [req-94cf9b81-c6ae-45fe-b828-2a3bf5d4335e req-94cf9b81-c6ae-45fe-b828-2a3bf5d4335e ] Request (ServersAdminNegativeTestJSON:setUpClass): 200 GET http://10.180.1.21/compute/v2.1/servers/5d3ff322-f182-48be-9066-203f120b2512 0.071s
2025-05-05 22:31:14.210 71480 INFO tempest.lib.common.rest_client [req-26d8b503-b9c2-478d-b95d-5f517030c054 req-26d8b503-b9c2-478d-b95d-5f517030c054 ] Request (ServerActionsV293TestJSON:setUpClass): 200 GET http://10.180.1.21/volume/v3/volumes/78f33a7c-abb9-46e6-87c5-3a0cd37bb70e 0.049s
2025-05-05 22:31:14.292 71494 INFO tempest.lib.common.rest_client [req-d25ab0cb-ba8d-4d87-a7c1-d49e9c7c547b req-d25ab0cb-ba8d-4d87-a7c1-d49e9c7c547b ] Request (ImagesOneServerNegativeTestJSON:_run_cleanups): 200 GET http://10.180.1.21/compute/v2.1/servers/af490d93-f4db-479d-910c-d04a97483af6 0.084s
2025-05-05 22:31:14.382 71482 INFO tempest.lib.common.rest_client [req-0a7057b7-6297-40e8-81fb-2e192f270f63 req-0a7057b7-6297-40e8-81fb-2e192f270f63 ] Request (ServerExternalEventsTest:test_create_server_external_events): 200 GET http://10.180.1.21/compute/v2.1/servers/6d38db52-c6ae-4cce-9cdb-39e11eccd8fd 0.127s
2025-05-05 22:31:14.393 71484 INFO tempest.lib.common.rest_client [req-3d55b126-6384-4fbc-b7b5-ebb1e4035b77 req-3d55b126-6384-4fbc-b7b5-ebb1e4035b77 ] Request (InstanceActionsTestJSON:tearDownClass): 204 DELETE http://10.180.1.21:9696/networking/v2.0/routers/2156b027-6270-4b8b-8ce3-42aaa66cc485 0.778s
2025-05-05 22:31:14.413 71434 INFO tempest.lib.common.rest_client [req-04c5c177-1ddf-499a-9e66-22bd4858bd3b req-04c5c177-1ddf-499a-9e66-22bd4858bd3b ] Request (FloatingIPsAssociationTestJSON:test_associate_already_associated_floating_ip): 200 GET http://10.180.1.21/compute/v2.1/servers/52179727-7607-4992-bb0e-2b9ec89ae1eb 0.232s
2025-05-05 22:31:14.424 71434 INFO tempest.common.waiters [-] State transition "BUILD/spawning" ==> "ACTIVE/None" after 47 second wait
2025-05-05 22:31:14.454 71468 INFO tempest.lib.common.rest_client [req-61e8da51-5b7b-4cd2-9ac7-7d8bd396175f req-61e8da51-5b7b-4cd2-9ac7-7d8bd396175f ] Request (DeleteServersAdminTestJSON:test_delete_server_while_in_error_state): 200 GET http://10.180.1.21/compute/v2.1/servers/a072844a-d6f2-42e6-8ee4-6532341c7977 0.156s
2025-05-05 22:31:14.462 71468 INFO tempest.common.waiters [-] State transition "ERROR/deleting" ==> "DELETED/None" after 4 second wait
2025-05-05 22:31:14.500 71458 INFO tempest.lib.common.rest_client [req-cd5810e4-4137-4652-8bd2-07ff6025d53a req-cd5810e4-4137-4652-8bd2-07ff6025d53a ] Request (ServerMetadataTestJSON:setUpClass): 200 GET http://10.180.1.21/compute/v2.1/servers/5e954dd4-d026-48c9-8cfa-4b224e9b2c16 0.183s
2025-05-05 22:31:14.520 71452 INFO tempest.lib.common.rest_client [req-3fb9d1ef-a7c7-4676-a7d7-bc9bdaabd34d req-3fb9d1ef-a7c7-4676-a7d7-bc9bdaabd34d ] Request (ImagesTestJSON:test_create_image_from_suspended_server): 200 GET http://10.180.1.21/compute/v2.1/servers/c848e65e-79ba-4edc-afb5-6c511c0fde71 0.154s
2025-05-05 22:31:14.547 71432 INFO tempest.lib.common.rest_client [req-35a8f680-dd1d-4248-9534-ddd108b7dca1 req-35a8f680-dd1d-4248-9534-ddd108b7dca1 ] Request (ListImageFiltersTestJSON:setUpClass): 200 GET http://10.180.1.21/compute/v2.1/images/dc5e38fa-7700-4c5a-aeba-89b729b19fef 0.141s
2025-05-05 22:31:14.591 71442 INFO tempest.lib.common.rest_client [req-8f86d788-04ef-448d-9fa4-420cea472b52 req-8f86d788-04ef-448d-9fa4-420cea472b52 ] Request (AttachVolumeNegativeTest:setUpClass): 201 POST http://10.180.1.21:9696/networking/v2.0/routers 1.243s
2025-05-05 22:31:14.609 71490 INFO tempest.lib.common.rest_client [req-493ad508-2973-445f-ad5e-2a13f6c477a3 req-493ad508-2973-445f-ad5e-2a13f6c477a3 ] Request (ServersAdmin275Test:tearDownClass): 200 GET http://10.180.1.21/compute/v2.1/servers/c576b9d3-e1ae-49d7-b4ea-e3e291fc7b44 0.194s
2025-05-05 22:31:14.612 71484 INFO tempest.lib.common.rest_client [req-66ff5071-1b4a-433d-8eb2-41ed8a9beafe req-66ff5071-1b4a-433d-8eb2-41ed8a9beafe ] Request (InstanceActionsTestJSON:tearDownClass): 204 DELETE http://10.180.1.21:9696/networking/v2.0/subnets/7603fd4a-9ddc-49c9-a91a-1d3bf130eb0a 0.219s
2025-05-05 22:31:14.681 71461 INFO tempest.lib.common.rest_client [req-9cf2839b-3a99-41e7-a5dd-ecaf1fee5838 req-9cf2839b-3a99-41e7-a5dd-ecaf1fee5838 ] Request (ServerAddressesNegativeTestJSON:setUpClass): 200 GET http://10.180.1.21/compute/v2.1/servers/9c79e9b0-04d2-4822-9b9e-f6958c1ff2f9 0.200s
2025-05-05 22:31:14.748 71466 INFO tempest.lib.common.rest_client [req-1c3407ec-dbc5-4239-8d58-98477c51ac26 req-1c3407ec-dbc5-4239-8d58-98477c51ac26 ] Request (ServerMetadataNegativeTestJSON:tearDownClass): 200 GET http://10.180.1.21/compute/v2.1/servers/86e51a30-4cbd-4b56-aff8-dee09042da28 0.244s
2025-05-05 22:31:14.937 71492 INFO tempest.lib.common.rest_client [req-40e87796-c7d3-432e-ab7f-3b72191abfa0 req-40e87796-c7d3-432e-ab7f-3b72191abfa0 ] Request (ServersAdminTestJSON:test_create_server_with_scheduling_hint): 200 GET http://10.180.1.21/compute/v2.1/servers/c7c2f338-e656-408e-bae8-92bb630d2aa9 0.278s
2025-05-05 22:31:15.093 71486 WARNING tempest.lib.common.ssh [-] Failed to establish authenticated ssh connection to cirros@10.180.180.231 ([Errno None] Unable to connect to port 22 on 10.180.180.231). Number attempts: 3. Retry after 4 seconds.: paramiko.ssh_exception.NoValidConnectionsError: [Errno None] Unable to connect to port 22 on 10.180.180.231
2025-05-05 22:31:15.098 71436 INFO tempest.lib.common.rest_client [req-0d59a566-37bb-44fe-8c94-9be584fed645 req-0d59a566-37bb-44fe-8c94-9be584fed645 ] Request (AttachInterfacesTestJSON:test_create_list_show_delete_interfaces_by_fixed_ip): 200 GET http://10.180.1.21/compute/v2.1/servers/37fcddcc-b28b-461a-be2f-c5c928716584 0.301s
2025-05-05 22:31:15.196 71438 INFO tempest.lib.common.rest_client [req-47f9dabb-72ab-454d-a1bf-c8f91c4afd4c req-47f9dabb-72ab-454d-a1bf-c8f91c4afd4c ] Request (SecurityGroupsTestJSON:test_server_security_groups): 200 GET http://10.180.1.21/compute/v2.1/servers/0c57c50d-b602-4936-8d90-d947cedf6a0f 0.349s
2025-05-05 22:31:15.201 71484 INFO tempest.lib.common.rest_client [req-bd3a689e-5e88-4856-a611-64f0eba9221a req-bd3a689e-5e88-4856-a611-64f0eba9221a ] Request (InstanceActionsTestJSON:tearDownClass): 204 DELETE http://10.180.1.21:9696/networking/v2.0/networks/6d53c50a-0d30-4f58-b990-f5fc2251145b 0.588s
2025-05-05 22:31:15.260 71480 INFO tempest.lib.common.rest_client [req-177a7c77-8235-43af-ba25-8c3be2095aa1 req-177a7c77-8235-43af-ba25-8c3be2095aa1 ] Request (ServerActionsV293TestJSON:setUpClass): 200 GET http://10.180.1.21/volume/v3/volumes/78f33a7c-abb9-46e6-87c5-3a0cd37bb70e 0.037s
2025-05-05 22:31:15.278 71472 INFO tempest.lib.common.rest_client [req-b7bbf7be-5a81-4178-98b1-a7f25b5c012a req-b7bbf7be-5a81-4178-98b1-a7f25b5c012a ] Request (ServersListShow298Test:test_list_show_update_rebuild_server_298): 200 GET http://10.180.1.21/compute/v2.1/servers/f173acbb-196b-4e7f-bc5e-44ad94cdc9a7 0.377s
2025-05-05 22:31:15.317 71484 INFO tempest.lib.common.rest_client [req-87fbfd39-d069-4c12-9cef-0029fe4de616 req-87fbfd39-d069-4c12-9cef-0029fe4de616 ] Request (InstanceActionsTestJSON:tearDownClass): 204 DELETE http://10.180.1.21/identity/v3/users/52e41f21db4044538658d17c6593a53c 0.115s
2025-05-05 22:31:15.317 71484 INFO tempest.lib.common.dynamic_creds [-] Deleting project and security group for project: 3175f0638e7f4e02ada326d6df18eed2
2025-05-05 22:31:15.358 71462 INFO tempest.lib.common.rest_client [req-2a30a322-d63e-43ac-8b58-8200bba93abe req-2a30a322-d63e-43ac-8b58-8200bba93abe ] Request (MigrationsAdminTest:test_list_migrations_in_flavor_resize_situation): 200 GET http://10.180.1.21/compute/v2.1/servers/b2f9536e-f32c-4e94-bb2f-eced831895f4 0.440s
2025-05-05 22:31:15.378 71484 INFO tempest.lib.common.rest_client [req-f47db549-c5cb-4c00-bb40-cadd62cf5362 req-f47db549-c5cb-4c00-bb40-cadd62cf5362 ] Request (InstanceActionsTestJSON:tearDownClass): 200 GET http://10.180.1.21:9696/networking/v2.0/security-groups?tenant_id=3175f0638e7f4e02ada326d6df18eed2&name=default 0.060s
2025-05-05 22:31:15.432 71478 INFO tempest.lib.common.rest_client [req-8513bcc2-38c8-4164-9a47-709b1214c0f3 req-8513bcc2-38c8-4164-9a47-709b1214c0f3 ] Request (FloatingIPsAssociationNegativeTestJSON:setUpClass): 200 GET http://10.180.1.21/compute/v2.1/servers/a593e2ed-9c12-430e-be17-38990a4dd8a6 0.482s
2025-05-05 22:31:15.524 71474 INFO tempest.lib.common.rest_client [req-cef82365-2690-4f30-abee-0d178022a2a8 req-cef82365-2690-4f30-abee-0d178022a2a8 ] Request (AttachInterfacesV270Test:tearDownClass): 200 GET http://10.180.1.21/compute/v2.1/servers/5beeda39-74da-4bc1-a981-4999157823be 0.523s
2025-05-05 22:31:15.542 71484 INFO tempest.lib.common.rest_client [req-2f43bb6c-2a2d-4acb-a44c-d89528c1af92 req-2f43bb6c-2a2d-4acb-a44c-d89528c1af92 ] Request (InstanceActionsTestJSON:tearDownClass): 204 DELETE http://10.180.1.21:9696/networking/v2.0/security-groups/330edb70-6e91-4e5f-9ffa-62da32f51da0 0.164s
2025-05-05 22:31:15.567 71434 INFO tempest.lib.common.rest_client [req-dcb771fd-3020-4107-9908-406880a2e032 req-dcb771fd-3020-4107-9908-406880a2e032 ] Request (FloatingIPsAssociationTestJSON:test_associate_already_associated_floating_ip): 202 POST http://10.180.1.21/compute/v2.1/servers/5d5d5686-c79e-48c5-a411-697a13820c75/action 1.142s
2025-05-05 22:31:15.655 71476 INFO tempest.lib.common.rest_client [req-516d6820-fc91-4cac-ba32-dba9814ec478 req-516d6820-fc91-4cac-ba32-dba9814ec478 ] Request (InstanceActionsV221TestJSON:test_get_list_deleted_instance_actions): 200 GET http://10.180.1.21/compute/v2.1/servers/e04a8ce7-624f-4c14-85b5-409ee889e92a 0.599s
2025-05-05 22:31:15.703 71484 INFO tempest.lib.common.rest_client [req-0bdd68f5-5720-4316-9849-a63f568bbd97 req-0bdd68f5-5720-4316-9849-a63f568bbd97 ] Request (InstanceActionsTestJSON:tearDownClass): 204 DELETE http://10.180.1.21/identity/v3/projects/3175f0638e7f4e02ada326d6df18eed2 0.160s
2025-05-05 22:31:15.744 71444 INFO tempest.lib.common.rest_client [req-47bcd95e-3d6a-444a-8070-0a85476ec215 req-47bcd95e-3d6a-444a-8070-0a85476ec215 ] Request (ServersTestBootFromVolume:setUpClass): 200 GET http://10.180.1.21/compute/v2.1/servers/d760b9b9-a311-474b-99f8-b3397ade6488 0.655s
2025-05-05 22:31:15.799 71484 INFO tempest.lib.common.rest_client [req-ff84d7c0-a1d1-4cd9-a5c9-611253022186 req-ff84d7c0-a1d1-4cd9-a5c9-611253022186 ] Request (ServerActionsTestOtherB:setUpClass): 201 POST http://10.180.1.21/identity/v3/auth/tokens 0.094s
2025-05-05 22:31:15.826 71464 INFO tempest.lib.common.rest_client [req-e101ee7b-64dd-4874-978d-911c27c2576a req-e101ee7b-64dd-4874-978d-911c27c2576a ] Request (ServerDiagnosticsTest:tearDownClass): 200 GET http://10.180.1.21/compute/v2.1/servers/666e2163-d6ac-46e8-bca6-c7fce49814a9 0.695s
2025-05-05 22:31:15.827 71446 INFO tempest.lib.common.rest_client [req-f30507c3-e9b1-4411-a8a4-f6a2b9aae61e req-f30507c3-e9b1-4411-a8a4-f6a2b9aae61e ] Request (ServerPasswordTestJSON:setUpClass): 200 GET http://10.180.1.21/compute/v2.1/servers/7cad0b0a-a3a0-48a6-84eb-b674e7b96363 0.812s
2025-05-05 22:31:15.843 71484 INFO tempest.lib.common.rest_client [req-10766019-551a-4b93-99a0-5898198d1ff5 req-10766019-551a-4b93-99a0-5898198d1ff5 ] Request (ServerActionsTestOtherB:setUpClass): 201 POST http://10.180.1.21/identity/v3/auth/tokens 0.041s
2025-05-05 22:31:15.878 71484 INFO tempest.lib.common.rest_client [req-5361eb38-ed66-4cc9-8f31-f90016a8a289 req-5361eb38-ed66-4cc9-8f31-f90016a8a289 ] Request (ServerActionsTestOtherB:setUpClass): 200 GET http://10.180.1.21/identity/v3/domains?name=Default 0.034s
2025-05-05 22:31:15.901 71454 INFO tempest.lib.common.rest_client [req-4f05d24c-55ca-42c9-bf23-bf64c96fe154 req-4f05d24c-55ca-42c9-bf23-bf64c96fe154 ] Request (ServersTestMultiNic:test_verify_duplicate_network_nics): 200 GET http://10.180.1.21/compute/v2.1/servers/2d68e334-3f17-424e-a462-b8ab10f8cbb3 0.721s
2025-05-05 22:31:15.916 71484 INFO tempest.lib.common.rest_client [req-cb5de37a-6f09-4523-9899-b6435a3516dc req-cb5de37a-6f09-4523-9899-b6435a3516dc ] Request (ServerActionsTestOtherB:setUpClass): 201 POST http://10.180.1.21/identity/v3/projects 0.037s
2025-05-05 22:31:15.930 71456 INFO tempest.lib.common.rest_client [req-5230cd0f-bfb2-46c5-84e7-1b4dc4e3a419 req-5230cd0f-bfb2-46c5-84e7-1b4dc4e3a419 ] Request (ServersAdminNegativeTestJSON:setUpClass): 200 GET http://10.180.1.21/compute/v2.1/servers/5d3ff322-f182-48be-9066-203f120b2512 0.723s
2025-05-05 22:31:15.970 71494 INFO tempest.lib.common.rest_client [req-1e0ed572-d4b5-4e75-88f2-6f7fa7134c5a req-1e0ed572-d4b5-4e75-88f2-6f7fa7134c5a ] Request (ImagesOneServerNegativeTestJSON:_run_cleanups): 200 GET http://10.180.1.21/compute/v2.1/servers/af490d93-f4db-479d-910c-d04a97483af6 0.668s
2025-05-05 22:31:15.993 71482 INFO tempest.lib.common.rest_client [req-7ccb09b0-9827-4a1d-8edd-8296cb8f36d3 req-7ccb09b0-9827-4a1d-8edd-8296cb8f36d3 ] Request (ServerExternalEventsTest:test_create_server_external_events): 200 GET http://10.180.1.21/compute/v2.1/servers/6d38db52-c6ae-4cce-9cdb-39e11eccd8fd 0.599s
2025-05-05 22:31:16.003 71442 INFO tempest.lib.common.rest_client [req-15970db1-4dfc-4cf2-b86f-7f8ccb88c15c req-15970db1-4dfc-4cf2-b86f-7f8ccb88c15c ] Request (AttachVolumeNegativeTest:setUpClass): 200 PUT http://10.180.1.21:9696/networking/v2.0/routers/8153f1d0-1809-4a80-adc2-3636ed6a41ad/add_router_interface 1.412s
2025-05-05 22:31:16.004 71442 INFO tempest.lib.common.dynamic_creds [-] Created isolated network resources for: credentials: Credentials: {'domain_id': 'default', 'domain_name': 'Default', 'username': 'tempest-AttachVolumeNegativeTest-210907858-project-member', 'project_domain_id': 'default', 'project_domain_name': 'Default', 'project_id': '8c9895c23bb64c76b09dc59d59a7d59c', 'project_name': 'tempest-AttachVolumeNegativeTest-210907858', 'tenant_id': '8c9895c23bb64c76b09dc59d59a7d59c', 'tenant_name': 'tempest-AttachVolumeNegativeTest-210907858', 'user_domain_id': 'default', 'user_domain_name': 'Default', 'user_id': 'ba7093cbd65f405a873058c1ba21ca89', 'system': None}, Network: {'id': '583d5a3e-547a-49cd-b6d1-3a1b4fa76db2', 'name': 'tempest-AttachVolumeNegativeTest-1806324796-network', 'tenant_id': '8c9895c23bb64c76b09dc59d59a7d59c', 'admin_state_up': True, 'mtu': 8950, 'status': 'ACTIVE', 'subnets': [], 'shared': False, 'project_id': '8c9895c23bb64c76b09dc59d59a7d59c', 'port_security_enabled': True, 'router:external': False, 'provider:network_type': 'vlan', 'provider:physical_network': 'default', 'provider:segmentation_id': 568, 'availability_zone_hints': [], 'availability_zones': [], 'ipv4_address_scope': None, 'ipv6_address_scope': None, 'description': '', 'tags': [], 'created_at': '2025-05-05T22:31:12Z', 'updated_at': '2025-05-05T22:31:12Z', 'revision_number': 1}, Subnet: {'id': '8936efec-ed99-4b1c-b4b0-8743b189577e', 'name': 'tempest-AttachVolumeNegativeTest-1806324796-subnet', 'tenant_id': '8c9895c23bb64c76b09dc59d59a7d59c', 'network_id': '583d5a3e-547a-49cd-b6d1-3a1b4fa76db2', 'ip_version': 4, 'subnetpool_id': None, 'enable_dhcp': True, 'ipv6_ra_mode': None, 'ipv6_address_mode': None, 'gateway_ip': '192.168.128.1', 'cidr': '192.168.128.0/28', 'allocation_pools': [{'start': '192.168.128.2', 'end': '192.168.128.14'}], 'host_routes': [], 'dns_nameservers': [], 'description': '', 'router:external': False, 'service_types': [], 'tags': [], 'created_at': '2025-05-05T22:31:13Z', 'updated_at': '2025-05-05T22:31:13Z', 'revision_number': 0, 'project_id': '8c9895c23bb64c76b09dc59d59a7d59c'}, Router: {'id': '8153f1d0-1809-4a80-adc2-3636ed6a41ad', 'name': 'tempest-AttachVolumeNegativeTest-1806324796-router', 'tenant_id': '8c9895c23bb64c76b09dc59d59a7d59c', 'admin_state_up': True, 'status': 'ACTIVE', 'external_gateway_info': {'network_id': '6508fbbc-68af-468f-badf-b2080c51261e', 'external_fixed_ips': [{'subnet_id': '841a887f-789b-492b-9a6a-d4f2a2b68889', 'ip_address': '10.180.180.193'}], 'enable_snat': True}, 'description': '', 'availability_zones': [], 'distributed': False, 'ha': False, 'availability_zone_hints': [], 'routes': [], 'flavor_id': None, 'tags': [], 'created_at': '2025-05-05T22:31:13Z', 'updated_at': '2025-05-05T22:31:14Z', 'revision_number': 2, 'project_id': '8c9895c23bb64c76b09dc59d59a7d59c'}
2025-05-05 22:31:16.007 71484 INFO tempest.lib.common.rest_client [req-9c37a5fc-8703-41c1-bb48-3105168aff26 req-9c37a5fc-8703-41c1-bb48-3105168aff26 ] Request (ServerActionsTestOtherB:setUpClass): 201 POST http://10.180.1.21/identity/v3/users 0.091s
2025-05-05 22:31:16.037 71484 INFO tempest.lib.common.rest_client [req-88694d67-97be-4baa-8f72-6ee062b82baf req-88694d67-97be-4baa-8f72-6ee062b82baf ] Request (ServerActionsTestOtherB:setUpClass): 200 GET http://10.180.1.21/identity/v3/roles 0.030s
2025-05-05 22:31:16.047 71468 INFO tempest.lib.common.rest_client [req-129d0893-ca0a-4ffb-974a-404e00fe2035 req-129d0893-ca0a-4ffb-974a-404e00fe2035 ] Request (DeleteServersAdminTestJSON:test_delete_server_while_in_error_state): 200 GET http://10.180.1.21/compute/v2.1/servers/a072844a-d6f2-42e6-8ee4-6532341c7977 0.584s
2025-05-05 22:31:16.060 71458 INFO tempest.lib.common.rest_client [req-4e91ed4a-d3a8-4f03-b146-bc2909869094 req-4e91ed4a-d3a8-4f03-b146-bc2909869094 ] Request (ServerMetadataTestJSON:setUpClass): 200 GET http://10.180.1.21/compute/v2.1/servers/5e954dd4-d026-48c9-8cfa-4b224e9b2c16 0.547s
2025-05-05 22:31:16.083 71484 INFO tempest.lib.common.rest_client [req-fb546053-dd98-4b34-926f-d45e429ed88d req-fb546053-dd98-4b34-926f-d45e429ed88d ] Request (ServerActionsTestOtherB:setUpClass): 204 PUT http://10.180.1.21/identity/v3/projects/c893d2b0a2354cf091400271250ecff9/users/1bb5897490bc41e2a103950c912f5bdf/roles/c5bf870ff7ac42a2ac3a4492117f479f 0.045s
2025-05-05 22:31:16.083 71484 INFO tempest.lib.common.dynamic_creds [-] Dynamic test user 1bb5897490bc41e2a103950c912f5bdf is created with scope project and roles: ['member']
2025-05-05 22:31:16.084 71484 INFO tempest.lib.common.dynamic_creds [-] Acquired dynamic creds: credentials: Credentials: {'domain_id': 'default', 'domain_name': 'Default', 'username': 'tempest-ServerActionsTestOtherB-963977758-project-member', 'project_domain_id': 'default', 'project_domain_name': 'Default', 'project_id': 'c893d2b0a2354cf091400271250ecff9', 'project_name': 'tempest-ServerActionsTestOtherB-963977758', 'tenant_id': 'c893d2b0a2354cf091400271250ecff9', 'tenant_name': 'tempest-ServerActionsTestOtherB-963977758', 'user_domain_id': 'default', 'user_domain_name': 'Default', 'user_id': '1bb5897490bc41e2a103950c912f5bdf', 'system': None}, Network: None, Subnet: None, Router: None
2025-05-05 22:31:16.085 71442 INFO tempest.lib.common.rest_client [req-7ec3b55c-cb90-4732-bf32-b22b82e1ca0f req-7ec3b55c-cb90-4732-bf32-b22b82e1ca0f ] Request (AttachVolumeNegativeTest:setUpClass): 201 POST http://10.180.1.21/identity/v3/auth/tokens 0.075s
2025-05-05 22:31:16.102 71452 INFO tempest.lib.common.rest_client [req-e28b4d06-21a2-4020-91d1-b0741a556fd2 req-e28b4d06-21a2-4020-91d1-b0741a556fd2 ] Request (ImagesTestJSON:test_create_image_from_suspended_server): 200 GET http://10.180.1.21/compute/v2.1/servers/c848e65e-79ba-4edc-afb5-6c511c0fde71 0.560s
2025-05-05 22:31:16.108 71432 INFO tempest.lib.common.rest_client [req-c2ae2f96-88b8-4dd7-9d36-ac39065652c4 req-c2ae2f96-88b8-4dd7-9d36-ac39065652c4 ] Request (ListImageFiltersTestJSON:setUpClass): 200 GET http://10.180.1.21/compute/v2.1/images/dc5e38fa-7700-4c5a-aeba-89b729b19fef 0.557s
2025-05-05 22:31:16.163 71484 INFO tempest.lib.common.rest_client [req-7e78236f-0311-434e-9c14-49a3dd91002a req-7e78236f-0311-434e-9c14-49a3dd91002a ] Request (ServerActionsTestOtherB:setUpClass): 201 POST http://10.180.1.21/identity/v3/auth/tokens 0.079s
2025-05-05 22:31:16.209 71490 INFO tempest.lib.common.rest_client [req-686331b4-aebf-4ae0-b2b1-82f374762e28 req-686331b4-aebf-4ae0-b2b1-82f374762e28 ] Request (ServersAdmin275Test:tearDownClass): 200 GET http://10.180.1.21/compute/v2.1/servers/c576b9d3-e1ae-49d7-b4ea-e3e291fc7b44 0.583s
2025-05-05 22:31:16.288 71461 INFO tempest.lib.common.rest_client [req-be1d8b09-c153-4f23-89ec-df16bdc3bcc3 req-be1d8b09-c153-4f23-89ec-df16bdc3bcc3 ] Request (ServerAddressesNegativeTestJSON:setUpClass): 200 GET http://10.180.1.21/compute/v2.1/servers/9c79e9b0-04d2-4822-9b9e-f6958c1ff2f9 0.597s
2025-05-05 22:31:16.315 71480 INFO tempest.lib.common.rest_client [req-c382ba6d-d915-4bbc-b015-4c39843d45a8 req-c382ba6d-d915-4bbc-b015-4c39843d45a8 ] Request (ServerActionsV293TestJSON:setUpClass): 200 GET http://10.180.1.21/volume/v3/volumes/78f33a7c-abb9-46e6-87c5-3a0cd37bb70e 0.046s
2025-05-05 22:31:16.373 71466 INFO tempest.lib.common.rest_client [req-4acfcc4b-3872-426f-b98f-fa30efd5cbec req-4acfcc4b-3872-426f-b98f-fa30efd5cbec ] Request (ServerMetadataNegativeTestJSON:tearDownClass): 200 GET http://10.180.1.21/compute/v2.1/servers/86e51a30-4cbd-4b56-aff8-dee09042da28 0.617s
2025-05-05 22:31:16.565 71488 WARNING tempest.lib.common.ssh [-] Failed to establish authenticated ssh connection to cirros@10.180.180.204 ([Errno None] Unable to connect to port 22 on 10.180.180.204). Number attempts: 4. Retry after 5 seconds.: paramiko.ssh_exception.NoValidConnectionsError: [Errno None] Unable to connect to port 22 on 10.180.180.204
2025-05-05 22:31:16.595 71492 INFO tempest.lib.common.rest_client [req-c9c159cd-3884-4ea6-8033-752352c4b4d6 req-c9c159cd-3884-4ea6-8033-752352c4b4d6 ] Request (ServersAdminTestJSON:test_create_server_with_scheduling_hint): 200 GET http://10.180.1.21/compute/v2.1/servers/c7c2f338-e656-408e-bae8-92bb630d2aa9 0.645s
2025-05-05 22:31:16.622 71484 INFO tempest.lib.common.rest_client [req-899f2cca-63bd-4727-b6e0-36bca5b79127 req-899f2cca-63bd-4727-b6e0-36bca5b79127 ] Request (ServerActionsTestOtherB:setUpClass): 201 POST http://10.180.1.21:9696/networking/v2.0/networks 0.459s
2025-05-05 22:31:16.692 71440 WARNING tempest.lib.common.ssh [-] Failed to establish authenticated ssh connection to cirros@10.180.180.166 ([Errno None] Unable to connect to port 22 on 10.180.180.166). Number attempts: 5. Retry after 6 seconds.: paramiko.ssh_exception.NoValidConnectionsError: [Errno None] Unable to connect to port 22 on 10.180.180.166
2025-05-05 22:31:16.785 71442 INFO tempest.lib.common.rest_client [req-506c2efe-361d-4dce-9be0-fb7c9881cbe2 req-506c2efe-361d-4dce-9be0-fb7c9881cbe2 ] Request (ValidationResourcesFixture:setUp): 200 POST http://10.180.1.21/compute/v2.1/os-keypairs 0.698s
2025-05-05 22:31:16.814 71484 INFO tempest.lib.common.rest_client [req-0e91a7b6-3b9d-40b5-acea-cc1676877d62 req-0e91a7b6-3b9d-40b5-acea-cc1676877d62 ] Request (ServerActionsTestOtherB:setUpClass): 201 POST http://10.180.1.21:9696/networking/v2.0/subnets 0.191s
2025-05-05 22:31:17.322 71442 INFO tempest.lib.common.rest_client [req-32a1ff73-f14e-485f-a787-2a5b0087674c req-32a1ff73-f14e-485f-a787-2a5b0087674c ] Request (ValidationResourcesFixture:setUp): 201 POST http://10.180.1.21:9696/networking/v2.0/security-groups 0.535s
