2025-05-05 22:30:16.959 71458 INFO tempest.lib.common.rest_client [req-8e0085f3-b0f2-4f51-9ae4-d2854784b0a3 req-8e0085f3-b0f2-4f51-9ae4-d2854784b0a3 ] Request (QuotasAdminNegativeTest:tearDownClass): 204 DELETE http://10.180.1.21/identity/v3/users/383fbdf55f4441af81d7d1aeeddf0d2c 0.092s
2025-05-05 22:30:17.089 71464 INFO tempest.lib.common.rest_client [req-7e5937be-0e91-4238-8206-7812b34c9f0c req-7e5937be-0e91-4238-8206-7812b34c9f0c ] Request (InstanceUsageAuditLogNegativeTestJSON:tearDownClass): 204 DELETE http://10.180.1.21:9696/networking/v2.0/security-groups/e2edf53a-4062-4b04-be6f-de765dd7c8cc 0.209s
2025-05-05 22:30:17.093 71458 INFO tempest.lib.common.rest_client [req-bb5e2139-9b55-4e99-86a6-6b276681a1c2 req-bb5e2139-9b55-4e99-86a6-6b276681a1c2 ] Request (QuotasAdminNegativeTest:tearDownClass): 204 DELETE http://10.180.1.21/identity/v3/users/7ce13874d8974d029d491797577d8b48 0.134s
2025-05-05 22:30:17.093 71458 INFO tempest.lib.common.dynamic_creds [-] Deleting project and security group for project: cd73f7e1c0a041d3890bd77921420285
2025-05-05 22:30:17.138 71486 INFO tempest.lib.common.rest_client [req-4440815e-b740-4eac-89e3-15828dac7567 req-4440815e-b740-4eac-89e3-15828dac7567 ] Request (ServersV294TestFqdnHostnames:setUpClass): 201 POST http://10.180.1.21:9696/networking/v2.0/security-groups 0.280s
2025-05-05 22:30:17.169 71458 INFO tempest.lib.common.rest_client [req-f46f9e22-f31d-4219-bec7-cbeccf1a361e req-f46f9e22-f31d-4219-bec7-cbeccf1a361e ] Request (QuotasAdminNegativeTest:tearDownClass): 201 POST http://10.180.1.21/identity/v3/auth/tokens 0.075s
2025-05-05 22:30:17.224 71464 INFO tempest.lib.common.rest_client [req-25a72b0d-8cc8-4402-b168-069649a128ca req-25a72b0d-8cc8-4402-b168-069649a128ca ] Request (InstanceUsageAuditLogNegativeTestJSON:tearDownClass): 204 DELETE http://10.180.1.21/identity/v3/projects/65f639760e0e49419a59670d65635548 0.134s
2025-05-05 22:30:17.225 71464 INFO tempest.lib.common.dynamic_creds [-] Deleting project and security group for project: 4b53769968da451d9c0a4a5b644aaa7a
2025-05-05 22:30:17.400 71486 INFO tempest.lib.common.rest_client [req-c4432b1f-3c72-4e58-a101-eae870b4e0bf req-c4432b1f-3c72-4e58-a101-eae870b4e0bf ] Request (ServersV294TestFqdnHostnames:setUpClass): 201 POST http://10.180.1.21:9696/networking/v2.0/security-group-rules 0.261s
2025-05-05 22:30:17.421 71438 INFO tempest.lib.common.rest_client [req-7b0785dc-e8c2-4cc9-bd16-3e1686323fbb req-7b0785dc-e8c2-4cc9-bd16-3e1686323fbb ] Request (SecurityGroupsTestJSON:test_list_security_groups_by_server): 202 POST http://10.180.1.21/compute/v2.1/servers/3e34f4a1-7c1b-42bc-9e07-3233630ceeef/action 2.365s
2025-05-05 22:30:17.455 71442 INFO tempest.lib.common.rest_client [req-e22f314e-495d-4d34-aadc-710ea839d22f req-e22f314e-495d-4d34-aadc-710ea839d22f ] Request (FlavorsAdminTestJSON:_run_cleanups): 200 GET http://10.180.1.21/compute/v2.1/flavors/detail 1.633s
2025-05-05 22:30:17.579 71458 INFO tempest.lib.common.rest_client [req-2f608fb7-c868-40e4-9e49-9c046071c007 req-2f608fb7-c868-40e4-9e49-9c046071c007 ] Request (QuotasAdminNegativeTest:tearDownClass): 200 GET http://10.180.1.21:9696/networking/v2.0/security-groups?tenant_id=cd73f7e1c0a041d3890bd77921420285&name=default 0.410s
2025-05-05 22:30:17.607 71486 INFO tempest.lib.common.rest_client [req-0d5c1aca-bd5b-4e41-948c-ef291828cfa0 req-0d5c1aca-bd5b-4e41-948c-ef291828cfa0 ] Request (ServersV294TestFqdnHostnames:setUpClass): 201 POST http://10.180.1.21:9696/networking/v2.0/security-group-rules 0.207s
2025-05-05 22:30:17.736 71464 INFO tempest.lib.common.rest_client [req-837710e5-0f6c-4d98-977e-cc87a3da7a25 req-837710e5-0f6c-4d98-977e-cc87a3da7a25 ] Request (InstanceUsageAuditLogNegativeTestJSON:tearDownClass): 200 GET http://10.180.1.21:9696/networking/v2.0/security-groups?tenant_id=4b53769968da451d9c0a4a5b644aaa7a&name=default 0.511s
2025-05-05 22:30:17.738 71458 INFO tempest.lib.common.rest_client [req-a369d9ec-f7a6-4b02-80fb-c7591f1668ba req-a369d9ec-f7a6-4b02-80fb-c7591f1668ba ] Request (QuotasAdminNegativeTest:tearDownClass): 204 DELETE http://10.180.1.21:9696/networking/v2.0/security-groups/4da5fc30-dfbb-451e-b046-7a28213adc07 0.159s
2025-05-05 22:30:17.800 71478 INFO tempest.lib.common.rest_client [req-a8aea46a-988a-433c-a8ad-71f751ccf1a5 req-a8aea46a-988a-433c-a8ad-71f751ccf1a5 ] Request (QuotasAdminTestJSON:test_update_all_quota_resources_for_tenant): 200 PUT http://10.180.1.21/compute/v2.1/os-quota-sets/d38bda614a754e1ea634d0b107b8d79e 1.765s
2025-05-05 22:30:17.858 71458 INFO tempest.lib.common.rest_client [req-81de568e-1f5e-4a4c-8694-d12308956d2a req-81de568e-1f5e-4a4c-8694-d12308956d2a ] Request (QuotasAdminNegativeTest:tearDownClass): 204 DELETE http://10.180.1.21/identity/v3/projects/cd73f7e1c0a041d3890bd77921420285 0.119s
2025-05-05 22:30:17.858 71458 INFO tempest.lib.common.dynamic_creds [-] Deleting project and security group for project: 35639a18e73441ed824eb0d9a4080913
2025-05-05 22:30:17.919 71470 INFO tempest.lib.common.rest_client [req-7128b385-b46b-476e-8ca9-d3ccda13edc4 req-7128b385-b46b-476e-8ca9-d3ccda13edc4 ] Request (VolumesAdminNegativeTest:test_update_attached_volume_with_nonexistent_volume_in_body): 202 POST http://10.180.1.21/compute/v2.1/servers 2.242s
2025-05-05 22:30:17.984 71464 INFO tempest.lib.common.rest_client [req-e631d367-fa08-457e-ad8e-453b279c3f28 req-e631d367-fa08-457e-ad8e-453b279c3f28 ] Request (InstanceUsageAuditLogNegativeTestJSON:tearDownClass): 204 DELETE http://10.180.1.21:9696/networking/v2.0/security-groups/c8501171-b026-4c67-82a5-d2a52c56c57b 0.248s
2025-05-05 22:30:18.035 71458 INFO tempest.lib.common.rest_client [req-4ca5eae7-b8d7-48f6-9387-3973a69ce12a req-4ca5eae7-b8d7-48f6-9387-3973a69ce12a ] Request (QuotasAdminNegativeTest:tearDownClass): 200 GET http://10.180.1.21:9696/networking/v2.0/security-groups?tenant_id=35639a18e73441ed824eb0d9a4080913&name=default 0.177s
2025-05-05 22:30:18.131 71436 INFO tempest.lib.common.rest_client [req-3d1f60b3-c153-4e84-ac29-adde002b5ba4 req-3d1f60b3-c153-4e84-ac29-adde002b5ba4 ] Request (AttachInterfacesTestJSON:setUpClass): 201 POST http://10.180.1.21:9696/networking/v2.0/routers 1.846s
2025-05-05 22:30:18.131 71444 INFO tempest.lib.common.rest_client [req-87c07363-4c64-466a-b146-f93a48c02e25 req-87c07363-4c64-466a-b146-f93a48c02e25 ] Request (SecurityGroupRulesNegativeTestJSON:test_create_security_group_rule_with_invalid_to_port): 200 POST http://10.180.1.21/compute/v2.1/os-security-groups 2.058s
2025-05-05 22:30:18.139 71472 INFO tempest.lib.common.rest_client [req-72fb8565-5303-4d79-9a38-a7b63891e916 req-72fb8565-5303-4d79-9a38-a7b63891e916 ] Request (ImagesMetadataTestJSON:setUp): 200 PUT http://10.180.1.21/compute/v2.1/images/1f3d69ee-5a06-4c02-b5b2-10322c38e8b2/metadata 2.016s
2025-05-05 22:30:18.149 71464 INFO tempest.lib.common.rest_client [req-450cabb4-0102-420f-aa8f-bb936e8ce742 req-450cabb4-0102-420f-aa8f-bb936e8ce742 ] Request (InstanceUsageAuditLogNegativeTestJSON:tearDownClass): 204 DELETE http://10.180.1.21/identity/v3/projects/4b53769968da451d9c0a4a5b644aaa7a 0.164s
2025-05-05 22:30:18.171 71482 INFO tempest.lib.common.rest_client [req-289184dc-2e67-4500-9c63-fe23e7cc6727 req-289184dc-2e67-4500-9c63-fe23e7cc6727 ] Request (AggregatesAdminNegativeTestJSON:test_aggregate_create_with_existent_aggregate_name): 200 POST http://10.180.1.21/compute/v2.1/os-aggregates 1.946s
2025-05-05 22:30:18.172 71458 INFO tempest.lib.common.rest_client [req-72914751-84a4-4e34-aefa-25b830c2d574 req-72914751-84a4-4e34-aefa-25b830c2d574 ] Request (QuotasAdminNegativeTest:tearDownClass): 204 DELETE http://10.180.1.21:9696/networking/v2.0/security-groups/de7bd833-17de-4952-982c-a1bc76454ca2 0.136s
2025-05-05 22:30:18.248 71464 INFO tempest.lib.common.rest_client [req-29d5ec81-bf4c-43b8-a2e1-5f5d07461873 req-29d5ec81-bf4c-43b8-a2e1-5f5d07461873 ] Request (ServerDiagnosticsTest:setUpClass): 201 POST http://10.180.1.21/identity/v3/auth/tokens 0.097s
2025-05-05 22:30:18.298 71461 INFO tempest.lib.common.rest_client [req-2850bd47-4fa9-4806-93a0-e7741f01e1be req-2850bd47-4fa9-4806-93a0-e7741f01e1be ] Request (FlavorsAccessNegativeTestJSON:test_flavor_non_admin_remove): 200 POST http://10.180.1.21/compute/v2.1/flavors/1679825885/action 2.048s
2025-05-05 22:30:18.326 71458 INFO tempest.lib.common.rest_client [req-b48f2087-f396-440a-ab42-d2dbdf424788 req-b48f2087-f396-440a-ab42-d2dbdf424788 ] Request (QuotasAdminNegativeTest:tearDownClass): 204 DELETE http://10.180.1.21/identity/v3/projects/35639a18e73441ed824eb0d9a4080913 0.152s
2025-05-05 22:30:18.337 71432 INFO tempest.lib.common.rest_client [req-31d8cf11-031c-44f0-94bc-ab4b31bc278f req-31d8cf11-031c-44f0-94bc-ab4b31bc278f ] Request (ListImageFiltersTestJSON:setUpClass): 200 GET http://10.180.1.21/compute/v2.1/images/4bee2f16-c297-401e-a08e-9abbe85ec50e 2.050s
2025-05-05 22:30:18.348 71464 INFO tempest.lib.common.rest_client [req-98fd4583-2802-4a8e-9420-84b80cac27b4 req-98fd4583-2802-4a8e-9420-84b80cac27b4 ] Request (ServerDiagnosticsTest:setUpClass): 201 POST http://10.180.1.21/identity/v3/auth/tokens 0.097s
2025-05-05 22:30:18.361 71458 INFO tempest.lib.common.rest_client [req-abf9d670-3f6b-4f19-af43-30e404ff7155 req-abf9d670-3f6b-4f19-af43-30e404ff7155 ] Request (FloatingIPsNegativeTestJSON:setUpClass): 201 POST http://10.180.1.21/identity/v3/auth/tokens 0.033s
2025-05-05 22:30:18.433 71432 INFO tempest.lib.common.rest_client [req-b6f72d78-74a8-47d1-9888-e5d42d648a89 req-b6f72d78-74a8-47d1-9888-e5d42d648a89 ] Request (ListImageFiltersTestJSON:setUpClass): 201 POST http://10.180.1.21/identity/v3/auth/tokens 0.090s
2025-05-05 22:30:18.435 71432 INFO tempest.lib.common.fixed_network [-] (ListImageFiltersTestJSON:setUpClass) Found network None available for tenant
2025-05-05 22:30:18.460 71464 INFO tempest.lib.common.rest_client [req-16c342ed-9418-4f7c-871c-a55d1b38ebfe req-16c342ed-9418-4f7c-871c-a55d1b38ebfe ] Request (ServerDiagnosticsTest:setUpClass): 200 GET http://10.180.1.21/identity/v3/domains?name=Default 0.111s
2025-05-05 22:30:18.493 71458 INFO tempest.lib.common.rest_client [req-625a122d-9125-4338-9921-5395832a3c8a req-625a122d-9125-4338-9921-5395832a3c8a ] Request (FloatingIPsNegativeTestJSON:setUpClass): 201 POST http://10.180.1.21/identity/v3/auth/tokens 0.126s
2025-05-05 22:30:18.512 71464 INFO tempest.lib.common.rest_client [req-1572af0a-35d5-48e8-a872-7a9872195c86 req-1572af0a-35d5-48e8-a872-7a9872195c86 ] Request (ServerDiagnosticsTest:setUpClass): 201 POST http://10.180.1.21/identity/v3/projects 0.051s
2025-05-05 22:30:18.526 71458 INFO tempest.lib.common.rest_client [req-37b186d9-fb69-43f7-be86-b7eaa7164f43 req-37b186d9-fb69-43f7-be86-b7eaa7164f43 ] Request (FloatingIPsNegativeTestJSON:setUpClass): 200 GET http://10.180.1.21/identity/v3/domains?name=Default 0.032s
2025-05-05 22:30:18.543 71462 INFO tempest.lib.common.rest_client [req-d0ea2792-92a6-4649-83f2-8d205f909dc3 req-d0ea2792-92a6-4649-83f2-8d205f909dc3 ] Request (HypervisorAdminV253TestBase:test_list_show_detail_hypervisors): 200 GET http://10.180.1.21/compute/v2.1/os-hypervisors/detail?with_servers=True 2.150s
2025-05-05 22:30:18.597 71464 INFO tempest.lib.common.rest_client [req-2c0295d4-df39-417f-98f8-7bb2eb592a47 req-2c0295d4-df39-417f-98f8-7bb2eb592a47 ] Request (ServerDiagnosticsTest:setUpClass): 201 POST http://10.180.1.21/identity/v3/users 0.083s
2025-05-05 22:30:18.599 71458 INFO tempest.lib.common.rest_client [req-4d69923c-bf77-4184-862e-f7c007f6e478 req-4d69923c-bf77-4184-862e-f7c007f6e478 ] Request (FloatingIPsNegativeTestJSON:setUpClass): 201 POST http://10.180.1.21/identity/v3/projects 0.072s
2025-05-05 22:30:18.647 71440 INFO tempest.lib.common.rest_client [req-a0ffe33d-47fb-4e68-8339-b09a39940663 req-a0ffe33d-47fb-4e68-8339-b09a39940663 ] Request (ServersWithSpecificFlavorTestJSON:test_verify_created_server_ephemeral_disk): 200 GET http://10.180.1.21/compute/v2.1/servers/56a1dccf-2dd0-4b4d-8ddb-0092ee837752 2.141s
2025-05-05 22:30:18.659 71440 INFO tempest.common.waiters [-] State transition "BUILD/scheduling" ==> "BUILD/None" after 3 second wait
2025-05-05 22:30:18.660 71464 INFO tempest.lib.common.rest_client [req-3340b21a-d662-4fe9-861b-9ef2cea351ca req-3340b21a-d662-4fe9-861b-9ef2cea351ca ] Request (ServerDiagnosticsTest:setUpClass): 200 GET http://10.180.1.21/identity/v3/roles 0.063s
2025-05-05 22:30:18.663 71458 INFO tempest.lib.common.rest_client [req-ebeb6031-fcee-4234-b81f-4957e98fe6d8 req-ebeb6031-fcee-4234-b81f-4957e98fe6d8 ] Request (FloatingIPsNegativeTestJSON:setUpClass): 201 POST http://10.180.1.21/identity/v3/users 0.063s
2025-05-05 22:30:18.685 71458 INFO tempest.lib.common.rest_client [req-31b2107d-35f2-4f5d-8514-7ca22f629ad3 req-31b2107d-35f2-4f5d-8514-7ca22f629ad3 ] Request (FloatingIPsNegativeTestJSON:setUpClass): 200 GET http://10.180.1.21/identity/v3/roles 0.022s
2025-05-05 22:30:18.689 71464 INFO tempest.lib.common.rest_client [req-d4130b5a-c82a-41de-87b3-19bf6b572770 req-d4130b5a-c82a-41de-87b3-19bf6b572770 ] Request (ServerDiagnosticsTest:setUpClass): 204 PUT http://10.180.1.21/identity/v3/projects/ca16eedd6c1a4956a02ae48f8f7081fd/users/7a32a349353b4581bc660ca583f772d8/roles/c5bf870ff7ac42a2ac3a4492117f479f 0.028s
2025-05-05 22:30:18.689 71464 INFO tempest.lib.common.dynamic_creds [-] Dynamic test user 7a32a349353b4581bc660ca583f772d8 is created with scope project and roles: ['member']
2025-05-05 22:30:18.689 71464 INFO tempest.lib.common.dynamic_creds [-] Acquired dynamic creds: credentials: Credentials: {'domain_id': 'default', 'domain_name': 'Default', 'username': 'tempest-ServerDiagnosticsTest-1143994006-project-member', 'project_domain_id': 'default', 'project_domain_name': 'Default', 'project_id': 'ca16eedd6c1a4956a02ae48f8f7081fd', 'project_name': 'tempest-ServerDiagnosticsTest-1143994006', 'tenant_id': 'ca16eedd6c1a4956a02ae48f8f7081fd', 'tenant_name': 'tempest-ServerDiagnosticsTest-1143994006', 'user_domain_id': 'default', 'user_domain_name': 'Default', 'user_id': '7a32a349353b4581bc660ca583f772d8', 'system': None}, Network: None, Subnet: None, Router: None
2025-05-05 22:30:18.689 71464 INFO tempest.lib.common.dynamic_creds [-] Created isolated network resources for: credentials: Credentials: {'domain_id': 'default', 'domain_name': 'Default', 'username': 'tempest-ServerDiagnosticsTest-1143994006-project-member', 'project_domain_id': 'default', 'project_domain_name': 'Default', 'project_id': 'ca16eedd6c1a4956a02ae48f8f7081fd', 'project_name': 'tempest-ServerDiagnosticsTest-1143994006', 'tenant_id': 'ca16eedd6c1a4956a02ae48f8f7081fd', 'tenant_name': 'tempest-ServerDiagnosticsTest-1143994006', 'user_domain_id': 'default', 'user_domain_name': 'Default', 'user_id': '7a32a349353b4581bc660ca583f772d8', 'system': None}, Network: None, Subnet: None, Router: None
2025-05-05 22:30:18.742 71458 INFO tempest.lib.common.rest_client [req-a2de0228-445c-4867-81bf-c3c83da107c1 req-a2de0228-445c-4867-81bf-c3c83da107c1 ] Request (FloatingIPsNegativeTestJSON:setUpClass): 204 PUT http://10.180.1.21/identity/v3/projects/b2bba9b4882d45a394dec81ea305d395/users/b8163b9a00be48df8784eee276fd0bdf/roles/c5bf870ff7ac42a2ac3a4492117f479f 0.056s
2025-05-05 22:30:18.742 71458 INFO tempest.lib.common.dynamic_creds [-] Dynamic test user b8163b9a00be48df8784eee276fd0bdf is created with scope project and roles: ['member']
2025-05-05 22:30:18.742 71458 INFO tempest.lib.common.dynamic_creds [-] Acquired dynamic creds: credentials: Credentials: {'domain_id': 'default', 'domain_name': 'Default', 'username': 'tempest-FloatingIPsNegativeTestJSON-731491097-project-member', 'project_domain_id': 'default', 'project_domain_name': 'Default', 'project_id': 'b2bba9b4882d45a394dec81ea305d395', 'project_name': 'tempest-FloatingIPsNegativeTestJSON-731491097', 'tenant_id': 'b2bba9b4882d45a394dec81ea305d395', 'tenant_name': 'tempest-FloatingIPsNegativeTestJSON-731491097', 'user_domain_id': 'default', 'user_domain_name': 'Default', 'user_id': 'b8163b9a00be48df8784eee276fd0bdf', 'system': None}, Network: None, Subnet: None, Router: None
2025-05-05 22:30:18.757 71464 INFO tempest.lib.common.rest_client [req-3dcba727-2e02-47ac-bafe-213e8f53b05e req-3dcba727-2e02-47ac-bafe-213e8f53b05e ] Request (ServerDiagnosticsTest:setUpClass): 201 POST http://10.180.1.21/identity/v3/auth/tokens 0.065s
2025-05-05 22:30:18.771 71484 INFO tempest.lib.common.rest_client [req-5bff3516-5520-4e63-91ed-3295aa273f34 req-5bff3516-5520-4e63-91ed-3295aa273f34 ] Request (InstanceActionsTestJSON:setUpClass): 200 GET http://10.180.1.21/compute/v2.1/servers/4fd900b8-cabb-482e-97bf-9663d402c228 2.207s
2025-05-05 22:30:18.785 71484 INFO tempest.common.waiters [-] State transition "BUILD/None" ==> "BUILD/spawning" after 13 second wait
2025-05-05 22:30:18.807 71458 INFO tempest.lib.common.rest_client [req-425ada2e-bcae-47d3-bc6d-d9a1557719ef req-425ada2e-bcae-47d3-bc6d-d9a1557719ef ] Request (FloatingIPsNegativeTestJSON:setUpClass): 201 POST http://10.180.1.21/identity/v3/auth/tokens 0.064s
2025-05-05 22:30:18.814 71464 INFO tempest.lib.common.rest_client [req-d39dbe43-fafe-41f6-8726-435514c9818e req-d39dbe43-fafe-41f6-8726-435514c9818e ] Request (ServerDiagnosticsTest:setUpClass): 201 POST http://10.180.1.21/identity/v3/projects 0.056s
2025-05-05 22:30:18.872 71464 INFO tempest.lib.common.rest_client [req-5f73e771-f576-46a1-983b-558232dd4a10 req-5f73e771-f576-46a1-983b-558232dd4a10 ] Request (ServerDiagnosticsTest:setUpClass): 201 POST http://10.180.1.21/identity/v3/users 0.057s
2025-05-05 22:30:18.907 71486 INFO tempest.lib.common.rest_client [req-5e8d7c2d-d8f8-47f7-8bc2-473a825823c8 req-5e8d7c2d-d8f8-47f7-8bc2-473a825823c8 ] Request (ServersV294TestFqdnHostnames:setUpClass): 201 POST http://10.180.1.21:9696/networking/v2.0/floatingips 1.300s
2025-05-05 22:30:18.915 71464 INFO tempest.lib.common.rest_client [req-1b601751-5fe0-47d6-9bc5-f6dc861559e9 req-1b601751-5fe0-47d6-9bc5-f6dc861559e9 ] Request (ServerDiagnosticsTest:setUpClass): 200 GET http://10.180.1.21/identity/v3/roles 0.043s
2025-05-05 22:30:18.975 71486 INFO tempest.lib.common.rest_client [req-acd00b5a-806b-47a5-ae0d-dc46d1196820 req-acd00b5a-806b-47a5-ae0d-dc46d1196820 ] Request (ServersV294TestFqdnHostnames:setUpClass): 201 POST http://10.180.1.21/identity/v3/auth/tokens 0.064s
2025-05-05 22:30:18.975 71486 INFO tempest.lib.common.fixed_network [-] (ServersV294TestFqdnHostnames:setUpClass) Found network {'id': '73466711-a86c-4104-bb27-f495cb70df29', 'name': 'tempest-ServersV294TestFqdnHostnames-1228520196-network', 'tenant_id': '1d6e2e1b66b44b5fbd89031033e147e9', 'admin_state_up': True, 'mtu': 8950, 'status': 'ACTIVE', 'subnets': [], 'shared': False, 'project_id': '1d6e2e1b66b44b5fbd89031033e147e9', 'port_security_enabled': True, 'router:external': False, 'provider:network_type': 'vlan', 'provider:physical_network': 'default', 'provider:segmentation_id': 351, 'availability_zone_hints': [], 'availability_zones': [], 'ipv4_address_scope': None, 'ipv6_address_scope': None, 'description': '', 'tags': [], 'created_at': '2025-05-05T22:30:10Z', 'updated_at': '2025-05-05T22:30:10Z', 'revision_number': 1} available for tenant
2025-05-05 22:30:18.978 71464 INFO tempest.lib.common.rest_client [req-4b2b94d5-6d51-48c8-a91e-239288a4cd88 req-4b2b94d5-6d51-48c8-a91e-239288a4cd88 ] Request (ServerDiagnosticsTest:setUpClass): 204 PUT http://10.180.1.21/identity/v3/projects/88e24aab03e44cbcbb69d6477f855aec/users/8ceb12eee9a54b48b457dc7daec2f8a3/roles/71aa86f7b3c941f3a174fc0d01f30895 0.062s
2025-05-05 22:30:19.030 71464 INFO tempest.lib.common.rest_client [req-c2989226-aa63-4554-b4db-05d0d245af2a req-c2989226-aa63-4554-b4db-05d0d245af2a ] Request (ServerDiagnosticsTest:setUpClass): 200 GET http://10.180.1.21/identity/v3/roles 0.051s
2025-05-05 22:30:19.048 71464 INFO tempest.lib.common.rest_client [req-88aa8250-ee89-4641-a1d1-2eec4267e816 req-88aa8250-ee89-4641-a1d1-2eec4267e816 ] Request (ServerDiagnosticsTest:setUpClass): 204 PUT http://10.180.1.21/identity/v3/projects/88e24aab03e44cbcbb69d6477f855aec/users/8ceb12eee9a54b48b457dc7daec2f8a3/roles/71aa86f7b3c941f3a174fc0d01f30895 0.018s
2025-05-05 22:30:19.048 71464 INFO tempest.lib.common.dynamic_creds [-] Dynamic test user 8ceb12eee9a54b48b457dc7daec2f8a3 is created with scope project and roles: ['admin']
2025-05-05 22:30:19.049 71464 INFO tempest.lib.common.dynamic_creds [-] Acquired dynamic creds: credentials: Credentials: {'domain_id': 'default', 'domain_name': 'Default', 'username': 'tempest-ServerDiagnosticsTest-1646609908-project-admin', 'project_domain_id': 'default', 'project_domain_name': 'Default', 'project_id': '88e24aab03e44cbcbb69d6477f855aec', 'project_name': 'tempest-ServerDiagnosticsTest-1646609908', 'tenant_id': '88e24aab03e44cbcbb69d6477f855aec', 'tenant_name': 'tempest-ServerDiagnosticsTest-1646609908', 'user_domain_id': 'default', 'user_domain_name': 'Default', 'user_id': '8ceb12eee9a54b48b457dc7daec2f8a3', 'system': None}, Network: None, Subnet: None, Router: None
2025-05-05 22:30:19.049 71464 INFO tempest.lib.common.dynamic_creds [-] Created isolated network resources for: credentials: Credentials: {'domain_id': 'default', 'domain_name': 'Default', 'username': 'tempest-ServerDiagnosticsTest-1646609908-project-admin', 'project_domain_id': 'default', 'project_domain_name': 'Default', 'project_id': '88e24aab03e44cbcbb69d6477f855aec', 'project_name': 'tempest-ServerDiagnosticsTest-1646609908', 'tenant_id': '88e24aab03e44cbcbb69d6477f855aec', 'tenant_name': 'tempest-ServerDiagnosticsTest-1646609908', 'user_domain_id': 'default', 'user_domain_name': 'Default', 'user_id': '8ceb12eee9a54b48b457dc7daec2f8a3', 'system': None}, Network: None, Subnet: None, Router: None
2025-05-05 22:30:19.070 71488 INFO tempest.lib.common.rest_client [req-42f0e68a-398c-4e4c-9f4a-54b005fbbc05 req-42f0e68a-398c-4e4c-9f4a-54b005fbbc05 ] Request (VolumesAssistedSnapshotsTest:test_volume_assisted_snapshot_create_delete): 202 POST http://10.180.1.21/compute/v2.1/servers 2.802s
2025-05-05 22:30:19.176 71464 INFO tempest.lib.common.rest_client [req-cb2f1616-49c2-4f9c-943c-34c84288aa30 req-cb2f1616-49c2-4f9c-943c-34c84288aa30 ] Request (ServerDiagnosticsTest:setUpClass): 201 POST http://10.180.1.21/identity/v3/auth/tokens 0.125s
2025-05-05 22:30:19.203 71490 INFO tempest.lib.common.rest_client [req-df763ef5-e730-4939-a54d-d8a3a9fd4cc2 req-df763ef5-e730-4939-a54d-d8a3a9fd4cc2 ] Request (ServersAdmin275Test:test_rebuild_update_server_275): 200 GET http://10.180.1.21/compute/v2.1/servers/c576b9d3-e1ae-49d7-b4ea-e3e291fc7b44 2.521s
2025-05-05 22:30:19.219 71490 INFO tempest.common.waiters [-] State transition "BUILD/spawning" ==> "ACTIVE/None" after 14 second wait
2025-05-05 22:30:19.230 71458 INFO tempest.lib.common.rest_client [req-5c9307b2-3fb0-40b1-8383-9fa188a22b9f req-5c9307b2-3fb0-40b1-8383-9fa188a22b9f ] Request (FloatingIPsNegativeTestJSON:setUpClass): 201 POST http://10.180.1.21:9696/networking/v2.0/networks 0.422s
2025-05-05 22:30:19.260 71464 INFO tempest.lib.common.rest_client [req-4064cbd4-e6c8-4b5f-be6d-e84aa58b8ad4 req-4064cbd4-e6c8-4b5f-be6d-e84aa58b8ad4 ] Request (ServerDiagnosticsTest:test_get_server_diagnostics): 201 POST http://10.180.1.21/identity/v3/auth/tokens 0.078s
2025-05-05 22:30:19.261 71464 INFO tempest.lib.common.fixed_network [-] (ServerDiagnosticsTest:test_get_server_diagnostics) Found network None available for tenant
2025-05-05 22:30:19.357 71452 INFO tempest.lib.common.rest_client [req-6067c57a-1bbf-4bf4-bb87-7ba13577c979 req-6067c57a-1bbf-4bf4-bb87-7ba13577c979 ] Request (ImagesTestJSON:test_create_image_from_stopped_server): 202 POST http://10.180.1.21/compute/v2.1/servers/05890564-0672-4235-b270-93bbe62ac179/action 2.682s
2025-05-05 22:30:19.453 71466 INFO tempest.lib.common.rest_client [req-4b27e439-7622-47fe-9424-c457ab2566a6 req-4b27e439-7622-47fe-9424-c457ab2566a6 ] Request (ServerMetadataNegativeTestJSON:setUpClass): 200 GET http://10.180.1.21/compute/v2.1/servers/86e51a30-4cbd-4b56-aff8-dee09042da28 2.655s
2025-05-05 22:30:19.507 71458 INFO tempest.lib.common.rest_client [req-36e37beb-b86f-4b7e-89d8-15e44fecfc3b req-36e37beb-b86f-4b7e-89d8-15e44fecfc3b ] Request (FloatingIPsNegativeTestJSON:setUpClass): 201 POST http://10.180.1.21:9696/networking/v2.0/subnets 0.276s
2025-05-05 22:30:19.579 71494 INFO tempest.lib.common.rest_client [req-d98b7598-9780-42c1-b258-6b2443bfef1c req-d98b7598-9780-42c1-b258-6b2443bfef1c ] Request (ImagesOneServerNegativeTestJSON:setUpClass): 200 GET http://10.180.1.21/compute/v2.1/servers/af490d93-f4db-479d-910c-d04a97483af6 2.590s
2025-05-05 22:30:19.707 71434 INFO tempest.lib.common.rest_client [req-2044e364-176d-45b6-a5b8-8612063aec2d req-2044e364-176d-45b6-a5b8-8612063aec2d ] Request (FloatingIPsAssociationTestJSON:setUpClass): 200 GET http://10.180.1.21/compute/v2.1/servers/5d5d5686-c79e-48c5-a411-697a13820c75 2.797s
2025-05-05 22:30:19.714 71434 INFO tempest.common.waiters [-] State transition "BUILD/spawning" ==> "ACTIVE/None" after 28 second wait
2025-05-05 22:30:19.805 71468 INFO tempest.lib.common.rest_client [req-d819af9a-20fe-4019-9be9-fe501561f6d6 req-d819af9a-20fe-4019-9be9-fe501561f6d6 ] Request (DeleteServersAdminTestJSON:test_admin_delete_servers_of_others): 200 GET http://10.180.1.21/compute/v2.1/servers/1099e72b-7ad0-4289-b00f-e7daf8391afd 2.579s
2025-05-05 22:30:19.943 71476 INFO tempest.lib.common.rest_client [req-a3940c07-231a-420e-a613-d330c42d014c req-a3940c07-231a-420e-a613-d330c42d014c ] Request (ServerDiagnosticsNegativeTest:test_get_server_diagnostics_by_non_admin): 200 GET http://10.180.1.21/compute/v2.1/servers/d00b626d-7121-46a9-ad1e-450c3db22e2d 2.592s
2025-05-05 22:30:19.951 71476 INFO tempest.common.waiters [-] State transition "BUILD/spawning" ==> "ACTIVE/None" after 28 second wait
2025-05-05 22:30:19.986 71450 INFO tempest.lib.common.rest_client [req-7161663e-0496-4f73-8ae7-3ee621a9a379 req-7161663e-0496-4f73-8ae7-3ee621a9a379 ] Request (ServersTestJSON:setUpClass): 200 GET http://10.180.1.21/compute/v2.1/servers/81fad1b3-397f-43ab-ae9c-bfa328e62a35 2.909s
2025-05-05 22:30:19.995 71450 INFO tempest.common.waiters [-] State transition "BUILD/None" ==> "BUILD/spawning" after 9 second wait
2025-05-05 22:30:20.016 71442 INFO tempest.lib.common.rest_client [req-95a49ecb-ad7e-422e-90f9-939d2a095317 req-95a49ecb-ad7e-422e-90f9-939d2a095317 ] Request (FlavorsAdminTestJSON:test_create_list_flavor_without_extra_data): 200 POST http://10.180.1.21/compute/v2.1/flavors 2.553s
2025-05-05 22:30:20.083 71438 INFO tempest.lib.common.rest_client [req-a6b67502-79c6-4def-8439-1e973dd7ddf0 req-a6b67502-79c6-4def-8439-1e973dd7ddf0 ] Request (SecurityGroupsTestJSON:test_list_security_groups_by_server): 200 GET http://10.180.1.21/compute/v2.1/servers/3e34f4a1-7c1b-42bc-9e07-3233630ceeef/os-security-groups 2.661s
2025-05-05 22:30:20.150 71474 INFO tempest.lib.common.rest_client [req-4a28ff48-6d62-4180-97c9-d51a84e637a6 req-4a28ff48-6d62-4180-97c9-d51a84e637a6 ] Request (AttachInterfacesV270Test:test_create_get_list_interfaces): 200 GET http://10.180.1.21/compute/v2.1/servers/5beeda39-74da-4bc1-a981-4999157823be 2.440s
2025-05-05 22:30:20.464 71492 INFO tempest.lib.common.rest_client [req-2d533fc8-7d0d-480e-ab0d-333c38a8d8a1 req-2d533fc8-7d0d-480e-ab0d-333c38a8d8a1 ] Request (ServersAdminTestJSON:setUpClass): 200 GET http://10.180.1.21/compute/v2.1/servers/7908850c-f4b3-41ac-9c4a-41c21151041c 2.843s
2025-05-05 22:30:20.529 71478 INFO tempest.lib.common.rest_client [req-a6e7d0c8-84a4-4b1a-9473-3a052200e43c req-a6e7d0c8-84a4-4b1a-9473-3a052200e43c ] Request (QuotasAdminTestJSON:_run_cleanups): 200 PUT http://10.180.1.21/compute/v2.1/os-quota-sets/d38bda614a754e1ea634d0b107b8d79e 2.727s
2025-05-05 22:30:20.552 71470 INFO tempest.lib.common.rest_client [req-fd391fb7-78c8-4659-b327-14d92871c1ac req-fd391fb7-78c8-4659-b327-14d92871c1ac ] Request (VolumesAdminNegativeTest:test_update_attached_volume_with_nonexistent_volume_in_body): 200 GET http://10.180.1.21/compute/v2.1/servers/c98896e0-beae-4aa6-b353-2cd3e1a390fe 2.631s
2025-05-05 22:30:20.592 71448 INFO tempest.lib.common.rest_client [req-b186649f-6d58-422b-ba1f-d80d5440d5d1 req-b186649f-6d58-422b-ba1f-d80d5440d5d1 ] Request (ServersTestManualDisk:setUpClass): 200 GET http://10.180.1.21/compute/v2.1/servers/3f10462d-646e-4cc2-ab2a-713c343edaf2 2.627s
2025-05-05 22:30:20.601 71448 INFO tempest.common.waiters [-] State transition "BUILD/scheduling" ==> "BUILD/None" after 4 second wait
2025-05-05 22:30:20.630 71472 INFO tempest.lib.common.rest_client [req-2a93e61a-cc21-46e4-92eb-05572dc68a92 req-2a93e61a-cc21-46e4-92eb-05572dc68a92 ] Request (ImagesMetadataTestJSON:test_list_image_metadata): 200 GET http://10.180.1.21/compute/v2.1/images/1f3d69ee-5a06-4c02-b5b2-10322c38e8b2/metadata 2.490s
2025-05-05 22:30:20.640 71454 INFO tempest.lib.common.rest_client [req-1b3da3f6-38ef-473c-ae9a-44dd6304b792 req-1b3da3f6-38ef-473c-ae9a-44dd6304b792 ] Request (QuotasAdminTestV257:test_get_updated_quotas): 200 GET http://10.180.1.21/identity/v3/domains?name=Default 0.072s
2025-05-05 22:30:20.645 71444 INFO tempest.lib.common.rest_client [req-3894fcf9-6a9b-41c9-96c7-ed4644d87ca0 req-3894fcf9-6a9b-41c9-96c7-ed4644d87ca0 ] Request (SecurityGroupRulesNegativeTestJSON:test_create_security_group_rule_with_invalid_to_port): 400 POST http://10.180.1.21/compute/v2.1/os-security-group-rules 2.509s
2025-05-05 22:30:20.650 71482 INFO tempest.lib.common.rest_client [req-9c3bc625-dddd-4736-89b9-bcbb25232732 req-9c3bc625-dddd-4736-89b9-bcbb25232732 ] Request (AggregatesAdminNegativeTestJSON:test_aggregate_create_with_existent_aggregate_name): 409 POST http://10.180.1.21/compute/v2.1/os-aggregates 2.477s
2025-05-05 22:30:20.652 71461 INFO tempest.lib.common.rest_client [req-c800cfef-78eb-43b7-84e8-495490f42360 req-c800cfef-78eb-43b7-84e8-495490f42360 ] Request (FlavorsAccessNegativeTestJSON:test_flavor_non_admin_remove): 403 POST http://10.180.1.21/compute/v2.1/flavors/1679825885/action 2.353s
2025-05-05 22:30:20.684 71454 INFO tempest.lib.common.rest_client [req-449887db-9431-46ba-8653-d9f2f8d346ba req-449887db-9431-46ba-8653-d9f2f8d346ba ] Request (QuotasAdminTestV257:test_get_updated_quotas): 201 POST http://10.180.1.21/identity/v3/projects 0.042s
2025-05-05 22:30:20.691 71478 INFO tempest.lib.common.rest_client [req-6cccaac9-d022-4b5d-94ef-a4ec970ae405 req-6cccaac9-d022-4b5d-94ef-a4ec970ae405 ] Request (QuotasAdminTestJSON:tearDownClass): 204 DELETE http://10.180.1.21/identity/v3/users/4c94306b14db493d9e18914adda1a47e 0.156s
2025-05-05 22:30:20.794 71454 INFO tempest.lib.common.rest_client [req-b68ecb95-7e19-4074-9447-3adf9bd9355e req-b68ecb95-7e19-4074-9447-3adf9bd9355e ] Request (QuotasAdminTestV257:test_get_updated_quotas): 200 GET http://10.180.1.21/identity/v3/domains?name=Default 0.110s
2025-05-05 22:30:20.807 71478 INFO tempest.lib.common.rest_client [req-292ee599-37fd-4b34-88f7-f4c9e5d20695 req-292ee599-37fd-4b34-88f7-f4c9e5d20695 ] Request (QuotasAdminTestJSON:tearDownClass): 204 DELETE http://10.180.1.21/identity/v3/users/d36470b92d934627a1789d9f42307cca 0.114s
2025-05-05 22:30:20.807 71478 INFO tempest.lib.common.dynamic_creds [-] Deleting project and security group for project: d38bda614a754e1ea634d0b107b8d79e
2025-05-05 22:30:20.869 71478 INFO tempest.lib.common.rest_client [req-aa617eaa-590a-4d06-9d69-9c4eacc223f3 req-aa617eaa-590a-4d06-9d69-9c4eacc223f3 ] Request (QuotasAdminTestJSON:tearDownClass): 201 POST http://10.180.1.21/identity/v3/auth/tokens 0.061s
2025-05-05 22:30:21.061 71432 INFO tempest.lib.common.rest_client [req-1e3724c7-63bf-43fa-95f6-12f8e77cb136 req-1e3724c7-63bf-43fa-95f6-12f8e77cb136 ] Request (ListImageFiltersTestJSON:setUpClass): 202 POST http://10.180.1.21/compute/v2.1/servers 2.626s
2025-05-05 22:30:21.076 71478 INFO tempest.lib.common.rest_client [req-73faf38a-ae14-4d04-9c8f-3042d418b703 req-73faf38a-ae14-4d04-9c8f-3042d418b703 ] Request (QuotasAdminTestJSON:tearDownClass): 200 GET http://10.180.1.21:9696/networking/v2.0/security-groups?tenant_id=d38bda614a754e1ea634d0b107b8d79e&name=default 0.207s
2025-05-05 22:30:21.127 71462 INFO tempest.lib.common.rest_client [req-eee33971-6e96-43df-839d-35cb5fafe50c req-eee33971-6e96-43df-839d-35cb5fafe50c ] Request (HypervisorAdminV253TestBase:test_list_show_detail_hypervisors): 200 GET http://10.180.1.21/compute/v2.1/os-hypervisors?with_servers=True 2.574s
2025-05-05 22:30:21.165 71432 INFO tempest.lib.common.rest_client [req-a048b3c0-1058-491a-be3f-d972597fd0cd req-a048b3c0-1058-491a-be3f-d972597fd0cd ] Request (ListImageFiltersTestJSON:setUpClass): 201 POST http://10.180.1.21/identity/v3/auth/tokens 0.097s
2025-05-05 22:30:21.166 71432 INFO tempest.lib.common.fixed_network [-] (ListImageFiltersTestJSON:setUpClass) Found network None available for tenant
2025-05-05 22:30:21.230 71478 INFO tempest.lib.common.rest_client [req-1bbb845d-f0c8-4d9f-879b-cc200d3a20dc req-1bbb845d-f0c8-4d9f-879b-cc200d3a20dc ] Request (QuotasAdminTestJSON:tearDownClass): 204 DELETE http://10.180.1.21:9696/networking/v2.0/security-groups/439ba160-1621-46fc-8ed5-7c86132ac4b2 0.154s
2025-05-05 22:30:21.271 71480 INFO tempest.lib.common.rest_client [req-1558ae43-e64c-466d-bec6-2130b6ee024b req-1558ae43-e64c-466d-bec6-2130b6ee024b ] Request (ServerDiagnosticsV248Test:test_get_server_diagnostics): 200 GET http://10.180.1.21/compute/v2.1/servers/951b8df7-13d8-4c88-b05d-eb31de01750a/diagnostics 2.741s
2025-05-05 22:30:21.310 71478 INFO tempest.lib.common.rest_client [req-624967e5-c829-4530-a95c-2c740d416719 req-624967e5-c829-4530-a95c-2c740d416719 ] Request (QuotasAdminTestJSON:tearDownClass): 204 DELETE http://10.180.1.21/identity/v3/projects/d38bda614a754e1ea634d0b107b8d79e 0.079s
2025-05-05 22:30:21.310 71478 INFO tempest.lib.common.dynamic_creds [-] Deleting project and security group for project: 6ef5dd858ca4479fb58f44347e245c42
2025-05-05 22:30:21.341 71488 INFO tempest.lib.common.rest_client [req-cd7583c6-1a1e-4885-a69d-c25f0f07d1cc req-cd7583c6-1a1e-4885-a69d-c25f0f07d1cc ] Request (VolumesAssistedSnapshotsTest:test_volume_assisted_snapshot_create_delete): 200 GET http://10.180.1.21/compute/v2.1/servers/d9068da9-cfe5-40fd-95b8-5c5597f5e268 2.269s
2025-05-05 22:30:21.449 71436 INFO tempest.lib.common.rest_client [req-4f8f752e-6753-4291-b267-a2fbe2c9065a req-4f8f752e-6753-4291-b267-a2fbe2c9065a ] Request (AttachInterfacesTestJSON:setUpClass): 200 PUT http://10.180.1.21:9696/networking/v2.0/routers/ddc34177-e6e1-4799-a476-495b4215cb4b/add_router_interface 3.317s
2025-05-05 22:30:21.449 71436 INFO tempest.lib.common.dynamic_creds [-] Created isolated network resources for: credentials: Credentials: {'domain_id': 'default', 'domain_name': 'Default', 'username': 'tempest-AttachInterfacesTestJSON-1065566038-project-member', 'project_domain_id': 'default', 'project_domain_name': 'Default', 'project_id': '82fcc130e05e4f82a3c8f5ec6917fac1', 'project_name': 'tempest-AttachInterfacesTestJSON-1065566038', 'tenant_id': '82fcc130e05e4f82a3c8f5ec6917fac1', 'tenant_name': 'tempest-AttachInterfacesTestJSON-1065566038', 'user_domain_id': 'default', 'user_domain_name': 'Default', 'user_id': '274f6950231c49199a6a083e7130d44a', 'system': None}, Network: {'id': '8f9074f3-ea05-4ef9-b3d9-478e7d20af6b', 'name': 'tempest-AttachInterfacesTestJSON-1212211536-network', 'tenant_id': '82fcc130e05e4f82a3c8f5ec6917fac1', 'admin_state_up': True, 'mtu': 8950, 'status': 'ACTIVE', 'subnets': [], 'shared': False, 'project_id': '82fcc130e05e4f82a3c8f5ec6917fac1', 'port_security_enabled': True, 'router:external': False, 'provider:network_type': 'vlan', 'provider:physical_network': 'default', 'provider:segmentation_id': 220, 'availability_zone_hints': [], 'availability_zones': [], 'ipv4_address_scope': None, 'ipv6_address_scope': None, 'description': '', 'tags': [], 'created_at': '2025-05-05T22:30:15Z', 'updated_at': '2025-05-05T22:30:15Z', 'revision_number': 1}, Subnet: {'id': '28b2f265-1012-4fdb-81e6-dbbe1b76d4e4', 'name': 'tempest-AttachInterfacesTestJSON-1212211536-subnet', 'tenant_id': '82fcc130e05e4f82a3c8f5ec6917fac1', 'network_id': '8f9074f3-ea05-4ef9-b3d9-478e7d20af6b', 'ip_version': 4, 'subnetpool_id': None, 'enable_dhcp': True, 'ipv6_ra_mode': None, 'ipv6_address_mode': None, 'gateway_ip': '192.168.128.1', 'cidr': '192.168.128.0/28', 'allocation_pools': [{'start': '192.168.128.2', 'end': '192.168.128.14'}], 'host_routes': [], 'dns_nameservers': [], 'description': '', 'router:external': False, 'service_types': [], 'tags': [], 'created_at': '2025-05-05T22:30:15Z', 'updated_at': '2025-05-05T22:30:15Z', 'revision_number': 0, 'project_id': '82fcc130e05e4f82a3c8f5ec6917fac1'}, Router: {'id': 'ddc34177-e6e1-4799-a476-495b4215cb4b', 'name': 'tempest-AttachInterfacesTestJSON-1212211536-router', 'tenant_id': '82fcc130e05e4f82a3c8f5ec6917fac1', 'admin_state_up': True, 'status': 'ACTIVE', 'external_gateway_info': {'network_id': '6508fbbc-68af-468f-badf-b2080c51261e', 'external_fixed_ips': [{'subnet_id': '841a887f-789b-492b-9a6a-d4f2a2b68889', 'ip_address': '10.180.180.142'}], 'enable_snat': True}, 'description': '', 'availability_zones': [], 'distributed': False, 'ha': False, 'availability_zone_hints': [], 'routes': [], 'flavor_id': None, 'tags': [], 'created_at': '2025-05-05T22:30:16Z', 'updated_at': '2025-05-05T22:30:17Z', 'revision_number': 2, 'project_id': '82fcc130e05e4f82a3c8f5ec6917fac1'}
2025-05-05 22:30:21.570 71436 INFO tempest.lib.common.rest_client [req-f6ff44b8-5aff-42b6-9089-aebf443c82ff req-f6ff44b8-5aff-42b6-9089-aebf443c82ff ] Request (AttachInterfacesTestJSON:setUpClass): 201 POST http://10.180.1.21/identity/v3/auth/tokens 0.116s
2025-05-05 22:30:21.627 71490 INFO tempest.lib.common.rest_client [req-ad58aa75-3532-4304-a1e9-13be60e78bb7 req-ad58aa75-3532-4304-a1e9-13be60e78bb7 ] Request (ServersAdmin275Test:test_rebuild_update_server_275): 202 POST http://10.180.1.21/compute/v2.1/servers/c576b9d3-e1ae-49d7-b4ea-e3e291fc7b44/action 2.407s
2025-05-05 22:30:21.714 71478 INFO tempest.lib.common.rest_client [req-3dd8e0ec-66e5-4c3e-9451-cd0cd280325d req-3dd8e0ec-66e5-4c3e-9451-cd0cd280325d ] Request (QuotasAdminTestJSON:tearDownClass): 200 GET http://10.180.1.21:9696/networking/v2.0/security-groups?tenant_id=6ef5dd858ca4479fb58f44347e245c42&name=default 0.404s
2025-05-05 22:30:21.840 71478 INFO tempest.lib.common.rest_client [req-3b04f0e4-d456-485c-ba85-771ad18fbfe6 req-3b04f0e4-d456-485c-ba85-771ad18fbfe6 ] Request (QuotasAdminTestJSON:tearDownClass): 204 DELETE http://10.180.1.21:9696/networking/v2.0/security-groups/8426c96c-283b-4eef-afb3-6fd6228c974b 0.125s
2025-05-05 22:30:21.926 71458 INFO tempest.lib.common.rest_client [req-35baf092-f080-4b8d-b077-36be68fdd85a req-35baf092-f080-4b8d-b077-36be68fdd85a ] Request (FloatingIPsNegativeTestJSON:setUpClass): 201 POST http://10.180.1.21:9696/networking/v2.0/routers 2.418s
2025-05-05 22:30:21.968 71486 INFO tempest.lib.common.rest_client [req-3dcf4164-a73c-4343-9948-6ae0cc10121d req-3dcf4164-a73c-4343-9948-6ae0cc10121d ] Request (ServersV294TestFqdnHostnames:setUpClass): 202 POST http://10.180.1.21/compute/v2.1/servers 2.991s
2025-05-05 22:30:21.986 71478 INFO tempest.lib.common.rest_client [req-3da83bf8-444b-4c05-9647-1b62df8e3d27 req-3da83bf8-444b-4c05-9647-1b62df8e3d27 ] Request (QuotasAdminTestJSON:tearDownClass): 204 DELETE http://10.180.1.21/identity/v3/projects/6ef5dd858ca4479fb58f44347e245c42 0.145s
2025-05-05 22:30:22.003 71464 INFO tempest.lib.common.rest_client [req-84ba7aff-f5c6-4adc-a6e3-bde490ab9d92 req-84ba7aff-f5c6-4adc-a6e3-bde490ab9d92 ] Request (ServerDiagnosticsTest:test_get_server_diagnostics): 202 POST http://10.180.1.21/compute/v2.1/servers 2.741s
2025-05-05 22:30:22.012 71452 INFO tempest.lib.common.rest_client [req-5244a7d2-8e7b-4f6e-b430-6f903d7f2fa3 req-5244a7d2-8e7b-4f6e-b430-6f903d7f2fa3 ] Request (ImagesTestJSON:test_create_image_from_stopped_server): 200 GET http://10.180.1.21/compute/v2.1/images/2eb77e6a-1492-476a-adac-097def596496 2.653s
2025-05-05 22:30:22.098 71440 INFO tempest.lib.common.rest_client [req-ea844cac-3fec-40f3-8d59-f751fb65cd44 req-ea844cac-3fec-40f3-8d59-f751fb65cd44 ] Request (ServersWithSpecificFlavorTestJSON:test_verify_created_server_ephemeral_disk): 200 GET http://10.180.1.21/compute/v2.1/servers/56a1dccf-2dd0-4b4d-8ddb-0092ee837752 2.438s
2025-05-05 22:30:22.111 71478 INFO tempest.lib.common.rest_client [req-f3c0b143-dc90-46e1-a61f-d24a07249f1a req-f3c0b143-dc90-46e1-a61f-d24a07249f1a ] Request (SecurityGroupsTestAdminJSON:setUpClass): 201 POST http://10.180.1.21/identity/v3/auth/tokens 0.120s
2025-05-05 22:30:22.152 71478 INFO tempest.lib.common.rest_client [req-c62ef779-23c6-4c2a-86f3-019e1a55cac3 req-c62ef779-23c6-4c2a-86f3-019e1a55cac3 ] Request (SecurityGroupsTestAdminJSON:setUpClass): 201 POST http://10.180.1.21/identity/v3/auth/tokens 0.038s
2025-05-05 22:30:22.199 71478 INFO tempest.lib.common.rest_client [req-8523686a-0622-403f-a51e-14ad432cb5ec req-8523686a-0622-403f-a51e-14ad432cb5ec ] Request (SecurityGroupsTestAdminJSON:setUpClass): 200 GET http://10.180.1.21/identity/v3/domains?name=Default 0.047s
2025-05-05 22:30:22.236 71478 INFO tempest.lib.common.rest_client [req-bd4da663-a71b-49dd-b18e-ccd41f13d086 req-bd4da663-a71b-49dd-b18e-ccd41f13d086 ] Request (SecurityGroupsTestAdminJSON:setUpClass): 201 POST http://10.180.1.21/identity/v3/projects 0.036s
2025-05-05 22:30:22.305 71484 INFO tempest.lib.common.rest_client [req-4b66ddeb-07cd-43f9-bf75-0166c71fb539 req-4b66ddeb-07cd-43f9-bf75-0166c71fb539 ] Request (InstanceActionsTestJSON:setUpClass): 200 GET http://10.180.1.21/compute/v2.1/servers/4fd900b8-cabb-482e-97bf-9663d402c228 2.519s
2025-05-05 22:30:22.317 71478 INFO tempest.lib.common.rest_client [req-94d5e28e-54c6-4de6-9f33-40c1328c12a7 req-94d5e28e-54c6-4de6-9f33-40c1328c12a7 ] Request (SecurityGroupsTestAdminJSON:setUpClass): 201 POST http://10.180.1.21/identity/v3/users 0.081s
2025-05-05 22:30:22.351 71476 INFO tempest.lib.common.rest_client [req-4a16fcf3-193b-4b92-bcb6-03abbd6b43b1 req-4a16fcf3-193b-4b92-bcb6-03abbd6b43b1 ] Request (ServerDiagnosticsNegativeTest:test_get_server_diagnostics_by_non_admin): 403 GET http://10.180.1.21/compute/v2.1/servers/d00b626d-7121-46a9-ad1e-450c3db22e2d/diagnostics 2.400s
2025-05-05 22:30:22.354 71478 INFO tempest.lib.common.rest_client [req-2ae9aac8-b2ab-4e4e-9e61-006bbf64b3bf req-2ae9aac8-b2ab-4e4e-9e61-006bbf64b3bf ] Request (SecurityGroupsTestAdminJSON:setUpClass): 200 GET http://10.180.1.21/identity/v3/roles 0.036s
2025-05-05 22:30:22.368 71442 INFO tempest.lib.common.rest_client [req-b4d86bd4-6c41-4191-a778-c8202781a7e2 req-b4d86bd4-6c41-4191-a778-c8202781a7e2 ] Request (FlavorsAdminTestJSON:test_create_list_flavor_without_extra_data): 200 GET http://10.180.1.21/compute/v2.1/flavors/792093891 2.347s
2025-05-05 22:30:22.399 71478 INFO tempest.lib.common.rest_client [req-c8158c63-ad20-4e81-ba2d-de6ed833d465 req-c8158c63-ad20-4e81-ba2d-de6ed833d465 ] Request (SecurityGroupsTestAdminJSON:setUpClass): 204 PUT http://10.180.1.21/identity/v3/projects/789651bf9ef44da7a2878e2e3d77bc4b/users/83b824f3a18c40eeb08f25a8dec6ca34/roles/c5bf870ff7ac42a2ac3a4492117f479f 0.045s
2025-05-05 22:30:22.399 71478 INFO tempest.lib.common.dynamic_creds [-] Dynamic test user 83b824f3a18c40eeb08f25a8dec6ca34 is created with scope project and roles: ['member']
2025-05-05 22:30:22.400 71478 INFO tempest.lib.common.dynamic_creds [-] Acquired dynamic creds: credentials: Credentials: {'domain_id': 'default', 'domain_name': 'Default', 'username': 'tempest-SecurityGroupsTestAdminJSON-163374210-project-member', 'project_domain_id': 'default', 'project_domain_name': 'Default', 'project_id': '789651bf9ef44da7a2878e2e3d77bc4b', 'project_name': 'tempest-SecurityGroupsTestAdminJSON-163374210', 'tenant_id': '789651bf9ef44da7a2878e2e3d77bc4b', 'tenant_name': 'tempest-SecurityGroupsTestAdminJSON-163374210', 'user_domain_id': 'default', 'user_domain_name': 'Default', 'user_id': '83b824f3a18c40eeb08f25a8dec6ca34', 'system': None}, Network: None, Subnet: None, Router: None
2025-05-05 22:30:22.400 71478 INFO tempest.lib.common.dynamic_creds [-] Created isolated network resources for: credentials: Credentials: {'domain_id': 'default', 'domain_name': 'Default', 'username': 'tempest-SecurityGroupsTestAdminJSON-163374210-project-member', 'project_domain_id': 'default', 'project_domain_name': 'Default', 'project_id': '789651bf9ef44da7a2878e2e3d77bc4b', 'project_name': 'tempest-SecurityGroupsTestAdminJSON-163374210', 'tenant_id': '789651bf9ef44da7a2878e2e3d77bc4b', 'tenant_name': 'tempest-SecurityGroupsTestAdminJSON-163374210', 'user_domain_id': 'default', 'user_domain_name': 'Default', 'user_id': '83b824f3a18c40eeb08f25a8dec6ca34', 'system': None}, Network: None, Subnet: None, Router: None
2025-05-05 22:30:22.532 71478 INFO tempest.lib.common.rest_client [req-5bd0d96c-5114-4f2f-b17c-58428c5df3fb req-5bd0d96c-5114-4f2f-b17c-58428c5df3fb ] Request (SecurityGroupsTestAdminJSON:setUpClass): 201 POST http://10.180.1.21/identity/v3/auth/tokens 0.127s
2025-05-05 22:30:22.545 71438 INFO tempest.lib.common.rest_client [req-d1a69bdf-9ec0-4f43-8965-eccbdf3a3c7e req-d1a69bdf-9ec0-4f43-8965-eccbdf3a3c7e ] Request (SecurityGroupsTestJSON:test_security_group_create_get_delete): 200 POST http://10.180.1.21/compute/v2.1/os-security-groups 2.453s
2025-05-05 22:30:22.622 71478 INFO tempest.lib.common.rest_client [req-bf0edd92-32e7-4a74-a58a-bf1ffd6bbbaa req-bf0edd92-32e7-4a74-a58a-bf1ffd6bbbaa ] Request (SecurityGroupsTestAdminJSON:setUpClass): 201 POST http://10.180.1.21/identity/v3/projects 0.090s
2025-05-05 22:30:22.708 71478 INFO tempest.lib.common.rest_client [req-513ad869-4811-4f6e-b2af-3eb08258efe4 req-513ad869-4811-4f6e-b2af-3eb08258efe4 ] Request (SecurityGroupsTestAdminJSON:setUpClass): 201 POST http://10.180.1.21/identity/v3/users 0.085s
2025-05-05 22:30:22.721 71466 INFO tempest.lib.common.rest_client [req-71330f30-6514-42df-b9a6-0dd025152e04 req-71330f30-6514-42df-b9a6-0dd025152e04 ] Request (ServerMetadataNegativeTestJSON:setUpClass): 200 GET http://10.180.1.21/compute/v2.1/servers/86e51a30-4cbd-4b56-aff8-dee09042da28 2.253s
2025-05-05 22:30:22.729 71466 INFO tempest.common.waiters [-] State transition "BUILD/spawning" ==> "ACTIVE/None" after 20 second wait
2025-05-05 22:30:22.743 71478 INFO tempest.lib.common.rest_client [req-4682c8ac-dc2a-44d7-bfca-308c5ca35e65 req-4682c8ac-dc2a-44d7-bfca-308c5ca35e65 ] Request (SecurityGroupsTestAdminJSON:setUpClass): 200 GET http://10.180.1.21/identity/v3/roles 0.035s
2025-05-05 22:30:22.787 71478 INFO tempest.lib.common.rest_client [req-b588f47e-5856-492c-90ce-cefa5c7892f4 req-b588f47e-5856-492c-90ce-cefa5c7892f4 ] Request (SecurityGroupsTestAdminJSON:setUpClass): 204 PUT http://10.180.1.21/identity/v3/projects/084ed4cc0bcb48cf817035c84b47c664/users/2b6b39d18a2242b0b520e16692ace8c8/roles/71aa86f7b3c941f3a174fc0d01f30895 0.043s
2025-05-05 22:30:22.808 71466 INFO tempest.lib.common.rest_client [req-e3340329-6883-4c4f-b54a-ad54db139b85 req-e3340329-6883-4c4f-b54a-ad54db139b85 ] Request (ServerMetadataNegativeTestJSON:test_create_server_metadata_blank_key): 201 POST http://10.180.1.21/identity/v3/auth/tokens 0.076s
2025-05-05 22:30:22.808 71466 INFO tempest.lib.common.fixed_network [-] (ServerMetadataNegativeTestJSON:test_create_server_metadata_blank_key) Found network {'id': '11a4c601-6ea4-4051-8e94-de11301d1f66', 'name': 'tempest-ServerMetadataNegativeTestJSON-2139901070-network', 'tenant_id': '472d3f623535402a8ca9ee533eb7a3c0', 'admin_state_up': True, 'mtu': 8950, 'status': 'ACTIVE', 'subnets': [], 'shared': False, 'project_id': '472d3f623535402a8ca9ee533eb7a3c0', 'port_security_enabled': True, 'router:external': False, 'provider:network_type': 'vlan', 'provider:physical_network': 'default', 'provider:segmentation_id': 601, 'availability_zone_hints': [], 'availability_zones': [], 'ipv4_address_scope': None, 'ipv6_address_scope': None, 'description': '', 'tags': [], 'created_at': '2025-05-05T22:29:49Z', 'updated_at': '2025-05-05T22:29:49Z', 'revision_number': 1} available for tenant
2025-05-05 22:30:22.819 71494 INFO tempest.lib.common.rest_client [req-def88ce7-3964-4a0a-bd01-c6be403f7d50 req-def88ce7-3964-4a0a-bd01-c6be403f7d50 ] Request (ImagesOneServerNegativeTestJSON:setUpClass): 200 GET http://10.180.1.21/compute/v2.1/servers/af490d93-f4db-479d-910c-d04a97483af6 2.229s
2025-05-05 22:30:22.829 71494 INFO tempest.common.waiters [-] State transition "BUILD/None" ==> "BUILD/networking" after 10 second wait
2025-05-05 22:30:22.862 71478 INFO tempest.lib.common.rest_client [req-71afafaf-5396-42f1-a324-5088426b62eb req-71afafaf-5396-42f1-a324-5088426b62eb ] Request (SecurityGroupsTestAdminJSON:setUpClass): 200 GET http://10.180.1.21/identity/v3/roles 0.075s
2025-05-05 22:30:22.900 71478 INFO tempest.lib.common.rest_client [req-a04b149e-3a6e-4980-9a53-8d32c12eee1e req-a04b149e-3a6e-4980-9a53-8d32c12eee1e ] Request (SecurityGroupsTestAdminJSON:setUpClass): 204 PUT http://10.180.1.21/identity/v3/projects/084ed4cc0bcb48cf817035c84b47c664/users/2b6b39d18a2242b0b520e16692ace8c8/roles/71aa86f7b3c941f3a174fc0d01f30895 0.037s
2025-05-05 22:30:22.900 71478 INFO tempest.lib.common.dynamic_creds [-] Dynamic test user 2b6b39d18a2242b0b520e16692ace8c8 is created with scope project and roles: ['admin']
2025-05-05 22:30:22.900 71478 INFO tempest.lib.common.dynamic_creds [-] Acquired dynamic creds: credentials: Credentials: {'domain_id': 'default', 'domain_name': 'Default', 'username': 'tempest-SecurityGroupsTestAdminJSON-1609607780-project-admin', 'project_domain_id': 'default', 'project_domain_name': 'Default', 'project_id': '084ed4cc0bcb48cf817035c84b47c664', 'project_name': 'tempest-SecurityGroupsTestAdminJSON-1609607780', 'tenant_id': '084ed4cc0bcb48cf817035c84b47c664', 'tenant_name': 'tempest-SecurityGroupsTestAdminJSON-1609607780', 'user_domain_id': 'default', 'user_domain_name': 'Default', 'user_id': '2b6b39d18a2242b0b520e16692ace8c8', 'system': None}, Network: None, Subnet: None, Router: None
