2025-05-05 22:31:36.497 71490 INFO tempest.lib.common.rest_client [req-3a10e000-b7b8-406d-9de3-71e231b26695 req-3a10e000-b7b8-406d-9de3-71e231b26695 ] Request (KeyPairsV22TestJSON:test_keypairs_create_list_delete): 201 POST http://10.180.1.21/compute/v2.1/os-keypairs 0.095s
2025-05-05 22:31:36.531 71466 INFO tempest.lib.common.rest_client [req-fd3519c8-4c42-45e2-8ea9-016861f187d6 req-fd3519c8-4c42-45e2-8ea9-016861f187d6 ] Request (ServerMetadataNegativeTestJSON:tearDownClass): 204 DELETE http://10.180.1.21:9696/networking/v2.0/security-groups/412b855c-5a93-42dc-957f-1727cad30bcc 0.095s
2025-05-05 22:31:36.569 71454 INFO tempest.lib.common.rest_client [req-4c910eb8-a8e3-48d1-83ea-09019e2537df req-4c910eb8-a8e3-48d1-83ea-09019e2537df ] Request (ServersTestMultiNic:test_verify_duplicate_network_nics): 200 GET http://10.180.1.21/compute/v2.1/servers/2d68e334-3f17-424e-a462-b8ab10f8cbb3 0.183s
2025-05-05 22:31:36.569 71458 INFO tempest.lib.common.rest_client [req-da60017b-b22d-4900-b38e-6508168e2572 req-da60017b-b22d-4900-b38e-6508168e2572 ] Request (ServerMetadataTestJSON:setUp): 200 PUT http://10.180.1.21/compute/v2.1/servers/5e954dd4-d026-48c9-8cfa-4b224e9b2c16/metadata 0.120s
2025-05-05 22:31:36.609 71490 INFO tempest.lib.common.rest_client [req-9626679b-5236-4ac6-9621-3d8ea34f6d88 req-9626679b-5236-4ac6-9621-3d8ea34f6d88 ] Request (KeyPairsV22TestJSON:test_keypairs_create_list_delete): 201 POST http://10.180.1.21/compute/v2.1/os-keypairs 0.110s
2025-05-05 22:31:36.638 71442 INFO tempest.lib.common.rest_client [req-e12002ba-3db9-4ce1-bc3c-7e4c0d82f029 req-e12002ba-3db9-4ce1-bc3c-7e4c0d82f029 ] Request (AttachVolumeNegativeTest:test_attach_attached_volume_to_different_server): 200 GET http://10.180.1.21/compute/v2.1/servers/0d8f036f-f0f4-4a10-ae2c-070aef7a9e78 0.173s
2025-05-05 22:31:36.668 71458 INFO tempest.lib.common.rest_client [req-5b8784b0-3a67-4c7f-b751-fbef6d86fad3 req-5b8784b0-3a67-4c7f-b751-fbef6d86fad3 ] Request (ServerMetadataTestJSON:test_list_server_metadata): 200 GET http://10.180.1.21/compute/v2.1/servers/5e954dd4-d026-48c9-8cfa-4b224e9b2c16/metadata 0.098s
2025-05-05 22:31:36.672 71466 INFO tempest.lib.common.rest_client [req-0df6863b-9010-496b-a08b-69dfdd7bdec5 req-0df6863b-9010-496b-a08b-69dfdd7bdec5 ] Request (ServerMetadataNegativeTestJSON:tearDownClass): 204 DELETE http://10.180.1.21/identity/v3/projects/472d3f623535402a8ca9ee533eb7a3c0 0.141s
2025-05-05 22:31:36.674 71466 INFO tempest.test [-] raised in AttachVolumeMultiAttachTest.setUpClass. Invoking tearDownClass.
2025-05-05 22:31:36.680 71434 INFO tempest.lib.common.rest_client [req-cd9f4461-57b9-46d7-9715-5048dcb961f5 req-cd9f4461-57b9-46d7-9715-5048dcb961f5 ] Request (FloatingIPsAssociationTestJSON:tearDownClass): 200 GET http://10.180.1.21/compute/v2.1/servers/52179727-7607-4992-bb0e-2b9ec89ae1eb 0.118s
2025-05-05 22:31:36.699 71490 INFO tempest.lib.common.rest_client [req-1fc9244d-e426-4ebe-9786-c298f5adbc42 req-1fc9244d-e426-4ebe-9786-c298f5adbc42 ] Request (KeyPairsV22TestJSON:test_keypairs_create_list_delete): 201 POST http://10.180.1.21/compute/v2.1/os-keypairs 0.087s
2025-05-05 22:31:36.729 71438 INFO tempest.lib.common.rest_client [req-53fbc4cf-7f0d-4e38-916b-b3d17d1a57aa req-53fbc4cf-7f0d-4e38-916b-b3d17d1a57aa ] Request (SecurityGroupsTestJSON:test_server_security_groups): 200 GET http://10.180.1.21/compute/v2.1/servers/0c57c50d-b602-4936-8d90-d947cedf6a0f 0.091s
2025-05-05 22:31:36.730 71470 WARNING tempest.lib.common.ssh [-] Failed to establish authenticated ssh connection to cirros@10.180.180.247 ([Errno None] Unable to connect to port 22 on 10.180.180.247). Number attempts: 7. Retry after 8 seconds.: paramiko.ssh_exception.NoValidConnectionsError: [Errno None] Unable to connect to port 22 on 10.180.180.247
2025-05-05 22:31:36.745 71466 INFO tempest.lib.common.rest_client [req-02f4138e-8de5-4bce-9d83-c9b24f30871f req-02f4138e-8de5-4bce-9d83-c9b24f30871f ] Request (VolumesGetTestJSON:setUpClass): 201 POST http://10.180.1.21/identity/v3/auth/tokens 0.069s
2025-05-05 22:31:36.764 71458 INFO tempest.lib.common.rest_client [req-38521846-a9ee-4905-aede-fd3d2bdad5f5 req-38521846-a9ee-4905-aede-fd3d2bdad5f5 ] Request (ServerMetadataTestJSON:setUp): 200 PUT http://10.180.1.21/compute/v2.1/servers/5e954dd4-d026-48c9-8cfa-4b224e9b2c16/metadata 0.093s
2025-05-05 22:31:36.773 71490 INFO tempest.lib.common.rest_client [req-4e576a26-dd6f-4c08-848c-39687a3515f1 req-4e576a26-dd6f-4c08-848c-39687a3515f1 ] Request (KeyPairsV22TestJSON:test_keypairs_create_list_delete): 200 GET http://10.180.1.21/compute/v2.1/os-keypairs 0.072s
2025-05-05 22:31:36.784 71466 INFO tempest.lib.common.rest_client [req-4c05e0aa-a01c-4d8a-a966-3e1edfb20049 req-4c05e0aa-a01c-4d8a-a966-3e1edfb20049 ] Request (VolumesGetTestJSON:setUpClass): 201 POST http://10.180.1.21/identity/v3/auth/tokens 0.036s
2025-05-05 22:31:36.813 71466 INFO tempest.lib.common.rest_client [req-89f76692-5860-45e1-a618-773c1cfc2845 req-89f76692-5860-45e1-a618-773c1cfc2845 ] Request (VolumesGetTestJSON:setUpClass): 200 GET http://10.180.1.21/identity/v3/domains?name=Default 0.027s
2025-05-05 22:31:36.825 71478 INFO tempest.lib.common.rest_client [req-74e8ae19-703b-44a7-9a4e-97da3c495c8b req-74e8ae19-703b-44a7-9a4e-97da3c495c8b ] Request (FloatingIPsAssociationNegativeTestJSON:setUpClass): 200 GET http://10.180.1.21/compute/v2.1/servers/a593e2ed-9c12-430e-be17-38990a4dd8a6 0.114s
2025-05-05 22:31:36.849 71466 INFO tempest.lib.common.rest_client [req-5a583d0b-0eb9-40e4-a867-bf69ea433a9a req-5a583d0b-0eb9-40e4-a867-bf69ea433a9a ] Request (VolumesGetTestJSON:setUpClass): 201 POST http://10.180.1.21/identity/v3/projects 0.035s
2025-05-05 22:31:36.852 71440 WARNING tempest.lib.common.ssh [-] Failed to establish authenticated ssh connection to cirros@10.180.180.166 ([Errno None] Unable to connect to port 22 on 10.180.180.166). Number attempts: 7. Retry after 8 seconds.: paramiko.ssh_exception.NoValidConnectionsError: [Errno None] Unable to connect to port 22 on 10.180.180.166
2025-05-05 22:31:36.882 71462 INFO tempest.lib.common.rest_client [req-9a2e11e7-f33b-47e9-83c2-7ea3a2ab156d req-9a2e11e7-f33b-47e9-83c2-7ea3a2ab156d ] Request (MigrationsAdminTest:test_list_migrations_in_flavor_resize_situation): 200 GET http://10.180.1.21/compute/v2.1/servers/b2f9536e-f32c-4e94-bb2f-eced831895f4 0.150s
2025-05-05 22:31:36.899 71452 INFO tempest.lib.common.rest_client [req-840c1c31-b166-495a-ac7d-976a2c2316d5 req-840c1c31-b166-495a-ac7d-976a2c2316d5 ] Request (ImagesTestJSON:test_create_image_from_suspended_server): 200 GET http://10.180.1.21/compute/v2.1/servers/c848e65e-79ba-4edc-afb5-6c511c0fde71 0.219s
2025-05-05 22:31:36.913 71490 INFO tempest.lib.common.rest_client [req-a56a9d05-79cf-4d83-8218-bc1aa84d859f req-a56a9d05-79cf-4d83-8218-bc1aa84d859f ] Request (KeyPairsV22TestJSON:_run_cleanups): 204 DELETE http://10.180.1.21/compute/v2.1/os-keypairs/tempest-KeyPairsV22TestJSON-keypair-1399261214 0.138s
2025-05-05 22:31:36.932 71466 INFO tempest.lib.common.rest_client [req-5f8bc237-1fce-4cf0-92d0-8a2ddc8aa77f req-5f8bc237-1fce-4cf0-92d0-8a2ddc8aa77f ] Request (VolumesGetTestJSON:setUpClass): 201 POST http://10.180.1.21/identity/v3/users 0.083s
2025-05-05 22:31:36.946 71458 INFO tempest.lib.common.rest_client [req-dbc3611f-359c-4c58-938d-2c8d581e267f req-dbc3611f-359c-4c58-938d-2c8d581e267f ] Request (ServerMetadataTestJSON:test_set_server_metadata): 200 PUT http://10.180.1.21/compute/v2.1/servers/5e954dd4-d026-48c9-8cfa-4b224e9b2c16/metadata 0.181s
2025-05-05 22:31:36.958 71466 INFO tempest.lib.common.rest_client [req-0557e077-8bfd-4961-8fff-e01abe99c9cb req-0557e077-8bfd-4961-8fff-e01abe99c9cb ] Request (VolumesGetTestJSON:setUpClass): 200 GET http://10.180.1.21/identity/v3/roles 0.025s
2025-05-05 22:31:36.968 71492 INFO tempest.lib.common.rest_client [req-ea114072-dd70-493a-8377-701b16c0d5ac req-ea114072-dd70-493a-8377-701b16c0d5ac ] Request (ServersAdminTestJSON:test_inject_network_info): 200 GET http://10.180.1.21/compute/v2.1/servers/a02f0c97-1cb9-4c0e-8787-583f9c1c4688 0.182s
2025-05-05 22:31:36.987 71490 INFO tempest.lib.common.rest_client [req-7e4d9a6f-62fe-4b6c-85eb-41f493a3bf8d req-7e4d9a6f-62fe-4b6c-85eb-41f493a3bf8d ] Request (KeyPairsV22TestJSON:_run_cleanups): 204 DELETE http://10.180.1.21/compute/v2.1/os-keypairs/tempest-KeyPairsV22TestJSON-keypair-130854381 0.073s
2025-05-05 22:31:36.989 71466 INFO tempest.lib.common.rest_client [req-9361be74-c7f4-42e3-ac4d-4340b78e01bd req-9361be74-c7f4-42e3-ac4d-4340b78e01bd ] Request (VolumesGetTestJSON:setUpClass): 204 PUT http://10.180.1.21/identity/v3/projects/37da9453c643453a8e5aa0a3fb73b4d0/users/11aab5443e1745eebe6c9ac6ebce1886/roles/c5bf870ff7ac42a2ac3a4492117f479f 0.031s
2025-05-05 22:31:36.989 71466 INFO tempest.lib.common.dynamic_creds [-] Dynamic test user 11aab5443e1745eebe6c9ac6ebce1886 is created with scope project and roles: ['member']
2025-05-05 22:31:36.990 71466 INFO tempest.lib.common.dynamic_creds [-] Acquired dynamic creds: credentials: Credentials: {'domain_id': 'default', 'domain_name': 'Default', 'username': 'tempest-VolumesGetTestJSON-1834712093-project-member', 'project_domain_id': 'default', 'project_domain_name': 'Default', 'project_id': '37da9453c643453a8e5aa0a3fb73b4d0', 'project_name': 'tempest-VolumesGetTestJSON-1834712093', 'tenant_id': '37da9453c643453a8e5aa0a3fb73b4d0', 'tenant_name': 'tempest-VolumesGetTestJSON-1834712093', 'user_domain_id': 'default', 'user_domain_name': 'Default', 'user_id': '11aab5443e1745eebe6c9ac6ebce1886', 'system': None}, Network: None, Subnet: None, Router: None
2025-05-05 22:31:36.990 71466 INFO tempest.lib.common.dynamic_creds [-] Created isolated network resources for: credentials: Credentials: {'domain_id': 'default', 'domain_name': 'Default', 'username': 'tempest-VolumesGetTestJSON-1834712093-project-member', 'project_domain_id': 'default', 'project_domain_name': 'Default', 'project_id': '37da9453c643453a8e5aa0a3fb73b4d0', 'project_name': 'tempest-VolumesGetTestJSON-1834712093', 'tenant_id': '37da9453c643453a8e5aa0a3fb73b4d0', 'tenant_name': 'tempest-VolumesGetTestJSON-1834712093', 'user_domain_id': 'default', 'user_domain_name': 'Default', 'user_id': '11aab5443e1745eebe6c9ac6ebce1886', 'system': None}, Network: None, Subnet: None, Router: None
2025-05-05 22:31:37.015 71472 INFO tempest.lib.common.rest_client [req-89cf3802-3699-4a09-aece-b28e6d65cd3c req-89cf3802-3699-4a09-aece-b28e6d65cd3c ] Request (ServersListShow298Test:test_list_show_update_rebuild_server_298): 200 GET http://10.180.1.21/compute/v2.1/servers/f173acbb-196b-4e7f-bc5e-44ad94cdc9a7 0.170s
2025-05-05 22:31:37.041 71476 INFO tempest.lib.common.rest_client [req-b3141a55-ae59-4cd2-bedb-acbef463313b req-b3141a55-ae59-4cd2-bedb-acbef463313b ] Request (InstanceActionsV221TestJSON:test_get_list_deleted_instance_actions): 200 GET http://10.180.1.21/compute/v2.1/servers/e04a8ce7-624f-4c14-85b5-409ee889e92a 0.100s
2025-05-05 22:31:37.044 71458 INFO tempest.lib.common.rest_client [req-a6283b42-5619-4493-a2d0-53c14d6b5a07 req-a6283b42-5619-4493-a2d0-53c14d6b5a07 ] Request (ServerMetadataTestJSON:test_set_server_metadata): 200 GET http://10.180.1.21/compute/v2.1/servers/5e954dd4-d026-48c9-8cfa-4b224e9b2c16/metadata 0.096s
2025-05-05 22:31:37.062 71490 INFO tempest.lib.common.rest_client [req-ba65408f-5111-4cb3-bf4e-afe0e7dfaeca req-ba65408f-5111-4cb3-bf4e-afe0e7dfaeca ] Request (KeyPairsV22TestJSON:_run_cleanups): 204 DELETE http://10.180.1.21/compute/v2.1/os-keypairs/tempest-KeyPairsV22TestJSON-keypair-412744415 0.074s
2025-05-05 22:31:37.082 71466 INFO tempest.lib.common.rest_client [req-320f94e3-ed0f-45c5-9513-5df76445deb1 req-320f94e3-ed0f-45c5-9513-5df76445deb1 ] Request (VolumesGetTestJSON:setUpClass): 201 POST http://10.180.1.21/identity/v3/auth/tokens 0.089s
2025-05-05 22:31:37.099 71444 INFO tempest.lib.common.rest_client [req-43469765-4937-4676-8bb5-5e00b4fa5bf4 req-43469765-4937-4676-8bb5-5e00b4fa5bf4 ] Request (ServersTestBootFromVolume:setUpClass): 200 GET http://10.180.1.21/compute/v2.1/servers/d760b9b9-a311-474b-99f8-b3397ade6488 0.149s
2025-05-05 22:31:37.127 71446 INFO tempest.lib.common.rest_client [req-6f35574c-e40c-49e3-87df-159fa7964716 req-6f35574c-e40c-49e3-87df-159fa7964716 ] Request (ServerPasswordTestJSON:setUpClass): 200 GET http://10.180.1.21/compute/v2.1/servers/7cad0b0a-a3a0-48a6-84eb-b674e7b96363 0.112s
2025-05-05 22:31:37.135 71446 INFO tempest.common.waiters [-] State transition "BUILD/scheduling" ==> "BUILD/None" after 33 second wait
2025-05-05 22:31:37.170 71480 INFO tempest.lib.common.rest_client [req-48f21764-8d4c-4484-936f-2cd0bce9ff22 req-48f21764-8d4c-4484-936f-2cd0bce9ff22 ] Request (ServerActionsV293TestJSON:setUpClass): 200 GET http://10.180.1.21/compute/v2.1/servers/35739b42-c8b6-40a7-a0e7-7d62a708ff1b 0.151s
2025-05-05 22:31:37.209 71490 INFO tempest.lib.common.rest_client [req-13d798a6-98bb-4b67-839b-f3b8d45a2fa4 req-13d798a6-98bb-4b67-839b-f3b8d45a2fa4 ] Request (KeyPairsV22TestJSON:test_keypairsv22_create_list_show): 201 POST http://10.180.1.21/compute/v2.1/os-keypairs 0.144s
2025-05-05 22:31:37.213 71458 INFO tempest.lib.common.rest_client [req-8716d09c-1ec0-43ae-8bd1-78064a6aa46b req-8716d09c-1ec0-43ae-8bd1-78064a6aa46b ] Request (ServerMetadataTestJSON:setUp): 200 PUT http://10.180.1.21/compute/v2.1/servers/5e954dd4-d026-48c9-8cfa-4b224e9b2c16/metadata 0.167s
2025-05-05 22:31:37.280 71464 INFO tempest.lib.common.rest_client [req-b088529f-206a-4d37-a6fa-ca628c2c363d req-b088529f-206a-4d37-a6fa-ca628c2c363d ] Request (ServerDiagnosticsTest:tearDownClass): 200 GET http://10.180.1.21/compute/v2.1/servers/666e2163-d6ac-46e8-bca6-c7fce49814a9 0.199s
2025-05-05 22:31:37.286 71448 INFO tempest.lib.common.rest_client [req-c33d8084-5130-4f47-b9ca-16b44ea40e3d req-c33d8084-5130-4f47-b9ca-16b44ea40e3d ] Request (ServersTestManualDisk:tearDownClass): 200 GET http://10.180.1.21/compute/v2.1/servers/3f10462d-646e-4cc2-ab2a-713c343edaf2 0.215s
2025-05-05 22:31:37.331 71432 INFO tempest.lib.common.rest_client [req-16ecc29f-56b7-4a34-8099-29ba6fbe5a24 req-16ecc29f-56b7-4a34-8099-29ba6fbe5a24 ] Request (ListImageFiltersTestJSON:setUpClass): 200 GET http://10.180.1.21/compute/v2.1/images/1ef43964-f4ae-4920-b5f7-9600c46e0266 0.207s
2025-05-05 22:31:37.387 71456 INFO tempest.lib.common.rest_client [req-73272df8-5c92-4eb3-8bc2-2d929d895de8 req-73272df8-5c92-4eb3-8bc2-2d929d895de8 ] Request (ServersAdminNegativeTestJSON:setUpClass): 200 GET http://10.180.1.21/compute/v2.1/servers/5d3ff322-f182-48be-9066-203f120b2512 0.256s
2025-05-05 22:31:37.398 71456 INFO tempest.common.waiters [-] State transition "BUILD/None" ==> "BUILD/networking" after 47 second wait
2025-05-05 22:31:37.449 71494 INFO tempest.lib.common.rest_client [req-caddd4d4-2b9f-4403-9f47-d35218a55be8 req-caddd4d4-2b9f-4403-9f47-d35218a55be8 ] Request (ImagesOneServerNegativeTestJSON:_run_cleanups): 200 GET http://10.180.1.21/compute/v2.1/servers/af490d93-f4db-479d-910c-d04a97483af6 0.254s
2025-05-05 22:31:37.457 71490 INFO tempest.lib.common.rest_client [req-20985a94-bc4b-44ae-8e5b-4d26bc3909aa req-20985a94-bc4b-44ae-8e5b-4d26bc3909aa ] Request (KeyPairsV22TestJSON:test_keypairsv22_create_list_show): 200 GET http://10.180.1.21/compute/v2.1/os-keypairs/tempest-keypair-1322860423 0.246s
2025-05-05 22:31:37.538 71458 INFO tempest.lib.common.rest_client [req-9552c1ef-4cd9-41a3-b797-266ffce11b83 req-9552c1ef-4cd9-41a3-b797-266ffce11b83 ] Request (ServerMetadataTestJSON:test_set_server_metadata_item): 200 PUT http://10.180.1.21/compute/v2.1/servers/5e954dd4-d026-48c9-8cfa-4b224e9b2c16/metadata/nova 0.324s
2025-05-05 22:31:37.610 71482 INFO tempest.lib.common.rest_client [req-a967e3ff-c820-45e7-8961-9ebda7e759bf req-a967e3ff-c820-45e7-8961-9ebda7e759bf ] Request (ServerExternalEventsTest:test_create_server_external_events): 200 GET http://10.180.1.21/compute/v2.1/servers/6d38db52-c6ae-4cce-9cdb-39e11eccd8fd 0.324s
2025-05-05 22:31:37.719 71466 INFO tempest.lib.common.rest_client [req-fd757945-5573-41cf-9cc5-8e14e87236e5 req-fd757945-5573-41cf-9cc5-8e14e87236e5 ] Request (VolumesGetTestJSON:test_volume_create_get_delete): 200 POST http://10.180.1.21/compute/v2.1/os-volumes 0.635s
2025-05-05 22:31:37.775 71450 INFO tempest.lib.common.rest_client [req-a276ce46-67b3-4fd7-9869-863172df5052 req-a276ce46-67b3-4fd7-9869-863172df5052 ] Request (ServersTestJSON:tearDownClass): 200 GET http://10.180.1.21/compute/v2.1/servers/81fad1b3-397f-43ab-ae9c-bfa328e62a35 0.466s
2025-05-05 22:31:37.799 71484 INFO tempest.lib.common.rest_client [req-a599d506-130f-47a3-8e8a-d9c465cebb0a req-a599d506-130f-47a3-8e8a-d9c465cebb0a ] Request (ServerActionsTestOtherB:setUpClass): 200 GET http://10.180.1.21/compute/v2.1/servers/2f9f3bdd-1c9a-456b-9959-146dc2aec368 0.422s
2025-05-05 22:31:37.818 71490 INFO tempest.lib.common.rest_client [req-429f4970-4080-4954-9395-71474cf538db req-429f4970-4080-4954-9395-71474cf538db ] Request (KeyPairsV22TestJSON:test_keypairsv22_create_list_show): 200 GET http://10.180.1.21/compute/v2.1/os-keypairs 0.358s
2025-05-05 22:31:37.844 71461 INFO tempest.lib.common.rest_client [req-09c8e8b6-ed32-4a1c-8c06-e0c586b1ca00 req-09c8e8b6-ed32-4a1c-8c06-e0c586b1ca00 ] Request (ServerAddressesNegativeTestJSON:setUpClass): 200 GET http://10.180.1.21/compute/v2.1/servers/9c79e9b0-04d2-4822-9b9e-f6958c1ff2f9 0.416s
2025-05-05 22:31:37.881 71458 INFO tempest.lib.common.rest_client [req-a08d9315-2cb1-48f5-ad19-761f76533dc4 req-a08d9315-2cb1-48f5-ad19-761f76533dc4 ] Request (ServerMetadataTestJSON:test_set_server_metadata_item): 200 GET http://10.180.1.21/compute/v2.1/servers/5e954dd4-d026-48c9-8cfa-4b224e9b2c16/metadata 0.341s
2025-05-05 22:31:37.903 71468 INFO tempest.lib.common.rest_client [req-4e1ff623-fcd6-45d1-81b5-05414a2dd5b6 req-4e1ff623-fcd6-45d1-81b5-05414a2dd5b6 ] Request (DeleteServersAdminTestJSON:test_delete_server_while_in_error_state): 200 GET http://10.180.1.21/compute/v2.1/servers/a072844a-d6f2-42e6-8ee4-6532341c7977 0.429s
2025-05-05 22:31:37.961 71442 INFO tempest.lib.common.rest_client [req-98e36c9e-f4d3-4f68-8326-1661ffa8997a req-98e36c9e-f4d3-4f68-8326-1661ffa8997a ] Request (AttachVolumeNegativeTest:test_attach_attached_volume_to_different_server): 200 GET http://10.180.1.21/compute/v2.1/servers/0d8f036f-f0f4-4a10-ae2c-070aef7a9e78 0.310s
2025-05-05 22:31:38.007 71454 INFO tempest.lib.common.rest_client [req-c32649f2-3948-4264-8f03-39228e9fb285 req-c32649f2-3948-4264-8f03-39228e9fb285 ] Request (ServersTestMultiNic:test_verify_duplicate_network_nics): 200 GET http://10.180.1.21/compute/v2.1/servers/2d68e334-3f17-424e-a462-b8ab10f8cbb3 0.429s
2025-05-05 22:31:38.025 71434 INFO tempest.lib.common.rest_client [req-00b19321-25ef-40f8-950d-e6463c864ca2 req-00b19321-25ef-40f8-950d-e6463c864ca2 ] Request (FloatingIPsAssociationTestJSON:tearDownClass): 200 GET http://10.180.1.21/compute/v2.1/servers/52179727-7607-4992-bb0e-2b9ec89ae1eb 0.337s
2025-05-05 22:31:38.057 71466 INFO tempest.lib.common.rest_client [req-de209500-b162-4709-8839-722ca8d239d4 req-de209500-b162-4709-8839-722ca8d239d4 ] Request (VolumesGetTestJSON:test_volume_create_get_delete): 200 GET http://10.180.1.21/compute/v2.1/os-volumes/7922d95e-5011-4cc5-a239-0d6d8a527a07 0.333s
2025-05-05 22:31:38.060 71466 INFO tempest.common.waiters [-] volume 7922d95e-5011-4cc5-a239-0d6d8a527a07 reached available after waiting for 0.060464 seconds
2025-05-05 22:31:38.076 71490 INFO tempest.lib.common.rest_client [req-2b951128-e041-495a-b127-a18fa4704623 req-2b951128-e041-495a-b127-a18fa4704623 ] Request (KeyPairsV22TestJSON:_run_cleanups): 204 DELETE http://10.180.1.21/compute/v2.1/os-keypairs/tempest-keypair-1322860423 0.255s
2025-05-05 22:31:38.084 71438 INFO tempest.lib.common.rest_client [req-10b0e8dc-d7b3-42b2-ad39-90a2da156107 req-10b0e8dc-d7b3-42b2-ad39-90a2da156107 ] Request (SecurityGroupsTestJSON:test_server_security_groups): 200 GET http://10.180.1.21/compute/v2.1/servers/0c57c50d-b602-4936-8d90-d947cedf6a0f 0.347s
2025-05-05 22:31:38.129 71478 INFO tempest.lib.common.rest_client [req-5a90339c-9819-44b6-a98a-7cf4708e8242 req-5a90339c-9819-44b6-a98a-7cf4708e8242 ] Request (FloatingIPsAssociationNegativeTestJSON:setUpClass): 200 GET http://10.180.1.21/compute/v2.1/servers/a593e2ed-9c12-430e-be17-38990a4dd8a6 0.290s
2025-05-05 22:31:38.158 71458 INFO tempest.lib.common.rest_client [req-a99232ca-e0d5-489a-92eb-752502f2c716 req-a99232ca-e0d5-489a-92eb-752502f2c716 ] Request (ServerMetadataTestJSON:setUp): 200 PUT http://10.180.1.21/compute/v2.1/servers/5e954dd4-d026-48c9-8cfa-4b224e9b2c16/metadata 0.274s
2025-05-05 22:31:38.186 71462 INFO tempest.lib.common.rest_client [req-58e2a08a-6d46-4b8b-8b50-d0588340de14 req-58e2a08a-6d46-4b8b-8b50-d0588340de14 ] Request (MigrationsAdminTest:test_list_migrations_in_flavor_resize_situation): 200 GET http://10.180.1.21/compute/v2.1/servers/b2f9536e-f32c-4e94-bb2f-eced831895f4 0.292s
2025-05-05 22:31:38.259 71492 INFO tempest.lib.common.rest_client [req-43f3a4da-9898-496e-a23a-e17274a1df01 req-43f3a4da-9898-496e-a23a-e17274a1df01 ] Request (ServersAdminTestJSON:test_inject_network_info): 200 GET http://10.180.1.21/compute/v2.1/servers/a02f0c97-1cb9-4c0e-8787-583f9c1c4688 0.279s
2025-05-05 22:31:38.282 71452 INFO tempest.lib.common.rest_client [req-8304a10e-1a0f-472a-b0cc-582ea94204bf req-8304a10e-1a0f-472a-b0cc-582ea94204bf ] Request (ImagesTestJSON:test_create_image_from_suspended_server): 200 GET http://10.180.1.21/compute/v2.1/servers/c848e65e-79ba-4edc-afb5-6c511c0fde71 0.373s
2025-05-05 22:31:38.322 71472 INFO tempest.lib.common.rest_client [req-993e51ea-3bd1-42bd-b4bc-cd64c97a3a28 req-993e51ea-3bd1-42bd-b4bc-cd64c97a3a28 ] Request (ServersListShow298Test:test_list_show_update_rebuild_server_298): 200 GET http://10.180.1.21/compute/v2.1/servers/f173acbb-196b-4e7f-bc5e-44ad94cdc9a7 0.294s
2025-05-05 22:31:38.333 71472 INFO tempest.common.waiters [-] State transition "BUILD/spawning" ==> "ACTIVE/None" after 53 second wait
2025-05-05 22:31:38.339 71476 INFO tempest.lib.common.rest_client [req-5f0c1dd3-1d2e-4e67-b5db-88fce0a79bec req-5f0c1dd3-1d2e-4e67-b5db-88fce0a79bec ] Request (InstanceActionsV221TestJSON:test_get_list_deleted_instance_actions): 200 GET http://10.180.1.21/compute/v2.1/servers/e04a8ce7-624f-4c14-85b5-409ee889e92a 0.287s
2025-05-05 22:31:38.355 71466 INFO tempest.lib.common.rest_client [req-6cdc9c29-bdb7-48b1-9dd6-46740b6f6143 req-6cdc9c29-bdb7-48b1-9dd6-46740b6f6143 ] Request (VolumesGetTestJSON:test_volume_create_get_delete): 200 GET http://10.180.1.21/compute/v2.1/os-volumes/7922d95e-5011-4cc5-a239-0d6d8a527a07 0.294s
2025-05-05 22:31:38.403 71444 INFO tempest.lib.common.rest_client [req-4f84e6d4-cf23-42a7-89d8-5ed51f8da9b6 req-4f84e6d4-cf23-42a7-89d8-5ed51f8da9b6 ] Request (ServersTestBootFromVolume:setUpClass): 200 GET http://10.180.1.21/compute/v2.1/servers/d760b9b9-a311-474b-99f8-b3397ade6488 0.296s
2025-05-05 22:31:38.453 71446 INFO tempest.lib.common.rest_client [req-f215a270-87a7-471d-8903-07f23d8d9a80 req-f215a270-87a7-471d-8903-07f23d8d9a80 ] Request (ServerPasswordTestJSON:setUpClass): 200 GET http://10.180.1.21/compute/v2.1/servers/7cad0b0a-a3a0-48a6-84eb-b674e7b96363 0.318s
2025-05-05 22:31:38.507 71458 INFO tempest.lib.common.rest_client [req-a5a4c24e-0b26-4f8d-bd87-9df7a5accec6 req-a5a4c24e-0b26-4f8d-bd87-9df7a5accec6 ] Request (ServerMetadataTestJSON:test_update_metadata_empty_body): 200 POST http://10.180.1.21/compute/v2.1/servers/5e954dd4-d026-48c9-8cfa-4b224e9b2c16/metadata 0.348s
2025-05-05 22:31:38.537 71490 INFO tempest.lib.common.rest_client [req-fd5669b9-b6fb-455e-92a3-4226f6703d65 req-fd5669b9-b6fb-455e-92a3-4226f6703d65 ] Request (KeyPairsV22TestJSON:test_keypairsv22_create_list_show_with_type): 201 POST http://10.180.1.21/compute/v2.1/os-keypairs 0.459s
2025-05-05 22:31:38.566 71480 INFO tempest.lib.common.rest_client [req-b1409ea0-bc3d-472f-bae9-27c933331375 req-b1409ea0-bc3d-472f-bae9-27c933331375 ] Request (ServerActionsV293TestJSON:setUpClass): 200 GET http://10.180.1.21/compute/v2.1/servers/35739b42-c8b6-40a7-a0e7-7d62a708ff1b 0.380s
2025-05-05 22:31:38.600 71464 INFO tempest.lib.common.rest_client [req-1aadae67-e558-4c23-bd14-ae81674281c2 req-1aadae67-e558-4c23-bd14-ae81674281c2 ] Request (ServerDiagnosticsTest:tearDownClass): 200 GET http://10.180.1.21/compute/v2.1/servers/666e2163-d6ac-46e8-bca6-c7fce49814a9 0.309s
2025-05-05 22:31:38.623 71448 INFO tempest.lib.common.rest_client [req-ebe9c360-3ddc-423e-b20b-2e7dbcc4092d req-ebe9c360-3ddc-423e-b20b-2e7dbcc4092d ] Request (ServersTestManualDisk:tearDownClass): 200 GET http://10.180.1.21/compute/v2.1/servers/3f10462d-646e-4cc2-ab2a-713c343edaf2 0.326s
2025-05-05 22:31:38.661 71432 INFO tempest.lib.common.rest_client [req-979e7c84-0b75-48b9-a05f-7b5c0b16dd34 req-979e7c84-0b75-48b9-a05f-7b5c0b16dd34 ] Request (ListImageFiltersTestJSON:setUpClass): 200 GET http://10.180.1.21/compute/v2.1/images/1ef43964-f4ae-4920-b5f7-9600c46e0266 0.325s
2025-05-05 22:31:38.724 71466 INFO tempest.lib.common.rest_client [req-e23b62a0-7598-4e77-8603-0d39f882e4a6 req-e23b62a0-7598-4e77-8603-0d39f882e4a6 ] Request (VolumesGetTestJSON:tearDownClass): 202 DELETE http://10.180.1.21/compute/v2.1/os-volumes/7922d95e-5011-4cc5-a239-0d6d8a527a07 0.364s
2025-05-05 22:31:38.771 71472 INFO tempest.lib.common.rest_client [req-9721da79-1c5c-4a70-88ea-ad6fe8e68965 req-9721da79-1c5c-4a70-88ea-ad6fe8e68965 ] Request (ServersListShow298Test:test_list_show_update_rebuild_server_298): 200 GET http://10.180.1.21/compute/v2.1/servers/detail 0.438s
2025-05-05 22:31:38.841 71494 INFO tempest.lib.common.rest_client [req-8c5fce2b-7ffa-4b5b-97fc-0a3f9ce7edf9 req-8c5fce2b-7ffa-4b5b-97fc-0a3f9ce7edf9 ] Request (ImagesOneServerNegativeTestJSON:_run_cleanups): 200 GET http://10.180.1.21/compute/v2.1/servers/af490d93-f4db-479d-910c-d04a97483af6 0.383s
2025-05-05 22:31:38.872 71458 INFO tempest.lib.common.rest_client [req-3bad868a-ee19-4c1b-a537-f9e4242f769f req-3bad868a-ee19-4c1b-a537-f9e4242f769f ] Request (ServerMetadataTestJSON:test_update_metadata_empty_body): 200 GET http://10.180.1.21/compute/v2.1/servers/5e954dd4-d026-48c9-8cfa-4b224e9b2c16/metadata 0.364s
2025-05-05 22:31:38.887 71490 INFO tempest.lib.common.rest_client [req-7eb1bb01-73b0-4c9e-96c3-9659efe8c32a req-7eb1bb01-73b0-4c9e-96c3-9659efe8c32a ] Request (KeyPairsV22TestJSON:test_keypairsv22_create_list_show_with_type): 200 GET http://10.180.1.21/compute/v2.1/os-keypairs/tempest-keypair-1513171661 0.348s
2025-05-05 22:31:38.889 71456 INFO tempest.lib.common.rest_client [req-0f8800a1-61b4-4c62-a413-32054e79e47a req-0f8800a1-61b4-4c62-a413-32054e79e47a ] Request (ServersAdminNegativeTestJSON:setUpClass): 200 GET http://10.180.1.21/compute/v2.1/servers/5d3ff322-f182-48be-9066-203f120b2512 0.490s
2025-05-05 22:31:38.897 71456 INFO tempest.common.waiters [-] State transition "BUILD/networking" ==> "BUILD/spawning" after 48 second wait
2025-05-05 22:31:38.916 71466 INFO tempest.lib.common.rest_client [req-b18b0ed3-33ca-4718-8a09-b4288ea0e58f req-b18b0ed3-33ca-4718-8a09-b4288ea0e58f ] Request (VolumesGetTestJSON:tearDownClass): 404 GET http://10.180.1.21/compute/v2.1/os-volumes/7922d95e-5011-4cc5-a239-0d6d8a527a07 0.191s
2025-05-05 22:31:38.945 71482 INFO tempest.lib.common.rest_client [req-1d00e242-ef0b-4029-8874-12e612602789 req-1d00e242-ef0b-4029-8874-12e612602789 ] Request (ServerExternalEventsTest:test_create_server_external_events): 200 GET http://10.180.1.21/compute/v2.1/servers/6d38db52-c6ae-4cce-9cdb-39e11eccd8fd 0.322s
2025-05-05 22:31:38.986 71472 INFO tempest.lib.common.rest_client [req-b0c74f0d-70ff-4401-ade1-10457eef8904 req-b0c74f0d-70ff-4401-ade1-10457eef8904 ] Request (ServersListShow298Test:test_list_show_update_rebuild_server_298): 200 GET http://10.180.1.21/compute/v2.1/servers/f173acbb-196b-4e7f-bc5e-44ad94cdc9a7 0.203s
2025-05-05 22:31:39.046 71484 INFO tempest.lib.common.rest_client [req-18cf963d-dd5b-4a45-a018-c08eab37b65e req-18cf963d-dd5b-4a45-a018-c08eab37b65e ] Request (ServerActionsTestOtherB:setUpClass): 200 GET http://10.180.1.21/compute/v2.1/servers/2f9f3bdd-1c9a-456b-9959-146dc2aec368 0.236s
2025-05-05 22:31:39.055 71466 INFO tempest.lib.common.rest_client [req-568f78ab-70ca-4d52-80e6-c4ddd03256dc req-568f78ab-70ca-4d52-80e6-c4ddd03256dc ] Request (VolumesGetTestJSON:tearDownClass): 204 DELETE http://10.180.1.21/identity/v3/users/11aab5443e1745eebe6c9ac6ebce1886 0.139s
2025-05-05 22:31:39.055 71466 INFO tempest.lib.common.dynamic_creds [-] Deleting project and security group for project: 37da9453c643453a8e5aa0a3fb73b4d0
2025-05-05 22:31:39.060 71450 INFO tempest.lib.common.rest_client [req-48db3be1-0847-4c06-943a-2ca7b1f311b8 req-48db3be1-0847-4c06-943a-2ca7b1f311b8 ] Request (ServersTestJSON:tearDownClass): 200 GET http://10.180.1.21/compute/v2.1/servers/81fad1b3-397f-43ab-ae9c-bfa328e62a35 0.274s
2025-05-05 22:31:39.103 71461 INFO tempest.lib.common.rest_client [req-3f64ed7e-e705-47a3-ba19-00d5f8e7b319 req-3f64ed7e-e705-47a3-ba19-00d5f8e7b319 ] Request (ServerAddressesNegativeTestJSON:setUpClass): 200 GET http://10.180.1.21/compute/v2.1/servers/9c79e9b0-04d2-4822-9b9e-f6958c1ff2f9 0.247s
2025-05-05 22:31:39.114 71490 INFO tempest.lib.common.rest_client [req-3cf2b989-d587-457f-ac07-27de0549d291 req-3cf2b989-d587-457f-ac07-27de0549d291 ] Request (KeyPairsV22TestJSON:test_keypairsv22_create_list_show_with_type): 200 GET http://10.180.1.21/compute/v2.1/os-keypairs 0.225s
2025-05-05 22:31:39.122 71458 INFO tempest.lib.common.rest_client [req-b505fbf4-1f68-4517-9945-0776c8395d29 req-b505fbf4-1f68-4517-9945-0776c8395d29 ] Request (ServerMetadataTestJSON:setUp): 200 PUT http://10.180.1.21/compute/v2.1/servers/5e954dd4-d026-48c9-8cfa-4b224e9b2c16/metadata 0.246s
2025-05-05 22:31:39.129 71486 INFO paramiko.transport [-] Connected (version 2.0, client dropbear_2020.81)
2025-05-05 22:31:39.135 71466 INFO tempest.lib.common.rest_client [req-675b431c-42a7-438f-bd04-18d0650a7476 req-675b431c-42a7-438f-bd04-18d0650a7476 ] Request (VolumesGetTestJSON:tearDownClass): 201 POST http://10.180.1.21/identity/v3/auth/tokens 0.080s
2025-05-05 22:31:39.176 71468 INFO tempest.lib.common.rest_client [req-52c1bfa0-eda1-46f5-ae3f-6379f0ee4226 req-52c1bfa0-eda1-46f5-ae3f-6379f0ee4226 ] Request (DeleteServersAdminTestJSON:test_delete_server_while_in_error_state): 200 GET http://10.180.1.21/compute/v2.1/servers/a072844a-d6f2-42e6-8ee4-6532341c7977 0.263s
2025-05-05 22:31:39.192 71486 INFO paramiko.transport [-] Authentication (publickey) successful!
2025-05-05 22:31:39.193 71486 INFO tempest.lib.common.ssh [-] ssh connection to cirros@10.180.180.231 successfully created
2025-05-05 22:31:39.204 71486 INFO tempest.lib.common.ssh [-] Creating ssh connection to '10.180.180.231:22' as 'cirros' with public key authentication
2025-05-05 22:31:39.207 71486 INFO paramiko.transport [-] Connected (version 2.0, client dropbear_2020.81)
2025-05-05 22:31:39.254 71472 INFO tempest.lib.common.rest_client [req-64307dae-ed04-4dd0-be9d-00f3d0f20142 req-64307dae-ed04-4dd0-be9d-00f3d0f20142 ] Request (ServersListShow298Test:test_list_show_update_rebuild_server_298): 200 PUT http://10.180.1.21/compute/v2.1/servers/f173acbb-196b-4e7f-bc5e-44ad94cdc9a7 0.254s
2025-05-05 22:31:39.266 71486 INFO paramiko.transport [-] Authentication (publickey) successful!
2025-05-05 22:31:39.267 71486 INFO tempest.lib.common.ssh [-] ssh connection to cirros@10.180.180.231 successfully created
2025-05-05 22:31:39.322 71466 INFO tempest.lib.common.rest_client [req-fd796f4a-392e-44d0-b44b-d45318ced636 req-fd796f4a-392e-44d0-b44b-d45318ced636 ] Request (VolumesGetTestJSON:tearDownClass): 200 GET http://10.180.1.21:9696/networking/v2.0/security-groups?tenant_id=37da9453c643453a8e5aa0a3fb73b4d0&name=default 0.186s
2025-05-05 22:31:39.413 71442 INFO tempest.lib.common.rest_client [req-6b000477-5312-44e0-a925-20b55e16e1fc req-6b000477-5312-44e0-a925-20b55e16e1fc ] Request (AttachVolumeNegativeTest:test_attach_attached_volume_to_different_server): 200 GET http://10.180.1.21/compute/v2.1/servers/0d8f036f-f0f4-4a10-ae2c-070aef7a9e78 0.441s
2025-05-05 22:31:39.427 71454 INFO tempest.lib.common.rest_client [req-c5bf0b64-9082-4fa0-a8ad-9bc159d5bd1a req-c5bf0b64-9082-4fa0-a8ad-9bc159d5bd1a ] Request (ServersTestMultiNic:test_verify_duplicate_network_nics): 200 GET http://10.180.1.21/compute/v2.1/servers/2d68e334-3f17-424e-a462-b8ab10f8cbb3 0.409s
2025-05-05 22:31:39.437 71454 INFO tempest.common.waiters [-] State transition "BUILD/spawning" ==> "ACTIVE/None" after 56 second wait
2025-05-05 22:31:39.459 71466 INFO tempest.lib.common.rest_client [req-4e155788-a133-4de4-998d-df648d965b3b req-4e155788-a133-4de4-998d-df648d965b3b ] Request (VolumesGetTestJSON:tearDownClass): 204 DELETE http://10.180.1.21:9696/networking/v2.0/security-groups/36a6f501-6ec7-4208-824c-12d91d2e4d9d 0.136s
2025-05-05 22:31:39.480 71438 INFO tempest.lib.common.rest_client [req-581f498c-acbf-43d2-9f5d-7fbf0eceba84 req-581f498c-acbf-43d2-9f5d-7fbf0eceba84 ] Request (SecurityGroupsTestJSON:test_server_security_groups): 200 GET http://10.180.1.21/compute/v2.1/servers/0c57c50d-b602-4936-8d90-d947cedf6a0f 0.389s
2025-05-05 22:31:39.500 71490 INFO tempest.lib.common.rest_client [req-3b868eba-d19a-47c6-b39c-454e3b6e22d7 req-3b868eba-d19a-47c6-b39c-454e3b6e22d7 ] Request (KeyPairsV22TestJSON:_run_cleanups): 204 DELETE http://10.180.1.21/compute/v2.1/os-keypairs/tempest-keypair-1513171661 0.385s
2025-05-05 22:31:39.509 71434 INFO tempest.lib.common.rest_client [req-2567ca7f-ce35-44f0-9632-f0b8a2395105 req-2567ca7f-ce35-44f0-9632-f0b8a2395105 ] Request (FloatingIPsAssociationTestJSON:tearDownClass): 200 GET http://10.180.1.21/compute/v2.1/servers/52179727-7607-4992-bb0e-2b9ec89ae1eb 0.472s
2025-05-05 22:31:39.540 71466 INFO tempest.lib.common.rest_client [req-4c3e8e21-121a-4b90-b14b-36fcaaaa0904 req-4c3e8e21-121a-4b90-b14b-36fcaaaa0904 ] Request (VolumesGetTestJSON:tearDownClass): 204 DELETE http://10.180.1.21/identity/v3/projects/37da9453c643453a8e5aa0a3fb73b4d0 0.081s
2025-05-05 22:31:39.576 71458 INFO tempest.lib.common.rest_client [req-eb2cc3f2-fe95-4aa6-9951-8c3565b9a00f req-eb2cc3f2-fe95-4aa6-9951-8c3565b9a00f ] Request (ServerMetadataTestJSON:test_update_server_metadata): 200 POST http://10.180.1.21/compute/v2.1/servers/5e954dd4-d026-48c9-8cfa-4b224e9b2c16/metadata 0.452s
2025-05-05 22:31:39.576 71466 INFO tempest.lib.common.rest_client [req-829f3507-e667-47a1-8c6c-21e29502908c req-829f3507-e667-47a1-8c6c-21e29502908c ] Request (VolumesTestJSON:setUpClass): 201 POST http://10.180.1.21/identity/v3/auth/tokens 0.033s
2025-05-05 22:31:39.593 71478 INFO tempest.lib.common.rest_client [req-0239c32e-a724-44f5-ad95-67c43868fc34 req-0239c32e-a724-44f5-ad95-67c43868fc34 ] Request (FloatingIPsAssociationNegativeTestJSON:setUpClass): 200 GET http://10.180.1.21/compute/v2.1/servers/a593e2ed-9c12-430e-be17-38990a4dd8a6 0.455s
2025-05-05 22:31:39.631 71490 INFO tempest.lib.common.rest_client [req-ecf9a75b-73be-4403-8bfb-eaa9b92a988c req-ecf9a75b-73be-4403-8bfb-eaa9b92a988c ] Request (KeyPairsV22TestJSON:tearDownClass): 204 DELETE http://10.180.1.21/identity/v3/users/340fdc20a07448ccb3fe991f4a0df7df 0.122s
2025-05-05 22:31:39.631 71490 INFO tempest.lib.common.dynamic_creds [-] Deleting project and security group for project: ce2da02e41054befafde6fdbd082c022
2025-05-05 22:31:39.639 71462 INFO tempest.lib.common.rest_client [req-6ccb3c18-3417-4bd1-8378-4a594f5ad626 req-6ccb3c18-3417-4bd1-8378-4a594f5ad626 ] Request (MigrationsAdminTest:test_list_migrations_in_flavor_resize_situation): 200 GET http://10.180.1.21/compute/v2.1/servers/b2f9536e-f32c-4e94-bb2f-eced831895f4 0.444s
2025-05-05 22:31:39.661 71466 INFO tempest.lib.common.rest_client [req-0f01cacd-515e-4523-86ae-ad62ad03f8fb req-0f01cacd-515e-4523-86ae-ad62ad03f8fb ] Request (VolumesTestJSON:setUpClass): 201 POST http://10.180.1.21/identity/v3/auth/tokens 0.081s
2025-05-05 22:31:39.669 71492 INFO tempest.lib.common.rest_client [req-269a9945-e9c1-4a9e-ae9d-1f5514c5e10f req-269a9945-e9c1-4a9e-ae9d-1f5514c5e10f ] Request (ServersAdminTestJSON:test_inject_network_info): 200 GET http://10.180.1.21/compute/v2.1/servers/a02f0c97-1cb9-4c0e-8787-583f9c1c4688 0.401s
2025-05-05 22:31:39.705 71490 INFO tempest.lib.common.rest_client [req-8baca13d-c42f-4139-a3d7-320473e58efa req-8baca13d-c42f-4139-a3d7-320473e58efa ] Request (KeyPairsV22TestJSON:tearDownClass): 201 POST http://10.180.1.21/identity/v3/auth/tokens 0.073s
2025-05-05 22:31:39.733 71466 INFO tempest.lib.common.rest_client [req-02b506c8-ec7d-40f3-ae16-2df8a467cabd req-02b506c8-ec7d-40f3-ae16-2df8a467cabd ] Request (VolumesTestJSON:setUpClass): 200 GET http://10.180.1.21/identity/v3/domains?name=Default 0.071s
2025-05-05 22:31:39.772 71466 INFO tempest.lib.common.rest_client [req-5e58aa90-8d36-4700-99d4-5baafc29d712 req-5e58aa90-8d36-4700-99d4-5baafc29d712 ] Request (VolumesTestJSON:setUpClass): 201 POST http://10.180.1.21/identity/v3/projects 0.039s
2025-05-05 22:31:39.821 71452 INFO tempest.lib.common.rest_client [req-c18db5eb-2b47-4a86-8b87-6993855abaeb req-c18db5eb-2b47-4a86-8b87-6993855abaeb ] Request (ImagesTestJSON:test_create_image_from_suspended_server): 200 GET http://10.180.1.21/compute/v2.1/servers/c848e65e-79ba-4edc-afb5-6c511c0fde71 0.529s
2025-05-05 22:31:39.833 71452 INFO tempest.common.waiters [-] State transition "BUILD/spawning" ==> "ACTIVE/None" after 51 second wait
2025-05-05 22:31:39.840 71466 INFO tempest.lib.common.rest_client [req-d5c4cf8d-d685-4045-8057-1d0abba53202 req-d5c4cf8d-d685-4045-8057-1d0abba53202 ] Request (VolumesTestJSON:setUpClass): 201 POST http://10.180.1.21/identity/v3/users 0.067s
2025-05-05 22:31:39.860 71472 INFO tempest.lib.common.rest_client [req-63c56182-385b-4fd8-8948-0b4cb7ad1eaa req-63c56182-385b-4fd8-8948-0b4cb7ad1eaa ] Request (ServersListShow298Test:test_list_show_update_rebuild_server_298): 202 POST http://10.180.1.21/compute/v2.1/servers/f173acbb-196b-4e7f-bc5e-44ad94cdc9a7/action 0.593s
2025-05-05 22:31:39.871 71466 INFO tempest.lib.common.rest_client [req-84f63d66-a882-4666-ad87-0428c7958f15 req-84f63d66-a882-4666-ad87-0428c7958f15 ] Request (VolumesTestJSON:setUpClass): 200 GET http://10.180.1.21/identity/v3/roles 0.031s
2025-05-05 22:31:39.886 71476 INFO tempest.lib.common.rest_client [req-edbac965-e22f-4390-96a7-264ec772c7d5 req-edbac965-e22f-4390-96a7-264ec772c7d5 ] Request (InstanceActionsV221TestJSON:test_get_list_deleted_instance_actions): 200 GET http://10.180.1.21/compute/v2.1/servers/e04a8ce7-624f-4c14-85b5-409ee889e92a 0.538s
2025-05-05 22:31:39.897 71476 INFO tempest.common.waiters [-] State transition "BUILD/scheduling" ==> "BUILD/None" after 31 second wait
2025-05-05 22:31:39.901 71466 INFO tempest.lib.common.rest_client [req-a40c3ce0-f45c-4392-a08d-21c40f9dea32 req-a40c3ce0-f45c-4392-a08d-21c40f9dea32 ] Request (VolumesTestJSON:setUpClass): 204 PUT http://10.180.1.21/identity/v3/projects/876b0de319674bb6afaaddeed0aa0743/users/be8c23b01cd447929f35cba5560c445d/roles/c5bf870ff7ac42a2ac3a4492117f479f 0.029s
2025-05-05 22:31:39.901 71466 INFO tempest.lib.common.dynamic_creds [-] Dynamic test user be8c23b01cd447929f35cba5560c445d is created with scope project and roles: ['member']
2025-05-05 22:31:39.902 71466 INFO tempest.lib.common.dynamic_creds [-] Acquired dynamic creds: credentials: Credentials: {'domain_id': 'default', 'domain_name': 'Default', 'username': 'tempest-VolumesTestJSON-824819404-project-member', 'project_domain_id': 'default', 'project_domain_name': 'Default', 'project_id': '876b0de319674bb6afaaddeed0aa0743', 'project_name': 'tempest-VolumesTestJSON-824819404', 'tenant_id': '876b0de319674bb6afaaddeed0aa0743', 'tenant_name': 'tempest-VolumesTestJSON-824819404', 'user_domain_id': 'default', 'user_domain_name': 'Default', 'user_id': 'be8c23b01cd447929f35cba5560c445d', 'system': None}, Network: None, Subnet: None, Router: None
2025-05-05 22:31:39.902 71466 INFO tempest.lib.common.dynamic_creds [-] Created isolated network resources for: credentials: Credentials: {'domain_id': 'default', 'domain_name': 'Default', 'username': 'tempest-VolumesTestJSON-824819404-project-member', 'project_domain_id': 'default', 'project_domain_name': 'Default', 'project_id': '876b0de319674bb6afaaddeed0aa0743', 'project_name': 'tempest-VolumesTestJSON-824819404', 'tenant_id': '876b0de319674bb6afaaddeed0aa0743', 'tenant_name': 'tempest-VolumesTestJSON-824819404', 'user_domain_id': 'default', 'user_domain_name': 'Default', 'user_id': 'be8c23b01cd447929f35cba5560c445d', 'system': None}, Network: None, Subnet: None, Router: None
2025-05-05 22:31:39.920 71444 INFO tempest.lib.common.rest_client [req-b5c77de5-ca78-47a8-90f1-85fccd221cd2 req-b5c77de5-ca78-47a8-90f1-85fccd221cd2 ] Request (ServersTestBootFromVolume:setUpClass): 200 GET http://10.180.1.21/compute/v2.1/servers/d760b9b9-a311-474b-99f8-b3397ade6488 0.509s
2025-05-05 22:31:39.922 71454 INFO tempest.lib.common.rest_client [req-b5cbfb2c-a573-47bb-bbb7-0e44adf39968 req-b5cbfb2c-a573-47bb-bbb7-0e44adf39968 ] Request (ServersTestMultiNic:test_verify_duplicate_network_nics): 200 GET http://10.180.1.21/compute/v2.1/servers/2d68e334-3f17-424e-a462-b8ab10f8cbb3/ips 0.485s
2025-05-05 22:31:39.929 71490 INFO tempest.lib.common.rest_client [req-ce36081a-f6d8-46f5-ae2f-fb5298d07792 req-ce36081a-f6d8-46f5-ae2f-fb5298d07792 ] Request (KeyPairsV22TestJSON:tearDownClass): 200 GET http://10.180.1.21:9696/networking/v2.0/security-groups?tenant_id=ce2da02e41054befafde6fdbd082c022&name=default 0.224s
2025-05-05 22:31:39.984 71446 INFO tempest.lib.common.rest_client [req-012bab97-6800-4eb8-81ea-27e1e53c46e3 req-012bab97-6800-4eb8-81ea-27e1e53c46e3 ] Request (ServerPasswordTestJSON:setUpClass): 200 GET http://10.180.1.21/compute/v2.1/servers/7cad0b0a-a3a0-48a6-84eb-b674e7b96363 0.520s
2025-05-05 22:31:40.007 71466 INFO tempest.lib.common.rest_client [req-c61185cd-9047-4076-ab24-ccf28a04962a req-c61185cd-9047-4076-ab24-ccf28a04962a ] Request (VolumesTestJSON:setUpClass): 201 POST http://10.180.1.21/identity/v3/auth/tokens 0.100s
2025-05-05 22:31:40.017 71458 INFO tempest.lib.common.rest_client [req-19321c27-c5ca-46cc-b820-2d017be3d639 req-19321c27-c5ca-46cc-b820-2d017be3d639 ] Request (ServerMetadataTestJSON:test_update_server_metadata): 200 GET http://10.180.1.21/compute/v2.1/servers/5e954dd4-d026-48c9-8cfa-4b224e9b2c16/metadata 0.440s
2025-05-05 22:31:40.019 71480 INFO tempest.lib.common.rest_client [req-de655d73-72f9-4a5c-bbd1-da61918884bb req-de655d73-72f9-4a5c-bbd1-da61918884bb ] Request (ServerActionsV293TestJSON:setUpClass): 200 GET http://10.180.1.21/compute/v2.1/servers/35739b42-c8b6-40a7-a0e7-7d62a708ff1b 0.443s
2025-05-05 22:31:40.039 71490 INFO tempest.lib.common.rest_client [req-1b655da9-ef72-46e0-b18a-1f6dff7a726b req-1b655da9-ef72-46e0-b18a-1f6dff7a726b ] Request (KeyPairsV22TestJSON:tearDownClass): 204 DELETE http://10.180.1.21:9696/networking/v2.0/security-groups/005abeb4-0cc1-469b-b4d5-1a8f4e30f39b 0.109s
2025-05-05 22:31:40.044 71464 INFO tempest.lib.common.rest_client [req-6bb52cfd-5502-4f43-81ae-372d111a8905 req-6bb52cfd-5502-4f43-81ae-372d111a8905 ] Request (ServerDiagnosticsTest:tearDownClass): 404 GET http://10.180.1.21/compute/v2.1/servers/666e2163-d6ac-46e8-bca6-c7fce49814a9 0.437s
2025-05-05 22:31:40.098 71432 INFO tempest.lib.common.rest_client [req-38e23ec5-d553-4714-838e-c7ac47426725 req-38e23ec5-d553-4714-838e-c7ac47426725 ] Request (ListImageFiltersTestJSON:setUpClass): 200 GET http://10.180.1.21/compute/v2.1/images/1ef43964-f4ae-4920-b5f7-9600c46e0266 0.431s
2025-05-05 22:31:40.120 71448 INFO tempest.lib.common.rest_client [req-b913be34-f4a0-403e-912a-3cda3334605d req-b913be34-f4a0-403e-912a-3cda3334605d ] Request (ServersTestManualDisk:tearDownClass): 200 GET http://10.180.1.21/compute/v2.1/servers/3f10462d-646e-4cc2-ab2a-713c343edaf2 0.485s
2025-05-05 22:31:40.165 71490 INFO tempest.lib.common.rest_client [req-4194846a-63a5-4a78-842c-44dc92652c9e req-4194846a-63a5-4a78-842c-44dc92652c9e ] Request (KeyPairsV22TestJSON:tearDownClass): 204 DELETE http://10.180.1.21/identity/v3/projects/ce2da02e41054befafde6fdbd082c022 0.125s
2025-05-05 22:31:40.173 71464 INFO tempest.lib.common.rest_client [req-9bef5c69-88c0-40ae-aef8-f12183fc85ab req-9bef5c69-88c0-40ae-aef8-f12183fc85ab ] Request (ServerDiagnosticsTest:tearDownClass): 204 DELETE http://10.180.1.21/identity/v3/users/7a32a349353b4581bc660ca583f772d8 0.128s
2025-05-05 22:31:40.197 71494 INFO tempest.lib.common.rest_client [req-d31ff59c-0f1e-433b-94eb-584c54c58fa2 req-d31ff59c-0f1e-433b-94eb-584c54c58fa2 ] Request (ImagesOneServerNegativeTestJSON:_run_cleanups): 200 GET http://10.180.1.21/compute/v2.1/servers/af490d93-f4db-479d-910c-d04a97483af6 0.349s
2025-05-05 22:31:40.242 71452 INFO tempest.lib.common.rest_client [req-c55f5ad6-423d-4ee3-8421-c2d4c044fc3f req-c55f5ad6-423d-4ee3-8421-c2d4c044fc3f ] Request (ImagesTestJSON:test_create_image_from_suspended_server): 202 POST http://10.180.1.21/compute/v2.1/servers/c848e65e-79ba-4edc-afb5-6c511c0fde71/action 0.409s
2025-05-05 22:31:40.293 71466 INFO tempest.lib.common.rest_client [req-e3895497-052a-4e2e-842a-cd4dea03f820 req-e3895497-052a-4e2e-842a-cd4dea03f820 ] Request (VolumesTestJSON:setUpClass): 202 POST http://10.180.1.21/volume/v3/volumes 0.284s
2025-05-05 22:31:40.307 71472 INFO tempest.lib.common.rest_client [req-2dd070a7-c915-4c4d-9360-f73dceaae8fd req-2dd070a7-c915-4c4d-9360-f73dceaae8fd ] Request (ServersListShow298Test:test_list_show_update_rebuild_server_298): 200 GET http://10.180.1.21/compute/v2.1/servers/f173acbb-196b-4e7f-bc5e-44ad94cdc9a7 0.436s
2025-05-05 22:31:40.343 71466 INFO tempest.lib.common.rest_client [req-fc741ea8-e55a-4685-ac8e-713af818fa47 req-fc741ea8-e55a-4685-ac8e-713af818fa47 ] Request (VolumesTestJSON:setUpClass): 200 GET http://10.180.1.21/volume/v3/volumes/ee3d688c-f4c8-43cd-b8e1-91cfe4da8c9b 0.038s
2025-05-05 22:31:40.411 71456 INFO tempest.lib.common.rest_client [req-43e69f10-1b24-4a55-a81d-c117343da7b8 req-43e69f10-1b24-4a55-a81d-c117343da7b8 ] Request (ServersAdminNegativeTestJSON:setUpClass): 200 GET http://10.180.1.21/compute/v2.1/servers/5d3ff322-f182-48be-9066-203f120b2512 0.513s
2025-05-05 22:31:40.427 71454 INFO tempest.lib.common.rest_client [req-265bf50f-43c2-4b55-a2f4-0d25e51380dc req-265bf50f-43c2-4b55-a2f4-0d25e51380dc ] Request (ServersTestMultiNic:_run_cleanups): 204 DELETE http://10.180.1.21/compute/v2.1/servers/2d68e334-3f17-424e-a462-b8ab10f8cbb3 0.502s
2025-05-05 22:31:40.432 71464 INFO tempest.lib.common.rest_client [req-6f6e6831-173d-4aef-a6db-8fb9674fb3f8 req-6f6e6831-173d-4aef-a6db-8fb9674fb3f8 ] Request (ServerDiagnosticsTest:tearDownClass): 204 DELETE http://10.180.1.21/identity/v3/users/8ceb12eee9a54b48b457dc7daec2f8a3 0.259s
2025-05-05 22:31:40.433 71464 INFO tempest.lib.common.dynamic_creds [-] Deleting project and security group for project: ca16eedd6c1a4956a02ae48f8f7081fd
2025-05-05 22:31:40.491 71482 INFO tempest.lib.common.rest_client [req-f60ccabd-1602-4099-845c-0d0e9ec4e719 req-f60ccabd-1602-4099-845c-0d0e9ec4e719 ] Request (ServerExternalEventsTest:test_create_server_external_events): 200 GET http://10.180.1.21/compute/v2.1/servers/6d38db52-c6ae-4cce-9cdb-39e11eccd8fd 0.528s
2025-05-05 22:31:40.542 71464 INFO tempest.lib.common.rest_client [req-aa00b6a9-22eb-44cc-a98f-13ba5c528b2d req-aa00b6a9-22eb-44cc-a98f-13ba5c528b2d ] Request (ServerDiagnosticsTest:tearDownClass): 201 POST http://10.180.1.21/identity/v3/auth/tokens 0.109s
2025-05-05 22:31:40.566 71458 INFO tempest.lib.common.rest_client [req-dd5f4c2e-434f-40be-b294-cf5729191fe7 req-dd5f4c2e-434f-40be-b294-cf5729191fe7 ] Request (ServerMetadataTestJSON:tearDownClass): 204 DELETE http://10.180.1.21/compute/v2.1/servers/5e954dd4-d026-48c9-8cfa-4b224e9b2c16 0.547s
2025-05-05 22:31:40.566 71484 INFO tempest.lib.common.rest_client [req-355a4cc3-df95-47c3-ba40-8a77c8533f52 req-355a4cc3-df95-47c3-ba40-8a77c8533f52 ] Request (ServerActionsTestOtherB:setUpClass): 200 GET http://10.180.1.21/compute/v2.1/servers/2f9f3bdd-1c9a-456b-9959-146dc2aec368 0.511s
2025-05-05 22:31:40.636 71450 INFO tempest.lib.common.rest_client [req-e4919b69-efe7-41b4-aed7-cadf62c40b2b req-e4919b69-efe7-41b4-aed7-cadf62c40b2b ] Request (ServersTestJSON:tearDownClass): 200 GET http://10.180.1.21/compute/v2.1/servers/81fad1b3-397f-43ab-ae9c-bfa328e62a35 0.567s
2025-05-05 22:31:40.640 71461 INFO tempest.lib.common.rest_client [req-99a5633e-e74e-472d-a8c3-0a10000ee058 req-99a5633e-e74e-472d-a8c3-0a10000ee058 ] Request (ServerAddressesNegativeTestJSON:setUpClass): 200 GET http://10.180.1.21/compute/v2.1/servers/9c79e9b0-04d2-4822-9b9e-f6958c1ff2f9 0.525s
2025-05-05 22:31:40.669 71464 INFO tempest.lib.common.rest_client [req-c07a40d6-87f7-47a0-bdcb-1c53d6b24783 req-c07a40d6-87f7-47a0-bdcb-1c53d6b24783 ] Request (ServerDiagnosticsTest:tearDownClass): 200 GET http://10.180.1.21:9696/networking/v2.0/security-groups?tenant_id=ca16eedd6c1a4956a02ae48f8f7081fd&name=default 0.127s
2025-05-05 22:31:40.720 71468 INFO tempest.lib.common.rest_client [req-e156bc08-24b7-41a4-a78e-de11fd810998 req-e156bc08-24b7-41a4-a78e-de11fd810998 ] Request (DeleteServersAdminTestJSON:test_delete_server_while_in_error_state): 200 GET http://10.180.1.21/compute/v2.1/servers/a072844a-d6f2-42e6-8ee4-6532341c7977 0.534s
2025-05-05 22:31:40.771 71464 INFO tempest.lib.common.rest_client [req-f3206a1a-2e62-4a45-9869-0cbd659616fa req-f3206a1a-2e62-4a45-9869-0cbd659616fa ] Request (ServerDiagnosticsTest:tearDownClass): 204 DELETE http://10.180.1.21:9696/networking/v2.0/security-groups/c601bced-47bc-4cdb-ac53-5113fee35791 0.101s
2025-05-05 22:31:40.779 71452 INFO tempest.lib.common.rest_client [req-3a0f1a4d-806a-4a96-8588-7f8056caa222 req-3a0f1a4d-806a-4a96-8588-7f8056caa222 ] Request (ImagesTestJSON:test_create_image_from_suspended_server): 200 GET http://10.180.1.21/compute/v2.1/servers/c848e65e-79ba-4edc-afb5-6c511c0fde71 0.536s
