2025-05-05 22:30:29.176 71470 INFO tempest.lib.common.rest_client [req-01bffba9-dcf6-4b97-a14c-af5f0ab7e443 req-01bffba9-dcf6-4b97-a14c-af5f0ab7e443 ] Request (VolumesAdminNegativeTest:test_update_attached_volume_with_nonexistent_volume_in_body): 200 GET http://10.180.1.21/compute/v2.1/servers/c98896e0-beae-4aa6-b353-2cd3e1a390fe 1.498s
2025-05-05 22:30:29.221 71484 INFO tempest.lib.common.rest_client [req-d87640c9-099a-4fa4-b6c8-c3dc0ab2a8f0 req-d87640c9-099a-4fa4-b6c8-c3dc0ab2a8f0 ] Request (InstanceActionsTestJSON:test_get_instance_action): 200 GET http://10.180.1.21/compute/v2.1/servers/4fd900b8-cabb-482e-97bf-9663d402c228/os-instance-actions/req-d1d6cb86-3bc1-485e-8add-b61a843c4209 1.468s
2025-05-05 22:30:29.236 71448 INFO tempest.lib.common.rest_client [req-255e1755-4fb4-4238-8e31-516b26158908 req-255e1755-4fb4-4238-8e31-516b26158908 ] Request (ServersTestManualDisk:setUpClass): 200 GET http://10.180.1.21/compute/v2.1/servers/3f10462d-646e-4cc2-ab2a-713c343edaf2 1.484s
2025-05-05 22:30:29.242 71482 INFO tempest.lib.common.rest_client [req-50a6c525-96a1-40d2-90dc-ff41de9ef235 req-50a6c525-96a1-40d2-90dc-ff41de9ef235 ] Request (AggregatesAdminNegativeTestJSON:test_aggregate_delete_with_invalid_id): 404 DELETE http://10.180.1.21/compute/v2.1/os-aggregates/-1 1.465s
2025-05-05 22:30:29.256 71454 INFO tempest.lib.common.rest_client [req-edaead06-3c66-4971-bfd2-1db7b83c00ae req-edaead06-3c66-4971-bfd2-1db7b83c00ae ] Request (QuotasAdminTestV257:tearDownClass): 201 POST http://10.180.1.21/identity/v3/auth/tokens 0.096s
2025-05-05 22:30:29.333 71490 INFO tempest.lib.common.rest_client [req-fda333b3-f6ee-4414-a7a3-157222610a60 req-fda333b3-f6ee-4414-a7a3-157222610a60 ] Request (ServersAdmin275Test:test_rebuild_update_server_275): 200 GET http://10.180.1.21/compute/v2.1/servers/c576b9d3-e1ae-49d7-b4ea-e3e291fc7b44 1.519s
2025-05-05 22:30:29.336 71486 INFO tempest.lib.common.rest_client [req-19997e46-1d8b-4659-86e3-986a35c033c3 req-19997e46-1d8b-4659-86e3-986a35c033c3 ] Request (ServersV294TestFqdnHostnames:setUpClass): 200 GET http://10.180.1.21/compute/v2.1/servers/8bf921a7-c252-4ad2-a380-29e85d01e0cb 1.499s
2025-05-05 22:30:29.348 71486 INFO tempest.common.waiters [-] State transition "BUILD/scheduling" ==> "BUILD/None" after 5 second wait
2025-05-05 22:30:29.407 71488 INFO tempest.lib.common.rest_client [req-79051c30-341c-4aff-b355-de9c326c5863 req-79051c30-341c-4aff-b355-de9c326c5863 ] Request (VolumesAssistedSnapshotsTest:test_volume_assisted_snapshot_create_delete): 200 GET http://10.180.1.21/compute/v2.1/servers/d9068da9-cfe5-40fd-95b8-5c5597f5e268 1.517s
2025-05-05 22:30:29.425 71464 INFO tempest.lib.common.rest_client [req-7f181938-abbc-41fe-943c-adf50a2e62ac req-7f181938-abbc-41fe-943c-adf50a2e62ac ] Request (ServerDiagnosticsTest:test_get_server_diagnostics): 200 GET http://10.180.1.21/compute/v2.1/servers/666e2163-d6ac-46e8-bca6-c7fce49814a9 1.553s
2025-05-05 22:30:29.437 71464 INFO tempest.common.waiters [-] State transition "BUILD/scheduling" ==> "BUILD/None" after 5 second wait
2025-05-05 22:30:29.461 71452 INFO tempest.lib.common.rest_client [req-fa9dd297-3fc7-4167-bbe9-2a3b9a32f244 req-fa9dd297-3fc7-4167-bbe9-2a3b9a32f244 ] Request (ImagesTestJSON:test_create_image_from_stopped_server): 200 GET http://10.180.1.21/compute/v2.1/images/2eb77e6a-1492-476a-adac-097def596496 1.548s
2025-05-05 22:30:29.509 71454 INFO tempest.lib.common.rest_client [req-0536168c-7229-4ee6-aa09-a3092c667f31 req-0536168c-7229-4ee6-aa09-a3092c667f31 ] Request (QuotasAdminTestV257:tearDownClass): 200 GET http://10.180.1.21:9696/networking/v2.0/security-groups?tenant_id=e980c384c22d4813b4e3d45b79e1cffb&name=default 0.253s
2025-05-05 22:30:29.541 71468 INFO tempest.lib.common.rest_client [req-72ffc931-54b1-40e9-90e7-e84cd5748065 req-72ffc931-54b1-40e9-90e7-e84cd5748065 ] Request (DeleteServersAdminTestJSON:test_delete_server_while_in_error_state): 200 GET http://10.180.1.21/compute/v2.1/servers/a072844a-d6f2-42e6-8ee4-6532341c7977 1.596s
2025-05-05 22:30:29.624 71454 INFO tempest.lib.common.rest_client [req-2645c0a0-d241-49b5-9885-a4f9e5cc9e75 req-2645c0a0-d241-49b5-9885-a4f9e5cc9e75 ] Request (QuotasAdminTestV257:tearDownClass): 204 DELETE http://10.180.1.21:9696/networking/v2.0/security-groups/fe6e3d9f-8202-4927-8ba6-a252fca525a2 0.114s
2025-05-05 22:30:29.656 71444 INFO tempest.lib.common.rest_client [req-88b71ae1-45ac-43a4-aa40-8a84e3ca2f14 req-88b71ae1-45ac-43a4-aa40-8a84e3ca2f14 ] Request (SecurityGroupRulesNegativeTestJSON:tearDownClass): 202 DELETE http://10.180.1.21/compute/v2.1/os-security-groups/bf123c0f-2f62-44fc-be35-050bebeb153d 1.723s
2025-05-05 22:30:29.696 71454 INFO tempest.lib.common.rest_client [req-c56428e3-556d-4fd7-8131-09b6336bb6ff req-c56428e3-556d-4fd7-8131-09b6336bb6ff ] Request (QuotasAdminTestV257:tearDownClass): 204 DELETE http://10.180.1.21/identity/v3/projects/e980c384c22d4813b4e3d45b79e1cffb 0.072s
2025-05-05 22:30:29.696 71454 INFO tempest.lib.common.dynamic_creds [-] Deleting project and security group for project: 0f1573e92fe044e1b7801e033d7d9b40
2025-05-05 22:30:29.783 71458 INFO tempest.lib.common.rest_client [req-1cb7f3c1-e494-4b58-9ce0-43a5f51fa14b req-1cb7f3c1-e494-4b58-9ce0-43a5f51fa14b ] Request (FloatingIPsNegativeTestJSON:tearDownClass): 200 PUT http://10.180.1.21:9696/networking/v2.0/routers/662c1916-3c39-4c4f-a166-d3ae3bcb8d56/remove_router_interface 1.345s
2025-05-05 22:30:29.785 71472 INFO tempest.lib.common.rest_client [req-4dd21276-7c41-4131-a235-2e50ec88df72 req-4dd21276-7c41-4131-a235-2e50ec88df72 ] Request (ImagesMetadataTestJSON:test_set_image_metadata_item): 200 PUT http://10.180.1.21/compute/v2.1/images/1f3d69ee-5a06-4c02-b5b2-10322c38e8b2/metadata/os_version 1.804s
2025-05-05 22:30:29.799 71454 INFO tempest.lib.common.rest_client [req-addd96ec-3a6d-4ace-b742-cb9d6ea5d81e req-addd96ec-3a6d-4ace-b742-cb9d6ea5d81e ] Request (QuotasAdminTestV257:tearDownClass): 200 GET http://10.180.1.21:9696/networking/v2.0/security-groups?tenant_id=0f1573e92fe044e1b7801e033d7d9b40&name=default 0.103s
2025-05-05 22:30:29.808 71461 INFO tempest.lib.common.rest_client [req-6c812ba1-71e6-4bf5-8130-c05eac61b00b req-6c812ba1-71e6-4bf5-8130-c05eac61b00b ] Request (FlavorsAccessNegativeTestJSON:test_remove_flavor_access_not_found): 404 POST http://10.180.1.21/compute/v2.1/flavors/243819328/action 1.795s
2025-05-05 22:30:29.910 71454 INFO tempest.lib.common.rest_client [req-4cd0d7f6-9840-4f94-bcf9-567d4550a4b5 req-4cd0d7f6-9840-4f94-bcf9-567d4550a4b5 ] Request (QuotasAdminTestV257:tearDownClass): 204 DELETE http://10.180.1.21:9696/networking/v2.0/security-groups/3b9a3e86-ec4c-4b36-9a9c-6e416d9fea92 0.110s
2025-05-05 22:30:30.021 71478 INFO tempest.lib.common.rest_client [req-fda582a1-1202-4096-9b51-449ee2d23f58 req-fda582a1-1202-4096-9b51-449ee2d23f58 ] Request (SecurityGroupsTestAdminJSON:test_list_security_groups_list_all_tenants_filter): 200 POST http://10.180.1.21/compute/v2.1/os-security-groups 1.705s
2025-05-05 22:30:30.038 71454 INFO tempest.lib.common.rest_client [req-2dfaf99f-ac38-42e1-8dae-baa5d75d28b1 req-2dfaf99f-ac38-42e1-8dae-baa5d75d28b1 ] Request (QuotasAdminTestV257:tearDownClass): 204 DELETE http://10.180.1.21/identity/v3/projects/0f1573e92fe044e1b7801e033d7d9b40 0.127s
2025-05-05 22:30:30.039 71454 INFO tempest.test [-] raised in UpdateMultiattachVolumeNegativeTest.setUpClass. Invoking tearDownClass.
2025-05-05 22:30:30.121 71492 INFO tempest.lib.common.rest_client [req-f7b2e440-a119-43e2-b355-bc1426d58a87 req-f7b2e440-a119-43e2-b355-bc1426d58a87 ] Request (ServersAdminTestJSON:test_create_server_with_scheduling_hint): 202 POST http://10.180.1.21/compute/v2.1/servers 1.867s
2025-05-05 22:30:30.127 71454 INFO tempest.lib.common.rest_client [req-4c6ae02f-ec8e-40ed-a34b-133bc717e694 req-4c6ae02f-ec8e-40ed-a34b-133bc717e694 ] Request (ServersTestMultiNic:setUpClass): 201 POST http://10.180.1.21/identity/v3/auth/tokens 0.085s
2025-05-05 22:30:30.171 71454 INFO tempest.lib.common.rest_client [req-349fa380-79b7-422a-b058-ad3fc6e1d60d req-349fa380-79b7-422a-b058-ad3fc6e1d60d ] Request (ServersTestMultiNic:setUpClass): 201 POST http://10.180.1.21/identity/v3/auth/tokens 0.041s
2025-05-05 22:30:30.205 71454 INFO tempest.lib.common.rest_client [req-2972a85e-efc6-4e23-b59e-850bc2b9fee9 req-2972a85e-efc6-4e23-b59e-850bc2b9fee9 ] Request (ServersTestMultiNic:setUpClass): 200 GET http://10.180.1.21/identity/v3/domains?name=Default 0.033s
2025-05-05 22:30:30.208 71434 INFO tempest.lib.common.rest_client [req-54bc89c4-ccab-467b-8b8d-8238130bb090 req-54bc89c4-ccab-467b-8b8d-8238130bb090 ] Request (FloatingIPsAssociationTestJSON:test_associate_already_associated_floating_ip): 200 GET http://10.180.1.21/compute/v2.1/servers/52179727-7607-4992-bb0e-2b9ec89ae1eb 1.614s
2025-05-05 22:30:30.252 71454 INFO tempest.lib.common.rest_client [req-b193fe0e-69bd-4265-8e56-0509c609a112 req-b193fe0e-69bd-4265-8e56-0509c609a112 ] Request (ServersTestMultiNic:setUpClass): 201 POST http://10.180.1.21/identity/v3/projects 0.046s
2025-05-05 22:30:30.321 71440 INFO tempest.lib.common.rest_client [req-bb10bcc6-5c55-4b3c-aaa4-fbed3d032d90 req-bb10bcc6-5c55-4b3c-aaa4-fbed3d032d90 ] Request (ServersWithSpecificFlavorTestJSON:test_verify_created_server_ephemeral_disk): 200 GET http://10.180.1.21/compute/v2.1/servers/56a1dccf-2dd0-4b4d-8ddb-0092ee837752 1.827s
2025-05-05 22:30:30.331 71440 INFO tempest.common.waiters [-] State transition "BUILD/None" ==> "BUILD/spawning" after 15 second wait
2025-05-05 22:30:30.345 71454 INFO tempest.lib.common.rest_client [req-7de04a4b-8e99-40f9-ac0f-b0d739e0b72c req-7de04a4b-8e99-40f9-ac0f-b0d739e0b72c ] Request (ServersTestMultiNic:setUpClass): 201 POST http://10.180.1.21/identity/v3/users 0.093s
2025-05-05 22:30:30.372 71454 INFO tempest.lib.common.rest_client [req-1fe29b15-2f2c-4c56-b041-8c62e79f57c6 req-1fe29b15-2f2c-4c56-b041-8c62e79f57c6 ] Request (ServersTestMultiNic:setUpClass): 200 GET http://10.180.1.21/identity/v3/roles 0.026s
2025-05-05 22:30:30.418 71454 INFO tempest.lib.common.rest_client [req-c610eb8c-dbbd-4a22-b7c7-47be5fb1887b req-c610eb8c-dbbd-4a22-b7c7-47be5fb1887b ] Request (ServersTestMultiNic:setUpClass): 204 PUT http://10.180.1.21/identity/v3/projects/c5d2ddc79f5c4bb0a7ff901953b0e551/users/6b762b8e046842bc8197b36aed8f9cde/roles/c5bf870ff7ac42a2ac3a4492117f479f 0.045s
2025-05-05 22:30:30.418 71454 INFO tempest.lib.common.dynamic_creds [-] Dynamic test user 6b762b8e046842bc8197b36aed8f9cde is created with scope project and roles: ['member']
2025-05-05 22:30:30.418 71454 INFO tempest.lib.common.dynamic_creds [-] Acquired dynamic creds: credentials: Credentials: {'domain_id': 'default', 'domain_name': 'Default', 'username': 'tempest-ServersTestMultiNic-426523714-project-member', 'project_domain_id': 'default', 'project_domain_name': 'Default', 'project_id': 'c5d2ddc79f5c4bb0a7ff901953b0e551', 'project_name': 'tempest-ServersTestMultiNic-426523714', 'tenant_id': 'c5d2ddc79f5c4bb0a7ff901953b0e551', 'tenant_name': 'tempest-ServersTestMultiNic-426523714', 'user_domain_id': 'default', 'user_domain_name': 'Default', 'user_id': '6b762b8e046842bc8197b36aed8f9cde', 'system': None}, Network: None, Subnet: None, Router: None
2025-05-05 22:30:30.427 71446 INFO tempest.lib.common.rest_client [req-a5c7c8ba-3417-43ca-b9cc-c218b07f5399 req-a5c7c8ba-3417-43ca-b9cc-c218b07f5399 ] Request (AbsoluteLimitsNegativeTestJSON:test_max_metadata_exceed_limit): 200 GET http://10.180.1.21/compute/v2.1/limits 1.554s
2025-05-05 22:30:30.449 71442 INFO tempest.lib.common.rest_client [req-34f926e4-82ec-4ea4-85bf-50580bf6eac2 req-34f926e4-82ec-4ea4-85bf-50580bf6eac2 ] Request (FlavorsAdminTestJSON:test_create_server_with_non_public_flavor): 400 POST http://10.180.1.21/compute/v2.1/servers 1.375s
2025-05-05 22:30:30.458 71462 INFO tempest.lib.common.rest_client [req-2f4fc4a5-0758-492d-bebf-1d28350024f4 req-2f4fc4a5-0758-492d-bebf-1d28350024f4 ] Request (HypervisorAdminNegativeTestJSON:test_get_hypervisor_stats_with_non_admin_user): 403 GET http://10.180.1.21/compute/v2.1/os-hypervisors/statistics 1.368s
2025-05-05 22:30:30.521 71466 INFO tempest.lib.common.rest_client [req-efbd73ab-047e-4b0b-a9a2-098949528f74 req-efbd73ab-047e-4b0b-a9a2-098949528f74 ] Request (ServerMetadataNegativeTestJSON:test_metadata_items_limit): 403 PUT http://10.180.1.21/compute/v2.1/servers/86e51a30-4cbd-4b56-aff8-dee09042da28/metadata 1.407s
2025-05-05 22:30:30.522 71446 INFO tempest.lib.common.rest_client [req-695fa060-f20a-4146-a123-12f177088ac9 req-695fa060-f20a-4146-a123-12f177088ac9 ] Request (AbsoluteLimitsNegativeTestJSON:test_max_metadata_exceed_limit): 201 POST http://10.180.1.21/identity/v3/auth/tokens 0.085s
2025-05-05 22:30:30.523 71446 INFO tempest.lib.common.fixed_network [-] (AbsoluteLimitsNegativeTestJSON:test_max_metadata_exceed_limit) Found network None available for tenant
2025-05-05 22:30:30.532 71454 INFO tempest.lib.common.rest_client [req-b8f615cf-9f50-4b89-b346-328ec7a47dde req-b8f615cf-9f50-4b89-b346-328ec7a47dde ] Request (ServersTestMultiNic:setUpClass): 201 POST http://10.180.1.21/identity/v3/auth/tokens 0.113s
2025-05-05 22:30:30.599 71484 INFO tempest.lib.common.rest_client [req-08c688e6-92e7-461a-bd8e-1512cd20e6b9 req-08c688e6-92e7-461a-bd8e-1512cd20e6b9 ] Request (InstanceActionsTestJSON:test_list_instance_actions): 202 POST http://10.180.1.21/compute/v2.1/servers/4fd900b8-cabb-482e-97bf-9663d402c228/action 1.371s
2025-05-05 22:30:30.631 71482 INFO tempest.lib.common.rest_client [req-8a2cc916-f0d9-4461-8a6f-5c3f6a34e5a9 req-8a2cc916-f0d9-4461-8a6f-5c3f6a34e5a9 ] Request (AggregatesAdminNegativeTestJSON:test_aggregate_get_details_as_user): 200 POST http://10.180.1.21/compute/v2.1/os-aggregates 1.386s
2025-05-05 22:30:30.649 71438 INFO tempest.lib.common.rest_client [req-5e3d4a78-478d-4c52-8617-43b5c3fe34cf req-5e3d4a78-478d-4c52-8617-43b5c3fe34cf ] Request (SecurityGroupsTestJSON:test_security_groups_create_list_delete): 200 POST http://10.180.1.21/compute/v2.1/os-security-groups 1.595s
2025-05-05 22:30:30.658 71458 INFO tempest.lib.common.rest_client [req-2478342b-f298-4ecf-9a1e-be0f8191ecc9 req-2478342b-f298-4ecf-9a1e-be0f8191ecc9 ] Request (FloatingIPsNegativeTestJSON:tearDownClass): 204 DELETE http://10.180.1.21:9696/networking/v2.0/routers/662c1916-3c39-4c4f-a166-d3ae3bcb8d56 0.875s
2025-05-05 22:30:30.900 71458 INFO tempest.lib.common.rest_client [req-8436e5de-8afe-49cc-bc90-b9b456b2b689 req-8436e5de-8afe-49cc-bc90-b9b456b2b689 ] Request (FloatingIPsNegativeTestJSON:tearDownClass): 204 DELETE http://10.180.1.21:9696/networking/v2.0/subnets/89b56871-e7cd-4418-be9c-ab413c319afd 0.241s
2025-05-05 22:30:30.906 71494 INFO tempest.lib.common.rest_client [req-f6cf4ec5-9327-4004-b129-b30e6b9e486a req-f6cf4ec5-9327-4004-b129-b30e6b9e486a ] Request (ImagesOneServerNegativeTestJSON:setUpClass): 200 GET http://10.180.1.21/compute/v2.1/servers/af490d93-f4db-479d-910c-d04a97483af6 1.467s
2025-05-05 22:30:30.934 71432 INFO tempest.lib.common.rest_client [req-1300e38a-0ddf-428d-b0a2-f9e321f28531 req-1300e38a-0ddf-428d-b0a2-f9e321f28531 ] Request (ListImageFiltersTestJSON:setUpClass): 200 GET http://10.180.1.21/compute/v2.1/servers/1454d339-c5d1-4aca-b008-55668020cb98 1.412s
2025-05-05 22:30:30.991 71480 INFO tempest.lib.common.rest_client [req-0c0dd4a3-e601-477a-aa7e-30a6d56723eb req-0c0dd4a3-e601-477a-aa7e-30a6d56723eb ] Request (ServerDiagnosticsV248Test:tearDownClass): 200 GET http://10.180.1.21/compute/v2.1/servers/951b8df7-13d8-4c88-b05d-eb31de01750a 1.452s
2025-05-05 22:30:31.010 71476 INFO tempest.lib.common.rest_client [req-4fac2709-e26d-4fcc-b32b-7e7a65a00532 req-4fac2709-e26d-4fcc-b32b-7e7a65a00532 ] Request (ServerDiagnosticsNegativeTest:tearDownClass): 200 GET http://10.180.1.21/compute/v2.1/servers/d00b626d-7121-46a9-ad1e-450c3db22e2d 1.414s
2025-05-05 22:30:31.046 71472 INFO tempest.lib.common.rest_client [req-d0ca8564-9bec-4216-9399-0c8da28de082 req-d0ca8564-9bec-4216-9399-0c8da28de082 ] Request (ImagesMetadataTestJSON:test_set_image_metadata_item): 200 GET http://10.180.1.21/compute/v2.1/images/1f3d69ee-5a06-4c02-b5b2-10322c38e8b2/metadata 1.260s
2025-05-05 22:30:31.181 71458 INFO tempest.lib.common.rest_client [req-616b0cd4-6a8f-4f60-8e0a-114d9f66a783 req-616b0cd4-6a8f-4f60-8e0a-114d9f66a783 ] Request (FloatingIPsNegativeTestJSON:tearDownClass): 204 DELETE http://10.180.1.21:9696/networking/v2.0/networks/83d05f94-f20f-474d-a581-b1439b9e7e00 0.281s
2025-05-05 22:30:31.198 71444 INFO tempest.lib.common.rest_client [req-1e4903fb-9dbe-41b4-b2b4-db42de78b8de req-1e4903fb-9dbe-41b4-b2b4-db42de78b8de ] Request (SecurityGroupRulesNegativeTestJSON:tearDownClass): 202 DELETE http://10.180.1.21/compute/v2.1/os-security-groups/2e6e5287-52e2-400f-b705-3c3f4977219e 1.542s
2025-05-05 22:30:31.201 71454 INFO tempest.lib.common.rest_client [req-7444211d-3fe2-4797-9f4b-bc890edc516c req-7444211d-3fe2-4797-9f4b-bc890edc516c ] Request (ServersTestMultiNic:setUpClass): 201 POST http://10.180.1.21:9696/networking/v2.0/networks 0.669s
2025-05-05 22:30:31.240 71474 INFO tempest.lib.common.rest_client [req-144c1f5c-3c58-479c-915b-0c2c5f30f52e req-144c1f5c-3c58-479c-915b-0c2c5f30f52e ] Request (AttachInterfacesV270Test:test_create_get_list_interfaces): 200 GET http://10.180.1.21/compute/v2.1/servers/5beeda39-74da-4bc1-a981-4999157823be 1.436s
2025-05-05 22:30:31.243 71461 INFO tempest.lib.common.rest_client [req-4af8f7ca-8aa3-45c1-b296-1aa763933d94 req-4af8f7ca-8aa3-45c1-b296-1aa763933d94 ] Request (FlavorsAccessNegativeTestJSON:_run_cleanups): 202 DELETE http://10.180.1.21/compute/v2.1/flavors/243819328 1.434s
2025-05-05 22:30:31.312 71458 INFO tempest.lib.common.rest_client [req-226dd213-ecd9-40c4-b302-c82ca39e5413 req-226dd213-ecd9-40c4-b302-c82ca39e5413 ] Request (FloatingIPsNegativeTestJSON:tearDownClass): 204 DELETE http://10.180.1.21/identity/v3/users/b8163b9a00be48df8784eee276fd0bdf 0.130s
2025-05-05 22:30:31.313 71458 INFO tempest.lib.common.dynamic_creds [-] Deleting project and security group for project: b2bba9b4882d45a394dec81ea305d395
2025-05-05 22:30:31.324 71436 INFO tempest.lib.common.rest_client [req-43d87a4a-5a2b-4c95-9362-461595b4423d req-43d87a4a-5a2b-4c95-9362-461595b4423d ] Request (AttachInterfacesTestJSON:test_create_list_show_delete_interfaces_by_fixed_ip): 200 GET http://10.180.1.21/compute/v2.1/servers/37fcddcc-b28b-461a-be2f-c5c928716584 1.453s
2025-05-05 22:30:31.373 71458 INFO tempest.lib.common.rest_client [req-2fe8ef7a-32d3-4a23-9c39-be0bf458385d req-2fe8ef7a-32d3-4a23-9c39-be0bf458385d ] Request (FloatingIPsNegativeTestJSON:tearDownClass): 200 GET http://10.180.1.21:9696/networking/v2.0/security-groups?tenant_id=b2bba9b4882d45a394dec81ea305d395&name=default 0.060s
2025-05-05 22:30:31.458 71450 INFO tempest.lib.common.rest_client [req-b57fe4ec-7fed-4526-a0a3-019beb304b34 req-b57fe4ec-7fed-4526-a0a3-019beb304b34 ] Request (ServersTestJSON:setUpClass): 200 GET http://10.180.1.21/compute/v2.1/servers/81fad1b3-397f-43ab-ae9c-bfa328e62a35 1.539s
2025-05-05 22:30:31.536 71454 INFO tempest.lib.common.rest_client [req-51e15303-ccb1-4feb-a380-d4717961141a req-51e15303-ccb1-4feb-a380-d4717961141a ] Request (ServersTestMultiNic:setUpClass): 201 POST http://10.180.1.21:9696/networking/v2.0/subnets 0.334s
2025-05-05 22:30:31.548 71492 INFO tempest.lib.common.rest_client [req-251076ca-2bb6-41b3-8f92-20dba2063f0a req-251076ca-2bb6-41b3-8f92-20dba2063f0a ] Request (ServersAdminTestJSON:test_create_server_with_scheduling_hint): 200 GET http://10.180.1.21/compute/v2.1/servers/c7c2f338-e656-408e-bae8-92bb630d2aa9 1.426s
2025-05-05 22:30:31.623 71470 INFO tempest.lib.common.rest_client [req-0b5f73a0-6341-45ea-a3b8-73dafe632eb8 req-0b5f73a0-6341-45ea-a3b8-73dafe632eb8 ] Request (VolumesAdminNegativeTest:test_update_attached_volume_with_nonexistent_volume_in_body): 200 GET http://10.180.1.21/compute/v2.1/servers/c98896e0-beae-4aa6-b353-2cd3e1a390fe 1.438s
2025-05-05 22:30:31.695 71458 INFO tempest.lib.common.rest_client [req-b037f247-7926-473d-b9dc-fefa34da9c74 req-b037f247-7926-473d-b9dc-fefa34da9c74 ] Request (FloatingIPsNegativeTestJSON:tearDownClass): 204 DELETE http://10.180.1.21:9696/networking/v2.0/security-groups/8144163a-eb77-4903-be4b-c297c7ccf7c2 0.321s
2025-05-05 22:30:31.854 71458 INFO tempest.lib.common.rest_client [req-615d556b-d3bb-4706-a9f6-a8066636fe3b req-615d556b-d3bb-4706-a9f6-a8066636fe3b ] Request (FloatingIPsNegativeTestJSON:tearDownClass): 204 DELETE http://10.180.1.21/identity/v3/projects/b2bba9b4882d45a394dec81ea305d395 0.159s
2025-05-05 22:30:31.876 71448 INFO tempest.lib.common.rest_client [req-e91ffdb2-5c92-4891-b868-54faaed832d9 req-e91ffdb2-5c92-4891-b868-54faaed832d9 ] Request (ServersTestManualDisk:setUpClass): 200 GET http://10.180.1.21/compute/v2.1/servers/3f10462d-646e-4cc2-ab2a-713c343edaf2 1.627s
2025-05-05 22:30:31.884 71448 INFO tempest.common.waiters [-] State transition "BUILD/None" ==> "BUILD/block_device_mapping" after 15 second wait
2025-05-05 22:30:31.954 71458 INFO tempest.lib.common.rest_client [req-246c9fc0-5415-475e-8541-38c5151f4d27 req-246c9fc0-5415-475e-8541-38c5151f4d27 ] Request (ServerMetadataTestJSON:setUpClass): 201 POST http://10.180.1.21/identity/v3/auth/tokens 0.098s
2025-05-05 22:30:31.958 71490 INFO tempest.lib.common.rest_client [req-fd3d7152-4b0c-4697-9383-ae13194c7743 req-fd3d7152-4b0c-4697-9383-ae13194c7743 ] Request (ServersAdmin275Test:test_rebuild_update_server_275): 200 GET http://10.180.1.21/compute/v2.1/servers/c576b9d3-e1ae-49d7-b4ea-e3e291fc7b44 1.609s
2025-05-05 22:30:31.993 71458 INFO tempest.lib.common.rest_client [req-bfa1d0d6-a104-435a-985b-feb3b3829c4c req-bfa1d0d6-a104-435a-985b-feb3b3829c4c ] Request (ServerMetadataTestJSON:setUpClass): 201 POST http://10.180.1.21/identity/v3/auth/tokens 0.036s
2025-05-05 22:30:32.027 71458 INFO tempest.lib.common.rest_client [req-1f651231-fa5a-4cc2-98f4-fb0322a85f85 req-1f651231-fa5a-4cc2-98f4-fb0322a85f85 ] Request (ServerMetadataTestJSON:setUpClass): 200 GET http://10.180.1.21/identity/v3/domains?name=Default 0.033s
2025-05-05 22:30:32.048 71486 INFO tempest.lib.common.rest_client [req-7e50e501-9306-4da6-808b-5d157c000751 req-7e50e501-9306-4da6-808b-5d157c000751 ] Request (ServersV294TestFqdnHostnames:setUpClass): 200 GET http://10.180.1.21/compute/v2.1/servers/8bf921a7-c252-4ad2-a380-29e85d01e0cb 1.698s
2025-05-05 22:30:32.072 71458 INFO tempest.lib.common.rest_client [req-50d7c53d-7b0e-43e2-bf85-199ab555d209 req-50d7c53d-7b0e-43e2-bf85-199ab555d209 ] Request (ServerMetadataTestJSON:setUpClass): 201 POST http://10.180.1.21/identity/v3/projects 0.045s
2025-05-05 22:30:32.115 71488 INFO tempest.lib.common.rest_client [req-e2922448-3e0b-4330-be6e-85f6a5204c10 req-e2922448-3e0b-4330-be6e-85f6a5204c10 ] Request (VolumesAssistedSnapshotsTest:test_volume_assisted_snapshot_create_delete): 200 GET http://10.180.1.21/compute/v2.1/servers/d9068da9-cfe5-40fd-95b8-5c5597f5e268 1.694s
2025-05-05 22:30:32.144 71458 INFO tempest.lib.common.rest_client [req-03ad7da4-8034-4927-9b57-8f4cb7f18181 req-03ad7da4-8034-4927-9b57-8f4cb7f18181 ] Request (ServerMetadataTestJSON:setUpClass): 201 POST http://10.180.1.21/identity/v3/users 0.070s
2025-05-05 22:30:32.175 71458 INFO tempest.lib.common.rest_client [req-464b1950-d8ae-4f5f-8752-24ec20b21d4f req-464b1950-d8ae-4f5f-8752-24ec20b21d4f ] Request (ServerMetadataTestJSON:setUpClass): 200 GET http://10.180.1.21/identity/v3/roles 0.031s
2025-05-05 22:30:32.181 71464 INFO tempest.lib.common.rest_client [req-3e7a891c-58b8-4ef5-a6f1-c46573510b71 req-3e7a891c-58b8-4ef5-a6f1-c46573510b71 ] Request (ServerDiagnosticsTest:test_get_server_diagnostics): 200 GET http://10.180.1.21/compute/v2.1/servers/666e2163-d6ac-46e8-bca6-c7fce49814a9 1.744s
2025-05-05 22:30:32.198 71442 INFO tempest.lib.common.rest_client [req-8262e74b-e9d6-45e9-9e78-db685ad3549f req-8262e74b-e9d6-45e9-9e78-db685ad3549f ] Request (FlavorsAdminTestJSON:_run_cleanups): 202 DELETE http://10.180.1.21/compute/v2.1/flavors/820289611 1.748s
2025-05-05 22:30:32.213 71458 INFO tempest.lib.common.rest_client [req-8c589552-29eb-497b-b18e-29e390bb52b6 req-8c589552-29eb-497b-b18e-29e390bb52b6 ] Request (ServerMetadataTestJSON:setUpClass): 204 PUT http://10.180.1.21/identity/v3/projects/d15213e2e24246c6b103e77fd4f66270/users/298db9233dee401c9525fb158635a6fc/roles/c5bf870ff7ac42a2ac3a4492117f479f 0.037s
2025-05-05 22:30:32.213 71458 INFO tempest.lib.common.dynamic_creds [-] Dynamic test user 298db9233dee401c9525fb158635a6fc is created with scope project and roles: ['member']
2025-05-05 22:30:32.214 71458 INFO tempest.lib.common.dynamic_creds [-] Acquired dynamic creds: credentials: Credentials: {'domain_id': 'default', 'domain_name': 'Default', 'username': 'tempest-ServerMetadataTestJSON-578176188-project-member', 'project_domain_id': 'default', 'project_domain_name': 'Default', 'project_id': 'd15213e2e24246c6b103e77fd4f66270', 'project_name': 'tempest-ServerMetadataTestJSON-578176188', 'tenant_id': 'd15213e2e24246c6b103e77fd4f66270', 'tenant_name': 'tempest-ServerMetadataTestJSON-578176188', 'user_domain_id': 'default', 'user_domain_name': 'Default', 'user_id': '298db9233dee401c9525fb158635a6fc', 'system': None}, Network: None, Subnet: None, Router: None
2025-05-05 22:30:32.302 71458 INFO tempest.lib.common.rest_client [req-1c6a6068-2a6f-4bc5-8967-f0f7a5a79f52 req-1c6a6068-2a6f-4bc5-8967-f0f7a5a79f52 ] Request (ServerMetadataTestJSON:setUpClass): 201 POST http://10.180.1.21/identity/v3/auth/tokens 0.088s
2025-05-05 22:30:32.418 71462 INFO tempest.lib.common.rest_client [req-1cd782d1-5867-4809-b64e-786525f2c68f req-1cd782d1-5867-4809-b64e-786525f2c68f ] Request (HypervisorAdminNegativeTestJSON:test_get_hypervisor_uptime_with_non_admin_user): 200 GET http://10.180.1.21/compute/v2.1/os-hypervisors 1.958s
2025-05-05 22:30:32.458 71452 INFO tempest.lib.common.rest_client [req-702d3a67-0229-4181-83c0-4bc257ac5665 req-702d3a67-0229-4181-83c0-4bc257ac5665 ] Request (ImagesTestJSON:test_create_image_from_stopped_server): 200 GET http://10.180.1.21/compute/v2.1/images/2eb77e6a-1492-476a-adac-097def596496 1.990s
2025-05-05 22:30:32.527 71466 INFO tempest.lib.common.rest_client [req-002fea6a-6fbd-4a9a-9189-17deb2c0792b req-002fea6a-6fbd-4a9a-9189-17deb2c0792b ] Request (ServerMetadataNegativeTestJSON:test_metadata_items_limit): 403 POST http://10.180.1.21/compute/v2.1/servers/86e51a30-4cbd-4b56-aff8-dee09042da28/metadata 2.006s
2025-05-05 22:30:32.603 71466 INFO tempest.lib.common.rest_client [req-1dbe0acf-bd54-4a98-a167-d967756ebe90 req-1dbe0acf-bd54-4a98-a167-d967756ebe90 ] Request (ServerMetadataNegativeTestJSON:test_server_create_metadata_key_too_long): 201 POST http://10.180.1.21/identity/v3/auth/tokens 0.070s
2025-05-05 22:30:32.603 71466 INFO tempest.lib.common.fixed_network [-] (ServerMetadataNegativeTestJSON:test_server_create_metadata_key_too_long) Found network {'id': '11a4c601-6ea4-4051-8e94-de11301d1f66', 'name': 'tempest-ServerMetadataNegativeTestJSON-2139901070-network', 'tenant_id': '472d3f623535402a8ca9ee533eb7a3c0', 'admin_state_up': True, 'mtu': 8950, 'status': 'ACTIVE', 'subnets': [], 'shared': False, 'project_id': '472d3f623535402a8ca9ee533eb7a3c0', 'port_security_enabled': True, 'router:external': False, 'provider:network_type': 'vlan', 'provider:physical_network': 'default', 'provider:segmentation_id': 601, 'availability_zone_hints': [], 'availability_zones': [], 'ipv4_address_scope': None, 'ipv6_address_scope': None, 'description': '', 'tags': [], 'created_at': '2025-05-05T22:29:49Z', 'updated_at': '2025-05-05T22:29:49Z', 'revision_number': 1} available for tenant
2025-05-05 22:30:32.813 71446 INFO tempest.lib.common.rest_client [req-e3843b9c-a5e4-437b-b68a-ed7f15006d4e req-e3843b9c-a5e4-437b-b68a-ed7f15006d4e ] Request (AbsoluteLimitsNegativeTestJSON:test_max_metadata_exceed_limit): 403 POST http://10.180.1.21/compute/v2.1/servers 2.289s
2025-05-05 22:30:32.816 71458 INFO tempest.lib.common.rest_client [req-49eeeb0a-2f4a-4221-b32e-575ed239935a req-49eeeb0a-2f4a-4221-b32e-575ed239935a ] Request (ServerMetadataTestJSON:setUpClass): 201 POST http://10.180.1.21:9696/networking/v2.0/networks 0.514s
2025-05-05 22:30:32.829 71454 INFO tempest.lib.common.rest_client [req-bd12f6ca-8aed-4752-bbbb-e87a54bd79cf req-bd12f6ca-8aed-4752-bbbb-e87a54bd79cf ] Request (ServersTestMultiNic:setUpClass): 201 POST http://10.180.1.21:9696/networking/v2.0/routers 1.293s
2025-05-05 22:30:32.884 71468 INFO tempest.lib.common.rest_client [req-2f39968f-157c-4216-9eae-accfa568b6e8 req-2f39968f-157c-4216-9eae-accfa568b6e8 ] Request (DeleteServersAdminTestJSON:test_delete_server_while_in_error_state): 200 GET http://10.180.1.21/compute/v2.1/servers/a072844a-d6f2-42e6-8ee4-6532341c7977 2.328s
2025-05-05 22:30:32.925 71446 INFO tempest.lib.common.rest_client [req-d236c255-76a5-4b02-8c0e-22a12753f8e0 req-d236c255-76a5-4b02-8c0e-22a12753f8e0 ] Request (AbsoluteLimitsNegativeTestJSON:tearDownClass): 204 DELETE http://10.180.1.21/identity/v3/users/65abe0a65d0b441eb93baea285d279a5 0.110s
2025-05-05 22:30:32.925 71446 INFO tempest.lib.common.dynamic_creds [-] Deleting project and security group for project: 5c32cf78cfa140129f97817f52e76625
2025-05-05 22:30:32.990 71456 INFO tempest.lib.common.rest_client [req-5d1f2530-e5e8-41b6-b3d1-f02dd56e094d req-5d1f2530-e5e8-41b6-b3d1-f02dd56e094d ] Request (QuotasAdminTestV236:test_get_updated_quotas): 200 GET http://10.180.1.21/identity/v3/domains?name=Default 0.140s
2025-05-05 22:30:33.008 71446 INFO tempest.lib.common.rest_client [req-72450752-a4e5-49b7-a41f-d750d86f44a8 req-72450752-a4e5-49b7-a41f-d750d86f44a8 ] Request (AbsoluteLimitsNegativeTestJSON:tearDownClass): 201 POST http://10.180.1.21/identity/v3/auth/tokens 0.083s
2025-05-05 22:30:33.086 71456 INFO tempest.lib.common.rest_client [req-4adcadeb-5433-463b-bee4-8bc86f87fd32 req-4adcadeb-5433-463b-bee4-8bc86f87fd32 ] Request (QuotasAdminTestV236:test_get_updated_quotas): 201 POST http://10.180.1.21/identity/v3/projects 0.095s
2025-05-05 22:30:33.124 71484 INFO tempest.lib.common.rest_client [req-c1b0b9b4-adb4-4fcd-95e3-a7f8746d9253 req-c1b0b9b4-adb4-4fcd-95e3-a7f8746d9253 ] Request (InstanceActionsTestJSON:test_list_instance_actions): 200 GET http://10.180.1.21/compute/v2.1/servers/4fd900b8-cabb-482e-97bf-9663d402c228 2.524s
2025-05-05 22:30:33.131 71482 INFO tempest.lib.common.rest_client [req-a7ff22f1-6720-436b-8f03-a2bd1df1a730 req-a7ff22f1-6720-436b-8f03-a2bd1df1a730 ] Request (AggregatesAdminNegativeTestJSON:test_aggregate_get_details_as_user): 403 GET http://10.180.1.21/compute/v2.1/os-aggregates/6 2.497s
2025-05-05 22:30:33.177 71456 INFO tempest.lib.common.rest_client [req-99a3aef9-52ab-4904-990a-98226e9cabfa req-99a3aef9-52ab-4904-990a-98226e9cabfa ] Request (QuotasAdminTestV236:test_get_updated_quotas): 200 GET http://10.180.1.21/identity/v3/domains?name=Default 0.090s
2025-05-05 22:30:33.190 71458 INFO tempest.lib.common.rest_client [req-5065869e-73ea-4d71-b637-ed6b9158f25b req-5065869e-73ea-4d71-b637-ed6b9158f25b ] Request (ServerMetadataTestJSON:setUpClass): 201 POST http://10.180.1.21:9696/networking/v2.0/subnets 0.372s
2025-05-05 22:30:33.352 71438 INFO tempest.lib.common.rest_client [req-7ae96cb2-dc80-4e11-bc99-5a9e618f4d59 req-7ae96cb2-dc80-4e11-bc99-5a9e618f4d59 ] Request (SecurityGroupsTestJSON:test_security_groups_create_list_delete): 200 POST http://10.180.1.21/compute/v2.1/os-security-groups 2.699s
2025-05-05 22:30:33.415 71446 INFO tempest.lib.common.rest_client [req-454a8c0e-5077-408a-85e1-dc30b4ec260d req-454a8c0e-5077-408a-85e1-dc30b4ec260d ] Request (AbsoluteLimitsNegativeTestJSON:tearDownClass): 200 GET http://10.180.1.21:9696/networking/v2.0/security-groups?tenant_id=5c32cf78cfa140129f97817f52e76625&name=default 0.407s
2025-05-05 22:30:33.597 71446 INFO tempest.lib.common.rest_client [req-d47af8dc-d159-412c-a9ab-8fb2265ead81 req-d47af8dc-d159-412c-a9ab-8fb2265ead81 ] Request (AbsoluteLimitsNegativeTestJSON:tearDownClass): 204 DELETE http://10.180.1.21:9696/networking/v2.0/security-groups/6880a931-a5a6-464e-8ca3-dbed27529a15 0.180s
2025-05-05 22:30:33.656 71472 INFO tempest.lib.common.rest_client [req-07c93276-d2e3-433f-a9ad-2a1548834c1e req-07c93276-d2e3-433f-a9ad-2a1548834c1e ] Request (ImagesMetadataTestJSON:setUp): 200 PUT http://10.180.1.21/compute/v2.1/images/1f3d69ee-5a06-4c02-b5b2-10322c38e8b2/metadata 2.609s
2025-05-05 22:30:33.743 71446 INFO tempest.lib.common.rest_client [req-2bd7c1b2-13ee-4943-86de-d12521c58615 req-2bd7c1b2-13ee-4943-86de-d12521c58615 ] Request (AbsoluteLimitsNegativeTestJSON:tearDownClass): 204 DELETE http://10.180.1.21/identity/v3/projects/5c32cf78cfa140129f97817f52e76625 0.146s
2025-05-05 22:30:33.813 71444 INFO tempest.lib.common.rest_client [req-9233b50a-8dcc-4758-8b6c-96f5e1c0426b req-9233b50a-8dcc-4758-8b6c-96f5e1c0426b ] Request (SecurityGroupRulesNegativeTestJSON:tearDownClass): 202 DELETE http://10.180.1.21/compute/v2.1/os-security-groups/372853f1-0468-4bca-a887-bb92835405a2 2.614s
2025-05-05 22:30:33.827 71446 INFO tempest.lib.common.rest_client [req-cecb617f-e93c-4f83-b6d0-60aba6b0eeb4 req-cecb617f-e93c-4f83-b6d0-60aba6b0eeb4 ] Request (SecurityGroupsNegativeTestJSON:setUpClass): 201 POST http://10.180.1.21/identity/v3/auth/tokens 0.083s
2025-05-05 22:30:33.869 71446 INFO tempest.lib.common.rest_client [req-1c0effb4-bfe3-4f4f-91a7-b5875dc5ac71 req-1c0effb4-bfe3-4f4f-91a7-b5875dc5ac71 ] Request (SecurityGroupsNegativeTestJSON:setUpClass): 201 POST http://10.180.1.21/identity/v3/auth/tokens 0.039s
2025-05-05 22:30:33.890 71434 INFO tempest.lib.common.rest_client [req-d56bfb13-1012-4c37-8364-34d7fb6329ac req-d56bfb13-1012-4c37-8364-34d7fb6329ac ] Request (FloatingIPsAssociationTestJSON:test_associate_already_associated_floating_ip): 200 GET http://10.180.1.21/compute/v2.1/servers/52179727-7607-4992-bb0e-2b9ec89ae1eb 2.664s
2025-05-05 22:30:33.898 71446 INFO tempest.lib.common.rest_client [req-2feca30b-d60a-4356-8121-bdeb5341bb7a req-2feca30b-d60a-4356-8121-bdeb5341bb7a ] Request (SecurityGroupsNegativeTestJSON:setUpClass): 200 GET http://10.180.1.21/identity/v3/domains?name=Default 0.028s
2025-05-05 22:30:33.920 71461 INFO tempest.lib.common.rest_client [req-07732919-7cab-44d6-a070-87867199256f req-07732919-7cab-44d6-a070-87867199256f ] Request (FlavorsAccessNegativeTestJSON:_run_cleanups): 200 GET http://10.180.1.21/compute/v2.1/flavors/detail 2.672s
2025-05-05 22:30:33.948 71446 INFO tempest.lib.common.rest_client [req-5954dc80-3916-4982-b884-72e0b30fa720 req-5954dc80-3916-4982-b884-72e0b30fa720 ] Request (SecurityGroupsNegativeTestJSON:setUpClass): 201 POST http://10.180.1.21/identity/v3/projects 0.048s
2025-05-05 22:30:34.024 71461 INFO tempest.lib.common.rest_client [req-f58d114b-8959-4205-81ba-7a3dd35d9a90 req-f58d114b-8959-4205-81ba-7a3dd35d9a90 ] Request (FlavorsAccessNegativeTestJSON:tearDownClass): 204 DELETE http://10.180.1.21/identity/v3/users/f4e2864d721c4e1c8691ff1ca3e53f78 0.095s
2025-05-05 22:30:34.087 71446 INFO tempest.lib.common.rest_client [req-68354ac7-4b3b-46d8-a3e3-e18ba71ce42f req-68354ac7-4b3b-46d8-a3e3-e18ba71ce42f ] Request (SecurityGroupsNegativeTestJSON:setUpClass): 201 POST http://10.180.1.21/identity/v3/users 0.139s
2025-05-05 22:30:34.125 71461 INFO tempest.lib.common.rest_client [req-df181c02-b775-4e06-a5da-f4f231d68b0f req-df181c02-b775-4e06-a5da-f4f231d68b0f ] Request (FlavorsAccessNegativeTestJSON:tearDownClass): 204 DELETE http://10.180.1.21/identity/v3/users/d080d1737f1b4e9cb91d8e82297ceb7a 0.101s
2025-05-05 22:30:34.168 71446 INFO tempest.lib.common.rest_client [req-44d8d027-5c91-4c7c-b527-831d3acc0c05 req-44d8d027-5c91-4c7c-b527-831d3acc0c05 ] Request (SecurityGroupsNegativeTestJSON:setUpClass): 200 GET http://10.180.1.21/identity/v3/roles 0.080s
2025-05-05 22:30:34.213 71446 INFO tempest.lib.common.rest_client [req-c5fcd98d-266e-4289-a73f-2b674adbd3f0 req-c5fcd98d-266e-4289-a73f-2b674adbd3f0 ] Request (SecurityGroupsNegativeTestJSON:setUpClass): 204 PUT http://10.180.1.21/identity/v3/projects/a01f15200c0e45218b86e11e7de144d6/users/e669caa83ff4413795503b8b52a89a17/roles/c5bf870ff7ac42a2ac3a4492117f479f 0.044s
2025-05-05 22:30:34.213 71446 INFO tempest.lib.common.dynamic_creds [-] Dynamic test user e669caa83ff4413795503b8b52a89a17 is created with scope project and roles: ['member']
2025-05-05 22:30:34.214 71446 INFO tempest.lib.common.dynamic_creds [-] Acquired dynamic creds: credentials: Credentials: {'domain_id': 'default', 'domain_name': 'Default', 'username': 'tempest-SecurityGroupsNegativeTestJSON-1499987292-project-member', 'project_domain_id': 'default', 'project_domain_name': 'Default', 'project_id': 'a01f15200c0e45218b86e11e7de144d6', 'project_name': 'tempest-SecurityGroupsNegativeTestJSON-1499987292', 'tenant_id': 'a01f15200c0e45218b86e11e7de144d6', 'tenant_name': 'tempest-SecurityGroupsNegativeTestJSON-1499987292', 'user_domain_id': 'default', 'user_domain_name': 'Default', 'user_id': 'e669caa83ff4413795503b8b52a89a17', 'system': None}, Network: None, Subnet: None, Router: None
2025-05-05 22:30:34.249 71461 INFO tempest.lib.common.rest_client [req-0f2e84dd-7db2-4273-93bf-d52933bd1583 req-0f2e84dd-7db2-4273-93bf-d52933bd1583 ] Request (FlavorsAccessNegativeTestJSON:tearDownClass): 204 DELETE http://10.180.1.21/identity/v3/users/848aeaa449954d6986e0ac92ae4f3c54 0.123s
2025-05-05 22:30:34.249 71461 INFO tempest.lib.common.dynamic_creds [-] Deleting project and security group for project: 0f678fa68b02452093c06622b8eb83f0
2025-05-05 22:30:34.287 71446 INFO tempest.lib.common.rest_client [req-5ef5cfa4-397a-4c0c-8b4f-b4ade405b155 req-5ef5cfa4-397a-4c0c-8b4f-b4ade405b155 ] Request (SecurityGroupsNegativeTestJSON:setUpClass): 201 POST http://10.180.1.21/identity/v3/auth/tokens 0.072s
2025-05-05 22:30:34.314 71461 INFO tempest.lib.common.rest_client [req-5eb352d4-5a76-4939-bc35-39c6868d92ce req-5eb352d4-5a76-4939-bc35-39c6868d92ce ] Request (FlavorsAccessNegativeTestJSON:tearDownClass): 201 POST http://10.180.1.21/identity/v3/auth/tokens 0.064s
2025-05-05 22:30:34.399 71440 INFO tempest.lib.common.rest_client [req-e9d4dfae-415f-4d3f-806d-ae40c1471c58 req-e9d4dfae-415f-4d3f-806d-ae40c1471c58 ] Request (ServersWithSpecificFlavorTestJSON:test_verify_created_server_ephemeral_disk): 200 GET http://10.180.1.21/compute/v2.1/servers/56a1dccf-2dd0-4b4d-8ddb-0092ee837752 3.066s
2025-05-05 22:30:34.629 71494 INFO tempest.lib.common.rest_client [req-15c58743-5403-4d5a-af32-e0ddbab5a31e req-15c58743-5403-4d5a-af32-e0ddbab5a31e ] Request (ImagesOneServerNegativeTestJSON:setUpClass): 200 GET http://10.180.1.21/compute/v2.1/servers/af490d93-f4db-479d-910c-d04a97483af6 2.713s
2025-05-05 22:30:34.730 71432 INFO tempest.lib.common.rest_client [req-b74ee1ac-5ae1-42a8-92ff-1c3a4b7ca780 req-b74ee1ac-5ae1-42a8-92ff-1c3a4b7ca780 ] Request (ListImageFiltersTestJSON:setUpClass): 200 GET http://10.180.1.21/compute/v2.1/servers/1454d339-c5d1-4aca-b008-55668020cb98 2.786s
2025-05-05 22:30:34.744 71432 INFO tempest.common.waiters [-] State transition "BUILD/scheduling" ==> "BUILD/None" after 9 second wait
2025-05-05 22:30:34.862 71461 INFO tempest.lib.common.rest_client [req-2453a960-5f06-48ad-a119-f4eaec6c3bab req-2453a960-5f06-48ad-a119-f4eaec6c3bab ] Request (FlavorsAccessNegativeTestJSON:tearDownClass): 200 GET http://10.180.1.21:9696/networking/v2.0/security-groups?tenant_id=0f678fa68b02452093c06622b8eb83f0&name=default 0.548s
2025-05-05 22:30:34.867 71480 INFO tempest.lib.common.rest_client [req-8a962a68-dfab-4e7c-8061-1d1849253696 req-8a962a68-dfab-4e7c-8061-1d1849253696 ] Request (ServerDiagnosticsV248Test:tearDownClass): 200 GET http://10.180.1.21/compute/v2.1/servers/951b8df7-13d8-4c88-b05d-eb31de01750a 2.862s
2025-05-05 22:30:34.968 71476 INFO tempest.lib.common.rest_client [req-fed625ab-2031-4cdd-a1ad-bf6124352985 req-fed625ab-2031-4cdd-a1ad-bf6124352985 ] Request (ServerDiagnosticsNegativeTest:tearDownClass): 200 GET http://10.180.1.21/compute/v2.1/servers/d00b626d-7121-46a9-ad1e-450c3db22e2d 2.950s
2025-05-05 22:30:34.969 71454 INFO tempest.lib.common.rest_client [req-7bd61f63-507a-4a19-b287-b36951e1a64b req-7bd61f63-507a-4a19-b287-b36951e1a64b ] Request (ServersTestMultiNic:setUpClass): 200 PUT http://10.180.1.21:9696/networking/v2.0/routers/2b47fbca-9434-4d0d-946b-1fb83d035289/add_router_interface 2.139s
2025-05-05 22:30:34.969 71454 INFO tempest.lib.common.dynamic_creds [-] Created isolated network resources for: credentials: Credentials: {'domain_id': 'default', 'domain_name': 'Default', 'username': 'tempest-ServersTestMultiNic-426523714-project-member', 'project_domain_id': 'default', 'project_domain_name': 'Default', 'project_id': 'c5d2ddc79f5c4bb0a7ff901953b0e551', 'project_name': 'tempest-ServersTestMultiNic-426523714', 'tenant_id': 'c5d2ddc79f5c4bb0a7ff901953b0e551', 'tenant_name': 'tempest-ServersTestMultiNic-426523714', 'user_domain_id': 'default', 'user_domain_name': 'Default', 'user_id': '6b762b8e046842bc8197b36aed8f9cde', 'system': None}, Network: {'id': '3a90510d-6092-4fab-83ed-9b20cc1e61c6', 'name': 'tempest-ServersTestMultiNic-1909852407-network', 'tenant_id': 'c5d2ddc79f5c4bb0a7ff901953b0e551', 'admin_state_up': True, 'mtu': 8950, 'status': 'ACTIVE', 'subnets': [], 'shared': False, 'project_id': 'c5d2ddc79f5c4bb0a7ff901953b0e551', 'port_security_enabled': True, 'router:external': False, 'provider:network_type': 'vlan', 'provider:physical_network': 'default', 'provider:segmentation_id': 874, 'availability_zone_hints': [], 'availability_zones': [], 'ipv4_address_scope': None, 'ipv6_address_scope': None, 'description': '', 'tags': [], 'created_at': '2025-05-05T22:30:31Z', 'updated_at': '2025-05-05T22:30:31Z', 'revision_number': 1}, Subnet: {'id': '3e2c1f08-0885-4fd5-baec-2552c5aa50a6', 'name': 'tempest-ServersTestMultiNic-1909852407-subnet', 'tenant_id': 'c5d2ddc79f5c4bb0a7ff901953b0e551', 'network_id': '3a90510d-6092-4fab-83ed-9b20cc1e61c6', 'ip_version': 4, 'subnetpool_id': None, 'enable_dhcp': True, 'ipv6_ra_mode': None, 'ipv6_address_mode': None, 'gateway_ip': '192.168.128.1', 'cidr': '192.168.128.0/28', 'allocation_pools': [{'start': '192.168.128.2', 'end': '192.168.128.14'}], 'host_routes': [], 'dns_nameservers': [], 'description': '', 'router:external': False, 'service_types': [], 'tags': [], 'created_at': '2025-05-05T22:30:31Z', 'updated_at': '2025-05-05T22:30:31Z', 'revision_number': 0, 'project_id': 'c5d2ddc79f5c4bb0a7ff901953b0e551'}, Router: {'id': '2b47fbca-9434-4d0d-946b-1fb83d035289', 'name': 'tempest-ServersTestMultiNic-1909852407-router', 'tenant_id': 'c5d2ddc79f5c4bb0a7ff901953b0e551', 'admin_state_up': True, 'status': 'ACTIVE', 'external_gateway_info': {'network_id': '6508fbbc-68af-468f-badf-b2080c51261e', 'external_fixed_ips': [{'subnet_id': '841a887f-789b-492b-9a6a-d4f2a2b68889', 'ip_address': '10.180.180.173'}], 'enable_snat': True}, 'description': '', 'availability_zones': [], 'distributed': False, 'ha': False, 'availability_zone_hints': [], 'routes': [], 'flavor_id': None, 'tags': [], 'created_at': '2025-05-05T22:30:31Z', 'updated_at': '2025-05-05T22:30:32Z', 'revision_number': 2, 'project_id': 'c5d2ddc79f5c4bb0a7ff901953b0e551'}
2025-05-05 22:30:34.997 71442 INFO tempest.lib.common.rest_client [req-0e282a21-7d4e-46b2-b697-165013cf1dd6 req-0e282a21-7d4e-46b2-b697-165013cf1dd6 ] Request (FlavorsAdminTestJSON:_run_cleanups): 200 GET http://10.180.1.21/compute/v2.1/flavors/detail 2.799s
2025-05-05 22:30:35.038 71446 INFO tempest.lib.common.rest_client [req-2bb72ed3-ef6e-4710-b860-cc4fc2602531 req-2bb72ed3-ef6e-4710-b860-cc4fc2602531 ] Request (SecurityGroupsNegativeTestJSON:setUpClass): 201 POST http://10.180.1.21:9696/networking/v2.0/networks 0.751s
2025-05-05 22:30:35.076 71454 INFO tempest.lib.common.rest_client [req-da766f00-b167-4984-954c-0f449144ce09 req-da766f00-b167-4984-954c-0f449144ce09 ] Request (ServersTestMultiNic:setUpClass): 201 POST http://10.180.1.21/identity/v3/auth/tokens 0.104s
2025-05-05 22:30:35.132 71461 INFO tempest.lib.common.rest_client [req-84367cda-e379-4302-9a9f-929fb62f2d4c req-84367cda-e379-4302-9a9f-929fb62f2d4c ] Request (FlavorsAccessNegativeTestJSON:tearDownClass): 204 DELETE http://10.180.1.21:9696/networking/v2.0/security-groups/54d58e14-aef0-4961-87e0-0425b122c22c 0.269s
2025-05-05 22:30:35.205 71461 INFO tempest.lib.common.rest_client [req-d1bb7cde-cfda-4a96-81b4-425a46e7a525 req-d1bb7cde-cfda-4a96-81b4-425a46e7a525 ] Request (FlavorsAccessNegativeTestJSON:tearDownClass): 204 DELETE http://10.180.1.21/identity/v3/projects/0f678fa68b02452093c06622b8eb83f0 0.073s
2025-05-05 22:30:35.205 71461 INFO tempest.lib.common.dynamic_creds [-] Deleting project and security group for project: d3170f01552d44f7800a3c435bfd463e
2025-05-05 22:30:35.435 71474 INFO tempest.lib.common.rest_client [req-000c6d18-13dd-42c0-8e25-2511ebc17048 req-000c6d18-13dd-42c0-8e25-2511ebc17048 ] Request (AttachInterfacesV270Test:test_create_get_list_interfaces): 200 GET http://10.180.1.21/compute/v2.1/servers/5beeda39-74da-4bc1-a981-4999157823be 3.178s
2025-05-05 22:30:35.579 71436 INFO tempest.lib.common.rest_client [req-0ac3ac7e-be79-4edb-8d9c-21edc9401837 req-0ac3ac7e-be79-4edb-8d9c-21edc9401837 ] Request (AttachInterfacesTestJSON:test_create_list_show_delete_interfaces_by_fixed_ip): 200 GET http://10.180.1.21/compute/v2.1/servers/37fcddcc-b28b-461a-be2f-c5c928716584 3.246s
2025-05-05 22:30:35.587 71462 INFO tempest.lib.common.rest_client [req-c2774e8e-eeca-4c96-86a7-f65ae7126f91 req-c2774e8e-eeca-4c96-86a7-f65ae7126f91 ] Request (HypervisorAdminNegativeTestJSON:test_get_hypervisor_uptime_with_non_admin_user): 403 GET http://10.180.1.21/compute/v2.1/os-hypervisors/1/uptime 3.167s
2025-05-05 22:30:35.734 71454 INFO tempest.lib.common.rest_client [req-d0dbd34d-fa2b-4a60-9116-81b64364d539 req-d0dbd34d-fa2b-4a60-9116-81b64364d539 ] Request (ServersTestMultiNic:test_verify_duplicate_network_nics): 201 POST http://10.180.1.21:9696/networking/v2.0/networks 0.654s
2025-05-05 22:30:35.758 71458 INFO tempest.lib.common.rest_client [req-e21f4a65-c61b-4d34-b1a3-68a9e8156cda req-e21f4a65-c61b-4d34-b1a3-68a9e8156cda ] Request (ServerMetadataTestJSON:setUpClass): 201 POST http://10.180.1.21:9696/networking/v2.0/routers 2.568s
2025-05-05 22:30:35.770 71478 INFO tempest.lib.common.rest_client [req-82d5c3d8-69ec-4365-a8ad-721b88757085 req-82d5c3d8-69ec-4365-a8ad-721b88757085 ] Request (SecurityGroupsTestAdminJSON:test_list_security_groups_list_all_tenants_filter): 200 GET http://10.180.1.21/compute/v2.1/os-security-groups?all_tenants=true 5.746s
2025-05-05 22:30:35.785 71461 INFO tempest.lib.common.rest_client [req-6f5f44f5-cf5a-44f9-9801-712cba528c46 req-6f5f44f5-cf5a-44f9-9801-712cba528c46 ] Request (FlavorsAccessNegativeTestJSON:tearDownClass): 200 GET http://10.180.1.21:9696/networking/v2.0/security-groups?tenant_id=d3170f01552d44f7800a3c435bfd463e&name=default 0.579s
2025-05-05 22:30:35.878 71492 INFO tempest.lib.common.rest_client [req-777d1667-cb8f-4990-8581-826118624de6 req-777d1667-cb8f-4990-8581-826118624de6 ] Request (ServersAdminTestJSON:test_create_server_with_scheduling_hint): 200 GET http://10.180.1.21/compute/v2.1/servers/c7c2f338-e656-408e-bae8-92bb630d2aa9 3.317s
2025-05-05 22:30:35.890 71466 INFO tempest.lib.common.rest_client [req-67b47a93-a269-4232-a55e-3aab70f6519c req-67b47a93-a269-4232-a55e-3aab70f6519c ] Request (ServerMetadataNegativeTestJSON:test_server_create_metadata_key_too_long): 400 POST http://10.180.1.21/compute/v2.1/servers 3.286s
2025-05-05 22:30:35.976 71466 INFO tempest.lib.common.rest_client [req-332d9622-702b-4bfc-a272-a7a468ab64a0 req-332d9622-702b-4bfc-a272-a7a468ab64a0 ] Request (ServerMetadataNegativeTestJSON:test_server_create_metadata_key_too_long): 201 POST http://10.180.1.21/identity/v3/auth/tokens 0.083s
2025-05-05 22:30:35.977 71466 INFO tempest.lib.common.fixed_network [-] (ServerMetadataNegativeTestJSON:test_server_create_metadata_key_too_long) Found network {'id': '11a4c601-6ea4-4051-8e94-de11301d1f66', 'name': 'tempest-ServerMetadataNegativeTestJSON-2139901070-network', 'tenant_id': '472d3f623535402a8ca9ee533eb7a3c0', 'admin_state_up': True, 'mtu': 8950, 'status': 'ACTIVE', 'subnets': [], 'shared': False, 'project_id': '472d3f623535402a8ca9ee533eb7a3c0', 'port_security_enabled': True, 'router:external': False, 'provider:network_type': 'vlan', 'provider:physical_network': 'default', 'provider:segmentation_id': 601, 'availability_zone_hints': [], 'availability_zones': [], 'ipv4_address_scope': None, 'ipv6_address_scope': None, 'description': '', 'tags': [], 'created_at': '2025-05-05T22:29:49Z', 'updated_at': '2025-05-05T22:29:49Z', 'revision_number': 1} available for tenant
2025-05-05 22:30:35.998 71450 INFO tempest.lib.common.rest_client [req-840411f4-c25d-4a0b-91de-26928ef8970f req-840411f4-c25d-4a0b-91de-26928ef8970f ] Request (ServersTestJSON:setUpClass): 200 GET http://10.180.1.21/compute/v2.1/servers/81fad1b3-397f-43ab-ae9c-bfa328e62a35 3.530s
2025-05-05 22:30:36.015 71450 INFO tempest.common.waiters [-] State transition "BUILD/spawning" ==> "ACTIVE/None" after 26 second wait
2025-05-05 22:30:36.118 71446 INFO tempest.lib.common.rest_client [req-6757a797-b49e-4677-82cf-50b6201c3a2c req-6757a797-b49e-4677-82cf-50b6201c3a2c ] Request (SecurityGroupsNegativeTestJSON:setUpClass): 201 POST http://10.180.1.21:9696/networking/v2.0/subnets 1.079s
2025-05-05 22:30:36.126 71470 INFO tempest.lib.common.rest_client [req-e094b336-b4d6-4e97-8bcf-089bce877242 req-e094b336-b4d6-4e97-8bcf-089bce877242 ] Request (VolumesAdminNegativeTest:test_update_attached_volume_with_nonexistent_volume_in_body): 200 GET http://10.180.1.21/compute/v2.1/servers/c98896e0-beae-4aa6-b353-2cd3e1a390fe 3.488s
2025-05-05 22:30:36.141 71470 INFO tempest.common.waiters [-] State transition "BUILD/None" ==> "BUILD/spawning" after 16 second wait
2025-05-05 22:30:36.221 71490 INFO tempest.lib.common.rest_client [req-7729b893-38eb-4b91-a375-d18bbbc6d46c req-7729b893-38eb-4b91-a375-d18bbbc6d46c ] Request (ServersAdmin275Test:test_rebuild_update_server_275): 200 GET http://10.180.1.21/compute/v2.1/servers/c576b9d3-e1ae-49d7-b4ea-e3e291fc7b44 3.245s
