2025-05-05 22:30:40.996 71442 INFO tempest.lib.common.rest_client [req-4b9be700-a463-4505-bc9b-af4e89a52405 req-4b9be700-a463-4505-bc9b-af4e89a52405 ] Request (FlavorsAdminTestJSON:test_is_public_string_variations): 200 GET http://10.180.1.21/compute/v2.1/flavors/detail?is_public=f 2.092s
2025-05-05 22:30:41.003 71462 INFO tempest.lib.common.rest_client [req-b0212ff5-c8fb-40e4-a900-cca146ef9ca3 req-b0212ff5-c8fb-40e4-a900-cca146ef9ca3 ] Request (HypervisorAdminNegativeTestJSON:test_show_hypervisor_with_non_admin_user): 403 GET http://10.180.1.21/compute/v2.1/os-hypervisors/1 2.071s
2025-05-05 22:30:41.059 71444 INFO tempest.lib.common.rest_client [req-7a5076fc-3d93-4fc5-973a-c29f3567e57c req-7a5076fc-3d93-4fc5-973a-c29f3567e57c ] Request (ServersTestBootFromVolume:setUpClass): 201 POST http://10.180.1.21:9696/networking/v2.0/subnets 0.325s
2025-05-05 22:30:41.138 71446 INFO tempest.lib.common.rest_client [req-e5691c59-d597-4ab7-a1db-b3dfed2906cc req-e5691c59-d597-4ab7-a1db-b3dfed2906cc ] Request (SecurityGroupsNegativeTestJSON:setUpClass): 201 POST http://10.180.1.21/identity/v3/auth/tokens 0.141s
2025-05-05 22:30:41.195 71454 INFO tempest.lib.common.rest_client [req-bd56401d-1fc6-41e8-a95c-286f73f2164f req-bd56401d-1fc6-41e8-a95c-286f73f2164f ] Request (ServersTestMultiNic:test_verify_duplicate_network_nics): 202 POST http://10.180.1.21/compute/v2.1/servers 3.036s
2025-05-05 22:30:41.257 71438 INFO tempest.lib.common.rest_client [req-249369ba-39e7-476d-acc2-b5e256be0582 req-249369ba-39e7-476d-acc2-b5e256be0582 ] Request (SecurityGroupsTestJSON:test_security_groups_create_list_delete): 404 GET http://10.180.1.21/compute/v2.1/os-security-groups/becb044e-b8ce-4f0d-8677-76733bee96bd 2.231s
2025-05-05 22:30:41.439 71474 INFO tempest.lib.common.rest_client [req-90acf368-5287-48ff-b182-ca3bbd6ecdf4 req-90acf368-5287-48ff-b182-ca3bbd6ecdf4 ] Request (AttachInterfacesV270Test:test_create_get_list_interfaces): 200 GET http://10.180.1.21/compute/v2.1/servers/5beeda39-74da-4bc1-a981-4999157823be 2.112s
2025-05-05 22:30:41.454 71474 INFO tempest.common.waiters [-] State transition "BUILD/spawning" ==> "ACTIVE/None" after 27 second wait
2025-05-05 22:30:41.514 71436 INFO tempest.lib.common.rest_client [req-74a8e3fa-2d91-4756-9278-78c8973b1e2d req-74a8e3fa-2d91-4756-9278-78c8973b1e2d ] Request (AttachInterfacesTestJSON:test_create_list_show_delete_interfaces_by_fixed_ip): 200 GET http://10.180.1.21/compute/v2.1/servers/37fcddcc-b28b-461a-be2f-c5c928716584 1.993s
2025-05-05 22:30:41.520 71494 INFO tempest.lib.common.rest_client [req-9b5936a1-1632-453a-b8af-f78412e34379 req-9b5936a1-1632-453a-b8af-f78412e34379 ] Request (ImagesOneServerNegativeTestJSON:test_create_image_specify_invalid_metadata): 400 POST http://10.180.1.21/compute/v2.1/servers/af490d93-f4db-479d-910c-d04a97483af6/action 1.995s
2025-05-05 22:30:41.525 71466 INFO tempest.lib.common.rest_client [req-332ccc88-c407-4642-9725-edda192d2395 req-332ccc88-c407-4642-9725-edda192d2395 ] Request (ServerMetadataNegativeTestJSON:test_server_create_metadata_key_too_long): 400 POST http://10.180.1.21/compute/v2.1/servers 1.872s
2025-05-05 22:30:41.596 71492 INFO tempest.lib.common.rest_client [req-ed5b13eb-ff78-43db-9d48-82aa7b594f47 req-ed5b13eb-ff78-43db-9d48-82aa7b594f47 ] Request (ServersAdminTestJSON:test_create_server_with_scheduling_hint): 200 GET http://10.180.1.21/compute/v2.1/servers/c7c2f338-e656-408e-bae8-92bb630d2aa9 1.938s
2025-05-05 22:30:41.711 71458 INFO tempest.lib.common.rest_client [req-989a3bc4-52a6-46fb-ac6a-86dda2b2fb9e req-989a3bc4-52a6-46fb-ac6a-86dda2b2fb9e ] Request (ServerMetadataTestJSON:setUpClass): 202 POST http://10.180.1.21/compute/v2.1/servers 2.754s
2025-05-05 22:30:41.751 71482 INFO tempest.lib.common.rest_client [req-3104bc44-7132-49e0-820b-8771dd6d26c2 req-3104bc44-7132-49e0-820b-8771dd6d26c2 ] Request (AggregatesAdminNegativeTestJSON:test_aggregate_remove_host_as_user): 200 POST http://10.180.1.21/compute/v2.1/os-aggregates 2.038s
2025-05-05 22:30:41.770 71478 INFO tempest.lib.common.rest_client [req-6be8e12e-c903-4a8e-8623-2efb7abb4396 req-6be8e12e-c903-4a8e-8623-2efb7abb4396 ] Request (SecurityGroupsTestAdminJSON:_run_cleanups): 202 DELETE http://10.180.1.21/compute/v2.1/os-security-groups/771c2a17-7cb5-4b2a-bc6c-b5ab3b8aeee0 2.066s
2025-05-05 22:30:42.030 71470 INFO tempest.lib.common.rest_client [req-9103599b-64e7-45d3-b2d2-944292517bea req-9103599b-64e7-45d3-b2d2-944292517bea ] Request (VolumesAdminNegativeTest:test_update_attached_volume_with_nonexistent_volume_in_body): 200 GET http://10.180.1.21/compute/v2.1/servers/c98896e0-beae-4aa6-b353-2cd3e1a390fe 2.167s
2025-05-05 22:30:42.123 71448 INFO tempest.lib.common.rest_client [req-87c7fd81-eed2-4036-b3d5-0c01e4576dce req-87c7fd81-eed2-4036-b3d5-0c01e4576dce ] Request (ServersTestManualDisk:setUpClass): 200 GET http://10.180.1.21/compute/v2.1/servers/3f10462d-646e-4cc2-ab2a-713c343edaf2 1.967s
2025-05-05 22:30:42.188 71440 INFO tempest.lib.common.rest_client [req-c41c1ce7-b83a-4220-80a5-82726382c375 req-c41c1ce7-b83a-4220-80a5-82726382c375 ] Request (ServersWithSpecificFlavorTestJSON:test_verify_created_server_ephemeral_disk): 200 GET http://10.180.1.21/compute/v2.1/servers/56a1dccf-2dd0-4b4d-8ddb-0092ee837752/os-interface 1.989s
2025-05-05 22:30:42.343 71486 INFO tempest.lib.common.rest_client [req-f4bedd46-5aeb-44ba-abd0-77fc2cf9a7e5 req-f4bedd46-5aeb-44ba-abd0-77fc2cf9a7e5 ] Request (ServersV294TestFqdnHostnames:setUpClass): 200 GET http://10.180.1.21/compute/v2.1/servers/8bf921a7-c252-4ad2-a380-29e85d01e0cb 2.085s
2025-05-05 22:30:42.352 71444 INFO tempest.lib.common.rest_client [req-a08ede13-237f-4880-b6eb-0c5f614de715 req-a08ede13-237f-4880-b6eb-0c5f614de715 ] Request (ServersTestBootFromVolume:setUpClass): 201 POST http://10.180.1.21:9696/networking/v2.0/routers 1.292s
2025-05-05 22:30:42.373 71488 INFO tempest.lib.common.rest_client [req-bf01bdb4-f265-44ba-8c02-dbcadfdb8066 req-bf01bdb4-f265-44ba-8c02-dbcadfdb8066 ] Request (VolumesAssistedSnapshotsTest:test_volume_assisted_snapshot_create_delete): 200 GET http://10.180.1.21/compute/v2.1/servers/d9068da9-cfe5-40fd-95b8-5c5597f5e268 2.120s
2025-05-05 22:30:42.497 71464 INFO tempest.lib.common.rest_client [req-225b5f3c-a3d6-43a1-8b48-a26f259830c4 req-225b5f3c-a3d6-43a1-8b48-a26f259830c4 ] Request (ServerDiagnosticsTest:test_get_server_diagnostics): 200 GET http://10.180.1.21/compute/v2.1/servers/666e2163-d6ac-46e8-bca6-c7fce49814a9 2.153s
2025-05-05 22:30:42.506 71464 INFO tempest.common.waiters [-] State transition "BUILD/None" ==> "BUILD/block_device_mapping" after 18 second wait
2025-05-05 22:30:42.628 71456 INFO tempest.lib.common.rest_client [req-d603aa05-41cb-438d-ba02-a82ef15ac32c req-d603aa05-41cb-438d-ba02-a82ef15ac32c ] Request (QuotasAdminTestV236:test_get_updated_quotas): 200 GET http://10.180.1.21/compute/v2.1/os-quota-sets/0b12a26395fe435989d23eea895511c8?user_id=aca93c6ffe37436b85b43f599fb9c7fc 2.171s
2025-05-05 22:30:42.633 71450 INFO tempest.lib.common.rest_client [req-bc524dc4-7072-4bc2-931f-b2a6912738f0 req-bc524dc4-7072-4bc2-931f-b2a6912738f0 ] Request (ServersTestJSON:setUpClass): 200 GET http://10.180.1.21/compute/v2.1/servers/81fad1b3-397f-43ab-ae9c-bfa328e62a35 2.374s
2025-05-05 22:30:42.649 71450 INFO tempest.lib.common.ssh [-] Creating ssh connection to '10.180.180.227:22' as 'cirros' with public key authentication
2025-05-05 22:30:42.751 71456 INFO tempest.lib.common.rest_client [req-1a270841-d5c3-44f3-abad-33324dfb2f56 req-1a270841-d5c3-44f3-abad-33324dfb2f56 ] Request (QuotasAdminTestV236:_run_cleanups): 204 DELETE http://10.180.1.21/identity/v3/users/aca93c6ffe37436b85b43f599fb9c7fc 0.121s
2025-05-05 22:30:42.775 71452 INFO tempest.lib.common.rest_client [req-43f07073-e280-4825-861a-a43934f11153 req-43f07073-e280-4825-861a-a43934f11153 ] Request (ImagesTestJSON:_run_cleanups): 204 DELETE http://10.180.1.21/compute/v2.1/servers/05890564-0672-4235-b270-93bbe62ac179 2.174s
2025-05-05 22:30:42.841 71472 INFO tempest.lib.common.rest_client [req-cc22123a-816b-4d6c-b60c-1929f9d780b5 req-cc22123a-816b-4d6c-b60c-1929f9d780b5 ] Request (ServersListShow298Test:test_list_show_update_rebuild_server_298): 202 POST http://10.180.1.21/compute/v2.1/servers 2.275s
2025-05-05 22:30:42.848 71452 INFO tempest.lib.common.rest_client [req-6d36e80f-e13b-4bd9-8d29-34e87f9be2e6 req-6d36e80f-e13b-4bd9-8d29-34e87f9be2e6 ] Request (ImagesTestJSON:test_create_image_from_suspended_server): 201 POST http://10.180.1.21/identity/v3/auth/tokens 0.068s
2025-05-05 22:30:42.849 71452 INFO tempest.lib.common.fixed_network [-] (ImagesTestJSON:test_create_image_from_suspended_server) Found network {'id': '57cf6373-1839-424c-803e-74ca07a0282c', 'name': 'tempest-ImagesTestJSON-1152934302-network', 'tenant_id': 'aa0b0e1284bf469fb35bf157448e2fca', 'admin_state_up': True, 'mtu': 8950, 'status': 'ACTIVE', 'subnets': [], 'shared': False, 'project_id': 'aa0b0e1284bf469fb35bf157448e2fca', 'port_security_enabled': True, 'router:external': False, 'provider:network_type': 'vlan', 'provider:physical_network': 'default', 'provider:segmentation_id': 563, 'availability_zone_hints': [], 'availability_zones': [], 'ipv4_address_scope': None, 'ipv6_address_scope': None, 'description': '', 'tags': [], 'created_at': '2025-05-05T22:29:39Z', 'updated_at': '2025-05-05T22:29:39Z', 'revision_number': 1} available for tenant
2025-05-05 22:30:42.911 71456 INFO tempest.lib.common.rest_client [req-10a5b538-eac5-4fce-9f23-7f7eed028f15 req-10a5b538-eac5-4fce-9f23-7f7eed028f15 ] Request (QuotasAdminTestV236:_run_cleanups): 204 DELETE http://10.180.1.21/identity/v3/projects/0b12a26395fe435989d23eea895511c8 0.160s
2025-05-05 22:30:42.914 71434 INFO tempest.lib.common.rest_client [req-89c52b9a-b907-4c20-8b04-70e94afc972d req-89c52b9a-b907-4c20-8b04-70e94afc972d ] Request (FloatingIPsAssociationTestJSON:test_associate_already_associated_floating_ip): 200 GET http://10.180.1.21/compute/v2.1/servers/52179727-7607-4992-bb0e-2b9ec89ae1eb 2.094s
2025-05-05 22:30:42.923 71434 INFO tempest.common.waiters [-] State transition "BUILD/scheduling" ==> "BUILD/None" after 15 second wait
2025-05-05 22:30:43.035 71490 INFO tempest.lib.common.rest_client [req-032e088e-358b-4353-9675-f8606a92320c req-032e088e-358b-4353-9675-f8606a92320c ] Request (ServersAdmin275Test:_run_cleanups): 200 GET http://10.180.1.21/compute/v2.1/servers/c576b9d3-e1ae-49d7-b4ea-e3e291fc7b44 2.085s
2025-05-05 22:30:43.050 71490 INFO tempest.common.waiters [-] State transition "REBUILD/rebuilding" ==> "REBUILD/rebuild_spawning" after 4 second wait
2025-05-05 22:30:43.103 71468 INFO tempest.lib.common.rest_client [req-02831703-2b59-4213-b0b6-653ab9d3f434 req-02831703-2b59-4213-b0b6-653ab9d3f434 ] Request (DeleteServersAdminTestJSON:test_delete_server_while_in_error_state): 200 GET http://10.180.1.21/compute/v2.1/servers/a072844a-d6f2-42e6-8ee4-6532341c7977 2.396s
2025-05-05 22:30:43.128 71456 INFO tempest.lib.common.rest_client [req-095cae28-f9c8-44d2-bf39-afc42ec4c4d1 req-095cae28-f9c8-44d2-bf39-afc42ec4c4d1 ] Request (QuotasAdminTestV236:tearDownClass): 204 DELETE http://10.180.1.21/identity/v3/users/970021565dae423e974dfc3084a5eae4 0.215s
2025-05-05 22:30:43.283 71461 INFO tempest.lib.common.rest_client [req-52be4944-a38a-433d-812d-c72a96fc2832 req-52be4944-a38a-433d-812d-c72a96fc2832 ] Request (FlavorsV2NegativeTest:test_boot_with_low_ram): 400 POST http://10.180.1.21/compute/v2.1/servers 2.316s
2025-05-05 22:30:43.299 71456 INFO tempest.lib.common.rest_client [req-cf09ed7e-182d-4429-ba9e-60e665ddaa20 req-cf09ed7e-182d-4429-ba9e-60e665ddaa20 ] Request (QuotasAdminTestV236:tearDownClass): 204 DELETE http://10.180.1.21/identity/v3/users/7eb6d19d215a4e29afdb26b10c7d100e 0.170s
2025-05-05 22:30:43.299 71456 INFO tempest.lib.common.dynamic_creds [-] Deleting project and security group for project: 869063b0d38b46109ebfd70e182619ad
2025-05-05 22:30:43.327 71442 INFO tempest.lib.common.rest_client [req-4338d802-0453-437d-8e22-79f17b46ae54 req-4338d802-0453-437d-8e22-79f17b46ae54 ] Request (FlavorsAdminTestJSON:test_is_public_string_variations): 200 GET http://10.180.1.21/compute/v2.1/flavors/detail?is_public=false 2.324s
2025-05-05 22:30:43.337 71462 INFO tempest.lib.common.rest_client [req-7327ee74-025b-4e21-9fc1-e14db908663f req-7327ee74-025b-4e21-9fc1-e14db908663f ] Request (HypervisorAdminNegativeTestJSON:test_show_nonexistent_hypervisor): 404 GET http://10.180.1.21/compute/v2.1/os-hypervisors/eacf6300-18f1-46a1-aa20-6d3994f56943 2.330s
2025-05-05 22:30:43.380 71461 INFO tempest.lib.common.rest_client [req-e47f342f-85d4-4e3a-a399-244bd95a72ff req-e47f342f-85d4-4e3a-a399-244bd95a72ff ] Request (FlavorsV2NegativeTest:_run_cleanups): 204 DELETE http://10.180.1.21/image/v2/images/1e972f95-3425-4a19-82db-262c8b757e46 0.095s
2025-05-05 22:30:43.440 71456 INFO tempest.lib.common.rest_client [req-28568e6a-93b2-4854-91fe-97a0d349f43e req-28568e6a-93b2-4854-91fe-97a0d349f43e ] Request (QuotasAdminTestV236:tearDownClass): 201 POST http://10.180.1.21/identity/v3/auth/tokens 0.141s
2025-05-05 22:30:43.497 71462 INFO tempest.lib.common.rest_client [req-9293c709-a568-4f11-86b3-69f5b3ae42c1 req-9293c709-a568-4f11-86b3-69f5b3ae42c1 ] Request (HypervisorAdminNegativeTestJSON:tearDownClass): 204 DELETE http://10.180.1.21/identity/v3/users/92ea56f176cd49c4b0758d9ff8cdd49b 0.158s
2025-05-05 22:30:43.608 71484 INFO tempest.lib.common.rest_client [req-ce0f5685-1088-4a80-bfb2-1eb017fc374c req-ce0f5685-1088-4a80-bfb2-1eb017fc374c ] Request (InstanceActionsTestJSON:tearDownClass): 200 GET http://10.180.1.21/compute/v2.1/servers/4fd900b8-cabb-482e-97bf-9663d402c228 2.634s
2025-05-05 22:30:43.640 71461 INFO tempest.lib.common.rest_client [req-2e432474-b272-448b-9d8b-e0eaa3c1b55e req-2e432474-b272-448b-9d8b-e0eaa3c1b55e ] Request (FlavorsV2NegativeTest:tearDownClass): 204 DELETE http://10.180.1.21/identity/v3/users/b4fb8599af74454b8f21336e15699226 0.257s
2025-05-05 22:30:43.641 71461 INFO tempest.lib.common.dynamic_creds [-] Deleting project and security group for project: 8f7fb7cb989d498098a842df7419f623
2025-05-05 22:30:43.708 71446 INFO tempest.lib.common.rest_client [req-d31660f7-4de3-4245-949d-d597e27a341d req-d31660f7-4de3-4245-949d-d597e27a341d ] Request (SecurityGroupsNegativeTestJSON:test_delete_nonexistent_security_group): 404 DELETE http://10.180.1.21/compute/v2.1/os-security-groups/79026c2f-d554-47f3-bf25-4c6b242e9fc9 2.563s
2025-05-05 22:30:43.744 71454 INFO tempest.lib.common.rest_client [req-b8a5eea3-db63-4427-9593-0a39b772f589 req-b8a5eea3-db63-4427-9593-0a39b772f589 ] Request (ServersTestMultiNic:test_verify_duplicate_network_nics): 200 GET http://10.180.1.21/compute/v2.1/servers/2d68e334-3f17-424e-a462-b8ab10f8cbb3 2.546s
2025-05-05 22:30:43.798 71461 INFO tempest.lib.common.rest_client [req-dcc025f3-c9ab-45a3-9403-e1c1ccd1f514 req-dcc025f3-c9ab-45a3-9403-e1c1ccd1f514 ] Request (FlavorsV2NegativeTest:tearDownClass): 201 POST http://10.180.1.21/identity/v3/auth/tokens 0.157s
2025-05-05 22:30:43.826 71462 INFO tempest.lib.common.rest_client [req-e5927dd4-6e02-4b55-8bf6-520f4b5b9199 req-e5927dd4-6e02-4b55-8bf6-520f4b5b9199 ] Request (HypervisorAdminNegativeTestJSON:tearDownClass): 204 DELETE http://10.180.1.21/identity/v3/users/0447c4ff3a3446abb5249d756e9f463e 0.329s
2025-05-05 22:30:43.827 71462 INFO tempest.lib.common.dynamic_creds [-] Deleting project and security group for project: 9e0725ea5bcf4d4b821077cd74cc8756
2025-05-05 22:30:43.928 71462 INFO tempest.lib.common.rest_client [req-f4bf26a6-dc7d-46ba-945c-8462b4c1f5b8 req-f4bf26a6-dc7d-46ba-945c-8462b4c1f5b8 ] Request (HypervisorAdminNegativeTestJSON:tearDownClass): 201 POST http://10.180.1.21/identity/v3/auth/tokens 0.100s
2025-05-05 22:30:44.153 71438 INFO tempest.lib.common.rest_client [req-fee7e6bc-bbe3-4970-86a4-12b3c96131c4 req-fee7e6bc-bbe3-4970-86a4-12b3c96131c4 ] Request (SecurityGroupsTestJSON:test_security_groups_create_list_delete): 202 DELETE http://10.180.1.21/compute/v2.1/os-security-groups/fdcbb0a9-3db5-4aec-8ccf-bc6917ad60f3 2.895s
2025-05-05 22:30:44.174 71456 INFO tempest.lib.common.rest_client [req-8dbccdb1-3627-4cfd-b693-912683278ea6 req-8dbccdb1-3627-4cfd-b693-912683278ea6 ] Request (QuotasAdminTestV236:tearDownClass): 200 GET http://10.180.1.21:9696/networking/v2.0/security-groups?tenant_id=869063b0d38b46109ebfd70e182619ad&name=default 0.734s
2025-05-05 22:30:44.304 71461 INFO tempest.lib.common.rest_client [req-bda23c2c-57f4-46b8-81b0-58f71a410ff8 req-bda23c2c-57f4-46b8-81b0-58f71a410ff8 ] Request (FlavorsV2NegativeTest:tearDownClass): 200 GET http://10.180.1.21:9696/networking/v2.0/security-groups?tenant_id=8f7fb7cb989d498098a842df7419f623&name=default 0.506s
2025-05-05 22:30:44.400 71440 INFO tempest.lib.common.rest_client [req-95c2d656-6001-4080-9803-d1c43cebf256 req-95c2d656-6001-4080-9803-d1c43cebf256 ] Request (ServersWithSpecificFlavorTestJSON:test_verify_created_server_ephemeral_disk): 200 PUT http://10.180.1.21:9696/networking/v2.0/floatingips/da70828f-5ad6-489a-ad44-ef5e91dfe161 2.209s
2025-05-05 22:30:44.445 71462 INFO tempest.lib.common.rest_client [req-e0dd96c6-0817-4556-8ea6-c945792fdb30 req-e0dd96c6-0817-4556-8ea6-c945792fdb30 ] Request (HypervisorAdminNegativeTestJSON:tearDownClass): 200 GET http://10.180.1.21:9696/networking/v2.0/security-groups?tenant_id=9e0725ea5bcf4d4b821077cd74cc8756&name=default 0.517s
2025-05-05 22:30:44.532 71456 INFO tempest.lib.common.rest_client [req-4e1217f1-4f15-4d91-a4d6-aeb40c9a6bb3 req-4e1217f1-4f15-4d91-a4d6-aeb40c9a6bb3 ] Request (QuotasAdminTestV236:tearDownClass): 204 DELETE http://10.180.1.21:9696/networking/v2.0/security-groups/c2c1a9f7-17e2-4312-a6e5-d1e6f0a2f867 0.356s
2025-05-05 22:30:44.539 71461 INFO tempest.lib.common.rest_client [req-bc0ba0bd-afed-479a-beb4-1c30229ab283 req-bc0ba0bd-afed-479a-beb4-1c30229ab283 ] Request (FlavorsV2NegativeTest:tearDownClass): 204 DELETE http://10.180.1.21:9696/networking/v2.0/security-groups/f9ec1910-8d1b-4bb4-b6b0-7bdb2c2d9c8a 0.234s
2025-05-05 22:30:44.581 71494 INFO tempest.lib.common.rest_client [req-e7f6f42c-d09f-44c0-bc25-4b4e3523b527 req-e7f6f42c-d09f-44c0-bc25-4b4e3523b527 ] Request (ImagesOneServerNegativeTestJSON:tearDown): 200 GET http://10.180.1.21/compute/v2.1/servers/af490d93-f4db-479d-910c-d04a97483af6 3.060s
2025-05-05 22:30:44.599 71466 INFO tempest.lib.common.rest_client [req-eb862e50-e2ec-4209-bb43-2e814c024a2d req-eb862e50-e2ec-4209-bb43-2e814c024a2d ] Request (ServerMetadataNegativeTestJSON:test_server_metadata_non_existent_server): 404 GET http://10.180.1.21/compute/v2.1/servers/d8c3b1a0-27b3-480f-bf2d-f617fc8d2791/metadata/test2 3.073s
2025-05-05 22:30:44.668 71462 INFO tempest.lib.common.rest_client [req-a158c55a-1f24-49da-a291-03e86b377209 req-a158c55a-1f24-49da-a291-03e86b377209 ] Request (HypervisorAdminNegativeTestJSON:tearDownClass): 204 DELETE http://10.180.1.21:9696/networking/v2.0/security-groups/47c71164-07b8-4679-8cbc-41d719c28ae8 0.222s
2025-05-05 22:30:44.672 71461 INFO tempest.lib.common.rest_client [req-491d6ed4-340f-4205-9827-ee688f81ea5e req-491d6ed4-340f-4205-9827-ee688f81ea5e ] Request (FlavorsV2NegativeTest:tearDownClass): 204 DELETE http://10.180.1.21/identity/v3/projects/8f7fb7cb989d498098a842df7419f623 0.132s
2025-05-05 22:30:44.675 71456 INFO tempest.lib.common.rest_client [req-3b4e6127-fa9b-43ba-9ab1-92269e8c3aa5 req-3b4e6127-fa9b-43ba-9ab1-92269e8c3aa5 ] Request (QuotasAdminTestV236:tearDownClass): 204 DELETE http://10.180.1.21/identity/v3/projects/869063b0d38b46109ebfd70e182619ad 0.142s
2025-05-05 22:30:44.675 71456 INFO tempest.lib.common.dynamic_creds [-] Deleting project and security group for project: 838c719568a84250b677d9402d479e7f
2025-05-05 22:30:44.698 71432 INFO tempest.lib.common.rest_client [req-b8f3008e-93c7-432b-89ef-cc4c0b9610c5 req-b8f3008e-93c7-432b-89ef-cc4c0b9610c5 ] Request (ListImageFiltersTestJSON:setUpClass): 200 GET http://10.180.1.21/compute/v2.1/servers/1454d339-c5d1-4aca-b008-55668020cb98 2.994s
2025-05-05 22:30:44.766 71461 INFO tempest.lib.common.rest_client [req-b003afb1-7acb-4104-a751-a93c19476588 req-b003afb1-7acb-4104-a751-a93c19476588 ] Request (ServerAddressesNegativeTestJSON:setUpClass): 201 POST http://10.180.1.21/identity/v3/auth/tokens 0.091s
2025-05-05 22:30:44.778 71458 INFO tempest.lib.common.rest_client [req-2dca7ff9-9a7f-43cc-a588-f88598bdbb84 req-2dca7ff9-9a7f-43cc-a588-f88598bdbb84 ] Request (ServerMetadataTestJSON:setUpClass): 200 GET http://10.180.1.21/compute/v2.1/servers/5e954dd4-d026-48c9-8cfa-4b224e9b2c16 3.063s
2025-05-05 22:30:44.834 71462 INFO tempest.lib.common.rest_client [req-080e85d1-219c-4be6-957f-f614a06b9644 req-080e85d1-219c-4be6-957f-f614a06b9644 ] Request (HypervisorAdminNegativeTestJSON:tearDownClass): 204 DELETE http://10.180.1.21/identity/v3/projects/9e0725ea5bcf4d4b821077cd74cc8756 0.165s
2025-05-05 22:30:44.834 71462 INFO tempest.lib.common.dynamic_creds [-] Deleting project and security group for project: a53cc7ba2d1d42d1aef6ff3f10fe468b
2025-05-05 22:30:44.860 71456 INFO tempest.lib.common.rest_client [req-c8d602a3-67ac-4c49-8985-f276f60a45a1 req-c8d602a3-67ac-4c49-8985-f276f60a45a1 ] Request (QuotasAdminTestV236:tearDownClass): 200 GET http://10.180.1.21:9696/networking/v2.0/security-groups?tenant_id=838c719568a84250b677d9402d479e7f&name=default 0.184s
2025-05-05 22:30:44.862 71461 INFO tempest.lib.common.rest_client [req-14ce7a39-3de3-4d4f-ae2b-7f02e87c479a req-14ce7a39-3de3-4d4f-ae2b-7f02e87c479a ] Request (ServerAddressesNegativeTestJSON:setUpClass): 201 POST http://10.180.1.21/identity/v3/auth/tokens 0.094s
2025-05-05 22:30:44.898 71461 INFO tempest.lib.common.rest_client [req-92ff719e-6a5c-471a-8609-82c0f1d5111e req-92ff719e-6a5c-471a-8609-82c0f1d5111e ] Request (ServerAddressesNegativeTestJSON:setUpClass): 200 GET http://10.180.1.21/identity/v3/domains?name=Default 0.035s
2025-05-05 22:30:44.933 71461 INFO tempest.lib.common.rest_client [req-eb21e441-d328-4e57-a218-2f255306dc38 req-eb21e441-d328-4e57-a218-2f255306dc38 ] Request (ServerAddressesNegativeTestJSON:setUpClass): 201 POST http://10.180.1.21/identity/v3/projects 0.034s
2025-05-05 22:30:44.951 71482 INFO tempest.lib.common.rest_client [req-7d97c43f-80af-4b6a-bf45-d7dd96673073 req-7d97c43f-80af-4b6a-bf45-d7dd96673073 ] Request (AggregatesAdminNegativeTestJSON:test_aggregate_remove_host_as_user): 200 POST http://10.180.1.21/compute/v2.1/os-aggregates/7/action 3.197s
2025-05-05 22:30:45.023 71461 INFO tempest.lib.common.rest_client [req-e4cb823b-f9cb-4e4c-bc58-425a3919e333 req-e4cb823b-f9cb-4e4c-bc58-425a3919e333 ] Request (ServerAddressesNegativeTestJSON:setUpClass): 201 POST http://10.180.1.21/identity/v3/users 0.089s
2025-05-05 22:30:45.054 71461 INFO tempest.lib.common.rest_client [req-62888ac4-58a5-48b5-91d6-bf57cc32c320 req-62888ac4-58a5-48b5-91d6-bf57cc32c320 ] Request (ServerAddressesNegativeTestJSON:setUpClass): 200 GET http://10.180.1.21/identity/v3/roles 0.030s
2025-05-05 22:30:45.089 71461 INFO tempest.lib.common.rest_client [req-857f20c2-e603-463c-9783-8bca14474ef8 req-857f20c2-e603-463c-9783-8bca14474ef8 ] Request (ServerAddressesNegativeTestJSON:setUpClass): 204 PUT http://10.180.1.21/identity/v3/projects/4fbda60d29af4aa0b52acc90bce7c93a/users/dcddf55627444d04b234164a0714b19c/roles/c5bf870ff7ac42a2ac3a4492117f479f 0.034s
2025-05-05 22:30:45.089 71461 INFO tempest.lib.common.dynamic_creds [-] Dynamic test user dcddf55627444d04b234164a0714b19c is created with scope project and roles: ['member']
2025-05-05 22:30:45.089 71461 INFO tempest.lib.common.dynamic_creds [-] Acquired dynamic creds: credentials: Credentials: {'domain_id': 'default', 'domain_name': 'Default', 'username': 'tempest-ServerAddressesNegativeTestJSON-52552405-project-member', 'project_domain_id': 'default', 'project_domain_name': 'Default', 'project_id': '4fbda60d29af4aa0b52acc90bce7c93a', 'project_name': 'tempest-ServerAddressesNegativeTestJSON-52552405', 'tenant_id': '4fbda60d29af4aa0b52acc90bce7c93a', 'tenant_name': 'tempest-ServerAddressesNegativeTestJSON-52552405', 'user_domain_id': 'default', 'user_domain_name': 'Default', 'user_id': 'dcddf55627444d04b234164a0714b19c', 'system': None}, Network: None, Subnet: None, Router: None
2025-05-05 22:30:45.147 71444 INFO tempest.lib.common.rest_client [req-93ad00f2-9dee-44bd-b758-edca78763f73 req-93ad00f2-9dee-44bd-b758-edca78763f73 ] Request (ServersTestBootFromVolume:setUpClass): 200 PUT http://10.180.1.21:9696/networking/v2.0/routers/6df25a8d-debf-454a-949a-01007c4fb56b/add_router_interface 2.794s
2025-05-05 22:30:45.147 71444 INFO tempest.lib.common.dynamic_creds [-] Created isolated network resources for: credentials: Credentials: {'domain_id': 'default', 'domain_name': 'Default', 'username': 'tempest-ServersTestBootFromVolume-1239157007-project-member', 'project_domain_id': 'default', 'project_domain_name': 'Default', 'project_id': '565e13178f1e4d64a4afd0186ea6550e', 'project_name': 'tempest-ServersTestBootFromVolume-1239157007', 'tenant_id': '565e13178f1e4d64a4afd0186ea6550e', 'tenant_name': 'tempest-ServersTestBootFromVolume-1239157007', 'user_domain_id': 'default', 'user_domain_name': 'Default', 'user_id': 'daa6849187af4887977bedebd04da129', 'system': None}, Network: {'id': '27db24e3-0ad9-4c8c-a3c8-51ce2cb148fd', 'name': 'tempest-ServersTestBootFromVolume-695772911-network', 'tenant_id': '565e13178f1e4d64a4afd0186ea6550e', 'admin_state_up': True, 'mtu': 8950, 'status': 'ACTIVE', 'subnets': [], 'shared': False, 'project_id': '565e13178f1e4d64a4afd0186ea6550e', 'port_security_enabled': True, 'router:external': False, 'provider:network_type': 'vlan', 'provider:physical_network': 'default', 'provider:segmentation_id': 734, 'availability_zone_hints': [], 'availability_zones': [], 'ipv4_address_scope': None, 'ipv6_address_scope': None, 'description': '', 'tags': [], 'created_at': '2025-05-05T22:30:40Z', 'updated_at': '2025-05-05T22:30:40Z', 'revision_number': 1}, Subnet: {'id': '33d218a9-f4d6-4764-b776-7ad610a20f49', 'name': 'tempest-ServersTestBootFromVolume-695772911-subnet', 'tenant_id': '565e13178f1e4d64a4afd0186ea6550e', 'network_id': '27db24e3-0ad9-4c8c-a3c8-51ce2cb148fd', 'ip_version': 4, 'subnetpool_id': None, 'enable_dhcp': True, 'ipv6_ra_mode': None, 'ipv6_address_mode': None, 'gateway_ip': '192.168.128.1', 'cidr': '192.168.128.0/28', 'allocation_pools': [{'start': '192.168.128.2', 'end': '192.168.128.14'}], 'host_routes': [], 'dns_nameservers': [], 'description': '', 'router:external': False, 'service_types': [], 'tags': [], 'created_at': '2025-05-05T22:30:40Z', 'updated_at': '2025-05-05T22:30:40Z', 'revision_number': 0, 'project_id': '565e13178f1e4d64a4afd0186ea6550e'}, Router: {'id': '6df25a8d-debf-454a-949a-01007c4fb56b', 'name': 'tempest-ServersTestBootFromVolume-695772911-router', 'tenant_id': '565e13178f1e4d64a4afd0186ea6550e', 'admin_state_up': True, 'status': 'ACTIVE', 'external_gateway_info': {'network_id': '6508fbbc-68af-468f-badf-b2080c51261e', 'external_fixed_ips': [{'subnet_id': '841a887f-789b-492b-9a6a-d4f2a2b68889', 'ip_address': '10.180.180.229'}], 'enable_snat': True}, 'description': '', 'availability_zones': [], 'distributed': False, 'ha': False, 'availability_zone_hints': [], 'routes': [], 'flavor_id': None, 'tags': [], 'created_at': '2025-05-05T22:30:41Z', 'updated_at': '2025-05-05T22:30:41Z', 'revision_number': 2, 'project_id': '565e13178f1e4d64a4afd0186ea6550e'}
2025-05-05 22:30:45.166 71461 INFO tempest.lib.common.rest_client [req-d368bb7a-3fcd-4abd-a372-a211adfe90a6 req-d368bb7a-3fcd-4abd-a372-a211adfe90a6 ] Request (ServerAddressesNegativeTestJSON:setUpClass): 201 POST http://10.180.1.21/identity/v3/auth/tokens 0.076s
2025-05-05 22:30:45.198 71456 INFO tempest.lib.common.rest_client [req-717e3f72-7ca7-4923-b601-68f7e6f78d9c req-717e3f72-7ca7-4923-b601-68f7e6f78d9c ] Request (QuotasAdminTestV236:tearDownClass): 204 DELETE http://10.180.1.21:9696/networking/v2.0/security-groups/cbd3090b-04fa-4da0-80e0-e679aa1a7709 0.338s
2025-05-05 22:30:45.217 71462 INFO tempest.lib.common.rest_client [req-5a641e45-1495-4ecf-ac7c-65d732280916 req-5a641e45-1495-4ecf-ac7c-65d732280916 ] Request (HypervisorAdminNegativeTestJSON:tearDownClass): 200 GET http://10.180.1.21:9696/networking/v2.0/security-groups?tenant_id=a53cc7ba2d1d42d1aef6ff3f10fe468b&name=default 0.382s
2025-05-05 22:30:45.238 71444 INFO tempest.lib.common.rest_client [req-abe638b4-dff8-42ab-ab53-0849344726f1 req-abe638b4-dff8-42ab-ab53-0849344726f1 ] Request (ServersTestBootFromVolume:setUpClass): 201 POST http://10.180.1.21/identity/v3/auth/tokens 0.085s
2025-05-05 22:30:45.248 71478 INFO tempest.lib.common.rest_client [req-05dc4986-35b2-42f8-b50f-ce179e5e4bf4 req-05dc4986-35b2-42f8-b50f-ce179e5e4bf4 ] Request (SecurityGroupsTestAdminJSON:_run_cleanups): 202 DELETE http://10.180.1.21/compute/v2.1/os-security-groups/398d0238-a56e-4e30-bca2-c46092e4e6ac 3.477s
2025-05-05 22:30:45.311 71462 INFO tempest.lib.common.rest_client [req-daab1465-bfe9-48a5-a4a9-fc4a8235362a req-daab1465-bfe9-48a5-a4a9-fc4a8235362a ] Request (HypervisorAdminNegativeTestJSON:tearDownClass): 204 DELETE http://10.180.1.21:9696/networking/v2.0/security-groups/cc30a95e-e3f5-444f-a7b4-da44c7bb83b0 0.093s
2025-05-05 22:30:45.319 71456 INFO tempest.lib.common.rest_client [req-c0a39541-b40f-477d-a0e5-825041462f5d req-c0a39541-b40f-477d-a0e5-825041462f5d ] Request (QuotasAdminTestV236:tearDownClass): 204 DELETE http://10.180.1.21/identity/v3/projects/838c719568a84250b677d9402d479e7f 0.120s
2025-05-05 22:30:45.363 71480 INFO tempest.lib.common.rest_client [req-f760ad70-b900-4b33-94f3-8a4b3c7b80e2 req-f760ad70-b900-4b33-94f3-8a4b3c7b80e2 ] Request (ServerDiagnosticsV248Test:tearDownClass): 200 GET http://10.180.1.21/compute/v2.1/servers/951b8df7-13d8-4c88-b05d-eb31de01750a 3.567s
2025-05-05 22:30:45.390 71476 INFO tempest.lib.common.rest_client [req-5f577d24-0d93-4710-adcb-51cacbfa4b30 req-5f577d24-0d93-4710-adcb-51cacbfa4b30 ] Request (ServerDiagnosticsNegativeTest:tearDownClass): 404 GET http://10.180.1.21/compute/v2.1/servers/d00b626d-7121-46a9-ad1e-450c3db22e2d 3.509s
2025-05-05 22:30:45.449 71462 INFO tempest.lib.common.rest_client [req-7ca97038-0a62-468b-b8a8-074c57957e60 req-7ca97038-0a62-468b-b8a8-074c57957e60 ] Request (HypervisorAdminNegativeTestJSON:tearDownClass): 204 DELETE http://10.180.1.21/identity/v3/projects/a53cc7ba2d1d42d1aef6ff3f10fe468b 0.137s
2025-05-05 22:30:45.476 71436 INFO tempest.lib.common.rest_client [req-ebc698bd-53b5-4aeb-a36a-27009b75acef req-ebc698bd-53b5-4aeb-a36a-27009b75acef ] Request (AttachInterfacesTestJSON:test_create_list_show_delete_interfaces_by_fixed_ip): 200 GET http://10.180.1.21/compute/v2.1/servers/37fcddcc-b28b-461a-be2f-c5c928716584 2.952s
2025-05-05 22:30:45.485 71436 INFO tempest.common.waiters [-] State transition "BUILD/scheduling" ==> "BUILD/None" after 17 second wait
2025-05-05 22:30:45.558 71492 INFO tempest.lib.common.rest_client [req-dfeb6ece-0fe9-481b-84e5-4258f4f241f2 req-dfeb6ece-0fe9-481b-84e5-4258f4f241f2 ] Request (ServersAdminTestJSON:test_create_server_with_scheduling_hint): 200 GET http://10.180.1.21/compute/v2.1/servers/c7c2f338-e656-408e-bae8-92bb630d2aa9 2.950s
2025-05-05 22:30:45.562 71456 INFO tempest.lib.common.rest_client [req-58985e40-fc7c-4635-91a0-7b0f1b40f49f req-58985e40-fc7c-4635-91a0-7b0f1b40f49f ] Request (ServersAdminNegativeTestJSON:setUpClass): 201 POST http://10.180.1.21/identity/v3/auth/tokens 0.241s
2025-05-05 22:30:45.573 71492 INFO tempest.common.waiters [-] State transition "BUILD/scheduling" ==> "BUILD/None" after 14 second wait
2025-05-05 22:30:45.618 71476 INFO tempest.lib.common.rest_client [req-2d1ccaf8-41bb-47a8-a92e-1d8fd3c1faea req-2d1ccaf8-41bb-47a8-a92e-1d8fd3c1faea ] Request (ServerDiagnosticsNegativeTest:tearDownClass): 204 DELETE http://10.180.1.21/identity/v3/users/93abeb87af3c425a9a507f06d27f205d 0.228s
2025-05-05 22:30:45.636 71462 INFO tempest.lib.common.rest_client [req-80a986fb-675a-4e68-9598-d3be1b0ad556 req-80a986fb-675a-4e68-9598-d3be1b0ad556 ] Request (MigrationsAdminTest:setUpClass): 201 POST http://10.180.1.21/identity/v3/auth/tokens 0.185s
2025-05-05 22:30:45.669 71472 INFO tempest.lib.common.rest_client [req-cf0fb826-66d2-490a-8ec0-61f3bb09ac91 req-cf0fb826-66d2-490a-8ec0-61f3bb09ac91 ] Request (ServersListShow298Test:test_list_show_update_rebuild_server_298): 200 GET http://10.180.1.21/compute/v2.1/servers/f173acbb-196b-4e7f-bc5e-44ad94cdc9a7 2.826s
2025-05-05 22:30:45.686 71456 INFO tempest.lib.common.rest_client [req-a086042d-d771-4ddf-b7fa-e9b3192b786b req-a086042d-d771-4ddf-b7fa-e9b3192b786b ] Request (ServersAdminNegativeTestJSON:setUpClass): 201 POST http://10.180.1.21/identity/v3/auth/tokens 0.120s
2025-05-05 22:30:45.717 71462 INFO tempest.lib.common.rest_client [req-67be1408-9497-48e2-8736-a8898086426d req-67be1408-9497-48e2-8736-a8898086426d ] Request (MigrationsAdminTest:setUpClass): 201 POST http://10.180.1.21/identity/v3/auth/tokens 0.077s
2025-05-05 22:30:45.759 71476 INFO tempest.lib.common.rest_client [req-18d741e4-907d-432a-92f7-954a38aa3e52 req-18d741e4-907d-432a-92f7-954a38aa3e52 ] Request (ServerDiagnosticsNegativeTest:tearDownClass): 204 DELETE http://10.180.1.21/identity/v3/users/09f0628e09c146bf9b7a73721d46253d 0.140s
2025-05-05 22:30:45.759 71476 INFO tempest.lib.common.dynamic_creds [-] Deleting project and security group for project: 051eeaf4a8c34c578dbd8ca67492a6a1
2025-05-05 22:30:45.785 71461 INFO tempest.lib.common.rest_client [req-5f09f4e5-fbeb-4304-a7de-4fe17c3a4ec5 req-5f09f4e5-fbeb-4304-a7de-4fe17c3a4ec5 ] Request (ServerAddressesNegativeTestJSON:setUpClass): 201 POST http://10.180.1.21:9696/networking/v2.0/networks 0.619s
2025-05-05 22:30:45.788 71456 INFO tempest.lib.common.rest_client [req-d942f72a-b03e-4f13-847a-cd9cf358dabd req-d942f72a-b03e-4f13-847a-cd9cf358dabd ] Request (ServersAdminNegativeTestJSON:setUpClass): 200 GET http://10.180.1.21/identity/v3/domains?name=Default 0.102s
2025-05-05 22:30:45.820 71476 INFO tempest.lib.common.rest_client [req-9e79b2fd-beff-4a76-a7da-46b225ce5cb1 req-9e79b2fd-beff-4a76-a7da-46b225ce5cb1 ] Request (ServerDiagnosticsNegativeTest:tearDownClass): 201 POST http://10.180.1.21/identity/v3/auth/tokens 0.060s
2025-05-05 22:30:45.829 71462 INFO tempest.lib.common.rest_client [req-9c410628-4b7e-4b95-98dc-94b2969fc6cd req-9c410628-4b7e-4b95-98dc-94b2969fc6cd ] Request (MigrationsAdminTest:setUpClass): 200 GET http://10.180.1.21/identity/v3/domains?name=Default 0.111s
2025-05-05 22:30:45.845 71450 WARNING tempest.lib.common.ssh [-] Failed to establish authenticated ssh connection to cirros@10.180.180.227 ([Errno None] Unable to connect to port 22 on 10.180.180.227). Number attempts: 1. Retry after 2 seconds.: paramiko.ssh_exception.NoValidConnectionsError: [Errno None] Unable to connect to port 22 on 10.180.180.227
2025-05-05 22:30:45.865 71456 INFO tempest.lib.common.rest_client [req-4d627f72-cc48-4501-8d01-540ee243a6f9 req-4d627f72-cc48-4501-8d01-540ee243a6f9 ] Request (ServersAdminNegativeTestJSON:setUpClass): 201 POST http://10.180.1.21/identity/v3/projects 0.076s
2025-05-05 22:30:45.934 71462 INFO tempest.lib.common.rest_client [req-64b02acd-a64d-413f-aeb5-9a13594bb1a2 req-64b02acd-a64d-413f-aeb5-9a13594bb1a2 ] Request (MigrationsAdminTest:setUpClass): 201 POST http://10.180.1.21/identity/v3/projects 0.104s
2025-05-05 22:30:45.963 71461 INFO tempest.lib.common.rest_client [req-cf40a6a4-c64c-4b49-9105-2f8dfc728903 req-cf40a6a4-c64c-4b49-9105-2f8dfc728903 ] Request (ServerAddressesNegativeTestJSON:setUpClass): 201 POST http://10.180.1.21:9696/networking/v2.0/subnets 0.177s
2025-05-05 22:30:45.972 71476 INFO tempest.lib.common.rest_client [req-d3ba9768-879e-48dd-9677-068ccec5ce4c req-d3ba9768-879e-48dd-9677-068ccec5ce4c ] Request (ServerDiagnosticsNegativeTest:tearDownClass): 200 GET http://10.180.1.21:9696/networking/v2.0/security-groups?tenant_id=051eeaf4a8c34c578dbd8ca67492a6a1&name=default 0.151s
2025-05-05 22:30:45.997 71462 INFO tempest.lib.common.rest_client [req-a1acc596-d64d-4784-bbd6-a88c200308fb req-a1acc596-d64d-4784-bbd6-a88c200308fb ] Request (MigrationsAdminTest:setUpClass): 201 POST http://10.180.1.21/identity/v3/users 0.062s
2025-05-05 22:30:46.024 71462 INFO tempest.lib.common.rest_client [req-9518e611-03cc-44aa-b747-f1cad0928992 req-9518e611-03cc-44aa-b747-f1cad0928992 ] Request (MigrationsAdminTest:setUpClass): 200 GET http://10.180.1.21/identity/v3/roles 0.026s
2025-05-05 22:30:46.028 71456 INFO tempest.lib.common.rest_client [req-f2b96616-32a3-4cd0-9298-c9b2b2035834 req-f2b96616-32a3-4cd0-9298-c9b2b2035834 ] Request (ServersAdminNegativeTestJSON:setUpClass): 201 POST http://10.180.1.21/identity/v3/users 0.161s
2025-05-05 22:30:46.061 71456 INFO tempest.lib.common.rest_client [req-bb5b93c0-ffcf-4410-bf4e-8667447a973b req-bb5b93c0-ffcf-4410-bf4e-8667447a973b ] Request (ServersAdminNegativeTestJSON:setUpClass): 200 GET http://10.180.1.21/identity/v3/roles 0.032s
2025-05-05 22:30:46.067 71452 INFO tempest.lib.common.rest_client [req-fbb3a4e1-8c37-4ace-9256-8f9ccad0943e req-fbb3a4e1-8c37-4ace-9256-8f9ccad0943e ] Request (ImagesTestJSON:test_create_image_from_suspended_server): 202 POST http://10.180.1.21/compute/v2.1/servers 3.217s
2025-05-05 22:30:46.090 71462 INFO tempest.lib.common.rest_client [req-7480fb95-169b-4f55-9803-1137aa374b81 req-7480fb95-169b-4f55-9803-1137aa374b81 ] Request (MigrationsAdminTest:setUpClass): 204 PUT http://10.180.1.21/identity/v3/projects/5f791f734dae4669bcea11a4366dbd89/users/6c30629cbc4644db81236c58879f6ef0/roles/c5bf870ff7ac42a2ac3a4492117f479f 0.065s
2025-05-05 22:30:46.090 71462 INFO tempest.lib.common.dynamic_creds [-] Dynamic test user 6c30629cbc4644db81236c58879f6ef0 is created with scope project and roles: ['member']
2025-05-05 22:30:46.090 71462 INFO tempest.lib.common.dynamic_creds [-] Acquired dynamic creds: credentials: Credentials: {'domain_id': 'default', 'domain_name': 'Default', 'username': 'tempest-MigrationsAdminTest-382972576-project-member', 'project_domain_id': 'default', 'project_domain_name': 'Default', 'project_id': '5f791f734dae4669bcea11a4366dbd89', 'project_name': 'tempest-MigrationsAdminTest-382972576', 'tenant_id': '5f791f734dae4669bcea11a4366dbd89', 'tenant_name': 'tempest-MigrationsAdminTest-382972576', 'user_domain_id': 'default', 'user_domain_name': 'Default', 'user_id': '6c30629cbc4644db81236c58879f6ef0', 'system': None}, Network: None, Subnet: None, Router: None
2025-05-05 22:30:46.090 71462 INFO tempest.lib.common.dynamic_creds [-] Created isolated network resources for: credentials: Credentials: {'domain_id': 'default', 'domain_name': 'Default', 'username': 'tempest-MigrationsAdminTest-382972576-project-member', 'project_domain_id': 'default', 'project_domain_name': 'Default', 'project_id': '5f791f734dae4669bcea11a4366dbd89', 'project_name': 'tempest-MigrationsAdminTest-382972576', 'tenant_id': '5f791f734dae4669bcea11a4366dbd89', 'tenant_name': 'tempest-MigrationsAdminTest-382972576', 'user_domain_id': 'default', 'user_domain_name': 'Default', 'user_id': '6c30629cbc4644db81236c58879f6ef0', 'system': None}, Network: None, Subnet: None, Router: None
2025-05-05 22:30:46.103 71456 INFO tempest.lib.common.rest_client [req-4e4a6bb2-5d82-4f2d-96dc-975da6fd3e05 req-4e4a6bb2-5d82-4f2d-96dc-975da6fd3e05 ] Request (ServersAdminNegativeTestJSON:setUpClass): 204 PUT http://10.180.1.21/identity/v3/projects/329190a0ebf74711ae2748bc8053ae99/users/a52b12b7f58f49e899b6184d0ad9055a/roles/c5bf870ff7ac42a2ac3a4492117f479f 0.042s
2025-05-05 22:30:46.103 71456 INFO tempest.lib.common.dynamic_creds [-] Dynamic test user a52b12b7f58f49e899b6184d0ad9055a is created with scope project and roles: ['member']
2025-05-05 22:30:46.104 71456 INFO tempest.lib.common.dynamic_creds [-] Acquired dynamic creds: credentials: Credentials: {'domain_id': 'default', 'domain_name': 'Default', 'username': 'tempest-ServersAdminNegativeTestJSON-1542145379-project-member', 'project_domain_id': 'default', 'project_domain_name': 'Default', 'project_id': '329190a0ebf74711ae2748bc8053ae99', 'project_name': 'tempest-ServersAdminNegativeTestJSON-1542145379', 'tenant_id': '329190a0ebf74711ae2748bc8053ae99', 'tenant_name': 'tempest-ServersAdminNegativeTestJSON-1542145379', 'user_domain_id': 'default', 'user_domain_name': 'Default', 'user_id': 'a52b12b7f58f49e899b6184d0ad9055a', 'system': None}, Network: None, Subnet: None, Router: None
2025-05-05 22:30:46.104 71456 INFO tempest.lib.common.dynamic_creds [-] Created isolated network resources for: credentials: Credentials: {'domain_id': 'default', 'domain_name': 'Default', 'username': 'tempest-ServersAdminNegativeTestJSON-1542145379-project-member', 'project_domain_id': 'default', 'project_domain_name': 'Default', 'project_id': '329190a0ebf74711ae2748bc8053ae99', 'project_name': 'tempest-ServersAdminNegativeTestJSON-1542145379', 'tenant_id': '329190a0ebf74711ae2748bc8053ae99', 'tenant_name': 'tempest-ServersAdminNegativeTestJSON-1542145379', 'user_domain_id': 'default', 'user_domain_name': 'Default', 'user_id': 'a52b12b7f58f49e899b6184d0ad9055a', 'system': None}, Network: None, Subnet: None, Router: None
2025-05-05 22:30:46.105 71476 INFO tempest.lib.common.rest_client [req-25df9b30-7901-4a88-9be1-5c54fee8c30a req-25df9b30-7901-4a88-9be1-5c54fee8c30a ] Request (ServerDiagnosticsNegativeTest:tearDownClass): 204 DELETE http://10.180.1.21:9696/networking/v2.0/security-groups/4377299a-2e42-4b6d-9ad3-17ee5b4eed3d 0.133s
2025-05-05 22:30:46.206 71462 INFO tempest.lib.common.rest_client [req-a460e2a3-2b2e-4f2e-a9de-33891ccc6619 req-a460e2a3-2b2e-4f2e-a9de-33891ccc6619 ] Request (MigrationsAdminTest:setUpClass): 201 POST http://10.180.1.21/identity/v3/auth/tokens 0.112s
2025-05-05 22:30:46.223 71476 INFO tempest.lib.common.rest_client [req-1c8d7bd1-5a1e-4cea-a545-3cd930eb443a req-1c8d7bd1-5a1e-4cea-a545-3cd930eb443a ] Request (ServerDiagnosticsNegativeTest:tearDownClass): 204 DELETE http://10.180.1.21/identity/v3/projects/051eeaf4a8c34c578dbd8ca67492a6a1 0.117s
2025-05-05 22:30:46.223 71476 INFO tempest.lib.common.dynamic_creds [-] Deleting project and security group for project: 724e511b145141fd81f7da28bef4a07f
2025-05-05 22:30:46.306 71456 INFO tempest.lib.common.rest_client [req-07e91f9e-8c43-41a2-9082-259b79c2a420 req-07e91f9e-8c43-41a2-9082-259b79c2a420 ] Request (ServersAdminNegativeTestJSON:setUpClass): 201 POST http://10.180.1.21/identity/v3/auth/tokens 0.196s
2025-05-05 22:30:46.307 71462 INFO tempest.lib.common.rest_client [req-07ae2339-6c5d-4f5a-b407-07c4338d099f req-07ae2339-6c5d-4f5a-b407-07c4338d099f ] Request (MigrationsAdminTest:setUpClass): 201 POST http://10.180.1.21/identity/v3/projects 0.100s
2025-05-05 22:30:46.333 71470 INFO tempest.lib.common.rest_client [req-422dccba-02dd-4778-aa9d-970b7b9ab662 req-422dccba-02dd-4778-aa9d-970b7b9ab662 ] Request (VolumesAdminNegativeTest:test_update_attached_volume_with_nonexistent_volume_in_body): 200 GET http://10.180.1.21/compute/v2.1/servers/c98896e0-beae-4aa6-b353-2cd3e1a390fe 3.287s
2025-05-05 22:30:46.396 71456 INFO tempest.lib.common.rest_client [req-aae5e54a-ca02-405a-8643-7685002d1c7a req-aae5e54a-ca02-405a-8643-7685002d1c7a ] Request (ServersAdminNegativeTestJSON:setUpClass): 201 POST http://10.180.1.21/identity/v3/projects 0.089s
2025-05-05 22:30:46.405 71462 INFO tempest.lib.common.rest_client [req-2844d9d6-fd74-4831-8c7d-2286050db2c2 req-2844d9d6-fd74-4831-8c7d-2286050db2c2 ] Request (MigrationsAdminTest:setUpClass): 201 POST http://10.180.1.21/identity/v3/users 0.098s
2025-05-05 22:30:46.424 71476 INFO tempest.lib.common.rest_client [req-3a59f642-62d3-464d-a7e2-c7e9a3f126e2 req-3a59f642-62d3-464d-a7e2-c7e9a3f126e2 ] Request (ServerDiagnosticsNegativeTest:tearDownClass): 200 GET http://10.180.1.21:9696/networking/v2.0/security-groups?tenant_id=724e511b145141fd81f7da28bef4a07f&name=default 0.200s
2025-05-05 22:30:46.492 71462 INFO tempest.lib.common.rest_client [req-cc58b32f-344d-4598-98b6-11c10b88140d req-cc58b32f-344d-4598-98b6-11c10b88140d ] Request (MigrationsAdminTest:setUpClass): 200 GET http://10.180.1.21/identity/v3/roles 0.086s
2025-05-05 22:30:46.516 71448 INFO tempest.lib.common.rest_client [req-88e4a9aa-1b53-4846-a1e8-45a34dedf410 req-88e4a9aa-1b53-4846-a1e8-45a34dedf410 ] Request (ServersTestManualDisk:setUpClass): 200 GET http://10.180.1.21/compute/v2.1/servers/3f10462d-646e-4cc2-ab2a-713c343edaf2 3.380s
2025-05-05 22:30:46.524 71448 INFO tempest.common.waiters [-] State transition "BUILD/spawning" ==> "ACTIVE/None" after 30 second wait
2025-05-05 22:30:46.528 71456 INFO tempest.lib.common.rest_client [req-df78eb32-21b2-4699-ade4-103e2cfc1444 req-df78eb32-21b2-4699-ade4-103e2cfc1444 ] Request (ServersAdminNegativeTestJSON:setUpClass): 201 POST http://10.180.1.21/identity/v3/users 0.131s
2025-05-05 22:30:46.530 71462 INFO tempest.lib.common.rest_client [req-dbbb64d9-1e7e-4517-8c54-3217c0059049 req-dbbb64d9-1e7e-4517-8c54-3217c0059049 ] Request (MigrationsAdminTest:setUpClass): 204 PUT http://10.180.1.21/identity/v3/projects/80ce1af480104eab9c29574475cf0253/users/ae64094a4371438db7434c1ce55e622b/roles/71aa86f7b3c941f3a174fc0d01f30895 0.038s
2025-05-05 22:30:46.582 71442 INFO tempest.lib.common.rest_client [req-afc6bf42-b45d-4948-a9f0-2b54a776d891 req-afc6bf42-b45d-4948-a9f0-2b54a776d891 ] Request (FlavorsAdminTestJSON:test_is_public_string_variations): 200 GET http://10.180.1.21/compute/v2.1/flavors/detail?is_public=no 3.251s
2025-05-05 22:30:46.622 71462 INFO tempest.lib.common.rest_client [req-1d816d92-747e-430b-b4f5-fcbfdfd171bd req-1d816d92-747e-430b-b4f5-fcbfdfd171bd ] Request (MigrationsAdminTest:setUpClass): 200 GET http://10.180.1.21/identity/v3/roles 0.091s
2025-05-05 22:30:46.629 71456 INFO tempest.lib.common.rest_client [req-4cde6b17-1de5-4fed-9c49-93c001759fc1 req-4cde6b17-1de5-4fed-9c49-93c001759fc1 ] Request (ServersAdminNegativeTestJSON:setUpClass): 200 GET http://10.180.1.21/identity/v3/roles 0.101s
2025-05-05 22:30:46.639 71476 INFO tempest.lib.common.rest_client [req-196a86cf-f0bc-4070-a6f5-6e54ea26a822 req-196a86cf-f0bc-4070-a6f5-6e54ea26a822 ] Request (ServerDiagnosticsNegativeTest:tearDownClass): 204 DELETE http://10.180.1.21:9696/networking/v2.0/security-groups/b7cc0a26-e05d-413b-b2fc-be28f32a0764 0.214s
2025-05-05 22:30:46.645 71462 INFO tempest.lib.common.rest_client [req-f2b733e6-cfac-4b56-b4a3-69b72423be99 req-f2b733e6-cfac-4b56-b4a3-69b72423be99 ] Request (MigrationsAdminTest:setUpClass): 204 PUT http://10.180.1.21/identity/v3/projects/80ce1af480104eab9c29574475cf0253/users/ae64094a4371438db7434c1ce55e622b/roles/71aa86f7b3c941f3a174fc0d01f30895 0.021s
2025-05-05 22:30:46.645 71462 INFO tempest.lib.common.dynamic_creds [-] Dynamic test user ae64094a4371438db7434c1ce55e622b is created with scope project and roles: ['admin']
2025-05-05 22:30:46.645 71462 INFO tempest.lib.common.dynamic_creds [-] Acquired dynamic creds: credentials: Credentials: {'domain_id': 'default', 'domain_name': 'Default', 'username': 'tempest-MigrationsAdminTest-464428605-project-admin', 'project_domain_id': 'default', 'project_domain_name': 'Default', 'project_id': '80ce1af480104eab9c29574475cf0253', 'project_name': 'tempest-MigrationsAdminTest-464428605', 'tenant_id': '80ce1af480104eab9c29574475cf0253', 'tenant_name': 'tempest-MigrationsAdminTest-464428605', 'user_domain_id': 'default', 'user_domain_name': 'Default', 'user_id': 'ae64094a4371438db7434c1ce55e622b', 'system': None}, Network: None, Subnet: None, Router: None
2025-05-05 22:30:46.645 71462 INFO tempest.lib.common.dynamic_creds [-] Created isolated network resources for: credentials: Credentials: {'domain_id': 'default', 'domain_name': 'Default', 'username': 'tempest-MigrationsAdminTest-464428605-project-admin', 'project_domain_id': 'default', 'project_domain_name': 'Default', 'project_id': '80ce1af480104eab9c29574475cf0253', 'project_name': 'tempest-MigrationsAdminTest-464428605', 'tenant_id': '80ce1af480104eab9c29574475cf0253', 'tenant_name': 'tempest-MigrationsAdminTest-464428605', 'user_domain_id': 'default', 'user_domain_name': 'Default', 'user_id': 'ae64094a4371438db7434c1ce55e622b', 'system': None}, Network: None, Subnet: None, Router: None
2025-05-05 22:30:46.707 71486 INFO tempest.lib.common.rest_client [req-4c118645-6ea0-4107-a55c-723ba8a2cfac req-4c118645-6ea0-4107-a55c-723ba8a2cfac ] Request (ServersV294TestFqdnHostnames:setUpClass): 200 GET http://10.180.1.21/compute/v2.1/servers/8bf921a7-c252-4ad2-a380-29e85d01e0cb 3.348s
2025-05-05 22:30:46.722 71486 INFO tempest.common.waiters [-] State transition "BUILD/None" ==> "BUILD/networking" after 22 second wait
2025-05-05 22:30:46.753 71456 INFO tempest.lib.common.rest_client [req-b80a9660-9343-431a-9b7d-f3c3771ae338 req-b80a9660-9343-431a-9b7d-f3c3771ae338 ] Request (ServersAdminNegativeTestJSON:setUpClass): 204 PUT http://10.180.1.21/identity/v3/projects/a0ffebddb2024e6b8dadea0c8e425df8/users/4ec15829219e47bcb4e8e235f3f400f0/roles/71aa86f7b3c941f3a174fc0d01f30895 0.124s
2025-05-05 22:30:46.802 71474 INFO tempest.lib.common.rest_client [req-67c84bb2-fdfb-40aa-8ec0-485216c17200 req-67c84bb2-fdfb-40aa-8ec0-485216c17200 ] Request (AttachInterfacesV270Test:test_create_get_list_interfaces): 400 POST http://10.180.1.21/compute/v2.1/servers/5beeda39-74da-4bc1-a981-4999157823be/os-interface 5.348s
2025-05-05 22:30:46.863 71476 INFO tempest.lib.common.rest_client [req-8755f3b4-d328-4884-a9d4-398f716c8a0c req-8755f3b4-d328-4884-a9d4-398f716c8a0c ] Request (ServerDiagnosticsNegativeTest:tearDownClass): 204 DELETE http://10.180.1.21/identity/v3/projects/724e511b145141fd81f7da28bef4a07f 0.224s
2025-05-05 22:30:46.882 71462 INFO tempest.lib.common.rest_client [req-5114c122-7cc5-4b31-a355-5f521db2136e req-5114c122-7cc5-4b31-a355-5f521db2136e ] Request (MigrationsAdminTest:setUpClass): 201 POST http://10.180.1.21/identity/v3/auth/tokens 0.233s
2025-05-05 22:30:46.928 71476 INFO tempest.lib.common.rest_client [req-8bc23bfd-7c53-412f-a901-44cff0ceee3c req-8bc23bfd-7c53-412f-a901-44cff0ceee3c ] Request (ServicesAdminNegativeTestJSON:setUpClass): 201 POST http://10.180.1.21/identity/v3/auth/tokens 0.062s
