2025-05-05 22:31:25.488 71476 INFO tempest.lib.common.rest_client [req-30e62e6c-97c8-480e-998d-494f3ef96266 req-30e62e6c-97c8-480e-998d-494f3ef96266 ] Request (InstanceActionsV221TestJSON:test_get_list_deleted_instance_actions): 200 GET http://10.180.1.21/compute/v2.1/servers/e04a8ce7-624f-4c14-85b5-409ee889e92a 1.139s
2025-05-05 22:31:25.538 71448 INFO tempest.lib.common.rest_client [req-16a4dea6-adeb-4fae-a4b7-94a8e620eff1 req-16a4dea6-adeb-4fae-a4b7-94a8e620eff1 ] Request (ServersTestManualDisk:tearDownClass): 200 GET http://10.180.1.21/compute/v2.1/servers/3f10462d-646e-4cc2-ab2a-713c343edaf2 1.293s
2025-05-05 22:31:25.590 71450 WARNING tempest.lib.common.ssh [-] Failed to establish authenticated ssh connection to cirros@10.180.180.227 ([Errno None] Unable to connect to port 22 on 10.180.180.227). Number attempts: 7. Retry after 8 seconds.: paramiko.ssh_exception.NoValidConnectionsError: [Errno None] Unable to connect to port 22 on 10.180.180.227
2025-05-05 22:31:25.600 71444 INFO tempest.lib.common.rest_client [req-da0760b9-68be-42a9-98fc-d8ac7e0437f8 req-da0760b9-68be-42a9-98fc-d8ac7e0437f8 ] Request (ServersTestBootFromVolume:setUpClass): 200 GET http://10.180.1.21/compute/v2.1/servers/d760b9b9-a311-474b-99f8-b3397ade6488 1.046s
2025-05-05 22:31:25.607 71446 INFO tempest.lib.common.rest_client [req-4fc3d1b9-9c72-4836-b589-6b688ef6bda2 req-4fc3d1b9-9c72-4836-b589-6b688ef6bda2 ] Request (ServerPasswordTestJSON:setUpClass): 200 GET http://10.180.1.21/compute/v2.1/servers/7cad0b0a-a3a0-48a6-84eb-b674e7b96363 0.991s
2025-05-05 22:31:25.698 71464 INFO tempest.lib.common.rest_client [req-b0040773-f127-4818-ab83-d7bdeddf646e req-b0040773-f127-4818-ab83-d7bdeddf646e ] Request (ServerDiagnosticsTest:tearDownClass): 200 GET http://10.180.1.21/compute/v2.1/servers/666e2163-d6ac-46e8-bca6-c7fce49814a9 1.000s
2025-05-05 22:31:25.742 71432 INFO tempest.lib.common.rest_client [req-c485fc01-2508-4889-a2c3-c2e8c2beaf28 req-c485fc01-2508-4889-a2c3-c2e8c2beaf28 ] Request (ListImageFiltersTestJSON:setUpClass): 200 GET http://10.180.1.21/compute/v2.1/images/dc5e38fa-7700-4c5a-aeba-89b729b19fef 0.847s
2025-05-05 22:31:25.753 71474 INFO tempest.lib.common.rest_client [req-d1e5378a-084e-41f5-8d57-15ae44078de5 req-d1e5378a-084e-41f5-8d57-15ae44078de5 ] Request (AttachInterfacesV270Test:tearDownClass): 204 DELETE http://10.180.1.21:9696/networking/v2.0/networks/f05605ae-1208-4955-8607-fae138eaf7f8 0.418s
2025-05-05 22:31:25.776 71434 INFO tempest.lib.common.rest_client [req-2eec8408-dabf-456e-bd13-72ebc688c18a req-2eec8408-dabf-456e-bd13-72ebc688c18a ] Request (FloatingIPsAssociationTestJSON:test_associate_disassociate_floating_ip): 200 GET http://10.180.1.21/compute/v2.1/os-floating-ips/a32f5a73-b540-4328-8e8a-1ae731a226b7 1.005s
2025-05-05 22:31:25.849 71474 INFO tempest.lib.common.rest_client [req-8f579345-3c14-405d-bba7-1dc3265c5520 req-8f579345-3c14-405d-bba7-1dc3265c5520 ] Request (AttachInterfacesV270Test:tearDownClass): 204 DELETE http://10.180.1.21/identity/v3/users/ad3318d7ad2d4eb883d0ddb79e2bf325 0.096s
2025-05-05 22:31:25.850 71474 INFO tempest.lib.common.dynamic_creds [-] Deleting project and security group for project: ea19c98bcad54d2c95c0c3f4d055256e
2025-05-05 22:31:25.851 71456 INFO tempest.lib.common.rest_client [req-df12ef0d-73d7-40df-9c4f-2c82bdc0c1c1 req-df12ef0d-73d7-40df-9c4f-2c82bdc0c1c1 ] Request (ServersAdminNegativeTestJSON:setUpClass): 200 GET http://10.180.1.21/compute/v2.1/servers/5d3ff322-f182-48be-9066-203f120b2512 0.402s
2025-05-05 22:31:25.922 71474 INFO tempest.lib.common.rest_client [req-b01989bd-b5d8-4e89-80f7-efe5fb20f01c req-b01989bd-b5d8-4e89-80f7-efe5fb20f01c ] Request (AttachInterfacesV270Test:tearDownClass): 200 GET http://10.180.1.21:9696/networking/v2.0/security-groups?tenant_id=ea19c98bcad54d2c95c0c3f4d055256e&name=default 0.072s
2025-05-05 22:31:25.929 71494 INFO tempest.lib.common.rest_client [req-f7d6d236-ad6f-4208-8665-1fd78373b460 req-f7d6d236-ad6f-4208-8665-1fd78373b460 ] Request (ImagesOneServerNegativeTestJSON:_run_cleanups): 200 GET http://10.180.1.21/compute/v2.1/servers/af490d93-f4db-479d-910c-d04a97483af6 0.376s
2025-05-05 22:31:26.011 71482 INFO tempest.lib.common.rest_client [req-de358d32-7b59-4e9a-81f3-c3b5aaa0e7d7 req-de358d32-7b59-4e9a-81f3-c3b5aaa0e7d7 ] Request (ServerExternalEventsTest:test_create_server_external_events): 200 GET http://10.180.1.21/compute/v2.1/servers/6d38db52-c6ae-4cce-9cdb-39e11eccd8fd 0.378s
2025-05-05 22:31:26.043 71474 INFO tempest.lib.common.rest_client [req-bb2e76f0-43aa-454f-9a42-c9020b54ca3d req-bb2e76f0-43aa-454f-9a42-c9020b54ca3d ] Request (AttachInterfacesV270Test:tearDownClass): 204 DELETE http://10.180.1.21:9696/networking/v2.0/security-groups/f8c90e83-775e-4373-8b80-ae5cabd3ad5b 0.120s
2025-05-05 22:31:26.166 71474 INFO tempest.lib.common.rest_client [req-6c505738-a71f-4a79-be58-40fbbc61b200 req-6c505738-a71f-4a79-be58-40fbbc61b200 ] Request (AttachInterfacesV270Test:tearDownClass): 204 DELETE http://10.180.1.21/identity/v3/projects/ea19c98bcad54d2c95c0c3f4d055256e 0.123s
2025-05-05 22:31:26.200 71432 INFO tempest.lib.common.rest_client [req-48558ebe-9b99-45d6-a71c-0b23a1143946 req-48558ebe-9b99-45d6-a71c-0b23a1143946 ] Request (ListImageFiltersTestJSON:setUpClass): 200 GET http://10.180.1.21/compute/v2.1/servers/844fae93-93ca-4b25-84b5-efc829059716 0.452s
2025-05-05 22:31:26.245 71474 INFO tempest.lib.common.rest_client [req-990b1ea9-3385-492c-8ec8-2dd17cf8d389 req-990b1ea9-3385-492c-8ec8-2dd17cf8d389 ] Request (MultipleCreateNegativeTestJSON:setUpClass): 201 POST http://10.180.1.21/identity/v3/auth/tokens 0.076s
2025-05-05 22:31:26.261 71454 INFO tempest.lib.common.rest_client [req-c6f73a71-3634-44b8-b4b7-f934803a913e req-c6f73a71-3634-44b8-b4b7-f934803a913e ] Request (ServersTestMultiNic:test_verify_duplicate_network_nics): 200 GET http://10.180.1.21/compute/v2.1/servers/2d68e334-3f17-424e-a462-b8ab10f8cbb3 0.906s
2025-05-05 22:31:26.292 71474 INFO tempest.lib.common.rest_client [req-a31e4047-f802-434f-9cf5-e90303d012d7 req-a31e4047-f802-434f-9cf5-e90303d012d7 ] Request (MultipleCreateNegativeTestJSON:setUpClass): 201 POST http://10.180.1.21/identity/v3/auth/tokens 0.038s
2025-05-05 22:31:26.292 71440 WARNING tempest.lib.common.ssh [-] Failed to establish authenticated ssh connection to cirros@10.180.180.166 ([Errno None] Unable to connect to port 22 on 10.180.180.166). Number attempts: 6. Retry after 7 seconds.: paramiko.ssh_exception.NoValidConnectionsError: [Errno None] Unable to connect to port 22 on 10.180.180.166
2025-05-05 22:31:26.323 71474 INFO tempest.lib.common.rest_client [req-006402f6-b5ef-48c1-b278-082ef8f180f2 req-006402f6-b5ef-48c1-b278-082ef8f180f2 ] Request (MultipleCreateNegativeTestJSON:setUpClass): 200 GET http://10.180.1.21/identity/v3/domains?name=Default 0.031s
2025-05-05 22:31:26.364 71474 INFO tempest.lib.common.rest_client [req-b26e1a30-6d5f-4d9a-a1a0-ff5aca0626bf req-b26e1a30-6d5f-4d9a-a1a0-ff5aca0626bf ] Request (MultipleCreateNegativeTestJSON:setUpClass): 201 POST http://10.180.1.21/identity/v3/projects 0.041s
2025-05-05 22:31:26.450 71474 INFO tempest.lib.common.rest_client [req-07fd0da3-0332-4d0b-9d05-eebbb224c41f req-07fd0da3-0332-4d0b-9d05-eebbb224c41f ] Request (MultipleCreateNegativeTestJSON:setUpClass): 201 POST http://10.180.1.21/identity/v3/users 0.085s
2025-05-05 22:31:26.485 71474 INFO tempest.lib.common.rest_client [req-086ffc63-a9ca-4b72-893e-47206d95f6c7 req-086ffc63-a9ca-4b72-893e-47206d95f6c7 ] Request (MultipleCreateNegativeTestJSON:setUpClass): 200 GET http://10.180.1.21/identity/v3/roles 0.033s
2025-05-05 22:31:26.536 71474 INFO tempest.lib.common.rest_client [req-19813b3f-0109-43f0-b5c0-a3e7dd554386 req-19813b3f-0109-43f0-b5c0-a3e7dd554386 ] Request (MultipleCreateNegativeTestJSON:setUpClass): 204 PUT http://10.180.1.21/identity/v3/projects/7422567ce7fd4089bab9d5d944a6f646/users/f34957cf799a460d9cf7fffdec9c64bd/roles/c5bf870ff7ac42a2ac3a4492117f479f 0.051s
2025-05-05 22:31:26.536 71474 INFO tempest.lib.common.dynamic_creds [-] Dynamic test user f34957cf799a460d9cf7fffdec9c64bd is created with scope project and roles: ['member']
2025-05-05 22:31:26.537 71474 INFO tempest.lib.common.dynamic_creds [-] Acquired dynamic creds: credentials: Credentials: {'domain_id': 'default', 'domain_name': 'Default', 'username': 'tempest-MultipleCreateNegativeTestJSON-807909782-project-member', 'project_domain_id': 'default', 'project_domain_name': 'Default', 'project_id': '7422567ce7fd4089bab9d5d944a6f646', 'project_name': 'tempest-MultipleCreateNegativeTestJSON-807909782', 'tenant_id': '7422567ce7fd4089bab9d5d944a6f646', 'tenant_name': 'tempest-MultipleCreateNegativeTestJSON-807909782', 'user_domain_id': 'default', 'user_domain_name': 'Default', 'user_id': 'f34957cf799a460d9cf7fffdec9c64bd', 'system': None}, Network: None, Subnet: None, Router: None
2025-05-05 22:31:26.537 71474 INFO tempest.lib.common.dynamic_creds [-] Created isolated network resources for: credentials: Credentials: {'domain_id': 'default', 'domain_name': 'Default', 'username': 'tempest-MultipleCreateNegativeTestJSON-807909782-project-member', 'project_domain_id': 'default', 'project_domain_name': 'Default', 'project_id': '7422567ce7fd4089bab9d5d944a6f646', 'project_name': 'tempest-MultipleCreateNegativeTestJSON-807909782', 'tenant_id': '7422567ce7fd4089bab9d5d944a6f646', 'tenant_name': 'tempest-MultipleCreateNegativeTestJSON-807909782', 'user_domain_id': 'default', 'user_domain_name': 'Default', 'user_id': 'f34957cf799a460d9cf7fffdec9c64bd', 'system': None}, Network: None, Subnet: None, Router: None
2025-05-05 22:31:26.561 71458 INFO tempest.lib.common.rest_client [req-6fc909f4-a074-48e8-bb22-4deeab2f5b3d req-6fc909f4-a074-48e8-bb22-4deeab2f5b3d ] Request (ServerMetadataTestJSON:setUpClass): 200 GET http://10.180.1.21/compute/v2.1/servers/5e954dd4-d026-48c9-8cfa-4b224e9b2c16 0.718s
2025-05-05 22:31:26.629 71484 INFO tempest.lib.common.rest_client [req-8829e2c1-ce64-4b4c-bb56-0379606e1434 req-8829e2c1-ce64-4b4c-bb56-0379606e1434 ] Request (ServerActionsTestOtherB:setUpClass): 200 GET http://10.180.1.21/compute/v2.1/servers/2f9f3bdd-1c9a-456b-9959-146dc2aec368 0.775s
2025-05-05 22:31:26.636 71474 INFO tempest.lib.common.rest_client [req-2d490a3f-56ab-4145-9372-2643b66478d7 req-2d490a3f-56ab-4145-9372-2643b66478d7 ] Request (MultipleCreateNegativeTestJSON:setUpClass): 201 POST http://10.180.1.21/identity/v3/auth/tokens 0.094s
2025-05-05 22:31:26.675 71474 INFO tempest.lib.common.rest_client [req-abd2edf4-a594-4aa7-9128-a9453928cbe1 req-abd2edf4-a594-4aa7-9128-a9453928cbe1 ] Request (MultipleCreateNegativeTestJSON:test_max_count_less_than_min_count): 201 POST http://10.180.1.21/identity/v3/auth/tokens 0.031s
2025-05-05 22:31:26.676 71474 INFO tempest.lib.common.fixed_network [-] (MultipleCreateNegativeTestJSON:test_max_count_less_than_min_count) Found network None available for tenant
2025-05-05 22:31:26.700 71468 INFO tempest.lib.common.rest_client [req-977ad093-ee95-4f8b-badf-bdef78eec35a req-977ad093-ee95-4f8b-badf-bdef78eec35a ] Request (DeleteServersAdminTestJSON:test_delete_server_while_in_error_state): 200 GET http://10.180.1.21/compute/v2.1/servers/a072844a-d6f2-42e6-8ee4-6532341c7977 0.726s
2025-05-05 22:31:26.760 71452 INFO tempest.lib.common.rest_client [req-2033b4d6-d971-47c8-a3c1-5237a3a037e6 req-2033b4d6-d971-47c8-a3c1-5237a3a037e6 ] Request (ImagesTestJSON:test_create_image_from_suspended_server): 200 GET http://10.180.1.21/compute/v2.1/servers/c848e65e-79ba-4edc-afb5-6c511c0fde71 0.783s
2025-05-05 22:31:26.804 71436 WARNING tempest.lib.common.ssh [-] Failed to establish authenticated ssh connection to cirros@10.180.180.219 ([Errno None] Unable to connect to port 22 on 10.180.180.219). Number attempts: 2. Retry after 3 seconds.: paramiko.ssh_exception.NoValidConnectionsError: [Errno None] Unable to connect to port 22 on 10.180.180.219
2025-05-05 22:31:26.807 71461 INFO tempest.lib.common.rest_client [req-72bc57ce-5baa-41a5-9d32-8e4e9c07c604 req-72bc57ce-5baa-41a5-9d32-8e4e9c07c604 ] Request (ServerAddressesNegativeTestJSON:setUpClass): 200 GET http://10.180.1.21/compute/v2.1/servers/9c79e9b0-04d2-4822-9b9e-f6958c1ff2f9 0.747s
2025-05-05 22:31:26.871 71490 INFO tempest.lib.common.rest_client [req-d1004eea-56d8-4aac-bfdd-4748ce10c3b5 req-d1004eea-56d8-4aac-bfdd-4748ce10c3b5 ] Request (ServersAdmin275Test:tearDownClass): 200 GET http://10.180.1.21/compute/v2.1/servers/c576b9d3-e1ae-49d7-b4ea-e3e291fc7b44 0.776s
2025-05-05 22:31:26.923 71442 INFO tempest.lib.common.rest_client [req-6ac26437-276d-420a-b094-d8cd11402c2d req-6ac26437-276d-420a-b094-d8cd11402c2d ] Request (AttachVolumeNegativeTest:test_attach_attached_volume_to_different_server): 200 GET http://10.180.1.21/compute/v2.1/servers/0d8f036f-f0f4-4a10-ae2c-070aef7a9e78 0.777s
2025-05-05 22:31:27.003 71466 INFO tempest.lib.common.rest_client [req-51aa4c26-b9d2-4b1c-891c-cf178d31ee31 req-51aa4c26-b9d2-4b1c-891c-cf178d31ee31 ] Request (ServerMetadataNegativeTestJSON:tearDownClass): 200 GET http://10.180.1.21/compute/v2.1/servers/86e51a30-4cbd-4b56-aff8-dee09042da28 0.830s
2025-05-05 22:31:27.271 71434 INFO tempest.lib.common.rest_client [req-b75bc49b-614a-4f0a-b5ab-69515fc5adf7 req-b75bc49b-614a-4f0a-b5ab-69515fc5adf7 ] Request (FloatingIPsAssociationTestJSON:test_associate_disassociate_floating_ip): 202 POST http://10.180.1.21/compute/v2.1/servers/5d5d5686-c79e-48c5-a411-697a13820c75/action 1.492s
2025-05-05 22:31:27.323 71438 INFO tempest.lib.common.rest_client [req-c0853ae4-f63a-40d7-b60b-c5201bf2ccbc req-c0853ae4-f63a-40d7-b60b-c5201bf2ccbc ] Request (SecurityGroupsTestJSON:test_server_security_groups): 200 GET http://10.180.1.21/compute/v2.1/servers/0c57c50d-b602-4936-8d90-d947cedf6a0f 1.107s
2025-05-05 22:31:27.382 71462 INFO tempest.lib.common.rest_client [req-059b8e1f-c0bf-47c4-8f2f-c2700d223539 req-059b8e1f-c0bf-47c4-8f2f-c2700d223539 ] Request (MigrationsAdminTest:test_list_migrations_in_flavor_resize_situation): 200 GET http://10.180.1.21/compute/v2.1/servers/b2f9536e-f32c-4e94-bb2f-eced831895f4 1.105s
2025-05-05 22:31:27.443 71472 INFO tempest.lib.common.rest_client [req-da9f166c-73d6-4c48-a29c-6db195ec8135 req-da9f166c-73d6-4c48-a29c-6db195ec8135 ] Request (ServersListShow298Test:test_list_show_update_rebuild_server_298): 200 GET http://10.180.1.21/compute/v2.1/servers/f173acbb-196b-4e7f-bc5e-44ad94cdc9a7 1.115s
2025-05-05 22:31:27.453 71472 INFO tempest.common.waiters [-] State transition "BUILD/networking" ==> "BUILD/spawning" after 42 second wait
2025-05-05 22:31:27.497 71478 INFO tempest.lib.common.rest_client [req-beaba443-57f6-4f03-ae6d-cd673e88fd13 req-beaba443-57f6-4f03-ae6d-cd673e88fd13 ] Request (FloatingIPsAssociationNegativeTestJSON:setUpClass): 200 GET http://10.180.1.21/compute/v2.1/servers/a593e2ed-9c12-430e-be17-38990a4dd8a6 1.162s
2025-05-05 22:31:27.565 71492 INFO tempest.lib.common.rest_client [req-45250355-1600-4f1c-98ef-651bf6b513c0 req-45250355-1600-4f1c-98ef-651bf6b513c0 ] Request (ServersAdminTestJSON:test_inject_network_info): 200 GET http://10.180.1.21/compute/v2.1/servers/a02f0c97-1cb9-4c0e-8787-583f9c1c4688 1.156s
2025-05-05 22:31:27.579 71432 INFO tempest.lib.common.rest_client [req-e965a641-ae33-4d1a-b545-bc7a99925756 req-e965a641-ae33-4d1a-b545-bc7a99925756 ] Request (ListImageFiltersTestJSON:setUpClass): 202 POST http://10.180.1.21/compute/v2.1/servers/1454d339-c5d1-4aca-b008-55668020cb98/action 1.367s
2025-05-05 22:31:27.646 71480 INFO tempest.lib.common.rest_client [req-5db9ee65-0396-4016-bd6e-42e5f182e7fd req-5db9ee65-0396-4016-bd6e-42e5f182e7fd ] Request (ServerActionsV293TestJSON:setUpClass): 200 GET http://10.180.1.21/compute/v2.1/servers/35739b42-c8b6-40a7-a0e7-7d62a708ff1b 1.233s
2025-05-05 22:31:27.650 71476 INFO tempest.lib.common.rest_client [req-b9641df2-0551-4f67-98f0-11a830fd651d req-b9641df2-0551-4f67-98f0-11a830fd651d ] Request (InstanceActionsV221TestJSON:test_get_list_deleted_instance_actions): 200 GET http://10.180.1.21/compute/v2.1/servers/e04a8ce7-624f-4c14-85b5-409ee889e92a 1.152s
2025-05-05 22:31:27.705 71444 INFO tempest.lib.common.rest_client [req-bc26c6b8-e012-474e-91ee-a0ca704df6be req-bc26c6b8-e012-474e-91ee-a0ca704df6be ] Request (ServersTestBootFromVolume:setUpClass): 200 GET http://10.180.1.21/compute/v2.1/servers/d760b9b9-a311-474b-99f8-b3397ade6488 1.096s
2025-05-05 22:31:27.723 71448 INFO tempest.lib.common.rest_client [req-8ed317a7-c3f8-4d5d-bf16-32e90f91ad46 req-8ed317a7-c3f8-4d5d-bf16-32e90f91ad46 ] Request (ServersTestManualDisk:tearDownClass): 200 GET http://10.180.1.21/compute/v2.1/servers/3f10462d-646e-4cc2-ab2a-713c343edaf2 1.177s
2025-05-05 22:31:27.733 71448 INFO tempest.common.waiters [-] State transition "ACTIVE/deleting" ==> "DELETED/None" after 4 second wait
2025-05-05 22:31:27.767 71446 INFO tempest.lib.common.rest_client [req-0083238f-75e4-40de-ac82-952c9175eeaa req-0083238f-75e4-40de-ac82-952c9175eeaa ] Request (ServerPasswordTestJSON:setUpClass): 200 GET http://10.180.1.21/compute/v2.1/servers/7cad0b0a-a3a0-48a6-84eb-b674e7b96363 1.151s
2025-05-05 22:31:27.821 71474 INFO tempest.lib.common.rest_client [req-4c45a4d1-c2e5-43b2-ae30-33968c9762ba req-4c45a4d1-c2e5-43b2-ae30-33968c9762ba ] Request (MultipleCreateNegativeTestJSON:test_max_count_less_than_min_count): 400 POST http://10.180.1.21/compute/v2.1/servers 1.144s
2025-05-05 22:31:27.836 71464 INFO tempest.lib.common.rest_client [req-99ac7fd3-ade0-41c6-b973-26dfdbc69474 req-99ac7fd3-ade0-41c6-b973-26dfdbc69474 ] Request (ServerDiagnosticsTest:tearDownClass): 200 GET http://10.180.1.21/compute/v2.1/servers/666e2163-d6ac-46e8-bca6-c7fce49814a9 1.130s
2025-05-05 22:31:27.870 71474 INFO tempest.lib.common.rest_client [req-847bef33-7ea5-4dc3-9e55-4f63b760269a req-847bef33-7ea5-4dc3-9e55-4f63b760269a ] Request (MultipleCreateNegativeTestJSON:test_max_count_less_than_one): 201 POST http://10.180.1.21/identity/v3/auth/tokens 0.044s
2025-05-05 22:31:27.871 71474 INFO tempest.lib.common.fixed_network [-] (MultipleCreateNegativeTestJSON:test_max_count_less_than_one) Found network None available for tenant
2025-05-05 22:31:27.883 71456 INFO tempest.lib.common.rest_client [req-c2a427bb-4164-4827-b06b-b60d9b2b7fe0 req-c2a427bb-4164-4827-b06b-b60d9b2b7fe0 ] Request (ServersAdminNegativeTestJSON:setUpClass): 200 GET http://10.180.1.21/compute/v2.1/servers/5d3ff322-f182-48be-9066-203f120b2512 1.023s
2025-05-05 22:31:27.899 71494 INFO tempest.lib.common.rest_client [req-549a2dca-2f4c-473c-865e-507abe499389 req-549a2dca-2f4c-473c-865e-507abe499389 ] Request (ImagesOneServerNegativeTestJSON:_run_cleanups): 200 GET http://10.180.1.21/compute/v2.1/servers/af490d93-f4db-479d-910c-d04a97483af6 0.962s
2025-05-05 22:31:27.944 71482 INFO tempest.lib.common.rest_client [req-990bef10-68af-444c-b6f9-c9ce6f4bc77a req-990bef10-68af-444c-b6f9-c9ce6f4bc77a ] Request (ServerExternalEventsTest:test_create_server_external_events): 200 GET http://10.180.1.21/compute/v2.1/servers/6d38db52-c6ae-4cce-9cdb-39e11eccd8fd 0.918s
2025-05-05 22:31:28.002 71434 INFO tempest.lib.common.rest_client [req-1af4ec4a-f301-49f6-848d-0eceddd593df req-1af4ec4a-f301-49f6-848d-0eceddd593df ] Request (FloatingIPsAssociationTestJSON:tearDownClass): 204 DELETE http://10.180.1.21/compute/v2.1/servers/52179727-7607-4992-bb0e-2b9ec89ae1eb 0.731s
2025-05-05 22:31:28.055 71454 INFO tempest.lib.common.rest_client [req-db34bc2d-7ca4-47b1-a944-ca5f381920d6 req-db34bc2d-7ca4-47b1-a944-ca5f381920d6 ] Request (ServersTestMultiNic:test_verify_duplicate_network_nics): 200 GET http://10.180.1.21/compute/v2.1/servers/2d68e334-3f17-424e-a462-b8ab10f8cbb3 0.779s
2025-05-05 22:31:28.093 71432 INFO tempest.lib.common.rest_client [req-c2558f19-27e7-4640-a66e-3fcffea52512 req-c2558f19-27e7-4640-a66e-3fcffea52512 ] Request (ListImageFiltersTestJSON:setUpClass): 200 GET http://10.180.1.21/compute/v2.1/images/1ef43964-f4ae-4920-b5f7-9600c46e0266 0.513s
2025-05-05 22:31:28.132 71458 INFO tempest.lib.common.rest_client [req-cecbfcc3-191a-4232-bad8-83d964b324b3 req-cecbfcc3-191a-4232-bad8-83d964b324b3 ] Request (ServerMetadataTestJSON:setUpClass): 200 GET http://10.180.1.21/compute/v2.1/servers/5e954dd4-d026-48c9-8cfa-4b224e9b2c16 0.561s
2025-05-05 22:31:28.144 71484 INFO tempest.lib.common.rest_client [req-4a81b647-7cab-4a0b-885a-47f4368980fb req-4a81b647-7cab-4a0b-885a-47f4368980fb ] Request (ServerActionsTestOtherB:setUpClass): 200 GET http://10.180.1.21/compute/v2.1/servers/2f9f3bdd-1c9a-456b-9959-146dc2aec368 0.502s
2025-05-05 22:31:28.198 71468 INFO tempest.lib.common.rest_client [req-87fb9ebf-2756-4514-8f81-0629f4d0c795 req-87fb9ebf-2756-4514-8f81-0629f4d0c795 ] Request (DeleteServersAdminTestJSON:test_delete_server_while_in_error_state): 200 GET http://10.180.1.21/compute/v2.1/servers/a072844a-d6f2-42e6-8ee4-6532341c7977 0.489s
2025-05-05 22:31:28.203 71452 INFO tempest.lib.common.rest_client [req-97faf59b-4252-40d0-a198-92181e7254a5 req-97faf59b-4252-40d0-a198-92181e7254a5 ] Request (ImagesTestJSON:test_create_image_from_suspended_server): 200 GET http://10.180.1.21/compute/v2.1/servers/c848e65e-79ba-4edc-afb5-6c511c0fde71 0.435s
2025-05-05 22:31:28.231 71474 INFO tempest.lib.common.rest_client [req-01a6170d-9f0f-4bc5-bc9a-41d8142a35a5 req-01a6170d-9f0f-4bc5-bc9a-41d8142a35a5 ] Request (MultipleCreateNegativeTestJSON:test_max_count_less_than_one): 400 POST http://10.180.1.21/compute/v2.1/servers 0.359s
2025-05-05 22:31:28.258 71461 INFO tempest.lib.common.rest_client [req-3e56208d-90c1-4d41-a30c-e98ccbaa15fd req-3e56208d-90c1-4d41-a30c-e98ccbaa15fd ] Request (ServerAddressesNegativeTestJSON:setUpClass): 200 GET http://10.180.1.21/compute/v2.1/servers/9c79e9b0-04d2-4822-9b9e-f6958c1ff2f9 0.441s
2025-05-05 22:31:28.270 71474 INFO tempest.lib.common.rest_client [req-7f35f57d-0de6-4bb8-ab74-6e4ba8f660c6 req-7f35f57d-0de6-4bb8-ab74-6e4ba8f660c6 ] Request (MultipleCreateNegativeTestJSON:test_max_count_non_integer): 201 POST http://10.180.1.21/identity/v3/auth/tokens 0.035s
2025-05-05 22:31:28.271 71474 INFO tempest.lib.common.fixed_network [-] (MultipleCreateNegativeTestJSON:test_max_count_non_integer) Found network None available for tenant
2025-05-05 22:31:28.296 71490 INFO tempest.lib.common.rest_client [req-2c51ec06-f599-439c-a869-f6402379f2f0 req-2c51ec06-f599-439c-a869-f6402379f2f0 ] Request (ServersAdmin275Test:tearDownClass): 200 GET http://10.180.1.21/compute/v2.1/servers/c576b9d3-e1ae-49d7-b4ea-e3e291fc7b44 0.415s
2025-05-05 22:31:28.306 71442 INFO tempest.lib.common.rest_client [req-a7d7e647-081e-450c-a5ce-b188861e1822 req-a7d7e647-081e-450c-a5ce-b188861e1822 ] Request (AttachVolumeNegativeTest:test_attach_attached_volume_to_different_server): 200 GET http://10.180.1.21/compute/v2.1/servers/0d8f036f-f0f4-4a10-ae2c-070aef7a9e78 0.371s
2025-05-05 22:31:28.353 71434 INFO tempest.lib.common.rest_client [req-90366553-c2b4-46bf-b40c-28535d51a030 req-90366553-c2b4-46bf-b40c-28535d51a030 ] Request (FloatingIPsAssociationTestJSON:tearDownClass): 200 GET http://10.180.1.21/compute/v2.1/servers/52179727-7607-4992-bb0e-2b9ec89ae1eb 0.350s
2025-05-05 22:31:28.358 71474 INFO tempest.lib.common.rest_client [req-94b9316b-ea1d-48b2-b178-2e698e0b77a2 req-94b9316b-ea1d-48b2-b178-2e698e0b77a2 ] Request (MultipleCreateNegativeTestJSON:test_max_count_non_integer): 400 POST http://10.180.1.21/compute/v2.1/servers 0.087s
2025-05-05 22:31:28.366 71466 INFO tempest.lib.common.rest_client [req-6d73850b-e731-49ef-8881-3db112211fe6 req-6d73850b-e731-49ef-8881-3db112211fe6 ] Request (ServerMetadataNegativeTestJSON:tearDownClass): 200 GET http://10.180.1.21/compute/v2.1/servers/86e51a30-4cbd-4b56-aff8-dee09042da28 0.349s
2025-05-05 22:31:28.389 71474 INFO tempest.lib.common.rest_client [req-1f18f2a1-a85f-4f1f-b84b-745e4ce1a8a8 req-1f18f2a1-a85f-4f1f-b84b-745e4ce1a8a8 ] Request (MultipleCreateNegativeTestJSON:test_min_count_less_than_one): 201 POST http://10.180.1.21/identity/v3/auth/tokens 0.026s
2025-05-05 22:31:28.389 71474 INFO tempest.lib.common.fixed_network [-] (MultipleCreateNegativeTestJSON:test_min_count_less_than_one) Found network None available for tenant
2025-05-05 22:31:28.398 71474 INFO tempest.lib.common.rest_client [req-74fb8ed2-9c4d-4996-8b9b-5d6db4e90e52 req-74fb8ed2-9c4d-4996-8b9b-5d6db4e90e52 ] Request (MultipleCreateNegativeTestJSON:test_min_count_less_than_one): 400 POST http://10.180.1.21/compute/v2.1/servers 0.008s
2025-05-05 22:31:28.407 71438 INFO tempest.lib.common.rest_client [req-f40e97a4-eb04-49c3-935a-ad72c7b1ad34 req-f40e97a4-eb04-49c3-935a-ad72c7b1ad34 ] Request (SecurityGroupsTestJSON:test_server_security_groups): 200 GET http://10.180.1.21/compute/v2.1/servers/0c57c50d-b602-4936-8d90-d947cedf6a0f 0.077s
2025-05-05 22:31:28.428 71474 INFO tempest.lib.common.rest_client [req-28cbce26-0c24-4f90-b32b-9687415ffac9 req-28cbce26-0c24-4f90-b32b-9687415ffac9 ] Request (MultipleCreateNegativeTestJSON:test_min_count_non_integer): 201 POST http://10.180.1.21/identity/v3/auth/tokens 0.026s
2025-05-05 22:31:28.429 71474 INFO tempest.lib.common.fixed_network [-] (MultipleCreateNegativeTestJSON:test_min_count_non_integer) Found network None available for tenant
2025-05-05 22:31:28.437 71474 INFO tempest.lib.common.rest_client [req-d403c2cc-8ecb-432f-8a39-8fd1757a144a req-d403c2cc-8ecb-432f-8a39-8fd1757a144a ] Request (MultipleCreateNegativeTestJSON:test_min_count_non_integer): 400 POST http://10.180.1.21/compute/v2.1/servers 0.008s
2025-05-05 22:31:28.453 71462 INFO tempest.lib.common.rest_client [req-7fb68215-106f-4600-918c-d91940ed2a32 req-7fb68215-106f-4600-918c-d91940ed2a32 ] Request (MigrationsAdminTest:test_list_migrations_in_flavor_resize_situation): 200 GET http://10.180.1.21/compute/v2.1/servers/b2f9536e-f32c-4e94-bb2f-eced831895f4 0.062s
2025-05-05 22:31:28.533 71472 INFO tempest.lib.common.rest_client [req-543c55b8-05c7-4c26-8cb3-2362817e529d req-543c55b8-05c7-4c26-8cb3-2362817e529d ] Request (ServersListShow298Test:test_list_show_update_rebuild_server_298): 200 GET http://10.180.1.21/compute/v2.1/servers/f173acbb-196b-4e7f-bc5e-44ad94cdc9a7 0.078s
2025-05-05 22:31:28.556 71474 INFO tempest.lib.common.rest_client [req-d2fe2e67-b9fb-4ae9-8915-e1c90fc62124 req-d2fe2e67-b9fb-4ae9-8915-e1c90fc62124 ] Request (MultipleCreateNegativeTestJSON:tearDownClass): 204 DELETE http://10.180.1.21/identity/v3/users/f34957cf799a460d9cf7fffdec9c64bd 0.112s
2025-05-05 22:31:28.556 71474 INFO tempest.lib.common.dynamic_creds [-] Deleting project and security group for project: 7422567ce7fd4089bab9d5d944a6f646
2025-05-05 22:31:28.572 71478 INFO tempest.lib.common.rest_client [req-893cce8c-7409-4900-8ba6-e5c5782041cf req-893cce8c-7409-4900-8ba6-e5c5782041cf ] Request (FloatingIPsAssociationNegativeTestJSON:setUpClass): 200 GET http://10.180.1.21/compute/v2.1/servers/a593e2ed-9c12-430e-be17-38990a4dd8a6 0.064s
2025-05-05 22:31:28.626 71474 INFO tempest.lib.common.rest_client [req-b64f4fe0-4889-4e8c-9d72-c04ab3d6fdaf req-b64f4fe0-4889-4e8c-9d72-c04ab3d6fdaf ] Request (MultipleCreateNegativeTestJSON:tearDownClass): 201 POST http://10.180.1.21/identity/v3/auth/tokens 0.070s
2025-05-05 22:31:28.631 71492 INFO tempest.lib.common.rest_client [req-3bed7322-1148-4e5b-b012-c131c0b6a3e6 req-3bed7322-1148-4e5b-b012-c131c0b6a3e6 ] Request (ServersAdminTestJSON:test_inject_network_info): 200 GET http://10.180.1.21/compute/v2.1/servers/a02f0c97-1cb9-4c0e-8787-583f9c1c4688 0.057s
2025-05-05 22:31:28.709 71476 INFO tempest.lib.common.rest_client [req-4ae6ee24-ea31-4489-b2c5-4e2af5cf8b41 req-4ae6ee24-ea31-4489-b2c5-4e2af5cf8b41 ] Request (InstanceActionsV221TestJSON:test_get_list_deleted_instance_actions): 200 GET http://10.180.1.21/compute/v2.1/servers/e04a8ce7-624f-4c14-85b5-409ee889e92a 0.050s
2025-05-05 22:31:28.722 71480 INFO tempest.lib.common.rest_client [req-31639074-8a5f-4b73-b43e-557d60114990 req-31639074-8a5f-4b73-b43e-557d60114990 ] Request (ServerActionsV293TestJSON:setUpClass): 200 GET http://10.180.1.21/compute/v2.1/servers/35739b42-c8b6-40a7-a0e7-7d62a708ff1b 0.060s
2025-05-05 22:31:28.769 71444 INFO tempest.lib.common.rest_client [req-70393c35-7c49-488d-8793-bce0c4d71765 req-70393c35-7c49-488d-8793-bce0c4d71765 ] Request (ServersTestBootFromVolume:setUpClass): 200 GET http://10.180.1.21/compute/v2.1/servers/d760b9b9-a311-474b-99f8-b3397ade6488 0.052s
2025-05-05 22:31:28.798 71448 INFO tempest.lib.common.rest_client [req-8a1dc4c0-443a-4a47-8f45-020303f4d0c4 req-8a1dc4c0-443a-4a47-8f45-020303f4d0c4 ] Request (ServersTestManualDisk:tearDownClass): 200 GET http://10.180.1.21/compute/v2.1/servers/3f10462d-646e-4cc2-ab2a-713c343edaf2 0.065s
2025-05-05 22:31:28.806 71474 INFO tempest.lib.common.rest_client [req-75c0de74-d513-45f2-bc76-ff386751b7a3 req-75c0de74-d513-45f2-bc76-ff386751b7a3 ] Request (MultipleCreateNegativeTestJSON:tearDownClass): 200 GET http://10.180.1.21:9696/networking/v2.0/security-groups?tenant_id=7422567ce7fd4089bab9d5d944a6f646&name=default 0.180s
2025-05-05 22:31:28.832 71446 INFO tempest.lib.common.rest_client [req-6d86d975-0482-4f4c-9091-a7e71a446854 req-6d86d975-0482-4f4c-9091-a7e71a446854 ] Request (ServerPasswordTestJSON:setUpClass): 200 GET http://10.180.1.21/compute/v2.1/servers/7cad0b0a-a3a0-48a6-84eb-b674e7b96363 0.055s
2025-05-05 22:31:28.892 71474 INFO tempest.lib.common.rest_client [req-e9279e09-9e60-43b1-ad50-c11007de3bbe req-e9279e09-9e60-43b1-ad50-c11007de3bbe ] Request (MultipleCreateNegativeTestJSON:tearDownClass): 204 DELETE http://10.180.1.21:9696/networking/v2.0/security-groups/575f9530-50fa-4fbc-a198-aaca17e2d668 0.085s
2025-05-05 22:31:28.916 71464 INFO tempest.lib.common.rest_client [req-c240ddcb-4b06-4f61-8ffa-a5bee01cca39 req-c240ddcb-4b06-4f61-8ffa-a5bee01cca39 ] Request (ServerDiagnosticsTest:tearDownClass): 200 GET http://10.180.1.21/compute/v2.1/servers/666e2163-d6ac-46e8-bca6-c7fce49814a9 0.066s
2025-05-05 22:31:28.950 71456 INFO tempest.lib.common.rest_client [req-f66ca3ff-5025-4a87-babc-8642cf1c577d req-f66ca3ff-5025-4a87-babc-8642cf1c577d ] Request (ServersAdminNegativeTestJSON:setUpClass): 200 GET http://10.180.1.21/compute/v2.1/servers/5d3ff322-f182-48be-9066-203f120b2512 0.060s
2025-05-05 22:31:28.968 71474 INFO tempest.lib.common.rest_client [req-57897566-7194-4e69-af2c-eebaa9ba15c9 req-57897566-7194-4e69-af2c-eebaa9ba15c9 ] Request (MultipleCreateNegativeTestJSON:tearDownClass): 204 DELETE http://10.180.1.21/identity/v3/projects/7422567ce7fd4089bab9d5d944a6f646 0.076s
2025-05-05 22:31:28.986 71494 INFO tempest.lib.common.rest_client [req-ec4c7b09-4db0-479b-bbfd-73ccfe530650 req-ec4c7b09-4db0-479b-bbfd-73ccfe530650 ] Request (ImagesOneServerNegativeTestJSON:_run_cleanups): 200 GET http://10.180.1.21/compute/v2.1/servers/af490d93-f4db-479d-910c-d04a97483af6 0.079s
2025-05-05 22:31:29.020 71482 INFO tempest.lib.common.rest_client [req-0277a176-d750-4115-a0ef-c741190b32cc req-0277a176-d750-4115-a0ef-c741190b32cc ] Request (ServerExternalEventsTest:test_create_server_external_events): 200 GET http://10.180.1.21/compute/v2.1/servers/6d38db52-c6ae-4cce-9cdb-39e11eccd8fd 0.068s
2025-05-05 22:31:29.158 71432 INFO tempest.lib.common.rest_client [req-d8bdd270-89e1-45a8-aa47-44aab37cd5db req-d8bdd270-89e1-45a8-aa47-44aab37cd5db ] Request (ListImageFiltersTestJSON:setUpClass): 200 GET http://10.180.1.21/compute/v2.1/images/1ef43964-f4ae-4920-b5f7-9600c46e0266 0.060s
2025-05-05 22:31:29.218 71470 WARNING tempest.lib.common.ssh [-] Failed to establish authenticated ssh connection to cirros@10.180.180.247 ([Errno None] Unable to connect to port 22 on 10.180.180.247). Number attempts: 6. Retry after 7 seconds.: paramiko.ssh_exception.NoValidConnectionsError: [Errno None] Unable to connect to port 22 on 10.180.180.247
2025-05-05 22:31:29.258 71458 INFO tempest.lib.common.rest_client [req-75d79120-3775-451f-8e4f-d56e4eb55ed4 req-75d79120-3775-451f-8e4f-d56e4eb55ed4 ] Request (ServerMetadataTestJSON:setUpClass): 200 GET http://10.180.1.21/compute/v2.1/servers/5e954dd4-d026-48c9-8cfa-4b224e9b2c16 0.116s
2025-05-05 22:31:29.267 71454 INFO tempest.lib.common.rest_client [req-bf746349-09bc-41ad-81f9-424524926403 req-bf746349-09bc-41ad-81f9-424524926403 ] Request (ServersTestMultiNic:test_verify_duplicate_network_nics): 200 GET http://10.180.1.21/compute/v2.1/servers/2d68e334-3f17-424e-a462-b8ab10f8cbb3 0.202s
2025-05-05 22:31:29.312 71484 INFO tempest.lib.common.rest_client [req-90e4a9ee-d3d6-4839-9fbb-15e1812c33bc req-90e4a9ee-d3d6-4839-9fbb-15e1812c33bc ] Request (ServerActionsTestOtherB:setUpClass): 200 GET http://10.180.1.21/compute/v2.1/servers/2f9f3bdd-1c9a-456b-9959-146dc2aec368 0.160s
2025-05-05 22:31:29.333 71468 INFO tempest.lib.common.rest_client [req-3876e8c3-f2b0-44e3-b2c2-724e6cf0eea6 req-3876e8c3-f2b0-44e3-b2c2-724e6cf0eea6 ] Request (DeleteServersAdminTestJSON:test_delete_server_while_in_error_state): 200 GET http://10.180.1.21/compute/v2.1/servers/a072844a-d6f2-42e6-8ee4-6532341c7977 0.124s
2025-05-05 22:31:29.370 71452 INFO tempest.lib.common.rest_client [req-729886f9-5e58-4811-b069-f631b8033a0b req-729886f9-5e58-4811-b069-f631b8033a0b ] Request (ImagesTestJSON:test_create_image_from_suspended_server): 200 GET http://10.180.1.21/compute/v2.1/servers/c848e65e-79ba-4edc-afb5-6c511c0fde71 0.159s
2025-05-05 22:31:29.381 71452 INFO tempest.common.waiters [-] State transition "BUILD/None" ==> "BUILD/networking" after 41 second wait
2025-05-05 22:31:29.386 71461 INFO tempest.lib.common.rest_client [req-dea98689-6fd0-4e29-9586-907993dbb802 req-dea98689-6fd0-4e29-9586-907993dbb802 ] Request (ServerAddressesNegativeTestJSON:setUpClass): 200 GET http://10.180.1.21/compute/v2.1/servers/9c79e9b0-04d2-4822-9b9e-f6958c1ff2f9 0.119s
2025-05-05 22:31:29.432 71490 INFO tempest.lib.common.rest_client [req-e64bdcb5-e966-491b-bce7-600185f8ae6e req-e64bdcb5-e966-491b-bce7-600185f8ae6e ] Request (ServersAdmin275Test:tearDownClass): 200 GET http://10.180.1.21/compute/v2.1/servers/c576b9d3-e1ae-49d7-b4ea-e3e291fc7b44 0.123s
2025-05-05 22:31:29.432 71442 INFO tempest.lib.common.rest_client [req-0d1eabd9-5648-4aab-a9ef-c1ac0f6ff9e5 req-0d1eabd9-5648-4aab-a9ef-c1ac0f6ff9e5 ] Request (AttachVolumeNegativeTest:test_attach_attached_volume_to_different_server): 200 GET http://10.180.1.21/compute/v2.1/servers/0d8f036f-f0f4-4a10-ae2c-070aef7a9e78 0.118s
2025-05-05 22:31:29.485 71466 INFO tempest.lib.common.rest_client [req-66d4b946-1e05-40de-b75a-4e5c033207d8 req-66d4b946-1e05-40de-b75a-4e5c033207d8 ] Request (ServerMetadataNegativeTestJSON:tearDownClass): 200 GET http://10.180.1.21/compute/v2.1/servers/86e51a30-4cbd-4b56-aff8-dee09042da28 0.111s
2025-05-05 22:31:29.487 71434 INFO tempest.lib.common.rest_client [req-9b4be6dc-9641-4a8a-abca-6ab557c7cee8 req-9b4be6dc-9641-4a8a-abca-6ab557c7cee8 ] Request (FloatingIPsAssociationTestJSON:tearDownClass): 200 GET http://10.180.1.21/compute/v2.1/servers/52179727-7607-4992-bb0e-2b9ec89ae1eb 0.126s
2025-05-05 22:31:29.540 71462 INFO tempest.lib.common.rest_client [req-3dcb0901-838b-45f9-88ce-8fc316f7f1a6 req-3dcb0901-838b-45f9-88ce-8fc316f7f1a6 ] Request (MigrationsAdminTest:test_list_migrations_in_flavor_resize_situation): 200 GET http://10.180.1.21/compute/v2.1/servers/b2f9536e-f32c-4e94-bb2f-eced831895f4 0.078s
2025-05-05 22:31:29.540 71438 INFO tempest.lib.common.rest_client [req-068da38e-d69c-4615-be55-c8a2a3c28aab req-068da38e-d69c-4615-be55-c8a2a3c28aab ] Request (SecurityGroupsTestJSON:test_server_security_groups): 200 GET http://10.180.1.21/compute/v2.1/servers/0c57c50d-b602-4936-8d90-d947cedf6a0f 0.125s
2025-05-05 22:31:29.609 71472 INFO tempest.lib.common.rest_client [req-66ea0bb0-d0c9-4236-95a6-3c73872ad15e req-66ea0bb0-d0c9-4236-95a6-3c73872ad15e ] Request (ServersListShow298Test:test_list_show_update_rebuild_server_298): 200 GET http://10.180.1.21/compute/v2.1/servers/f173acbb-196b-4e7f-bc5e-44ad94cdc9a7 0.066s
2025-05-05 22:31:29.637 71478 INFO tempest.lib.common.rest_client [req-bc479d6b-95a8-4373-8641-d70aeac0affd req-bc479d6b-95a8-4373-8641-d70aeac0affd ] Request (FloatingIPsAssociationNegativeTestJSON:setUpClass): 200 GET http://10.180.1.21/compute/v2.1/servers/a593e2ed-9c12-430e-be17-38990a4dd8a6 0.056s
2025-05-05 22:31:29.716 71492 INFO tempest.lib.common.rest_client [req-f2083dc3-db6a-4635-80bb-6cc6f4e7ca1f req-f2083dc3-db6a-4635-80bb-6cc6f4e7ca1f ] Request (ServersAdminTestJSON:test_inject_network_info): 200 GET http://10.180.1.21/compute/v2.1/servers/a02f0c97-1cb9-4c0e-8787-583f9c1c4688 0.075s
2025-05-05 22:31:29.781 71476 INFO tempest.lib.common.rest_client [req-3eb083eb-7d93-4ace-acd1-33c706c299fa req-3eb083eb-7d93-4ace-acd1-33c706c299fa ] Request (InstanceActionsV221TestJSON:test_get_list_deleted_instance_actions): 200 GET http://10.180.1.21/compute/v2.1/servers/e04a8ce7-624f-4c14-85b5-409ee889e92a 0.062s
2025-05-05 22:31:29.823 71480 INFO tempest.lib.common.rest_client [req-d50fe2bb-fc09-43ef-92b5-caf55042508f req-d50fe2bb-fc09-43ef-92b5-caf55042508f ] Request (ServerActionsV293TestJSON:setUpClass): 200 GET http://10.180.1.21/compute/v2.1/servers/35739b42-c8b6-40a7-a0e7-7d62a708ff1b 0.088s
2025-05-05 22:31:29.856 71444 INFO tempest.lib.common.rest_client [req-26d7050d-9709-404d-a913-94fc8f03141d req-26d7050d-9709-404d-a913-94fc8f03141d ] Request (ServersTestBootFromVolume:setUpClass): 200 GET http://10.180.1.21/compute/v2.1/servers/d760b9b9-a311-474b-99f8-b3397ade6488 0.078s
2025-05-05 22:31:29.917 71448 INFO tempest.lib.common.rest_client [req-d4602462-6b77-4dc7-a8cd-933c0f441f54 req-d4602462-6b77-4dc7-a8cd-933c0f441f54 ] Request (ServersTestManualDisk:tearDownClass): 200 GET http://10.180.1.21/compute/v2.1/servers/3f10462d-646e-4cc2-ab2a-713c343edaf2 0.111s
2025-05-05 22:31:29.917 71446 INFO tempest.lib.common.rest_client [req-0a56215e-3952-41ca-af4f-222a1b03902d req-0a56215e-3952-41ca-af4f-222a1b03902d ] Request (ServerPasswordTestJSON:setUpClass): 200 GET http://10.180.1.21/compute/v2.1/servers/7cad0b0a-a3a0-48a6-84eb-b674e7b96363 0.077s
2025-05-05 22:31:30.011 71464 INFO tempest.lib.common.rest_client [req-6dfbaffe-2b1f-4c23-a767-a88eb7a48cd6 req-6dfbaffe-2b1f-4c23-a767-a88eb7a48cd6 ] Request (ServerDiagnosticsTest:tearDownClass): 200 GET http://10.180.1.21/compute/v2.1/servers/666e2163-d6ac-46e8-bca6-c7fce49814a9 0.084s
2025-05-05 22:31:30.029 71456 INFO tempest.lib.common.rest_client [req-1899ff45-e0dd-405c-8927-425a89aabaa9 req-1899ff45-e0dd-405c-8927-425a89aabaa9 ] Request (ServersAdminNegativeTestJSON:setUpClass): 200 GET http://10.180.1.21/compute/v2.1/servers/5d3ff322-f182-48be-9066-203f120b2512 0.071s
2025-05-05 22:31:30.098 71494 INFO tempest.lib.common.rest_client [req-1feafd93-9d3a-4f74-9468-a274442d946c req-1feafd93-9d3a-4f74-9468-a274442d946c ] Request (ImagesOneServerNegativeTestJSON:_run_cleanups): 200 GET http://10.180.1.21/compute/v2.1/servers/af490d93-f4db-479d-910c-d04a97483af6 0.097s
2025-05-05 22:31:30.114 71482 INFO tempest.lib.common.rest_client [req-12536446-98af-4400-881e-09392ec1fd1c req-12536446-98af-4400-881e-09392ec1fd1c ] Request (ServerExternalEventsTest:test_create_server_external_events): 200 GET http://10.180.1.21/compute/v2.1/servers/6d38db52-c6ae-4cce-9cdb-39e11eccd8fd 0.086s
2025-05-05 22:31:30.224 71432 INFO tempest.lib.common.rest_client [req-130e2b9d-9b63-4f10-bbb5-fff82551e89c req-130e2b9d-9b63-4f10-bbb5-fff82551e89c ] Request (ListImageFiltersTestJSON:setUpClass): 200 GET http://10.180.1.21/compute/v2.1/images/1ef43964-f4ae-4920-b5f7-9600c46e0266 0.053s
2025-05-05 22:31:30.410 71454 INFO tempest.lib.common.rest_client [req-bc045f63-eff1-41cc-aaa5-ed5e9820f5fe req-bc045f63-eff1-41cc-aaa5-ed5e9820f5fe ] Request (ServersTestMultiNic:test_verify_duplicate_network_nics): 200 GET http://10.180.1.21/compute/v2.1/servers/2d68e334-3f17-424e-a462-b8ab10f8cbb3 0.133s
2025-05-05 22:31:30.450 71458 INFO tempest.lib.common.rest_client [req-a984a7e9-99b0-4005-ae7a-234e02928f04 req-a984a7e9-99b0-4005-ae7a-234e02928f04 ] Request (ServerMetadataTestJSON:setUpClass): 200 GET http://10.180.1.21/compute/v2.1/servers/5e954dd4-d026-48c9-8cfa-4b224e9b2c16 0.182s
2025-05-05 22:31:30.472 71484 INFO tempest.lib.common.rest_client [req-0331e553-d0fd-4037-b7dd-4b25e9adf33d req-0331e553-d0fd-4037-b7dd-4b25e9adf33d ] Request (ServerActionsTestOtherB:setUpClass): 200 GET http://10.180.1.21/compute/v2.1/servers/2f9f3bdd-1c9a-456b-9959-146dc2aec368 0.149s
2025-05-05 22:31:30.531 71468 INFO tempest.lib.common.rest_client [req-64f6dffa-e128-4db7-9261-273abcd90d70 req-64f6dffa-e128-4db7-9261-273abcd90d70 ] Request (DeleteServersAdminTestJSON:test_delete_server_while_in_error_state): 200 GET http://10.180.1.21/compute/v2.1/servers/a072844a-d6f2-42e6-8ee4-6532341c7977 0.189s
2025-05-05 22:31:30.598 71461 INFO tempest.lib.common.rest_client [req-8d6c2341-9228-45db-954b-d4cd379afffc req-8d6c2341-9228-45db-954b-d4cd379afffc ] Request (ServerAddressesNegativeTestJSON:setUpClass): 200 GET http://10.180.1.21/compute/v2.1/servers/9c79e9b0-04d2-4822-9b9e-f6958c1ff2f9 0.205s
2025-05-05 22:31:30.622 71452 INFO tempest.lib.common.rest_client [req-30cbcedf-1e5b-432a-9f6e-968f47d68f25 req-30cbcedf-1e5b-432a-9f6e-968f47d68f25 ] Request (ImagesTestJSON:test_create_image_from_suspended_server): 200 GET http://10.180.1.21/compute/v2.1/servers/c848e65e-79ba-4edc-afb5-6c511c0fde71 0.239s
2025-05-05 22:31:30.631 71452 INFO tempest.common.waiters [-] State transition "BUILD/networking" ==> "BUILD/block_device_mapping" after 42 second wait
2025-05-05 22:31:30.665 71442 INFO tempest.lib.common.rest_client [req-abc74dc8-1e6d-4559-ab62-c7db5f39e0de req-abc74dc8-1e6d-4559-ab62-c7db5f39e0de ] Request (AttachVolumeNegativeTest:test_attach_attached_volume_to_different_server): 200 GET http://10.180.1.21/compute/v2.1/servers/0d8f036f-f0f4-4a10-ae2c-070aef7a9e78 0.224s
2025-05-05 22:31:30.699 71490 INFO tempest.lib.common.rest_client [req-ff2efaca-b89c-4ee5-a58a-d2eeddd815b4 req-ff2efaca-b89c-4ee5-a58a-d2eeddd815b4 ] Request (ServersAdmin275Test:tearDownClass): 200 GET http://10.180.1.21/compute/v2.1/servers/c576b9d3-e1ae-49d7-b4ea-e3e291fc7b44 0.252s
2025-05-05 22:31:30.734 71466 INFO tempest.lib.common.rest_client [req-b0fd1436-5520-4605-b39a-3e0ab5ce984b req-b0fd1436-5520-4605-b39a-3e0ab5ce984b ] Request (ServerMetadataNegativeTestJSON:tearDownClass): 200 GET http://10.180.1.21/compute/v2.1/servers/86e51a30-4cbd-4b56-aff8-dee09042da28 0.242s
2025-05-05 22:31:30.759 71434 INFO tempest.lib.common.rest_client [req-98bf9209-4d95-4c15-ba2d-9f8e549254a3 req-98bf9209-4d95-4c15-ba2d-9f8e549254a3 ] Request (FloatingIPsAssociationTestJSON:tearDownClass): 200 GET http://10.180.1.21/compute/v2.1/servers/52179727-7607-4992-bb0e-2b9ec89ae1eb 0.265s
2025-05-05 22:31:30.796 71438 INFO tempest.lib.common.rest_client [req-4ec192ed-1eec-4cf8-b99b-3e7cdc88ca07 req-4ec192ed-1eec-4cf8-b99b-3e7cdc88ca07 ] Request (SecurityGroupsTestJSON:test_server_security_groups): 200 GET http://10.180.1.21/compute/v2.1/servers/0c57c50d-b602-4936-8d90-d947cedf6a0f 0.248s
2025-05-05 22:31:30.814 71462 INFO tempest.lib.common.rest_client [req-9a647385-f830-4c91-be4d-277fbd475f56 req-9a647385-f830-4c91-be4d-277fbd475f56 ] Request (MigrationsAdminTest:test_list_migrations_in_flavor_resize_situation): 200 GET http://10.180.1.21/compute/v2.1/servers/b2f9536e-f32c-4e94-bb2f-eced831895f4 0.266s
2025-05-05 22:31:30.865 71472 INFO tempest.lib.common.rest_client [req-3ec3f538-441c-40e0-94a7-bf0164f5a2d2 req-3ec3f538-441c-40e0-94a7-bf0164f5a2d2 ] Request (ServersListShow298Test:test_list_show_update_rebuild_server_298): 200 GET http://10.180.1.21/compute/v2.1/servers/f173acbb-196b-4e7f-bc5e-44ad94cdc9a7 0.245s
2025-05-05 22:31:30.869 71478 INFO tempest.lib.common.rest_client [req-b5f6466c-64e5-4307-85e5-e7235e814519 req-b5f6466c-64e5-4307-85e5-e7235e814519 ] Request (FloatingIPsAssociationNegativeTestJSON:setUpClass): 200 GET http://10.180.1.21/compute/v2.1/servers/a593e2ed-9c12-430e-be17-38990a4dd8a6 0.223s
2025-05-05 22:31:30.916 71492 INFO tempest.lib.common.rest_client [req-7b75d169-afaf-4e00-8e1c-4ec5f059a524 req-7b75d169-afaf-4e00-8e1c-4ec5f059a524 ] Request (ServersAdminTestJSON:test_inject_network_info): 200 GET http://10.180.1.21/compute/v2.1/servers/a02f0c97-1cb9-4c0e-8787-583f9c1c4688 0.192s
2025-05-05 22:31:30.922 71476 INFO tempest.lib.common.rest_client [req-de0d1b0b-e892-4a10-84cd-602798aa4470 req-de0d1b0b-e892-4a10-84cd-602798aa4470 ] Request (InstanceActionsV221TestJSON:test_get_list_deleted_instance_actions): 200 GET http://10.180.1.21/compute/v2.1/servers/e04a8ce7-624f-4c14-85b5-409ee889e92a 0.120s
2025-05-05 22:31:30.974 71444 INFO tempest.lib.common.rest_client [req-497ef26e-f25d-4d2e-9829-0c5ee155ee2f req-497ef26e-f25d-4d2e-9829-0c5ee155ee2f ] Request (ServersTestBootFromVolume:setUpClass): 200 GET http://10.180.1.21/compute/v2.1/servers/d760b9b9-a311-474b-99f8-b3397ade6488 0.105s
2025-05-05 22:31:30.975 71480 INFO tempest.lib.common.rest_client [req-175d0c16-b78a-4d32-a51b-c99cb99e530d req-175d0c16-b78a-4d32-a51b-c99cb99e530d ] Request (ServerActionsV293TestJSON:setUpClass): 200 GET http://10.180.1.21/compute/v2.1/servers/35739b42-c8b6-40a7-a0e7-7d62a708ff1b 0.138s
2025-05-05 22:31:31.025 71446 INFO tempest.lib.common.rest_client [req-7866fa73-e448-49a1-9b0f-0ffde84d291f req-7866fa73-e448-49a1-9b0f-0ffde84d291f ] Request (ServerPasswordTestJSON:setUpClass): 200 GET http://10.180.1.21/compute/v2.1/servers/7cad0b0a-a3a0-48a6-84eb-b674e7b96363 0.097s
2025-05-05 22:31:31.035 71448 INFO tempest.lib.common.rest_client [req-372a7754-6ad9-4aa3-bd1c-06b12d02dc73 req-372a7754-6ad9-4aa3-bd1c-06b12d02dc73 ] Request (ServersTestManualDisk:tearDownClass): 200 GET http://10.180.1.21/compute/v2.1/servers/3f10462d-646e-4cc2-ab2a-713c343edaf2 0.110s
2025-05-05 22:31:31.090 71464 INFO tempest.lib.common.rest_client [req-1b670aae-cb05-4682-8643-6d03dfe3b548 req-1b670aae-cb05-4682-8643-6d03dfe3b548 ] Request (ServerDiagnosticsTest:tearDownClass): 200 GET http://10.180.1.21/compute/v2.1/servers/666e2163-d6ac-46e8-bca6-c7fce49814a9 0.072s
2025-05-05 22:31:31.097 71456 INFO tempest.lib.common.rest_client [req-95d40aaf-d4df-40d7-a038-7cc09905794f req-95d40aaf-d4df-40d7-a038-7cc09905794f ] Request (ServersAdminNegativeTestJSON:setUpClass): 200 GET http://10.180.1.21/compute/v2.1/servers/5d3ff322-f182-48be-9066-203f120b2512 0.058s
2025-05-05 22:31:31.187 71494 INFO tempest.lib.common.rest_client [req-8219d5dc-9d9e-4c49-9bdb-8f80a95689f8 req-8219d5dc-9d9e-4c49-9bdb-8f80a95689f8 ] Request (ImagesOneServerNegativeTestJSON:_run_cleanups): 200 GET http://10.180.1.21/compute/v2.1/servers/af490d93-f4db-479d-910c-d04a97483af6 0.080s
2025-05-05 22:31:31.195 71482 INFO tempest.lib.common.rest_client [req-d3cb07b7-1c21-4d51-a2bf-537bf61592dc req-d3cb07b7-1c21-4d51-a2bf-537bf61592dc ] Request (ServerExternalEventsTest:test_create_server_external_events): 200 GET http://10.180.1.21/compute/v2.1/servers/6d38db52-c6ae-4cce-9cdb-39e11eccd8fd 0.069s
2025-05-05 22:31:31.263 71432 INFO tempest.lib.common.rest_client [req-cd9ea962-a2f6-45e1-adf8-1878dedcadc5 req-cd9ea962-a2f6-45e1-adf8-1878dedcadc5 ] Request (ListImageFiltersTestJSON:setUpClass): 200 GET http://10.180.1.21/compute/v2.1/images/1ef43964-f4ae-4920-b5f7-9600c46e0266 0.034s
2025-05-05 22:31:31.561 71454 INFO tempest.lib.common.rest_client [req-ef75bb7a-7b16-4474-80b2-59d37630a2b1 req-ef75bb7a-7b16-4474-80b2-59d37630a2b1 ] Request (ServersTestMultiNic:test_verify_duplicate_network_nics): 200 GET http://10.180.1.21/compute/v2.1/servers/2d68e334-3f17-424e-a462-b8ab10f8cbb3 0.141s
2025-05-05 22:31:31.617 71486 WARNING tempest.lib.common.ssh [-] Failed to establish authenticated ssh connection to cirros@10.180.180.231 ([Errno None] Unable to connect to port 22 on 10.180.180.231). Number attempts: 6. Retry after 7 seconds.: paramiko.ssh_exception.NoValidConnectionsError: [Errno None] Unable to connect to port 22 on 10.180.180.231
2025-05-05 22:31:31.638 71484 INFO tempest.lib.common.rest_client [req-1a2f856c-5b3e-4ce2-a86d-a476c01f4617 req-1a2f856c-5b3e-4ce2-a86d-a476c01f4617 ] Request (ServerActionsTestOtherB:setUpClass): 200 GET http://10.180.1.21/compute/v2.1/servers/2f9f3bdd-1c9a-456b-9959-146dc2aec368 0.159s
2025-05-05 22:31:31.646 71458 INFO tempest.lib.common.rest_client [req-a76b2dd8-b65d-4f0a-bb98-469b74d8b8d3 req-a76b2dd8-b65d-4f0a-bb98-469b74d8b8d3 ] Request (ServerMetadataTestJSON:setUpClass): 200 GET http://10.180.1.21/compute/v2.1/servers/5e954dd4-d026-48c9-8cfa-4b224e9b2c16 0.185s
2025-05-05 22:31:31.711 71461 INFO tempest.lib.common.rest_client [req-ced5db29-244c-4ace-95da-88b5c30a69ed req-ced5db29-244c-4ace-95da-88b5c30a69ed ] Request (ServerAddressesNegativeTestJSON:setUpClass): 200 GET http://10.180.1.21/compute/v2.1/servers/9c79e9b0-04d2-4822-9b9e-f6958c1ff2f9 0.105s
2025-05-05 22:31:31.741 71468 INFO tempest.lib.common.rest_client [req-c78472aa-ebac-4786-99ac-c7431b2e6011 req-c78472aa-ebac-4786-99ac-c7431b2e6011 ] Request (DeleteServersAdminTestJSON:test_delete_server_while_in_error_state): 200 GET http://10.180.1.21/compute/v2.1/servers/a072844a-d6f2-42e6-8ee4-6532341c7977 0.200s
2025-05-05 22:31:31.816 71442 INFO tempest.lib.common.rest_client [req-8f22482f-8025-455e-80f5-41eb77ec18eb req-8f22482f-8025-455e-80f5-41eb77ec18eb ] Request (AttachVolumeNegativeTest:test_attach_attached_volume_to_different_server): 200 GET http://10.180.1.21/compute/v2.1/servers/0d8f036f-f0f4-4a10-ae2c-070aef7a9e78 0.137s
2025-05-05 22:31:31.839 71452 INFO tempest.lib.common.rest_client [req-8c3818ee-4c26-47ae-ae2b-d00262f218c0 req-8c3818ee-4c26-47ae-ae2b-d00262f218c0 ] Request (ImagesTestJSON:test_create_image_from_suspended_server): 200 GET http://10.180.1.21/compute/v2.1/servers/c848e65e-79ba-4edc-afb5-6c511c0fde71 0.207s
2025-05-05 22:31:31.842 71490 INFO tempest.lib.common.rest_client [req-a8295b83-017f-4d03-b2cb-46ab8dc718f7 req-a8295b83-017f-4d03-b2cb-46ab8dc718f7 ] Request (ServersAdmin275Test:tearDownClass): 404 GET http://10.180.1.21/compute/v2.1/servers/c576b9d3-e1ae-49d7-b4ea-e3e291fc7b44 0.125s
2025-05-05 22:31:31.846 71452 INFO tempest.common.waiters [-] State transition "BUILD/block_device_mapping" ==> "BUILD/spawning" after 43 second wait
