2025-05-05 22:30:02.655 71470 INFO tempest.lib.common.dynamic_creds [-] Created isolated network resources for: credentials: Credentials: {'domain_id': 'default', 'domain_name': 'Default', 'username': 'tempest-VolumesAdminNegativeTest-1104637663-project-member', 'project_domain_id': 'default', 'project_domain_name': 'Default', 'project_id': '67626222c53f4b43a8837f10a5ca2475', 'project_name': 'tempest-VolumesAdminNegativeTest-1104637663', 'tenant_id': '67626222c53f4b43a8837f10a5ca2475', 'tenant_name': 'tempest-VolumesAdminNegativeTest-1104637663', 'user_domain_id': 'default', 'user_domain_name': 'Default', 'user_id': 'b28ca200fc15407eb03be194fd8fb9a0', 'system': None}, Network: {'id': '37c39a57-c9f4-4520-92d0-df2042e86ba7', 'name': 'tempest-VolumesAdminNegativeTest-2104183238-network', 'tenant_id': '67626222c53f4b43a8837f10a5ca2475', 'admin_state_up': True, 'mtu': 8950, 'status': 'ACTIVE', 'subnets': [], 'shared': False, 'project_id': '67626222c53f4b43a8837f10a5ca2475', 'port_security_enabled': True, 'router:external': False, 'provider:network_type': 'vlan', 'provider:physical_network': 'default', 'provider:segmentation_id': 214, 'availability_zone_hints': [], 'availability_zones': [], 'ipv4_address_scope': None, 'ipv6_address_scope': None, 'description': '', 'tags': [], 'created_at': '2025-05-05T22:29:55Z', 'updated_at': '2025-05-05T22:29:55Z', 'revision_number': 1}, Subnet: {'id': '9f05158b-da57-400e-8c55-c7794332b94e', 'name': 'tempest-VolumesAdminNegativeTest-2104183238-subnet', 'tenant_id': '67626222c53f4b43a8837f10a5ca2475', 'network_id': '37c39a57-c9f4-4520-92d0-df2042e86ba7', 'ip_version': 4, 'subnetpool_id': None, 'enable_dhcp': True, 'ipv6_ra_mode': None, 'ipv6_address_mode': None, 'gateway_ip': '192.168.128.1', 'cidr': '192.168.128.0/28', 'allocation_pools': [{'start': '192.168.128.2', 'end': '192.168.128.14'}], 'host_routes': [], 'dns_nameservers': [], 'description': '', 'router:external': False, 'service_types': [], 'tags': [], 'created_at': '2025-05-05T22:29:56Z', 'updated_at': '2025-05-05T22:29:56Z', 'revision_number': 0, 'project_id': '67626222c53f4b43a8837f10a5ca2475'}, Router: {'id': '4aeb3a58-f963-48ab-a2ac-48736427f9aa', 'name': 'tempest-VolumesAdminNegativeTest-2104183238-router', 'tenant_id': '67626222c53f4b43a8837f10a5ca2475', 'admin_state_up': True, 'status': 'ACTIVE', 'external_gateway_info': {'network_id': '6508fbbc-68af-468f-badf-b2080c51261e', 'external_fixed_ips': [{'subnet_id': '841a887f-789b-492b-9a6a-d4f2a2b68889', 'ip_address': '10.180.180.226'}], 'enable_snat': True}, 'description': '', 'availability_zones': [], 'distributed': False, 'ha': False, 'availability_zone_hints': [], 'routes': [], 'flavor_id': None, 'tags': [], 'created_at': '2025-05-05T22:29:57Z', 'updated_at': '2025-05-05T22:29:58Z', 'revision_number': 2, 'project_id': '67626222c53f4b43a8837f10a5ca2475'}
2025-05-05 22:30:02.704 71456 INFO tempest.lib.common.rest_client [req-f43b3489-721d-44b7-a9d6-ea611c0bd5bc req-f43b3489-721d-44b7-a9d6-ea611c0bd5bc ] Request (QuotasAdminTestV236:setUpClass): 201 POST http://10.180.1.21/identity/v3/users 0.090s
2025-05-05 22:30:02.707 71472 INFO tempest.lib.common.rest_client [req-721d5ba5-67d1-4cc0-bb5f-45a070b71f65 req-721d5ba5-67d1-4cc0-bb5f-45a070b71f65 ] Request (ImagesMetadataTestJSON:setUpClass): 201 POST http://10.180.1.21/identity/v3/auth/tokens 0.111s
2025-05-05 22:30:02.815 71470 INFO tempest.lib.common.rest_client [req-232d3c27-b660-4185-ac0a-00364ed12d22 req-232d3c27-b660-4185-ac0a-00364ed12d22 ] Request (VolumesAdminNegativeTest:setUpClass): 201 POST http://10.180.1.21/identity/v3/auth/tokens 0.149s
2025-05-05 22:30:02.840 71456 INFO tempest.lib.common.rest_client [req-89bca027-7603-4e5f-afd9-558694f75942 req-89bca027-7603-4e5f-afd9-558694f75942 ] Request (QuotasAdminTestV236:setUpClass): 200 GET http://10.180.1.21/identity/v3/roles 0.135s
2025-05-05 22:30:02.841 71452 INFO tempest.lib.common.rest_client [req-cc67194d-6fb2-45fc-b1d0-7b3a6d9891bd req-cc67194d-6fb2-45fc-b1d0-7b3a6d9891bd ] Request (ImagesTestJSON:test_create_image_from_stopped_server): 200 GET http://10.180.1.21/compute/v2.1/servers/05890564-0672-4235-b270-93bbe62ac179 2.809s
2025-05-05 22:30:02.988 71456 INFO tempest.lib.common.rest_client [req-aa491a6b-22e2-4988-816e-3089c488fa2a req-aa491a6b-22e2-4988-816e-3089c488fa2a ] Request (QuotasAdminTestV236:setUpClass): 204 PUT http://10.180.1.21/identity/v3/projects/869063b0d38b46109ebfd70e182619ad/users/970021565dae423e974dfc3084a5eae4/roles/c5bf870ff7ac42a2ac3a4492117f479f 0.146s
2025-05-05 22:30:02.989 71456 INFO tempest.lib.common.dynamic_creds [-] Dynamic test user 970021565dae423e974dfc3084a5eae4 is created with scope project and roles: ['member']
2025-05-05 22:30:02.989 71456 INFO tempest.lib.common.dynamic_creds [-] Acquired dynamic creds: credentials: Credentials: {'domain_id': 'default', 'domain_name': 'Default', 'username': 'tempest-QuotasAdminTestV236-1866704864-project-member', 'project_domain_id': 'default', 'project_domain_name': 'Default', 'project_id': '869063b0d38b46109ebfd70e182619ad', 'project_name': 'tempest-QuotasAdminTestV236-1866704864', 'tenant_id': '869063b0d38b46109ebfd70e182619ad', 'tenant_name': 'tempest-QuotasAdminTestV236-1866704864', 'user_domain_id': 'default', 'user_domain_name': 'Default', 'user_id': '970021565dae423e974dfc3084a5eae4', 'system': None}, Network: None, Subnet: None, Router: None
2025-05-05 22:30:02.989 71456 INFO tempest.lib.common.dynamic_creds [-] Created isolated network resources for: credentials: Credentials: {'domain_id': 'default', 'domain_name': 'Default', 'username': 'tempest-QuotasAdminTestV236-1866704864-project-member', 'project_domain_id': 'default', 'project_domain_name': 'Default', 'project_id': '869063b0d38b46109ebfd70e182619ad', 'project_name': 'tempest-QuotasAdminTestV236-1866704864', 'tenant_id': '869063b0d38b46109ebfd70e182619ad', 'tenant_name': 'tempest-QuotasAdminTestV236-1866704864', 'user_domain_id': 'default', 'user_domain_name': 'Default', 'user_id': '970021565dae423e974dfc3084a5eae4', 'system': None}, Network: None, Subnet: None, Router: None
2025-05-05 22:30:03.003 71470 INFO tempest.lib.common.rest_client [req-79ab8601-4ab1-4f39-8c14-04b20aee0cfb req-79ab8601-4ab1-4f39-8c14-04b20aee0cfb ] Request (VolumesAdminNegativeTest:setUpClass): 201 POST http://10.180.1.21/identity/v3/projects 0.187s
2025-05-05 22:30:03.162 71448 INFO tempest.lib.common.rest_client [req-9b46938d-019c-4ba3-942c-4e0215d78d53 req-9b46938d-019c-4ba3-942c-4e0215d78d53 ] Request (ServersTestManualDisk:setUpClass): 201 POST http://10.180.1.21:9696/networking/v2.0/subnets 1.204s
2025-05-05 22:30:03.190 71482 INFO tempest.lib.common.rest_client [req-221588cf-5671-4d3a-adda-8199844d6e84 req-221588cf-5671-4d3a-adda-8199844d6e84 ] Request (AggregatesAdminNegativeTestJSON:test_aggregate_add_host_as_user): 403 POST http://10.180.1.21/compute/v2.1/os-aggregates/2/action 2.556s
2025-05-05 22:30:03.199 71456 INFO tempest.lib.common.rest_client [req-fef7b63a-d2bd-4f7c-961d-19ac1a5f60b3 req-fef7b63a-d2bd-4f7c-961d-19ac1a5f60b3 ] Request (QuotasAdminTestV236:setUpClass): 201 POST http://10.180.1.21/identity/v3/auth/tokens 0.202s
2025-05-05 22:30:03.218 71486 INFO tempest.lib.common.rest_client [req-72d6607f-2a7c-476e-a128-447d352a4f77 req-72d6607f-2a7c-476e-a128-447d352a4f77 ] Request (HostsAdminTestJSON:test_list_hosts_with_zone): 200 GET http://10.180.1.21/compute/v2.1/os-hosts?zone=internal 2.560s
2025-05-05 22:30:03.233 71450 INFO tempest.lib.common.rest_client [req-0b862911-9577-4356-8b45-3952ad59c8c4 req-0b862911-9577-4356-8b45-3952ad59c8c4 ] Request (ServersTestJSON:setUpClass): 201 POST http://10.180.1.21:9696/networking/v2.0/security-group-rules 0.776s
2025-05-05 22:30:03.278 71470 INFO tempest.lib.common.rest_client [req-9ebb0641-f17c-4da7-8a99-422af9d33eac req-9ebb0641-f17c-4da7-8a99-422af9d33eac ] Request (VolumesAdminNegativeTest:setUpClass): 201 POST http://10.180.1.21/identity/v3/users 0.274s
2025-05-05 22:30:03.284 71456 INFO tempest.lib.common.rest_client [req-60bab644-cfb0-45dd-b495-da73cf338954 req-60bab644-cfb0-45dd-b495-da73cf338954 ] Request (QuotasAdminTestV236:setUpClass): 201 POST http://10.180.1.21/identity/v3/projects 0.084s
2025-05-05 22:30:03.350 71470 INFO tempest.lib.common.rest_client [req-3d6d61af-67bb-4e39-ad98-9f12f28a2170 req-3d6d61af-67bb-4e39-ad98-9f12f28a2170 ] Request (VolumesAdminNegativeTest:setUpClass): 200 GET http://10.180.1.21/identity/v3/roles 0.071s
2025-05-05 22:30:03.377 71456 INFO tempest.lib.common.rest_client [req-5356b996-ff08-4f2d-aa74-8ab823d5d0b8 req-5356b996-ff08-4f2d-aa74-8ab823d5d0b8 ] Request (QuotasAdminTestV236:setUpClass): 201 POST http://10.180.1.21/identity/v3/users 0.092s
2025-05-05 22:30:03.416 71470 INFO tempest.lib.common.rest_client [req-206fcf9a-020f-4cfb-82b0-ae0ed94daf0f req-206fcf9a-020f-4cfb-82b0-ae0ed94daf0f ] Request (VolumesAdminNegativeTest:setUpClass): 204 PUT http://10.180.1.21/identity/v3/projects/bf59982b112b4c7a87afcb1eeaf892c6/users/09a1c056336f4ed389e7dfb523264f1d/roles/71aa86f7b3c941f3a174fc0d01f30895 0.065s
2025-05-05 22:30:03.471 71456 INFO tempest.lib.common.rest_client [req-ba679314-76f3-4ed6-a5d0-11fb6018fe8a req-ba679314-76f3-4ed6-a5d0-11fb6018fe8a ] Request (QuotasAdminTestV236:setUpClass): 200 GET http://10.180.1.21/identity/v3/roles 0.090s
2025-05-05 22:30:03.489 71470 INFO tempest.lib.common.rest_client [req-a68485ba-76f4-4928-b959-3db95ff237da req-a68485ba-76f4-4928-b959-3db95ff237da ] Request (VolumesAdminNegativeTest:setUpClass): 200 GET http://10.180.1.21/identity/v3/roles 0.073s
2025-05-05 22:30:03.501 71468 INFO tempest.lib.common.rest_client [req-8b6bb82a-2791-46dc-bb46-e440d51bf189 req-8b6bb82a-2791-46dc-bb46-e440d51bf189 ] Request (DeleteServersAdminTestJSON:test_admin_delete_servers_of_others): 200 GET http://10.180.1.21/compute/v2.1/servers/1099e72b-7ad0-4289-b00f-e7daf8391afd 2.812s
2025-05-05 22:30:03.502 71456 INFO tempest.lib.common.rest_client [req-5f6a61e8-d7ec-4181-a4d4-ee6a16f43111 req-5f6a61e8-d7ec-4181-a4d4-ee6a16f43111 ] Request (QuotasAdminTestV236:setUpClass): 204 PUT http://10.180.1.21/identity/v3/projects/838c719568a84250b677d9402d479e7f/users/7eb6d19d215a4e29afdb26b10c7d100e/roles/71aa86f7b3c941f3a174fc0d01f30895 0.031s
2025-05-05 22:30:03.510 71472 INFO tempest.lib.common.rest_client [req-b50fec6b-ea0b-4787-8be1-68d99cbeb2fe req-b50fec6b-ea0b-4787-8be1-68d99cbeb2fe ] Request (ImagesMetadataTestJSON:setUpClass): 201 POST http://10.180.1.21/image/v2/images 0.802s
2025-05-05 22:30:03.525 71470 INFO tempest.lib.common.rest_client [req-219c272c-c3e4-4f37-a9f6-55662adff2b1 req-219c272c-c3e4-4f37-a9f6-55662adff2b1 ] Request (VolumesAdminNegativeTest:setUpClass): 204 PUT http://10.180.1.21/identity/v3/projects/bf59982b112b4c7a87afcb1eeaf892c6/users/09a1c056336f4ed389e7dfb523264f1d/roles/71aa86f7b3c941f3a174fc0d01f30895 0.035s
2025-05-05 22:30:03.526 71470 INFO tempest.lib.common.dynamic_creds [-] Dynamic test user 09a1c056336f4ed389e7dfb523264f1d is created with scope project and roles: ['admin']
2025-05-05 22:30:03.526 71470 INFO tempest.lib.common.dynamic_creds [-] Acquired dynamic creds: credentials: Credentials: {'domain_id': 'default', 'domain_name': 'Default', 'username': 'tempest-VolumesAdminNegativeTest-218303842-project-admin', 'project_domain_id': 'default', 'project_domain_name': 'Default', 'project_id': 'bf59982b112b4c7a87afcb1eeaf892c6', 'project_name': 'tempest-VolumesAdminNegativeTest-218303842', 'tenant_id': 'bf59982b112b4c7a87afcb1eeaf892c6', 'tenant_name': 'tempest-VolumesAdminNegativeTest-218303842', 'user_domain_id': 'default', 'user_domain_name': 'Default', 'user_id': '09a1c056336f4ed389e7dfb523264f1d', 'system': None}, Network: None, Subnet: None, Router: None
2025-05-05 22:30:03.615 71456 INFO tempest.lib.common.rest_client [req-6031c3d8-9056-442c-ac18-54846ce44d3f req-6031c3d8-9056-442c-ac18-54846ce44d3f ] Request (QuotasAdminTestV236:setUpClass): 200 GET http://10.180.1.21/identity/v3/roles 0.112s
2025-05-05 22:30:03.637 71456 INFO tempest.lib.common.rest_client [req-055c2e7f-4b14-4ae5-bc73-28fe35f6f739 req-055c2e7f-4b14-4ae5-bc73-28fe35f6f739 ] Request (QuotasAdminTestV236:setUpClass): 204 PUT http://10.180.1.21/identity/v3/projects/838c719568a84250b677d9402d479e7f/users/7eb6d19d215a4e29afdb26b10c7d100e/roles/71aa86f7b3c941f3a174fc0d01f30895 0.021s
2025-05-05 22:30:03.637 71456 INFO tempest.lib.common.dynamic_creds [-] Dynamic test user 7eb6d19d215a4e29afdb26b10c7d100e is created with scope project and roles: ['admin']
2025-05-05 22:30:03.637 71456 INFO tempest.lib.common.dynamic_creds [-] Acquired dynamic creds: credentials: Credentials: {'domain_id': 'default', 'domain_name': 'Default', 'username': 'tempest-QuotasAdminTestV236-1121856053-project-admin', 'project_domain_id': 'default', 'project_domain_name': 'Default', 'project_id': '838c719568a84250b677d9402d479e7f', 'project_name': 'tempest-QuotasAdminTestV236-1121856053', 'tenant_id': '838c719568a84250b677d9402d479e7f', 'tenant_name': 'tempest-QuotasAdminTestV236-1121856053', 'user_domain_id': 'default', 'user_domain_name': 'Default', 'user_id': '7eb6d19d215a4e29afdb26b10c7d100e', 'system': None}, Network: None, Subnet: None, Router: None
2025-05-05 22:30:03.638 71456 INFO tempest.lib.common.dynamic_creds [-] Created isolated network resources for: credentials: Credentials: {'domain_id': 'default', 'domain_name': 'Default', 'username': 'tempest-QuotasAdminTestV236-1121856053-project-admin', 'project_domain_id': 'default', 'project_domain_name': 'Default', 'project_id': '838c719568a84250b677d9402d479e7f', 'project_name': 'tempest-QuotasAdminTestV236-1121856053', 'tenant_id': '838c719568a84250b677d9402d479e7f', 'tenant_name': 'tempest-QuotasAdminTestV236-1121856053', 'user_domain_id': 'default', 'user_domain_name': 'Default', 'user_id': '7eb6d19d215a4e29afdb26b10c7d100e', 'system': None}, Network: None, Subnet: None, Router: None
2025-05-05 22:30:03.689 71450 INFO tempest.lib.common.rest_client [req-b71b244a-9f38-4c08-b3c9-a78cb738813a req-b71b244a-9f38-4c08-b3c9-a78cb738813a ] Request (ServersTestJSON:setUpClass): 201 POST http://10.180.1.21:9696/networking/v2.0/security-group-rules 0.454s
2025-05-05 22:30:03.702 71474 INFO tempest.lib.common.rest_client [req-53fb608f-1c1f-489e-8503-ec7b7dd5747f req-53fb608f-1c1f-489e-8503-ec7b7dd5747f ] Request (AttachInterfacesV270Test:setUpClass): 201 POST http://10.180.1.21:9696/networking/v2.0/routers 4.313s
2025-05-05 22:30:03.741 71456 INFO tempest.lib.common.rest_client [req-642ea469-83d4-4a61-a917-2a017853cac0 req-642ea469-83d4-4a61-a917-2a017853cac0 ] Request (QuotasAdminTestV236:setUpClass): 201 POST http://10.180.1.21/identity/v3/auth/tokens 0.098s
2025-05-05 22:30:03.742 71456 WARNING tempest.lib.common.rest_client [-] Deprecated: "tenant_id" property is deprecated for removal, use "project_id" instead
2025-05-05 22:30:03.887 71484 INFO tempest.lib.common.rest_client [req-d1d6cb86-3bc1-485e-8add-b61a843c4209 req-d1d6cb86-3bc1-485e-8add-b61a843c4209 ] Request (InstanceActionsTestJSON:setUpClass): 202 POST http://10.180.1.21/compute/v2.1/servers 3.378s
2025-05-05 22:30:04.077 71444 INFO tempest.lib.common.rest_client [req-d54bbbfb-d7b7-4330-98ab-319842267cd0 req-d54bbbfb-d7b7-4330-98ab-319842267cd0 ] Request (SecurityGroupRulesNegativeTestJSON:test_create_security_group_rule_with_invalid_from_port): 200 POST http://10.180.1.21/compute/v2.1/os-security-groups 3.178s
2025-05-05 22:30:04.267 71490 INFO tempest.lib.common.rest_client [req-03019a5e-9294-400a-a778-1024513b28d4 req-03019a5e-9294-400a-a778-1024513b28d4 ] Request (ServersAdmin275Test:test_rebuild_update_server_275): 200 PUT http://10.180.1.21/compute/v2.1/servers/c576b9d3-e1ae-49d7-b4ea-e3e291fc7b44 3.286s
2025-05-05 22:30:04.349 71470 INFO tempest.lib.common.rest_client [req-291da39f-9eed-4ad1-8dcc-969bd0a27636 req-291da39f-9eed-4ad1-8dcc-969bd0a27636 ] Request (VolumesAdminNegativeTest:setUpClass): 201 POST http://10.180.1.21:9696/networking/v2.0/networks 0.823s
2025-05-05 22:30:04.371 71476 INFO tempest.lib.common.rest_client [req-1e9ef64b-f895-4601-81ff-7646d9a22f84 req-1e9ef64b-f895-4601-81ff-7646d9a22f84 ] Request (ServerDiagnosticsNegativeTest:test_get_server_diagnostics_by_non_admin): 200 GET http://10.180.1.21/compute/v2.1/servers/d00b626d-7121-46a9-ad1e-450c3db22e2d 3.416s
2025-05-05 22:30:04.444 71480 INFO tempest.lib.common.rest_client [req-a11c7a77-8125-4297-8b1e-411350f0cd4a req-a11c7a77-8125-4297-8b1e-411350f0cd4a ] Request (ServerDiagnosticsV248Test:test_get_server_diagnostics): 200 GET http://10.180.1.21/compute/v2.1/servers/951b8df7-13d8-4c88-b05d-eb31de01750a 2.891s
2025-05-05 22:30:04.458 71462 INFO tempest.lib.common.rest_client [req-47c24041-ee35-4e6f-bea6-2ce52e797e52 req-47c24041-ee35-4e6f-bea6-2ce52e797e52 ] Request (FlavorsExtraSpecsTestJSON:test_flavor_set_get_update_show_unset_keys): 200 GET http://10.180.1.21/compute/v2.1/flavors/2080274158/os-extra_specs 2.653s
2025-05-05 22:30:04.481 71464 INFO tempest.lib.common.rest_client [req-50d6af0f-66b1-4622-8039-71a2066f4d2c req-50d6af0f-66b1-4622-8039-71a2066f4d2c ] Request (FlavorsAccessTestJSON:test_flavor_access_list_with_private_flavor): 200 GET http://10.180.1.21/compute/v2.1/flavors/2108564431/os-flavor-access 2.655s
2025-05-05 22:30:04.512 71442 INFO tempest.lib.common.rest_client [req-59cc0d75-4947-4895-a1ea-f227d4728de7 req-59cc0d75-4947-4895-a1ea-f227d4728de7 ] Request (FlavorsAdminTestJSON:_run_cleanups): 202 DELETE http://10.180.1.21/compute/v2.1/flavors/1054011152 2.665s
2025-05-05 22:30:04.573 71472 INFO tempest.lib.common.rest_client [req-3565ac6b-373b-4d01-a163-f4c4a50c7e6c req-3565ac6b-373b-4d01-a163-f4c4a50c7e6c ] Request (ImagesMetadataTestJSON:setUpClass): 204 PUT http://10.180.1.21/image/v2/images/1f3d69ee-5a06-4c02-b5b2-10322c38e8b2/file 1.063s
2025-05-05 22:30:04.665 71478 INFO tempest.lib.common.rest_client [req-033ab896-fa5a-4d5b-a2d4-78427eeefbf4 req-033ab896-fa5a-4d5b-a2d4-78427eeefbf4 ] Request (QuotasAdminTestJSON:test_get_default_quotas): 200 GET http://10.180.1.21/compute/v2.1/os-quota-sets/d38bda614a754e1ea634d0b107b8d79e/defaults 2.810s
2025-05-05 22:30:04.686 71440 INFO tempest.lib.common.rest_client [req-61160631-dd68-4d68-9723-b294195e8123 req-61160631-dd68-4d68-9723-b294195e8123 ] Request (ServersWithSpecificFlavorTestJSON:test_verify_created_server_ephemeral_disk): 200 GET http://10.180.1.21/compute/v2.1/flavors/42/os-extra_specs 2.820s
2025-05-05 22:30:04.699 71478 INFO tempest.lib.common.rest_client [req-864a85f5-fd30-42e5-ae7a-e02ddf9fc724 req-864a85f5-fd30-42e5-ae7a-e02ddf9fc724 ] Request (QuotasAdminTestJSON:test_get_updated_quotas): 200 GET http://10.180.1.21/identity/v3/domains?name=Default 0.030s
2025-05-05 22:30:04.708 71436 INFO tempest.lib.common.rest_client [req-8825e1aa-a988-408e-a2d8-b461ae3ab9fc req-8825e1aa-a988-408e-a2d8-b461ae3ab9fc ] Request (ServicesAdminNegativeV253TestJSON:test_get_service_with_valid_service_and_invalid_host): 200 GET http://10.180.1.21/compute/v2.1/os-services 2.816s
2025-05-05 22:30:04.732 71478 INFO tempest.lib.common.rest_client [req-9b1bedd7-7b88-4645-bf6d-9e2bde33271b req-9b1bedd7-7b88-4645-bf6d-9e2bde33271b ] Request (QuotasAdminTestJSON:test_get_updated_quotas): 201 POST http://10.180.1.21/identity/v3/projects 0.033s
2025-05-05 22:30:04.790 71478 INFO tempest.lib.common.rest_client [req-7428626d-099a-4931-9729-448c68d866c9 req-7428626d-099a-4931-9729-448c68d866c9 ] Request (QuotasAdminTestJSON:test_get_updated_quotas): 200 GET http://10.180.1.21/identity/v3/domains?name=Default 0.057s
2025-05-05 22:30:04.807 71492 INFO tempest.lib.common.rest_client [req-d6236576-a7e4-4ec6-8541-852fcd55b61c req-d6236576-a7e4-4ec6-8541-852fcd55b61c ] Request (ServersAdminTestJSON:setUpClass): 200 GET http://10.180.1.21/compute/v2.1/servers/7908850c-f4b3-41ac-9c4a-41c21151041c 2.598s
2025-05-05 22:30:04.855 71458 INFO tempest.lib.common.rest_client [req-f478428d-c0fd-4af6-b00b-e33c2224b8e5 req-f478428d-c0fd-4af6-b00b-e33c2224b8e5 ] Request (QuotasAdminNegativeTest:test_create_server_when_instances_quota_is_full): 403 POST http://10.180.1.21/compute/v2.1/servers 3.094s
2025-05-05 22:30:04.887 71432 INFO tempest.lib.common.rest_client [req-3a3b0f89-44b5-4be6-92d4-46fa567622eb req-3a3b0f89-44b5-4be6-92d4-46fa567622eb ] Request (ListImageFiltersTestJSON:setUpClass): 200 GET http://10.180.1.21/compute/v2.1/images/6b1a10d4-cd8f-46e7-9501-0caf6de1b473 2.604s
2025-05-05 22:30:04.894 71454 INFO tempest.lib.common.rest_client [req-2da79535-9c85-4647-a2c0-76d057dd6456 req-2da79535-9c85-4647-a2c0-76d057dd6456 ] Request (FlavorsExtraSpecsNegativeTestJSON:test_flavor_update_more_key): 400 PUT http://10.180.1.21/compute/v2.1/flavors/2020502656/os-extra_specs/hw:numa_nodes 2.294s
2025-05-05 22:30:04.913 71461 INFO tempest.lib.common.rest_client [req-cf77ef61-c1f5-43b7-b7aa-0da9ee1fe4d3 req-cf77ef61-c1f5-43b7-b7aa-0da9ee1fe4d3 ] Request (FlavorsAccessNegativeTestJSON:_run_cleanups): 202 DELETE http://10.180.1.21/compute/v2.1/flavors/865565745 2.297s
2025-05-05 22:30:04.936 71482 INFO tempest.lib.common.rest_client [req-fbb19b3b-e3b3-4d71-95b6-8d8ae0b04189 req-fbb19b3b-e3b3-4d71-95b6-8d8ae0b04189 ] Request (AggregatesAdminNegativeTestJSON:_run_cleanups): 200 DELETE http://10.180.1.21/compute/v2.1/os-aggregates/2 1.745s
2025-05-05 22:30:04.960 71486 INFO tempest.lib.common.rest_client [req-1f2c5a63-7707-4ee1-8864-8d9a0239d16e req-1f2c5a63-7707-4ee1-8864-8d9a0239d16e ] Request (HostsAdminTestJSON:test_show_host_detail): 200 GET http://10.180.1.21/compute/v2.1/os-hosts 1.740s
2025-05-05 22:30:05.242 71432 INFO tempest.lib.common.rest_client [req-ee8a1d84-845b-4a15-b77f-6bab657910a3 req-ee8a1d84-845b-4a15-b77f-6bab657910a3 ] Request (ListImageFiltersTestJSON:setUpClass): 201 POST http://10.180.1.21/image/v2/images 0.352s
2025-05-05 22:30:05.318 71438 INFO tempest.lib.common.rest_client [req-8017d587-efc0-424d-9868-51aea075d4b4 req-8017d587-efc0-424d-9868-51aea075d4b4 ] Request (SecurityGroupsTestJSON:test_list_security_groups_by_server): 200 GET http://10.180.1.21/compute/v2.1/servers/3e34f4a1-7c1b-42bc-9e07-3233630ceeef 1.810s
2025-05-05 22:30:05.389 71450 INFO tempest.lib.common.rest_client [req-bf109f5e-e60b-43ea-a445-c755f0f0472e req-bf109f5e-e60b-43ea-a445-c755f0f0472e ] Request (ServersTestJSON:setUpClass): 201 POST http://10.180.1.21:9696/networking/v2.0/floatingips 1.699s
2025-05-05 22:30:05.390 71466 INFO tempest.lib.common.rest_client [req-c2c0773f-acc5-42ca-a2bb-7d0b071779f6 req-c2c0773f-acc5-42ca-a2bb-7d0b071779f6 ] Request (ServerMetadataNegativeTestJSON:setUpClass): 200 GET http://10.180.1.21/compute/v2.1/servers/86e51a30-4cbd-4b56-aff8-dee09042da28 1.792s
2025-05-05 22:30:05.429 71434 INFO tempest.lib.common.rest_client [req-88f5c5fe-237f-49ba-8baa-8633fba24690 req-88f5c5fe-237f-49ba-8baa-8633fba24690 ] Request (FloatingIPsAssociationTestJSON:setUpClass): 200 GET http://10.180.1.21/compute/v2.1/servers/5d5d5686-c79e-48c5-a411-697a13820c75 3.188s
2025-05-05 22:30:05.440 71434 INFO tempest.common.waiters [-] State transition "BUILD/block_device_mapping" ==> "BUILD/spawning" after 14 second wait
2025-05-05 22:30:05.485 71450 INFO tempest.lib.common.rest_client [req-96b91322-abb3-4719-8fcd-1ba582e82499 req-96b91322-abb3-4719-8fcd-1ba582e82499 ] Request (ServersTestJSON:setUpClass): 201 POST http://10.180.1.21/identity/v3/auth/tokens 0.090s
2025-05-05 22:30:05.485 71450 INFO tempest.lib.common.fixed_network [-] (ServersTestJSON:setUpClass) Found network {'id': '7dd7b4b9-422f-4601-95db-f8d2ea556bf4', 'name': 'tempest-ServersTestJSON-619725027-network', 'tenant_id': '88697b7ecc7c4d9fad2aef11c8ea76e0', 'admin_state_up': True, 'mtu': 8950, 'status': 'ACTIVE', 'subnets': [], 'shared': False, 'project_id': '88697b7ecc7c4d9fad2aef11c8ea76e0', 'port_security_enabled': True, 'router:external': False, 'provider:network_type': 'vlan', 'provider:physical_network': 'default', 'provider:segmentation_id': 645, 'availability_zone_hints': [], 'availability_zones': [], 'ipv4_address_scope': None, 'ipv6_address_scope': None, 'description': '', 'tags': [], 'created_at': '2025-05-05T22:29:48Z', 'updated_at': '2025-05-05T22:29:49Z', 'revision_number': 1} available for tenant
2025-05-05 22:30:05.525 71484 INFO tempest.lib.common.rest_client [req-5bf59b15-e8b1-415d-b8be-e040a436d73c req-5bf59b15-e8b1-415d-b8be-e040a436d73c ] Request (InstanceActionsTestJSON:setUpClass): 200 GET http://10.180.1.21/compute/v2.1/servers/4fd900b8-cabb-482e-97bf-9663d402c228 1.636s
2025-05-05 22:30:05.552 71448 INFO tempest.lib.common.rest_client [req-ea1e27b2-ed8c-48de-8b78-90bae7e732ff req-ea1e27b2-ed8c-48de-8b78-90bae7e732ff ] Request (ServersTestManualDisk:setUpClass): 201 POST http://10.180.1.21:9696/networking/v2.0/routers 2.389s
2025-05-05 22:30:05.570 71470 INFO tempest.lib.common.rest_client [req-dac09fc3-cd62-4770-9d5c-f3bf2176b72a req-dac09fc3-cd62-4770-9d5c-f3bf2176b72a ] Request (VolumesAdminNegativeTest:setUpClass): 201 POST http://10.180.1.21:9696/networking/v2.0/subnets 1.220s
2025-05-05 22:30:05.614 71452 INFO tempest.lib.common.rest_client [req-1912df81-12c4-4cbf-ab45-f69d6f5f085e req-1912df81-12c4-4cbf-ab45-f69d6f5f085e ] Request (ImagesTestJSON:test_create_image_from_stopped_server): 200 GET http://10.180.1.21/compute/v2.1/servers/05890564-0672-4235-b270-93bbe62ac179 1.758s
2025-05-05 22:30:05.634 71444 INFO tempest.lib.common.rest_client [req-795f3f43-0fee-407b-8e2e-26e42bdfad42 req-795f3f43-0fee-407b-8e2e-26e42bdfad42 ] Request (SecurityGroupRulesNegativeTestJSON:test_create_security_group_rule_with_invalid_from_port): 400 POST http://10.180.1.21/compute/v2.1/os-security-group-rules 1.551s
2025-05-05 22:30:05.680 71462 INFO tempest.lib.common.rest_client [req-83159509-abde-445c-aad6-763b0b3a66fd req-83159509-abde-445c-aad6-763b0b3a66fd ] Request (FlavorsExtraSpecsTestJSON:test_flavor_set_get_update_show_unset_keys): 200 DELETE http://10.180.1.21/compute/v2.1/flavors/2080274158/os-extra_specs/hw:numa_nodes 1.221s
2025-05-05 22:30:05.705 71464 INFO tempest.lib.common.rest_client [req-280e9fef-3c78-4600-9a9d-09bb042d8cf6 req-280e9fef-3c78-4600-9a9d-09bb042d8cf6 ] Request (FlavorsAccessTestJSON:_run_cleanups): 202 DELETE http://10.180.1.21/compute/v2.1/flavors/2108564431 1.222s
2025-05-05 22:30:05.731 71490 INFO tempest.lib.common.rest_client [req-e8688b23-fa2e-47b4-944e-2d83d2cf7d61 req-e8688b23-fa2e-47b4-944e-2d83d2cf7d61 ] Request (ServersAdmin275Test:test_rebuild_update_server_275): 200 GET http://10.180.1.21/compute/v2.1/servers/c576b9d3-e1ae-49d7-b4ea-e3e291fc7b44 1.449s
2025-05-05 22:30:05.738 71442 INFO tempest.lib.common.rest_client [req-79150453-4a1d-420e-9b73-f9dd3ab6cab7 req-79150453-4a1d-420e-9b73-f9dd3ab6cab7 ] Request (FlavorsAdminTestJSON:_run_cleanups): 200 GET http://10.180.1.21/compute/v2.1/flavors/detail 1.225s
2025-05-05 22:30:05.791 71472 INFO tempest.lib.common.rest_client [req-c628edf4-aafc-4ad6-8409-6aff651af27d req-c628edf4-aafc-4ad6-8409-6aff651af27d ] Request (ImagesMetadataTestJSON:setUpClass): 200 GET http://10.180.1.21/compute/v2.1/images/1f3d69ee-5a06-4c02-b5b2-10322c38e8b2 1.217s
2025-05-05 22:30:05.831 71440 INFO tempest.lib.common.rest_client [req-f250c39b-589f-4e5e-81bd-ffb11bca0c7c req-f250c39b-589f-4e5e-81bd-ffb11bca0c7c ] Request (ServersWithSpecificFlavorTestJSON:test_verify_created_server_ephemeral_disk): 200 POST http://10.180.1.21/compute/v2.1/flavors/517596861/os-extra_specs 1.144s
2025-05-05 22:30:05.849 71436 INFO tempest.lib.common.rest_client [req-f597229e-206e-427d-ac24-0691014bffa6 req-f597229e-206e-427d-ac24-0691014bffa6 ] Request (ServicesAdminNegativeV253TestJSON:test_get_service_with_valid_service_and_invalid_host): 200 GET http://10.180.1.21/compute/v2.1/os-services?host=xxx&binary=nova-scheduler 1.136s
2025-05-05 22:30:05.904 71468 INFO tempest.lib.common.rest_client [req-8c74147a-d4b2-4bca-a8c6-3be7a8589638 req-8c74147a-d4b2-4bca-a8c6-3be7a8589638 ] Request (DeleteServersAdminTestJSON:test_admin_delete_servers_of_others): 200 GET http://10.180.1.21/compute/v2.1/servers/1099e72b-7ad0-4289-b00f-e7daf8391afd 1.390s
2025-05-05 22:30:05.914 71468 INFO tempest.common.waiters [-] State transition "BUILD/spawning" ==> "ACTIVE/None" after 23 second wait
2025-05-05 22:30:05.991 71478 INFO tempest.lib.common.rest_client [req-2e921ad4-9e45-46dc-b092-529806220ae2 req-2e921ad4-9e45-46dc-b092-529806220ae2 ] Request (QuotasAdminTestJSON:test_get_updated_quotas): 200 PUT http://10.180.1.21/compute/v2.1/os-quota-sets/1deb4aa3ba334dff8836b0af0b5916c9 1.200s
2025-05-05 22:30:06.008 71454 INFO tempest.lib.common.rest_client [req-c34c2a1d-0937-4c56-9cdd-2cc44df87c8a req-c34c2a1d-0937-4c56-9cdd-2cc44df87c8a ] Request (FlavorsExtraSpecsNegativeTestJSON:tearDownClass): 202 DELETE http://10.180.1.21/compute/v2.1/flavors/2020502656 1.112s
2025-05-05 22:30:06.034 71461 INFO tempest.lib.common.rest_client [req-1a4222c2-b0cd-41ed-9d4f-87699c39b3d2 req-1a4222c2-b0cd-41ed-9d4f-87699c39b3d2 ] Request (FlavorsAccessNegativeTestJSON:_run_cleanups): 200 GET http://10.180.1.21/compute/v2.1/flavors/detail 1.121s
2025-05-05 22:30:06.053 71458 INFO tempest.lib.common.rest_client [req-bcdb6c9e-174a-4f23-894b-3dec649fdbce req-bcdb6c9e-174a-4f23-894b-3dec649fdbce ] Request (QuotasAdminNegativeTest:_run_cleanups): 200 PUT http://10.180.1.21/compute/v2.1/os-quota-sets/35639a18e73441ed824eb0d9a4080913 1.198s
2025-05-05 22:30:06.061 71482 INFO tempest.lib.common.rest_client [req-f2627188-0c37-417f-8fe5-6ef812f02e18 req-f2627188-0c37-417f-8fe5-6ef812f02e18 ] Request (AggregatesAdminNegativeTestJSON:test_aggregate_add_non_exist_host): 200 POST http://10.180.1.21/compute/v2.1/os-aggregates 1.123s
2025-05-05 22:30:06.107 71486 INFO tempest.lib.common.rest_client [req-7e756bc3-6c68-4188-a69d-d65931518bed req-7e756bc3-6c68-4188-a69d-d65931518bed ] Request (HostsAdminTestJSON:test_show_host_detail): 200 GET http://10.180.1.21/compute/v2.1/os-hosts/cpu-1 1.145s
2025-05-05 22:30:06.180 71480 INFO tempest.lib.common.rest_client [req-3ccbb108-13f0-4df4-bdcb-eb969bbe5495 req-3ccbb108-13f0-4df4-bdcb-eb969bbe5495 ] Request (ServerDiagnosticsV248Test:test_get_server_diagnostics): 200 GET http://10.180.1.21/compute/v2.1/servers/951b8df7-13d8-4c88-b05d-eb31de01750a 0.725s
2025-05-05 22:30:06.193 71480 INFO tempest.common.waiters [-] State transition "BUILD/spawning" ==> "ACTIVE/None" after 15 second wait
2025-05-05 22:30:06.262 71486 INFO tempest.lib.common.rest_client [req-d22ca7c2-79da-4bfd-b555-9a83a665bcb9 req-d22ca7c2-79da-4bfd-b555-9a83a665bcb9 ] Request (HostsAdminTestJSON:tearDownClass): 204 DELETE http://10.180.1.21/identity/v3/users/009edd11f4ae42d098d77b6b072f54ab 0.150s
2025-05-05 22:30:06.386 71488 INFO tempest.lib.common.rest_client [req-b6f10da8-c941-485b-b8db-822d7987ba12 req-b6f10da8-c941-485b-b8db-822d7987ba12 ] Request (VolumesAssistedSnapshotsTest:setUpClass): 201 POST http://10.180.1.21:9696/networking/v2.0/routers 3.946s
2025-05-05 22:30:06.411 71486 INFO tempest.lib.common.rest_client [req-36bc4eb2-b044-41cf-9577-a33a70f12fa5 req-36bc4eb2-b044-41cf-9577-a33a70f12fa5 ] Request (HostsAdminTestJSON:tearDownClass): 204 DELETE http://10.180.1.21/identity/v3/users/979d9a7dd56b4bde93b1eaf7f1465842 0.149s
2025-05-05 22:30:06.411 71486 INFO tempest.lib.common.dynamic_creds [-] Deleting project and security group for project: 69f341e8b9ec4becbe808092a7262bb1
2025-05-05 22:30:06.488 71486 INFO tempest.lib.common.rest_client [req-b20eecff-96ae-469c-b07c-1e009f0708a7 req-b20eecff-96ae-469c-b07c-1e009f0708a7 ] Request (HostsAdminTestJSON:tearDownClass): 201 POST http://10.180.1.21/identity/v3/auth/tokens 0.076s
2025-05-05 22:30:06.523 71494 INFO tempest.lib.common.rest_client [req-ebda959c-e40c-4fd6-8218-54de5be056b1 req-ebda959c-e40c-4fd6-8218-54de5be056b1 ] Request (ImagesOneServerNegativeTestJSON:setUpClass): 200 PUT http://10.180.1.21:9696/networking/v2.0/routers/969a049c-a7c9-4b40-a302-4c42eb92085c/add_router_interface 4.360s
2025-05-05 22:30:06.524 71494 INFO tempest.lib.common.dynamic_creds [-] Created isolated network resources for: credentials: Credentials: {'domain_id': 'default', 'domain_name': 'Default', 'username': 'tempest-ImagesOneServerNegativeTestJSON-540299749-project-member', 'project_domain_id': 'default', 'project_domain_name': 'Default', 'project_id': 'b8d48f52b2fe4322b5b57be64987b51b', 'project_name': 'tempest-ImagesOneServerNegativeTestJSON-540299749', 'tenant_id': 'b8d48f52b2fe4322b5b57be64987b51b', 'tenant_name': 'tempest-ImagesOneServerNegativeTestJSON-540299749', 'user_domain_id': 'default', 'user_domain_name': 'Default', 'user_id': 'a77d45d79fd840a48413784781c4dcd0', 'system': None}, Network: {'id': 'ed66ae5b-32de-4b7f-a260-d704ba3fc2cf', 'name': 'tempest-ImagesOneServerNegativeTestJSON-1531230920-network', 'tenant_id': 'b8d48f52b2fe4322b5b57be64987b51b', 'admin_state_up': True, 'mtu': 8950, 'status': 'ACTIVE', 'subnets': [], 'shared': False, 'project_id': 'b8d48f52b2fe4322b5b57be64987b51b', 'port_security_enabled': True, 'router:external': False, 'provider:network_type': 'vlan', 'provider:physical_network': 'default', 'provider:segmentation_id': 931, 'availability_zone_hints': [], 'availability_zones': [], 'ipv4_address_scope': None, 'ipv6_address_scope': None, 'description': '', 'tags': [], 'created_at': '2025-05-05T22:29:55Z', 'updated_at': '2025-05-05T22:29:55Z', 'revision_number': 1}, Subnet: {'id': 'b36e85b7-b449-4d64-b0d1-591fc0be021e', 'name': 'tempest-ImagesOneServerNegativeTestJSON-1531230920-subnet', 'tenant_id': 'b8d48f52b2fe4322b5b57be64987b51b', 'network_id': 'ed66ae5b-32de-4b7f-a260-d704ba3fc2cf', 'ip_version': 4, 'subnetpool_id': None, 'enable_dhcp': True, 'ipv6_ra_mode': None, 'ipv6_address_mode': None, 'gateway_ip': '192.168.128.1', 'cidr': '192.168.128.0/28', 'allocation_pools': [{'start': '192.168.128.2', 'end': '192.168.128.14'}], 'host_routes': [], 'dns_nameservers': [], 'description': '', 'router:external': False, 'service_types': [], 'tags': [], 'created_at': '2025-05-05T22:29:56Z', 'updated_at': '2025-05-05T22:29:56Z', 'revision_number': 0, 'project_id': 'b8d48f52b2fe4322b5b57be64987b51b'}, Router: {'id': '969a049c-a7c9-4b40-a302-4c42eb92085c', 'name': 'tempest-ImagesOneServerNegativeTestJSON-1531230920-router', 'tenant_id': 'b8d48f52b2fe4322b5b57be64987b51b', 'admin_state_up': True, 'status': 'ACTIVE', 'external_gateway_info': {'network_id': '6508fbbc-68af-468f-badf-b2080c51261e', 'external_fixed_ips': [{'subnet_id': '841a887f-789b-492b-9a6a-d4f2a2b68889', 'ip_address': '10.180.180.129'}], 'enable_snat': True}, 'description': '', 'availability_zones': [], 'distributed': False, 'ha': False, 'availability_zone_hints': [], 'routes': [], 'flavor_id': None, 'tags': [], 'created_at': '2025-05-05T22:29:57Z', 'updated_at': '2025-05-05T22:29:59Z', 'revision_number': 2, 'project_id': 'b8d48f52b2fe4322b5b57be64987b51b'}
2025-05-05 22:30:06.569 71476 INFO tempest.lib.common.rest_client [req-ea103ca5-24a6-4d1a-8776-bff7eb61ab59 req-ea103ca5-24a6-4d1a-8776-bff7eb61ab59 ] Request (ServerDiagnosticsNegativeTest:test_get_server_diagnostics_by_non_admin): 200 GET http://10.180.1.21/compute/v2.1/servers/d00b626d-7121-46a9-ad1e-450c3db22e2d 1.188s
2025-05-05 22:30:06.574 71444 INFO tempest.lib.common.rest_client [req-30a3f5ba-77fe-45b3-9a36-6266bff4a2f5 req-30a3f5ba-77fe-45b3-9a36-6266bff4a2f5 ] Request (SecurityGroupRulesNegativeTestJSON:test_create_security_group_rule_with_invalid_id): 400 POST http://10.180.1.21/compute/v2.1/os-security-group-rules 0.939s
2025-05-05 22:30:06.598 71462 INFO tempest.lib.common.rest_client [req-9ec1a9fb-f781-4021-89ab-fde6fe637f32 req-9ec1a9fb-f781-4021-89ab-fde6fe637f32 ] Request (FlavorsExtraSpecsTestJSON:test_flavor_set_get_update_show_unset_keys): 200 DELETE http://10.180.1.21/compute/v2.1/flavors/2080274158/os-extra_specs/hw:cpu_policy 0.917s
2025-05-05 22:30:06.620 71494 INFO tempest.lib.common.rest_client [req-008a8e8d-67f1-4ee3-8b85-2be4b119d2da req-008a8e8d-67f1-4ee3-8b85-2be4b119d2da ] Request (ImagesOneServerNegativeTestJSON:setUpClass): 201 POST http://10.180.1.21/identity/v3/auth/tokens 0.090s
2025-05-05 22:30:06.629 71464 INFO tempest.lib.common.rest_client [req-dc756cc8-e996-4406-b9d1-69808a605636 req-dc756cc8-e996-4406-b9d1-69808a605636 ] Request (FlavorsAccessTestJSON:_run_cleanups): 200 GET http://10.180.1.21/compute/v2.1/flavors/detail 0.923s
2025-05-05 22:30:06.653 71442 INFO tempest.lib.common.rest_client [req-41eb028a-9b35-47ab-a1ac-ef203609a74e req-41eb028a-9b35-47ab-a1ac-ef203609a74e ] Request (FlavorsAdminTestJSON:test_create_flavor_with_none_id): 200 POST http://10.180.1.21/compute/v2.1/flavors 0.903s
2025-05-05 22:30:06.668 71494 INFO tempest.lib.common.rest_client [req-071fb8b6-e58c-4dd7-af28-21c23648a8d0 req-071fb8b6-e58c-4dd7-af28-21c23648a8d0 ] Request (ImagesOneServerNegativeTestJSON:setUpClass): 201 POST http://10.180.1.21/identity/v3/auth/tokens 0.042s
2025-05-05 22:30:06.669 71494 INFO tempest.lib.common.fixed_network [-] (ImagesOneServerNegativeTestJSON:setUpClass) Found network {'id': 'ed66ae5b-32de-4b7f-a260-d704ba3fc2cf', 'name': 'tempest-ImagesOneServerNegativeTestJSON-1531230920-network', 'tenant_id': 'b8d48f52b2fe4322b5b57be64987b51b', 'admin_state_up': True, 'mtu': 8950, 'status': 'ACTIVE', 'subnets': [], 'shared': False, 'project_id': 'b8d48f52b2fe4322b5b57be64987b51b', 'port_security_enabled': True, 'router:external': False, 'provider:network_type': 'vlan', 'provider:physical_network': 'default', 'provider:segmentation_id': 931, 'availability_zone_hints': [], 'availability_zones': [], 'ipv4_address_scope': None, 'ipv6_address_scope': None, 'description': '', 'tags': [], 'created_at': '2025-05-05T22:29:55Z', 'updated_at': '2025-05-05T22:29:55Z', 'revision_number': 1} available for tenant
2025-05-05 22:30:06.790 71464 INFO tempest.lib.common.rest_client [req-83a4373b-e717-4933-a166-5c5cb2989ae6 req-83a4373b-e717-4933-a166-5c5cb2989ae6 ] Request (FlavorsAccessTestJSON:tearDownClass): 204 DELETE http://10.180.1.21/identity/v3/users/33ec400a77e8454ea720a0d4538b0663 0.154s
2025-05-05 22:30:06.931 71464 INFO tempest.lib.common.rest_client [req-f975f996-b6d6-4b10-9f35-567af1c280ca req-f975f996-b6d6-4b10-9f35-567af1c280ca ] Request (FlavorsAccessTestJSON:tearDownClass): 204 DELETE http://10.180.1.21/identity/v3/users/d2a85ff258bc4ad5957a8b3df6fb99b1 0.140s
2025-05-05 22:30:06.931 71464 INFO tempest.lib.common.dynamic_creds [-] Deleting project and security group for project: 056a93ea376c428e856e5e4c143d26e8
2025-05-05 22:30:06.993 71472 INFO tempest.lib.common.rest_client [req-9e440a1c-8836-45e1-87f7-31f188c5d699 req-9e440a1c-8836-45e1-87f7-31f188c5d699 ] Request (ImagesMetadataTestJSON:setUp): 200 PUT http://10.180.1.21/compute/v2.1/images/1f3d69ee-5a06-4c02-b5b2-10322c38e8b2/metadata 1.198s
2025-05-05 22:30:07.003 71464 INFO tempest.lib.common.rest_client [req-2f972d2a-405a-4bcd-b876-10fadf42afb3 req-2f972d2a-405a-4bcd-b876-10fadf42afb3 ] Request (FlavorsAccessTestJSON:tearDownClass): 201 POST http://10.180.1.21/identity/v3/auth/tokens 0.072s
2025-05-05 22:30:07.074 71486 INFO tempest.lib.common.rest_client [req-7fe92b73-40af-4a38-8458-b9e7e80d8ccc req-7fe92b73-40af-4a38-8458-b9e7e80d8ccc ] Request (HostsAdminTestJSON:tearDownClass): 200 GET http://10.180.1.21:9696/networking/v2.0/security-groups?tenant_id=69f341e8b9ec4becbe808092a7262bb1&name=default 0.586s
2025-05-05 22:30:07.079 71432 INFO tempest.lib.common.rest_client [req-f985f167-e766-4c41-a882-dbfd9d399d0c req-f985f167-e766-4c41-a882-dbfd9d399d0c ] Request (ListImageFiltersTestJSON:setUpClass): 204 PUT http://10.180.1.21/image/v2/images/87586778-ef16-4911-98a3-ff963b403b16/file 0.836s
2025-05-05 22:30:07.130 71492 INFO tempest.lib.common.rest_client [req-529b6ea0-ec12-4080-b12e-2351cd82b0ec req-529b6ea0-ec12-4080-b12e-2351cd82b0ec ] Request (ServersAdminTestJSON:setUpClass): 200 GET http://10.180.1.21/compute/v2.1/servers/7908850c-f4b3-41ac-9c4a-41c21151041c 1.312s
2025-05-05 22:30:07.213 71440 INFO tempest.lib.common.rest_client [req-d97dccf2-d6b2-4a96-b02e-2c6989c6b86e req-d97dccf2-d6b2-4a96-b02e-2c6989c6b86e ] Request (ValidationResourcesFixture:setUp): 200 POST http://10.180.1.21/compute/v2.1/os-keypairs 1.378s
2025-05-05 22:30:07.221 71450 INFO tempest.lib.common.rest_client [req-1d292df0-2029-4461-b89d-a8f950ed9a06 req-1d292df0-2029-4461-b89d-a8f950ed9a06 ] Request (ServersTestJSON:setUpClass): 202 POST http://10.180.1.21/compute/v2.1/servers 1.735s
2025-05-05 22:30:07.355 71436 INFO tempest.lib.common.rest_client [req-d6c9aacc-1fc6-44df-9d0f-a305bcc0ffad req-d6c9aacc-1fc6-44df-9d0f-a305bcc0ffad ] Request (ServicesAdminNegativeV253TestJSON:test_list_services_with_non_admin_user): 403 GET http://10.180.1.21/compute/v2.1/os-services 1.501s
2025-05-05 22:30:07.511 71436 INFO tempest.lib.common.rest_client [req-b6bb4ef8-2c8e-4d08-87dd-73477d465d9d req-b6bb4ef8-2c8e-4d08-87dd-73477d465d9d ] Request (ServicesAdminNegativeV253TestJSON:tearDownClass): 204 DELETE http://10.180.1.21/identity/v3/users/9f2134fdd82d4284a73a5cb23222a74c 0.153s
2025-05-05 22:30:07.640 71468 INFO tempest.lib.common.rest_client [req-7c3a7c6e-4961-4b1b-bc63-232d50351e10 req-7c3a7c6e-4961-4b1b-bc63-232d50351e10 ] Request (DeleteServersAdminTestJSON:test_admin_delete_servers_of_others): 204 DELETE http://10.180.1.21/compute/v2.1/servers/1099e72b-7ad0-4289-b00f-e7daf8391afd 1.725s
2025-05-05 22:30:07.645 71486 INFO tempest.lib.common.rest_client [req-ef09dbbd-6a5f-4b0f-8e99-e3c555031d28 req-ef09dbbd-6a5f-4b0f-8e99-e3c555031d28 ] Request (HostsAdminTestJSON:tearDownClass): 204 DELETE http://10.180.1.21:9696/networking/v2.0/security-groups/be4b8d20-7d87-482f-96aa-42a505bbe6dc 0.570s
2025-05-05 22:30:07.671 71454 INFO tempest.lib.common.rest_client [req-a68c6a16-c686-41a7-b4f5-0e2a105c1009 req-a68c6a16-c686-41a7-b4f5-0e2a105c1009 ] Request (FlavorsExtraSpecsNegativeTestJSON:tearDownClass): 200 GET http://10.180.1.21/compute/v2.1/flavors/detail 1.662s
2025-05-05 22:30:07.678 71436 INFO tempest.lib.common.rest_client [req-0185bb24-1e52-4e3c-8c09-96920530a822 req-0185bb24-1e52-4e3c-8c09-96920530a822 ] Request (ServicesAdminNegativeV253TestJSON:tearDownClass): 204 DELETE http://10.180.1.21/identity/v3/users/76780e7664354d5c933310514ce32a17 0.166s
2025-05-05 22:30:07.678 71436 INFO tempest.lib.common.dynamic_creds [-] Deleting project and security group for project: b366cb4e74d544e1886b276534946245
2025-05-05 22:30:07.687 71478 INFO tempest.lib.common.rest_client [req-e6e13b0c-79c1-4222-ad93-6e2591d613d9 req-e6e13b0c-79c1-4222-ad93-6e2591d613d9 ] Request (QuotasAdminTestJSON:test_get_updated_quotas): 200 GET http://10.180.1.21/compute/v2.1/os-quota-sets/1deb4aa3ba334dff8836b0af0b5916c9/detail 1.694s
2025-05-05 22:30:07.691 71461 INFO tempest.lib.common.rest_client [req-a263df38-98fe-4c4e-b95d-261f454f55b0 req-a263df38-98fe-4c4e-b95d-261f454f55b0 ] Request (FlavorsAccessNegativeTestJSON:test_flavor_non_admin_add): 200 POST http://10.180.1.21/compute/v2.1/flavors 1.644s
2025-05-05 22:30:07.722 71482 INFO tempest.lib.common.rest_client [req-b1101ed3-7ddf-4c3c-895a-f97da28df4d5 req-b1101ed3-7ddf-4c3c-895a-f97da28df4d5 ] Request (AggregatesAdminNegativeTestJSON:test_aggregate_add_non_exist_host): 404 POST http://10.180.1.21/compute/v2.1/os-aggregates/3/action 1.657s
2025-05-05 22:30:07.751 71464 INFO tempest.lib.common.rest_client [req-90638153-57dd-4fef-8103-91f4f31a048b req-90638153-57dd-4fef-8103-91f4f31a048b ] Request (FlavorsAccessTestJSON:tearDownClass): 200 GET http://10.180.1.21:9696/networking/v2.0/security-groups?tenant_id=056a93ea376c428e856e5e4c143d26e8&name=default 0.746s
2025-05-05 22:30:07.757 71436 INFO tempest.lib.common.rest_client [req-b43578dd-8853-43c7-929d-9580faadc143 req-b43578dd-8853-43c7-929d-9580faadc143 ] Request (ServicesAdminNegativeV253TestJSON:tearDownClass): 201 POST http://10.180.1.21/identity/v3/auth/tokens 0.078s
2025-05-05 22:30:07.800 71486 INFO tempest.lib.common.rest_client [req-e2d36e09-1f5d-4044-98ee-ae56cafb679f req-e2d36e09-1f5d-4044-98ee-ae56cafb679f ] Request (HostsAdminTestJSON:tearDownClass): 204 DELETE http://10.180.1.21/identity/v3/projects/69f341e8b9ec4becbe808092a7262bb1 0.154s
2025-05-05 22:30:07.800 71486 INFO tempest.lib.common.dynamic_creds [-] Deleting project and security group for project: 98dfdfc9aca54df1ad040b0a2a763975
2025-05-05 22:30:07.834 71454 INFO tempest.lib.common.rest_client [req-ed0a77fc-8eba-4782-accb-0a5fef9b2ea8 req-ed0a77fc-8eba-4782-accb-0a5fef9b2ea8 ] Request (FlavorsExtraSpecsNegativeTestJSON:tearDownClass): 204 DELETE http://10.180.1.21/identity/v3/users/2d5dec17bf774a208515ab9211fa484d 0.154s
2025-05-05 22:30:07.854 71440 INFO tempest.lib.common.rest_client [req-ad54b024-1b7f-4d9a-8a5d-e2f730ecf959 req-ad54b024-1b7f-4d9a-8a5d-e2f730ecf959 ] Request (ValidationResourcesFixture:setUp): 201 POST http://10.180.1.21:9696/networking/v2.0/security-groups 0.639s
2025-05-05 22:30:07.915 71478 INFO tempest.lib.common.rest_client [req-5d171651-406b-480c-be86-95d5c8ad0742 req-5d171651-406b-480c-be86-95d5c8ad0742 ] Request (QuotasAdminTestJSON:test_get_updated_quotas): 200 GET http://10.180.1.21/identity/v3/domains?name=Default 0.221s
2025-05-05 22:30:08.041 71448 INFO tempest.lib.common.rest_client [req-520abff9-7cea-4b6d-9c32-4843f02de64b req-520abff9-7cea-4b6d-9c32-4843f02de64b ] Request (ServersTestManualDisk:setUpClass): 200 PUT http://10.180.1.21:9696/networking/v2.0/routers/a7352c7c-b1e5-4f29-80d6-ff34e310ee77/add_router_interface 2.489s
2025-05-05 22:30:08.042 71448 INFO tempest.lib.common.dynamic_creds [-] Created isolated network resources for: credentials: Credentials: {'domain_id': 'default', 'domain_name': 'Default', 'username': 'tempest-ServersTestManualDisk-912410252-project-member', 'project_domain_id': 'default', 'project_domain_name': 'Default', 'project_id': '0ac15386ccd04d2fbb7aa62e5ed6a4ec', 'project_name': 'tempest-ServersTestManualDisk-912410252', 'tenant_id': '0ac15386ccd04d2fbb7aa62e5ed6a4ec', 'tenant_name': 'tempest-ServersTestManualDisk-912410252', 'user_domain_id': 'default', 'user_domain_name': 'Default', 'user_id': 'b309c22d37ef44df8b2b13c35dbb2876', 'system': None}, Network: {'id': 'ca00f4bd-a1ca-493c-9c76-74f6b97904c6', 'name': 'tempest-ServersTestManualDisk-1687332799-network', 'tenant_id': '0ac15386ccd04d2fbb7aa62e5ed6a4ec', 'admin_state_up': True, 'mtu': 8950, 'status': 'ACTIVE', 'subnets': [], 'shared': False, 'project_id': '0ac15386ccd04d2fbb7aa62e5ed6a4ec', 'port_security_enabled': True, 'router:external': False, 'provider:network_type': 'vlan', 'provider:physical_network': 'default', 'provider:segmentation_id': 788, 'availability_zone_hints': [], 'availability_zones': [], 'ipv4_address_scope': None, 'ipv6_address_scope': None, 'description': '', 'tags': [], 'created_at': '2025-05-05T22:30:01Z', 'updated_at': '2025-05-05T22:30:01Z', 'revision_number': 1}, Subnet: {'id': '92a941a4-873a-4b31-a4e3-5a5835c7bbf0', 'name': 'tempest-ServersTestManualDisk-1687332799-subnet', 'tenant_id': '0ac15386ccd04d2fbb7aa62e5ed6a4ec', 'network_id': 'ca00f4bd-a1ca-493c-9c76-74f6b97904c6', 'ip_version': 4, 'subnetpool_id': None, 'enable_dhcp': True, 'ipv6_ra_mode': None, 'ipv6_address_mode': None, 'gateway_ip': '192.168.128.1', 'cidr': '192.168.128.0/28', 'allocation_pools': [{'start': '192.168.128.2', 'end': '192.168.128.14'}], 'host_routes': [], 'dns_nameservers': [], 'description': '', 'router:external': False, 'service_types': [], 'tags': [], 'created_at': '2025-05-05T22:30:02Z', 'updated_at': '2025-05-05T22:30:02Z', 'revision_number': 0, 'project_id': '0ac15386ccd04d2fbb7aa62e5ed6a4ec'}, Router: {'id': 'a7352c7c-b1e5-4f29-80d6-ff34e310ee77', 'name': 'tempest-ServersTestManualDisk-1687332799-router', 'tenant_id': '0ac15386ccd04d2fbb7aa62e5ed6a4ec', 'admin_state_up': True, 'status': 'ACTIVE', 'external_gateway_info': {'network_id': '6508fbbc-68af-468f-badf-b2080c51261e', 'external_fixed_ips': [{'subnet_id': '841a887f-789b-492b-9a6a-d4f2a2b68889', 'ip_address': '10.180.180.140'}], 'enable_snat': True}, 'description': '', 'availability_zones': [], 'distributed': False, 'ha': False, 'availability_zone_hints': [], 'routes': [], 'flavor_id': None, 'tags': [], 'created_at': '2025-05-05T22:30:03Z', 'updated_at': '2025-05-05T22:30:04Z', 'revision_number': 2, 'project_id': '0ac15386ccd04d2fbb7aa62e5ed6a4ec'}
2025-05-05 22:30:08.052 71454 INFO tempest.lib.common.rest_client [req-95b7aaa1-963f-477f-a1e8-11f28f336df8 req-95b7aaa1-963f-477f-a1e8-11f28f336df8 ] Request (FlavorsExtraSpecsNegativeTestJSON:tearDownClass): 204 DELETE http://10.180.1.21/identity/v3/users/325e139e5e2d4cbd83138e35f8c5de71 0.217s
2025-05-05 22:30:08.052 71454 INFO tempest.lib.common.dynamic_creds [-] Deleting project and security group for project: 4a29ec4c27644353b7ffde779a35b802
2025-05-05 22:30:08.117 71478 INFO tempest.lib.common.rest_client [req-51430eff-971f-4010-a976-d1cb15a5da2c req-51430eff-971f-4010-a976-d1cb15a5da2c ] Request (QuotasAdminTestJSON:test_get_updated_quotas): 201 POST http://10.180.1.21/identity/v3/users 0.202s
2025-05-05 22:30:08.122 71464 INFO tempest.lib.common.rest_client [req-126f01fa-c658-4fb4-845a-c997a557d5a9 req-126f01fa-c658-4fb4-845a-c997a557d5a9 ] Request (FlavorsAccessTestJSON:tearDownClass): 204 DELETE http://10.180.1.21:9696/networking/v2.0/security-groups/c75c936d-bdc0-4f72-9e84-2dfb52862ead 0.369s
2025-05-05 22:30:08.167 71458 INFO tempest.lib.common.rest_client [req-296378f0-30a5-41db-a1bf-cbc84313b077 req-296378f0-30a5-41db-a1bf-cbc84313b077 ] Request (QuotasAdminNegativeTest:test_create_server_when_memory_quota_is_full): 200 GET http://10.180.1.21/compute/v2.1/os-quota-sets/35639a18e73441ed824eb0d9a4080913 2.109s
2025-05-05 22:30:08.184 71474 INFO tempest.lib.common.rest_client [req-6edfecd1-58f9-45e1-8140-e8a704d8cb18 req-6edfecd1-58f9-45e1-8140-e8a704d8cb18 ] Request (AttachInterfacesV270Test:setUpClass): 200 PUT http://10.180.1.21:9696/networking/v2.0/routers/dac253fe-6e55-4597-8bf9-5c1bfc0f0e0f/add_router_interface 4.481s
