2025-05-05 22:31:17.340 71436 INFO tempest.lib.common.rest_client [req-5345f373-6005-44d3-a7c7-f431d0d9e52d req-5345f373-6005-44d3-a7c7-f431d0d9e52d ] Request (AttachInterfacesTestJSON:test_create_list_show_delete_interfaces_by_fixed_ip): 200 GET http://10.180.1.21/compute/v2.1/servers/37fcddcc-b28b-461a-be2f-c5c928716584 1.232s
2025-05-05 22:31:17.352 71436 INFO tempest.common.waiters [-] State transition "BUILD/spawning" ==> "ACTIVE/None" after 49 second wait
2025-05-05 22:31:17.371 71480 INFO tempest.lib.common.rest_client [req-c1664900-e1d1-406e-a59c-7298a7051920 req-c1664900-e1d1-406e-a59c-7298a7051920 ] Request (ServerActionsV293TestJSON:setUpClass): 200 GET http://10.180.1.21/volume/v3/volumes/78f33a7c-abb9-46e6-87c5-3a0cd37bb70e 0.046s
2025-05-05 22:31:17.423 71438 INFO tempest.lib.common.rest_client [req-3f693ece-f449-4ab3-a174-9ececbe2db04 req-3f693ece-f449-4ab3-a174-9ececbe2db04 ] Request (SecurityGroupsTestJSON:test_server_security_groups): 200 GET http://10.180.1.21/compute/v2.1/servers/0c57c50d-b602-4936-8d90-d947cedf6a0f 1.214s
2025-05-05 22:31:17.437 71438 INFO tempest.common.waiters [-] State transition "BUILD/scheduling" ==> "BUILD/None" after 19 second wait
2025-05-05 22:31:17.507 71472 INFO tempest.lib.common.rest_client [req-e0412e2f-a921-4575-8ea7-f405ad4aeace req-e0412e2f-a921-4575-8ea7-f405ad4aeace ] Request (ServersListShow298Test:test_list_show_update_rebuild_server_298): 200 GET http://10.180.1.21/compute/v2.1/servers/f173acbb-196b-4e7f-bc5e-44ad94cdc9a7 1.213s
2025-05-05 22:31:17.541 71442 INFO tempest.lib.common.rest_client [req-c5c5c7bb-a4ae-413a-ab55-cf90f43463a9 req-c5c5c7bb-a4ae-413a-ab55-cf90f43463a9 ] Request (ValidationResourcesFixture:setUp): 201 POST http://10.180.1.21:9696/networking/v2.0/security-group-rules 0.219s
2025-05-05 22:31:17.593 71462 INFO tempest.lib.common.rest_client [req-3e9697df-be29-46be-a9f4-8de0b88b037e req-3e9697df-be29-46be-a9f4-8de0b88b037e ] Request (MigrationsAdminTest:test_list_migrations_in_flavor_resize_situation): 200 GET http://10.180.1.21/compute/v2.1/servers/b2f9536e-f32c-4e94-bb2f-eced831895f4 1.225s
2025-05-05 22:31:17.676 71478 INFO tempest.lib.common.rest_client [req-c0a81b7f-07cb-4139-a748-c7c9099c413d req-c0a81b7f-07cb-4139-a748-c7c9099c413d ] Request (FloatingIPsAssociationNegativeTestJSON:setUpClass): 200 GET http://10.180.1.21/compute/v2.1/servers/a593e2ed-9c12-430e-be17-38990a4dd8a6 1.232s
2025-05-05 22:31:17.764 71442 INFO tempest.lib.common.rest_client [req-b1533e10-a5e8-4449-a23c-4cc20846a000 req-b1533e10-a5e8-4449-a23c-4cc20846a000 ] Request (ValidationResourcesFixture:setUp): 201 POST http://10.180.1.21:9696/networking/v2.0/security-group-rules 0.222s
2025-05-05 22:31:17.777 71448 INFO paramiko.transport [-] Connected (version 2.0, client dropbear_2020.81)
2025-05-05 22:31:17.780 71474 INFO tempest.lib.common.rest_client [req-74d5acdb-eb6c-422d-bc53-2aa45c044805 req-74d5acdb-eb6c-422d-bc53-2aa45c044805 ] Request (AttachInterfacesV270Test:tearDownClass): 200 GET http://10.180.1.21/compute/v2.1/servers/5beeda39-74da-4bc1-a981-4999157823be 1.241s
2025-05-05 22:31:17.839 71448 INFO paramiko.transport [-] Authentication (publickey) successful!
2025-05-05 22:31:17.839 71448 INFO tempest.lib.common.ssh [-] ssh connection to cirros@10.180.180.183 successfully created
2025-05-05 22:31:17.850 71476 INFO tempest.lib.common.rest_client [req-fac3db8d-a546-47fa-9391-6b568bc00b46 req-fac3db8d-a546-47fa-9391-6b568bc00b46 ] Request (InstanceActionsV221TestJSON:test_get_list_deleted_instance_actions): 200 GET http://10.180.1.21/compute/v2.1/servers/e04a8ce7-624f-4c14-85b5-409ee889e92a 1.177s
2025-05-05 22:31:17.914 71444 INFO tempest.lib.common.rest_client [req-5c56a7de-322a-4c69-bd64-0b0110112f69 req-5c56a7de-322a-4c69-bd64-0b0110112f69 ] Request (ServersTestBootFromVolume:setUpClass): 200 GET http://10.180.1.21/compute/v2.1/servers/d760b9b9-a311-474b-99f8-b3397ade6488 1.159s
2025-05-05 22:31:17.982 71446 INFO tempest.lib.common.rest_client [req-66125311-3b96-4c00-8768-53e634ab8dea req-66125311-3b96-4c00-8768-53e634ab8dea ] Request (ServerPasswordTestJSON:setUpClass): 200 GET http://10.180.1.21/compute/v2.1/servers/7cad0b0a-a3a0-48a6-84eb-b674e7b96363 1.145s
2025-05-05 22:31:18.047 71464 INFO tempest.lib.common.rest_client [req-b7c9cbf8-d41a-49a1-983d-45157cc196b0 req-b7c9cbf8-d41a-49a1-983d-45157cc196b0 ] Request (ServerDiagnosticsTest:tearDownClass): 200 GET http://10.180.1.21/compute/v2.1/servers/666e2163-d6ac-46e8-bca6-c7fce49814a9 1.209s
2025-05-05 22:31:18.081 71450 WARNING tempest.lib.common.ssh [-] Failed to establish authenticated ssh connection to cirros@10.180.180.227 ([Errno None] Unable to connect to port 22 on 10.180.180.227). Number attempts: 6. Retry after 7 seconds.: paramiko.ssh_exception.NoValidConnectionsError: [Errno None] Unable to connect to port 22 on 10.180.180.227
2025-05-05 22:31:18.110 71454 INFO tempest.lib.common.rest_client [req-9d6d3b36-acf0-4d83-b710-3c1ce353aa1e req-9d6d3b36-acf0-4d83-b710-3c1ce353aa1e ] Request (ServersTestMultiNic:test_verify_duplicate_network_nics): 200 GET http://10.180.1.21/compute/v2.1/servers/2d68e334-3f17-424e-a462-b8ab10f8cbb3 1.200s
2025-05-05 22:31:18.122 71484 INFO tempest.lib.common.rest_client [req-3a35afef-45c0-454d-b8b8-10aecf7b77fe req-3a35afef-45c0-454d-b8b8-10aecf7b77fe ] Request (ServerActionsTestOtherB:setUpClass): 201 POST http://10.180.1.21:9696/networking/v2.0/routers 1.307s
2025-05-05 22:31:18.125 71454 INFO tempest.common.waiters [-] State transition "BUILD/None" ==> "BUILD/networking" after 35 second wait
2025-05-05 22:31:18.183 71456 INFO tempest.lib.common.rest_client [req-1716e140-9ffb-4d96-971b-d7f8f25eb5cf req-1716e140-9ffb-4d96-971b-d7f8f25eb5cf ] Request (ServersAdminNegativeTestJSON:setUpClass): 200 GET http://10.180.1.21/compute/v2.1/servers/5d3ff322-f182-48be-9066-203f120b2512 1.246s
2025-05-05 22:31:18.297 71494 INFO tempest.lib.common.rest_client [req-7ed32eae-474a-4d1c-a70e-c2d4b0aa5e56 req-7ed32eae-474a-4d1c-a70e-c2d4b0aa5e56 ] Request (ImagesOneServerNegativeTestJSON:_run_cleanups): 200 GET http://10.180.1.21/compute/v2.1/servers/af490d93-f4db-479d-910c-d04a97483af6 1.318s
2025-05-05 22:31:18.366 71482 INFO tempest.lib.common.rest_client [req-18f3f000-9aba-4491-900d-b2da6d4bfcd4 req-18f3f000-9aba-4491-900d-b2da6d4bfcd4 ] Request (ServerExternalEventsTest:test_create_server_external_events): 200 GET http://10.180.1.21/compute/v2.1/servers/6d38db52-c6ae-4cce-9cdb-39e11eccd8fd 1.357s
2025-05-05 22:31:18.421 71480 INFO tempest.lib.common.rest_client [req-5d513606-edd6-42e9-990c-8a9210608ee8 req-5d513606-edd6-42e9-990c-8a9210608ee8 ] Request (ServerActionsV293TestJSON:setUpClass): 200 GET http://10.180.1.21/volume/v3/volumes/78f33a7c-abb9-46e6-87c5-3a0cd37bb70e 0.038s
2025-05-05 22:31:18.442 71468 INFO tempest.lib.common.rest_client [req-b6e80c0b-d2cb-4430-bc9f-b9ff1cf5be03 req-b6e80c0b-d2cb-4430-bc9f-b9ff1cf5be03 ] Request (DeleteServersAdminTestJSON:test_delete_server_while_in_error_state): 200 GET http://10.180.1.21/compute/v2.1/servers/a072844a-d6f2-42e6-8ee4-6532341c7977 1.382s
2025-05-05 22:31:18.528 71458 INFO tempest.lib.common.rest_client [req-f8bc80d3-e776-4948-9364-b2f663ba8468 req-f8bc80d3-e776-4948-9364-b2f663ba8468 ] Request (ServerMetadataTestJSON:setUpClass): 200 GET http://10.180.1.21/compute/v2.1/servers/5e954dd4-d026-48c9-8cfa-4b224e9b2c16 1.460s
2025-05-05 22:31:18.588 71452 INFO tempest.lib.common.rest_client [req-0b52ac17-4a82-455c-b815-7b6f9f361efc req-0b52ac17-4a82-455c-b815-7b6f9f361efc ] Request (ImagesTestJSON:test_create_image_from_suspended_server): 200 GET http://10.180.1.21/compute/v2.1/servers/c848e65e-79ba-4edc-afb5-6c511c0fde71 1.477s
2025-05-05 22:31:18.631 71432 INFO tempest.lib.common.rest_client [req-da17ade7-2c5c-4c55-b867-9d8b0c712d5e req-da17ade7-2c5c-4c55-b867-9d8b0c712d5e ] Request (ListImageFiltersTestJSON:setUpClass): 200 GET http://10.180.1.21/compute/v2.1/images/dc5e38fa-7700-4c5a-aeba-89b729b19fef 1.517s
2025-05-05 22:31:18.729 71490 INFO tempest.lib.common.rest_client [req-5fa396ce-0058-4ace-bd09-9ce2b9597700 req-5fa396ce-0058-4ace-bd09-9ce2b9597700 ] Request (ServersAdmin275Test:tearDownClass): 200 GET http://10.180.1.21/compute/v2.1/servers/c576b9d3-e1ae-49d7-b4ea-e3e291fc7b44 1.493s
2025-05-05 22:31:18.796 71461 INFO tempest.lib.common.rest_client [req-5f462622-4c3e-4291-bd94-d80a90b68176 req-5f462622-4c3e-4291-bd94-d80a90b68176 ] Request (ServerAddressesNegativeTestJSON:setUpClass): 200 GET http://10.180.1.21/compute/v2.1/servers/9c79e9b0-04d2-4822-9b9e-f6958c1ff2f9 1.487s
2025-05-05 22:31:18.849 71442 INFO tempest.lib.common.rest_client [req-653df317-d613-4ec2-aed8-bba65a04bafc req-653df317-d613-4ec2-aed8-bba65a04bafc ] Request (ValidationResourcesFixture:setUp): 201 POST http://10.180.1.21:9696/networking/v2.0/floatingips 1.084s
2025-05-05 22:31:18.875 71436 INFO tempest.lib.common.rest_client [req-6e6a0822-f1c8-4b4d-8b04-aaae421f6d20 req-6e6a0822-f1c8-4b4d-8b04-aaae421f6d20 ] Request (AttachInterfacesTestJSON:test_create_list_show_delete_interfaces_by_fixed_ip): 200 GET http://10.180.1.21/compute/v2.1/servers/37fcddcc-b28b-461a-be2f-c5c928716584/os-interface 1.522s
2025-05-05 22:31:18.896 71442 INFO tempest.lib.common.rest_client [req-5806ddbd-19e9-46ad-b42e-43c50f23ee47 req-5806ddbd-19e9-46ad-b42e-43c50f23ee47 ] Request (AttachVolumeNegativeTest:test_attach_attached_volume_to_different_server): 201 POST http://10.180.1.21/identity/v3/auth/tokens 0.042s
2025-05-05 22:31:18.897 71442 INFO tempest.lib.common.fixed_network [-] (AttachVolumeNegativeTest:test_attach_attached_volume_to_different_server) Found network {'id': '583d5a3e-547a-49cd-b6d1-3a1b4fa76db2', 'name': 'tempest-AttachVolumeNegativeTest-1806324796-network', 'tenant_id': '8c9895c23bb64c76b09dc59d59a7d59c', 'admin_state_up': True, 'mtu': 8950, 'status': 'ACTIVE', 'subnets': [], 'shared': False, 'project_id': '8c9895c23bb64c76b09dc59d59a7d59c', 'port_security_enabled': True, 'router:external': False, 'provider:network_type': 'vlan', 'provider:physical_network': 'default', 'provider:segmentation_id': 568, 'availability_zone_hints': [], 'availability_zones': [], 'ipv4_address_scope': None, 'ipv6_address_scope': None, 'description': '', 'tags': [], 'created_at': '2025-05-05T22:31:12Z', 'updated_at': '2025-05-05T22:31:12Z', 'revision_number': 1} available for tenant
2025-05-05 22:31:18.953 71434 INFO tempest.lib.common.rest_client [req-47e424cc-1bdc-439a-8886-7a59a9397a0a req-47e424cc-1bdc-439a-8886-7a59a9397a0a ] Request (FloatingIPsAssociationTestJSON:test_associate_already_associated_floating_ip): 202 POST http://10.180.1.21/compute/v2.1/servers/52179727-7607-4992-bb0e-2b9ec89ae1eb/action 3.384s
2025-05-05 22:31:18.957 71466 INFO tempest.lib.common.rest_client [req-d3913a72-ef1e-4104-86cb-036486270f58 req-d3913a72-ef1e-4104-86cb-036486270f58 ] Request (ServerMetadataNegativeTestJSON:tearDownClass): 200 GET http://10.180.1.21/compute/v2.1/servers/86e51a30-4cbd-4b56-aff8-dee09042da28 1.574s
2025-05-05 22:31:19.133 71448 INFO tempest.lib.common.rest_client [req-6da31093-581c-498f-8bac-c6d1b36dd6ea req-6da31093-581c-498f-8bac-c6d1b36dd6ea ] Request (ServersTestManualDisk:test_list_servers): 200 GET http://10.180.1.21/compute/v2.1/servers 1.287s
2025-05-05 22:31:19.137 71492 INFO tempest.lib.common.rest_client [req-5af99e43-180d-41d0-9b45-39185b531bf2 req-5af99e43-180d-41d0-9b45-39185b531bf2 ] Request (ServersAdminTestJSON:test_create_server_with_scheduling_hint): 200 GET http://10.180.1.21/compute/v2.1/servers/c7c2f338-e656-408e-bae8-92bb630d2aa9 1.531s
2025-05-05 22:31:19.217 71438 INFO tempest.lib.common.rest_client [req-3cec277f-6748-4e3c-8cef-15b5871c2b80 req-3cec277f-6748-4e3c-8cef-15b5871c2b80 ] Request (SecurityGroupsTestJSON:test_server_security_groups): 200 GET http://10.180.1.21/compute/v2.1/servers/0c57c50d-b602-4936-8d90-d947cedf6a0f 0.778s
2025-05-05 22:31:19.232 71472 INFO tempest.lib.common.rest_client [req-99612d57-4960-4410-9bc0-9d57cfea4dfa req-99612d57-4960-4410-9bc0-9d57cfea4dfa ] Request (ServersListShow298Test:test_list_show_update_rebuild_server_298): 200 GET http://10.180.1.21/compute/v2.1/servers/f173acbb-196b-4e7f-bc5e-44ad94cdc9a7 0.704s
2025-05-05 22:31:19.275 71462 INFO tempest.lib.common.rest_client [req-19d919c5-c94b-4123-9c32-4decc2d0d9b3 req-19d919c5-c94b-4123-9c32-4decc2d0d9b3 ] Request (MigrationsAdminTest:test_list_migrations_in_flavor_resize_situation): 200 GET http://10.180.1.21/compute/v2.1/servers/b2f9536e-f32c-4e94-bb2f-eced831895f4 0.674s
2025-05-05 22:31:19.289 71478 INFO tempest.lib.common.rest_client [req-3f0d3ad0-7d90-4778-b16c-e8dde4018de5 req-3f0d3ad0-7d90-4778-b16c-e8dde4018de5 ] Request (FloatingIPsAssociationNegativeTestJSON:setUpClass): 200 GET http://10.180.1.21/compute/v2.1/servers/a593e2ed-9c12-430e-be17-38990a4dd8a6 0.600s
2025-05-05 22:31:19.298 71478 INFO tempest.common.waiters [-] State transition "BUILD/scheduling" ==> "BUILD/None" after 21 second wait
2025-05-05 22:31:19.354 71476 INFO tempest.lib.common.rest_client [req-cc5f03a0-7802-4e46-8f57-c248791d3e4d req-cc5f03a0-7802-4e46-8f57-c248791d3e4d ] Request (InstanceActionsV221TestJSON:test_get_list_deleted_instance_actions): 200 GET http://10.180.1.21/compute/v2.1/servers/e04a8ce7-624f-4c14-85b5-409ee889e92a 0.489s
2025-05-05 22:31:19.367 71474 INFO tempest.lib.common.rest_client [req-5d680917-85b2-4229-8914-6d250f064f30 req-5d680917-85b2-4229-8914-6d250f064f30 ] Request (AttachInterfacesV270Test:tearDownClass): 200 GET http://10.180.1.21/compute/v2.1/servers/5beeda39-74da-4bc1-a981-4999157823be 0.574s
2025-05-05 22:31:19.433 71444 INFO tempest.lib.common.rest_client [req-5905862f-a5c2-45f1-9775-1f526ce6b2e1 req-5905862f-a5c2-45f1-9775-1f526ce6b2e1 ] Request (ServersTestBootFromVolume:setUpClass): 200 GET http://10.180.1.21/compute/v2.1/servers/d760b9b9-a311-474b-99f8-b3397ade6488 0.510s
2025-05-05 22:31:19.464 71480 INFO tempest.lib.common.rest_client [req-8636a40a-0690-4002-8b38-103ef5fdf6ae req-8636a40a-0690-4002-8b38-103ef5fdf6ae ] Request (ServerActionsV293TestJSON:setUpClass): 200 GET http://10.180.1.21/volume/v3/volumes/78f33a7c-abb9-46e6-87c5-3a0cd37bb70e 0.033s
2025-05-05 22:31:19.558 71484 INFO tempest.lib.common.rest_client [req-d0a4706b-e27f-4f43-a82d-701e10972bfe req-d0a4706b-e27f-4f43-a82d-701e10972bfe ] Request (ServerActionsTestOtherB:setUpClass): 200 PUT http://10.180.1.21:9696/networking/v2.0/routers/d04ae271-0637-4770-842e-465294397543/add_router_interface 1.435s
2025-05-05 22:31:19.558 71484 INFO tempest.lib.common.dynamic_creds [-] Created isolated network resources for: credentials: Credentials: {'domain_id': 'default', 'domain_name': 'Default', 'username': 'tempest-ServerActionsTestOtherB-963977758-project-member', 'project_domain_id': 'default', 'project_domain_name': 'Default', 'project_id': 'c893d2b0a2354cf091400271250ecff9', 'project_name': 'tempest-ServerActionsTestOtherB-963977758', 'tenant_id': 'c893d2b0a2354cf091400271250ecff9', 'tenant_name': 'tempest-ServerActionsTestOtherB-963977758', 'user_domain_id': 'default', 'user_domain_name': 'Default', 'user_id': '1bb5897490bc41e2a103950c912f5bdf', 'system': None}, Network: {'id': '92018621-f8eb-4f06-9241-9436aeac4d25', 'name': 'tempest-ServerActionsTestOtherB-239237679-network', 'tenant_id': 'c893d2b0a2354cf091400271250ecff9', 'admin_state_up': True, 'mtu': 8950, 'status': 'ACTIVE', 'subnets': [], 'shared': False, 'project_id': 'c893d2b0a2354cf091400271250ecff9', 'port_security_enabled': True, 'router:external': False, 'provider:network_type': 'vlan', 'provider:physical_network': 'default', 'provider:segmentation_id': 918, 'availability_zone_hints': [], 'availability_zones': [], 'ipv4_address_scope': None, 'ipv6_address_scope': None, 'description': '', 'tags': [], 'created_at': '2025-05-05T22:31:16Z', 'updated_at': '2025-05-05T22:31:16Z', 'revision_number': 1}, Subnet: {'id': '9f8d5ab1-b77f-45a3-b89c-0b9de412d828', 'name': 'tempest-ServerActionsTestOtherB-239237679-subnet', 'tenant_id': 'c893d2b0a2354cf091400271250ecff9', 'network_id': '92018621-f8eb-4f06-9241-9436aeac4d25', 'ip_version': 4, 'subnetpool_id': None, 'enable_dhcp': True, 'ipv6_ra_mode': None, 'ipv6_address_mode': None, 'gateway_ip': '192.168.128.1', 'cidr': '192.168.128.0/28', 'allocation_pools': [{'start': '192.168.128.2', 'end': '192.168.128.14'}], 'host_routes': [], 'dns_nameservers': [], 'description': '', 'router:external': False, 'service_types': [], 'tags': [], 'created_at': '2025-05-05T22:31:16Z', 'updated_at': '2025-05-05T22:31:16Z', 'revision_number': 0, 'project_id': 'c893d2b0a2354cf091400271250ecff9'}, Router: {'id': 'd04ae271-0637-4770-842e-465294397543', 'name': 'tempest-ServerActionsTestOtherB-239237679-router', 'tenant_id': 'c893d2b0a2354cf091400271250ecff9', 'admin_state_up': True, 'status': 'ACTIVE', 'external_gateway_info': {'network_id': '6508fbbc-68af-468f-badf-b2080c51261e', 'external_fixed_ips': [{'subnet_id': '841a887f-789b-492b-9a6a-d4f2a2b68889', 'ip_address': '10.180.180.217'}], 'enable_snat': True}, 'description': '', 'availability_zones': [], 'distributed': False, 'ha': False, 'availability_zone_hints': [], 'routes': [], 'flavor_id': None, 'tags': [], 'created_at': '2025-05-05T22:31:16Z', 'updated_at': '2025-05-05T22:31:17Z', 'revision_number': 2, 'project_id': 'c893d2b0a2354cf091400271250ecff9'}
2025-05-05 22:31:19.599 71486 WARNING tempest.lib.common.ssh [-] Failed to establish authenticated ssh connection to cirros@10.180.180.231 ([Errno None] Unable to connect to port 22 on 10.180.180.231). Number attempts: 4. Retry after 5 seconds.: paramiko.ssh_exception.NoValidConnectionsError: [Errno None] Unable to connect to port 22 on 10.180.180.231
2025-05-05 22:31:19.658 71484 INFO tempest.lib.common.rest_client [req-753411a4-931a-4c07-b746-17faae5d7689 req-753411a4-931a-4c07-b746-17faae5d7689 ] Request (ServerActionsTestOtherB:setUpClass): 201 POST http://10.180.1.21/identity/v3/auth/tokens 0.093s
2025-05-05 22:31:19.730 71436 INFO tempest.lib.common.rest_client [req-a805ef6a-3921-4de0-b2d3-a6679beecec4 req-a805ef6a-3921-4de0-b2d3-a6679beecec4 ] Request (AttachInterfacesTestJSON:test_create_list_show_delete_interfaces_by_fixed_ip): 200 PUT http://10.180.1.21:9696/networking/v2.0/floatingips/cd49ac1d-9b1c-44d3-a074-b32a8490d2a7 0.853s
2025-05-05 22:31:19.768 71434 INFO tempest.lib.common.rest_client [req-35397d31-0060-441e-9100-69f4033f45b6 req-35397d31-0060-441e-9100-69f4033f45b6 ] Request (FloatingIPsAssociationTestJSON:test_associate_already_associated_floating_ip): 409 POST http://10.180.1.21/compute/v2.1/servers/5d5d5686-c79e-48c5-a411-697a13820c75/action 0.815s
2025-05-05 22:31:19.840 71446 INFO tempest.lib.common.rest_client [req-b1649ab2-cfa0-456b-bc7a-e0bef8c4e202 req-b1649ab2-cfa0-456b-bc7a-e0bef8c4e202 ] Request (ServerPasswordTestJSON:setUpClass): 200 GET http://10.180.1.21/compute/v2.1/servers/7cad0b0a-a3a0-48a6-84eb-b674e7b96363 0.851s
2025-05-05 22:31:19.922 71464 INFO tempest.lib.common.rest_client [req-122b890f-11f0-4815-804a-fd54d0980a1d req-122b890f-11f0-4815-804a-fd54d0980a1d ] Request (ServerDiagnosticsTest:tearDownClass): 200 GET http://10.180.1.21/compute/v2.1/servers/666e2163-d6ac-46e8-bca6-c7fce49814a9 0.866s
2025-05-05 22:31:20.059 71442 INFO tempest.lib.common.rest_client [req-935b6b9f-939b-4604-9b21-8e07e733be48 req-935b6b9f-939b-4604-9b21-8e07e733be48 ] Request (AttachVolumeNegativeTest:test_attach_attached_volume_to_different_server): 202 POST http://10.180.1.21/compute/v2.1/servers 1.161s
2025-05-05 22:31:20.104 71454 INFO tempest.lib.common.rest_client [req-567d5651-7e37-4c29-b7f0-c1e49ae0bf6c req-567d5651-7e37-4c29-b7f0-c1e49ae0bf6c ] Request (ServersTestMultiNic:test_verify_duplicate_network_nics): 200 GET http://10.180.1.21/compute/v2.1/servers/2d68e334-3f17-424e-a462-b8ab10f8cbb3 0.977s
2025-05-05 22:31:20.118 71454 INFO tempest.common.waiters [-] State transition "BUILD/networking" ==> "BUILD/spawning" after 37 second wait
2025-05-05 22:31:20.169 71456 INFO tempest.lib.common.rest_client [req-59a85cca-9b29-4c80-8f3b-48dca72f1dbc req-59a85cca-9b29-4c80-8f3b-48dca72f1dbc ] Request (ServersAdminNegativeTestJSON:setUpClass): 200 GET http://10.180.1.21/compute/v2.1/servers/5d3ff322-f182-48be-9066-203f120b2512 0.974s
2025-05-05 22:31:20.228 71494 INFO tempest.lib.common.rest_client [req-2029fbdd-6219-4317-a010-55d34dcc5f3c req-2029fbdd-6219-4317-a010-55d34dcc5f3c ] Request (ImagesOneServerNegativeTestJSON:_run_cleanups): 200 GET http://10.180.1.21/compute/v2.1/servers/af490d93-f4db-479d-910c-d04a97483af6 0.924s
2025-05-05 22:31:20.289 71482 INFO tempest.lib.common.rest_client [req-7e19478e-f204-45f0-a509-6db612daf4be req-7e19478e-f204-45f0-a509-6db612daf4be ] Request (ServerExternalEventsTest:test_create_server_external_events): 200 GET http://10.180.1.21/compute/v2.1/servers/6d38db52-c6ae-4cce-9cdb-39e11eccd8fd 0.907s
2025-05-05 22:31:20.298 71448 INFO tempest.lib.common.rest_client [req-f61c0359-1ff6-4ce8-96d8-c59870557c44 req-f61c0359-1ff6-4ce8-96d8-c59870557c44 ] Request (ServersTestManualDisk:test_list_servers_with_detail): 200 GET http://10.180.1.21/compute/v2.1/servers/detail 1.161s
2025-05-05 22:31:20.351 71458 INFO tempest.lib.common.rest_client [req-d25cf7d3-fc06-4f03-a8d0-55a6c1250207 req-d25cf7d3-fc06-4f03-a8d0-55a6c1250207 ] Request (ServerMetadataTestJSON:setUpClass): 200 GET http://10.180.1.21/compute/v2.1/servers/5e954dd4-d026-48c9-8cfa-4b224e9b2c16 0.812s
2025-05-05 22:31:20.357 71468 INFO tempest.lib.common.rest_client [req-98f82a04-4ef5-4603-be82-b3f9b8659561 req-98f82a04-4ef5-4603-be82-b3f9b8659561 ] Request (DeleteServersAdminTestJSON:test_delete_server_while_in_error_state): 200 GET http://10.180.1.21/compute/v2.1/servers/a072844a-d6f2-42e6-8ee4-6532341c7977 0.900s
2025-05-05 22:31:20.359 71458 INFO tempest.common.waiters [-] State transition "BUILD/None" ==> "BUILD/networking" after 36 second wait
2025-05-05 22:31:20.394 71432 INFO tempest.lib.common.rest_client [req-f95cca6d-8c40-45cc-831c-97c22091831a req-f95cca6d-8c40-45cc-831c-97c22091831a ] Request (ListImageFiltersTestJSON:setUpClass): 200 GET http://10.180.1.21/compute/v2.1/images/dc5e38fa-7700-4c5a-aeba-89b729b19fef 0.753s
2025-05-05 22:31:20.407 71452 INFO tempest.lib.common.rest_client [req-fc264665-648c-457f-89b2-2d0a6474b34d req-fc264665-648c-457f-89b2-2d0a6474b34d ] Request (ImagesTestJSON:test_create_image_from_suspended_server): 200 GET http://10.180.1.21/compute/v2.1/servers/c848e65e-79ba-4edc-afb5-6c511c0fde71 0.807s
2025-05-05 22:31:20.466 71484 INFO tempest.lib.common.rest_client [req-20e79be0-4e44-4af9-84a5-86145d0d9776 req-20e79be0-4e44-4af9-84a5-86145d0d9776 ] Request (ServerActionsTestOtherB:setUpClass): 200 POST http://10.180.1.21/compute/v2.1/os-keypairs 0.807s
2025-05-05 22:31:20.521 71480 INFO tempest.lib.common.rest_client [req-d5420bab-02e4-459c-9e86-b011e1048f42 req-d5420bab-02e4-459c-9e86-b011e1048f42 ] Request (ServerActionsV293TestJSON:setUpClass): 200 GET http://10.180.1.21/volume/v3/volumes/78f33a7c-abb9-46e6-87c5-3a0cd37bb70e 0.040s
2025-05-05 22:31:20.528 71480 INFO tempest.common.waiters [-] volume 78f33a7c-abb9-46e6-87c5-3a0cd37bb70e reached available after waiting for 18.528912 seconds
2025-05-05 22:31:20.550 71490 INFO tempest.lib.common.rest_client [req-9ba8954c-4b0c-41d8-a9b5-a502e40a15a5 req-9ba8954c-4b0c-41d8-a9b5-a502e40a15a5 ] Request (ServersAdmin275Test:tearDownClass): 200 GET http://10.180.1.21/compute/v2.1/servers/c576b9d3-e1ae-49d7-b4ea-e3e291fc7b44 0.807s
2025-05-05 22:31:20.629 71436 INFO tempest.lib.common.rest_client [req-fc4e6c5c-e0e6-4d1f-a2a5-029b3441d70b req-fc4e6c5c-e0e6-4d1f-a2a5-029b3441d70b ] Request (AttachInterfacesTestJSON:test_create_list_show_delete_interfaces_by_fixed_ip): 200 GET http://10.180.1.21/compute/v2.1/servers/37fcddcc-b28b-461a-be2f-c5c928716584 0.894s
2025-05-05 22:31:20.642 71436 INFO tempest.lib.common.ssh [-] Creating ssh connection to '10.180.180.219:22' as 'cirros' with public key authentication
2025-05-05 22:31:20.649 71484 INFO tempest.lib.common.rest_client [req-55fdd02e-302a-4d7c-81bd-155b57959439 req-55fdd02e-302a-4d7c-81bd-155b57959439 ] Request (ServerActionsTestOtherB:setUpClass): 201 POST http://10.180.1.21:9696/networking/v2.0/security-groups 0.181s
2025-05-05 22:31:20.709 71461 INFO tempest.lib.common.rest_client [req-99383024-4795-4fa9-81b7-ba65300e3c97 req-99383024-4795-4fa9-81b7-ba65300e3c97 ] Request (ServerAddressesNegativeTestJSON:setUpClass): 200 GET http://10.180.1.21/compute/v2.1/servers/9c79e9b0-04d2-4822-9b9e-f6958c1ff2f9 0.895s
2025-05-05 22:31:20.790 71466 INFO tempest.lib.common.rest_client [req-c6549d4e-945f-4025-8bfe-4175eaf5bd45 req-c6549d4e-945f-4025-8bfe-4175eaf5bd45 ] Request (ServerMetadataNegativeTestJSON:tearDownClass): 200 GET http://10.180.1.21/compute/v2.1/servers/86e51a30-4cbd-4b56-aff8-dee09042da28 0.817s
2025-05-05 22:31:20.795 71484 INFO tempest.lib.common.rest_client [req-357a7584-c66b-4e69-9b51-1ffc1d354886 req-357a7584-c66b-4e69-9b51-1ffc1d354886 ] Request (ServerActionsTestOtherB:setUpClass): 201 POST http://10.180.1.21:9696/networking/v2.0/security-group-rules 0.145s
2025-05-05 22:31:20.848 71442 INFO tempest.lib.common.rest_client [req-56692633-07a8-437a-bf47-4db4f3184c65 req-56692633-07a8-437a-bf47-4db4f3184c65 ] Request (AttachVolumeNegativeTest:test_attach_attached_volume_to_different_server): 200 GET http://10.180.1.21/compute/v2.1/servers/0d8f036f-f0f4-4a10-ae2c-070aef7a9e78 0.787s
2025-05-05 22:31:20.964 71484 INFO tempest.lib.common.rest_client [req-c9f0974b-ee93-439e-b69a-7becd7f45f42 req-c9f0974b-ee93-439e-b69a-7becd7f45f42 ] Request (ServerActionsTestOtherB:setUpClass): 201 POST http://10.180.1.21:9696/networking/v2.0/security-group-rules 0.169s
2025-05-05 22:31:21.025 71492 INFO tempest.lib.common.rest_client [req-d0bb7b20-e23a-464f-b43b-7a96ab561b7f req-d0bb7b20-e23a-464f-b43b-7a96ab561b7f ] Request (ServersAdminTestJSON:test_create_server_with_scheduling_hint): 200 GET http://10.180.1.21/compute/v2.1/servers/c7c2f338-e656-408e-bae8-92bb630d2aa9 0.873s
2025-05-05 22:31:21.096 71438 INFO tempest.lib.common.rest_client [req-6de5595c-88cb-4f2e-8373-df041b10fb14 req-6de5595c-88cb-4f2e-8373-df041b10fb14 ] Request (SecurityGroupsTestJSON:test_server_security_groups): 200 GET http://10.180.1.21/compute/v2.1/servers/0c57c50d-b602-4936-8d90-d947cedf6a0f 0.869s
2025-05-05 22:31:21.222 71472 INFO tempest.lib.common.rest_client [req-e60895fe-ff45-495d-b37d-2f66d7badbaa req-e60895fe-ff45-495d-b37d-2f66d7badbaa ] Request (ServersListShow298Test:test_list_show_update_rebuild_server_298): 200 GET http://10.180.1.21/compute/v2.1/servers/f173acbb-196b-4e7f-bc5e-44ad94cdc9a7 0.973s
2025-05-05 22:31:21.336 71462 INFO tempest.lib.common.rest_client [req-2e6af7ab-c5dc-436b-b57e-e9d6e2870812 req-2e6af7ab-c5dc-436b-b57e-e9d6e2870812 ] Request (MigrationsAdminTest:test_list_migrations_in_flavor_resize_situation): 200 GET http://10.180.1.21/compute/v2.1/servers/b2f9536e-f32c-4e94-bb2f-eced831895f4 1.050s
2025-05-05 22:31:21.421 71478 INFO tempest.lib.common.rest_client [req-5a6a0ebc-4a6f-4c92-b3db-f4f51fcbc3c3 req-5a6a0ebc-4a6f-4c92-b3db-f4f51fcbc3c3 ] Request (FloatingIPsAssociationNegativeTestJSON:setUpClass): 200 GET http://10.180.1.21/compute/v2.1/servers/a593e2ed-9c12-430e-be17-38990a4dd8a6 1.120s
2025-05-05 22:31:21.440 71448 INFO tempest.lib.common.rest_client [req-8ad9f3f0-b388-4856-833b-876109662dab req-8ad9f3f0-b388-4856-833b-876109662dab ] Request (ServersTestManualDisk:test_verify_created_server_vcpus): 200 GET http://10.180.1.21/compute/v2.1/flavors/42 1.132s
2025-05-05 22:31:21.443 71448 INFO tempest.lib.common.ssh [-] Creating ssh connection to '10.180.180.183:22' as 'cirros' with public key authentication
2025-05-05 22:31:21.446 71448 INFO paramiko.transport [-] Connected (version 2.0, client dropbear_2020.81)
2025-05-05 22:31:21.504 71448 INFO paramiko.transport [-] Authentication (publickey) successful!
2025-05-05 22:31:21.505 71448 INFO tempest.lib.common.ssh [-] ssh connection to cirros@10.180.180.183 successfully created
2025-05-05 22:31:21.643 71434 INFO tempest.lib.common.rest_client [req-d1692dfb-d536-4bbe-accf-67d6650bf6fb req-d1692dfb-d536-4bbe-accf-67d6650bf6fb ] Request (FloatingIPsAssociationTestJSON:_run_cleanups): 202 POST http://10.180.1.21/compute/v2.1/servers/52179727-7607-4992-bb0e-2b9ec89ae1eb/action 1.874s
2025-05-05 22:31:21.729 71474 INFO tempest.lib.common.rest_client [req-529548b5-944c-47a1-94d6-6da2a48d13ec req-529548b5-944c-47a1-94d6-6da2a48d13ec ] Request (AttachInterfacesV270Test:tearDownClass): 200 GET http://10.180.1.21/compute/v2.1/servers/5beeda39-74da-4bc1-a981-4999157823be 1.347s
2025-05-05 22:31:21.772 71476 INFO tempest.lib.common.rest_client [req-66599bd9-94c7-4fc5-9605-c32a7ea0629c req-66599bd9-94c7-4fc5-9605-c32a7ea0629c ] Request (InstanceActionsV221TestJSON:test_get_list_deleted_instance_actions): 200 GET http://10.180.1.21/compute/v2.1/servers/e04a8ce7-624f-4c14-85b5-409ee889e92a 1.407s
2025-05-05 22:31:21.794 71444 INFO tempest.lib.common.rest_client [req-864a371d-fd75-467f-b831-8756a7cb99ab req-864a371d-fd75-467f-b831-8756a7cb99ab ] Request (ServersTestBootFromVolume:setUpClass): 200 GET http://10.180.1.21/compute/v2.1/servers/d760b9b9-a311-474b-99f8-b3397ade6488 1.353s
2025-05-05 22:31:21.856 71446 INFO tempest.lib.common.rest_client [req-05faeeae-e92f-4daf-9612-9d2310f405c6 req-05faeeae-e92f-4daf-9612-9d2310f405c6 ] Request (ServerPasswordTestJSON:setUpClass): 200 GET http://10.180.1.21/compute/v2.1/servers/7cad0b0a-a3a0-48a6-84eb-b674e7b96363 1.000s
2025-05-05 22:31:21.930 71464 INFO tempest.lib.common.rest_client [req-38aee80d-dd58-41e9-8858-c656af93a44f req-38aee80d-dd58-41e9-8858-c656af93a44f ] Request (ServerDiagnosticsTest:tearDownClass): 200 GET http://10.180.1.21/compute/v2.1/servers/666e2163-d6ac-46e8-bca6-c7fce49814a9 0.994s
2025-05-05 22:31:22.073 71454 INFO tempest.lib.common.rest_client [req-0e8fbd17-815b-4e39-87a5-cedae7a79d70 req-0e8fbd17-815b-4e39-87a5-cedae7a79d70 ] Request (ServersTestMultiNic:test_verify_duplicate_network_nics): 200 GET http://10.180.1.21/compute/v2.1/servers/2d68e334-3f17-424e-a462-b8ab10f8cbb3 0.954s
2025-05-05 22:31:22.130 71456 INFO tempest.lib.common.rest_client [req-f9c36323-a9c5-456d-9b45-3624efcc5f55 req-f9c36323-a9c5-456d-9b45-3624efcc5f55 ] Request (ServersAdminNegativeTestJSON:setUpClass): 200 GET http://10.180.1.21/compute/v2.1/servers/5d3ff322-f182-48be-9066-203f120b2512 0.952s
2025-05-05 22:31:22.199 71494 INFO tempest.lib.common.rest_client [req-6d37e9d1-9023-4b2f-a792-c633c433b801 req-6d37e9d1-9023-4b2f-a792-c633c433b801 ] Request (ImagesOneServerNegativeTestJSON:_run_cleanups): 200 GET http://10.180.1.21/compute/v2.1/servers/af490d93-f4db-479d-910c-d04a97483af6 0.962s
2025-05-05 22:31:22.255 71482 INFO tempest.lib.common.rest_client [req-a985187d-2041-458d-a9e4-de8bedf9b493 req-a985187d-2041-458d-a9e4-de8bedf9b493 ] Request (ServerExternalEventsTest:test_create_server_external_events): 200 GET http://10.180.1.21/compute/v2.1/servers/6d38db52-c6ae-4cce-9cdb-39e11eccd8fd 0.952s
2025-05-05 22:31:22.410 71458 INFO tempest.lib.common.rest_client [req-876cca99-70b8-4112-81d8-1bd7c1b3c09e req-876cca99-70b8-4112-81d8-1bd7c1b3c09e ] Request (ServerMetadataTestJSON:setUpClass): 200 GET http://10.180.1.21/compute/v2.1/servers/5e954dd4-d026-48c9-8cfa-4b224e9b2c16 1.049s
2025-05-05 22:31:22.417 71458 INFO tempest.common.waiters [-] State transition "BUILD/networking" ==> "BUILD/spawning" after 38 second wait
2025-05-05 22:31:22.454 71484 INFO tempest.lib.common.rest_client [req-6d2c4abb-dcfe-45fc-adc8-294521ce2609 req-6d2c4abb-dcfe-45fc-adc8-294521ce2609 ] Request (ServerActionsTestOtherB:setUpClass): 201 POST http://10.180.1.21:9696/networking/v2.0/floatingips 1.490s
2025-05-05 22:31:22.490 71468 INFO tempest.lib.common.rest_client [req-2b2ffac1-2707-45de-8be4-6135d3337953 req-2b2ffac1-2707-45de-8be4-6135d3337953 ] Request (DeleteServersAdminTestJSON:test_delete_server_while_in_error_state): 200 GET http://10.180.1.21/compute/v2.1/servers/a072844a-d6f2-42e6-8ee4-6532341c7977 1.124s
2025-05-05 22:31:22.506 71484 INFO tempest.lib.common.rest_client [req-ea5a0eb5-d973-4c3d-ac24-4924d4eabfea req-ea5a0eb5-d973-4c3d-ac24-4924d4eabfea ] Request (ServerActionsTestOtherB:setUpClass): 201 POST http://10.180.1.21/identity/v3/auth/tokens 0.048s
2025-05-05 22:31:22.506 71484 INFO tempest.lib.common.fixed_network [-] (ServerActionsTestOtherB:setUpClass) Found network {'id': '92018621-f8eb-4f06-9241-9436aeac4d25', 'name': 'tempest-ServerActionsTestOtherB-239237679-network', 'tenant_id': 'c893d2b0a2354cf091400271250ecff9', 'admin_state_up': True, 'mtu': 8950, 'status': 'ACTIVE', 'subnets': [], 'shared': False, 'project_id': 'c893d2b0a2354cf091400271250ecff9', 'port_security_enabled': True, 'router:external': False, 'provider:network_type': 'vlan', 'provider:physical_network': 'default', 'provider:segmentation_id': 918, 'availability_zone_hints': [], 'availability_zones': [], 'ipv4_address_scope': None, 'ipv6_address_scope': None, 'description': '', 'tags': [], 'created_at': '2025-05-05T22:31:16Z', 'updated_at': '2025-05-05T22:31:16Z', 'revision_number': 1} available for tenant
2025-05-05 22:31:22.530 71432 INFO tempest.lib.common.rest_client [req-994d2340-4c5f-4f49-a60e-95eacbaaaa8c req-994d2340-4c5f-4f49-a60e-95eacbaaaa8c ] Request (ListImageFiltersTestJSON:setUpClass): 200 GET http://10.180.1.21/compute/v2.1/images/dc5e38fa-7700-4c5a-aeba-89b729b19fef 1.130s
2025-05-05 22:31:22.607 71452 INFO tempest.lib.common.rest_client [req-c1fe44d6-e774-437e-9c27-1fc5941b2d7d req-c1fe44d6-e774-437e-9c27-1fc5941b2d7d ] Request (ImagesTestJSON:test_create_image_from_suspended_server): 200 GET http://10.180.1.21/compute/v2.1/servers/c848e65e-79ba-4edc-afb5-6c511c0fde71 1.191s
2025-05-05 22:31:22.637 71480 INFO tempest.lib.common.rest_client [req-97e7bba2-57ac-4a6d-a6a3-d838166aa365 req-97e7bba2-57ac-4a6d-a6a3-d838166aa365 ] Request (ServerActionsV293TestJSON:setUpClass): 202 POST http://10.180.1.21/compute/v2.1/servers 2.108s
2025-05-05 22:31:22.697 71448 INFO tempest.lib.common.rest_client [req-2ca0246e-012c-4de7-a57a-b21f35f36167 req-2ca0246e-012c-4de7-a57a-b21f35f36167 ] Request (ServersTestManualDisk:tearDownClass): 204 DELETE http://10.180.1.21/compute/v2.1/servers/3f10462d-646e-4cc2-ab2a-713c343edaf2 1.184s
2025-05-05 22:31:22.709 71470 WARNING tempest.lib.common.ssh [-] Failed to establish authenticated ssh connection to cirros@10.180.180.247 ([Errno None] Unable to connect to port 22 on 10.180.180.247). Number attempts: 5. Retry after 6 seconds.: paramiko.ssh_exception.NoValidConnectionsError: [Errno None] Unable to connect to port 22 on 10.180.180.247
2025-05-05 22:31:22.715 71490 INFO tempest.lib.common.rest_client [req-a3e2b0ee-4ecb-403c-8f12-9b771b77bd1f req-a3e2b0ee-4ecb-403c-8f12-9b771b77bd1f ] Request (ServersAdmin275Test:tearDownClass): 200 GET http://10.180.1.21/compute/v2.1/servers/c576b9d3-e1ae-49d7-b4ea-e3e291fc7b44 1.152s
2025-05-05 22:31:22.769 71461 INFO tempest.lib.common.rest_client [req-3fcf0bda-408c-442a-8303-891f8c0321a2 req-3fcf0bda-408c-442a-8303-891f8c0321a2 ] Request (ServerAddressesNegativeTestJSON:setUpClass): 200 GET http://10.180.1.21/compute/v2.1/servers/9c79e9b0-04d2-4822-9b9e-f6958c1ff2f9 1.051s
2025-05-05 22:31:22.777 71434 INFO tempest.lib.common.rest_client [req-2ad6a5ee-9245-485d-baad-41efd3410075 req-2ad6a5ee-9245-485d-baad-41efd3410075 ] Request (FloatingIPsAssociationTestJSON:_run_cleanups): 204 DELETE http://10.180.1.21/compute/v2.1/servers/52179727-7607-4992-bb0e-2b9ec89ae1eb 1.133s
2025-05-05 22:31:22.828 71442 INFO tempest.lib.common.rest_client [req-2c1f175f-2acb-4343-9ee4-2056b49f803e req-2c1f175f-2acb-4343-9ee4-2056b49f803e ] Request (AttachVolumeNegativeTest:test_attach_attached_volume_to_different_server): 200 GET http://10.180.1.21/compute/v2.1/servers/0d8f036f-f0f4-4a10-ae2c-070aef7a9e78 0.969s
2025-05-05 22:31:22.833 71466 INFO tempest.lib.common.rest_client [req-7683fb38-2738-441e-8dc4-a64e55a7b26d req-7683fb38-2738-441e-8dc4-a64e55a7b26d ] Request (ServerMetadataNegativeTestJSON:tearDownClass): 200 GET http://10.180.1.21/compute/v2.1/servers/86e51a30-4cbd-4b56-aff8-dee09042da28 1.025s
2025-05-05 22:31:22.887 71438 INFO tempest.lib.common.rest_client [req-3e44d62c-4c5f-4e2a-a901-1d1853ce6da0 req-3e44d62c-4c5f-4e2a-a901-1d1853ce6da0 ] Request (SecurityGroupsTestJSON:test_server_security_groups): 200 GET http://10.180.1.21/compute/v2.1/servers/0c57c50d-b602-4936-8d90-d947cedf6a0f 0.775s
2025-05-05 22:31:22.949 71492 INFO tempest.lib.common.rest_client [req-895515cb-6627-4326-a731-9487d41a8e8f req-895515cb-6627-4326-a731-9487d41a8e8f ] Request (ServersAdminTestJSON:test_create_server_with_scheduling_hint): 200 GET http://10.180.1.21/compute/v2.1/servers/c7c2f338-e656-408e-bae8-92bb630d2aa9 0.915s
2025-05-05 22:31:22.959 71472 INFO tempest.lib.common.rest_client [req-80f366f6-a563-4d98-be59-22bdb7123232 req-80f366f6-a563-4d98-be59-22bdb7123232 ] Request (ServersListShow298Test:test_list_show_update_rebuild_server_298): 200 GET http://10.180.1.21/compute/v2.1/servers/f173acbb-196b-4e7f-bc5e-44ad94cdc9a7 0.721s
2025-05-05 22:31:22.960 71492 INFO tempest.common.waiters [-] State transition "BUILD/spawning" ==> "ACTIVE/None" after 51 second wait
2025-05-05 22:31:23.005 71462 INFO tempest.lib.common.rest_client [req-8918b02c-5f8d-41a6-bee6-74446d34df31 req-8918b02c-5f8d-41a6-bee6-74446d34df31 ] Request (MigrationsAdminTest:test_list_migrations_in_flavor_resize_situation): 200 GET http://10.180.1.21/compute/v2.1/servers/b2f9536e-f32c-4e94-bb2f-eced831895f4 0.655s
2025-05-05 22:31:23.024 71478 INFO tempest.lib.common.rest_client [req-0eee0c65-48aa-44b0-b584-c42b7c637d57 req-0eee0c65-48aa-44b0-b584-c42b7c637d57 ] Request (FloatingIPsAssociationNegativeTestJSON:setUpClass): 200 GET http://10.180.1.21/compute/v2.1/servers/a593e2ed-9c12-430e-be17-38990a4dd8a6 0.592s
2025-05-05 22:31:23.066 71492 INFO tempest.lib.common.rest_client [req-8e6926d8-5718-431e-b6b7-464dcd9967ef req-8e6926d8-5718-431e-b6b7-464dcd9967ef ] Request (ServersAdminTestJSON:test_inject_network_info): 201 POST http://10.180.1.21/identity/v3/auth/tokens 0.093s
2025-05-05 22:31:23.066 71492 INFO tempest.lib.common.fixed_network [-] (ServersAdminTestJSON:test_inject_network_info) Found network {'id': '32d92988-4e68-4c10-b79e-d9f40f7eab19', 'name': 'tempest-ServersAdminTestJSON-1777278592-network', 'tenant_id': '12f37cf707db4ecba3aaecd49833b75f', 'admin_state_up': True, 'mtu': 8950, 'status': 'ACTIVE', 'subnets': [], 'shared': False, 'project_id': '12f37cf707db4ecba3aaecd49833b75f', 'port_security_enabled': True, 'router:external': False, 'provider:network_type': 'vlan', 'provider:physical_network': 'default', 'provider:segmentation_id': 594, 'availability_zone_hints': [], 'availability_zones': [], 'ipv4_address_scope': None, 'ipv6_address_scope': None, 'description': '', 'tags': [], 'created_at': '2025-05-05T22:29:41Z', 'updated_at': '2025-05-05T22:29:41Z', 'revision_number': 1} available for tenant
2025-05-05 22:31:23.081 71480 INFO tempest.lib.common.rest_client [req-d26a6891-32c2-4fde-992d-c8cf9a843e1b req-d26a6891-32c2-4fde-992d-c8cf9a843e1b ] Request (ServerActionsV293TestJSON:setUpClass): 200 GET http://10.180.1.21/compute/v2.1/servers/35739b42-c8b6-40a7-a0e7-7d62a708ff1b 0.442s
2025-05-05 22:31:23.234 71448 INFO tempest.lib.common.rest_client [req-5b28014f-8c51-43f3-bc43-4a31b7aa5a49 req-5b28014f-8c51-43f3-bc43-4a31b7aa5a49 ] Request (ServersTestManualDisk:tearDownClass): 200 GET http://10.180.1.21/compute/v2.1/servers/3f10462d-646e-4cc2-ab2a-713c343edaf2 0.536s
2025-05-05 22:31:23.258 71474 INFO tempest.lib.common.rest_client [req-c6a657e2-7b83-422b-ae71-0aebc33b4413 req-c6a657e2-7b83-422b-ae71-0aebc33b4413 ] Request (AttachInterfacesV270Test:tearDownClass): 404 GET http://10.180.1.21/compute/v2.1/servers/5beeda39-74da-4bc1-a981-4999157823be 0.517s
2025-05-05 22:31:23.337 71476 INFO tempest.lib.common.rest_client [req-c9348df0-6f92-4377-b946-e7e8a2e96105 req-c9348df0-6f92-4377-b946-e7e8a2e96105 ] Request (InstanceActionsV221TestJSON:test_get_list_deleted_instance_actions): 200 GET http://10.180.1.21/compute/v2.1/servers/e04a8ce7-624f-4c14-85b5-409ee889e92a 0.556s
2025-05-05 22:31:23.471 71484 INFO tempest.lib.common.rest_client [req-044750f3-a621-4dbb-802b-a01fb8d38e8e req-044750f3-a621-4dbb-802b-a01fb8d38e8e ] Request (ServerActionsTestOtherB:setUpClass): 202 POST http://10.180.1.21/compute/v2.1/servers 0.963s
2025-05-05 22:31:23.537 71444 INFO tempest.lib.common.rest_client [req-54b83643-472f-49f7-b2fa-d6fd80996d6b req-54b83643-472f-49f7-b2fa-d6fd80996d6b ] Request (ServersTestBootFromVolume:setUpClass): 200 GET http://10.180.1.21/compute/v2.1/servers/d760b9b9-a311-474b-99f8-b3397ade6488 0.732s
2025-05-05 22:31:23.605 71446 INFO tempest.lib.common.rest_client [req-21ed0d89-1ad5-49d5-b589-2eb9583bca53 req-21ed0d89-1ad5-49d5-b589-2eb9583bca53 ] Request (ServerPasswordTestJSON:setUpClass): 200 GET http://10.180.1.21/compute/v2.1/servers/7cad0b0a-a3a0-48a6-84eb-b674e7b96363 0.739s
2025-05-05 22:31:23.682 71464 INFO tempest.lib.common.rest_client [req-3187e983-5901-4f5a-a33e-f1b3a5ccd04b req-3187e983-5901-4f5a-a33e-f1b3a5ccd04b ] Request (ServerDiagnosticsTest:tearDownClass): 200 GET http://10.180.1.21/compute/v2.1/servers/666e2163-d6ac-46e8-bca6-c7fce49814a9 0.740s
2025-05-05 22:31:23.800 71436 WARNING tempest.lib.common.ssh [-] Failed to establish authenticated ssh connection to cirros@10.180.180.219 ([Errno None] Unable to connect to port 22 on 10.180.180.219). Number attempts: 1. Retry after 2 seconds.: paramiko.ssh_exception.NoValidConnectionsError: [Errno None] Unable to connect to port 22 on 10.180.180.219
2025-05-05 22:31:24.115 71492 INFO tempest.lib.common.rest_client [req-2c92d506-8b69-4a6f-9f89-e87d0e413831 req-2c92d506-8b69-4a6f-9f89-e87d0e413831 ] Request (ServersAdminTestJSON:test_inject_network_info): 202 POST http://10.180.1.21/compute/v2.1/servers 1.048s
2025-05-05 22:31:24.345 71454 INFO tempest.lib.common.rest_client [req-43d1318b-ecde-4e1d-972b-b1898871a027 req-43d1318b-ecde-4e1d-972b-b1898871a027 ] Request (ServersTestMultiNic:test_verify_duplicate_network_nics): 200 GET http://10.180.1.21/compute/v2.1/servers/2d68e334-3f17-424e-a462-b8ab10f8cbb3 1.262s
2025-05-05 22:31:24.431 71456 INFO tempest.lib.common.rest_client [req-8bd89015-f357-4d5d-83d5-60de7457637d req-8bd89015-f357-4d5d-83d5-60de7457637d ] Request (ServersAdminNegativeTestJSON:setUpClass): 200 GET http://10.180.1.21/compute/v2.1/servers/5d3ff322-f182-48be-9066-203f120b2512 1.286s
2025-05-05 22:31:24.541 71494 INFO tempest.lib.common.rest_client [req-419c3991-ce5c-4d78-9fe5-815f26f9fa03 req-419c3991-ce5c-4d78-9fe5-815f26f9fa03 ] Request (ImagesOneServerNegativeTestJSON:_run_cleanups): 200 GET http://10.180.1.21/compute/v2.1/servers/af490d93-f4db-479d-910c-d04a97483af6 1.332s
2025-05-05 22:31:24.603 71474 INFO tempest.lib.common.rest_client [req-9b466de8-280e-4c66-afb8-7a866c559324 req-9b466de8-280e-4c66-afb8-7a866c559324 ] Request (AttachInterfacesV270Test:tearDownClass): 200 PUT http://10.180.1.21:9696/networking/v2.0/routers/dac253fe-6e55-4597-8bf9-5c1bfc0f0e0f/remove_router_interface 1.343s
2025-05-05 22:31:24.622 71482 INFO tempest.lib.common.rest_client [req-83cab01d-f18f-40bc-9607-02044011d64d req-83cab01d-f18f-40bc-9607-02044011d64d ] Request (ServerExternalEventsTest:test_create_server_external_events): 200 GET http://10.180.1.21/compute/v2.1/servers/6d38db52-c6ae-4cce-9cdb-39e11eccd8fd 1.356s
2025-05-05 22:31:24.632 71482 INFO tempest.common.waiters [-] State transition "BUILD/scheduling" ==> "BUILD/None" after 25 second wait
2025-05-05 22:31:24.770 71434 INFO tempest.lib.common.rest_client [req-252a4a09-8315-471b-81f9-a1fdf4256ea5 req-252a4a09-8315-471b-81f9-a1fdf4256ea5 ] Request (FloatingIPsAssociationTestJSON:test_associate_disassociate_floating_ip): 202 POST http://10.180.1.21/compute/v2.1/servers/5d5d5686-c79e-48c5-a411-697a13820c75/action 1.986s
2025-05-05 22:31:24.834 71458 INFO tempest.lib.common.rest_client [req-fb888a23-3360-43ee-b687-9342139e6599 req-fb888a23-3360-43ee-b687-9342139e6599 ] Request (ServerMetadataTestJSON:setUpClass): 200 GET http://10.180.1.21/compute/v2.1/servers/5e954dd4-d026-48c9-8cfa-4b224e9b2c16 1.416s
2025-05-05 22:31:24.836 71484 INFO tempest.lib.common.rest_client [req-216ceec1-1dbe-4449-a195-25eadf97f6bc req-216ceec1-1dbe-4449-a195-25eadf97f6bc ] Request (ServerActionsTestOtherB:setUpClass): 200 GET http://10.180.1.21/compute/v2.1/servers/2f9f3bdd-1c9a-456b-9959-146dc2aec368 1.363s
2025-05-05 22:31:24.889 71432 INFO tempest.lib.common.rest_client [req-ffb5e5c9-5a16-48ac-9f9c-e164a8ddafda req-ffb5e5c9-5a16-48ac-9f9c-e164a8ddafda ] Request (ListImageFiltersTestJSON:setUpClass): 200 GET http://10.180.1.21/compute/v2.1/images/dc5e38fa-7700-4c5a-aeba-89b729b19fef 1.352s
2025-05-05 22:31:24.960 71468 INFO tempest.lib.common.rest_client [req-06eb6e18-d395-4feb-8c0a-1af11a064e54 req-06eb6e18-d395-4feb-8c0a-1af11a064e54 ] Request (DeleteServersAdminTestJSON:test_delete_server_while_in_error_state): 200 GET http://10.180.1.21/compute/v2.1/servers/a072844a-d6f2-42e6-8ee4-6532341c7977 1.459s
2025-05-05 22:31:24.965 71452 INFO tempest.lib.common.rest_client [req-b3886102-6565-459c-820f-e10d295d4791 req-b3886102-6565-459c-820f-e10d295d4791 ] Request (ImagesTestJSON:test_create_image_from_suspended_server): 200 GET http://10.180.1.21/compute/v2.1/servers/c848e65e-79ba-4edc-afb5-6c511c0fde71 1.346s
2025-05-05 22:31:25.052 71461 INFO tempest.lib.common.rest_client [req-adeff969-a97a-4085-9a1a-b36ea3c06ec3 req-adeff969-a97a-4085-9a1a-b36ea3c06ec3 ] Request (ServerAddressesNegativeTestJSON:setUpClass): 200 GET http://10.180.1.21/compute/v2.1/servers/9c79e9b0-04d2-4822-9b9e-f6958c1ff2f9 1.267s
2025-05-05 22:31:25.072 71490 INFO tempest.lib.common.rest_client [req-56650afb-79b2-4f5a-8946-1987f346969c req-56650afb-79b2-4f5a-8946-1987f346969c ] Request (ServersAdmin275Test:tearDownClass): 200 GET http://10.180.1.21/compute/v2.1/servers/c576b9d3-e1ae-49d7-b4ea-e3e291fc7b44 1.344s
2025-05-05 22:31:25.109 71486 WARNING tempest.lib.common.ssh [-] Failed to establish authenticated ssh connection to cirros@10.180.180.231 ([Errno None] Unable to connect to port 22 on 10.180.180.231). Number attempts: 5. Retry after 6 seconds.: paramiko.ssh_exception.NoValidConnectionsError: [Errno None] Unable to connect to port 22 on 10.180.180.231
2025-05-05 22:31:25.136 71442 INFO tempest.lib.common.rest_client [req-4e1c3b6a-184d-4302-b300-cac9a7173cc1 req-4e1c3b6a-184d-4302-b300-cac9a7173cc1 ] Request (AttachVolumeNegativeTest:test_attach_attached_volume_to_different_server): 200 GET http://10.180.1.21/compute/v2.1/servers/0d8f036f-f0f4-4a10-ae2c-070aef7a9e78 1.296s
2025-05-05 22:31:25.141 71488 WARNING tempest.lib.common.ssh [-] Failed to establish authenticated ssh connection to cirros@10.180.180.204 ([Errno None] Unable to connect to port 22 on 10.180.180.204). Number attempts: 5. Retry after 6 seconds.: paramiko.ssh_exception.NoValidConnectionsError: [Errno None] Unable to connect to port 22 on 10.180.180.204
2025-05-05 22:31:25.153 71474 INFO tempest.lib.common.rest_client [req-2defeedf-c0e6-4fe6-b417-048f72c532ba req-2defeedf-c0e6-4fe6-b417-048f72c532ba ] Request (AttachInterfacesV270Test:tearDownClass): 204 DELETE http://10.180.1.21:9696/networking/v2.0/routers/dac253fe-6e55-4597-8bf9-5c1bfc0f0e0f 0.550s
2025-05-05 22:31:25.159 71466 INFO tempest.lib.common.rest_client [req-8e5bc520-e43e-476a-ac83-b0d415738896 req-8e5bc520-e43e-476a-ac83-b0d415738896 ] Request (ServerMetadataNegativeTestJSON:tearDownClass): 200 GET http://10.180.1.21/compute/v2.1/servers/86e51a30-4cbd-4b56-aff8-dee09042da28 1.315s
2025-05-05 22:31:25.203 71438 INFO tempest.lib.common.rest_client [req-8808a0cc-6187-49c0-a112-1511701f4fe6 req-8808a0cc-6187-49c0-a112-1511701f4fe6 ] Request (SecurityGroupsTestJSON:test_server_security_groups): 200 GET http://10.180.1.21/compute/v2.1/servers/0c57c50d-b602-4936-8d90-d947cedf6a0f 1.309s
2025-05-05 22:31:25.261 71462 INFO tempest.lib.common.rest_client [req-f384daac-2009-45ef-8f0e-6505e8d5cf36 req-f384daac-2009-45ef-8f0e-6505e8d5cf36 ] Request (MigrationsAdminTest:test_list_migrations_in_flavor_resize_situation): 200 GET http://10.180.1.21/compute/v2.1/servers/b2f9536e-f32c-4e94-bb2f-eced831895f4 1.247s
2025-05-05 22:31:25.309 71472 INFO tempest.lib.common.rest_client [req-8b4a3fd7-b335-41f3-a13d-742ff999b12e req-8b4a3fd7-b335-41f3-a13d-742ff999b12e ] Request (ServersListShow298Test:test_list_show_update_rebuild_server_298): 200 GET http://10.180.1.21/compute/v2.1/servers/f173acbb-196b-4e7f-bc5e-44ad94cdc9a7 1.334s
2025-05-05 22:31:25.320 71478 INFO tempest.lib.common.rest_client [req-62bfb256-062e-44a1-8c30-92057947d203 req-62bfb256-062e-44a1-8c30-92057947d203 ] Request (FloatingIPsAssociationNegativeTestJSON:setUpClass): 200 GET http://10.180.1.21/compute/v2.1/servers/a593e2ed-9c12-430e-be17-38990a4dd8a6 1.286s
2025-05-05 22:31:25.326 71472 INFO tempest.common.waiters [-] State transition "BUILD/None" ==> "BUILD/networking" after 40 second wait
2025-05-05 22:31:25.334 71474 INFO tempest.lib.common.rest_client [req-1b29b4ae-a758-4894-845b-2fde643d726f req-1b29b4ae-a758-4894-845b-2fde643d726f ] Request (AttachInterfacesV270Test:tearDownClass): 204 DELETE http://10.180.1.21:9696/networking/v2.0/subnets/23af4f38-707a-45f8-9bab-cbb27e1733ad 0.181s
2025-05-05 22:31:25.386 71492 INFO tempest.lib.common.rest_client [req-8b033763-bb2a-46e6-9417-f774cd22636c req-8b033763-bb2a-46e6-9417-f774cd22636c ] Request (ServersAdminTestJSON:test_inject_network_info): 200 GET http://10.180.1.21/compute/v2.1/servers/a02f0c97-1cb9-4c0e-8787-583f9c1c4688 1.269s
2025-05-05 22:31:25.400 71480 INFO tempest.lib.common.rest_client [req-cd48e7b9-4a61-4234-8495-b8a0056204ba req-cd48e7b9-4a61-4234-8495-b8a0056204ba ] Request (ServerActionsV293TestJSON:setUpClass): 200 GET http://10.180.1.21/compute/v2.1/servers/35739b42-c8b6-40a7-a0e7-7d62a708ff1b 1.307s
