2025-05-14 09:50:24.963 70088 INFO tempest.lib.common.rest_client [req-267712af-8134-4ed3-9b6f-004c5566439f req-267712af-8134-4ed3-9b6f-004c5566439f ] Request (VolumesAdminNegativeTest:test_update_attached_volume_with_nonexistent_volume_in_body): 200 GET http://10.180.1.21/compute/v2.1/servers/f254ccca-ffc2-4ca6-92ac-317b5f99cd20 0.888s
2025-05-14 09:50:24.968 70102 INFO tempest.lib.common.rest_client [req-5f549b78-e756-4a06-8f16-ca4212d73a5b req-5f549b78-e756-4a06-8f16-ca4212d73a5b ] Request (DeleteServersTestJSON:setUpClass): 201 POST http://10.180.1.21/identity/v3/auth/tokens 0.141s
2025-05-14 09:50:25.029 70102 INFO tempest.lib.common.rest_client [req-02f4e40a-0b8e-4786-a2c6-a5d562b95dde req-02f4e40a-0b8e-4786-a2c6-a5d562b95dde ] Request (DeleteServersTestJSON:test_delete_active_server): 201 POST http://10.180.1.21/identity/v3/auth/tokens 0.054s
2025-05-14 09:50:25.030 70102 INFO tempest.lib.common.fixed_network [-] (DeleteServersTestJSON:test_delete_active_server) Found network {'id': '49fece2b-ce23-4e2b-9f1a-40d401686867', 'name': 'tempest-DeleteServersTestJSON-1169493966-network', 'tenant_id': '384851ba5d9645a48c645ad3db374d90', 'admin_state_up': True, 'mtu': 8950, 'status': 'ACTIVE', 'subnets': [], 'shared': False, 'project_id': '384851ba5d9645a48c645ad3db374d90', 'port_security_enabled': True, 'router:external': False, 'provider:network_type': 'vlan', 'provider:physical_network': 'default', 'provider:segmentation_id': 884, 'availability_zone_hints': [], 'availability_zones': [], 'ipv4_address_scope': None, 'ipv6_address_scope': None, 'description': '', 'tags': [], 'created_at': '2025-05-14T09:50:18Z', 'updated_at': '2025-05-14T09:50:19Z', 'revision_number': 1} available for tenant
2025-05-14 09:50:25.072 70128 INFO tempest.lib.common.rest_client [req-4ee70084-b7db-489d-878f-a3eb61f6589e req-4ee70084-b7db-489d-878f-a3eb61f6589e ] Request (InstanceActionsNegativeTestJSON:setUpClass): 200 GET http://10.180.1.21/compute/v2.1/servers/e3c53d5b-18f8-4c41-8ec2-fd8e170576af 0.890s
2025-05-14 09:50:25.073 70106 INFO tempest.lib.common.rest_client [req-cd76c4e5-2187-419c-a3e2-5790fd767fb0 req-cd76c4e5-2187-419c-a3e2-5790fd767fb0 ] Request (ListServersNegativeTestJSON:setUpClass): 200 GET http://10.180.1.21/compute/v2.1/servers/ee008d19-5fee-41b6-b831-4fd2f8bb5327 0.925s
2025-05-14 09:50:25.132 70090 INFO tempest.lib.common.rest_client [req-c8e2b744-cc9f-428f-8916-adec878e7b83 req-c8e2b744-cc9f-428f-8916-adec878e7b83 ] Request (SecurityGroupRulesTestJSON:tearDownClass): 204 DELETE http://10.180.1.21/identity/v3/users/a3ff2ef364444bc18144caec423a77a9 0.208s
2025-05-14 09:50:25.133 70090 INFO tempest.lib.common.dynamic_creds [-] Deleting project and security group for project: 2b28078b27be46acb0ec495814bac278
2025-05-14 09:50:25.191 70130 INFO tempest.lib.common.rest_client [req-dfb72b36-7d9f-4e7e-955c-f7e1734e86d8 req-dfb72b36-7d9f-4e7e-955c-f7e1734e86d8 ] Request (AttachVolumeNegativeTest:test_attach_attached_volume_to_different_server): 200 GET http://10.180.1.21/compute/v2.1/servers/559d44dc-2ae8-48a9-9dcd-bad5d03ed236 0.857s
2025-05-14 09:50:25.194 70094 INFO tempest.lib.common.rest_client [req-907ed5f4-074f-4777-8dd7-d8a60e856933 req-907ed5f4-074f-4777-8dd7-d8a60e856933 ] Request (ServersAdmin275Test:test_rebuild_update_server_275): 200 GET http://10.180.1.21/compute/v2.1/servers/c6473d46-cde3-401b-8654-a9013978b81b 0.929s
2025-05-14 09:50:25.211 70144 INFO tempest.lib.common.rest_client [req-50802fcb-1402-4ff3-9a29-78bab4f3a58a req-50802fcb-1402-4ff3-9a29-78bab4f3a58a ] Request (FlavorsAdminTestJSON:_run_cleanups): 202 DELETE http://10.180.1.21/compute/v2.1/flavors/1815437993 0.818s
2025-05-14 09:50:25.255 70090 INFO tempest.lib.common.rest_client [req-5fc2856e-3379-4ef0-bc59-8ca8a9845761 req-5fc2856e-3379-4ef0-bc59-8ca8a9845761 ] Request (SecurityGroupRulesTestJSON:tearDownClass): 200 GET http://10.180.1.21:9696/networking/v2.0/security-groups?tenant_id=2b28078b27be46acb0ec495814bac278&name=default 0.122s
2025-05-14 09:50:25.308 70086 INFO tempest.lib.common.rest_client [req-ed367af3-d0df-4f29-bfa3-f2f6d4cfbf96 req-ed367af3-d0df-4f29-bfa3-f2f6d4cfbf96 ] Request (ServerExternalEventsTest:tearDownClass): 200 GET http://10.180.1.21/compute/v2.1/servers/b9cb0a36-50a0-4030-b8c7-aec41255fb60 0.874s
2025-05-14 09:50:25.407 70116 INFO tempest.lib.common.rest_client [req-14da333a-89e0-4323-8529-71c73535be4a req-14da333a-89e0-4323-8529-71c73535be4a ] Request (AttachInterfacesV270Test:tearDownClass): 200 GET http://10.180.1.21/compute/v2.1/servers/2631d429-9d16-4cdf-b7cf-14ea26d5fd94 0.846s
2025-05-14 09:50:25.439 70126 INFO tempest.lib.common.rest_client [req-be88255a-de23-49a3-ad19-3202b6a24b0e req-be88255a-de23-49a3-ad19-3202b6a24b0e ] Request (ServersTestBootFromVolume:setUpClass): 200 GET http://10.180.1.21/compute/v2.1/servers/0cd34a99-40c7-4603-aacf-80205275b852 0.971s
2025-05-14 09:50:25.504 70084 INFO tempest.lib.common.rest_client [req-5d865159-550b-42bc-8958-a59a72dc4170 req-5d865159-550b-42bc-8958-a59a72dc4170 ] Request (ImagesMetadataTestJSON:test_list_image_metadata): 200 GET http://10.180.1.21/compute/v2.1/images/7d137647-930d-43ad-af19-c57dbb34e7a3/metadata 0.924s
2025-05-14 09:50:25.532 70090 INFO tempest.lib.common.rest_client [req-4eac0fc4-ed4a-487d-affd-b6aa61d23c3b req-4eac0fc4-ed4a-487d-affd-b6aa61d23c3b ] Request (SecurityGroupRulesTestJSON:tearDownClass): 204 DELETE http://10.180.1.21:9696/networking/v2.0/security-groups/419a87ad-5104-4d1d-9a44-263b00abf0e7 0.276s
2025-05-14 09:50:25.554 70113 INFO tempest.lib.common.rest_client [req-da783974-53a9-4079-895a-cd00722d9743 req-da783974-53a9-4079-895a-cd00722d9743 ] Request (ImagesNegativeTestJSON:test_create_image_from_deleted_server): 200 GET http://10.180.1.21/compute/v2.1/servers/733e01e7-5429-41fe-8cd0-9fc56d03fce0 0.917s
2025-05-14 09:50:25.604 70114 INFO tempest.lib.common.rest_client [req-e7d144b5-4216-4dc8-b084-39f0096f1bb2 req-e7d144b5-4216-4dc8-b084-39f0096f1bb2 ] Request (AttachVolumeShelveTestJSON:test_attach_volume_shelved_or_offload_server): 200 GET http://10.180.1.21/compute/v2.1/servers/23bc134e-7725-40b1-b79d-d8ef6dbd7cad 0.886s
2025-05-14 09:50:25.637 70098 INFO tempest.lib.common.rest_client [req-72a44db7-f6d4-4e68-89e9-eced8a7339ef req-72a44db7-f6d4-4e68-89e9-eced8a7339ef ] Request (FloatingIPsAssociationTestJSON:setUpClass): 200 GET http://10.180.1.21/compute/v2.1/servers/452c0e3a-8dcc-43af-8b77-ac1b2e9a3fc3 0.752s
2025-05-14 09:50:25.701 70090 INFO tempest.lib.common.rest_client [req-d8d6c9c1-060a-4ce5-9c09-08ec1fd2becb req-d8d6c9c1-060a-4ce5-9c09-08ec1fd2becb ] Request (SecurityGroupRulesTestJSON:tearDownClass): 204 DELETE http://10.180.1.21/identity/v3/projects/2b28078b27be46acb0ec495814bac278 0.169s
2025-05-14 09:50:25.758 70104 INFO tempest.lib.common.rest_client [req-90c945f6-d1f0-4de7-93db-399f2dd7b735 req-90c945f6-d1f0-4de7-93db-399f2dd7b735 ] Request (FloatingIPDetailsNegativeTestJSON:tearDownClass): 204 DELETE http://10.180.1.21:9696/networking/v2.0/routers/ff152fb4-5914-48a2-9600-bf828da64203 1.302s
2025-05-14 09:50:25.765 70118 INFO tempest.lib.common.rest_client [req-2e0eb1bf-cb12-4fab-8b6f-c09fc1a4e83c req-2e0eb1bf-cb12-4fab-8b6f-c09fc1a4e83c ] Request (ServerDiagnosticsNegativeTest:test_get_server_diagnostics_by_non_admin): 200 GET http://10.180.1.21/compute/v2.1/servers/f9371520-75bc-414a-a704-30dba68d5a52 0.754s
2025-05-14 09:50:25.774 70090 INFO tempest.lib.common.rest_client [req-1c7c1a15-42be-4098-82b8-7931a2765544 req-1c7c1a15-42be-4098-82b8-7931a2765544 ] Request (ServersListShow296Test:setUpClass): 201 POST http://10.180.1.21/identity/v3/auth/tokens 0.071s
2025-05-14 09:50:25.775 70118 INFO tempest.common.waiters [-] State transition "BUILD/None" ==> "BUILD/spawning" after 30 second wait
2025-05-14 09:50:25.808 70090 INFO tempest.lib.common.rest_client [req-d88504e2-e994-437b-9ced-90c10e9ba7ba req-d88504e2-e994-437b-9ced-90c10e9ba7ba ] Request (ServersListShow296Test:setUpClass): 201 POST http://10.180.1.21/identity/v3/auth/tokens 0.031s
2025-05-14 09:50:25.816 70108 WARNING tempest.lib.common.ssh [-] Failed to establish authenticated ssh connection to cirros@10.180.180.181 ([Errno None] Unable to connect to port 22 on 10.180.180.181). Number attempts: 1. Retry after 2 seconds.: paramiko.ssh_exception.NoValidConnectionsError: [Errno None] Unable to connect to port 22 on 10.180.180.181
2025-05-14 09:50:25.853 70090 INFO tempest.lib.common.rest_client [req-2394273d-b5fb-4993-9a7d-3b161c65409b req-2394273d-b5fb-4993-9a7d-3b161c65409b ] Request (ServersListShow296Test:setUpClass): 200 GET http://10.180.1.21/identity/v3/domains?name=Default 0.044s
2025-05-14 09:50:25.900 70090 INFO tempest.lib.common.rest_client [req-322446e6-b89f-458e-9f5a-51f9fe4d6446 req-322446e6-b89f-458e-9f5a-51f9fe4d6446 ] Request (ServersListShow296Test:setUpClass): 201 POST http://10.180.1.21/identity/v3/projects 0.047s
2025-05-14 09:50:25.984 70104 INFO tempest.lib.common.rest_client [req-ed2530b0-983b-4361-b5d8-d3b66e4547d0 req-ed2530b0-983b-4361-b5d8-d3b66e4547d0 ] Request (FloatingIPDetailsNegativeTestJSON:tearDownClass): 204 DELETE http://10.180.1.21:9696/networking/v2.0/subnets/a5f187bf-3019-40cd-a3b0-7427df4d5e5c 0.225s
2025-05-14 09:50:26.010 70090 INFO tempest.lib.common.rest_client [req-81b19fe8-d073-4ca1-a32c-7ffd133b3f9f req-81b19fe8-d073-4ca1-a32c-7ffd133b3f9f ] Request (ServersListShow296Test:setUpClass): 201 POST http://10.180.1.21/identity/v3/users 0.109s
2025-05-14 09:50:26.039 70090 INFO tempest.lib.common.rest_client [req-43383e87-09b5-4d85-8b36-5a1cab7d5aef req-43383e87-09b5-4d85-8b36-5a1cab7d5aef ] Request (ServersListShow296Test:setUpClass): 200 GET http://10.180.1.21/identity/v3/roles 0.028s
2025-05-14 09:50:26.070 70136 INFO tempest.lib.common.rest_client [req-a917f4ce-0c26-4768-ac4e-ea2f3376bef0 req-a917f4ce-0c26-4768-ac4e-ea2f3376bef0 ] Request (ListImageFiltersTestJSON:setUpClass): 200 GET http://10.180.1.21/compute/v2.1/servers/029aa35a-3407-4d4f-9388-1978a073ecd2 1.032s
2025-05-14 09:50:26.078 70090 INFO tempest.lib.common.rest_client [req-9b2a6580-30e1-421e-b364-a294fc427702 req-9b2a6580-30e1-421e-b364-a294fc427702 ] Request (ServersListShow296Test:setUpClass): 204 PUT http://10.180.1.21/identity/v3/projects/829fea8b1d504fcba628c3cccf4304cb/users/0e36f24d075541db8875c6eb2bc294f8/roles/a39c8938f9a84f969bd045d82a5baa4b 0.038s
2025-05-14 09:50:26.078 70090 INFO tempest.lib.common.dynamic_creds [-] Dynamic test user 0e36f24d075541db8875c6eb2bc294f8 is created with scope project and roles: ['member']
2025-05-14 09:50:26.079 70090 INFO tempest.lib.common.dynamic_creds [-] Acquired dynamic creds: credentials: Credentials: {'domain_id': 'default', 'domain_name': 'Default', 'username': 'tempest-ServersListShow296Test-1390575967-project-member', 'project_domain_id': 'default', 'project_domain_name': 'Default', 'project_id': '829fea8b1d504fcba628c3cccf4304cb', 'project_name': 'tempest-ServersListShow296Test-1390575967', 'tenant_id': '829fea8b1d504fcba628c3cccf4304cb', 'tenant_name': 'tempest-ServersListShow296Test-1390575967', 'user_domain_id': 'default', 'user_domain_name': 'Default', 'user_id': '0e36f24d075541db8875c6eb2bc294f8', 'system': None}, Network: None, Subnet: None, Router: None
2025-05-14 09:50:26.079 70090 INFO tempest.lib.common.dynamic_creds [-] Created isolated network resources for: credentials: Credentials: {'domain_id': 'default', 'domain_name': 'Default', 'username': 'tempest-ServersListShow296Test-1390575967-project-member', 'project_domain_id': 'default', 'project_domain_name': 'Default', 'project_id': '829fea8b1d504fcba628c3cccf4304cb', 'project_name': 'tempest-ServersListShow296Test-1390575967', 'tenant_id': '829fea8b1d504fcba628c3cccf4304cb', 'tenant_name': 'tempest-ServersListShow296Test-1390575967', 'user_domain_id': 'default', 'user_domain_name': 'Default', 'user_id': '0e36f24d075541db8875c6eb2bc294f8', 'system': None}, Network: None, Subnet: None, Router: None
2025-05-14 09:50:26.166 70134 INFO tempest.lib.common.rest_client [req-e858e8ab-144e-4cea-9d2c-260704c6561e req-e858e8ab-144e-4cea-9d2c-260704c6561e ] Request (TenantUsagesTestJSON:tearDownClass): 200 GET http://10.180.1.21/compute/v2.1/servers/a006d1f1-5185-4717-bf54-fa8b33c19fda 1.038s
2025-05-14 09:50:26.173 70090 INFO tempest.lib.common.rest_client [req-05031bbe-b1bf-4c2d-bff8-3ea9c5585c30 req-05031bbe-b1bf-4c2d-bff8-3ea9c5585c30 ] Request (ServersListShow296Test:setUpClass): 201 POST http://10.180.1.21/identity/v3/auth/tokens 0.087s
2025-05-14 09:50:26.178 70134 INFO tempest.common.waiters [-] State transition "ACTIVE/deleting" ==> "DELETED/None" after 4 second wait
2025-05-14 09:50:26.215 70090 INFO tempest.lib.common.rest_client [req-8f6dfe2f-ecb2-4255-a3bf-42190f168738 req-8f6dfe2f-ecb2-4255-a3bf-42190f168738 ] Request (ServersListShow296Test:test_list_show_update_rebuild_server_296): 201 POST http://10.180.1.21/identity/v3/auth/tokens 0.035s
2025-05-14 09:50:26.215 70090 INFO tempest.lib.common.fixed_network [-] (ServersListShow296Test:test_list_show_update_rebuild_server_296) Found network None available for tenant
2025-05-14 09:50:26.256 70100 INFO tempest.lib.common.rest_client [req-69844450-279b-4fb5-a23a-c9f80192193b req-69844450-279b-4fb5-a23a-c9f80192193b ] Request (ServersListShow298Test:test_list_show_update_rebuild_server_298): 200 GET http://10.180.1.21/compute/v2.1/servers/443a8dc6-a88a-45e9-9a8c-f9976f91b821 1.112s
2025-05-14 09:50:26.268 70104 INFO tempest.lib.common.rest_client [req-2cbaf565-153c-4cb5-98f2-8a4ec7a6eec3 req-2cbaf565-153c-4cb5-98f2-8a4ec7a6eec3 ] Request (FloatingIPDetailsNegativeTestJSON:tearDownClass): 204 DELETE http://10.180.1.21:9696/networking/v2.0/networks/0ea004eb-5c38-4287-920e-c5412fbd85f8 0.284s
2025-05-14 09:50:26.304 70138 INFO tempest.lib.common.rest_client [req-9e42789a-60c7-4a27-a798-01664e7c1820 req-9e42789a-60c7-4a27-a798-01664e7c1820 ] Request (ImagesOneServerNegativeTestJSON:setUpClass): 200 GET http://10.180.1.21/compute/v2.1/servers/4e574bef-58f7-4fe3-9f0f-c76854082912 1.096s
2025-05-14 09:50:26.329 70144 INFO tempest.lib.common.rest_client [req-5d070e1e-8941-4dbe-8fc1-2fbc3dd09081 req-5d070e1e-8941-4dbe-8fc1-2fbc3dd09081 ] Request (FlavorsAdminTestJSON:_run_cleanups): 200 GET http://10.180.1.21/compute/v2.1/flavors/detail 1.117s
2025-05-14 09:50:26.332 70102 INFO tempest.lib.common.rest_client [req-b5f4f562-84ac-40b5-b9bc-70a91d811499 req-b5f4f562-84ac-40b5-b9bc-70a91d811499 ] Request (DeleteServersTestJSON:test_delete_active_server): 202 POST http://10.180.1.21/compute/v2.1/servers 1.302s
2025-05-14 09:50:26.399 70104 INFO tempest.lib.common.rest_client [req-f80a1eb9-5dd2-4377-983a-244cd87c7f67 req-f80a1eb9-5dd2-4377-983a-244cd87c7f67 ] Request (FloatingIPDetailsNegativeTestJSON:tearDownClass): 204 DELETE http://10.180.1.21/identity/v3/users/d9a471c661be4cd592a8c20e766b815e 0.130s
2025-05-14 09:50:26.400 70104 INFO tempest.lib.common.dynamic_creds [-] Deleting project and security group for project: ff96fb7e818d44b89cb9271f8071707c
2025-05-14 09:50:26.401 70142 INFO tempest.lib.common.rest_client [req-083e3b95-d92f-480e-b9d6-cb5c3c14ca40 req-083e3b95-d92f-480e-b9d6-cb5c3c14ca40 ] Request (AttachInterfacesTestJSON:test_create_list_show_delete_interfaces_by_fixed_ip): 200 GET http://10.180.1.21/compute/v2.1/servers/814f3854-3681-4f3d-95de-18340a765f53 1.094s
2025-05-14 09:50:26.407 70096 INFO tempest.lib.common.rest_client [req-3aecc187-f8ad-4396-b7ab-ec026fa4564e req-3aecc187-f8ad-4396-b7ab-ec026fa4564e ] Request (ServerShowV257Test:tearDownClass): 200 GET http://10.180.1.21/compute/v2.1/servers/d64c1ede-21f5-4d14-9585-85aad4d25873 1.178s
2025-05-14 09:50:26.453 70104 INFO tempest.lib.common.rest_client [req-145c43ac-e9b4-4c24-a2e3-f63a1dcf154d req-145c43ac-e9b4-4c24-a2e3-f63a1dcf154d ] Request (FloatingIPDetailsNegativeTestJSON:tearDownClass): 200 GET http://10.180.1.21:9696/networking/v2.0/security-groups?tenant_id=ff96fb7e818d44b89cb9271f8071707c&name=default 0.052s
2025-05-14 09:50:26.459 70144 INFO tempest.lib.common.rest_client [req-bf28b0a1-83f6-4769-89d6-20a4b399e865 req-bf28b0a1-83f6-4769-89d6-20a4b399e865 ] Request (FlavorsAdminTestJSON:tearDownClass): 204 DELETE http://10.180.1.21/identity/v3/users/cb90fff4bf5d46a48d24852cfc989e7d 0.122s
2025-05-14 09:50:26.478 70132 INFO tempest.lib.common.rest_client [req-73ee9e5b-488b-4b12-9a5b-744b15b67d84 req-73ee9e5b-488b-4b12-9a5b-744b15b67d84 ] Request (ServersAdminNegativeTestJSON:test_migrate_server_invalid_state): 200 GET http://10.180.1.21/compute/v2.1/servers/b407224d-c687-4351-9bcf-d7ff85ab0193 1.168s
2025-05-14 09:50:26.481 70122 INFO tempest.lib.common.rest_client [req-cbf59fcf-e37c-4cf9-a1ed-b96e1387791c req-cbf59fcf-e37c-4cf9-a1ed-b96e1387791c ] Request (ServerDiagnosticsV248Test:test_get_server_diagnostics): 200 GET http://10.180.1.21/compute/v2.1/servers/b4a45681-5bc0-47c4-8475-f067d7569765 1.112s
2025-05-14 09:50:26.604 70104 INFO tempest.lib.common.rest_client [req-2748feb6-d427-404e-8456-2c50a896a689 req-2748feb6-d427-404e-8456-2c50a896a689 ] Request (FloatingIPDetailsNegativeTestJSON:tearDownClass): 204 DELETE http://10.180.1.21:9696/networking/v2.0/security-groups/77508907-623b-4924-89e7-d31c148963f6 0.151s
2025-05-14 09:50:26.618 70120 INFO tempest.lib.common.rest_client [req-dd5b1e72-6986-4cc1-9403-539aa4d84ebe req-dd5b1e72-6986-4cc1-9403-539aa4d84ebe ] Request (MigrationsAdminTest:test_list_migrations_in_flavor_resize_situation): 200 GET http://10.180.1.21/compute/v2.1/servers/5c1878eb-3c4b-49b8-89ba-9c51845204bd 1.086s
2025-05-14 09:50:26.645 70144 INFO tempest.lib.common.rest_client [req-0d3327dc-046a-4d9a-873b-28f7e113c354 req-0d3327dc-046a-4d9a-873b-28f7e113c354 ] Request (FlavorsAdminTestJSON:tearDownClass): 204 DELETE http://10.180.1.21/identity/v3/users/a7d3aefed36b4847b4475117dc43d2f0 0.185s
2025-05-14 09:50:26.645 70144 INFO tempest.lib.common.dynamic_creds [-] Deleting project and security group for project: 723e9646f13e4cbb9b930ee8c7b7b44e
2025-05-14 09:50:26.660 70084 INFO tempest.lib.common.rest_client [req-bf06f381-a6fc-4b31-aca3-a4ade55b32f2 req-bf06f381-a6fc-4b31-aca3-a4ade55b32f2 ] Request (ImagesMetadataTestJSON:setUp): 200 PUT http://10.180.1.21/compute/v2.1/images/7d137647-930d-43ad-af19-c57dbb34e7a3/metadata 1.153s
2025-05-14 09:50:26.698 70110 INFO tempest.lib.common.rest_client [req-6b3a70f1-0d64-491d-a6d2-29bccf520447 req-6b3a70f1-0d64-491d-a6d2-29bccf520447 ] Request (DeleteServersAdminTestJSON:test_delete_server_while_in_error_state): 200 GET http://10.180.1.21/compute/v2.1/servers/2dee479a-0981-497c-afb9-6e66085e431f 1.073s
2025-05-14 09:50:26.698 70092 INFO tempest.lib.common.rest_client [req-14090032-e7fd-4115-932a-7024154d100b req-14090032-e7fd-4115-932a-7024154d100b ] Request (ServersAdminTestJSON:setUpClass): 201 POST http://10.180.1.21:9696/networking/v2.0/routers 1.808s
2025-05-14 09:50:26.726 70104 INFO tempest.lib.common.rest_client [req-bf54a16f-756d-4f03-b2a9-b981079db0b9 req-bf54a16f-756d-4f03-b2a9-b981079db0b9 ] Request (FloatingIPDetailsNegativeTestJSON:tearDownClass): 204 DELETE http://10.180.1.21/identity/v3/projects/ff96fb7e818d44b89cb9271f8071707c 0.121s
2025-05-14 09:50:26.749 70144 INFO tempest.lib.common.rest_client [req-b5294650-11a1-4448-aaa8-b6200ce65859 req-b5294650-11a1-4448-aaa8-b6200ce65859 ] Request (FlavorsAdminTestJSON:tearDownClass): 201 POST http://10.180.1.21/identity/v3/auth/tokens 0.104s
2025-05-14 09:50:26.761 70124 INFO tempest.lib.common.rest_client [req-1aab77c1-5fc1-4258-946d-bd4cd310f523 req-1aab77c1-5fc1-4258-946d-bd4cd310f523 ] Request (ServerDiagnosticsTest:tearDownClass): 200 GET http://10.180.1.21/compute/v2.1/servers/960ee12b-c42e-4e69-a5fc-5c97d3c7f2fe 0.826s
2025-05-14 09:50:26.776 70088 INFO tempest.lib.common.rest_client [req-9cd36984-ea1d-451f-b90b-e2fec37a391f req-9cd36984-ea1d-451f-b90b-e2fec37a391f ] Request (VolumesAdminNegativeTest:test_update_attached_volume_with_nonexistent_volume_in_body): 200 GET http://10.180.1.21/compute/v2.1/servers/f254ccca-ffc2-4ca6-92ac-317b5f99cd20 0.801s
2025-05-14 09:50:26.820 70128 INFO tempest.lib.common.rest_client [req-e97d15e8-32c6-49c4-b343-523492494e38 req-e97d15e8-32c6-49c4-b343-523492494e38 ] Request (InstanceActionsNegativeTestJSON:setUpClass): 200 GET http://10.180.1.21/compute/v2.1/servers/e3c53d5b-18f8-4c41-8ec2-fd8e170576af 0.736s
2025-05-14 09:50:26.824 70104 INFO tempest.lib.common.rest_client [req-7c68bdd8-ba17-4c87-b766-20a6cdce636a req-7c68bdd8-ba17-4c87-b766-20a6cdce636a ] Request (ServerMetadataTestJSON:setUpClass): 201 POST http://10.180.1.21/identity/v3/auth/tokens 0.096s
2025-05-14 09:50:26.847 70106 INFO tempest.lib.common.rest_client [req-d43bf7bf-b19f-4473-91a5-4ab7bdab8368 req-d43bf7bf-b19f-4473-91a5-4ab7bdab8368 ] Request (ListServersNegativeTestJSON:setUpClass): 200 GET http://10.180.1.21/compute/v2.1/servers/ee008d19-5fee-41b6-b831-4fd2f8bb5327 0.763s
2025-05-14 09:50:26.872 70104 INFO tempest.lib.common.rest_client [req-99477c4a-2811-4b73-ba47-7d866775eec8 req-99477c4a-2811-4b73-ba47-7d866775eec8 ] Request (ServerMetadataTestJSON:setUpClass): 201 POST http://10.180.1.21/identity/v3/auth/tokens 0.045s
2025-05-14 09:50:26.886 70130 INFO tempest.lib.common.rest_client [req-5c5974dc-f3df-4989-8e3d-2435cd1818bc req-5c5974dc-f3df-4989-8e3d-2435cd1818bc ] Request (AttachVolumeNegativeTest:test_attach_attached_volume_to_different_server): 200 GET http://10.180.1.21/compute/v2.1/servers/559d44dc-2ae8-48a9-9dcd-bad5d03ed236 0.683s
2025-05-14 09:50:26.906 70104 INFO tempest.lib.common.rest_client [req-7242cf77-0a37-40a0-8db6-d81c3cd8535c req-7242cf77-0a37-40a0-8db6-d81c3cd8535c ] Request (ServerMetadataTestJSON:setUpClass): 200 GET http://10.180.1.21/identity/v3/domains?name=Default 0.034s
2025-05-14 09:50:26.932 70094 INFO tempest.lib.common.rest_client [req-f2041987-8284-49b7-adc7-f592a4d422de req-f2041987-8284-49b7-adc7-f592a4d422de ] Request (ServersAdmin275Test:test_rebuild_update_server_275): 200 GET http://10.180.1.21/compute/v2.1/servers/c6473d46-cde3-401b-8654-a9013978b81b 0.722s
2025-05-14 09:50:26.950 70104 INFO tempest.lib.common.rest_client [req-0ff5d116-ae9e-40e0-b8f4-196c5d27915f req-0ff5d116-ae9e-40e0-b8f4-196c5d27915f ] Request (ServerMetadataTestJSON:setUpClass): 201 POST http://10.180.1.21/identity/v3/projects 0.043s
2025-05-14 09:50:27.002 70086 INFO tempest.lib.common.rest_client [req-4ae75120-3cc2-4a00-b378-cc0ffcc785b7 req-4ae75120-3cc2-4a00-b378-cc0ffcc785b7 ] Request (ServerExternalEventsTest:tearDownClass): 200 GET http://10.180.1.21/compute/v2.1/servers/b9cb0a36-50a0-4030-b8c7-aec41255fb60 0.683s
2025-05-14 09:50:27.019 70104 INFO tempest.lib.common.rest_client [req-e18c2a86-6050-4666-845f-951dfac1494e req-e18c2a86-6050-4666-845f-951dfac1494e ] Request (ServerMetadataTestJSON:setUpClass): 201 POST http://10.180.1.21/identity/v3/users 0.068s
2025-05-14 09:50:27.041 70102 INFO tempest.lib.common.rest_client [req-76e05b44-0c77-4bc3-8e13-21e74478febe req-76e05b44-0c77-4bc3-8e13-21e74478febe ] Request (DeleteServersTestJSON:test_delete_active_server): 200 GET http://10.180.1.21/compute/v2.1/servers/c925370e-5981-40a2-a5df-7fe064ac3ce3 0.707s
2025-05-14 09:50:27.050 70104 INFO tempest.lib.common.rest_client [req-9d03c30a-3ae0-44ac-98a9-9207b2d6471e req-9d03c30a-3ae0-44ac-98a9-9207b2d6471e ] Request (ServerMetadataTestJSON:setUpClass): 200 GET http://10.180.1.21/identity/v3/roles 0.030s
2025-05-14 09:50:27.088 70104 INFO tempest.lib.common.rest_client [req-7e1600c7-ce33-479a-9b59-a6c5adcd407d req-7e1600c7-ce33-479a-9b59-a6c5adcd407d ] Request (ServerMetadataTestJSON:setUpClass): 204 PUT http://10.180.1.21/identity/v3/projects/211910a36cf34e1cb1df5b30949684b8/users/eacf595e0b124987a22b7a2b51a8359b/roles/a39c8938f9a84f969bd045d82a5baa4b 0.038s
2025-05-14 09:50:27.090 70104 INFO tempest.lib.common.dynamic_creds [-] Dynamic test user eacf595e0b124987a22b7a2b51a8359b is created with scope project and roles: ['member']
2025-05-14 09:50:27.090 70104 INFO tempest.lib.common.dynamic_creds [-] Acquired dynamic creds: credentials: Credentials: {'domain_id': 'default', 'domain_name': 'Default', 'username': 'tempest-ServerMetadataTestJSON-1196723359-project-member', 'project_domain_id': 'default', 'project_domain_name': 'Default', 'project_id': '211910a36cf34e1cb1df5b30949684b8', 'project_name': 'tempest-ServerMetadataTestJSON-1196723359', 'tenant_id': '211910a36cf34e1cb1df5b30949684b8', 'tenant_name': 'tempest-ServerMetadataTestJSON-1196723359', 'user_domain_id': 'default', 'user_domain_name': 'Default', 'user_id': 'eacf595e0b124987a22b7a2b51a8359b', 'system': None}, Network: None, Subnet: None, Router: None
2025-05-14 09:50:27.118 70116 INFO tempest.lib.common.rest_client [req-1b8a7abf-8cf8-4d49-9aae-692307418651 req-1b8a7abf-8cf8-4d49-9aae-692307418651 ] Request (AttachInterfacesV270Test:tearDownClass): 200 GET http://10.180.1.21/compute/v2.1/servers/2631d429-9d16-4cdf-b7cf-14ea26d5fd94 0.695s
2025-05-14 09:50:27.147 70144 INFO tempest.lib.common.rest_client [req-786e23f7-ae63-46e8-be98-4adb3f66dbb1 req-786e23f7-ae63-46e8-be98-4adb3f66dbb1 ] Request (FlavorsAdminTestJSON:tearDownClass): 200 GET http://10.180.1.21:9696/networking/v2.0/security-groups?tenant_id=723e9646f13e4cbb9b930ee8c7b7b44e&name=default 0.396s
2025-05-14 09:50:27.173 70104 INFO tempest.lib.common.rest_client [req-7c201751-cc9f-4851-9423-7d347e04abc4 req-7c201751-cc9f-4851-9423-7d347e04abc4 ] Request (ServerMetadataTestJSON:setUpClass): 201 POST http://10.180.1.21/identity/v3/auth/tokens 0.082s
2025-05-14 09:50:27.244 70090 INFO tempest.lib.common.rest_client [req-6c5e1194-6ddb-426c-b650-8d4472faf17c req-6c5e1194-6ddb-426c-b650-8d4472faf17c ] Request (ServersListShow296Test:test_list_show_update_rebuild_server_296): 202 POST http://10.180.1.21/compute/v2.1/servers 1.028s
2025-05-14 09:50:27.273 70113 INFO tempest.lib.common.rest_client [req-67f012a4-61ae-4e30-8ceb-67173dcfff12 req-67f012a4-61ae-4e30-8ceb-67173dcfff12 ] Request (ImagesNegativeTestJSON:test_create_image_from_deleted_server): 404 GET http://10.180.1.21/compute/v2.1/servers/733e01e7-5429-41fe-8cd0-9fc56d03fce0 0.701s
2025-05-14 09:50:27.276 70126 INFO tempest.lib.common.rest_client [req-a00e4154-5b16-4102-9e0c-6525ec8f6d56 req-a00e4154-5b16-4102-9e0c-6525ec8f6d56 ] Request (ServersTestBootFromVolume:setUpClass): 200 GET http://10.180.1.21/compute/v2.1/servers/0cd34a99-40c7-4603-aacf-80205275b852 0.826s
2025-05-14 09:50:27.312 70144 INFO tempest.lib.common.rest_client [req-302e0730-9227-41bb-8dd5-28c83cc369ff req-302e0730-9227-41bb-8dd5-28c83cc369ff ] Request (FlavorsAdminTestJSON:tearDownClass): 204 DELETE http://10.180.1.21:9696/networking/v2.0/security-groups/41ba6e50-1271-4768-9874-b98e38bd8fd6 0.164s
2025-05-14 09:50:27.350 70114 INFO tempest.lib.common.rest_client [req-adff3360-1649-4f17-8e3e-74747e86bee2 req-adff3360-1649-4f17-8e3e-74747e86bee2 ] Request (AttachVolumeShelveTestJSON:test_attach_volume_shelved_or_offload_server): 200 GET http://10.180.1.21/compute/v2.1/servers/23bc134e-7725-40b1-b79d-d8ef6dbd7cad 0.731s
2025-05-14 09:50:27.365 70098 INFO tempest.lib.common.rest_client [req-1ee5a98e-3273-464e-8bcf-6bd615889d03 req-1ee5a98e-3273-464e-8bcf-6bd615889d03 ] Request (FloatingIPsAssociationTestJSON:setUpClass): 200 GET http://10.180.1.21/compute/v2.1/servers/452c0e3a-8dcc-43af-8b77-ac1b2e9a3fc3 0.714s
2025-05-14 09:50:27.400 70144 INFO tempest.lib.common.rest_client [req-d3ecc531-2eac-4d17-a280-881445a907ad req-d3ecc531-2eac-4d17-a280-881445a907ad ] Request (FlavorsAdminTestJSON:tearDownClass): 204 DELETE http://10.180.1.21/identity/v3/projects/723e9646f13e4cbb9b930ee8c7b7b44e 0.087s
2025-05-14 09:50:27.400 70144 INFO tempest.lib.common.dynamic_creds [-] Deleting project and security group for project: 7971b555d3f547d1b907e723cda66969
2025-05-14 09:50:27.484 70118 INFO tempest.lib.common.rest_client [req-613d8bb4-8072-4762-8b54-6214e925881b req-613d8bb4-8072-4762-8b54-6214e925881b ] Request (ServerDiagnosticsNegativeTest:test_get_server_diagnostics_by_non_admin): 200 GET http://10.180.1.21/compute/v2.1/servers/f9371520-75bc-414a-a704-30dba68d5a52 0.707s
2025-05-14 09:50:27.611 70136 INFO tempest.lib.common.rest_client [req-d2900eff-533a-4f5d-b27d-b44b415a7e9e req-d2900eff-533a-4f5d-b27d-b44b415a7e9e ] Request (ListImageFiltersTestJSON:setUpClass): 200 GET http://10.180.1.21/compute/v2.1/servers/029aa35a-3407-4d4f-9388-1978a073ecd2 0.532s
2025-05-14 09:50:27.633 70084 INFO tempest.lib.common.rest_client [req-7b11f34f-de09-459e-b3b3-38db2a9fb06c req-7b11f34f-de09-459e-b3b3-38db2a9fb06c ] Request (ImagesMetadataTestJSON:test_set_image_metadata): 200 PUT http://10.180.1.21/compute/v2.1/images/7d137647-930d-43ad-af19-c57dbb34e7a3/metadata 0.972s
2025-05-14 09:50:27.690 70134 INFO tempest.lib.common.rest_client [req-fe269cf4-6b33-4bcd-b22a-7053ac1564b0 req-fe269cf4-6b33-4bcd-b22a-7053ac1564b0 ] Request (TenantUsagesTestJSON:tearDownClass): 200 GET http://10.180.1.21/compute/v2.1/servers/a006d1f1-5185-4717-bf54-fa8b33c19fda 0.512s
2025-05-14 09:50:27.702 70090 INFO tempest.lib.common.rest_client [req-e6238cb0-e433-4909-ae51-bbbbd777a4e1 req-e6238cb0-e433-4909-ae51-bbbbd777a4e1 ] Request (ServersListShow296Test:test_list_show_update_rebuild_server_296): 200 GET http://10.180.1.21/compute/v2.1/servers/d20937ea-1aa4-4dda-ac22-cf61aa680965 0.456s
2025-05-14 09:50:27.716 70144 INFO tempest.lib.common.rest_client [req-095c5b04-ffd7-4026-a3aa-493dc6251c77 req-095c5b04-ffd7-4026-a3aa-493dc6251c77 ] Request (FlavorsAdminTestJSON:tearDownClass): 200 GET http://10.180.1.21:9696/networking/v2.0/security-groups?tenant_id=7971b555d3f547d1b907e723cda66969&name=default 0.316s
2025-05-14 09:50:27.725 70113 INFO tempest.lib.common.rest_client [req-14e630dc-f480-4f74-a5eb-488c35a766b5 req-14e630dc-f480-4f74-a5eb-488c35a766b5 ] Request (ImagesNegativeTestJSON:test_create_image_from_deleted_server): 404 POST http://10.180.1.21/compute/v2.1/servers/733e01e7-5429-41fe-8cd0-9fc56d03fce0/action 0.451s
2025-05-14 09:50:27.765 70100 INFO tempest.lib.common.rest_client [req-9ff22377-1e9c-411f-ba01-2df9464b60e5 req-9ff22377-1e9c-411f-ba01-2df9464b60e5 ] Request (ServersListShow298Test:test_list_show_update_rebuild_server_298): 200 GET http://10.180.1.21/compute/v2.1/servers/443a8dc6-a88a-45e9-9a8c-f9976f91b821 0.496s
2025-05-14 09:50:27.783 70138 INFO tempest.lib.common.rest_client [req-87fddb9e-52f7-4392-9ff8-d1d03cb0c0a5 req-87fddb9e-52f7-4392-9ff8-d1d03cb0c0a5 ] Request (ImagesOneServerNegativeTestJSON:setUpClass): 200 GET http://10.180.1.21/compute/v2.1/servers/4e574bef-58f7-4fe3-9f0f-c76854082912 0.471s
2025-05-14 09:50:27.800 70104 INFO tempest.lib.common.rest_client [req-7ac50ab7-8d05-4d57-bb8b-dc68d5ddef68 req-7ac50ab7-8d05-4d57-bb8b-dc68d5ddef68 ] Request (ServerMetadataTestJSON:setUpClass): 201 POST http://10.180.1.21:9696/networking/v2.0/networks 0.626s
2025-05-14 09:50:27.866 70142 INFO tempest.lib.common.rest_client [req-e61862d8-d60f-4924-aa38-e976ae02c4f0 req-e61862d8-d60f-4924-aa38-e976ae02c4f0 ] Request (AttachInterfacesTestJSON:test_create_list_show_delete_interfaces_by_fixed_ip): 200 GET http://10.180.1.21/compute/v2.1/servers/814f3854-3681-4f3d-95de-18340a765f53 0.455s
2025-05-14 09:50:27.869 70096 INFO tempest.lib.common.rest_client [req-0432252f-d304-41a0-bd83-a323b029fd96 req-0432252f-d304-41a0-bd83-a323b029fd96 ] Request (ServerShowV257Test:tearDownClass): 200 GET http://10.180.1.21/compute/v2.1/servers/d64c1ede-21f5-4d14-9585-85aad4d25873 0.450s
2025-05-14 09:50:27.893 70144 INFO tempest.lib.common.rest_client [req-b96b3983-23b7-4b48-8ec3-bde6f3373039 req-b96b3983-23b7-4b48-8ec3-bde6f3373039 ] Request (FlavorsAdminTestJSON:tearDownClass): 204 DELETE http://10.180.1.21:9696/networking/v2.0/security-groups/e7a385ed-6f8a-4f94-aace-339112ea254d 0.176s
2025-05-14 09:50:27.948 70132 INFO tempest.lib.common.rest_client [req-0c297227-d5ff-4a34-84dd-6cc1d7156eac req-0c297227-d5ff-4a34-84dd-6cc1d7156eac ] Request (ServersAdminNegativeTestJSON:test_migrate_server_invalid_state): 200 GET http://10.180.1.21/compute/v2.1/servers/b407224d-c687-4351-9bcf-d7ff85ab0193 0.457s
2025-05-14 09:50:27.971 70122 INFO tempest.lib.common.rest_client [req-773f950a-21ab-4370-9439-8a0f16c9fd56 req-773f950a-21ab-4370-9439-8a0f16c9fd56 ] Request (ServerDiagnosticsV248Test:test_get_server_diagnostics): 200 GET http://10.180.1.21/compute/v2.1/servers/b4a45681-5bc0-47c4-8475-f067d7569765 0.476s
2025-05-14 09:50:28.017 70084 INFO tempest.lib.common.rest_client [req-d739cc4c-373f-4bf7-8a63-09b00726bfd2 req-d739cc4c-373f-4bf7-8a63-09b00726bfd2 ] Request (ImagesMetadataTestJSON:test_set_image_metadata): 200 GET http://10.180.1.21/compute/v2.1/images/7d137647-930d-43ad-af19-c57dbb34e7a3/metadata 0.383s
2025-05-14 09:50:28.042 70144 INFO tempest.lib.common.rest_client [req-593cd34e-e0d1-4163-a9aa-b47aae53f74c req-593cd34e-e0d1-4163-a9aa-b47aae53f74c ] Request (FlavorsAdminTestJSON:tearDownClass): 204 DELETE http://10.180.1.21/identity/v3/projects/7971b555d3f547d1b907e723cda66969 0.148s
2025-05-14 09:50:28.076 70120 INFO tempest.lib.common.rest_client [req-c7f9cecf-ad73-46b3-bd21-b82866cce91e req-c7f9cecf-ad73-46b3-bd21-b82866cce91e ] Request (MigrationsAdminTest:test_list_migrations_in_flavor_resize_situation): 200 GET http://10.180.1.21/compute/v2.1/servers/5c1878eb-3c4b-49b8-89ba-9c51845204bd 0.450s
2025-05-14 09:50:28.078 70113 INFO tempest.lib.common.rest_client [req-e536ef36-eb39-4a36-a88d-4721c7cce897 req-e536ef36-eb39-4a36-a88d-4721c7cce897 ] Request (ImagesNegativeTestJSON:test_create_image_from_invalid_server): 404 POST http://10.180.1.21/compute/v2.1/servers/tempest-invalid-1385307353/action 0.346s
2025-05-14 09:50:28.095 70110 INFO tempest.lib.common.rest_client [req-12ef6ce5-8075-4acf-b273-fd5887614c46 req-12ef6ce5-8075-4acf-b273-fd5887614c46 ] Request (DeleteServersAdminTestJSON:test_delete_server_while_in_error_state): 200 GET http://10.180.1.21/compute/v2.1/servers/2dee479a-0981-497c-afb9-6e66085e431f 0.383s
2025-05-14 09:50:28.138 70144 INFO tempest.lib.common.rest_client [req-c2cb9fb4-8434-4372-b2b5-8b4d97d13592 req-c2cb9fb4-8434-4372-b2b5-8b4d97d13592 ] Request (ImagesDeleteNegativeTestJSON:setUpClass): 201 POST http://10.180.1.21/identity/v3/auth/tokens 0.094s
2025-05-14 09:50:28.167 70088 INFO tempest.lib.common.rest_client [req-4ff3a421-a0e1-45d9-b73b-4aa2a6472548 req-4ff3a421-a0e1-45d9-b73b-4aa2a6472548 ] Request (VolumesAdminNegativeTest:test_update_attached_volume_with_nonexistent_volume_in_body): 200 GET http://10.180.1.21/compute/v2.1/servers/f254ccca-ffc2-4ca6-92ac-317b5f99cd20 0.379s
2025-05-14 09:50:28.172 70124 INFO tempest.lib.common.rest_client [req-a4083abf-584e-4db1-a07d-6e134e04057f req-a4083abf-584e-4db1-a07d-6e134e04057f ] Request (ServerDiagnosticsTest:tearDownClass): 200 GET http://10.180.1.21/compute/v2.1/servers/960ee12b-c42e-4e69-a5fc-5c97d3c7f2fe 0.401s
2025-05-14 09:50:28.181 70144 INFO tempest.lib.common.rest_client [req-ac69317d-2f46-44f9-8171-e2274249b1b1 req-ac69317d-2f46-44f9-8171-e2274249b1b1 ] Request (ImagesDeleteNegativeTestJSON:setUpClass): 201 POST http://10.180.1.21/identity/v3/auth/tokens 0.039s
2025-05-14 09:50:28.211 70144 INFO tempest.lib.common.rest_client [req-d29fe424-794a-4781-86de-a826691cf8bd req-d29fe424-794a-4781-86de-a826691cf8bd ] Request (ImagesDeleteNegativeTestJSON:setUpClass): 200 GET http://10.180.1.21/identity/v3/domains?name=Default 0.029s
2025-05-14 09:50:28.234 70128 INFO tempest.lib.common.rest_client [req-e3e98aa5-8d27-4f8a-bf3e-ad41d8302501 req-e3e98aa5-8d27-4f8a-bf3e-ad41d8302501 ] Request (InstanceActionsNegativeTestJSON:setUpClass): 200 GET http://10.180.1.21/compute/v2.1/servers/e3c53d5b-18f8-4c41-8ec2-fd8e170576af 0.400s
2025-05-14 09:50:28.242 70106 INFO tempest.lib.common.rest_client [req-c353ec22-849f-42f9-94fa-98fff5d1aa49 req-c353ec22-849f-42f9-94fa-98fff5d1aa49 ] Request (ListServersNegativeTestJSON:setUpClass): 200 GET http://10.180.1.21/compute/v2.1/servers/ee008d19-5fee-41b6-b831-4fd2f8bb5327 0.381s
2025-05-14 09:50:28.251 70144 INFO tempest.lib.common.rest_client [req-b01266b5-360a-47d6-b544-182cf826a189 req-b01266b5-360a-47d6-b544-182cf826a189 ] Request (ImagesDeleteNegativeTestJSON:setUpClass): 201 POST http://10.180.1.21/identity/v3/projects 0.039s
2025-05-14 09:50:28.296 70130 INFO tempest.lib.common.rest_client [req-000b459b-c2c4-497f-b3b3-76988a0b3e1e req-000b459b-c2c4-497f-b3b3-76988a0b3e1e ] Request (AttachVolumeNegativeTest:test_attach_attached_volume_to_different_server): 200 GET http://10.180.1.21/compute/v2.1/servers/559d44dc-2ae8-48a9-9dcd-bad5d03ed236 0.399s
2025-05-14 09:50:28.304 70130 INFO tempest.common.waiters [-] State transition "BUILD/scheduling" ==> "BUILD/None" after 22 second wait
2025-05-14 09:50:28.308 70104 INFO tempest.lib.common.rest_client [req-85186e48-d93d-4347-b231-b54b1011ebbc req-85186e48-d93d-4347-b231-b54b1011ebbc ] Request (ServerMetadataTestJSON:setUpClass): 201 POST http://10.180.1.21:9696/networking/v2.0/subnets 0.507s
2025-05-14 09:50:28.318 70094 INFO tempest.lib.common.rest_client [req-700ee1c9-892b-4669-87c1-2b48d1f528c9 req-700ee1c9-892b-4669-87c1-2b48d1f528c9 ] Request (ServersAdmin275Test:test_rebuild_update_server_275): 200 GET http://10.180.1.21/compute/v2.1/servers/c6473d46-cde3-401b-8654-a9013978b81b 0.371s
2025-05-14 09:50:28.339 70144 INFO tempest.lib.common.rest_client [req-4c217937-f2eb-448d-816a-e1c44b718ade req-4c217937-f2eb-448d-816a-e1c44b718ade ] Request (ImagesDeleteNegativeTestJSON:setUpClass): 201 POST http://10.180.1.21/identity/v3/users 0.088s
2025-05-14 09:50:28.368 70144 INFO tempest.lib.common.rest_client [req-3b440298-07a4-436d-951e-60eb90bc9e9a req-3b440298-07a4-436d-951e-60eb90bc9e9a ] Request (ImagesDeleteNegativeTestJSON:setUpClass): 200 GET http://10.180.1.21/identity/v3/roles 0.028s
2025-05-14 09:50:28.383 70086 INFO tempest.lib.common.rest_client [req-e9075725-78de-46b6-92d2-ffe6e53e4ce3 req-e9075725-78de-46b6-92d2-ffe6e53e4ce3 ] Request (ServerExternalEventsTest:tearDownClass): 200 GET http://10.180.1.21/compute/v2.1/servers/b9cb0a36-50a0-4030-b8c7-aec41255fb60 0.367s
2025-05-14 09:50:28.423 70144 INFO tempest.lib.common.rest_client [req-fe67eccb-2bf4-411b-9549-aacff55da782 req-fe67eccb-2bf4-411b-9549-aacff55da782 ] Request (ImagesDeleteNegativeTestJSON:setUpClass): 204 PUT http://10.180.1.21/identity/v3/projects/21c45108b43f4d85bf207aad995f5b27/users/5ee06585c0e24221b65e0cdac811cce1/roles/a39c8938f9a84f969bd045d82a5baa4b 0.054s
2025-05-14 09:50:28.423 70144 INFO tempest.lib.common.dynamic_creds [-] Dynamic test user 5ee06585c0e24221b65e0cdac811cce1 is created with scope project and roles: ['member']
2025-05-14 09:50:28.423 70144 INFO tempest.lib.common.dynamic_creds [-] Acquired dynamic creds: credentials: Credentials: {'domain_id': 'default', 'domain_name': 'Default', 'username': 'tempest-ImagesDeleteNegativeTestJSON-373779585-project-member', 'project_domain_id': 'default', 'project_domain_name': 'Default', 'project_id': '21c45108b43f4d85bf207aad995f5b27', 'project_name': 'tempest-ImagesDeleteNegativeTestJSON-373779585', 'tenant_id': '21c45108b43f4d85bf207aad995f5b27', 'tenant_name': 'tempest-ImagesDeleteNegativeTestJSON-373779585', 'user_domain_id': 'default', 'user_domain_name': 'Default', 'user_id': '5ee06585c0e24221b65e0cdac811cce1', 'system': None}, Network: None, Subnet: None, Router: None
2025-05-14 09:50:28.424 70144 INFO tempest.lib.common.dynamic_creds [-] Created isolated network resources for: credentials: Credentials: {'domain_id': 'default', 'domain_name': 'Default', 'username': 'tempest-ImagesDeleteNegativeTestJSON-373779585-project-member', 'project_domain_id': 'default', 'project_domain_name': 'Default', 'project_id': '21c45108b43f4d85bf207aad995f5b27', 'project_name': 'tempest-ImagesDeleteNegativeTestJSON-373779585', 'tenant_id': '21c45108b43f4d85bf207aad995f5b27', 'tenant_name': 'tempest-ImagesDeleteNegativeTestJSON-373779585', 'user_domain_id': 'default', 'user_domain_name': 'Default', 'user_id': '5ee06585c0e24221b65e0cdac811cce1', 'system': None}, Network: None, Subnet: None, Router: None
2025-05-14 09:50:28.473 70102 INFO tempest.lib.common.rest_client [req-c4f2c8b6-94ee-4649-8c5c-5670bfdfbe6b req-c4f2c8b6-94ee-4649-8c5c-5670bfdfbe6b ] Request (DeleteServersTestJSON:test_delete_active_server): 200 GET http://10.180.1.21/compute/v2.1/servers/c925370e-5981-40a2-a5df-7fe064ac3ce3 0.419s
2025-05-14 09:50:28.479 70113 INFO tempest.lib.common.rest_client [req-af690ffd-1991-4b2c-8738-df1290532d32 req-af690ffd-1991-4b2c-8738-df1290532d32 ] Request (ImagesNegativeTestJSON:test_create_image_specify_uuid_35_characters_or_less): 404 POST http://10.180.1.21/compute/v2.1/servers/aaaaaaaaaaaaaaaaaaaaaaaaaaaaaaaaaaa/action 0.400s
2025-05-14 09:50:28.521 70144 INFO tempest.lib.common.rest_client [req-59374657-66d5-42cf-a0d5-a4d04db81ac2 req-59374657-66d5-42cf-a0d5-a4d04db81ac2 ] Request (ImagesDeleteNegativeTestJSON:setUpClass): 201 POST http://10.180.1.21/identity/v3/auth/tokens 0.090s
2025-05-14 09:50:28.548 70116 INFO tempest.lib.common.rest_client [req-e5d9b21f-a89d-4630-9f99-6c4d1d592fe6 req-e5d9b21f-a89d-4630-9f99-6c4d1d592fe6 ] Request (AttachInterfacesV270Test:tearDownClass): 200 GET http://10.180.1.21/compute/v2.1/servers/2631d429-9d16-4cdf-b7cf-14ea26d5fd94 0.416s
2025-05-14 09:50:28.613 70084 INFO tempest.lib.common.rest_client [req-14df8000-fab2-4092-90d7-35b1a64c9562 req-14df8000-fab2-4092-90d7-35b1a64c9562 ] Request (ImagesMetadataTestJSON:setUp): 200 PUT http://10.180.1.21/compute/v2.1/images/7d137647-930d-43ad-af19-c57dbb34e7a3/metadata 0.590s
2025-05-14 09:50:28.701 70114 INFO tempest.lib.common.rest_client [req-11641dfa-1fbc-4aea-af11-30fad625fdaf req-11641dfa-1fbc-4aea-af11-30fad625fdaf ] Request (AttachVolumeShelveTestJSON:test_attach_volume_shelved_or_offload_server): 200 GET http://10.180.1.21/compute/v2.1/servers/23bc134e-7725-40b1-b79d-d8ef6dbd7cad 0.339s
2025-05-14 09:50:28.708 70092 INFO tempest.lib.common.rest_client [req-b6b796d8-baab-469b-beb5-dc2d59777ead req-b6b796d8-baab-469b-beb5-dc2d59777ead ] Request (ServersAdminTestJSON:setUpClass): 200 PUT http://10.180.1.21:9696/networking/v2.0/routers/870d1fa3-da3c-401b-9eb8-33b9961b15fc/add_router_interface 2.009s
2025-05-14 09:50:28.708 70092 INFO tempest.lib.common.dynamic_creds [-] Created isolated network resources for: credentials: Credentials: {'domain_id': 'default', 'domain_name': 'Default', 'username': 'tempest-ServersAdminTestJSON-467969300-project-admin', 'project_domain_id': 'default', 'project_domain_name': 'Default', 'project_id': 'eb5118dabd724733ba404db63419379a', 'project_name': 'tempest-ServersAdminTestJSON-467969300', 'tenant_id': 'eb5118dabd724733ba404db63419379a', 'tenant_name': 'tempest-ServersAdminTestJSON-467969300', 'user_domain_id': 'default', 'user_domain_name': 'Default', 'user_id': 'd211eae65fc048fdbb2632b06b291887', 'system': None}, Network: {'id': 'd4922585-b4a2-43bd-be05-04af01c4e46e', 'name': 'tempest-ServersAdminTestJSON-747306484-network', 'tenant_id': 'eb5118dabd724733ba404db63419379a', 'admin_state_up': True, 'mtu': 8950, 'status': 'ACTIVE', 'subnets': [], 'shared': False, 'project_id': 'eb5118dabd724733ba404db63419379a', 'port_security_enabled': True, 'router:external': False, 'provider:network_type': 'vlan', 'provider:physical_network': 'default', 'provider:segmentation_id': 297, 'availability_zone_hints': [], 'availability_zones': [], 'ipv4_address_scope': None, 'ipv6_address_scope': None, 'description': '', 'tags': [], 'created_at': '2025-05-14T09:50:24Z', 'updated_at': '2025-05-14T09:50:24Z', 'revision_number': 1}, Subnet: {'id': '1b2d64b8-03ec-4cc6-af64-d88a2068d611', 'name': 'tempest-ServersAdminTestJSON-747306484-subnet', 'tenant_id': 'eb5118dabd724733ba404db63419379a', 'network_id': 'd4922585-b4a2-43bd-be05-04af01c4e46e', 'ip_version': 4, 'subnetpool_id': None, 'enable_dhcp': True, 'ipv6_ra_mode': None, 'ipv6_address_mode': None, 'gateway_ip': '192.168.128.1', 'cidr': '192.168.128.0/28', 'allocation_pools': [{'start': '192.168.128.2', 'end': '192.168.128.14'}], 'host_routes': [], 'dns_nameservers': [], 'description': '', 'router:external': False, 'service_types': [], 'tags': [], 'created_at': '2025-05-14T09:50:24Z', 'updated_at': '2025-05-14T09:50:24Z', 'revision_number': 0, 'project_id': 'eb5118dabd724733ba404db63419379a'}, Router: {'id': '870d1fa3-da3c-401b-9eb8-33b9961b15fc', 'name': 'tempest-ServersAdminTestJSON-747306484-router', 'tenant_id': 'eb5118dabd724733ba404db63419379a', 'admin_state_up': True, 'status': 'ACTIVE', 'external_gateway_info': {'network_id': '5085f3f4-4571-4f2a-ac7a-d9c6f9025d89', 'external_fixed_ips': [{'subnet_id': 'e483af3c-a3b2-4ffd-86fd-47f57ff6680b', 'ip_address': '10.180.180.133'}], 'enable_snat': True}, 'description': '', 'availability_zones': [], 'distributed': False, 'ha': False, 'availability_zone_hints': [], 'routes': [], 'flavor_id': None, 'tags': [], 'created_at': '2025-05-14T09:50:24Z', 'updated_at': '2025-05-14T09:50:26Z', 'revision_number': 2, 'project_id': 'eb5118dabd724733ba404db63419379a'}
2025-05-14 09:50:28.769 70126 INFO tempest.lib.common.rest_client [req-9be16aa7-c0c4-4fa3-b522-d11bcb15e184 req-9be16aa7-c0c4-4fa3-b522-d11bcb15e184 ] Request (ServersTestBootFromVolume:setUpClass): 200 GET http://10.180.1.21/compute/v2.1/servers/0cd34a99-40c7-4603-aacf-80205275b852 0.480s
2025-05-14 09:50:28.780 70113 INFO tempest.lib.common.rest_client [req-843cf696-c21f-48c9-8ad0-491fbc58291f req-843cf696-c21f-48c9-8ad0-491fbc58291f ] Request (ImagesNegativeTestJSON:test_create_image_specify_uuid_37_characters_or_more): 404 POST http://10.180.1.21/compute/v2.1/servers/aaaaaaaaaaaaaaaaaaaaaaaaaaaaaaaaaaaaa/action 0.299s
2025-05-14 09:50:28.800 70098 INFO tempest.lib.common.rest_client [req-88bfda62-0dbb-4ea6-99b4-d248cf4e5e57 req-88bfda62-0dbb-4ea6-99b4-d248cf4e5e57 ] Request (FloatingIPsAssociationTestJSON:setUpClass): 200 GET http://10.180.1.21/compute/v2.1/servers/452c0e3a-8dcc-43af-8b77-ac1b2e9a3fc3 0.425s
2025-05-14 09:50:28.849 70144 INFO tempest.lib.common.rest_client [req-35ccb3f4-3e8c-4f67-a3bb-7d5992929523 req-35ccb3f4-3e8c-4f67-a3bb-7d5992929523 ] Request (ImagesDeleteNegativeTestJSON:test_delete_image_blank_id): 404 DELETE http://10.180.1.21/compute/v2.1/images/ 0.326s
2025-05-14 09:50:28.857 70092 INFO tempest.lib.common.rest_client [req-d9d7828e-da3e-4962-a836-5f5304f876d7 req-d9d7828e-da3e-4962-a836-5f5304f876d7 ] Request (ServersAdminTestJSON:setUpClass): 201 POST http://10.180.1.21/identity/v3/auth/tokens 0.142s
2025-05-14 09:50:28.885 70108 WARNING tempest.lib.common.ssh [-] Failed to establish authenticated ssh connection to cirros@10.180.180.181 ([Errno None] Unable to connect to port 22 on 10.180.180.181). Number attempts: 2. Retry after 3 seconds.: paramiko.ssh_exception.NoValidConnectionsError: [Errno None] Unable to connect to port 22 on 10.180.180.181
2025-05-14 09:50:28.948 70092 INFO tempest.lib.common.rest_client [req-4a94d3b7-c194-4024-aa66-efcd4d6f7961 req-4a94d3b7-c194-4024-aa66-efcd4d6f7961 ] Request (ServersAdminTestJSON:setUpClass): 201 POST http://10.180.1.21/identity/v3/auth/tokens 0.086s
2025-05-14 09:50:28.948 70092 INFO tempest.lib.common.fixed_network [-] (ServersAdminTestJSON:setUpClass) Found network {'id': 'fd8085f7-96df-494f-8d70-63b8b6c83f3c', 'name': 'tempest-ServersAdminTestJSON-2109709906-network', 'tenant_id': 'f5fb6a2a951b44d083ec7d953e8eca33', 'admin_state_up': True, 'mtu': 8950, 'status': 'ACTIVE', 'subnets': [], 'shared': False, 'project_id': 'f5fb6a2a951b44d083ec7d953e8eca33', 'port_security_enabled': True, 'router:external': False, 'provider:network_type': 'vlan', 'provider:physical_network': 'default', 'provider:segmentation_id': 378, 'availability_zone_hints': [], 'availability_zones': [], 'ipv4_address_scope': None, 'ipv6_address_scope': None, 'description': '', 'tags': [], 'created_at': '2025-05-14T09:50:18Z', 'updated_at': '2025-05-14T09:50:18Z', 'revision_number': 1} available for tenant
2025-05-14 09:50:28.971 70118 INFO tempest.lib.common.rest_client [req-a7238d40-bb6f-4c13-b638-e8c9f5a3014a req-a7238d40-bb6f-4c13-b638-e8c9f5a3014a ] Request (ServerDiagnosticsNegativeTest:test_get_server_diagnostics_by_non_admin): 200 GET http://10.180.1.21/compute/v2.1/servers/f9371520-75bc-414a-a704-30dba68d5a52 0.475s
2025-05-14 09:50:29.119 70084 INFO tempest.lib.common.rest_client [req-f7869f1c-e8fb-4592-a901-3421189cb3e8 req-f7869f1c-e8fb-4592-a901-3421189cb3e8 ] Request (ImagesMetadataTestJSON:test_set_image_metadata_item): 200 PUT http://10.180.1.21/compute/v2.1/images/7d137647-930d-43ad-af19-c57dbb34e7a3/metadata/os_version 0.504s
2025-05-14 09:50:29.134 70136 INFO tempest.lib.common.rest_client [req-a1b2fe16-8051-4ff4-97f7-601c59a53270 req-a1b2fe16-8051-4ff4-97f7-601c59a53270 ] Request (ListImageFiltersTestJSON:setUpClass): 200 GET http://10.180.1.21/compute/v2.1/servers/029aa35a-3407-4d4f-9388-1978a073ecd2 0.509s
2025-05-14 09:50:29.209 70134 INFO tempest.lib.common.rest_client [req-2916b131-7575-4ad6-8402-ac74c02a9904 req-2916b131-7575-4ad6-8402-ac74c02a9904 ] Request (TenantUsagesTestJSON:tearDownClass): 200 GET http://10.180.1.21/compute/v2.1/servers/a006d1f1-5185-4717-bf54-fa8b33c19fda 0.510s
2025-05-14 09:50:29.217 70090 INFO tempest.lib.common.rest_client [req-a9bd4392-7ef6-4c9b-8239-9bbb40de1c90 req-a9bd4392-7ef6-4c9b-8239-9bbb40de1c90 ] Request (ServersListShow296Test:test_list_show_update_rebuild_server_296): 200 GET http://10.180.1.21/compute/v2.1/servers/d20937ea-1aa4-4dda-ac22-cf61aa680965 0.495s
2025-05-14 09:50:29.237 70113 INFO tempest.lib.common.rest_client [req-a5db7b61-88aa-46a9-a67d-5cfad7cf1721 req-a5db7b61-88aa-46a9-a67d-5cfad7cf1721 ] Request (ImagesNegativeTestJSON:tearDownClass): 404 DELETE http://10.180.1.21/compute/v2.1/servers/733e01e7-5429-41fe-8cd0-9fc56d03fce0 0.454s
2025-05-14 09:50:29.274 70100 INFO tempest.lib.common.rest_client [req-59af5712-a997-461b-9dd1-f5ad646957cd req-59af5712-a997-461b-9dd1-f5ad646957cd ] Request (ServersListShow298Test:test_list_show_update_rebuild_server_298): 200 GET http://10.180.1.21/compute/v2.1/servers/443a8dc6-a88a-45e9-9a8c-f9976f91b821 0.492s
