2025-05-14 09:52:23.592 70132 INFO tempest.lib.common.rest_client [req-e4187045-1d1a-49a0-ac68-cd5def663439 req-e4187045-1d1a-49a0-ac68-cd5def663439 ] Request (ServersAdminNegativeTestJSON:tearDownClass): 200 GET http://10.180.1.21/compute/v2.1/servers/bcfea8dc-1327-4e91-b5fb-5183146af199 0.071s
2025-05-14 09:52:23.605 70094 INFO tempest.lib.common.rest_client [req-9c07e022-6399-4cb4-80e7-f57029079c5d req-9c07e022-6399-4cb4-80e7-f57029079c5d ] Request (ServersListShow2100Test:test_list_show_rebuild_update_server_2100): 200 GET http://10.180.1.21/compute/v2.1/servers/7b7298a7-3c61-419c-8ca4-4afd452628c5 0.073s
2025-05-14 09:52:23.642 70120 INFO tempest.lib.common.rest_client [req-d5fea63b-a0dc-4437-86ce-5817b51454f4 req-d5fea63b-a0dc-4437-86ce-5817b51454f4 ] Request (MigrationsAdminTest:test_resize_server_revert_deleted_flavor): 200 GET http://10.180.1.21/compute/v2.1/servers/26d5e4a4-a985-440c-ab16-5798e9bd72ff 0.062s
2025-05-14 09:52:23.718 70106 INFO tempest.lib.common.rest_client [req-785b36d6-b567-40cf-bf39-b32abe6cbc84 req-785b36d6-b567-40cf-bf39-b32abe6cbc84 ] Request (ServerGroupTestJSON:test_create_server_with_scheduler_hint_group): 200 GET http://10.180.1.21/compute/v2.1/servers/cae202f4-3111-4611-ad68-bfaac359bd8e 0.061s
2025-05-14 09:52:23.720 70126 INFO tempest.lib.common.rest_client [req-90c2f840-22d8-4b03-a633-64453a8b193b req-90c2f840-22d8-4b03-a633-64453a8b193b ] Request (ListServerFiltersTestJSON:setUpClass): 201 POST http://10.180.1.21:9696/networking/v2.0/networks 0.222s
2025-05-14 09:52:23.808 70118 INFO tempest.lib.common.rest_client [req-2a9f493e-3d60-4c50-8d43-422b8539ba65 req-2a9f493e-3d60-4c50-8d43-422b8539ba65 ] Request (ServersTestJSON:setUpClass): 200 GET http://10.180.1.21/compute/v2.1/servers/d017056e-049d-4162-bc9f-fca50d73fbe0 0.059s
2025-05-14 09:52:23.872 70126 INFO tempest.lib.common.rest_client [req-182537c3-621c-481a-82af-6d050a78b3f6 req-182537c3-621c-481a-82af-6d050a78b3f6 ] Request (ListServerFiltersTestJSON:setUpClass): 201 POST http://10.180.1.21:9696/networking/v2.0/subnets 0.151s
2025-05-14 09:52:23.872 70126 INFO tempest.lib.common.dynamic_creds [-] Created isolated network resources for: credentials: Credentials: {'domain_id': 'default', 'domain_name': 'Default', 'username': 'tempest-ListServerFiltersTestJSON-1382236750-project-member', 'project_domain_id': 'default', 'project_domain_name': 'Default', 'project_id': 'c9178834238e49daae5b5d642c5365ad', 'project_name': 'tempest-ListServerFiltersTestJSON-1382236750', 'tenant_id': 'c9178834238e49daae5b5d642c5365ad', 'tenant_name': 'tempest-ListServerFiltersTestJSON-1382236750', 'user_domain_id': 'default', 'user_domain_name': 'Default', 'user_id': '2382098f7d93452fad5b93f5b90f4884', 'system': None}, Network: {'id': '14ca7061-111e-4d24-bb1f-aededca063d2', 'name': 'tempest-ListServerFiltersTestJSON-44496556-network', 'tenant_id': 'c9178834238e49daae5b5d642c5365ad', 'admin_state_up': True, 'mtu': 8950, 'status': 'ACTIVE', 'subnets': [], 'shared': False, 'project_id': 'c9178834238e49daae5b5d642c5365ad', 'port_security_enabled': True, 'router:external': False, 'provider:network_type': 'vlan', 'provider:physical_network': 'default', 'provider:segmentation_id': 394, 'availability_zone_hints': [], 'availability_zones': [], 'ipv4_address_scope': None, 'ipv6_address_scope': None, 'description': '', 'tags': [], 'created_at': '2025-05-14T09:52:23Z', 'updated_at': '2025-05-14T09:52:23Z', 'revision_number': 1}, Subnet: {'id': '4f65ee26-0016-4596-8910-eb6253ec7e14', 'name': 'tempest-ListServerFiltersTestJSON-44496556-subnet', 'tenant_id': 'c9178834238e49daae5b5d642c5365ad', 'network_id': '14ca7061-111e-4d24-bb1f-aededca063d2', 'ip_version': 4, 'subnetpool_id': None, 'enable_dhcp': True, 'ipv6_ra_mode': None, 'ipv6_address_mode': None, 'gateway_ip': '192.168.128.1', 'cidr': '192.168.128.0/28', 'allocation_pools': [{'start': '192.168.128.2', 'end': '192.168.128.14'}], 'host_routes': [], 'dns_nameservers': [], 'description': '', 'router:external': False, 'service_types': [], 'tags': [], 'created_at': '2025-05-14T09:52:23Z', 'updated_at': '2025-05-14T09:52:23Z', 'revision_number': 0, 'project_id': 'c9178834238e49daae5b5d642c5365ad'}, Router: None
2025-05-14 09:52:23.883 70113 INFO tempest.lib.common.rest_client [req-4d8c529d-e0ed-4650-99da-e9414d357e9d req-4d8c529d-e0ed-4650-99da-e9414d357e9d ] Request (AttachInterfacesUnderV243Test:test_add_remove_fixed_ip): 200 GET http://10.180.1.21/compute/v2.1/servers/dcae0c26-c079-4d7c-a321-df69cba40c3c 0.126s
2025-05-14 09:52:23.919 70136 INFO tempest.lib.common.rest_client [req-57b0e729-292b-42db-b55f-b6d620a3887a req-57b0e729-292b-42db-b55f-b6d620a3887a ] Request (ListImageFiltersTestJSON:tearDownClass): 200 GET http://10.180.1.21/compute/v2.1/servers/029aa35a-3407-4d4f-9388-1978a073ecd2 0.083s
2025-05-14 09:52:23.947 70126 INFO tempest.lib.common.rest_client [req-33f9d241-25a2-4540-93f6-92573b5b2287 req-33f9d241-25a2-4540-93f6-92573b5b2287 ] Request (ListServerFiltersTestJSON:setUpClass): 201 POST http://10.180.1.21/identity/v3/auth/tokens 0.071s
2025-05-14 09:52:23.954 70110 INFO tempest.lib.common.rest_client [req-00b817bd-8df9-4aa7-8d54-55fe63c05943 req-00b817bd-8df9-4aa7-8d54-55fe63c05943 ] Request (DeleteServersAdminTestJSON:test_delete_server_while_in_error_state): 200 GET http://10.180.1.21/compute/v2.1/servers/2dee479a-0981-497c-afb9-6e66085e431f 0.116s
2025-05-14 09:52:23.979 70116 INFO tempest.lib.common.rest_client [req-0b64dc67-f1d8-4734-96f8-254ccd3b72ae req-0b64dc67-f1d8-4734-96f8-254ccd3b72ae ] Request (MultipleCreateTestJSON:test_multiple_create): 200 GET http://10.180.1.21/compute/v2.1/servers/03c9b0ef-ec95-4599-bd6f-7e0a8b57d6b5 0.069s
2025-05-14 09:52:23.987 70126 INFO tempest.lib.common.rest_client [req-8389fcc9-16b2-4615-899d-cf72b4a455e1 req-8389fcc9-16b2-4615-899d-cf72b4a455e1 ] Request (ListServerFiltersTestJSON:setUpClass): 201 POST http://10.180.1.21/identity/v3/auth/tokens 0.037s
2025-05-14 09:52:23.988 70126 INFO tempest.lib.common.fixed_network [-] (ListServerFiltersTestJSON:setUpClass) Found network {'id': '14ca7061-111e-4d24-bb1f-aededca063d2', 'name': 'tempest-ListServerFiltersTestJSON-44496556-network', 'tenant_id': 'c9178834238e49daae5b5d642c5365ad', 'admin_state_up': True, 'mtu': 8950, 'status': 'ACTIVE', 'subnets': [], 'shared': False, 'project_id': 'c9178834238e49daae5b5d642c5365ad', 'port_security_enabled': True, 'router:external': False, 'provider:network_type': 'vlan', 'provider:physical_network': 'default', 'provider:segmentation_id': 394, 'availability_zone_hints': [], 'availability_zones': [], 'ipv4_address_scope': None, 'ipv6_address_scope': None, 'description': '', 'tags': [], 'created_at': '2025-05-14T09:52:23Z', 'updated_at': '2025-05-14T09:52:23Z', 'revision_number': 1} available for tenant
2025-05-14 09:52:24.007 70086 INFO tempest.lib.common.rest_client [req-dda3b9a9-1d04-45ea-83a6-4e2294d1acc2 req-dda3b9a9-1d04-45ea-83a6-4e2294d1acc2 ] Request (ImagesTestJSON:test_create_image_from_stopped_server): 200 GET http://10.180.1.21/compute/v2.1/servers/8fb7187b-854f-4a4b-8129-318705dfc170 0.097s
2025-05-14 09:52:24.019 70126 INFO tempest.lib.common.rest_client [req-4b89833a-272b-4937-bee9-8dac42bc2485 req-4b89833a-272b-4937-bee9-8dac42bc2485 ] Request (ListServerFiltersTestJSON:setUpClass): 201 POST http://10.180.1.21/identity/v3/auth/tokens 0.027s
2025-05-14 09:52:24.019 70126 INFO tempest.lib.common.fixed_network [-] (ListServerFiltersTestJSON:setUpClass) Found network {'id': '14ca7061-111e-4d24-bb1f-aededca063d2', 'name': 'tempest-ListServerFiltersTestJSON-44496556-network', 'tenant_id': 'c9178834238e49daae5b5d642c5365ad', 'admin_state_up': True, 'mtu': 8950, 'status': 'ACTIVE', 'subnets': [], 'shared': False, 'project_id': 'c9178834238e49daae5b5d642c5365ad', 'port_security_enabled': True, 'router:external': False, 'provider:network_type': 'vlan', 'provider:physical_network': 'default', 'provider:segmentation_id': 394, 'availability_zone_hints': [], 'availability_zones': [], 'ipv4_address_scope': None, 'ipv6_address_scope': None, 'description': '', 'tags': [], 'created_at': '2025-05-14T09:52:23Z', 'updated_at': '2025-05-14T09:52:23Z', 'revision_number': 1} available for tenant
2025-05-14 09:52:24.050 70108 INFO tempest.lib.common.rest_client [req-8dea7c07-1d75-479e-8bda-453cf201e92d req-8dea7c07-1d75-479e-8bda-453cf201e92d ] Request (ServersWithSpecificFlavorTestJSON:test_verify_created_server_ephemeral_disk): 200 GET http://10.180.1.21/compute/v2.1/servers/781604b4-a4c8-4b37-952d-e142265212da 0.063s
2025-05-14 09:52:24.071 70144 INFO tempest.lib.common.rest_client [req-511ad34b-f60e-4a44-b081-ef16b0e59aa5 req-511ad34b-f60e-4a44-b081-ef16b0e59aa5 ] Request (ServerShowV254Test:tearDownClass): 200 GET http://10.180.1.21/compute/v2.1/servers/bc2d5898-8c8a-477e-af14-c15f00eedb0d 0.080s
2025-05-14 09:52:24.127 70096 INFO tempest.lib.common.rest_client [req-970cdc6e-d21a-4a51-bb5a-c6f28cef6626 req-970cdc6e-d21a-4a51-bb5a-c6f28cef6626 ] Request (ServersNegativeTestJSON:setUpClass): 200 GET http://10.180.1.21/compute/v2.1/servers/556f1045-1bef-4873-b882-ef1df65af4db 0.068s
2025-05-14 09:52:24.197 70090 INFO tempest.lib.common.rest_client [req-4ea0e9ec-3bc5-4fd8-a64b-df3919486815 req-4ea0e9ec-3bc5-4fd8-a64b-df3919486815 ] Request (ServersListShow296Test:tearDownClass): 200 GET http://10.180.1.21/compute/v2.1/servers/d20937ea-1aa4-4dda-ac22-cf61aa680965 0.103s
2025-05-14 09:52:24.212 70114 WARNING tempest.lib.common.ssh [-] Failed to establish authenticated ssh connection to cirros@10.180.180.154 ([Errno None] Unable to connect to port 22 on 10.180.180.154). Number attempts: 10. Retry after 11 seconds.: paramiko.ssh_exception.NoValidConnectionsError: [Errno None] Unable to connect to port 22 on 10.180.180.154
2025-05-14 09:52:24.254 70128 INFO tempest.lib.common.rest_client [req-562676d8-9a2b-47cd-8f7c-8026755d8e15 req-562676d8-9a2b-47cd-8f7c-8026755d8e15 ] Request (ServerActionsTestJSON:setUpClass): 200 GET http://10.180.1.21/compute/v2.1/servers/efd32a38-36e0-4f4d-9822-870d28a618d4 0.119s
2025-05-14 09:52:24.323 70124 INFO tempest.lib.common.rest_client [req-61efd6c4-7b40-480a-9d0c-be79ee3ccaa3 req-61efd6c4-7b40-480a-9d0c-be79ee3ccaa3 ] Request (ServersTestMultiNic:test_verify_duplicate_network_nics): 200 GET http://10.180.1.21/compute/v2.1/servers/0995d66a-3324-45b9-afe9-660cc208a538 0.176s
2025-05-14 09:52:24.388 70084 INFO tempest.lib.common.rest_client [req-094eb33a-0f12-424d-9f4c-60d731e8b552 req-094eb33a-0f12-424d-9f4c-60d731e8b552 ] Request (InstanceActionsV221TestJSON:test_get_list_deleted_instance_actions): 200 GET http://10.180.1.21/compute/v2.1/servers/3716320a-d067-4ad0-8284-424eb407f2ec 0.183s
2025-05-14 09:52:24.445 70138 INFO tempest.lib.common.rest_client [req-06c30459-6db7-4ef7-b4d8-f8f3b50152c5 req-06c30459-6db7-4ef7-b4d8-f8f3b50152c5 ] Request (ImagesOneServerNegativeTestJSON:_run_cleanups): 200 GET http://10.180.1.21/compute/v2.1/servers/726dc81d-4f0f-48cd-934f-736b09764dc1 0.234s
2025-05-14 09:52:24.500 70098 INFO tempest.lib.common.rest_client [req-8daf4066-3999-496f-9466-d94308d22315 req-8daf4066-3999-496f-9466-d94308d22315 ] Request (FloatingIPsAssociationTestJSON:test_associate_already_associated_floating_ip): 200 GET http://10.180.1.21/compute/v2.1/servers/27f67772-1f5c-4f13-89d0-bba7749ddb4e 0.239s
2025-05-14 09:52:24.526 70126 INFO tempest.lib.common.rest_client [req-f8129a4a-9c42-45da-b12e-d02e8f4ab010 req-f8129a4a-9c42-45da-b12e-d02e8f4ab010 ] Request (ListServerFiltersTestJSON:setUpClass): 202 POST http://10.180.1.21/compute/v2.1/servers 0.506s
2025-05-14 09:52:24.553 70092 INFO tempest.lib.common.rest_client [req-24310016-6bb3-4e54-a373-cc17def0d600 req-24310016-6bb3-4e54-a373-cc17def0d600 ] Request (ServersAdminTestJSON:test_create_server_with_scheduling_hint): 200 GET http://10.180.1.21/compute/v2.1/servers/de682e9a-77cf-41e8-9378-459074854566 0.285s
2025-05-14 09:52:24.576 70126 INFO tempest.lib.common.rest_client [req-491858a4-8c0c-466e-a265-0d5985853b04 req-491858a4-8c0c-466e-a265-0d5985853b04 ] Request (ListServerFiltersTestJSON:setUpClass): 201 POST http://10.180.1.21/identity/v3/auth/tokens 0.045s
2025-05-14 09:52:24.576 70126 INFO tempest.lib.common.fixed_network [-] (ListServerFiltersTestJSON:setUpClass) Found network {'id': '14ca7061-111e-4d24-bb1f-aededca063d2', 'name': 'tempest-ListServerFiltersTestJSON-44496556-network', 'tenant_id': 'c9178834238e49daae5b5d642c5365ad', 'admin_state_up': True, 'mtu': 8950, 'status': 'ACTIVE', 'subnets': [], 'shared': False, 'project_id': 'c9178834238e49daae5b5d642c5365ad', 'port_security_enabled': True, 'router:external': False, 'provider:network_type': 'vlan', 'provider:physical_network': 'default', 'provider:segmentation_id': 394, 'availability_zone_hints': [], 'availability_zones': [], 'ipv4_address_scope': None, 'ipv6_address_scope': None, 'description': '', 'tags': [], 'created_at': '2025-05-14T09:52:23Z', 'updated_at': '2025-05-14T09:52:23Z', 'revision_number': 1} available for tenant
2025-05-14 09:52:24.590 70104 INFO tempest.lib.common.rest_client [req-de72dd81-ea30-4176-b5eb-f579a8feede9 req-de72dd81-ea30-4176-b5eb-f579a8feede9 ] Request (ServerMetadataTestJSON:tearDownClass): 200 GET http://10.180.1.21/compute/v2.1/servers/c8a10353-ce88-44fe-a358-52677478cb8b 0.275s
2025-05-14 09:52:24.611 70122 INFO tempest.lib.common.rest_client [req-933bb7e8-657c-4b11-b1c1-5e1c1ccec341 req-933bb7e8-657c-4b11-b1c1-5e1c1ccec341 ] Request (ServerDiagnosticsV248Test:tearDownClass): 200 GET http://10.180.1.21/compute/v2.1/servers/b4a45681-5bc0-47c4-8475-f067d7569765 0.274s
2025-05-14 09:52:24.648 70134 INFO tempest.lib.common.rest_client [req-7f3caaa5-17b6-440d-abd2-51362bde4acf req-7f3caaa5-17b6-440d-abd2-51362bde4acf ] Request (ImagesOneServerTestJSON:setUpClass): 200 GET http://10.180.1.21/compute/v2.1/servers/f2ff90a8-b170-4ecf-be0c-da88d3f3a158 0.285s
2025-05-14 09:52:24.662 70102 INFO tempest.lib.common.rest_client [req-57951a08-fcd0-4fe4-98bf-452275c3e2de req-57951a08-fcd0-4fe4-98bf-452275c3e2de ] Request (DeleteServersTestJSON:test_delete_active_server): 200 GET http://10.180.1.21/compute/v2.1/servers/c925370e-5981-40a2-a5df-7fe064ac3ce3 0.276s
2025-05-14 09:52:24.700 70142 INFO tempest.lib.common.rest_client [req-9cbaef83-45f3-4180-9cb7-b491ba0e592a req-9cbaef83-45f3-4180-9cb7-b491ba0e592a ] Request (AttachInterfacesTestJSON:_run_cleanups): 200 GET http://10.180.1.21/compute/v2.1/servers/814f3854-3681-4f3d-95de-18340a765f53 0.283s
2025-05-14 09:52:24.754 70132 INFO tempest.lib.common.rest_client [req-7ca413d6-bd2c-4bde-8cbf-95045ea93ecd req-7ca413d6-bd2c-4bde-8cbf-95045ea93ecd ] Request (ServersAdminNegativeTestJSON:tearDownClass): 200 GET http://10.180.1.21/compute/v2.1/servers/bcfea8dc-1327-4e91-b5fb-5183146af199 0.154s
2025-05-14 09:52:24.816 70094 INFO tempest.lib.common.rest_client [req-d52026de-79f4-4af8-824f-aaed28a7700f req-d52026de-79f4-4af8-824f-aaed28a7700f ] Request (ServersListShow2100Test:test_list_show_rebuild_update_server_2100): 200 GET http://10.180.1.21/compute/v2.1/servers/7b7298a7-3c61-419c-8ca4-4afd452628c5 0.199s
2025-05-14 09:52:24.868 70120 INFO tempest.lib.common.rest_client [req-aa2d45cd-0106-4b3e-9ab3-6a305046a3b2 req-aa2d45cd-0106-4b3e-9ab3-6a305046a3b2 ] Request (MigrationsAdminTest:test_resize_server_revert_deleted_flavor): 200 GET http://10.180.1.21/compute/v2.1/servers/26d5e4a4-a985-440c-ab16-5798e9bd72ff 0.218s
2025-05-14 09:52:24.928 70126 INFO tempest.lib.common.rest_client [req-a51ee0ff-5f18-492f-85df-bfb3b39d4e43 req-a51ee0ff-5f18-492f-85df-bfb3b39d4e43 ] Request (ListServerFiltersTestJSON:setUpClass): 202 POST http://10.180.1.21/compute/v2.1/servers 0.351s
2025-05-14 09:52:24.966 70126 INFO tempest.lib.common.rest_client [req-14f0cf7d-05f8-4df4-afc1-358a9adb1922 req-14f0cf7d-05f8-4df4-afc1-358a9adb1922 ] Request (ListServerFiltersTestJSON:setUpClass): 201 POST http://10.180.1.21/identity/v3/auth/tokens 0.032s
2025-05-14 09:52:24.967 70126 INFO tempest.lib.common.fixed_network [-] (ListServerFiltersTestJSON:setUpClass) Found network {'id': '14ca7061-111e-4d24-bb1f-aededca063d2', 'name': 'tempest-ListServerFiltersTestJSON-44496556-network', 'tenant_id': 'c9178834238e49daae5b5d642c5365ad', 'admin_state_up': True, 'mtu': 8950, 'status': 'ACTIVE', 'subnets': [], 'shared': False, 'project_id': 'c9178834238e49daae5b5d642c5365ad', 'port_security_enabled': True, 'router:external': False, 'provider:network_type': 'vlan', 'provider:physical_network': 'default', 'provider:segmentation_id': 394, 'availability_zone_hints': [], 'availability_zones': [], 'ipv4_address_scope': None, 'ipv6_address_scope': None, 'description': '', 'tags': [], 'created_at': '2025-05-14T09:52:23Z', 'updated_at': '2025-05-14T09:52:23Z', 'revision_number': 1} available for tenant
2025-05-14 09:52:25.166 70106 INFO tempest.lib.common.rest_client [req-642b22de-92e6-4536-b775-fe3f25a95842 req-642b22de-92e6-4536-b775-fe3f25a95842 ] Request (ServerGroupTestJSON:test_create_server_with_scheduler_hint_group): 200 GET http://10.180.1.21/compute/v2.1/servers/cae202f4-3111-4611-ad68-bfaac359bd8e 0.439s
2025-05-14 09:52:25.178 70118 INFO tempest.lib.common.rest_client [req-4ac97cfb-9539-49a3-a686-652be58902a0 req-4ac97cfb-9539-49a3-a686-652be58902a0 ] Request (ServersTestJSON:setUpClass): 200 GET http://10.180.1.21/compute/v2.1/servers/d017056e-049d-4162-bc9f-fca50d73fbe0 0.362s
2025-05-14 09:52:25.242 70136 INFO tempest.lib.common.rest_client [req-220f6c47-0cd3-48ed-b208-20f84ee6106d req-220f6c47-0cd3-48ed-b208-20f84ee6106d ] Request (ListImageFiltersTestJSON:tearDownClass): 200 GET http://10.180.1.21/compute/v2.1/servers/029aa35a-3407-4d4f-9388-1978a073ecd2 0.314s
2025-05-14 09:52:25.281 70113 INFO tempest.lib.common.rest_client [req-993b1f5b-8df3-4252-b13e-f3928bc05bfb req-993b1f5b-8df3-4252-b13e-f3928bc05bfb ] Request (AttachInterfacesUnderV243Test:test_add_remove_fixed_ip): 200 GET http://10.180.1.21/compute/v2.1/servers/dcae0c26-c079-4d7c-a321-df69cba40c3c 0.389s
2025-05-14 09:52:25.294 70110 INFO tempest.lib.common.rest_client [req-53a6e3f2-37f5-4b01-9ca8-fb6d60790512 req-53a6e3f2-37f5-4b01-9ca8-fb6d60790512 ] Request (DeleteServersAdminTestJSON:test_delete_server_while_in_error_state): 200 GET http://10.180.1.21/compute/v2.1/servers/2dee479a-0981-497c-afb9-6e66085e431f 0.329s
2025-05-14 09:52:25.345 70116 INFO tempest.lib.common.rest_client [req-31848560-a06e-434d-8a7f-8d25eba74d34 req-31848560-a06e-434d-8a7f-8d25eba74d34 ] Request (MultipleCreateTestJSON:test_multiple_create): 200 GET http://10.180.1.21/compute/v2.1/servers/03c9b0ef-ec95-4599-bd6f-7e0a8b57d6b5 0.357s
2025-05-14 09:52:25.396 70086 INFO tempest.lib.common.rest_client [req-06900c8d-84cb-4fab-b120-85345893e57b req-06900c8d-84cb-4fab-b120-85345893e57b ] Request (ImagesTestJSON:test_create_image_from_stopped_server): 200 GET http://10.180.1.21/compute/v2.1/servers/8fb7187b-854f-4a4b-8129-318705dfc170 0.381s
2025-05-14 09:52:25.446 70108 INFO tempest.lib.common.rest_client [req-a86e43cf-1864-43e9-a85a-cdeeb09e79a5 req-a86e43cf-1864-43e9-a85a-cdeeb09e79a5 ] Request (ServersWithSpecificFlavorTestJSON:test_verify_created_server_ephemeral_disk): 200 GET http://10.180.1.21/compute/v2.1/servers/781604b4-a4c8-4b37-952d-e142265212da 0.382s
2025-05-14 09:52:25.503 70144 INFO tempest.lib.common.rest_client [req-024f39c0-6ebc-418f-bafa-96477b7d9e8f req-024f39c0-6ebc-418f-bafa-96477b7d9e8f ] Request (ServerShowV254Test:tearDownClass): 200 GET http://10.180.1.21/compute/v2.1/servers/bc2d5898-8c8a-477e-af14-c15f00eedb0d 0.423s
2025-05-14 09:52:25.548 70096 INFO tempest.lib.common.rest_client [req-a32579f0-80d4-4945-93c7-df969ae0035d req-a32579f0-80d4-4945-93c7-df969ae0035d ] Request (ServersNegativeTestJSON:setUpClass): 200 GET http://10.180.1.21/compute/v2.1/servers/556f1045-1bef-4873-b882-ef1df65af4db 0.412s
2025-05-14 09:52:25.556 70126 INFO tempest.lib.common.rest_client [req-90b11916-712b-47b3-8164-abfc86bff7ac req-90b11916-712b-47b3-8164-abfc86bff7ac ] Request (ListServerFiltersTestJSON:setUpClass): 202 POST http://10.180.1.21/compute/v2.1/servers 0.588s
2025-05-14 09:52:25.625 70128 INFO tempest.lib.common.rest_client [req-e955c01e-6af1-4e78-86cd-307822ecca26 req-e955c01e-6af1-4e78-86cd-307822ecca26 ] Request (ServerActionsTestJSON:setUpClass): 200 GET http://10.180.1.21/compute/v2.1/servers/efd32a38-36e0-4f4d-9822-870d28a618d4 0.360s
2025-05-14 09:52:25.628 70090 INFO tempest.lib.common.rest_client [req-848128c4-ca4e-46cf-9c42-1ed49142eea5 req-848128c4-ca4e-46cf-9c42-1ed49142eea5 ] Request (ServersListShow296Test:tearDownClass): 200 GET http://10.180.1.21/compute/v2.1/servers/d20937ea-1aa4-4dda-ac22-cf61aa680965 0.416s
2025-05-14 09:52:25.701 70124 INFO tempest.lib.common.rest_client [req-306f3605-5a9e-4cc9-9403-de7ec01234c6 req-306f3605-5a9e-4cc9-9403-de7ec01234c6 ] Request (ServersTestMultiNic:test_verify_duplicate_network_nics): 200 GET http://10.180.1.21/compute/v2.1/servers/0995d66a-3324-45b9-afe9-660cc208a538 0.366s
2025-05-14 09:52:25.715 70084 INFO tempest.lib.common.rest_client [req-13b1847b-bfb6-4b39-a349-b3f2d6bf84a7 req-13b1847b-bfb6-4b39-a349-b3f2d6bf84a7 ] Request (InstanceActionsV221TestJSON:test_get_list_deleted_instance_actions): 200 GET http://10.180.1.21/compute/v2.1/servers/3716320a-d067-4ad0-8284-424eb407f2ec 0.317s
2025-05-14 09:52:25.766 70138 INFO tempest.lib.common.rest_client [req-d8076de4-1f4f-4db8-a50b-6dcba83f8af3 req-d8076de4-1f4f-4db8-a50b-6dcba83f8af3 ] Request (ImagesOneServerNegativeTestJSON:_run_cleanups): 200 GET http://10.180.1.21/compute/v2.1/servers/726dc81d-4f0f-48cd-934f-736b09764dc1 0.313s
2025-05-14 09:52:25.782 70098 INFO tempest.lib.common.rest_client [req-bb50fe87-ef48-4d72-ad6d-7e1c799157f1 req-bb50fe87-ef48-4d72-ad6d-7e1c799157f1 ] Request (FloatingIPsAssociationTestJSON:test_associate_already_associated_floating_ip): 200 GET http://10.180.1.21/compute/v2.1/servers/27f67772-1f5c-4f13-89d0-bba7749ddb4e 0.274s
2025-05-14 09:52:25.819 70126 INFO tempest.lib.common.rest_client [req-c28330d9-ee07-4b0f-83d9-c800a2c5fc5d req-c28330d9-ee07-4b0f-83d9-c800a2c5fc5d ] Request (ListServerFiltersTestJSON:setUpClass): 200 GET http://10.180.1.21/compute/v2.1/servers/dddcea5f-a8f1-4b81-b0d0-cd3543a75860 0.261s
2025-05-14 09:52:25.837 70092 INFO tempest.lib.common.rest_client [req-5992e917-315b-4616-84fa-ec951f94738f req-5992e917-315b-4616-84fa-ec951f94738f ] Request (ServersAdminTestJSON:test_create_server_with_scheduling_hint): 200 GET http://10.180.1.21/compute/v2.1/servers/de682e9a-77cf-41e8-9378-459074854566 0.274s
2025-05-14 09:52:25.881 70104 INFO tempest.lib.common.rest_client [req-46a0b92a-6369-42b6-bdba-bd9b918f4354 req-46a0b92a-6369-42b6-bdba-bd9b918f4354 ] Request (ServerMetadataTestJSON:tearDownClass): 200 GET http://10.180.1.21/compute/v2.1/servers/c8a10353-ce88-44fe-a358-52677478cb8b 0.282s
2025-05-14 09:52:25.900 70122 INFO tempest.lib.common.rest_client [req-31d1f036-30e6-4dd0-8a28-79703ecbcbd2 req-31d1f036-30e6-4dd0-8a28-79703ecbcbd2 ] Request (ServerDiagnosticsV248Test:tearDownClass): 200 GET http://10.180.1.21/compute/v2.1/servers/b4a45681-5bc0-47c4-8475-f067d7569765 0.279s
2025-05-14 09:52:25.919 70102 INFO tempest.lib.common.rest_client [req-c5eca405-37fa-4c90-a1c9-e752ed835f8e req-c5eca405-37fa-4c90-a1c9-e752ed835f8e ] Request (DeleteServersTestJSON:test_delete_active_server): 404 GET http://10.180.1.21/compute/v2.1/servers/c925370e-5981-40a2-a5df-7fe064ac3ce3 0.249s
2025-05-14 09:52:25.938 70134 INFO tempest.lib.common.rest_client [req-208c10e2-b833-49fa-953b-53457c4d3cdd req-208c10e2-b833-49fa-953b-53457c4d3cdd ] Request (ImagesOneServerTestJSON:setUpClass): 200 GET http://10.180.1.21/compute/v2.1/servers/f2ff90a8-b170-4ecf-be0c-da88d3f3a158 0.282s
2025-05-14 09:52:25.960 70132 INFO tempest.lib.common.rest_client [req-8f74634a-8e5d-4df5-990d-7127626d14c6 req-8f74634a-8e5d-4df5-990d-7127626d14c6 ] Request (ServersAdminNegativeTestJSON:tearDownClass): 404 GET http://10.180.1.21/compute/v2.1/servers/bcfea8dc-1327-4e91-b5fb-5183146af199 0.196s
2025-05-14 09:52:25.992 70142 INFO tempest.lib.common.rest_client [req-fd7d740d-7d2f-44cf-ac75-65b0e898368c req-fd7d740d-7d2f-44cf-ac75-65b0e898368c ] Request (AttachInterfacesTestJSON:_run_cleanups): 200 GET http://10.180.1.21/compute/v2.1/servers/814f3854-3681-4f3d-95de-18340a765f53 0.285s
2025-05-14 09:52:25.993 70102 INFO tempest.lib.common.rest_client [req-926c8710-ee62-46d5-8608-5219b67bcd0c req-926c8710-ee62-46d5-8608-5219b67bcd0c ] Request (DeleteServersTestJSON:test_delete_server_while_in_attached_volume): 201 POST http://10.180.1.21/identity/v3/auth/tokens 0.069s
2025-05-14 09:52:25.993 70102 INFO tempest.lib.common.fixed_network [-] (DeleteServersTestJSON:test_delete_server_while_in_attached_volume) Found network {'id': '49fece2b-ce23-4e2b-9f1a-40d401686867', 'name': 'tempest-DeleteServersTestJSON-1169493966-network', 'tenant_id': '384851ba5d9645a48c645ad3db374d90', 'admin_state_up': True, 'mtu': 8950, 'status': 'ACTIVE', 'subnets': [], 'shared': False, 'project_id': '384851ba5d9645a48c645ad3db374d90', 'port_security_enabled': True, 'router:external': False, 'provider:network_type': 'vlan', 'provider:physical_network': 'default', 'provider:segmentation_id': 884, 'availability_zone_hints': [], 'availability_zones': [], 'ipv4_address_scope': None, 'ipv6_address_scope': None, 'description': '', 'tags': [], 'created_at': '2025-05-14T09:50:18Z', 'updated_at': '2025-05-14T09:50:19Z', 'revision_number': 1} available for tenant
2025-05-14 09:52:26.031 70094 INFO tempest.lib.common.rest_client [req-a61db0eb-0cef-4b08-8cb3-826d31a7d3bd req-a61db0eb-0cef-4b08-8cb3-826d31a7d3bd ] Request (ServersListShow2100Test:test_list_show_rebuild_update_server_2100): 200 GET http://10.180.1.21/compute/v2.1/servers/7b7298a7-3c61-419c-8ca4-4afd452628c5 0.202s
2025-05-14 09:52:26.041 70132 INFO tempest.lib.common.rest_client [req-f0dd00d3-2f7f-4cba-95a2-deb70095b1ec req-f0dd00d3-2f7f-4cba-95a2-deb70095b1ec ] Request (ServersAdminNegativeTestJSON:tearDownClass): 204 DELETE http://10.180.1.21/identity/v3/users/8053dddfb7ce48bfb38a29e918295f3c 0.080s
2025-05-14 09:52:26.058 70120 INFO tempest.lib.common.rest_client [req-a5ddd4b4-3ad9-41b8-80d1-550d0455a3d1 req-a5ddd4b4-3ad9-41b8-80d1-550d0455a3d1 ] Request (MigrationsAdminTest:test_resize_server_revert_deleted_flavor): 200 GET http://10.180.1.21/compute/v2.1/servers/26d5e4a4-a985-440c-ab16-5798e9bd72ff 0.182s
2025-05-14 09:52:26.145 70132 INFO tempest.lib.common.rest_client [req-1bc2e0e2-4810-428c-ae9f-885f83e79b14 req-1bc2e0e2-4810-428c-ae9f-885f83e79b14 ] Request (ServersAdminNegativeTestJSON:tearDownClass): 204 DELETE http://10.180.1.21/identity/v3/users/574e2ec00e024e42906105f489b2c672 0.104s
2025-05-14 09:52:26.145 70132 INFO tempest.lib.common.dynamic_creds [-] Deleting project and security group for project: f5755b515f5f444db38ad933b790be1e
2025-05-14 09:52:26.222 70132 INFO tempest.lib.common.rest_client [req-3b260eaf-bed9-4b51-87f3-2a3cc2abe20f req-3b260eaf-bed9-4b51-87f3-2a3cc2abe20f ] Request (ServersAdminNegativeTestJSON:tearDownClass): 201 POST http://10.180.1.21/identity/v3/auth/tokens 0.076s
2025-05-14 09:52:26.249 70106 INFO tempest.lib.common.rest_client [req-718677fd-f253-4446-ac1e-e97efaa5b9c2 req-718677fd-f253-4446-ac1e-e97efaa5b9c2 ] Request (ServerGroupTestJSON:test_create_server_with_scheduler_hint_group): 200 GET http://10.180.1.21/compute/v2.1/servers/cae202f4-3111-4611-ad68-bfaac359bd8e 0.074s
2025-05-14 09:52:26.309 70118 INFO tempest.lib.common.rest_client [req-6be649b5-cc17-46c3-937e-3eb245ff6c95 req-6be649b5-cc17-46c3-937e-3eb245ff6c95 ] Request (ServersTestJSON:setUpClass): 200 GET http://10.180.1.21/compute/v2.1/servers/d017056e-049d-4162-bc9f-fca50d73fbe0 0.123s
2025-05-14 09:52:26.315 70132 INFO tempest.lib.common.rest_client [req-aae06c24-9dc4-4193-afe8-76fd976832b7 req-aae06c24-9dc4-4193-afe8-76fd976832b7 ] Request (ServersAdminNegativeTestJSON:tearDownClass): 200 GET http://10.180.1.21:9696/networking/v2.0/security-groups?tenant_id=f5755b515f5f444db38ad933b790be1e&name=default 0.093s
2025-05-14 09:52:26.330 70136 INFO tempest.lib.common.rest_client [req-0cee74ad-8320-48b9-9a7a-0ee60c8e9386 req-0cee74ad-8320-48b9-9a7a-0ee60c8e9386 ] Request (ListImageFiltersTestJSON:tearDownClass): 404 GET http://10.180.1.21/compute/v2.1/servers/029aa35a-3407-4d4f-9388-1978a073ecd2 0.079s
2025-05-14 09:52:26.413 70132 INFO tempest.lib.common.rest_client [req-c0b74790-d632-4b2d-bd7b-8ae498a5ce84 req-c0b74790-d632-4b2d-bd7b-8ae498a5ce84 ] Request (ServersAdminNegativeTestJSON:tearDownClass): 204 DELETE http://10.180.1.21:9696/networking/v2.0/security-groups/9a352a36-2d2b-43e7-9057-dd53cdf5bebf 0.097s
2025-05-14 09:52:26.485 70102 INFO tempest.lib.common.rest_client [req-a15af874-2983-40bc-8b5d-794c9267673a req-a15af874-2983-40bc-8b5d-794c9267673a ] Request (DeleteServersTestJSON:test_delete_server_while_in_attached_volume): 202 POST http://10.180.1.21/compute/v2.1/servers 0.491s
2025-05-14 09:52:26.496 70132 INFO tempest.lib.common.rest_client [req-903e475a-45a3-4812-a4d5-71cd810b2ca1 req-903e475a-45a3-4812-a4d5-71cd810b2ca1 ] Request (ServersAdminNegativeTestJSON:tearDownClass): 204 DELETE http://10.180.1.21/identity/v3/projects/f5755b515f5f444db38ad933b790be1e 0.082s
2025-05-14 09:52:26.496 70132 INFO tempest.lib.common.dynamic_creds [-] Deleting project and security group for project: 357383c405e443c5854564baf161ce9d
2025-05-14 09:52:26.509 70110 INFO tempest.lib.common.rest_client [req-e7cdae0c-29b9-43d6-80d6-d5b93cbfc328 req-e7cdae0c-29b9-43d6-80d6-d5b93cbfc328 ] Request (DeleteServersAdminTestJSON:test_delete_server_while_in_error_state): 404 GET http://10.180.1.21/compute/v2.1/servers/2dee479a-0981-497c-afb9-6e66085e431f 0.208s
2025-05-14 09:52:26.520 70113 INFO tempest.lib.common.rest_client [req-b4fbb552-8e41-4598-8efa-48f1e8b5af1c req-b4fbb552-8e41-4598-8efa-48f1e8b5af1c ] Request (AttachInterfacesUnderV243Test:test_add_remove_fixed_ip): 200 GET http://10.180.1.21/compute/v2.1/servers/dcae0c26-c079-4d7c-a321-df69cba40c3c 0.230s
2025-05-14 09:52:26.523 70132 INFO tempest.lib.common.rest_client [req-7bdb1f77-e9f5-4819-a657-1f9c4a97e2fc req-7bdb1f77-e9f5-4819-a657-1f9c4a97e2fc ] Request (ServersAdminNegativeTestJSON:tearDownClass): 200 GET http://10.180.1.21:9696/networking/v2.0/security-groups?tenant_id=357383c405e443c5854564baf161ce9d&name=default 0.026s
2025-05-14 09:52:26.579 70116 INFO tempest.lib.common.rest_client [req-9d57394e-bb2b-4a80-bd6d-14c9d598508d req-9d57394e-bb2b-4a80-bd6d-14c9d598508d ] Request (MultipleCreateTestJSON:test_multiple_create): 200 GET http://10.180.1.21/compute/v2.1/servers/03c9b0ef-ec95-4599-bd6f-7e0a8b57d6b5 0.227s
2025-05-14 09:52:26.591 70116 INFO tempest.common.waiters [-] State transition "BUILD/None" ==> "BUILD/networking" after 91 second wait
2025-05-14 09:52:26.601 70136 INFO tempest.lib.common.rest_client [req-6af49ada-3004-4bc6-9a26-d3a2b42d4451 req-6af49ada-3004-4bc6-9a26-d3a2b42d4451 ] Request (ListImageFiltersTestJSON:tearDownClass): 204 DELETE http://10.180.1.21/compute/v2.1/servers/b18f0ee8-55e0-4dbd-a3b2-eccb7fef2c64 0.271s
2025-05-14 09:52:26.650 70086 INFO tempest.lib.common.rest_client [req-aacc2cf4-212b-4ed3-ba27-275b024db3bc req-aacc2cf4-212b-4ed3-ba27-275b024db3bc ] Request (ImagesTestJSON:test_create_image_from_stopped_server): 200 GET http://10.180.1.21/compute/v2.1/servers/8fb7187b-854f-4a4b-8129-318705dfc170 0.247s
2025-05-14 09:52:26.658 70108 INFO tempest.lib.common.rest_client [req-69f18be6-80a6-4e2b-980a-ce5513e82efb req-69f18be6-80a6-4e2b-980a-ce5513e82efb ] Request (ServersWithSpecificFlavorTestJSON:test_verify_created_server_ephemeral_disk): 200 GET http://10.180.1.21/compute/v2.1/servers/781604b4-a4c8-4b37-952d-e142265212da 0.203s
2025-05-14 09:52:26.675 70110 INFO tempest.lib.common.rest_client [req-1ed2d4c4-efb6-4635-b2e4-44b270a2e711 req-1ed2d4c4-efb6-4635-b2e4-44b270a2e711 ] Request (DeleteServersAdminTestJSON:tearDownClass): 404 DELETE http://10.180.1.21/compute/v2.1/servers/2dee479a-0981-497c-afb9-6e66085e431f 0.163s
2025-05-14 09:52:26.685 70132 INFO tempest.lib.common.rest_client [req-b40b5af6-9809-4ef5-bbe8-98a7c9ff3b0a req-b40b5af6-9809-4ef5-bbe8-98a7c9ff3b0a ] Request (ServersAdminNegativeTestJSON:tearDownClass): 204 DELETE http://10.180.1.21:9696/networking/v2.0/security-groups/247a879c-523b-485b-862e-a0a1e94ed96d 0.162s
2025-05-14 09:52:26.703 70102 INFO tempest.lib.common.rest_client [req-cd31abaf-4064-4e96-ae99-86458176996c req-cd31abaf-4064-4e96-ae99-86458176996c ] Request (DeleteServersTestJSON:test_delete_server_while_in_attached_volume): 200 GET http://10.180.1.21/compute/v2.1/servers/bf4bc455-fa14-4f59-af98-014c2865aede 0.215s
2025-05-14 09:52:26.745 70144 INFO tempest.lib.common.rest_client [req-c733533f-db0a-4fa5-b9a6-634129acb534 req-c733533f-db0a-4fa5-b9a6-634129acb534 ] Request (ServerShowV254Test:tearDownClass): 200 GET http://10.180.1.21/compute/v2.1/servers/bc2d5898-8c8a-477e-af14-c15f00eedb0d 0.232s
2025-05-14 09:52:26.778 70096 INFO tempest.lib.common.rest_client [req-90be636d-760b-44ba-9449-754f980a9d18 req-90be636d-760b-44ba-9449-754f980a9d18 ] Request (ServersNegativeTestJSON:setUpClass): 200 GET http://10.180.1.21/compute/v2.1/servers/556f1045-1bef-4873-b882-ef1df65af4db 0.221s
2025-05-14 09:52:26.807 70132 INFO tempest.lib.common.rest_client [req-2c7fb069-a562-4be9-a45b-95f01c055a8d req-2c7fb069-a562-4be9-a45b-95f01c055a8d ] Request (ServersAdminNegativeTestJSON:tearDownClass): 204 DELETE http://10.180.1.21/identity/v3/projects/357383c405e443c5854564baf161ce9d 0.122s
2025-05-14 09:52:26.808 70132 INFO tempest.test [-] raised in ServerBootFromVolumeStableRescueTest.setUpClass. Invoking tearDownClass.
2025-05-14 09:52:26.841 70128 INFO tempest.lib.common.rest_client [req-c4f03389-1b03-4d82-a671-3182aedb4723 req-c4f03389-1b03-4d82-a671-3182aedb4723 ] Request (ServerActionsTestJSON:setUpClass): 200 GET http://10.180.1.21/compute/v2.1/servers/efd32a38-36e0-4f4d-9822-870d28a618d4 0.209s
2025-05-14 09:52:26.878 70132 INFO tempest.lib.common.rest_client [req-c3fc67ee-4cfa-4115-b06b-1de9d5e7fc3f req-c3fc67ee-4cfa-4115-b06b-1de9d5e7fc3f ] Request (ServerRescueNegativeTestJSON:setUpClass): 201 POST http://10.180.1.21/identity/v3/auth/tokens 0.067s
2025-05-14 09:52:26.912 70132 INFO tempest.lib.common.rest_client [req-f4fca49a-e323-437f-83c8-82feba46f576 req-f4fca49a-e323-437f-83c8-82feba46f576 ] Request (ServerRescueNegativeTestJSON:setUpClass): 201 POST http://10.180.1.21/identity/v3/auth/tokens 0.031s
2025-05-14 09:52:26.929 70090 INFO tempest.lib.common.rest_client [req-99d2b4e1-d3b4-4488-bdd2-61e1a99f3cd2 req-99d2b4e1-d3b4-4488-bdd2-61e1a99f3cd2 ] Request (ServersListShow296Test:tearDownClass): 200 GET http://10.180.1.21/compute/v2.1/servers/d20937ea-1aa4-4dda-ac22-cf61aa680965 0.291s
2025-05-14 09:52:26.943 70136 INFO tempest.lib.common.rest_client [req-913aadd7-de29-4dac-90ee-6ddf5acae2d4 req-913aadd7-de29-4dac-90ee-6ddf5acae2d4 ] Request (ListImageFiltersTestJSON:tearDownClass): 200 GET http://10.180.1.21/compute/v2.1/servers/b18f0ee8-55e0-4dbd-a3b2-eccb7fef2c64 0.342s
2025-05-14 09:52:26.945 70132 INFO tempest.lib.common.rest_client [req-364a7519-fed7-48ba-862b-8db4296b326d req-364a7519-fed7-48ba-862b-8db4296b326d ] Request (ServerRescueNegativeTestJSON:setUpClass): 200 GET http://10.180.1.21/identity/v3/domains?name=Default 0.032s
2025-05-14 09:52:26.956 70110 INFO tempest.lib.common.rest_client [req-c316a1f1-5fd2-4b66-8764-a0792b8ea228 req-c316a1f1-5fd2-4b66-8764-a0792b8ea228 ] Request (DeleteServersAdminTestJSON:tearDownClass): 404 GET http://10.180.1.21/compute/v2.1/servers/2dee479a-0981-497c-afb9-6e66085e431f 0.281s
2025-05-14 09:52:26.984 70132 INFO tempest.lib.common.rest_client [req-7e12a56f-667c-4938-9d33-e0c7adca56b6 req-7e12a56f-667c-4938-9d33-e0c7adca56b6 ] Request (ServerRescueNegativeTestJSON:setUpClass): 201 POST http://10.180.1.21/identity/v3/projects 0.038s
2025-05-14 09:52:27.007 70124 INFO tempest.lib.common.rest_client [req-4be03590-4335-491e-bd01-9f3d2ec2062d req-4be03590-4335-491e-bd01-9f3d2ec2062d ] Request (ServersTestMultiNic:test_verify_duplicate_network_nics): 200 GET http://10.180.1.21/compute/v2.1/servers/0995d66a-3324-45b9-afe9-660cc208a538 0.298s
2025-05-14 09:52:27.032 70084 INFO tempest.lib.common.rest_client [req-6f1947b1-b1fd-4838-89db-0a1f8bcc93b6 req-6f1947b1-b1fd-4838-89db-0a1f8bcc93b6 ] Request (InstanceActionsV221TestJSON:test_get_list_deleted_instance_actions): 200 GET http://10.180.1.21/compute/v2.1/servers/3716320a-d067-4ad0-8284-424eb407f2ec 0.302s
2025-05-14 09:52:27.059 70132 INFO tempest.lib.common.rest_client [req-8ebb026d-442f-474e-a969-7e384f1f2312 req-8ebb026d-442f-474e-a969-7e384f1f2312 ] Request (ServerRescueNegativeTestJSON:setUpClass): 201 POST http://10.180.1.21/identity/v3/users 0.075s
2025-05-14 09:52:27.072 70138 INFO tempest.lib.common.rest_client [req-ea35a370-a5aa-47c7-a9a3-1f822c2f60dc req-ea35a370-a5aa-47c7-a9a3-1f822c2f60dc ] Request (ImagesOneServerNegativeTestJSON:_run_cleanups): 200 GET http://10.180.1.21/compute/v2.1/servers/726dc81d-4f0f-48cd-934f-736b09764dc1 0.297s
2025-05-14 09:52:27.089 70132 INFO tempest.lib.common.rest_client [req-289131de-ac9b-4293-a8df-0be093d45978 req-289131de-ac9b-4293-a8df-0be093d45978 ] Request (ServerRescueNegativeTestJSON:setUpClass): 200 GET http://10.180.1.21/identity/v3/roles 0.029s
2025-05-14 09:52:27.095 70098 INFO tempest.lib.common.rest_client [req-42ca6de4-a73e-432b-a081-6dfbb295d835 req-42ca6de4-a73e-432b-a081-6dfbb295d835 ] Request (FloatingIPsAssociationTestJSON:test_associate_already_associated_floating_ip): 200 GET http://10.180.1.21/compute/v2.1/servers/27f67772-1f5c-4f13-89d0-bba7749ddb4e 0.304s
2025-05-14 09:52:27.130 70132 INFO tempest.lib.common.rest_client [req-e0e54280-d8fc-4999-9754-b171598b5e8e req-e0e54280-d8fc-4999-9754-b171598b5e8e ] Request (ServerRescueNegativeTestJSON:setUpClass): 204 PUT http://10.180.1.21/identity/v3/projects/f307b75d6e0041feba20f44ef9f046e7/users/1a39c333611a492d90f92989ddaced9c/roles/a39c8938f9a84f969bd045d82a5baa4b 0.040s
2025-05-14 09:52:27.130 70132 INFO tempest.lib.common.dynamic_creds [-] Dynamic test user 1a39c333611a492d90f92989ddaced9c is created with scope project and roles: ['member']
2025-05-14 09:52:27.130 70132 INFO tempest.lib.common.dynamic_creds [-] Acquired dynamic creds: credentials: Credentials: {'domain_id': 'default', 'domain_name': 'Default', 'username': 'tempest-ServerRescueNegativeTestJSON-378042184-project-member', 'project_domain_id': 'default', 'project_domain_name': 'Default', 'project_id': 'f307b75d6e0041feba20f44ef9f046e7', 'project_name': 'tempest-ServerRescueNegativeTestJSON-378042184', 'tenant_id': 'f307b75d6e0041feba20f44ef9f046e7', 'tenant_name': 'tempest-ServerRescueNegativeTestJSON-378042184', 'user_domain_id': 'default', 'user_domain_name': 'Default', 'user_id': '1a39c333611a492d90f92989ddaced9c', 'system': None}, Network: None, Subnet: None, Router: None
2025-05-14 09:52:27.132 70126 INFO tempest.lib.common.rest_client [req-25f3c7af-1fcc-4c0c-b0e8-8dae3ce2ec7e req-25f3c7af-1fcc-4c0c-b0e8-8dae3ce2ec7e ] Request (ListServerFiltersTestJSON:setUpClass): 200 GET http://10.180.1.21/compute/v2.1/servers/dddcea5f-a8f1-4b81-b0d0-cd3543a75860 0.301s
2025-05-14 09:52:27.162 70092 INFO tempest.lib.common.rest_client [req-896650e4-c879-41c5-b010-a78f654c5942 req-896650e4-c879-41c5-b010-a78f654c5942 ] Request (ServersAdminTestJSON:test_create_server_with_scheduling_hint): 200 GET http://10.180.1.21/compute/v2.1/servers/de682e9a-77cf-41e8-9378-459074854566 0.317s
2025-05-14 09:52:27.203 70132 INFO tempest.lib.common.rest_client [req-7771a073-d767-49ed-913b-ea38b01e360a req-7771a073-d767-49ed-913b-ea38b01e360a ] Request (ServerRescueNegativeTestJSON:setUpClass): 201 POST http://10.180.1.21/identity/v3/auth/tokens 0.072s
2025-05-14 09:52:27.232 70104 INFO tempest.lib.common.rest_client [req-6a6d1fd9-cd23-4c7e-8fcb-4c42926ab956 req-6a6d1fd9-cd23-4c7e-8fcb-4c42926ab956 ] Request (ServerMetadataTestJSON:tearDownClass): 200 GET http://10.180.1.21/compute/v2.1/servers/c8a10353-ce88-44fe-a358-52677478cb8b 0.341s
2025-05-14 09:52:27.245 70122 INFO tempest.lib.common.rest_client [req-9f9a43aa-4925-4dd3-9552-b1be3cf3778b req-9f9a43aa-4925-4dd3-9552-b1be3cf3778b ] Request (ServerDiagnosticsV248Test:tearDownClass): 200 GET http://10.180.1.21/compute/v2.1/servers/b4a45681-5bc0-47c4-8475-f067d7569765 0.336s
2025-05-14 09:52:27.273 70110 INFO tempest.lib.common.rest_client [req-13a22b91-028f-4e79-8bcf-2eb3987bbff7 req-13a22b91-028f-4e79-8bcf-2eb3987bbff7 ] Request (DeleteServersAdminTestJSON:tearDownClass): 404 DELETE http://10.180.1.21/compute/v2.1/servers/50f54b16-d6c6-4654-8f13-7773a3ec0e34 0.315s
2025-05-14 09:52:27.293 70134 INFO tempest.lib.common.rest_client [req-da95c094-8af5-4f46-b573-7640ac3e01c3 req-da95c094-8af5-4f46-b573-7640ac3e01c3 ] Request (ImagesOneServerTestJSON:setUpClass): 200 GET http://10.180.1.21/compute/v2.1/servers/f2ff90a8-b170-4ecf-be0c-da88d3f3a158 0.345s
2025-05-14 09:52:27.339 70142 INFO tempest.lib.common.rest_client [req-7480634a-599d-4a60-81a2-e750ab287834 req-7480634a-599d-4a60-81a2-e750ab287834 ] Request (AttachInterfacesTestJSON:_run_cleanups): 200 GET http://10.180.1.21/compute/v2.1/servers/814f3854-3681-4f3d-95de-18340a765f53 0.338s
2025-05-14 09:52:27.356 70094 INFO tempest.lib.common.rest_client [req-d64d4967-e525-4f72-808a-71d29b19a87d req-d64d4967-e525-4f72-808a-71d29b19a87d ] Request (ServersListShow2100Test:test_list_show_rebuild_update_server_2100): 200 GET http://10.180.1.21/compute/v2.1/servers/7b7298a7-3c61-419c-8ca4-4afd452628c5 0.310s
2025-05-14 09:52:27.394 70120 INFO tempest.lib.common.rest_client [req-6488acf6-8494-4747-bf95-785c0d5e4035 req-6488acf6-8494-4747-bf95-785c0d5e4035 ] Request (MigrationsAdminTest:test_resize_server_revert_deleted_flavor): 200 GET http://10.180.1.21/compute/v2.1/servers/26d5e4a4-a985-440c-ab16-5798e9bd72ff 0.325s
2025-05-14 09:52:27.403 70106 INFO tempest.lib.common.rest_client [req-2f22f1ce-32cb-4c87-a5e1-3f18ec19411c req-2f22f1ce-32cb-4c87-a5e1-3f18ec19411c ] Request (ServerGroupTestJSON:test_create_server_with_scheduler_hint_group): 200 GET http://10.180.1.21/compute/v2.1/servers/cae202f4-3111-4611-ad68-bfaac359bd8e 0.145s
2025-05-14 09:52:27.412 70110 INFO tempest.lib.common.rest_client [req-24e11894-83c0-41ef-a16b-dd12360b6ea3 req-24e11894-83c0-41ef-a16b-dd12360b6ea3 ] Request (DeleteServersAdminTestJSON:tearDownClass): 404 GET http://10.180.1.21/compute/v2.1/servers/50f54b16-d6c6-4654-8f13-7773a3ec0e34 0.139s
2025-05-14 09:52:27.459 70118 INFO tempest.lib.common.rest_client [req-3a7de010-24d4-4fba-944a-217aeb5405c5 req-3a7de010-24d4-4fba-944a-217aeb5405c5 ] Request (ServersTestJSON:setUpClass): 200 GET http://10.180.1.21/compute/v2.1/servers/d017056e-049d-4162-bc9f-fca50d73fbe0 0.141s
2025-05-14 09:52:27.477 70132 INFO tempest.lib.common.rest_client [req-ebef47e3-4d4b-4cb0-9ef3-aa845765fa50 req-ebef47e3-4d4b-4cb0-9ef3-aa845765fa50 ] Request (ServerRescueNegativeTestJSON:setUpClass): 201 POST http://10.180.1.21:9696/networking/v2.0/networks 0.274s
2025-05-14 09:52:27.483 70110 INFO tempest.lib.common.rest_client [req-e8b9d9ce-56d2-4336-b70e-12b1ec1c5b16 req-e8b9d9ce-56d2-4336-b70e-12b1ec1c5b16 ] Request (DeleteServersAdminTestJSON:tearDownClass): 204 DELETE http://10.180.1.21/identity/v3/users/160498e23f564394bc3430d5f52ae8b3 0.070s
2025-05-14 09:52:27.564 70110 INFO tempest.lib.common.rest_client [req-11d693dd-ac3e-4a08-af1b-4e30968ebe4b req-11d693dd-ac3e-4a08-af1b-4e30968ebe4b ] Request (DeleteServersAdminTestJSON:tearDownClass): 204 DELETE http://10.180.1.21/identity/v3/users/19d556de79f447b39a6f5c2cab3da112 0.081s
2025-05-14 09:52:27.564 70110 INFO tempest.lib.common.dynamic_creds [-] Deleting project and security group for project: e6d8146a04924037822f103d452c2488
2025-05-14 09:52:27.614 70132 INFO tempest.lib.common.rest_client [req-a5617bed-d343-4592-ba80-a93bd5a67bae req-a5617bed-d343-4592-ba80-a93bd5a67bae ] Request (ServerRescueNegativeTestJSON:setUpClass): 201 POST http://10.180.1.21:9696/networking/v2.0/subnets 0.136s
2025-05-14 09:52:27.622 70110 INFO tempest.lib.common.rest_client [req-c21f1525-f177-4fa0-8960-bb948f9eeb7f req-c21f1525-f177-4fa0-8960-bb948f9eeb7f ] Request (DeleteServersAdminTestJSON:tearDownClass): 201 POST http://10.180.1.21/identity/v3/auth/tokens 0.057s
2025-05-14 09:52:27.649 70113 INFO tempest.lib.common.rest_client [req-909b98f6-d83c-4485-a0ba-35805d7c4ca4 req-909b98f6-d83c-4485-a0ba-35805d7c4ca4 ] Request (AttachInterfacesUnderV243Test:test_add_remove_fixed_ip): 200 GET http://10.180.1.21/compute/v2.1/servers/dcae0c26-c079-4d7c-a321-df69cba40c3c 0.120s
2025-05-14 09:52:27.699 70116 INFO tempest.lib.common.rest_client [req-694c636a-6e7f-4fba-8d0e-7c6bcf36b338 req-694c636a-6e7f-4fba-8d0e-7c6bcf36b338 ] Request (MultipleCreateTestJSON:test_multiple_create): 200 GET http://10.180.1.21/compute/v2.1/servers/03c9b0ef-ec95-4599-bd6f-7e0a8b57d6b5 0.106s
2025-05-14 09:52:27.706 70116 INFO tempest.common.waiters [-] State transition "BUILD/networking" ==> "BUILD/spawning" after 92 second wait
2025-05-14 09:52:27.716 70086 INFO tempest.lib.common.rest_client [req-b9955b90-b211-4e8c-bd7d-bdbb1ec54c08 req-b9955b90-b211-4e8c-bd7d-bdbb1ec54c08 ] Request (ImagesTestJSON:test_create_image_from_stopped_server): 200 GET http://10.180.1.21/compute/v2.1/servers/8fb7187b-854f-4a4b-8129-318705dfc170 0.056s
2025-05-14 09:52:27.759 70108 INFO tempest.lib.common.rest_client [req-bfc28324-7fa2-46e0-932f-a87b1d26b3bb req-bfc28324-7fa2-46e0-932f-a87b1d26b3bb ] Request (ServersWithSpecificFlavorTestJSON:test_verify_created_server_ephemeral_disk): 200 GET http://10.180.1.21/compute/v2.1/servers/781604b4-a4c8-4b37-952d-e142265212da 0.093s
2025-05-14 09:52:27.790 70102 INFO tempest.lib.common.rest_client [req-20b3f3fb-31f2-4a0f-abb4-f12e5a2c6f24 req-20b3f3fb-31f2-4a0f-abb4-f12e5a2c6f24 ] Request (DeleteServersTestJSON:test_delete_server_while_in_attached_volume): 200 GET http://10.180.1.21/compute/v2.1/servers/bf4bc455-fa14-4f59-af98-014c2865aede 0.068s
2025-05-14 09:52:27.835 70144 INFO tempest.lib.common.rest_client [req-cab0e8f3-2b99-4995-bd28-bc0767d19bfa req-cab0e8f3-2b99-4995-bd28-bc0767d19bfa ] Request (ServerShowV254Test:tearDownClass): 200 GET http://10.180.1.21/compute/v2.1/servers/bc2d5898-8c8a-477e-af14-c15f00eedb0d 0.081s
2025-05-14 09:52:27.852 70096 INFO tempest.lib.common.rest_client [req-4ee03044-f4fb-46e3-b97c-fe40c8e00aca req-4ee03044-f4fb-46e3-b97c-fe40c8e00aca ] Request (ServersNegativeTestJSON:setUpClass): 200 GET http://10.180.1.21/compute/v2.1/servers/556f1045-1bef-4873-b882-ef1df65af4db 0.063s
2025-05-14 09:52:27.885 70110 INFO tempest.lib.common.rest_client [req-193e20d6-5e5a-49e5-8e23-27c5c908cda5 req-193e20d6-5e5a-49e5-8e23-27c5c908cda5 ] Request (DeleteServersAdminTestJSON:tearDownClass): 200 GET http://10.180.1.21:9696/networking/v2.0/security-groups?tenant_id=e6d8146a04924037822f103d452c2488&name=default 0.263s
2025-05-14 09:52:27.908 70128 INFO tempest.lib.common.rest_client [req-f723e044-24f8-41f4-ac00-8c62dbe74840 req-f723e044-24f8-41f4-ac00-8c62dbe74840 ] Request (ServerActionsTestJSON:setUpClass): 200 GET http://10.180.1.21/compute/v2.1/servers/efd32a38-36e0-4f4d-9822-870d28a618d4 0.057s
2025-05-14 09:52:28.080 70090 INFO tempest.lib.common.rest_client [req-013816b7-4e7b-4199-8b99-704e974fdc3e req-013816b7-4e7b-4199-8b99-704e974fdc3e ] Request (ServersListShow296Test:tearDownClass): 200 GET http://10.180.1.21/compute/v2.1/servers/d20937ea-1aa4-4dda-ac22-cf61aa680965 0.137s
2025-05-14 09:52:28.087 70110 INFO tempest.lib.common.rest_client [req-c8d00d07-f830-4e88-96d2-955bcfc20b42 req-c8d00d07-f830-4e88-96d2-955bcfc20b42 ] Request (DeleteServersAdminTestJSON:tearDownClass): 204 DELETE http://10.180.1.21:9696/networking/v2.0/security-groups/7be0d769-732e-4558-9b0a-bba8182e8325 0.201s
2025-05-14 09:52:28.179 70124 INFO tempest.lib.common.rest_client [req-e6da0d2f-6514-4c40-aaf3-89f196b24956 req-e6da0d2f-6514-4c40-aaf3-89f196b24956 ] Request (ServersTestMultiNic:test_verify_duplicate_network_nics): 200 GET http://10.180.1.21/compute/v2.1/servers/0995d66a-3324-45b9-afe9-660cc208a538 0.158s
2025-05-14 09:52:28.196 70136 INFO tempest.lib.common.rest_client [req-d3bfccb7-8767-451a-b898-fcedc87f6a10 req-d3bfccb7-8767-451a-b898-fcedc87f6a10 ] Request (ListImageFiltersTestJSON:tearDownClass): 200 GET http://10.180.1.21/compute/v2.1/servers/b18f0ee8-55e0-4dbd-a3b2-eccb7fef2c64 0.238s
2025-05-14 09:52:28.207 70110 INFO tempest.lib.common.rest_client [req-42406c42-7dc8-4253-9859-cc75e9cb601e req-42406c42-7dc8-4253-9859-cc75e9cb601e ] Request (DeleteServersAdminTestJSON:tearDownClass): 204 DELETE http://10.180.1.21/identity/v3/projects/e6d8146a04924037822f103d452c2488 0.119s
2025-05-14 09:52:28.207 70110 INFO tempest.lib.common.dynamic_creds [-] Deleting project and security group for project: 20aa7e0d65d149cbba5c1490e4aa2564
2025-05-14 09:52:28.250 70110 INFO tempest.lib.common.rest_client [req-3a409bb2-7b80-4304-887f-45373745d19f req-3a409bb2-7b80-4304-887f-45373745d19f ] Request (DeleteServersAdminTestJSON:tearDownClass): 200 GET http://10.180.1.21:9696/networking/v2.0/security-groups?tenant_id=20aa7e0d65d149cbba5c1490e4aa2564&name=default 0.043s
2025-05-14 09:52:28.278 70138 INFO tempest.lib.common.rest_client [req-b0c5b6fc-f530-4b2f-902a-d4dad092845e req-b0c5b6fc-f530-4b2f-902a-d4dad092845e ] Request (ImagesOneServerNegativeTestJSON:_run_cleanups): 200 GET http://10.180.1.21/compute/v2.1/servers/726dc81d-4f0f-48cd-934f-736b09764dc1 0.191s
2025-05-14 09:52:28.282 70084 INFO tempest.lib.common.rest_client [req-a896eebc-64c6-4e4b-be25-97ade129bb7b req-a896eebc-64c6-4e4b-be25-97ade129bb7b ] Request (InstanceActionsV221TestJSON:test_get_list_deleted_instance_actions): 200 GET http://10.180.1.21/compute/v2.1/servers/3716320a-d067-4ad0-8284-424eb407f2ec 0.239s
