2025-05-14 09:50:10.249 70142 INFO tempest.lib.common.rest_client [req-e1b71941-fd54-454c-bd43-2d01bd7aff74 req-e1b71941-fd54-454c-bd43-2d01bd7aff74 ] Request (FlavorsAccessNegativeTestJSON:tearDownClass): 204 DELETE http://10.180.1.21/identity/v3/projects/6e3c57f873464a079e51e5911f1c1f63 0.139s
2025-05-14 09:50:10.250 70142 INFO tempest.lib.common.dynamic_creds [-] Deleting project and security group for project: 0f5508605c0142128b52e335ca3b2a1c
2025-05-14 09:50:10.275 70098 INFO tempest.lib.common.rest_client [req-338c5544-cfcf-4e09-9aed-993822242089 req-338c5544-cfcf-4e09-9aed-993822242089 ] Request (QuotasAdminTestV236:tearDownClass): 200 GET http://10.180.1.21:9696/networking/v2.0/security-groups?tenant_id=a5f381df3b4f48c6ba997685928cd393&name=default 0.118s
2025-05-14 09:50:10.282 70104 INFO tempest.lib.common.rest_client [req-ccba9216-34b5-4d9c-8c7f-fd811b562162 req-ccba9216-34b5-4d9c-8c7f-fd811b562162 ] Request (FlavorsV2TestJSON:test_list_flavors_filter_by_min_disk): 200 GET http://10.180.1.21/compute/v2.1/flavors?minDisk=2 0.612s
2025-05-14 09:50:10.418 70090 INFO tempest.lib.common.rest_client [req-d77375bc-87b9-4924-8e54-180e4f4eb6c0 req-d77375bc-87b9-4924-8e54-180e4f4eb6c0 ] Request (SecurityGroupRulesTestJSON:test_security_group_rules_list): 200 POST http://10.180.1.21/compute/v2.1/os-security-group-rules 0.851s
2025-05-14 09:50:10.519 70134 INFO tempest.lib.common.rest_client [req-09f295f5-8c7a-47ef-b638-980ef6ef4f73 req-09f295f5-8c7a-47ef-b638-980ef6ef4f73 ] Request (TenantUsagesTestJSON:setUpClass): 200 GET http://10.180.1.21/compute/v2.1/servers/a006d1f1-5185-4717-bf54-fa8b33c19fda 0.847s
2025-05-14 09:50:10.527 70132 INFO tempest.lib.common.rest_client [req-6f1984e4-0a6d-469f-8ea2-708ab6e2455e req-6f1984e4-0a6d-469f-8ea2-708ab6e2455e ] Request (ServersAdminNegativeTestJSON:test_migrate_server_invalid_state): 200 GET http://10.180.1.21/compute/v2.1/servers/b407224d-c687-4351-9bcf-d7ff85ab0193 0.792s
2025-05-14 09:50:10.543 70098 INFO tempest.lib.common.rest_client [req-631b2621-bc19-4ba0-bc04-d3c94ae473c2 req-631b2621-bc19-4ba0-bc04-d3c94ae473c2 ] Request (QuotasAdminTestV236:tearDownClass): 204 DELETE http://10.180.1.21:9696/networking/v2.0/security-groups/d57acc0b-2807-46b4-8883-816120ccb4af 0.267s
2025-05-14 09:50:10.553 70142 INFO tempest.lib.common.rest_client [req-f35bcf63-8ddd-407f-b7bb-af985b21037b req-f35bcf63-8ddd-407f-b7bb-af985b21037b ] Request (FlavorsAccessNegativeTestJSON:tearDownClass): 200 GET http://10.180.1.21:9696/networking/v2.0/security-groups?tenant_id=0f5508605c0142128b52e335ca3b2a1c&name=default 0.303s
2025-05-14 09:50:10.599 70110 INFO tempest.lib.common.rest_client [req-f3caaea5-dc8f-49eb-bcea-de7ece915df8 req-f3caaea5-dc8f-49eb-bcea-de7ece915df8 ] Request (DeleteServersAdminTestJSON:test_admin_delete_servers_of_others): 200 GET http://10.180.1.21/compute/v2.1/servers/50f54b16-d6c6-4654-8f13-7773a3ec0e34 0.827s
2025-05-14 09:50:10.604 70102 INFO tempest.lib.common.rest_client [req-4c5864ba-988b-417d-92df-2d891447717e req-4c5864ba-988b-417d-92df-2d891447717e ] Request (SecurityGroupsNegativeTestJSON:test_delete_security_group_without_passing_id): 404 DELETE http://10.180.1.21/compute/v2.1/os-security-groups/ 0.755s
2025-05-14 09:50:10.618 70086 INFO tempest.lib.common.rest_client [req-38596769-a72c-442f-a8c5-41952450a207 req-38596769-a72c-442f-a8c5-41952450a207 ] Request (ServerExternalEventsTest:tearDownClass): 204 DELETE http://10.180.1.21/compute/v2.1/servers/b9cb0a36-50a0-4030-b8c7-aec41255fb60 0.777s
2025-05-14 09:50:10.671 70098 INFO tempest.lib.common.rest_client [req-c45c28a0-9951-4456-b67d-176c430f092e req-c45c28a0-9951-4456-b67d-176c430f092e ] Request (QuotasAdminTestV236:tearDownClass): 204 DELETE http://10.180.1.21/identity/v3/projects/a5f381df3b4f48c6ba997685928cd393 0.127s
2025-05-14 09:50:10.673 70142 INFO tempest.lib.common.rest_client [req-8085fee3-a713-4656-a6ce-2d91384d719c req-8085fee3-a713-4656-a6ce-2d91384d719c ] Request (FlavorsAccessNegativeTestJSON:tearDownClass): 204 DELETE http://10.180.1.21:9696/networking/v2.0/security-groups/5360b72d-b00c-4748-a9ba-7ea596bf4ec8 0.120s
2025-05-14 09:50:10.688 70120 INFO tempest.lib.common.rest_client [req-9ca1f3ca-1a8c-4230-8483-530a2be2d95a req-9ca1f3ca-1a8c-4230-8483-530a2be2d95a ] Request (MigrationsAdminTest:test_list_migrations_in_flavor_resize_situation): 200 GET http://10.180.1.21/compute/v2.1/servers/5c1878eb-3c4b-49b8-89ba-9c51845204bd 0.684s
2025-05-14 09:50:10.700 70120 INFO tempest.common.waiters [-] State transition "BUILD/None" ==> "BUILD/networking" after 21 second wait
2025-05-14 09:50:10.731 70098 INFO tempest.lib.common.rest_client [req-16325bb0-251d-483c-9b9f-f8c8f0b45bf1 req-16325bb0-251d-483c-9b9f-f8c8f0b45bf1 ] Request (FloatingIPsAssociationTestJSON:setUpClass): 201 POST http://10.180.1.21/identity/v3/auth/tokens 0.058s
2025-05-14 09:50:10.756 70108 INFO tempest.lib.common.rest_client [req-226734d8-c6e2-4c78-9e7f-bd91a26cc0ae req-226734d8-c6e2-4c78-9e7f-bd91a26cc0ae ] Request (ServersWithSpecificFlavorTestJSON:test_verify_created_server_ephemeral_disk): 200 GET http://10.180.1.21/compute/v2.1/servers/ee7f76c1-fcb5-49a7-88fe-57541f13f24b 0.833s
2025-05-14 09:50:10.786 70142 INFO tempest.lib.common.rest_client [req-34ba453c-50ba-4818-98bd-61802fac6805 req-34ba453c-50ba-4818-98bd-61802fac6805 ] Request (FlavorsAccessNegativeTestJSON:tearDownClass): 204 DELETE http://10.180.1.21/identity/v3/projects/0f5508605c0142128b52e335ca3b2a1c 0.113s
2025-05-14 09:50:10.787 70142 INFO tempest.lib.common.dynamic_creds [-] Deleting project and security group for project: a1d7badb1be042d2b462e28041d8a832
2025-05-14 09:50:10.835 70098 INFO tempest.lib.common.rest_client [req-77ec9033-c91b-4b92-8ea3-ce13d7279f21 req-77ec9033-c91b-4b92-8ea3-ce13d7279f21 ] Request (FloatingIPsAssociationTestJSON:setUpClass): 201 POST http://10.180.1.21/identity/v3/auth/tokens 0.099s
2025-05-14 09:50:10.853 70084 INFO tempest.lib.common.rest_client [req-42331388-6bee-4ef2-a176-1f1c064acc98 req-42331388-6bee-4ef2-a176-1f1c064acc98 ] Request (QuotaClassesAdminTestJSON:test_update_default_quotas): 200 PUT http://10.180.1.21/compute/v2.1/os-quota-class-sets/default 0.842s
2025-05-14 09:50:10.876 70098 INFO tempest.lib.common.rest_client [req-24c7edc7-848e-4d9d-8d56-cd7f89af9a39 req-24c7edc7-848e-4d9d-8d56-cd7f89af9a39 ] Request (FloatingIPsAssociationTestJSON:setUpClass): 200 GET http://10.180.1.21/identity/v3/domains?name=Default 0.040s
2025-05-14 09:50:10.926 70124 INFO tempest.lib.common.rest_client [req-d0a9ec86-2090-4e3e-8335-180d29601dae req-d0a9ec86-2090-4e3e-8335-180d29601dae ] Request (ServerDiagnosticsTest:tearDownClass): 200 GET http://10.180.1.21/compute/v2.1/servers/960ee12b-c42e-4e69-a5fc-5c97d3c7f2fe 0.773s
2025-05-14 09:50:10.976 70098 INFO tempest.lib.common.rest_client [req-4251e75a-175f-4495-9e39-65f7964573b3 req-4251e75a-175f-4495-9e39-65f7964573b3 ] Request (FloatingIPsAssociationTestJSON:setUpClass): 201 POST http://10.180.1.21/identity/v3/projects 0.099s
2025-05-14 09:50:10.980 70092 INFO tempest.lib.common.rest_client [req-3c1d6193-c6a1-4f6f-bac4-bdcfd14db49c req-3c1d6193-c6a1-4f6f-bac4-bdcfd14db49c ] Request (AggregatesAdminNegativeTestJSON:test_aggregate_remove_host_as_user): 200 POST http://10.180.1.21/compute/v2.1/os-aggregates/7/action 0.841s
2025-05-14 09:50:10.986 70088 INFO tempest.lib.common.rest_client [req-fec7bf58-1a8b-4920-9547-eeda32e3ee2f req-fec7bf58-1a8b-4920-9547-eeda32e3ee2f ] Request (VolumesAdminNegativeTest:test_update_attached_volume_with_nonexistent_volume_in_body): 200 GET http://10.180.1.21/compute/v2.1/servers/f254ccca-ffc2-4ca6-92ac-317b5f99cd20 0.820s
2025-05-14 09:50:11.007 70144 INFO tempest.lib.common.rest_client [req-3acb0bbc-519b-4713-83d0-751fc249a0e1 req-3acb0bbc-519b-4713-83d0-751fc249a0e1 ] Request (FlavorsAdminTestJSON:test_is_public_string_variations): 200 GET http://10.180.1.21/compute/v2.1/flavors/detail?is_public=no 0.847s
2025-05-14 09:50:11.011 70142 INFO tempest.lib.common.rest_client [req-c730cb27-6170-4a4a-ba5b-96e381f13671 req-c730cb27-6170-4a4a-ba5b-96e381f13671 ] Request (FlavorsAccessNegativeTestJSON:tearDownClass): 200 GET http://10.180.1.21:9696/networking/v2.0/security-groups?tenant_id=a1d7badb1be042d2b462e28041d8a832&name=default 0.224s
2025-05-14 09:50:11.023 70104 INFO tempest.lib.common.rest_client [req-5d83c43f-51ff-4b97-b2d7-711037b4efb6 req-5d83c43f-51ff-4b97-b2d7-711037b4efb6 ] Request (FlavorsV2TestJSON:test_list_flavors_filter_by_min_ram): 200 GET http://10.180.1.21/compute/v2.1/flavors/42 0.735s
2025-05-14 09:50:11.056 70098 INFO tempest.lib.common.rest_client [req-c00f246e-eab7-484b-b2a2-812d0c647995 req-c00f246e-eab7-484b-b2a2-812d0c647995 ] Request (FloatingIPsAssociationTestJSON:setUpClass): 201 POST http://10.180.1.21/identity/v3/users 0.079s
2025-05-14 09:50:11.059 70106 INFO tempest.lib.common.rest_client [req-7f7d028f-3e8a-4a97-9ffe-16fb4e35729f req-7f7d028f-3e8a-4a97-9ffe-16fb4e35729f ] Request (ListServersNegativeTestJSON:setUpClass): 200 GET http://10.180.1.21/compute/v2.1/servers/ee008d19-5fee-41b6-b831-4fd2f8bb5327 0.832s
2025-05-14 09:50:11.097 70098 INFO tempest.lib.common.rest_client [req-9377b393-1cd7-4ce8-82e8-5906bdbaf35f req-9377b393-1cd7-4ce8-82e8-5906bdbaf35f ] Request (FloatingIPsAssociationTestJSON:setUpClass): 200 GET http://10.180.1.21/identity/v3/roles 0.040s
2025-05-14 09:50:11.101 70126 INFO tempest.lib.common.rest_client [req-ee0bd416-7480-449a-b47c-c26b7ff8b1dc req-ee0bd416-7480-449a-b47c-c26b7ff8b1dc ] Request (ServersTestBootFromVolume:setUpClass): 200 GET http://10.180.1.21/compute/v2.1/servers/0cd34a99-40c7-4603-aacf-80205275b852 0.799s
2025-05-14 09:50:11.141 70098 INFO tempest.lib.common.rest_client [req-422452d3-f8d7-4698-86e6-efe043278339 req-422452d3-f8d7-4698-86e6-efe043278339 ] Request (FloatingIPsAssociationTestJSON:setUpClass): 204 PUT http://10.180.1.21/identity/v3/projects/6d1aead63af044df9df43c2755ab7bbe/users/2de649b13cfe46b8b69de421ab1edd67/roles/a39c8938f9a84f969bd045d82a5baa4b 0.043s
2025-05-14 09:50:11.141 70098 INFO tempest.lib.common.dynamic_creds [-] Dynamic test user 2de649b13cfe46b8b69de421ab1edd67 is created with scope project and roles: ['member']
2025-05-14 09:50:11.141 70098 INFO tempest.lib.common.dynamic_creds [-] Acquired dynamic creds: credentials: Credentials: {'domain_id': 'default', 'domain_name': 'Default', 'username': 'tempest-FloatingIPsAssociationTestJSON-2004275240-project-member', 'project_domain_id': 'default', 'project_domain_name': 'Default', 'project_id': '6d1aead63af044df9df43c2755ab7bbe', 'project_name': 'tempest-FloatingIPsAssociationTestJSON-2004275240', 'tenant_id': '6d1aead63af044df9df43c2755ab7bbe', 'tenant_name': 'tempest-FloatingIPsAssociationTestJSON-2004275240', 'user_domain_id': 'default', 'user_domain_name': 'Default', 'user_id': '2de649b13cfe46b8b69de421ab1edd67', 'system': None}, Network: None, Subnet: None, Router: None
2025-05-14 09:50:11.172 70128 INFO tempest.lib.common.rest_client [req-197c78d4-c6e6-4df7-bd28-d99002e32868 req-197c78d4-c6e6-4df7-bd28-d99002e32868 ] Request (InstanceActionsNegativeTestJSON:setUpClass): 200 GET http://10.180.1.21/compute/v2.1/servers/e3c53d5b-18f8-4c41-8ec2-fd8e170576af 0.804s
2025-05-14 09:50:11.195 70142 INFO tempest.lib.common.rest_client [req-5cef8524-4f69-4719-a658-1d5a50eb1bb7 req-5cef8524-4f69-4719-a658-1d5a50eb1bb7 ] Request (FlavorsAccessNegativeTestJSON:tearDownClass): 204 DELETE http://10.180.1.21:9696/networking/v2.0/security-groups/b6cd8f94-35d3-40d0-a062-9a8330f65784 0.184s
2025-05-14 09:50:11.260 70098 INFO tempest.lib.common.rest_client [req-9b830f50-354f-4417-8b35-ba5ff6192ec4 req-9b830f50-354f-4417-8b35-ba5ff6192ec4 ] Request (FloatingIPsAssociationTestJSON:setUpClass): 201 POST http://10.180.1.21/identity/v3/auth/tokens 0.118s
2025-05-14 09:50:11.278 70094 INFO tempest.lib.common.rest_client [req-a61d0f4b-5ddf-429d-ae93-76edc1b29d42 req-a61d0f4b-5ddf-429d-ae93-76edc1b29d42 ] Request (ServersAdmin275Test:test_rebuild_update_server_275): 200 GET http://10.180.1.21/compute/v2.1/servers/c6473d46-cde3-401b-8654-a9013978b81b 0.737s
2025-05-14 09:50:11.361 70090 INFO tempest.lib.common.rest_client [req-c329d9a4-11b7-4d5d-834a-8b1864517b82 req-c329d9a4-11b7-4d5d-834a-8b1864517b82 ] Request (SecurityGroupRulesTestJSON:test_security_group_rules_list): 200 POST http://10.180.1.21/compute/v2.1/os-security-group-rules 0.940s
2025-05-14 09:50:11.374 70142 INFO tempest.lib.common.rest_client [req-0435ef9f-6a8f-4cf2-b4c0-8eb7c02473e5 req-0435ef9f-6a8f-4cf2-b4c0-8eb7c02473e5 ] Request (FlavorsAccessNegativeTestJSON:tearDownClass): 204 DELETE http://10.180.1.21/identity/v3/projects/a1d7badb1be042d2b462e28041d8a832 0.178s
2025-05-14 09:50:11.466 70142 INFO tempest.lib.common.rest_client [req-7542e578-407c-4abd-955f-af1a9b8b6035 req-7542e578-407c-4abd-955f-af1a9b8b6035 ] Request (AttachInterfacesTestJSON:setUpClass): 201 POST http://10.180.1.21/identity/v3/auth/tokens 0.090s
2025-05-14 09:50:11.500 70142 INFO tempest.lib.common.rest_client [req-6598aba4-d997-4fed-b64a-88441a96377f req-6598aba4-d997-4fed-b64a-88441a96377f ] Request (AttachInterfacesTestJSON:setUpClass): 201 POST http://10.180.1.21/identity/v3/auth/tokens 0.032s
2025-05-14 09:50:11.535 70142 INFO tempest.lib.common.rest_client [req-45a552fb-890b-436a-bb18-968b599a3314 req-45a552fb-890b-436a-bb18-968b599a3314 ] Request (AttachInterfacesTestJSON:setUpClass): 200 GET http://10.180.1.21/identity/v3/domains?name=Default 0.034s
2025-05-14 09:50:11.567 70098 INFO tempest.lib.common.rest_client [req-92fdc9a4-7530-4292-bda2-baf00a02f4f1 req-92fdc9a4-7530-4292-bda2-baf00a02f4f1 ] Request (FloatingIPsAssociationTestJSON:setUpClass): 201 POST http://10.180.1.21:9696/networking/v2.0/networks 0.306s
2025-05-14 09:50:11.572 70142 INFO tempest.lib.common.rest_client [req-6b670bf4-8cd9-4925-bec1-a87ecd83cb9d req-6b670bf4-8cd9-4925-bec1-a87ecd83cb9d ] Request (AttachInterfacesTestJSON:setUpClass): 201 POST http://10.180.1.21/identity/v3/projects 0.036s
2025-05-14 09:50:11.661 70142 INFO tempest.lib.common.rest_client [req-29b26e70-2f3d-401a-b7c1-c9460cfe4777 req-29b26e70-2f3d-401a-b7c1-c9460cfe4777 ] Request (AttachInterfacesTestJSON:setUpClass): 201 POST http://10.180.1.21/identity/v3/users 0.088s
2025-05-14 09:50:11.675 70102 INFO tempest.lib.common.rest_client [req-95dfd659-5c3a-4f0f-9e02-66c525cff3ee req-95dfd659-5c3a-4f0f-9e02-66c525cff3ee ] Request (SecurityGroupsNegativeTestJSON:test_delete_the_default_security_group): 200 GET http://10.180.1.21/compute/v2.1/os-security-groups 1.069s
2025-05-14 09:50:11.697 70142 INFO tempest.lib.common.rest_client [req-8f869758-d0cd-4117-8ed0-ddf7be2fffe6 req-8f869758-d0cd-4117-8ed0-ddf7be2fffe6 ] Request (AttachInterfacesTestJSON:setUpClass): 200 GET http://10.180.1.21/identity/v3/roles 0.035s
2025-05-14 09:50:11.702 70086 INFO tempest.lib.common.rest_client [req-5103d959-60ad-4732-91e5-16ff1afab1b9 req-5103d959-60ad-4732-91e5-16ff1afab1b9 ] Request (ServerExternalEventsTest:tearDownClass): 200 GET http://10.180.1.21/compute/v2.1/servers/b9cb0a36-50a0-4030-b8c7-aec41255fb60 1.083s
2025-05-14 09:50:11.746 70142 INFO tempest.lib.common.rest_client [req-08d85526-060e-4513-a1c0-4ee3f0d7b89b req-08d85526-060e-4513-a1c0-4ee3f0d7b89b ] Request (AttachInterfacesTestJSON:setUpClass): 204 PUT http://10.180.1.21/identity/v3/projects/ce1b9966b9444589a47ad0c5c5125308/users/5453e29b1e164e708b74abee8e68a929/roles/a39c8938f9a84f969bd045d82a5baa4b 0.049s
2025-05-14 09:50:11.746 70142 INFO tempest.lib.common.dynamic_creds [-] Dynamic test user 5453e29b1e164e708b74abee8e68a929 is created with scope project and roles: ['member']
2025-05-14 09:50:11.747 70142 INFO tempest.lib.common.dynamic_creds [-] Acquired dynamic creds: credentials: Credentials: {'domain_id': 'default', 'domain_name': 'Default', 'username': 'tempest-AttachInterfacesTestJSON-1734957724-project-member', 'project_domain_id': 'default', 'project_domain_name': 'Default', 'project_id': 'ce1b9966b9444589a47ad0c5c5125308', 'project_name': 'tempest-AttachInterfacesTestJSON-1734957724', 'tenant_id': 'ce1b9966b9444589a47ad0c5c5125308', 'tenant_name': 'tempest-AttachInterfacesTestJSON-1734957724', 'user_domain_id': 'default', 'user_domain_name': 'Default', 'user_id': '5453e29b1e164e708b74abee8e68a929', 'system': None}, Network: None, Subnet: None, Router: None
2025-05-14 09:50:11.754 70130 INFO tempest.lib.common.rest_client [req-4fbbf1fc-1979-43d9-9295-0a87f29c0fe3 req-4fbbf1fc-1979-43d9-9295-0a87f29c0fe3 ] Request (AttachVolumeNegativeTest:test_attach_attached_volume_to_different_server): 200 GET http://10.180.1.21/compute/v2.1/servers/559d44dc-2ae8-48a9-9dcd-bad5d03ed236 1.092s
2025-05-14 09:50:11.767 70084 INFO tempest.lib.common.rest_client [req-e520ae6d-080d-4981-8ff1-38263b499079 req-e520ae6d-080d-4981-8ff1-38263b499079 ] Request (QuotaClassesAdminTestJSON:test_update_default_quotas): 200 GET http://10.180.1.21/compute/v2.1/os-quota-class-sets/default 0.912s
2025-05-14 09:50:11.784 70116 INFO tempest.lib.common.rest_client [req-13591ffb-80bc-4662-8e53-f6b43ce34d4d req-13591ffb-80bc-4662-8e53-f6b43ce34d4d ] Request (AttachInterfacesV270Test:tearDownClass): 200 GET http://10.180.1.21/compute/v2.1/servers/2631d429-9d16-4cdf-b7cf-14ea26d5fd94 1.064s
2025-05-14 09:50:11.800 70116 INFO tempest.common.waiters [-] State transition "ACTIVE/deleting" ==> "DELETED/None" after 3 second wait
2025-05-14 09:50:11.830 70142 INFO tempest.lib.common.rest_client [req-bb6f49e3-c3c6-4759-a769-4d0b060a5a94 req-bb6f49e3-c3c6-4759-a769-4d0b060a5a94 ] Request (AttachInterfacesTestJSON:setUpClass): 201 POST http://10.180.1.21/identity/v3/auth/tokens 0.083s
2025-05-14 09:50:11.835 70113 INFO tempest.lib.common.rest_client [req-35036e77-14f2-4ad4-9a44-3e5daf174685 req-35036e77-14f2-4ad4-9a44-3e5daf174685 ] Request (ImagesNegativeTestJSON:test_create_image_from_deleted_server): 200 GET http://10.180.1.21/compute/v2.1/servers/733e01e7-5429-41fe-8cd0-9fc56d03fce0 0.902s
2025-05-14 09:50:11.845 70092 INFO tempest.lib.common.rest_client [req-5af03564-dc1b-4829-8e4b-a192361bc669 req-5af03564-dc1b-4829-8e4b-a192361bc669 ] Request (AggregatesAdminNegativeTestJSON:test_aggregate_remove_host_as_user): 403 POST http://10.180.1.21/compute/v2.1/os-aggregates/7/action 0.862s
2025-05-14 09:50:11.846 70114 INFO tempest.lib.common.rest_client [req-e589f0f0-9618-4d92-8131-5b4e6b2db593 req-e589f0f0-9618-4d92-8131-5b4e6b2db593 ] Request (AttachVolumeShelveTestJSON:test_attach_volume_shelved_or_offload_server): 200 GET http://10.180.1.21/compute/v2.1/servers/23bc134e-7725-40b1-b79d-d8ef6dbd7cad 0.911s
2025-05-14 09:50:11.863 70144 INFO tempest.lib.common.rest_client [req-de430905-ac2b-4c55-8a2b-de78f1f602ea req-de430905-ac2b-4c55-8a2b-de78f1f602ea ] Request (FlavorsAdminTestJSON:test_is_public_string_variations): 200 GET http://10.180.1.21/compute/v2.1/flavors/detail?is_public=0 0.853s
2025-05-14 09:50:11.898 70104 INFO tempest.lib.common.rest_client [req-baddab97-08f2-4f8d-a9ca-653f49508ff8 req-baddab97-08f2-4f8d-a9ca-653f49508ff8 ] Request (FlavorsV2TestJSON:test_list_flavors_filter_by_min_ram): 200 GET http://10.180.1.21/compute/v2.1/flavors?minRam=193 0.872s
2025-05-14 09:50:11.906 70136 INFO tempest.lib.common.rest_client [req-ee25840e-1717-410b-ac3c-aa319fa4ee8b req-ee25840e-1717-410b-ac3c-aa319fa4ee8b ] Request (ListImageFiltersTestJSON:setUpClass): 200 GET http://10.180.1.21/compute/v2.1/servers/029aa35a-3407-4d4f-9388-1978a073ecd2 0.905s
2025-05-14 09:50:11.984 70118 INFO tempest.lib.common.rest_client [req-8a1c95ee-fecd-4cff-99de-53d5495d669c req-8a1c95ee-fecd-4cff-99de-53d5495d669c ] Request (ServerDiagnosticsNegativeTest:test_get_server_diagnostics_by_non_admin): 200 GET http://10.180.1.21/compute/v2.1/servers/f9371520-75bc-414a-a704-30dba68d5a52 0.893s
2025-05-14 09:50:12.000 70100 INFO tempest.lib.common.rest_client [req-2679a428-f5e4-43db-b0f1-aaa41064c57c req-2679a428-f5e4-43db-b0f1-aaa41064c57c ] Request (ServersListShow298Test:test_list_show_update_rebuild_server_298): 200 GET http://10.180.1.21/compute/v2.1/servers/443a8dc6-a88a-45e9-9a8c-f9976f91b821 0.872s
2025-05-14 09:50:12.064 70096 INFO tempest.lib.common.rest_client [req-1f45800e-ddd8-4371-9f91-eb93c4ba8e76 req-1f45800e-ddd8-4371-9f91-eb93c4ba8e76 ] Request (ServerShowV257Test:tearDownClass): 200 GET http://10.180.1.21/compute/v2.1/servers/d64c1ede-21f5-4d14-9585-85aad4d25873 0.862s
2025-05-14 09:50:12.076 70138 INFO tempest.lib.common.rest_client [req-fac4b415-872e-481a-9b69-05c18c6b9501 req-fac4b415-872e-481a-9b69-05c18c6b9501 ] Request (ImagesOneServerNegativeTestJSON:setUpClass): 200 GET http://10.180.1.21/compute/v2.1/servers/4e574bef-58f7-4fe3-9f0f-c76854082912 0.816s
2025-05-14 09:50:12.082 70098 INFO tempest.lib.common.rest_client [req-5e863a67-a8c8-4ffc-937e-082b6ce03d05 req-5e863a67-a8c8-4ffc-937e-082b6ce03d05 ] Request (FloatingIPsAssociationTestJSON:setUpClass): 201 POST http://10.180.1.21:9696/networking/v2.0/subnets 0.514s
2025-05-14 09:50:12.111 70090 INFO tempest.lib.common.rest_client [req-8af05bb4-16b6-4709-8387-5f72b88c9d03 req-8af05bb4-16b6-4709-8387-5f72b88c9d03 ] Request (SecurityGroupRulesTestJSON:test_security_group_rules_list): 200 GET http://10.180.1.21/compute/v2.1/os-security-groups/a53cffc4-eda0-4cc4-9971-673c2dfbec1f 0.746s
2025-05-14 09:50:12.180 70132 INFO tempest.lib.common.rest_client [req-75800f87-37de-4452-ba83-4a595039f78a req-75800f87-37de-4452-ba83-4a595039f78a ] Request (ServersAdminNegativeTestJSON:test_migrate_server_invalid_state): 200 GET http://10.180.1.21/compute/v2.1/servers/b407224d-c687-4351-9bcf-d7ff85ab0193 0.644s
2025-05-14 09:50:12.212 70134 INFO tempest.lib.common.rest_client [req-681b6114-399a-4ee3-b387-03aefdaade7b req-681b6114-399a-4ee3-b387-03aefdaade7b ] Request (TenantUsagesTestJSON:setUpClass): 200 GET http://10.180.1.21/compute/v2.1/servers/a006d1f1-5185-4717-bf54-fa8b33c19fda 0.678s
2025-05-14 09:50:12.249 70110 INFO tempest.lib.common.rest_client [req-e8bbc61d-ae72-43de-8df4-39ae100fe3ef req-e8bbc61d-ae72-43de-8df4-39ae100fe3ef ] Request (DeleteServersAdminTestJSON:test_admin_delete_servers_of_others): 200 GET http://10.180.1.21/compute/v2.1/servers/50f54b16-d6c6-4654-8f13-7773a3ec0e34 0.639s
2025-05-14 09:50:12.267 70142 INFO tempest.lib.common.rest_client [req-cd648b5a-ce91-4b94-9a7f-b53e7efb16d2 req-cd648b5a-ce91-4b94-9a7f-b53e7efb16d2 ] Request (AttachInterfacesTestJSON:setUpClass): 201 POST http://10.180.1.21:9696/networking/v2.0/networks 0.436s
2025-05-14 09:50:12.361 70102 INFO tempest.lib.common.rest_client [req-1303bd67-7fd2-40ee-986c-0cf2c0461fc0 req-1303bd67-7fd2-40ee-986c-0cf2c0461fc0 ] Request (SecurityGroupsNegativeTestJSON:test_delete_the_default_security_group): 400 DELETE http://10.180.1.21/compute/v2.1/os-security-groups/2031d7e8-43b0-4b61-81fc-209a77175618 0.682s
2025-05-14 09:50:12.373 70140 WARNING tempest.lib.common.ssh [-] Failed to establish authenticated ssh connection to cirros@10.180.180.141 ([Errno None] Unable to connect to port 22 on 10.180.180.141). Number attempts: 1. Retry after 2 seconds.: paramiko.ssh_exception.NoValidConnectionsError: [Errno None] Unable to connect to port 22 on 10.180.180.141
2025-05-14 09:50:12.393 70120 INFO tempest.lib.common.rest_client [req-c76ce4c8-22de-4fdd-9a41-bf3b18877e8d req-c76ce4c8-22de-4fdd-9a41-bf3b18877e8d ] Request (MigrationsAdminTest:test_list_migrations_in_flavor_resize_situation): 200 GET http://10.180.1.21/compute/v2.1/servers/5c1878eb-3c4b-49b8-89ba-9c51845204bd 0.692s
2025-05-14 09:50:12.402 70120 INFO tempest.common.waiters [-] State transition "BUILD/networking" ==> "BUILD/spawning" after 23 second wait
2025-05-14 09:50:12.442 70084 INFO tempest.lib.common.rest_client [req-5c69f60a-e0db-4b87-a2c6-7ceae52ac054 req-5c69f60a-e0db-4b87-a2c6-7ceae52ac054 ] Request (QuotaClassesAdminTestJSON:_run_cleanups): 200 PUT http://10.180.1.21/compute/v2.1/os-quota-class-sets/default 0.673s
2025-05-14 09:50:12.498 70108 INFO tempest.lib.common.rest_client [req-08299ce1-de33-424a-9790-f5a4834dff0f req-08299ce1-de33-424a-9790-f5a4834dff0f ] Request (ServersWithSpecificFlavorTestJSON:test_verify_created_server_ephemeral_disk): 200 GET http://10.180.1.21/compute/v2.1/servers/ee7f76c1-fcb5-49a7-88fe-57541f13f24b 0.732s
2025-05-14 09:50:12.536 70144 INFO tempest.lib.common.rest_client [req-5dbf653c-9989-44ed-a49f-4d5c1e420acc req-5dbf653c-9989-44ed-a49f-4d5c1e420acc ] Request (FlavorsAdminTestJSON:test_is_public_string_variations): 200 GET http://10.180.1.21/compute/v2.1/flavors/detail?is_public=t 0.669s
2025-05-14 09:50:12.555 70104 INFO tempest.lib.common.rest_client [req-b809333e-4c16-4e19-8607-f7bd37d26565 req-b809333e-4c16-4e19-8607-f7bd37d26565 ] Request (FlavorsV2TestJSON:test_list_flavors_limit_results): 200 GET http://10.180.1.21/compute/v2.1/flavors?limit=1 0.651s
2025-05-14 09:50:12.571 70142 INFO tempest.lib.common.rest_client [req-5aa45545-f31c-4505-81ee-b3ea8c742fd4 req-5aa45545-f31c-4505-81ee-b3ea8c742fd4 ] Request (AttachInterfacesTestJSON:setUpClass): 201 POST http://10.180.1.21:9696/networking/v2.0/subnets 0.302s
2025-05-14 09:50:12.593 70084 INFO tempest.lib.common.rest_client [req-4a8642f3-228a-424d-95af-2bcc0b03cf60 req-4a8642f3-228a-424d-95af-2bcc0b03cf60 ] Request (QuotaClassesAdminTestJSON:tearDownClass): 204 DELETE http://10.180.1.21/identity/v3/users/10a96eda00a1408aad3660c257f558a6 0.146s
2025-05-14 09:50:12.604 70092 INFO tempest.lib.common.rest_client [req-4c20ffd2-60ed-4773-844f-ab8368c6c117 req-4c20ffd2-60ed-4773-844f-ab8368c6c117 ] Request (AggregatesAdminNegativeTestJSON:_run_cleanups): 200 POST http://10.180.1.21/compute/v2.1/os-aggregates/7/action 0.759s
2025-05-14 09:50:12.624 70124 INFO tempest.lib.common.rest_client [req-87a1c9b1-752c-4690-8e93-53d64a5c547c req-87a1c9b1-752c-4690-8e93-53d64a5c547c ] Request (ServerDiagnosticsTest:tearDownClass): 200 GET http://10.180.1.21/compute/v2.1/servers/960ee12b-c42e-4e69-a5fc-5c97d3c7f2fe 0.689s
2025-05-14 09:50:12.631 70122 INFO tempest.lib.common.rest_client [req-6ca9b6ef-94ea-4108-96f0-0d39d3ea6b0d req-6ca9b6ef-94ea-4108-96f0-0d39d3ea6b0d ] Request (QuotasAdminTestV257:test_get_updated_quotas): 200 GET http://10.180.1.21/identity/v3/domains?name=Default 0.118s
2025-05-14 09:50:12.695 70088 INFO tempest.lib.common.rest_client [req-c039d221-8ddf-4926-a236-81e5b3e0448e req-c039d221-8ddf-4926-a236-81e5b3e0448e ] Request (VolumesAdminNegativeTest:test_update_attached_volume_with_nonexistent_volume_in_body): 200 GET http://10.180.1.21/compute/v2.1/servers/f254ccca-ffc2-4ca6-92ac-317b5f99cd20 0.699s
2025-05-14 09:50:12.701 70106 INFO tempest.lib.common.rest_client [req-a0e1648f-cfce-467e-b831-b80b7a76fdbf req-a0e1648f-cfce-467e-b831-b80b7a76fdbf ] Request (ListServersNegativeTestJSON:setUpClass): 200 GET http://10.180.1.21/compute/v2.1/servers/ee008d19-5fee-41b6-b831-4fd2f8bb5327 0.630s
2025-05-14 09:50:12.711 70122 INFO tempest.lib.common.rest_client [req-1752b425-7bd8-4780-9b6c-837f259f46a6 req-1752b425-7bd8-4780-9b6c-837f259f46a6 ] Request (QuotasAdminTestV257:test_get_updated_quotas): 201 POST http://10.180.1.21/identity/v3/projects 0.080s
2025-05-14 09:50:12.724 70084 INFO tempest.lib.common.rest_client [req-18a5d50c-a766-4949-8d62-d3f3a5e202ce req-18a5d50c-a766-4949-8d62-d3f3a5e202ce ] Request (QuotaClassesAdminTestJSON:tearDownClass): 204 DELETE http://10.180.1.21/identity/v3/users/1283408189504f6887a08a7b5583e779 0.130s
2025-05-14 09:50:12.725 70084 INFO tempest.lib.common.dynamic_creds [-] Deleting project and security group for project: 4fdc57d051b2438cb527b2b320b40dfb
2025-05-14 09:50:12.765 70126 INFO tempest.lib.common.rest_client [req-ab48ac40-f26b-40cc-b79c-74df546bd963 req-ab48ac40-f26b-40cc-b79c-74df546bd963 ] Request (ServersTestBootFromVolume:setUpClass): 200 GET http://10.180.1.21/compute/v2.1/servers/0cd34a99-40c7-4603-aacf-80205275b852 0.650s
2025-05-14 09:50:12.791 70084 INFO tempest.lib.common.rest_client [req-368eb58e-2e39-4959-9e2e-48241d651821 req-368eb58e-2e39-4959-9e2e-48241d651821 ] Request (QuotaClassesAdminTestJSON:tearDownClass): 201 POST http://10.180.1.21/identity/v3/auth/tokens 0.066s
2025-05-14 09:50:12.806 70122 INFO tempest.lib.common.rest_client [req-7ea2ba19-c05c-4c5e-bd54-8bf9c3ffdd83 req-7ea2ba19-c05c-4c5e-bd54-8bf9c3ffdd83 ] Request (QuotasAdminTestV257:test_get_updated_quotas): 200 GET http://10.180.1.21/identity/v3/domains?name=Default 0.094s
2025-05-14 09:50:12.847 70128 INFO tempest.lib.common.rest_client [req-8edb694f-1ad3-4b4c-8f9a-55c22b4a1d53 req-8edb694f-1ad3-4b4c-8f9a-55c22b4a1d53 ] Request (InstanceActionsNegativeTestJSON:setUpClass): 200 GET http://10.180.1.21/compute/v2.1/servers/e3c53d5b-18f8-4c41-8ec2-fd8e170576af 0.666s
2025-05-14 09:50:12.930 70090 INFO tempest.lib.common.rest_client [req-3f0c699c-83fc-4d8b-b4e8-1143468d8eb0 req-3f0c699c-83fc-4d8b-b4e8-1143468d8eb0 ] Request (SecurityGroupRulesTestJSON:_run_cleanups): 202 DELETE http://10.180.1.21/compute/v2.1/os-security-group-rules/01660655-6f4a-42f5-9c12-977f6304604d 0.815s
2025-05-14 09:50:12.932 70094 INFO tempest.lib.common.rest_client [req-121d8166-1a4e-40a9-90b2-0cd8de80845f req-121d8166-1a4e-40a9-90b2-0cd8de80845f ] Request (ServersAdmin275Test:test_rebuild_update_server_275): 200 GET http://10.180.1.21/compute/v2.1/servers/c6473d46-cde3-401b-8654-a9013978b81b 0.640s
2025-05-14 09:50:12.960 70144 INFO tempest.lib.common.rest_client [req-d018b142-00d9-4b35-8297-ee58e61a1c1d req-d018b142-00d9-4b35-8297-ee58e61a1c1d ] Request (FlavorsAdminTestJSON:test_is_public_string_variations): 200 GET http://10.180.1.21/compute/v2.1/flavors/detail?is_public=true 0.418s
2025-05-14 09:50:12.963 70102 INFO tempest.lib.common.rest_client [req-53c162e7-46ac-4a6f-a161-49cede56659c req-53c162e7-46ac-4a6f-a161-49cede56659c ] Request (SecurityGroupsNegativeTestJSON:test_security_group_get_nonexistent_group): 404 GET http://10.180.1.21/compute/v2.1/os-security-groups/1aca2b3b-4e46-4e31-87a6-df42504ebb5c 0.596s
2025-05-14 09:50:12.977 70104 INFO tempest.lib.common.rest_client [req-c48a3428-2ca8-430c-b032-bac2e8680cf0 req-c48a3428-2ca8-430c-b032-bac2e8680cf0 ] Request (FlavorsV2TestJSON:test_list_flavors_using_marker): 200 GET http://10.180.1.21/compute/v2.1/flavors/42 0.416s
2025-05-14 09:50:13.001 70092 INFO tempest.lib.common.rest_client [req-38ea5981-d726-4612-a9d4-362c006aa336 req-38ea5981-d726-4612-a9d4-362c006aa336 ] Request (AggregatesAdminNegativeTestJSON:_run_cleanups): 200 DELETE http://10.180.1.21/compute/v2.1/os-aggregates/7 0.394s
2025-05-14 09:50:13.085 70130 INFO tempest.lib.common.rest_client [req-59e20d1d-5a9b-4846-9e54-7d3e05840802 req-59e20d1d-5a9b-4846-9e54-7d3e05840802 ] Request (AttachVolumeNegativeTest:test_attach_attached_volume_to_different_server): 200 GET http://10.180.1.21/compute/v2.1/servers/559d44dc-2ae8-48a9-9dcd-bad5d03ed236 0.320s
2025-05-14 09:50:13.136 70086 INFO tempest.lib.common.rest_client [req-98025c1b-3940-40f1-b3ab-851752a888da req-98025c1b-3940-40f1-b3ab-851752a888da ] Request (ServerExternalEventsTest:tearDownClass): 200 GET http://10.180.1.21/compute/v2.1/servers/b9cb0a36-50a0-4030-b8c7-aec41255fb60 0.422s
2025-05-14 09:50:13.173 70116 INFO tempest.lib.common.rest_client [req-061bf79e-af96-4413-834c-29e0541bb928 req-061bf79e-af96-4413-834c-29e0541bb928 ] Request (AttachInterfacesV270Test:tearDownClass): 200 GET http://10.180.1.21/compute/v2.1/servers/2631d429-9d16-4cdf-b7cf-14ea26d5fd94 0.372s
2025-05-14 09:50:13.253 70113 INFO tempest.lib.common.rest_client [req-b386f76a-0947-4bab-b035-2492448308cf req-b386f76a-0947-4bab-b035-2492448308cf ] Request (ImagesNegativeTestJSON:test_create_image_from_deleted_server): 200 GET http://10.180.1.21/compute/v2.1/servers/733e01e7-5429-41fe-8cd0-9fc56d03fce0 0.405s
2025-05-14 09:50:13.254 70084 INFO tempest.lib.common.rest_client [req-5e586bb8-1697-414a-a3cd-193599bcaa96 req-5e586bb8-1697-414a-a3cd-193599bcaa96 ] Request (QuotaClassesAdminTestJSON:tearDownClass): 200 GET http://10.180.1.21:9696/networking/v2.0/security-groups?tenant_id=4fdc57d051b2438cb527b2b320b40dfb&name=default 0.463s
2025-05-14 09:50:13.309 70122 INFO tempest.lib.common.rest_client [req-3b1cb057-6e5a-4e83-ba41-98133d945a98 req-3b1cb057-6e5a-4e83-ba41-98133d945a98 ] Request (QuotasAdminTestV257:test_get_updated_quotas): 200 PUT http://10.180.1.21/compute/v2.1/os-quota-sets/1506dd20f1284842a2d6372e89fc11ea 0.502s
2025-05-14 09:50:13.322 70114 INFO tempest.lib.common.rest_client [req-6203fe8b-06c1-4245-b7e8-c8b6f098cdcb req-6203fe8b-06c1-4245-b7e8-c8b6f098cdcb ] Request (AttachVolumeShelveTestJSON:test_attach_volume_shelved_or_offload_server): 200 GET http://10.180.1.21/compute/v2.1/servers/23bc134e-7725-40b1-b79d-d8ef6dbd7cad 0.464s
2025-05-14 09:50:13.330 70098 INFO tempest.lib.common.rest_client [req-1830cbc4-89f9-4eda-8f13-da631c1ec5c8 req-1830cbc4-89f9-4eda-8f13-da631c1ec5c8 ] Request (FloatingIPsAssociationTestJSON:setUpClass): 201 POST http://10.180.1.21:9696/networking/v2.0/routers 1.247s
2025-05-14 09:50:13.393 70136 INFO tempest.lib.common.rest_client [req-0cde88d9-88a5-44f0-bf77-5c65a793957d req-0cde88d9-88a5-44f0-bf77-5c65a793957d ] Request (ListImageFiltersTestJSON:setUpClass): 200 GET http://10.180.1.21/compute/v2.1/servers/029aa35a-3407-4d4f-9388-1978a073ecd2 0.474s
2025-05-14 09:50:13.419 70144 INFO tempest.lib.common.rest_client [req-93ccb3f2-8d8e-4238-88b9-ae527e5e8a6d req-93ccb3f2-8d8e-4238-88b9-ae527e5e8a6d ] Request (FlavorsAdminTestJSON:test_is_public_string_variations): 200 GET http://10.180.1.21/compute/v2.1/flavors/detail?is_public=yes 0.452s
2025-05-14 09:50:13.458 70102 INFO tempest.lib.common.rest_client [req-ddf622b8-e8da-4393-8ad5-47d85be8dbbb req-ddf622b8-e8da-4393-8ad5-47d85be8dbbb ] Request (SecurityGroupsNegativeTestJSON:test_update_non_existent_security_group): 404 PUT http://10.180.1.21/compute/v2.1/os-security-groups/7bc1956c-e02e-4ca1-b69b-ee0fc8da9fef 0.492s
2025-05-14 09:50:13.481 70104 INFO tempest.lib.common.rest_client [req-2885b78f-56a6-4993-85a9-994662404426 req-2885b78f-56a6-4993-85a9-994662404426 ] Request (FlavorsV2TestJSON:test_list_flavors_using_marker): 200 GET http://10.180.1.21/compute/v2.1/flavors?marker=42 0.499s
2025-05-14 09:50:13.503 70084 INFO tempest.lib.common.rest_client [req-6dc965ee-eaa9-4ae5-81de-79cf1ca288df req-6dc965ee-eaa9-4ae5-81de-79cf1ca288df ] Request (QuotaClassesAdminTestJSON:tearDownClass): 204 DELETE http://10.180.1.21:9696/networking/v2.0/security-groups/25202c4a-9b74-42f9-a87b-2838fb6783b6 0.247s
2025-05-14 09:50:13.554 70118 INFO tempest.lib.common.rest_client [req-9780a99a-95c3-4259-a69f-0a57bb087b27 req-9780a99a-95c3-4259-a69f-0a57bb087b27 ] Request (ServerDiagnosticsNegativeTest:test_get_server_diagnostics_by_non_admin): 200 GET http://10.180.1.21/compute/v2.1/servers/f9371520-75bc-414a-a704-30dba68d5a52 0.558s
2025-05-14 09:50:13.579 70092 INFO tempest.lib.common.rest_client [req-aa8a1d27-5070-4a94-8e65-17670330b76e req-aa8a1d27-5070-4a94-8e65-17670330b76e ] Request (AggregatesAdminNegativeTestJSON:test_aggregate_remove_nonexistent_host): 200 POST http://10.180.1.21/compute/v2.1/os-aggregates 0.577s
2025-05-14 09:50:13.588 70090 INFO tempest.lib.common.rest_client [req-5665e5ca-ff95-4926-8cf2-beac2d39cd73 req-5665e5ca-ff95-4926-8cf2-beac2d39cd73 ] Request (SecurityGroupRulesTestJSON:tearDownClass): 202 DELETE http://10.180.1.21/compute/v2.1/os-security-groups/a53cffc4-eda0-4cc4-9971-673c2dfbec1f 0.656s
2025-05-14 09:50:13.607 70084 INFO tempest.lib.common.rest_client [req-dfa112a5-88ce-494b-bdb2-67c821da7aed req-dfa112a5-88ce-494b-bdb2-67c821da7aed ] Request (QuotaClassesAdminTestJSON:tearDownClass): 204 DELETE http://10.180.1.21/identity/v3/projects/4fdc57d051b2438cb527b2b320b40dfb 0.103s
2025-05-14 09:50:13.607 70084 INFO tempest.lib.common.dynamic_creds [-] Deleting project and security group for project: cbab3970c3c94e84b678666d3cc1e566
2025-05-14 09:50:13.660 70100 INFO tempest.lib.common.rest_client [req-97ea3578-a323-4073-af44-73ff01eee38d req-97ea3578-a323-4073-af44-73ff01eee38d ] Request (ServersListShow298Test:test_list_show_update_rebuild_server_298): 200 GET http://10.180.1.21/compute/v2.1/servers/443a8dc6-a88a-45e9-9a8c-f9976f91b821 0.647s
2025-05-14 09:50:13.682 70096 INFO tempest.lib.common.rest_client [req-e6f992f9-f405-418f-986b-7261c074beaa req-e6f992f9-f405-418f-986b-7261c074beaa ] Request (ServerShowV257Test:tearDownClass): 200 GET http://10.180.1.21/compute/v2.1/servers/d64c1ede-21f5-4d14-9585-85aad4d25873 0.607s
2025-05-14 09:50:13.717 70138 INFO tempest.lib.common.rest_client [req-7ab2ae0f-21b9-4ba9-8cd9-6a3b1abb589f req-7ab2ae0f-21b9-4ba9-8cd9-6a3b1abb589f ] Request (ImagesOneServerNegativeTestJSON:setUpClass): 200 GET http://10.180.1.21/compute/v2.1/servers/4e574bef-58f7-4fe3-9f0f-c76854082912 0.627s
2025-05-14 09:50:13.786 70132 INFO tempest.lib.common.rest_client [req-30c010c9-2fb7-47bd-a7dc-c6c8da6f73c6 req-30c010c9-2fb7-47bd-a7dc-c6c8da6f73c6 ] Request (ServersAdminNegativeTestJSON:test_migrate_server_invalid_state): 200 GET http://10.180.1.21/compute/v2.1/servers/b407224d-c687-4351-9bcf-d7ff85ab0193 0.595s
2025-05-14 09:50:13.824 70142 INFO tempest.lib.common.rest_client [req-e2ccdc34-f7f7-4935-b311-183bb0581e80 req-e2ccdc34-f7f7-4935-b311-183bb0581e80 ] Request (AttachInterfacesTestJSON:setUpClass): 201 POST http://10.180.1.21:9696/networking/v2.0/routers 1.253s
2025-05-14 09:50:13.869 70110 INFO tempest.lib.common.rest_client [req-a32b1b08-2bee-4cbc-83be-db3d26b5cfbe req-a32b1b08-2bee-4cbc-83be-db3d26b5cfbe ] Request (DeleteServersAdminTestJSON:test_admin_delete_servers_of_others): 200 GET http://10.180.1.21/compute/v2.1/servers/50f54b16-d6c6-4654-8f13-7773a3ec0e34 0.607s
2025-05-14 09:50:13.948 70134 INFO tempest.lib.common.rest_client [req-aba82475-e487-4ad1-a2d2-378ccb6168cd req-aba82475-e487-4ad1-a2d2-378ccb6168cd ] Request (TenantUsagesTestJSON:setUpClass): 200 GET http://10.180.1.21/compute/v2.1/servers/a006d1f1-5185-4717-bf54-fa8b33c19fda 0.728s
2025-05-14 09:50:13.994 70084 INFO tempest.lib.common.rest_client [req-5a561d5e-421f-4762-ab73-c4e4a4214459 req-5a561d5e-421f-4762-ab73-c4e4a4214459 ] Request (QuotaClassesAdminTestJSON:tearDownClass): 200 GET http://10.180.1.21:9696/networking/v2.0/security-groups?tenant_id=cbab3970c3c94e84b678666d3cc1e566&name=default 0.387s
2025-05-14 09:50:14.077 70122 INFO tempest.lib.common.rest_client [req-5037ccf6-5fbb-494e-a565-60cf0cc226d8 req-5037ccf6-5fbb-494e-a565-60cf0cc226d8 ] Request (QuotasAdminTestV257:test_get_updated_quotas): 200 GET http://10.180.1.21/compute/v2.1/os-quota-sets/1506dd20f1284842a2d6372e89fc11ea/detail 0.766s
2025-05-14 09:50:14.109 70144 INFO tempest.lib.common.rest_client [req-a5fc29d6-7e42-4617-b0ac-5a19591632f3 req-a5fc29d6-7e42-4617-b0ac-5a19591632f3 ] Request (FlavorsAdminTestJSON:test_is_public_string_variations): 200 GET http://10.180.1.21/compute/v2.1/flavors/detail?is_public=1 0.682s
2025-05-14 09:50:14.120 70122 INFO tempest.lib.common.rest_client [req-a61470f5-2804-4dd2-9505-48fdab4bb56b req-a61470f5-2804-4dd2-9505-48fdab4bb56b ] Request (QuotasAdminTestV257:test_get_updated_quotas): 200 GET http://10.180.1.21/identity/v3/domains?name=Default 0.036s
2025-05-14 09:50:14.135 70104 INFO tempest.lib.common.rest_client [req-a79ca6b4-2071-4294-9e2f-21393f8e4528 req-a79ca6b4-2071-4294-9e2f-21393f8e4528 ] Request (FlavorsV2TestJSON:test_list_flavors_with_detail): 200 GET http://10.180.1.21/compute/v2.1/flavors/detail 0.650s
2025-05-14 09:50:14.147 70120 INFO tempest.lib.common.rest_client [req-80e4e765-9b44-4266-9991-fc4bfb09f66b req-80e4e765-9b44-4266-9991-fc4bfb09f66b ] Request (MigrationsAdminTest:test_list_migrations_in_flavor_resize_situation): 200 GET http://10.180.1.21/compute/v2.1/servers/5c1878eb-3c4b-49b8-89ba-9c51845204bd 0.741s
2025-05-14 09:50:14.162 70122 INFO tempest.lib.common.rest_client [req-ae2e27ea-562a-4158-bcc5-af7582dde1ba req-ae2e27ea-562a-4158-bcc5-af7582dde1ba ] Request (QuotasAdminTestV257:test_get_updated_quotas): 201 POST http://10.180.1.21/identity/v3/users 0.042s
2025-05-14 09:50:14.186 70092 INFO tempest.lib.common.rest_client [req-b3bd73b2-4753-4a0c-9bec-ab3cc95ca14f req-b3bd73b2-4753-4a0c-9bec-ab3cc95ca14f ] Request (AggregatesAdminNegativeTestJSON:test_aggregate_remove_nonexistent_host): 404 POST http://10.180.1.21/compute/v2.1/os-aggregates/8/action 0.605s
2025-05-14 09:50:14.194 70122 INFO tempest.lib.common.rest_client [req-a43fc499-3252-4f53-a388-c0568f7b2206 req-a43fc499-3252-4f53-a388-c0568f7b2206 ] Request (QuotasAdminTestV257:test_get_updated_quotas): 200 GET http://10.180.1.21/identity/v3/domains?name=Default 0.031s
2025-05-14 09:50:14.230 70090 INFO tempest.lib.common.rest_client [req-d9705477-d630-4c85-90d5-ebf4b8b70fa0 req-d9705477-d630-4c85-90d5-ebf4b8b70fa0 ] Request (SecurityGroupRulesTestJSON:tearDownClass): 404 DELETE http://10.180.1.21/compute/v2.1/os-security-groups/3f155e72-5f1a-454a-8e20-6dcc2a01448b 0.640s
2025-05-14 09:50:14.286 70084 INFO tempest.lib.common.rest_client [req-f445e274-3131-442f-b72e-23b19891f5dc req-f445e274-3131-442f-b72e-23b19891f5dc ] Request (QuotaClassesAdminTestJSON:tearDownClass): 204 DELETE http://10.180.1.21:9696/networking/v2.0/security-groups/4e5bf546-3823-4817-a75a-a693a32ce041 0.291s
2025-05-14 09:50:14.320 70124 INFO tempest.lib.common.rest_client [req-50d384dc-a230-4fe9-bff7-68f886fa1e31 req-50d384dc-a230-4fe9-bff7-68f886fa1e31 ] Request (ServerDiagnosticsTest:tearDownClass): 200 GET http://10.180.1.21/compute/v2.1/servers/960ee12b-c42e-4e69-a5fc-5c97d3c7f2fe 0.682s
2025-05-14 09:50:14.403 70108 INFO tempest.lib.common.rest_client [req-da7db14b-bb3f-425e-a315-d268e56ecc17 req-da7db14b-bb3f-425e-a315-d268e56ecc17 ] Request (ServersWithSpecificFlavorTestJSON:test_verify_created_server_ephemeral_disk): 200 GET http://10.180.1.21/compute/v2.1/servers/ee7f76c1-fcb5-49a7-88fe-57541f13f24b 0.889s
2025-05-14 09:50:14.405 70088 INFO tempest.lib.common.rest_client [req-46043322-9229-42c3-84d7-a14ac9e8ea44 req-46043322-9229-42c3-84d7-a14ac9e8ea44 ] Request (VolumesAdminNegativeTest:test_update_attached_volume_with_nonexistent_volume_in_body): 200 GET http://10.180.1.21/compute/v2.1/servers/f254ccca-ffc2-4ca6-92ac-317b5f99cd20 0.697s
2025-05-14 09:50:14.447 70084 INFO tempest.lib.common.rest_client [req-eaf38e90-d474-4612-ae48-ac57991b1f99 req-eaf38e90-d474-4612-ae48-ac57991b1f99 ] Request (QuotaClassesAdminTestJSON:tearDownClass): 204 DELETE http://10.180.1.21/identity/v3/projects/cbab3970c3c94e84b678666d3cc1e566 0.160s
2025-05-14 09:50:14.502 70126 INFO tempest.lib.common.rest_client [req-6ecd6323-3c25-4a3d-80e7-a496b7101115 req-6ecd6323-3c25-4a3d-80e7-a496b7101115 ] Request (ServersTestBootFromVolume:setUpClass): 200 GET http://10.180.1.21/compute/v2.1/servers/0cd34a99-40c7-4603-aacf-80205275b852 0.729s
2025-05-14 09:50:14.526 70106 INFO tempest.lib.common.rest_client [req-408059b7-fb46-4f81-8396-59254dcd30b5 req-408059b7-fb46-4f81-8396-59254dcd30b5 ] Request (ListServersNegativeTestJSON:setUpClass): 200 GET http://10.180.1.21/compute/v2.1/servers/ee008d19-5fee-41b6-b831-4fd2f8bb5327 0.807s
2025-05-14 09:50:14.535 70084 INFO tempest.lib.common.rest_client [req-72ce62c5-2e5c-4dd7-b8f9-5af2db4f8dd8 req-72ce62c5-2e5c-4dd7-b8f9-5af2db4f8dd8 ] Request (ImagesMetadataTestJSON:setUpClass): 201 POST http://10.180.1.21/identity/v3/auth/tokens 0.084s
2025-05-14 09:50:14.578 70084 INFO tempest.lib.common.rest_client [req-65786f32-0131-4d1f-9097-1a90cbb64186 req-65786f32-0131-4d1f-9097-1a90cbb64186 ] Request (ImagesMetadataTestJSON:setUpClass): 201 POST http://10.180.1.21/identity/v3/auth/tokens 0.040s
2025-05-14 09:50:14.603 70128 INFO tempest.lib.common.rest_client [req-f3961960-feb7-46e9-a98d-c3e1fdd69435 req-f3961960-feb7-46e9-a98d-c3e1fdd69435 ] Request (InstanceActionsNegativeTestJSON:setUpClass): 200 GET http://10.180.1.21/compute/v2.1/servers/e3c53d5b-18f8-4c41-8ec2-fd8e170576af 0.742s
2025-05-14 09:50:14.611 70094 INFO tempest.lib.common.rest_client [req-afd7aea6-72f4-4012-b6a6-27d2f37111db req-afd7aea6-72f4-4012-b6a6-27d2f37111db ] Request (ServersAdmin275Test:test_rebuild_update_server_275): 200 GET http://10.180.1.21/compute/v2.1/servers/c6473d46-cde3-401b-8654-a9013978b81b 0.658s
2025-05-14 09:50:14.625 70084 INFO tempest.lib.common.rest_client [req-eb7a273c-35b7-4f76-a214-087a976e0d6e req-eb7a273c-35b7-4f76-a214-087a976e0d6e ] Request (ImagesMetadataTestJSON:setUpClass): 200 GET http://10.180.1.21/identity/v3/domains?name=Default 0.046s
2025-05-14 09:50:14.651 70144 INFO tempest.lib.common.rest_client [req-79c07697-35b8-4512-9ded-00ad65577202 req-79c07697-35b8-4512-9ded-00ad65577202 ] Request (FlavorsAdminTestJSON:_run_cleanups): 202 DELETE http://10.180.1.21/compute/v2.1/flavors/646752395 0.536s
2025-05-14 09:50:14.665 70104 INFO tempest.lib.common.rest_client [req-2ac6e0cb-0a35-4092-9e66-46f42edcda63 req-2ac6e0cb-0a35-4092-9e66-46f42edcda63 ] Request (FlavorsV2TestJSON:test_list_flavors_with_detail): 200 GET http://10.180.1.21/compute/v2.1/flavors/42 0.521s
2025-05-14 09:50:14.675 70130 INFO tempest.lib.common.rest_client [req-0a2e9220-e043-403a-a308-c3828b8b0257 req-0a2e9220-e043-403a-a308-c3828b8b0257 ] Request (AttachVolumeNegativeTest:test_attach_attached_volume_to_different_server): 200 GET http://10.180.1.21/compute/v2.1/servers/559d44dc-2ae8-48a9-9dcd-bad5d03ed236 0.577s
2025-05-14 09:50:14.681 70084 INFO tempest.lib.common.rest_client [req-27ca0c17-8117-488a-88cc-ebfada53a65f req-27ca0c17-8117-488a-88cc-ebfada53a65f ] Request (ImagesMetadataTestJSON:setUpClass): 201 POST http://10.180.1.21/identity/v3/projects 0.056s
2025-05-14 09:50:14.757 70084 INFO tempest.lib.common.rest_client [req-577e0e4c-e556-4acb-a9ba-de8facb3b58c req-577e0e4c-e556-4acb-a9ba-de8facb3b58c ] Request (ImagesMetadataTestJSON:setUpClass): 201 POST http://10.180.1.21/identity/v3/users 0.075s
2025-05-14 09:50:14.786 70084 INFO tempest.lib.common.rest_client [req-c0ba3f2d-c9c6-42be-b3d7-1a6c71b2ae96 req-c0ba3f2d-c9c6-42be-b3d7-1a6c71b2ae96 ] Request (ImagesMetadataTestJSON:setUpClass): 200 GET http://10.180.1.21/identity/v3/roles 0.028s
2025-05-14 09:50:14.804 70104 INFO tempest.lib.common.rest_client [req-e38859f7-4486-4551-b8d8-9b79f8b5f082 req-e38859f7-4486-4551-b8d8-9b79f8b5f082 ] Request (FlavorsV2TestJSON:tearDownClass): 204 DELETE http://10.180.1.21/identity/v3/users/ff655feb58cc4dbdb1adef271d748296 0.134s
2025-05-14 09:50:14.804 70104 INFO tempest.lib.common.dynamic_creds [-] Deleting project and security group for project: 807ccfa65ee048da8a756641da1eaf90
2025-05-14 09:50:14.845 70084 INFO tempest.lib.common.rest_client [req-654e9a08-4689-4606-a39c-384ba74333e2 req-654e9a08-4689-4606-a39c-384ba74333e2 ] Request (ImagesMetadataTestJSON:setUpClass): 204 PUT http://10.180.1.21/identity/v3/projects/7de8b30149104b96a54b30ccd3ba724b/users/89a689267ad2419bbc72adf562303645/roles/a39c8938f9a84f969bd045d82a5baa4b 0.059s
2025-05-14 09:50:14.846 70084 INFO tempest.lib.common.dynamic_creds [-] Dynamic test user 89a689267ad2419bbc72adf562303645 is created with scope project and roles: ['member']
2025-05-14 09:50:14.846 70084 INFO tempest.lib.common.dynamic_creds [-] Acquired dynamic creds: credentials: Credentials: {'domain_id': 'default', 'domain_name': 'Default', 'username': 'tempest-ImagesMetadataTestJSON-279687222-project-member', 'project_domain_id': 'default', 'project_domain_name': 'Default', 'project_id': '7de8b30149104b96a54b30ccd3ba724b', 'project_name': 'tempest-ImagesMetadataTestJSON-279687222', 'tenant_id': '7de8b30149104b96a54b30ccd3ba724b', 'tenant_name': 'tempest-ImagesMetadataTestJSON-279687222', 'user_domain_id': 'default', 'user_domain_name': 'Default', 'user_id': '89a689267ad2419bbc72adf562303645', 'system': None}, Network: None, Subnet: None, Router: None
2025-05-14 09:50:14.846 70084 INFO tempest.lib.common.dynamic_creds [-] Created isolated network resources for: credentials: Credentials: {'domain_id': 'default', 'domain_name': 'Default', 'username': 'tempest-ImagesMetadataTestJSON-279687222-project-member', 'project_domain_id': 'default', 'project_domain_name': 'Default', 'project_id': '7de8b30149104b96a54b30ccd3ba724b', 'project_name': 'tempest-ImagesMetadataTestJSON-279687222', 'tenant_id': '7de8b30149104b96a54b30ccd3ba724b', 'tenant_name': 'tempest-ImagesMetadataTestJSON-279687222', 'user_domain_id': 'default', 'user_domain_name': 'Default', 'user_id': '89a689267ad2419bbc72adf562303645', 'system': None}, Network: None, Subnet: None, Router: None
2025-05-14 09:50:14.872 70104 INFO tempest.lib.common.rest_client [req-7ded73ff-759c-4b47-a17a-514fb08c71b8 req-7ded73ff-759c-4b47-a17a-514fb08c71b8 ] Request (FlavorsV2TestJSON:tearDownClass): 201 POST http://10.180.1.21/identity/v3/auth/tokens 0.068s
2025-05-14 09:50:14.935 70086 INFO tempest.lib.common.rest_client [req-42e166fe-21be-4e6d-894e-48833acb97e7 req-42e166fe-21be-4e6d-894e-48833acb97e7 ] Request (ServerExternalEventsTest:tearDownClass): 200 GET http://10.180.1.21/compute/v2.1/servers/b9cb0a36-50a0-4030-b8c7-aec41255fb60 0.789s
2025-05-14 09:50:14.937 70116 INFO tempest.lib.common.rest_client [req-18596dea-f8cd-46ce-8ba9-460dbf38314a req-18596dea-f8cd-46ce-8ba9-460dbf38314a ] Request (AttachInterfacesV270Test:tearDownClass): 200 GET http://10.180.1.21/compute/v2.1/servers/2631d429-9d16-4cdf-b7cf-14ea26d5fd94 0.753s
2025-05-14 09:50:14.940 70084 INFO tempest.lib.common.rest_client [req-0ab1552b-2989-4a18-9bf1-321304d7398b req-0ab1552b-2989-4a18-9bf1-321304d7398b ] Request (ImagesMetadataTestJSON:setUpClass): 201 POST http://10.180.1.21/identity/v3/auth/tokens 0.090s
2025-05-14 09:50:14.950 70086 INFO tempest.common.waiters [-] State transition "ACTIVE/deleting" ==> "DELETED/None" after 3 second wait
2025-05-14 09:50:14.985 70092 INFO tempest.lib.common.rest_client [req-6e2c53d8-6bd3-4d5a-aa70-c23ffa575bd3 req-6e2c53d8-6bd3-4d5a-aa70-c23ffa575bd3 ] Request (AggregatesAdminNegativeTestJSON:_run_cleanups): 200 DELETE http://10.180.1.21/compute/v2.1/os-aggregates/8 0.799s
