2025-05-14 09:50:18.867 70130 INFO tempest.lib.common.rest_client [req-6c3df2c7-dbee-4306-8b9d-2b4354257fe0 req-6c3df2c7-dbee-4306-8b9d-2b4354257fe0 ] Request (AttachVolumeNegativeTest:test_attach_attached_volume_to_different_server): 200 GET http://10.180.1.21/compute/v2.1/servers/559d44dc-2ae8-48a9-9dcd-bad5d03ed236 1.296s
2025-05-14 09:50:18.898 70122 INFO tempest.lib.common.rest_client [req-1b7d04e5-6d60-40d2-b111-fe5bd4a1f285 req-1b7d04e5-6d60-40d2-b111-fe5bd4a1f285 ] Request (ServerDiagnosticsV248Test:setUpClass): 201 POST http://10.180.1.21/identity/v3/auth/tokens 0.099s
2025-05-14 09:50:19.003 70090 INFO tempest.lib.common.rest_client [req-f42424cc-a32d-41ad-8842-c17c06087873 req-f42424cc-a32d-41ad-8842-c17c06087873 ] Request (SecurityGroupRulesTestJSON:tearDownClass): 202 DELETE http://10.180.1.21/compute/v2.1/os-security-groups/234bfcef-4fcc-4450-81fe-5309f6f5cf2f 1.416s
2025-05-14 09:50:19.005 70142 INFO tempest.lib.common.rest_client [req-41d91aeb-df78-48b9-96cf-020cc53fd55b req-41d91aeb-df78-48b9-96cf-020cc53fd55b ] Request (ValidationResourcesFixture:setUp): 201 POST http://10.180.1.21:9696/networking/v2.0/floatingips 1.343s
2025-05-14 09:50:19.008 70122 INFO tempest.lib.common.rest_client [req-febe747c-2ac6-4ed0-bdae-d7b08aa5c93d req-febe747c-2ac6-4ed0-bdae-d7b08aa5c93d ] Request (ServerDiagnosticsV248Test:setUpClass): 201 POST http://10.180.1.21/identity/v3/projects 0.110s
2025-05-14 09:50:19.048 70092 INFO tempest.lib.common.rest_client [req-902cb963-8185-4682-8c47-39078e379416 req-902cb963-8185-4682-8c47-39078e379416 ] Request (ServersAdminTestJSON:setUpClass): 201 POST http://10.180.1.21:9696/networking/v2.0/subnets 0.722s
2025-05-14 09:50:19.123 70122 INFO tempest.lib.common.rest_client [req-1f5d45e6-a874-4a96-b4dc-49695b66fe3d req-1f5d45e6-a874-4a96-b4dc-49695b66fe3d ] Request (ServerDiagnosticsV248Test:setUpClass): 201 POST http://10.180.1.21/identity/v3/users 0.114s
2025-05-14 09:50:19.126 70086 INFO tempest.lib.common.rest_client [req-37a9ad7e-7297-42c9-9d7f-1a74de232d9f req-37a9ad7e-7297-42c9-9d7f-1a74de232d9f ] Request (ServerExternalEventsTest:tearDownClass): 200 GET http://10.180.1.21/compute/v2.1/servers/b9cb0a36-50a0-4030-b8c7-aec41255fb60 1.173s
2025-05-14 09:50:19.136 70142 INFO tempest.lib.common.rest_client [req-50b9ce11-b74f-438f-9c22-d816591b48e9 req-50b9ce11-b74f-438f-9c22-d816591b48e9 ] Request (AttachInterfacesTestJSON:test_create_list_show_delete_interfaces_by_fixed_ip): 201 POST http://10.180.1.21/identity/v3/auth/tokens 0.124s
2025-05-14 09:50:19.136 70142 INFO tempest.lib.common.fixed_network [-] (AttachInterfacesTestJSON:test_create_list_show_delete_interfaces_by_fixed_ip) Found network {'id': '9e27e521-a81f-441d-9050-b7e87a0b7dec', 'name': 'tempest-AttachInterfacesTestJSON-418918609-network', 'tenant_id': 'ce1b9966b9444589a47ad0c5c5125308', 'admin_state_up': True, 'mtu': 8950, 'status': 'ACTIVE', 'subnets': [], 'shared': False, 'project_id': 'ce1b9966b9444589a47ad0c5c5125308', 'port_security_enabled': True, 'router:external': False, 'provider:network_type': 'vlan', 'provider:physical_network': 'default', 'provider:segmentation_id': 414, 'availability_zone_hints': [], 'availability_zones': [], 'ipv4_address_scope': None, 'ipv6_address_scope': None, 'description': '', 'tags': [], 'created_at': '2025-05-14T09:50:12Z', 'updated_at': '2025-05-14T09:50:12Z', 'revision_number': 1} available for tenant
2025-05-14 09:50:19.162 70122 INFO tempest.lib.common.rest_client [req-42d03c5e-c579-4764-8f87-e26ea5d71327 req-42d03c5e-c579-4764-8f87-e26ea5d71327 ] Request (ServerDiagnosticsV248Test:setUpClass): 200 GET http://10.180.1.21/identity/v3/roles 0.038s
2025-05-14 09:50:19.164 70102 INFO tempest.lib.common.rest_client [req-939c561e-cdfe-49a1-b62e-8c35a5a0bb08 req-939c561e-cdfe-49a1-b62e-8c35a5a0bb08 ] Request (DeleteServersTestJSON:setUpClass): 201 POST http://10.180.1.21:9696/networking/v2.0/networks 0.444s
2025-05-14 09:50:19.204 70122 INFO tempest.lib.common.rest_client [req-49c9a1b0-5241-4eb6-b570-5b1c5dd5373e req-49c9a1b0-5241-4eb6-b570-5b1c5dd5373e ] Request (ServerDiagnosticsV248Test:setUpClass): 204 PUT http://10.180.1.21/identity/v3/projects/e368c060851f4872b9cbab6abb193a8f/users/a822c0ed358344318948bd8ef91313dc/roles/1468e096635d45839cca02ae8deb524c 0.042s
2025-05-14 09:50:19.226 70116 INFO tempest.lib.common.rest_client [req-f0e165f3-137f-4374-b0f8-4aaf55f727dd req-f0e165f3-137f-4374-b0f8-4aaf55f727dd ] Request (AttachInterfacesV270Test:tearDownClass): 200 GET http://10.180.1.21/compute/v2.1/servers/2631d429-9d16-4cdf-b7cf-14ea26d5fd94 1.174s
2025-05-14 09:50:19.228 70084 INFO tempest.lib.common.rest_client [req-737de31b-0990-49be-8c98-6c63f64c13d4 req-737de31b-0990-49be-8c98-6c63f64c13d4 ] Request (ImagesMetadataTestJSON:setUp): 200 PUT http://10.180.1.21/compute/v2.1/images/7d137647-930d-43ad-af19-c57dbb34e7a3/metadata 1.349s
2025-05-14 09:50:19.253 70104 INFO tempest.lib.common.rest_client [req-b7d106e1-5e67-4233-bda0-69888fcd6c25 req-b7d106e1-5e67-4233-bda0-69888fcd6c25 ] Request (FloatingIPDetailsNegativeTestJSON:setUpClass): 201 POST http://10.180.1.21:9696/networking/v2.0/routers 1.812s
2025-05-14 09:50:19.278 70134 INFO tempest.lib.common.rest_client [req-ceee959e-5e0e-4323-9f0d-3ac9da9c37e1 req-ceee959e-5e0e-4323-9f0d-3ac9da9c37e1 ] Request (TenantUsagesTestJSON:test_list_usage_all_tenants): 200 GET http://10.180.1.21/compute/v2.1/os-simple-tenant-usage?start=2025-05-13T09%3A50%3A15.917333&end=2025-05-15T09%3A50%3A15.917333&detailed=1 1.069s
2025-05-14 09:50:19.290 70122 INFO tempest.lib.common.rest_client [req-d36d2df0-b4c9-41ef-8507-036033c22ee7 req-d36d2df0-b4c9-41ef-8507-036033c22ee7 ] Request (ServerDiagnosticsV248Test:setUpClass): 200 GET http://10.180.1.21/identity/v3/roles 0.085s
2025-05-14 09:50:19.314 70122 INFO tempest.lib.common.rest_client [req-ce29bb12-730e-462f-b31f-3304a0e892a4 req-ce29bb12-730e-462f-b31f-3304a0e892a4 ] Request (ServerDiagnosticsV248Test:setUpClass): 204 PUT http://10.180.1.21/identity/v3/projects/e368c060851f4872b9cbab6abb193a8f/users/a822c0ed358344318948bd8ef91313dc/roles/1468e096635d45839cca02ae8deb524c 0.024s
2025-05-14 09:50:19.314 70122 INFO tempest.lib.common.dynamic_creds [-] Dynamic test user a822c0ed358344318948bd8ef91313dc is created with scope project and roles: ['admin']
2025-05-14 09:50:19.314 70122 INFO tempest.lib.common.dynamic_creds [-] Acquired dynamic creds: credentials: Credentials: {'domain_id': 'default', 'domain_name': 'Default', 'username': 'tempest-ServerDiagnosticsV248Test-1524796313-project-admin', 'project_domain_id': 'default', 'project_domain_name': 'Default', 'project_id': 'e368c060851f4872b9cbab6abb193a8f', 'project_name': 'tempest-ServerDiagnosticsV248Test-1524796313', 'tenant_id': 'e368c060851f4872b9cbab6abb193a8f', 'tenant_name': 'tempest-ServerDiagnosticsV248Test-1524796313', 'user_domain_id': 'default', 'user_domain_name': 'Default', 'user_id': 'a822c0ed358344318948bd8ef91313dc', 'system': None}, Network: None, Subnet: None, Router: None
2025-05-14 09:50:19.314 70122 INFO tempest.lib.common.dynamic_creds [-] Created isolated network resources for: credentials: Credentials: {'domain_id': 'default', 'domain_name': 'Default', 'username': 'tempest-ServerDiagnosticsV248Test-1524796313-project-admin', 'project_domain_id': 'default', 'project_domain_name': 'Default', 'project_id': 'e368c060851f4872b9cbab6abb193a8f', 'project_name': 'tempest-ServerDiagnosticsV248Test-1524796313', 'tenant_id': 'e368c060851f4872b9cbab6abb193a8f', 'tenant_name': 'tempest-ServerDiagnosticsV248Test-1524796313', 'user_domain_id': 'default', 'user_domain_name': 'Default', 'user_id': 'a822c0ed358344318948bd8ef91313dc', 'system': None}, Network: None, Subnet: None, Router: None
2025-05-14 09:50:19.339 70113 INFO tempest.lib.common.rest_client [req-1b7cd1b0-a458-4747-9ebe-ae390824577f req-1b7cd1b0-a458-4747-9ebe-ae390824577f ] Request (ImagesNegativeTestJSON:test_create_image_from_deleted_server): 200 GET http://10.180.1.21/compute/v2.1/servers/733e01e7-5429-41fe-8cd0-9fc56d03fce0 1.096s
2025-05-14 09:50:19.344 70114 INFO tempest.lib.common.rest_client [req-a647a70b-b017-44c0-bd00-0a395ab26292 req-a647a70b-b017-44c0-bd00-0a395ab26292 ] Request (AttachVolumeShelveTestJSON:test_attach_volume_shelved_or_offload_server): 200 GET http://10.180.1.21/compute/v2.1/servers/23bc134e-7725-40b1-b79d-d8ef6dbd7cad 1.004s
2025-05-14 09:50:19.410 70098 INFO tempest.lib.common.rest_client [req-9c441436-df2a-411b-afb8-83a4177d3a4f req-9c441436-df2a-411b-afb8-83a4177d3a4f ] Request (FloatingIPsAssociationTestJSON:setUpClass): 200 GET http://10.180.1.21/compute/v2.1/servers/452c0e3a-8dcc-43af-8b77-ac1b2e9a3fc3 1.027s
2025-05-14 09:50:19.413 70136 INFO tempest.lib.common.rest_client [req-2b927b8d-6436-4ebc-8d44-aa6cb1549030 req-2b927b8d-6436-4ebc-8d44-aa6cb1549030 ] Request (ListImageFiltersTestJSON:setUpClass): 200 GET http://10.180.1.21/compute/v2.1/servers/029aa35a-3407-4d4f-9388-1978a073ecd2 1.014s
2025-05-14 09:50:19.430 70102 INFO tempest.lib.common.rest_client [req-04537f3c-297c-49c7-83a7-7ca154f3ee65 req-04537f3c-297c-49c7-83a7-7ca154f3ee65 ] Request (DeleteServersTestJSON:setUpClass): 201 POST http://10.180.1.21:9696/networking/v2.0/subnets 0.265s
2025-05-14 09:50:19.435 70122 INFO tempest.lib.common.rest_client [req-5b783d58-8057-4d70-9529-4774dba31770 req-5b783d58-8057-4d70-9529-4774dba31770 ] Request (ServerDiagnosticsV248Test:setUpClass): 201 POST http://10.180.1.21/identity/v3/auth/tokens 0.118s
2025-05-14 09:50:19.450 70144 INFO tempest.lib.common.rest_client [req-860bfc01-2f12-4879-9c71-31a0b10686be req-860bfc01-2f12-4879-9c71-31a0b10686be ] Request (FlavorsAdminTestJSON:test_list_non_public_flavor): 200 GET http://10.180.1.21/compute/v2.1/flavors/detail 1.038s
2025-05-14 09:50:19.479 70118 INFO tempest.lib.common.rest_client [req-30a60c9d-d6d9-48ce-ac12-900cde6c6d9c req-30a60c9d-d6d9-48ce-ac12-900cde6c6d9c ] Request (ServerDiagnosticsNegativeTest:test_get_server_diagnostics_by_non_admin): 200 GET http://10.180.1.21/compute/v2.1/servers/f9371520-75bc-414a-a704-30dba68d5a52 0.995s
2025-05-14 09:50:19.523 70122 INFO tempest.lib.common.rest_client [req-e2913b0e-9ff0-4baa-ab7e-8d4c50c31541 req-e2913b0e-9ff0-4baa-ab7e-8d4c50c31541 ] Request (ServerDiagnosticsV248Test:test_get_server_diagnostics): 201 POST http://10.180.1.21/identity/v3/auth/tokens 0.082s
2025-05-14 09:50:19.523 70122 INFO tempest.lib.common.fixed_network [-] (ServerDiagnosticsV248Test:test_get_server_diagnostics) Found network None available for tenant
2025-05-14 09:50:19.752 70100 INFO tempest.lib.common.rest_client [req-34a172d1-bb3e-4993-aae4-0731dbdbbfd0 req-34a172d1-bb3e-4993-aae4-0731dbdbbfd0 ] Request (ServersListShow298Test:test_list_show_update_rebuild_server_298): 200 GET http://10.180.1.21/compute/v2.1/servers/443a8dc6-a88a-45e9-9a8c-f9976f91b821 1.030s
2025-05-14 09:50:19.850 70096 INFO tempest.lib.common.rest_client [req-8a3a9125-752a-466f-adf5-0b3ae348d101 req-8a3a9125-752a-466f-adf5-0b3ae348d101 ] Request (ServerShowV257Test:tearDownClass): 200 GET http://10.180.1.21/compute/v2.1/servers/d64c1ede-21f5-4d14-9585-85aad4d25873 1.002s
2025-05-14 09:50:19.891 70108 INFO tempest.lib.common.rest_client [req-3687c532-d400-4ddf-b7a3-ff935890c4bc req-3687c532-d400-4ddf-b7a3-ff935890c4bc ] Request (ServersWithSpecificFlavorTestJSON:test_verify_created_server_ephemeral_disk): 200 GET http://10.180.1.21/compute/v2.1/servers/ee7f76c1-fcb5-49a7-88fe-57541f13f24b/os-interface 1.237s
2025-05-14 09:50:19.969 70138 INFO tempest.lib.common.rest_client [req-5fa4f9db-f3fb-4587-a05b-c3ac3e561ec8 req-5fa4f9db-f3fb-4587-a05b-c3ac3e561ec8 ] Request (ImagesOneServerNegativeTestJSON:setUpClass): 200 GET http://10.180.1.21/compute/v2.1/servers/4e574bef-58f7-4fe3-9f0f-c76854082912 0.968s
2025-05-14 09:50:20.060 70132 INFO tempest.lib.common.rest_client [req-20951b36-b7cd-4353-9023-bc25356acd6e req-20951b36-b7cd-4353-9023-bc25356acd6e ] Request (ServersAdminNegativeTestJSON:test_migrate_server_invalid_state): 200 GET http://10.180.1.21/compute/v2.1/servers/b407224d-c687-4351-9bcf-d7ff85ab0193 0.982s
2025-05-14 09:50:20.178 70090 INFO tempest.lib.common.rest_client [req-ad4df06b-cca6-4793-ade3-c94d63f09434 req-ad4df06b-cca6-4793-ade3-c94d63f09434 ] Request (SecurityGroupRulesTestJSON:tearDownClass): 202 DELETE http://10.180.1.21/compute/v2.1/os-security-groups/4ae7bab7-7446-4a33-8949-2e89691d9b21 1.174s
2025-05-14 09:50:20.208 70110 INFO tempest.lib.common.rest_client [req-8f56368f-082c-4027-a0bf-0c5a19c8c16a req-8f56368f-082c-4027-a0bf-0c5a19c8c16a ] Request (DeleteServersAdminTestJSON:test_admin_delete_servers_of_others): 404 GET http://10.180.1.21/compute/v2.1/servers/50f54b16-d6c6-4654-8f13-7773a3ec0e34 1.039s
2025-05-14 09:50:20.307 70110 INFO tempest.lib.common.rest_client [req-7583ad42-988e-4e69-9685-e59f461a71db req-7583ad42-988e-4e69-9685-e59f461a71db ] Request (DeleteServersAdminTestJSON:test_delete_server_while_in_error_state): 201 POST http://10.180.1.21/identity/v3/auth/tokens 0.088s
2025-05-14 09:50:20.307 70110 INFO tempest.lib.common.fixed_network [-] (DeleteServersAdminTestJSON:test_delete_server_while_in_error_state) Found network None available for tenant
2025-05-14 09:50:20.409 70084 INFO tempest.lib.common.rest_client [req-a2550178-b930-4e25-a5a0-b0ea02a4ae29 req-a2550178-b930-4e25-a5a0-b0ea02a4ae29 ] Request (ImagesMetadataTestJSON:test_delete_image_metadata_item): 204 DELETE http://10.180.1.21/compute/v2.1/images/7d137647-930d-43ad-af19-c57dbb34e7a3/metadata/os_version 1.180s
2025-05-14 09:50:20.501 70134 INFO tempest.lib.common.rest_client [req-35aee086-8df8-47bc-a1a3-ae986e1b2018 req-35aee086-8df8-47bc-a1a3-ae986e1b2018 ] Request (TenantUsagesTestJSON:tearDownClass): 204 DELETE http://10.180.1.21/compute/v2.1/servers/a006d1f1-5185-4717-bf54-fa8b33c19fda 1.213s
2025-05-14 09:50:20.768 70092 INFO tempest.lib.common.rest_client [req-c15ce272-e54f-46ed-aae1-78898d0cee19 req-c15ce272-e54f-46ed-aae1-78898d0cee19 ] Request (ServersAdminTestJSON:setUpClass): 201 POST http://10.180.1.21:9696/networking/v2.0/routers 1.715s
2025-05-14 09:50:20.921 70120 INFO tempest.lib.common.rest_client [req-6a062fbf-cf73-439a-a250-5b65e2908b84 req-6a062fbf-cf73-439a-a250-5b65e2908b84 ] Request (MigrationsAdminTest:test_list_migrations_in_flavor_resize_situation): 200 GET http://10.180.1.21/compute/v2.1/servers/5c1878eb-3c4b-49b8-89ba-9c51845204bd 1.551s
2025-05-14 09:50:20.953 70144 INFO tempest.lib.common.rest_client [req-020a91f7-770a-4adc-ab5e-936d12e10e40 req-020a91f7-770a-4adc-ab5e-936d12e10e40 ] Request (FlavorsAdminTestJSON:test_list_non_public_flavor): 200 GET http://10.180.1.21/compute/v2.1/flavors/detail 1.494s
2025-05-14 09:50:20.991 70142 INFO tempest.lib.common.rest_client [req-4d65a2e3-f4b4-4aa3-9a7f-59f686ab0dd3 req-4d65a2e3-f4b4-4aa3-9a7f-59f686ab0dd3 ] Request (AttachInterfacesTestJSON:test_create_list_show_delete_interfaces_by_fixed_ip): 202 POST http://10.180.1.21/compute/v2.1/servers 1.854s
2025-05-14 09:50:21.229 70122 INFO tempest.lib.common.rest_client [req-e3550fa3-1122-4dae-850d-d06125ae092d req-e3550fa3-1122-4dae-850d-d06125ae092d ] Request (ServerDiagnosticsV248Test:test_get_server_diagnostics): 202 POST http://10.180.1.21/compute/v2.1/servers 1.705s
2025-05-14 09:50:21.257 70124 INFO tempest.lib.common.rest_client [req-5ecc354b-d399-4025-8937-e67e273a8de1 req-5ecc354b-d399-4025-8937-e67e273a8de1 ] Request (ServerDiagnosticsTest:tearDownClass): 200 GET http://10.180.1.21/compute/v2.1/servers/960ee12b-c42e-4e69-a5fc-5c97d3c7f2fe 1.788s
2025-05-14 09:50:21.266 70108 INFO tempest.lib.common.rest_client [req-08c06a8d-dec7-43dc-a3fb-91bb8c0f1d0c req-08c06a8d-dec7-43dc-a3fb-91bb8c0f1d0c ] Request (ServersWithSpecificFlavorTestJSON:test_verify_created_server_ephemeral_disk): 200 PUT http://10.180.1.21:9696/networking/v2.0/floatingips/ee0ef28c-db2f-46aa-b1a8-50a4134a91c4 1.369s
2025-05-14 09:50:21.302 70088 INFO tempest.lib.common.rest_client [req-dd81d08f-8f94-42a7-8c8e-28ee9fcee1a1 req-dd81d08f-8f94-42a7-8c8e-28ee9fcee1a1 ] Request (VolumesAdminNegativeTest:test_update_attached_volume_with_nonexistent_volume_in_body): 200 GET http://10.180.1.21/compute/v2.1/servers/f254ccca-ffc2-4ca6-92ac-317b5f99cd20 1.731s
2025-05-14 09:50:21.383 70106 INFO tempest.lib.common.rest_client [req-ac79bbfb-8450-499c-8c26-5a1dee21b14b req-ac79bbfb-8450-499c-8c26-5a1dee21b14b ] Request (ListServersNegativeTestJSON:setUpClass): 200 GET http://10.180.1.21/compute/v2.1/servers/ee008d19-5fee-41b6-b831-4fd2f8bb5327 1.643s
2025-05-14 09:50:21.485 70104 INFO tempest.lib.common.rest_client [req-fd968324-1438-4205-bdf3-d23eb65f87f3 req-fd968324-1438-4205-bdf3-d23eb65f87f3 ] Request (FloatingIPDetailsNegativeTestJSON:setUpClass): 200 PUT http://10.180.1.21:9696/networking/v2.0/routers/ff152fb4-5914-48a2-9600-bf828da64203/add_router_interface 2.232s
2025-05-14 09:50:21.486 70104 INFO tempest.lib.common.dynamic_creds [-] Created isolated network resources for: credentials: Credentials: {'domain_id': 'default', 'domain_name': 'Default', 'username': 'tempest-FloatingIPDetailsNegativeTestJSON-184830064-project-member', 'project_domain_id': 'default', 'project_domain_name': 'Default', 'project_id': 'ff96fb7e818d44b89cb9271f8071707c', 'project_name': 'tempest-FloatingIPDetailsNegativeTestJSON-184830064', 'tenant_id': 'ff96fb7e818d44b89cb9271f8071707c', 'tenant_name': 'tempest-FloatingIPDetailsNegativeTestJSON-184830064', 'user_domain_id': 'default', 'user_domain_name': 'Default', 'user_id': 'd9a471c661be4cd592a8c20e766b815e', 'system': None}, Network: {'id': '0ea004eb-5c38-4287-920e-c5412fbd85f8', 'name': 'tempest-FloatingIPDetailsNegativeTestJSON-581118274-network', 'tenant_id': 'ff96fb7e818d44b89cb9271f8071707c', 'admin_state_up': True, 'mtu': 8950, 'status': 'ACTIVE', 'subnets': [], 'shared': False, 'project_id': 'ff96fb7e818d44b89cb9271f8071707c', 'port_security_enabled': True, 'router:external': False, 'provider:network_type': 'vlan', 'provider:physical_network': 'default', 'provider:segmentation_id': 728, 'availability_zone_hints': [], 'availability_zones': [], 'ipv4_address_scope': None, 'ipv6_address_scope': None, 'description': '', 'tags': [], 'created_at': '2025-05-14T09:50:16Z', 'updated_at': '2025-05-14T09:50:16Z', 'revision_number': 1}, Subnet: {'id': 'a5f187bf-3019-40cd-a3b0-7427df4d5e5c', 'name': 'tempest-FloatingIPDetailsNegativeTestJSON-581118274-subnet', 'tenant_id': 'ff96fb7e818d44b89cb9271f8071707c', 'network_id': '0ea004eb-5c38-4287-920e-c5412fbd85f8', 'ip_version': 4, 'subnetpool_id': None, 'enable_dhcp': True, 'ipv6_ra_mode': None, 'ipv6_address_mode': None, 'gateway_ip': '192.168.128.1', 'cidr': '192.168.128.0/28', 'allocation_pools': [{'start': '192.168.128.2', 'end': '192.168.128.14'}], 'host_routes': [], 'dns_nameservers': [], 'description': '', 'router:external': False, 'service_types': [], 'tags': [], 'created_at': '2025-05-14T09:50:17Z', 'updated_at': '2025-05-14T09:50:17Z', 'revision_number': 0, 'project_id': 'ff96fb7e818d44b89cb9271f8071707c'}, Router: {'id': 'ff152fb4-5914-48a2-9600-bf828da64203', 'name': 'tempest-FloatingIPDetailsNegativeTestJSON-581118274-router', 'tenant_id': 'ff96fb7e818d44b89cb9271f8071707c', 'admin_state_up': True, 'status': 'ACTIVE', 'external_gateway_info': {'network_id': '5085f3f4-4571-4f2a-ac7a-d9c6f9025d89', 'external_fixed_ips': [{'subnet_id': 'e483af3c-a3b2-4ffd-86fd-47f57ff6680b', 'ip_address': '10.180.180.188'}], 'enable_snat': True}, 'description': '', 'availability_zones': [], 'distributed': False, 'ha': False, 'availability_zone_hints': [], 'routes': [], 'flavor_id': None, 'tags': [], 'created_at': '2025-05-14T09:50:17Z', 'updated_at': '2025-05-14T09:50:18Z', 'revision_number': 2, 'project_id': 'ff96fb7e818d44b89cb9271f8071707c'}
2025-05-14 09:50:21.503 70128 INFO tempest.lib.common.rest_client [req-81db1c2a-036b-4727-961b-d9416f4bf581 req-81db1c2a-036b-4727-961b-d9416f4bf581 ] Request (InstanceActionsNegativeTestJSON:setUpClass): 200 GET http://10.180.1.21/compute/v2.1/servers/e3c53d5b-18f8-4c41-8ec2-fd8e170576af 1.695s
2025-05-14 09:50:21.539 70126 INFO tempest.lib.common.rest_client [req-2c7c06cb-7595-4584-a1d8-a4a74ff07da1 req-2c7c06cb-7595-4584-a1d8-a4a74ff07da1 ] Request (ServersTestBootFromVolume:setUpClass): 200 GET http://10.180.1.21/compute/v2.1/servers/0cd34a99-40c7-4603-aacf-80205275b852 1.798s
2025-05-14 09:50:21.550 70126 INFO tempest.common.waiters [-] State transition "BUILD/block_device_mapping" ==> "BUILD/spawning" after 29 second wait
2025-05-14 09:50:21.629 70104 INFO tempest.lib.common.rest_client [req-3e0aca3f-e27c-43f7-88eb-a5547c86e7c9 req-3e0aca3f-e27c-43f7-88eb-a5547c86e7c9 ] Request (FloatingIPDetailsNegativeTestJSON:setUpClass): 201 POST http://10.180.1.21/identity/v3/auth/tokens 0.138s
2025-05-14 09:50:21.632 70094 INFO tempest.lib.common.rest_client [req-59548224-cfa2-4737-9afd-ff3b2a41db6c req-59548224-cfa2-4737-9afd-ff3b2a41db6c ] Request (ServersAdmin275Test:test_rebuild_update_server_275): 200 GET http://10.180.1.21/compute/v2.1/servers/c6473d46-cde3-401b-8654-a9013978b81b 1.801s
2025-05-14 09:50:21.637 70130 INFO tempest.lib.common.rest_client [req-4171a180-e40f-4a18-ba72-d0d18597d7d9 req-4171a180-e40f-4a18-ba72-d0d18597d7d9 ] Request (AttachVolumeNegativeTest:test_attach_attached_volume_to_different_server): 200 GET http://10.180.1.21/compute/v2.1/servers/559d44dc-2ae8-48a9-9dcd-bad5d03ed236 1.758s
2025-05-14 09:50:21.645 70094 INFO tempest.common.waiters [-] State transition "BUILD/scheduling" ==> "BUILD/None" after 16 second wait
2025-05-14 09:50:21.732 70086 INFO tempest.lib.common.rest_client [req-fb665414-1699-4056-9363-85c895785f55 req-fb665414-1699-4056-9363-85c895785f55 ] Request (ServerExternalEventsTest:tearDownClass): 200 GET http://10.180.1.21/compute/v2.1/servers/b9cb0a36-50a0-4030-b8c7-aec41255fb60 1.596s
2025-05-14 09:50:21.765 70116 INFO tempest.lib.common.rest_client [req-2b9c884c-f131-4c5f-a476-a0b74d03e33d req-2b9c884c-f131-4c5f-a476-a0b74d03e33d ] Request (AttachInterfacesV270Test:tearDownClass): 200 GET http://10.180.1.21/compute/v2.1/servers/2631d429-9d16-4cdf-b7cf-14ea26d5fd94 1.523s
2025-05-14 09:50:21.855 70113 INFO tempest.lib.common.rest_client [req-e6ec754e-e6eb-497a-a401-1966075262be req-e6ec754e-e6eb-497a-a401-1966075262be ] Request (ImagesNegativeTestJSON:test_create_image_from_deleted_server): 200 GET http://10.180.1.21/compute/v2.1/servers/733e01e7-5429-41fe-8cd0-9fc56d03fce0 1.505s
2025-05-14 09:50:21.856 70102 INFO tempest.lib.common.rest_client [req-a121c23a-34fe-4e75-82e2-2a4f859377a3 req-a121c23a-34fe-4e75-82e2-2a4f859377a3 ] Request (DeleteServersTestJSON:setUpClass): 201 POST http://10.180.1.21:9696/networking/v2.0/routers 2.426s
2025-05-14 09:50:21.960 70114 INFO tempest.lib.common.rest_client [req-7c8bbe81-429e-479f-aab9-1fc0e319843f req-7c8bbe81-429e-479f-aab9-1fc0e319843f ] Request (AttachVolumeShelveTestJSON:test_attach_volume_shelved_or_offload_server): 200 GET http://10.180.1.21/compute/v2.1/servers/23bc134e-7725-40b1-b79d-d8ef6dbd7cad 1.601s
2025-05-14 09:50:22.008 70084 INFO tempest.lib.common.rest_client [req-b55e1014-0822-42ac-b0c7-c0c33e46e4ed req-b55e1014-0822-42ac-b0c7-c0c33e46e4ed ] Request (ImagesMetadataTestJSON:test_delete_image_metadata_item): 200 GET http://10.180.1.21/compute/v2.1/images/7d137647-930d-43ad-af19-c57dbb34e7a3/metadata 1.599s
2025-05-14 09:50:22.037 70140 WARNING tempest.lib.common.ssh [-] Failed to establish authenticated ssh connection to cirros@10.180.180.141 ([Errno None] Unable to connect to port 22 on 10.180.180.141). Number attempts: 3. Retry after 4 seconds.: paramiko.ssh_exception.NoValidConnectionsError: [Errno None] Unable to connect to port 22 on 10.180.180.141
2025-05-14 09:50:22.103 70136 INFO tempest.lib.common.rest_client [req-820d4189-c25b-4a7e-8969-fb99c17f8e41 req-820d4189-c25b-4a7e-8969-fb99c17f8e41 ] Request (ListImageFiltersTestJSON:setUpClass): 200 GET http://10.180.1.21/compute/v2.1/servers/029aa35a-3407-4d4f-9388-1978a073ecd2 1.679s
2025-05-14 09:50:22.118 70136 INFO tempest.common.waiters [-] State transition "BUILD/None" ==> "BUILD/networking" after 29 second wait
2025-05-14 09:50:22.129 70110 INFO tempest.lib.common.rest_client [req-293cd314-f03b-44b3-9257-966ee75ef511 req-293cd314-f03b-44b3-9257-966ee75ef511 ] Request (DeleteServersAdminTestJSON:test_delete_server_while_in_error_state): 202 POST http://10.180.1.21/compute/v2.1/servers 1.821s
2025-05-14 09:50:22.200 70098 INFO tempest.lib.common.rest_client [req-dc865b2d-324d-439b-8849-f5fd81f050a1 req-dc865b2d-324d-439b-8849-f5fd81f050a1 ] Request (FloatingIPsAssociationTestJSON:setUpClass): 200 GET http://10.180.1.21/compute/v2.1/servers/452c0e3a-8dcc-43af-8b77-ac1b2e9a3fc3 1.772s
2025-05-14 09:50:22.218 70118 INFO tempest.lib.common.rest_client [req-c43fdef1-97a6-4481-bb6b-30d4fa22e70f req-c43fdef1-97a6-4481-bb6b-30d4fa22e70f ] Request (ServerDiagnosticsNegativeTest:test_get_server_diagnostics_by_non_admin): 200 GET http://10.180.1.21/compute/v2.1/servers/f9371520-75bc-414a-a704-30dba68d5a52 1.725s
2025-05-14 09:50:22.245 70090 INFO tempest.lib.common.rest_client [req-784115d1-a551-4c02-a711-cd25045d5d83 req-784115d1-a551-4c02-a711-cd25045d5d83 ] Request (SecurityGroupRulesTestJSON:tearDownClass): 200 PUT http://10.180.1.21:9696/networking/v2.0/routers/3b0aad46-71ee-43c7-a3f6-bfa4e1869f10/remove_router_interface 2.066s
2025-05-14 09:50:22.306 70100 INFO tempest.lib.common.rest_client [req-49089b3b-e9cf-44b0-a240-fef230be4202 req-49089b3b-e9cf-44b0-a240-fef230be4202 ] Request (ServersListShow298Test:test_list_show_update_rebuild_server_298): 200 GET http://10.180.1.21/compute/v2.1/servers/443a8dc6-a88a-45e9-9a8c-f9976f91b821 1.537s
2025-05-14 09:50:22.354 70134 INFO tempest.lib.common.rest_client [req-5c8f01db-bb67-4006-95dd-105f811e2f30 req-5c8f01db-bb67-4006-95dd-105f811e2f30 ] Request (TenantUsagesTestJSON:tearDownClass): 200 GET http://10.180.1.21/compute/v2.1/servers/a006d1f1-5185-4717-bf54-fa8b33c19fda 1.853s
2025-05-14 09:50:22.379 70096 INFO tempest.lib.common.rest_client [req-6dfa36cc-7abd-41c6-8cf0-1f3a39ad7980 req-6dfa36cc-7abd-41c6-8cf0-1f3a39ad7980 ] Request (ServerShowV257Test:tearDownClass): 200 GET http://10.180.1.21/compute/v2.1/servers/d64c1ede-21f5-4d14-9585-85aad4d25873 1.513s
2025-05-14 09:50:22.395 70144 INFO tempest.lib.common.rest_client [req-1c58941c-216a-4a98-ad06-b8f0ce071b45 req-1c58941c-216a-4a98-ad06-b8f0ce071b45 ] Request (FlavorsAdminTestJSON:_run_cleanups): 202 DELETE http://10.180.1.21/compute/v2.1/flavors/1965910224 1.436s
2025-05-14 09:50:22.453 70138 INFO tempest.lib.common.rest_client [req-079a6594-acaa-4d97-989f-598207fd18cf req-079a6594-acaa-4d97-989f-598207fd18cf ] Request (ImagesOneServerNegativeTestJSON:setUpClass): 200 GET http://10.180.1.21/compute/v2.1/servers/4e574bef-58f7-4fe3-9f0f-c76854082912 1.475s
2025-05-14 09:50:22.471 70142 INFO tempest.lib.common.rest_client [req-238e0dc9-6631-4a90-87e0-20aa124f1613 req-238e0dc9-6631-4a90-87e0-20aa124f1613 ] Request (AttachInterfacesTestJSON:test_create_list_show_delete_interfaces_by_fixed_ip): 200 GET http://10.180.1.21/compute/v2.1/servers/814f3854-3681-4f3d-95de-18340a765f53 1.472s
2025-05-14 09:50:22.518 70132 INFO tempest.lib.common.rest_client [req-10557b7e-aa6f-452a-8527-43b980daebe7 req-10557b7e-aa6f-452a-8527-43b980daebe7 ] Request (ServersAdminNegativeTestJSON:test_migrate_server_invalid_state): 200 GET http://10.180.1.21/compute/v2.1/servers/b407224d-c687-4351-9bcf-d7ff85ab0193 1.451s
2025-05-14 09:50:22.531 70132 INFO tempest.common.waiters [-] State transition "BUILD/scheduling" ==> "BUILD/None" after 18 second wait
2025-05-14 09:50:22.533 70122 INFO tempest.lib.common.rest_client [req-00a91275-d2df-429f-b834-7deca09ef4d5 req-00a91275-d2df-429f-b834-7deca09ef4d5 ] Request (ServerDiagnosticsV248Test:test_get_server_diagnostics): 200 GET http://10.180.1.21/compute/v2.1/servers/b4a45681-5bc0-47c4-8475-f067d7569765 1.302s
2025-05-14 09:50:22.651 70104 INFO tempest.lib.common.rest_client [req-293fc348-8705-43ff-9d60-1139035baacb req-293fc348-8705-43ff-9d60-1139035baacb ] Request (FloatingIPDetailsNegativeTestJSON:test_get_nonexistent_floating_ip_details): 404 GET http://10.180.1.21/compute/v2.1/os-floating-ips/a0fe4428-59ba-4cd2-94d8-995a9d17aed8 1.020s
2025-05-14 09:50:22.746 70108 INFO tempest.lib.common.rest_client [req-585ea438-5746-4256-bd30-fbce1d4fddb3 req-585ea438-5746-4256-bd30-fbce1d4fddb3 ] Request (ServersWithSpecificFlavorTestJSON:test_verify_created_server_ephemeral_disk): 200 GET http://10.180.1.21/compute/v2.1/servers/ee7f76c1-fcb5-49a7-88fe-57541f13f24b 1.478s
2025-05-14 09:50:22.757 70108 INFO tempest.lib.common.ssh [-] Creating ssh connection to '10.180.180.181:22' as 'cirros' with public key authentication
2025-05-14 09:50:22.805 70120 INFO tempest.lib.common.rest_client [req-60754779-6e65-481c-a2e7-a06ef3daf689 req-60754779-6e65-481c-a2e7-a06ef3daf689 ] Request (MigrationsAdminTest:test_list_migrations_in_flavor_resize_situation): 200 GET http://10.180.1.21/compute/v2.1/servers/5c1878eb-3c4b-49b8-89ba-9c51845204bd 0.876s
2025-05-14 09:50:22.813 70120 INFO tempest.common.waiters [-] State transition "BUILD/spawning" ==> "ACTIVE/None" after 33 second wait
2025-05-14 09:50:22.885 70110 INFO tempest.lib.common.rest_client [req-5af722fe-93f2-4067-abc8-c7939a8929ea req-5af722fe-93f2-4067-abc8-c7939a8929ea ] Request (DeleteServersAdminTestJSON:test_delete_server_while_in_error_state): 200 GET http://10.180.1.21/compute/v2.1/servers/2dee479a-0981-497c-afb9-6e66085e431f 0.753s
2025-05-14 09:50:22.988 70124 INFO tempest.lib.common.rest_client [req-e3f23842-45de-41f9-bcd4-47d64b00247b req-e3f23842-45de-41f9-bcd4-47d64b00247b ] Request (ServerDiagnosticsTest:tearDownClass): 200 GET http://10.180.1.21/compute/v2.1/servers/960ee12b-c42e-4e69-a5fc-5c97d3c7f2fe 0.721s
2025-05-14 09:50:23.040 70084 INFO tempest.lib.common.rest_client [req-b67a00cc-5c2b-46b6-9aed-a06427a7c663 req-b67a00cc-5c2b-46b6-9aed-a06427a7c663 ] Request (ImagesMetadataTestJSON:setUp): 200 PUT http://10.180.1.21/compute/v2.1/images/7d137647-930d-43ad-af19-c57dbb34e7a3/metadata 1.030s
2025-05-14 09:50:23.066 70088 INFO tempest.lib.common.rest_client [req-6b8179a8-3f69-45f7-acb3-fb88ae9ad4ed req-6b8179a8-3f69-45f7-acb3-fb88ae9ad4ed ] Request (VolumesAdminNegativeTest:test_update_attached_volume_with_nonexistent_volume_in_body): 200 GET http://10.180.1.21/compute/v2.1/servers/f254ccca-ffc2-4ca6-92ac-317b5f99cd20 0.752s
2025-05-14 09:50:23.094 70144 INFO tempest.lib.common.rest_client [req-89dc01a3-444b-4b42-b4fa-9e251093335c req-89dc01a3-444b-4b42-b4fa-9e251093335c ] Request (FlavorsAdminTestJSON:_run_cleanups): 200 GET http://10.180.1.21/compute/v2.1/flavors/detail 0.698s
2025-05-14 09:50:23.137 70106 INFO tempest.lib.common.rest_client [req-7d6a384d-2750-4675-8ee7-07c4e6adefad req-7d6a384d-2750-4675-8ee7-07c4e6adefad ] Request (ListServersNegativeTestJSON:setUpClass): 200 GET http://10.180.1.21/compute/v2.1/servers/ee008d19-5fee-41b6-b831-4fd2f8bb5327 0.744s
2025-05-14 09:50:23.171 70128 INFO tempest.lib.common.rest_client [req-68fc8200-a692-4fb8-81a2-31d9ecdfe66e req-68fc8200-a692-4fb8-81a2-31d9ecdfe66e ] Request (InstanceActionsNegativeTestJSON:setUpClass): 200 GET http://10.180.1.21/compute/v2.1/servers/e3c53d5b-18f8-4c41-8ec2-fd8e170576af 0.657s
2025-05-14 09:50:23.201 70092 INFO tempest.lib.common.rest_client [req-c1ac8d38-984f-48d5-9803-8f3e5e64b5e1 req-c1ac8d38-984f-48d5-9803-8f3e5e64b5e1 ] Request (ServersAdminTestJSON:setUpClass): 200 PUT http://10.180.1.21:9696/networking/v2.0/routers/a61404f0-b6d6-4fb8-9dbe-032a8f93e8fd/add_router_interface 2.433s
2025-05-14 09:50:23.201 70092 INFO tempest.lib.common.dynamic_creds [-] Created isolated network resources for: credentials: Credentials: {'domain_id': 'default', 'domain_name': 'Default', 'username': 'tempest-ServersAdminTestJSON-891070124-project-member', 'project_domain_id': 'default', 'project_domain_name': 'Default', 'project_id': 'f5fb6a2a951b44d083ec7d953e8eca33', 'project_name': 'tempest-ServersAdminTestJSON-891070124', 'tenant_id': 'f5fb6a2a951b44d083ec7d953e8eca33', 'tenant_name': 'tempest-ServersAdminTestJSON-891070124', 'user_domain_id': 'default', 'user_domain_name': 'Default', 'user_id': 'afe4b978c13f46b69047ec76a9b456c9', 'system': None}, Network: {'id': 'fd8085f7-96df-494f-8d70-63b8b6c83f3c', 'name': 'tempest-ServersAdminTestJSON-2109709906-network', 'tenant_id': 'f5fb6a2a951b44d083ec7d953e8eca33', 'admin_state_up': True, 'mtu': 8950, 'status': 'ACTIVE', 'subnets': [], 'shared': False, 'project_id': 'f5fb6a2a951b44d083ec7d953e8eca33', 'port_security_enabled': True, 'router:external': False, 'provider:network_type': 'vlan', 'provider:physical_network': 'default', 'provider:segmentation_id': 378, 'availability_zone_hints': [], 'availability_zones': [], 'ipv4_address_scope': None, 'ipv6_address_scope': None, 'description': '', 'tags': [], 'created_at': '2025-05-14T09:50:18Z', 'updated_at': '2025-05-14T09:50:18Z', 'revision_number': 1}, Subnet: {'id': '0d679573-3476-4569-ab89-7a601900621d', 'name': 'tempest-ServersAdminTestJSON-2109709906-subnet', 'tenant_id': 'f5fb6a2a951b44d083ec7d953e8eca33', 'network_id': 'fd8085f7-96df-494f-8d70-63b8b6c83f3c', 'ip_version': 4, 'subnetpool_id': None, 'enable_dhcp': True, 'ipv6_ra_mode': None, 'ipv6_address_mode': None, 'gateway_ip': '192.168.128.1', 'cidr': '192.168.128.0/28', 'allocation_pools': [{'start': '192.168.128.2', 'end': '192.168.128.14'}], 'host_routes': [], 'dns_nameservers': [], 'description': '', 'router:external': False, 'service_types': [], 'tags': [], 'created_at': '2025-05-14T09:50:18Z', 'updated_at': '2025-05-14T09:50:18Z', 'revision_number': 0, 'project_id': 'f5fb6a2a951b44d083ec7d953e8eca33'}, Router: {'id': 'a61404f0-b6d6-4fb8-9dbe-032a8f93e8fd', 'name': 'tempest-ServersAdminTestJSON-2109709906-router', 'tenant_id': 'f5fb6a2a951b44d083ec7d953e8eca33', 'admin_state_up': True, 'status': 'ACTIVE', 'external_gateway_info': {'network_id': '5085f3f4-4571-4f2a-ac7a-d9c6f9025d89', 'external_fixed_ips': [{'subnet_id': 'e483af3c-a3b2-4ffd-86fd-47f57ff6680b', 'ip_address': '10.180.180.238'}], 'enable_snat': True}, 'description': '', 'availability_zones': [], 'distributed': False, 'ha': False, 'availability_zone_hints': [], 'routes': [], 'flavor_id': None, 'tags': [], 'created_at': '2025-05-14T09:50:19Z', 'updated_at': '2025-05-14T09:50:19Z', 'revision_number': 2, 'project_id': 'f5fb6a2a951b44d083ec7d953e8eca33'}
2025-05-14 09:50:23.254 70094 INFO tempest.lib.common.rest_client [req-62da3162-4136-4a8b-9a00-85196c196d23 req-62da3162-4136-4a8b-9a00-85196c196d23 ] Request (ServersAdmin275Test:test_rebuild_update_server_275): 200 GET http://10.180.1.21/compute/v2.1/servers/c6473d46-cde3-401b-8654-a9013978b81b 0.608s
2025-05-14 09:50:23.305 70092 INFO tempest.lib.common.rest_client [req-2219a12a-4ec3-418e-ae79-c858969b6839 req-2219a12a-4ec3-418e-ae79-c858969b6839 ] Request (ServersAdminTestJSON:setUpClass): 201 POST http://10.180.1.21/identity/v3/auth/tokens 0.100s
2025-05-14 09:50:23.325 70130 INFO tempest.lib.common.rest_client [req-a37ff5ff-e3ea-486f-b42b-8fbe5f0b5f61 req-a37ff5ff-e3ea-486f-b42b-8fbe5f0b5f61 ] Request (AttachVolumeNegativeTest:test_attach_attached_volume_to_different_server): 200 GET http://10.180.1.21/compute/v2.1/servers/559d44dc-2ae8-48a9-9dcd-bad5d03ed236 0.674s
2025-05-14 09:50:23.407 70092 INFO tempest.lib.common.rest_client [req-9dcb99fd-37a9-48dd-8a49-a7821406c66c req-9dcb99fd-37a9-48dd-8a49-a7821406c66c ] Request (ServersAdminTestJSON:setUpClass): 201 POST http://10.180.1.21/identity/v3/projects 0.101s
2025-05-14 09:50:23.420 70086 INFO tempest.lib.common.rest_client [req-36c64e87-2454-423f-86f4-72fbd12325a6 req-36c64e87-2454-423f-86f4-72fbd12325a6 ] Request (ServerExternalEventsTest:tearDownClass): 200 GET http://10.180.1.21/compute/v2.1/servers/b9cb0a36-50a0-4030-b8c7-aec41255fb60 0.670s
2025-05-14 09:50:23.448 70126 INFO tempest.lib.common.rest_client [req-afd5ae92-b6d7-4157-a9dd-cff2fd690f90 req-afd5ae92-b6d7-4157-a9dd-cff2fd690f90 ] Request (ServersTestBootFromVolume:setUpClass): 200 GET http://10.180.1.21/compute/v2.1/servers/0cd34a99-40c7-4603-aacf-80205275b852 0.896s
2025-05-14 09:50:23.492 70092 INFO tempest.lib.common.rest_client [req-9f5c4464-ed47-4479-bba6-0e1d0e0796a0 req-9f5c4464-ed47-4479-bba6-0e1d0e0796a0 ] Request (ServersAdminTestJSON:setUpClass): 201 POST http://10.180.1.21/identity/v3/users 0.084s
2025-05-14 09:50:23.532 70092 INFO tempest.lib.common.rest_client [req-03787aa4-6ec9-431b-b932-68aed10394e7 req-03787aa4-6ec9-431b-b932-68aed10394e7 ] Request (ServersAdminTestJSON:setUpClass): 200 GET http://10.180.1.21/identity/v3/roles 0.040s
2025-05-14 09:50:23.544 70116 INFO tempest.lib.common.rest_client [req-f9d82f71-6651-4ecf-bf6d-02b4ef2085aa req-f9d82f71-6651-4ecf-bf6d-02b4ef2085aa ] Request (AttachInterfacesV270Test:tearDownClass): 200 GET http://10.180.1.21/compute/v2.1/servers/2631d429-9d16-4cdf-b7cf-14ea26d5fd94 0.765s
2025-05-14 09:50:23.579 70092 INFO tempest.lib.common.rest_client [req-62a40181-2937-4b5c-a741-c83b9adf2fd2 req-62a40181-2937-4b5c-a741-c83b9adf2fd2 ] Request (ServersAdminTestJSON:setUpClass): 204 PUT http://10.180.1.21/identity/v3/projects/eb5118dabd724733ba404db63419379a/users/d211eae65fc048fdbb2632b06b291887/roles/1468e096635d45839cca02ae8deb524c 0.046s
2025-05-14 09:50:23.626 70113 INFO tempest.lib.common.rest_client [req-fb2ab3e6-0ecd-4668-bb5f-83449e4ba1ac req-fb2ab3e6-0ecd-4668-bb5f-83449e4ba1ac ] Request (ImagesNegativeTestJSON:test_create_image_from_deleted_server): 200 GET http://10.180.1.21/compute/v2.1/servers/733e01e7-5429-41fe-8cd0-9fc56d03fce0 0.759s
2025-05-14 09:50:23.657 70092 INFO tempest.lib.common.rest_client [req-a270a41a-3a1b-4983-9448-77ef37797df1 req-a270a41a-3a1b-4983-9448-77ef37797df1 ] Request (ServersAdminTestJSON:setUpClass): 200 GET http://10.180.1.21/identity/v3/roles 0.078s
2025-05-14 09:50:23.682 70092 INFO tempest.lib.common.rest_client [req-4f67a969-bed8-4234-adb4-70b46921dcef req-4f67a969-bed8-4234-adb4-70b46921dcef ] Request (ServersAdminTestJSON:setUpClass): 204 PUT http://10.180.1.21/identity/v3/projects/eb5118dabd724733ba404db63419379a/users/d211eae65fc048fdbb2632b06b291887/roles/1468e096635d45839cca02ae8deb524c 0.024s
2025-05-14 09:50:23.682 70092 INFO tempest.lib.common.dynamic_creds [-] Dynamic test user d211eae65fc048fdbb2632b06b291887 is created with scope project and roles: ['admin']
2025-05-14 09:50:23.682 70092 INFO tempest.lib.common.dynamic_creds [-] Acquired dynamic creds: credentials: Credentials: {'domain_id': 'default', 'domain_name': 'Default', 'username': 'tempest-ServersAdminTestJSON-467969300-project-admin', 'project_domain_id': 'default', 'project_domain_name': 'Default', 'project_id': 'eb5118dabd724733ba404db63419379a', 'project_name': 'tempest-ServersAdminTestJSON-467969300', 'tenant_id': 'eb5118dabd724733ba404db63419379a', 'tenant_name': 'tempest-ServersAdminTestJSON-467969300', 'user_domain_id': 'default', 'user_domain_name': 'Default', 'user_id': 'd211eae65fc048fdbb2632b06b291887', 'system': None}, Network: None, Subnet: None, Router: None
2025-05-14 09:50:23.706 70114 INFO tempest.lib.common.rest_client [req-3ffd728f-73ef-4822-bb33-7358b8c54186 req-3ffd728f-73ef-4822-bb33-7358b8c54186 ] Request (AttachVolumeShelveTestJSON:test_attach_volume_shelved_or_offload_server): 200 GET http://10.180.1.21/compute/v2.1/servers/23bc134e-7725-40b1-b79d-d8ef6dbd7cad 0.732s
2025-05-14 09:50:23.708 70120 INFO tempest.lib.common.rest_client [req-c153e4eb-3121-4c89-85de-32f7ffa7a49b req-c153e4eb-3121-4c89-85de-32f7ffa7a49b ] Request (MigrationsAdminTest:test_list_migrations_in_flavor_resize_situation): 202 POST http://10.180.1.21/compute/v2.1/servers/5c1878eb-3c4b-49b8-89ba-9c51845204bd/action 0.894s
2025-05-14 09:50:23.735 70144 INFO tempest.lib.common.rest_client [req-4ae21597-acdb-431a-b086-11e8c178e37c req-4ae21597-acdb-431a-b086-11e8c178e37c ] Request (FlavorsAdminTestJSON:test_list_public_flavor_with_other_user): 200 POST http://10.180.1.21/compute/v2.1/flavors 0.632s
2025-05-14 09:50:23.749 70084 INFO tempest.lib.common.rest_client [req-00655802-d699-4800-836f-aa7286b9b015 req-00655802-d699-4800-836f-aa7286b9b015 ] Request (ImagesMetadataTestJSON:test_get_image_metadata_item): 200 GET http://10.180.1.21/compute/v2.1/images/7d137647-930d-43ad-af19-c57dbb34e7a3/metadata/os_distro 0.708s
2025-05-14 09:50:23.781 70090 INFO tempest.lib.common.rest_client [req-ee63133b-2d2a-47db-949d-533c03bc12d1 req-ee63133b-2d2a-47db-949d-533c03bc12d1 ] Request (SecurityGroupRulesTestJSON:tearDownClass): 204 DELETE http://10.180.1.21:9696/networking/v2.0/routers/3b0aad46-71ee-43c7-a3f6-bfa4e1869f10 1.536s
2025-05-14 09:50:23.874 70098 INFO tempest.lib.common.rest_client [req-0eb3c83a-fb43-4f8c-8413-84aa13300c7c req-0eb3c83a-fb43-4f8c-8413-84aa13300c7c ] Request (FloatingIPsAssociationTestJSON:setUpClass): 200 GET http://10.180.1.21/compute/v2.1/servers/452c0e3a-8dcc-43af-8b77-ac1b2e9a3fc3 0.664s
2025-05-14 09:50:24.001 70118 INFO tempest.lib.common.rest_client [req-eae8f920-7b13-4beb-9ebb-8f02bf1d3023 req-eae8f920-7b13-4beb-9ebb-8f02bf1d3023 ] Request (ServerDiagnosticsNegativeTest:test_get_server_diagnostics_by_non_admin): 200 GET http://10.180.1.21/compute/v2.1/servers/f9371520-75bc-414a-a704-30dba68d5a52 0.770s
2025-05-14 09:50:24.022 70136 INFO tempest.lib.common.rest_client [req-89ef890e-f830-4668-885a-bd420d355927 req-89ef890e-f830-4668-885a-bd420d355927 ] Request (ListImageFiltersTestJSON:setUpClass): 200 GET http://10.180.1.21/compute/v2.1/servers/029aa35a-3407-4d4f-9388-1978a073ecd2 0.904s
2025-05-14 09:50:24.034 70136 INFO tempest.common.waiters [-] State transition "BUILD/networking" ==> "BUILD/spawning" after 31 second wait
2025-05-14 09:50:24.118 70134 INFO tempest.lib.common.rest_client [req-7c33aee8-2096-4f7d-8ded-da186b680bb7 req-7c33aee8-2096-4f7d-8ded-da186b680bb7 ] Request (TenantUsagesTestJSON:tearDownClass): 200 GET http://10.180.1.21/compute/v2.1/servers/a006d1f1-5185-4717-bf54-fa8b33c19fda 0.750s
2025-05-14 09:50:24.129 70100 INFO tempest.lib.common.rest_client [req-a16ca38f-ff5c-4ab4-9706-aa7f6b5eedad req-a16ca38f-ff5c-4ab4-9706-aa7f6b5eedad ] Request (ServersListShow298Test:test_list_show_update_rebuild_server_298): 200 GET http://10.180.1.21/compute/v2.1/servers/443a8dc6-a88a-45e9-9a8c-f9976f91b821 0.808s
2025-05-14 09:50:24.166 70090 INFO tempest.lib.common.rest_client [req-e44034e2-70b7-491b-a0c0-50b830fbadcc req-e44034e2-70b7-491b-a0c0-50b830fbadcc ] Request (SecurityGroupRulesTestJSON:tearDownClass): 204 DELETE http://10.180.1.21:9696/networking/v2.0/subnets/17536c1c-acb6-405f-b6ef-a365f06571bb 0.384s
2025-05-14 09:50:24.196 70138 INFO tempest.lib.common.rest_client [req-6018f3e4-753d-40d6-9dbc-e9401ecdc538 req-6018f3e4-753d-40d6-9dbc-e9401ecdc538 ] Request (ImagesOneServerNegativeTestJSON:setUpClass): 200 GET http://10.180.1.21/compute/v2.1/servers/4e574bef-58f7-4fe3-9f0f-c76854082912 0.735s
2025-05-14 09:50:24.218 70096 INFO tempest.lib.common.rest_client [req-e3830d47-7d3e-4c89-ab28-7993d5a8a399 req-e3830d47-7d3e-4c89-ab28-7993d5a8a399 ] Request (ServerShowV257Test:tearDownClass): 200 GET http://10.180.1.21/compute/v2.1/servers/d64c1ede-21f5-4d14-9585-85aad4d25873 0.826s
2025-05-14 09:50:24.290 70092 INFO tempest.lib.common.rest_client [req-942319ab-3045-4c5c-960d-f90fd5ab30c5 req-942319ab-3045-4c5c-960d-f90fd5ab30c5 ] Request (ServersAdminTestJSON:setUpClass): 201 POST http://10.180.1.21:9696/networking/v2.0/networks 0.608s
2025-05-14 09:50:24.295 70132 INFO tempest.lib.common.rest_client [req-04b57753-531e-489a-bd90-c1475410c542 req-04b57753-531e-489a-bd90-c1475410c542 ] Request (ServersAdminNegativeTestJSON:test_migrate_server_invalid_state): 200 GET http://10.180.1.21/compute/v2.1/servers/b407224d-c687-4351-9bcf-d7ff85ab0193 0.761s
2025-05-14 09:50:24.297 70142 INFO tempest.lib.common.rest_client [req-55bae174-d227-4bcb-922f-08c12d15226e req-55bae174-d227-4bcb-922f-08c12d15226e ] Request (AttachInterfacesTestJSON:test_create_list_show_delete_interfaces_by_fixed_ip): 200 GET http://10.180.1.21/compute/v2.1/servers/814f3854-3681-4f3d-95de-18340a765f53 0.816s
2025-05-14 09:50:24.360 70122 INFO tempest.lib.common.rest_client [req-01e4cadd-3080-4333-8115-c75314847bed req-01e4cadd-3080-4333-8115-c75314847bed ] Request (ServerDiagnosticsV248Test:test_get_server_diagnostics): 200 GET http://10.180.1.21/compute/v2.1/servers/b4a45681-5bc0-47c4-8475-f067d7569765 0.808s
2025-05-14 09:50:24.386 70144 INFO tempest.lib.common.rest_client [req-aa04a2d6-dccb-4ed3-8787-8357c5c87fbc req-aa04a2d6-dccb-4ed3-8787-8357c5c87fbc ] Request (FlavorsAdminTestJSON:test_list_public_flavor_with_other_user): 200 GET http://10.180.1.21/compute/v2.1/flavors/detail 0.647s
2025-05-14 09:50:24.455 70104 INFO tempest.lib.common.rest_client [req-1481e41a-0209-4e69-8fae-da17ddc660fb req-1481e41a-0209-4e69-8fae-da17ddc660fb ] Request (FloatingIPDetailsNegativeTestJSON:tearDownClass): 200 PUT http://10.180.1.21:9696/networking/v2.0/routers/ff152fb4-5914-48a2-9600-bf828da64203/remove_router_interface 1.801s
2025-05-14 09:50:24.519 70120 INFO tempest.lib.common.rest_client [req-0f6dbdfe-10ad-40a5-af2b-d939b6d1f1c7 req-0f6dbdfe-10ad-40a5-af2b-d939b6d1f1c7 ] Request (MigrationsAdminTest:test_list_migrations_in_flavor_resize_situation): 200 GET http://10.180.1.21/compute/v2.1/servers/5c1878eb-3c4b-49b8-89ba-9c51845204bd 0.810s
2025-05-14 09:50:24.579 70084 INFO tempest.lib.common.rest_client [req-6cf625a4-3767-42eb-a6ea-a915998f3244 req-6cf625a4-3767-42eb-a6ea-a915998f3244 ] Request (ImagesMetadataTestJSON:setUp): 200 PUT http://10.180.1.21/compute/v2.1/images/7d137647-930d-43ad-af19-c57dbb34e7a3/metadata 0.827s
2025-05-14 09:50:24.614 70110 INFO tempest.lib.common.rest_client [req-bc98365c-3a32-4fba-971e-4539aa409914 req-bc98365c-3a32-4fba-971e-4539aa409914 ] Request (DeleteServersAdminTestJSON:test_delete_server_while_in_error_state): 200 GET http://10.180.1.21/compute/v2.1/servers/2dee479a-0981-497c-afb9-6e66085e431f 0.715s
2025-05-14 09:50:24.822 70102 INFO tempest.lib.common.rest_client [req-4ad312cb-1c84-400d-9424-43155091c421 req-4ad312cb-1c84-400d-9424-43155091c421 ] Request (DeleteServersTestJSON:setUpClass): 200 PUT http://10.180.1.21:9696/networking/v2.0/routers/7ee63755-7d8f-44a1-b6ce-bd74a3d5b60b/add_router_interface 2.966s
2025-05-14 09:50:24.823 70102 INFO tempest.lib.common.dynamic_creds [-] Created isolated network resources for: credentials: Credentials: {'domain_id': 'default', 'domain_name': 'Default', 'username': 'tempest-DeleteServersTestJSON-1267038477-project-member', 'project_domain_id': 'default', 'project_domain_name': 'Default', 'project_id': '384851ba5d9645a48c645ad3db374d90', 'project_name': 'tempest-DeleteServersTestJSON-1267038477', 'tenant_id': '384851ba5d9645a48c645ad3db374d90', 'tenant_name': 'tempest-DeleteServersTestJSON-1267038477', 'user_domain_id': 'default', 'user_domain_name': 'Default', 'user_id': '3fb57f5536514f4991f6e9df7c04628b', 'system': None}, Network: {'id': '49fece2b-ce23-4e2b-9f1a-40d401686867', 'name': 'tempest-DeleteServersTestJSON-1169493966-network', 'tenant_id': '384851ba5d9645a48c645ad3db374d90', 'admin_state_up': True, 'mtu': 8950, 'status': 'ACTIVE', 'subnets': [], 'shared': False, 'project_id': '384851ba5d9645a48c645ad3db374d90', 'port_security_enabled': True, 'router:external': False, 'provider:network_type': 'vlan', 'provider:physical_network': 'default', 'provider:segmentation_id': 884, 'availability_zone_hints': [], 'availability_zones': [], 'ipv4_address_scope': None, 'ipv6_address_scope': None, 'description': '', 'tags': [], 'created_at': '2025-05-14T09:50:18Z', 'updated_at': '2025-05-14T09:50:19Z', 'revision_number': 1}, Subnet: {'id': 'a472962c-0a74-4655-8884-b5ffa6477054', 'name': 'tempest-DeleteServersTestJSON-1169493966-subnet', 'tenant_id': '384851ba5d9645a48c645ad3db374d90', 'network_id': '49fece2b-ce23-4e2b-9f1a-40d401686867', 'ip_version': 4, 'subnetpool_id': None, 'enable_dhcp': True, 'ipv6_ra_mode': None, 'ipv6_address_mode': None, 'gateway_ip': '192.168.128.1', 'cidr': '192.168.128.0/28', 'allocation_pools': [{'start': '192.168.128.2', 'end': '192.168.128.14'}], 'host_routes': [], 'dns_nameservers': [], 'description': '', 'router:external': False, 'service_types': [], 'tags': [], 'created_at': '2025-05-14T09:50:19Z', 'updated_at': '2025-05-14T09:50:19Z', 'revision_number': 0, 'project_id': '384851ba5d9645a48c645ad3db374d90'}, Router: {'id': '7ee63755-7d8f-44a1-b6ce-bd74a3d5b60b', 'name': 'tempest-DeleteServersTestJSON-1169493966-router', 'tenant_id': '384851ba5d9645a48c645ad3db374d90', 'admin_state_up': True, 'status': 'ACTIVE', 'external_gateway_info': {'network_id': '5085f3f4-4571-4f2a-ac7a-d9c6f9025d89', 'external_fixed_ips': [{'subnet_id': 'e483af3c-a3b2-4ffd-86fd-47f57ff6680b', 'ip_address': '10.180.180.193'}], 'enable_snat': True}, 'description': '', 'availability_zones': [], 'distributed': False, 'ha': False, 'availability_zone_hints': [], 'routes': [], 'flavor_id': None, 'tags': [], 'created_at': '2025-05-14T09:50:19Z', 'updated_at': '2025-05-14T09:50:20Z', 'revision_number': 2, 'project_id': '384851ba5d9645a48c645ad3db374d90'}
2025-05-14 09:50:24.890 70092 INFO tempest.lib.common.rest_client [req-20707674-e15a-4202-b486-fc11ad8b67b3 req-20707674-e15a-4202-b486-fc11ad8b67b3 ] Request (ServersAdminTestJSON:setUpClass): 201 POST http://10.180.1.21:9696/networking/v2.0/subnets 0.599s
2025-05-14 09:50:24.920 70124 INFO tempest.lib.common.rest_client [req-242675c4-3a66-44de-aa64-a53fe874c0b3 req-242675c4-3a66-44de-aa64-a53fe874c0b3 ] Request (ServerDiagnosticsTest:tearDownClass): 200 GET http://10.180.1.21/compute/v2.1/servers/960ee12b-c42e-4e69-a5fc-5c97d3c7f2fe 0.920s
2025-05-14 09:50:24.924 70090 INFO tempest.lib.common.rest_client [req-f876e6a4-0480-4035-ae5d-c3313af9e68b req-f876e6a4-0480-4035-ae5d-c3313af9e68b ] Request (SecurityGroupRulesTestJSON:tearDownClass): 204 DELETE http://10.180.1.21:9696/networking/v2.0/networks/d29f9384-1b9a-404f-ab31-fe5c4b94605e 0.758s
