2025-05-14 09:51:10.044 70100 INFO tempest.lib.common.rest_client [req-0656a444-83dc-4573-9339-4b749ee18c99 req-0656a444-83dc-4573-9339-4b749ee18c99 ] Request (ServersListShow298Test:test_list_show_update_rebuild_server_298): 200 GET http://10.180.1.21/compute/v2.1/servers/443a8dc6-a88a-45e9-9a8c-f9976f91b821 0.104s
2025-05-14 09:51:10.056 70100 INFO tempest.common.waiters [-] State transition "BUILD/block_device_mapping" ==> "BUILD/spawning" after 60 second wait
2025-05-14 09:51:10.063 70138 INFO tempest.lib.common.rest_client [req-a28c4c6c-3b5e-432c-be17-19262cb0ec18 req-a28c4c6c-3b5e-432c-be17-19262cb0ec18 ] Request (ImagesOneServerNegativeTestJSON:tearDown): 200 GET http://10.180.1.21/compute/v2.1/servers/4e574bef-58f7-4fe3-9f0f-c76854082912 0.129s
2025-05-14 09:51:10.101 70114 WARNING tempest.lib.common.ssh [-] Failed to establish authenticated ssh connection to cirros@10.180.180.154 ([Errno None] Unable to connect to port 22 on 10.180.180.154). Number attempts: 3. Retry after 4 seconds.: paramiko.ssh_exception.NoValidConnectionsError: [Errno None] Unable to connect to port 22 on 10.180.180.154
2025-05-14 09:51:10.109 70128 INFO tempest.lib.common.rest_client [req-a6e4666f-dcc4-4ff3-8faf-0676d447e130 req-a6e4666f-dcc4-4ff3-8faf-0676d447e130 ] Request (InstanceActionsNegativeTestJSON:tearDownClass): 200 GET http://10.180.1.21/compute/v2.1/servers/e3c53d5b-18f8-4c41-8ec2-fd8e170576af 0.106s
2025-05-14 09:51:10.127 70094 INFO tempest.lib.common.rest_client [req-64fef369-08d6-43e3-a295-03d835aee6c4 req-64fef369-08d6-43e3-a295-03d835aee6c4 ] Request (ServersAdmin275Test:test_rebuild_update_server_275): 200 GET http://10.180.1.21/compute/v2.1/servers/c6473d46-cde3-401b-8654-a9013978b81b 0.121s
2025-05-14 09:51:10.157 70110 INFO tempest.lib.common.rest_client [req-a9f4503d-47c5-45cc-b37c-f9ae1ea5f15c req-a9f4503d-47c5-45cc-b37c-f9ae1ea5f15c ] Request (DeleteServersAdminTestJSON:test_delete_server_while_in_error_state): 200 GET http://10.180.1.21/compute/v2.1/servers/2dee479a-0981-497c-afb9-6e66085e431f 0.091s
2025-05-14 09:51:10.181 70090 INFO tempest.lib.common.rest_client [req-16221048-a2b4-4489-8759-ab2720f8bc8a req-16221048-a2b4-4489-8759-ab2720f8bc8a ] Request (ServersListShow296Test:test_list_show_update_rebuild_server_296): 200 GET http://10.180.1.21/compute/v2.1/servers/d20937ea-1aa4-4dda-ac22-cf61aa680965 0.101s
2025-05-14 09:51:10.210 70122 INFO tempest.lib.common.rest_client [req-9ae49adc-50c7-4783-b356-8062ad9517fc req-9ae49adc-50c7-4783-b356-8062ad9517fc ] Request (ServerDiagnosticsV248Test:test_get_server_diagnostics): 200 GET http://10.180.1.21/compute/v2.1/servers/b4a45681-5bc0-47c4-8475-f067d7569765 0.072s
2025-05-14 09:51:10.226 70104 INFO tempest.lib.common.rest_client [req-594a7230-3bb8-4cf1-ac84-a9661d0c1a14 req-594a7230-3bb8-4cf1-ac84-a9661d0c1a14 ] Request (ServerMetadataTestJSON:setUpClass): 200 GET http://10.180.1.21/compute/v2.1/servers/c8a10353-ce88-44fe-a358-52677478cb8b 0.074s
2025-05-14 09:51:10.300 70106 INFO tempest.lib.common.rest_client [req-faca3f78-e31b-44ba-b874-d98829610a9e req-faca3f78-e31b-44ba-b874-d98829610a9e ] Request (ListServersNegativeTestJSON:tearDownClass): 200 GET http://10.180.1.21/compute/v2.1/servers/52627e7c-1387-4e85-b67b-8062a67f71c6 0.070s
2025-05-14 09:51:10.301 70084 INFO tempest.lib.common.rest_client [req-9a4e0882-ddc6-41f4-8079-8a1202d48b2f req-9a4e0882-ddc6-41f4-8079-8a1202d48b2f ] Request (InstanceActionsV221TestJSON:test_get_list_deleted_instance_actions): 200 GET http://10.180.1.21/compute/v2.1/servers/3716320a-d067-4ad0-8284-424eb407f2ec 0.064s
2025-05-14 09:51:10.349 70134 INFO tempest.lib.common.rest_client [req-7cca8110-495e-47da-a151-8d01471f3243 req-7cca8110-495e-47da-a151-8d01471f3243 ] Request (ImagesOneServerTestJSON:setUpClass): 200 GET http://10.180.1.21/compute/v2.1/servers/f2ff90a8-b170-4ecf-be0c-da88d3f3a158 0.064s
2025-05-14 09:51:10.364 70092 INFO tempest.lib.common.rest_client [req-4be6203a-f1aa-4659-afda-07448821a03d req-4be6203a-f1aa-4659-afda-07448821a03d ] Request (ServersAdminTestJSON:setUpClass): 200 GET http://10.180.1.21/compute/v2.1/servers/173d2c12-a9e4-4ac7-9696-1a69a7ea0f10 0.058s
2025-05-14 09:51:10.372 70092 INFO tempest.common.waiters [-] State transition "BUILD/scheduling" ==> "BUILD/None" after 38 second wait
2025-05-14 09:51:10.415 70102 INFO tempest.lib.common.rest_client [req-ebf29d80-baa9-43bb-9c53-e998ab6774bf req-ebf29d80-baa9-43bb-9c53-e998ab6774bf ] Request (DeleteServersTestJSON:test_delete_active_server): 200 GET http://10.180.1.21/compute/v2.1/servers/c925370e-5981-40a2-a5df-7fe064ac3ce3 0.050s
2025-05-14 09:51:10.487 70113 INFO tempest.lib.common.rest_client [req-f9c1aa6d-3a31-425c-bf01-a804e743838b req-f9c1aa6d-3a31-425c-bf01-a804e743838b ] Request (AttachInterfacesUnderV243Test:test_add_remove_fixed_ip): 200 GET http://10.180.1.21/compute/v2.1/servers/dcae0c26-c079-4d7c-a321-df69cba40c3c 0.055s
2025-05-14 09:51:10.541 70130 INFO tempest.lib.common.rest_client [req-aeac2dea-74f4-4f92-ad0c-82c084ecb20e req-aeac2dea-74f4-4f92-ad0c-82c084ecb20e ] Request (AttachVolumeNegativeTest:test_attach_attached_volume_to_different_server): 200 GET http://10.180.1.21/compute/v2.1/servers/559d44dc-2ae8-48a9-9dcd-bad5d03ed236 0.094s
2025-05-14 09:51:10.586 70144 INFO tempest.lib.common.rest_client [req-f8ef1cd8-2570-4243-bc8e-2ca879842637 req-f8ef1cd8-2570-4243-bc8e-2ca879842637 ] Request (ServerShowV254Test:test_rebuild_server): 200 GET http://10.180.1.21/compute/v2.1/servers/bc2d5898-8c8a-477e-af14-c15f00eedb0d 0.060s
2025-05-14 09:51:10.645 70098 INFO tempest.lib.common.rest_client [req-d480c5a1-2238-4b1a-b879-cc3359a8bf3a req-d480c5a1-2238-4b1a-b879-cc3359a8bf3a ] Request (FloatingIPsAssociationTestJSON:setUpClass): 200 GET http://10.180.1.21/compute/v2.1/servers/452c0e3a-8dcc-43af-8b77-ac1b2e9a3fc3 0.065s
2025-05-14 09:51:10.652 70098 INFO tempest.common.waiters [-] State transition "BUILD/None" ==> "BUILD/networking" after 51 second wait
2025-05-14 09:51:10.667 70120 INFO tempest.lib.common.rest_client [req-fc4bd337-66bc-424b-b868-05614ec0e4df req-fc4bd337-66bc-424b-b868-05614ec0e4df ] Request (MigrationsAdminTest:test_list_migrations_in_flavor_resize_situation): 200 GET http://10.180.1.21/compute/v2.1/servers/5c1878eb-3c4b-49b8-89ba-9c51845204bd 0.103s
2025-05-14 09:51:10.696 70096 INFO tempest.lib.common.rest_client [req-a4530b90-ea2a-4161-96de-efb4757b6fbc req-a4530b90-ea2a-4161-96de-efb4757b6fbc ] Request (ServersNegativeTestJSON:setUpClass): 200 GET http://10.180.1.21/compute/v2.1/servers/53e86c03-079b-4918-b4a4-ea821a1be472 0.079s
2025-05-14 09:51:10.719 70142 INFO tempest.lib.common.rest_client [req-ec169ce1-577c-4c15-95de-bc669a484200 req-ec169ce1-577c-4c15-95de-bc669a484200 ] Request (AttachInterfacesTestJSON:test_create_list_show_delete_interfaces_by_fixed_ip): 200 GET http://10.180.1.21/compute/v2.1/servers/814f3854-3681-4f3d-95de-18340a765f53 0.084s
2025-05-14 09:51:10.752 70086 INFO tempest.lib.common.rest_client [req-d073d81a-5e44-4164-bf90-cc412c2ba3aa req-d073d81a-5e44-4164-bf90-cc412c2ba3aa ] Request (ImagesTestJSON:test_create_image_from_stopped_server): 200 GET http://10.180.1.21/compute/v2.1/servers/8fb7187b-854f-4a4b-8129-318705dfc170 0.080s
2025-05-14 09:51:10.788 70136 INFO tempest.lib.common.rest_client [req-e9f80e86-76a3-4710-870a-255fa9f1f8cd req-e9f80e86-76a3-4710-870a-255fa9f1f8cd ] Request (ListImageFiltersTestJSON:setUpClass): 200 GET http://10.180.1.21/compute/v2.1/images/d3c78717-1204-457e-b446-30b8971c6f00 0.032s
2025-05-14 09:51:10.817 70116 INFO tempest.lib.common.rest_client [req-2aa78625-e877-46bd-b34d-7295b7432f8e req-2aa78625-e877-46bd-b34d-7295b7432f8e ] Request (MultipleCreateTestJSON:test_multiple_create): 200 GET http://10.180.1.21/compute/v2.1/servers/03c9b0ef-ec95-4599-bd6f-7e0a8b57d6b5 0.063s
2025-05-14 09:51:10.985 70118 INFO tempest.lib.common.rest_client [req-fde297c7-629a-4a7c-87e8-900b3e45f893 req-fde297c7-629a-4a7c-87e8-900b3e45f893 ] Request (ServerDiagnosticsNegativeTest:tearDownClass): 200 GET http://10.180.1.21/compute/v2.1/servers/f9371520-75bc-414a-a704-30dba68d5a52 0.075s
2025-05-14 09:51:11.046 70124 INFO tempest.lib.common.rest_client [req-e8b220c0-4d67-4d36-8962-0d03ed9d91d0 req-e8b220c0-4d67-4d36-8962-0d03ed9d91d0 ] Request (ServersTestMultiNic:test_verify_duplicate_network_nics): 200 GET http://10.180.1.21/compute/v2.1/servers/0995d66a-3324-45b9-afe9-660cc208a538 0.065s
2025-05-14 09:51:11.082 70132 INFO tempest.lib.common.rest_client [req-f44b26f2-73ef-46d3-8034-7c6f5c7b4696 req-f44b26f2-73ef-46d3-8034-7c6f5c7b4696 ] Request (ServersAdminNegativeTestJSON:test_migrate_server_invalid_state): 200 GET http://10.180.1.21/compute/v2.1/servers/b407224d-c687-4351-9bcf-d7ff85ab0193 0.130s
2025-05-14 09:51:11.090 70132 INFO tempest.common.waiters [-] State transition "ACTIVE/suspending" ==> "SUSPENDED/None" after 3 second wait
2025-05-14 09:51:11.126 70100 INFO tempest.lib.common.rest_client [req-3b1347d2-4dc8-4dd1-9c0c-fcfe8ec045b5 req-3b1347d2-4dc8-4dd1-9c0c-fcfe8ec045b5 ] Request (ServersListShow298Test:test_list_show_update_rebuild_server_298): 200 GET http://10.180.1.21/compute/v2.1/servers/443a8dc6-a88a-45e9-9a8c-f9976f91b821 0.068s
2025-05-14 09:51:11.188 70138 INFO tempest.lib.common.rest_client [req-92d05cef-120d-49e4-90fb-37c8c8e22096 req-92d05cef-120d-49e4-90fb-37c8c8e22096 ] Request (ImagesOneServerNegativeTestJSON:tearDown): 200 GET http://10.180.1.21/compute/v2.1/servers/4e574bef-58f7-4fe3-9f0f-c76854082912 0.115s
2025-05-14 09:51:11.205 70132 INFO tempest.lib.common.rest_client [req-937f1ac4-3bea-4c44-936a-e0bdf99cfe28 req-937f1ac4-3bea-4c44-936a-e0bdf99cfe28 ] Request (ServersAdminNegativeTestJSON:test_migrate_server_invalid_state): 409 POST http://10.180.1.21/compute/v2.1/servers/b407224d-c687-4351-9bcf-d7ff85ab0193/action 0.114s
2025-05-14 09:51:11.254 70128 INFO tempest.lib.common.rest_client [req-05b71091-1bda-4419-8370-71303313463d req-05b71091-1bda-4419-8370-71303313463d ] Request (InstanceActionsNegativeTestJSON:tearDownClass): 200 GET http://10.180.1.21/compute/v2.1/servers/e3c53d5b-18f8-4c41-8ec2-fd8e170576af 0.137s
2025-05-14 09:51:11.271 70094 INFO tempest.lib.common.rest_client [req-220b552a-373d-4097-8c32-d8a8519bd012 req-220b552a-373d-4097-8c32-d8a8519bd012 ] Request (ServersAdmin275Test:test_rebuild_update_server_275): 200 GET http://10.180.1.21/compute/v2.1/servers/c6473d46-cde3-401b-8654-a9013978b81b 0.133s
2025-05-14 09:51:11.308 70110 INFO tempest.lib.common.rest_client [req-fd6df99b-ec99-4e8a-8797-128aff775d85 req-fd6df99b-ec99-4e8a-8797-128aff775d85 ] Request (DeleteServersAdminTestJSON:test_delete_server_while_in_error_state): 200 GET http://10.180.1.21/compute/v2.1/servers/2dee479a-0981-497c-afb9-6e66085e431f 0.143s
2025-05-14 09:51:11.314 70132 INFO tempest.lib.common.rest_client [req-89c60f50-785c-4dd3-91de-49f61c3bde8e req-89c60f50-785c-4dd3-91de-49f61c3bde8e ] Request (ServersAdminNegativeTestJSON:test_reset_state_server_invalid_state): 400 POST http://10.180.1.21/compute/v2.1/servers/bcfea8dc-1327-4e91-b5fb-5183146af199/action 0.107s
2025-05-14 09:51:11.333 70090 INFO tempest.lib.common.rest_client [req-b3ad4d49-c3da-41e4-89f2-64856864aed3 req-b3ad4d49-c3da-41e4-89f2-64856864aed3 ] Request (ServersListShow296Test:test_list_show_update_rebuild_server_296): 200 GET http://10.180.1.21/compute/v2.1/servers/d20937ea-1aa4-4dda-ac22-cf61aa680965 0.142s
2025-05-14 09:51:11.367 70122 INFO tempest.lib.common.rest_client [req-17aac03f-2aa6-4a0e-bedd-3bd5cbec226b req-17aac03f-2aa6-4a0e-bedd-3bd5cbec226b ] Request (ServerDiagnosticsV248Test:test_get_server_diagnostics): 200 GET http://10.180.1.21/compute/v2.1/servers/b4a45681-5bc0-47c4-8475-f067d7569765 0.144s
2025-05-14 09:51:11.392 70104 INFO tempest.lib.common.rest_client [req-97171b3c-bf57-4786-bcd2-114e3eae6241 req-97171b3c-bf57-4786-bcd2-114e3eae6241 ] Request (ServerMetadataTestJSON:setUpClass): 200 GET http://10.180.1.21/compute/v2.1/servers/c8a10353-ce88-44fe-a358-52677478cb8b 0.158s
2025-05-14 09:51:11.449 70106 INFO tempest.lib.common.rest_client [req-7b3cb822-8d9c-4a5c-9b39-3bc4bb0a1857 req-7b3cb822-8d9c-4a5c-9b39-3bc4bb0a1857 ] Request (ListServersNegativeTestJSON:tearDownClass): 200 GET http://10.180.1.21/compute/v2.1/servers/52627e7c-1387-4e85-b67b-8062a67f71c6 0.139s
2025-05-14 09:51:11.450 70084 INFO tempest.lib.common.rest_client [req-d7d21641-12c7-4105-a948-f2b98c4440d6 req-d7d21641-12c7-4105-a948-f2b98c4440d6 ] Request (InstanceActionsV221TestJSON:test_get_list_deleted_instance_actions): 200 GET http://10.180.1.21/compute/v2.1/servers/3716320a-d067-4ad0-8284-424eb407f2ec 0.140s
2025-05-14 09:51:11.459 70132 INFO tempest.lib.common.rest_client [req-2031dc6e-fd0b-4dfd-a990-b163a9139f33 req-2031dc6e-fd0b-4dfd-a990-b163a9139f33 ] Request (ServersAdminNegativeTestJSON:test_reset_state_server_invalid_type): 400 POST http://10.180.1.21/compute/v2.1/servers/bcfea8dc-1327-4e91-b5fb-5183146af199/action 0.143s
2025-05-14 09:51:11.511 70134 INFO tempest.lib.common.rest_client [req-ffe409bc-5ea0-4eb9-96f0-78e9acc9be18 req-ffe409bc-5ea0-4eb9-96f0-78e9acc9be18 ] Request (ImagesOneServerTestJSON:setUpClass): 200 GET http://10.180.1.21/compute/v2.1/servers/f2ff90a8-b170-4ecf-be0c-da88d3f3a158 0.154s
2025-05-14 09:51:11.518 70092 INFO tempest.lib.common.rest_client [req-496d438f-d474-4cb3-8497-f364db378cce req-496d438f-d474-4cb3-8497-f364db378cce ] Request (ServersAdminTestJSON:setUpClass): 200 GET http://10.180.1.21/compute/v2.1/servers/173d2c12-a9e4-4ac7-9696-1a69a7ea0f10 0.146s
2025-05-14 09:51:11.526 70132 INFO tempest.lib.common.rest_client [req-00844478-eadd-4009-9636-8db15f932aaf req-00844478-eadd-4009-9636-8db15f932aaf ] Request (ServersAdminNegativeTestJSON:test_reset_state_server_nonexistent_server): 404 POST http://10.180.1.21/compute/v2.1/servers/999/action 0.066s
2025-05-14 09:51:11.566 70102 INFO tempest.lib.common.rest_client [req-2f2c0206-7f10-4680-adf3-4db52e152c75 req-2f2c0206-7f10-4680-adf3-4db52e152c75 ] Request (DeleteServersTestJSON:test_delete_active_server): 200 GET http://10.180.1.21/compute/v2.1/servers/c925370e-5981-40a2-a5df-7fe064ac3ce3 0.142s
2025-05-14 09:51:11.579 70113 INFO tempest.lib.common.rest_client [req-62d1cc05-d07b-4cf5-92f2-9135bfebf158 req-62d1cc05-d07b-4cf5-92f2-9135bfebf158 ] Request (AttachInterfacesUnderV243Test:test_add_remove_fixed_ip): 200 GET http://10.180.1.21/compute/v2.1/servers/dcae0c26-c079-4d7c-a321-df69cba40c3c 0.085s
2025-05-14 09:51:11.682 70132 INFO tempest.lib.common.rest_client [req-69e8208c-27e9-4467-a57c-b5a3c7fe38b8 req-69e8208c-27e9-4467-a57c-b5a3c7fe38b8 ] Request (ServersAdminNegativeTestJSON:test_resize_server_using_overlimit_ram): 200 GET http://10.180.1.21/compute/v2.1/os-quota-sets/f5755b515f5f444db38ad933b790be1e 0.154s
2025-05-14 09:51:11.684 70130 INFO tempest.lib.common.rest_client [req-c60899e2-303d-41c7-8d00-8c1dc594fa78 req-c60899e2-303d-41c7-8d00-8c1dc594fa78 ] Request (AttachVolumeNegativeTest:test_attach_attached_volume_to_different_server): 200 GET http://10.180.1.21/compute/v2.1/servers/559d44dc-2ae8-48a9-9dcd-bad5d03ed236 0.136s
2025-05-14 09:51:11.742 70144 INFO tempest.lib.common.rest_client [req-87405471-b89e-4da6-80d4-d796d929bf94 req-87405471-b89e-4da6-80d4-d796d929bf94 ] Request (ServerShowV254Test:test_rebuild_server): 200 GET http://10.180.1.21/compute/v2.1/servers/bc2d5898-8c8a-477e-af14-c15f00eedb0d 0.146s
2025-05-14 09:51:11.845 70098 INFO tempest.lib.common.rest_client [req-406f7b11-4f34-47b7-8a68-842e9fe8893b req-406f7b11-4f34-47b7-8a68-842e9fe8893b ] Request (FloatingIPsAssociationTestJSON:setUpClass): 200 GET http://10.180.1.21/compute/v2.1/servers/452c0e3a-8dcc-43af-8b77-ac1b2e9a3fc3 0.192s
2025-05-14 09:51:11.854 70098 INFO tempest.common.waiters [-] State transition "BUILD/networking" ==> "BUILD/block_device_mapping" after 52 second wait
2025-05-14 09:51:11.864 70120 INFO tempest.lib.common.rest_client [req-10ab61e9-16c4-4723-b0a4-8572d67792f4 req-10ab61e9-16c4-4723-b0a4-8572d67792f4 ] Request (MigrationsAdminTest:test_list_migrations_in_flavor_resize_situation): 200 GET http://10.180.1.21/compute/v2.1/servers/5c1878eb-3c4b-49b8-89ba-9c51845204bd 0.188s
2025-05-14 09:51:11.868 70132 INFO tempest.lib.common.rest_client [req-4daea72d-e4db-4a93-9b27-06b683836efe req-4daea72d-e4db-4a93-9b27-06b683836efe ] Request (ServersAdminNegativeTestJSON:test_resize_server_using_overlimit_ram): 200 POST http://10.180.1.21/compute/v2.1/flavors 0.183s
2025-05-14 09:51:11.873 70120 INFO tempest.common.waiters [-] State transition "RESIZE/resize_migrating" ==> "RESIZE/resize_migrated" after 47 second wait
2025-05-14 09:51:11.919 70096 INFO tempest.lib.common.rest_client [req-2f1d0678-68df-4ad0-a280-2089083159bf req-2f1d0678-68df-4ad0-a280-2089083159bf ] Request (ServersNegativeTestJSON:setUpClass): 200 GET http://10.180.1.21/compute/v2.1/servers/53e86c03-079b-4918-b4a4-ea821a1be472 0.213s
2025-05-14 09:51:11.936 70142 INFO tempest.lib.common.rest_client [req-dcd66062-22ce-401f-91da-24675f89a815 req-dcd66062-22ce-401f-91da-24675f89a815 ] Request (AttachInterfacesTestJSON:test_create_list_show_delete_interfaces_by_fixed_ip): 200 GET http://10.180.1.21/compute/v2.1/servers/814f3854-3681-4f3d-95de-18340a765f53 0.208s
2025-05-14 09:51:11.973 70086 INFO tempest.lib.common.rest_client [req-a29e6579-75e1-486d-a8da-3c96ab89a43b req-a29e6579-75e1-486d-a8da-3c96ab89a43b ] Request (ImagesTestJSON:test_create_image_from_stopped_server): 200 GET http://10.180.1.21/compute/v2.1/servers/8fb7187b-854f-4a4b-8129-318705dfc170 0.211s
2025-05-14 09:51:11.976 70136 INFO tempest.lib.common.rest_client [req-449f8e1e-eea0-4321-b474-114834e93603 req-449f8e1e-eea0-4321-b474-114834e93603 ] Request (ListImageFiltersTestJSON:setUpClass): 200 GET http://10.180.1.21/compute/v2.1/images/d3c78717-1204-457e-b446-30b8971c6f00 0.184s
2025-05-14 09:51:12.026 70116 INFO tempest.lib.common.rest_client [req-1d50383d-ce4f-40b8-a1f6-ee5ac64b3653 req-1d50383d-ce4f-40b8-a1f6-ee5ac64b3653 ] Request (MultipleCreateTestJSON:test_multiple_create): 200 GET http://10.180.1.21/compute/v2.1/servers/03c9b0ef-ec95-4599-bd6f-7e0a8b57d6b5 0.202s
2025-05-14 09:51:12.097 70118 INFO tempest.lib.common.rest_client [req-6b050037-c67d-4308-9567-caec566ce7a3 req-6b050037-c67d-4308-9567-caec566ce7a3 ] Request (ServerDiagnosticsNegativeTest:tearDownClass): 200 GET http://10.180.1.21/compute/v2.1/servers/f9371520-75bc-414a-a704-30dba68d5a52 0.102s
2025-05-14 09:51:12.105 70132 INFO tempest.lib.common.rest_client [req-784e0ce9-f43a-4657-8b4c-161ebeecf61b req-784e0ce9-f43a-4657-8b4c-161ebeecf61b ] Request (ServersAdminNegativeTestJSON:test_resize_server_using_overlimit_ram): 403 POST http://10.180.1.21/compute/v2.1/servers/bcfea8dc-1327-4e91-b5fb-5183146af199/action 0.235s
2025-05-14 09:51:12.127 70132 INFO tempest.lib.common.rest_client [req-89c88775-949c-44e0-81e1-9f96d2a32aac req-89c88775-949c-44e0-81e1-9f96d2a32aac ] Request (ServersAdminNegativeTestJSON:_run_cleanups): 202 DELETE http://10.180.1.21/compute/v2.1/flavors/1131928982 0.021s
2025-05-14 09:51:12.155 70132 INFO tempest.lib.common.rest_client [req-8d2f2c49-dff8-4750-a5d1-e5d64f905407 req-8d2f2c49-dff8-4750-a5d1-e5d64f905407 ] Request (ServersAdminNegativeTestJSON:_run_cleanups): 200 GET http://10.180.1.21/compute/v2.1/flavors/detail 0.028s
2025-05-14 09:51:12.162 70124 INFO tempest.lib.common.rest_client [req-594d4358-5164-403b-8201-87bed7162de0 req-594d4358-5164-403b-8201-87bed7162de0 ] Request (ServersTestMultiNic:test_verify_duplicate_network_nics): 200 GET http://10.180.1.21/compute/v2.1/servers/0995d66a-3324-45b9-afe9-660cc208a538 0.107s
2025-05-14 09:51:12.209 70132 INFO tempest.lib.common.rest_client [req-26b0f0ae-0f1e-4177-9caf-929ac15192b0 req-26b0f0ae-0f1e-4177-9caf-929ac15192b0 ] Request (ServersAdminNegativeTestJSON:test_resize_server_using_overlimit_vcpus): 200 GET http://10.180.1.21/compute/v2.1/os-quota-sets/f5755b515f5f444db38ad933b790be1e 0.046s
2025-05-14 09:51:12.228 70100 INFO tempest.lib.common.rest_client [req-d24f18d7-49d6-4619-af38-e68d8c3b84f9 req-d24f18d7-49d6-4619-af38-e68d8c3b84f9 ] Request (ServersListShow298Test:test_list_show_update_rebuild_server_298): 200 GET http://10.180.1.21/compute/v2.1/servers/443a8dc6-a88a-45e9-9a8c-f9976f91b821 0.085s
2025-05-14 09:51:12.248 70132 INFO tempest.lib.common.rest_client [req-03940658-12b0-49ab-a7db-a748c59a5b92 req-03940658-12b0-49ab-a7db-a748c59a5b92 ] Request (ServersAdminNegativeTestJSON:test_resize_server_using_overlimit_vcpus): 200 POST http://10.180.1.21/compute/v2.1/flavors 0.036s
2025-05-14 09:51:12.340 70138 INFO tempest.lib.common.rest_client [req-b73b8919-49b7-4216-add4-273208d9b8ae req-b73b8919-49b7-4216-add4-273208d9b8ae ] Request (ImagesOneServerNegativeTestJSON:tearDown): 200 GET http://10.180.1.21/compute/v2.1/servers/4e574bef-58f7-4fe3-9f0f-c76854082912 0.140s
2025-05-14 09:51:12.343 70132 INFO tempest.lib.common.rest_client [req-babf8afb-27c0-453c-9b35-0a65e48e402d req-babf8afb-27c0-453c-9b35-0a65e48e402d ] Request (ServersAdminNegativeTestJSON:test_resize_server_using_overlimit_vcpus): 403 POST http://10.180.1.21/compute/v2.1/servers/bcfea8dc-1327-4e91-b5fb-5183146af199/action 0.091s
2025-05-14 09:51:12.349 70138 INFO tempest.common.waiters [-] State transition "ACTIVE/image_uploading" ==> "ACTIVE/None" after 7 second wait
2025-05-14 09:51:12.407 70094 INFO tempest.lib.common.rest_client [req-6c64805f-4178-45f8-9681-b42ecd9fce2f req-6c64805f-4178-45f8-9681-b42ecd9fce2f ] Request (ServersAdmin275Test:test_rebuild_update_server_275): 200 GET http://10.180.1.21/compute/v2.1/servers/c6473d46-cde3-401b-8654-a9013978b81b 0.117s
2025-05-14 09:51:12.415 70128 INFO tempest.lib.common.rest_client [req-788aa76d-acc1-4d9b-842b-120e328ea20c req-788aa76d-acc1-4d9b-842b-120e328ea20c ] Request (InstanceActionsNegativeTestJSON:tearDownClass): 200 GET http://10.180.1.21/compute/v2.1/servers/e3c53d5b-18f8-4c41-8ec2-fd8e170576af 0.152s
2025-05-14 09:51:12.432 70132 INFO tempest.lib.common.rest_client [req-59c95615-0d8c-4a07-8048-f0d61814922f req-59c95615-0d8c-4a07-8048-f0d61814922f ] Request (ServersAdminNegativeTestJSON:_run_cleanups): 202 DELETE http://10.180.1.21/compute/v2.1/flavors/1378786652 0.088s
2025-05-14 09:51:12.457 70110 INFO tempest.lib.common.rest_client [req-f5938cc1-9fb9-481c-aee8-96fea218d2e4 req-f5938cc1-9fb9-481c-aee8-96fea218d2e4 ] Request (DeleteServersAdminTestJSON:test_delete_server_while_in_error_state): 200 GET http://10.180.1.21/compute/v2.1/servers/2dee479a-0981-497c-afb9-6e66085e431f 0.138s
2025-05-14 09:51:12.495 70090 INFO tempest.lib.common.rest_client [req-51adb07e-3bcb-4df9-9226-07794e5ff54d req-51adb07e-3bcb-4df9-9226-07794e5ff54d ] Request (ServersListShow296Test:test_list_show_update_rebuild_server_296): 200 GET http://10.180.1.21/compute/v2.1/servers/d20937ea-1aa4-4dda-ac22-cf61aa680965 0.151s
2025-05-14 09:51:12.535 70138 INFO tempest.lib.common.rest_client [req-c4bf9059-51fe-4893-a33d-f2333eced421 req-c4bf9059-51fe-4893-a33d-f2333eced421 ] Request (ImagesOneServerNegativeTestJSON:_run_cleanups): 204 DELETE http://10.180.1.21/compute/v2.1/servers/4e574bef-58f7-4fe3-9f0f-c76854082912 0.186s
2025-05-14 09:51:12.546 70122 INFO tempest.lib.common.rest_client [req-b7c02a6b-8c7e-4500-897b-1ea7e009da2d req-b7c02a6b-8c7e-4500-897b-1ea7e009da2d ] Request (ServerDiagnosticsV248Test:test_get_server_diagnostics): 200 GET http://10.180.1.21/compute/v2.1/servers/b4a45681-5bc0-47c4-8475-f067d7569765 0.168s
2025-05-14 09:51:12.569 70132 INFO tempest.lib.common.rest_client [req-9a2350de-c060-4b34-8cfd-3d778abefced req-9a2350de-c060-4b34-8cfd-3d778abefced ] Request (ServersAdminNegativeTestJSON:_run_cleanups): 200 GET http://10.180.1.21/compute/v2.1/flavors/detail 0.137s
2025-05-14 09:51:12.595 70104 INFO tempest.lib.common.rest_client [req-81259588-9936-469d-aee6-f86b63fb183b req-81259588-9936-469d-aee6-f86b63fb183b ] Request (ServerMetadataTestJSON:setUpClass): 200 GET http://10.180.1.21/compute/v2.1/servers/c8a10353-ce88-44fe-a358-52677478cb8b 0.191s
2025-05-14 09:51:12.644 70106 INFO tempest.lib.common.rest_client [req-7c71b301-b9c3-4818-9b03-01cb5822a5f6 req-7c71b301-b9c3-4818-9b03-01cb5822a5f6 ] Request (ListServersNegativeTestJSON:tearDownClass): 200 GET http://10.180.1.21/compute/v2.1/servers/52627e7c-1387-4e85-b67b-8062a67f71c6 0.185s
2025-05-14 09:51:12.663 70084 INFO tempest.lib.common.rest_client [req-583927cb-affc-4f93-95f9-4b1491922e08 req-583927cb-affc-4f93-95f9-4b1491922e08 ] Request (InstanceActionsV221TestJSON:test_get_list_deleted_instance_actions): 200 GET http://10.180.1.21/compute/v2.1/servers/3716320a-d067-4ad0-8284-424eb407f2ec 0.197s
2025-05-14 09:51:12.712 70134 INFO tempest.lib.common.rest_client [req-7ac57ee3-2b6a-46fc-8d09-7e899980f7a6 req-7ac57ee3-2b6a-46fc-8d09-7e899980f7a6 ] Request (ImagesOneServerTestJSON:setUpClass): 200 GET http://10.180.1.21/compute/v2.1/servers/f2ff90a8-b170-4ecf-be0c-da88d3f3a158 0.192s
2025-05-14 09:51:12.722 70092 INFO tempest.lib.common.rest_client [req-4fe24eda-f7b6-4bd0-8b32-c01821576cff req-4fe24eda-f7b6-4bd0-8b32-c01821576cff ] Request (ServersAdminTestJSON:setUpClass): 200 GET http://10.180.1.21/compute/v2.1/servers/173d2c12-a9e4-4ac7-9696-1a69a7ea0f10 0.190s
2025-05-14 09:51:12.780 70102 INFO tempest.lib.common.rest_client [req-652c3ad6-5707-4257-a2c0-9287dfc11b5a req-652c3ad6-5707-4257-a2c0-9287dfc11b5a ] Request (DeleteServersTestJSON:test_delete_active_server): 200 GET http://10.180.1.21/compute/v2.1/servers/c925370e-5981-40a2-a5df-7fe064ac3ce3 0.202s
2025-05-14 09:51:12.804 70132 INFO tempest.lib.common.rest_client [req-8eb6c475-6611-4cc4-818e-1b0066b04d7c req-8eb6c475-6611-4cc4-818e-1b0066b04d7c ] Request (ServersAdminNegativeTestJSON:test_restore_server_invalid_state): 409 POST http://10.180.1.21/compute/v2.1/servers/bcfea8dc-1327-4e91-b5fb-5183146af199/action 0.218s
2025-05-14 09:51:12.859 70113 INFO tempest.lib.common.rest_client [req-9e2c9185-7bbd-47b9-b571-783e5bed4904 req-9e2c9185-7bbd-47b9-b571-783e5bed4904 ] Request (AttachInterfacesUnderV243Test:test_add_remove_fixed_ip): 200 GET http://10.180.1.21/compute/v2.1/servers/dcae0c26-c079-4d7c-a321-df69cba40c3c 0.270s
2025-05-14 09:51:12.866 70138 INFO tempest.lib.common.rest_client [req-6eca8e13-81ad-4dab-9ea4-fc719861b037 req-6eca8e13-81ad-4dab-9ea4-fc719861b037 ] Request (ImagesOneServerNegativeTestJSON:_run_cleanups): 200 GET http://10.180.1.21/compute/v2.1/servers/4e574bef-58f7-4fe3-9f0f-c76854082912 0.331s
2025-05-14 09:51:12.939 70144 INFO tempest.lib.common.rest_client [req-722699d5-50b6-49d5-8c32-7379aa0d0797 req-722699d5-50b6-49d5-8c32-7379aa0d0797 ] Request (ServerShowV254Test:test_rebuild_server): 200 GET http://10.180.1.21/compute/v2.1/servers/bc2d5898-8c8a-477e-af14-c15f00eedb0d 0.186s
2025-05-14 09:51:12.990 70130 INFO tempest.lib.common.rest_client [req-c62b5d24-015f-404d-8168-27c85bf9dbea req-c62b5d24-015f-404d-8168-27c85bf9dbea ] Request (AttachVolumeNegativeTest:test_attach_attached_volume_to_different_server): 200 GET http://10.180.1.21/compute/v2.1/servers/559d44dc-2ae8-48a9-9dcd-bad5d03ed236 0.291s
2025-05-14 09:51:13.013 70132 INFO tempest.lib.common.rest_client [req-358ae952-dbf2-4362-8624-f1f8de952973 req-358ae952-dbf2-4362-8624-f1f8de952973 ] Request (ServersAdminNegativeTestJSON:tearDownClass): 204 DELETE http://10.180.1.21/compute/v2.1/servers/b407224d-c687-4351-9bcf-d7ff85ab0193 0.207s
2025-05-14 09:51:13.142 70098 INFO tempest.lib.common.rest_client [req-46a6fcc8-e1ab-44b2-850f-5611a082720f req-46a6fcc8-e1ab-44b2-850f-5611a082720f ] Request (FloatingIPsAssociationTestJSON:setUpClass): 200 GET http://10.180.1.21/compute/v2.1/servers/452c0e3a-8dcc-43af-8b77-ac1b2e9a3fc3 0.287s
2025-05-14 09:51:13.146 70120 INFO tempest.lib.common.rest_client [req-a114881e-13aa-49b1-b8c8-61443dc75a70 req-a114881e-13aa-49b1-b8c8-61443dc75a70 ] Request (MigrationsAdminTest:test_list_migrations_in_flavor_resize_situation): 200 GET http://10.180.1.21/compute/v2.1/servers/5c1878eb-3c4b-49b8-89ba-9c51845204bd 0.271s
2025-05-14 09:51:13.149 70098 INFO tempest.common.waiters [-] State transition "BUILD/block_device_mapping" ==> "BUILD/spawning" after 54 second wait
2025-05-14 09:51:13.203 70096 INFO tempest.lib.common.rest_client [req-ec42db02-0658-47eb-94ac-d288bf3eedaf req-ec42db02-0658-47eb-94ac-d288bf3eedaf ] Request (ServersNegativeTestJSON:setUpClass): 200 GET http://10.180.1.21/compute/v2.1/servers/53e86c03-079b-4918-b4a4-ea821a1be472 0.275s
2025-05-14 09:51:13.210 70142 INFO tempest.lib.common.rest_client [req-5f58fd0f-4fd2-45ca-ba87-98d0a69e337c req-5f58fd0f-4fd2-45ca-ba87-98d0a69e337c ] Request (AttachInterfacesTestJSON:test_create_list_show_delete_interfaces_by_fixed_ip): 200 GET http://10.180.1.21/compute/v2.1/servers/814f3854-3681-4f3d-95de-18340a765f53 0.264s
2025-05-14 09:51:13.217 70142 INFO tempest.common.waiters [-] State transition "BUILD/None" ==> "BUILD/networking" after 51 second wait
2025-05-14 09:51:13.243 70136 INFO tempest.lib.common.rest_client [req-fee78bf7-b109-453f-b6c7-06cafb60ea27 req-fee78bf7-b109-453f-b6c7-06cafb60ea27 ] Request (ListImageFiltersTestJSON:setUpClass): 200 GET http://10.180.1.21/compute/v2.1/images/d3c78717-1204-457e-b446-30b8971c6f00 0.263s
2025-05-14 09:51:13.275 70086 INFO tempest.lib.common.rest_client [req-a1ffb971-92a3-44e4-ada4-48e7d860d3b5 req-a1ffb971-92a3-44e4-ada4-48e7d860d3b5 ] Request (ImagesTestJSON:test_create_image_from_stopped_server): 200 GET http://10.180.1.21/compute/v2.1/servers/8fb7187b-854f-4a4b-8129-318705dfc170 0.294s
2025-05-14 09:51:13.337 70116 INFO tempest.lib.common.rest_client [req-0c993fdb-138f-4129-a1aa-c5f3507a7926 req-0c993fdb-138f-4129-a1aa-c5f3507a7926 ] Request (MultipleCreateTestJSON:test_multiple_create): 200 GET http://10.180.1.21/compute/v2.1/servers/03c9b0ef-ec95-4599-bd6f-7e0a8b57d6b5 0.302s
2025-05-14 09:51:13.366 70132 INFO tempest.lib.common.rest_client [req-39d7f180-57c5-467a-8a33-3e01d8021151 req-39d7f180-57c5-467a-8a33-3e01d8021151 ] Request (ServersAdminNegativeTestJSON:tearDownClass): 200 GET http://10.180.1.21/compute/v2.1/servers/b407224d-c687-4351-9bcf-d7ff85ab0193 0.352s
2025-05-14 09:51:13.402 70118 INFO tempest.lib.common.rest_client [req-9b131ffe-e5f0-4336-8a79-0770fa71600e req-9b131ffe-e5f0-4336-8a79-0770fa71600e ] Request (ServerDiagnosticsNegativeTest:tearDownClass): 200 GET http://10.180.1.21/compute/v2.1/servers/f9371520-75bc-414a-a704-30dba68d5a52 0.293s
2025-05-14 09:51:13.418 70124 INFO tempest.lib.common.rest_client [req-a37d76f1-21f6-4ba1-b15c-b387dd4737ba req-a37d76f1-21f6-4ba1-b15c-b387dd4737ba ] Request (ServersTestMultiNic:test_verify_duplicate_network_nics): 200 GET http://10.180.1.21/compute/v2.1/servers/0995d66a-3324-45b9-afe9-660cc208a538 0.240s
2025-05-14 09:51:13.453 70136 INFO tempest.lib.common.rest_client [req-d80599bb-404f-4ac8-afa6-6cacfaab3525 req-d80599bb-404f-4ac8-afa6-6cacfaab3525 ] Request (ListImageFiltersTestJSON:setUpClass): 200 GET http://10.180.1.21/compute/v2.1/images/d3c78717-1204-457e-b446-30b8971c6f00 0.206s
2025-05-14 09:51:13.468 70100 INFO tempest.lib.common.rest_client [req-9d10b433-4205-4f33-b83e-d4d0dfa7415a req-9d10b433-4205-4f33-b83e-d4d0dfa7415a ] Request (ServersListShow298Test:test_list_show_update_rebuild_server_298): 200 GET http://10.180.1.21/compute/v2.1/servers/443a8dc6-a88a-45e9-9a8c-f9976f91b821 0.228s
2025-05-14 09:51:13.513 70128 INFO tempest.lib.common.rest_client [req-5de0658f-634b-49ce-88dc-41568eeb29d6 req-5de0658f-634b-49ce-88dc-41568eeb29d6 ] Request (InstanceActionsNegativeTestJSON:tearDownClass): 200 GET http://10.180.1.21/compute/v2.1/servers/e3c53d5b-18f8-4c41-8ec2-fd8e170576af 0.090s
2025-05-14 09:51:13.533 70094 INFO tempest.lib.common.rest_client [req-f5afa541-71fd-4abb-acfb-7f256e97ac00 req-f5afa541-71fd-4abb-acfb-7f256e97ac00 ] Request (ServersAdmin275Test:test_rebuild_update_server_275): 200 GET http://10.180.1.21/compute/v2.1/servers/c6473d46-cde3-401b-8654-a9013978b81b 0.108s
2025-05-14 09:51:13.543 70094 INFO tempest.common.waiters [-] State transition "REBUILD/rebuild_spawning" ==> "ACTIVE/None" after 11 second wait
2025-05-14 09:51:13.587 70110 INFO tempest.lib.common.rest_client [req-64a15283-87c4-4c5c-9349-41232b1fd37f req-64a15283-87c4-4c5c-9349-41232b1fd37f ] Request (DeleteServersAdminTestJSON:test_delete_server_while_in_error_state): 200 GET http://10.180.1.21/compute/v2.1/servers/2dee479a-0981-497c-afb9-6e66085e431f 0.123s
2025-05-14 09:51:13.649 70090 INFO tempest.lib.common.rest_client [req-bdabdfeb-e830-4d1a-b078-4ad777118ecf req-bdabdfeb-e830-4d1a-b078-4ad777118ecf ] Request (ServersListShow296Test:test_list_show_update_rebuild_server_296): 200 GET http://10.180.1.21/compute/v2.1/servers/d20937ea-1aa4-4dda-ac22-cf61aa680965 0.142s
2025-05-14 09:51:13.657 70136 INFO tempest.lib.common.rest_client [req-8ec5cce8-5efe-4701-9e15-524478c538be req-8ec5cce8-5efe-4701-9e15-524478c538be ] Request (ListImageFiltersTestJSON:setUpClass): 200 GET http://10.180.1.21/compute/v2.1/servers/029aa35a-3407-4d4f-9388-1978a073ecd2 0.201s
2025-05-14 09:51:13.711 70122 INFO tempest.lib.common.rest_client [req-1ed18d50-5169-484c-81d2-052d5d770a4c req-1ed18d50-5169-484c-81d2-052d5d770a4c ] Request (ServerDiagnosticsV248Test:test_get_server_diagnostics): 200 GET http://10.180.1.21/compute/v2.1/servers/b4a45681-5bc0-47c4-8475-f067d7569765 0.153s
2025-05-14 09:51:13.773 70104 INFO tempest.lib.common.rest_client [req-10d44e32-2d45-48ba-ac26-e6d53f843fea req-10d44e32-2d45-48ba-ac26-e6d53f843fea ] Request (ServerMetadataTestJSON:setUpClass): 200 GET http://10.180.1.21/compute/v2.1/servers/c8a10353-ce88-44fe-a358-52677478cb8b 0.169s
2025-05-14 09:51:13.842 70106 INFO tempest.lib.common.rest_client [req-944e3841-d4bd-4f12-9457-e022b3c561d6 req-944e3841-d4bd-4f12-9457-e022b3c561d6 ] Request (ListServersNegativeTestJSON:tearDownClass): 200 GET http://10.180.1.21/compute/v2.1/servers/52627e7c-1387-4e85-b67b-8062a67f71c6 0.190s
2025-05-14 09:51:13.900 70084 INFO tempest.lib.common.rest_client [req-de06b54d-4fb2-4ad3-b187-a9bd5f9ebc5a req-de06b54d-4fb2-4ad3-b187-a9bd5f9ebc5a ] Request (InstanceActionsV221TestJSON:test_get_list_deleted_instance_actions): 200 GET http://10.180.1.21/compute/v2.1/servers/3716320a-d067-4ad0-8284-424eb407f2ec 0.225s
2025-05-14 09:51:13.968 70134 INFO tempest.lib.common.rest_client [req-4e032517-33f1-4a29-8c01-59b70a9eb283 req-4e032517-33f1-4a29-8c01-59b70a9eb283 ] Request (ImagesOneServerTestJSON:setUpClass): 200 GET http://10.180.1.21/compute/v2.1/servers/f2ff90a8-b170-4ecf-be0c-da88d3f3a158 0.246s
2025-05-14 09:51:14.042 70092 INFO tempest.lib.common.rest_client [req-238a94ff-eb72-4371-a2ba-733b4f140f20 req-238a94ff-eb72-4371-a2ba-733b4f140f20 ] Request (ServersAdminTestJSON:setUpClass): 200 GET http://10.180.1.21/compute/v2.1/servers/173d2c12-a9e4-4ac7-9696-1a69a7ea0f10 0.311s
2025-05-14 09:51:14.112 70102 INFO tempest.lib.common.rest_client [req-2c2192af-7ebe-46bd-bc7e-b0eb75438500 req-2c2192af-7ebe-46bd-bc7e-b0eb75438500 ] Request (DeleteServersTestJSON:test_delete_active_server): 200 GET http://10.180.1.21/compute/v2.1/servers/c925370e-5981-40a2-a5df-7fe064ac3ce3 0.323s
2025-05-14 09:51:14.135 70094 INFO tempest.lib.common.rest_client [req-3e418482-27ef-41ee-b64b-d42cef90b3c2 req-3e418482-27ef-41ee-b64b-d42cef90b3c2 ] Request (ServersAdmin275Test:test_rebuild_update_server_275): 202 POST http://10.180.1.21/compute/v2.1/servers/c6473d46-cde3-401b-8654-a9013978b81b/action 0.591s
2025-05-14 09:51:14.177 70113 INFO tempest.lib.common.rest_client [req-e7934eef-0a4f-4a5c-9625-8702ab167bf5 req-e7934eef-0a4f-4a5c-9625-8702ab167bf5 ] Request (AttachInterfacesUnderV243Test:test_add_remove_fixed_ip): 200 GET http://10.180.1.21/compute/v2.1/servers/dcae0c26-c079-4d7c-a321-df69cba40c3c 0.309s
2025-05-14 09:51:14.241 70144 INFO tempest.lib.common.rest_client [req-b45348ba-26c8-4ec7-9fbb-bd6d4d9db279 req-b45348ba-26c8-4ec7-9fbb-bd6d4d9db279 ] Request (ServerShowV254Test:test_rebuild_server): 200 GET http://10.180.1.21/compute/v2.1/servers/bc2d5898-8c8a-477e-af14-c15f00eedb0d 0.290s
2025-05-14 09:51:14.265 70138 INFO tempest.lib.common.rest_client [req-8473f71c-2199-476d-b8f6-de418f7a4e20 req-8473f71c-2199-476d-b8f6-de418f7a4e20 ] Request (ImagesOneServerNegativeTestJSON:_run_cleanups): 200 GET http://10.180.1.21/compute/v2.1/servers/4e574bef-58f7-4fe3-9f0f-c76854082912 0.389s
2025-05-14 09:51:14.326 70130 INFO tempest.lib.common.rest_client [req-a00e6aa2-6dff-463d-a1cd-218d968a89e8 req-a00e6aa2-6dff-463d-a1cd-218d968a89e8 ] Request (AttachVolumeNegativeTest:test_attach_attached_volume_to_different_server): 200 GET http://10.180.1.21/compute/v2.1/servers/559d44dc-2ae8-48a9-9dcd-bad5d03ed236 0.329s
2025-05-14 09:51:14.341 70094 INFO tempest.lib.common.rest_client [req-e2b80d2d-bb12-4c50-a93e-3e2d46d39bdf req-e2b80d2d-bb12-4c50-a93e-3e2d46d39bdf ] Request (ServersAdmin275Test:_run_cleanups): 200 GET http://10.180.1.21/compute/v2.1/servers/c6473d46-cde3-401b-8654-a9013978b81b 0.195s
2025-05-14 09:51:14.651 70098 INFO tempest.lib.common.rest_client [req-76645e35-b170-4024-907a-fb690cf22a8b req-76645e35-b170-4024-907a-fb690cf22a8b ] Request (FloatingIPsAssociationTestJSON:setUpClass): 200 GET http://10.180.1.21/compute/v2.1/servers/452c0e3a-8dcc-43af-8b77-ac1b2e9a3fc3 0.501s
2025-05-14 09:51:14.656 70120 INFO tempest.lib.common.rest_client [req-4d41c023-741e-45b0-a7ef-38b1625171ef req-4d41c023-741e-45b0-a7ef-38b1625171ef ] Request (MigrationsAdminTest:test_list_migrations_in_flavor_resize_situation): 200 GET http://10.180.1.21/compute/v2.1/servers/5c1878eb-3c4b-49b8-89ba-9c51845204bd 0.501s
2025-05-14 09:51:14.664 70120 INFO tempest.common.waiters [-] State transition "RESIZE/resize_migrated" ==> "RESIZE/resize_finish" after 50 second wait
2025-05-14 09:51:14.716 70096 INFO tempest.lib.common.rest_client [req-c9f5ff72-90c4-4933-9ec6-32b9ff080d9e req-c9f5ff72-90c4-4933-9ec6-32b9ff080d9e ] Request (ServersNegativeTestJSON:setUpClass): 200 GET http://10.180.1.21/compute/v2.1/servers/53e86c03-079b-4918-b4a4-ea821a1be472 0.502s
2025-05-14 09:51:14.768 70086 INFO tempest.lib.common.rest_client [req-29d8010c-4a13-4470-b521-899e60043169 req-29d8010c-4a13-4470-b521-899e60043169 ] Request (ImagesTestJSON:test_create_image_from_stopped_server): 200 GET http://10.180.1.21/compute/v2.1/servers/8fb7187b-854f-4a4b-8129-318705dfc170 0.479s
2025-05-14 09:51:14.815 70142 INFO tempest.lib.common.rest_client [req-45f969f5-8d99-4b24-9485-8e0d624d8a2a req-45f969f5-8d99-4b24-9485-8e0d624d8a2a ] Request (AttachInterfacesTestJSON:test_create_list_show_delete_interfaces_by_fixed_ip): 200 GET http://10.180.1.21/compute/v2.1/servers/814f3854-3681-4f3d-95de-18340a765f53 0.597s
2025-05-14 09:51:14.823 70142 INFO tempest.common.waiters [-] State transition "BUILD/networking" ==> "BUILD/spawning" after 52 second wait
2025-05-14 09:51:14.827 70116 INFO tempest.lib.common.rest_client [req-21b03855-41a3-4959-bc8d-912853607851 req-21b03855-41a3-4959-bc8d-912853607851 ] Request (MultipleCreateTestJSON:test_multiple_create): 200 GET http://10.180.1.21/compute/v2.1/servers/03c9b0ef-ec95-4599-bd6f-7e0a8b57d6b5 0.477s
2025-05-14 09:51:14.898 70118 INFO tempest.lib.common.rest_client [req-ef84a9b0-fb9a-46a2-b603-ff65b3926bb2 req-ef84a9b0-fb9a-46a2-b603-ff65b3926bb2 ] Request (ServerDiagnosticsNegativeTest:tearDownClass): 200 GET http://10.180.1.21/compute/v2.1/servers/f9371520-75bc-414a-a704-30dba68d5a52 0.484s
2025-05-14 09:51:14.943 70132 INFO tempest.lib.common.rest_client [req-d3cb4461-e76d-4185-a980-e4511b92dd15 req-d3cb4461-e76d-4185-a980-e4511b92dd15 ] Request (ServersAdminNegativeTestJSON:tearDownClass): 200 GET http://10.180.1.21/compute/v2.1/servers/b407224d-c687-4351-9bcf-d7ff85ab0193 0.568s
2025-05-14 09:51:15.023 70124 INFO tempest.lib.common.rest_client [req-65b83ac9-cd60-4f90-9279-8c513b1c28ed req-65b83ac9-cd60-4f90-9279-8c513b1c28ed ] Request (ServersTestMultiNic:test_verify_duplicate_network_nics): 200 GET http://10.180.1.21/compute/v2.1/servers/0995d66a-3324-45b9-afe9-660cc208a538 0.597s
2025-05-14 09:51:15.032 70100 INFO tempest.lib.common.rest_client [req-7f58047f-bf06-40ad-b010-be9bc1c48578 req-7f58047f-bf06-40ad-b010-be9bc1c48578 ] Request (ServersListShow298Test:test_list_show_update_rebuild_server_298): 200 GET http://10.180.1.21/compute/v2.1/servers/443a8dc6-a88a-45e9-9a8c-f9976f91b821 0.551s
2025-05-14 09:51:15.094 70110 INFO tempest.lib.common.rest_client [req-cd384800-d011-42cd-ab39-19c4fde54bbc req-cd384800-d011-42cd-ab39-19c4fde54bbc ] Request (DeleteServersAdminTestJSON:test_delete_server_while_in_error_state): 200 GET http://10.180.1.21/compute/v2.1/servers/2dee479a-0981-497c-afb9-6e66085e431f 0.496s
2025-05-14 09:51:15.103 70128 INFO tempest.lib.common.rest_client [req-e3e5b723-191d-4b66-ac34-02e59c84ffa0 req-e3e5b723-191d-4b66-ac34-02e59c84ffa0 ] Request (InstanceActionsNegativeTestJSON:tearDownClass): 200 GET http://10.180.1.21/compute/v2.1/servers/e3c53d5b-18f8-4c41-8ec2-fd8e170576af 0.579s
2025-05-14 09:51:15.174 70090 INFO tempest.lib.common.rest_client [req-633cca94-66db-4787-9952-7554ebf7aad0 req-633cca94-66db-4787-9952-7554ebf7aad0 ] Request (ServersListShow296Test:test_list_show_update_rebuild_server_296): 200 GET http://10.180.1.21/compute/v2.1/servers/d20937ea-1aa4-4dda-ac22-cf61aa680965 0.513s
2025-05-14 09:51:15.232 70122 INFO tempest.lib.common.rest_client [req-0c6ec8c2-115a-428e-ad90-454ae52a8b22 req-0c6ec8c2-115a-428e-ad90-454ae52a8b22 ] Request (ServerDiagnosticsV248Test:test_get_server_diagnostics): 200 GET http://10.180.1.21/compute/v2.1/servers/b4a45681-5bc0-47c4-8475-f067d7569765 0.509s
2025-05-14 09:51:15.239 70136 INFO tempest.lib.common.rest_client [req-f46f155c-7aeb-4866-8e82-ee7778960baa req-f46f155c-7aeb-4866-8e82-ee7778960baa ] Request (ListImageFiltersTestJSON:setUpClass): 200 GET http://10.180.1.21/compute/v2.1/servers/029aa35a-3407-4d4f-9388-1978a073ecd2 0.573s
2025-05-14 09:51:15.247 70136 INFO tempest.common.waiters [-] State transition "ACTIVE/image_uploading" ==> "ACTIVE/None" after 2 second wait
2025-05-14 09:51:15.288 70104 INFO tempest.lib.common.rest_client [req-b0f4fbbc-56ac-4cec-8df3-b8b85a799eae req-b0f4fbbc-56ac-4cec-8df3-b8b85a799eae ] Request (ServerMetadataTestJSON:setUpClass): 200 GET http://10.180.1.21/compute/v2.1/servers/c8a10353-ce88-44fe-a358-52677478cb8b 0.499s
2025-05-14 09:51:15.314 70106 INFO tempest.lib.common.rest_client [req-596228ae-1d75-421c-b816-80619ceece0b req-596228ae-1d75-421c-b816-80619ceece0b ] Request (ListServersNegativeTestJSON:tearDownClass): 200 GET http://10.180.1.21/compute/v2.1/servers/52627e7c-1387-4e85-b67b-8062a67f71c6 0.464s
2025-05-14 09:51:15.375 70084 INFO tempest.lib.common.rest_client [req-0b72bc11-720e-40be-b7c1-c0507bcf3f41 req-0b72bc11-720e-40be-b7c1-c0507bcf3f41 ] Request (InstanceActionsV221TestJSON:test_get_list_deleted_instance_actions): 200 GET http://10.180.1.21/compute/v2.1/servers/3716320a-d067-4ad0-8284-424eb407f2ec 0.466s
2025-05-14 09:51:15.387 70134 INFO tempest.lib.common.rest_client [req-97c6a88f-e5ee-4804-80e8-ef5cb3e33d89 req-97c6a88f-e5ee-4804-80e8-ef5cb3e33d89 ] Request (ImagesOneServerTestJSON:setUpClass): 200 GET http://10.180.1.21/compute/v2.1/servers/f2ff90a8-b170-4ecf-be0c-da88d3f3a158 0.405s
2025-05-14 09:51:15.440 70092 INFO tempest.lib.common.rest_client [req-f8892374-121b-4624-be80-92ef24dde70f req-f8892374-121b-4624-be80-92ef24dde70f ] Request (ServersAdminTestJSON:setUpClass): 200 GET http://10.180.1.21/compute/v2.1/servers/173d2c12-a9e4-4ac7-9696-1a69a7ea0f10 0.387s
2025-05-14 09:51:15.454 70102 INFO tempest.lib.common.rest_client [req-6512cb94-fb4b-4f41-9c42-5e6f4e16de33 req-6512cb94-fb4b-4f41-9c42-5e6f4e16de33 ] Request (DeleteServersTestJSON:test_delete_active_server): 200 GET http://10.180.1.21/compute/v2.1/servers/c925370e-5981-40a2-a5df-7fe064ac3ce3 0.329s
2025-05-14 09:51:15.507 70113 INFO tempest.lib.common.rest_client [req-1d6e2e20-978b-48dc-9797-070026c07d48 req-1d6e2e20-978b-48dc-9797-070026c07d48 ] Request (AttachInterfacesUnderV243Test:test_add_remove_fixed_ip): 200 GET http://10.180.1.21/compute/v2.1/servers/dcae0c26-c079-4d7c-a321-df69cba40c3c 0.322s
2025-05-14 09:51:15.582 70144 INFO tempest.lib.common.rest_client [req-6f09e834-2d62-43bf-a4d3-906bfbf774e5 req-6f09e834-2d62-43bf-a4d3-906bfbf774e5 ] Request (ServerShowV254Test:test_rebuild_server): 200 GET http://10.180.1.21/compute/v2.1/servers/bc2d5898-8c8a-477e-af14-c15f00eedb0d 0.329s
2025-05-14 09:51:15.654 70138 INFO tempest.lib.common.rest_client [req-332d14f5-247e-4961-ae9a-4ba68ec0034e req-332d14f5-247e-4961-ae9a-4ba68ec0034e ] Request (ImagesOneServerNegativeTestJSON:_run_cleanups): 200 GET http://10.180.1.21/compute/v2.1/servers/4e574bef-58f7-4fe3-9f0f-c76854082912 0.380s
2025-05-14 09:51:15.675 70126 WARNING tempest.lib.common.ssh [-] Failed to establish authenticated ssh connection to cirros@10.180.180.212 ([Errno None] Unable to connect to port 22 on 10.180.180.212). Number attempts: 7. Retry after 8 seconds.: paramiko.ssh_exception.NoValidConnectionsError: [Errno None] Unable to connect to port 22 on 10.180.180.212
2025-05-14 09:51:15.769 70130 INFO tempest.lib.common.rest_client [req-037d4a51-d359-4dd6-8695-1cbf6f6e8676 req-037d4a51-d359-4dd6-8695-1cbf6f6e8676 ] Request (AttachVolumeNegativeTest:test_attach_attached_volume_to_different_server): 200 GET http://10.180.1.21/compute/v2.1/servers/559d44dc-2ae8-48a9-9dcd-bad5d03ed236 0.434s
2025-05-14 09:51:15.783 70130 INFO tempest.common.waiters [-] State transition "BUILD/spawning" ==> "ACTIVE/None" after 69 second wait
2025-05-14 09:51:15.846 70094 INFO tempest.lib.common.rest_client [req-881ca5a4-35af-44c2-8388-d831b53c8ba3 req-881ca5a4-35af-44c2-8388-d831b53c8ba3 ] Request (ServersAdmin275Test:_run_cleanups): 200 GET http://10.180.1.21/compute/v2.1/servers/c6473d46-cde3-401b-8654-a9013978b81b 0.492s
2025-05-14 09:51:15.973 70098 INFO tempest.lib.common.rest_client [req-3eb5a523-3389-422e-8bf6-ff6428d33ec7 req-3eb5a523-3389-422e-8bf6-ff6428d33ec7 ] Request (FloatingIPsAssociationTestJSON:setUpClass): 200 GET http://10.180.1.21/compute/v2.1/servers/452c0e3a-8dcc-43af-8b77-ac1b2e9a3fc3 0.313s
2025-05-14 09:51:16.050 70136 INFO tempest.lib.common.rest_client [req-2d30fe38-6ed5-4f92-8e28-efb00cb69faa req-2d30fe38-6ed5-4f92-8e28-efb00cb69faa ] Request (ListImageFiltersTestJSON:setUpClass): 202 POST http://10.180.1.21/compute/v2.1/servers/b18f0ee8-55e0-4dbd-a3b2-eccb7fef2c64/action 0.802s
2025-05-14 09:51:16.123 70096 INFO tempest.lib.common.rest_client [req-86cd78eb-0ed4-428e-99fc-794a47e83e06 req-86cd78eb-0ed4-428e-99fc-794a47e83e06 ] Request (ServersNegativeTestJSON:setUpClass): 200 GET http://10.180.1.21/compute/v2.1/servers/53e86c03-079b-4918-b4a4-ea821a1be472 0.399s
2025-05-14 09:51:16.140 70120 INFO tempest.lib.common.rest_client [req-b0591ee6-342e-4bde-8414-28259df9933c req-b0591ee6-342e-4bde-8414-28259df9933c ] Request (MigrationsAdminTest:test_list_migrations_in_flavor_resize_situation): 200 GET http://10.180.1.21/compute/v2.1/servers/5c1878eb-3c4b-49b8-89ba-9c51845204bd 0.474s
2025-05-14 09:51:16.180 70086 INFO tempest.lib.common.rest_client [req-25fc70fe-61e9-4a75-9fee-f269040aaac2 req-25fc70fe-61e9-4a75-9fee-f269040aaac2 ] Request (ImagesTestJSON:test_create_image_from_stopped_server): 200 GET http://10.180.1.21/compute/v2.1/servers/8fb7187b-854f-4a4b-8129-318705dfc170 0.399s
2025-05-14 09:51:16.207 70130 INFO tempest.lib.common.rest_client [req-7add6906-a0d3-4250-8678-420bc3f3b2d1 req-7add6906-a0d3-4250-8678-420bc3f3b2d1 ] Request (AttachVolumeNegativeTest:test_attach_attached_volume_to_different_server): 200 GET http://10.180.1.21/compute/v2.1/servers/559d44dc-2ae8-48a9-9dcd-bad5d03ed236/os-interface 0.423s
2025-05-14 09:51:16.270 70108 WARNING tempest.lib.common.ssh [-] Failed to establish authenticated ssh connection to cirros@10.180.180.181 ([Errno None] Unable to connect to port 22 on 10.180.180.181). Number attempts: 8. Retry after 9 seconds.: paramiko.ssh_exception.NoValidConnectionsError: [Errno None] Unable to connect to port 22 on 10.180.180.181
2025-05-14 09:51:16.285 70116 INFO tempest.lib.common.rest_client [req-21bf96e2-6bdc-47d4-93ea-617f14d58548 req-21bf96e2-6bdc-47d4-93ea-617f14d58548 ] Request (MultipleCreateTestJSON:test_multiple_create): 200 GET http://10.180.1.21/compute/v2.1/servers/03c9b0ef-ec95-4599-bd6f-7e0a8b57d6b5 0.441s
2025-05-14 09:51:16.302 70118 INFO tempest.lib.common.rest_client [req-016f166d-8493-45f3-a27d-9cf8aac533a9 req-016f166d-8493-45f3-a27d-9cf8aac533a9 ] Request (ServerDiagnosticsNegativeTest:tearDownClass): 404 GET http://10.180.1.21/compute/v2.1/servers/f9371520-75bc-414a-a704-30dba68d5a52 0.395s
2025-05-14 09:51:16.339 70142 INFO tempest.lib.common.rest_client [req-39437efe-299a-4760-9a1d-f7dc80630dbe req-39437efe-299a-4760-9a1d-f7dc80630dbe ] Request (AttachInterfacesTestJSON:test_create_list_show_delete_interfaces_by_fixed_ip): 200 GET http://10.180.1.21/compute/v2.1/servers/814f3854-3681-4f3d-95de-18340a765f53 0.515s
2025-05-14 09:51:16.368 70132 INFO tempest.lib.common.rest_client [req-6b0488d5-bf46-426b-b787-ef7588ab04d5 req-6b0488d5-bf46-426b-b787-ef7588ab04d5 ] Request (ServersAdminNegativeTestJSON:tearDownClass): 200 GET http://10.180.1.21/compute/v2.1/servers/b407224d-c687-4351-9bcf-d7ff85ab0193 0.417s
2025-05-14 09:51:16.405 70124 INFO tempest.lib.common.rest_client [req-731e381a-6d09-48d7-ac7d-6f51253899cb req-731e381a-6d09-48d7-ac7d-6f51253899cb ] Request (ServersTestMultiNic:test_verify_duplicate_network_nics): 200 GET http://10.180.1.21/compute/v2.1/servers/0995d66a-3324-45b9-afe9-660cc208a538 0.374s
2025-05-14 09:51:16.418 70118 INFO tempest.lib.common.rest_client [req-ec9dbf9b-e3be-447b-9f05-b443d5f00c76 req-ec9dbf9b-e3be-447b-9f05-b443d5f00c76 ] Request (ServerDiagnosticsNegativeTest:tearDownClass): 204 DELETE http://10.180.1.21/identity/v3/users/a41dd715c41c4dca91d2d6c7e9d8ad7c 0.115s
2025-05-14 09:51:16.443 70136 INFO tempest.lib.common.rest_client [req-f03d6aa1-c6c3-478d-8cb5-739dd610ba9f req-f03d6aa1-c6c3-478d-8cb5-739dd610ba9f ] Request (ListImageFiltersTestJSON:setUpClass): 200 GET http://10.180.1.21/compute/v2.1/images/aba7eb85-3a6e-46e0-8ef8-7ba86a669c1b 0.392s
