2025-05-14 09:51:38.608 70090 INFO tempest.lib.common.rest_client [req-a403b321-dc86-4eec-86e2-4b692daf97cb req-a403b321-dc86-4eec-86e2-4b692daf97cb ] Request (ServersListShow296Test:test_list_show_update_rebuild_server_296): 200 GET http://10.180.1.21/compute/v2.1/servers/d20937ea-1aa4-4dda-ac22-cf61aa680965 0.355s
2025-05-14 09:51:38.617 70090 INFO tempest.common.waiters [-] State transition "BUILD/networking" ==> "BUILD/spawning" after 71 second wait
2025-05-14 09:51:38.644 70130 WARNING tempest.lib.common.ssh [-] Failed to establish authenticated ssh connection to cirros@10.180.180.203 ([Errno None] Unable to connect to port 22 on 10.180.180.203). Number attempts: 4. Retry after 5 seconds.: paramiko.ssh_exception.NoValidConnectionsError: [Errno None] Unable to connect to port 22 on 10.180.180.203
2025-05-14 09:51:38.665 70104 INFO tempest.lib.common.rest_client [req-7c82f186-bc3b-4fd0-b3e6-5ff19d28b4f9 req-7c82f186-bc3b-4fd0-b3e6-5ff19d28b4f9 ] Request (ServerMetadataTestJSON:setUpClass): 200 GET http://10.180.1.21/compute/v2.1/servers/c8a10353-ce88-44fe-a358-52677478cb8b 0.377s
2025-05-14 09:51:38.703 70110 INFO tempest.lib.common.rest_client [req-23fabf92-f803-4ef1-bf3b-508932fb698d req-23fabf92-f803-4ef1-bf3b-508932fb698d ] Request (DeleteServersAdminTestJSON:test_delete_server_while_in_error_state): 200 GET http://10.180.1.21/compute/v2.1/servers/2dee479a-0981-497c-afb9-6e66085e431f 0.418s
2025-05-14 09:51:38.738 70134 INFO tempest.lib.common.rest_client [req-9338af02-4b52-413d-a40d-df4099864c84 req-9338af02-4b52-413d-a40d-df4099864c84 ] Request (ImagesOneServerTestJSON:setUpClass): 200 GET http://10.180.1.21/compute/v2.1/servers/f2ff90a8-b170-4ecf-be0c-da88d3f3a158 0.388s
2025-05-14 09:51:38.763 70084 INFO tempest.lib.common.rest_client [req-366c0e98-f3f1-46cc-b350-0fb94f4f218a req-366c0e98-f3f1-46cc-b350-0fb94f4f218a ] Request (InstanceActionsV221TestJSON:test_get_list_deleted_instance_actions): 200 GET http://10.180.1.21/compute/v2.1/servers/3716320a-d067-4ad0-8284-424eb407f2ec 0.398s
2025-05-14 09:51:38.807 70092 INFO tempest.lib.common.rest_client [req-bd93dfcc-3735-4c98-b924-55b5f327ca8b req-bd93dfcc-3735-4c98-b924-55b5f327ca8b ] Request (ServersAdminTestJSON:setUpClass): 200 GET http://10.180.1.21/compute/v2.1/servers/173d2c12-a9e4-4ac7-9696-1a69a7ea0f10 0.389s
2025-05-14 09:51:38.820 70128 INFO tempest.lib.common.rest_client [req-db08cf00-a965-4a94-8007-b0515c95cc52 req-db08cf00-a965-4a94-8007-b0515c95cc52 ] Request (ServerActionsTestJSON:setUpClass): 201 POST http://10.180.1.21:9696/networking/v2.0/floatingips 0.473s
2025-05-14 09:51:38.859 70113 INFO tempest.lib.common.rest_client [req-4f5d69ad-f6d9-499e-94f3-2164926bd5d2 req-4f5d69ad-f6d9-499e-94f3-2164926bd5d2 ] Request (AttachInterfacesUnderV243Test:test_add_remove_fixed_ip): 200 GET http://10.180.1.21/compute/v2.1/servers/dcae0c26-c079-4d7c-a321-df69cba40c3c 0.383s
2025-05-14 09:51:38.867 70128 INFO tempest.lib.common.rest_client [req-cadd4378-e864-46c8-b3f6-907b55149c0a req-cadd4378-e864-46c8-b3f6-907b55149c0a ] Request (ServerActionsTestJSON:setUpClass): 201 POST http://10.180.1.21/identity/v3/auth/tokens 0.044s
2025-05-14 09:51:38.867 70128 INFO tempest.lib.common.fixed_network [-] (ServerActionsTestJSON:setUpClass) Found network {'id': '7e4a6a3e-580e-43c2-9c02-5d90765e1676', 'name': 'tempest-ServerActionsTestJSON-515481448-network', 'tenant_id': 'a73c5a44e4b24fb9a8ac59104ade5085', 'admin_state_up': True, 'mtu': 8950, 'status': 'ACTIVE', 'subnets': [], 'shared': False, 'project_id': 'a73c5a44e4b24fb9a8ac59104ade5085', 'port_security_enabled': True, 'router:external': False, 'provider:network_type': 'vlan', 'provider:physical_network': 'default', 'provider:segmentation_id': 129, 'availability_zone_hints': [], 'availability_zones': [], 'ipv4_address_scope': None, 'ipv6_address_scope': None, 'description': '', 'tags': [], 'created_at': '2025-05-14T09:51:35Z', 'updated_at': '2025-05-14T09:51:35Z', 'revision_number': 1} available for tenant
2025-05-14 09:51:38.892 70136 INFO tempest.lib.common.rest_client [req-b41ef53c-ee37-40e9-88ca-2cfba857677d req-b41ef53c-ee37-40e9-88ca-2cfba857677d ] Request (ListImageFiltersTestJSON:tearDownClass): 204 DELETE http://10.180.1.21/compute/v2.1/servers/029aa35a-3407-4d4f-9388-1978a073ecd2 0.374s
2025-05-14 09:51:38.918 70106 INFO tempest.lib.common.rest_client [req-90e39eea-9a52-4a22-bf9c-298e07ab7ba8 req-90e39eea-9a52-4a22-bf9c-298e07ab7ba8 ] Request (ServerGroupTestJSON:test_create_server_with_scheduler_hint_group): 200 GET http://10.180.1.21/compute/v2.1/servers/cae202f4-3111-4611-ad68-bfaac359bd8e 0.348s
2025-05-14 09:51:38.954 70118 INFO tempest.lib.common.rest_client [req-f53de924-1c56-440f-9641-94145050bd2d req-f53de924-1c56-440f-9641-94145050bd2d ] Request (ServersTestJSON:setUpClass): 200 GET http://10.180.1.21/compute/v2.1/servers/d017056e-049d-4162-bc9f-fca50d73fbe0 0.287s
2025-05-14 09:51:39.018 70102 INFO tempest.lib.common.rest_client [req-d3745758-3953-4b29-b8da-e57aa73acfde req-d3745758-3953-4b29-b8da-e57aa73acfde ] Request (DeleteServersTestJSON:test_delete_active_server): 200 GET http://10.180.1.21/compute/v2.1/servers/c925370e-5981-40a2-a5df-7fe064ac3ce3 0.178s
2025-05-14 09:51:39.029 70142 WARNING tempest.lib.common.ssh [-] Failed to establish authenticated ssh connection to cirros@10.180.180.230 ([Errno None] Unable to connect to port 22 on 10.180.180.230). Number attempts: 3. Retry after 4 seconds.: paramiko.ssh_exception.NoValidConnectionsError: [Errno None] Unable to connect to port 22 on 10.180.180.230
2025-05-14 09:51:39.154 70136 INFO tempest.lib.common.rest_client [req-dc8df869-46b8-4474-a1ea-c6a4fe896f10 req-dc8df869-46b8-4474-a1ea-c6a4fe896f10 ] Request (ListImageFiltersTestJSON:tearDownClass): 200 GET http://10.180.1.21/compute/v2.1/servers/029aa35a-3407-4d4f-9388-1978a073ecd2 0.260s
2025-05-14 09:51:39.251 70094 INFO tempest.lib.common.rest_client [req-3e4ff191-ca1f-4fd8-a2f0-f0aee745baf6 req-3e4ff191-ca1f-4fd8-a2f0-f0aee745baf6 ] Request (ServersAdmin275Test:tearDownClass): 200 GET http://10.180.1.21/compute/v2.1/servers/c6473d46-cde3-401b-8654-a9013978b81b 0.332s
2025-05-14 09:51:39.313 70144 INFO tempest.lib.common.rest_client [req-ff4f2128-c292-447f-8287-97df0fdcc3dc req-ff4f2128-c292-447f-8287-97df0fdcc3dc ] Request (ServerShowV254Test:test_rebuild_server): 200 GET http://10.180.1.21/compute/v2.1/servers/bc2d5898-8c8a-477e-af14-c15f00eedb0d 0.340s
2025-05-14 09:51:39.404 70138 INFO tempest.lib.common.rest_client [req-9fe149f2-ee30-4e4b-8def-71365bcbe082 req-9fe149f2-ee30-4e4b-8def-71365bcbe082 ] Request (ImagesOneServerNegativeTestJSON:_run_cleanups): 200 GET http://10.180.1.21/compute/v2.1/servers/4e574bef-58f7-4fe3-9f0f-c76854082912 0.351s
2025-05-14 09:51:39.411 70128 INFO tempest.lib.common.rest_client [req-5528b3eb-01a8-4ba7-b6c7-0666340f3bdb req-5528b3eb-01a8-4ba7-b6c7-0666340f3bdb ] Request (ServerActionsTestJSON:setUpClass): 202 POST http://10.180.1.21/compute/v2.1/servers 0.542s
2025-05-14 09:51:39.473 70108 INFO tempest.lib.common.rest_client [req-e59b2f8a-d5c0-44c9-b445-ba46ce3c49ec req-e59b2f8a-d5c0-44c9-b445-ba46ce3c49ec ] Request (ServersWithSpecificFlavorTestJSON:test_verify_created_server_ephemeral_disk): 200 GET http://10.180.1.21/compute/v2.1/servers/781604b4-a4c8-4b37-952d-e142265212da 0.349s
2025-05-14 09:51:39.481 70086 INFO tempest.lib.common.rest_client [req-349fc876-9eea-4dee-85b8-921e18e4dec4 req-349fc876-9eea-4dee-85b8-921e18e4dec4 ] Request (ImagesTestJSON:test_create_image_from_stopped_server): 200 GET http://10.180.1.21/compute/v2.1/servers/8fb7187b-854f-4a4b-8129-318705dfc170 0.292s
2025-05-14 09:51:39.549 70116 INFO tempest.lib.common.rest_client [req-dc277545-77a1-4238-8e0b-1857f9dffd1f req-dc277545-77a1-4238-8e0b-1857f9dffd1f ] Request (MultipleCreateTestJSON:test_multiple_create): 200 GET http://10.180.1.21/compute/v2.1/servers/03c9b0ef-ec95-4599-bd6f-7e0a8b57d6b5 0.306s
2025-05-14 09:51:39.550 70096 INFO tempest.lib.common.rest_client [req-5a6e58ad-fdab-4ef5-a061-30b99d5a6af2 req-5a6e58ad-fdab-4ef5-a061-30b99d5a6af2 ] Request (ServersNegativeTestJSON:setUpClass): 200 GET http://10.180.1.21/compute/v2.1/servers/53e86c03-079b-4918-b4a4-ea821a1be472 0.241s
2025-05-14 09:51:39.598 70128 INFO tempest.lib.common.rest_client [req-5a875c3e-d9b3-41b7-b414-97185fdd595a req-5a875c3e-d9b3-41b7-b414-97185fdd595a ] Request (ServerActionsTestJSON:setUpClass): 200 GET http://10.180.1.21/compute/v2.1/servers/efd32a38-36e0-4f4d-9822-870d28a618d4 0.185s
2025-05-14 09:51:39.633 70124 INFO tempest.lib.common.rest_client [req-3613d5e8-17af-42d9-aef2-c1a102bbddf0 req-3613d5e8-17af-42d9-aef2-c1a102bbddf0 ] Request (ServersTestMultiNic:test_verify_duplicate_network_nics): 200 GET http://10.180.1.21/compute/v2.1/servers/0995d66a-3324-45b9-afe9-660cc208a538 0.292s
2025-05-14 09:51:39.665 70132 INFO tempest.lib.common.rest_client [req-609522b2-d113-470e-bb23-47b07f37114d req-609522b2-d113-470e-bb23-47b07f37114d ] Request (ServersAdminNegativeTestJSON:tearDownClass): 200 GET http://10.180.1.21/compute/v2.1/servers/b407224d-c687-4351-9bcf-d7ff85ab0193 0.251s
2025-05-14 09:51:39.731 70126 INFO tempest.lib.common.rest_client [req-40ff7ea1-ecd2-4ff4-9fa0-afaa9779b4ba req-40ff7ea1-ecd2-4ff4-9fa0-afaa9779b4ba ] Request (ServersTestBootFromVolume:tearDownClass): 200 GET http://10.180.1.21/compute/v2.1/servers/0cd34a99-40c7-4603-aacf-80205275b852 0.260s
2025-05-14 09:51:39.736 70120 INFO tempest.lib.common.rest_client [req-80161fb3-3cab-4ef6-9086-9c7f1d34ec58 req-80161fb3-3cab-4ef6-9086-9c7f1d34ec58 ] Request (MigrationsAdminTest:test_list_migrations_in_flavor_resize_situation): 200 GET http://10.180.1.21/compute/v2.1/servers/5c1878eb-3c4b-49b8-89ba-9c51845204bd 0.310s
2025-05-14 09:51:39.790 70098 INFO tempest.lib.common.rest_client [req-4c7df5fa-77d5-430a-b89d-1e27eebc5460 req-4c7df5fa-77d5-430a-b89d-1e27eebc5460 ] Request (FloatingIPsAssociationTestJSON:test_associate_already_associated_floating_ip): 200 GET http://10.180.1.21/compute/v2.1/servers/27f67772-1f5c-4f13-89d0-bba7749ddb4e 0.205s
2025-05-14 09:51:39.806 70100 INFO tempest.lib.common.rest_client [req-7cc79557-60f4-48ce-8b6f-c91b3e458751 req-7cc79557-60f4-48ce-8b6f-c91b3e458751 ] Request (ServersListShow298Test:tearDownClass): 200 GET http://10.180.1.21/compute/v2.1/servers/443a8dc6-a88a-45e9-9a8c-f9976f91b821 0.255s
2025-05-14 09:51:39.864 70090 INFO tempest.lib.common.rest_client [req-db1412a4-f3c2-4170-9902-57dfc554adb5 req-db1412a4-f3c2-4170-9902-57dfc554adb5 ] Request (ServersListShow296Test:test_list_show_update_rebuild_server_296): 200 GET http://10.180.1.21/compute/v2.1/servers/d20937ea-1aa4-4dda-ac22-cf61aa680965 0.245s
2025-05-14 09:51:39.870 70104 INFO tempest.lib.common.rest_client [req-1a299050-8cfe-4eb3-8bc1-a2be1e9d3493 req-1a299050-8cfe-4eb3-8bc1-a2be1e9d3493 ] Request (ServerMetadataTestJSON:setUpClass): 200 GET http://10.180.1.21/compute/v2.1/servers/c8a10353-ce88-44fe-a358-52677478cb8b 0.195s
2025-05-14 09:51:39.943 70134 INFO tempest.lib.common.rest_client [req-e4cefd3d-937b-447e-9b50-54b2c87a21b7 req-e4cefd3d-937b-447e-9b50-54b2c87a21b7 ] Request (ImagesOneServerTestJSON:setUpClass): 200 GET http://10.180.1.21/compute/v2.1/servers/f2ff90a8-b170-4ecf-be0c-da88d3f3a158 0.194s
2025-05-14 09:51:40.016 70084 INFO tempest.lib.common.rest_client [req-7746b202-11e9-435c-9563-15ad60828bdb req-7746b202-11e9-435c-9563-15ad60828bdb ] Request (InstanceActionsV221TestJSON:test_get_list_deleted_instance_actions): 200 GET http://10.180.1.21/compute/v2.1/servers/3716320a-d067-4ad0-8284-424eb407f2ec 0.236s
2025-05-14 09:51:40.028 70110 INFO tempest.lib.common.rest_client [req-2b6fdd18-8a85-42db-a921-e6d836f52337 req-2b6fdd18-8a85-42db-a921-e6d836f52337 ] Request (DeleteServersAdminTestJSON:test_delete_server_while_in_error_state): 200 GET http://10.180.1.21/compute/v2.1/servers/2dee479a-0981-497c-afb9-6e66085e431f 0.314s
2025-05-14 09:51:40.087 70092 INFO tempest.lib.common.rest_client [req-b96c96ef-60c8-4e49-9968-2a712a22be60 req-b96c96ef-60c8-4e49-9968-2a712a22be60 ] Request (ServersAdminTestJSON:setUpClass): 200 GET http://10.180.1.21/compute/v2.1/servers/173d2c12-a9e4-4ac7-9696-1a69a7ea0f10 0.271s
2025-05-14 09:51:40.096 70092 INFO tempest.common.waiters [-] State transition "BUILD/None" ==> "BUILD/networking" after 68 second wait
2025-05-14 09:51:40.099 70113 INFO tempest.lib.common.rest_client [req-b561617b-923b-46a3-9f50-4693e8c63c3e req-b561617b-923b-46a3-9f50-4693e8c63c3e ] Request (AttachInterfacesUnderV243Test:test_add_remove_fixed_ip): 200 GET http://10.180.1.21/compute/v2.1/servers/dcae0c26-c079-4d7c-a321-df69cba40c3c 0.225s
2025-05-14 09:51:40.157 70106 INFO tempest.lib.common.rest_client [req-22bf4244-8d61-4b7e-9aae-6e5ec052050e req-22bf4244-8d61-4b7e-9aae-6e5ec052050e ] Request (ServerGroupTestJSON:test_create_server_with_scheduler_hint_group): 200 GET http://10.180.1.21/compute/v2.1/servers/cae202f4-3111-4611-ad68-bfaac359bd8e 0.228s
2025-05-14 09:51:40.158 70118 INFO tempest.lib.common.rest_client [req-a5400b3b-512c-4540-869a-e47aa2a588bb req-a5400b3b-512c-4540-869a-e47aa2a588bb ] Request (ServersTestJSON:setUpClass): 200 GET http://10.180.1.21/compute/v2.1/servers/d017056e-049d-4162-bc9f-fca50d73fbe0 0.193s
2025-05-14 09:51:40.526 70102 INFO tempest.lib.common.rest_client [req-16360ea9-4d24-48d9-a0c8-1025e32314d8 req-16360ea9-4d24-48d9-a0c8-1025e32314d8 ] Request (DeleteServersTestJSON:test_delete_active_server): 200 GET http://10.180.1.21/compute/v2.1/servers/c925370e-5981-40a2-a5df-7fe064ac3ce3 0.498s
2025-05-14 09:51:40.534 70102 INFO tempest.common.waiters [-] State transition "BUILD/spawning" ==> "ACTIVE/None" after 73 second wait
2025-05-14 09:51:40.590 70136 INFO tempest.lib.common.rest_client [req-8c6c6c70-a859-4109-a5bc-39cb9d366d6f req-8c6c6c70-a859-4109-a5bc-39cb9d366d6f ] Request (ListImageFiltersTestJSON:tearDownClass): 200 GET http://10.180.1.21/compute/v2.1/servers/029aa35a-3407-4d4f-9388-1978a073ecd2 0.425s
2025-05-14 09:51:40.593 70094 INFO tempest.lib.common.rest_client [req-7cea4095-af03-4726-99c4-56a78e279cfe req-7cea4095-af03-4726-99c4-56a78e279cfe ] Request (ServersAdmin275Test:tearDownClass): 200 GET http://10.180.1.21/compute/v2.1/servers/c6473d46-cde3-401b-8654-a9013978b81b 0.329s
2025-05-14 09:51:40.644 70144 INFO tempest.lib.common.rest_client [req-86961f7f-7c9d-4ce3-8d16-b685c3e33624 req-86961f7f-7c9d-4ce3-8d16-b685c3e33624 ] Request (ServerShowV254Test:test_rebuild_server): 200 GET http://10.180.1.21/compute/v2.1/servers/bc2d5898-8c8a-477e-af14-c15f00eedb0d 0.317s
2025-05-14 09:51:40.656 70138 INFO tempest.lib.common.rest_client [req-1f6b0cf2-5d00-482c-994d-2b835c02dcdc req-1f6b0cf2-5d00-482c-994d-2b835c02dcdc ] Request (ImagesOneServerNegativeTestJSON:_run_cleanups): 200 GET http://10.180.1.21/compute/v2.1/servers/4e574bef-58f7-4fe3-9f0f-c76854082912 0.244s
2025-05-14 09:51:40.706 70108 INFO tempest.lib.common.rest_client [req-2113f9ef-03d6-486f-ab72-70d947c8b1f8 req-2113f9ef-03d6-486f-ab72-70d947c8b1f8 ] Request (ServersWithSpecificFlavorTestJSON:test_verify_created_server_ephemeral_disk): 200 GET http://10.180.1.21/compute/v2.1/servers/781604b4-a4c8-4b37-952d-e142265212da 0.215s
2025-05-14 09:51:40.721 70086 INFO tempest.lib.common.rest_client [req-7201f825-e4c6-4052-99e7-b7a9f0013233 req-7201f825-e4c6-4052-99e7-b7a9f0013233 ] Request (ImagesTestJSON:test_create_image_from_stopped_server): 200 GET http://10.180.1.21/compute/v2.1/servers/8fb7187b-854f-4a4b-8129-318705dfc170 0.231s
2025-05-14 09:51:40.772 70116 INFO tempest.lib.common.rest_client [req-3bf1bf42-ffc7-4545-96b7-f065cd364bb2 req-3bf1bf42-ffc7-4545-96b7-f065cd364bb2 ] Request (MultipleCreateTestJSON:test_multiple_create): 200 GET http://10.180.1.21/compute/v2.1/servers/03c9b0ef-ec95-4599-bd6f-7e0a8b57d6b5 0.214s
2025-05-14 09:51:40.778 70102 INFO tempest.lib.common.rest_client [req-b7ddac17-f991-445c-be8e-d16e36a95e68 req-b7ddac17-f991-445c-be8e-d16e36a95e68 ] Request (DeleteServersTestJSON:test_delete_active_server): 204 DELETE http://10.180.1.21/compute/v2.1/servers/c925370e-5981-40a2-a5df-7fe064ac3ce3 0.243s
2025-05-14 09:51:40.839 70096 INFO tempest.lib.common.rest_client [req-2e8e6c76-be3a-4310-a916-268932f4f56d req-2e8e6c76-be3a-4310-a916-268932f4f56d ] Request (ServersNegativeTestJSON:setUpClass): 200 GET http://10.180.1.21/compute/v2.1/servers/53e86c03-079b-4918-b4a4-ea821a1be472 0.279s
2025-05-14 09:51:40.846 70128 INFO tempest.lib.common.rest_client [req-baff426d-3562-4b65-a30b-9c634a6e152b req-baff426d-3562-4b65-a30b-9c634a6e152b ] Request (ServerActionsTestJSON:setUpClass): 200 GET http://10.180.1.21/compute/v2.1/servers/efd32a38-36e0-4f4d-9822-870d28a618d4 0.234s
2025-05-14 09:51:40.895 70124 INFO tempest.lib.common.rest_client [req-6cc2c50a-fa00-4e5d-aaaa-f969d10f1cab req-6cc2c50a-fa00-4e5d-aaaa-f969d10f1cab ] Request (ServersTestMultiNic:test_verify_duplicate_network_nics): 200 GET http://10.180.1.21/compute/v2.1/servers/0995d66a-3324-45b9-afe9-660cc208a538 0.251s
2025-05-14 09:51:40.917 70132 INFO tempest.lib.common.rest_client [req-a396140d-8b80-4255-8dbf-130dc1e9aa78 req-a396140d-8b80-4255-8dbf-130dc1e9aa78 ] Request (ServersAdminNegativeTestJSON:tearDownClass): 200 GET http://10.180.1.21/compute/v2.1/servers/b407224d-c687-4351-9bcf-d7ff85ab0193 0.243s
2025-05-14 09:51:41.003 70126 INFO tempest.lib.common.rest_client [req-55863884-b7e9-4a5c-ba90-bc3697e380dd req-55863884-b7e9-4a5c-ba90-bc3697e380dd ] Request (ServersTestBootFromVolume:tearDownClass): 200 GET http://10.180.1.21/compute/v2.1/servers/0cd34a99-40c7-4603-aacf-80205275b852 0.263s
2025-05-14 09:51:41.054 70120 INFO tempest.lib.common.rest_client [req-0d7c954b-78d4-41a4-9c47-1698839a193e req-0d7c954b-78d4-41a4-9c47-1698839a193e ] Request (MigrationsAdminTest:test_list_migrations_in_flavor_resize_situation): 200 GET http://10.180.1.21/compute/v2.1/servers/5c1878eb-3c4b-49b8-89ba-9c51845204bd 0.304s
2025-05-14 09:51:41.118 70098 INFO tempest.lib.common.rest_client [req-3ee54958-614e-487b-8933-7ba4f2371e59 req-3ee54958-614e-487b-8933-7ba4f2371e59 ] Request (FloatingIPsAssociationTestJSON:test_associate_already_associated_floating_ip): 200 GET http://10.180.1.21/compute/v2.1/servers/27f67772-1f5c-4f13-89d0-bba7749ddb4e 0.320s
2025-05-14 09:51:41.159 70102 INFO tempest.lib.common.rest_client [req-22beee8a-7cae-4e4a-a2c7-5b5a670a70f8 req-22beee8a-7cae-4e4a-a2c7-5b5a670a70f8 ] Request (DeleteServersTestJSON:test_delete_active_server): 200 GET http://10.180.1.21/compute/v2.1/servers/c925370e-5981-40a2-a5df-7fe064ac3ce3 0.381s
2025-05-14 09:51:41.205 70100 INFO tempest.lib.common.rest_client [req-c212b1e7-f6f3-4e74-a799-c72d0cf1d38c req-c212b1e7-f6f3-4e74-a799-c72d0cf1d38c ] Request (ServersListShow298Test:tearDownClass): 200 GET http://10.180.1.21/compute/v2.1/servers/443a8dc6-a88a-45e9-9a8c-f9976f91b821 0.388s
2025-05-14 09:51:41.228 70090 INFO tempest.lib.common.rest_client [req-e5cff371-7aba-4db2-9932-bf2fdd67512b req-e5cff371-7aba-4db2-9932-bf2fdd67512b ] Request (ServersListShow296Test:test_list_show_update_rebuild_server_296): 200 GET http://10.180.1.21/compute/v2.1/servers/d20937ea-1aa4-4dda-ac22-cf61aa680965 0.354s
2025-05-14 09:51:41.262 70104 INFO tempest.lib.common.rest_client [req-9b3ac0a0-0017-4b64-9d06-fdbb08625344 req-9b3ac0a0-0017-4b64-9d06-fdbb08625344 ] Request (ServerMetadataTestJSON:setUpClass): 200 GET http://10.180.1.21/compute/v2.1/servers/c8a10353-ce88-44fe-a358-52677478cb8b 0.383s
2025-05-14 09:51:41.294 70134 INFO tempest.lib.common.rest_client [req-b4b9a201-021f-404e-bcfc-f2986055d2f3 req-b4b9a201-021f-404e-bcfc-f2986055d2f3 ] Request (ImagesOneServerTestJSON:setUpClass): 200 GET http://10.180.1.21/compute/v2.1/servers/f2ff90a8-b170-4ecf-be0c-da88d3f3a158 0.332s
2025-05-14 09:51:41.324 70084 INFO tempest.lib.common.rest_client [req-297bfd58-303f-463a-a76b-46958559b64a req-297bfd58-303f-463a-a76b-46958559b64a ] Request (InstanceActionsV221TestJSON:test_get_list_deleted_instance_actions): 200 GET http://10.180.1.21/compute/v2.1/servers/3716320a-d067-4ad0-8284-424eb407f2ec 0.298s
2025-05-14 09:51:41.355 70110 INFO tempest.lib.common.rest_client [req-a4db290b-2266-45b4-b186-cacfcf799be2 req-a4db290b-2266-45b4-b186-cacfcf799be2 ] Request (DeleteServersAdminTestJSON:test_delete_server_while_in_error_state): 200 GET http://10.180.1.21/compute/v2.1/servers/2dee479a-0981-497c-afb9-6e66085e431f 0.317s
2025-05-14 09:51:41.418 70113 INFO tempest.lib.common.rest_client [req-493d86b0-d38f-4378-abbb-f3774043d00f req-493d86b0-d38f-4378-abbb-f3774043d00f ] Request (AttachInterfacesUnderV243Test:test_add_remove_fixed_ip): 200 GET http://10.180.1.21/compute/v2.1/servers/dcae0c26-c079-4d7c-a321-df69cba40c3c 0.305s
2025-05-14 09:51:41.428 70092 INFO tempest.lib.common.rest_client [req-fcc2e10e-93e9-4387-96f0-de3e838806d3 req-fcc2e10e-93e9-4387-96f0-de3e838806d3 ] Request (ServersAdminTestJSON:setUpClass): 200 GET http://10.180.1.21/compute/v2.1/servers/173d2c12-a9e4-4ac7-9696-1a69a7ea0f10 0.332s
2025-05-14 09:51:41.437 70092 INFO tempest.common.waiters [-] State transition "BUILD/networking" ==> "BUILD/spawning" after 69 second wait
2025-05-14 09:51:41.482 70106 INFO tempest.lib.common.rest_client [req-97cadcbe-70b6-4fde-a397-4927f949c7d9 req-97cadcbe-70b6-4fde-a397-4927f949c7d9 ] Request (ServerGroupTestJSON:test_create_server_with_scheduler_hint_group): 200 GET http://10.180.1.21/compute/v2.1/servers/cae202f4-3111-4611-ad68-bfaac359bd8e 0.317s
2025-05-14 09:51:41.493 70118 INFO tempest.lib.common.rest_client [req-c3ac9f32-8fa5-4cca-9a72-c6171e56909f req-c3ac9f32-8fa5-4cca-9a72-c6171e56909f ] Request (ServersTestJSON:setUpClass): 200 GET http://10.180.1.21/compute/v2.1/servers/d017056e-049d-4162-bc9f-fca50d73fbe0 0.327s
2025-05-14 09:51:41.674 70136 INFO tempest.lib.common.rest_client [req-13198182-dabe-4941-938e-8ac12ddec116 req-13198182-dabe-4941-938e-8ac12ddec116 ] Request (ListImageFiltersTestJSON:tearDownClass): 200 GET http://10.180.1.21/compute/v2.1/servers/029aa35a-3407-4d4f-9388-1978a073ecd2 0.071s
2025-05-14 09:51:41.689 70094 INFO tempest.lib.common.rest_client [req-c1d38584-28a9-4c43-949c-ae4968b39de1 req-c1d38584-28a9-4c43-949c-ae4968b39de1 ] Request (ServersAdmin275Test:tearDownClass): 200 GET http://10.180.1.21/compute/v2.1/servers/c6473d46-cde3-401b-8654-a9013978b81b 0.084s
2025-05-14 09:51:41.746 70144 INFO tempest.lib.common.rest_client [req-a03330a9-3807-47ee-8b18-258b7741188d req-a03330a9-3807-47ee-8b18-258b7741188d ] Request (ServerShowV254Test:test_rebuild_server): 200 GET http://10.180.1.21/compute/v2.1/servers/bc2d5898-8c8a-477e-af14-c15f00eedb0d 0.086s
2025-05-14 09:51:41.762 70138 INFO tempest.lib.common.rest_client [req-78159ba4-25d0-4722-be77-881f38a7ed17 req-78159ba4-25d0-4722-be77-881f38a7ed17 ] Request (ImagesOneServerNegativeTestJSON:_run_cleanups): 200 GET http://10.180.1.21/compute/v2.1/servers/4e574bef-58f7-4fe3-9f0f-c76854082912 0.096s
2025-05-14 09:51:41.835 70108 INFO tempest.lib.common.rest_client [req-0746cc35-3bee-4dc7-871c-bd696a02185b req-0746cc35-3bee-4dc7-871c-bd696a02185b ] Request (ServersWithSpecificFlavorTestJSON:test_verify_created_server_ephemeral_disk): 200 GET http://10.180.1.21/compute/v2.1/servers/781604b4-a4c8-4b37-952d-e142265212da 0.121s
2025-05-14 09:51:41.852 70086 INFO tempest.lib.common.rest_client [req-77f95ae0-f50a-4224-866e-7176963de80b req-77f95ae0-f50a-4224-866e-7176963de80b ] Request (ImagesTestJSON:test_create_image_from_stopped_server): 200 GET http://10.180.1.21/compute/v2.1/servers/8fb7187b-854f-4a4b-8129-318705dfc170 0.121s
2025-05-14 09:51:41.891 70116 INFO tempest.lib.common.rest_client [req-b6ac654c-ed7b-4643-97ba-dd11a4e0253d req-b6ac654c-ed7b-4643-97ba-dd11a4e0253d ] Request (MultipleCreateTestJSON:test_multiple_create): 200 GET http://10.180.1.21/compute/v2.1/servers/03c9b0ef-ec95-4599-bd6f-7e0a8b57d6b5 0.107s
2025-05-14 09:51:41.899 70116 INFO tempest.common.waiters [-] State transition "BUILD/scheduling" ==> "BUILD/None" after 46 second wait
2025-05-14 09:51:41.920 70096 INFO tempest.lib.common.rest_client [req-3b7251aa-ac92-40dc-bfb5-382ec21bac65 req-3b7251aa-ac92-40dc-bfb5-382ec21bac65 ] Request (ServersNegativeTestJSON:setUpClass): 200 GET http://10.180.1.21/compute/v2.1/servers/53e86c03-079b-4918-b4a4-ea821a1be472 0.069s
2025-05-14 09:51:41.952 70128 INFO tempest.lib.common.rest_client [req-ea1fb3dd-d6f1-4287-8685-47f195605c83 req-ea1fb3dd-d6f1-4287-8685-47f195605c83 ] Request (ServerActionsTestJSON:setUpClass): 200 GET http://10.180.1.21/compute/v2.1/servers/efd32a38-36e0-4f4d-9822-870d28a618d4 0.097s
2025-05-14 09:51:41.994 70124 INFO tempest.lib.common.rest_client [req-3a9906a6-394b-464e-a34a-6310ba9809df req-3a9906a6-394b-464e-a34a-6310ba9809df ] Request (ServersTestMultiNic:test_verify_duplicate_network_nics): 200 GET http://10.180.1.21/compute/v2.1/servers/0995d66a-3324-45b9-afe9-660cc208a538 0.084s
2025-05-14 09:51:42.042 70132 INFO tempest.lib.common.rest_client [req-9cc2231c-3214-4e69-bf34-9e93cce90a07 req-9cc2231c-3214-4e69-bf34-9e93cce90a07 ] Request (ServersAdminNegativeTestJSON:tearDownClass): 200 GET http://10.180.1.21/compute/v2.1/servers/b407224d-c687-4351-9bcf-d7ff85ab0193 0.114s
2025-05-14 09:51:42.094 70126 INFO tempest.lib.common.rest_client [req-c0bd01ed-f6e0-4df2-b79c-326fccf0536a req-c0bd01ed-f6e0-4df2-b79c-326fccf0536a ] Request (ServersTestBootFromVolume:tearDownClass): 200 GET http://10.180.1.21/compute/v2.1/servers/0cd34a99-40c7-4603-aacf-80205275b852 0.082s
2025-05-14 09:51:42.204 70098 INFO tempest.lib.common.rest_client [req-b4164056-18c2-49c5-b135-c7d6ebba62e6 req-b4164056-18c2-49c5-b135-c7d6ebba62e6 ] Request (FloatingIPsAssociationTestJSON:test_associate_already_associated_floating_ip): 200 GET http://10.180.1.21/compute/v2.1/servers/27f67772-1f5c-4f13-89d0-bba7749ddb4e 0.077s
2025-05-14 09:51:42.204 70120 INFO tempest.lib.common.rest_client [req-37912c02-6f1e-46c4-9a9c-9434fb3e3420 req-37912c02-6f1e-46c4-9a9c-9434fb3e3420 ] Request (MigrationsAdminTest:test_list_migrations_in_flavor_resize_situation): 200 GET http://10.180.1.21/compute/v2.1/servers/5c1878eb-3c4b-49b8-89ba-9c51845204bd 0.142s
2025-05-14 09:51:42.320 70100 INFO tempest.lib.common.rest_client [req-c6825d52-58f4-466d-ada3-28c038037b88 req-c6825d52-58f4-466d-ada3-28c038037b88 ] Request (ServersListShow298Test:tearDownClass): 200 GET http://10.180.1.21/compute/v2.1/servers/443a8dc6-a88a-45e9-9a8c-f9976f91b821 0.102s
2025-05-14 09:51:42.335 70102 INFO tempest.lib.common.rest_client [req-72333a57-f127-481d-940d-c8913eb310b2 req-72333a57-f127-481d-940d-c8913eb310b2 ] Request (DeleteServersTestJSON:test_delete_active_server): 200 GET http://10.180.1.21/compute/v2.1/servers/c925370e-5981-40a2-a5df-7fe064ac3ce3 0.163s
2025-05-14 09:51:42.410 70090 INFO tempest.lib.common.rest_client [req-04092943-ae31-41fb-a448-cb3d4b9cffc7 req-04092943-ae31-41fb-a448-cb3d4b9cffc7 ] Request (ServersListShow296Test:test_list_show_update_rebuild_server_296): 200 GET http://10.180.1.21/compute/v2.1/servers/d20937ea-1aa4-4dda-ac22-cf61aa680965 0.170s
2025-05-14 09:51:42.466 70104 INFO tempest.lib.common.rest_client [req-2a246167-ac50-4bb3-a9eb-5eba4758cdd6 req-2a246167-ac50-4bb3-a9eb-5eba4758cdd6 ] Request (ServerMetadataTestJSON:setUpClass): 200 GET http://10.180.1.21/compute/v2.1/servers/c8a10353-ce88-44fe-a358-52677478cb8b 0.188s
2025-05-14 09:51:42.518 70134 INFO tempest.lib.common.rest_client [req-4e3b0341-98e6-4d6a-b02d-5b4761f8e117 req-4e3b0341-98e6-4d6a-b02d-5b4761f8e117 ] Request (ImagesOneServerTestJSON:setUpClass): 200 GET http://10.180.1.21/compute/v2.1/servers/f2ff90a8-b170-4ecf-be0c-da88d3f3a158 0.215s
2025-05-14 09:51:42.576 70084 INFO tempest.lib.common.rest_client [req-4ac673dc-2dc0-4572-9f7c-619d0ee93122 req-4ac673dc-2dc0-4572-9f7c-619d0ee93122 ] Request (InstanceActionsV221TestJSON:test_get_list_deleted_instance_actions): 200 GET http://10.180.1.21/compute/v2.1/servers/3716320a-d067-4ad0-8284-424eb407f2ec 0.241s
2025-05-14 09:51:42.639 70110 INFO tempest.lib.common.rest_client [req-96bcd81f-c8a0-4ecd-89f5-a55e9bb0f5aa req-96bcd81f-c8a0-4ecd-89f5-a55e9bb0f5aa ] Request (DeleteServersAdminTestJSON:test_delete_server_while_in_error_state): 200 GET http://10.180.1.21/compute/v2.1/servers/2dee479a-0981-497c-afb9-6e66085e431f 0.276s
2025-05-14 09:51:42.646 70110 INFO tempest.common.waiters [-] State transition "ERROR/deleting" ==> "DELETED/None" after 4 second wait
2025-05-14 09:51:42.700 70113 INFO tempest.lib.common.rest_client [req-80460cea-b4d3-4aee-99bb-2021965bcec5 req-80460cea-b4d3-4aee-99bb-2021965bcec5 ] Request (AttachInterfacesUnderV243Test:test_add_remove_fixed_ip): 200 GET http://10.180.1.21/compute/v2.1/servers/dcae0c26-c079-4d7c-a321-df69cba40c3c 0.274s
2025-05-14 09:51:42.794 70092 INFO tempest.lib.common.rest_client [req-c16cb135-4779-4b71-b12b-ae2c63075774 req-c16cb135-4779-4b71-b12b-ae2c63075774 ] Request (ServersAdminTestJSON:setUpClass): 200 GET http://10.180.1.21/compute/v2.1/servers/173d2c12-a9e4-4ac7-9696-1a69a7ea0f10 0.356s
2025-05-14 09:51:42.851 70106 INFO tempest.lib.common.rest_client [req-12d74ec5-54e8-4480-9578-31e57f334bae req-12d74ec5-54e8-4480-9578-31e57f334bae ] Request (ServerGroupTestJSON:test_create_server_with_scheduler_hint_group): 200 GET http://10.180.1.21/compute/v2.1/servers/cae202f4-3111-4611-ad68-bfaac359bd8e 0.358s
2025-05-14 09:51:42.885 70122 INFO tempest.lib.common.rest_client [req-a2fad3ea-e525-4bc1-9750-4ced35c0c520 req-a2fad3ea-e525-4bc1-9750-4ced35c0c520 ] Request (ServerDiagnosticsV248Test:test_get_server_diagnostics): 200 GET http://10.180.1.21/compute/v2.1/servers/b4a45681-5bc0-47c4-8475-f067d7569765/diagnostics 0.613s
2025-05-14 09:51:42.907 70118 INFO tempest.lib.common.rest_client [req-d20a3c2b-8de9-46f2-bba8-bddf15cd5436 req-d20a3c2b-8de9-46f2-bba8-bddf15cd5436 ] Request (ServersTestJSON:setUpClass): 200 GET http://10.180.1.21/compute/v2.1/servers/d017056e-049d-4162-bc9f-fca50d73fbe0 0.402s
2025-05-14 09:51:42.959 70136 INFO tempest.lib.common.rest_client [req-b7c91faa-941d-4b13-954d-9a4cf1141b5c req-b7c91faa-941d-4b13-954d-9a4cf1141b5c ] Request (ListImageFiltersTestJSON:tearDownClass): 200 GET http://10.180.1.21/compute/v2.1/servers/029aa35a-3407-4d4f-9388-1978a073ecd2 0.277s
2025-05-14 09:51:42.968 70136 INFO tempest.common.waiters [-] State transition "ACTIVE/deleting" ==> "DELETED/None" after 3 second wait
2025-05-14 09:51:42.978 70094 INFO tempest.lib.common.rest_client [req-9f91d75f-7b44-41e3-9e11-31dfb7fd30a3 req-9f91d75f-7b44-41e3-9e11-31dfb7fd30a3 ] Request (ServersAdmin275Test:tearDownClass): 200 GET http://10.180.1.21/compute/v2.1/servers/c6473d46-cde3-401b-8654-a9013978b81b 0.272s
2025-05-14 09:51:43.024 70144 INFO tempest.lib.common.rest_client [req-c9727f8d-f43d-4d2b-a49f-47ca84070ff6 req-c9727f8d-f43d-4d2b-a49f-47ca84070ff6 ] Request (ServerShowV254Test:test_rebuild_server): 200 GET http://10.180.1.21/compute/v2.1/servers/bc2d5898-8c8a-477e-af14-c15f00eedb0d 0.268s
2025-05-14 09:51:43.047 70138 INFO tempest.lib.common.rest_client [req-340a621b-ff60-4410-9468-097001c42217 req-340a621b-ff60-4410-9468-097001c42217 ] Request (ImagesOneServerNegativeTestJSON:_run_cleanups): 200 GET http://10.180.1.21/compute/v2.1/servers/4e574bef-58f7-4fe3-9f0f-c76854082912 0.275s
2025-05-14 09:51:43.101 70108 INFO tempest.lib.common.rest_client [req-2fded5cb-f5b1-4468-aac0-d1bf398647fa req-2fded5cb-f5b1-4468-aac0-d1bf398647fa ] Request (ServersWithSpecificFlavorTestJSON:test_verify_created_server_ephemeral_disk): 200 GET http://10.180.1.21/compute/v2.1/servers/781604b4-a4c8-4b37-952d-e142265212da 0.253s
2025-05-14 09:51:43.107 70086 INFO tempest.lib.common.rest_client [req-61d552c1-d2eb-4214-a963-f660e1069bd4 req-61d552c1-d2eb-4214-a963-f660e1069bd4 ] Request (ImagesTestJSON:test_create_image_from_stopped_server): 200 GET http://10.180.1.21/compute/v2.1/servers/8fb7187b-854f-4a4b-8129-318705dfc170 0.245s
2025-05-14 09:51:43.160 70116 INFO tempest.lib.common.rest_client [req-73c0f4a0-9827-4c06-b518-d8211b638b87 req-73c0f4a0-9827-4c06-b518-d8211b638b87 ] Request (MultipleCreateTestJSON:test_multiple_create): 200 GET http://10.180.1.21/compute/v2.1/servers/03c9b0ef-ec95-4599-bd6f-7e0a8b57d6b5 0.260s
2025-05-14 09:51:43.188 70122 INFO tempest.lib.common.rest_client [req-6c4dfc61-1b74-48f1-8ed2-3d6f664b5e58 req-6c4dfc61-1b74-48f1-8ed2-3d6f664b5e58 ] Request (ServerDiagnosticsV248Test:tearDownClass): 204 DELETE http://10.180.1.21/compute/v2.1/servers/b4a45681-5bc0-47c4-8475-f067d7569765 0.294s
2025-05-14 09:51:43.245 70096 INFO tempest.lib.common.rest_client [req-bb04e914-f5cf-44ae-a10c-2d5974fe4e62 req-bb04e914-f5cf-44ae-a10c-2d5974fe4e62 ] Request (ServersNegativeTestJSON:setUpClass): 200 GET http://10.180.1.21/compute/v2.1/servers/53e86c03-079b-4918-b4a4-ea821a1be472 0.315s
2025-05-14 09:51:43.249 70128 INFO tempest.lib.common.rest_client [req-9632639b-eb9b-415f-a257-f4d57a2bdfcb req-9632639b-eb9b-415f-a257-f4d57a2bdfcb ] Request (ServerActionsTestJSON:setUpClass): 200 GET http://10.180.1.21/compute/v2.1/servers/efd32a38-36e0-4f4d-9822-870d28a618d4 0.287s
2025-05-14 09:51:43.271 70132 INFO tempest.lib.common.rest_client [req-c9d8dfd3-b9df-40b3-84a1-5bd069bfdd56 req-c9d8dfd3-b9df-40b3-84a1-5bd069bfdd56 ] Request (ServersAdminNegativeTestJSON:tearDownClass): 404 GET http://10.180.1.21/compute/v2.1/servers/b407224d-c687-4351-9bcf-d7ff85ab0193 0.221s
2025-05-14 09:51:43.297 70124 INFO tempest.lib.common.rest_client [req-db6ace73-5ace-42d0-ad44-e6700e688630 req-db6ace73-5ace-42d0-ad44-e6700e688630 ] Request (ServersTestMultiNic:test_verify_duplicate_network_nics): 200 GET http://10.180.1.21/compute/v2.1/servers/0995d66a-3324-45b9-afe9-660cc208a538 0.295s
2025-05-14 09:51:43.327 70126 INFO tempest.lib.common.rest_client [req-68820700-fa2e-48bf-a8dd-fa88f6c9668b req-68820700-fa2e-48bf-a8dd-fa88f6c9668b ] Request (ServersTestBootFromVolume:tearDownClass): 200 GET http://10.180.1.21/compute/v2.1/servers/0cd34a99-40c7-4603-aacf-80205275b852 0.223s
2025-05-14 09:51:43.346 70122 INFO tempest.lib.common.rest_client [req-4693933b-c945-4647-9bd9-1ae75acca017 req-4693933b-c945-4647-9bd9-1ae75acca017 ] Request (ServerDiagnosticsV248Test:tearDownClass): 200 GET http://10.180.1.21/compute/v2.1/servers/b4a45681-5bc0-47c4-8475-f067d7569765 0.157s
2025-05-14 09:51:43.395 70098 INFO tempest.lib.common.rest_client [req-c4eb241c-2684-47ed-b54b-c29ab704406c req-c4eb241c-2684-47ed-b54b-c29ab704406c ] Request (FloatingIPsAssociationTestJSON:test_associate_already_associated_floating_ip): 200 GET http://10.180.1.21/compute/v2.1/servers/27f67772-1f5c-4f13-89d0-bba7749ddb4e 0.182s
2025-05-14 09:51:43.431 70120 INFO tempest.lib.common.rest_client [req-3c53f32c-e88a-45ca-b812-e563863ac448 req-3c53f32c-e88a-45ca-b812-e563863ac448 ] Request (MigrationsAdminTest:test_list_migrations_in_flavor_resize_situation): 200 GET http://10.180.1.21/compute/v2.1/servers/5c1878eb-3c4b-49b8-89ba-9c51845204bd 0.218s
2025-05-14 09:51:43.463 70132 INFO tempest.lib.common.rest_client [req-857b4dfa-9a36-4bc3-81e0-aa2e9535db60 req-857b4dfa-9a36-4bc3-81e0-aa2e9535db60 ] Request (ServersAdminNegativeTestJSON:tearDownClass): 204 DELETE http://10.180.1.21/compute/v2.1/servers/bcfea8dc-1327-4e91-b5fb-5183146af199 0.191s
2025-05-14 09:51:43.502 70100 INFO tempest.lib.common.rest_client [req-70b1dd4e-0a68-414f-9da5-b95bcd77497b req-70b1dd4e-0a68-414f-9da5-b95bcd77497b ] Request (ServersListShow298Test:tearDownClass): 200 GET http://10.180.1.21/compute/v2.1/servers/443a8dc6-a88a-45e9-9a8c-f9976f91b821 0.169s
2025-05-14 09:51:43.535 70142 WARNING tempest.lib.common.ssh [-] Failed to establish authenticated ssh connection to cirros@10.180.180.230 ([Errno None] Unable to connect to port 22 on 10.180.180.230). Number attempts: 4. Retry after 5 seconds.: paramiko.ssh_exception.NoValidConnectionsError: [Errno None] Unable to connect to port 22 on 10.180.180.230
2025-05-14 09:51:43.576 70090 INFO tempest.lib.common.rest_client [req-eb0c9920-1c6a-4464-ab97-a08726a03ede req-eb0c9920-1c6a-4464-ab97-a08726a03ede ] Request (ServersListShow296Test:test_list_show_update_rebuild_server_296): 200 GET http://10.180.1.21/compute/v2.1/servers/d20937ea-1aa4-4dda-ac22-cf61aa680965 0.153s
2025-05-14 09:51:43.591 70102 INFO tempest.lib.common.rest_client [req-78882ee8-b40b-4723-a3b8-1af8ca93dba5 req-78882ee8-b40b-4723-a3b8-1af8ca93dba5 ] Request (DeleteServersTestJSON:test_delete_active_server): 200 GET http://10.180.1.21/compute/v2.1/servers/c925370e-5981-40a2-a5df-7fe064ac3ce3 0.247s
2025-05-14 09:51:43.649 70104 INFO tempest.lib.common.rest_client [req-b18e2547-3ed1-4447-8b38-1f93b74f1412 req-b18e2547-3ed1-4447-8b38-1f93b74f1412 ] Request (ServerMetadataTestJSON:setUpClass): 200 GET http://10.180.1.21/compute/v2.1/servers/c8a10353-ce88-44fe-a358-52677478cb8b 0.175s
2025-05-14 09:51:43.711 70134 INFO tempest.lib.common.rest_client [req-88ec11c5-42b7-4504-8caa-90b602d35cd9 req-88ec11c5-42b7-4504-8caa-90b602d35cd9 ] Request (ImagesOneServerTestJSON:setUpClass): 200 GET http://10.180.1.21/compute/v2.1/servers/f2ff90a8-b170-4ecf-be0c-da88d3f3a158 0.182s
2025-05-14 09:51:43.714 70132 INFO tempest.lib.common.rest_client [req-77983e61-0b02-4d39-ae72-dd8aae803de5 req-77983e61-0b02-4d39-ae72-dd8aae803de5 ] Request (ServersAdminNegativeTestJSON:tearDownClass): 200 GET http://10.180.1.21/compute/v2.1/servers/bcfea8dc-1327-4e91-b5fb-5183146af199 0.250s
2025-05-14 09:51:43.761 70084 INFO tempest.lib.common.rest_client [req-75aa8b4c-b2a8-49a3-a57d-81ea52fb95f5 req-75aa8b4c-b2a8-49a3-a57d-81ea52fb95f5 ] Request (InstanceActionsV221TestJSON:test_get_list_deleted_instance_actions): 200 GET http://10.180.1.21/compute/v2.1/servers/3716320a-d067-4ad0-8284-424eb407f2ec 0.172s
2025-05-14 09:51:43.773 70110 INFO tempest.lib.common.rest_client [req-2e5a3fe9-d024-4968-ac78-c067e8842bf5 req-2e5a3fe9-d024-4968-ac78-c067e8842bf5 ] Request (DeleteServersAdminTestJSON:test_delete_server_while_in_error_state): 200 GET http://10.180.1.21/compute/v2.1/servers/2dee479a-0981-497c-afb9-6e66085e431f 0.126s
2025-05-14 09:51:43.806 70113 INFO tempest.lib.common.rest_client [req-2b5cbc9a-cee7-4049-8b5d-27e8a1fcdfb5 req-2b5cbc9a-cee7-4049-8b5d-27e8a1fcdfb5 ] Request (AttachInterfacesUnderV243Test:test_add_remove_fixed_ip): 200 GET http://10.180.1.21/compute/v2.1/servers/dcae0c26-c079-4d7c-a321-df69cba40c3c 0.098s
2025-05-14 09:51:43.887 70092 INFO tempest.lib.common.rest_client [req-4e752944-ff4f-4e98-9b65-ff42478d5d01 req-4e752944-ff4f-4e98-9b65-ff42478d5d01 ] Request (ServersAdminTestJSON:setUpClass): 200 GET http://10.180.1.21/compute/v2.1/servers/173d2c12-a9e4-4ac7-9696-1a69a7ea0f10 0.085s
2025-05-14 09:51:43.905 70106 INFO tempest.lib.common.rest_client [req-27862f35-5f6b-4cf7-a390-4bba4bb5ca01 req-27862f35-5f6b-4cf7-a390-4bba4bb5ca01 ] Request (ServerGroupTestJSON:test_create_server_with_scheduler_hint_group): 200 GET http://10.180.1.21/compute/v2.1/servers/cae202f4-3111-4611-ad68-bfaac359bd8e 0.046s
2025-05-14 09:51:43.967 70118 INFO tempest.lib.common.rest_client [req-dfd6b18a-df37-41b1-a321-6c1ee8ea76b5 req-dfd6b18a-df37-41b1-a321-6c1ee8ea76b5 ] Request (ServersTestJSON:setUpClass): 200 GET http://10.180.1.21/compute/v2.1/servers/d017056e-049d-4162-bc9f-fca50d73fbe0 0.052s
2025-05-14 09:51:44.032 70136 INFO tempest.lib.common.rest_client [req-8d99e706-4168-4e99-b632-4af8c8dd17bd req-8d99e706-4168-4e99-b632-4af8c8dd17bd ] Request (ListImageFiltersTestJSON:tearDownClass): 200 GET http://10.180.1.21/compute/v2.1/servers/029aa35a-3407-4d4f-9388-1978a073ecd2 0.062s
2025-05-14 09:51:44.050 70094 INFO tempest.lib.common.rest_client [req-9c2ef7c4-0d7e-44b6-bfbe-0010f6f1d517 req-9c2ef7c4-0d7e-44b6-bfbe-0010f6f1d517 ] Request (ServersAdmin275Test:tearDownClass): 200 GET http://10.180.1.21/compute/v2.1/servers/c6473d46-cde3-401b-8654-a9013978b81b 0.060s
2025-05-14 09:51:44.088 70144 INFO tempest.lib.common.rest_client [req-a388b6b0-4cd7-4324-a183-ba6d8f0b08f6 req-a388b6b0-4cd7-4324-a183-ba6d8f0b08f6 ] Request (ServerShowV254Test:test_rebuild_server): 200 GET http://10.180.1.21/compute/v2.1/servers/bc2d5898-8c8a-477e-af14-c15f00eedb0d 0.051s
2025-05-14 09:51:44.114 70138 INFO tempest.lib.common.rest_client [req-ac5648b6-4b68-40df-99a3-62a794000ffd req-ac5648b6-4b68-40df-99a3-62a794000ffd ] Request (ImagesOneServerNegativeTestJSON:_run_cleanups): 200 GET http://10.180.1.21/compute/v2.1/servers/4e574bef-58f7-4fe3-9f0f-c76854082912 0.056s
2025-05-14 09:51:44.163 70108 INFO tempest.lib.common.rest_client [req-e614de89-236c-47b0-975f-096641b8b686 req-e614de89-236c-47b0-975f-096641b8b686 ] Request (ServersWithSpecificFlavorTestJSON:test_verify_created_server_ephemeral_disk): 200 GET http://10.180.1.21/compute/v2.1/servers/781604b4-a4c8-4b37-952d-e142265212da 0.053s
2025-05-14 09:51:44.169 70086 INFO tempest.lib.common.rest_client [req-a8f0c1fd-b0a8-4cd0-a4a2-9e3c949bae19 req-a8f0c1fd-b0a8-4cd0-a4a2-9e3c949bae19 ] Request (ImagesTestJSON:test_create_image_from_stopped_server): 200 GET http://10.180.1.21/compute/v2.1/servers/8fb7187b-854f-4a4b-8129-318705dfc170 0.054s
2025-05-14 09:51:44.219 70116 INFO tempest.lib.common.rest_client [req-739cd265-1701-4025-ad46-2c747e18bcb8 req-739cd265-1701-4025-ad46-2c747e18bcb8 ] Request (MultipleCreateTestJSON:test_multiple_create): 200 GET http://10.180.1.21/compute/v2.1/servers/03c9b0ef-ec95-4599-bd6f-7e0a8b57d6b5 0.050s
2025-05-14 09:51:44.315 70096 INFO tempest.lib.common.rest_client [req-e71b2f9b-b849-4b9b-aa30-b66bfc9f6515 req-e71b2f9b-b849-4b9b-aa30-b66bfc9f6515 ] Request (ServersNegativeTestJSON:setUpClass): 200 GET http://10.180.1.21/compute/v2.1/servers/53e86c03-079b-4918-b4a4-ea821a1be472 0.059s
2025-05-14 09:51:44.322 70128 INFO tempest.lib.common.rest_client [req-0544010f-1fb6-4865-b7ae-346a06539da8 req-0544010f-1fb6-4865-b7ae-346a06539da8 ] Request (ServerActionsTestJSON:setUpClass): 200 GET http://10.180.1.21/compute/v2.1/servers/efd32a38-36e0-4f4d-9822-870d28a618d4 0.064s
2025-05-14 09:51:44.372 70124 INFO tempest.lib.common.rest_client [req-e0a08271-b2ec-45cb-ba57-1e8b7039e5dc req-e0a08271-b2ec-45cb-ba57-1e8b7039e5dc ] Request (ServersTestMultiNic:test_verify_duplicate_network_nics): 200 GET http://10.180.1.21/compute/v2.1/servers/0995d66a-3324-45b9-afe9-660cc208a538 0.067s
2025-05-14 09:51:44.398 70126 INFO tempest.lib.common.rest_client [req-78a4b04e-532f-460d-b4f1-223622981394 req-78a4b04e-532f-460d-b4f1-223622981394 ] Request (ServersTestBootFromVolume:tearDownClass): 200 GET http://10.180.1.21/compute/v2.1/servers/0cd34a99-40c7-4603-aacf-80205275b852 0.064s
2025-05-14 09:51:44.443 70122 INFO tempest.lib.common.rest_client [req-fd99d737-5643-4e57-a1be-4b0b516c05ef req-fd99d737-5643-4e57-a1be-4b0b516c05ef ] Request (ServerDiagnosticsV248Test:tearDownClass): 200 GET http://10.180.1.21/compute/v2.1/servers/b4a45681-5bc0-47c4-8475-f067d7569765 0.085s
2025-05-14 09:51:44.455 70098 INFO tempest.lib.common.rest_client [req-7ed2ae11-8296-4886-94fe-f5939c66a23d req-7ed2ae11-8296-4886-94fe-f5939c66a23d ] Request (FloatingIPsAssociationTestJSON:test_associate_already_associated_floating_ip): 200 GET http://10.180.1.21/compute/v2.1/servers/27f67772-1f5c-4f13-89d0-bba7749ddb4e 0.052s
2025-05-14 09:51:44.543 70120 INFO tempest.lib.common.rest_client [req-42b2a0ba-65ff-4a32-b690-95b4d468d8bc req-42b2a0ba-65ff-4a32-b690-95b4d468d8bc ] Request (MigrationsAdminTest:test_list_migrations_in_flavor_resize_situation): 200 GET http://10.180.1.21/compute/v2.1/servers/5c1878eb-3c4b-49b8-89ba-9c51845204bd 0.104s
2025-05-14 09:51:44.605 70100 INFO tempest.lib.common.rest_client [req-71cf4b1b-f79b-4424-b473-e6bb60941b6e req-71cf4b1b-f79b-4424-b473-e6bb60941b6e ] Request (ServersListShow298Test:tearDownClass): 200 GET http://10.180.1.21/compute/v2.1/servers/443a8dc6-a88a-45e9-9a8c-f9976f91b821 0.091s
2025-05-14 09:51:44.651 70090 INFO tempest.lib.common.rest_client [req-3eb5020f-fcd2-4bcf-adc8-ee998c6e0b6a req-3eb5020f-fcd2-4bcf-adc8-ee998c6e0b6a ] Request (ServersListShow296Test:test_list_show_update_rebuild_server_296): 200 GET http://10.180.1.21/compute/v2.1/servers/d20937ea-1aa4-4dda-ac22-cf61aa680965 0.064s
2025-05-14 09:51:44.659 70102 INFO tempest.lib.common.rest_client [req-5f0dbad9-72f9-4c84-8f3d-b0ba20ce1680 req-5f0dbad9-72f9-4c84-8f3d-b0ba20ce1680 ] Request (DeleteServersTestJSON:test_delete_active_server): 200 GET http://10.180.1.21/compute/v2.1/servers/c925370e-5981-40a2-a5df-7fe064ac3ce3 0.051s
2025-05-14 09:51:44.713 70104 INFO tempest.lib.common.rest_client [req-d87af01a-4d7b-40f8-a8e3-0d3c21ef11e3 req-d87af01a-4d7b-40f8-a8e3-0d3c21ef11e3 ] Request (ServerMetadataTestJSON:setUpClass): 200 GET http://10.180.1.21/compute/v2.1/servers/c8a10353-ce88-44fe-a358-52677478cb8b 0.055s
2025-05-14 09:51:44.779 70134 INFO tempest.lib.common.rest_client [req-8c312586-8a3b-40b9-8321-d93e8d57ef1a req-8c312586-8a3b-40b9-8321-d93e8d57ef1a ] Request (ImagesOneServerTestJSON:setUpClass): 200 GET http://10.180.1.21/compute/v2.1/servers/f2ff90a8-b170-4ecf-be0c-da88d3f3a158 0.057s
2025-05-14 09:51:44.838 70084 INFO tempest.lib.common.rest_client [req-54344076-7bd6-4e66-851b-c819abb98428 req-54344076-7bd6-4e66-851b-c819abb98428 ] Request (InstanceActionsV221TestJSON:test_get_list_deleted_instance_actions): 200 GET http://10.180.1.21/compute/v2.1/servers/3716320a-d067-4ad0-8284-424eb407f2ec 0.067s
2025-05-14 09:51:44.851 70132 INFO tempest.lib.common.rest_client [req-08840c3e-1e7a-4cef-8ea0-f3a3cca46cb9 req-08840c3e-1e7a-4cef-8ea0-f3a3cca46cb9 ] Request (ServersAdminNegativeTestJSON:tearDownClass): 200 GET http://10.180.1.21/compute/v2.1/servers/bcfea8dc-1327-4e91-b5fb-5183146af199 0.128s
2025-05-14 09:51:44.910 70113 INFO tempest.lib.common.rest_client [req-06f5fd9f-6bdd-41fe-8dff-63994c4aed9c req-06f5fd9f-6bdd-41fe-8dff-63994c4aed9c ] Request (AttachInterfacesUnderV243Test:test_add_remove_fixed_ip): 200 GET http://10.180.1.21/compute/v2.1/servers/dcae0c26-c079-4d7c-a321-df69cba40c3c 0.094s
2025-05-14 09:51:44.912 70110 INFO tempest.lib.common.rest_client [req-4328e4c0-6775-488d-99a8-47d875dec171 req-4328e4c0-6775-488d-99a8-47d875dec171 ] Request (DeleteServersAdminTestJSON:test_delete_server_while_in_error_state): 200 GET http://10.180.1.21/compute/v2.1/servers/2dee479a-0981-497c-afb9-6e66085e431f 0.131s
2025-05-14 09:51:44.985 70106 INFO tempest.lib.common.rest_client [req-5d8683fe-48d2-4074-87e3-a8f06503de94 req-5d8683fe-48d2-4074-87e3-a8f06503de94 ] Request (ServerGroupTestJSON:test_create_server_with_scheduler_hint_group): 200 GET http://10.180.1.21/compute/v2.1/servers/cae202f4-3111-4611-ad68-bfaac359bd8e 0.072s
2025-05-14 09:51:45.026 70092 INFO tempest.lib.common.rest_client [req-8b85269b-4f2f-4fb3-afc1-e4060eadc78a req-8b85269b-4f2f-4fb3-afc1-e4060eadc78a ] Request (ServersAdminTestJSON:setUpClass): 200 GET http://10.180.1.21/compute/v2.1/servers/173d2c12-a9e4-4ac7-9696-1a69a7ea0f10 0.129s
2025-05-14 09:51:45.046 70118 INFO tempest.lib.common.rest_client [req-96ee3f36-e23f-4fb9-8d54-97d07bf3096e req-96ee3f36-e23f-4fb9-8d54-97d07bf3096e ] Request (ServersTestJSON:setUpClass): 200 GET http://10.180.1.21/compute/v2.1/servers/d017056e-049d-4162-bc9f-fca50d73fbe0 0.072s
2025-05-14 09:51:45.125 70136 INFO tempest.lib.common.rest_client [req-d4b9763b-a923-4aa8-b834-b0c4abce4791 req-d4b9763b-a923-4aa8-b834-b0c4abce4791 ] Request (ListImageFiltersTestJSON:tearDownClass): 200 GET http://10.180.1.21/compute/v2.1/servers/029aa35a-3407-4d4f-9388-1978a073ecd2 0.085s
2025-05-14 09:51:45.139 70094 INFO tempest.lib.common.rest_client [req-983d7475-c4aa-4d74-bd59-51900f5fff12 req-983d7475-c4aa-4d74-bd59-51900f5fff12 ] Request (ServersAdmin275Test:tearDownClass): 200 GET http://10.180.1.21/compute/v2.1/servers/c6473d46-cde3-401b-8654-a9013978b81b 0.080s
2025-05-14 09:51:45.158 70138 INFO tempest.lib.common.rest_client [req-3e78c21a-0d80-468a-86d0-efbdaf939b0e req-3e78c21a-0d80-468a-86d0-efbdaf939b0e ] Request (ImagesOneServerNegativeTestJSON:_run_cleanups): 404 GET http://10.180.1.21/compute/v2.1/servers/4e574bef-58f7-4fe3-9f0f-c76854082912 0.036s
2025-05-14 09:51:45.186 70144 INFO tempest.lib.common.rest_client [req-985a3fbb-8c13-4696-8f1c-96a22530f2f5 req-985a3fbb-8c13-4696-8f1c-96a22530f2f5 ] Request (ServerShowV254Test:test_rebuild_server): 200 GET http://10.180.1.21/compute/v2.1/servers/bc2d5898-8c8a-477e-af14-c15f00eedb0d 0.087s
2025-05-14 09:51:45.200 70138 INFO tempest.lib.common.rest_client [req-dd35877d-e8b5-4316-9f89-95b8fddc9f39 req-dd35877d-e8b5-4316-9f89-95b8fddc9f39 ] Request (ImagesOneServerNegativeTestJSON:_run_cleanups): 200 POST http://10.180.1.21/compute/v2.1/os-keypairs 0.040s
2025-05-14 09:51:45.246 70108 INFO tempest.lib.common.rest_client [req-89981d27-e7a1-47da-a7fe-7fbd0ed5f742 req-89981d27-e7a1-47da-a7fe-7fbd0ed5f742 ] Request (ServersWithSpecificFlavorTestJSON:test_verify_created_server_ephemeral_disk): 200 GET http://10.180.1.21/compute/v2.1/servers/781604b4-a4c8-4b37-952d-e142265212da 0.074s
2025-05-14 09:51:45.255 70086 INFO tempest.lib.common.rest_client [req-ec98400a-e465-4d00-8378-9e78debf3575 req-ec98400a-e465-4d00-8378-9e78debf3575 ] Request (ImagesTestJSON:test_create_image_from_stopped_server): 200 GET http://10.180.1.21/compute/v2.1/servers/8fb7187b-854f-4a4b-8129-318705dfc170 0.077s
2025-05-14 09:51:45.297 70138 INFO tempest.lib.common.rest_client [req-1639a141-0132-4283-a928-9361e455926d req-1639a141-0132-4283-a928-9361e455926d ] Request (ImagesOneServerNegativeTestJSON:_run_cleanups): 201 POST http://10.180.1.21:9696/networking/v2.0/security-groups 0.095s
2025-05-14 09:51:45.305 70116 INFO tempest.lib.common.rest_client [req-addeb7ad-e68a-4000-bfc5-aca6f60d1b74 req-addeb7ad-e68a-4000-bfc5-aca6f60d1b74 ] Request (MultipleCreateTestJSON:test_multiple_create): 200 GET http://10.180.1.21/compute/v2.1/servers/03c9b0ef-ec95-4599-bd6f-7e0a8b57d6b5 0.078s
2025-05-14 09:51:45.392 70096 INFO tempest.lib.common.rest_client [req-dcb6e085-c50c-42bf-bd1c-47c550e72f56 req-dcb6e085-c50c-42bf-bd1c-47c550e72f56 ] Request (ServersNegativeTestJSON:setUpClass): 200 GET http://10.180.1.21/compute/v2.1/servers/53e86c03-079b-4918-b4a4-ea821a1be472 0.068s
