2025-05-14 09:51:51.512 70104 INFO tempest.lib.common.rest_client [req-3f985013-bebb-48d8-a51a-f5e4d885aaa7 req-3f985013-bebb-48d8-a51a-f5e4d885aaa7 ] Request (ServerMetadataTestJSON:setUpClass): 200 GET http://10.180.1.21/compute/v2.1/servers/c8a10353-ce88-44fe-a358-52677478cb8b 0.163s
2025-05-14 09:51:51.540 70120 INFO tempest.lib.common.rest_client [req-166c0a6a-8d86-4c1f-af5c-0832dc7af7b5 req-166c0a6a-8d86-4c1f-af5c-0832dc7af7b5 ] Request (MigrationsAdminTest:test_list_migrations_in_flavor_resize_situation): 200 GET http://10.180.1.21/compute/v2.1/servers/5c1878eb-3c4b-49b8-89ba-9c51845204bd 0.226s
2025-05-14 09:51:51.565 70102 INFO tempest.lib.common.rest_client [req-a68fe196-6581-4e8a-b8cb-2b1d6095c2b2 req-a68fe196-6581-4e8a-b8cb-2b1d6095c2b2 ] Request (DeleteServersTestJSON:test_delete_active_server): 200 GET http://10.180.1.21/compute/v2.1/servers/c925370e-5981-40a2-a5df-7fe064ac3ce3 0.201s
2025-05-14 09:51:51.578 70092 INFO tempest.lib.common.rest_client [req-56a69036-8906-413d-80ae-0c348973f70f req-56a69036-8906-413d-80ae-0c348973f70f ] Request (ServersAdminTestJSON:test_create_server_with_scheduling_hint): 200 GET http://10.180.1.21/compute/v2.1/servers/de682e9a-77cf-41e8-9378-459074854566 0.181s
2025-05-14 09:51:51.616 70134 INFO tempest.lib.common.rest_client [req-be257215-74ef-4ba3-8e09-ad5b9e1ab9d9 req-be257215-74ef-4ba3-8e09-ad5b9e1ab9d9 ] Request (ImagesOneServerTestJSON:setUpClass): 200 GET http://10.180.1.21/compute/v2.1/servers/f2ff90a8-b170-4ecf-be0c-da88d3f3a158 0.210s
2025-05-14 09:51:51.626 70084 INFO tempest.lib.common.rest_client [req-efd96830-29b1-4ed8-858e-1aaf70a6d9b0 req-efd96830-29b1-4ed8-858e-1aaf70a6d9b0 ] Request (InstanceActionsV221TestJSON:test_get_list_deleted_instance_actions): 200 GET http://10.180.1.21/compute/v2.1/servers/3716320a-d067-4ad0-8284-424eb407f2ec 0.201s
2025-05-14 09:51:51.673 70132 INFO tempest.lib.common.rest_client [req-284fcfed-7c79-4abe-968e-e02f29ce0b9e req-284fcfed-7c79-4abe-968e-e02f29ce0b9e ] Request (ServersAdminNegativeTestJSON:tearDownClass): 200 GET http://10.180.1.21/compute/v2.1/servers/bcfea8dc-1327-4e91-b5fb-5183146af199 0.210s
2025-05-14 09:51:51.679 70113 INFO tempest.lib.common.rest_client [req-ed134e01-cade-4a16-94f0-37953aa2ead8 req-ed134e01-cade-4a16-94f0-37953aa2ead8 ] Request (AttachInterfacesUnderV243Test:test_add_remove_fixed_ip): 200 GET http://10.180.1.21/compute/v2.1/servers/dcae0c26-c079-4d7c-a321-df69cba40c3c 0.204s
2025-05-14 09:51:51.725 70106 INFO tempest.lib.common.rest_client [req-24e1ca8b-91ad-4a71-b89f-b09581aff072 req-24e1ca8b-91ad-4a71-b89f-b09581aff072 ] Request (ServerGroupTestJSON:test_create_server_with_scheduler_hint_group): 200 GET http://10.180.1.21/compute/v2.1/servers/cae202f4-3111-4611-ad68-bfaac359bd8e 0.216s
2025-05-14 09:51:51.739 70110 INFO tempest.lib.common.rest_client [req-a4f24c1a-f33a-4e32-be11-11e83258e6cb req-a4f24c1a-f33a-4e32-be11-11e83258e6cb ] Request (DeleteServersAdminTestJSON:test_delete_server_while_in_error_state): 200 GET http://10.180.1.21/compute/v2.1/servers/2dee479a-0981-497c-afb9-6e66085e431f 0.205s
2025-05-14 09:51:52.013 70118 INFO tempest.lib.common.rest_client [req-8d4cb7a4-5118-4e71-ac40-8242458d6ca7 req-8d4cb7a4-5118-4e71-ac40-8242458d6ca7 ] Request (ServersTestJSON:setUpClass): 200 GET http://10.180.1.21/compute/v2.1/servers/d017056e-049d-4162-bc9f-fca50d73fbe0 0.451s
2025-05-14 09:51:52.026 70136 INFO tempest.lib.common.rest_client [req-642e6e72-7be7-4074-8d1e-3037534cce60 req-642e6e72-7be7-4074-8d1e-3037534cce60 ] Request (ListImageFiltersTestJSON:tearDownClass): 200 GET http://10.180.1.21/compute/v2.1/servers/029aa35a-3407-4d4f-9388-1978a073ecd2 0.433s
2025-05-14 09:51:52.084 70144 INFO tempest.lib.common.rest_client [req-00a0af4e-5f12-477d-9370-10616a866c71 req-00a0af4e-5f12-477d-9370-10616a866c71 ] Request (ServerShowV254Test:test_rebuild_server): 200 GET http://10.180.1.21/compute/v2.1/servers/bc2d5898-8c8a-477e-af14-c15f00eedb0d 0.439s
2025-05-14 09:51:52.089 70086 INFO tempest.lib.common.rest_client [req-10cde84b-d9dc-4713-b6b7-e6cf3906cc35 req-10cde84b-d9dc-4713-b6b7-e6cf3906cc35 ] Request (ImagesTestJSON:test_create_image_from_stopped_server): 200 GET http://10.180.1.21/compute/v2.1/servers/8fb7187b-854f-4a4b-8129-318705dfc170 0.386s
2025-05-14 09:51:52.159 70094 INFO tempest.lib.common.rest_client [req-6f5035ee-dcb4-4341-ac27-588ab5625816 req-6f5035ee-dcb4-4341-ac27-588ab5625816 ] Request (ServersAdmin275Test:tearDownClass): 200 GET http://10.180.1.21/compute/v2.1/servers/c6473d46-cde3-401b-8654-a9013978b81b 0.336s
2025-05-14 09:51:52.178 70116 INFO tempest.lib.common.rest_client [req-f2116617-697b-42db-b0f2-616c8ac464fd req-f2116617-697b-42db-b0f2-616c8ac464fd ] Request (MultipleCreateTestJSON:test_multiple_create): 200 GET http://10.180.1.21/compute/v2.1/servers/03c9b0ef-ec95-4599-bd6f-7e0a8b57d6b5 0.302s
2025-05-14 09:51:52.218 70108 INFO tempest.lib.common.rest_client [req-d3c691d4-03ff-4f77-884c-4f0672b6fac2 req-d3c691d4-03ff-4f77-884c-4f0672b6fac2 ] Request (ServersWithSpecificFlavorTestJSON:test_verify_created_server_ephemeral_disk): 200 GET http://10.180.1.21/compute/v2.1/servers/781604b4-a4c8-4b37-952d-e142265212da 0.297s
2025-05-14 09:51:52.271 70128 INFO tempest.lib.common.rest_client [req-d448ea53-5724-4b17-aaf7-3da8f4dc49ad req-d448ea53-5724-4b17-aaf7-3da8f4dc49ad ] Request (ServerActionsTestJSON:setUpClass): 200 GET http://10.180.1.21/compute/v2.1/servers/efd32a38-36e0-4f4d-9822-870d28a618d4 0.268s
2025-05-14 09:51:52.329 70124 INFO tempest.lib.common.rest_client [req-951ca653-76a5-4939-bc39-40f73cd881dc req-951ca653-76a5-4939-bc39-40f73cd881dc ] Request (ServersTestMultiNic:test_verify_duplicate_network_nics): 200 GET http://10.180.1.21/compute/v2.1/servers/0995d66a-3324-45b9-afe9-660cc208a538 0.317s
2025-05-14 09:51:52.337 70096 INFO tempest.lib.common.rest_client [req-b49ed9ba-c8ea-41e6-bc29-2b0eee52322d req-b49ed9ba-c8ea-41e6-bc29-2b0eee52322d ] Request (ServersNegativeTestJSON:setUpClass): 200 GET http://10.180.1.21/compute/v2.1/servers/53e86c03-079b-4918-b4a4-ea821a1be472 0.396s
2025-05-14 09:51:52.340 70124 INFO tempest.common.waiters [-] State transition "BUILD/scheduling" ==> "BUILD/None" after 46 second wait
2025-05-14 09:51:52.345 70096 INFO tempest.common.waiters [-] State transition "BUILD/networking" ==> "BUILD/spawning" after 77 second wait
2025-05-14 09:51:52.393 70090 INFO tempest.lib.common.rest_client [req-534b9468-72b5-4794-8008-7ee1841a86a5 req-534b9468-72b5-4794-8008-7ee1841a86a5 ] Request (ServersListShow296Test:test_list_show_update_rebuild_server_296): 200 GET http://10.180.1.21/compute/v2.1/servers/d20937ea-1aa4-4dda-ac22-cf61aa680965 0.309s
2025-05-14 09:51:52.404 70090 INFO tempest.common.waiters [-] State transition "REBUILD/rebuilding" ==> "REBUILD/rebuild_spawning" after 4 second wait
2025-05-14 09:51:52.414 70126 INFO tempest.lib.common.rest_client [req-12a1f978-2eb7-4442-882f-6f29b5ea0bd9 req-12a1f978-2eb7-4442-882f-6f29b5ea0bd9 ] Request (ServersTestBootFromVolume:tearDownClass): 200 GET http://10.180.1.21/compute/v2.1/servers/0cd34a99-40c7-4603-aacf-80205275b852 0.255s
2025-05-14 09:51:52.454 70122 INFO tempest.lib.common.rest_client [req-912f59b7-3b60-416f-866d-bfc88104e978 req-912f59b7-3b60-416f-866d-bfc88104e978 ] Request (ServerDiagnosticsV248Test:tearDownClass): 200 GET http://10.180.1.21/compute/v2.1/servers/b4a45681-5bc0-47c4-8475-f067d7569765 0.239s
2025-05-14 09:51:52.465 70138 INFO tempest.lib.common.rest_client [req-93d8cdd9-8340-4d73-9541-48bc2ad0b125 req-93d8cdd9-8340-4d73-9541-48bc2ad0b125 ] Request (ImagesOneServerNegativeTestJSON:_run_cleanups): 200 GET http://10.180.1.21/compute/v2.1/servers/726dc81d-4f0f-48cd-934f-736b09764dc1 0.195s
2025-05-14 09:51:52.504 70098 INFO tempest.lib.common.rest_client [req-bd23a9ab-6acc-47d4-acbd-61c09b4ea301 req-bd23a9ab-6acc-47d4-acbd-61c09b4ea301 ] Request (FloatingIPsAssociationTestJSON:test_associate_already_associated_floating_ip): 200 GET http://10.180.1.21/compute/v2.1/servers/27f67772-1f5c-4f13-89d0-bba7749ddb4e 0.176s
2025-05-14 09:51:52.541 70100 INFO tempest.lib.common.rest_client [req-facb2f77-af7d-48f4-9d4e-df3043c1b437 req-facb2f77-af7d-48f4-9d4e-df3043c1b437 ] Request (ServersListShow298Test:tearDownClass): 200 GET http://10.180.1.21/compute/v2.1/servers/443a8dc6-a88a-45e9-9a8c-f9976f91b821 0.141s
2025-05-14 09:51:52.657 70104 INFO tempest.lib.common.rest_client [req-b9722014-8b62-4dab-bee4-77e844e9a22f req-b9722014-8b62-4dab-bee4-77e844e9a22f ] Request (ServerMetadataTestJSON:setUpClass): 200 GET http://10.180.1.21/compute/v2.1/servers/c8a10353-ce88-44fe-a358-52677478cb8b 0.137s
2025-05-14 09:51:52.688 70120 INFO tempest.lib.common.rest_client [req-520f8c72-b9a4-45e5-88b9-59c0a845e717 req-520f8c72-b9a4-45e5-88b9-59c0a845e717 ] Request (MigrationsAdminTest:test_list_migrations_in_flavor_resize_situation): 200 GET http://10.180.1.21/compute/v2.1/servers/5c1878eb-3c4b-49b8-89ba-9c51845204bd 0.140s
2025-05-14 09:51:52.715 70102 INFO tempest.lib.common.rest_client [req-47977462-160d-4f71-a790-88d132f08c83 req-47977462-160d-4f71-a790-88d132f08c83 ] Request (DeleteServersTestJSON:test_delete_active_server): 200 GET http://10.180.1.21/compute/v2.1/servers/c925370e-5981-40a2-a5df-7fe064ac3ce3 0.142s
2025-05-14 09:51:52.738 70092 INFO tempest.lib.common.rest_client [req-54fcdfcd-a39e-4768-9a37-77b42ee9f90f req-54fcdfcd-a39e-4768-9a37-77b42ee9f90f ] Request (ServersAdminTestJSON:test_create_server_with_scheduling_hint): 200 GET http://10.180.1.21/compute/v2.1/servers/de682e9a-77cf-41e8-9378-459074854566 0.153s
2025-05-14 09:51:52.762 70134 INFO tempest.lib.common.rest_client [req-93f953f1-c072-4208-b01c-4d24aa0298f4 req-93f953f1-c072-4208-b01c-4d24aa0298f4 ] Request (ImagesOneServerTestJSON:setUpClass): 200 GET http://10.180.1.21/compute/v2.1/servers/f2ff90a8-b170-4ecf-be0c-da88d3f3a158 0.136s
2025-05-14 09:51:52.792 70084 INFO tempest.lib.common.rest_client [req-e2207e81-6e92-41c5-8384-596634e7a0f7 req-e2207e81-6e92-41c5-8384-596634e7a0f7 ] Request (InstanceActionsV221TestJSON:test_get_list_deleted_instance_actions): 200 GET http://10.180.1.21/compute/v2.1/servers/3716320a-d067-4ad0-8284-424eb407f2ec 0.157s
2025-05-14 09:51:52.824 70132 INFO tempest.lib.common.rest_client [req-d7447900-d6d5-4944-a6cb-bdeb06b4b6f0 req-d7447900-d6d5-4944-a6cb-bdeb06b4b6f0 ] Request (ServersAdminNegativeTestJSON:tearDownClass): 200 GET http://10.180.1.21/compute/v2.1/servers/bcfea8dc-1327-4e91-b5fb-5183146af199 0.143s
2025-05-14 09:51:52.838 70113 INFO tempest.lib.common.rest_client [req-0d8d6cfe-7d6a-447e-87b6-338231639ce3 req-0d8d6cfe-7d6a-447e-87b6-338231639ce3 ] Request (AttachInterfacesUnderV243Test:test_add_remove_fixed_ip): 200 GET http://10.180.1.21/compute/v2.1/servers/dcae0c26-c079-4d7c-a321-df69cba40c3c 0.150s
2025-05-14 09:51:52.871 70106 INFO tempest.lib.common.rest_client [req-23b4a438-5ee3-417a-bba1-1a9cb042502a req-23b4a438-5ee3-417a-bba1-1a9cb042502a ] Request (ServerGroupTestJSON:test_create_server_with_scheduler_hint_group): 200 GET http://10.180.1.21/compute/v2.1/servers/cae202f4-3111-4611-ad68-bfaac359bd8e 0.137s
2025-05-14 09:51:52.889 70110 INFO tempest.lib.common.rest_client [req-44f05ff3-1336-4f59-a523-57a4a730d0dc req-44f05ff3-1336-4f59-a523-57a4a730d0dc ] Request (DeleteServersAdminTestJSON:test_delete_server_while_in_error_state): 200 GET http://10.180.1.21/compute/v2.1/servers/2dee479a-0981-497c-afb9-6e66085e431f 0.142s
2025-05-14 09:51:53.083 70118 INFO tempest.lib.common.rest_client [req-740012ce-750d-4961-b795-15538265c123 req-740012ce-750d-4961-b795-15538265c123 ] Request (ServersTestJSON:setUpClass): 200 GET http://10.180.1.21/compute/v2.1/servers/d017056e-049d-4162-bc9f-fca50d73fbe0 0.060s
2025-05-14 09:51:53.105 70136 INFO tempest.lib.common.rest_client [req-41e2047b-59e4-4d1c-a9ae-9824f42b5c3e req-41e2047b-59e4-4d1c-a9ae-9824f42b5c3e ] Request (ListImageFiltersTestJSON:tearDownClass): 200 GET http://10.180.1.21/compute/v2.1/servers/029aa35a-3407-4d4f-9388-1978a073ecd2 0.069s
2025-05-14 09:51:53.156 70144 INFO tempest.lib.common.rest_client [req-7e91a991-8b60-472f-a0b2-e38ca9857457 req-7e91a991-8b60-472f-a0b2-e38ca9857457 ] Request (ServerShowV254Test:test_rebuild_server): 200 GET http://10.180.1.21/compute/v2.1/servers/bc2d5898-8c8a-477e-af14-c15f00eedb0d 0.059s
2025-05-14 09:51:53.161 70086 INFO tempest.lib.common.rest_client [req-1d2b7264-733b-47fd-a05d-fb30e388ee71 req-1d2b7264-733b-47fd-a05d-fb30e388ee71 ] Request (ImagesTestJSON:test_create_image_from_stopped_server): 200 GET http://10.180.1.21/compute/v2.1/servers/8fb7187b-854f-4a4b-8129-318705dfc170 0.063s
2025-05-14 09:51:53.238 70116 INFO tempest.lib.common.rest_client [req-954ed0e3-7ad8-4028-9c9d-5d9f26de2f5a req-954ed0e3-7ad8-4028-9c9d-5d9f26de2f5a ] Request (MultipleCreateTestJSON:test_multiple_create): 200 GET http://10.180.1.21/compute/v2.1/servers/03c9b0ef-ec95-4599-bd6f-7e0a8b57d6b5 0.053s
2025-05-14 09:51:53.241 70094 INFO tempest.lib.common.rest_client [req-07828823-d41e-47df-87fa-c2bec739a991 req-07828823-d41e-47df-87fa-c2bec739a991 ] Request (ServersAdmin275Test:tearDownClass): 200 GET http://10.180.1.21/compute/v2.1/servers/c6473d46-cde3-401b-8654-a9013978b81b 0.072s
2025-05-14 09:51:53.287 70108 INFO tempest.lib.common.rest_client [req-21b937ac-dc87-42c2-b89d-85361a35ba28 req-21b937ac-dc87-42c2-b89d-85361a35ba28 ] Request (ServersWithSpecificFlavorTestJSON:test_verify_created_server_ephemeral_disk): 200 GET http://10.180.1.21/compute/v2.1/servers/781604b4-a4c8-4b37-952d-e142265212da 0.060s
2025-05-14 09:51:53.334 70128 INFO tempest.lib.common.rest_client [req-645e0182-3435-4f8d-aaba-df5ab70f5d3e req-645e0182-3435-4f8d-aaba-df5ab70f5d3e ] Request (ServerActionsTestJSON:setUpClass): 200 GET http://10.180.1.21/compute/v2.1/servers/efd32a38-36e0-4f4d-9822-870d28a618d4 0.054s
2025-05-14 09:51:53.396 70124 INFO tempest.lib.common.rest_client [req-090530cc-96ba-478b-96c1-c0cf89985dbe req-090530cc-96ba-478b-96c1-c0cf89985dbe ] Request (ServersTestMultiNic:test_verify_duplicate_network_nics): 200 GET http://10.180.1.21/compute/v2.1/servers/0995d66a-3324-45b9-afe9-660cc208a538 0.054s
2025-05-14 09:51:53.445 70096 INFO tempest.lib.common.rest_client [req-571c5c12-5b7b-4277-97c9-e3e72dd657c3 req-571c5c12-5b7b-4277-97c9-e3e72dd657c3 ] Request (ServersNegativeTestJSON:setUpClass): 200 GET http://10.180.1.21/compute/v2.1/servers/53e86c03-079b-4918-b4a4-ea821a1be472 0.099s
2025-05-14 09:51:53.464 70090 INFO tempest.lib.common.rest_client [req-d4a30d2b-00ae-454e-bf03-3a8b671fd502 req-d4a30d2b-00ae-454e-bf03-3a8b671fd502 ] Request (ServersListShow296Test:test_list_show_update_rebuild_server_296): 200 GET http://10.180.1.21/compute/v2.1/servers/d20937ea-1aa4-4dda-ac22-cf61aa680965 0.059s
2025-05-14 09:51:53.507 70126 INFO tempest.lib.common.rest_client [req-9439162b-7d35-42cc-bfef-6823e95bd0c7 req-9439162b-7d35-42cc-bfef-6823e95bd0c7 ] Request (ServersTestBootFromVolume:tearDownClass): 200 GET http://10.180.1.21/compute/v2.1/servers/0cd34a99-40c7-4603-aacf-80205275b852 0.082s
2025-05-14 09:51:53.530 70122 INFO tempest.lib.common.rest_client [req-2f5c6725-9921-422f-bd0b-a3195a6aca53 req-2f5c6725-9921-422f-bd0b-a3195a6aca53 ] Request (ServerDiagnosticsV248Test:tearDownClass): 200 GET http://10.180.1.21/compute/v2.1/servers/b4a45681-5bc0-47c4-8475-f067d7569765 0.065s
2025-05-14 09:51:53.553 70138 INFO tempest.lib.common.rest_client [req-f2e082a3-8ebc-4627-8b39-40dbd8833ef7 req-f2e082a3-8ebc-4627-8b39-40dbd8833ef7 ] Request (ImagesOneServerNegativeTestJSON:_run_cleanups): 200 GET http://10.180.1.21/compute/v2.1/servers/726dc81d-4f0f-48cd-934f-736b09764dc1 0.077s
2025-05-14 09:51:53.577 70098 INFO tempest.lib.common.rest_client [req-70dfafdd-3064-4e48-9998-335a9b34abd8 req-70dfafdd-3064-4e48-9998-335a9b34abd8 ] Request (FloatingIPsAssociationTestJSON:test_associate_already_associated_floating_ip): 200 GET http://10.180.1.21/compute/v2.1/servers/27f67772-1f5c-4f13-89d0-bba7749ddb4e 0.063s
2025-05-14 09:51:53.624 70100 INFO tempest.lib.common.rest_client [req-80b5dca0-f602-4a7b-8635-2a81a6523589 req-80b5dca0-f602-4a7b-8635-2a81a6523589 ] Request (ServersListShow298Test:tearDownClass): 200 GET http://10.180.1.21/compute/v2.1/servers/443a8dc6-a88a-45e9-9a8c-f9976f91b821 0.066s
2025-05-14 09:51:53.779 70104 INFO tempest.lib.common.rest_client [req-ff92c30a-4da5-42d9-9809-b92fb91e4219 req-ff92c30a-4da5-42d9-9809-b92fb91e4219 ] Request (ServerMetadataTestJSON:setUpClass): 200 GET http://10.180.1.21/compute/v2.1/servers/c8a10353-ce88-44fe-a358-52677478cb8b 0.114s
2025-05-14 09:51:53.814 70120 INFO tempest.lib.common.rest_client [req-d7a6c9ab-95ba-4857-ac5e-c31c0cfe99da req-d7a6c9ab-95ba-4857-ac5e-c31c0cfe99da ] Request (MigrationsAdminTest:test_list_migrations_in_flavor_resize_situation): 200 GET http://10.180.1.21/compute/v2.1/servers/5c1878eb-3c4b-49b8-89ba-9c51845204bd 0.114s
2025-05-14 09:51:53.833 70102 INFO tempest.lib.common.rest_client [req-ecb33af8-97ef-47ca-b5d0-819bbc79325d req-ecb33af8-97ef-47ca-b5d0-819bbc79325d ] Request (DeleteServersTestJSON:test_delete_active_server): 200 GET http://10.180.1.21/compute/v2.1/servers/c925370e-5981-40a2-a5df-7fe064ac3ce3 0.109s
2025-05-14 09:51:53.864 70092 INFO tempest.lib.common.rest_client [req-d809e6bf-f98d-411e-84b9-c5e473ba345d req-d809e6bf-f98d-411e-84b9-c5e473ba345d ] Request (ServersAdminTestJSON:test_create_server_with_scheduling_hint): 200 GET http://10.180.1.21/compute/v2.1/servers/de682e9a-77cf-41e8-9378-459074854566 0.117s
2025-05-14 09:51:53.882 70134 INFO tempest.lib.common.rest_client [req-a971780c-ff0e-4c96-921b-534351acd143 req-a971780c-ff0e-4c96-921b-534351acd143 ] Request (ImagesOneServerTestJSON:setUpClass): 200 GET http://10.180.1.21/compute/v2.1/servers/f2ff90a8-b170-4ecf-be0c-da88d3f3a158 0.112s
2025-05-14 09:51:53.923 70084 INFO tempest.lib.common.rest_client [req-c475a556-4e10-4775-ab2e-4ca999da71c9 req-c475a556-4e10-4775-ab2e-4ca999da71c9 ] Request (InstanceActionsV221TestJSON:test_get_list_deleted_instance_actions): 200 GET http://10.180.1.21/compute/v2.1/servers/3716320a-d067-4ad0-8284-424eb407f2ec 0.121s
2025-05-14 09:51:53.938 70132 INFO tempest.lib.common.rest_client [req-4546d170-7a50-4065-a50f-5cbe4b0e6ea7 req-4546d170-7a50-4065-a50f-5cbe4b0e6ea7 ] Request (ServersAdminNegativeTestJSON:tearDownClass): 200 GET http://10.180.1.21/compute/v2.1/servers/bcfea8dc-1327-4e91-b5fb-5183146af199 0.105s
2025-05-14 09:51:53.982 70113 INFO tempest.lib.common.rest_client [req-25cc6ad8-fc39-4bb4-818d-6ea9a3672ae2 req-25cc6ad8-fc39-4bb4-818d-6ea9a3672ae2 ] Request (AttachInterfacesUnderV243Test:test_add_remove_fixed_ip): 200 GET http://10.180.1.21/compute/v2.1/servers/dcae0c26-c079-4d7c-a321-df69cba40c3c 0.135s
2025-05-14 09:51:53.989 70106 INFO tempest.lib.common.rest_client [req-4b2bfb65-a783-4257-ad9f-754662725ea5 req-4b2bfb65-a783-4257-ad9f-754662725ea5 ] Request (ServerGroupTestJSON:test_create_server_with_scheduler_hint_group): 200 GET http://10.180.1.21/compute/v2.1/servers/cae202f4-3111-4611-ad68-bfaac359bd8e 0.109s
2025-05-14 09:51:54.037 70110 INFO tempest.lib.common.rest_client [req-9a8b1d23-1370-4974-afbe-c19623204157 req-9a8b1d23-1370-4974-afbe-c19623204157 ] Request (DeleteServersAdminTestJSON:test_delete_server_while_in_error_state): 200 GET http://10.180.1.21/compute/v2.1/servers/2dee479a-0981-497c-afb9-6e66085e431f 0.140s
2025-05-14 09:51:54.139 70118 INFO tempest.lib.common.rest_client [req-130e4de5-78c8-4114-910c-15f4c5b2428c req-130e4de5-78c8-4114-910c-15f4c5b2428c ] Request (ServersTestJSON:setUpClass): 200 GET http://10.180.1.21/compute/v2.1/servers/d017056e-049d-4162-bc9f-fca50d73fbe0 0.048s
2025-05-14 09:51:54.174 70136 INFO tempest.lib.common.rest_client [req-0f37ee79-85a9-4eca-9d5a-c0575197459a req-0f37ee79-85a9-4eca-9d5a-c0575197459a ] Request (ListImageFiltersTestJSON:tearDownClass): 200 GET http://10.180.1.21/compute/v2.1/servers/029aa35a-3407-4d4f-9388-1978a073ecd2 0.059s
2025-05-14 09:51:54.231 70086 INFO tempest.lib.common.rest_client [req-120aa20f-2469-4047-83f4-2e457557c933 req-120aa20f-2469-4047-83f4-2e457557c933 ] Request (ImagesTestJSON:test_create_image_from_stopped_server): 200 GET http://10.180.1.21/compute/v2.1/servers/8fb7187b-854f-4a4b-8129-318705dfc170 0.063s
2025-05-14 09:51:54.235 70144 INFO tempest.lib.common.rest_client [req-14929d19-f7dc-49ae-9591-873ff63411d0 req-14929d19-f7dc-49ae-9591-873ff63411d0 ] Request (ServerShowV254Test:test_rebuild_server): 200 GET http://10.180.1.21/compute/v2.1/servers/bc2d5898-8c8a-477e-af14-c15f00eedb0d 0.068s
2025-05-14 09:51:54.301 70116 INFO tempest.lib.common.rest_client [req-2f8d2f55-fc6d-4ff3-8583-55862849e79a req-2f8d2f55-fc6d-4ff3-8583-55862849e79a ] Request (MultipleCreateTestJSON:test_multiple_create): 200 GET http://10.180.1.21/compute/v2.1/servers/03c9b0ef-ec95-4599-bd6f-7e0a8b57d6b5 0.056s
2025-05-14 09:51:54.310 70094 INFO tempest.lib.common.rest_client [req-31e8ce6e-971c-43dd-8909-59b220b6b2f6 req-31e8ce6e-971c-43dd-8909-59b220b6b2f6 ] Request (ServersAdmin275Test:tearDownClass): 200 GET http://10.180.1.21/compute/v2.1/servers/c6473d46-cde3-401b-8654-a9013978b81b 0.058s
2025-05-14 09:51:54.349 70108 INFO tempest.lib.common.rest_client [req-9ebdb96b-4a15-41ec-af9c-a7af68314fbe req-9ebdb96b-4a15-41ec-af9c-a7af68314fbe ] Request (ServersWithSpecificFlavorTestJSON:test_verify_created_server_ephemeral_disk): 200 GET http://10.180.1.21/compute/v2.1/servers/781604b4-a4c8-4b37-952d-e142265212da 0.054s
2025-05-14 09:51:54.391 70128 INFO tempest.lib.common.rest_client [req-c3e9dfa4-b75b-4ac8-a575-3504ded9138c req-c3e9dfa4-b75b-4ac8-a575-3504ded9138c ] Request (ServerActionsTestJSON:setUpClass): 200 GET http://10.180.1.21/compute/v2.1/servers/efd32a38-36e0-4f4d-9822-870d28a618d4 0.048s
2025-05-14 09:51:54.459 70124 INFO tempest.lib.common.rest_client [req-5b267594-0514-4fa3-9616-d7b06c5d7f45 req-5b267594-0514-4fa3-9616-d7b06c5d7f45 ] Request (ServersTestMultiNic:test_verify_duplicate_network_nics): 200 GET http://10.180.1.21/compute/v2.1/servers/0995d66a-3324-45b9-afe9-660cc208a538 0.055s
2025-05-14 09:51:54.553 70090 INFO tempest.lib.common.rest_client [req-70dd50c9-ef6d-4e14-9ee9-0415921430ff req-70dd50c9-ef6d-4e14-9ee9-0415921430ff ] Request (ServersListShow296Test:test_list_show_update_rebuild_server_296): 200 GET http://10.180.1.21/compute/v2.1/servers/d20937ea-1aa4-4dda-ac22-cf61aa680965 0.076s
2025-05-14 09:51:54.584 70096 INFO tempest.lib.common.rest_client [req-e7e1a93a-a0f6-45ce-9a8b-f8acaec12d81 req-e7e1a93a-a0f6-45ce-9a8b-f8acaec12d81 ] Request (ServersNegativeTestJSON:setUpClass): 200 GET http://10.180.1.21/compute/v2.1/servers/53e86c03-079b-4918-b4a4-ea821a1be472 0.131s
2025-05-14 09:51:54.621 70126 INFO tempest.lib.common.rest_client [req-3d2afc36-4cdf-44b7-9c2d-647d0850ec67 req-3d2afc36-4cdf-44b7-9c2d-647d0850ec67 ] Request (ServersTestBootFromVolume:tearDownClass): 200 GET http://10.180.1.21/compute/v2.1/servers/0cd34a99-40c7-4603-aacf-80205275b852 0.107s
2025-05-14 09:51:54.650 70122 INFO tempest.lib.common.rest_client [req-94b63df1-61b5-4b6b-9081-2420b519e8ca req-94b63df1-61b5-4b6b-9081-2420b519e8ca ] Request (ServerDiagnosticsV248Test:tearDownClass): 200 GET http://10.180.1.21/compute/v2.1/servers/b4a45681-5bc0-47c4-8475-f067d7569765 0.109s
2025-05-14 09:51:54.686 70138 INFO tempest.lib.common.rest_client [req-47f8bca5-3078-4ec1-8958-dfea3ad1e144 req-47f8bca5-3078-4ec1-8958-dfea3ad1e144 ] Request (ImagesOneServerNegativeTestJSON:_run_cleanups): 200 GET http://10.180.1.21/compute/v2.1/servers/726dc81d-4f0f-48cd-934f-736b09764dc1 0.124s
2025-05-14 09:51:54.708 70098 INFO tempest.lib.common.rest_client [req-88fa0769-0515-4d89-9c43-14e3d3a9866e req-88fa0769-0515-4d89-9c43-14e3d3a9866e ] Request (FloatingIPsAssociationTestJSON:test_associate_already_associated_floating_ip): 200 GET http://10.180.1.21/compute/v2.1/servers/27f67772-1f5c-4f13-89d0-bba7749ddb4e 0.124s
2025-05-14 09:51:54.757 70100 INFO tempest.lib.common.rest_client [req-a47118a9-1643-459d-bf4a-347dd89a9449 req-a47118a9-1643-459d-bf4a-347dd89a9449 ] Request (ServersListShow298Test:tearDownClass): 200 GET http://10.180.1.21/compute/v2.1/servers/443a8dc6-a88a-45e9-9a8c-f9976f91b821 0.122s
2025-05-14 09:51:54.947 70120 INFO tempest.lib.common.rest_client [req-1352d769-a1b9-4c54-97a7-c939336e4a5c req-1352d769-a1b9-4c54-97a7-c939336e4a5c ] Request (MigrationsAdminTest:test_list_migrations_in_flavor_resize_situation): 200 GET http://10.180.1.21/compute/v2.1/servers/5c1878eb-3c4b-49b8-89ba-9c51845204bd 0.124s
2025-05-14 09:51:54.948 70104 INFO tempest.lib.common.rest_client [req-0aac6db1-0a6b-4755-8d66-632adafc4bae req-0aac6db1-0a6b-4755-8d66-632adafc4bae ] Request (ServerMetadataTestJSON:setUpClass): 200 GET http://10.180.1.21/compute/v2.1/servers/c8a10353-ce88-44fe-a358-52677478cb8b 0.161s
2025-05-14 09:51:54.954 70120 INFO tempest.common.waiters [-] State transition "VERIFY_RESIZE/None" ==> "ACTIVE/None" after 36 second wait
2025-05-14 09:51:55.004 70092 INFO tempest.lib.common.rest_client [req-92d5b2fe-577f-4951-8d03-8c5dc2b4cd49 req-92d5b2fe-577f-4951-8d03-8c5dc2b4cd49 ] Request (ServersAdminTestJSON:test_create_server_with_scheduling_hint): 200 GET http://10.180.1.21/compute/v2.1/servers/de682e9a-77cf-41e8-9378-459074854566 0.132s
2025-05-14 09:51:55.013 70102 INFO tempest.lib.common.rest_client [req-31d022b5-f2ee-4c8f-b851-f3af340e0696 req-31d022b5-f2ee-4c8f-b851-f3af340e0696 ] Request (DeleteServersTestJSON:test_delete_active_server): 200 GET http://10.180.1.21/compute/v2.1/servers/c925370e-5981-40a2-a5df-7fe064ac3ce3 0.172s
2025-05-14 09:51:55.052 70134 INFO tempest.lib.common.rest_client [req-d8d8cd1f-f11d-40e5-8895-029346cefdb5 req-d8d8cd1f-f11d-40e5-8895-029346cefdb5 ] Request (ImagesOneServerTestJSON:setUpClass): 200 GET http://10.180.1.21/compute/v2.1/servers/f2ff90a8-b170-4ecf-be0c-da88d3f3a158 0.162s
2025-05-14 09:51:55.065 70084 INFO tempest.lib.common.rest_client [req-d9dcba33-e234-41d7-8909-886a93399d9b req-d9dcba33-e234-41d7-8909-886a93399d9b ] Request (InstanceActionsV221TestJSON:test_get_list_deleted_instance_actions): 200 GET http://10.180.1.21/compute/v2.1/servers/3716320a-d067-4ad0-8284-424eb407f2ec 0.133s
2025-05-14 09:51:55.121 70132 INFO tempest.lib.common.rest_client [req-d5e82d9c-c2b2-41de-adf0-5dd5fabf35b3 req-d5e82d9c-c2b2-41de-adf0-5dd5fabf35b3 ] Request (ServersAdminNegativeTestJSON:tearDownClass): 200 GET http://10.180.1.21/compute/v2.1/servers/bcfea8dc-1327-4e91-b5fb-5183146af199 0.176s
2025-05-14 09:51:55.172 70113 INFO tempest.lib.common.rest_client [req-4a2059be-7c38-464e-b98f-55b6099b55e3 req-4a2059be-7c38-464e-b98f-55b6099b55e3 ] Request (AttachInterfacesUnderV243Test:test_add_remove_fixed_ip): 200 GET http://10.180.1.21/compute/v2.1/servers/dcae0c26-c079-4d7c-a321-df69cba40c3c 0.180s
2025-05-14 09:51:55.180 70120 INFO tempest.lib.common.rest_client [req-40a9f8f1-42fb-4ea1-9693-a8ceaaa884c1 req-40a9f8f1-42fb-4ea1-9693-a8ceaaa884c1 ] Request (MigrationsAdminTest:test_list_migrations_in_flavor_resize_situation): 200 GET http://10.180.1.21/compute/v2.1/servers/5c1878eb-3c4b-49b8-89ba-9c51845204bd 0.225s
2025-05-14 09:51:55.238 70106 INFO tempest.lib.common.rest_client [req-41bfa264-660b-4bed-b945-6c4cb665a47b req-41bfa264-660b-4bed-b945-6c4cb665a47b ] Request (ServerGroupTestJSON:test_create_server_with_scheduler_hint_group): 200 GET http://10.180.1.21/compute/v2.1/servers/cae202f4-3111-4611-ad68-bfaac359bd8e 0.241s
2025-05-14 09:51:55.239 70110 INFO tempest.lib.common.rest_client [req-3460cab5-f361-47fb-a8f9-e6aab7477e6b req-3460cab5-f361-47fb-a8f9-e6aab7477e6b ] Request (DeleteServersAdminTestJSON:test_delete_server_while_in_error_state): 200 GET http://10.180.1.21/compute/v2.1/servers/2dee479a-0981-497c-afb9-6e66085e431f 0.193s
2025-05-14 09:51:55.285 70118 INFO tempest.lib.common.rest_client [req-9b94ef5c-4b3e-408e-9bf0-443daf786215 req-9b94ef5c-4b3e-408e-9bf0-443daf786215 ] Request (ServersTestJSON:setUpClass): 200 GET http://10.180.1.21/compute/v2.1/servers/d017056e-049d-4162-bc9f-fca50d73fbe0 0.139s
2025-05-14 09:51:55.306 70136 INFO tempest.lib.common.rest_client [req-49411239-4936-4cb4-9ab0-dd9c43833c6a req-49411239-4936-4cb4-9ab0-dd9c43833c6a ] Request (ListImageFiltersTestJSON:tearDownClass): 200 GET http://10.180.1.21/compute/v2.1/servers/029aa35a-3407-4d4f-9388-1978a073ecd2 0.124s
2025-05-14 09:51:55.319 70120 INFO tempest.lib.common.rest_client [req-734f3a93-0992-4042-bacd-e16338f70cbb req-734f3a93-0992-4042-bacd-e16338f70cbb ] Request (MigrationsAdminTest:test_list_migrations_in_flavor_resize_situation): 200 POST http://10.180.1.21/compute/v2.1/os-keypairs 0.128s
2025-05-14 09:51:55.366 70086 INFO tempest.lib.common.rest_client [req-5a134121-f3b3-458c-a98f-6ddb6cc6eef7 req-5a134121-f3b3-458c-a98f-6ddb6cc6eef7 ] Request (ImagesTestJSON:test_create_image_from_stopped_server): 200 GET http://10.180.1.21/compute/v2.1/servers/8fb7187b-854f-4a4b-8129-318705dfc170 0.127s
2025-05-14 09:51:55.375 70144 INFO tempest.lib.common.rest_client [req-136e06c2-4f17-4b7d-9e66-09f48f1c541b req-136e06c2-4f17-4b7d-9e66-09f48f1c541b ] Request (ServerShowV254Test:test_rebuild_server): 200 GET http://10.180.1.21/compute/v2.1/servers/bc2d5898-8c8a-477e-af14-c15f00eedb0d 0.132s
2025-05-14 09:51:55.419 70116 INFO tempest.lib.common.rest_client [req-56e86986-707c-4b95-a5ff-8ea5b5cc2495 req-56e86986-707c-4b95-a5ff-8ea5b5cc2495 ] Request (MultipleCreateTestJSON:test_multiple_create): 200 GET http://10.180.1.21/compute/v2.1/servers/03c9b0ef-ec95-4599-bd6f-7e0a8b57d6b5 0.109s
2025-05-14 09:51:55.443 70094 INFO tempest.lib.common.rest_client [req-4abecc27-7972-43d8-bcc2-ffc4716b7193 req-4abecc27-7972-43d8-bcc2-ffc4716b7193 ] Request (ServersAdmin275Test:tearDownClass): 200 GET http://10.180.1.21/compute/v2.1/servers/c6473d46-cde3-401b-8654-a9013978b81b 0.123s
2025-05-14 09:51:55.475 70108 INFO tempest.lib.common.rest_client [req-a2d17069-614d-4664-9283-7172a556f8f9 req-a2d17069-614d-4664-9283-7172a556f8f9 ] Request (ServersWithSpecificFlavorTestJSON:test_verify_created_server_ephemeral_disk): 200 GET http://10.180.1.21/compute/v2.1/servers/781604b4-a4c8-4b37-952d-e142265212da 0.116s
2025-05-14 09:51:55.494 70120 INFO tempest.lib.common.rest_client [req-a519c996-69e2-43c6-8529-6e218cce2682 req-a519c996-69e2-43c6-8529-6e218cce2682 ] Request (MigrationsAdminTest:test_list_migrations_in_flavor_resize_situation): 201 POST http://10.180.1.21:9696/networking/v2.0/security-groups 0.172s
2025-05-14 09:51:55.497 70128 INFO tempest.lib.common.rest_client [req-acef2d18-d57b-44df-9949-0a6ad7f2504d req-acef2d18-d57b-44df-9949-0a6ad7f2504d ] Request (ServerActionsTestJSON:setUpClass): 200 GET http://10.180.1.21/compute/v2.1/servers/efd32a38-36e0-4f4d-9822-870d28a618d4 0.099s
2025-05-14 09:51:55.528 70124 INFO tempest.lib.common.rest_client [req-b8d4edac-8d7e-40c5-8283-10ad6603cee2 req-b8d4edac-8d7e-40c5-8283-10ad6603cee2 ] Request (ServersTestMultiNic:test_verify_duplicate_network_nics): 200 GET http://10.180.1.21/compute/v2.1/servers/0995d66a-3324-45b9-afe9-660cc208a538 0.061s
2025-05-14 09:51:55.551 70142 INFO paramiko.transport [-] Connected (version 2.0, client dropbear_2020.81)
2025-05-14 09:51:55.588 70120 INFO tempest.lib.common.rest_client [req-8b06e439-7b31-4818-a4e5-8a10fa21f48a req-8b06e439-7b31-4818-a4e5-8a10fa21f48a ] Request (MigrationsAdminTest:test_list_migrations_in_flavor_resize_situation): 201 POST http://10.180.1.21:9696/networking/v2.0/security-group-rules 0.093s
2025-05-14 09:51:55.612 70142 INFO paramiko.transport [-] Authentication (publickey) successful!
2025-05-14 09:51:55.612 70142 INFO tempest.lib.common.ssh [-] ssh connection to cirros@10.180.180.230 successfully created
2025-05-14 09:51:55.643 70090 INFO tempest.lib.common.rest_client [req-7de3342a-ceb5-421f-acd9-abcbc0760a9e req-7de3342a-ceb5-421f-acd9-abcbc0760a9e ] Request (ServersListShow296Test:test_list_show_update_rebuild_server_296): 200 GET http://10.180.1.21/compute/v2.1/servers/d20937ea-1aa4-4dda-ac22-cf61aa680965 0.077s
2025-05-14 09:51:55.743 70096 INFO tempest.lib.common.rest_client [req-6cda57f4-0804-42e0-badb-2b67f6670406 req-6cda57f4-0804-42e0-badb-2b67f6670406 ] Request (ServersNegativeTestJSON:setUpClass): 200 GET http://10.180.1.21/compute/v2.1/servers/53e86c03-079b-4918-b4a4-ea821a1be472 0.150s
2025-05-14 09:51:55.753 70120 INFO tempest.lib.common.rest_client [req-858d0a59-a0de-4bd0-bb41-38d153d1d4a6 req-858d0a59-a0de-4bd0-bb41-38d153d1d4a6 ] Request (MigrationsAdminTest:test_list_migrations_in_flavor_resize_situation): 201 POST http://10.180.1.21:9696/networking/v2.0/security-group-rules 0.165s
2025-05-14 09:51:55.771 70142 INFO tempest.lib.common.rest_client [req-e3a7cd60-5176-4004-b536-33b354386c48 req-e3a7cd60-5176-4004-b536-33b354386c48 ] Request (AttachInterfacesTestJSON:test_create_list_show_delete_interfaces_by_fixed_ip): 200 GET http://10.180.1.21/compute/v2.1/servers/814f3854-3681-4f3d-95de-18340a765f53/os-interface 0.159s
2025-05-14 09:51:55.807 70126 INFO tempest.lib.common.rest_client [req-8f03657e-bb28-4950-8044-4dedf915fbfe req-8f03657e-bb28-4950-8044-4dedf915fbfe ] Request (ServersTestBootFromVolume:tearDownClass): 200 GET http://10.180.1.21/compute/v2.1/servers/0cd34a99-40c7-4603-aacf-80205275b852 0.176s
2025-05-14 09:51:55.840 70122 INFO tempest.lib.common.rest_client [req-416bd76a-5eae-4867-b209-e6a3cd4383d8 req-416bd76a-5eae-4867-b209-e6a3cd4383d8 ] Request (ServerDiagnosticsV248Test:tearDownClass): 200 GET http://10.180.1.21/compute/v2.1/servers/b4a45681-5bc0-47c4-8475-f067d7569765 0.179s
2025-05-14 09:51:55.860 70138 INFO tempest.lib.common.rest_client [req-729f12a9-4668-4577-93f5-a02452cac30e req-729f12a9-4668-4577-93f5-a02452cac30e ] Request (ImagesOneServerNegativeTestJSON:_run_cleanups): 200 GET http://10.180.1.21/compute/v2.1/servers/726dc81d-4f0f-48cd-934f-736b09764dc1 0.164s
2025-05-14 09:51:55.900 70098 INFO tempest.lib.common.rest_client [req-589a5625-d999-4663-8bfd-73c4e6b9ed20 req-589a5625-d999-4663-8bfd-73c4e6b9ed20 ] Request (FloatingIPsAssociationTestJSON:test_associate_already_associated_floating_ip): 200 GET http://10.180.1.21/compute/v2.1/servers/27f67772-1f5c-4f13-89d0-bba7749ddb4e 0.183s
2025-05-14 09:51:55.963 70100 INFO tempest.lib.common.rest_client [req-7b8f92e9-dc7f-4ab8-ae3c-6b104cd1c787 req-7b8f92e9-dc7f-4ab8-ae3c-6b104cd1c787 ] Request (ServersListShow298Test:tearDownClass): 200 GET http://10.180.1.21/compute/v2.1/servers/443a8dc6-a88a-45e9-9a8c-f9976f91b821 0.193s
2025-05-14 09:51:55.971 70142 INFO tempest.lib.common.rest_client [req-7e707cac-d9e6-45f2-a433-e2d9be80aa69 req-7e707cac-d9e6-45f2-a433-e2d9be80aa69 ] Request (AttachInterfacesTestJSON:test_create_list_show_delete_interfaces_by_fixed_ip): 200 GET http://10.180.1.21/compute/v2.1/servers/814f3854-3681-4f3d-95de-18340a765f53/os-interface/245fdd9c-58db-4452-a548-9cf04ed8e88e 0.197s
2025-05-14 09:51:56.059 70142 INFO tempest.lib.common.rest_client [req-a4a75f6e-f27a-4026-9dd4-6900a506f8f4 req-a4a75f6e-f27a-4026-9dd4-6900a506f8f4 ] Request (AttachInterfacesTestJSON:test_create_list_show_delete_interfaces_by_fixed_ip): 200 GET http://10.180.1.21:9696/networking/v2.0/ports?network_id=9e27e521-a81f-441d-9050-b7e87a0b7dec 0.085s
2025-05-14 09:51:56.102 70092 INFO tempest.lib.common.rest_client [req-813c3a95-e07d-4fa6-8d8b-7b1f08939c3b req-813c3a95-e07d-4fa6-8d8b-7b1f08939c3b ] Request (ServersAdminTestJSON:test_create_server_with_scheduling_hint): 200 GET http://10.180.1.21/compute/v2.1/servers/de682e9a-77cf-41e8-9378-459074854566 0.087s
2025-05-14 09:51:56.106 70142 INFO tempest.lib.common.rest_client [req-8b314907-c3eb-4526-a142-ecd652ea93bd req-8b314907-c3eb-4526-a142-ecd652ea93bd ] Request (AttachInterfacesTestJSON:test_create_list_show_delete_interfaces_by_fixed_ip): 200 GET http://10.180.1.21:9696/networking/v2.0/subnets/411c13d3-4a8b-4020-9183-b7b3bf906792 0.047s
2025-05-14 09:51:56.134 70104 INFO tempest.lib.common.rest_client [req-79f46b42-3f1c-48b7-a535-8f0a9c594cfe req-79f46b42-3f1c-48b7-a535-8f0a9c594cfe ] Request (ServerMetadataTestJSON:setUpClass): 200 GET http://10.180.1.21/compute/v2.1/servers/c8a10353-ce88-44fe-a358-52677478cb8b 0.177s
2025-05-14 09:51:56.168 70102 INFO tempest.lib.common.rest_client [req-0a4be695-7ffb-4ee4-b5d1-6a43fc19e4fc req-0a4be695-7ffb-4ee4-b5d1-6a43fc19e4fc ] Request (DeleteServersTestJSON:test_delete_active_server): 200 GET http://10.180.1.21/compute/v2.1/servers/c925370e-5981-40a2-a5df-7fe064ac3ce3 0.146s
2025-05-14 09:51:56.189 70134 INFO tempest.lib.common.rest_client [req-f54dbbdc-6c4d-477d-a3de-cf555e3668b0 req-f54dbbdc-6c4d-477d-a3de-cf555e3668b0 ] Request (ImagesOneServerTestJSON:setUpClass): 200 GET http://10.180.1.21/compute/v2.1/servers/f2ff90a8-b170-4ecf-be0c-da88d3f3a158 0.127s
2025-05-14 09:51:56.207 70120 INFO tempest.lib.common.rest_client [req-c0dd9752-92af-49bd-af66-20fde8ce90e0 req-c0dd9752-92af-49bd-af66-20fde8ce90e0 ] Request (MigrationsAdminTest:test_list_migrations_in_flavor_resize_situation): 201 POST http://10.180.1.21:9696/networking/v2.0/floatingips 0.453s
2025-05-14 09:51:56.230 70084 INFO tempest.lib.common.rest_client [req-8185bd3a-dfe0-4289-870b-8693c498baeb req-8185bd3a-dfe0-4289-870b-8693c498baeb ] Request (InstanceActionsV221TestJSON:test_get_list_deleted_instance_actions): 200 GET http://10.180.1.21/compute/v2.1/servers/3716320a-d067-4ad0-8284-424eb407f2ec 0.156s
2025-05-14 09:51:56.284 70132 INFO tempest.lib.common.rest_client [req-e4359357-ac7a-4975-9818-5cd8c903d852 req-e4359357-ac7a-4975-9818-5cd8c903d852 ] Request (ServersAdminNegativeTestJSON:tearDownClass): 200 GET http://10.180.1.21/compute/v2.1/servers/bcfea8dc-1327-4e91-b5fb-5183146af199 0.155s
2025-05-14 09:51:56.331 70113 INFO tempest.lib.common.rest_client [req-98621c47-3f5d-4392-96a1-a6566bce63ca req-98621c47-3f5d-4392-96a1-a6566bce63ca ] Request (AttachInterfacesUnderV243Test:test_add_remove_fixed_ip): 200 GET http://10.180.1.21/compute/v2.1/servers/dcae0c26-c079-4d7c-a321-df69cba40c3c 0.150s
2025-05-14 09:51:56.344 70120 INFO tempest.lib.common.rest_client [req-3690c971-5906-47ef-a5cb-fc21006a57d0 req-3690c971-5906-47ef-a5cb-fc21006a57d0 ] Request (MigrationsAdminTest:test_list_migrations_in_flavor_resize_situation): 200 GET http://10.180.1.21/compute/v2.1/os-migrations 0.136s
2025-05-14 09:51:56.390 70106 INFO tempest.lib.common.rest_client [req-dcdf0d8b-ccd9-4e20-88a9-084d2c1c98d5 req-dcdf0d8b-ccd9-4e20-88a9-084d2c1c98d5 ] Request (ServerGroupTestJSON:test_create_server_with_scheduler_hint_group): 200 GET http://10.180.1.21/compute/v2.1/servers/cae202f4-3111-4611-ad68-bfaac359bd8e 0.144s
2025-05-14 09:51:56.442 70110 INFO tempest.lib.common.rest_client [req-bc3bc864-fcd4-490a-9751-26e1e0d35cb7 req-bc3bc864-fcd4-490a-9751-26e1e0d35cb7 ] Request (DeleteServersAdminTestJSON:test_delete_server_while_in_error_state): 200 GET http://10.180.1.21/compute/v2.1/servers/2dee479a-0981-497c-afb9-6e66085e431f 0.195s
2025-05-14 09:51:56.489 70118 INFO tempest.lib.common.rest_client [req-cf574027-e5a4-48a8-beb4-1344f7fb6fdd req-cf574027-e5a4-48a8-beb4-1344f7fb6fdd ] Request (ServersTestJSON:setUpClass): 200 GET http://10.180.1.21/compute/v2.1/servers/d017056e-049d-4162-bc9f-fca50d73fbe0 0.192s
2025-05-14 09:51:56.552 70136 INFO tempest.lib.common.rest_client [req-90d20b89-01f4-4f23-ab9f-f3b8a6484861 req-90d20b89-01f4-4f23-ab9f-f3b8a6484861 ] Request (ListImageFiltersTestJSON:tearDownClass): 200 GET http://10.180.1.21/compute/v2.1/servers/029aa35a-3407-4d4f-9388-1978a073ecd2 0.238s
2025-05-14 09:51:56.570 70120 INFO tempest.lib.common.rest_client [req-8aadba9a-508b-401f-942a-3b48acba43d4 req-8aadba9a-508b-401f-942a-3b48acba43d4 ] Request (MigrationsAdminTest:test_resize_server_revert_deleted_flavor): 200 GET http://10.180.1.21/compute/v2.1/flavors/42 0.221s
2025-05-14 09:51:56.626 70086 INFO tempest.lib.common.rest_client [req-41f23a87-f195-40d3-8141-402e9bac8dfe req-41f23a87-f195-40d3-8141-402e9bac8dfe ] Request (ImagesTestJSON:test_create_image_from_stopped_server): 200 GET http://10.180.1.21/compute/v2.1/servers/8fb7187b-854f-4a4b-8129-318705dfc170 0.251s
2025-05-14 09:51:56.681 70144 INFO tempest.lib.common.rest_client [req-9a1a1331-15f4-495e-8827-b80293085629 req-9a1a1331-15f4-495e-8827-b80293085629 ] Request (ServerShowV254Test:test_rebuild_server): 200 GET http://10.180.1.21/compute/v2.1/servers/bc2d5898-8c8a-477e-af14-c15f00eedb0d 0.297s
2025-05-14 09:51:56.744 70116 INFO tempest.lib.common.rest_client [req-63f8ce7b-59dd-493e-a047-e8b567279325 req-63f8ce7b-59dd-493e-a047-e8b567279325 ] Request (MultipleCreateTestJSON:test_multiple_create): 200 GET http://10.180.1.21/compute/v2.1/servers/03c9b0ef-ec95-4599-bd6f-7e0a8b57d6b5 0.318s
2025-05-14 09:51:56.811 70094 INFO tempest.lib.common.rest_client [req-4834de12-14c2-49ac-bd54-0f19c985d440 req-4834de12-14c2-49ac-bd54-0f19c985d440 ] Request (ServersAdmin275Test:tearDownClass): 200 GET http://10.180.1.21/compute/v2.1/servers/c6473d46-cde3-401b-8654-a9013978b81b 0.351s
2025-05-14 09:51:56.820 70130 WARNING tempest.lib.common.ssh [-] Failed to establish authenticated ssh connection to cirros@10.180.180.203 ([Errno None] Unable to connect to port 22 on 10.180.180.203). Number attempts: 6. Retry after 7 seconds.: paramiko.ssh_exception.NoValidConnectionsError: [Errno None] Unable to connect to port 22 on 10.180.180.203
2025-05-14 09:51:56.856 70108 INFO tempest.lib.common.rest_client [req-27cb4191-e386-480e-9981-c3ffc2d0a64c req-27cb4191-e386-480e-9981-c3ffc2d0a64c ] Request (ServersWithSpecificFlavorTestJSON:test_verify_created_server_ephemeral_disk): 200 GET http://10.180.1.21/compute/v2.1/servers/781604b4-a4c8-4b37-952d-e142265212da 0.371s
2025-05-14 09:51:56.902 70128 INFO tempest.lib.common.rest_client [req-f5a2a452-86d1-4132-bbab-932d362522d0 req-f5a2a452-86d1-4132-bbab-932d362522d0 ] Request (ServerActionsTestJSON:setUpClass): 200 GET http://10.180.1.21/compute/v2.1/servers/efd32a38-36e0-4f4d-9822-870d28a618d4 0.397s
2025-05-14 09:51:56.953 70124 INFO tempest.lib.common.rest_client [req-2bf3fdaf-0b42-4f65-b19a-ac3efe99ca68 req-2bf3fdaf-0b42-4f65-b19a-ac3efe99ca68 ] Request (ServersTestMultiNic:test_verify_duplicate_network_nics): 200 GET http://10.180.1.21/compute/v2.1/servers/0995d66a-3324-45b9-afe9-660cc208a538 0.416s
2025-05-14 09:51:56.971 70120 INFO tempest.lib.common.rest_client [req-c04cd068-e390-463c-b20c-f5219eeea19e req-c04cd068-e390-463c-b20c-f5219eeea19e ] Request (MigrationsAdminTest:test_resize_server_revert_deleted_flavor): 200 POST http://10.180.1.21/compute/v2.1/flavors 0.397s
2025-05-14 09:51:57.038 70090 INFO tempest.lib.common.rest_client [req-bf5099d9-8ef6-4296-a75f-d9ceb96e6ce7 req-bf5099d9-8ef6-4296-a75f-d9ceb96e6ce7 ] Request (ServersListShow296Test:test_list_show_update_rebuild_server_296): 200 GET http://10.180.1.21/compute/v2.1/servers/d20937ea-1aa4-4dda-ac22-cf61aa680965 0.371s
2025-05-14 09:51:57.148 70096 INFO tempest.lib.common.rest_client [req-4e2047e1-ce27-4d69-9dea-b554394a8399 req-4e2047e1-ce27-4d69-9dea-b554394a8399 ] Request (ServersNegativeTestJSON:setUpClass): 200 GET http://10.180.1.21/compute/v2.1/servers/53e86c03-079b-4918-b4a4-ea821a1be472 0.395s
2025-05-14 09:51:57.207 70126 INFO tempest.lib.common.rest_client [req-9f63b273-6b06-486d-b085-e9020bf37831 req-9f63b273-6b06-486d-b085-e9020bf37831 ] Request (ServersTestBootFromVolume:tearDownClass): 200 GET http://10.180.1.21/compute/v2.1/servers/0cd34a99-40c7-4603-aacf-80205275b852 0.391s
2025-05-14 09:51:57.264 70122 INFO tempest.lib.common.rest_client [req-d54b7552-75d2-4272-8803-a7d1e1d80ad3 req-d54b7552-75d2-4272-8803-a7d1e1d80ad3 ] Request (ServerDiagnosticsV248Test:tearDownClass): 200 GET http://10.180.1.21/compute/v2.1/servers/b4a45681-5bc0-47c4-8475-f067d7569765 0.412s
2025-05-14 09:51:57.311 70138 INFO tempest.lib.common.rest_client [req-a2d33cfa-da56-46fd-9c41-61c1927e43a8 req-a2d33cfa-da56-46fd-9c41-61c1927e43a8 ] Request (ImagesOneServerNegativeTestJSON:_run_cleanups): 200 GET http://10.180.1.21/compute/v2.1/servers/726dc81d-4f0f-48cd-934f-736b09764dc1 0.441s
2025-05-14 09:51:57.358 70098 INFO tempest.lib.common.rest_client [req-437ff656-23ab-49e7-9e24-f49b777a1416 req-437ff656-23ab-49e7-9e24-f49b777a1416 ] Request (FloatingIPsAssociationTestJSON:test_associate_already_associated_floating_ip): 200 GET http://10.180.1.21/compute/v2.1/servers/27f67772-1f5c-4f13-89d0-bba7749ddb4e 0.448s
2025-05-14 09:51:57.369 70120 INFO tempest.lib.common.rest_client [req-cff9f998-71f9-4aa9-8cc5-a38923b4e890 req-cff9f998-71f9-4aa9-8cc5-a38923b4e890 ] Request (MigrationsAdminTest:test_resize_server_revert_deleted_flavor): 200 GET http://10.180.1.21/compute/v2.1/flavors/42/os-extra_specs 0.396s
2025-05-14 09:51:57.437 70100 INFO tempest.lib.common.rest_client [req-841527eb-f727-4c65-96f5-54113428b2fa req-841527eb-f727-4c65-96f5-54113428b2fa ] Request (ServersListShow298Test:tearDownClass): 200 GET http://10.180.1.21/compute/v2.1/servers/443a8dc6-a88a-45e9-9a8c-f9976f91b821 0.456s
2025-05-14 09:51:57.505 70092 INFO tempest.lib.common.rest_client [req-2ccb36ae-72d7-47d7-9bca-41f8c342c620 req-2ccb36ae-72d7-47d7-9bca-41f8c342c620 ] Request (ServersAdminTestJSON:test_create_server_with_scheduling_hint): 200 GET http://10.180.1.21/compute/v2.1/servers/de682e9a-77cf-41e8-9378-459074854566 0.393s
2025-05-14 09:51:57.606 70104 INFO tempest.lib.common.rest_client [req-e35600b3-3e2e-4ffc-acda-f7e6b48d12c4 req-e35600b3-3e2e-4ffc-acda-f7e6b48d12c4 ] Request (ServerMetadataTestJSON:setUpClass): 200 GET http://10.180.1.21/compute/v2.1/servers/c8a10353-ce88-44fe-a358-52677478cb8b 0.463s
2025-05-14 09:51:57.668 70102 INFO tempest.lib.common.rest_client [req-31aa04b9-c4db-4df4-a06e-ff1db6487364 req-31aa04b9-c4db-4df4-a06e-ff1db6487364 ] Request (DeleteServersTestJSON:test_delete_active_server): 200 GET http://10.180.1.21/compute/v2.1/servers/c925370e-5981-40a2-a5df-7fe064ac3ce3 0.491s
2025-05-14 09:51:57.721 70134 INFO tempest.lib.common.rest_client [req-93298c70-b4f5-4f83-a5a3-871f26d1c515 req-93298c70-b4f5-4f83-a5a3-871f26d1c515 ] Request (ImagesOneServerTestJSON:setUpClass): 200 GET http://10.180.1.21/compute/v2.1/servers/f2ff90a8-b170-4ecf-be0c-da88d3f3a158 0.523s
2025-05-14 09:51:57.773 70084 INFO tempest.lib.common.rest_client [req-7ecaa6de-98e1-4b6c-9486-856aee9c7d4f req-7ecaa6de-98e1-4b6c-9486-856aee9c7d4f ] Request (InstanceActionsV221TestJSON:test_get_list_deleted_instance_actions): 200 GET http://10.180.1.21/compute/v2.1/servers/3716320a-d067-4ad0-8284-424eb407f2ec 0.533s
2025-05-14 09:51:57.829 70132 INFO tempest.lib.common.rest_client [req-c8a17a49-a028-4f2c-bb3f-6ec7f636e4e1 req-c8a17a49-a028-4f2c-bb3f-6ec7f636e4e1 ] Request (ServersAdminNegativeTestJSON:tearDownClass): 200 GET http://10.180.1.21/compute/v2.1/servers/bcfea8dc-1327-4e91-b5fb-5183146af199 0.538s
2025-05-14 09:51:57.875 70113 INFO tempest.lib.common.rest_client [req-e983d6d7-558f-410a-bd9a-9ea172ee8c9e req-e983d6d7-558f-410a-bd9a-9ea172ee8c9e ] Request (AttachInterfacesUnderV243Test:test_add_remove_fixed_ip): 200 GET http://10.180.1.21/compute/v2.1/servers/dcae0c26-c079-4d7c-a321-df69cba40c3c 0.537s
2025-05-14 09:51:57.895 70120 INFO tempest.lib.common.rest_client [req-2179835f-6237-421f-a323-ea118820578d req-2179835f-6237-421f-a323-ea118820578d ] Request (MigrationsAdminTest:test_resize_server_revert_deleted_flavor): 200 POST http://10.180.1.21/compute/v2.1/flavors/70fcf12b-b34b-4ffd-814a-0d1fee319137/os-extra_specs 0.524s
2025-05-14 09:51:57.944 70106 INFO tempest.lib.common.rest_client [req-b68ea37b-6e79-472b-ab4c-1062aa42688b req-b68ea37b-6e79-472b-ab4c-1062aa42688b ] Request (ServerGroupTestJSON:test_create_server_with_scheduler_hint_group): 200 GET http://10.180.1.21/compute/v2.1/servers/cae202f4-3111-4611-ad68-bfaac359bd8e 0.545s
2025-05-14 09:51:57.965 70120 INFO tempest.lib.common.rest_client [req-911652b8-d26c-4cb1-a6b8-0d491d3c6c9e req-911652b8-d26c-4cb1-a6b8-0d491d3c6c9e ] Request (MigrationsAdminTest:test_resize_server_revert_deleted_flavor): 201 POST http://10.180.1.21/identity/v3/auth/tokens 0.066s
2025-05-14 09:51:57.965 70120 INFO tempest.lib.common.fixed_network [-] (MigrationsAdminTest:test_resize_server_revert_deleted_flavor) Found network None available for tenant
2025-05-14 09:51:58.036 70114 WARNING tempest.lib.common.ssh [-] Failed to establish authenticated ssh connection to cirros@10.180.180.154 ([Errno None] Unable to connect to port 22 on 10.180.180.154). Number attempts: 8. Retry after 9 seconds.: paramiko.ssh_exception.NoValidConnectionsError: [Errno None] Unable to connect to port 22 on 10.180.180.154
2025-05-14 09:51:58.247 70110 INFO tempest.lib.common.rest_client [req-92b24b5e-7345-4e66-8c6b-127afa89103a req-92b24b5e-7345-4e66-8c6b-127afa89103a ] Request (DeleteServersAdminTestJSON:test_delete_server_while_in_error_state): 200 GET http://10.180.1.21/compute/v2.1/servers/2dee479a-0981-497c-afb9-6e66085e431f 0.797s
2025-05-14 09:51:58.295 70118 INFO tempest.lib.common.rest_client [req-aeb10738-afa0-42d7-93c9-f372f8ffb3e4 req-aeb10738-afa0-42d7-93c9-f372f8ffb3e4 ] Request (ServersTestJSON:setUpClass): 200 GET http://10.180.1.21/compute/v2.1/servers/d017056e-049d-4162-bc9f-fca50d73fbe0 0.797s
2025-05-14 09:51:58.348 70136 INFO tempest.lib.common.rest_client [req-09a072d8-ae23-4443-83f9-d7c2d3190713 req-09a072d8-ae23-4443-83f9-d7c2d3190713 ] Request (ListImageFiltersTestJSON:tearDownClass): 200 GET http://10.180.1.21/compute/v2.1/servers/029aa35a-3407-4d4f-9388-1978a073ecd2 0.788s
2025-05-14 09:51:58.391 70086 INFO tempest.lib.common.rest_client [req-be3aba30-504f-4da4-b327-a4935c4af34c req-be3aba30-504f-4da4-b327-a4935c4af34c ] Request (ImagesTestJSON:test_create_image_from_stopped_server): 200 GET http://10.180.1.21/compute/v2.1/servers/8fb7187b-854f-4a4b-8129-318705dfc170 0.757s
2025-05-14 09:51:58.439 70144 INFO tempest.lib.common.rest_client [req-1a6f82cf-6875-4f71-a531-fdb4bb1db044 req-1a6f82cf-6875-4f71-a531-fdb4bb1db044 ] Request (ServerShowV254Test:test_rebuild_server): 200 GET http://10.180.1.21/compute/v2.1/servers/bc2d5898-8c8a-477e-af14-c15f00eedb0d 0.748s
2025-05-14 09:51:58.448 70144 INFO tempest.common.waiters [-] State transition "BUILD/None" ==> "BUILD/networking" after 82 second wait
