2025-05-14 09:50:06.039 70140 INFO tempest.lib.common.rest_client [req-df143b29-441f-469e-9dc1-1340ff6aac82 req-df143b29-441f-469e-9dc1-1340ff6aac82 ] Request (VolumesAssistedSnapshotsTest:test_volume_assisted_snapshot_create_delete): 200 GET http://10.180.1.21/compute/v2.1/servers/f121bdab-27c9-457f-b3c0-0218b0d6d1e7 1.792s
2025-05-14 09:50:06.040 70100 INFO tempest.lib.common.rest_client [req-74170aa8-974b-48ad-b61e-be6b0c21b140 req-74170aa8-974b-48ad-b61e-be6b0c21b140 ] Request (ServicesAdminTestJSON:tearDownClass): 204 DELETE http://10.180.1.21/identity/v3/projects/5e2541e03c9b402eb2a53b1f2a108413 0.090s
2025-05-14 09:50:06.041 70100 INFO tempest.lib.common.dynamic_creds [-] Deleting project and security group for project: fbd727fa74f0490eb9e0aaebcb97d4e4
2025-05-14 09:50:06.050 70140 INFO tempest.common.waiters [-] State transition "BUILD/spawning" ==> "ACTIVE/None" after 23 second wait
2025-05-14 09:50:06.113 70130 INFO tempest.lib.common.rest_client [req-6912cd7a-fbc1-4073-9305-239c4af3a9a5 req-6912cd7a-fbc1-4073-9305-239c4af3a9a5 ] Request (AttachVolumeNegativeTest:test_attach_attached_volume_to_different_server): 200 GET http://10.180.1.21/compute/v2.1/servers/559d44dc-2ae8-48a9-9dcd-bad5d03ed236 1.609s
2025-05-14 09:50:06.137 70113 INFO tempest.lib.common.rest_client [req-7edba076-2b91-4bc7-97c6-872daaa1ee10 req-7edba076-2b91-4bc7-97c6-872daaa1ee10 ] Request (ImagesNegativeTestJSON:test_create_image_from_deleted_server): 200 GET http://10.180.1.21/compute/v2.1/servers/733e01e7-5429-41fe-8cd0-9fc56d03fce0 1.820s
2025-05-14 09:50:06.137 70142 INFO tempest.lib.common.rest_client [req-d3f94f88-c948-4c46-8203-1db42f835bb1 req-d3f94f88-c948-4c46-8203-1db42f835bb1 ] Request (FlavorsAccessNegativeTestJSON:test_remove_flavor_access_not_found): 200 POST http://10.180.1.21/compute/v2.1/flavors 1.610s
2025-05-14 09:50:06.166 70092 INFO tempest.lib.common.rest_client [req-be29a00d-b891-4981-a571-8871eb09ec8c req-be29a00d-b891-4981-a571-8871eb09ec8c ] Request (AggregatesAdminNegativeTestJSON:test_aggregate_get_details_as_user): 200 POST http://10.180.1.21/compute/v2.1/os-aggregates 1.630s
2025-05-14 09:50:06.191 70100 INFO tempest.lib.common.rest_client [req-11a9ba1d-cf9c-458c-a8ed-f54f05b8145a req-11a9ba1d-cf9c-458c-a8ed-f54f05b8145a ] Request (ServicesAdminTestJSON:tearDownClass): 200 GET http://10.180.1.21:9696/networking/v2.0/security-groups?tenant_id=fbd727fa74f0490eb9e0aaebcb97d4e4&name=default 0.150s
2025-05-14 09:50:06.193 70114 INFO tempest.lib.common.rest_client [req-7ae01725-d375-4a58-a8d4-8a6b48b413d0 req-7ae01725-d375-4a58-a8d4-8a6b48b413d0 ] Request (AttachVolumeShelveTestJSON:test_attach_volume_shelved_or_offload_server): 200 GET http://10.180.1.21/compute/v2.1/servers/23bc134e-7725-40b1-b79d-d8ef6dbd7cad 1.658s
2025-05-14 09:50:06.232 70136 INFO tempest.lib.common.rest_client [req-fdec628b-e892-4e0e-a737-363e006a9d25 req-fdec628b-e892-4e0e-a737-363e006a9d25 ] Request (ListImageFiltersTestJSON:setUpClass): 200 GET http://10.180.1.21/compute/v2.1/servers/029aa35a-3407-4d4f-9388-1978a073ecd2 1.653s
2025-05-14 09:50:06.250 70118 INFO tempest.lib.common.rest_client [req-487ca7b7-e515-4d3d-81a2-bfe1bdae7578 req-487ca7b7-e515-4d3d-81a2-bfe1bdae7578 ] Request (ServerDiagnosticsNegativeTest:test_get_server_diagnostics_by_non_admin): 200 GET http://10.180.1.21/compute/v2.1/servers/f9371520-75bc-414a-a704-30dba68d5a52 1.625s
2025-05-14 09:50:06.270 70144 INFO tempest.lib.common.rest_client [req-dca8add4-7f1e-4936-97a4-157617c2bed7 req-dca8add4-7f1e-4936-97a4-157617c2bed7 ] Request (FlavorsAdminTestJSON:_run_cleanups): 202 DELETE http://10.180.1.21/compute/v2.1/flavors/691251451 1.567s
2025-05-14 09:50:06.272 70100 INFO tempest.lib.common.rest_client [req-6cdffa86-251f-4c20-86cc-f51193b52477 req-6cdffa86-251f-4c20-86cc-f51193b52477 ] Request (ServicesAdminTestJSON:tearDownClass): 204 DELETE http://10.180.1.21:9696/networking/v2.0/security-groups/5cbb28c8-9d3a-41df-9fa1-c1ac950903da 0.080s
2025-05-14 09:50:06.381 70100 INFO tempest.lib.common.rest_client [req-c24692ca-4e9f-41e5-8fe6-52871eb994a0 req-c24692ca-4e9f-41e5-8fe6-52871eb994a0 ] Request (ServicesAdminTestJSON:tearDownClass): 204 DELETE http://10.180.1.21/identity/v3/projects/fbd727fa74f0490eb9e0aaebcb97d4e4 0.108s
2025-05-14 09:50:06.442 70100 INFO tempest.lib.common.rest_client [req-6ea3a369-142a-4046-86e4-d9da21b7f1e7 req-6ea3a369-142a-4046-86e4-d9da21b7f1e7 ] Request (ServerShowV263Test:setUpClass): 201 POST http://10.180.1.21/identity/v3/auth/tokens 0.060s
2025-05-14 09:50:06.476 70100 INFO tempest.lib.common.rest_client [req-8988d6ee-3b7b-47f8-b8e8-3275971288f0 req-8988d6ee-3b7b-47f8-b8e8-3275971288f0 ] Request (ServerShowV263Test:setUpClass): 201 POST http://10.180.1.21/identity/v3/auth/tokens 0.030s
2025-05-14 09:50:06.503 70100 INFO tempest.lib.common.rest_client [req-ec06c1b2-ccec-43ec-86c6-6dfe3533f099 req-ec06c1b2-ccec-43ec-86c6-6dfe3533f099 ] Request (ServerShowV263Test:setUpClass): 200 GET http://10.180.1.21/identity/v3/domains?name=Default 0.026s
2025-05-14 09:50:06.534 70100 INFO tempest.lib.common.rest_client [req-9c92da5f-596c-471b-b652-0c2c7f0509a8 req-9c92da5f-596c-471b-b652-0c2c7f0509a8 ] Request (ServerShowV263Test:setUpClass): 201 POST http://10.180.1.21/identity/v3/projects 0.031s
2025-05-14 09:50:06.547 70134 INFO tempest.lib.common.rest_client [req-d8e09bcb-fce8-43ea-b545-7d84ac933a2d req-d8e09bcb-fce8-43ea-b545-7d84ac933a2d ] Request (TenantUsagesTestJSON:setUpClass): 200 GET http://10.180.1.21/compute/v2.1/servers/a006d1f1-5185-4717-bf54-fa8b33c19fda 1.812s
2025-05-14 09:50:06.565 70134 INFO tempest.common.waiters [-] State transition "BUILD/None" ==> "BUILD/spawning" after 20 second wait
2025-05-14 09:50:06.637 70100 INFO tempest.lib.common.rest_client [req-30c24262-d8dc-48f9-b929-a5e8789d77b5 req-30c24262-d8dc-48f9-b929-a5e8789d77b5 ] Request (ServerShowV263Test:setUpClass): 201 POST http://10.180.1.21/identity/v3/users 0.102s
2025-05-14 09:50:06.646 70096 INFO tempest.lib.common.rest_client [req-8489ee81-08bb-4fc1-a354-bace73b6df4a req-8489ee81-08bb-4fc1-a354-bace73b6df4a ] Request (ServerShowV257Test:tearDownClass): 200 GET http://10.180.1.21/compute/v2.1/servers/d64c1ede-21f5-4d14-9585-85aad4d25873 1.650s
2025-05-14 09:50:06.666 70100 INFO tempest.lib.common.rest_client [req-942d8509-ecbe-46d0-a8b5-25dccf4b4e80 req-942d8509-ecbe-46d0-a8b5-25dccf4b4e80 ] Request (ServerShowV263Test:setUpClass): 200 GET http://10.180.1.21/identity/v3/roles 0.029s
2025-05-14 09:50:06.685 70104 INFO tempest.lib.common.rest_client [req-f57d67c0-a23e-46fe-ba97-bff1b3566bfc req-f57d67c0-a23e-46fe-ba97-bff1b3566bfc ] Request (FlavorsV2TestJSON:test_list_flavors_detailed_filter_by_min_ram): 200 GET http://10.180.1.21/compute/v2.1/flavors/detail?minRam=193 1.245s
2025-05-14 09:50:06.710 70100 INFO tempest.lib.common.rest_client [req-1bf1059a-a3b1-4d9e-9a03-ed162e741659 req-1bf1059a-a3b1-4d9e-9a03-ed162e741659 ] Request (ServerShowV263Test:setUpClass): 204 PUT http://10.180.1.21/identity/v3/projects/6a095a7252e8465f89d7a221176097d1/users/ad9cfa139c1e4a5aa161ccd85f5e5405/roles/a39c8938f9a84f969bd045d82a5baa4b 0.044s
2025-05-14 09:50:06.710 70100 INFO tempest.lib.common.dynamic_creds [-] Dynamic test user ad9cfa139c1e4a5aa161ccd85f5e5405 is created with scope project and roles: ['member']
2025-05-14 09:50:06.711 70100 INFO tempest.lib.common.dynamic_creds [-] Acquired dynamic creds: credentials: Credentials: {'domain_id': 'default', 'domain_name': 'Default', 'username': 'tempest-ServerShowV263Test-1570094179-project-member', 'project_domain_id': 'default', 'project_domain_name': 'Default', 'project_id': '6a095a7252e8465f89d7a221176097d1', 'project_name': 'tempest-ServerShowV263Test-1570094179', 'tenant_id': '6a095a7252e8465f89d7a221176097d1', 'tenant_name': 'tempest-ServerShowV263Test-1570094179', 'user_domain_id': 'default', 'user_domain_name': 'Default', 'user_id': 'ad9cfa139c1e4a5aa161ccd85f5e5405', 'system': None}, Network: None, Subnet: None, Router: None
2025-05-14 09:50:06.711 70100 INFO tempest.lib.common.dynamic_creds [-] Created isolated network resources for: credentials: Credentials: {'domain_id': 'default', 'domain_name': 'Default', 'username': 'tempest-ServerShowV263Test-1570094179-project-member', 'project_domain_id': 'default', 'project_domain_name': 'Default', 'project_id': '6a095a7252e8465f89d7a221176097d1', 'project_name': 'tempest-ServerShowV263Test-1570094179', 'tenant_id': '6a095a7252e8465f89d7a221176097d1', 'tenant_name': 'tempest-ServerShowV263Test-1570094179', 'user_domain_id': 'default', 'user_domain_name': 'Default', 'user_id': 'ad9cfa139c1e4a5aa161ccd85f5e5405', 'system': None}, Network: None, Subnet: None, Router: None
2025-05-14 09:50:06.717 70090 INFO tempest.lib.common.rest_client [req-7a655ced-dbb5-45c5-9f64-8f1af2d5a274 req-7a655ced-dbb5-45c5-9f64-8f1af2d5a274 ] Request (SecurityGroupRulesTestJSON:test_security_group_rules_delete_when_peer_group_deleted): 200 POST http://10.180.1.21/compute/v2.1/os-security-group-rules 2.024s
2025-05-14 09:50:06.791 70138 INFO tempest.lib.common.rest_client [req-2dcfd586-1b9a-42f1-b459-408b5d0468e7 req-2dcfd586-1b9a-42f1-b459-408b5d0468e7 ] Request (ImagesOneServerNegativeTestJSON:setUpClass): 200 GET http://10.180.1.21/compute/v2.1/servers/4e574bef-58f7-4fe3-9f0f-c76854082912 1.026s
2025-05-14 09:50:06.814 70100 INFO tempest.lib.common.rest_client [req-a69e14b2-faba-4164-9f2a-6211c1a285de req-a69e14b2-faba-4164-9f2a-6211c1a285de ] Request (ServerShowV263Test:setUpClass): 201 POST http://10.180.1.21/identity/v3/auth/tokens 0.099s
2025-05-14 09:50:06.867 70100 INFO tempest.lib.common.rest_client [req-18c2d353-75c8-492c-b520-7d01c8b94872 req-18c2d353-75c8-492c-b520-7d01c8b94872 ] Request (ServerShowV263Test:setUpClass): 200 GET http://10.180.1.21/identity/v3/projects/6a095a7252e8465f89d7a221176097d1 0.053s
2025-05-14 09:50:06.868 70100 INFO tempest.lib.common.dynamic_creds [-] Using the existing project 6a095a7252e8465f89d7a221176097d1 for scope project and roles: ['reader']
2025-05-14 09:50:06.871 70132 INFO tempest.lib.common.rest_client [req-7ee061f3-b3dc-4714-b666-f3e4c3ab5775 req-7ee061f3-b3dc-4714-b666-f3e4c3ab5775 ] Request (ServersAdminNegativeTestJSON:test_migrate_server_invalid_state): 200 GET http://10.180.1.21/compute/v2.1/servers/b407224d-c687-4351-9bcf-d7ff85ab0193 1.057s
2025-05-14 09:50:06.897 70098 INFO tempest.lib.common.rest_client [req-539eb6a8-a18b-47c1-8f84-1263fe9e7030 req-539eb6a8-a18b-47c1-8f84-1263fe9e7030 ] Request (QuotasAdminTestV236:test_get_updated_quotas): 200 GET http://10.180.1.21/compute/v2.1/os-quota-sets/0b35ebc0655e4b9bab14308ac601d67a/detail 1.137s
2025-05-14 09:50:06.905 70100 INFO tempest.lib.common.rest_client [req-9946e94a-0638-48fb-94ee-facfb5cc0a9b req-9946e94a-0638-48fb-94ee-facfb5cc0a9b ] Request (ServerShowV263Test:setUpClass): 201 POST http://10.180.1.21/identity/v3/users 0.037s
2025-05-14 09:50:06.929 70100 INFO tempest.lib.common.rest_client [req-f9669ecc-8b7f-4b31-b8d7-c78068c25738 req-f9669ecc-8b7f-4b31-b8d7-c78068c25738 ] Request (ServerShowV263Test:setUpClass): 200 GET http://10.180.1.21/identity/v3/roles 0.023s
2025-05-14 09:50:06.932 70098 INFO tempest.lib.common.rest_client [req-5881a7b7-6658-458d-bf53-afd489ae9989 req-5881a7b7-6658-458d-bf53-afd489ae9989 ] Request (QuotasAdminTestV236:test_get_updated_quotas): 200 GET http://10.180.1.21/identity/v3/domains?name=Default 0.030s
2025-05-14 09:50:06.959 70110 INFO tempest.lib.common.rest_client [req-4de609fa-7e3b-4743-aa11-b6553b65260d req-4de609fa-7e3b-4743-aa11-b6553b65260d ] Request (DeleteServersAdminTestJSON:test_admin_delete_servers_of_others): 200 GET http://10.180.1.21/compute/v2.1/servers/50f54b16-d6c6-4654-8f13-7773a3ec0e34 1.085s
2025-05-14 09:50:06.964 70100 INFO tempest.lib.common.rest_client [req-22a08ac1-6190-4d72-83f2-2a5268f3929c req-22a08ac1-6190-4d72-83f2-2a5268f3929c ] Request (ServerShowV263Test:setUpClass): 204 PUT http://10.180.1.21/identity/v3/projects/6a095a7252e8465f89d7a221176097d1/users/608b6e205bfb4cd5921986b0b5c3591a/roles/bd91be2420aa48db8005984ae68a6acb 0.034s
2025-05-14 09:50:06.964 70100 INFO tempest.lib.common.dynamic_creds [-] Dynamic test user 608b6e205bfb4cd5921986b0b5c3591a is created with scope project and roles: ['reader']
2025-05-14 09:50:06.964 70100 INFO tempest.lib.common.dynamic_creds [-] Acquired dynamic creds: credentials: Credentials: {'domain_id': 'default', 'domain_name': 'Default', 'username': 'tempest-ServerShowV263Test-1570094179-project-reader', 'project_domain_id': 'default', 'project_domain_name': 'Default', 'project_id': '6a095a7252e8465f89d7a221176097d1', 'project_name': 'tempest-ServerShowV263Test-1570094179', 'tenant_id': '6a095a7252e8465f89d7a221176097d1', 'tenant_name': 'tempest-ServerShowV263Test-1570094179', 'user_domain_id': 'default', 'user_domain_name': 'Default', 'user_id': '608b6e205bfb4cd5921986b0b5c3591a', 'system': None}, Network: None, Subnet: None, Router: None
2025-05-14 09:50:06.965 70100 INFO tempest.lib.common.dynamic_creds [-] Network resources are not created for requested scope: project and credentials: Credentials: {'domain_id': 'default', 'domain_name': 'Default', 'username': 'tempest-ServerShowV263Test-1570094179-project-reader', 'project_domain_id': 'default', 'project_domain_name': 'Default', 'project_id': '6a095a7252e8465f89d7a221176097d1', 'project_name': 'tempest-ServerShowV263Test-1570094179', 'tenant_id': '6a095a7252e8465f89d7a221176097d1', 'tenant_name': 'tempest-ServerShowV263Test-1570094179', 'user_domain_id': 'default', 'user_domain_name': 'Default', 'user_id': '608b6e205bfb4cd5921986b0b5c3591a', 'system': None}, Network: None, Subnet: None, Router: None
2025-05-14 09:50:06.967 70108 INFO tempest.lib.common.rest_client [req-3fbaa65d-3db7-4e16-bb2b-8369ad0d7de8 req-3fbaa65d-3db7-4e16-bb2b-8369ad0d7de8 ] Request (ServersWithSpecificFlavorTestJSON:test_verify_created_server_ephemeral_disk): 200 GET http://10.180.1.21/compute/v2.1/servers/ee7f76c1-fcb5-49a7-88fe-57541f13f24b 1.033s
2025-05-14 09:50:06.971 70098 INFO tempest.lib.common.rest_client [req-a8d6a332-687e-490b-a360-6a1c2e6439a6 req-a8d6a332-687e-490b-a360-6a1c2e6439a6 ] Request (QuotasAdminTestV236:test_get_updated_quotas): 201 POST http://10.180.1.21/identity/v3/users 0.038s
2025-05-14 09:50:07.020 70120 INFO tempest.lib.common.rest_client [req-4c64f44a-d909-4427-b10f-7c4d0d1a1cd6 req-4c64f44a-d909-4427-b10f-7c4d0d1a1cd6 ] Request (MigrationsAdminTest:test_list_migrations_in_flavor_resize_situation): 200 GET http://10.180.1.21/compute/v2.1/servers/5c1878eb-3c4b-49b8-89ba-9c51845204bd 1.039s
2025-05-14 09:50:07.035 70100 INFO tempest.lib.common.rest_client [req-be7f30a2-660c-4136-8103-c60d90961d5b req-be7f30a2-660c-4136-8103-c60d90961d5b ] Request (ServerShowV263Test:setUpClass): 201 POST http://10.180.1.21/identity/v3/auth/tokens 0.068s
2025-05-14 09:50:07.046 70116 INFO tempest.lib.common.rest_client [req-794db158-b32f-4f58-be88-1a079d9d0d42 req-794db158-b32f-4f58-be88-1a079d9d0d42 ] Request (AttachInterfacesV270Test:tearDownClass): 204 DELETE http://10.180.1.21/compute/v2.1/servers/2631d429-9d16-4cdf-b7cf-14ea26d5fd94 1.022s
2025-05-14 09:50:07.046 70098 INFO tempest.lib.common.rest_client [req-63bdf12f-1534-44b9-b617-314d15891c48 req-63bdf12f-1534-44b9-b617-314d15891c48 ] Request (QuotasAdminTestV236:test_get_updated_quotas): 200 GET http://10.180.1.21/identity/v3/domains?name=Default 0.074s
2025-05-14 09:50:07.075 70102 INFO tempest.lib.common.rest_client [req-473d39c5-d056-4e78-9765-280e4b24f716 req-473d39c5-d056-4e78-9765-280e4b24f716 ] Request (SecurityGroupsNegativeTestJSON:setUpClass): 201 POST http://10.180.1.21:9696/networking/v2.0/routers 1.329s
2025-05-14 09:50:07.123 70140 INFO tempest.lib.common.rest_client [req-0d32fbd6-37bb-4aef-86d9-e5b1f2a5736e req-0d32fbd6-37bb-4aef-86d9-e5b1f2a5736e ] Request (VolumesAssistedSnapshotsTest:test_volume_assisted_snapshot_create_delete): 200 GET http://10.180.1.21/compute/v2.1/servers/f121bdab-27c9-457f-b3c0-0218b0d6d1e7/os-interface 1.073s
2025-05-14 09:50:07.127 70100 INFO tempest.lib.common.rest_client [req-7587bf08-c77d-4fcf-a213-49f3abbde8a4 req-7587bf08-c77d-4fcf-a213-49f3abbde8a4 ] Request (ServerShowV263Test:tearDownClass): 204 DELETE http://10.180.1.21/identity/v3/users/ad9cfa139c1e4a5aa161ccd85f5e5405 0.090s
2025-05-14 09:50:07.210 70086 INFO tempest.lib.common.rest_client [req-0738ea1b-cf22-4944-b764-546321a0acf6 req-0738ea1b-cf22-4944-b764-546321a0acf6 ] Request (ServerExternalEventsTest:test_create_server_external_events): 200 GET http://10.180.1.21/compute/v2.1/servers/b9cb0a36-50a0-4030-b8c7-aec41255fb60 1.124s
2025-05-14 09:50:07.221 70100 INFO tempest.lib.common.rest_client [req-c753942a-a2e0-47b2-b4d6-f443fe2f7209 req-c753942a-a2e0-47b2-b4d6-f443fe2f7209 ] Request (ServerShowV263Test:tearDownClass): 204 DELETE http://10.180.1.21/identity/v3/users/608b6e205bfb4cd5921986b0b5c3591a 0.094s
2025-05-14 09:50:07.222 70100 INFO tempest.lib.common.dynamic_creds [-] Deleting project and security group for project: 6a095a7252e8465f89d7a221176097d1
2025-05-14 09:50:07.223 70092 INFO tempest.lib.common.rest_client [req-48f5ab05-88f1-4958-9d2d-b621374ddd14 req-48f5ab05-88f1-4958-9d2d-b621374ddd14 ] Request (AggregatesAdminNegativeTestJSON:test_aggregate_get_details_as_user): 403 GET http://10.180.1.21/compute/v2.1/os-aggregates/6 1.055s
2025-05-14 09:50:07.281 70100 INFO tempest.lib.common.rest_client [req-15557461-de8c-43de-9008-4c17c24e9b43 req-15557461-de8c-43de-9008-4c17c24e9b43 ] Request (ServerShowV263Test:tearDownClass): 201 POST http://10.180.1.21/identity/v3/auth/tokens 0.059s
2025-05-14 09:50:07.281 70142 INFO tempest.lib.common.rest_client [req-5ca1d6aa-c4e7-46d4-9d46-349a48c1d52e req-5ca1d6aa-c4e7-46d4-9d46-349a48c1d52e ] Request (FlavorsAccessNegativeTestJSON:test_remove_flavor_access_not_found): 404 POST http://10.180.1.21/compute/v2.1/flavors/645742407/action 1.140s
2025-05-14 09:50:07.456 70124 INFO tempest.lib.common.rest_client [req-7e83499f-541e-43a9-a99d-4909c3ee2691 req-7e83499f-541e-43a9-a99d-4909c3ee2691 ] Request (ServerDiagnosticsTest:tearDownClass): 200 GET http://10.180.1.21/compute/v2.1/servers/960ee12b-c42e-4e69-a5fc-5c97d3c7f2fe 1.274s
2025-05-14 09:50:07.456 70088 INFO tempest.lib.common.rest_client [req-5a4a68e9-fb6f-48f6-a73e-e0edadd64152 req-5a4a68e9-fb6f-48f6-a73e-e0edadd64152 ] Request (VolumesAdminNegativeTest:test_update_attached_volume_with_nonexistent_volume_in_body): 200 GET http://10.180.1.21/compute/v2.1/servers/f254ccca-ffc2-4ca6-92ac-317b5f99cd20 1.208s
2025-05-14 09:50:07.486 70144 INFO tempest.lib.common.rest_client [req-e7a097be-a585-4f38-85bc-7053b194186a req-e7a097be-a585-4f38-85bc-7053b194186a ] Request (FlavorsAdminTestJSON:_run_cleanups): 200 GET http://10.180.1.21/compute/v2.1/flavors/detail 1.216s
2025-05-14 09:50:07.527 70106 INFO tempest.lib.common.rest_client [req-30e07e0d-5665-42c9-be58-55c6a0eb629d req-30e07e0d-5665-42c9-be58-55c6a0eb629d ] Request (ListServersNegativeTestJSON:setUpClass): 200 GET http://10.180.1.21/compute/v2.1/servers/ee008d19-5fee-41b6-b831-4fd2f8bb5327 1.218s
2025-05-14 09:50:07.545 70126 INFO tempest.lib.common.rest_client [req-bb769110-fd69-45ad-83d9-d671111d003b req-bb769110-fd69-45ad-83d9-d671111d003b ] Request (ServersTestBootFromVolume:setUpClass): 200 GET http://10.180.1.21/compute/v2.1/servers/0cd34a99-40c7-4603-aacf-80205275b852 1.187s
2025-05-14 09:50:07.561 70104 INFO tempest.lib.common.rest_client [req-27c5f145-f13b-4708-b3a6-44f8e213e658 req-27c5f145-f13b-4708-b3a6-44f8e213e658 ] Request (FlavorsV2TestJSON:test_list_flavors_detailed_limit_results): 200 GET http://10.180.1.21/compute/v2.1/flavors/detail?limit=1 0.870s
2025-05-14 09:50:07.583 70128 INFO tempest.lib.common.rest_client [req-428c8a40-ad6e-4247-a6a3-12f309154106 req-428c8a40-ad6e-4247-a6a3-12f309154106 ] Request (InstanceActionsNegativeTestJSON:setUpClass): 200 GET http://10.180.1.21/compute/v2.1/servers/e3c53d5b-18f8-4c41-8ec2-fd8e170576af 1.166s
2025-05-14 09:50:07.674 70094 INFO tempest.lib.common.rest_client [req-36d8dfc2-58ca-449e-9058-4abfde779e57 req-36d8dfc2-58ca-449e-9058-4abfde779e57 ] Request (ServersAdmin275Test:test_rebuild_update_server_275): 200 GET http://10.180.1.21/compute/v2.1/servers/c6473d46-cde3-401b-8654-a9013978b81b 0.828s
2025-05-14 09:50:07.724 70100 INFO tempest.lib.common.rest_client [req-9352d122-1822-4a23-88a0-415f559bbde8 req-9352d122-1822-4a23-88a0-415f559bbde8 ] Request (ServerShowV263Test:tearDownClass): 200 GET http://10.180.1.21:9696/networking/v2.0/security-groups?tenant_id=6a095a7252e8465f89d7a221176097d1&name=default 0.442s
2025-05-14 09:50:07.818 70090 INFO tempest.lib.common.rest_client [req-9c25830c-3f8b-482c-98f3-18861d0c64c1 req-9c25830c-3f8b-482c-98f3-18861d0c64c1 ] Request (SecurityGroupRulesTestJSON:test_security_group_rules_delete_when_peer_group_deleted): 202 DELETE http://10.180.1.21/compute/v2.1/os-security-groups/3f155e72-5f1a-454a-8e20-6dcc2a01448b 1.099s
2025-05-14 09:50:07.873 70100 INFO tempest.lib.common.rest_client [req-bcbc79d9-bd4d-4022-a3de-b0133ea25afa req-bcbc79d9-bd4d-4022-a3de-b0133ea25afa ] Request (ServerShowV263Test:tearDownClass): 204 DELETE http://10.180.1.21:9696/networking/v2.0/security-groups/5211f8b3-03ce-48d9-afe8-e7ac0db8084e 0.148s
2025-05-14 09:50:07.970 70100 INFO tempest.lib.common.rest_client [req-b05f0b72-9890-4770-b92c-3162ae4892f9 req-b05f0b72-9890-4770-b92c-3162ae4892f9 ] Request (ServerShowV263Test:tearDownClass): 204 DELETE http://10.180.1.21/identity/v3/projects/6a095a7252e8465f89d7a221176097d1 0.096s
2025-05-14 09:50:07.992 70098 INFO tempest.lib.common.rest_client [req-3e300a2b-1c28-478c-912d-f7f0b086aa20 req-3e300a2b-1c28-478c-912d-f7f0b086aa20 ] Request (QuotasAdminTestV236:test_get_updated_quotas): 200 PUT http://10.180.1.21/compute/v2.1/os-quota-sets/0b35ebc0655e4b9bab14308ac601d67a?user_id=7a3d00ab299f45278f067a3954e18ac2 0.946s
2025-05-14 09:50:08.041 70116 INFO tempest.lib.common.rest_client [req-6d095caa-562a-430f-9ce9-23a835c99178 req-6d095caa-562a-430f-9ce9-23a835c99178 ] Request (AttachInterfacesV270Test:tearDownClass): 200 GET http://10.180.1.21/compute/v2.1/servers/2631d429-9d16-4cdf-b7cf-14ea26d5fd94 0.994s
2025-05-14 09:50:08.050 70100 INFO tempest.lib.common.rest_client [req-bb3ac0fd-59ce-42b1-8cf9-48f2e1bf493d req-bb3ac0fd-59ce-42b1-8cf9-48f2e1bf493d ] Request (ServersListShow298Test:setUpClass): 201 POST http://10.180.1.21/identity/v3/auth/tokens 0.078s
2025-05-14 09:50:08.063 70130 INFO tempest.lib.common.rest_client [req-1f00da66-eba5-4bb6-ab14-8980d1b6b8df req-1f00da66-eba5-4bb6-ab14-8980d1b6b8df ] Request (AttachVolumeNegativeTest:test_attach_attached_volume_to_different_server): 200 GET http://10.180.1.21/compute/v2.1/servers/559d44dc-2ae8-48a9-9dcd-bad5d03ed236 0.939s
2025-05-14 09:50:08.095 70100 INFO tempest.lib.common.rest_client [req-219f8a5f-3c3f-4b53-9ab8-a2ea0b592005 req-219f8a5f-3c3f-4b53-9ab8-a2ea0b592005 ] Request (ServersListShow298Test:setUpClass): 201 POST http://10.180.1.21/identity/v3/auth/tokens 0.042s
2025-05-14 09:50:08.144 70100 INFO tempest.lib.common.rest_client [req-1d83d9f3-bb32-4bf2-8798-73fe94c82680 req-1d83d9f3-bb32-4bf2-8798-73fe94c82680 ] Request (ServersListShow298Test:setUpClass): 200 GET http://10.180.1.21/identity/v3/domains?name=Default 0.049s
2025-05-14 09:50:08.160 70114 INFO tempest.lib.common.rest_client [req-0093518d-ce43-4b42-9ab2-f46b39ae51ff req-0093518d-ce43-4b42-9ab2-f46b39ae51ff ] Request (AttachVolumeShelveTestJSON:test_attach_volume_shelved_or_offload_server): 200 GET http://10.180.1.21/compute/v2.1/servers/23bc134e-7725-40b1-b79d-d8ef6dbd7cad 0.955s
2025-05-14 09:50:08.178 70113 INFO tempest.lib.common.rest_client [req-7eb9b860-a496-4c10-885d-54203219055b req-7eb9b860-a496-4c10-885d-54203219055b ] Request (ImagesNegativeTestJSON:test_create_image_from_deleted_server): 200 GET http://10.180.1.21/compute/v2.1/servers/733e01e7-5429-41fe-8cd0-9fc56d03fce0 1.033s
2025-05-14 09:50:08.186 70100 INFO tempest.lib.common.rest_client [req-28483803-ffbc-4381-9e2e-5122dad22ab6 req-28483803-ffbc-4381-9e2e-5122dad22ab6 ] Request (ServersListShow298Test:setUpClass): 201 POST http://10.180.1.21/identity/v3/projects 0.041s
2025-05-14 09:50:08.212 70092 INFO tempest.lib.common.rest_client [req-27c24c8d-f8fa-4616-8fbe-1ffa2e0c5930 req-27c24c8d-f8fa-4616-8fbe-1ffa2e0c5930 ] Request (AggregatesAdminNegativeTestJSON:_run_cleanups): 200 DELETE http://10.180.1.21/compute/v2.1/os-aggregates/6 0.988s
2025-05-14 09:50:08.254 70140 INFO tempest.lib.common.rest_client [req-a32ecc44-5357-43da-b56f-6d2914ed0b4e req-a32ecc44-5357-43da-b56f-6d2914ed0b4e ] Request (VolumesAssistedSnapshotsTest:test_volume_assisted_snapshot_create_delete): 200 PUT http://10.180.1.21:9696/networking/v2.0/floatingips/e87bd65a-7ac3-4501-ab7b-e8cd0d2e9cc9 1.127s
2025-05-14 09:50:08.255 70140 INFO tempest.lib.common.ssh [-] Creating ssh connection to '10.180.180.141:22' as 'cirros' with public key authentication
2025-05-14 09:50:08.279 70136 INFO tempest.lib.common.rest_client [req-257d5a62-3bc7-4d5e-a808-2443691b0a21 req-257d5a62-3bc7-4d5e-a808-2443691b0a21 ] Request (ListImageFiltersTestJSON:setUpClass): 200 GET http://10.180.1.21/compute/v2.1/servers/029aa35a-3407-4d4f-9388-1978a073ecd2 1.038s
2025-05-14 09:50:08.281 70100 INFO tempest.lib.common.rest_client [req-e382dbfc-ddd1-4c38-bd6b-1152767e0457 req-e382dbfc-ddd1-4c38-bd6b-1152767e0457 ] Request (ServersListShow298Test:setUpClass): 201 POST http://10.180.1.21/identity/v3/users 0.094s
2025-05-14 09:50:08.307 70142 INFO tempest.lib.common.rest_client [req-c9702be5-a6eb-4e5b-9595-e5a7c7e755f7 req-c9702be5-a6eb-4e5b-9595-e5a7c7e755f7 ] Request (FlavorsAccessNegativeTestJSON:_run_cleanups): 202 DELETE http://10.180.1.21/compute/v2.1/flavors/645742407 1.025s
2025-05-14 09:50:08.310 70100 INFO tempest.lib.common.rest_client [req-409be07a-97d0-45bb-bedb-23ba59963341 req-409be07a-97d0-45bb-bedb-23ba59963341 ] Request (ServersListShow298Test:setUpClass): 200 GET http://10.180.1.21/identity/v3/roles 0.029s
2025-05-14 09:50:08.319 70118 INFO tempest.lib.common.rest_client [req-71f26205-2cc2-4948-99a6-c0a502db7975 req-71f26205-2cc2-4948-99a6-c0a502db7975 ] Request (ServerDiagnosticsNegativeTest:test_get_server_diagnostics_by_non_admin): 200 GET http://10.180.1.21/compute/v2.1/servers/f9371520-75bc-414a-a704-30dba68d5a52 1.061s
2025-05-14 09:50:08.345 70144 INFO tempest.lib.common.rest_client [req-4298fa08-cdd9-4e61-af80-812b4abf1341 req-4298fa08-cdd9-4e61-af80-812b4abf1341 ] Request (FlavorsAdminTestJSON:test_is_public_string_variations): 200 POST http://10.180.1.21/compute/v2.1/flavors 0.852s
2025-05-14 09:50:08.361 70104 INFO tempest.lib.common.rest_client [req-75c453f6-051e-4b79-bfce-6412b23e4f72 req-75c453f6-051e-4b79-bfce-6412b23e4f72 ] Request (FlavorsV2TestJSON:test_list_flavors_detailed_using_marker): 200 GET http://10.180.1.21/compute/v2.1/flavors/42 0.789s
2025-05-14 09:50:08.371 70100 INFO tempest.lib.common.rest_client [req-361e267b-433b-4533-9c1d-59a79b34ce70 req-361e267b-433b-4533-9c1d-59a79b34ce70 ] Request (ServersListShow298Test:setUpClass): 204 PUT http://10.180.1.21/identity/v3/projects/98bd66139b5946c58ededa93a3f55d00/users/02a9190a12e7466e9e5a3cc86ba15a47/roles/a39c8938f9a84f969bd045d82a5baa4b 0.057s
2025-05-14 09:50:08.371 70100 INFO tempest.lib.common.dynamic_creds [-] Dynamic test user 02a9190a12e7466e9e5a3cc86ba15a47 is created with scope project and roles: ['member']
2025-05-14 09:50:08.372 70100 INFO tempest.lib.common.dynamic_creds [-] Acquired dynamic creds: credentials: Credentials: {'domain_id': 'default', 'domain_name': 'Default', 'username': 'tempest-ServersListShow298Test-905518999-project-member', 'project_domain_id': 'default', 'project_domain_name': 'Default', 'project_id': '98bd66139b5946c58ededa93a3f55d00', 'project_name': 'tempest-ServersListShow298Test-905518999', 'tenant_id': '98bd66139b5946c58ededa93a3f55d00', 'tenant_name': 'tempest-ServersListShow298Test-905518999', 'user_domain_id': 'default', 'user_domain_name': 'Default', 'user_id': '02a9190a12e7466e9e5a3cc86ba15a47', 'system': None}, Network: None, Subnet: None, Router: None
2025-05-14 09:50:08.372 70100 INFO tempest.lib.common.dynamic_creds [-] Created isolated network resources for: credentials: Credentials: {'domain_id': 'default', 'domain_name': 'Default', 'username': 'tempest-ServersListShow298Test-905518999-project-member', 'project_domain_id': 'default', 'project_domain_name': 'Default', 'project_id': '98bd66139b5946c58ededa93a3f55d00', 'project_name': 'tempest-ServersListShow298Test-905518999', 'tenant_id': '98bd66139b5946c58ededa93a3f55d00', 'tenant_name': 'tempest-ServersListShow298Test-905518999', 'user_domain_id': 'default', 'user_domain_name': 'Default', 'user_id': '02a9190a12e7466e9e5a3cc86ba15a47', 'system': None}, Network: None, Subnet: None, Router: None
2025-05-14 09:50:08.458 70100 INFO tempest.lib.common.rest_client [req-81944684-ddc9-4496-aaa5-24d5e47b6274 req-81944684-ddc9-4496-aaa5-24d5e47b6274 ] Request (ServersListShow298Test:setUpClass): 201 POST http://10.180.1.21/identity/v3/auth/tokens 0.082s
2025-05-14 09:50:08.481 70096 INFO tempest.lib.common.rest_client [req-b2678ec2-c2a3-423d-89e1-f72751e2c638 req-b2678ec2-c2a3-423d-89e1-f72751e2c638 ] Request (ServerShowV257Test:tearDownClass): 200 GET http://10.180.1.21/compute/v2.1/servers/d64c1ede-21f5-4d14-9585-85aad4d25873 0.818s
2025-05-14 09:50:08.505 70100 INFO tempest.lib.common.rest_client [req-06250029-81d3-4f59-83bc-cf5d8df09042 req-06250029-81d3-4f59-83bc-cf5d8df09042 ] Request (ServersListShow298Test:test_list_show_update_rebuild_server_298): 201 POST http://10.180.1.21/identity/v3/auth/tokens 0.042s
2025-05-14 09:50:08.506 70100 INFO tempest.lib.common.fixed_network [-] (ServersListShow298Test:test_list_show_update_rebuild_server_298) Found network None available for tenant
2025-05-14 09:50:08.557 70138 INFO tempest.lib.common.rest_client [req-d3154c3d-dc41-4c9c-a42b-b3fd1315afb6 req-d3154c3d-dc41-4c9c-a42b-b3fd1315afb6 ] Request (ImagesOneServerNegativeTestJSON:setUpClass): 200 GET http://10.180.1.21/compute/v2.1/servers/4e574bef-58f7-4fe3-9f0f-c76854082912 0.754s
2025-05-14 09:50:08.629 70090 INFO tempest.lib.common.rest_client [req-3c0f8a21-a8cc-4e38-a9b2-0aec3d6155d0 req-3c0f8a21-a8cc-4e38-a9b2-0aec3d6155d0 ] Request (SecurityGroupRulesTestJSON:test_security_group_rules_delete_when_peer_group_deleted): 200 GET http://10.180.1.21/compute/v2.1/os-security-groups/bf358405-28f6-4060-b855-df99c24c6d19 0.811s
2025-05-14 09:50:08.657 70134 INFO tempest.lib.common.rest_client [req-79df0f07-524d-41d2-bccc-69708bd642cb req-79df0f07-524d-41d2-bccc-69708bd642cb ] Request (TenantUsagesTestJSON:setUpClass): 200 GET http://10.180.1.21/compute/v2.1/servers/a006d1f1-5185-4717-bf54-fa8b33c19fda 1.089s
2025-05-14 09:50:08.720 70132 INFO tempest.lib.common.rest_client [req-4acc027d-11a0-4226-8158-9e428255d37d req-4acc027d-11a0-4226-8158-9e428255d37d ] Request (ServersAdminNegativeTestJSON:test_migrate_server_invalid_state): 200 GET http://10.180.1.21/compute/v2.1/servers/b407224d-c687-4351-9bcf-d7ff85ab0193 0.839s
2025-05-14 09:50:08.760 70110 INFO tempest.lib.common.rest_client [req-5ae7b753-8d3f-4708-8f12-d370a87ff45a req-5ae7b753-8d3f-4708-8f12-d370a87ff45a ] Request (DeleteServersAdminTestJSON:test_admin_delete_servers_of_others): 200 GET http://10.180.1.21/compute/v2.1/servers/50f54b16-d6c6-4654-8f13-7773a3ec0e34 0.788s
2025-05-14 09:50:08.914 70108 INFO tempest.lib.common.rest_client [req-12cfb04d-ee49-443b-aeac-ba9ac60d89b7 req-12cfb04d-ee49-443b-aeac-ba9ac60d89b7 ] Request (ServersWithSpecificFlavorTestJSON:test_verify_created_server_ephemeral_disk): 200 GET http://10.180.1.21/compute/v2.1/servers/ee7f76c1-fcb5-49a7-88fe-57541f13f24b 0.937s
2025-05-14 09:50:08.923 70108 INFO tempest.common.waiters [-] State transition "BUILD/None" ==> "BUILD/spawning" after 20 second wait
2025-05-14 09:50:08.946 70098 INFO tempest.lib.common.rest_client [req-193b6b8e-60dc-4177-b2e2-cdbfe3cf2056 req-193b6b8e-60dc-4177-b2e2-cdbfe3cf2056 ] Request (QuotasAdminTestV236:test_get_updated_quotas): 200 GET http://10.180.1.21/compute/v2.1/os-quota-sets/0b35ebc0655e4b9bab14308ac601d67a?user_id=7a3d00ab299f45278f067a3954e18ac2 0.951s
2025-05-14 09:50:08.957 70092 INFO tempest.lib.common.rest_client [req-444345ee-3eac-49c3-a138-4650d2b54914 req-444345ee-3eac-49c3-a138-4650d2b54914 ] Request (AggregatesAdminNegativeTestJSON:test_aggregate_get_details_with_invalid_id): 404 GET http://10.180.1.21/compute/v2.1/os-aggregates/-1 0.743s
2025-05-14 09:50:08.989 70120 INFO tempest.lib.common.rest_client [req-dba9826d-5cc6-4508-9322-e6cc42dfdf4c req-dba9826d-5cc6-4508-9322-e6cc42dfdf4c ] Request (MigrationsAdminTest:test_list_migrations_in_flavor_resize_situation): 200 GET http://10.180.1.21/compute/v2.1/servers/5c1878eb-3c4b-49b8-89ba-9c51845204bd 0.957s
2025-05-14 09:50:09.012 70142 INFO tempest.lib.common.rest_client [req-867a59e2-4941-4194-9fbd-76d9d83bdfa9 req-867a59e2-4941-4194-9fbd-76d9d83bdfa9 ] Request (FlavorsAccessNegativeTestJSON:_run_cleanups): 200 GET http://10.180.1.21/compute/v2.1/flavors/detail 0.705s
2025-05-14 09:50:09.013 70102 INFO tempest.lib.common.rest_client [req-27feecf1-90de-4cea-ac72-48e6370c22b2 req-27feecf1-90de-4cea-ac72-48e6370c22b2 ] Request (SecurityGroupsNegativeTestJSON:setUpClass): 200 PUT http://10.180.1.21:9696/networking/v2.0/routers/1f08e3b3-0d1c-46b5-9177-7fb18b347d22/add_router_interface 1.938s
2025-05-14 09:50:09.014 70102 INFO tempest.lib.common.dynamic_creds [-] Created isolated network resources for: credentials: Credentials: {'domain_id': 'default', 'domain_name': 'Default', 'username': 'tempest-SecurityGroupsNegativeTestJSON-849516562-project-member', 'project_domain_id': 'default', 'project_domain_name': 'Default', 'project_id': '8dfebc5cb73a4c52bb92ca9529cb0572', 'project_name': 'tempest-SecurityGroupsNegativeTestJSON-849516562', 'tenant_id': '8dfebc5cb73a4c52bb92ca9529cb0572', 'tenant_name': 'tempest-SecurityGroupsNegativeTestJSON-849516562', 'user_domain_id': 'default', 'user_domain_name': 'Default', 'user_id': '246f0ff2f2434b2e8cd939495f3e89f2', 'system': None}, Network: {'id': 'e77a3160-e50d-430e-b7e4-e03bc9891ebd', 'name': 'tempest-SecurityGroupsNegativeTestJSON-1430796584-network', 'tenant_id': '8dfebc5cb73a4c52bb92ca9529cb0572', 'admin_state_up': True, 'mtu': 8950, 'status': 'ACTIVE', 'subnets': [], 'shared': False, 'project_id': '8dfebc5cb73a4c52bb92ca9529cb0572', 'port_security_enabled': True, 'router:external': False, 'provider:network_type': 'vlan', 'provider:physical_network': 'default', 'provider:segmentation_id': 710, 'availability_zone_hints': [], 'availability_zones': [], 'ipv4_address_scope': None, 'ipv6_address_scope': None, 'description': '', 'tags': [], 'created_at': '2025-05-14T09:50:05Z', 'updated_at': '2025-05-14T09:50:05Z', 'revision_number': 1}, Subnet: {'id': '87fe1ec5-02a8-4e35-8b75-feb9f2887dd2', 'name': 'tempest-SecurityGroupsNegativeTestJSON-1430796584-subnet', 'tenant_id': '8dfebc5cb73a4c52bb92ca9529cb0572', 'network_id': 'e77a3160-e50d-430e-b7e4-e03bc9891ebd', 'ip_version': 4, 'subnetpool_id': None, 'enable_dhcp': True, 'ipv6_ra_mode': None, 'ipv6_address_mode': None, 'gateway_ip': '192.168.128.1', 'cidr': '192.168.128.0/28', 'allocation_pools': [{'start': '192.168.128.2', 'end': '192.168.128.14'}], 'host_routes': [], 'dns_nameservers': [], 'description': '', 'router:external': False, 'service_types': [], 'tags': [], 'created_at': '2025-05-14T09:50:05Z', 'updated_at': '2025-05-14T09:50:05Z', 'revision_number': 0, 'project_id': '8dfebc5cb73a4c52bb92ca9529cb0572'}, Router: {'id': '1f08e3b3-0d1c-46b5-9177-7fb18b347d22', 'name': 'tempest-SecurityGroupsNegativeTestJSON-1430796584-router', 'tenant_id': '8dfebc5cb73a4c52bb92ca9529cb0572', 'admin_state_up': True, 'status': 'ACTIVE', 'external_gateway_info': {'network_id': '5085f3f4-4571-4f2a-ac7a-d9c6f9025d89', 'external_fixed_ips': [{'subnet_id': 'e483af3c-a3b2-4ffd-86fd-47f57ff6680b', 'ip_address': '10.180.180.137'}], 'enable_snat': True}, 'description': '', 'availability_zones': [], 'distributed': False, 'ha': False, 'availability_zone_hints': [], 'routes': [], 'flavor_id': None, 'tags': [], 'created_at': '2025-05-14T09:50:05Z', 'updated_at': '2025-05-14T09:50:06Z', 'revision_number': 2, 'project_id': '8dfebc5cb73a4c52bb92ca9529cb0572'}
2025-05-14 09:50:09.030 70144 INFO tempest.lib.common.rest_client [req-a45678e4-53a6-433f-953c-4cf4b142aa46 req-a45678e4-53a6-433f-953c-4cf4b142aa46 ] Request (FlavorsAdminTestJSON:test_is_public_string_variations): 200 POST http://10.180.1.21/compute/v2.1/flavors 0.681s
2025-05-14 09:50:09.052 70098 INFO tempest.lib.common.rest_client [req-3163bae6-adc0-4d78-a64e-c64fe3922227 req-3163bae6-adc0-4d78-a64e-c64fe3922227 ] Request (QuotasAdminTestV236:_run_cleanups): 204 DELETE http://10.180.1.21/identity/v3/users/7a3d00ab299f45278f067a3954e18ac2 0.104s
2025-05-14 09:50:09.066 70104 INFO tempest.lib.common.rest_client [req-b8499750-8a79-45f4-84a2-3ffe1cb258f2 req-b8499750-8a79-45f4-84a2-3ffe1cb258f2 ] Request (FlavorsV2TestJSON:test_list_flavors_detailed_using_marker): 200 GET http://10.180.1.21/compute/v2.1/flavors/detail?marker=42 0.700s
2025-05-14 09:50:09.073 70086 INFO tempest.lib.common.rest_client [req-a6820f99-4778-47b8-a068-fe50223fc9c9 req-a6820f99-4778-47b8-a068-fe50223fc9c9 ] Request (ServerExternalEventsTest:test_create_server_external_events): 200 GET http://10.180.1.21/compute/v2.1/servers/b9cb0a36-50a0-4030-b8c7-aec41255fb60 0.846s
2025-05-14 09:50:09.081 70086 INFO tempest.common.waiters [-] State transition "BUILD/spawning" ==> "ACTIVE/None" after 25 second wait
2025-05-14 09:50:09.141 70124 INFO tempest.lib.common.rest_client [req-0e98c353-7d88-4eb8-a849-1117cc81cacb req-0e98c353-7d88-4eb8-a849-1117cc81cacb ] Request (ServerDiagnosticsTest:tearDownClass): 200 GET http://10.180.1.21/compute/v2.1/servers/960ee12b-c42e-4e69-a5fc-5c97d3c7f2fe 0.676s
2025-05-14 09:50:09.149 70102 INFO tempest.lib.common.rest_client [req-c8af0c75-b525-4aba-a977-c129e547e760 req-c8af0c75-b525-4aba-a977-c129e547e760 ] Request (SecurityGroupsNegativeTestJSON:setUpClass): 201 POST http://10.180.1.21/identity/v3/auth/tokens 0.127s
2025-05-14 09:50:09.151 70124 INFO tempest.common.waiters [-] State transition "ACTIVE/deleting" ==> "DELETED/None" after 4 second wait
2025-05-14 09:50:09.152 70088 INFO tempest.lib.common.rest_client [req-a55ba30a-6d23-418b-be67-17a38d81b4ca req-a55ba30a-6d23-418b-be67-17a38d81b4ca ] Request (VolumesAdminNegativeTest:test_update_attached_volume_with_nonexistent_volume_in_body): 200 GET http://10.180.1.21/compute/v2.1/servers/f254ccca-ffc2-4ca6-92ac-317b5f99cd20 0.686s
2025-05-14 09:50:09.192 70142 INFO tempest.lib.common.rest_client [req-00d76b20-7a5e-4767-877a-03e064d1036a req-00d76b20-7a5e-4767-877a-03e064d1036a ] Request (FlavorsAccessNegativeTestJSON:tearDownClass): 204 DELETE http://10.180.1.21/identity/v3/users/bbab31a74915448ca9df56f64012278e 0.172s
2025-05-14 09:50:09.213 70106 INFO tempest.lib.common.rest_client [req-25024c64-2e15-4372-83f2-ce57ae371385 req-25024c64-2e15-4372-83f2-ce57ae371385 ] Request (ListServersNegativeTestJSON:setUpClass): 200 GET http://10.180.1.21/compute/v2.1/servers/ee008d19-5fee-41b6-b831-4fd2f8bb5327 0.677s
2025-05-14 09:50:09.292 70126 INFO tempest.lib.common.rest_client [req-2392234a-dca9-4769-9f79-e30941535003 req-2392234a-dca9-4769-9f79-e30941535003 ] Request (ServersTestBootFromVolume:setUpClass): 200 GET http://10.180.1.21/compute/v2.1/servers/0cd34a99-40c7-4603-aacf-80205275b852 0.728s
2025-05-14 09:50:09.293 70098 INFO tempest.lib.common.rest_client [req-83a5f319-eb52-4d82-a296-24edefcaae01 req-83a5f319-eb52-4d82-a296-24edefcaae01 ] Request (QuotasAdminTestV236:_run_cleanups): 204 DELETE http://10.180.1.21/identity/v3/projects/0b35ebc0655e4b9bab14308ac601d67a 0.240s
2025-05-14 09:50:09.359 70128 INFO tempest.lib.common.rest_client [req-3311abef-01b3-4e47-a0d2-046161185155 req-3311abef-01b3-4e47-a0d2-046161185155 ] Request (InstanceActionsNegativeTestJSON:setUpClass): 200 GET http://10.180.1.21/compute/v2.1/servers/e3c53d5b-18f8-4c41-8ec2-fd8e170576af 0.760s
2025-05-14 09:50:09.407 70098 INFO tempest.lib.common.rest_client [req-aa637726-9fc6-49f2-8daa-814ff6c545ee req-aa637726-9fc6-49f2-8daa-814ff6c545ee ] Request (QuotasAdminTestV236:tearDownClass): 204 DELETE http://10.180.1.21/identity/v3/users/8b051d07b04b41e7852f705657c7603a 0.112s
2025-05-14 09:50:09.412 70142 INFO tempest.lib.common.rest_client [req-ab6e9157-7804-4511-8674-692062fea9af req-ab6e9157-7804-4511-8674-692062fea9af ] Request (FlavorsAccessNegativeTestJSON:tearDownClass): 204 DELETE http://10.180.1.21/identity/v3/users/e3ac37b1619c415c80889f300c37b6a6 0.219s
2025-05-14 09:50:09.434 70100 INFO tempest.lib.common.rest_client [req-0965abbf-6fcd-4c0e-8675-86889be55bfd req-0965abbf-6fcd-4c0e-8675-86889be55bfd ] Request (ServersListShow298Test:test_list_show_update_rebuild_server_298): 202 POST http://10.180.1.21/compute/v2.1/servers 0.927s
2025-05-14 09:50:09.520 70094 INFO tempest.lib.common.rest_client [req-fc5b33fc-0362-497c-9a2e-b385d3cdadd6 req-fc5b33fc-0362-497c-9a2e-b385d3cdadd6 ] Request (ServersAdmin275Test:test_rebuild_update_server_275): 200 GET http://10.180.1.21/compute/v2.1/servers/c6473d46-cde3-401b-8654-a9013978b81b 0.831s
2025-05-14 09:50:09.523 70098 INFO tempest.lib.common.rest_client [req-aa9e1fa7-2813-43f9-b67b-eeb8d7a008b5 req-aa9e1fa7-2813-43f9-b67b-eeb8d7a008b5 ] Request (QuotasAdminTestV236:tearDownClass): 204 DELETE http://10.180.1.21/identity/v3/users/20d1f0ca6e6f4c69b201045d5dfe53b6 0.115s
2025-05-14 09:50:09.523 70098 INFO tempest.lib.common.dynamic_creds [-] Deleting project and security group for project: 30e717820c47427ab8ffda760b121ab8
2025-05-14 09:50:09.528 70092 INFO tempest.lib.common.rest_client [req-f624b5de-d54b-46eb-a4a9-88ac27df0635 req-f624b5de-d54b-46eb-a4a9-88ac27df0635 ] Request (AggregatesAdminNegativeTestJSON:test_aggregate_list_as_user): 403 GET http://10.180.1.21/compute/v2.1/os-aggregates 0.569s
2025-05-14 09:50:09.537 70142 INFO tempest.lib.common.rest_client [req-0bedecb2-9af0-4be9-8667-cd269c691bf1 req-0bedecb2-9af0-4be9-8667-cd269c691bf1 ] Request (FlavorsAccessNegativeTestJSON:tearDownClass): 204 DELETE http://10.180.1.21/identity/v3/users/4e582ed2830640eba80cd660a001e10a 0.124s
2025-05-14 09:50:09.537 70142 INFO tempest.lib.common.dynamic_creds [-] Deleting project and security group for project: 6e3c57f873464a079e51e5911f1c1f63
2025-05-14 09:50:09.547 70144 INFO tempest.lib.common.rest_client [req-be7aa735-bd36-4e2b-a5d1-0dc876a0a571 req-be7aa735-bd36-4e2b-a5d1-0dc876a0a571 ] Request (FlavorsAdminTestJSON:test_is_public_string_variations): 200 GET http://10.180.1.21/compute/v2.1/flavors/detail?is_public=f 0.514s
2025-05-14 09:50:09.562 70090 INFO tempest.lib.common.rest_client [req-65874144-4551-4889-ae0d-6e075a6dc655 req-65874144-4551-4889-ae0d-6e075a6dc655 ] Request (SecurityGroupRulesTestJSON:test_security_group_rules_list): 200 POST http://10.180.1.21/compute/v2.1/os-security-groups 0.924s
2025-05-14 09:50:09.594 70098 INFO tempest.lib.common.rest_client [req-fe376f96-072f-473c-9b67-a43e0629b123 req-fe376f96-072f-473c-9b67-a43e0629b123 ] Request (QuotasAdminTestV236:tearDownClass): 201 POST http://10.180.1.21/identity/v3/auth/tokens 0.071s
2025-05-14 09:50:09.618 70142 INFO tempest.lib.common.rest_client [req-351a6857-84df-4409-b086-3487555dbf30 req-351a6857-84df-4409-b086-3487555dbf30 ] Request (FlavorsAccessNegativeTestJSON:tearDownClass): 201 POST http://10.180.1.21/identity/v3/auth/tokens 0.080s
2025-05-14 09:50:09.652 70130 INFO tempest.lib.common.rest_client [req-f481d625-f184-4e4d-8f12-cc0e113cfbbc req-f481d625-f184-4e4d-8f12-cc0e113cfbbc ] Request (AttachVolumeNegativeTest:test_attach_attached_volume_to_different_server): 200 GET http://10.180.1.21/compute/v2.1/servers/559d44dc-2ae8-48a9-9dcd-bad5d03ed236 0.579s
2025-05-14 09:50:09.667 70104 INFO tempest.lib.common.rest_client [req-3493b3d7-4ad2-4de7-b0a2-a662e2bdd051 req-3493b3d7-4ad2-4de7-b0a2-a662e2bdd051 ] Request (FlavorsV2TestJSON:test_list_flavors_filter_by_min_disk): 200 GET http://10.180.1.21/compute/v2.1/flavors/42 0.590s
2025-05-14 09:50:09.705 70116 INFO tempest.lib.common.rest_client [req-2e150950-31fb-40cd-805c-306d1296618e req-2e150950-31fb-40cd-805c-306d1296618e ] Request (AttachInterfacesV270Test:tearDownClass): 200 GET http://10.180.1.21/compute/v2.1/servers/2631d429-9d16-4cdf-b7cf-14ea26d5fd94 0.649s
2025-05-14 09:50:09.837 70086 INFO tempest.lib.common.rest_client [req-ecc3c9de-6546-4ec0-81b7-96a2c678a06d req-ecc3c9de-6546-4ec0-81b7-96a2c678a06d ] Request (ServerExternalEventsTest:test_create_server_external_events): 200 POST http://10.180.1.21/compute/v2.1/os-server-external-events 0.755s
2025-05-14 09:50:09.847 70102 INFO tempest.lib.common.rest_client [req-4a2d1a69-4a3d-4224-8e56-8bc3722b2ddf req-4a2d1a69-4a3d-4224-8e56-8bc3722b2ddf ] Request (SecurityGroupsNegativeTestJSON:test_delete_nonexistent_security_group): 404 DELETE http://10.180.1.21/compute/v2.1/os-security-groups/744a45f1-9de3-413c-aeab-f390d5fa940a 0.696s
2025-05-14 09:50:09.911 70098 INFO tempest.lib.common.rest_client [req-f0ae5207-406f-4b83-92cb-cc61a92ff550 req-f0ae5207-406f-4b83-92cb-cc61a92ff550 ] Request (QuotasAdminTestV236:tearDownClass): 200 GET http://10.180.1.21:9696/networking/v2.0/security-groups?tenant_id=30e717820c47427ab8ffda760b121ab8&name=default 0.317s
2025-05-14 09:50:09.922 70114 INFO tempest.lib.common.rest_client [req-b0c8339b-1a86-486b-9499-b4c9e98cefc9 req-b0c8339b-1a86-486b-9499-b4c9e98cefc9 ] Request (AttachVolumeShelveTestJSON:test_attach_volume_shelved_or_offload_server): 200 GET http://10.180.1.21/compute/v2.1/servers/23bc134e-7725-40b1-b79d-d8ef6dbd7cad 0.751s
2025-05-14 09:50:09.925 70113 INFO tempest.lib.common.rest_client [req-f97f344b-5273-461a-9e57-6226cb62da78 req-f97f344b-5273-461a-9e57-6226cb62da78 ] Request (ImagesNegativeTestJSON:test_create_image_from_deleted_server): 200 GET http://10.180.1.21/compute/v2.1/servers/733e01e7-5429-41fe-8cd0-9fc56d03fce0 0.730s
2025-05-14 09:50:09.933 70114 INFO tempest.common.waiters [-] State transition "BUILD/scheduling" ==> "BUILD/None" after 8 second wait
2025-05-14 09:50:09.942 70142 INFO tempest.lib.common.rest_client [req-99f102e2-0efd-4828-a780-019d3a5c85fc req-99f102e2-0efd-4828-a780-019d3a5c85fc ] Request (FlavorsAccessNegativeTestJSON:tearDownClass): 200 GET http://10.180.1.21:9696/networking/v2.0/security-groups?tenant_id=6e3c57f873464a079e51e5911f1c1f63&name=default 0.324s
2025-05-14 09:50:09.991 70136 INFO tempest.lib.common.rest_client [req-94f4d0fc-9930-4fc1-916e-b625a19a8cd2 req-94f4d0fc-9930-4fc1-916e-b625a19a8cd2 ] Request (ListImageFiltersTestJSON:setUpClass): 200 GET http://10.180.1.21/compute/v2.1/servers/029aa35a-3407-4d4f-9388-1978a073ecd2 0.698s
2025-05-14 09:50:10.009 70084 INFO tempest.lib.common.rest_client [req-80a97163-44b1-4c20-81d6-5eb33d884bf0 req-80a97163-44b1-4c20-81d6-5eb33d884bf0 ] Request (QuotaClassesAdminTestJSON:test_update_default_quotas): 200 GET http://10.180.1.21/compute/v2.1/os-quota-class-sets/default 0.704s
2025-05-14 09:50:10.066 70098 INFO tempest.lib.common.rest_client [req-e3d8761a-317b-46c1-8525-e477513d9616 req-e3d8761a-317b-46c1-8525-e477513d9616 ] Request (QuotasAdminTestV236:tearDownClass): 204 DELETE http://10.180.1.21:9696/networking/v2.0/security-groups/e7489f9d-1030-4a7e-96d8-4cbd946ec4fd 0.154s
2025-05-14 09:50:10.075 70118 INFO tempest.lib.common.rest_client [req-193007dd-a5f5-46cf-85c4-ea54c0a64f79 req-193007dd-a5f5-46cf-85c4-ea54c0a64f79 ] Request (ServerDiagnosticsNegativeTest:test_get_server_diagnostics_by_non_admin): 200 GET http://10.180.1.21/compute/v2.1/servers/f9371520-75bc-414a-a704-30dba68d5a52 0.746s
2025-05-14 09:50:10.098 70100 INFO tempest.lib.common.rest_client [req-8004330f-ebbc-46c5-8f1d-b90d66897cf8 req-8004330f-ebbc-46c5-8f1d-b90d66897cf8 ] Request (ServersListShow298Test:test_list_show_update_rebuild_server_298): 200 GET http://10.180.1.21/compute/v2.1/servers/443a8dc6-a88a-45e9-9a8c-f9976f91b821 0.662s
2025-05-14 09:50:10.109 70142 INFO tempest.lib.common.rest_client [req-467492b2-3b1d-42f8-bdd9-2f301d3adb7c req-467492b2-3b1d-42f8-bdd9-2f301d3adb7c ] Request (FlavorsAccessNegativeTestJSON:tearDownClass): 204 DELETE http://10.180.1.21:9696/networking/v2.0/security-groups/338e731c-1504-4a12-b019-8e3ffb0dacc0 0.167s
2025-05-14 09:50:10.137 70092 INFO tempest.lib.common.rest_client [req-e9394416-5112-4043-82a2-595ab359813f req-e9394416-5112-4043-82a2-595ab359813f ] Request (AggregatesAdminNegativeTestJSON:test_aggregate_remove_host_as_user): 200 POST http://10.180.1.21/compute/v2.1/os-aggregates 0.607s
2025-05-14 09:50:10.157 70098 INFO tempest.lib.common.rest_client [req-8349d5ac-525b-4055-bb5e-1609354a6e95 req-8349d5ac-525b-4055-bb5e-1609354a6e95 ] Request (QuotasAdminTestV236:tearDownClass): 204 DELETE http://10.180.1.21/identity/v3/projects/30e717820c47427ab8ffda760b121ab8 0.090s
2025-05-14 09:50:10.157 70144 INFO tempest.lib.common.rest_client [req-2f55e832-95c3-46bb-87e2-820a863f98a6 req-2f55e832-95c3-46bb-87e2-820a863f98a6 ] Request (FlavorsAdminTestJSON:test_is_public_string_variations): 200 GET http://10.180.1.21/compute/v2.1/flavors/detail?is_public=false 0.603s
2025-05-14 09:50:10.157 70098 INFO tempest.lib.common.dynamic_creds [-] Deleting project and security group for project: a5f381df3b4f48c6ba997685928cd393
2025-05-14 09:50:10.188 70096 INFO tempest.lib.common.rest_client [req-775f42d3-a0d3-44e5-a567-7100ccfe8263 req-775f42d3-a0d3-44e5-a567-7100ccfe8263 ] Request (ServerShowV257Test:tearDownClass): 200 GET http://10.180.1.21/compute/v2.1/servers/d64c1ede-21f5-4d14-9585-85aad4d25873 0.692s
2025-05-14 09:50:10.249 70138 INFO tempest.lib.common.rest_client [req-8ab12c60-5f44-4524-b15f-2e1371c7c33a req-8ab12c60-5f44-4524-b15f-2e1371c7c33a ] Request (ImagesOneServerNegativeTestJSON:setUpClass): 200 GET http://10.180.1.21/compute/v2.1/servers/4e574bef-58f7-4fe3-9f0f-c76854082912 0.682s
