2025-05-14 09:52:18.132 70100 INFO tempest.lib.common.rest_client [req-02449b7a-ca59-4f6c-be38-5acf61f6e51c req-02449b7a-ca59-4f6c-be38-5acf61f6e51c ] Request (ServersListShow298Test:tearDownClass): 200 GET http://10.180.1.21/compute/v2.1/servers/443a8dc6-a88a-45e9-9a8c-f9976f91b821 0.140s
2025-05-14 09:52:18.168 70094 INFO tempest.lib.common.rest_client [req-69225fac-932f-4a88-80ba-89cbc649a2ec req-69225fac-932f-4a88-80ba-89cbc649a2ec ] Request (ServersListShow2100Test:test_list_show_rebuild_update_server_2100): 200 GET http://10.180.1.21/compute/v2.1/servers/7b7298a7-3c61-419c-8ca4-4afd452628c5 0.368s
2025-05-14 09:52:18.195 70132 INFO tempest.lib.common.rest_client [req-69a05ffc-c967-4671-8e23-caa5f981782c req-69a05ffc-c967-4671-8e23-caa5f981782c ] Request (ServersAdminNegativeTestJSON:tearDownClass): 200 GET http://10.180.1.21/compute/v2.1/servers/bcfea8dc-1327-4e91-b5fb-5183146af199 0.135s
2025-05-14 09:52:18.219 70120 INFO tempest.lib.common.rest_client [req-953053d8-d326-4970-96e9-a4c5c7bd1754 req-953053d8-d326-4970-96e9-a4c5c7bd1754 ] Request (MigrationsAdminTest:test_resize_server_revert_deleted_flavor): 200 GET http://10.180.1.21/compute/v2.1/servers/26d5e4a4-a985-440c-ab16-5798e9bd72ff 0.103s
2025-05-14 09:52:18.246 70113 INFO tempest.lib.common.rest_client [req-aca74039-a23b-446c-9ea6-1d6a092ddfad req-aca74039-a23b-446c-9ea6-1d6a092ddfad ] Request (AttachInterfacesUnderV243Test:test_add_remove_fixed_ip): 200 GET http://10.180.1.21/compute/v2.1/servers/dcae0c26-c079-4d7c-a321-df69cba40c3c 0.125s
2025-05-14 09:52:18.265 70106 INFO tempest.lib.common.rest_client [req-5502609b-e249-4f5d-aea9-18a4cdeaf36d req-5502609b-e249-4f5d-aea9-18a4cdeaf36d ] Request (ServerGroupTestJSON:test_create_server_with_scheduler_hint_group): 200 GET http://10.180.1.21/compute/v2.1/servers/cae202f4-3111-4611-ad68-bfaac359bd8e 0.082s
2025-05-14 09:52:18.299 70118 INFO tempest.lib.common.rest_client [req-0f02a97a-dc70-4e18-9304-1747b61ec106 req-0f02a97a-dc70-4e18-9304-1747b61ec106 ] Request (ServersTestJSON:setUpClass): 200 GET http://10.180.1.21/compute/v2.1/servers/d017056e-049d-4162-bc9f-fca50d73fbe0 0.116s
2025-05-14 09:52:18.316 70136 INFO tempest.lib.common.rest_client [req-aa898200-cd37-4a04-a78e-afcf43dc1df0 req-aa898200-cd37-4a04-a78e-afcf43dc1df0 ] Request (ListImageFiltersTestJSON:tearDownClass): 200 GET http://10.180.1.21/compute/v2.1/servers/029aa35a-3407-4d4f-9388-1978a073ecd2 0.071s
2025-05-14 09:52:18.373 70110 INFO tempest.lib.common.rest_client [req-5a8f8c07-25bf-4234-9e11-aa9c052becfd req-5a8f8c07-25bf-4234-9e11-aa9c052becfd ] Request (DeleteServersAdminTestJSON:test_delete_server_while_in_error_state): 200 GET http://10.180.1.21/compute/v2.1/servers/2dee479a-0981-497c-afb9-6e66085e431f 0.064s
2025-05-14 09:52:18.377 70086 INFO tempest.lib.common.rest_client [req-3c919319-1d1d-4a50-ae1a-5e59cacd06fe req-3c919319-1d1d-4a50-ae1a-5e59cacd06fe ] Request (ImagesTestJSON:test_create_image_from_stopped_server): 200 GET http://10.180.1.21/compute/v2.1/servers/8fb7187b-854f-4a4b-8129-318705dfc170 0.067s
2025-05-14 09:52:18.435 70116 INFO tempest.lib.common.rest_client [req-d09e4667-8c48-4c6c-9c64-d768e9f2813e req-d09e4667-8c48-4c6c-9c64-d768e9f2813e ] Request (MultipleCreateTestJSON:test_multiple_create): 200 GET http://10.180.1.21/compute/v2.1/servers/03c9b0ef-ec95-4599-bd6f-7e0a8b57d6b5 0.067s
2025-05-14 09:52:18.436 70144 INFO tempest.lib.common.rest_client [req-3a29977f-233f-4386-bc5c-70101a090f2f req-3a29977f-233f-4386-bc5c-70101a090f2f ] Request (ServerShowV254Test:tearDownClass): 200 GET http://10.180.1.21/compute/v2.1/servers/bc2d5898-8c8a-477e-af14-c15f00eedb0d 0.066s
2025-05-14 09:52:18.479 70108 INFO tempest.lib.common.rest_client [req-085625cc-d7d2-4a6f-a4dd-a2b804313c40 req-085625cc-d7d2-4a6f-a4dd-a2b804313c40 ] Request (ServersWithSpecificFlavorTestJSON:test_verify_created_server_ephemeral_disk): 200 GET http://10.180.1.21/compute/v2.1/servers/781604b4-a4c8-4b37-952d-e142265212da 0.067s
2025-05-14 09:52:18.496 70090 INFO tempest.lib.common.rest_client [req-7ffdb6f5-3d88-4b56-910b-925e0b4a79f6 req-7ffdb6f5-3d88-4b56-910b-925e0b4a79f6 ] Request (ServersListShow296Test:tearDownClass): 200 GET http://10.180.1.21/compute/v2.1/servers/d20937ea-1aa4-4dda-ac22-cf61aa680965 0.064s
2025-05-14 09:52:18.527 70096 INFO tempest.lib.common.rest_client [req-d4b5e599-0fc6-434b-94d6-79831e7ca1ba req-d4b5e599-0fc6-434b-94d6-79831e7ca1ba ] Request (ServersNegativeTestJSON:setUpClass): 200 GET http://10.180.1.21/compute/v2.1/servers/556f1045-1bef-4873-b882-ef1df65af4db 0.045s
2025-05-14 09:52:18.538 70128 INFO tempest.lib.common.rest_client [req-1d90934b-0fef-42fc-a99d-6746c19e341f req-1d90934b-0fef-42fc-a99d-6746c19e341f ] Request (ServerActionsTestJSON:setUpClass): 200 GET http://10.180.1.21/compute/v2.1/servers/efd32a38-36e0-4f4d-9822-870d28a618d4 0.048s
2025-05-14 09:52:18.589 70124 INFO tempest.lib.common.rest_client [req-b2674726-6a37-4a43-b8d1-8ac00b4365bf req-b2674726-6a37-4a43-b8d1-8ac00b4365bf ] Request (ServersTestMultiNic:test_verify_duplicate_network_nics): 200 GET http://10.180.1.21/compute/v2.1/servers/0995d66a-3324-45b9-afe9-660cc208a538 0.053s
2025-05-14 09:52:18.596 70138 INFO tempest.lib.common.rest_client [req-230c8b2c-c8b3-4101-b5c0-77e439d84f74 req-230c8b2c-c8b3-4101-b5c0-77e439d84f74 ] Request (ImagesOneServerNegativeTestJSON:_run_cleanups): 200 GET http://10.180.1.21/compute/v2.1/servers/726dc81d-4f0f-48cd-934f-736b09764dc1 0.046s
2025-05-14 09:52:18.650 70126 INFO tempest.lib.common.rest_client [req-325541e3-e04b-49ef-86a4-1d6265ff7970 req-325541e3-e04b-49ef-86a4-1d6265ff7970 ] Request (ServersTestBootFromVolume:tearDownClass): 200 GET http://10.180.1.21/compute/v2.1/servers/0cd34a99-40c7-4603-aacf-80205275b852 0.055s
2025-05-14 09:52:18.670 70084 INFO tempest.lib.common.rest_client [req-21409d47-aa25-49fc-a3f6-e289f160e1a2 req-21409d47-aa25-49fc-a3f6-e289f160e1a2 ] Request (InstanceActionsV221TestJSON:test_get_list_deleted_instance_actions): 200 GET http://10.180.1.21/compute/v2.1/servers/3716320a-d067-4ad0-8284-424eb407f2ec 0.057s
2025-05-14 09:52:18.698 70098 INFO tempest.lib.common.rest_client [req-0f44073b-3479-4101-8060-445b8f0b439f req-0f44073b-3479-4101-8060-445b8f0b439f ] Request (FloatingIPsAssociationTestJSON:test_associate_already_associated_floating_ip): 200 GET http://10.180.1.21/compute/v2.1/servers/27f67772-1f5c-4f13-89d0-bba7749ddb4e 0.059s
2025-05-14 09:52:18.734 70092 INFO tempest.lib.common.rest_client [req-a0d11449-32b4-4467-96e3-2a24f6ae5a2b req-a0d11449-32b4-4467-96e3-2a24f6ae5a2b ] Request (ServersAdminTestJSON:test_create_server_with_scheduling_hint): 200 GET http://10.180.1.21/compute/v2.1/servers/de682e9a-77cf-41e8-9378-459074854566 0.049s
2025-05-14 09:52:18.818 70122 INFO tempest.lib.common.rest_client [req-83b05034-ceec-4170-98c1-1f671236851a req-83b05034-ceec-4170-98c1-1f671236851a ] Request (ServerDiagnosticsV248Test:tearDownClass): 200 GET http://10.180.1.21/compute/v2.1/servers/b4a45681-5bc0-47c4-8475-f067d7569765 0.063s
2025-05-14 09:52:18.872 70104 INFO tempest.lib.common.rest_client [req-d4ce86c0-924a-4f6f-9704-d9eafc0a09bb req-d4ce86c0-924a-4f6f-9704-d9eafc0a09bb ] Request (ServerMetadataTestJSON:tearDownClass): 200 GET http://10.180.1.21/compute/v2.1/servers/c8a10353-ce88-44fe-a358-52677478cb8b 0.058s
2025-05-14 09:52:18.925 70134 INFO tempest.lib.common.rest_client [req-6c2938c9-1c9a-454b-8af0-9df504701db0 req-6c2938c9-1c9a-454b-8af0-9df504701db0 ] Request (ImagesOneServerTestJSON:setUpClass): 200 GET http://10.180.1.21/compute/v2.1/servers/f2ff90a8-b170-4ecf-be0c-da88d3f3a158 0.051s
2025-05-14 09:52:18.937 70102 INFO tempest.lib.common.rest_client [req-882754c0-2c37-4a47-9ad2-efb0000a5305 req-882754c0-2c37-4a47-9ad2-efb0000a5305 ] Request (DeleteServersTestJSON:test_delete_active_server): 200 GET http://10.180.1.21/compute/v2.1/servers/c925370e-5981-40a2-a5df-7fe064ac3ce3 0.062s
2025-05-14 09:52:18.964 70130 WARNING tempest.lib.common.ssh [-] Failed to establish authenticated ssh connection to cirros@10.180.180.203 ([Errno None] Unable to connect to port 22 on 10.180.180.203). Number attempts: 8. Retry after 9 seconds.: paramiko.ssh_exception.NoValidConnectionsError: [Errno None] Unable to connect to port 22 on 10.180.180.203
2025-05-14 09:52:19.137 70142 INFO tempest.lib.common.rest_client [req-93a6cb77-4fc4-4548-98f3-e0dd04a2c8de req-93a6cb77-4fc4-4548-98f3-e0dd04a2c8de ] Request (AttachInterfacesTestJSON:_run_cleanups): 200 GET http://10.180.1.21/compute/v2.1/servers/814f3854-3681-4f3d-95de-18340a765f53 0.069s
2025-05-14 09:52:19.206 70100 INFO tempest.lib.common.rest_client [req-87fc239e-c356-468c-8723-006895edc37e req-87fc239e-c356-468c-8723-006895edc37e ] Request (ServersListShow298Test:tearDownClass): 200 GET http://10.180.1.21/compute/v2.1/servers/443a8dc6-a88a-45e9-9a8c-f9976f91b821 0.064s
2025-05-14 09:52:19.247 70094 INFO tempest.lib.common.rest_client [req-876ba865-8034-4507-8d4c-c2e0ab940f97 req-876ba865-8034-4507-8d4c-c2e0ab940f97 ] Request (ServersListShow2100Test:test_list_show_rebuild_update_server_2100): 200 GET http://10.180.1.21/compute/v2.1/servers/7b7298a7-3c61-419c-8ca4-4afd452628c5 0.061s
2025-05-14 09:52:19.262 70132 INFO tempest.lib.common.rest_client [req-0ecb62d2-4370-4a20-bca4-5f65fdc7c2c0 req-0ecb62d2-4370-4a20-bca4-5f65fdc7c2c0 ] Request (ServersAdminNegativeTestJSON:tearDownClass): 200 GET http://10.180.1.21/compute/v2.1/servers/bcfea8dc-1327-4e91-b5fb-5183146af199 0.058s
2025-05-14 09:52:19.292 70120 INFO tempest.lib.common.rest_client [req-8d73c4c3-d7e3-4f6c-8f29-bc5dfc6a9726 req-8d73c4c3-d7e3-4f6c-8f29-bc5dfc6a9726 ] Request (MigrationsAdminTest:test_resize_server_revert_deleted_flavor): 200 GET http://10.180.1.21/compute/v2.1/servers/26d5e4a4-a985-440c-ab16-5798e9bd72ff 0.066s
2025-05-14 09:52:19.306 70113 INFO tempest.lib.common.rest_client [req-9eb265b6-c144-46c0-8ea8-8df40d237766 req-9eb265b6-c144-46c0-8ea8-8df40d237766 ] Request (AttachInterfacesUnderV243Test:test_add_remove_fixed_ip): 200 GET http://10.180.1.21/compute/v2.1/servers/dcae0c26-c079-4d7c-a321-df69cba40c3c 0.052s
2025-05-14 09:52:19.338 70106 INFO tempest.lib.common.rest_client [req-e519b155-742f-446a-be7c-9bb96a56cbd0 req-e519b155-742f-446a-be7c-9bb96a56cbd0 ] Request (ServerGroupTestJSON:test_create_server_with_scheduler_hint_group): 200 GET http://10.180.1.21/compute/v2.1/servers/cae202f4-3111-4611-ad68-bfaac359bd8e 0.064s
2025-05-14 09:52:19.353 70118 INFO tempest.lib.common.rest_client [req-aff0573e-c8bc-466d-b347-bdac1e782675 req-aff0573e-c8bc-466d-b347-bdac1e782675 ] Request (ServersTestJSON:setUpClass): 200 GET http://10.180.1.21/compute/v2.1/servers/d017056e-049d-4162-bc9f-fca50d73fbe0 0.044s
2025-05-14 09:52:19.395 70136 INFO tempest.lib.common.rest_client [req-2ec75b2e-0589-4e16-8c14-1ccd15036946 req-2ec75b2e-0589-4e16-8c14-1ccd15036946 ] Request (ListImageFiltersTestJSON:tearDownClass): 200 GET http://10.180.1.21/compute/v2.1/servers/029aa35a-3407-4d4f-9388-1978a073ecd2 0.070s
2025-05-14 09:52:19.444 70110 INFO tempest.lib.common.rest_client [req-127a8ca4-df54-45c7-a925-27819840251a req-127a8ca4-df54-45c7-a925-27819840251a ] Request (DeleteServersAdminTestJSON:test_delete_server_while_in_error_state): 200 GET http://10.180.1.21/compute/v2.1/servers/2dee479a-0981-497c-afb9-6e66085e431f 0.062s
2025-05-14 09:52:19.450 70086 INFO tempest.lib.common.rest_client [req-793ebd1d-915a-4853-abf9-8d21430f702d req-793ebd1d-915a-4853-abf9-8d21430f702d ] Request (ImagesTestJSON:test_create_image_from_stopped_server): 200 GET http://10.180.1.21/compute/v2.1/servers/8fb7187b-854f-4a4b-8129-318705dfc170 0.064s
2025-05-14 09:52:19.503 70116 INFO tempest.lib.common.rest_client [req-a46abe1e-72a4-463d-ac55-bcf36ac1f0eb req-a46abe1e-72a4-463d-ac55-bcf36ac1f0eb ] Request (MultipleCreateTestJSON:test_multiple_create): 200 GET http://10.180.1.21/compute/v2.1/servers/03c9b0ef-ec95-4599-bd6f-7e0a8b57d6b5 0.059s
2025-05-14 09:52:19.511 70144 INFO tempest.lib.common.rest_client [req-59f8d347-5950-45b3-abad-9f540ff20359 req-59f8d347-5950-45b3-abad-9f540ff20359 ] Request (ServerShowV254Test:tearDownClass): 200 GET http://10.180.1.21/compute/v2.1/servers/bc2d5898-8c8a-477e-af14-c15f00eedb0d 0.066s
2025-05-14 09:52:19.549 70108 INFO tempest.lib.common.rest_client [req-0633fe5a-c9b8-4a4b-9f3f-3e3375abc39c req-0633fe5a-c9b8-4a4b-9f3f-3e3375abc39c ] Request (ServersWithSpecificFlavorTestJSON:test_verify_created_server_ephemeral_disk): 200 GET http://10.180.1.21/compute/v2.1/servers/781604b4-a4c8-4b37-952d-e142265212da 0.062s
2025-05-14 09:52:19.568 70090 INFO tempest.lib.common.rest_client [req-6e30c1ba-d7ff-4859-8ad6-0cc2e387384a req-6e30c1ba-d7ff-4859-8ad6-0cc2e387384a ] Request (ServersListShow296Test:tearDownClass): 200 GET http://10.180.1.21/compute/v2.1/servers/d20937ea-1aa4-4dda-ac22-cf61aa680965 0.061s
2025-05-14 09:52:19.593 70096 INFO tempest.lib.common.rest_client [req-cb03badf-7e57-48ef-86af-8c514d38592e req-cb03badf-7e57-48ef-86af-8c514d38592e ] Request (ServersNegativeTestJSON:setUpClass): 200 GET http://10.180.1.21/compute/v2.1/servers/556f1045-1bef-4873-b882-ef1df65af4db 0.059s
2025-05-14 09:52:19.612 70128 INFO tempest.lib.common.rest_client [req-7c189d60-eb55-4271-979f-5efb920e354e req-7c189d60-eb55-4271-979f-5efb920e354e ] Request (ServerActionsTestJSON:setUpClass): 200 GET http://10.180.1.21/compute/v2.1/servers/efd32a38-36e0-4f4d-9822-870d28a618d4 0.066s
2025-05-14 09:52:19.649 70124 INFO tempest.lib.common.rest_client [req-c26bc8d1-dbca-4237-be74-4d2e15f636f8 req-c26bc8d1-dbca-4237-be74-4d2e15f636f8 ] Request (ServersTestMultiNic:test_verify_duplicate_network_nics): 200 GET http://10.180.1.21/compute/v2.1/servers/0995d66a-3324-45b9-afe9-660cc208a538 0.052s
2025-05-14 09:52:19.661 70138 INFO tempest.lib.common.rest_client [req-b430a4a4-d242-48c9-bb37-8087c3227e0d req-b430a4a4-d242-48c9-bb37-8087c3227e0d ] Request (ImagesOneServerNegativeTestJSON:_run_cleanups): 200 GET http://10.180.1.21/compute/v2.1/servers/726dc81d-4f0f-48cd-934f-736b09764dc1 0.057s
2025-05-14 09:52:19.710 70126 INFO tempest.lib.common.rest_client [req-b1daece5-fc89-4160-b6ea-a0abbc7ecc2b req-b1daece5-fc89-4160-b6ea-a0abbc7ecc2b ] Request (ServersTestBootFromVolume:tearDownClass): 200 GET http://10.180.1.21/compute/v2.1/servers/0cd34a99-40c7-4603-aacf-80205275b852 0.053s
2025-05-14 09:52:19.735 70084 INFO tempest.lib.common.rest_client [req-e890f68f-57a4-46b5-8f0a-b6080240c594 req-e890f68f-57a4-46b5-8f0a-b6080240c594 ] Request (InstanceActionsV221TestJSON:test_get_list_deleted_instance_actions): 200 GET http://10.180.1.21/compute/v2.1/servers/3716320a-d067-4ad0-8284-424eb407f2ec 0.054s
2025-05-14 09:52:19.750 70098 INFO tempest.lib.common.rest_client [req-39590231-180a-4fb8-bffd-e6ae5d3e6847 req-39590231-180a-4fb8-bffd-e6ae5d3e6847 ] Request (FloatingIPsAssociationTestJSON:test_associate_already_associated_floating_ip): 200 GET http://10.180.1.21/compute/v2.1/servers/27f67772-1f5c-4f13-89d0-bba7749ddb4e 0.044s
2025-05-14 09:52:19.788 70092 INFO tempest.lib.common.rest_client [req-d745d84e-4455-4294-8947-3278384468ce req-d745d84e-4455-4294-8947-3278384468ce ] Request (ServersAdminTestJSON:test_create_server_with_scheduling_hint): 200 GET http://10.180.1.21/compute/v2.1/servers/de682e9a-77cf-41e8-9378-459074854566 0.045s
2025-05-14 09:52:19.885 70122 INFO tempest.lib.common.rest_client [req-87e60565-3eb7-463b-b478-9e03b65edd6c req-87e60565-3eb7-463b-b478-9e03b65edd6c ] Request (ServerDiagnosticsV248Test:tearDownClass): 200 GET http://10.180.1.21/compute/v2.1/servers/b4a45681-5bc0-47c4-8475-f067d7569765 0.057s
2025-05-14 09:52:19.937 70104 INFO tempest.lib.common.rest_client [req-e9d9494c-d791-48fb-9b88-a415bdcf4807 req-e9d9494c-d791-48fb-9b88-a415bdcf4807 ] Request (ServerMetadataTestJSON:tearDownClass): 200 GET http://10.180.1.21/compute/v2.1/servers/c8a10353-ce88-44fe-a358-52677478cb8b 0.058s
2025-05-14 09:52:19.985 70134 INFO tempest.lib.common.rest_client [req-f42d860a-1145-43ab-8e26-238a69a1324b req-f42d860a-1145-43ab-8e26-238a69a1324b ] Request (ImagesOneServerTestJSON:setUpClass): 200 GET http://10.180.1.21/compute/v2.1/servers/f2ff90a8-b170-4ecf-be0c-da88d3f3a158 0.050s
2025-05-14 09:52:19.999 70102 INFO tempest.lib.common.rest_client [req-9cbd6ea9-37fa-4ab2-a595-11117c5d068b req-9cbd6ea9-37fa-4ab2-a595-11117c5d068b ] Request (DeleteServersTestJSON:test_delete_active_server): 200 GET http://10.180.1.21/compute/v2.1/servers/c925370e-5981-40a2-a5df-7fe064ac3ce3 0.055s
2025-05-14 09:52:20.199 70142 INFO tempest.lib.common.rest_client [req-8a58bfe2-8fe2-47ce-a35e-32353f0a2339 req-8a58bfe2-8fe2-47ce-a35e-32353f0a2339 ] Request (AttachInterfacesTestJSON:_run_cleanups): 200 GET http://10.180.1.21/compute/v2.1/servers/814f3854-3681-4f3d-95de-18340a765f53 0.055s
2025-05-14 09:52:20.278 70100 INFO tempest.lib.common.rest_client [req-7e4c0bfe-6ea9-4657-8a71-4014090d3f25 req-7e4c0bfe-6ea9-4657-8a71-4014090d3f25 ] Request (ServersListShow298Test:tearDownClass): 200 GET http://10.180.1.21/compute/v2.1/servers/443a8dc6-a88a-45e9-9a8c-f9976f91b821 0.062s
2025-05-14 09:52:20.325 70094 INFO tempest.lib.common.rest_client [req-bbd67b05-3fc9-4f23-b4bf-44f5a151a0ab req-bbd67b05-3fc9-4f23-b4bf-44f5a151a0ab ] Request (ServersListShow2100Test:test_list_show_rebuild_update_server_2100): 200 GET http://10.180.1.21/compute/v2.1/servers/7b7298a7-3c61-419c-8ca4-4afd452628c5 0.063s
2025-05-14 09:52:20.334 70132 INFO tempest.lib.common.rest_client [req-5d4b91ee-fbd7-4b7b-9eee-739fd22d335a req-5d4b91ee-fbd7-4b7b-9eee-739fd22d335a ] Request (ServersAdminNegativeTestJSON:tearDownClass): 200 GET http://10.180.1.21/compute/v2.1/servers/bcfea8dc-1327-4e91-b5fb-5183146af199 0.064s
2025-05-14 09:52:20.376 70120 INFO tempest.lib.common.rest_client [req-d394f099-d8d6-4cde-98e2-88cf88ebcefd req-d394f099-d8d6-4cde-98e2-88cf88ebcefd ] Request (MigrationsAdminTest:test_resize_server_revert_deleted_flavor): 200 GET http://10.180.1.21/compute/v2.1/servers/26d5e4a4-a985-440c-ab16-5798e9bd72ff 0.076s
2025-05-14 09:52:20.386 70113 INFO tempest.lib.common.rest_client [req-8a5223a3-814c-4311-8e73-93050990a34d req-8a5223a3-814c-4311-8e73-93050990a34d ] Request (AttachInterfacesUnderV243Test:test_add_remove_fixed_ip): 200 GET http://10.180.1.21/compute/v2.1/servers/dcae0c26-c079-4d7c-a321-df69cba40c3c 0.073s
2025-05-14 09:52:20.393 70113 INFO tempest.common.waiters [-] State transition "BUILD/None" ==> "BUILD/networking" after 99 second wait
2025-05-14 09:52:20.425 70106 INFO tempest.lib.common.rest_client [req-1eabd218-04db-4052-afcb-9541ed4c6875 req-1eabd218-04db-4052-afcb-9541ed4c6875 ] Request (ServerGroupTestJSON:test_create_server_with_scheduler_hint_group): 200 GET http://10.180.1.21/compute/v2.1/servers/cae202f4-3111-4611-ad68-bfaac359bd8e 0.079s
2025-05-14 09:52:20.435 70118 INFO tempest.lib.common.rest_client [req-c16781a6-d4c5-4831-9ae5-8b21b8b036ac req-c16781a6-d4c5-4831-9ae5-8b21b8b036ac ] Request (ServersTestJSON:setUpClass): 200 GET http://10.180.1.21/compute/v2.1/servers/d017056e-049d-4162-bc9f-fca50d73fbe0 0.073s
2025-05-14 09:52:20.476 70136 INFO tempest.lib.common.rest_client [req-2338af16-29b6-443f-930e-fada67dd1ac0 req-2338af16-29b6-443f-930e-fada67dd1ac0 ] Request (ListImageFiltersTestJSON:tearDownClass): 200 GET http://10.180.1.21/compute/v2.1/servers/029aa35a-3407-4d4f-9388-1978a073ecd2 0.072s
2025-05-14 09:52:20.504 70110 INFO tempest.lib.common.rest_client [req-0a5731db-0b49-4cbd-8cb0-26a49c1ce9f4 req-0a5731db-0b49-4cbd-8cb0-26a49c1ce9f4 ] Request (DeleteServersAdminTestJSON:test_delete_server_while_in_error_state): 200 GET http://10.180.1.21/compute/v2.1/servers/2dee479a-0981-497c-afb9-6e66085e431f 0.052s
2025-05-14 09:52:20.517 70086 INFO tempest.lib.common.rest_client [req-2cb25a45-466f-4d7e-a5d7-fe231182c288 req-2cb25a45-466f-4d7e-a5d7-fe231182c288 ] Request (ImagesTestJSON:test_create_image_from_stopped_server): 200 GET http://10.180.1.21/compute/v2.1/servers/8fb7187b-854f-4a4b-8129-318705dfc170 0.057s
2025-05-14 09:52:20.556 70116 INFO tempest.lib.common.rest_client [req-ef9fb372-5d1a-4c92-909b-e3f0bff224d1 req-ef9fb372-5d1a-4c92-909b-e3f0bff224d1 ] Request (MultipleCreateTestJSON:test_multiple_create): 200 GET http://10.180.1.21/compute/v2.1/servers/03c9b0ef-ec95-4599-bd6f-7e0a8b57d6b5 0.046s
2025-05-14 09:52:20.570 70144 INFO tempest.lib.common.rest_client [req-6d61eb2d-c248-4ae3-b090-f3822c2b727c req-6d61eb2d-c248-4ae3-b090-f3822c2b727c ] Request (ServerShowV254Test:tearDownClass): 200 GET http://10.180.1.21/compute/v2.1/servers/bc2d5898-8c8a-477e-af14-c15f00eedb0d 0.048s
2025-05-14 09:52:20.605 70108 INFO tempest.lib.common.rest_client [req-e0296a77-4624-47bb-97a1-d66dd51f9e47 req-e0296a77-4624-47bb-97a1-d66dd51f9e47 ] Request (ServersWithSpecificFlavorTestJSON:test_verify_created_server_ephemeral_disk): 200 GET http://10.180.1.21/compute/v2.1/servers/781604b4-a4c8-4b37-952d-e142265212da 0.049s
2025-05-14 09:52:20.644 70090 INFO tempest.lib.common.rest_client [req-275524de-e814-4b6f-92c2-f3d7a548f9f0 req-275524de-e814-4b6f-92c2-f3d7a548f9f0 ] Request (ServersListShow296Test:tearDownClass): 200 GET http://10.180.1.21/compute/v2.1/servers/d20937ea-1aa4-4dda-ac22-cf61aa680965 0.063s
2025-05-14 09:52:20.655 70096 INFO tempest.lib.common.rest_client [req-3b78685e-f2fb-4a3f-832a-37c060ec9b13 req-3b78685e-f2fb-4a3f-832a-37c060ec9b13 ] Request (ServersNegativeTestJSON:setUpClass): 200 GET http://10.180.1.21/compute/v2.1/servers/556f1045-1bef-4873-b882-ef1df65af4db 0.054s
2025-05-14 09:52:20.686 70128 INFO tempest.lib.common.rest_client [req-30653808-a64c-4185-a5e1-2eee565f8200 req-30653808-a64c-4185-a5e1-2eee565f8200 ] Request (ServerActionsTestJSON:setUpClass): 200 GET http://10.180.1.21/compute/v2.1/servers/efd32a38-36e0-4f4d-9822-870d28a618d4 0.067s
2025-05-14 09:52:20.704 70124 INFO tempest.lib.common.rest_client [req-c19a1a05-de76-4aa4-8cd2-2da76f2a12af req-c19a1a05-de76-4aa4-8cd2-2da76f2a12af ] Request (ServersTestMultiNic:test_verify_duplicate_network_nics): 200 GET http://10.180.1.21/compute/v2.1/servers/0995d66a-3324-45b9-afe9-660cc208a538 0.046s
2025-05-14 09:52:20.728 70138 INFO tempest.lib.common.rest_client [req-b381daf8-ffe9-4cf9-80ec-5e51b1337b99 req-b381daf8-ffe9-4cf9-80ec-5e51b1337b99 ] Request (ImagesOneServerNegativeTestJSON:_run_cleanups): 200 GET http://10.180.1.21/compute/v2.1/servers/726dc81d-4f0f-48cd-934f-736b09764dc1 0.060s
2025-05-14 09:52:20.738 70126 INFO tempest.lib.common.rest_client [req-1751c5a1-c836-4165-90d9-155c987ec96e req-1751c5a1-c836-4165-90d9-155c987ec96e ] Request (ServersTestBootFromVolume:tearDownClass): 404 GET http://10.180.1.21/compute/v2.1/servers/0cd34a99-40c7-4603-aacf-80205275b852 0.020s
2025-05-14 09:52:20.753 70126 INFO tempest.lib.common.rest_client [req-31a5b56a-6145-499c-9003-733ee8b04794 req-31a5b56a-6145-499c-9003-733ee8b04794 ] Request (ServersTestBootFromVolume:tearDownClass): 202 DELETE http://10.180.1.21/compute/v2.1/os-keypairs/tempest-keypair-1116916446 0.015s
2025-05-14 09:52:20.804 70084 INFO tempest.lib.common.rest_client [req-b9efe688-dc86-4f27-a64c-26c63a940eb0 req-b9efe688-dc86-4f27-a64c-26c63a940eb0 ] Request (InstanceActionsV221TestJSON:test_get_list_deleted_instance_actions): 200 GET http://10.180.1.21/compute/v2.1/servers/3716320a-d067-4ad0-8284-424eb407f2ec 0.060s
2025-05-14 09:52:20.822 70098 INFO tempest.lib.common.rest_client [req-b65f087f-a06f-449c-8b73-ce86347beb39 req-b65f087f-a06f-449c-8b73-ce86347beb39 ] Request (FloatingIPsAssociationTestJSON:test_associate_already_associated_floating_ip): 200 GET http://10.180.1.21/compute/v2.1/servers/27f67772-1f5c-4f13-89d0-bba7749ddb4e 0.064s
2025-05-14 09:52:20.862 70092 INFO tempest.lib.common.rest_client [req-8a485888-66df-4eb2-8038-49a23a7eeffc req-8a485888-66df-4eb2-8038-49a23a7eeffc ] Request (ServersAdminTestJSON:test_create_server_with_scheduling_hint): 200 GET http://10.180.1.21/compute/v2.1/servers/de682e9a-77cf-41e8-9378-459074854566 0.066s
2025-05-14 09:52:20.906 70126 INFO tempest.lib.common.rest_client [req-395c62af-08b4-4678-9071-0f547f2ce41d req-395c62af-08b4-4678-9071-0f547f2ce41d ] Request (ServersTestBootFromVolume:tearDownClass): 204 DELETE http://10.180.1.21:9696/networking/v2.0/security-groups/b5553667-d9a5-4a61-abf6-06a592d7ceed 0.152s
2025-05-14 09:52:20.919 70126 INFO tempest.lib.common.rest_client [req-dc6e4797-0089-4460-a550-b192d27852e0 req-dc6e4797-0089-4460-a550-b192d27852e0 ] Request (ServersTestBootFromVolume:tearDownClass): 404 GET http://10.180.1.21:9696/networking/v2.0/security-groups/b5553667-d9a5-4a61-abf6-06a592d7ceed 0.012s
2025-05-14 09:52:20.968 70122 INFO tempest.lib.common.rest_client [req-dfd80d8d-c77c-46ba-a45f-39624973b589 req-dfd80d8d-c77c-46ba-a45f-39624973b589 ] Request (ServerDiagnosticsV248Test:tearDownClass): 200 GET http://10.180.1.21/compute/v2.1/servers/b4a45681-5bc0-47c4-8475-f067d7569765 0.074s
2025-05-14 09:52:21.016 70104 INFO tempest.lib.common.rest_client [req-9b7261be-5b78-4ca4-9a43-179d89801048 req-9b7261be-5b78-4ca4-9a43-179d89801048 ] Request (ServerMetadataTestJSON:tearDownClass): 200 GET http://10.180.1.21/compute/v2.1/servers/c8a10353-ce88-44fe-a358-52677478cb8b 0.070s
2025-05-14 09:52:21.067 70134 INFO tempest.lib.common.rest_client [req-5cfde52f-a3b4-4dfe-a34e-ad8dbb32ebfe req-5cfde52f-a3b4-4dfe-a34e-ad8dbb32ebfe ] Request (ImagesOneServerTestJSON:setUpClass): 200 GET http://10.180.1.21/compute/v2.1/servers/f2ff90a8-b170-4ecf-be0c-da88d3f3a158 0.074s
2025-05-14 09:52:21.087 70102 INFO tempest.lib.common.rest_client [req-2825ab4f-0564-4c61-9f2a-f8d4f732e8a1 req-2825ab4f-0564-4c61-9f2a-f8d4f732e8a1 ] Request (DeleteServersTestJSON:test_delete_active_server): 200 GET http://10.180.1.21/compute/v2.1/servers/c925370e-5981-40a2-a5df-7fe064ac3ce3 0.079s
2025-05-14 09:52:21.143 70126 INFO tempest.lib.common.rest_client [req-120d7c9e-9510-4129-b2a1-dd202227f484 req-120d7c9e-9510-4129-b2a1-dd202227f484 ] Request (ServersTestBootFromVolume:tearDownClass): 204 DELETE http://10.180.1.21:9696/networking/v2.0/floatingips/c9b1903c-4036-434f-ac78-d5c507610223 0.223s
2025-05-14 09:52:21.270 70142 INFO tempest.lib.common.rest_client [req-4aee7147-4939-4056-bb24-5331e38efb62 req-4aee7147-4939-4056-bb24-5331e38efb62 ] Request (AttachInterfacesTestJSON:_run_cleanups): 200 GET http://10.180.1.21/compute/v2.1/servers/814f3854-3681-4f3d-95de-18340a765f53 0.062s
2025-05-14 09:52:21.319 70100 INFO tempest.lib.common.rest_client [req-0274ba1a-c5ad-48b6-ad6d-f9aad56f1009 req-0274ba1a-c5ad-48b6-ad6d-f9aad56f1009 ] Request (ServersListShow298Test:tearDownClass): 404 GET http://10.180.1.21/compute/v2.1/servers/443a8dc6-a88a-45e9-9a8c-f9976f91b821 0.029s
2025-05-14 09:52:21.342 70140 WARNING tempest.lib.common.ssh [-] Failed to establish authenticated ssh connection to cirros@10.180.180.141 ([Errno None] Unable to connect to port 22 on 10.180.180.141). Number attempts: 13. Retry after 14 seconds.: paramiko.ssh_exception.NoValidConnectionsError: [Errno None] Unable to connect to port 22 on 10.180.180.141
2025-05-14 09:52:21.430 70132 INFO tempest.lib.common.rest_client [req-30d42a01-2507-46f0-a136-d2509ad0bfc2 req-30d42a01-2507-46f0-a136-d2509ad0bfc2 ] Request (ServersAdminNegativeTestJSON:tearDownClass): 200 GET http://10.180.1.21/compute/v2.1/servers/bcfea8dc-1327-4e91-b5fb-5183146af199 0.088s
2025-05-14 09:52:21.435 70094 INFO tempest.lib.common.rest_client [req-b62282bf-a632-4ab5-bf3b-16201c874c87 req-b62282bf-a632-4ab5-bf3b-16201c874c87 ] Request (ServersListShow2100Test:test_list_show_rebuild_update_server_2100): 200 GET http://10.180.1.21/compute/v2.1/servers/7b7298a7-3c61-419c-8ca4-4afd452628c5 0.097s
2025-05-14 09:52:21.481 70100 INFO tempest.lib.common.rest_client [req-2d00515f-2a12-4af0-9b69-39db8ad040ec req-2d00515f-2a12-4af0-9b69-39db8ad040ec ] Request (ServersListShow298Test:tearDownClass): 204 DELETE http://10.180.1.21/identity/v3/users/02a9190a12e7466e9e5a3cc86ba15a47 0.162s
2025-05-14 09:52:21.481 70100 INFO tempest.lib.common.dynamic_creds [-] Deleting project and security group for project: 98bd66139b5946c58ededa93a3f55d00
2025-05-14 09:52:21.506 70120 INFO tempest.lib.common.rest_client [req-04781d64-4882-4f24-8272-a67a8d5023ce req-04781d64-4882-4f24-8272-a67a8d5023ce ] Request (MigrationsAdminTest:test_resize_server_revert_deleted_flavor): 200 GET http://10.180.1.21/compute/v2.1/servers/26d5e4a4-a985-440c-ab16-5798e9bd72ff 0.121s
2025-05-14 09:52:21.542 70100 INFO tempest.lib.common.rest_client [req-1e5333f6-8288-4abc-bbf2-b42b46da4f5a req-1e5333f6-8288-4abc-bbf2-b42b46da4f5a ] Request (ServersListShow298Test:tearDownClass): 201 POST http://10.180.1.21/identity/v3/auth/tokens 0.061s
2025-05-14 09:52:21.583 70106 INFO tempest.lib.common.rest_client [req-aeb025a3-885b-4467-b2f0-713b89f5fe56 req-aeb025a3-885b-4467-b2f0-713b89f5fe56 ] Request (ServerGroupTestJSON:test_create_server_with_scheduler_hint_group): 200 GET http://10.180.1.21/compute/v2.1/servers/cae202f4-3111-4611-ad68-bfaac359bd8e 0.149s
2025-05-14 09:52:21.597 70113 INFO tempest.lib.common.rest_client [req-29f33d47-5417-4e20-bfb7-1bf196e8833a req-29f33d47-5417-4e20-bfb7-1bf196e8833a ] Request (AttachInterfacesUnderV243Test:test_add_remove_fixed_ip): 200 GET http://10.180.1.21/compute/v2.1/servers/dcae0c26-c079-4d7c-a321-df69cba40c3c 0.202s
2025-05-14 09:52:21.606 70113 INFO tempest.common.waiters [-] State transition "BUILD/networking" ==> "BUILD/block_device_mapping" after 100 second wait
2025-05-14 09:52:21.647 70118 INFO tempest.lib.common.rest_client [req-1f10d60d-5520-476b-b6cb-c901858a343f req-1f10d60d-5520-476b-b6cb-c901858a343f ] Request (ServersTestJSON:setUpClass): 200 GET http://10.180.1.21/compute/v2.1/servers/d017056e-049d-4162-bc9f-fca50d73fbe0 0.204s
2025-05-14 09:52:21.676 70136 INFO tempest.lib.common.rest_client [req-71cf72cb-ca9a-4ad0-aac8-3ae4f1cbe4c7 req-71cf72cb-ca9a-4ad0-aac8-3ae4f1cbe4c7 ] Request (ListImageFiltersTestJSON:tearDownClass): 200 GET http://10.180.1.21/compute/v2.1/servers/029aa35a-3407-4d4f-9388-1978a073ecd2 0.193s
2025-05-14 09:52:21.708 70110 INFO tempest.lib.common.rest_client [req-3b34e24b-dea7-4098-8f99-6c93cc6952a3 req-3b34e24b-dea7-4098-8f99-6c93cc6952a3 ] Request (DeleteServersAdminTestJSON:test_delete_server_while_in_error_state): 200 GET http://10.180.1.21/compute/v2.1/servers/2dee479a-0981-497c-afb9-6e66085e431f 0.196s
2025-05-14 09:52:21.737 70086 INFO tempest.lib.common.rest_client [req-4e784495-ec5d-4d0c-8cdc-18f31638f5d3 req-4e784495-ec5d-4d0c-8cdc-18f31638f5d3 ] Request (ImagesTestJSON:test_create_image_from_stopped_server): 200 GET http://10.180.1.21/compute/v2.1/servers/8fb7187b-854f-4a4b-8129-318705dfc170 0.212s
2025-05-14 09:52:21.764 70116 INFO tempest.lib.common.rest_client [req-947a105c-1207-42a0-84ca-5ecc77c9082b req-947a105c-1207-42a0-84ca-5ecc77c9082b ] Request (MultipleCreateTestJSON:test_multiple_create): 200 GET http://10.180.1.21/compute/v2.1/servers/03c9b0ef-ec95-4599-bd6f-7e0a8b57d6b5 0.199s
2025-05-14 09:52:21.782 70100 INFO tempest.lib.common.rest_client [req-a4c998bf-a86a-4982-8dc0-15045fdacccb req-a4c998bf-a86a-4982-8dc0-15045fdacccb ] Request (ServersListShow298Test:tearDownClass): 200 GET http://10.180.1.21:9696/networking/v2.0/security-groups?tenant_id=98bd66139b5946c58ededa93a3f55d00&name=default 0.240s
2025-05-14 09:52:21.805 70144 INFO tempest.lib.common.rest_client [req-869d9e1d-e6b0-4b57-9c8b-e2781d37bf6a req-869d9e1d-e6b0-4b57-9c8b-e2781d37bf6a ] Request (ServerShowV254Test:tearDownClass): 200 GET http://10.180.1.21/compute/v2.1/servers/bc2d5898-8c8a-477e-af14-c15f00eedb0d 0.226s
2025-05-14 09:52:21.815 70144 INFO tempest.common.waiters [-] State transition "ACTIVE/deleting" ==> "DELETED/None" after 4 second wait
2025-05-14 09:52:21.820 70108 INFO tempest.lib.common.rest_client [req-e1107926-a30b-48aa-9714-8dec3058edd6 req-e1107926-a30b-48aa-9714-8dec3058edd6 ] Request (ServersWithSpecificFlavorTestJSON:test_verify_created_server_ephemeral_disk): 200 GET http://10.180.1.21/compute/v2.1/servers/781604b4-a4c8-4b37-952d-e142265212da 0.202s
2025-05-14 09:52:21.874 70096 INFO tempest.lib.common.rest_client [req-55d7ca82-cf28-4f5e-ba68-90dd10d300f3 req-55d7ca82-cf28-4f5e-ba68-90dd10d300f3 ] Request (ServersNegativeTestJSON:setUpClass): 200 GET http://10.180.1.21/compute/v2.1/servers/556f1045-1bef-4873-b882-ef1df65af4db 0.211s
2025-05-14 09:52:21.889 70090 INFO tempest.lib.common.rest_client [req-f6917384-3aa8-4d32-979e-77a6b1468281 req-f6917384-3aa8-4d32-979e-77a6b1468281 ] Request (ServersListShow296Test:tearDownClass): 200 GET http://10.180.1.21/compute/v2.1/servers/d20937ea-1aa4-4dda-ac22-cf61aa680965 0.232s
2025-05-14 09:52:21.918 70100 INFO tempest.lib.common.rest_client [req-44dd05df-5762-4317-a664-4172b04eeffe req-44dd05df-5762-4317-a664-4172b04eeffe ] Request (ServersListShow298Test:tearDownClass): 204 DELETE http://10.180.1.21:9696/networking/v2.0/security-groups/1e38125e-02f6-43cd-bb5f-ab375bef3628 0.135s
2025-05-14 09:52:21.940 70128 INFO tempest.lib.common.rest_client [req-2e7b1724-d259-427f-a04e-f07e00a1bbef req-2e7b1724-d259-427f-a04e-f07e00a1bbef ] Request (ServerActionsTestJSON:setUpClass): 200 GET http://10.180.1.21/compute/v2.1/servers/efd32a38-36e0-4f4d-9822-870d28a618d4 0.246s
2025-05-14 09:52:21.949 70124 INFO tempest.lib.common.rest_client [req-1c3e7e6c-ee53-42ad-ba44-a7bc7ea812db req-1c3e7e6c-ee53-42ad-ba44-a7bc7ea812db ] Request (ServersTestMultiNic:test_verify_duplicate_network_nics): 200 GET http://10.180.1.21/compute/v2.1/servers/0995d66a-3324-45b9-afe9-660cc208a538 0.237s
2025-05-14 09:52:22.011 70138 INFO tempest.lib.common.rest_client [req-2c1d16d9-7c76-40af-b5f4-00575844373e req-2c1d16d9-7c76-40af-b5f4-00575844373e ] Request (ImagesOneServerNegativeTestJSON:_run_cleanups): 200 GET http://10.180.1.21/compute/v2.1/servers/726dc81d-4f0f-48cd-934f-736b09764dc1 0.276s
2025-05-14 09:52:22.012 70100 INFO tempest.lib.common.rest_client [req-e0bc4bbf-7c90-4139-bd70-43808221bd24 req-e0bc4bbf-7c90-4139-bd70-43808221bd24 ] Request (ServersListShow298Test:tearDownClass): 204 DELETE http://10.180.1.21/identity/v3/projects/98bd66139b5946c58ededa93a3f55d00 0.094s
2025-05-14 09:52:22.013 70084 INFO tempest.lib.common.rest_client [req-fa829c41-5dcf-4edc-beb9-96da5edf01e5 req-fa829c41-5dcf-4edc-beb9-96da5edf01e5 ] Request (InstanceActionsV221TestJSON:test_get_list_deleted_instance_actions): 200 GET http://10.180.1.21/compute/v2.1/servers/3716320a-d067-4ad0-8284-424eb407f2ec 0.200s
2025-05-14 09:52:22.069 70098 INFO tempest.lib.common.rest_client [req-1c55f802-410c-4570-bff7-1a6eeaf78f01 req-1c55f802-410c-4570-bff7-1a6eeaf78f01 ] Request (FloatingIPsAssociationTestJSON:test_associate_already_associated_floating_ip): 200 GET http://10.180.1.21/compute/v2.1/servers/27f67772-1f5c-4f13-89d0-bba7749ddb4e 0.236s
2025-05-14 09:52:22.074 70092 INFO tempest.lib.common.rest_client [req-dcb66e6d-3785-4d57-931a-28b95dc2026a req-dcb66e6d-3785-4d57-931a-28b95dc2026a ] Request (ServersAdminTestJSON:test_create_server_with_scheduling_hint): 200 GET http://10.180.1.21/compute/v2.1/servers/de682e9a-77cf-41e8-9378-459074854566 0.202s
2025-05-14 09:52:22.109 70126 INFO tempest.lib.common.rest_client [req-a2015bbe-33e1-4169-b8da-13d5b6bb5ad8 req-a2015bbe-33e1-4169-b8da-13d5b6bb5ad8 ] Request (ServersTestBootFromVolume:tearDownClass): 200 PUT http://10.180.1.21:9696/networking/v2.0/routers/f3b634d7-0eaa-47f5-81a3-c2d668fcf193/remove_router_interface 0.966s
2025-05-14 09:52:22.134 70104 INFO tempest.lib.common.rest_client [req-bd950d16-6857-4e9b-a34e-6f1adc7250aa req-bd950d16-6857-4e9b-a34e-6f1adc7250aa ] Request (ServerMetadataTestJSON:tearDownClass): 200 GET http://10.180.1.21/compute/v2.1/servers/c8a10353-ce88-44fe-a358-52677478cb8b 0.110s
2025-05-14 09:52:22.145 70122 INFO tempest.lib.common.rest_client [req-bc3824da-a3c6-4bee-a536-cd837c479c2d req-bc3824da-a3c6-4bee-a536-cd837c479c2d ] Request (ServerDiagnosticsV248Test:tearDownClass): 200 GET http://10.180.1.21/compute/v2.1/servers/b4a45681-5bc0-47c4-8475-f067d7569765 0.161s
2025-05-14 09:52:22.181 70134 INFO tempest.lib.common.rest_client [req-9d9f64ab-4783-4509-b384-5e3258efe0ce req-9d9f64ab-4783-4509-b384-5e3258efe0ce ] Request (ImagesOneServerTestJSON:setUpClass): 200 GET http://10.180.1.21/compute/v2.1/servers/f2ff90a8-b170-4ecf-be0c-da88d3f3a158 0.106s
2025-05-14 09:52:22.197 70102 INFO tempest.lib.common.rest_client [req-53318cc6-2198-45c5-a044-aadc1edbf7cd req-53318cc6-2198-45c5-a044-aadc1edbf7cd ] Request (DeleteServersTestJSON:test_delete_active_server): 200 GET http://10.180.1.21/compute/v2.1/servers/c925370e-5981-40a2-a5df-7fe064ac3ce3 0.103s
2025-05-14 09:52:22.342 70142 INFO tempest.lib.common.rest_client [req-f76dd48d-86fb-4741-bd2c-8e35bd6eab86 req-f76dd48d-86fb-4741-bd2c-8e35bd6eab86 ] Request (AttachInterfacesTestJSON:_run_cleanups): 200 GET http://10.180.1.21/compute/v2.1/servers/814f3854-3681-4f3d-95de-18340a765f53 0.064s
2025-05-14 09:52:22.456 70126 INFO tempest.lib.common.rest_client [req-011761c4-e329-45c1-a5de-dcf89efa752e req-011761c4-e329-45c1-a5de-dcf89efa752e ] Request (ServersTestBootFromVolume:tearDownClass): 204 DELETE http://10.180.1.21:9696/networking/v2.0/routers/f3b634d7-0eaa-47f5-81a3-c2d668fcf193 0.346s
2025-05-14 09:52:22.510 70132 INFO tempest.lib.common.rest_client [req-8c19ee26-a9ff-465f-b2dc-10b3abf88281 req-8c19ee26-a9ff-465f-b2dc-10b3abf88281 ] Request (ServersAdminNegativeTestJSON:tearDownClass): 200 GET http://10.180.1.21/compute/v2.1/servers/bcfea8dc-1327-4e91-b5fb-5183146af199 0.072s
2025-05-14 09:52:22.519 70094 INFO tempest.lib.common.rest_client [req-5f5d11b3-8f97-435f-bc0f-be15da2add4a req-5f5d11b3-8f97-435f-bc0f-be15da2add4a ] Request (ServersListShow2100Test:test_list_show_rebuild_update_server_2100): 200 GET http://10.180.1.21/compute/v2.1/servers/7b7298a7-3c61-419c-8ca4-4afd452628c5 0.070s
2025-05-14 09:52:22.571 70120 INFO tempest.lib.common.rest_client [req-09c87c3b-b1b2-462c-b17a-0ef160284cc2 req-09c87c3b-b1b2-462c-b17a-0ef160284cc2 ] Request (MigrationsAdminTest:test_resize_server_revert_deleted_flavor): 200 GET http://10.180.1.21/compute/v2.1/servers/26d5e4a4-a985-440c-ab16-5798e9bd72ff 0.054s
2025-05-14 09:52:22.578 70126 INFO tempest.lib.common.rest_client [req-71af572c-f091-49a0-b347-f98412c50f5b req-71af572c-f091-49a0-b347-f98412c50f5b ] Request (ServersTestBootFromVolume:tearDownClass): 204 DELETE http://10.180.1.21:9696/networking/v2.0/subnets/8ecf1235-4678-443d-9615-0b2907257677 0.121s
2025-05-14 09:52:22.649 70106 INFO tempest.lib.common.rest_client [req-f5432aa6-c11f-4c93-a127-b32e1fe1ca60 req-f5432aa6-c11f-4c93-a127-b32e1fe1ca60 ] Request (ServerGroupTestJSON:test_create_server_with_scheduler_hint_group): 200 GET http://10.180.1.21/compute/v2.1/servers/cae202f4-3111-4611-ad68-bfaac359bd8e 0.057s
2025-05-14 09:52:22.741 70118 INFO tempest.lib.common.rest_client [req-6097b69d-372e-4a12-9856-19b739ec8034 req-6097b69d-372e-4a12-9856-19b739ec8034 ] Request (ServersTestJSON:setUpClass): 200 GET http://10.180.1.21/compute/v2.1/servers/d017056e-049d-4162-bc9f-fca50d73fbe0 0.083s
2025-05-14 09:52:22.745 70113 INFO tempest.lib.common.rest_client [req-d2cd58f0-e859-4eb5-8d9d-c541ea5f09f1 req-d2cd58f0-e859-4eb5-8d9d-c541ea5f09f1 ] Request (AttachInterfacesUnderV243Test:test_add_remove_fixed_ip): 200 GET http://10.180.1.21/compute/v2.1/servers/dcae0c26-c079-4d7c-a321-df69cba40c3c 0.137s
2025-05-14 09:52:22.755 70113 INFO tempest.common.waiters [-] State transition "BUILD/block_device_mapping" ==> "BUILD/spawning" after 101 second wait
2025-05-14 09:52:22.802 70126 INFO tempest.lib.common.rest_client [req-30464a09-6047-49fc-81c5-372008e3c1bf req-30464a09-6047-49fc-81c5-372008e3c1bf ] Request (ServersTestBootFromVolume:tearDownClass): 204 DELETE http://10.180.1.21:9696/networking/v2.0/networks/4c5cbc6f-ab3f-4f68-b474-2918e07cfa25 0.224s
2025-05-14 09:52:22.827 70136 INFO tempest.lib.common.rest_client [req-f401d9e8-8c2e-48f3-953a-6e199601232c req-f401d9e8-8c2e-48f3-953a-6e199601232c ] Request (ListImageFiltersTestJSON:tearDownClass): 200 GET http://10.180.1.21/compute/v2.1/servers/029aa35a-3407-4d4f-9388-1978a073ecd2 0.144s
2025-05-14 09:52:22.829 70110 INFO tempest.lib.common.rest_client [req-b37ae6e3-4979-4a24-a6d4-cccbf77f37fc req-b37ae6e3-4979-4a24-a6d4-cccbf77f37fc ] Request (DeleteServersAdminTestJSON:test_delete_server_while_in_error_state): 200 GET http://10.180.1.21/compute/v2.1/servers/2dee479a-0981-497c-afb9-6e66085e431f 0.111s
2025-05-14 09:52:22.901 70116 INFO tempest.lib.common.rest_client [req-85ec0867-1296-4269-a88a-8ff5d50d39a0 req-85ec0867-1296-4269-a88a-8ff5d50d39a0 ] Request (MultipleCreateTestJSON:test_multiple_create): 200 GET http://10.180.1.21/compute/v2.1/servers/03c9b0ef-ec95-4599-bd6f-7e0a8b57d6b5 0.127s
2025-05-14 09:52:22.901 70086 INFO tempest.lib.common.rest_client [req-bd8a4253-cbb1-4c8d-854d-2bb950019306 req-bd8a4253-cbb1-4c8d-854d-2bb950019306 ] Request (ImagesTestJSON:test_create_image_from_stopped_server): 200 GET http://10.180.1.21/compute/v2.1/servers/8fb7187b-854f-4a4b-8129-318705dfc170 0.156s
2025-05-14 09:52:22.927 70126 INFO tempest.lib.common.rest_client [req-a0495b0b-8db3-46c5-a5bc-a3f63437701b req-a0495b0b-8db3-46c5-a5bc-a3f63437701b ] Request (ServersTestBootFromVolume:tearDownClass): 204 DELETE http://10.180.1.21/identity/v3/users/120f909e2bf448fd94b28901f3cd1791 0.124s
2025-05-14 09:52:22.927 70126 INFO tempest.lib.common.dynamic_creds [-] Deleting project and security group for project: 04eb0ee9476348a1820a1cf7c2642979
2025-05-14 09:52:22.958 70126 INFO tempest.lib.common.rest_client [req-53eac6de-4262-4549-89ea-308c8c232a21 req-53eac6de-4262-4549-89ea-308c8c232a21 ] Request (ServersTestBootFromVolume:tearDownClass): 200 GET http://10.180.1.21:9696/networking/v2.0/security-groups?tenant_id=04eb0ee9476348a1820a1cf7c2642979&name=default 0.030s
2025-05-14 09:52:22.977 70108 INFO tempest.lib.common.rest_client [req-08b4033a-1759-4d20-960b-0bf72ecf404a req-08b4033a-1759-4d20-960b-0bf72ecf404a ] Request (ServersWithSpecificFlavorTestJSON:test_verify_created_server_ephemeral_disk): 200 GET http://10.180.1.21/compute/v2.1/servers/781604b4-a4c8-4b37-952d-e142265212da 0.148s
2025-05-14 09:52:22.981 70144 INFO tempest.lib.common.rest_client [req-82bb9d29-f98f-44e8-a5e9-f9cae30adc29 req-82bb9d29-f98f-44e8-a5e9-f9cae30adc29 ] Request (ServerShowV254Test:tearDownClass): 200 GET http://10.180.1.21/compute/v2.1/servers/bc2d5898-8c8a-477e-af14-c15f00eedb0d 0.165s
2025-05-14 09:52:23.045 70096 INFO tempest.lib.common.rest_client [req-80a32e9e-f421-464a-8130-5920c2e566ba req-80a32e9e-f421-464a-8130-5920c2e566ba ] Request (ServersNegativeTestJSON:setUpClass): 200 GET http://10.180.1.21/compute/v2.1/servers/556f1045-1bef-4873-b882-ef1df65af4db 0.162s
2025-05-14 09:52:23.064 70126 INFO tempest.lib.common.rest_client [req-652b484b-4856-418b-9cf7-124e11c58700 req-652b484b-4856-418b-9cf7-124e11c58700 ] Request (ServersTestBootFromVolume:tearDownClass): 204 DELETE http://10.180.1.21:9696/networking/v2.0/security-groups/0d3befa4-5a28-4eca-81a8-bbbe9eb7f7fd 0.105s
2025-05-14 09:52:23.083 70090 INFO tempest.lib.common.rest_client [req-4c0ee153-a80d-4bc9-b06c-fb702ba4aa63 req-4c0ee153-a80d-4bc9-b06c-fb702ba4aa63 ] Request (ServersListShow296Test:tearDownClass): 200 GET http://10.180.1.21/compute/v2.1/servers/d20937ea-1aa4-4dda-ac22-cf61aa680965 0.182s
2025-05-14 09:52:23.123 70128 INFO tempest.lib.common.rest_client [req-56300cba-9273-4a0c-a4ff-4e95f95c374c req-56300cba-9273-4a0c-a4ff-4e95f95c374c ] Request (ServerActionsTestJSON:setUpClass): 200 GET http://10.180.1.21/compute/v2.1/servers/efd32a38-36e0-4f4d-9822-870d28a618d4 0.172s
2025-05-14 09:52:23.138 70124 INFO tempest.lib.common.rest_client [req-918650b0-eedb-4569-9348-0f5a75952768 req-918650b0-eedb-4569-9348-0f5a75952768 ] Request (ServersTestMultiNic:test_verify_duplicate_network_nics): 200 GET http://10.180.1.21/compute/v2.1/servers/0995d66a-3324-45b9-afe9-660cc208a538 0.177s
2025-05-14 09:52:23.196 70084 INFO tempest.lib.common.rest_client [req-70f0fd90-5cf0-4ffa-a5fe-ccf5400d4bcd req-70f0fd90-5cf0-4ffa-a5fe-ccf5400d4bcd ] Request (InstanceActionsV221TestJSON:test_get_list_deleted_instance_actions): 200 GET http://10.180.1.21/compute/v2.1/servers/3716320a-d067-4ad0-8284-424eb407f2ec 0.174s
2025-05-14 09:52:23.200 70126 INFO tempest.lib.common.rest_client [req-10451665-a046-4535-99dd-ab0e626915c1 req-10451665-a046-4535-99dd-ab0e626915c1 ] Request (ServersTestBootFromVolume:tearDownClass): 204 DELETE http://10.180.1.21/identity/v3/projects/04eb0ee9476348a1820a1cf7c2642979 0.135s
2025-05-14 09:52:23.200 70138 INFO tempest.lib.common.rest_client [req-dc249dae-d5d8-42b1-be43-0b9bd3badd67 req-dc249dae-d5d8-42b1-be43-0b9bd3badd67 ] Request (ImagesOneServerNegativeTestJSON:_run_cleanups): 200 GET http://10.180.1.21/compute/v2.1/servers/726dc81d-4f0f-48cd-934f-736b09764dc1 0.178s
2025-05-14 09:52:23.253 70098 INFO tempest.lib.common.rest_client [req-f7c477d1-00d6-4b0d-8ef4-e0b73c5c707b req-f7c477d1-00d6-4b0d-8ef4-e0b73c5c707b ] Request (FloatingIPsAssociationTestJSON:test_associate_already_associated_floating_ip): 200 GET http://10.180.1.21/compute/v2.1/servers/27f67772-1f5c-4f13-89d0-bba7749ddb4e 0.177s
2025-05-14 09:52:23.259 70092 INFO tempest.lib.common.rest_client [req-59b8c7b9-5eba-4695-a162-92692847b2d7 req-59b8c7b9-5eba-4695-a162-92692847b2d7 ] Request (ServersAdminTestJSON:test_create_server_with_scheduling_hint): 200 GET http://10.180.1.21/compute/v2.1/servers/de682e9a-77cf-41e8-9378-459074854566 0.177s
2025-05-14 09:52:23.269 70126 INFO tempest.lib.common.rest_client [req-ecea85d7-53cc-45d3-bbac-92a1ea3c45dc req-ecea85d7-53cc-45d3-bbac-92a1ea3c45dc ] Request (ListServerFiltersTestJSON:setUpClass): 201 POST http://10.180.1.21/identity/v3/auth/tokens 0.067s
2025-05-14 09:52:23.302 70126 INFO tempest.lib.common.rest_client [req-8fc480d9-7ce2-4512-98a4-44c1f9d71a93 req-8fc480d9-7ce2-4512-98a4-44c1f9d71a93 ] Request (ListServerFiltersTestJSON:setUpClass): 201 POST http://10.180.1.21/identity/v3/auth/tokens 0.027s
2025-05-14 09:52:23.308 70104 INFO tempest.lib.common.rest_client [req-2c3def16-8735-4d87-9369-68e664a27a2c req-2c3def16-8735-4d87-9369-68e664a27a2c ] Request (ServerMetadataTestJSON:tearDownClass): 200 GET http://10.180.1.21/compute/v2.1/servers/c8a10353-ce88-44fe-a358-52677478cb8b 0.157s
2025-05-14 09:52:23.320 70122 INFO tempest.lib.common.rest_client [req-0c27543b-e0cb-451f-89ba-fd1125ccc6e6 req-0c27543b-e0cb-451f-89ba-fd1125ccc6e6 ] Request (ServerDiagnosticsV248Test:tearDownClass): 200 GET http://10.180.1.21/compute/v2.1/servers/b4a45681-5bc0-47c4-8475-f067d7569765 0.160s
2025-05-14 09:52:23.325 70126 INFO tempest.lib.common.rest_client [req-9b387a42-ab39-4d4f-9847-994a4ff5294c req-9b387a42-ab39-4d4f-9847-994a4ff5294c ] Request (ListServerFiltersTestJSON:setUpClass): 200 GET http://10.180.1.21/identity/v3/domains?name=Default 0.023s
2025-05-14 09:52:23.352 70126 INFO tempest.lib.common.rest_client [req-9c4bb9ac-8d90-4bd8-b29c-0792f1395d6c req-9c4bb9ac-8d90-4bd8-b29c-0792f1395d6c ] Request (ListServerFiltersTestJSON:setUpClass): 201 POST http://10.180.1.21/identity/v3/projects 0.026s
2025-05-14 09:52:23.356 70134 INFO tempest.lib.common.rest_client [req-b85c724e-98ef-481e-b94e-f4d130b34c19 req-b85c724e-98ef-481e-b94e-f4d130b34c19 ] Request (ImagesOneServerTestJSON:setUpClass): 200 GET http://10.180.1.21/compute/v2.1/servers/f2ff90a8-b170-4ecf-be0c-da88d3f3a158 0.165s
2025-05-14 09:52:23.379 70102 INFO tempest.lib.common.rest_client [req-8ee626cb-221d-4262-876b-1c4f3267ee6b req-8ee626cb-221d-4262-876b-1c4f3267ee6b ] Request (DeleteServersTestJSON:test_delete_active_server): 200 GET http://10.180.1.21/compute/v2.1/servers/c925370e-5981-40a2-a5df-7fe064ac3ce3 0.171s
2025-05-14 09:52:23.406 70126 INFO tempest.lib.common.rest_client [req-8905bbb0-0a71-45fc-b940-1f29b87072d2 req-8905bbb0-0a71-45fc-b940-1f29b87072d2 ] Request (ListServerFiltersTestJSON:setUpClass): 201 POST http://10.180.1.21/identity/v3/users 0.053s
2025-05-14 09:52:23.408 70142 INFO tempest.lib.common.rest_client [req-c8bef69b-10f7-4cdd-bc5a-1f175a05add0 req-c8bef69b-10f7-4cdd-bc5a-1f175a05add0 ] Request (AttachInterfacesTestJSON:_run_cleanups): 200 GET http://10.180.1.21/compute/v2.1/servers/814f3854-3681-4f3d-95de-18340a765f53 0.059s
2025-05-14 09:52:23.426 70126 INFO tempest.lib.common.rest_client [req-02d0ab96-c058-4694-a7ed-90c3f0864cf9 req-02d0ab96-c058-4694-a7ed-90c3f0864cf9 ] Request (ListServerFiltersTestJSON:setUpClass): 200 GET http://10.180.1.21/identity/v3/roles 0.020s
2025-05-14 09:52:23.449 70126 INFO tempest.lib.common.rest_client [req-0798ed48-371d-4e14-a6e2-b8b199f4aa05 req-0798ed48-371d-4e14-a6e2-b8b199f4aa05 ] Request (ListServerFiltersTestJSON:setUpClass): 204 PUT http://10.180.1.21/identity/v3/projects/c9178834238e49daae5b5d642c5365ad/users/2382098f7d93452fad5b93f5b90f4884/roles/a39c8938f9a84f969bd045d82a5baa4b 0.022s
2025-05-14 09:52:23.449 70126 INFO tempest.lib.common.dynamic_creds [-] Dynamic test user 2382098f7d93452fad5b93f5b90f4884 is created with scope project and roles: ['member']
2025-05-14 09:52:23.450 70126 INFO tempest.lib.common.dynamic_creds [-] Acquired dynamic creds: credentials: Credentials: {'domain_id': 'default', 'domain_name': 'Default', 'username': 'tempest-ListServerFiltersTestJSON-1382236750-project-member', 'project_domain_id': 'default', 'project_domain_name': 'Default', 'project_id': 'c9178834238e49daae5b5d642c5365ad', 'project_name': 'tempest-ListServerFiltersTestJSON-1382236750', 'tenant_id': 'c9178834238e49daae5b5d642c5365ad', 'tenant_name': 'tempest-ListServerFiltersTestJSON-1382236750', 'user_domain_id': 'default', 'user_domain_name': 'Default', 'user_id': '2382098f7d93452fad5b93f5b90f4884', 'system': None}, Network: None, Subnet: None, Router: None
2025-05-14 09:52:23.498 70126 INFO tempest.lib.common.rest_client [req-cf85a3d6-a1f7-43d8-bf2b-e7aeab6773b2 req-cf85a3d6-a1f7-43d8-bf2b-e7aeab6773b2 ] Request (ListServerFiltersTestJSON:setUpClass): 201 POST http://10.180.1.21/identity/v3/auth/tokens 0.048s
