2025-05-14 09:49:19.241 70120 INFO tempest.lib.common.rest_client [req-c69300de-c631-42a4-8cbb-b8d03e92c3a0 req-c69300de-c631-42a4-8cbb-b8d03e92c3a0 ] Request (KeyPairsV210TestJSON:setUpClass): 200 GET http://10.180.1.21/identity/v3/roles 0.655s
2025-05-14 09:49:19.261 70128 INFO tempest.lib.common.rest_client [req-a20c95be-b258-46a3-bdcb-69f8847db094 req-a20c95be-b258-46a3-bdcb-69f8847db094 ] Request (FlavorsAccessTestJSON:setUpClass): 200 GET http://10.180.1.21/identity/v3/roles 0.645s
2025-05-14 09:49:19.263 70124 INFO tempest.lib.common.rest_client [req-2c5d3b93-6336-4534-8c61-93ad785fe910 req-2c5d3b93-6336-4534-8c61-93ad785fe910 ] Request (ServerDiagnosticsTest:setUpClass): 200 GET http://10.180.1.21/identity/v3/roles 0.664s
2025-05-14 09:49:19.280 70138 INFO tempest.lib.common.rest_client [req-3819baa7-a97e-46df-84ec-941f3190d515 req-3819baa7-a97e-46df-84ec-941f3190d515 ] Request (HypervisorAdminV228Test:setUpClass): 200 GET http://10.180.1.21/identity/v3/roles 0.654s
2025-05-14 09:49:19.315 70084 INFO tempest.lib.common.rest_client [req-933110c8-dc0d-469d-b411-4e45003c32b8 req-933110c8-dc0d-469d-b411-4e45003c32b8 ] Request (FlavorsExtraSpecsNegativeTestJSON:setUpClass): 204 PUT http://10.180.1.21/identity/v3/projects/9be1cf127d734cdcbf3530adf0956d6c/users/935f1e5120a142c39084d48018a8ddd1/roles/a39c8938f9a84f969bd045d82a5baa4b 0.649s
2025-05-14 09:49:19.316 70084 INFO tempest.lib.common.dynamic_creds [-] Dynamic test user 935f1e5120a142c39084d48018a8ddd1 is created with scope project and roles: ['member']
2025-05-14 09:49:19.316 70084 INFO tempest.lib.common.dynamic_creds [-] Acquired dynamic creds: credentials: Credentials: {'domain_id': 'default', 'domain_name': 'Default', 'username': 'tempest-FlavorsExtraSpecsNegativeTestJSON-617879668-project-member', 'project_domain_id': 'default', 'project_domain_name': 'Default', 'project_id': '9be1cf127d734cdcbf3530adf0956d6c', 'project_name': 'tempest-FlavorsExtraSpecsNegativeTestJSON-617879668', 'tenant_id': '9be1cf127d734cdcbf3530adf0956d6c', 'tenant_name': 'tempest-FlavorsExtraSpecsNegativeTestJSON-617879668', 'user_domain_id': 'default', 'user_domain_name': 'Default', 'user_id': '935f1e5120a142c39084d48018a8ddd1', 'system': None}, Network: None, Subnet: None, Router: None
2025-05-14 09:49:19.316 70084 INFO tempest.lib.common.dynamic_creds [-] Created isolated network resources for: credentials: Credentials: {'domain_id': 'default', 'domain_name': 'Default', 'username': 'tempest-FlavorsExtraSpecsNegativeTestJSON-617879668-project-member', 'project_domain_id': 'default', 'project_domain_name': 'Default', 'project_id': '9be1cf127d734cdcbf3530adf0956d6c', 'project_name': 'tempest-FlavorsExtraSpecsNegativeTestJSON-617879668', 'tenant_id': '9be1cf127d734cdcbf3530adf0956d6c', 'tenant_name': 'tempest-FlavorsExtraSpecsNegativeTestJSON-617879668', 'user_domain_id': 'default', 'user_domain_name': 'Default', 'user_id': '935f1e5120a142c39084d48018a8ddd1', 'system': None}, Network: None, Subnet: None, Router: None
2025-05-14 09:49:19.371 70088 INFO tempest.lib.common.rest_client [req-ebbcbc48-4f20-42cf-bcdf-582884fa586c req-ebbcbc48-4f20-42cf-bcdf-582884fa586c ] Request (QuotaClassesAdmin257Test:setUpClass): 201 POST http://10.180.1.21/identity/v3/auth/tokens 0.623s
2025-05-14 09:49:19.384 70094 INFO tempest.lib.common.rest_client [req-14d9a89d-700c-4496-9a03-e666a4c85b05 req-14d9a89d-700c-4496-9a03-e666a4c85b05 ] Request (InstanceUsageAuditLogNegativeTestJSON:setUpClass): 201 POST http://10.180.1.21/identity/v3/projects 0.629s
2025-05-14 09:49:19.398 70118 INFO tempest.lib.common.rest_client [req-31b35dec-0b3b-4fdd-858b-777b206b9446 req-31b35dec-0b3b-4fdd-858b-777b206b9446 ] Request (FlavorsV255TestJSON:setUpClass): 204 PUT http://10.180.1.21/identity/v3/projects/88843eec14dc48e588c4c972e52c5c66/users/1443061377e04cd1b00fca56e9a4af2d/roles/a39c8938f9a84f969bd045d82a5baa4b 0.616s
2025-05-14 09:49:19.398 70118 INFO tempest.lib.common.dynamic_creds [-] Dynamic test user 1443061377e04cd1b00fca56e9a4af2d is created with scope project and roles: ['member']
2025-05-14 09:49:19.398 70118 INFO tempest.lib.common.dynamic_creds [-] Acquired dynamic creds: credentials: Credentials: {'domain_id': 'default', 'domain_name': 'Default', 'username': 'tempest-FlavorsV255TestJSON-916474336-project-member', 'project_domain_id': 'default', 'project_domain_name': 'Default', 'project_id': '88843eec14dc48e588c4c972e52c5c66', 'project_name': 'tempest-FlavorsV255TestJSON-916474336', 'tenant_id': '88843eec14dc48e588c4c972e52c5c66', 'tenant_name': 'tempest-FlavorsV255TestJSON-916474336', 'user_domain_id': 'default', 'user_domain_name': 'Default', 'user_id': '1443061377e04cd1b00fca56e9a4af2d', 'system': None}, Network: None, Subnet: None, Router: None
2025-05-14 09:49:19.399 70118 INFO tempest.lib.common.dynamic_creds [-] Created isolated network resources for: credentials: Credentials: {'domain_id': 'default', 'domain_name': 'Default', 'username': 'tempest-FlavorsV255TestJSON-916474336-project-member', 'project_domain_id': 'default', 'project_domain_name': 'Default', 'project_id': '88843eec14dc48e588c4c972e52c5c66', 'project_name': 'tempest-FlavorsV255TestJSON-916474336', 'tenant_id': '88843eec14dc48e588c4c972e52c5c66', 'tenant_name': 'tempest-FlavorsV255TestJSON-916474336', 'user_domain_id': 'default', 'user_domain_name': 'Default', 'user_id': '1443061377e04cd1b00fca56e9a4af2d', 'system': None}, Network: None, Subnet: None, Router: None
2025-05-14 09:49:19.453 70100 INFO tempest.lib.common.rest_client [req-a947e1da-db85-4b78-8d14-8ab50e96f118 req-a947e1da-db85-4b78-8d14-8ab50e96f118 ] Request (HypervisorAdminV253TestBase:setUpClass): 201 POST http://10.180.1.21/identity/v3/auth/tokens 0.613s
2025-05-14 09:49:19.506 70106 INFO tempest.lib.common.rest_client [req-32d10210-eb90-4392-a611-5cdb4fbc7340 req-32d10210-eb90-4392-a611-5cdb4fbc7340 ] Request (ListServersNegativeTestJSON:setUpClass): 201 POST http://10.180.1.21:9696/networking/v2.0/networks 0.861s
2025-05-14 09:49:19.531 70090 INFO tempest.lib.common.rest_client [req-d847bad1-2103-4473-8937-f20041edd11d req-d847bad1-2103-4473-8937-f20041edd11d ] Request (AZAdminV2TestJSON:tearDownClass): 204 DELETE http://10.180.1.21/identity/v3/projects/344362c74588467ea1623fea87c3e627 0.640s
2025-05-14 09:49:19.531 70090 INFO tempest.lib.common.dynamic_creds [-] Deleting project and security group for project: 69ca50bf1aac438982d75814ad314ec1
2025-05-14 09:49:19.537 70144 INFO tempest.lib.common.rest_client [req-c6307428-469b-4ad9-b2c8-f39781ebd7b1 req-c6307428-469b-4ad9-b2c8-f39781ebd7b1 ] Request (FlavorsAdminTestJSON:setUpClass): 201 POST http://10.180.1.21/identity/v3/auth/tokens 0.606s
2025-05-14 09:49:19.594 70096 INFO tempest.lib.common.rest_client [req-97ffa0f1-87bf-48be-a289-6b45fa073589 req-97ffa0f1-87bf-48be-a289-6b45fa073589 ] Request (ServerShowV257Test:setUpClass): 201 POST http://10.180.1.21/identity/v3/auth/tokens 0.658s
2025-05-14 09:49:19.613 70114 INFO tempest.lib.common.rest_client [req-ea2b0322-ef57-4b48-a54d-27025f984395 req-ea2b0322-ef57-4b48-a54d-27025f984395 ] Request (HypervisorAdminTestJSON:setUpClass): 204 PUT http://10.180.1.21/identity/v3/projects/267a61672418404c9f4e850381821b2c/users/96e75449731c4e4fb3f407daedf63700/roles/1468e096635d45839cca02ae8deb524c 0.673s
2025-05-14 09:49:19.638 70090 INFO tempest.lib.common.rest_client [req-604b48b2-b6cb-4b56-a562-0c129b605eb0 req-604b48b2-b6cb-4b56-a562-0c129b605eb0 ] Request (AZAdminV2TestJSON:tearDownClass): 200 GET http://10.180.1.21:9696/networking/v2.0/security-groups?tenant_id=69ca50bf1aac438982d75814ad314ec1&name=default 0.106s
2025-05-14 09:49:19.662 70106 INFO tempest.lib.common.rest_client [req-ffb1ac4a-0f3c-4df6-a59f-2fa78b21730b req-ffb1ac4a-0f3c-4df6-a59f-2fa78b21730b ] Request (ListServersNegativeTestJSON:setUpClass): 201 POST http://10.180.1.21:9696/networking/v2.0/subnets 0.155s
2025-05-14 09:49:19.662 70140 INFO tempest.lib.common.rest_client [req-4bf64ecb-d31e-4946-bc08-ba5fa7a96c94 req-4bf64ecb-d31e-4946-bc08-ba5fa7a96c94 ] Request (VolumesAssistedSnapshotsTest:setUpClass): 204 PUT http://10.180.1.21/identity/v3/projects/886a83f7984b457f99bc7a05dc932867/users/24cc53e243a84c6aab5ac7f57035024d/roles/a39c8938f9a84f969bd045d82a5baa4b 0.670s
2025-05-14 09:49:19.662 70140 INFO tempest.lib.common.dynamic_creds [-] Dynamic test user 24cc53e243a84c6aab5ac7f57035024d is created with scope project and roles: ['member']
2025-05-14 09:49:19.662 70140 INFO tempest.lib.common.dynamic_creds [-] Acquired dynamic creds: credentials: Credentials: {'domain_id': 'default', 'domain_name': 'Default', 'username': 'tempest-VolumesAssistedSnapshotsTest-1835171864-project-member', 'project_domain_id': 'default', 'project_domain_name': 'Default', 'project_id': '886a83f7984b457f99bc7a05dc932867', 'project_name': 'tempest-VolumesAssistedSnapshotsTest-1835171864', 'tenant_id': '886a83f7984b457f99bc7a05dc932867', 'tenant_name': 'tempest-VolumesAssistedSnapshotsTest-1835171864', 'user_domain_id': 'default', 'user_domain_name': 'Default', 'user_id': '24cc53e243a84c6aab5ac7f57035024d', 'system': None}, Network: None, Subnet: None, Router: None
2025-05-14 09:49:19.687 70092 INFO tempest.lib.common.rest_client [req-fd999f29-3ebd-4b67-a623-e6f6615f3dd6 req-fd999f29-3ebd-4b67-a623-e6f6615f3dd6 ] Request (AggregatesAdminNegativeTestJSON:setUpClass): 201 POST http://10.180.1.21/identity/v3/auth/tokens 0.691s
2025-05-14 09:49:19.748 70116 INFO tempest.lib.common.rest_client [req-537fc509-3356-4833-b838-0d84b93f958f req-537fc509-3356-4833-b838-0d84b93f958f ] Request (FlavorsV2NegativeTest:setUpClass): 204 PUT http://10.180.1.21/identity/v3/projects/3ed8aa604b724db28794acd32d7eecff/users/7a445fe2014a4a27af7db7d27263b546/roles/a39c8938f9a84f969bd045d82a5baa4b 0.731s
2025-05-14 09:49:19.748 70116 INFO tempest.lib.common.dynamic_creds [-] Dynamic test user 7a445fe2014a4a27af7db7d27263b546 is created with scope project and roles: ['member']
2025-05-14 09:49:19.748 70116 INFO tempest.lib.common.dynamic_creds [-] Acquired dynamic creds: credentials: Credentials: {'domain_id': 'default', 'domain_name': 'Default', 'username': 'tempest-FlavorsV2NegativeTest-1057066334-project-member', 'project_domain_id': 'default', 'project_domain_name': 'Default', 'project_id': '3ed8aa604b724db28794acd32d7eecff', 'project_name': 'tempest-FlavorsV2NegativeTest-1057066334', 'tenant_id': '3ed8aa604b724db28794acd32d7eecff', 'tenant_name': 'tempest-FlavorsV2NegativeTest-1057066334', 'user_domain_id': 'default', 'user_domain_name': 'Default', 'user_id': '7a445fe2014a4a27af7db7d27263b546', 'system': None}, Network: None, Subnet: None, Router: None
2025-05-14 09:49:19.748 70116 INFO tempest.lib.common.dynamic_creds [-] Created isolated network resources for: credentials: Credentials: {'domain_id': 'default', 'domain_name': 'Default', 'username': 'tempest-FlavorsV2NegativeTest-1057066334-project-member', 'project_domain_id': 'default', 'project_domain_name': 'Default', 'project_id': '3ed8aa604b724db28794acd32d7eecff', 'project_name': 'tempest-FlavorsV2NegativeTest-1057066334', 'tenant_id': '3ed8aa604b724db28794acd32d7eecff', 'tenant_name': 'tempest-FlavorsV2NegativeTest-1057066334', 'user_domain_id': 'default', 'user_domain_name': 'Default', 'user_id': '7a445fe2014a4a27af7db7d27263b546', 'system': None}, Network: None, Subnet: None, Router: None
2025-05-14 09:49:19.764 70090 INFO tempest.lib.common.rest_client [req-d9638592-9bd8-4c85-a653-057a778a6c8d req-d9638592-9bd8-4c85-a653-057a778a6c8d ] Request (AZAdminV2TestJSON:tearDownClass): 204 DELETE http://10.180.1.21:9696/networking/v2.0/security-groups/edecaed5-faa0-4a51-b621-d4e00e2ccfdd 0.125s
2025-05-14 09:49:19.801 70134 INFO tempest.lib.common.rest_client [req-0a9d6425-cedb-4b07-8e81-0e727b6785f3 req-0a9d6425-cedb-4b07-8e81-0e727b6785f3 ] Request (FlavorsV261TestJSON:setUpClass): 204 PUT http://10.180.1.21/identity/v3/projects/9e1b3a09bc734efbb1442443fe7ab542/users/1b637c48dc7d469a8392f3de900aa612/roles/a39c8938f9a84f969bd045d82a5baa4b 0.778s
2025-05-14 09:49:19.801 70134 INFO tempest.lib.common.dynamic_creds [-] Dynamic test user 1b637c48dc7d469a8392f3de900aa612 is created with scope project and roles: ['member']
2025-05-14 09:49:19.801 70134 INFO tempest.lib.common.dynamic_creds [-] Acquired dynamic creds: credentials: Credentials: {'domain_id': 'default', 'domain_name': 'Default', 'username': 'tempest-FlavorsV261TestJSON-1913225055-project-member', 'project_domain_id': 'default', 'project_domain_name': 'Default', 'project_id': '9e1b3a09bc734efbb1442443fe7ab542', 'project_name': 'tempest-FlavorsV261TestJSON-1913225055', 'tenant_id': '9e1b3a09bc734efbb1442443fe7ab542', 'tenant_name': 'tempest-FlavorsV261TestJSON-1913225055', 'user_domain_id': 'default', 'user_domain_name': 'Default', 'user_id': '1b637c48dc7d469a8392f3de900aa612', 'system': None}, Network: None, Subnet: None, Router: None
2025-05-14 09:49:19.801 70134 INFO tempest.lib.common.dynamic_creds [-] Created isolated network resources for: credentials: Credentials: {'domain_id': 'default', 'domain_name': 'Default', 'username': 'tempest-FlavorsV261TestJSON-1913225055-project-member', 'project_domain_id': 'default', 'project_domain_name': 'Default', 'project_id': '9e1b3a09bc734efbb1442443fe7ab542', 'project_name': 'tempest-FlavorsV261TestJSON-1913225055', 'tenant_id': '9e1b3a09bc734efbb1442443fe7ab542', 'tenant_name': 'tempest-FlavorsV261TestJSON-1913225055', 'user_domain_id': 'default', 'user_domain_name': 'Default', 'user_id': '1b637c48dc7d469a8392f3de900aa612', 'system': None}, Network: None, Subnet: None, Router: None
2025-05-14 09:49:19.824 70146 INFO tempest.lib.common.rest_client [req-2703bce0-b4d0-4d2a-a540-1bbedfb4fabf req-2703bce0-b4d0-4d2a-a540-1bbedfb4fabf ] Request (QuotasSecurityGroupAdminNegativeTest:setUpClass): 201 POST http://10.180.1.21/identity/v3/auth/tokens 0.783s
2025-05-14 09:49:19.824 70146 WARNING tempest.lib.common.rest_client [-] Deprecated: "tenant_id" property is deprecated for removal, use "project_id" instead
2025-05-14 09:49:19.872 70102 INFO tempest.lib.common.rest_client [req-ab9f25e3-2f58-4e9e-979b-5c227275ae1f req-ab9f25e3-2f58-4e9e-979b-5c227275ae1f ] Request (QuotasAdminTestJSON:setUpClass): 204 PUT http://10.180.1.21/identity/v3/projects/2ba8b187a2024a29991c8963893d1254/users/1fe8aa1c0be3450e8f0724595e2e030a/roles/a39c8938f9a84f969bd045d82a5baa4b 0.825s
2025-05-14 09:49:19.872 70102 INFO tempest.lib.common.dynamic_creds [-] Dynamic test user 1fe8aa1c0be3450e8f0724595e2e030a is created with scope project and roles: ['member']
2025-05-14 09:49:19.873 70102 INFO tempest.lib.common.dynamic_creds [-] Acquired dynamic creds: credentials: Credentials: {'domain_id': 'default', 'domain_name': 'Default', 'username': 'tempest-QuotasAdminTestJSON-1533670745-project-member', 'project_domain_id': 'default', 'project_domain_name': 'Default', 'project_id': '2ba8b187a2024a29991c8963893d1254', 'project_name': 'tempest-QuotasAdminTestJSON-1533670745', 'tenant_id': '2ba8b187a2024a29991c8963893d1254', 'tenant_name': 'tempest-QuotasAdminTestJSON-1533670745', 'user_domain_id': 'default', 'user_domain_name': 'Default', 'user_id': '1fe8aa1c0be3450e8f0724595e2e030a', 'system': None}, Network: None, Subnet: None, Router: None
2025-05-14 09:49:19.873 70102 INFO tempest.lib.common.dynamic_creds [-] Created isolated network resources for: credentials: Credentials: {'domain_id': 'default', 'domain_name': 'Default', 'username': 'tempest-QuotasAdminTestJSON-1533670745-project-member', 'project_domain_id': 'default', 'project_domain_name': 'Default', 'project_id': '2ba8b187a2024a29991c8963893d1254', 'project_name': 'tempest-QuotasAdminTestJSON-1533670745', 'tenant_id': '2ba8b187a2024a29991c8963893d1254', 'tenant_name': 'tempest-QuotasAdminTestJSON-1533670745', 'user_domain_id': 'default', 'user_domain_name': 'Default', 'user_id': '1fe8aa1c0be3450e8f0724595e2e030a', 'system': None}, Network: None, Subnet: None, Router: None
2025-05-14 09:49:19.892 70126 INFO tempest.lib.common.rest_client [req-989518be-a958-4042-9cca-488f7a26a2a1 req-989518be-a958-4042-9cca-488f7a26a2a1 ] Request (ServersTestBootFromVolume:setUpClass): 201 POST http://10.180.1.21/identity/v3/auth/tokens 0.831s
2025-05-14 09:49:19.926 70108 INFO tempest.lib.common.rest_client [req-c8c085c4-bb14-42d1-a601-7857a842a33c req-c8c085c4-bb14-42d1-a601-7857a842a33c ] Request (ServersWithSpecificFlavorTestJSON:setUpClass): 201 POST http://10.180.1.21:9696/networking/v2.0/networks 0.928s
2025-05-14 09:49:19.935 70086 INFO tempest.lib.common.rest_client [req-046a73cc-515d-4b81-9cfc-c06c7407db6f req-046a73cc-515d-4b81-9cfc-c06c7407db6f ] Request (FlavorMetadataValidation:setUpClass): 204 PUT http://10.180.1.21/identity/v3/projects/bbf8851c892f4ae6bbc2dc3ca5206452/users/49296b03949e4b7faebeb26a78835f88/roles/a39c8938f9a84f969bd045d82a5baa4b 0.851s
2025-05-14 09:49:19.935 70086 INFO tempest.lib.common.dynamic_creds [-] Dynamic test user 49296b03949e4b7faebeb26a78835f88 is created with scope project and roles: ['member']
2025-05-14 09:49:19.936 70086 INFO tempest.lib.common.dynamic_creds [-] Acquired dynamic creds: credentials: Credentials: {'domain_id': 'default', 'domain_name': 'Default', 'username': 'tempest-FlavorMetadataValidation-443415234-project-member', 'project_domain_id': 'default', 'project_domain_name': 'Default', 'project_id': 'bbf8851c892f4ae6bbc2dc3ca5206452', 'project_name': 'tempest-FlavorMetadataValidation-443415234', 'tenant_id': 'bbf8851c892f4ae6bbc2dc3ca5206452', 'tenant_name': 'tempest-FlavorMetadataValidation-443415234', 'user_domain_id': 'default', 'user_domain_name': 'Default', 'user_id': '49296b03949e4b7faebeb26a78835f88', 'system': None}, Network: None, Subnet: None, Router: None
2025-05-14 09:49:19.936 70086 INFO tempest.lib.common.dynamic_creds [-] Created isolated network resources for: credentials: Credentials: {'domain_id': 'default', 'domain_name': 'Default', 'username': 'tempest-FlavorMetadataValidation-443415234-project-member', 'project_domain_id': 'default', 'project_domain_name': 'Default', 'project_id': 'bbf8851c892f4ae6bbc2dc3ca5206452', 'project_name': 'tempest-FlavorMetadataValidation-443415234', 'tenant_id': 'bbf8851c892f4ae6bbc2dc3ca5206452', 'tenant_name': 'tempest-FlavorMetadataValidation-443415234', 'user_domain_id': 'default', 'user_domain_name': 'Default', 'user_id': '49296b03949e4b7faebeb26a78835f88', 'system': None}, Network: None, Subnet: None, Router: None
2025-05-14 09:49:19.953 70130 INFO tempest.lib.common.rest_client [req-5d8077da-1d18-4fda-9981-3bced5850c93 req-5d8077da-1d18-4fda-9981-3bced5850c93 ] Request (QuotasAdminNegativeTest:setUpClass): 201 POST http://10.180.1.21/identity/v3/projects 0.850s
2025-05-14 09:49:20.020 70098 INFO tempest.lib.common.rest_client [req-f7e1f75d-895b-4712-ad1c-ef272e6943e8 req-f7e1f75d-895b-4712-ad1c-ef272e6943e8 ] Request (FlavorsExtraSpecsTestJSON:tearDownClass): 201 POST http://10.180.1.21/identity/v3/auth/tokens 0.845s
2025-05-14 09:49:20.032 70122 INFO tempest.lib.common.rest_client [req-b586d382-5df3-4e7e-a7c2-10033bece27b req-b586d382-5df3-4e7e-a7c2-10033bece27b ] Request (HostsAdminTestJSON:setUpClass): 204 PUT http://10.180.1.21/identity/v3/projects/515fb9ea7f3e4be7b525398c6089fe70/users/fc2828a6bb134e6c8910ad7c846d7bb0/roles/a39c8938f9a84f969bd045d82a5baa4b 0.927s
2025-05-14 09:49:20.032 70122 INFO tempest.lib.common.dynamic_creds [-] Dynamic test user fc2828a6bb134e6c8910ad7c846d7bb0 is created with scope project and roles: ['member']
2025-05-14 09:49:20.032 70122 INFO tempest.lib.common.dynamic_creds [-] Acquired dynamic creds: credentials: Credentials: {'domain_id': 'default', 'domain_name': 'Default', 'username': 'tempest-HostsAdminTestJSON-968894859-project-member', 'project_domain_id': 'default', 'project_domain_name': 'Default', 'project_id': '515fb9ea7f3e4be7b525398c6089fe70', 'project_name': 'tempest-HostsAdminTestJSON-968894859', 'tenant_id': '515fb9ea7f3e4be7b525398c6089fe70', 'tenant_name': 'tempest-HostsAdminTestJSON-968894859', 'user_domain_id': 'default', 'user_domain_name': 'Default', 'user_id': 'fc2828a6bb134e6c8910ad7c846d7bb0', 'system': None}, Network: None, Subnet: None, Router: None
2025-05-14 09:49:20.032 70122 INFO tempest.lib.common.dynamic_creds [-] Created isolated network resources for: credentials: Credentials: {'domain_id': 'default', 'domain_name': 'Default', 'username': 'tempest-HostsAdminTestJSON-968894859-project-member', 'project_domain_id': 'default', 'project_domain_name': 'Default', 'project_id': '515fb9ea7f3e4be7b525398c6089fe70', 'project_name': 'tempest-HostsAdminTestJSON-968894859', 'tenant_id': '515fb9ea7f3e4be7b525398c6089fe70', 'tenant_name': 'tempest-HostsAdminTestJSON-968894859', 'user_domain_id': 'default', 'user_domain_name': 'Default', 'user_id': 'fc2828a6bb134e6c8910ad7c846d7bb0', 'system': None}, Network: None, Subnet: None, Router: None
2025-05-14 09:49:20.071 70108 INFO tempest.lib.common.rest_client [req-e128fa49-92a5-4742-9781-2228eda81503 req-e128fa49-92a5-4742-9781-2228eda81503 ] Request (ServersWithSpecificFlavorTestJSON:setUpClass): 201 POST http://10.180.1.21:9696/networking/v2.0/subnets 0.144s
2025-05-14 09:49:20.081 70132 INFO tempest.lib.common.rest_client [req-ac2ecccb-2bcb-48f3-92ae-19055b1b5bfe req-ac2ecccb-2bcb-48f3-92ae-19055b1b5bfe ] Request (ServersAdminNegativeTestJSON:setUpClass): 201 POST http://10.180.1.21/identity/v3/auth/tokens 0.905s
2025-05-14 09:49:20.100 70142 INFO tempest.lib.common.rest_client [req-bf333134-760d-4798-8ab7-68263aaf4325 req-bf333134-760d-4798-8ab7-68263aaf4325 ] Request (FlavorsAccessNegativeTestJSON:setUpClass): 204 PUT http://10.180.1.21/identity/v3/projects/0f5508605c0142128b52e335ca3b2a1c/users/bbab31a74915448ca9df56f64012278e/roles/a39c8938f9a84f969bd045d82a5baa4b 0.900s
2025-05-14 09:49:20.100 70110 INFO tempest.lib.common.rest_client [req-7bd9b442-0bac-4ce1-8f26-f780984e69de req-7bd9b442-0bac-4ce1-8f26-f780984e69de ] Request (DeleteServersAdminTestJSON:setUpClass): 204 PUT http://10.180.1.21/identity/v3/projects/e6d8146a04924037822f103d452c2488/users/19d556de79f447b39a6f5c2cab3da112/roles/1468e096635d45839cca02ae8deb524c 0.880s
2025-05-14 09:49:20.100 70142 INFO tempest.lib.common.dynamic_creds [-] Dynamic test user bbab31a74915448ca9df56f64012278e is created with scope project and roles: ['member']
2025-05-14 09:49:20.101 70110 INFO tempest.lib.common.dynamic_creds [-] Dynamic test user 19d556de79f447b39a6f5c2cab3da112 is created with scope project and roles: ['admin']
2025-05-14 09:49:20.101 70142 INFO tempest.lib.common.dynamic_creds [-] Acquired dynamic creds: credentials: Credentials: {'domain_id': 'default', 'domain_name': 'Default', 'username': 'tempest-FlavorsAccessNegativeTestJSON-1812368121-project-member', 'project_domain_id': 'default', 'project_domain_name': 'Default', 'project_id': '0f5508605c0142128b52e335ca3b2a1c', 'project_name': 'tempest-FlavorsAccessNegativeTestJSON-1812368121', 'tenant_id': '0f5508605c0142128b52e335ca3b2a1c', 'tenant_name': 'tempest-FlavorsAccessNegativeTestJSON-1812368121', 'user_domain_id': 'default', 'user_domain_name': 'Default', 'user_id': 'bbab31a74915448ca9df56f64012278e', 'system': None}, Network: None, Subnet: None, Router: None
2025-05-14 09:49:20.101 70142 INFO tempest.lib.common.dynamic_creds [-] Created isolated network resources for: credentials: Credentials: {'domain_id': 'default', 'domain_name': 'Default', 'username': 'tempest-FlavorsAccessNegativeTestJSON-1812368121-project-member', 'project_domain_id': 'default', 'project_domain_name': 'Default', 'project_id': '0f5508605c0142128b52e335ca3b2a1c', 'project_name': 'tempest-FlavorsAccessNegativeTestJSON-1812368121', 'tenant_id': '0f5508605c0142128b52e335ca3b2a1c', 'tenant_name': 'tempest-FlavorsAccessNegativeTestJSON-1812368121', 'user_domain_id': 'default', 'user_domain_name': 'Default', 'user_id': 'bbab31a74915448ca9df56f64012278e', 'system': None}, Network: None, Subnet: None, Router: None
2025-05-14 09:49:20.101 70110 INFO tempest.lib.common.dynamic_creds [-] Acquired dynamic creds: credentials: Credentials: {'domain_id': 'default', 'domain_name': 'Default', 'username': 'tempest-DeleteServersAdminTestJSON-1382526631-project-admin', 'project_domain_id': 'default', 'project_domain_name': 'Default', 'project_id': 'e6d8146a04924037822f103d452c2488', 'project_name': 'tempest-DeleteServersAdminTestJSON-1382526631', 'tenant_id': 'e6d8146a04924037822f103d452c2488', 'tenant_name': 'tempest-DeleteServersAdminTestJSON-1382526631', 'user_domain_id': 'default', 'user_domain_name': 'Default', 'user_id': '19d556de79f447b39a6f5c2cab3da112', 'system': None}, Network: None, Subnet: None, Router: None
2025-05-14 09:49:20.101 70110 INFO tempest.lib.common.dynamic_creds [-] Created isolated network resources for: credentials: Credentials: {'domain_id': 'default', 'domain_name': 'Default', 'username': 'tempest-DeleteServersAdminTestJSON-1382526631-project-admin', 'project_domain_id': 'default', 'project_domain_name': 'Default', 'project_id': 'e6d8146a04924037822f103d452c2488', 'project_name': 'tempest-DeleteServersAdminTestJSON-1382526631', 'tenant_id': 'e6d8146a04924037822f103d452c2488', 'tenant_name': 'tempest-DeleteServersAdminTestJSON-1382526631', 'user_domain_id': 'default', 'user_domain_name': 'Default', 'user_id': '19d556de79f447b39a6f5c2cab3da112', 'system': None}, Network: None, Subnet: None, Router: None
2025-05-14 09:49:20.158 70104 INFO tempest.lib.common.rest_client [req-29e7fd10-d7a6-45cc-8e70-9123814df8eb req-29e7fd10-d7a6-45cc-8e70-9123814df8eb ] Request (AZAdminNegativeTestJSON:setUpClass): 204 PUT http://10.180.1.21/identity/v3/projects/2ddd914e4c1042839d6533321c5da864/users/84d28fa8efce4e5ab209babdc6fe9a7e/roles/a39c8938f9a84f969bd045d82a5baa4b 0.934s
2025-05-14 09:49:20.158 70104 INFO tempest.lib.common.dynamic_creds [-] Dynamic test user 84d28fa8efce4e5ab209babdc6fe9a7e is created with scope project and roles: ['member']
2025-05-14 09:49:20.158 70104 INFO tempest.lib.common.dynamic_creds [-] Acquired dynamic creds: credentials: Credentials: {'domain_id': 'default', 'domain_name': 'Default', 'username': 'tempest-AZAdminNegativeTestJSON-1573870029-project-member', 'project_domain_id': 'default', 'project_domain_name': 'Default', 'project_id': '2ddd914e4c1042839d6533321c5da864', 'project_name': 'tempest-AZAdminNegativeTestJSON-1573870029', 'tenant_id': '2ddd914e4c1042839d6533321c5da864', 'tenant_name': 'tempest-AZAdminNegativeTestJSON-1573870029', 'user_domain_id': 'default', 'user_domain_name': 'Default', 'user_id': '84d28fa8efce4e5ab209babdc6fe9a7e', 'system': None}, Network: None, Subnet: None, Router: None
2025-05-14 09:49:20.158 70104 INFO tempest.lib.common.dynamic_creds [-] Created isolated network resources for: credentials: Credentials: {'domain_id': 'default', 'domain_name': 'Default', 'username': 'tempest-AZAdminNegativeTestJSON-1573870029-project-member', 'project_domain_id': 'default', 'project_domain_name': 'Default', 'project_id': '2ddd914e4c1042839d6533321c5da864', 'project_name': 'tempest-AZAdminNegativeTestJSON-1573870029', 'tenant_id': '2ddd914e4c1042839d6533321c5da864', 'tenant_name': 'tempest-AZAdminNegativeTestJSON-1573870029', 'user_domain_id': 'default', 'user_domain_name': 'Default', 'user_id': '84d28fa8efce4e5ab209babdc6fe9a7e', 'system': None}, Network: None, Subnet: None, Router: None
2025-05-14 09:49:20.168 70120 INFO tempest.lib.common.rest_client [req-f3d554c1-35e8-46a5-b82a-7ff6ebb0af62 req-f3d554c1-35e8-46a5-b82a-7ff6ebb0af62 ] Request (KeyPairsV210TestJSON:setUpClass): 204 PUT http://10.180.1.21/identity/v3/projects/b0c8e276491a4d16b02cb5970ffbaaa7/users/27965e8eccd54af1a08ae56456385816/roles/a39c8938f9a84f969bd045d82a5baa4b 0.926s
2025-05-14 09:49:20.168 70120 INFO tempest.lib.common.dynamic_creds [-] Dynamic test user 27965e8eccd54af1a08ae56456385816 is created with scope project and roles: ['member']
2025-05-14 09:49:20.168 70120 INFO tempest.lib.common.dynamic_creds [-] Acquired dynamic creds: credentials: Credentials: {'domain_id': 'default', 'domain_name': 'Default', 'username': 'tempest-KeyPairsV210TestJSON-1485540700-project-member', 'project_domain_id': 'default', 'project_domain_name': 'Default', 'project_id': 'b0c8e276491a4d16b02cb5970ffbaaa7', 'project_name': 'tempest-KeyPairsV210TestJSON-1485540700', 'tenant_id': 'b0c8e276491a4d16b02cb5970ffbaaa7', 'tenant_name': 'tempest-KeyPairsV210TestJSON-1485540700', 'user_domain_id': 'default', 'user_domain_name': 'Default', 'user_id': '27965e8eccd54af1a08ae56456385816', 'system': None}, Network: None, Subnet: None, Router: None
2025-05-14 09:49:20.168 70120 INFO tempest.lib.common.dynamic_creds [-] Created isolated network resources for: credentials: Credentials: {'domain_id': 'default', 'domain_name': 'Default', 'username': 'tempest-KeyPairsV210TestJSON-1485540700-project-member', 'project_domain_id': 'default', 'project_domain_name': 'Default', 'project_id': 'b0c8e276491a4d16b02cb5970ffbaaa7', 'project_name': 'tempest-KeyPairsV210TestJSON-1485540700', 'tenant_id': 'b0c8e276491a4d16b02cb5970ffbaaa7', 'tenant_name': 'tempest-KeyPairsV210TestJSON-1485540700', 'user_domain_id': 'default', 'user_domain_name': 'Default', 'user_id': '27965e8eccd54af1a08ae56456385816', 'system': None}, Network: None, Subnet: None, Router: None
2025-05-14 09:49:20.223 70128 INFO tempest.lib.common.rest_client [req-44d69a31-c49d-4a03-9e23-7c8826ade8fe req-44d69a31-c49d-4a03-9e23-7c8826ade8fe ] Request (FlavorsAccessTestJSON:setUpClass): 204 PUT http://10.180.1.21/identity/v3/projects/829b0bf9e56743408daba9f26f4cbfd1/users/bce24245dca74e28af48f5f5ecd0588b/roles/a39c8938f9a84f969bd045d82a5baa4b 0.962s
2025-05-14 09:49:20.223 70128 INFO tempest.lib.common.dynamic_creds [-] Dynamic test user bce24245dca74e28af48f5f5ecd0588b is created with scope project and roles: ['member']
2025-05-14 09:49:20.223 70128 INFO tempest.lib.common.dynamic_creds [-] Acquired dynamic creds: credentials: Credentials: {'domain_id': 'default', 'domain_name': 'Default', 'username': 'tempest-FlavorsAccessTestJSON-1337122481-project-member', 'project_domain_id': 'default', 'project_domain_name': 'Default', 'project_id': '829b0bf9e56743408daba9f26f4cbfd1', 'project_name': 'tempest-FlavorsAccessTestJSON-1337122481', 'tenant_id': '829b0bf9e56743408daba9f26f4cbfd1', 'tenant_name': 'tempest-FlavorsAccessTestJSON-1337122481', 'user_domain_id': 'default', 'user_domain_name': 'Default', 'user_id': 'bce24245dca74e28af48f5f5ecd0588b', 'system': None}, Network: None, Subnet: None, Router: None
2025-05-14 09:49:20.224 70128 INFO tempest.lib.common.dynamic_creds [-] Created isolated network resources for: credentials: Credentials: {'domain_id': 'default', 'domain_name': 'Default', 'username': 'tempest-FlavorsAccessTestJSON-1337122481-project-member', 'project_domain_id': 'default', 'project_domain_name': 'Default', 'project_id': '829b0bf9e56743408daba9f26f4cbfd1', 'project_name': 'tempest-FlavorsAccessTestJSON-1337122481', 'tenant_id': '829b0bf9e56743408daba9f26f4cbfd1', 'tenant_name': 'tempest-FlavorsAccessTestJSON-1337122481', 'user_domain_id': 'default', 'user_domain_name': 'Default', 'user_id': 'bce24245dca74e28af48f5f5ecd0588b', 'system': None}, Network: None, Subnet: None, Router: None
2025-05-14 09:49:20.273 70124 INFO tempest.lib.common.rest_client [req-cd6ee956-9807-4057-9bf0-b5b048a90c37 req-cd6ee956-9807-4057-9bf0-b5b048a90c37 ] Request (ServerDiagnosticsTest:setUpClass): 204 PUT http://10.180.1.21/identity/v3/projects/b31d0165a71745128f53e226627230d9/users/88fe83f144ab4d14b661744c82d0951d/roles/a39c8938f9a84f969bd045d82a5baa4b 1.009s
2025-05-14 09:49:20.273 70124 INFO tempest.lib.common.dynamic_creds [-] Dynamic test user 88fe83f144ab4d14b661744c82d0951d is created with scope project and roles: ['member']
2025-05-14 09:49:20.274 70124 INFO tempest.lib.common.dynamic_creds [-] Acquired dynamic creds: credentials: Credentials: {'domain_id': 'default', 'domain_name': 'Default', 'username': 'tempest-ServerDiagnosticsTest-1997495512-project-member', 'project_domain_id': 'default', 'project_domain_name': 'Default', 'project_id': 'b31d0165a71745128f53e226627230d9', 'project_name': 'tempest-ServerDiagnosticsTest-1997495512', 'tenant_id': 'b31d0165a71745128f53e226627230d9', 'tenant_name': 'tempest-ServerDiagnosticsTest-1997495512', 'user_domain_id': 'default', 'user_domain_name': 'Default', 'user_id': '88fe83f144ab4d14b661744c82d0951d', 'system': None}, Network: None, Subnet: None, Router: None
2025-05-14 09:49:20.274 70124 INFO tempest.lib.common.dynamic_creds [-] Created isolated network resources for: credentials: Credentials: {'domain_id': 'default', 'domain_name': 'Default', 'username': 'tempest-ServerDiagnosticsTest-1997495512-project-member', 'project_domain_id': 'default', 'project_domain_name': 'Default', 'project_id': 'b31d0165a71745128f53e226627230d9', 'project_name': 'tempest-ServerDiagnosticsTest-1997495512', 'tenant_id': 'b31d0165a71745128f53e226627230d9', 'tenant_name': 'tempest-ServerDiagnosticsTest-1997495512', 'user_domain_id': 'default', 'user_domain_name': 'Default', 'user_id': '88fe83f144ab4d14b661744c82d0951d', 'system': None}, Network: None, Subnet: None, Router: None
2025-05-14 09:49:20.284 70138 INFO tempest.lib.common.rest_client [req-e014bd8a-c97b-4ef5-a20b-98c84c666f50 req-e014bd8a-c97b-4ef5-a20b-98c84c666f50 ] Request (HypervisorAdminV228Test:setUpClass): 204 PUT http://10.180.1.21/identity/v3/projects/cc9255c8557146278e9c85ac0441d225/users/901a0e85f97742a2a4db04a5bb162953/roles/a39c8938f9a84f969bd045d82a5baa4b 1.003s
2025-05-14 09:49:20.284 70138 INFO tempest.lib.common.dynamic_creds [-] Dynamic test user 901a0e85f97742a2a4db04a5bb162953 is created with scope project and roles: ['member']
2025-05-14 09:49:20.284 70138 INFO tempest.lib.common.dynamic_creds [-] Acquired dynamic creds: credentials: Credentials: {'domain_id': 'default', 'domain_name': 'Default', 'username': 'tempest-HypervisorAdminV228Test-1084707507-project-member', 'project_domain_id': 'default', 'project_domain_name': 'Default', 'project_id': 'cc9255c8557146278e9c85ac0441d225', 'project_name': 'tempest-HypervisorAdminV228Test-1084707507', 'tenant_id': 'cc9255c8557146278e9c85ac0441d225', 'tenant_name': 'tempest-HypervisorAdminV228Test-1084707507', 'user_domain_id': 'default', 'user_domain_name': 'Default', 'user_id': '901a0e85f97742a2a4db04a5bb162953', 'system': None}, Network: None, Subnet: None, Router: None
2025-05-14 09:49:20.284 70138 INFO tempest.lib.common.dynamic_creds [-] Created isolated network resources for: credentials: Credentials: {'domain_id': 'default', 'domain_name': 'Default', 'username': 'tempest-HypervisorAdminV228Test-1084707507-project-member', 'project_domain_id': 'default', 'project_domain_name': 'Default', 'project_id': 'cc9255c8557146278e9c85ac0441d225', 'project_name': 'tempest-HypervisorAdminV228Test-1084707507', 'tenant_id': 'cc9255c8557146278e9c85ac0441d225', 'tenant_name': 'tempest-HypervisorAdminV228Test-1084707507', 'user_domain_id': 'default', 'user_domain_name': 'Default', 'user_id': '901a0e85f97742a2a4db04a5bb162953', 'system': None}, Network: None, Subnet: None, Router: None
2025-05-14 09:49:20.337 70084 INFO tempest.lib.common.rest_client [req-1eab4efc-5f8d-4d4f-b79c-b11dd621af90 req-1eab4efc-5f8d-4d4f-b79c-b11dd621af90 ] Request (FlavorsExtraSpecsNegativeTestJSON:setUpClass): 201 POST http://10.180.1.21/identity/v3/auth/tokens 0.969s
2025-05-14 09:49:20.343 70088 INFO tempest.lib.common.rest_client [req-b13deca8-a820-436c-8b44-ebe632b6a69f req-b13deca8-a820-436c-8b44-ebe632b6a69f ] Request (QuotaClassesAdmin257Test:setUpClass): 201 POST http://10.180.1.21/identity/v3/projects 0.971s
2025-05-14 09:49:20.393 70094 INFO tempest.lib.common.rest_client [req-7b55affc-ceb7-49c4-9338-f4225eba0633 req-7b55affc-ceb7-49c4-9338-f4225eba0633 ] Request (InstanceUsageAuditLogNegativeTestJSON:setUpClass): 201 POST http://10.180.1.21/identity/v3/users 1.008s
2025-05-14 09:49:20.398 70118 INFO tempest.lib.common.rest_client [req-d76bf04f-b0f5-4acd-ae7f-1ca92a05a21e req-d76bf04f-b0f5-4acd-ae7f-1ca92a05a21e ] Request (FlavorsV255TestJSON:setUpClass): 201 POST http://10.180.1.21/identity/v3/auth/tokens 0.948s
2025-05-14 09:49:20.420 70100 INFO tempest.lib.common.rest_client [req-398c1188-4e8a-4f23-bd43-b6c22c4dca04 req-398c1188-4e8a-4f23-bd43-b6c22c4dca04 ] Request (HypervisorAdminV253TestBase:setUpClass): 201 POST http://10.180.1.21/identity/v3/projects 0.967s
2025-05-14 09:49:20.480 70144 INFO tempest.lib.common.rest_client [req-c2656403-708b-4ce3-9ea6-a3d74443396b req-c2656403-708b-4ce3-9ea6-a3d74443396b ] Request (FlavorsAdminTestJSON:setUpClass): 201 POST http://10.180.1.21/identity/v3/projects 0.942s
2025-05-14 09:49:20.508 70096 INFO tempest.lib.common.rest_client [req-5286b76a-214d-4c42-a1af-2a3f2c9dac69 req-5286b76a-214d-4c42-a1af-2a3f2c9dac69 ] Request (ServerShowV257Test:test_rebuild_server): 201 POST http://10.180.1.21/identity/v3/auth/tokens 0.909s
2025-05-14 09:49:20.509 70096 INFO tempest.lib.common.fixed_network [-] (ServerShowV257Test:test_rebuild_server) Found network None available for tenant
2025-05-14 09:49:20.528 70114 INFO tempest.lib.common.rest_client [req-7e158ed7-38fb-4bfd-971f-473d33c90f66 req-7e158ed7-38fb-4bfd-971f-473d33c90f66 ] Request (HypervisorAdminTestJSON:setUpClass): 200 GET http://10.180.1.21/identity/v3/roles 0.914s
2025-05-14 09:49:20.534 70140 INFO tempest.lib.common.rest_client [req-2f2c254c-a250-42dc-b088-0982d5fbb6aa req-2f2c254c-a250-42dc-b088-0982d5fbb6aa ] Request (VolumesAssistedSnapshotsTest:setUpClass): 201 POST http://10.180.1.21/identity/v3/auth/tokens 0.871s
2025-05-14 09:49:20.563 70092 INFO tempest.lib.common.rest_client [req-2bd73d4a-d48b-4471-8f58-1391250abae4 req-2bd73d4a-d48b-4471-8f58-1391250abae4 ] Request (AggregatesAdminNegativeTestJSON:setUpClass): 201 POST http://10.180.1.21/identity/v3/projects 0.875s
2025-05-14 09:49:20.604 70090 INFO tempest.lib.common.rest_client [req-bbcf3a7c-de57-4343-b0ff-b0bd5aeaf8d6 req-bbcf3a7c-de57-4343-b0ff-b0bd5aeaf8d6 ] Request (AZAdminV2TestJSON:tearDownClass): 204 DELETE http://10.180.1.21/identity/v3/projects/69ca50bf1aac438982d75814ad314ec1 0.840s
2025-05-14 09:49:20.605 70090 INFO tempest.test [-] raised in LiveMigrationNegativeTest.setUpClass. Invoking tearDownClass.
2025-05-14 09:49:20.626 70116 INFO tempest.lib.common.rest_client [req-88d8393d-11b9-4c12-b4c3-914507237018 req-88d8393d-11b9-4c12-b4c3-914507237018 ] Request (FlavorsV2NegativeTest:setUpClass): 201 POST http://10.180.1.21/identity/v3/auth/tokens 0.821s
2025-05-14 09:49:20.683 70134 INFO tempest.lib.common.rest_client [req-04fc0860-87c6-424a-85fa-8a5958fa44b3 req-04fc0860-87c6-424a-85fa-8a5958fa44b3 ] Request (FlavorsV261TestJSON:setUpClass): 201 POST http://10.180.1.21/identity/v3/auth/tokens 0.824s
2025-05-14 09:49:20.687 70146 INFO tempest.lib.common.rest_client [req-0742646e-8446-4c80-8d5f-c4e71f3f88cf req-0742646e-8446-4c80-8d5f-c4e71f3f88cf ] Request (QuotasSecurityGroupAdminNegativeTest:tearDownClass): 204 DELETE http://10.180.1.21/identity/v3/users/df2a4450e9964e83a304331af407263a 0.852s
2025-05-14 09:49:20.716 70113 INFO tempest.lib.common.rest_client [req-0c48e6d5-5a0b-4e98-acd3-8590cc41d2d9 req-0c48e6d5-5a0b-4e98-acd3-8590cc41d2d9 ] Request (ImagesNegativeTestJSON:setUpClass): 201 POST http://10.180.1.21:9696/networking/v2.0/networks 1.475s
2025-05-14 09:49:20.737 70106 INFO tempest.lib.common.rest_client [req-8c6e22bc-0ec7-4d80-ac8f-f0b4c1594f72 req-8c6e22bc-0ec7-4d80-ac8f-f0b4c1594f72 ] Request (ListServersNegativeTestJSON:setUpClass): 201 POST http://10.180.1.21:9696/networking/v2.0/routers 1.074s
2025-05-14 09:49:20.748 70102 INFO tempest.lib.common.rest_client [req-b8a80cdf-1ff3-471a-9a45-ed9f830f5787 req-b8a80cdf-1ff3-471a-9a45-ed9f830f5787 ] Request (QuotasAdminTestJSON:setUpClass): 201 POST http://10.180.1.21/identity/v3/auth/tokens 0.824s
2025-05-14 09:49:20.819 70130 INFO tempest.lib.common.rest_client [req-be1b3f6b-80ec-44b0-b7bc-a3b268a9b6f9 req-be1b3f6b-80ec-44b0-b7bc-a3b268a9b6f9 ] Request (QuotasAdminNegativeTest:setUpClass): 201 POST http://10.180.1.21/identity/v3/users 0.865s
2025-05-14 09:49:20.895 70113 INFO tempest.lib.common.rest_client [req-d931c1d1-c6d5-4743-85e2-50ffbbce8b56 req-d931c1d1-c6d5-4743-85e2-50ffbbce8b56 ] Request (ImagesNegativeTestJSON:setUpClass): 201 POST http://10.180.1.21:9696/networking/v2.0/subnets 0.178s
2025-05-14 09:49:20.897 70126 INFO tempest.lib.common.rest_client [req-17da2add-feae-40b9-904e-3acd5c30b508 req-17da2add-feae-40b9-904e-3acd5c30b508 ] Request (ServersTestBootFromVolume:setUpClass): 200 POST http://10.180.1.21/compute/v2.1/os-keypairs 1.002s
2025-05-14 09:49:20.902 70086 INFO tempest.lib.common.rest_client [req-521f7cec-4262-442e-bb59-b53679816eb1 req-521f7cec-4262-442e-bb59-b53679816eb1 ] Request (FlavorMetadataValidation:setUpClass): 201 POST http://10.180.1.21/identity/v3/auth/tokens 0.911s
2025-05-14 09:49:20.936 70132 INFO tempest.lib.common.rest_client [req-151447fc-3740-4c61-9c0a-991330607eed req-151447fc-3740-4c61-9c0a-991330607eed ] Request (ServersAdminNegativeTestJSON:setUpClass): 201 POST http://10.180.1.21/identity/v3/projects 0.854s
2025-05-14 09:49:20.952 70122 INFO tempest.lib.common.rest_client [req-ff51e4fb-b2fa-4089-b7f0-c565c21f15db req-ff51e4fb-b2fa-4089-b7f0-c565c21f15db ] Request (HostsAdminTestJSON:setUpClass): 201 POST http://10.180.1.21/identity/v3/auth/tokens 0.873s
2025-05-14 09:49:21.003 70110 INFO tempest.lib.common.rest_client [req-8e02ecb7-f6f0-4c0d-8999-913b98d17439 req-8e02ecb7-f6f0-4c0d-8999-913b98d17439 ] Request (DeleteServersAdminTestJSON:setUpClass): 201 POST http://10.180.1.21/identity/v3/auth/tokens 0.899s
2025-05-14 09:49:21.018 70142 INFO tempest.lib.common.rest_client [req-8ffe24f5-74ac-41d6-b2d3-c266be35dfdc req-8ffe24f5-74ac-41d6-b2d3-c266be35dfdc ] Request (FlavorsAccessNegativeTestJSON:setUpClass): 201 POST http://10.180.1.21/identity/v3/auth/tokens 0.865s
2025-05-14 09:49:21.067 70104 INFO tempest.lib.common.rest_client [req-3899b5a5-348b-4e88-87a7-887db2527968 req-3899b5a5-348b-4e88-87a7-887db2527968 ] Request (AZAdminNegativeTestJSON:setUpClass): 201 POST http://10.180.1.21/identity/v3/auth/tokens 0.864s
2025-05-14 09:49:21.090 70120 INFO tempest.lib.common.rest_client [req-d448ab7d-f162-4a1d-bf8c-28f5e0f17586 req-d448ab7d-f162-4a1d-bf8c-28f5e0f17586 ] Request (KeyPairsV210TestJSON:setUpClass): 201 POST http://10.180.1.21/identity/v3/auth/tokens 0.863s
2025-05-14 09:49:21.138 70128 INFO tempest.lib.common.rest_client [req-560631de-7f40-4333-b775-3a9ef8a48a84 req-560631de-7f40-4333-b775-3a9ef8a48a84 ] Request (FlavorsAccessTestJSON:setUpClass): 201 POST http://10.180.1.21/identity/v3/auth/tokens 0.871s
2025-05-14 09:49:21.158 70124 INFO tempest.lib.common.rest_client [req-eba95e13-b271-4f1c-b2ab-1d1ba905a727 req-eba95e13-b271-4f1c-b2ab-1d1ba905a727 ] Request (ServerDiagnosticsTest:setUpClass): 201 POST http://10.180.1.21/identity/v3/auth/tokens 0.830s
2025-05-14 09:49:21.187 70098 INFO tempest.lib.common.rest_client [req-0e206566-e8af-49fd-ba57-6476b119414f req-0e206566-e8af-49fd-ba57-6476b119414f ] Request (FlavorsExtraSpecsTestJSON:tearDownClass): 200 GET http://10.180.1.21:9696/networking/v2.0/security-groups?tenant_id=a3e82dfbfc2340f883d088ec04afe6e1&name=default 1.167s
2025-05-14 09:49:21.195 70138 INFO tempest.lib.common.rest_client [req-f3b8b5f0-d0c4-4e3d-96a5-795cd373632e req-f3b8b5f0-d0c4-4e3d-96a5-795cd373632e ] Request (HypervisorAdminV228Test:setUpClass): 201 POST http://10.180.1.21/identity/v3/auth/tokens 0.864s
2025-05-14 09:49:21.225 70126 INFO tempest.lib.common.rest_client [req-1119b5d6-5a26-4a1a-8c44-00f594bcca8a req-1119b5d6-5a26-4a1a-8c44-00f594bcca8a ] Request (ServersTestBootFromVolume:setUpClass): 201 POST http://10.180.1.21:9696/networking/v2.0/security-groups 0.325s
2025-05-14 09:49:21.239 70084 INFO tempest.lib.common.rest_client [req-231576ed-9353-4eeb-9540-e1baac9598e5 req-231576ed-9353-4eeb-9540-e1baac9598e5 ] Request (FlavorsExtraSpecsNegativeTestJSON:setUpClass): 201 POST http://10.180.1.21/identity/v3/projects 0.902s
2025-05-14 09:49:21.301 70088 INFO tempest.lib.common.rest_client [req-f4951b86-9d01-47c2-ad3c-336f062377a9 req-f4951b86-9d01-47c2-ad3c-336f062377a9 ] Request (QuotaClassesAdmin257Test:setUpClass): 201 POST http://10.180.1.21/identity/v3/users 0.957s
2025-05-14 09:49:21.302 70094 INFO tempest.lib.common.rest_client [req-35efbfd2-31d0-4c8c-8014-5dfa021d8178 req-35efbfd2-31d0-4c8c-8014-5dfa021d8178 ] Request (InstanceUsageAuditLogNegativeTestJSON:setUpClass): 200 GET http://10.180.1.21/identity/v3/roles 0.908s
2025-05-14 09:49:21.334 70100 INFO tempest.lib.common.rest_client [req-eed24d3f-00dc-4f94-a877-d7c98f083c0c req-eed24d3f-00dc-4f94-a877-d7c98f083c0c ] Request (HypervisorAdminV253TestBase:setUpClass): 201 POST http://10.180.1.21/identity/v3/users 0.913s
2025-05-14 09:49:21.334 70118 INFO tempest.lib.common.rest_client [req-f4c3ee64-2ca3-4b6c-bf7c-e3c94ae8da68 req-f4c3ee64-2ca3-4b6c-bf7c-e3c94ae8da68 ] Request (FlavorsV255TestJSON:setUpClass): 201 POST http://10.180.1.21/identity/v3/projects 0.936s
2025-05-14 09:49:21.394 70144 INFO tempest.lib.common.rest_client [req-3c28937b-6859-48f0-801f-e858aeee1e3d req-3c28937b-6859-48f0-801f-e858aeee1e3d ] Request (FlavorsAdminTestJSON:setUpClass): 201 POST http://10.180.1.21/identity/v3/users 0.913s
2025-05-14 09:49:21.424 70114 INFO tempest.lib.common.rest_client [req-71668130-5bf9-4d01-b484-ed16f0eef0d0 req-71668130-5bf9-4d01-b484-ed16f0eef0d0 ] Request (HypervisorAdminTestJSON:setUpClass): 204 PUT http://10.180.1.21/identity/v3/projects/267a61672418404c9f4e850381821b2c/users/96e75449731c4e4fb3f407daedf63700/roles/1468e096635d45839cca02ae8deb524c 0.896s
2025-05-14 09:49:21.425 70114 INFO tempest.lib.common.dynamic_creds [-] Dynamic test user 96e75449731c4e4fb3f407daedf63700 is created with scope project and roles: ['admin']
2025-05-14 09:49:21.425 70114 INFO tempest.lib.common.dynamic_creds [-] Acquired dynamic creds: credentials: Credentials: {'domain_id': 'default', 'domain_name': 'Default', 'username': 'tempest-HypervisorAdminTestJSON-1756849635-project-admin', 'project_domain_id': 'default', 'project_domain_name': 'Default', 'project_id': '267a61672418404c9f4e850381821b2c', 'project_name': 'tempest-HypervisorAdminTestJSON-1756849635', 'tenant_id': '267a61672418404c9f4e850381821b2c', 'tenant_name': 'tempest-HypervisorAdminTestJSON-1756849635', 'user_domain_id': 'default', 'user_domain_name': 'Default', 'user_id': '96e75449731c4e4fb3f407daedf63700', 'system': None}, Network: None, Subnet: None, Router: None
2025-05-14 09:49:21.425 70114 INFO tempest.lib.common.dynamic_creds [-] Created isolated network resources for: credentials: Credentials: {'domain_id': 'default', 'domain_name': 'Default', 'username': 'tempest-HypervisorAdminTestJSON-1756849635-project-admin', 'project_domain_id': 'default', 'project_domain_name': 'Default', 'project_id': '267a61672418404c9f4e850381821b2c', 'project_name': 'tempest-HypervisorAdminTestJSON-1756849635', 'tenant_id': '267a61672418404c9f4e850381821b2c', 'tenant_name': 'tempest-HypervisorAdminTestJSON-1756849635', 'user_domain_id': 'default', 'user_domain_name': 'Default', 'user_id': '96e75449731c4e4fb3f407daedf63700', 'system': None}, Network: None, Subnet: None, Router: None
2025-05-14 09:49:21.450 70108 INFO tempest.lib.common.rest_client [req-4ed206ea-5c68-469d-afc3-90a4a9c94077 req-4ed206ea-5c68-469d-afc3-90a4a9c94077 ] Request (ServersWithSpecificFlavorTestJSON:setUpClass): 201 POST http://10.180.1.21:9696/networking/v2.0/routers 1.379s
2025-05-14 09:49:21.452 70098 INFO tempest.lib.common.rest_client [req-6a65e635-0770-45d0-bec4-5b2d29726666 req-6a65e635-0770-45d0-bec4-5b2d29726666 ] Request (FlavorsExtraSpecsTestJSON:tearDownClass): 204 DELETE http://10.180.1.21:9696/networking/v2.0/security-groups/b7b4191f-aa4c-40c9-8a52-a4f8aab2dca1 0.264s
2025-05-14 09:49:21.506 70126 INFO tempest.lib.common.rest_client [req-5a227e04-334a-447a-bb7f-a0de054b7621 req-5a227e04-334a-447a-bb7f-a0de054b7621 ] Request (ServersTestBootFromVolume:setUpClass): 201 POST http://10.180.1.21:9696/networking/v2.0/security-group-rules 0.280s
2025-05-14 09:49:21.533 70090 INFO tempest.lib.common.rest_client [req-94556e43-e416-466c-a3d5-e9ce04b12af3 req-94556e43-e416-466c-a3d5-e9ce04b12af3 ] Request (AbsoluteLimitsNegativeTestJSON:setUpClass): 201 POST http://10.180.1.21/identity/v3/auth/tokens 0.924s
2025-05-14 09:49:21.537 70092 INFO tempest.lib.common.rest_client [req-af819a7b-532b-4c5b-8dfa-138677435e0d req-af819a7b-532b-4c5b-8dfa-138677435e0d ] Request (AggregatesAdminNegativeTestJSON:setUpClass): 201 POST http://10.180.1.21/identity/v3/users 0.974s
2025-05-14 09:49:21.563 70134 INFO tempest.lib.common.rest_client [req-d1dbfe2c-c5b4-480b-b458-710ac90f387a req-d1dbfe2c-c5b4-480b-b458-710ac90f387a ] Request (FlavorsV261TestJSON:setUpClass): 201 POST http://10.180.1.21/identity/v3/projects 0.880s
2025-05-14 09:49:21.597 70146 INFO tempest.lib.common.rest_client [req-3be63e3b-ab0f-4e70-b705-404d6a1b56ce req-3be63e3b-ab0f-4e70-b705-404d6a1b56ce ] Request (QuotasSecurityGroupAdminNegativeTest:tearDownClass): 204 DELETE http://10.180.1.21/identity/v3/users/2752e730c895445eb336834a3ed98b2b 0.909s
2025-05-14 09:49:21.597 70146 INFO tempest.lib.common.dynamic_creds [-] Deleting project and security group for project: 60b8139efebd4c5994c6ea9da99202ae
2025-05-14 09:49:21.644 70130 INFO tempest.lib.common.rest_client [req-04fbd97c-7e6c-4186-a5aa-6fed3b58d539 req-04fbd97c-7e6c-4186-a5aa-6fed3b58d539 ] Request (QuotasAdminNegativeTest:setUpClass): 200 GET http://10.180.1.21/identity/v3/roles 0.824s
2025-05-14 09:49:21.652 70102 INFO tempest.lib.common.rest_client [req-bc26d453-8340-4e57-8c37-136d6c3e6702 req-bc26d453-8340-4e57-8c37-136d6c3e6702 ] Request (QuotasAdminTestJSON:setUpClass): 201 POST http://10.180.1.21/identity/v3/projects 0.904s
