2025-05-14 09:49:38.222 70146 INFO tempest.lib.common.rest_client [req-5f2a0241-b642-4690-ade4-47bb173cdf3d req-5f2a0241-b642-4690-ade4-47bb173cdf3d ] Request (FloatingIPsNegativeTestJSON:tearDownClass): 204 DELETE http://10.180.1.21:9696/networking/v2.0/routers/60c91b0c-54a5-429a-8e41-882799a5c1e0 1.209s
2025-05-14 09:49:38.304 70126 INFO tempest.lib.common.rest_client [req-7a04ae60-926f-4132-bae4-9be40337cb19 req-7a04ae60-926f-4132-bae4-9be40337cb19 ] Request (ServersTestBootFromVolume:setUpClass): 200 GET http://10.180.1.21/volume/v3/volumes/d8910522-aaef-4aff-a082-cc36ae5f6efa 0.036s
2025-05-14 09:49:38.310 70114 INFO tempest.lib.common.rest_client [req-da9e5151-b097-4346-b6d8-e72c57a31886 req-da9e5151-b097-4346-b6d8-e72c57a31886 ] Request (HypervisorAdminUnderV252Test:setUpClass): 204 PUT http://10.180.1.21/identity/v3/projects/6c0dcacc26b84fa999d01bfe79441595/users/e5f34f4dfe5e46d0b8bd642268cfe131/roles/a39c8938f9a84f969bd045d82a5baa4b 0.148s
2025-05-14 09:49:38.310 70114 INFO tempest.lib.common.dynamic_creds [-] Dynamic test user e5f34f4dfe5e46d0b8bd642268cfe131 is created with scope project and roles: ['member']
2025-05-14 09:49:38.310 70114 INFO tempest.lib.common.dynamic_creds [-] Acquired dynamic creds: credentials: Credentials: {'domain_id': 'default', 'domain_name': 'Default', 'username': 'tempest-HypervisorAdminUnderV252Test-1347473316-project-member', 'project_domain_id': 'default', 'project_domain_name': 'Default', 'project_id': '6c0dcacc26b84fa999d01bfe79441595', 'project_name': 'tempest-HypervisorAdminUnderV252Test-1347473316', 'tenant_id': '6c0dcacc26b84fa999d01bfe79441595', 'tenant_name': 'tempest-HypervisorAdminUnderV252Test-1347473316', 'user_domain_id': 'default', 'user_domain_name': 'Default', 'user_id': 'e5f34f4dfe5e46d0b8bd642268cfe131', 'system': None}, Network: None, Subnet: None, Router: None
2025-05-14 09:49:38.311 70114 INFO tempest.lib.common.dynamic_creds [-] Created isolated network resources for: credentials: Credentials: {'domain_id': 'default', 'domain_name': 'Default', 'username': 'tempest-HypervisorAdminUnderV252Test-1347473316-project-member', 'project_domain_id': 'default', 'project_domain_name': 'Default', 'project_id': '6c0dcacc26b84fa999d01bfe79441595', 'project_name': 'tempest-HypervisorAdminUnderV252Test-1347473316', 'tenant_id': '6c0dcacc26b84fa999d01bfe79441595', 'tenant_name': 'tempest-HypervisorAdminUnderV252Test-1347473316', 'user_domain_id': 'default', 'user_domain_name': 'Default', 'user_id': 'e5f34f4dfe5e46d0b8bd642268cfe131', 'system': None}, Network: None, Subnet: None, Router: None
2025-05-14 09:49:38.322 70086 INFO tempest.lib.common.rest_client [req-732f3ddf-b3c1-4ef7-bd97-19c0afd1f303 req-732f3ddf-b3c1-4ef7-bd97-19c0afd1f303 ] Request (ServerExternalEventsTest:setUpClass): 201 POST http://10.180.1.21/identity/v3/users 0.132s
2025-05-14 09:49:38.374 70090 INFO tempest.lib.common.rest_client [req-cf375920-e1f6-4b07-ba51-1b6f43c81450 req-cf375920-e1f6-4b07-ba51-1b6f43c81450 ] Request (AbsoluteLimitsNegativeTestJSON:tearDownClass): 200 GET http://10.180.1.21:9696/networking/v2.0/security-groups?tenant_id=c3735df1e27e499ea97da2e04afb348d&name=default 1.163s
2025-05-14 09:49:38.404 70114 INFO tempest.lib.common.rest_client [req-09c90167-d291-48d8-b7d6-35eaa5a0171c req-09c90167-d291-48d8-b7d6-35eaa5a0171c ] Request (HypervisorAdminUnderV252Test:setUpClass): 201 POST http://10.180.1.21/identity/v3/auth/tokens 0.089s
2025-05-14 09:49:38.410 70086 INFO tempest.lib.common.rest_client [req-bf4f7bca-d9f4-4f35-b1ba-7881e1efad0c req-bf4f7bca-d9f4-4f35-b1ba-7881e1efad0c ] Request (ServerExternalEventsTest:setUpClass): 200 GET http://10.180.1.21/identity/v3/roles 0.087s
2025-05-14 09:49:38.443 70114 INFO tempest.lib.common.rest_client [req-5d703d38-6211-41b1-bd23-fb29cbe06710 req-5d703d38-6211-41b1-bd23-fb29cbe06710 ] Request (HypervisorAdminUnderV252Test:setUpClass): 201 POST http://10.180.1.21/identity/v3/projects 0.037s
2025-05-14 09:49:38.444 70086 INFO tempest.lib.common.rest_client [req-bf2d195f-2f9f-4220-8e80-217173df742b req-bf2d195f-2f9f-4220-8e80-217173df742b ] Request (ServerExternalEventsTest:setUpClass): 204 PUT http://10.180.1.21/identity/v3/projects/d320e26e789e4e61944bb5bef75dda0c/users/529cdf7a4e0544e9965688829dc6b78d/roles/a39c8938f9a84f969bd045d82a5baa4b 0.033s
2025-05-14 09:49:38.444 70086 INFO tempest.lib.common.dynamic_creds [-] Dynamic test user 529cdf7a4e0544e9965688829dc6b78d is created with scope project and roles: ['member']
2025-05-14 09:49:38.444 70086 INFO tempest.lib.common.dynamic_creds [-] Acquired dynamic creds: credentials: Credentials: {'domain_id': 'default', 'domain_name': 'Default', 'username': 'tempest-ServerExternalEventsTest-2116576184-project-member', 'project_domain_id': 'default', 'project_domain_name': 'Default', 'project_id': 'd320e26e789e4e61944bb5bef75dda0c', 'project_name': 'tempest-ServerExternalEventsTest-2116576184', 'tenant_id': 'd320e26e789e4e61944bb5bef75dda0c', 'tenant_name': 'tempest-ServerExternalEventsTest-2116576184', 'user_domain_id': 'default', 'user_domain_name': 'Default', 'user_id': '529cdf7a4e0544e9965688829dc6b78d', 'system': None}, Network: None, Subnet: None, Router: None
2025-05-14 09:49:38.444 70086 INFO tempest.lib.common.dynamic_creds [-] Created isolated network resources for: credentials: Credentials: {'domain_id': 'default', 'domain_name': 'Default', 'username': 'tempest-ServerExternalEventsTest-2116576184-project-member', 'project_domain_id': 'default', 'project_domain_name': 'Default', 'project_id': 'd320e26e789e4e61944bb5bef75dda0c', 'project_name': 'tempest-ServerExternalEventsTest-2116576184', 'tenant_id': 'd320e26e789e4e61944bb5bef75dda0c', 'tenant_name': 'tempest-ServerExternalEventsTest-2116576184', 'user_domain_id': 'default', 'user_domain_name': 'Default', 'user_id': '529cdf7a4e0544e9965688829dc6b78d', 'system': None}, Network: None, Subnet: None, Router: None
2025-05-14 09:49:38.525 70086 INFO tempest.lib.common.rest_client [req-662ba0c3-1494-4952-a473-d253f7691c0f req-662ba0c3-1494-4952-a473-d253f7691c0f ] Request (ServerExternalEventsTest:setUpClass): 201 POST http://10.180.1.21/identity/v3/auth/tokens 0.077s
2025-05-14 09:49:38.531 70094 INFO tempest.lib.common.rest_client [req-01cb9a78-05dc-41ea-a629-40c773304d6e req-01cb9a78-05dc-41ea-a629-40c773304d6e ] Request (SecurityGroupsTestAdminJSON:test_list_security_groups_list_all_tenants_filter): 200 POST http://10.180.1.21/compute/v2.1/os-security-groups 2.114s
2025-05-14 09:49:38.548 70146 INFO tempest.lib.common.rest_client [req-8d82911b-e064-4b45-9666-0d3ddde00762 req-8d82911b-e064-4b45-9666-0d3ddde00762 ] Request (FloatingIPsNegativeTestJSON:tearDownClass): 204 DELETE http://10.180.1.21:9696/networking/v2.0/subnets/7699f261-d941-40d4-a0ef-d3ff26f0f64f 0.326s
2025-05-14 09:49:38.557 70114 INFO tempest.lib.common.rest_client [req-d30b3859-b057-4c04-b67e-55dd364d2ced req-d30b3859-b057-4c04-b67e-55dd364d2ced ] Request (HypervisorAdminUnderV252Test:setUpClass): 201 POST http://10.180.1.21/identity/v3/users 0.113s
2025-05-14 09:49:38.563 70086 INFO tempest.lib.common.rest_client [req-45e327fe-4496-4602-86a4-f21a28cc8e42 req-45e327fe-4496-4602-86a4-f21a28cc8e42 ] Request (ServerExternalEventsTest:setUpClass): 201 POST http://10.180.1.21/identity/v3/projects 0.037s
2025-05-14 09:49:38.570 70128 INFO tempest.lib.common.rest_client [req-7530b946-84b8-45e8-ba72-b8f647d9010c req-7530b946-84b8-45e8-ba72-b8f647d9010c ] Request (FlavorsAccessTestJSON:_run_cleanups): 200 GET http://10.180.1.21/compute/v2.1/flavors/detail 1.820s
2025-05-14 09:49:38.584 70084 INFO tempest.lib.common.rest_client [req-4172d530-e100-4a21-8ae0-e02218d60ca9 req-4172d530-e100-4a21-8ae0-e02218d60ca9 ] Request (FlavorsExtraSpecsNegativeTestJSON:test_flavor_unset_nonexistent_key): 404 DELETE http://10.180.1.21/compute/v2.1/flavors/790438297/os-extra_specs/hw:cpu_thread_policy 1.826s
2025-05-14 09:49:38.625 70114 INFO tempest.lib.common.rest_client [req-c99d5ff5-db47-4a14-966e-5b418b35a4d8 req-c99d5ff5-db47-4a14-966e-5b418b35a4d8 ] Request (HypervisorAdminUnderV252Test:setUpClass): 200 GET http://10.180.1.21/identity/v3/roles 0.068s
2025-05-14 09:49:38.629 70086 INFO tempest.lib.common.rest_client [req-3a22e026-ef35-4283-b05a-fb1ca8c85a48 req-3a22e026-ef35-4283-b05a-fb1ca8c85a48 ] Request (ServerExternalEventsTest:setUpClass): 201 POST http://10.180.1.21/identity/v3/users 0.065s
2025-05-14 09:49:38.629 70136 INFO tempest.lib.common.rest_client [req-bfefbc30-e5fc-42d4-b6a2-d1e42593aaf8 req-bfefbc30-e5fc-42d4-b6a2-d1e42593aaf8 ] Request (ListImageFiltersTestJSON:setUpClass): 200 GET http://10.180.1.21/compute/v2.1/images/b5f48195-0f84-4827-8de4-5dff886af3b9 1.782s
2025-05-14 09:49:38.653 70086 INFO tempest.lib.common.rest_client [req-dd63b645-60ca-4d93-ae10-8ca100800837 req-dd63b645-60ca-4d93-ae10-8ca100800837 ] Request (ServerExternalEventsTest:setUpClass): 200 GET http://10.180.1.21/identity/v3/roles 0.023s
2025-05-14 09:49:38.661 70114 INFO tempest.lib.common.rest_client [req-830eec2f-55e0-4ba7-8a42-2edee4edc6eb req-830eec2f-55e0-4ba7-8a42-2edee4edc6eb ] Request (HypervisorAdminUnderV252Test:setUpClass): 204 PUT http://10.180.1.21/identity/v3/projects/970b90d7e98b4c319735636ad7ff3707/users/56a9f914d2b4438cb37746af70e04a62/roles/1468e096635d45839cca02ae8deb524c 0.035s
2025-05-14 09:49:38.711 70113 INFO tempest.lib.common.rest_client [req-69a6cbcc-bbc6-4d5d-bf7e-81c3b9f536a8 req-69a6cbcc-bbc6-4d5d-bf7e-81c3b9f536a8 ] Request (ImagesNegativeTestJSON:test_create_image_from_deleted_server): 200 GET http://10.180.1.21/compute/v2.1/servers/733e01e7-5429-41fe-8cd0-9fc56d03fce0 1.673s
2025-05-14 09:49:38.719 70134 INFO tempest.lib.common.rest_client [req-4c033d7e-08ff-435e-ac0d-1613a535d86f req-4c033d7e-08ff-435e-ac0d-1613a535d86f ] Request (FlavorsV261TestJSON:tearDownClass): 200 GET http://10.180.1.21:9696/networking/v2.0/security-groups?tenant_id=e8f3892314574ea48755e3ad3ff4c770&name=default 0.568s
2025-05-14 09:49:38.720 70114 INFO tempest.lib.common.rest_client [req-f9393b98-5341-4a37-a2ed-e1b57c516549 req-f9393b98-5341-4a37-a2ed-e1b57c516549 ] Request (HypervisorAdminUnderV252Test:setUpClass): 200 GET http://10.180.1.21/identity/v3/roles 0.059s
2025-05-14 09:49:38.732 70086 INFO tempest.lib.common.rest_client [req-c01c6952-7a55-45c0-9d59-a8d588d0c575 req-c01c6952-7a55-45c0-9d59-a8d588d0c575 ] Request (ServerExternalEventsTest:setUpClass): 204 PUT http://10.180.1.21/identity/v3/projects/33445d5da6c84c7db5ec033abe70181c/users/cab0f634e2d046929d0d2c73c0cc2b26/roles/1468e096635d45839cca02ae8deb524c 0.079s
2025-05-14 09:49:38.744 70118 INFO tempest.lib.common.rest_client [req-84992b67-a2cf-4535-b2ba-93d28bd55c5a req-84992b67-a2cf-4535-b2ba-93d28bd55c5a ] Request (FlavorsV255TestJSON:tearDownClass): 200 GET http://10.180.1.21:9696/networking/v2.0/security-groups?tenant_id=88843eec14dc48e588c4c972e52c5c66&name=default 0.612s
2025-05-14 09:49:38.776 70114 INFO tempest.lib.common.rest_client [req-73dc0cd2-93b2-4128-8053-7cdf1cfa3c2a req-73dc0cd2-93b2-4128-8053-7cdf1cfa3c2a ] Request (HypervisorAdminUnderV252Test:setUpClass): 204 PUT http://10.180.1.21/identity/v3/projects/970b90d7e98b4c319735636ad7ff3707/users/56a9f914d2b4438cb37746af70e04a62/roles/1468e096635d45839cca02ae8deb524c 0.055s
2025-05-14 09:49:38.776 70114 INFO tempest.lib.common.dynamic_creds [-] Dynamic test user 56a9f914d2b4438cb37746af70e04a62 is created with scope project and roles: ['admin']
2025-05-14 09:49:38.776 70114 INFO tempest.lib.common.dynamic_creds [-] Acquired dynamic creds: credentials: Credentials: {'domain_id': 'default', 'domain_name': 'Default', 'username': 'tempest-HypervisorAdminUnderV252Test-1821084274-project-admin', 'project_domain_id': 'default', 'project_domain_name': 'Default', 'project_id': '970b90d7e98b4c319735636ad7ff3707', 'project_name': 'tempest-HypervisorAdminUnderV252Test-1821084274', 'tenant_id': '970b90d7e98b4c319735636ad7ff3707', 'tenant_name': 'tempest-HypervisorAdminUnderV252Test-1821084274', 'user_domain_id': 'default', 'user_domain_name': 'Default', 'user_id': '56a9f914d2b4438cb37746af70e04a62', 'system': None}, Network: None, Subnet: None, Router: None
2025-05-14 09:49:38.777 70114 INFO tempest.lib.common.dynamic_creds [-] Created isolated network resources for: credentials: Credentials: {'domain_id': 'default', 'domain_name': 'Default', 'username': 'tempest-HypervisorAdminUnderV252Test-1821084274-project-admin', 'project_domain_id': 'default', 'project_domain_name': 'Default', 'project_id': '970b90d7e98b4c319735636ad7ff3707', 'project_name': 'tempest-HypervisorAdminUnderV252Test-1821084274', 'tenant_id': '970b90d7e98b4c319735636ad7ff3707', 'tenant_name': 'tempest-HypervisorAdminUnderV252Test-1821084274', 'user_domain_id': 'default', 'user_domain_name': 'Default', 'user_id': '56a9f914d2b4438cb37746af70e04a62', 'system': None}, Network: None, Subnet: None, Router: None
2025-05-14 09:49:38.801 70090 INFO tempest.lib.common.rest_client [req-3dba6047-f21a-40c7-9a99-5f1a2ad35ad9 req-3dba6047-f21a-40c7-9a99-5f1a2ad35ad9 ] Request (AbsoluteLimitsNegativeTestJSON:tearDownClass): 204 DELETE http://10.180.1.21:9696/networking/v2.0/security-groups/f0539856-52cf-4efd-b4f1-533723dd0ce3 0.426s
2025-05-14 09:49:38.831 70086 INFO tempest.lib.common.rest_client [req-b7164ac1-0471-4623-95c1-bd480a983d56 req-b7164ac1-0471-4623-95c1-bd480a983d56 ] Request (ServerExternalEventsTest:setUpClass): 200 GET http://10.180.1.21/identity/v3/roles 0.098s
2025-05-14 09:49:38.845 70132 INFO tempest.lib.common.rest_client [req-69f448ac-7087-4211-ae73-ecf110b6dbb1 req-69f448ac-7087-4211-ae73-ecf110b6dbb1 ] Request (ServersAdminNegativeTestJSON:setUpClass): 200 GET http://10.180.1.21/compute/v2.1/servers/bcfea8dc-1327-4e91-b5fb-5183146af199 1.733s
2025-05-14 09:49:38.871 70114 INFO tempest.lib.common.rest_client [req-3a310c98-8111-467f-a5b5-d43f6ab02c22 req-3a310c98-8111-467f-a5b5-d43f6ab02c22 ] Request (HypervisorAdminUnderV252Test:setUpClass): 201 POST http://10.180.1.21/identity/v3/auth/tokens 0.091s
2025-05-14 09:49:38.904 70086 INFO tempest.lib.common.rest_client [req-6e3c13c5-169c-48e5-a71b-6ada3a28b1a9 req-6e3c13c5-169c-48e5-a71b-6ada3a28b1a9 ] Request (ServerExternalEventsTest:setUpClass): 204 PUT http://10.180.1.21/identity/v3/projects/33445d5da6c84c7db5ec033abe70181c/users/cab0f634e2d046929d0d2c73c0cc2b26/roles/1468e096635d45839cca02ae8deb524c 0.072s
2025-05-14 09:49:38.904 70086 INFO tempest.lib.common.dynamic_creds [-] Dynamic test user cab0f634e2d046929d0d2c73c0cc2b26 is created with scope project and roles: ['admin']
2025-05-14 09:49:38.904 70086 INFO tempest.lib.common.dynamic_creds [-] Acquired dynamic creds: credentials: Credentials: {'domain_id': 'default', 'domain_name': 'Default', 'username': 'tempest-ServerExternalEventsTest-152219037-project-admin', 'project_domain_id': 'default', 'project_domain_name': 'Default', 'project_id': '33445d5da6c84c7db5ec033abe70181c', 'project_name': 'tempest-ServerExternalEventsTest-152219037', 'tenant_id': '33445d5da6c84c7db5ec033abe70181c', 'tenant_name': 'tempest-ServerExternalEventsTest-152219037', 'user_domain_id': 'default', 'user_domain_name': 'Default', 'user_id': 'cab0f634e2d046929d0d2c73c0cc2b26', 'system': None}, Network: None, Subnet: None, Router: None
2025-05-14 09:49:38.904 70086 INFO tempest.lib.common.dynamic_creds [-] Created isolated network resources for: credentials: Credentials: {'domain_id': 'default', 'domain_name': 'Default', 'username': 'tempest-ServerExternalEventsTest-152219037-project-admin', 'project_domain_id': 'default', 'project_domain_name': 'Default', 'project_id': '33445d5da6c84c7db5ec033abe70181c', 'project_name': 'tempest-ServerExternalEventsTest-152219037', 'tenant_id': '33445d5da6c84c7db5ec033abe70181c', 'tenant_name': 'tempest-ServerExternalEventsTest-152219037', 'user_domain_id': 'default', 'user_domain_name': 'Default', 'user_id': 'cab0f634e2d046929d0d2c73c0cc2b26', 'system': None}, Network: None, Subnet: None, Router: None
2025-05-14 09:49:38.967 70090 INFO tempest.lib.common.rest_client [req-7a99deab-1c2c-4820-99f6-26299b615c17 req-7a99deab-1c2c-4820-99f6-26299b615c17 ] Request (AbsoluteLimitsNegativeTestJSON:tearDownClass): 204 DELETE http://10.180.1.21/identity/v3/projects/c3735df1e27e499ea97da2e04afb348d 0.165s
2025-05-14 09:49:38.977 70124 INFO tempest.lib.common.rest_client [req-cecf4998-3002-480b-bfba-08756b0be866 req-cecf4998-3002-480b-bfba-08756b0be866 ] Request (ServerDiagnosticsTest:test_get_server_diagnostics): 200 GET http://10.180.1.21/compute/v2.1/servers/960ee12b-c42e-4e69-a5fc-5c97d3c7f2fe 1.805s
2025-05-14 09:49:39.036 70146 INFO tempest.lib.common.rest_client [req-93bf5fab-65e7-483f-ac18-a29e8df4d63d req-93bf5fab-65e7-483f-ac18-a29e8df4d63d ] Request (FloatingIPsNegativeTestJSON:tearDownClass): 204 DELETE http://10.180.1.21:9696/networking/v2.0/networks/331ca58d-3fcb-49dc-b59d-6524f6bb4a83 0.487s
2025-05-14 09:49:39.055 70086 INFO tempest.lib.common.rest_client [req-6627f670-a6f1-4fff-9867-d2274094e183 req-6627f670-a6f1-4fff-9867-d2274094e183 ] Request (ServerExternalEventsTest:setUpClass): 201 POST http://10.180.1.21/identity/v3/auth/tokens 0.147s
2025-05-14 09:49:39.070 70096 INFO tempest.lib.common.rest_client [req-747e4672-a8fa-4fb4-8b97-66dd83391033 req-747e4672-a8fa-4fb4-8b97-66dd83391033 ] Request (ServerShowV257Test:test_rebuild_server): 200 GET http://10.180.1.21/compute/v2.1/servers/d64c1ede-21f5-4d14-9585-85aad4d25873 1.817s
2025-05-14 09:49:39.077 70118 INFO tempest.lib.common.rest_client [req-b283dea7-731b-4150-9d2d-91a1fcb30a1b req-b283dea7-731b-4150-9d2d-91a1fcb30a1b ] Request (FlavorsV255TestJSON:tearDownClass): 204 DELETE http://10.180.1.21:9696/networking/v2.0/security-groups/401bbefd-1462-4238-b634-6b770db7fb3d 0.332s
2025-05-14 09:49:39.090 70134 INFO tempest.lib.common.rest_client [req-f01efc9e-44df-40e0-af51-ae6c79977a70 req-f01efc9e-44df-40e0-af51-ae6c79977a70 ] Request (FlavorsV261TestJSON:tearDownClass): 204 DELETE http://10.180.1.21:9696/networking/v2.0/security-groups/8e43afbc-cdd7-4e28-bc0c-a51c7af9c315 0.370s
2025-05-14 09:49:39.104 70104 INFO tempest.lib.common.rest_client [req-cda60e09-b7e1-435c-aae9-720c5feb68a4 req-cda60e09-b7e1-435c-aae9-720c5feb68a4 ] Request (ServicesAdminNegativeV253TestJSON:test_enable_service_with_invalid_service_id): 404 PUT http://10.180.1.21/compute/v2.1/os-services/9ea2b3fe-e9c5-46ac-9c00-430c7909414d 1.749s
2025-05-14 09:49:39.119 70088 INFO tempest.lib.common.rest_client [req-6effebf8-0bf2-40e5-b001-795616a20852 req-6effebf8-0bf2-40e5-b001-795616a20852 ] Request (VolumesAdminNegativeTest:setUpClass): 201 POST http://10.180.1.21:9696/networking/v2.0/networks 0.936s
2025-05-14 09:49:39.124 70090 INFO tempest.lib.common.rest_client [req-bf8e66ef-ab2a-4374-8908-9f02e2bfa149 req-bf8e66ef-ab2a-4374-8908-9f02e2bfa149 ] Request (SecurityGroupRulesTestJSON:setUpClass): 201 POST http://10.180.1.21/identity/v3/auth/tokens 0.155s
2025-05-14 09:49:39.136 70142 INFO tempest.lib.common.rest_client [req-ee40637a-3af7-4e3f-b44a-76e4fd64bdc5 req-ee40637a-3af7-4e3f-b44a-76e4fd64bdc5 ] Request (FlavorsAccessNegativeTestJSON:test_flavor_access_list_with_public_flavor): 200 POST http://10.180.1.21/compute/v2.1/flavors 1.739s
2025-05-14 09:49:39.145 70136 INFO tempest.lib.common.rest_client [req-0f2f4405-fe15-4607-80c0-bcacdac5ca6e req-0f2f4405-fe15-4607-80c0-bcacdac5ca6e ] Request (ListImageFiltersTestJSON:setUpClass): 201 POST http://10.180.1.21/image/v2/images 0.509s
2025-05-14 09:49:39.154 70120 INFO tempest.lib.common.rest_client [req-b0a94f82-be27-4534-a571-bff73e8c0442 req-b0a94f82-be27-4534-a571-bff73e8c0442 ] Request (KeyPairsV210TestJSON:_run_cleanups): 204 DELETE http://10.180.1.21/compute/v2.1/os-keypairs/tempest-keypair-1656855052?user_id=27965e8eccd54af1a08ae56456385816 1.752s
2025-05-14 09:49:39.179 70116 INFO tempest.lib.common.rest_client [req-182bad35-6704-4c1e-8a00-f84b71be4fe8 req-182bad35-6704-4c1e-8a00-f84b71be4fe8 ] Request (AttachInterfacesV270Test:test_create_get_list_interfaces): 202 POST http://10.180.1.21/compute/v2.1/servers 2.457s
2025-05-14 09:49:39.182 70108 INFO tempest.lib.common.rest_client [req-122be9e9-0967-41be-8635-c6573afdce8b req-122be9e9-0967-41be-8635-c6573afdce8b ] Request (ServersWithSpecificFlavorTestJSON:test_verify_created_server_ephemeral_disk): 200 POST http://10.180.1.21/compute/v2.1/flavors/746549821/os-extra_specs 1.762s
2025-05-14 09:49:39.204 70146 INFO tempest.lib.common.rest_client [req-a669a729-bf96-4343-877b-9374bcff9f49 req-a669a729-bf96-4343-877b-9374bcff9f49 ] Request (FloatingIPsNegativeTestJSON:tearDownClass): 204 DELETE http://10.180.1.21/identity/v3/users/fb877bbb035843bc8cb8911d18c2c923 0.168s
2025-05-14 09:49:39.205 70146 INFO tempest.lib.common.dynamic_creds [-] Deleting project and security group for project: c534238e0cfc4bac9af9c1437013ca31
2025-05-14 09:49:39.213 70122 INFO tempest.lib.common.rest_client [req-e3aca3c6-2ecd-42c8-a100-9c7ade358b79 req-e3aca3c6-2ecd-42c8-a100-9c7ade358b79 ] Request (HostsAdminTestJSON:test_list_hosts_with_zone): 200 GET http://10.180.1.21/compute/v2.1/os-hosts?zone=internal 1.771s
2025-05-14 09:49:39.249 70146 INFO tempest.lib.common.rest_client [req-7fa638a1-9065-4160-836f-ac6b715287fd req-7fa638a1-9065-4160-836f-ac6b715287fd ] Request (FloatingIPsNegativeTestJSON:tearDownClass): 200 GET http://10.180.1.21:9696/networking/v2.0/security-groups?tenant_id=c534238e0cfc4bac9af9c1437013ca31&name=default 0.044s
2025-05-14 09:49:39.284 70086 INFO tempest.lib.common.rest_client [req-1500924b-ef69-4e49-b363-73b39af0f3a9 req-1500924b-ef69-4e49-b363-73b39af0f3a9 ] Request (ServerExternalEventsTest:setUpClass): 201 POST http://10.180.1.21/identity/v3/projects 0.228s
2025-05-14 09:49:39.319 70118 INFO tempest.lib.common.rest_client [req-b27b6804-1441-4ad6-81e8-9bdedf44bdbf req-b27b6804-1441-4ad6-81e8-9bdedf44bdbf ] Request (FlavorsV255TestJSON:tearDownClass): 204 DELETE http://10.180.1.21/identity/v3/projects/88843eec14dc48e588c4c972e52c5c66 0.241s
2025-05-14 09:49:39.319 70118 INFO tempest.lib.common.dynamic_creds [-] Deleting project and security group for project: 6d2af21602854d419efd01ae2abd937d
2025-05-14 09:49:39.350 70140 INFO tempest.lib.common.rest_client [req-acc147e7-f6b1-4a77-86de-324003db91ad req-acc147e7-f6b1-4a77-86de-324003db91ad ] Request (VolumesAssistedSnapshotsTest:test_volume_assisted_snapshot_create_delete): 201 POST http://10.180.1.21:9696/networking/v2.0/floatingips 1.258s
2025-05-14 09:49:39.356 70146 INFO tempest.lib.common.rest_client [req-d1682225-5a3c-4898-b531-b87132034baf req-d1682225-5a3c-4898-b531-b87132034baf ] Request (FloatingIPsNegativeTestJSON:tearDownClass): 204 DELETE http://10.180.1.21:9696/networking/v2.0/security-groups/79cfb70a-8807-4766-a082-5c31a4d82c38 0.106s
2025-05-14 09:49:39.358 70126 INFO tempest.lib.common.rest_client [req-19b1c5ce-da98-4208-b923-2c43e97eef08 req-19b1c5ce-da98-4208-b923-2c43e97eef08 ] Request (ServersTestBootFromVolume:setUpClass): 200 GET http://10.180.1.21/volume/v3/volumes/d8910522-aaef-4aff-a082-cc36ae5f6efa 0.044s
2025-05-14 09:49:39.394 70090 INFO tempest.lib.common.rest_client [req-2bf02d54-4478-4e25-bb33-d8f4e622c2af req-2bf02d54-4478-4e25-bb33-d8f4e622c2af ] Request (SecurityGroupRulesTestJSON:setUpClass): 201 POST http://10.180.1.21/identity/v3/auth/tokens 0.266s
2025-05-14 09:49:39.431 70134 INFO tempest.lib.common.rest_client [req-704fbca1-67be-4d51-8a4f-b7a051258871 req-704fbca1-67be-4d51-8a4f-b7a051258871 ] Request (FlavorsV261TestJSON:tearDownClass): 204 DELETE http://10.180.1.21/identity/v3/projects/e8f3892314574ea48755e3ad3ff4c770 0.340s
2025-05-14 09:49:39.431 70134 INFO tempest.lib.common.dynamic_creds [-] Deleting project and security group for project: 9e1b3a09bc734efbb1442443fe7ab542
2025-05-14 09:49:39.453 70088 INFO tempest.lib.common.rest_client [req-d6ce1e8a-2f6d-4395-9039-8c7b3b35b69e req-d6ce1e8a-2f6d-4395-9039-8c7b3b35b69e ] Request (VolumesAdminNegativeTest:setUpClass): 201 POST http://10.180.1.21:9696/networking/v2.0/subnets 0.333s
2025-05-14 09:49:39.460 70118 INFO tempest.lib.common.rest_client [req-6bddca82-de6f-40c7-aa61-1c6eaaa06762 req-6bddca82-de6f-40c7-aa61-1c6eaaa06762 ] Request (FlavorsV255TestJSON:tearDownClass): 200 GET http://10.180.1.21:9696/networking/v2.0/security-groups?tenant_id=6d2af21602854d419efd01ae2abd937d&name=default 0.141s
2025-05-14 09:49:39.500 70120 INFO tempest.lib.common.rest_client [req-899550c6-da8f-4c02-a7b3-395ade7ac73d req-899550c6-da8f-4c02-a7b3-395ade7ac73d ] Request (KeyPairsV210TestJSON:tearDownClass): 204 DELETE http://10.180.1.21/identity/v3/users/27965e8eccd54af1a08ae56456385816 0.341s
2025-05-14 09:49:39.546 70118 INFO tempest.lib.common.rest_client [req-86fdb8ae-0a67-4c99-80e2-b0ccc329740a req-86fdb8ae-0a67-4c99-80e2-b0ccc329740a ] Request (FlavorsV255TestJSON:tearDownClass): 204 DELETE http://10.180.1.21:9696/networking/v2.0/security-groups/7b05ebd0-6320-467a-b284-c233a2b1c40c 0.085s
2025-05-14 09:49:39.600 70138 INFO tempest.lib.common.rest_client [req-66eddc50-ef98-464f-82f3-57416b79e8b1 req-66eddc50-ef98-464f-82f3-57416b79e8b1 ] Request (HypervisorAdminNegativeUnderV252Test:test_search_hypervisor_with_non_admin_user): 200 GET http://10.180.1.21/compute/v2.1/os-hypervisors 2.178s
2025-05-14 09:49:39.605 70092 INFO tempest.lib.common.rest_client [req-6ff6fa40-d1e6-4eaf-980f-16c30ff5c5f1 req-6ff6fa40-d1e6-4eaf-980f-16c30ff5c5f1 ] Request (AggregatesAdminNegativeTestJSON:test_aggregate_add_host_as_user): 403 POST http://10.180.1.21/compute/v2.1/os-aggregates/2/action 2.133s
2025-05-14 09:49:39.628 70144 INFO tempest.lib.common.rest_client [req-c9a592cd-0b4d-4109-ad5d-65b0971a7e89 req-c9a592cd-0b4d-4109-ad5d-65b0971a7e89 ] Request (FlavorsAdminTestJSON:_run_cleanups): 202 DELETE http://10.180.1.21/compute/v2.1/flavors/728608896 2.128s
2025-05-14 09:49:39.642 70086 INFO tempest.lib.common.rest_client [req-9ffe08e3-5c36-43ff-a6e1-43c7d2309fce req-9ffe08e3-5c36-43ff-a6e1-43c7d2309fce ] Request (ServerExternalEventsTest:setUpClass): 201 POST http://10.180.1.21/identity/v3/users 0.357s
2025-05-14 09:49:39.662 70140 INFO tempest.lib.common.rest_client [req-2ac7c307-74de-49fa-98af-9a511bea867b req-2ac7c307-74de-49fa-98af-9a511bea867b ] Request (VolumesAssistedSnapshotsTest:test_volume_assisted_snapshot_create_delete): 201 POST http://10.180.1.21/identity/v3/auth/tokens 0.306s
2025-05-14 09:49:39.663 70140 INFO tempest.lib.common.fixed_network [-] (VolumesAssistedSnapshotsTest:test_volume_assisted_snapshot_create_delete) Found network {'id': '5c04f29a-eb40-4780-9277-61bf0041ef1f', 'name': 'tempest-VolumesAssistedSnapshotsTest-170855116-network', 'tenant_id': '886a83f7984b457f99bc7a05dc932867', 'admin_state_up': True, 'mtu': 8950, 'status': 'ACTIVE', 'subnets': [], 'shared': False, 'project_id': '886a83f7984b457f99bc7a05dc932867', 'port_security_enabled': True, 'router:external': False, 'provider:network_type': 'vlan', 'provider:physical_network': 'default', 'provider:segmentation_id': 788, 'availability_zone_hints': [], 'availability_zones': [], 'ipv4_address_scope': None, 'ipv6_address_scope': None, 'description': '', 'tags': [], 'created_at': '2025-05-14T09:49:21Z', 'updated_at': '2025-05-14T09:49:21Z', 'revision_number': 1} available for tenant
2025-05-14 09:49:39.686 70134 INFO tempest.lib.common.rest_client [req-afd0c9c3-ba52-4214-9971-81346668f1f3 req-afd0c9c3-ba52-4214-9971-81346668f1f3 ] Request (FlavorsV261TestJSON:tearDownClass): 200 GET http://10.180.1.21:9696/networking/v2.0/security-groups?tenant_id=9e1b3a09bc734efbb1442443fe7ab542&name=default 0.254s
2025-05-14 09:49:39.692 70090 INFO tempest.lib.common.rest_client [req-8d96f05f-90cb-4c92-a59e-d5084456b462 req-8d96f05f-90cb-4c92-a59e-d5084456b462 ] Request (SecurityGroupRulesTestJSON:setUpClass): 200 GET http://10.180.1.21/identity/v3/domains?name=Default 0.298s
2025-05-14 09:49:39.709 70146 INFO tempest.lib.common.rest_client [req-91354f3a-0adb-4003-8242-7a5a43f1ddf7 req-91354f3a-0adb-4003-8242-7a5a43f1ddf7 ] Request (FloatingIPsNegativeTestJSON:tearDownClass): 204 DELETE http://10.180.1.21/identity/v3/projects/c534238e0cfc4bac9af9c1437013ca31 0.351s
2025-05-14 09:49:39.809 70120 INFO tempest.lib.common.rest_client [req-6d71dddb-a87d-4aa6-a25f-a50567c74544 req-6d71dddb-a87d-4aa6-a25f-a50567c74544 ] Request (KeyPairsV210TestJSON:tearDownClass): 204 DELETE http://10.180.1.21/identity/v3/users/62a401075fa140119f3d8c26a204223e 0.308s
2025-05-14 09:49:39.810 70120 INFO tempest.lib.common.dynamic_creds [-] Deleting project and security group for project: b0c8e276491a4d16b02cb5970ffbaaa7
2025-05-14 09:49:39.823 70118 INFO tempest.lib.common.rest_client [req-756870f2-66a9-4117-9ff2-00ad05349d58 req-756870f2-66a9-4117-9ff2-00ad05349d58 ] Request (FlavorsV255TestJSON:tearDownClass): 204 DELETE http://10.180.1.21/identity/v3/projects/6d2af21602854d419efd01ae2abd937d 0.275s
2025-05-14 09:49:39.930 70106 INFO tempest.lib.common.rest_client [req-86dbd306-f5fe-4af5-b5cc-efb1a05932be req-86dbd306-f5fe-4af5-b5cc-efb1a05932be ] Request (ListServersNegativeTestJSON:setUpClass): 200 GET http://10.180.1.21/compute/v2.1/servers/2077be55-c9ca-46ad-9a38-24b83c46b705 2.395s
2025-05-14 09:49:39.936 70086 INFO tempest.lib.common.rest_client [req-96bad6f6-af8a-467f-9df6-69b450f7efbc req-96bad6f6-af8a-467f-9df6-69b450f7efbc ] Request (ServerExternalEventsTest:setUpClass): 200 GET http://10.180.1.21/identity/v3/roles 0.293s
2025-05-14 09:49:39.943 70106 INFO tempest.common.waiters [-] State transition "BUILD/None" ==> "BUILD/spawning" after 7 second wait
2025-05-14 09:49:39.980 70146 INFO tempest.lib.common.rest_client [req-4ecfd6a3-eabd-40dc-9df1-46b9a07d6bd1 req-4ecfd6a3-eabd-40dc-9df1-46b9a07d6bd1 ] Request (ListImagesTestJSON:setUpClass): 201 POST http://10.180.1.21/identity/v3/auth/tokens 0.268s
2025-05-14 09:49:40.020 70120 INFO tempest.lib.common.rest_client [req-253bb739-7fe6-4aeb-ab0b-03228d8f1487 req-253bb739-7fe6-4aeb-ab0b-03228d8f1487 ] Request (KeyPairsV210TestJSON:tearDownClass): 201 POST http://10.180.1.21/identity/v3/auth/tokens 0.210s
2025-05-14 09:49:40.031 70090 INFO tempest.lib.common.rest_client [req-6a74af0d-f711-43fb-ac3a-5759c48e9165 req-6a74af0d-f711-43fb-ac3a-5759c48e9165 ] Request (SecurityGroupRulesTestJSON:setUpClass): 201 POST http://10.180.1.21/identity/v3/projects 0.338s
2025-05-14 09:49:40.094 70118 INFO tempest.lib.common.rest_client [req-715cc12a-5643-4ada-87c5-583f8f3c46dd req-715cc12a-5643-4ada-87c5-583f8f3c46dd ] Request (NetworksTest:setUpClass): 201 POST http://10.180.1.21/identity/v3/auth/tokens 0.269s
2025-05-14 09:49:40.120 70130 INFO tempest.lib.common.rest_client [req-29c2e068-99ee-4c98-9b0b-71edf7c050aa req-29c2e068-99ee-4c98-9b0b-71edf7c050aa ] Request (QuotasAdminNegativeTest:test_create_server_when_instances_quota_is_full): 403 POST http://10.180.1.21/compute/v2.1/servers 2.467s
2025-05-14 09:49:40.122 70086 INFO tempest.lib.common.rest_client [req-d7a5e064-8a53-4aa6-9bea-04359a5f87b8 req-d7a5e064-8a53-4aa6-9bea-04359a5f87b8 ] Request (ServerExternalEventsTest:setUpClass): 204 PUT http://10.180.1.21/identity/v3/projects/11dd3cd7d339464189a4a1010f5a49d0/users/0870c6122a554f26a7fd24ea6b5aa28d/roles/c135bc17aa1b4b88b3fe778157d94217 0.186s
2025-05-14 09:49:40.164 70146 INFO tempest.lib.common.rest_client [req-4af347f2-d3f7-4d0a-aead-14ab2e0a0fd5 req-4af347f2-d3f7-4d0a-aead-14ab2e0a0fd5 ] Request (ListImagesTestJSON:setUpClass): 201 POST http://10.180.1.21/identity/v3/auth/tokens 0.181s
2025-05-14 09:49:40.209 70090 INFO tempest.lib.common.rest_client [req-36005bcc-395b-4d9a-93ad-2cc06db3a451 req-36005bcc-395b-4d9a-93ad-2cc06db3a451 ] Request (SecurityGroupRulesTestJSON:setUpClass): 201 POST http://10.180.1.21/identity/v3/users 0.177s
2025-05-14 09:49:40.231 70086 INFO tempest.lib.common.rest_client [req-dba6971a-0368-46fc-b424-b262e6866f5e req-dba6971a-0368-46fc-b424-b262e6866f5e ] Request (ServerExternalEventsTest:setUpClass): 200 GET http://10.180.1.21/identity/v3/roles 0.108s
2025-05-14 09:49:40.237 70118 INFO tempest.lib.common.rest_client [req-9732be2f-ac26-45c5-bac8-9bb94d03c326 req-9732be2f-ac26-45c5-bac8-9bb94d03c326 ] Request (NetworksTest:setUpClass): 201 POST http://10.180.1.21/identity/v3/auth/tokens 0.139s
2025-05-14 09:49:40.292 70100 INFO tempest.lib.common.rest_client [req-4b1a2689-6862-4f47-bdb8-99cd02f187a1 req-4b1a2689-6862-4f47-bdb8-99cd02f187a1 ] Request (HypervisorAdminNegativeTestJSON:test_get_hypervisor_list_details_with_non_admin_user): 403 GET http://10.180.1.21/compute/v2.1/os-hypervisors/detail 2.298s
2025-05-14 09:49:40.306 70146 INFO tempest.lib.common.rest_client [req-1904b354-ce4d-471e-83c1-ada2cf947a6e req-1904b354-ce4d-471e-83c1-ada2cf947a6e ] Request (ListImagesTestJSON:setUpClass): 200 GET http://10.180.1.21/identity/v3/domains?name=Default 0.141s
2025-05-14 09:49:40.318 70134 INFO tempest.lib.common.rest_client [req-76564f2a-5e44-46b0-8065-cd58b4c1a5ca req-76564f2a-5e44-46b0-8065-cd58b4c1a5ca ] Request (FlavorsV261TestJSON:tearDownClass): 204 DELETE http://10.180.1.21:9696/networking/v2.0/security-groups/7e058405-d15f-4ec9-897f-e59b951f79c9 0.632s
2025-05-14 09:49:40.329 70090 INFO tempest.lib.common.rest_client [req-97765c1c-d2f0-4526-8a0b-dcc09b7cd79c req-97765c1c-d2f0-4526-8a0b-dcc09b7cd79c ] Request (SecurityGroupRulesTestJSON:setUpClass): 200 GET http://10.180.1.21/identity/v3/roles 0.120s
2025-05-14 09:49:40.341 70086 INFO tempest.lib.common.rest_client [req-b9c27815-613f-4596-91fb-e8ad9d40824d req-b9c27815-613f-4596-91fb-e8ad9d40824d ] Request (ServerExternalEventsTest:setUpClass): 204 PUT http://10.180.1.21/identity/v3/projects/11dd3cd7d339464189a4a1010f5a49d0/users/0870c6122a554f26a7fd24ea6b5aa28d/roles/1468e096635d45839cca02ae8deb524c 0.109s
2025-05-14 09:49:40.341 70086 INFO tempest.lib.common.dynamic_creds [-] Dynamic test user 0870c6122a554f26a7fd24ea6b5aa28d is created with scope project and roles: ['service', 'admin']
2025-05-14 09:49:40.341 70086 INFO tempest.lib.common.dynamic_creds [-] Acquired dynamic creds: credentials: Credentials: {'domain_id': 'default', 'domain_name': 'Default', 'username': 'tempest-ServerExternalEventsTest-574716715-project', 'project_domain_id': 'default', 'project_domain_name': 'Default', 'project_id': '11dd3cd7d339464189a4a1010f5a49d0', 'project_name': 'tempest-ServerExternalEventsTest-574716715', 'tenant_id': '11dd3cd7d339464189a4a1010f5a49d0', 'tenant_name': 'tempest-ServerExternalEventsTest-574716715', 'user_domain_id': 'default', 'user_domain_name': 'Default', 'user_id': '0870c6122a554f26a7fd24ea6b5aa28d', 'system': None}, Network: None, Subnet: None, Router: None
2025-05-14 09:49:40.341 70086 INFO tempest.lib.common.dynamic_creds [-] Created isolated network resources for: credentials: Credentials: {'domain_id': 'default', 'domain_name': 'Default', 'username': 'tempest-ServerExternalEventsTest-574716715-project', 'project_domain_id': 'default', 'project_domain_name': 'Default', 'project_id': '11dd3cd7d339464189a4a1010f5a49d0', 'project_name': 'tempest-ServerExternalEventsTest-574716715', 'tenant_id': '11dd3cd7d339464189a4a1010f5a49d0', 'tenant_name': 'tempest-ServerExternalEventsTest-574716715', 'user_domain_id': 'default', 'user_domain_name': 'Default', 'user_id': '0870c6122a554f26a7fd24ea6b5aa28d', 'system': None}, Network: None, Subnet: None, Router: None
2025-05-14 09:49:40.352 70118 INFO tempest.lib.common.rest_client [req-151c3345-ea96-4518-9be8-f048fc1da4a9 req-151c3345-ea96-4518-9be8-f048fc1da4a9 ] Request (NetworksTest:setUpClass): 200 GET http://10.180.1.21/identity/v3/domains?name=Default 0.114s
2025-05-14 09:49:40.367 70120 INFO tempest.lib.common.rest_client [req-af6a7e8c-38b2-4eaf-a360-9fe5fd10ad37 req-af6a7e8c-38b2-4eaf-a360-9fe5fd10ad37 ] Request (KeyPairsV210TestJSON:tearDownClass): 200 GET http://10.180.1.21:9696/networking/v2.0/security-groups?tenant_id=b0c8e276491a4d16b02cb5970ffbaaa7&name=default 0.346s
2025-05-14 09:49:40.393 70126 INFO tempest.lib.common.rest_client [req-45b2c1e7-4221-44cb-99ef-4da47525e13c req-45b2c1e7-4221-44cb-99ef-4da47525e13c ] Request (ServersTestBootFromVolume:setUpClass): 200 GET http://10.180.1.21/volume/v3/volumes/d8910522-aaef-4aff-a082-cc36ae5f6efa 0.027s
2025-05-14 09:49:40.407 70146 INFO tempest.lib.common.rest_client [req-7073b712-c88c-4223-96d9-33ec976441b3 req-7073b712-c88c-4223-96d9-33ec976441b3 ] Request (ListImagesTestJSON:setUpClass): 201 POST http://10.180.1.21/identity/v3/projects 0.101s
2025-05-14 09:49:40.442 70110 INFO tempest.lib.common.rest_client [req-8a33905a-6ee7-41a2-86d7-35ff75afa5e4 req-8a33905a-6ee7-41a2-86d7-35ff75afa5e4 ] Request (DeleteServersAdminTestJSON:test_admin_delete_servers_of_others): 200 GET http://10.180.1.21/compute/v2.1/servers/50f54b16-d6c6-4654-8f13-7773a3ec0e34 2.700s
2025-05-14 09:49:40.449 70120 INFO tempest.lib.common.rest_client [req-59e35fa2-fdd5-4976-ad7b-586bde9e89a5 req-59e35fa2-fdd5-4976-ad7b-586bde9e89a5 ] Request (KeyPairsV210TestJSON:tearDownClass): 204 DELETE http://10.180.1.21:9696/networking/v2.0/security-groups/5805839e-5552-4feb-9514-753945a7d980 0.082s
2025-05-14 09:49:40.500 70090 INFO tempest.lib.common.rest_client [req-4a5d6a0e-ea4e-40c4-b44a-9fe042d3ff0f req-4a5d6a0e-ea4e-40c4-b44a-9fe042d3ff0f ] Request (SecurityGroupRulesTestJSON:setUpClass): 204 PUT http://10.180.1.21/identity/v3/projects/2b28078b27be46acb0ec495814bac278/users/a3ff2ef364444bc18144caec423a77a9/roles/a39c8938f9a84f969bd045d82a5baa4b 0.170s
2025-05-14 09:49:40.500 70134 INFO tempest.lib.common.rest_client [req-394847de-4930-454b-bb9e-5e72f8c97074 req-394847de-4930-454b-bb9e-5e72f8c97074 ] Request (FlavorsV261TestJSON:tearDownClass): 204 DELETE http://10.180.1.21/identity/v3/projects/9e1b3a09bc734efbb1442443fe7ab542 0.181s
2025-05-14 09:49:40.500 70090 INFO tempest.lib.common.dynamic_creds [-] Dynamic test user a3ff2ef364444bc18144caec423a77a9 is created with scope project and roles: ['member']
2025-05-14 09:49:40.501 70090 INFO tempest.lib.common.dynamic_creds [-] Acquired dynamic creds: credentials: Credentials: {'domain_id': 'default', 'domain_name': 'Default', 'username': 'tempest-SecurityGroupRulesTestJSON-579281128-project-member', 'project_domain_id': 'default', 'project_domain_name': 'Default', 'project_id': '2b28078b27be46acb0ec495814bac278', 'project_name': 'tempest-SecurityGroupRulesTestJSON-579281128', 'tenant_id': '2b28078b27be46acb0ec495814bac278', 'tenant_name': 'tempest-SecurityGroupRulesTestJSON-579281128', 'user_domain_id': 'default', 'user_domain_name': 'Default', 'user_id': 'a3ff2ef364444bc18144caec423a77a9', 'system': None}, Network: None, Subnet: None, Router: None
2025-05-14 09:49:40.577 70086 INFO tempest.lib.common.rest_client [req-b81f6593-3d58-4c84-b9a5-9f0abf5e79b1 req-b81f6593-3d58-4c84-b9a5-9f0abf5e79b1 ] Request (ServerExternalEventsTest:setUpClass): 201 POST http://10.180.1.21/identity/v3/auth/tokens 0.232s
2025-05-14 09:49:40.597 70118 INFO tempest.lib.common.rest_client [req-578fdcd0-013e-48c1-931f-bf1486a3e553 req-578fdcd0-013e-48c1-931f-bf1486a3e553 ] Request (NetworksTest:setUpClass): 201 POST http://10.180.1.21/identity/v3/projects 0.245s
2025-05-14 09:49:40.612 70146 INFO tempest.lib.common.rest_client [req-f166af08-a91b-4e1c-b9e2-c6701159799a req-f166af08-a91b-4e1c-b9e2-c6701159799a ] Request (ListImagesTestJSON:setUpClass): 201 POST http://10.180.1.21/identity/v3/users 0.204s
2025-05-14 09:49:40.710 70120 INFO tempest.lib.common.rest_client [req-497ef3da-014c-4665-8811-5a9d386ea382 req-497ef3da-014c-4665-8811-5a9d386ea382 ] Request (KeyPairsV210TestJSON:tearDownClass): 204 DELETE http://10.180.1.21/identity/v3/projects/b0c8e276491a4d16b02cb5970ffbaaa7 0.260s
2025-05-14 09:49:40.710 70120 INFO tempest.lib.common.dynamic_creds [-] Deleting project and security group for project: 26122fcef2ef4268a0eb5e0ab4fd8cf6
2025-05-14 09:49:40.748 70094 INFO tempest.lib.common.rest_client [req-7d9b4ee4-cd76-47c5-850b-ae209f00ddbd req-7d9b4ee4-cd76-47c5-850b-ae209f00ddbd ] Request (SecurityGroupsTestAdminJSON:test_list_security_groups_list_all_tenants_filter): 200 POST http://10.180.1.21/compute/v2.1/os-security-groups 2.210s
2025-05-14 09:49:40.763 70090 INFO tempest.lib.common.rest_client [req-15aaa8c4-c97a-45c9-97f6-464e18ec570e req-15aaa8c4-c97a-45c9-97f6-464e18ec570e ] Request (SecurityGroupRulesTestJSON:setUpClass): 201 POST http://10.180.1.21/identity/v3/auth/tokens 0.262s
2025-05-14 09:49:40.781 70128 INFO tempest.lib.common.rest_client [req-8d35b7b7-c5dc-45a6-8a66-1c4298bd3a8b req-8d35b7b7-c5dc-45a6-8a66-1c4298bd3a8b ] Request (FlavorsAccessTestJSON:test_flavor_access_list_with_private_flavor): 200 POST http://10.180.1.21/compute/v2.1/flavors 2.199s
2025-05-14 09:49:40.788 70084 INFO tempest.lib.common.rest_client [req-054f6b87-401a-44bf-960a-c52352d9f306 req-054f6b87-401a-44bf-960a-c52352d9f306 ] Request (FlavorsExtraSpecsNegativeTestJSON:test_flavor_update_mismatch_key): 400 PUT http://10.180.1.21/compute/v2.1/flavors/790438297/os-extra_specs/hw:numa_nodes 2.203s
2025-05-14 09:49:40.796 70134 INFO tempest.lib.common.rest_client [req-bf668559-31c3-4e56-b4f1-528e5a9bf732 req-bf668559-31c3-4e56-b4f1-528e5a9bf732 ] Request (TenantUsagesTestJSON:setUpClass): 201 POST http://10.180.1.21/identity/v3/auth/tokens 0.294s
2025-05-14 09:49:40.833 70120 INFO tempest.lib.common.rest_client [req-296c1d5b-e80b-4652-a313-6f15ba5373ed req-296c1d5b-e80b-4652-a313-6f15ba5373ed ] Request (KeyPairsV210TestJSON:tearDownClass): 200 GET http://10.180.1.21:9696/networking/v2.0/security-groups?tenant_id=26122fcef2ef4268a0eb5e0ab4fd8cf6&name=default 0.123s
2025-05-14 09:49:40.834 70118 INFO tempest.lib.common.rest_client [req-21f6384d-c46b-468d-a276-dcf3c77146fb req-21f6384d-c46b-468d-a276-dcf3c77146fb ] Request (NetworksTest:setUpClass): 201 POST http://10.180.1.21/identity/v3/users 0.235s
2025-05-14 09:49:40.844 70086 INFO tempest.lib.common.rest_client [req-4ed2370d-a62e-47d3-b7a1-bf129fdb0632 req-4ed2370d-a62e-47d3-b7a1-bf129fdb0632 ] Request (ServerExternalEventsTest:test_create_server_external_events): 201 POST http://10.180.1.21/identity/v3/auth/tokens 0.263s
2025-05-14 09:49:40.844 70086 INFO tempest.lib.common.fixed_network [-] (ServerExternalEventsTest:test_create_server_external_events) Found network None available for tenant
2025-05-14 09:49:40.865 70146 INFO tempest.lib.common.rest_client [req-1a1c4ad5-beb6-4d47-9873-cc997f89bd15 req-1a1c4ad5-beb6-4d47-9873-cc997f89bd15 ] Request (ListImagesTestJSON:setUpClass): 200 GET http://10.180.1.21/identity/v3/roles 0.253s
2025-05-14 09:49:40.944 70120 INFO tempest.lib.common.rest_client [req-72c65663-668f-4422-b1e2-4126ebedf078 req-72c65663-668f-4422-b1e2-4126ebedf078 ] Request (KeyPairsV210TestJSON:tearDownClass): 204 DELETE http://10.180.1.21:9696/networking/v2.0/security-groups/e5c85c68-335c-4698-85cd-cf2ccca0831b 0.111s
2025-05-14 09:49:40.980 70134 INFO tempest.lib.common.rest_client [req-8b7d8fa6-6ea8-4b6c-b88e-a7273bb7398f req-8b7d8fa6-6ea8-4b6c-b88e-a7273bb7398f ] Request (TenantUsagesTestJSON:setUpClass): 201 POST http://10.180.1.21/identity/v3/auth/tokens 0.181s
2025-05-14 09:49:41.005 70118 INFO tempest.lib.common.rest_client [req-3d88040e-c278-4c98-b2fc-50d1c6b63e0a req-3d88040e-c278-4c98-b2fc-50d1c6b63e0a ] Request (NetworksTest:setUpClass): 200 GET http://10.180.1.21/identity/v3/roles 0.170s
2025-05-14 09:49:41.039 70146 INFO tempest.lib.common.rest_client [req-79f8f10f-ae79-46fe-bde6-47710db33061 req-79f8f10f-ae79-46fe-bde6-47710db33061 ] Request (ListImagesTestJSON:setUpClass): 204 PUT http://10.180.1.21/identity/v3/projects/15d1f6d3b26c4379a46abd47f0147318/users/031cda1543bf4fa5a3a38ad29b86d0e7/roles/a39c8938f9a84f969bd045d82a5baa4b 0.173s
2025-05-14 09:49:41.039 70146 INFO tempest.lib.common.dynamic_creds [-] Dynamic test user 031cda1543bf4fa5a3a38ad29b86d0e7 is created with scope project and roles: ['member']
2025-05-14 09:49:41.040 70146 INFO tempest.lib.common.dynamic_creds [-] Acquired dynamic creds: credentials: Credentials: {'domain_id': 'default', 'domain_name': 'Default', 'username': 'tempest-ListImagesTestJSON-924761964-project-member', 'project_domain_id': 'default', 'project_domain_name': 'Default', 'project_id': '15d1f6d3b26c4379a46abd47f0147318', 'project_name': 'tempest-ListImagesTestJSON-924761964', 'tenant_id': '15d1f6d3b26c4379a46abd47f0147318', 'tenant_name': 'tempest-ListImagesTestJSON-924761964', 'user_domain_id': 'default', 'user_domain_name': 'Default', 'user_id': '031cda1543bf4fa5a3a38ad29b86d0e7', 'system': None}, Network: None, Subnet: None, Router: None
2025-05-14 09:49:41.040 70146 INFO tempest.lib.common.dynamic_creds [-] Created isolated network resources for: credentials: Credentials: {'domain_id': 'default', 'domain_name': 'Default', 'username': 'tempest-ListImagesTestJSON-924761964-project-member', 'project_domain_id': 'default', 'project_domain_name': 'Default', 'project_id': '15d1f6d3b26c4379a46abd47f0147318', 'project_name': 'tempest-ListImagesTestJSON-924761964', 'tenant_id': '15d1f6d3b26c4379a46abd47f0147318', 'tenant_name': 'tempest-ListImagesTestJSON-924761964', 'user_domain_id': 'default', 'user_domain_name': 'Default', 'user_id': '031cda1543bf4fa5a3a38ad29b86d0e7', 'system': None}, Network: None, Subnet: None, Router: None
2025-05-14 09:49:41.042 70114 INFO tempest.lib.common.rest_client [req-f29155a9-9755-40a1-bd17-ff1168098eeb req-f29155a9-9755-40a1-bd17-ff1168098eeb ] Request (HypervisorAdminUnderV252Test:test_get_hypervisor_show_servers): 200 GET http://10.180.1.21/compute/v2.1/os-hypervisors 2.169s
2025-05-14 09:49:41.066 70104 INFO tempest.lib.common.rest_client [req-65177263-cd14-4f90-bfb4-41b82fde16aa req-65177263-cd14-4f90-bfb4-41b82fde16aa ] Request (ServicesAdminNegativeV253TestJSON:test_get_service_by_invalid_params): 200 GET http://10.180.1.21/compute/v2.1/os-services 1.959s
2025-05-14 09:49:41.081 70142 INFO tempest.lib.common.rest_client [req-716f7e3e-acab-42a6-a7bf-79a3da7743c6 req-716f7e3e-acab-42a6-a7bf-79a3da7743c6 ] Request (FlavorsAccessNegativeTestJSON:test_flavor_access_list_with_public_flavor): 404 GET http://10.180.1.21/compute/v2.1/flavors/1619277673/os-flavor-access 1.942s
2025-05-14 09:49:41.123 70102 INFO tempest.lib.common.rest_client [req-36778086-fe2d-49aa-82d5-8efe791a865f req-36778086-fe2d-49aa-82d5-8efe791a865f ] Request (QuotasAdminTestJSON:test_delete_quota): 200 GET http://10.180.1.21/compute/v2.1/os-quota-sets/e47b8a085989426e9ac2f2e0d63408d7 3.071s
2025-05-14 09:49:41.128 70134 INFO tempest.lib.common.rest_client [req-7c06f589-afcc-41df-bdf9-12bd293b6f22 req-7c06f589-afcc-41df-bdf9-12bd293b6f22 ] Request (TenantUsagesTestJSON:setUpClass): 200 GET http://10.180.1.21/identity/v3/domains?name=Default 0.148s
2025-05-14 09:49:41.154 70120 INFO tempest.lib.common.rest_client [req-1c01e0e8-4e71-4e39-a4d6-f70eba2e9c8a req-1c01e0e8-4e71-4e39-a4d6-f70eba2e9c8a ] Request (KeyPairsV210TestJSON:tearDownClass): 204 DELETE http://10.180.1.21/identity/v3/projects/26122fcef2ef4268a0eb5e0ab4fd8cf6 0.206s
2025-05-14 09:49:41.169 70108 INFO tempest.lib.common.rest_client [req-2ce40681-469d-4d01-b1dc-2f59bb339ffd req-2ce40681-469d-4d01-b1dc-2f59bb339ffd ] Request (ValidationResourcesFixture:setUp): 200 POST http://10.180.1.21/compute/v2.1/os-keypairs 1.984s
2025-05-14 09:49:41.173 70090 INFO tempest.lib.common.rest_client [req-ee9ad962-d8e9-480e-a623-5d2c22e049b1 req-ee9ad962-d8e9-480e-a623-5d2c22e049b1 ] Request (SecurityGroupRulesTestJSON:setUpClass): 201 POST http://10.180.1.21:9696/networking/v2.0/networks 0.409s
2025-05-14 09:49:41.190 70116 INFO tempest.lib.common.rest_client [req-6c0e8664-5161-4dde-8782-e3c755599b70 req-6c0e8664-5161-4dde-8782-e3c755599b70 ] Request (AttachInterfacesV270Test:test_create_get_list_interfaces): 200 GET http://10.180.1.21/compute/v2.1/servers/2631d429-9d16-4cdf-b7cf-14ea26d5fd94 2.009s
2025-05-14 09:49:41.205 70122 INFO tempest.lib.common.rest_client [req-c06b9640-2f95-478a-a42c-ce3bff08031a req-c06b9640-2f95-478a-a42c-ce3bff08031a ] Request (HostsAdminTestJSON:test_show_host_detail): 200 GET http://10.180.1.21/compute/v2.1/os-hosts 1.990s
2025-05-14 09:49:41.229 70092 INFO tempest.lib.common.rest_client [req-328af5f7-44de-4251-acd4-ac3a1ec5922b req-328af5f7-44de-4251-acd4-ac3a1ec5922b ] Request (AggregatesAdminNegativeTestJSON:_run_cleanups): 200 DELETE http://10.180.1.21/compute/v2.1/os-aggregates/2 1.623s
2025-05-14 09:49:41.261 70144 INFO tempest.lib.common.rest_client [req-16e4014d-052f-41bb-a595-43173aafb8d6 req-16e4014d-052f-41bb-a595-43173aafb8d6 ] Request (FlavorsAdminTestJSON:_run_cleanups): 200 GET http://10.180.1.21/compute/v2.1/flavors/detail 1.632s
2025-05-14 09:49:41.263 70118 INFO tempest.lib.common.rest_client [req-5b1888c1-292d-4d6e-a58f-e08f644cafc5 req-5b1888c1-292d-4d6e-a58f-e08f644cafc5 ] Request (NetworksTest:setUpClass): 204 PUT http://10.180.1.21/identity/v3/projects/c16fc0e86f90403489ec52105ff348a0/users/f806dd007cfd49269b1e4cd99e121cc5/roles/a39c8938f9a84f969bd045d82a5baa4b 0.258s
2025-05-14 09:49:41.263 70118 INFO tempest.lib.common.dynamic_creds [-] Dynamic test user f806dd007cfd49269b1e4cd99e121cc5 is created with scope project and roles: ['member']
2025-05-14 09:49:41.264 70118 INFO tempest.lib.common.dynamic_creds [-] Acquired dynamic creds: credentials: Credentials: {'domain_id': 'default', 'domain_name': 'Default', 'username': 'tempest-NetworksTest-2080264489-project-member', 'project_domain_id': 'default', 'project_domain_name': 'Default', 'project_id': 'c16fc0e86f90403489ec52105ff348a0', 'project_name': 'tempest-NetworksTest-2080264489', 'tenant_id': 'c16fc0e86f90403489ec52105ff348a0', 'tenant_name': 'tempest-NetworksTest-2080264489', 'user_domain_id': 'default', 'user_domain_name': 'Default', 'user_id': 'f806dd007cfd49269b1e4cd99e121cc5', 'system': None}, Network: None, Subnet: None, Router: None
