2025-04-29 22:26:41.341 70725 INFO tempest.lib.common.rest_client [req-2d3a63b2-354a-4966-95c6-ebfad4b45f16 req-2d3a63b2-354a-4966-95c6-ebfad4b45f16 ] Request (DeleteServersTestJSON:test_delete_server_while_in_attached_volume): 200 GET http://10.180.1.21/compute/v2.1/servers/07e33dbe-c8c4-4e66-9cbe-f4624bf97da3 0.701s
2025-04-29 22:26:41.372 70781 INFO tempest.lib.common.rest_client [req-f2867e75-a17f-4e81-a616-d6cfc9cee5b2 req-f2867e75-a17f-4e81-a616-d6cfc9cee5b2 ] Request (ServersTestBootFromVolume:setUpClass): 200 GET http://10.180.1.21/volume/v3/volumes/f12e9f6b-43a7-4d72-9ee8-4a204cd92cfb 0.034s
2025-04-29 22:26:41.418 70745 INFO tempest.lib.common.rest_client [req-166d87b2-ad59-490c-b1d1-428193edd689 req-166d87b2-ad59-490c-b1d1-428193edd689 ] Request (AttachInterfacesUnderV243Test:test_add_remove_fixed_ip): 200 GET http://10.180.1.21/compute/v2.1/servers/be427ef2-dafd-4482-8204-0964fd00c7bb 0.686s
2025-04-29 22:26:41.435 70761 INFO tempest.lib.common.rest_client [req-0b104c65-1e88-4e50-bb0a-48f8aef64110 req-0b104c65-1e88-4e50-bb0a-48f8aef64110 ] Request (ServerDiagnosticsV248Test:tearDownClass): 204 DELETE http://10.180.1.21:9696/networking/v2.0/security-groups/b14dbdd5-b2d8-4212-90d7-54464772ad97 0.121s
2025-04-29 22:26:41.472 70739 INFO tempest.lib.common.rest_client [req-fd4c96d3-3318-461f-8469-272ce4506f9a req-fd4c96d3-3318-461f-8469-272ce4506f9a ] Request (ImagesTestJSON:setUpClass): 200 PUT http://10.180.1.21:9696/networking/v2.0/routers/b2e01945-45f7-4d85-9d09-17a20396091a/add_router_interface 2.035s
2025-04-29 22:26:41.472 70739 INFO tempest.lib.common.dynamic_creds [-] Created isolated network resources for: credentials: Credentials: {'domain_id': 'default', 'domain_name': 'Default', 'username': 'tempest-ImagesTestJSON-499820929-project-member', 'project_domain_id': 'default', 'project_domain_name': 'Default', 'project_id': '61a339b3232c4a8fbe1194d2748e0f19', 'project_name': 'tempest-ImagesTestJSON-499820929', 'tenant_id': '61a339b3232c4a8fbe1194d2748e0f19', 'tenant_name': 'tempest-ImagesTestJSON-499820929', 'user_domain_id': 'default', 'user_domain_name': 'Default', 'user_id': 'fcc0941a389c4edd80f1551ce95e684c', 'system': None}, Network: {'id': '59e29add-9728-45b4-9c9d-ef762c94989a', 'name': 'tempest-ImagesTestJSON-1105330884-network', 'tenant_id': '61a339b3232c4a8fbe1194d2748e0f19', 'admin_state_up': True, 'mtu': 8950, 'status': 'ACTIVE', 'subnets': [], 'shared': False, 'project_id': '61a339b3232c4a8fbe1194d2748e0f19', 'port_security_enabled': True, 'router:external': False, 'provider:network_type': 'vlan', 'provider:physical_network': 'default', 'provider:segmentation_id': 153, 'availability_zone_hints': [], 'availability_zones': [], 'ipv4_address_scope': None, 'ipv6_address_scope': None, 'description': '', 'tags': [], 'created_at': '2025-04-29T22:26:37Z', 'updated_at': '2025-04-29T22:26:37Z', 'revision_number': 1}, Subnet: {'id': 'ff0ea5ec-a71e-4cfd-9a3a-ee06486cfd68', 'name': 'tempest-ImagesTestJSON-1105330884-subnet', 'tenant_id': '61a339b3232c4a8fbe1194d2748e0f19', 'network_id': '59e29add-9728-45b4-9c9d-ef762c94989a', 'ip_version': 4, 'subnetpool_id': None, 'enable_dhcp': True, 'ipv6_ra_mode': None, 'ipv6_address_mode': None, 'gateway_ip': '192.168.128.1', 'cidr': '192.168.128.0/28', 'allocation_pools': [{'start': '192.168.128.2', 'end': '192.168.128.14'}], 'host_routes': [], 'dns_nameservers': [], 'description': '', 'router:external': False, 'service_types': [], 'tags': [], 'created_at': '2025-04-29T22:26:37Z', 'updated_at': '2025-04-29T22:26:37Z', 'revision_number': 0, 'project_id': '61a339b3232c4a8fbe1194d2748e0f19'}, Router: {'id': 'b2e01945-45f7-4d85-9d09-17a20396091a', 'name': 'tempest-ImagesTestJSON-1105330884-router', 'tenant_id': '61a339b3232c4a8fbe1194d2748e0f19', 'admin_state_up': True, 'status': 'ACTIVE', 'external_gateway_info': {'network_id': '376b28e9-9f4e-46c3-b7f9-a0730e101275', 'external_fixed_ips': [{'subnet_id': '8016d017-e5c9-4575-9dda-136e6d399308', 'ip_address': '10.180.180.158'}], 'enable_snat': True}, 'description': '', 'availability_zones': [], 'distributed': False, 'ha': False, 'availability_zone_hints': [], 'routes': [], 'flavor_id': None, 'tags': [], 'created_at': '2025-04-29T22:26:38Z', 'updated_at': '2025-04-29T22:26:38Z', 'revision_number': 2, 'project_id': '61a339b3232c4a8fbe1194d2748e0f19'}
2025-04-29 22:26:41.506 70751 INFO tempest.lib.common.rest_client [req-7dd7285f-5e75-4caa-9816-34f5601780eb req-7dd7285f-5e75-4caa-9816-34f5601780eb ] Request (FloatingIPsAssociationTestJSON:test_associate_already_associated_floating_ip): 202 POST http://10.180.1.21/compute/v2.1/servers/eb2fdaed-a533-45b9-8d69-b16ea78c57a6/action 1.080s
2025-04-29 22:26:41.541 70761 INFO tempest.lib.common.rest_client [req-6faf1cb9-a0c8-4f8d-98cb-1a995ce4fadc req-6faf1cb9-a0c8-4f8d-98cb-1a995ce4fadc ] Request (ServerDiagnosticsV248Test:tearDownClass): 204 DELETE http://10.180.1.21/identity/v3/projects/edf7459d73094ab78aad66e5d2c9abea 0.106s
2025-04-29 22:26:41.551 70721 INFO tempest.lib.common.rest_client [req-d13ac1b0-6a37-4eb7-9949-ef90249f27d2 req-d13ac1b0-6a37-4eb7-9949-ef90249f27d2 ] Request (ServerPasswordTestJSON:setUpClass): 200 GET http://10.180.1.21/compute/v2.1/servers/2ae3dcae-e547-4dcf-a459-48a160facea9 0.804s
2025-04-29 22:26:41.563 70739 INFO tempest.lib.common.rest_client [req-40ca296f-e43d-4c31-bd53-e3425938ad90 req-40ca296f-e43d-4c31-bd53-e3425938ad90 ] Request (ImagesTestJSON:setUpClass): 201 POST http://10.180.1.21/identity/v3/auth/tokens 0.087s
2025-04-29 22:26:41.575 70771 INFO tempest.lib.common.rest_client [req-3649335c-af43-4bb9-8099-e997e7803134 req-3649335c-af43-4bb9-8099-e997e7803134 ] Request (ServersAdminNegativeTestJSON:tearDownClass): 200 GET http://10.180.1.21/compute/v2.1/servers/71f44424-3ca9-4bbe-a6bf-e133a5f3b35e 0.773s
2025-04-29 22:26:41.628 70761 INFO tempest.lib.common.rest_client [req-4e34a7b2-9e4b-46f8-b445-91792b9d70b2 req-4e34a7b2-9e4b-46f8-b445-91792b9d70b2 ] Request (FlavorsV2TestJSON:setUpClass): 201 POST http://10.180.1.21/identity/v3/auth/tokens 0.085s
2025-04-29 22:26:41.636 70723 INFO tempest.lib.common.rest_client [req-5a273e70-add4-41a4-8d4f-61c6d6cb26ba req-5a273e70-add4-41a4-8d4f-61c6d6cb26ba ] Request (ServersAdminTestJSON:setUpClass): 200 GET http://10.180.1.21/compute/v2.1/servers/6de25259-68ea-4105-9739-79fdf84664c5 0.772s
2025-04-29 22:26:41.644 70739 INFO tempest.lib.common.rest_client [req-2568ab04-7a5a-44eb-b354-12f7dff581a3 req-2568ab04-7a5a-44eb-b354-12f7dff581a3 ] Request (ImagesTestJSON:test_create_image_from_stopped_server): 201 POST http://10.180.1.21/identity/v3/auth/tokens 0.072s
2025-04-29 22:26:41.645 70739 INFO tempest.lib.common.fixed_network [-] (ImagesTestJSON:test_create_image_from_stopped_server) Found network {'id': '59e29add-9728-45b4-9c9d-ef762c94989a', 'name': 'tempest-ImagesTestJSON-1105330884-network', 'tenant_id': '61a339b3232c4a8fbe1194d2748e0f19', 'admin_state_up': True, 'mtu': 8950, 'status': 'ACTIVE', 'subnets': [], 'shared': False, 'project_id': '61a339b3232c4a8fbe1194d2748e0f19', 'port_security_enabled': True, 'router:external': False, 'provider:network_type': 'vlan', 'provider:physical_network': 'default', 'provider:segmentation_id': 153, 'availability_zone_hints': [], 'availability_zones': [], 'ipv4_address_scope': None, 'ipv6_address_scope': None, 'description': '', 'tags': [], 'created_at': '2025-04-29T22:26:37Z', 'updated_at': '2025-04-29T22:26:37Z', 'revision_number': 1} available for tenant
2025-04-29 22:26:41.665 70761 INFO tempest.lib.common.rest_client [req-2fd2b56a-b9a4-46a6-a805-78d3a4046af2 req-2fd2b56a-b9a4-46a6-a805-78d3a4046af2 ] Request (FlavorsV2TestJSON:setUpClass): 201 POST http://10.180.1.21/identity/v3/auth/tokens 0.034s
2025-04-29 22:26:41.700 70761 INFO tempest.lib.common.rest_client [req-f6c866af-9ae9-4826-8097-cca0c31f5fd1 req-f6c866af-9ae9-4826-8097-cca0c31f5fd1 ] Request (FlavorsV2TestJSON:setUpClass): 200 GET http://10.180.1.21/identity/v3/domains?name=Default 0.034s
2025-04-29 22:26:41.710 70719 INFO tempest.lib.common.rest_client [req-d281ee41-1e4d-495c-a87a-ef83a2dd638f req-d281ee41-1e4d-495c-a87a-ef83a2dd638f ] Request (ServerDiskConfigTestJSON:test_rebuild_server_with_manual_disk_config): 200 GET http://10.180.1.21/compute/v2.1/servers/97c95263-d583-49bd-8f86-624a9a1c18d8 0.861s
2025-04-29 22:26:41.714 70773 INFO tempest.lib.common.rest_client [req-33e1690f-0179-4965-b8fd-4ab0028f8e35 req-33e1690f-0179-4965-b8fd-4ab0028f8e35 ] Request (ServerActionsV293TestJSON:setUpClass): 200 GET http://10.180.1.21/compute/v2.1/servers/5d11aa43-62fa-48f3-ac9b-97cb28f2f622 0.778s
2025-04-29 22:26:41.722 70719 INFO tempest.common.waiters [-] State transition "REBUILD/rebuild_block_device_mapping" ==> "REBUILD/rebuild_spawning" after 4 second wait
2025-04-29 22:26:41.724 70773 INFO tempest.common.waiters [-] State transition "BUILD/None" ==> "BUILD/networking" after 50 second wait
2025-04-29 22:26:41.756 70761 INFO tempest.lib.common.rest_client [req-9ce9c9b1-ad59-4309-9bb2-9ada999f90ab req-9ce9c9b1-ad59-4309-9bb2-9ada999f90ab ] Request (FlavorsV2TestJSON:setUpClass): 201 POST http://10.180.1.21/identity/v3/projects 0.055s
2025-04-29 22:26:41.780 70755 INFO tempest.lib.common.rest_client [req-3482bbb1-0480-48a0-806b-00fa87420a4c req-3482bbb1-0480-48a0-806b-00fa87420a4c ] Request (ServerActionsTestOtherA:setUpClass): 200 GET http://10.180.1.21/compute/v2.1/servers/c26a5735-1892-4ef3-a00c-c0b2cc382c85 0.816s
2025-04-29 22:26:41.784 70727 INFO tempest.lib.common.rest_client [req-40478f09-fbba-427a-b075-2b55fc56889e req-40478f09-fbba-427a-b075-2b55fc56889e ] Request (DeleteServersAdminTestJSON:test_delete_server_while_in_error_state): 200 GET http://10.180.1.21/compute/v2.1/servers/1ef5f84a-170a-4420-a8d9-b715de9b57d1 0.752s
2025-04-29 22:26:41.831 70761 INFO tempest.lib.common.rest_client [req-7eef79a7-6a4a-4806-a566-e5f71e44b972 req-7eef79a7-6a4a-4806-a566-e5f71e44b972 ] Request (FlavorsV2TestJSON:setUpClass): 201 POST http://10.180.1.21/identity/v3/users 0.074s
2025-04-29 22:26:41.846 70767 INFO tempest.lib.common.rest_client [req-81b9e5cd-8398-4c4d-99b6-cb26e020b56c req-81b9e5cd-8398-4c4d-99b6-cb26e020b56c ] Request (ServerDiagnosticsNegativeTest:tearDownClass): 200 GET http://10.180.1.21/compute/v2.1/servers/26ac54eb-7a20-4584-96ad-03927dee38f5 0.707s
2025-04-29 22:26:41.856 70761 INFO tempest.lib.common.rest_client [req-21f1d7aa-7502-4ef9-b922-08496cb68bf0 req-21f1d7aa-7502-4ef9-b922-08496cb68bf0 ] Request (FlavorsV2TestJSON:setUpClass): 200 GET http://10.180.1.21/identity/v3/roles 0.024s
2025-04-29 22:26:41.860 70733 WARNING tempest.lib.common.ssh [-] Failed to establish authenticated ssh connection to cirros@10.180.180.206 ([Errno None] Unable to connect to port 22 on 10.180.180.206). Number attempts: 5. Retry after 6 seconds.: paramiko.ssh_exception.NoValidConnectionsError: [Errno None] Unable to connect to port 22 on 10.180.180.206
2025-04-29 22:26:41.868 70759 INFO tempest.lib.common.rest_client [req-f8d4569a-1677-4ce8-81f9-3487e0eda3e6 req-f8d4569a-1677-4ce8-81f9-3487e0eda3e6 ] Request (AttachInterfacesV270Test:tearDownClass): 200 GET http://10.180.1.21/compute/v2.1/servers/17a88673-c6cc-46ed-aecf-24911507cc05 0.697s
2025-04-29 22:26:41.883 70761 INFO tempest.lib.common.rest_client [req-c02db5dc-26a9-403f-9ef5-12bfffb59189 req-c02db5dc-26a9-403f-9ef5-12bfffb59189 ] Request (FlavorsV2TestJSON:setUpClass): 204 PUT http://10.180.1.21/identity/v3/projects/5f2e87353f414c6b8d15910e20f03736/users/8de9576f998e4b7d87d354dc2b4cb318/roles/e642774ac4a44b2c92c11efcfe8d4fdc 0.027s
2025-04-29 22:26:41.884 70761 INFO tempest.lib.common.dynamic_creds [-] Dynamic test user 8de9576f998e4b7d87d354dc2b4cb318 is created with scope project and roles: ['member']
2025-04-29 22:26:41.884 70761 INFO tempest.lib.common.dynamic_creds [-] Acquired dynamic creds: credentials: Credentials: {'domain_id': 'default', 'domain_name': 'Default', 'username': 'tempest-FlavorsV2TestJSON-442633399-project-member', 'project_domain_id': 'default', 'project_domain_name': 'Default', 'project_id': '5f2e87353f414c6b8d15910e20f03736', 'project_name': 'tempest-FlavorsV2TestJSON-442633399', 'tenant_id': '5f2e87353f414c6b8d15910e20f03736', 'tenant_name': 'tempest-FlavorsV2TestJSON-442633399', 'user_domain_id': 'default', 'user_domain_name': 'Default', 'user_id': '8de9576f998e4b7d87d354dc2b4cb318', 'system': None}, Network: None, Subnet: None, Router: None
2025-04-29 22:26:41.884 70761 INFO tempest.lib.common.dynamic_creds [-] Created isolated network resources for: credentials: Credentials: {'domain_id': 'default', 'domain_name': 'Default', 'username': 'tempest-FlavorsV2TestJSON-442633399-project-member', 'project_domain_id': 'default', 'project_domain_name': 'Default', 'project_id': '5f2e87353f414c6b8d15910e20f03736', 'project_name': 'tempest-FlavorsV2TestJSON-442633399', 'tenant_id': '5f2e87353f414c6b8d15910e20f03736', 'tenant_name': 'tempest-FlavorsV2TestJSON-442633399', 'user_domain_id': 'default', 'user_domain_name': 'Default', 'user_id': '8de9576f998e4b7d87d354dc2b4cb318', 'system': None}, Network: None, Subnet: None, Router: None
2025-04-29 22:26:41.898 70735 INFO tempest.lib.common.rest_client [req-d6d83ef4-dee2-4950-b5d3-275a93532849 req-d6d83ef4-dee2-4950-b5d3-275a93532849 ] Request (ServerRescueNegativeTestJSON:setUpClass): 200 GET http://10.180.1.21/compute/v2.1/servers/c2cc872a-eb38-4e07-917e-00c06740ba54 0.656s
2025-04-29 22:26:41.925 70729 INFO tempest.lib.common.rest_client [req-1aac6d25-4d8f-4a1d-9642-070e181acbec req-1aac6d25-4d8f-4a1d-9642-070e181acbec ] Request (ImagesOneServerTestJSON:setUpClass): 200 GET http://10.180.1.21/compute/v2.1/servers/387fed96-b408-4b7d-aa4b-80a394ba65e8 0.680s
2025-04-29 22:26:41.935 70729 INFO tempest.common.waiters [-] State transition "BUILD/scheduling" ==> "BUILD/None" after 23 second wait
2025-04-29 22:26:41.950 70777 INFO tempest.lib.common.rest_client [req-16522ba7-6ce2-439e-b056-5c0485873fcd req-16522ba7-6ce2-439e-b056-5c0485873fcd ] Request (InstanceActionsNegativeTestJSON:setUpClass): 200 GET http://10.180.1.21/compute/v2.1/servers/fece1064-606f-4e15-84a2-c4c926036bdc 0.633s
2025-04-29 22:26:41.965 70761 INFO tempest.lib.common.rest_client [req-93098522-1350-4c99-a28b-9d06fe551063 req-93098522-1350-4c99-a28b-9d06fe551063 ] Request (FlavorsV2TestJSON:setUpClass): 201 POST http://10.180.1.21/identity/v3/auth/tokens 0.078s
2025-04-29 22:26:41.991 70741 INFO tempest.lib.common.rest_client [req-242d6a77-4ce9-40f9-8c7e-19c85dc274a2 req-242d6a77-4ce9-40f9-8c7e-19c85dc274a2 ] Request (ImagesOneServerNegativeTestJSON:_run_cleanups): 200 GET http://10.180.1.21/compute/v2.1/servers/8a8f20e6-46d8-4817-b8ed-98d5b85e9786 0.583s
2025-04-29 22:26:42.001 70775 INFO tempest.lib.common.rest_client [req-57e88ce9-55b4-4cd6-a130-91749f1c5cb3 req-57e88ce9-55b4-4cd6-a130-91749f1c5cb3 ] Request (ServersTestJSON:setUpClass): 200 GET http://10.180.1.21/compute/v2.1/servers/5c718911-8865-4d2e-83d5-9f60defc9ef5 0.511s
2025-04-29 22:26:42.416 70781 INFO tempest.lib.common.rest_client [req-eccf74ec-d6de-490f-b220-30cc309eaf50 req-eccf74ec-d6de-490f-b220-30cc309eaf50 ] Request (ServersTestBootFromVolume:setUpClass): 200 GET http://10.180.1.21/volume/v3/volumes/f12e9f6b-43a7-4d72-9ee8-4a204cd92cfb 0.035s
2025-04-29 22:26:42.532 70739 INFO tempest.lib.common.rest_client [req-f1d37069-16e6-44aa-9536-4976ca491b62 req-f1d37069-16e6-44aa-9536-4976ca491b62 ] Request (ImagesTestJSON:test_create_image_from_stopped_server): 202 POST http://10.180.1.21/compute/v2.1/servers 0.887s
2025-04-29 22:26:42.719 70757 INFO tempest.lib.common.rest_client [req-287a699b-e29d-4eea-9a9a-8195ecba20c7 req-287a699b-e29d-4eea-9a9a-8195ecba20c7 ] Request (TenantUsagesTestJSON:setUpClass): 200 GET http://10.180.1.21/compute/v2.1/servers/4c248e64-ec30-4106-bb26-c01f7d09c515 1.054s
2025-04-29 22:26:42.727 70757 INFO tempest.common.waiters [-] State transition "BUILD/spawning" ==> "ACTIVE/None" after 55 second wait
2025-04-29 22:26:42.780 70763 INFO tempest.lib.common.rest_client [req-e73f257f-c177-4762-8226-5efe21a9577a req-e73f257f-c177-4762-8226-5efe21a9577a ] Request (ServerRescueTestJSON:setUpClass): 200 GET http://10.180.1.21/compute/v2.1/servers/afc0e698-e9bb-4945-9b1f-785e3a967c78 1.023s
2025-04-29 22:26:42.845 70747 INFO tempest.lib.common.rest_client [req-bbed86d5-7806-4514-8e09-3ad1a62d47ee req-bbed86d5-7806-4514-8e09-3ad1a62d47ee ] Request (ServerGroupTestJSON:test_create_server_with_scheduler_hint_group): 200 GET http://10.180.1.21/compute/v2.1/servers/9bb57253-83e9-498c-88d6-de38e62453a8 1.010s
2025-04-29 22:26:42.898 70761 INFO tempest.lib.common.rest_client [req-90e63799-55ab-412d-a939-2bc959f5d851 req-90e63799-55ab-412d-a939-2bc959f5d851 ] Request (FlavorsV2TestJSON:test_get_flavor): 200 GET http://10.180.1.21/compute/v2.1/flavors/42 0.932s
2025-04-29 22:26:43.032 70765 INFO tempest.lib.common.rest_client [req-a40a307a-ba67-4274-a1db-f077e1285467 req-a40a307a-ba67-4274-a1db-f077e1285467 ] Request (MigrationsAdminTest:test_list_migrations_in_flavor_resize_situation): 200 GET http://10.180.1.21/compute/v2.1/servers/10b451d6-41e5-4d5f-bb71-f42dcea2c9be 1.054s
2025-04-29 22:26:43.140 70737 INFO tempest.lib.common.rest_client [req-19ca4f0f-fc3c-4df0-9d98-631d0eb8581a req-19ca4f0f-fc3c-4df0-9d98-631d0eb8581a ] Request (ServerRescueTestJSONUnderV235:tearDownClass): 200 GET http://10.180.1.21/compute/v2.1/servers/67902cdf-0737-466b-ad67-90c63ba6c80c 0.850s
2025-04-29 22:26:43.204 70725 INFO tempest.lib.common.rest_client [req-0179fee6-2764-446e-82de-44833b672692 req-0179fee6-2764-446e-82de-44833b672692 ] Request (DeleteServersTestJSON:test_delete_server_while_in_attached_volume): 200 GET http://10.180.1.21/compute/v2.1/servers/07e33dbe-c8c4-4e66-9cbe-f4624bf97da3 0.851s
2025-04-29 22:26:43.263 70745 INFO tempest.lib.common.rest_client [req-4140286d-bdc2-485e-bafc-cbe638b760c9 req-4140286d-bdc2-485e-bafc-cbe638b760c9 ] Request (AttachInterfacesUnderV243Test:test_add_remove_fixed_ip): 200 GET http://10.180.1.21/compute/v2.1/servers/be427ef2-dafd-4482-8204-0964fd00c7bb 0.827s
2025-04-29 22:26:43.329 70739 INFO tempest.lib.common.rest_client [req-c9525cf2-73d2-4976-acc2-273168d0f667 req-c9525cf2-73d2-4976-acc2-273168d0f667 ] Request (ImagesTestJSON:test_create_image_from_stopped_server): 200 GET http://10.180.1.21/compute/v2.1/servers/f9b289ca-c7c7-4ba6-b85f-ab2954630f1e 0.794s
2025-04-29 22:26:43.451 70781 INFO tempest.lib.common.rest_client [req-7bc6dded-943d-4e3d-ab51-408739f295f8 req-7bc6dded-943d-4e3d-ab51-408739f295f8 ] Request (ServersTestBootFromVolume:setUpClass): 200 GET http://10.180.1.21/volume/v3/volumes/f12e9f6b-43a7-4d72-9ee8-4a204cd92cfb 0.025s
2025-04-29 22:26:43.483 70721 INFO tempest.lib.common.rest_client [req-af438fca-08bf-4c9f-90a1-61ff5187a2e1 req-af438fca-08bf-4c9f-90a1-61ff5187a2e1 ] Request (ServerPasswordTestJSON:setUpClass): 200 GET http://10.180.1.21/compute/v2.1/servers/2ae3dcae-e547-4dcf-a459-48a160facea9 0.923s
2025-04-29 22:26:43.546 70771 INFO tempest.lib.common.rest_client [req-bf86a2eb-7fd4-4096-818b-8f2ce84cd56a req-bf86a2eb-7fd4-4096-818b-8f2ce84cd56a ] Request (ServersAdminNegativeTestJSON:tearDownClass): 200 GET http://10.180.1.21/compute/v2.1/servers/71f44424-3ca9-4bbe-a6bf-e133a5f3b35e 0.959s
2025-04-29 22:26:43.606 70723 INFO tempest.lib.common.rest_client [req-f6ab018c-8dd6-4c89-b8e5-6f92a6185f70 req-f6ab018c-8dd6-4c89-b8e5-6f92a6185f70 ] Request (ServersAdminTestJSON:setUpClass): 200 GET http://10.180.1.21/compute/v2.1/servers/6de25259-68ea-4105-9739-79fdf84664c5 0.961s
2025-04-29 22:26:43.806 70719 INFO tempest.lib.common.rest_client [req-5ed63fcf-0a98-4fef-9668-22c21fbc8072 req-5ed63fcf-0a98-4fef-9668-22c21fbc8072 ] Request (ServerDiskConfigTestJSON:test_rebuild_server_with_manual_disk_config): 200 GET http://10.180.1.21/compute/v2.1/servers/97c95263-d583-49bd-8f86-624a9a1c18d8 1.084s
2025-04-29 22:26:43.917 70751 INFO tempest.lib.common.rest_client [req-b55130eb-3cfd-4836-8eec-bc08817a9edb req-b55130eb-3cfd-4836-8eec-bc08817a9edb ] Request (FloatingIPsAssociationTestJSON:test_associate_already_associated_floating_ip): 202 POST http://10.180.1.21/compute/v2.1/servers/e83db9dc-2621-4671-b04f-e74b5b933387/action 2.410s
2025-04-29 22:26:43.948 70773 INFO tempest.lib.common.rest_client [req-52fad955-11f8-4ad2-bcfb-2e994dc8cf8a req-52fad955-11f8-4ad2-bcfb-2e994dc8cf8a ] Request (ServerActionsV293TestJSON:setUpClass): 200 GET http://10.180.1.21/compute/v2.1/servers/5d11aa43-62fa-48f3-ac9b-97cb28f2f622 1.224s
2025-04-29 22:26:43.960 70773 INFO tempest.common.waiters [-] State transition "BUILD/networking" ==> "BUILD/block_device_mapping" after 52 second wait
2025-04-29 22:26:44.042 70757 INFO tempest.lib.common.rest_client [req-2f793f75-6f44-410c-b0c1-2c468e621b0d req-2f793f75-6f44-410c-b0c1-2c468e621b0d ] Request (TenantUsagesTestJSON:test_get_usage_tenant): 200 GET http://10.180.1.21/compute/v2.1/os-simple-tenant-usage/7d2538009f1a484795d622cf4f3ebe52?start=2025-04-28T22%3A26%3A42.728245&end=2025-04-30T22%3A26%3A42.728245 1.314s
2025-04-29 22:26:44.109 70727 INFO tempest.lib.common.rest_client [req-11828538-0195-4231-8146-6bbced7625fd req-11828538-0195-4231-8146-6bbced7625fd ] Request (DeleteServersAdminTestJSON:test_delete_server_while_in_error_state): 200 GET http://10.180.1.21/compute/v2.1/servers/1ef5f84a-170a-4420-a8d9-b715de9b57d1 1.312s
2025-04-29 22:26:44.169 70767 INFO tempest.lib.common.rest_client [req-7b43a997-d7de-4351-b024-471637dc96f2 req-7b43a997-d7de-4351-b024-471637dc96f2 ] Request (ServerDiagnosticsNegativeTest:tearDownClass): 200 GET http://10.180.1.21/compute/v2.1/servers/26ac54eb-7a20-4584-96ad-03927dee38f5 1.314s
2025-04-29 22:26:44.191 70759 INFO tempest.lib.common.rest_client [req-30accac1-234d-4c33-81a2-4a1cc79967d8 req-30accac1-234d-4c33-81a2-4a1cc79967d8 ] Request (AttachInterfacesV270Test:tearDownClass): 404 GET http://10.180.1.21/compute/v2.1/servers/17a88673-c6cc-46ed-aecf-24911507cc05 1.310s
2025-04-29 22:26:44.216 70761 INFO tempest.lib.common.rest_client [req-d25e1315-583b-493e-85ba-f6091c1bbbd0 req-d25e1315-583b-493e-85ba-f6091c1bbbd0 ] Request (FlavorsV2TestJSON:test_list_flavors): 200 GET http://10.180.1.21/compute/v2.1/flavors 1.313s
2025-04-29 22:26:44.249 70755 INFO tempest.lib.common.rest_client [req-e16582d3-07ea-4aea-a1a9-1adcfc28d004 req-e16582d3-07ea-4aea-a1a9-1adcfc28d004 ] Request (ServerActionsTestOtherA:setUpClass): 200 GET http://10.180.1.21/compute/v2.1/servers/c26a5735-1892-4ef3-a00c-c0b2cc382c85 1.461s
2025-04-29 22:26:44.284 70735 INFO tempest.lib.common.rest_client [req-c4eb4476-b0c3-4919-9c57-7d5c5bcdc4d4 req-c4eb4476-b0c3-4919-9c57-7d5c5bcdc4d4 ] Request (ServerRescueNegativeTestJSON:setUpClass): 200 GET http://10.180.1.21/compute/v2.1/servers/c2cc872a-eb38-4e07-917e-00c06740ba54 1.377s
2025-04-29 22:26:44.304 70729 INFO tempest.lib.common.rest_client [req-0733da8d-09ae-4470-a627-ac611caba7cf req-0733da8d-09ae-4470-a627-ac611caba7cf ] Request (ImagesOneServerTestJSON:setUpClass): 200 GET http://10.180.1.21/compute/v2.1/servers/387fed96-b408-4b7d-aa4b-80a394ba65e8 1.367s
2025-04-29 22:26:44.349 70777 INFO tempest.lib.common.rest_client [req-658403b3-8261-4b89-8160-aedd4b43dad4 req-658403b3-8261-4b89-8160-aedd4b43dad4 ] Request (InstanceActionsNegativeTestJSON:setUpClass): 200 GET http://10.180.1.21/compute/v2.1/servers/fece1064-606f-4e15-84a2-c4c926036bdc 1.389s
2025-04-29 22:26:44.368 70741 INFO tempest.lib.common.rest_client [req-a0316847-9ace-4f51-b57d-57236150b332 req-a0316847-9ace-4f51-b57d-57236150b332 ] Request (ImagesOneServerNegativeTestJSON:_run_cleanups): 200 GET http://10.180.1.21/compute/v2.1/servers/8a8f20e6-46d8-4817-b8ed-98d5b85e9786 1.369s
2025-04-29 22:26:44.415 70775 INFO tempest.lib.common.rest_client [req-ef153df8-5957-4cda-8af9-d01734bfd4db req-ef153df8-5957-4cda-8af9-d01734bfd4db ] Request (ServersTestJSON:setUpClass): 200 GET http://10.180.1.21/compute/v2.1/servers/5c718911-8865-4d2e-83d5-9f60defc9ef5 1.405s
2025-04-29 22:26:44.424 70763 INFO tempest.lib.common.rest_client [req-954b85ad-a93f-4e16-9f45-d691852d9d62 req-954b85ad-a93f-4e16-9f45-d691852d9d62 ] Request (ServerRescueTestJSON:setUpClass): 200 GET http://10.180.1.21/compute/v2.1/servers/afc0e698-e9bb-4945-9b1f-785e3a967c78 0.635s
2025-04-29 22:26:44.445 70763 INFO tempest.common.waiters [-] State transition "BUILD/scheduling" ==> "BUILD/None" after 26 second wait
2025-04-29 22:26:44.497 70781 INFO tempest.lib.common.rest_client [req-c8cef1a4-391d-4cbc-bd01-d3889175d001 req-c8cef1a4-391d-4cbc-bd01-d3889175d001 ] Request (ServersTestBootFromVolume:setUpClass): 200 GET http://10.180.1.21/volume/v3/volumes/f12e9f6b-43a7-4d72-9ee8-4a204cd92cfb 0.038s
2025-04-29 22:26:44.508 70747 INFO tempest.lib.common.rest_client [req-73d07424-755b-404d-ae72-ccd08d155b3b req-73d07424-755b-404d-ae72-ccd08d155b3b ] Request (ServerGroupTestJSON:test_create_server_with_scheduler_hint_group): 200 GET http://10.180.1.21/compute/v2.1/servers/9bb57253-83e9-498c-88d6-de38e62453a8 0.652s
2025-04-29 22:26:44.607 70751 INFO tempest.lib.common.rest_client [req-c32285f4-db4c-41b3-b148-3f4c4db50693 req-c32285f4-db4c-41b3-b148-3f4c4db50693 ] Request (FloatingIPsAssociationTestJSON:test_associate_already_associated_floating_ip): 409 POST http://10.180.1.21/compute/v2.1/servers/eb2fdaed-a533-45b9-8d69-b16ea78c57a6/action 0.690s
2025-04-29 22:26:44.644 70757 INFO tempest.lib.common.rest_client [req-ed1e2f28-38af-424e-a80a-e298e95d8998 req-ed1e2f28-38af-424e-a80a-e298e95d8998 ] Request (TenantUsagesTestJSON:test_get_usage_tenant_with_non_admin_user): 200 GET http://10.180.1.21/compute/v2.1/os-simple-tenant-usage/7d2538009f1a484795d622cf4f3ebe52?start=2025-04-28T22%3A26%3A42.728245&end=2025-04-30T22%3A26%3A42.728245 0.598s
2025-04-29 22:26:44.690 70765 INFO tempest.lib.common.rest_client [req-a3550c4c-232d-4b79-b44b-f32b0344e68b req-a3550c4c-232d-4b79-b44b-f32b0344e68b ] Request (MigrationsAdminTest:test_list_migrations_in_flavor_resize_situation): 200 GET http://10.180.1.21/compute/v2.1/servers/10b451d6-41e5-4d5f-bb71-f42dcea2c9be 0.650s
2025-04-29 22:26:44.714 70737 INFO tempest.lib.common.rest_client [req-99b914f4-4e9e-44da-8c0b-8ff9fd8140b8 req-99b914f4-4e9e-44da-8c0b-8ff9fd8140b8 ] Request (ServerRescueTestJSONUnderV235:tearDownClass): 200 GET http://10.180.1.21/compute/v2.1/servers/67902cdf-0737-466b-ad67-90c63ba6c80c 0.559s
2025-04-29 22:26:44.715 70749 WARNING tempest.lib.common.ssh [-] Failed to establish authenticated ssh connection to cirros@10.180.180.208 ([Errno None] Unable to connect to port 22 on 10.180.180.208). Number attempts: 8. Retry after 9 seconds.: paramiko.ssh_exception.NoValidConnectionsError: [Errno None] Unable to connect to port 22 on 10.180.180.208
2025-04-29 22:26:44.733 70761 INFO tempest.lib.common.rest_client [req-5fa7eb5e-ef01-4318-8b42-a6676e064b5f req-5fa7eb5e-ef01-4318-8b42-a6676e064b5f ] Request (FlavorsV2TestJSON:test_list_flavors): 200 GET http://10.180.1.21/compute/v2.1/flavors/42 0.514s
2025-04-29 22:26:44.770 70725 INFO tempest.lib.common.rest_client [req-81696f61-8f9d-4aa3-8f1a-11281d05df13 req-81696f61-8f9d-4aa3-8f1a-11281d05df13 ] Request (DeleteServersTestJSON:test_delete_server_while_in_attached_volume): 200 GET http://10.180.1.21/compute/v2.1/servers/07e33dbe-c8c4-4e66-9cbe-f4624bf97da3 0.556s
2025-04-29 22:26:44.785 70745 INFO tempest.lib.common.rest_client [req-23238d55-3adb-4f39-b113-3975797fdd35 req-23238d55-3adb-4f39-b113-3975797fdd35 ] Request (AttachInterfacesUnderV243Test:test_add_remove_fixed_ip): 200 GET http://10.180.1.21/compute/v2.1/servers/be427ef2-dafd-4482-8204-0964fd00c7bb 0.510s
2025-04-29 22:26:44.839 70739 INFO tempest.lib.common.rest_client [req-788ca387-9952-4b62-98a4-846fef8995df req-788ca387-9952-4b62-98a4-846fef8995df ] Request (ImagesTestJSON:test_create_image_from_stopped_server): 200 GET http://10.180.1.21/compute/v2.1/servers/f9b289ca-c7c7-4ba6-b85f-ab2954630f1e 0.500s
2025-04-29 22:26:44.885 70731 WARNING tempest.lib.common.ssh [-] Failed to establish authenticated ssh connection to cirros@10.180.180.220 ([Errno None] Unable to connect to port 22 on 10.180.180.220). Number attempts: 8. Retry after 9 seconds.: paramiko.ssh_exception.NoValidConnectionsError: [Errno None] Unable to connect to port 22 on 10.180.180.220
2025-04-29 22:26:44.914 70771 INFO tempest.lib.common.rest_client [req-f0b01d3a-4316-43a3-9657-b0c6cd4a467a req-f0b01d3a-4316-43a3-9657-b0c6cd4a467a ] Request (ServersAdminNegativeTestJSON:tearDownClass): 200 GET http://10.180.1.21/compute/v2.1/servers/71f44424-3ca9-4bbe-a6bf-e133a5f3b35e 0.360s
2025-04-29 22:26:44.920 70721 INFO tempest.lib.common.rest_client [req-f6443cbe-e440-4efe-8a02-26eb699af04c req-f6443cbe-e440-4efe-8a02-26eb699af04c ] Request (ServerPasswordTestJSON:setUpClass): 200 GET http://10.180.1.21/compute/v2.1/servers/2ae3dcae-e547-4dcf-a459-48a160facea9 0.426s
2025-04-29 22:26:44.997 70723 INFO tempest.lib.common.rest_client [req-e1283784-331c-4130-8be2-f765ff44d1bb req-e1283784-331c-4130-8be2-f765ff44d1bb ] Request (ServersAdminTestJSON:setUpClass): 200 GET http://10.180.1.21/compute/v2.1/servers/6de25259-68ea-4105-9739-79fdf84664c5 0.381s
2025-04-29 22:26:45.069 70757 INFO tempest.lib.common.rest_client [req-2ae3856d-5937-42c4-91bf-dab3c4eef8d7 req-2ae3856d-5937-42c4-91bf-dab3c4eef8d7 ] Request (TenantUsagesTestJSON:test_list_usage_all_tenants): 200 GET http://10.180.1.21/compute/v2.1/os-simple-tenant-usage?start=2025-04-28T22%3A26%3A42.728245&end=2025-04-30T22%3A26%3A42.728245&detailed=1 0.421s
2025-04-29 22:26:45.086 70761 INFO tempest.lib.common.rest_client [req-88efa1a2-18ed-47aa-8f53-44889a98ef17 req-88efa1a2-18ed-47aa-8f53-44889a98ef17 ] Request (FlavorsV2TestJSON:test_list_flavors_detailed_filter_by_min_disk): 200 GET http://10.180.1.21/compute/v2.1/flavors/42 0.342s
2025-04-29 22:26:45.203 70719 INFO tempest.lib.common.rest_client [req-c91b1219-05af-4966-a54d-d26a11621315 req-c91b1219-05af-4966-a54d-d26a11621315 ] Request (ServerDiskConfigTestJSON:test_rebuild_server_with_manual_disk_config): 200 GET http://10.180.1.21/compute/v2.1/servers/97c95263-d583-49bd-8f86-624a9a1c18d8 0.388s
2025-04-29 22:26:45.321 70773 INFO tempest.lib.common.rest_client [req-8e12841a-4de0-45e1-87c2-6ce326c1b025 req-8e12841a-4de0-45e1-87c2-6ce326c1b025 ] Request (ServerActionsV293TestJSON:setUpClass): 200 GET http://10.180.1.21/compute/v2.1/servers/5d11aa43-62fa-48f3-ac9b-97cb28f2f622 0.360s
2025-04-29 22:26:45.342 70773 INFO tempest.common.waiters [-] State transition "BUILD/block_device_mapping" ==> "BUILD/spawning" after 54 second wait
2025-04-29 22:26:45.440 70757 INFO tempest.lib.common.rest_client [req-df614261-7d10-4ab9-8dd2-75eace7127b7 req-df614261-7d10-4ab9-8dd2-75eace7127b7 ] Request (TenantUsagesTestJSON:tearDownClass): 204 DELETE http://10.180.1.21/compute/v2.1/servers/4c248e64-ec30-4106-bb26-c01f7d09c515 0.354s
2025-04-29 22:26:45.467 70761 INFO tempest.lib.common.rest_client [req-ad8880d9-8802-4607-963b-7374043822ab req-ad8880d9-8802-4607-963b-7374043822ab ] Request (FlavorsV2TestJSON:test_list_flavors_detailed_filter_by_min_disk): 200 GET http://10.180.1.21/compute/v2.1/flavors/detail?minDisk=2 0.377s
2025-04-29 22:26:45.509 70759 INFO tempest.lib.common.rest_client [req-fffdb9bf-8dbb-442a-875f-2d561142292a req-fffdb9bf-8dbb-442a-875f-2d561142292a ] Request (AttachInterfacesV270Test:tearDownClass): 200 PUT http://10.180.1.21:9696/networking/v2.0/routers/73df5b2b-30ac-472b-a659-de1fa7354c7b/remove_router_interface 1.318s
2025-04-29 22:26:45.548 70727 INFO tempest.lib.common.rest_client [req-a142ee2a-297a-4201-8ced-246de1b15caa req-a142ee2a-297a-4201-8ced-246de1b15caa ] Request (DeleteServersAdminTestJSON:test_delete_server_while_in_error_state): 200 GET http://10.180.1.21/compute/v2.1/servers/1ef5f84a-170a-4420-a8d9-b715de9b57d1 0.428s
2025-04-29 22:26:45.549 70781 INFO tempest.lib.common.rest_client [req-d9f49015-6a7e-437a-a7a6-816b1def791c req-d9f49015-6a7e-437a-a7a6-816b1def791c ] Request (ServersTestBootFromVolume:setUpClass): 200 GET http://10.180.1.21/volume/v3/volumes/f12e9f6b-43a7-4d72-9ee8-4a204cd92cfb 0.037s
2025-04-29 22:26:45.623 70767 INFO tempest.lib.common.rest_client [req-ca9df00c-40ef-4a5b-b66a-0a196ca30538 req-ca9df00c-40ef-4a5b-b66a-0a196ca30538 ] Request (ServerDiagnosticsNegativeTest:tearDownClass): 200 GET http://10.180.1.21/compute/v2.1/servers/26ac54eb-7a20-4584-96ad-03927dee38f5 0.444s
2025-04-29 22:26:45.684 70755 INFO tempest.lib.common.rest_client [req-d8b2967e-258e-4c30-963f-75ae8a753db1 req-d8b2967e-258e-4c30-963f-75ae8a753db1 ] Request (ServerActionsTestOtherA:setUpClass): 200 GET http://10.180.1.21/compute/v2.1/servers/c26a5735-1892-4ef3-a00c-c0b2cc382c85 0.426s
2025-04-29 22:26:45.736 70735 INFO tempest.lib.common.rest_client [req-ea41adcc-7f6b-48ad-a2ce-aedf8edda50d req-ea41adcc-7f6b-48ad-a2ce-aedf8edda50d ] Request (ServerRescueNegativeTestJSON:setUpClass): 200 GET http://10.180.1.21/compute/v2.1/servers/c2cc872a-eb38-4e07-917e-00c06740ba54 0.444s
2025-04-29 22:26:45.792 70729 INFO tempest.lib.common.rest_client [req-2137fa54-1de0-48f3-81df-dd01da7aa302 req-2137fa54-1de0-48f3-81df-dd01da7aa302 ] Request (ImagesOneServerTestJSON:setUpClass): 200 GET http://10.180.1.21/compute/v2.1/servers/387fed96-b408-4b7d-aa4b-80a394ba65e8 0.474s
2025-04-29 22:26:45.851 70777 INFO tempest.lib.common.rest_client [req-01e4a1e1-c16e-4bbe-a67f-cec5abf33c98 req-01e4a1e1-c16e-4bbe-a67f-cec5abf33c98 ] Request (InstanceActionsNegativeTestJSON:setUpClass): 200 GET http://10.180.1.21/compute/v2.1/servers/fece1064-606f-4e15-84a2-c4c926036bdc 0.483s
2025-04-29 22:26:45.909 70779 WARNING tempest.lib.common.ssh [-] Failed to establish authenticated ssh connection to cirros@10.180.180.237 ([Errno None] Unable to connect to port 22 on 10.180.180.237). Number attempts: 6. Retry after 7 seconds.: paramiko.ssh_exception.NoValidConnectionsError: [Errno None] Unable to connect to port 22 on 10.180.180.237
2025-04-29 22:26:45.920 70741 INFO tempest.lib.common.rest_client [req-6723c3cb-ccba-4056-bb2c-b201dcf6bdbe req-6723c3cb-ccba-4056-bb2c-b201dcf6bdbe ] Request (ImagesOneServerNegativeTestJSON:_run_cleanups): 200 GET http://10.180.1.21/compute/v2.1/servers/8a8f20e6-46d8-4817-b8ed-98d5b85e9786 0.537s
2025-04-29 22:26:45.983 70775 INFO tempest.lib.common.rest_client [req-0f83113d-5237-47df-968a-8f9ff0d77e11 req-0f83113d-5237-47df-968a-8f9ff0d77e11 ] Request (ServersTestJSON:setUpClass): 200 GET http://10.180.1.21/compute/v2.1/servers/5c718911-8865-4d2e-83d5-9f60defc9ef5 0.557s
2025-04-29 22:26:46.184 70757 INFO tempest.lib.common.rest_client [req-816b708f-7e8e-4830-b958-9a17f57de2e9 req-816b708f-7e8e-4830-b958-9a17f57de2e9 ] Request (TenantUsagesTestJSON:tearDownClass): 200 GET http://10.180.1.21/compute/v2.1/servers/4c248e64-ec30-4106-bb26-c01f7d09c515 0.744s
2025-04-29 22:26:46.243 70763 INFO tempest.lib.common.rest_client [req-4eb36d04-a79d-4691-8060-28e0a98f38d7 req-4eb36d04-a79d-4691-8060-28e0a98f38d7 ] Request (ServerRescueTestJSON:setUpClass): 200 GET http://10.180.1.21/compute/v2.1/servers/afc0e698-e9bb-4945-9b1f-785e3a967c78 0.797s
2025-04-29 22:26:46.256 70761 INFO tempest.lib.common.rest_client [req-bec5a5a6-7693-4706-b69c-6ebd045c2510 req-bec5a5a6-7693-4706-b69c-6ebd045c2510 ] Request (FlavorsV2TestJSON:test_list_flavors_detailed_filter_by_min_ram): 200 GET http://10.180.1.21/compute/v2.1/flavors/42 0.783s
2025-04-29 22:26:46.293 70743 WARNING tempest.lib.common.ssh [-] Failed to establish authenticated ssh connection to cirros@10.180.180.137 ([Errno None] Unable to connect to port 22 on 10.180.180.137). Number attempts: 4. Retry after 5 seconds.: paramiko.ssh_exception.NoValidConnectionsError: [Errno None] Unable to connect to port 22 on 10.180.180.137
2025-04-29 22:26:46.310 70747 INFO tempest.lib.common.rest_client [req-715d5699-f57f-4c09-99bc-ee8f61019b92 req-715d5699-f57f-4c09-99bc-ee8f61019b92 ] Request (ServerGroupTestJSON:test_create_server_with_scheduler_hint_group): 200 GET http://10.180.1.21/compute/v2.1/servers/9bb57253-83e9-498c-88d6-de38e62453a8 0.794s
2025-04-29 22:26:46.413 70765 INFO tempest.lib.common.rest_client [req-8caa5635-43a5-4eec-90d1-03bd4a930098 req-8caa5635-43a5-4eec-90d1-03bd4a930098 ] Request (MigrationsAdminTest:test_list_migrations_in_flavor_resize_situation): 200 GET http://10.180.1.21/compute/v2.1/servers/10b451d6-41e5-4d5f-bb71-f42dcea2c9be 0.714s
2025-04-29 22:26:46.478 70737 INFO tempest.lib.common.rest_client [req-4a1acb4c-9279-4107-87e5-796e28e78789 req-4a1acb4c-9279-4107-87e5-796e28e78789 ] Request (ServerRescueTestJSONUnderV235:tearDownClass): 200 GET http://10.180.1.21/compute/v2.1/servers/67902cdf-0737-466b-ad67-90c63ba6c80c 0.754s
2025-04-29 22:26:46.532 70725 INFO tempest.lib.common.rest_client [req-ab63cdff-da95-4e05-857f-1776695d1b4d req-ab63cdff-da95-4e05-857f-1776695d1b4d ] Request (DeleteServersTestJSON:test_delete_server_while_in_attached_volume): 200 GET http://10.180.1.21/compute/v2.1/servers/07e33dbe-c8c4-4e66-9cbe-f4624bf97da3 0.750s
2025-04-29 22:26:46.538 70759 INFO tempest.lib.common.rest_client [req-0442280d-250f-4d32-843f-d054ccc32eb3 req-0442280d-250f-4d32-843f-d054ccc32eb3 ] Request (AttachInterfacesV270Test:tearDownClass): 204 DELETE http://10.180.1.21:9696/networking/v2.0/routers/73df5b2b-30ac-472b-a659-de1fa7354c7b 1.028s
2025-04-29 22:26:46.591 70745 INFO tempest.lib.common.rest_client [req-e24ab6c1-b0c9-48bf-8f47-49e763c30e65 req-e24ab6c1-b0c9-48bf-8f47-49e763c30e65 ] Request (AttachInterfacesUnderV243Test:test_add_remove_fixed_ip): 200 GET http://10.180.1.21/compute/v2.1/servers/be427ef2-dafd-4482-8204-0964fd00c7bb 0.795s
2025-04-29 22:26:46.597 70781 INFO tempest.lib.common.rest_client [req-6c253c81-1a19-4df2-8f9c-bbd203cf4763 req-6c253c81-1a19-4df2-8f9c-bbd203cf4763 ] Request (ServersTestBootFromVolume:setUpClass): 200 GET http://10.180.1.21/volume/v3/volumes/f12e9f6b-43a7-4d72-9ee8-4a204cd92cfb 0.037s
2025-04-29 22:26:46.619 70751 INFO tempest.lib.common.rest_client [req-ebfe6c3d-0ad6-4510-8d00-54b4805da78a req-ebfe6c3d-0ad6-4510-8d00-54b4805da78a ] Request (FloatingIPsAssociationTestJSON:_run_cleanups): 202 POST http://10.180.1.21/compute/v2.1/servers/e83db9dc-2621-4671-b04f-e74b5b933387/action 2.011s
2025-04-29 22:26:46.661 70739 INFO tempest.lib.common.rest_client [req-1bf759b7-b945-4588-b51f-fffcc03968cb req-1bf759b7-b945-4588-b51f-fffcc03968cb ] Request (ImagesTestJSON:test_create_image_from_stopped_server): 200 GET http://10.180.1.21/compute/v2.1/servers/f9b289ca-c7c7-4ba6-b85f-ab2954630f1e 0.811s
2025-04-29 22:26:46.687 70771 INFO tempest.lib.common.rest_client [req-e9ddd49f-84fb-4d3c-8bea-34d3e65dc0eb req-e9ddd49f-84fb-4d3c-8bea-34d3e65dc0eb ] Request (ServersAdminNegativeTestJSON:tearDownClass): 200 GET http://10.180.1.21/compute/v2.1/servers/71f44424-3ca9-4bbe-a6bf-e133a5f3b35e 0.761s
2025-04-29 22:26:46.693 70759 INFO tempest.lib.common.rest_client [req-e7750eab-8bab-47fc-93aa-25aae8af19a6 req-e7750eab-8bab-47fc-93aa-25aae8af19a6 ] Request (AttachInterfacesV270Test:tearDownClass): 204 DELETE http://10.180.1.21:9696/networking/v2.0/subnets/726b597c-748d-4062-8266-9afb85fd587b 0.155s
2025-04-29 22:26:46.749 70723 INFO tempest.lib.common.rest_client [req-59065c0f-49ee-496e-99f2-3268ee251ec9 req-59065c0f-49ee-496e-99f2-3268ee251ec9 ] Request (ServersAdminTestJSON:setUpClass): 200 GET http://10.180.1.21/compute/v2.1/servers/6de25259-68ea-4105-9739-79fdf84664c5 0.742s
2025-04-29 22:26:46.815 70721 INFO tempest.lib.common.rest_client [req-17ebcd84-ede4-4c57-84be-2a4401761ebc req-17ebcd84-ede4-4c57-84be-2a4401761ebc ] Request (ServerPasswordTestJSON:setUpClass): 200 GET http://10.180.1.21/compute/v2.1/servers/2ae3dcae-e547-4dcf-a459-48a160facea9 0.881s
2025-04-29 22:26:46.842 70761 INFO tempest.lib.common.rest_client [req-f1d821f2-bc6c-4820-9f7c-653e07e48941 req-f1d821f2-bc6c-4820-9f7c-653e07e48941 ] Request (FlavorsV2TestJSON:test_list_flavors_detailed_filter_by_min_ram): 200 GET http://10.180.1.21/compute/v2.1/flavors/detail?minRam=193 0.584s
2025-04-29 22:26:46.873 70719 INFO tempest.lib.common.rest_client [req-00e29a43-afe0-43fc-ae78-04a0c59da019 req-00e29a43-afe0-43fc-ae78-04a0c59da019 ] Request (ServerDiskConfigTestJSON:test_rebuild_server_with_manual_disk_config): 200 GET http://10.180.1.21/compute/v2.1/servers/97c95263-d583-49bd-8f86-624a9a1c18d8 0.658s
2025-04-29 22:26:46.886 70719 INFO tempest.common.waiters [-] State transition "REBUILD/rebuild_spawning" ==> "ACTIVE/None" after 9 second wait
2025-04-29 22:26:46.963 70727 INFO tempest.lib.common.rest_client [req-2b4c93a7-f8c2-4dba-8e55-4bb9adc363ad req-2b4c93a7-f8c2-4dba-8e55-4bb9adc363ad ] Request (DeleteServersAdminTestJSON:test_delete_server_while_in_error_state): 200 GET http://10.180.1.21/compute/v2.1/servers/1ef5f84a-170a-4420-a8d9-b715de9b57d1 0.404s
2025-04-29 22:26:46.991 70773 INFO tempest.lib.common.rest_client [req-cbd1f6b4-ccca-41ae-9df3-b4c44797a399 req-cbd1f6b4-ccca-41ae-9df3-b4c44797a399 ] Request (ServerActionsV293TestJSON:setUpClass): 200 GET http://10.180.1.21/compute/v2.1/servers/5d11aa43-62fa-48f3-ac9b-97cb28f2f622 0.647s
2025-04-29 22:26:47.044 70759 INFO tempest.lib.common.rest_client [req-742e32cf-604d-4b6b-bda0-faea71ee7e5e req-742e32cf-604d-4b6b-bda0-faea71ee7e5e ] Request (AttachInterfacesV270Test:tearDownClass): 204 DELETE http://10.180.1.21:9696/networking/v2.0/networks/846837d6-f0c3-4263-a0ff-7ad599392442 0.350s
2025-04-29 22:26:47.062 70767 INFO tempest.lib.common.rest_client [req-ffb788cb-147a-4d5e-93c9-ba0ea7ddf274 req-ffb788cb-147a-4d5e-93c9-ba0ea7ddf274 ] Request (ServerDiagnosticsNegativeTest:tearDownClass): 200 GET http://10.180.1.21/compute/v2.1/servers/26ac54eb-7a20-4584-96ad-03927dee38f5 0.428s
2025-04-29 22:26:47.063 70751 INFO tempest.lib.common.rest_client [req-e79c61bb-c416-46a8-8a7a-dba5c1bf10db req-e79c61bb-c416-46a8-8a7a-dba5c1bf10db ] Request (FloatingIPsAssociationTestJSON:_run_cleanups): 204 DELETE http://10.180.1.21/compute/v2.1/servers/e83db9dc-2621-4671-b04f-e74b5b933387 0.443s
2025-04-29 22:26:47.121 70755 INFO tempest.lib.common.rest_client [req-c989e88f-9007-42ee-8d81-5806ea5cd8af req-c989e88f-9007-42ee-8d81-5806ea5cd8af ] Request (ServerActionsTestOtherA:setUpClass): 200 GET http://10.180.1.21/compute/v2.1/servers/c26a5735-1892-4ef3-a00c-c0b2cc382c85 0.421s
2025-04-29 22:26:47.123 70735 INFO tempest.lib.common.rest_client [req-9bd1d2d9-a1ed-4a8a-a4eb-cf553795e2e2 req-9bd1d2d9-a1ed-4a8a-a4eb-cf553795e2e2 ] Request (ServerRescueNegativeTestJSON:setUpClass): 200 GET http://10.180.1.21/compute/v2.1/servers/c2cc872a-eb38-4e07-917e-00c06740ba54 0.377s
2025-04-29 22:26:47.141 70761 INFO tempest.lib.common.rest_client [req-869a5a9e-46be-4f2d-8ea5-f151fc9aca86 req-869a5a9e-46be-4f2d-8ea5-f151fc9aca86 ] Request (FlavorsV2TestJSON:test_list_flavors_detailed_limit_results): 200 GET http://10.180.1.21/compute/v2.1/flavors/detail?limit=1 0.292s
2025-04-29 22:26:47.176 70729 INFO tempest.lib.common.rest_client [req-4ff4d1f7-6d7b-4b11-9582-8c48a59847cd req-4ff4d1f7-6d7b-4b11-9582-8c48a59847cd ] Request (ImagesOneServerTestJSON:setUpClass): 200 GET http://10.180.1.21/compute/v2.1/servers/387fed96-b408-4b7d-aa4b-80a394ba65e8 0.375s
2025-04-29 22:26:47.180 70759 INFO tempest.lib.common.rest_client [req-ba61b433-5819-4aeb-a17e-319c1abb25be req-ba61b433-5819-4aeb-a17e-319c1abb25be ] Request (AttachInterfacesV270Test:tearDownClass): 204 DELETE http://10.180.1.21/identity/v3/users/bf58906715e841799191bb1f01a3fd83 0.136s
2025-04-29 22:26:47.181 70759 INFO tempest.lib.common.dynamic_creds [-] Deleting project and security group for project: 1635d2349d0544eba64c9b8eb5a3023b
2025-04-29 22:26:47.214 70777 INFO tempest.lib.common.rest_client [req-d3bcd203-ea68-46b9-a2a0-74d85ca5aa52 req-d3bcd203-ea68-46b9-a2a0-74d85ca5aa52 ] Request (InstanceActionsNegativeTestJSON:setUpClass): 200 GET http://10.180.1.21/compute/v2.1/servers/fece1064-606f-4e15-84a2-c4c926036bdc 0.355s
2025-04-29 22:26:47.218 70759 INFO tempest.lib.common.rest_client [req-4c294944-8a2f-46e7-b575-dd9c33d2a50a req-4c294944-8a2f-46e7-b575-dd9c33d2a50a ] Request (AttachInterfacesV270Test:tearDownClass): 200 GET http://10.180.1.21:9696/networking/v2.0/security-groups?tenant_id=1635d2349d0544eba64c9b8eb5a3023b&name=default 0.037s
2025-04-29 22:26:47.281 70741 INFO tempest.lib.common.rest_client [req-16057dd2-1c5b-4937-aaea-bb81ddd61337 req-16057dd2-1c5b-4937-aaea-bb81ddd61337 ] Request (ImagesOneServerNegativeTestJSON:_run_cleanups): 200 GET http://10.180.1.21/compute/v2.1/servers/8a8f20e6-46d8-4817-b8ed-98d5b85e9786 0.348s
2025-04-29 22:26:47.315 70719 INFO tempest.lib.common.rest_client [req-69fb73c1-1794-423e-881c-29366eca5786 req-69fb73c1-1794-423e-881c-29366eca5786 ] Request (ServerDiskConfigTestJSON:test_rebuild_server_with_manual_disk_config): 200 GET http://10.180.1.21/compute/v2.1/servers/97c95263-d583-49bd-8f86-624a9a1c18d8 0.429s
2025-04-29 22:26:47.331 70759 INFO tempest.lib.common.rest_client [req-c0a7ac22-aaa9-44c4-95ef-60d8891b1a4c req-c0a7ac22-aaa9-44c4-95ef-60d8891b1a4c ] Request (AttachInterfacesV270Test:tearDownClass): 204 DELETE http://10.180.1.21:9696/networking/v2.0/security-groups/bc70a526-b91f-4303-b621-493cba506202 0.112s
2025-04-29 22:26:47.338 70775 INFO tempest.lib.common.rest_client [req-a17900aa-a9b0-4716-9fe3-c36ca31dfbea req-a17900aa-a9b0-4716-9fe3-c36ca31dfbea ] Request (ServersTestJSON:setUpClass): 200 GET http://10.180.1.21/compute/v2.1/servers/5c718911-8865-4d2e-83d5-9f60defc9ef5 0.345s
2025-04-29 22:26:47.353 70761 INFO tempest.lib.common.rest_client [req-05d2b169-c926-4cbe-a667-49fac5062819 req-05d2b169-c926-4cbe-a667-49fac5062819 ] Request (FlavorsV2TestJSON:test_list_flavors_detailed_using_marker): 200 GET http://10.180.1.21/compute/v2.1/flavors/42 0.208s
2025-04-29 22:26:47.446 70759 INFO tempest.lib.common.rest_client [req-5a9a9e33-dc27-4346-a1b9-545a260bd1fb req-5a9a9e33-dc27-4346-a1b9-545a260bd1fb ] Request (AttachInterfacesV270Test:tearDownClass): 204 DELETE http://10.180.1.21/identity/v3/projects/1635d2349d0544eba64c9b8eb5a3023b 0.114s
2025-04-29 22:26:47.523 70759 INFO tempest.lib.common.rest_client [req-2a9362cd-c92b-4e5d-866c-f313a6843bb4 req-2a9362cd-c92b-4e5d-866c-f313a6843bb4 ] Request (MultipleCreateTestJSON:setUpClass): 201 POST http://10.180.1.21/identity/v3/auth/tokens 0.075s
2025-04-29 22:26:47.549 70757 INFO tempest.lib.common.rest_client [req-a07bf096-7798-47e4-808b-043cdac2839b req-a07bf096-7798-47e4-808b-043cdac2839b ] Request (TenantUsagesTestJSON:tearDownClass): 200 GET http://10.180.1.21/compute/v2.1/servers/4c248e64-ec30-4106-bb26-c01f7d09c515 0.353s
2025-04-29 22:26:47.564 70759 INFO tempest.lib.common.rest_client [req-7c19015c-31fb-448c-94fd-368ca94c5636 req-7c19015c-31fb-448c-94fd-368ca94c5636 ] Request (MultipleCreateTestJSON:setUpClass): 201 POST http://10.180.1.21/identity/v3/auth/tokens 0.038s
2025-04-29 22:26:47.607 70759 INFO tempest.lib.common.rest_client [req-12536bda-7ca3-48da-ad4c-57bbc2ea207c req-12536bda-7ca3-48da-ad4c-57bbc2ea207c ] Request (MultipleCreateTestJSON:setUpClass): 200 GET http://10.180.1.21/identity/v3/domains?name=Default 0.042s
2025-04-29 22:26:47.614 70763 INFO tempest.lib.common.rest_client [req-34a1742f-62d4-44d1-a424-a9d89f54ed71 req-34a1742f-62d4-44d1-a424-a9d89f54ed71 ] Request (ServerRescueTestJSON:setUpClass): 200 GET http://10.180.1.21/compute/v2.1/servers/afc0e698-e9bb-4945-9b1f-785e3a967c78 0.362s
2025-04-29 22:26:47.662 70781 INFO tempest.lib.common.rest_client [req-45554680-9aff-4247-8269-601c8f4a7b2c req-45554680-9aff-4247-8269-601c8f4a7b2c ] Request (ServersTestBootFromVolume:setUpClass): 200 GET http://10.180.1.21/volume/v3/volumes/f12e9f6b-43a7-4d72-9ee8-4a204cd92cfb 0.057s
2025-04-29 22:26:47.679 70759 INFO tempest.lib.common.rest_client [req-62564cc3-3f17-49a7-965c-9488b02248db req-62564cc3-3f17-49a7-965c-9488b02248db ] Request (MultipleCreateTestJSON:setUpClass): 201 POST http://10.180.1.21/identity/v3/projects 0.071s
2025-04-29 22:26:47.700 70747 INFO tempest.lib.common.rest_client [req-0d0e457e-51ad-4cd6-aae6-327b3ce5f636 req-0d0e457e-51ad-4cd6-aae6-327b3ce5f636 ] Request (ServerGroupTestJSON:test_create_server_with_scheduler_hint_group): 200 GET http://10.180.1.21/compute/v2.1/servers/9bb57253-83e9-498c-88d6-de38e62453a8 0.377s
2025-04-29 22:26:47.789 70719 INFO tempest.lib.common.rest_client [req-59fc4642-ec0e-47d5-8bf5-c63670e88edb req-59fc4642-ec0e-47d5-8bf5-c63670e88edb ] Request (ServerDiskConfigTestJSON:_run_cleanups): 204 DELETE http://10.180.1.21/compute/v2.1/servers/97c95263-d583-49bd-8f86-624a9a1c18d8 0.460s
2025-04-29 22:26:47.806 70759 INFO tempest.lib.common.rest_client [req-1de84516-08f6-43bc-a0c8-7349826283d1 req-1de84516-08f6-43bc-a0c8-7349826283d1 ] Request (MultipleCreateTestJSON:setUpClass): 201 POST http://10.180.1.21/identity/v3/users 0.125s
2025-04-29 22:26:47.836 70761 INFO tempest.lib.common.rest_client [req-6170df35-882a-4413-81e6-fef066aa8cab req-6170df35-882a-4413-81e6-fef066aa8cab ] Request (FlavorsV2TestJSON:test_list_flavors_detailed_using_marker): 200 GET http://10.180.1.21/compute/v2.1/flavors/detail?marker=42 0.480s
2025-04-29 22:26:47.843 70759 INFO tempest.lib.common.rest_client [req-191f7d28-8365-4ff4-815a-4dce9d3d4645 req-191f7d28-8365-4ff4-815a-4dce9d3d4645 ] Request (MultipleCreateTestJSON:setUpClass): 200 GET http://10.180.1.21/identity/v3/roles 0.035s
2025-04-29 22:26:47.876 70719 INFO tempest.lib.common.rest_client [req-d677e78b-d4eb-4669-b0e6-4db725373ffd req-d677e78b-d4eb-4669-b0e6-4db725373ffd ] Request (ServerDiskConfigTestJSON:test_resize_server_from_auto_to_manual): 201 POST http://10.180.1.21/identity/v3/auth/tokens 0.079s
