2025-04-29 22:24:51.038 70753 INFO tempest.lib.common.rest_client [req-60a89534-ecec-40f5-8f02-d46969e39cf0 req-60a89534-ecec-40f5-8f02-d46969e39cf0 ] Request (VolumesAssistedSnapshotsTest:setUpClass): 201 POST http://10.180.1.21/identity/v3/projects 0.108s
2025-04-29 22:24:51.060 70749 INFO tempest.lib.common.rest_client [req-7370c592-af34-4ea5-906d-0750acb71cff req-7370c592-af34-4ea5-906d-0750acb71cff ] Request (HypervisorAdminV228Test:test_get_list_hypervisor_details): 200 GET http://10.180.1.21/compute/v2.1/os-hypervisors/1 2.929s
2025-04-29 22:24:51.091 70777 INFO tempest.lib.common.rest_client [req-68f954bc-7f46-48c0-9d64-4ee501e001c4 req-68f954bc-7f46-48c0-9d64-4ee501e001c4 ] Request (ImagesDeleteNegativeTestJSON:setUpClass): 201 POST http://10.180.1.21/identity/v3/auth/tokens 0.119s
2025-04-29 22:24:51.134 70753 INFO tempest.lib.common.rest_client [req-1cb82b3a-ff7b-4e3d-aa9b-b58e30fc6aae req-1cb82b3a-ff7b-4e3d-aa9b-b58e30fc6aae ] Request (VolumesAssistedSnapshotsTest:setUpClass): 201 POST http://10.180.1.21/identity/v3/users 0.095s
2025-04-29 22:24:51.207 70725 INFO tempest.lib.common.rest_client [req-e0e93994-0cde-46d0-b443-9c81c7c3b9b6 req-e0e93994-0cde-46d0-b443-9c81c7c3b9b6 ] Request (AZV2TestJSON:tearDownClass): 204 DELETE http://10.180.1.21/identity/v3/users/470df010acb64c06afa250a3b4467504 0.201s
2025-04-29 22:24:51.207 70725 INFO tempest.lib.common.dynamic_creds [-] Deleting project and security group for project: 8784041dd924470fb677844f8c07e039
2025-04-29 22:24:51.302 70749 INFO tempest.lib.common.rest_client [req-91647a74-eb4f-4885-8228-153c650fa22b req-91647a74-eb4f-4885-8228-153c650fa22b ] Request (HypervisorAdminV228Test:tearDownClass): 204 DELETE http://10.180.1.21/identity/v3/users/bbbb5ed62df64c0dbfc42fd3f189f655 0.228s
2025-04-29 22:24:51.368 70753 INFO tempest.lib.common.rest_client [req-a045563e-67c7-4e7e-8c02-bb98c526d486 req-a045563e-67c7-4e7e-8c02-bb98c526d486 ] Request (VolumesAssistedSnapshotsTest:setUpClass): 200 GET http://10.180.1.21/identity/v3/roles 0.233s
2025-04-29 22:24:51.404 70725 INFO tempest.lib.common.rest_client [req-f5b94680-de27-4de0-bedc-e53068a5cd31 req-f5b94680-de27-4de0-bedc-e53068a5cd31 ] Request (AZV2TestJSON:tearDownClass): 201 POST http://10.180.1.21/identity/v3/auth/tokens 0.196s
2025-04-29 22:24:51.428 70761 INFO tempest.lib.common.rest_client [req-861d7128-a819-449b-b461-de8fb03a6a66 req-861d7128-a819-449b-b461-de8fb03a6a66 ] Request (QuotasAdminNegativeTest:test_create_server_when_cpu_quota_is_full): 200 PUT http://10.180.1.21/compute/v2.1/os-quota-sets/6ed15f2f7e424436914d99cae24e0a45 3.325s
2025-04-29 22:24:51.461 70770 INFO tempest.lib.common.rest_client [req-9f2d9fb7-b7cd-4c9b-b272-536689d50929 req-9f2d9fb7-b7cd-4c9b-b272-536689d50929 ] Request (HostsAdminTestJSON:test_list_hosts_with_a_blank_zone): 200 GET http://10.180.1.21/compute/v2.1/os-hosts?zone= 3.029s
2025-04-29 22:24:51.470 70755 INFO tempest.lib.common.rest_client [req-4214be62-9e00-4314-97ac-af065001ba90 req-4214be62-9e00-4314-97ac-af065001ba90 ] Request (InstanceActionsTestJSON:setUpClass): 200 PUT http://10.180.1.21:9696/networking/v2.0/routers/3a1b6932-02af-4d22-829a-a8f4ab7670f3/add_router_interface 0.974s
2025-04-29 22:24:51.470 70755 INFO tempest.lib.common.dynamic_creds [-] Created isolated network resources for: credentials: Credentials: {'domain_id': 'default', 'domain_name': 'Default', 'username': 'tempest-InstanceActionsTestJSON-83943407-project-member', 'project_domain_id': 'default', 'project_domain_name': 'Default', 'project_id': '34d568d054074e18a38a682e801c5baa', 'project_name': 'tempest-InstanceActionsTestJSON-83943407', 'tenant_id': '34d568d054074e18a38a682e801c5baa', 'tenant_name': 'tempest-InstanceActionsTestJSON-83943407', 'user_domain_id': 'default', 'user_domain_name': 'Default', 'user_id': '44a0f4b2e0e24579947c0ab8962fa3de', 'system': None}, Network: {'id': '69f39d6d-bfa9-4920-a768-5562de8dcef5', 'name': 'tempest-InstanceActionsTestJSON-845394681-network', 'tenant_id': '34d568d054074e18a38a682e801c5baa', 'admin_state_up': True, 'mtu': 8950, 'status': 'ACTIVE', 'subnets': [], 'shared': False, 'project_id': '34d568d054074e18a38a682e801c5baa', 'port_security_enabled': True, 'router:external': False, 'provider:network_type': 'vlan', 'provider:physical_network': 'default', 'provider:segmentation_id': 768, 'availability_zone_hints': [], 'availability_zones': [], 'ipv4_address_scope': None, 'ipv6_address_scope': None, 'description': '', 'tags': [], 'created_at': '2025-04-29T22:24:48Z', 'updated_at': '2025-04-29T22:24:48Z', 'revision_number': 1}, Subnet: {'id': '2d236929-5679-4fab-879e-082c595c111e', 'name': 'tempest-InstanceActionsTestJSON-845394681-subnet', 'tenant_id': '34d568d054074e18a38a682e801c5baa', 'network_id': '69f39d6d-bfa9-4920-a768-5562de8dcef5', 'ip_version': 4, 'subnetpool_id': None, 'enable_dhcp': True, 'ipv6_ra_mode': None, 'ipv6_address_mode': None, 'gateway_ip': '192.168.128.1', 'cidr': '192.168.128.0/28', 'allocation_pools': [{'start': '192.168.128.2', 'end': '192.168.128.14'}], 'host_routes': [], 'dns_nameservers': [], 'description': '', 'router:external': False, 'service_types': [], 'tags': [], 'created_at': '2025-04-29T22:24:48Z', 'updated_at': '2025-04-29T22:24:48Z', 'revision_number': 0, 'project_id': '34d568d054074e18a38a682e801c5baa'}, Router: {'id': '3a1b6932-02af-4d22-829a-a8f4ab7670f3', 'name': 'tempest-InstanceActionsTestJSON-845394681-router', 'tenant_id': '34d568d054074e18a38a682e801c5baa', 'admin_state_up': True, 'status': 'ACTIVE', 'external_gateway_info': {'network_id': '376b28e9-9f4e-46c3-b7f9-a0730e101275', 'external_fixed_ips': [{'subnet_id': '8016d017-e5c9-4575-9dda-136e6d399308', 'ip_address': '10.180.180.169'}], 'enable_snat': True}, 'description': '', 'availability_zones': [], 'distributed': False, 'ha': False, 'availability_zone_hints': [], 'routes': [], 'flavor_id': None, 'tags': [], 'created_at': '2025-04-29T22:24:48Z', 'updated_at': '2025-04-29T22:24:49Z', 'revision_number': 2, 'project_id': '34d568d054074e18a38a682e801c5baa'}
2025-04-29 22:24:51.472 70749 INFO tempest.lib.common.rest_client [req-ac6bb21c-7f88-45fc-bc8b-ef1466a40663 req-ac6bb21c-7f88-45fc-bc8b-ef1466a40663 ] Request (HypervisorAdminV228Test:tearDownClass): 204 DELETE http://10.180.1.21/identity/v3/users/93021adcaa69452aa0d0778fbbfd1fab 0.169s
2025-04-29 22:24:51.472 70749 INFO tempest.lib.common.dynamic_creds [-] Deleting project and security group for project: 0e157543717d4be8b0ba169dd044faac
2025-04-29 22:24:51.546 70753 INFO tempest.lib.common.rest_client [req-e042a25a-816e-4391-84dc-5ac9583fedf4 req-e042a25a-816e-4391-84dc-5ac9583fedf4 ] Request (VolumesAssistedSnapshotsTest:setUpClass): 204 PUT http://10.180.1.21/identity/v3/projects/00282708292e4898b7e462be51bb72c2/users/00d1e3c2560e449195fe97c4981e8807/roles/d6b8f00260a64ee48d4726c10e95c3b0 0.178s
2025-04-29 22:24:51.550 70757 INFO tempest.lib.common.rest_client [req-de66c078-387f-4432-9819-1eb4766d02e2 req-de66c078-387f-4432-9819-1eb4766d02e2 ] Request (FlavorsAccessTestJSON:test_flavor_access_add_remove): 200 POST http://10.180.1.21/compute/v2.1/flavors/1917917908/action 3.231s
2025-04-29 22:24:51.574 70735 INFO tempest.lib.common.rest_client [req-890f75aa-5de0-4b9a-94d7-8d3b26901a9f req-890f75aa-5de0-4b9a-94d7-8d3b26901a9f ] Request (FlavorsV261TestJSON:test_crud_flavor): 200 PUT http://10.180.1.21/compute/v2.1/flavors/1798026831 2.914s
2025-04-29 22:24:51.610 70723 INFO tempest.lib.common.rest_client [req-abd20a4b-5761-4f8c-8c37-9c9c511bf6c4 req-abd20a4b-5761-4f8c-8c37-9c9c511bf6c4 ] Request (FlavorsAdminTestJSON:_run_cleanups): 200 GET http://10.180.1.21/compute/v2.1/flavors/detail 2.918s
2025-04-29 22:24:51.616 70761 INFO tempest.lib.common.rest_client [req-0e9f31a5-fd45-48ca-b53e-1749b7523385 req-0e9f31a5-fd45-48ca-b53e-1749b7523385 ] Request (QuotasAdminNegativeTest:test_create_server_when_cpu_quota_is_full): 201 POST http://10.180.1.21/identity/v3/auth/tokens 0.180s
2025-04-29 22:24:51.616 70761 INFO tempest.lib.common.fixed_network [-] (QuotasAdminNegativeTest:test_create_server_when_cpu_quota_is_full) Found network None available for tenant
2025-04-29 22:24:51.619 70741 INFO tempest.lib.common.rest_client [req-a1a9d5da-d87d-48e7-831c-f3d7bb4ebadf req-a1a9d5da-d87d-48e7-831c-f3d7bb4ebadf ] Request (HypervisorAdminNegativeTestJSON:test_get_hypervisor_stats_with_non_admin_user): 403 GET http://10.180.1.21/compute/v2.1/os-hypervisors/statistics 2.913s
2025-04-29 22:24:51.669 70731 INFO tempest.lib.common.rest_client [req-1a7f005b-69e8-4113-aaae-7dc76b356282 req-1a7f005b-69e8-4113-aaae-7dc76b356282 ] Request (ServersWithSpecificFlavorTestJSON:setUpClass): 200 PUT http://10.180.1.21:9696/networking/v2.0/routers/4bc9bc0e-23e1-4c2c-bca3-3829cba9b31a/add_router_interface 1.616s
2025-04-29 22:24:51.669 70731 INFO tempest.lib.common.dynamic_creds [-] Created isolated network resources for: credentials: Credentials: {'domain_id': 'default', 'domain_name': 'Default', 'username': 'tempest-ServersWithSpecificFlavorTestJSON-1855830805-project-admin', 'project_domain_id': 'default', 'project_domain_name': 'Default', 'project_id': 'f24195d299cc4366998018e463a38fc0', 'project_name': 'tempest-ServersWithSpecificFlavorTestJSON-1855830805', 'tenant_id': 'f24195d299cc4366998018e463a38fc0', 'tenant_name': 'tempest-ServersWithSpecificFlavorTestJSON-1855830805', 'user_domain_id': 'default', 'user_domain_name': 'Default', 'user_id': 'fc6f2c6fb5504481b094c312604450ac', 'system': None}, Network: {'id': 'c364d38f-fb2f-4776-b1b0-5f6ee696bc27', 'name': 'tempest-ServersWithSpecificFlavorTestJSON-63821360-network', 'tenant_id': 'f24195d299cc4366998018e463a38fc0', 'admin_state_up': True, 'mtu': 8950, 'status': 'ACTIVE', 'subnets': [], 'shared': False, 'project_id': 'f24195d299cc4366998018e463a38fc0', 'port_security_enabled': True, 'router:external': False, 'provider:network_type': 'vlan', 'provider:physical_network': 'default', 'provider:segmentation_id': 903, 'availability_zone_hints': [], 'availability_zones': [], 'ipv4_address_scope': None, 'ipv6_address_scope': None, 'description': '', 'tags': [], 'created_at': '2025-04-29T22:24:47Z', 'updated_at': '2025-04-29T22:24:47Z', 'revision_number': 1}, Subnet: {'id': 'eaac9528-f155-4c7b-bb75-a61f507bd0c3', 'name': 'tempest-ServersWithSpecificFlavorTestJSON-63821360-subnet', 'tenant_id': 'f24195d299cc4366998018e463a38fc0', 'network_id': 'c364d38f-fb2f-4776-b1b0-5f6ee696bc27', 'ip_version': 4, 'subnetpool_id': None, 'enable_dhcp': True, 'ipv6_ra_mode': None, 'ipv6_address_mode': None, 'gateway_ip': '192.168.128.1', 'cidr': '192.168.128.0/28', 'allocation_pools': [{'start': '192.168.128.2', 'end': '192.168.128.14'}], 'host_routes': [], 'dns_nameservers': [], 'description': '', 'router:external': False, 'service_types': [], 'tags': [], 'created_at': '2025-04-29T22:24:47Z', 'updated_at': '2025-04-29T22:24:47Z', 'revision_number': 0, 'project_id': 'f24195d299cc4366998018e463a38fc0'}, Router: {'id': '4bc9bc0e-23e1-4c2c-bca3-3829cba9b31a', 'name': 'tempest-ServersWithSpecificFlavorTestJSON-63821360-router', 'tenant_id': 'f24195d299cc4366998018e463a38fc0', 'admin_state_up': True, 'status': 'ACTIVE', 'external_gateway_info': {'network_id': '376b28e9-9f4e-46c3-b7f9-a0730e101275', 'external_fixed_ips': [{'subnet_id': '8016d017-e5c9-4575-9dda-136e6d399308', 'ip_address': '10.180.180.130'}], 'enable_snat': True}, 'description': '', 'availability_zones': [], 'distributed': False, 'ha': False, 'availability_zone_hints': [], 'routes': [], 'flavor_id': None, 'tags': [], 'created_at': '2025-04-29T22:24:48Z', 'updated_at': '2025-04-29T22:24:48Z', 'revision_number': 2, 'project_id': 'f24195d299cc4366998018e463a38fc0'}
2025-04-29 22:24:51.684 70749 INFO tempest.lib.common.rest_client [req-24297d2b-9335-45eb-aa64-f2349bb28581 req-24297d2b-9335-45eb-aa64-f2349bb28581 ] Request (HypervisorAdminV228Test:tearDownClass): 201 POST http://10.180.1.21/identity/v3/auth/tokens 0.211s
2025-04-29 22:24:51.686 70727 INFO tempest.lib.common.rest_client [req-bcb6f77c-ce7f-40e4-8e0d-4f6291033ac3 req-bcb6f77c-ce7f-40e4-8e0d-4f6291033ac3 ] Request (DeleteServersAdminTestJSON:test_admin_delete_servers_of_others): 200 GET http://10.180.1.21/compute/v2.1/servers/a528a175-424a-4140-825b-0eebd013c5fb 2.889s
2025-04-29 22:24:51.703 70753 INFO tempest.lib.common.rest_client [req-859dd8f8-4a8e-4913-b20d-88cdf0a117f8 req-859dd8f8-4a8e-4913-b20d-88cdf0a117f8 ] Request (VolumesAssistedSnapshotsTest:setUpClass): 200 GET http://10.180.1.21/identity/v3/roles 0.156s
2025-04-29 22:24:51.735 70755 INFO tempest.lib.common.rest_client [req-6bcbc243-708b-4161-b691-508f964f84ff req-6bcbc243-708b-4161-b691-508f964f84ff ] Request (InstanceActionsTestJSON:setUpClass): 201 POST http://10.180.1.21/identity/v3/auth/tokens 0.260s
2025-04-29 22:24:51.745 70737 INFO tempest.lib.common.rest_client [req-05308758-507e-457b-b65a-b9029c50f1da req-05308758-507e-457b-b65a-b9029c50f1da ] Request (ServersAaction247Test:test_create_backup): 200 GET http://10.180.1.21/compute/v2.1/servers/444fb993-64c1-45aa-9c38-e03a60d70bbf 2.496s
2025-04-29 22:24:51.754 70737 INFO tempest.common.waiters [-] State transition "BUILD/networking" ==> "BUILD/spawning" after 7 second wait
2025-04-29 22:24:51.790 70725 INFO tempest.lib.common.rest_client [req-95e070fd-8cc6-48bd-8cea-8ae26cdda763 req-95e070fd-8cc6-48bd-8cea-8ae26cdda763 ] Request (AZV2TestJSON:tearDownClass): 200 GET http://10.180.1.21:9696/networking/v2.0/security-groups?tenant_id=8784041dd924470fb677844f8c07e039&name=default 0.386s
2025-04-29 22:24:51.808 70731 INFO tempest.lib.common.rest_client [req-1a6122d1-b3ea-4ca9-aa0b-c79fe9e4d61a req-1a6122d1-b3ea-4ca9-aa0b-c79fe9e4d61a ] Request (ServersWithSpecificFlavorTestJSON:setUpClass): 201 POST http://10.180.1.21/identity/v3/auth/tokens 0.133s
2025-04-29 22:24:51.828 70753 INFO tempest.lib.common.rest_client [req-649cd46e-c4dc-4d2a-be5b-85c3413acce9 req-649cd46e-c4dc-4d2a-be5b-85c3413acce9 ] Request (VolumesAssistedSnapshotsTest:setUpClass): 204 PUT http://10.180.1.21/identity/v3/projects/00282708292e4898b7e462be51bb72c2/users/00d1e3c2560e449195fe97c4981e8807/roles/5656a856f9ce4192b0233df9045d4a3d 0.125s
2025-04-29 22:24:51.829 70753 INFO tempest.lib.common.dynamic_creds [-] Dynamic test user 00d1e3c2560e449195fe97c4981e8807 is created with scope project and roles: ['service', 'admin']
2025-04-29 22:24:51.829 70753 INFO tempest.lib.common.dynamic_creds [-] Acquired dynamic creds: credentials: Credentials: {'domain_id': 'default', 'domain_name': 'Default', 'username': 'tempest-VolumesAssistedSnapshotsTest-1905506708-project', 'project_domain_id': 'default', 'project_domain_name': 'Default', 'project_id': '00282708292e4898b7e462be51bb72c2', 'project_name': 'tempest-VolumesAssistedSnapshotsTest-1905506708', 'tenant_id': '00282708292e4898b7e462be51bb72c2', 'tenant_name': 'tempest-VolumesAssistedSnapshotsTest-1905506708', 'user_domain_id': 'default', 'user_domain_name': 'Default', 'user_id': '00d1e3c2560e449195fe97c4981e8807', 'system': None}, Network: None, Subnet: None, Router: None
2025-04-29 22:24:51.884 70755 INFO tempest.lib.common.rest_client [req-f80bc8ad-141b-49c2-8f25-2a4120ba6b44 req-f80bc8ad-141b-49c2-8f25-2a4120ba6b44 ] Request (InstanceActionsTestJSON:setUpClass): 201 POST http://10.180.1.21/identity/v3/auth/tokens 0.145s
2025-04-29 22:24:51.884 70755 INFO tempest.lib.common.fixed_network [-] (InstanceActionsTestJSON:setUpClass) Found network {'id': '69f39d6d-bfa9-4920-a768-5562de8dcef5', 'name': 'tempest-InstanceActionsTestJSON-845394681-network', 'tenant_id': '34d568d054074e18a38a682e801c5baa', 'admin_state_up': True, 'mtu': 8950, 'status': 'ACTIVE', 'subnets': [], 'shared': False, 'project_id': '34d568d054074e18a38a682e801c5baa', 'port_security_enabled': True, 'router:external': False, 'provider:network_type': 'vlan', 'provider:physical_network': 'default', 'provider:segmentation_id': 768, 'availability_zone_hints': [], 'availability_zones': [], 'ipv4_address_scope': None, 'ipv6_address_scope': None, 'description': '', 'tags': [], 'created_at': '2025-04-29T22:24:48Z', 'updated_at': '2025-04-29T22:24:48Z', 'revision_number': 1} available for tenant
2025-04-29 22:24:51.912 70751 INFO tempest.lib.common.rest_client [req-10a3b5bf-32c8-43a6-8d88-0c544f88bc0e req-10a3b5bf-32c8-43a6-8d88-0c544f88bc0e ] Request (QuotasAdminTestV257:test_get_updated_quotas): 200 PUT http://10.180.1.21/compute/v2.1/os-quota-sets/e25a80d940e74e479ac83cf8faed53e1?user_id=41f40fe7eb904d3a924e503a4e785801 3.285s
2025-04-29 22:24:52.017 70725 INFO tempest.lib.common.rest_client [req-b7d9f6b8-3949-4884-89aa-2129ab71f43d req-b7d9f6b8-3949-4884-89aa-2129ab71f43d ] Request (AZV2TestJSON:tearDownClass): 204 DELETE http://10.180.1.21:9696/networking/v2.0/security-groups/6be9b510-7d96-45fe-88ac-df10cfa09a0f 0.226s
2025-04-29 22:24:52.020 70719 INFO tempest.lib.common.rest_client [req-993bf416-fd68-4592-9143-b622b46f7e4d req-993bf416-fd68-4592-9143-b622b46f7e4d ] Request (ServerDiskConfigTestJSON:test_rebuild_server_with_auto_disk_config): 200 GET http://10.180.1.21/compute/v2.1/servers/ce836b7f-fb93-4621-b0b5-6f590a6df215 2.245s
2025-04-29 22:24:52.035 70749 INFO tempest.lib.common.rest_client [req-9f618718-9828-422c-a602-beccd1c405d5 req-9f618718-9828-422c-a602-beccd1c405d5 ] Request (HypervisorAdminV228Test:tearDownClass): 200 GET http://10.180.1.21:9696/networking/v2.0/security-groups?tenant_id=0e157543717d4be8b0ba169dd044faac&name=default 0.350s
2025-04-29 22:24:52.044 70765 INFO tempest.lib.common.rest_client [req-62c1ff38-aa45-46e5-a12f-004b67362c51 req-62c1ff38-aa45-46e5-a12f-004b67362c51 ] Request (HypervisorAdminTestJSON:test_get_hypervisor_show_details): 200 GET http://10.180.1.21/compute/v2.1/os-hypervisors 2.235s
2025-04-29 22:24:52.053 70767 INFO tempest.lib.common.rest_client [req-090b4b35-9dd3-4529-90b9-2ed6685f1a8a req-090b4b35-9dd3-4529-90b9-2ed6685f1a8a ] Request (FlavorsExtraSpecsNegativeTestJSON:test_flavor_non_admin_set_keys): 403 POST http://10.180.1.21/compute/v2.1/flavors/1651384999/os-extra_specs 2.085s
2025-04-29 22:24:52.077 70733 INFO tempest.lib.common.rest_client [req-34aaf691-8d45-4dfc-9d7d-d1af0fdc4a82 req-34aaf691-8d45-4dfc-9d7d-d1af0fdc4a82 ] Request (NetworksTest:test_get_network): 200 GET http://10.180.1.21/compute/v2.1/os-networks 2.549s
2025-04-29 22:24:52.137 70725 INFO tempest.lib.common.rest_client [req-d6b97b45-78af-4b62-82f7-cd05484d8229 req-d6b97b45-78af-4b62-82f7-cd05484d8229 ] Request (AZV2TestJSON:tearDownClass): 204 DELETE http://10.180.1.21/identity/v3/projects/8784041dd924470fb677844f8c07e039 0.120s
2025-04-29 22:24:52.204 70745 INFO tempest.lib.common.rest_client [req-9e4d0cd9-8ba6-4ad1-88a0-9f3c94cb5b2b req-9e4d0cd9-8ba6-4ad1-88a0-9f3c94cb5b2b ] Request (FlavorsAccessNegativeTestJSON:test_add_flavor_access_duplicate): 200 POST http://10.180.1.21/compute/v2.1/flavors/1743761396/action 1.658s
2025-04-29 22:24:52.214 70725 INFO tempest.lib.common.rest_client [req-233ae92d-7e49-4207-aa81-bbe0f0057d67 req-233ae92d-7e49-4207-aa81-bbe0f0057d67 ] Request (DeleteServersTestJSON:setUpClass): 201 POST http://10.180.1.21/identity/v3/auth/tokens 0.075s
2025-04-29 22:24:52.223 70759 INFO tempest.lib.common.rest_client [req-18d24939-8b04-406d-9019-f2e496bb9cca req-18d24939-8b04-406d-9019-f2e496bb9cca ] Request (HypervisorAdminV253TestBase:test_list_show_detail_hypervisors): 200 GET http://10.180.1.21/compute/v2.1/os-hypervisors/c0bc789e-270b-47b5-a996-faddadf249f2 1.643s
2025-04-29 22:24:52.243 70749 INFO tempest.lib.common.rest_client [req-c66c5166-e6ab-48e6-88f1-33b9bb8d03af req-c66c5166-e6ab-48e6-88f1-33b9bb8d03af ] Request (HypervisorAdminV228Test:tearDownClass): 204 DELETE http://10.180.1.21:9696/networking/v2.0/security-groups/67bc7291-44f4-4b85-9f83-8b54c64ca298 0.207s
2025-04-29 22:24:52.246 70725 INFO tempest.lib.common.rest_client [req-4babb7a1-bc07-4011-9a08-f1b2e1389f48 req-4babb7a1-bc07-4011-9a08-f1b2e1389f48 ] Request (DeleteServersTestJSON:setUpClass): 201 POST http://10.180.1.21/identity/v3/auth/tokens 0.030s
2025-04-29 22:24:52.288 70781 INFO tempest.lib.common.rest_client [req-caa07e4a-e8ea-41a7-b3e9-8ef53f5c1a15 req-caa07e4a-e8ea-41a7-b3e9-8ef53f5c1a15 ] Request (FloatingIPsAssociationNegativeTestJSON:setUpClass): 200 GET http://10.180.1.21/compute/v2.1/servers/cb8ce671-a20a-4590-afc5-f3c067ccf774 1.631s
2025-04-29 22:24:52.302 70749 INFO tempest.lib.common.rest_client [req-39493ba0-5ad0-40c1-8cbe-51a47338e0e7 req-39493ba0-5ad0-40c1-8cbe-51a47338e0e7 ] Request (HypervisorAdminV228Test:tearDownClass): 204 DELETE http://10.180.1.21/identity/v3/projects/0e157543717d4be8b0ba169dd044faac 0.058s
2025-04-29 22:24:52.302 70749 INFO tempest.lib.common.dynamic_creds [-] Deleting project and security group for project: 94b617c63a914a069dcc83c48076664a
2025-04-29 22:24:52.309 70759 INFO tempest.lib.common.rest_client [req-03afc6c3-de43-4e7b-8f20-703ce9a87043 req-03afc6c3-de43-4e7b-8f20-703ce9a87043 ] Request (HypervisorAdminV253TestBase:tearDownClass): 204 DELETE http://10.180.1.21/identity/v3/users/2dc30e3c0ff749c688eba88937da1dce 0.074s
2025-04-29 22:24:52.315 70753 INFO tempest.lib.common.rest_client [req-a388c7f1-9839-4fd8-819b-ab385f202eba req-a388c7f1-9839-4fd8-819b-ab385f202eba ] Request (VolumesAssistedSnapshotsTest:setUpClass): 201 POST http://10.180.1.21:9696/networking/v2.0/networks 0.486s
2025-04-29 22:24:52.322 70729 INFO tempest.lib.common.rest_client [req-c4157ec7-fac6-42d6-b360-bff2c7ef9599 req-c4157ec7-fac6-42d6-b360-bff2c7ef9599 ] Request (FlavorsV255TestJSON:test_crud_flavor): 200 GET http://10.180.1.21/compute/v2.1/flavors/detail 1.590s
2025-04-29 22:24:52.330 70721 INFO tempest.lib.common.rest_client [req-6accfa01-9c5a-440c-b0f4-46e89db67a51 req-6accfa01-9c5a-440c-b0f4-46e89db67a51 ] Request (HostsAdminNegativeTestJSON:test_reboot_host_with_non_admin_user): 403 GET http://10.180.1.21/compute/v2.1/os-hosts/devstack/reboot 1.541s
2025-04-29 22:24:52.401 70725 INFO tempest.lib.common.rest_client [req-19d533f7-8479-4a71-aa19-b098dd65791f req-19d533f7-8479-4a71-aa19-b098dd65791f ] Request (DeleteServersTestJSON:setUpClass): 200 GET http://10.180.1.21/identity/v3/domains?name=Default 0.154s
2025-04-29 22:24:52.424 70759 INFO tempest.lib.common.rest_client [req-aad6a16b-ac8d-41a2-820d-dc757bdea467 req-aad6a16b-ac8d-41a2-820d-dc757bdea467 ] Request (HypervisorAdminV253TestBase:tearDownClass): 204 DELETE http://10.180.1.21/identity/v3/users/337462d2ed704427a0c90149f08862c9 0.114s
2025-04-29 22:24:52.424 70759 INFO tempest.lib.common.dynamic_creds [-] Deleting project and security group for project: 84ed3e2ab21c437ea742bf6badf65bdd
2025-04-29 22:24:52.483 70725 INFO tempest.lib.common.rest_client [req-0f8c2571-0439-4e6d-8be9-abd1e8150232 req-0f8c2571-0439-4e6d-8be9-abd1e8150232 ] Request (DeleteServersTestJSON:setUpClass): 201 POST http://10.180.1.21/identity/v3/projects 0.082s
2025-04-29 22:24:52.533 70759 INFO tempest.lib.common.rest_client [req-cc62ed3b-7483-46d6-9f74-badd7aa2d389 req-cc62ed3b-7483-46d6-9f74-badd7aa2d389 ] Request (HypervisorAdminV253TestBase:tearDownClass): 201 POST http://10.180.1.21/identity/v3/auth/tokens 0.108s
2025-04-29 22:24:52.546 70779 INFO tempest.lib.common.rest_client [req-0ea3618f-0b75-4867-af2a-2482eea155aa req-0ea3618f-0b75-4867-af2a-2482eea155aa ] Request (FlavorsExtraSpecsTestJSON:test_flavor_non_admin_get_all_keys): 200 GET http://10.180.1.21/compute/v2.1/flavors/885382624/os-extra_specs 1.720s
2025-04-29 22:24:52.555 70725 INFO tempest.lib.common.rest_client [req-09f0350a-ab72-4fd4-8f61-23bc87bcddb0 req-09f0350a-ab72-4fd4-8f61-23bc87bcddb0 ] Request (DeleteServersTestJSON:setUpClass): 201 POST http://10.180.1.21/identity/v3/users 0.071s
2025-04-29 22:24:52.577 70725 INFO tempest.lib.common.rest_client [req-cafcd54c-9a72-4a20-ba1d-a0002a42d692 req-cafcd54c-9a72-4a20-ba1d-a0002a42d692 ] Request (DeleteServersTestJSON:setUpClass): 200 GET http://10.180.1.21/identity/v3/roles 0.022s
2025-04-29 22:24:52.605 70725 INFO tempest.lib.common.rest_client [req-bf2cea15-84e7-468c-b140-fb146741c365 req-bf2cea15-84e7-468c-b140-fb146741c365 ] Request (DeleteServersTestJSON:setUpClass): 204 PUT http://10.180.1.21/identity/v3/projects/1cb7e0d3707f49998ac5a5b36f9abd1c/users/41c84ef0e46c48eea95a5aa3e7fb94cd/roles/e642774ac4a44b2c92c11efcfe8d4fdc 0.027s
2025-04-29 22:24:52.605 70725 INFO tempest.lib.common.dynamic_creds [-] Dynamic test user 41c84ef0e46c48eea95a5aa3e7fb94cd is created with scope project and roles: ['member']
2025-04-29 22:24:52.605 70725 INFO tempest.lib.common.dynamic_creds [-] Acquired dynamic creds: credentials: Credentials: {'domain_id': 'default', 'domain_name': 'Default', 'username': 'tempest-DeleteServersTestJSON-1676313022-project-member', 'project_domain_id': 'default', 'project_domain_name': 'Default', 'project_id': '1cb7e0d3707f49998ac5a5b36f9abd1c', 'project_name': 'tempest-DeleteServersTestJSON-1676313022', 'tenant_id': '1cb7e0d3707f49998ac5a5b36f9abd1c', 'tenant_name': 'tempest-DeleteServersTestJSON-1676313022', 'user_domain_id': 'default', 'user_domain_name': 'Default', 'user_id': '41c84ef0e46c48eea95a5aa3e7fb94cd', 'system': None}, Network: None, Subnet: None, Router: None
2025-04-29 22:24:52.621 70753 INFO tempest.lib.common.rest_client [req-a76f5e26-44aa-4d32-8bd9-e96016d4d77e req-a76f5e26-44aa-4d32-8bd9-e96016d4d77e ] Request (VolumesAssistedSnapshotsTest:setUpClass): 201 POST http://10.180.1.21:9696/networking/v2.0/subnets 0.306s
2025-04-29 22:24:52.649 70749 INFO tempest.lib.common.rest_client [req-750bf2ae-a655-480f-b542-b1c83cabdce6 req-750bf2ae-a655-480f-b542-b1c83cabdce6 ] Request (HypervisorAdminV228Test:tearDownClass): 200 GET http://10.180.1.21:9696/networking/v2.0/security-groups?tenant_id=94b617c63a914a069dcc83c48076664a&name=default 0.346s
2025-04-29 22:24:52.673 70725 INFO tempest.lib.common.rest_client [req-7796ac7c-2806-4be1-a474-53d2757d959f req-7796ac7c-2806-4be1-a474-53d2757d959f ] Request (DeleteServersTestJSON:setUpClass): 201 POST http://10.180.1.21/identity/v3/auth/tokens 0.067s
2025-04-29 22:24:52.858 70749 INFO tempest.lib.common.rest_client [req-4938da6d-0f0c-42da-af95-6600b3e9126a req-4938da6d-0f0c-42da-af95-6600b3e9126a ] Request (HypervisorAdminV228Test:tearDownClass): 204 DELETE http://10.180.1.21:9696/networking/v2.0/security-groups/a74e3fd0-3ffa-4f44-8a9c-996477a65f49 0.208s
2025-04-29 22:24:52.868 70763 INFO tempest.lib.common.rest_client [req-c3d0d48b-6f0d-4e2b-ae47-0486f5d8f1f5 req-c3d0d48b-6f0d-4e2b-ae47-0486f5d8f1f5 ] Request (AggregatesAdminNegativeTestJSON:test_aggregate_add_existent_host): 200 POST http://10.180.1.21/compute/v2.1/os-aggregates/1/action 1.986s
2025-04-29 22:24:52.871 70759 INFO tempest.lib.common.rest_client [req-c3e4e1cd-e1b7-412d-a45f-45f9b5fed9b3 req-c3e4e1cd-e1b7-412d-a45f-45f9b5fed9b3 ] Request (HypervisorAdminV253TestBase:tearDownClass): 200 GET http://10.180.1.21:9696/networking/v2.0/security-groups?tenant_id=84ed3e2ab21c437ea742bf6badf65bdd&name=default 0.338s
2025-04-29 22:24:52.927 70749 INFO tempest.lib.common.rest_client [req-17dd69ca-a457-4041-be06-96e12d1656fd req-17dd69ca-a457-4041-be06-96e12d1656fd ] Request (HypervisorAdminV228Test:tearDownClass): 204 DELETE http://10.180.1.21/identity/v3/projects/94b617c63a914a069dcc83c48076664a 0.069s
2025-04-29 22:24:52.981 70739 INFO tempest.lib.common.rest_client [req-8c404542-5e9a-45ae-b141-01488f3a6564 req-8c404542-5e9a-45ae-b141-01488f3a6564 ] Request (ServersAdmin275Test:test_rebuild_update_server_275): 200 PUT http://10.180.1.21/compute/v2.1/servers/fa1bff3d-d23d-4d72-ba3f-badb7f6b7a9b 1.963s
2025-04-29 22:24:52.998 70749 INFO tempest.lib.common.rest_client [req-7b69a271-3c90-45fd-95a6-236da0b9c784 req-7b69a271-3c90-45fd-95a6-236da0b9c784 ] Request (ImagesMetadataNegativeTestJSON:setUpClass): 201 POST http://10.180.1.21/identity/v3/auth/tokens 0.069s
2025-04-29 22:24:53.047 70759 INFO tempest.lib.common.rest_client [req-3e4f37d6-7ae7-4212-8246-7bf45542c1a1 req-3e4f37d6-7ae7-4212-8246-7bf45542c1a1 ] Request (HypervisorAdminV253TestBase:tearDownClass): 204 DELETE http://10.180.1.21:9696/networking/v2.0/security-groups/ed1a366e-0452-47fb-a755-fa4e4335b3a8 0.176s
2025-04-29 22:24:53.051 70747 INFO tempest.lib.common.rest_client [req-bfc57e57-4802-4040-abe8-888373405333 req-bfc57e57-4802-4040-abe8-888373405333 ] Request (FloatingIPDetailsTestJSON:setUpClass): 200 POST http://10.180.1.21/compute/v2.1/os-floating-ips 2.627s
2025-04-29 22:24:53.063 70749 INFO tempest.lib.common.rest_client [req-8c9b7641-3042-48e9-886a-07443dfd8215 req-8c9b7641-3042-48e9-886a-07443dfd8215 ] Request (ImagesMetadataNegativeTestJSON:setUpClass): 201 POST http://10.180.1.21/identity/v3/auth/tokens 0.063s
2025-04-29 22:24:53.074 70770 INFO tempest.lib.common.rest_client [req-25d68d7c-ad5f-4267-b49e-6e053b554163 req-25d68d7c-ad5f-4267-b49e-6e053b554163 ] Request (HostsAdminTestJSON:test_list_hosts_with_nonexistent_zone): 200 GET http://10.180.1.21/compute/v2.1/os-hosts?zone=xxx 1.611s
2025-04-29 22:24:53.088 70725 INFO tempest.lib.common.rest_client [req-4c187b31-2f59-4033-9f4a-f5995b3bd8c8 req-4c187b31-2f59-4033-9f4a-f5995b3bd8c8 ] Request (DeleteServersTestJSON:setUpClass): 201 POST http://10.180.1.21:9696/networking/v2.0/networks 0.415s
2025-04-29 22:24:53.101 70777 INFO tempest.lib.common.rest_client [req-7daec3ac-cd79-4fa9-a700-52027668f9ec req-7daec3ac-cd79-4fa9-a700-52027668f9ec ] Request (ImagesDeleteNegativeTestJSON:test_delete_image_blank_id): 404 DELETE http://10.180.1.21/compute/v2.1/images/ 2.009s
2025-04-29 22:24:53.132 70735 INFO tempest.lib.common.rest_client [req-275687cf-6e7b-4b6d-80cc-1e6ff8e85808 req-275687cf-6e7b-4b6d-80cc-1e6ff8e85808 ] Request (FlavorsV261TestJSON:test_crud_flavor): 200 GET http://10.180.1.21/compute/v2.1/flavors/detail 1.554s
2025-04-29 22:24:53.143 70749 INFO tempest.lib.common.rest_client [req-82933a86-4186-44bb-a220-56cd9b2e9c50 req-82933a86-4186-44bb-a220-56cd9b2e9c50 ] Request (ImagesMetadataNegativeTestJSON:setUpClass): 200 GET http://10.180.1.21/identity/v3/domains?name=Default 0.080s
2025-04-29 22:24:53.154 70759 INFO tempest.lib.common.rest_client [req-29a6d1f2-b179-452b-8e1b-a28627692e1e req-29a6d1f2-b179-452b-8e1b-a28627692e1e ] Request (HypervisorAdminV253TestBase:tearDownClass): 204 DELETE http://10.180.1.21/identity/v3/projects/84ed3e2ab21c437ea742bf6badf65bdd 0.106s
2025-04-29 22:24:53.154 70759 INFO tempest.lib.common.dynamic_creds [-] Deleting project and security group for project: 464709536ba849218b0ae76cda75a1a7
2025-04-29 22:24:53.282 70757 INFO tempest.lib.common.rest_client [req-daa6aecc-a5c0-4222-9e4c-08029e389ab1 req-daa6aecc-a5c0-4222-9e4c-08029e389ab1 ] Request (FlavorsAccessTestJSON:test_flavor_access_add_remove): 200 GET http://10.180.1.21/compute/v2.1/flavors/detail 1.730s
2025-04-29 22:24:53.303 70759 INFO tempest.lib.common.rest_client [req-00b42622-12b2-4c2c-a832-ee692db3cd24 req-00b42622-12b2-4c2c-a832-ee692db3cd24 ] Request (HypervisorAdminV253TestBase:tearDownClass): 200 GET http://10.180.1.21:9696/networking/v2.0/security-groups?tenant_id=464709536ba849218b0ae76cda75a1a7&name=default 0.149s
2025-04-29 22:24:53.330 70749 INFO tempest.lib.common.rest_client [req-f9f2f4ca-8219-4d6b-be2a-604c0d56b67a req-f9f2f4ca-8219-4d6b-be2a-604c0d56b67a ] Request (ImagesMetadataNegativeTestJSON:setUpClass): 201 POST http://10.180.1.21/identity/v3/projects 0.186s
2025-04-29 22:24:53.349 70725 INFO tempest.lib.common.rest_client [req-a08ea1cd-b02b-48e3-89da-2ebf1b6b4fed req-a08ea1cd-b02b-48e3-89da-2ebf1b6b4fed ] Request (DeleteServersTestJSON:setUpClass): 201 POST http://10.180.1.21:9696/networking/v2.0/subnets 0.260s
2025-04-29 22:24:53.370 70741 INFO tempest.lib.common.rest_client [req-4aae1d75-f40f-415a-99d3-022ca87dc0c5 req-4aae1d75-f40f-415a-99d3-022ca87dc0c5 ] Request (HypervisorAdminNegativeTestJSON:test_get_hypervisor_uptime_with_non_admin_user): 200 GET http://10.180.1.21/compute/v2.1/os-hypervisors 1.750s
2025-04-29 22:24:53.394 70723 INFO tempest.lib.common.rest_client [req-d3c176d8-cfdc-4b3c-b2b1-fcf35daa41e8 req-d3c176d8-cfdc-4b3c-b2b1-fcf35daa41e8 ] Request (FlavorsAdminTestJSON:test_create_flavor_verify_entry_in_list_details): 200 POST http://10.180.1.21/compute/v2.1/flavors 1.770s
2025-04-29 22:24:53.411 70749 INFO tempest.lib.common.rest_client [req-7fece1fa-811c-43f0-a4e1-bd3e5e52138e req-7fece1fa-811c-43f0-a4e1-bd3e5e52138e ] Request (ImagesMetadataNegativeTestJSON:setUpClass): 201 POST http://10.180.1.21/identity/v3/users 0.077s
2025-04-29 22:24:53.433 70759 INFO tempest.lib.common.rest_client [req-679dde14-62fd-4d1c-b40f-34b9f5d56404 req-679dde14-62fd-4d1c-b40f-34b9f5d56404 ] Request (HypervisorAdminV253TestBase:tearDownClass): 204 DELETE http://10.180.1.21:9696/networking/v2.0/security-groups/d1b2b592-8522-4dec-9c69-b11bce580298 0.129s
2025-04-29 22:24:53.441 70749 INFO tempest.lib.common.rest_client [req-fce4415e-1273-4327-adc3-0d3efdef74b9 req-fce4415e-1273-4327-adc3-0d3efdef74b9 ] Request (ImagesMetadataNegativeTestJSON:setUpClass): 200 GET http://10.180.1.21/identity/v3/roles 0.030s
2025-04-29 22:24:53.489 70749 INFO tempest.lib.common.rest_client [req-15e4b2ee-a03d-4a43-a3a9-4b1b08346214 req-15e4b2ee-a03d-4a43-a3a9-4b1b08346214 ] Request (ImagesMetadataNegativeTestJSON:setUpClass): 204 PUT http://10.180.1.21/identity/v3/projects/0135921249634da6a8502031da01fe4f/users/b58a27c119d2451181d4e033c3bb9a64/roles/e642774ac4a44b2c92c11efcfe8d4fdc 0.047s
2025-04-29 22:24:53.490 70749 INFO tempest.lib.common.dynamic_creds [-] Dynamic test user b58a27c119d2451181d4e033c3bb9a64 is created with scope project and roles: ['member']
2025-04-29 22:24:53.490 70749 INFO tempest.lib.common.dynamic_creds [-] Acquired dynamic creds: credentials: Credentials: {'domain_id': 'default', 'domain_name': 'Default', 'username': 'tempest-ImagesMetadataNegativeTestJSON-1676214111-project-member', 'project_domain_id': 'default', 'project_domain_name': 'Default', 'project_id': '0135921249634da6a8502031da01fe4f', 'project_name': 'tempest-ImagesMetadataNegativeTestJSON-1676214111', 'tenant_id': '0135921249634da6a8502031da01fe4f', 'tenant_name': 'tempest-ImagesMetadataNegativeTestJSON-1676214111', 'user_domain_id': 'default', 'user_domain_name': 'Default', 'user_id': 'b58a27c119d2451181d4e033c3bb9a64', 'system': None}, Network: None, Subnet: None, Router: None
2025-04-29 22:24:53.490 70749 INFO tempest.lib.common.dynamic_creds [-] Created isolated network resources for: credentials: Credentials: {'domain_id': 'default', 'domain_name': 'Default', 'username': 'tempest-ImagesMetadataNegativeTestJSON-1676214111-project-member', 'project_domain_id': 'default', 'project_domain_name': 'Default', 'project_id': '0135921249634da6a8502031da01fe4f', 'project_name': 'tempest-ImagesMetadataNegativeTestJSON-1676214111', 'tenant_id': '0135921249634da6a8502031da01fe4f', 'tenant_name': 'tempest-ImagesMetadataNegativeTestJSON-1676214111', 'user_domain_id': 'default', 'user_domain_name': 'Default', 'user_id': 'b58a27c119d2451181d4e033c3bb9a64', 'system': None}, Network: None, Subnet: None, Router: None
2025-04-29 22:24:53.538 70759 INFO tempest.lib.common.rest_client [req-fb19477a-7e97-406c-a0f2-e7afba367bdd req-fb19477a-7e97-406c-a0f2-e7afba367bdd ] Request (HypervisorAdminV253TestBase:tearDownClass): 204 DELETE http://10.180.1.21/identity/v3/projects/464709536ba849218b0ae76cda75a1a7 0.104s
2025-04-29 22:24:53.574 70761 INFO tempest.lib.common.rest_client [req-8f7594db-c35c-4dc9-83ee-26033e7680ff req-8f7594db-c35c-4dc9-83ee-26033e7680ff ] Request (QuotasAdminNegativeTest:test_create_server_when_cpu_quota_is_full): 403 POST http://10.180.1.21/compute/v2.1/servers 1.956s
2025-04-29 22:24:53.585 70749 INFO tempest.lib.common.rest_client [req-47fb3afe-a15e-4113-9b32-a21221294b31 req-47fb3afe-a15e-4113-9b32-a21221294b31 ] Request (ImagesMetadataNegativeTestJSON:setUpClass): 201 POST http://10.180.1.21/identity/v3/auth/tokens 0.089s
2025-04-29 22:24:53.603 70771 INFO tempest.lib.common.rest_client [req-91647291-8b73-425e-87cc-1c4950c31cdd req-91647291-8b73-425e-87cc-1c4950c31cdd ] Request (ServersAdminNegativeTestJSON:setUpClass): 200 GET http://10.180.1.21/compute/v2.1/servers/627b3514-19e9-4709-84ed-7c6592304398 1.904s
2025-04-29 22:24:53.614 70771 INFO tempest.common.waiters [-] State transition "BUILD/None" ==> "BUILD/spawning" after 3 second wait
2025-04-29 22:24:53.620 70759 INFO tempest.lib.common.rest_client [req-61109786-ae40-45c5-85d8-cf73dae350c7 req-61109786-ae40-45c5-85d8-cf73dae350c7 ] Request (KeyPairsNegativeTestJSON:setUpClass): 201 POST http://10.180.1.21/identity/v3/auth/tokens 0.080s
2025-04-29 22:24:53.689 70731 INFO tempest.lib.common.rest_client [req-3c814211-a4d0-4704-afd1-390909297670 req-3c814211-a4d0-4704-afd1-390909297670 ] Request (ServersWithSpecificFlavorTestJSON:test_verify_created_server_ephemeral_disk): 200 GET http://10.180.1.21/compute/v2.1/flavors/42 1.880s
2025-04-29 22:24:53.693 70759 INFO tempest.lib.common.rest_client [req-4fe5b5fa-2029-4384-b367-c371f34945ff req-4fe5b5fa-2029-4384-b367-c371f34945ff ] Request (KeyPairsNegativeTestJSON:setUpClass): 201 POST http://10.180.1.21/identity/v3/auth/tokens 0.071s
2025-04-29 22:24:53.727 70759 INFO tempest.lib.common.rest_client [req-bd029675-3504-4b7c-af01-c71c7be3b828 req-bd029675-3504-4b7c-af01-c71c7be3b828 ] Request (KeyPairsNegativeTestJSON:setUpClass): 200 GET http://10.180.1.21/identity/v3/domains?name=Default 0.034s
2025-04-29 22:24:53.766 70759 INFO tempest.lib.common.rest_client [req-992a2273-5424-4a08-a464-1ba63c10a518 req-992a2273-5424-4a08-a464-1ba63c10a518 ] Request (KeyPairsNegativeTestJSON:setUpClass): 201 POST http://10.180.1.21/identity/v3/projects 0.038s
2025-04-29 22:24:53.778 70751 INFO tempest.lib.common.rest_client [req-33fd790b-3e49-4668-b16c-e0f75bad40d2 req-33fd790b-3e49-4668-b16c-e0f75bad40d2 ] Request (QuotasAdminTestV257:test_get_updated_quotas): 200 GET http://10.180.1.21/compute/v2.1/os-quota-sets/e25a80d940e74e479ac83cf8faed53e1?user_id=41f40fe7eb904d3a924e503a4e785801 1.863s
2025-04-29 22:24:53.800 70765 INFO tempest.lib.common.rest_client [req-3c82559f-3c66-454f-8000-39f561ff416c req-3c82559f-3c66-454f-8000-39f561ff416c ] Request (HypervisorAdminTestJSON:test_get_hypervisor_show_details): 200 GET http://10.180.1.21/compute/v2.1/os-hypervisors/1 1.754s
2025-04-29 22:24:53.908 70767 INFO tempest.lib.common.rest_client [req-559be28d-8f67-473e-9862-72b4b203934c req-559be28d-8f67-473e-9862-72b4b203934c ] Request (FlavorsExtraSpecsNegativeTestJSON:test_flavor_non_admin_unset_keys): 200 POST http://10.180.1.21/compute/v2.1/flavors/1651384999/os-extra_specs 1.853s
2025-04-29 22:24:53.919 70759 INFO tempest.lib.common.rest_client [req-53659d9c-07bb-4f7e-875b-21e53856037e req-53659d9c-07bb-4f7e-875b-21e53856037e ] Request (KeyPairsNegativeTestJSON:setUpClass): 201 POST http://10.180.1.21/identity/v3/users 0.153s
2025-04-29 22:24:53.952 70759 INFO tempest.lib.common.rest_client [req-fb7a8ade-d3ae-4cfb-a6e3-40a9fe37d969 req-fb7a8ade-d3ae-4cfb-a6e3-40a9fe37d969 ] Request (KeyPairsNegativeTestJSON:setUpClass): 200 GET http://10.180.1.21/identity/v3/roles 0.032s
2025-04-29 22:24:53.979 70751 INFO tempest.lib.common.rest_client [req-5d72a12f-6fb7-47a0-bdf7-04c8565f50b3 req-5d72a12f-6fb7-47a0-bdf7-04c8565f50b3 ] Request (QuotasAdminTestV257:_run_cleanups): 204 DELETE http://10.180.1.21/identity/v3/users/41f40fe7eb904d3a924e503a4e785801 0.199s
2025-04-29 22:24:54.023 70759 INFO tempest.lib.common.rest_client [req-02290888-091f-4bb0-a774-7d4dc49669a1 req-02290888-091f-4bb0-a774-7d4dc49669a1 ] Request (KeyPairsNegativeTestJSON:setUpClass): 204 PUT http://10.180.1.21/identity/v3/projects/0b193cd3f9b741cbbc3a7b131c728891/users/2c5a3d4ed1fe4c1eaaf3deb15c5614dd/roles/e642774ac4a44b2c92c11efcfe8d4fdc 0.070s
2025-04-29 22:24:54.023 70759 INFO tempest.lib.common.dynamic_creds [-] Dynamic test user 2c5a3d4ed1fe4c1eaaf3deb15c5614dd is created with scope project and roles: ['member']
2025-04-29 22:24:54.023 70759 INFO tempest.lib.common.dynamic_creds [-] Acquired dynamic creds: credentials: Credentials: {'domain_id': 'default', 'domain_name': 'Default', 'username': 'tempest-KeyPairsNegativeTestJSON-845174032-project-member', 'project_domain_id': 'default', 'project_domain_name': 'Default', 'project_id': '0b193cd3f9b741cbbc3a7b131c728891', 'project_name': 'tempest-KeyPairsNegativeTestJSON-845174032', 'tenant_id': '0b193cd3f9b741cbbc3a7b131c728891', 'tenant_name': 'tempest-KeyPairsNegativeTestJSON-845174032', 'user_domain_id': 'default', 'user_domain_name': 'Default', 'user_id': '2c5a3d4ed1fe4c1eaaf3deb15c5614dd', 'system': None}, Network: None, Subnet: None, Router: None
2025-04-29 22:24:54.023 70759 INFO tempest.lib.common.dynamic_creds [-] Created isolated network resources for: credentials: Credentials: {'domain_id': 'default', 'domain_name': 'Default', 'username': 'tempest-KeyPairsNegativeTestJSON-845174032-project-member', 'project_domain_id': 'default', 'project_domain_name': 'Default', 'project_id': '0b193cd3f9b741cbbc3a7b131c728891', 'project_name': 'tempest-KeyPairsNegativeTestJSON-845174032', 'tenant_id': '0b193cd3f9b741cbbc3a7b131c728891', 'tenant_name': 'tempest-KeyPairsNegativeTestJSON-845174032', 'user_domain_id': 'default', 'user_domain_name': 'Default', 'user_id': '2c5a3d4ed1fe4c1eaaf3deb15c5614dd', 'system': None}, Network: None, Subnet: None, Router: None
2025-04-29 22:24:54.092 70733 INFO tempest.lib.common.rest_client [req-e7325cd3-0b29-4101-946d-ff3004de0c6e req-e7325cd3-0b29-4101-946d-ff3004de0c6e ] Request (NetworksTest:test_get_network): 200 GET http://10.180.1.21/compute/v2.1/os-networks/376b28e9-9f4e-46c3-b7f9-a0730e101275 2.014s
2025-04-29 22:24:54.092 70755 INFO tempest.lib.common.rest_client [req-30fe053f-5533-454e-a2d7-e510c612ca79 req-30fe053f-5533-454e-a2d7-e510c612ca79 ] Request (InstanceActionsTestJSON:setUpClass): 202 POST http://10.180.1.21/compute/v2.1/servers 2.205s
2025-04-29 22:24:54.110 70759 INFO tempest.lib.common.rest_client [req-57e4ca84-9dc0-4396-a43d-b1701c2adb88 req-57e4ca84-9dc0-4396-a43d-b1701c2adb88 ] Request (KeyPairsNegativeTestJSON:setUpClass): 201 POST http://10.180.1.21/identity/v3/auth/tokens 0.082s
2025-04-29 22:24:54.129 70729 INFO tempest.lib.common.rest_client [req-ec0da020-42e7-4492-8a0a-7bf8a83c2e93 req-ec0da020-42e7-4492-8a0a-7bf8a83c2e93 ] Request (FlavorsV255TestJSON:test_crud_flavor): 200 GET http://10.180.1.21/compute/v2.1/flavors 1.801s
2025-04-29 22:24:54.150 70721 INFO tempest.lib.common.rest_client [req-08dfdef2-4f94-4f3d-b93e-7777a099522d req-08dfdef2-4f94-4f3d-b93e-7777a099522d ] Request (HostsAdminNegativeTestJSON:test_reboot_nonexistent_host): 404 GET http://10.180.1.21/compute/v2.1/os-hosts/nonexistent_hostname/reboot 1.818s
2025-04-29 22:24:54.170 70779 INFO tempest.lib.common.rest_client [req-379bae96-1295-4aaa-abc2-52336d44ecd6 req-379bae96-1295-4aaa-abc2-52336d44ecd6 ] Request (FlavorsExtraSpecsTestJSON:test_flavor_non_admin_get_specific_key): 200 POST http://10.180.1.21/compute/v2.1/flavors/885382624/os-extra_specs 1.614s
2025-04-29 22:24:54.177 70751 INFO tempest.lib.common.rest_client [req-9968fdb5-1c5f-44ee-982e-42232212ca8c req-9968fdb5-1c5f-44ee-982e-42232212ca8c ] Request (QuotasAdminTestV257:_run_cleanups): 204 DELETE http://10.180.1.21/identity/v3/projects/e25a80d940e74e479ac83cf8faed53e1 0.198s
2025-04-29 22:24:54.246 70727 INFO tempest.lib.common.rest_client [req-536accb6-5f8d-466d-b576-e7580c4729d8 req-536accb6-5f8d-466d-b576-e7580c4729d8 ] Request (DeleteServersAdminTestJSON:test_admin_delete_servers_of_others): 200 GET http://10.180.1.21/compute/v2.1/servers/a528a175-424a-4140-825b-0eebd013c5fb 1.550s
2025-04-29 22:24:54.259 70727 INFO tempest.common.waiters [-] State transition "BUILD/None" ==> "BUILD/networking" after 3 second wait
2025-04-29 22:24:54.267 70745 INFO tempest.lib.common.rest_client [req-66a7ff47-604e-4960-80ac-bfa034de702d req-66a7ff47-604e-4960-80ac-bfa034de702d ] Request (FlavorsAccessNegativeTestJSON:test_add_flavor_access_duplicate): 409 POST http://10.180.1.21/compute/v2.1/flavors/1743761396/action 2.062s
2025-04-29 22:24:54.269 70753 INFO tempest.lib.common.rest_client [req-fd855521-bdcf-45c5-8525-49785bcbbe70 req-fd855521-bdcf-45c5-8525-49785bcbbe70 ] Request (VolumesAssistedSnapshotsTest:setUpClass): 201 POST http://10.180.1.21:9696/networking/v2.0/routers 1.646s
2025-04-29 22:24:54.327 70737 INFO tempest.lib.common.rest_client [req-af04a04c-8d58-4fa1-941a-b40719b1f64f req-af04a04c-8d58-4fa1-941a-b40719b1f64f ] Request (ServersAaction247Test:test_create_backup): 200 GET http://10.180.1.21/compute/v2.1/servers/444fb993-64c1-45aa-9c38-e03a60d70bbf 1.571s
2025-04-29 22:24:54.355 70763 INFO tempest.lib.common.rest_client [req-cd518501-cb02-49fa-93f5-25c22e43caa2 req-cd518501-cb02-49fa-93f5-25c22e43caa2 ] Request (AggregatesAdminNegativeTestJSON:test_aggregate_add_existent_host): 409 POST http://10.180.1.21/compute/v2.1/os-aggregates/1/action 1.482s
2025-04-29 22:24:54.381 70751 INFO tempest.lib.common.rest_client [req-86231ba6-40c3-45e9-aec5-86b9e1d72184 req-86231ba6-40c3-45e9-aec5-86b9e1d72184 ] Request (QuotasAdminTestV257:tearDownClass): 204 DELETE http://10.180.1.21/identity/v3/users/4f1536a2ad6f4a7584f82d49646a8215 0.195s
2025-04-29 22:24:54.437 70739 INFO tempest.lib.common.rest_client [req-03138b31-50e0-44a3-b8a0-b1c7b1c0eb9d req-03138b31-50e0-44a3-b8a0-b1c7b1c0eb9d ] Request (ServersAdmin275Test:test_rebuild_update_server_275): 200 GET http://10.180.1.21/compute/v2.1/servers/fa1bff3d-d23d-4d72-ba3f-badb7f6b7a9b 1.439s
2025-04-29 22:24:54.452 70719 INFO tempest.lib.common.rest_client [req-684a9f92-787c-4697-b3ae-71bf539bdf84 req-684a9f92-787c-4697-b3ae-71bf539bdf84 ] Request (ServerDiskConfigTestJSON:test_rebuild_server_with_auto_disk_config): 200 GET http://10.180.1.21/compute/v2.1/servers/ce836b7f-fb93-4621-b0b5-6f590a6df215 1.422s
2025-04-29 22:24:54.480 70777 INFO tempest.lib.common.rest_client [req-b6e6e61b-fc46-4a1b-88c8-4fff25f4f03a req-b6e6e61b-fc46-4a1b-88c8-4fff25f4f03a ] Request (ImagesDeleteNegativeTestJSON:test_delete_image_negative_image_id): 404 DELETE http://10.180.1.21/compute/v2.1/images/-1 1.377s
2025-04-29 22:24:54.514 70735 INFO tempest.lib.common.rest_client [req-22667732-db0e-43d4-afef-53e9d297b4d1 req-22667732-db0e-43d4-afef-53e9d297b4d1 ] Request (FlavorsV261TestJSON:test_crud_flavor): 200 GET http://10.180.1.21/compute/v2.1/flavors 1.371s
2025-04-29 22:24:54.518 70751 INFO tempest.lib.common.rest_client [req-1d62b090-af4d-4033-8a39-b0733162c5fc req-1d62b090-af4d-4033-8a39-b0733162c5fc ] Request (QuotasAdminTestV257:tearDownClass): 204 DELETE http://10.180.1.21/identity/v3/users/dca198c5b83c4c7d8a5d9f9543315b45 0.136s
2025-04-29 22:24:54.518 70751 INFO tempest.lib.common.dynamic_creds [-] Deleting project and security group for project: f2b09fbca24e4083bab501a64b9b2ba6
2025-04-29 22:24:54.596 70751 INFO tempest.lib.common.rest_client [req-50e4e21f-44d9-482f-9cf6-96ac33d98fe7 req-50e4e21f-44d9-482f-9cf6-96ac33d98fe7 ] Request (QuotasAdminTestV257:tearDownClass): 201 POST http://10.180.1.21/identity/v3/auth/tokens 0.077s
2025-04-29 22:24:54.664 70757 INFO tempest.lib.common.rest_client [req-5b08fd48-177e-4763-80e7-19a19f9a176f req-5b08fd48-177e-4763-80e7-19a19f9a176f ] Request (FlavorsAccessTestJSON:test_flavor_access_add_remove): 200 POST http://10.180.1.21/compute/v2.1/flavors/1917917908/action 1.375s
2025-04-29 22:24:54.828 70781 INFO tempest.lib.common.rest_client [req-442a1726-2078-4bdb-9e25-5f8a4273bc35 req-442a1726-2078-4bdb-9e25-5f8a4273bc35 ] Request (FloatingIPsAssociationNegativeTestJSON:setUpClass): 200 GET http://10.180.1.21/compute/v2.1/servers/cb8ce671-a20a-4590-afc5-f3c067ccf774 1.529s
2025-04-29 22:24:54.835 70741 INFO tempest.lib.common.rest_client [req-4f51bf6b-be33-4934-aa83-3d6a70f63110 req-4f51bf6b-be33-4934-aa83-3d6a70f63110 ] Request (HypervisorAdminNegativeTestJSON:test_get_hypervisor_uptime_with_non_admin_user): 403 GET http://10.180.1.21/compute/v2.1/os-hypervisors/1/uptime 1.463s
2025-04-29 22:24:54.873 70723 INFO tempest.lib.common.rest_client [req-e549ba0d-e192-470d-8020-decc80e9c018 req-e549ba0d-e192-470d-8020-decc80e9c018 ] Request (FlavorsAdminTestJSON:test_create_flavor_verify_entry_in_list_details): 200 GET http://10.180.1.21/compute/v2.1/flavors/detail 1.476s
2025-04-29 22:24:54.971 70751 INFO tempest.lib.common.rest_client [req-a42ee997-03b3-4095-8e48-d2a98443d686 req-a42ee997-03b3-4095-8e48-d2a98443d686 ] Request (QuotasAdminTestV257:tearDownClass): 200 GET http://10.180.1.21:9696/networking/v2.0/security-groups?tenant_id=f2b09fbca24e4083bab501a64b9b2ba6&name=default 0.375s
2025-04-29 22:24:55.026 70761 INFO tempest.lib.common.rest_client [req-1766edd4-b92a-4a8c-87cf-c2be9b8c3352 req-1766edd4-b92a-4a8c-87cf-c2be9b8c3352 ] Request (QuotasAdminNegativeTest:_run_cleanups): 200 PUT http://10.180.1.21/compute/v2.1/os-quota-sets/6ed15f2f7e424436914d99cae24e0a45 1.452s
2025-04-29 22:24:55.144 70749 INFO tempest.lib.common.rest_client [req-21919bae-1ea2-4640-b182-244396740a6b req-21919bae-1ea2-4640-b182-244396740a6b ] Request (ImagesMetadataNegativeTestJSON:test_delete_nonexistent_image_metadata_item): 404 DELETE http://10.180.1.21/compute/v2.1/images/b6974469-e15a-42cd-b92b-065c3152562c/metadata/os_distro 1.558s
2025-04-29 22:24:55.191 70725 INFO tempest.lib.common.rest_client [req-ef9c62d7-8cf8-4443-aa12-5197e165aa30 req-ef9c62d7-8cf8-4443-aa12-5197e165aa30 ] Request (DeleteServersTestJSON:setUpClass): 201 POST http://10.180.1.21:9696/networking/v2.0/routers 1.842s
2025-04-29 22:24:55.243 70751 INFO tempest.lib.common.rest_client [req-44dc73b8-c24e-402a-91fe-82a1834a136b req-44dc73b8-c24e-402a-91fe-82a1834a136b ] Request (QuotasAdminTestV257:tearDownClass): 204 DELETE http://10.180.1.21:9696/networking/v2.0/security-groups/9eb4bea4-e8a5-4c09-82a7-e157d3749ff7 0.271s
2025-04-29 22:24:55.253 70731 INFO tempest.lib.common.rest_client [req-b754aa82-17c5-490c-aa9f-9e9ffbde9557 req-b754aa82-17c5-490c-aa9f-9e9ffbde9557 ] Request (ServersWithSpecificFlavorTestJSON:test_verify_created_server_ephemeral_disk): 200 POST http://10.180.1.21/compute/v2.1/flavors 1.561s
