2025-04-29 22:27:34.858 70725 INFO tempest.lib.common.rest_client [req-7a953caf-b265-4af3-8439-dbbaab208b3c req-7a953caf-b265-4af3-8439-dbbaab208b3c ] Request (DeleteServersTestJSON:test_delete_server_while_in_attached_volume): 200 GET http://10.180.1.21/compute/v2.1/servers/07e33dbe-c8c4-4e66-9cbe-f4624bf97da3 0.127s
2025-04-29 22:27:34.918 70741 INFO tempest.lib.common.rest_client [req-89bba412-8c9f-483f-b28a-ec9575d6b1e2 req-89bba412-8c9f-483f-b28a-ec9575d6b1e2 ] Request (ImagesOneServerNegativeTestJSON:_run_cleanups): 200 GET http://10.180.1.21/compute/v2.1/servers/f1301b43-60dc-4939-ab24-0997a306dce5 0.133s
2025-04-29 22:27:34.922 70723 INFO tempest.lib.common.rest_client [req-c18dd3b4-c479-4760-a252-64fd9ee9fd27 req-c18dd3b4-c479-4760-a252-64fd9ee9fd27 ] Request (ServersAdminTestJSON:test_create_server_with_scheduling_hint): 200 GET http://10.180.1.21/compute/v2.1/servers/4fbe5ca0-b701-445a-ab33-f1829b8cc8a1 0.142s
2025-04-29 22:27:34.953 70757 INFO tempest.lib.common.rest_client [req-54efcd3b-96f7-4f36-8a88-759d8b697316 req-54efcd3b-96f7-4f36-8a88-759d8b697316 ] Request (TenantUsagesTestJSON:tearDownClass): 204 DELETE http://10.180.1.21:9696/networking/v2.0/security-groups/b8a2cb7e-20dc-47d2-8f7b-d878fb5d585f 0.148s
2025-04-29 22:27:34.983 70735 INFO tempest.lib.common.rest_client [req-8a595d4e-5654-4d99-bb01-89c414da9db6 req-8a595d4e-5654-4d99-bb01-89c414da9db6 ] Request (ServerRescueNegativeTestJSON:setUpClass): 200 GET http://10.180.1.21/compute/v2.1/servers/c2cc872a-eb38-4e07-917e-00c06740ba54 0.150s
2025-04-29 22:27:35.048 70763 INFO tempest.lib.common.rest_client [req-63709994-69fe-476c-bad2-610e3e5a828e req-63709994-69fe-476c-bad2-610e3e5a828e ] Request (ServerRescueTestJSON:setUpClass): 200 GET http://10.180.1.21/compute/v2.1/servers/afc0e698-e9bb-4945-9b1f-785e3a967c78 0.213s
2025-04-29 22:27:35.056 70737 INFO tempest.lib.common.rest_client [req-0ee90658-ee88-4d20-916b-942191fc51eb req-0ee90658-ee88-4d20-916b-942191fc51eb ] Request (AttachVolumeNegativeTest:test_attach_attached_volume_to_different_server): 200 GET http://10.180.1.21/compute/v2.1/servers/0cb287d3-cf57-49e4-9680-1b6e129fb886 0.206s
2025-04-29 22:27:35.078 70757 INFO tempest.lib.common.rest_client [req-7c1d1e75-556e-4e59-bebe-ca235cf29449 req-7c1d1e75-556e-4e59-bebe-ca235cf29449 ] Request (TenantUsagesTestJSON:tearDownClass): 204 DELETE http://10.180.1.21/identity/v3/projects/7d2538009f1a484795d622cf4f3ebe52 0.124s
2025-04-29 22:27:35.108 70777 INFO tempest.lib.common.rest_client [req-ea662050-3827-48ce-ba16-d34d25344e28 req-ea662050-3827-48ce-ba16-d34d25344e28 ] Request (InstanceActionsNegativeTestJSON:setUpClass): 200 GET http://10.180.1.21/compute/v2.1/servers/fece1064-606f-4e15-84a2-c4c926036bdc 0.198s
2025-04-29 22:27:35.110 70765 INFO tempest.lib.common.rest_client [req-d6995201-9aec-4e44-b430-2ca1d0fab0c6 req-d6995201-9aec-4e44-b430-2ca1d0fab0c6 ] Request (MigrationsAdminTest:test_resize_server_revert_deleted_flavor): 200 GET http://10.180.1.21/compute/v2.1/servers/67ca88f5-a305-46dd-b8ec-cf3b0d621d98 0.219s
2025-04-29 22:27:35.149 70757 INFO tempest.lib.common.rest_client [req-bf614537-1832-4ff4-9c42-80db1abac1e5 req-bf614537-1832-4ff4-9c42-80db1abac1e5 ] Request (ListImagesTestJSON:setUpClass): 201 POST http://10.180.1.21/identity/v3/auth/tokens 0.069s
2025-04-29 22:27:35.150 70729 INFO tempest.lib.common.rest_client [req-47d859ab-58cd-4921-8502-fa7939089861 req-47d859ab-58cd-4921-8502-fa7939089861 ] Request (ImagesOneServerTestJSON:test_create_delete_image): 200 GET http://10.180.1.21/compute/v2.1/images/04cc628a-c890-4ed6-aeef-c12ea3d32602 0.225s
2025-04-29 22:27:35.180 70781 INFO tempest.lib.common.rest_client [req-7fadfe6f-93b3-495d-bda3-af656d195f3a req-7fadfe6f-93b3-495d-bda3-af656d195f3a ] Request (ServersTestBootFromVolume:setUpClass): 200 GET http://10.180.1.21/compute/v2.1/servers/690f5b18-0a1a-4ff7-b3ba-8005eba5f5be 0.214s
2025-04-29 22:27:35.182 70757 INFO tempest.lib.common.rest_client [req-462eaadb-9a87-43df-bf98-69f9a3004447 req-462eaadb-9a87-43df-bf98-69f9a3004447 ] Request (ListImagesTestJSON:setUpClass): 201 POST http://10.180.1.21/identity/v3/auth/tokens 0.030s
2025-04-29 22:27:35.201 70755 INFO tempest.lib.common.rest_client [req-cc7500c0-e1a3-4e79-b3e6-0f9c1f848cc2 req-cc7500c0-e1a3-4e79-b3e6-0f9c1f848cc2 ] Request (ServerActionsTestOtherA:setUpClass): 200 GET http://10.180.1.21/compute/v2.1/servers/c26a5735-1892-4ef3-a00c-c0b2cc382c85 0.201s
2025-04-29 22:27:35.205 70757 INFO tempest.lib.common.rest_client [req-0de0c635-7f00-48a1-adc5-27c9365bd6c9 req-0de0c635-7f00-48a1-adc5-27c9365bd6c9 ] Request (ListImagesTestJSON:setUpClass): 200 GET http://10.180.1.21/identity/v3/domains?name=Default 0.023s
2025-04-29 22:27:35.230 70767 INFO tempest.lib.common.rest_client [req-56883401-ef7f-4ac9-9bd6-376283ef19ea req-56883401-ef7f-4ac9-9bd6-376283ef19ea ] Request (ServersNegativeTestMultiTenantJSON:setUpClass): 200 GET http://10.180.1.21/compute/v2.1/servers/df2ab532-68ed-4662-a5d5-32a0f2ba8b86 0.183s
2025-04-29 22:27:35.238 70757 INFO tempest.lib.common.rest_client [req-95b8aef6-0f98-4562-943d-b2a1c0352c4b req-95b8aef6-0f98-4562-943d-b2a1c0352c4b ] Request (ListImagesTestJSON:setUpClass): 201 POST http://10.180.1.21/identity/v3/projects 0.033s
2025-04-29 22:27:35.262 70721 INFO tempest.lib.common.rest_client [req-1dcf5271-211f-41d9-a503-1bcfc256a2c3 req-1dcf5271-211f-41d9-a503-1bcfc256a2c3 ] Request (ServerPasswordTestJSON:tearDownClass): 200 GET http://10.180.1.21/compute/v2.1/servers/2ae3dcae-e547-4dcf-a459-48a160facea9 0.129s
2025-04-29 22:27:35.281 70733 INFO tempest.lib.common.rest_client [req-bbe80544-2359-4e63-95de-9251038627bc req-bbe80544-2359-4e63-95de-9251038627bc ] Request (VolumesAdminNegativeTest:test_update_attached_volume_with_nonexistent_volume_in_uri): 200 GET http://10.180.1.21/compute/v2.1/servers/9d950de1-37dc-440f-b78b-e38520713ce1 0.102s
2025-04-29 22:27:35.297 70757 INFO tempest.lib.common.rest_client [req-e855ea20-42eb-4847-950b-a344119b073f req-e855ea20-42eb-4847-950b-a344119b073f ] Request (ListImagesTestJSON:setUpClass): 201 POST http://10.180.1.21/identity/v3/users 0.058s
2025-04-29 22:27:35.317 70719 INFO tempest.lib.common.rest_client [req-7c1369de-8e07-4fff-8f53-dbe8c9141159 req-7c1369de-8e07-4fff-8f53-dbe8c9141159 ] Request (ServerDiskConfigTestJSON:test_resize_server_from_auto_to_manual): 200 GET http://10.180.1.21/compute/v2.1/servers/3305b11f-79db-4832-bb9d-c50d83a0cd68 0.088s
2025-04-29 22:27:35.324 70757 INFO tempest.lib.common.rest_client [req-96127e8b-6800-493e-9a35-bc5b56ba3a5b req-96127e8b-6800-493e-9a35-bc5b56ba3a5b ] Request (ListImagesTestJSON:setUpClass): 200 GET http://10.180.1.21/identity/v3/roles 0.026s
2025-04-29 22:27:35.351 70757 INFO tempest.lib.common.rest_client [req-11aff21b-b394-447b-84e6-60134fedc4d6 req-11aff21b-b394-447b-84e6-60134fedc4d6 ] Request (ListImagesTestJSON:setUpClass): 204 PUT http://10.180.1.21/identity/v3/projects/da8851c271664ac59740e558a24a7d02/users/ab7ee5f9bb2646d39b3bdd36b215246d/roles/e642774ac4a44b2c92c11efcfe8d4fdc 0.027s
2025-04-29 22:27:35.351 70757 INFO tempest.lib.common.dynamic_creds [-] Dynamic test user ab7ee5f9bb2646d39b3bdd36b215246d is created with scope project and roles: ['member']
2025-04-29 22:27:35.351 70757 INFO tempest.lib.common.dynamic_creds [-] Acquired dynamic creds: credentials: Credentials: {'domain_id': 'default', 'domain_name': 'Default', 'username': 'tempest-ListImagesTestJSON-1840931098-project-member', 'project_domain_id': 'default', 'project_domain_name': 'Default', 'project_id': 'da8851c271664ac59740e558a24a7d02', 'project_name': 'tempest-ListImagesTestJSON-1840931098', 'tenant_id': 'da8851c271664ac59740e558a24a7d02', 'tenant_name': 'tempest-ListImagesTestJSON-1840931098', 'user_domain_id': 'default', 'user_domain_name': 'Default', 'user_id': 'ab7ee5f9bb2646d39b3bdd36b215246d', 'system': None}, Network: None, Subnet: None, Router: None
2025-04-29 22:27:35.352 70757 INFO tempest.lib.common.dynamic_creds [-] Created isolated network resources for: credentials: Credentials: {'domain_id': 'default', 'domain_name': 'Default', 'username': 'tempest-ListImagesTestJSON-1840931098-project-member', 'project_domain_id': 'default', 'project_domain_name': 'Default', 'project_id': 'da8851c271664ac59740e558a24a7d02', 'project_name': 'tempest-ListImagesTestJSON-1840931098', 'tenant_id': 'da8851c271664ac59740e558a24a7d02', 'tenant_name': 'tempest-ListImagesTestJSON-1840931098', 'user_domain_id': 'default', 'user_domain_name': 'Default', 'user_id': 'ab7ee5f9bb2646d39b3bdd36b215246d', 'system': None}, Network: None, Subnet: None, Router: None
2025-04-29 22:27:35.369 70747 INFO tempest.lib.common.rest_client [req-cc5e5afe-2e69-4a8b-af26-fca29d92b6b4 req-cc5e5afe-2e69-4a8b-af26-fca29d92b6b4 ] Request (ServerGroupTestJSON:_run_cleanups): 200 GET http://10.180.1.21/compute/v2.1/servers/9bb57253-83e9-498c-88d6-de38e62453a8 0.056s
2025-04-29 22:27:35.414 70757 INFO tempest.lib.common.rest_client [req-dddff952-e588-4544-b8e6-e9bfff2d0f95 req-dddff952-e588-4544-b8e6-e9bfff2d0f95 ] Request (ListImagesTestJSON:setUpClass): 201 POST http://10.180.1.21/identity/v3/auth/tokens 0.060s
2025-04-29 22:27:35.426 70759 INFO tempest.lib.common.rest_client [req-584871e2-614f-4ac8-9e6c-821bebd6b906 req-584871e2-614f-4ac8-9e6c-821bebd6b906 ] Request (MultipleCreateTestJSON:test_multiple_create): 200 GET http://10.180.1.21/compute/v2.1/servers/c5dab1d0-1fb2-4b6e-80ed-29fbd0399f8c 0.052s
2025-04-29 22:27:35.495 70749 INFO tempest.lib.common.rest_client [req-e2ad6c90-dcaa-499c-a741-1ad424b609fc req-e2ad6c90-dcaa-499c-a741-1ad424b609fc ] Request (ServersTestFqdnHostnames:tearDownClass): 200 GET http://10.180.1.21/compute/v2.1/servers/3b3e5554-6b27-4fdd-ac3a-b855c7d07e10 0.064s
2025-04-29 22:27:35.506 70757 INFO tempest.lib.common.rest_client [req-802e10b8-08f9-4ca3-b116-614cdf29a1a2 req-802e10b8-08f9-4ca3-b116-614cdf29a1a2 ] Request (ListImagesTestJSON:test_get_image): 200 GET http://10.180.1.21/compute/v2.1/images/87ca1170-f5e9-4dbc-81ee-aa9b842c4cde 0.090s
2025-04-29 22:27:35.567 70745 INFO tempest.lib.common.rest_client [req-800b6fab-3106-43bf-ae48-fc96a35be4a4 req-800b6fab-3106-43bf-ae48-fc96a35be4a4 ] Request (AttachInterfacesUnderV243Test:test_add_remove_fixed_ip): 200 GET http://10.180.1.21/compute/v2.1/servers/be427ef2-dafd-4482-8204-0964fd00c7bb 0.058s
2025-04-29 22:27:35.568 70757 INFO tempest.lib.common.rest_client [req-9cc04364-4241-4433-a7b7-d434af688a76 req-9cc04364-4241-4433-a7b7-d434af688a76 ] Request (ListImagesTestJSON:test_list_images): 200 GET http://10.180.1.21/compute/v2.1/images 0.057s
2025-04-29 22:27:35.607 70757 INFO tempest.lib.common.rest_client [req-62d2c6c8-8407-4064-84eb-9f321f0fb059 req-62d2c6c8-8407-4064-84eb-9f321f0fb059 ] Request (ListImagesTestJSON:test_list_images_with_detail): 200 GET http://10.180.1.21/compute/v2.1/images/detail 0.036s
2025-04-29 22:27:35.638 70739 INFO tempest.lib.common.rest_client [req-bace31d8-977b-4db9-b7b3-476ff770d3f1 req-bace31d8-977b-4db9-b7b3-476ff770d3f1 ] Request (ImagesTestJSON:test_create_image_from_stopped_server): 200 GET http://10.180.1.21/compute/v2.1/servers/f9b289ca-c7c7-4ba6-b85f-ab2954630f1e 0.054s
2025-04-29 22:27:35.712 70757 INFO tempest.lib.common.rest_client [req-40acfa96-15ce-470e-986c-9c56df42b11f req-40acfa96-15ce-470e-986c-9c56df42b11f ] Request (ListImagesTestJSON:tearDownClass): 204 DELETE http://10.180.1.21/identity/v3/users/ab7ee5f9bb2646d39b3bdd36b215246d 0.099s
2025-04-29 22:27:35.712 70757 INFO tempest.lib.common.dynamic_creds [-] Deleting project and security group for project: da8851c271664ac59740e558a24a7d02
2025-04-29 22:27:35.780 70757 INFO tempest.lib.common.rest_client [req-1682e06b-a345-4908-83bf-6318a3a55219 req-1682e06b-a345-4908-83bf-6318a3a55219 ] Request (ListImagesTestJSON:tearDownClass): 201 POST http://10.180.1.21/identity/v3/auth/tokens 0.068s
2025-04-29 22:27:35.829 70751 INFO tempest.lib.common.rest_client [req-33df1973-8b82-44a0-a5ad-db007391682f req-33df1973-8b82-44a0-a5ad-db007391682f ] Request (FloatingIPsAssociationTestJSON:tearDownClass): 200 GET http://10.180.1.21/compute/v2.1/servers/eb2fdaed-a533-45b9-8d69-b16ea78c57a6 0.152s
2025-04-29 22:27:35.837 70771 INFO tempest.lib.common.rest_client [req-7a8c21a0-be0b-46f3-b840-2b13e38404d3 req-7a8c21a0-be0b-46f3-b840-2b13e38404d3 ] Request (ServersAdminNegativeTestJSON:tearDownClass): 200 GET http://10.180.1.21/compute/v2.1/servers/627b3514-19e9-4709-84ed-7c6592304398 0.088s
2025-04-29 22:27:35.886 70727 INFO tempest.lib.common.rest_client [req-3bbb23d9-bca9-4f30-a0f5-3d1cf07fcc86 req-3bbb23d9-bca9-4f30-a0f5-3d1cf07fcc86 ] Request (SecurityGroupsTestJSON:test_list_security_groups_by_server): 200 GET http://10.180.1.21/compute/v2.1/servers/83bd920a-925d-4ece-82e3-f84a5cdc61a4 0.091s
2025-04-29 22:27:35.942 70725 INFO tempest.lib.common.rest_client [req-d7d122f0-5002-4253-8337-f6221f1bd156 req-d7d122f0-5002-4253-8337-f6221f1bd156 ] Request (DeleteServersTestJSON:test_delete_server_while_in_attached_volume): 200 GET http://10.180.1.21/compute/v2.1/servers/07e33dbe-c8c4-4e66-9cbe-f4624bf97da3 0.075s
2025-04-29 22:27:36.003 70723 INFO tempest.lib.common.rest_client [req-df910351-d605-4e99-a5e2-1b52bbee5590 req-df910351-d605-4e99-a5e2-1b52bbee5590 ] Request (ServersAdminTestJSON:test_create_server_with_scheduling_hint): 200 GET http://10.180.1.21/compute/v2.1/servers/4fbe5ca0-b701-445a-ab33-f1829b8cc8a1 0.071s
2025-04-29 22:27:36.005 70741 INFO tempest.lib.common.rest_client [req-a80b3ef5-e4f4-4898-9bfa-4c6cf8b0daa0 req-a80b3ef5-e4f4-4898-9bfa-4c6cf8b0daa0 ] Request (ImagesOneServerNegativeTestJSON:_run_cleanups): 200 GET http://10.180.1.21/compute/v2.1/servers/f1301b43-60dc-4939-ab24-0997a306dce5 0.075s
2025-04-29 22:27:36.009 70757 INFO tempest.lib.common.rest_client [req-d17561a3-aef9-4e11-827f-8e2be209ffe3 req-d17561a3-aef9-4e11-827f-8e2be209ffe3 ] Request (ListImagesTestJSON:tearDownClass): 200 GET http://10.180.1.21:9696/networking/v2.0/security-groups?tenant_id=da8851c271664ac59740e558a24a7d02&name=default 0.228s
2025-04-29 22:27:36.175 70763 INFO tempest.lib.common.rest_client [req-93b209aa-3f07-42f2-accb-2c0d3f82b918 req-93b209aa-3f07-42f2-accb-2c0d3f82b918 ] Request (ServerRescueTestJSON:setUpClass): 200 GET http://10.180.1.21/compute/v2.1/servers/afc0e698-e9bb-4945-9b1f-785e3a967c78 0.111s
2025-04-29 22:27:36.242 70737 INFO tempest.lib.common.rest_client [req-7aac73c6-23f2-402b-8300-31208b6d8da1 req-7aac73c6-23f2-402b-8300-31208b6d8da1 ] Request (AttachVolumeNegativeTest:test_attach_attached_volume_to_different_server): 200 GET http://10.180.1.21/compute/v2.1/servers/0cb287d3-cf57-49e4-9680-1b6e129fb886 0.174s
2025-04-29 22:27:36.296 70765 INFO tempest.lib.common.rest_client [req-d598c8d1-b51a-4c66-9061-8c58c18ce2df req-d598c8d1-b51a-4c66-9061-8c58c18ce2df ] Request (MigrationsAdminTest:test_resize_server_revert_deleted_flavor): 200 GET http://10.180.1.21/compute/v2.1/servers/67ca88f5-a305-46dd-b8ec-cf3b0d621d98 0.176s
2025-04-29 22:27:36.303 70765 INFO tempest.common.waiters [-] State transition "BUILD/scheduling" ==> "BUILD/None" after 32 second wait
2025-04-29 22:27:36.328 70735 INFO tempest.lib.common.rest_client [req-9a2acb1b-8be5-47b8-b103-137f691e7998 req-9a2acb1b-8be5-47b8-b103-137f691e7998 ] Request (ServerRescueNegativeTestJSON:setUpClass): 200 GET http://10.180.1.21/compute/v2.1/servers/c2cc872a-eb38-4e07-917e-00c06740ba54 0.332s
2025-04-29 22:27:36.352 70777 INFO tempest.lib.common.rest_client [req-6e913c5e-6b75-4e22-ac3e-8660c8924b0d req-6e913c5e-6b75-4e22-ac3e-8660c8924b0d ] Request (InstanceActionsNegativeTestJSON:setUpClass): 200 GET http://10.180.1.21/compute/v2.1/servers/fece1064-606f-4e15-84a2-c4c926036bdc 0.230s
2025-04-29 22:27:36.361 70729 INFO tempest.lib.common.rest_client [req-1c3d5c1c-7f37-4d9e-8e33-6518318680e6 req-1c3d5c1c-7f37-4d9e-8e33-6518318680e6 ] Request (ImagesOneServerTestJSON:test_create_delete_image): 200 GET http://10.180.1.21/compute/v2.1/images/04cc628a-c890-4ed6-aeef-c12ea3d32602 0.207s
2025-04-29 22:27:36.407 70781 INFO tempest.lib.common.rest_client [req-c1f7eb09-1091-4aae-9bd2-9b31e27a4300 req-c1f7eb09-1091-4aae-9bd2-9b31e27a4300 ] Request (ServersTestBootFromVolume:setUpClass): 200 GET http://10.180.1.21/compute/v2.1/servers/690f5b18-0a1a-4ff7-b3ba-8005eba5f5be 0.217s
2025-04-29 22:27:36.413 70757 INFO tempest.lib.common.rest_client [req-c745897e-178b-42fd-9043-a1b9a4f9d2e2 req-c745897e-178b-42fd-9043-a1b9a4f9d2e2 ] Request (ListImagesTestJSON:tearDownClass): 204 DELETE http://10.180.1.21:9696/networking/v2.0/security-groups/a8aee9de-1f5e-4cfc-b320-fdcab06f5543 0.404s
2025-04-29 22:27:36.428 70755 INFO tempest.lib.common.rest_client [req-d3c468fe-8155-4a7d-ae6f-7e9b80c8de60 req-d3c468fe-8155-4a7d-ae6f-7e9b80c8de60 ] Request (ServerActionsTestOtherA:setUpClass): 200 GET http://10.180.1.21/compute/v2.1/servers/c26a5735-1892-4ef3-a00c-c0b2cc382c85 0.218s
2025-04-29 22:27:36.450 70721 INFO tempest.lib.common.rest_client [req-61f31f55-c809-4d15-af86-b730c5600d53 req-61f31f55-c809-4d15-af86-b730c5600d53 ] Request (ServerPasswordTestJSON:tearDownClass): 404 GET http://10.180.1.21/compute/v2.1/servers/2ae3dcae-e547-4dcf-a459-48a160facea9 0.180s
2025-04-29 22:27:36.468 70767 INFO tempest.lib.common.rest_client [req-59ccc745-d767-41a6-97a1-914dbac6456b req-59ccc745-d767-41a6-97a1-914dbac6456b ] Request (ServersNegativeTestMultiTenantJSON:setUpClass): 200 GET http://10.180.1.21/compute/v2.1/servers/df2ab532-68ed-4662-a5d5-32a0f2ba8b86 0.228s
2025-04-29 22:27:36.499 70757 INFO tempest.lib.common.rest_client [req-10d4ebc7-3d0b-48a0-af3b-6d480b7e4c7f req-10d4ebc7-3d0b-48a0-af3b-6d480b7e4c7f ] Request (ListImagesTestJSON:tearDownClass): 204 DELETE http://10.180.1.21/identity/v3/projects/da8851c271664ac59740e558a24a7d02 0.085s
2025-04-29 22:27:36.517 70733 INFO tempest.lib.common.rest_client [req-2e5c68af-3225-465a-a2c1-6e648925b0d5 req-2e5c68af-3225-465a-a2c1-6e648925b0d5 ] Request (VolumesAdminNegativeTest:test_update_attached_volume_with_nonexistent_volume_in_uri): 200 GET http://10.180.1.21/compute/v2.1/servers/9d950de1-37dc-440f-b78b-e38520713ce1 0.226s
2025-04-29 22:27:36.532 70719 INFO tempest.lib.common.rest_client [req-cadd2aaf-743b-43d1-9642-958785d48d80 req-cadd2aaf-743b-43d1-9642-958785d48d80 ] Request (ServerDiskConfigTestJSON:test_resize_server_from_auto_to_manual): 200 GET http://10.180.1.21/compute/v2.1/servers/3305b11f-79db-4832-bb9d-c50d83a0cd68 0.205s
2025-04-29 22:27:36.587 70759 INFO tempest.lib.common.rest_client [req-c4845e61-f924-4fdb-b763-86141e8af5c2 req-c4845e61-f924-4fdb-b763-86141e8af5c2 ] Request (MultipleCreateTestJSON:test_multiple_create): 200 GET http://10.180.1.21/compute/v2.1/servers/c5dab1d0-1fb2-4b6e-80ed-29fbd0399f8c 0.153s
2025-04-29 22:27:36.592 70757 INFO tempest.lib.common.rest_client [req-4c7cd4c4-aa73-4421-99c9-2728dd8d3f92 req-4c7cd4c4-aa73-4421-99c9-2728dd8d3f92 ] Request (ServersListShow298Test:setUpClass): 201 POST http://10.180.1.21/identity/v3/auth/tokens 0.091s
2025-04-29 22:27:36.595 70747 INFO tempest.lib.common.rest_client [req-de0653a5-85fc-41f5-bc00-439cd083bfa5 req-de0653a5-85fc-41f5-bc00-439cd083bfa5 ] Request (ServerGroupTestJSON:_run_cleanups): 200 GET http://10.180.1.21/compute/v2.1/servers/9bb57253-83e9-498c-88d6-de38e62453a8 0.219s
2025-04-29 22:27:36.631 70757 INFO tempest.lib.common.rest_client [req-395899c4-7bef-4526-a4a6-fca24793592e req-395899c4-7bef-4526-a4a6-fca24793592e ] Request (ServersListShow298Test:setUpClass): 201 POST http://10.180.1.21/identity/v3/auth/tokens 0.036s
2025-04-29 22:27:36.658 70757 INFO tempest.lib.common.rest_client [req-1bd71cf0-4640-4481-a3f5-e208d95dd6c4 req-1bd71cf0-4640-4481-a3f5-e208d95dd6c4 ] Request (ServersListShow298Test:setUpClass): 200 GET http://10.180.1.21/identity/v3/domains?name=Default 0.027s
2025-04-29 22:27:36.664 70745 INFO tempest.lib.common.rest_client [req-d8a99826-27c3-41ad-9041-aaeb082dbb3b req-d8a99826-27c3-41ad-9041-aaeb082dbb3b ] Request (AttachInterfacesUnderV243Test:test_add_remove_fixed_ip): 200 GET http://10.180.1.21/compute/v2.1/servers/be427ef2-dafd-4482-8204-0964fd00c7bb 0.088s
2025-04-29 22:27:36.664 70749 INFO tempest.lib.common.rest_client [req-1a86b5d9-046e-42a4-b3c1-8ec08438508e req-1a86b5d9-046e-42a4-b3c1-8ec08438508e ] Request (ServersTestFqdnHostnames:tearDownClass): 200 GET http://10.180.1.21/compute/v2.1/servers/3b3e5554-6b27-4fdd-ac3a-b855c7d07e10 0.159s
2025-04-29 22:27:36.708 70757 INFO tempest.lib.common.rest_client [req-f0f263f5-fee3-46af-a4ab-1560224a3db8 req-f0f263f5-fee3-46af-a4ab-1560224a3db8 ] Request (ServersListShow298Test:setUpClass): 201 POST http://10.180.1.21/identity/v3/projects 0.049s
2025-04-29 22:27:36.748 70739 INFO tempest.lib.common.rest_client [req-951d09ca-5daf-4b21-936c-d59cf870edd5 req-951d09ca-5daf-4b21-936c-d59cf870edd5 ] Request (ImagesTestJSON:test_create_image_from_stopped_server): 200 GET http://10.180.1.21/compute/v2.1/servers/f9b289ca-c7c7-4ba6-b85f-ab2954630f1e 0.100s
2025-04-29 22:27:36.805 70757 INFO tempest.lib.common.rest_client [req-51cd983b-4041-454f-81b2-381fd004a55f req-51cd983b-4041-454f-81b2-381fd004a55f ] Request (ServersListShow298Test:setUpClass): 201 POST http://10.180.1.21/identity/v3/users 0.096s
2025-04-29 22:27:36.838 70757 INFO tempest.lib.common.rest_client [req-6ffdc0d0-5942-44fd-8b09-9f313973693f req-6ffdc0d0-5942-44fd-8b09-9f313973693f ] Request (ServersListShow298Test:setUpClass): 200 GET http://10.180.1.21/identity/v3/roles 0.032s
2025-04-29 22:27:36.870 70757 INFO tempest.lib.common.rest_client [req-2822f860-9dc9-425b-a772-aea66473b335 req-2822f860-9dc9-425b-a772-aea66473b335 ] Request (ServersListShow298Test:setUpClass): 204 PUT http://10.180.1.21/identity/v3/projects/de38c0208a774a06b08f173581fe29f8/users/e02978512a8d4633af4e0fbf19164327/roles/e642774ac4a44b2c92c11efcfe8d4fdc 0.031s
2025-04-29 22:27:36.870 70771 INFO tempest.lib.common.rest_client [req-63a10d6e-59ce-4ed7-9376-1401f92eb41c req-63a10d6e-59ce-4ed7-9376-1401f92eb41c ] Request (ServersAdminNegativeTestJSON:tearDownClass): 404 GET http://10.180.1.21/compute/v2.1/servers/627b3514-19e9-4709-84ed-7c6592304398 0.024s
2025-04-29 22:27:36.870 70757 INFO tempest.lib.common.dynamic_creds [-] Dynamic test user e02978512a8d4633af4e0fbf19164327 is created with scope project and roles: ['member']
2025-04-29 22:27:36.871 70757 INFO tempest.lib.common.dynamic_creds [-] Acquired dynamic creds: credentials: Credentials: {'domain_id': 'default', 'domain_name': 'Default', 'username': 'tempest-ServersListShow298Test-1613895557-project-member', 'project_domain_id': 'default', 'project_domain_name': 'Default', 'project_id': 'de38c0208a774a06b08f173581fe29f8', 'project_name': 'tempest-ServersListShow298Test-1613895557', 'tenant_id': 'de38c0208a774a06b08f173581fe29f8', 'tenant_name': 'tempest-ServersListShow298Test-1613895557', 'user_domain_id': 'default', 'user_domain_name': 'Default', 'user_id': 'e02978512a8d4633af4e0fbf19164327', 'system': None}, Network: None, Subnet: None, Router: None
2025-04-29 22:27:36.871 70757 INFO tempest.lib.common.dynamic_creds [-] Created isolated network resources for: credentials: Credentials: {'domain_id': 'default', 'domain_name': 'Default', 'username': 'tempest-ServersListShow298Test-1613895557-project-member', 'project_domain_id': 'default', 'project_domain_name': 'Default', 'project_id': 'de38c0208a774a06b08f173581fe29f8', 'project_name': 'tempest-ServersListShow298Test-1613895557', 'tenant_id': 'de38c0208a774a06b08f173581fe29f8', 'tenant_name': 'tempest-ServersListShow298Test-1613895557', 'user_domain_id': 'default', 'user_domain_name': 'Default', 'user_id': 'e02978512a8d4633af4e0fbf19164327', 'system': None}, Network: None, Subnet: None, Router: None
2025-04-29 22:27:36.919 70773 WARNING tempest.lib.common.ssh [-] Failed to establish authenticated ssh connection to cirros@10.180.180.179 ([Errno None] Unable to connect to port 22 on 10.180.180.179). Number attempts: 6. Retry after 7 seconds.: paramiko.ssh_exception.NoValidConnectionsError: [Errno None] Unable to connect to port 22 on 10.180.180.179
2025-04-29 22:27:36.921 70751 INFO tempest.lib.common.rest_client [req-d57d50de-5bc7-4951-a38b-68377f1bac34 req-d57d50de-5bc7-4951-a38b-68377f1bac34 ] Request (FloatingIPsAssociationTestJSON:tearDownClass): 200 GET http://10.180.1.21/compute/v2.1/servers/eb2fdaed-a533-45b9-8d69-b16ea78c57a6 0.083s
2025-04-29 22:27:36.982 70757 INFO tempest.lib.common.rest_client [req-7505a313-67e4-42b1-af9a-8ff3563b2762 req-7505a313-67e4-42b1-af9a-8ff3563b2762 ] Request (ServersListShow298Test:setUpClass): 201 POST http://10.180.1.21/identity/v3/auth/tokens 0.108s
2025-04-29 22:27:37.009 70771 INFO tempest.lib.common.rest_client [req-2a447eac-7175-4623-999b-811ac3b08dc2 req-2a447eac-7175-4623-999b-811ac3b08dc2 ] Request (ServersAdminNegativeTestJSON:tearDownClass): 204 DELETE http://10.180.1.21/identity/v3/users/789f7f22a86242119e18b2a3e95eef34 0.138s
2025-04-29 22:27:37.015 70727 INFO tempest.lib.common.rest_client [req-eb8ad081-0750-4694-998d-3450133682d7 req-eb8ad081-0750-4694-998d-3450133682d7 ] Request (SecurityGroupsTestJSON:test_list_security_groups_by_server): 200 GET http://10.180.1.21/compute/v2.1/servers/83bd920a-925d-4ece-82e3-f84a5cdc61a4 0.120s
2025-04-29 22:27:37.067 70757 INFO tempest.lib.common.rest_client [req-93d35b4e-d813-4e03-8774-8137fc6bf374 req-93d35b4e-d813-4e03-8774-8137fc6bf374 ] Request (ServersListShow298Test:test_list_show_update_rebuild_server_298): 201 POST http://10.180.1.21/identity/v3/auth/tokens 0.077s
2025-04-29 22:27:37.068 70757 INFO tempest.lib.common.fixed_network [-] (ServersListShow298Test:test_list_show_update_rebuild_server_298) Found network None available for tenant
2025-04-29 22:27:37.084 70725 INFO tempest.lib.common.rest_client [req-1c591fd9-8ebc-4d9d-a136-70558682ebce req-1c591fd9-8ebc-4d9d-a136-70558682ebce ] Request (DeleteServersTestJSON:test_delete_server_while_in_attached_volume): 200 GET http://10.180.1.21/compute/v2.1/servers/07e33dbe-c8c4-4e66-9cbe-f4624bf97da3 0.132s
2025-04-29 22:27:37.099 70723 INFO tempest.lib.common.rest_client [req-a957ea2b-5f7d-4814-a6f8-d00cfcf9d0fa req-a957ea2b-5f7d-4814-a6f8-d00cfcf9d0fa ] Request (ServersAdminTestJSON:test_create_server_with_scheduling_hint): 200 GET http://10.180.1.21/compute/v2.1/servers/4fbe5ca0-b701-445a-ab33-f1829b8cc8a1 0.087s
2025-04-29 22:27:37.129 70771 INFO tempest.lib.common.rest_client [req-46227e91-1ed9-44b7-b283-50367a14aa57 req-46227e91-1ed9-44b7-b283-50367a14aa57 ] Request (ServersAdminNegativeTestJSON:tearDownClass): 204 DELETE http://10.180.1.21/identity/v3/users/4378899c6f2f485bb11605ce29ba3e80 0.119s
2025-04-29 22:27:37.129 70771 INFO tempest.lib.common.dynamic_creds [-] Deleting project and security group for project: 7a7ca0a97b7f4b51825be708a71ad6e7
2025-04-29 22:27:37.148 70741 INFO tempest.lib.common.rest_client [req-1bf47032-e03b-47a4-a4d0-e70bd7617ed5 req-1bf47032-e03b-47a4-a4d0-e70bd7617ed5 ] Request (ImagesOneServerNegativeTestJSON:_run_cleanups): 200 GET http://10.180.1.21/compute/v2.1/servers/f1301b43-60dc-4939-ab24-0997a306dce5 0.132s
2025-04-29 22:27:37.218 70771 INFO tempest.lib.common.rest_client [req-e83e5cc3-2788-46f6-baf8-4bbffeba8d9e req-e83e5cc3-2788-46f6-baf8-4bbffeba8d9e ] Request (ServersAdminNegativeTestJSON:tearDownClass): 201 POST http://10.180.1.21/identity/v3/auth/tokens 0.089s
2025-04-29 22:27:37.316 70763 INFO tempest.lib.common.rest_client [req-c9c6b398-a0f4-4695-a598-2328b3970290 req-c9c6b398-a0f4-4695-a598-2328b3970290 ] Request (ServerRescueTestJSON:setUpClass): 200 GET http://10.180.1.21/compute/v2.1/servers/afc0e698-e9bb-4945-9b1f-785e3a967c78 0.126s
2025-04-29 22:27:37.330 70771 INFO tempest.lib.common.rest_client [req-cfb1044e-60c5-4f4e-b08e-9684a966f579 req-cfb1044e-60c5-4f4e-b08e-9684a966f579 ] Request (ServersAdminNegativeTestJSON:tearDownClass): 200 GET http://10.180.1.21:9696/networking/v2.0/security-groups?tenant_id=7a7ca0a97b7f4b51825be708a71ad6e7&name=default 0.111s
2025-04-29 22:27:37.400 70737 INFO tempest.lib.common.rest_client [req-a3b6e4bf-28c9-4c41-a81b-c46d164103b2 req-a3b6e4bf-28c9-4c41-a81b-c46d164103b2 ] Request (AttachVolumeNegativeTest:test_attach_attached_volume_to_different_server): 200 GET http://10.180.1.21/compute/v2.1/servers/0cb287d3-cf57-49e4-9680-1b6e129fb886 0.150s
2025-04-29 22:27:37.409 70757 INFO tempest.lib.common.rest_client [req-8ce20dc8-11e4-41cc-86cc-fb07f687116b req-8ce20dc8-11e4-41cc-86cc-fb07f687116b ] Request (ServersListShow298Test:test_list_show_update_rebuild_server_298): 202 POST http://10.180.1.21/compute/v2.1/servers 0.340s
2025-04-29 22:27:37.461 70765 INFO tempest.lib.common.rest_client [req-aecf901d-d1da-499f-a19a-9d03462ed096 req-aecf901d-d1da-499f-a19a-9d03462ed096 ] Request (MigrationsAdminTest:test_resize_server_revert_deleted_flavor): 200 GET http://10.180.1.21/compute/v2.1/servers/67ca88f5-a305-46dd-b8ec-cf3b0d621d98 0.157s
2025-04-29 22:27:37.463 70771 INFO tempest.lib.common.rest_client [req-c3130d41-33b2-4daa-be58-e357d825d179 req-c3130d41-33b2-4daa-be58-e357d825d179 ] Request (ServersAdminNegativeTestJSON:tearDownClass): 204 DELETE http://10.180.1.21:9696/networking/v2.0/security-groups/59adf132-72f4-4d43-847e-1af9bc3c6073 0.132s
2025-04-29 22:27:37.535 70777 INFO tempest.lib.common.rest_client [req-c8178f46-4f1a-453c-82d9-416632facf61 req-c8178f46-4f1a-453c-82d9-416632facf61 ] Request (InstanceActionsNegativeTestJSON:setUpClass): 200 GET http://10.180.1.21/compute/v2.1/servers/fece1064-606f-4e15-84a2-c4c926036bdc 0.175s
2025-04-29 22:27:37.550 70771 INFO tempest.lib.common.rest_client [req-4f7ef9c7-8667-4b1c-b8a7-4a1ba5a2b25e req-4f7ef9c7-8667-4b1c-b8a7-4a1ba5a2b25e ] Request (ServersAdminNegativeTestJSON:tearDownClass): 204 DELETE http://10.180.1.21/identity/v3/projects/7a7ca0a97b7f4b51825be708a71ad6e7 0.086s
2025-04-29 22:27:37.550 70771 INFO tempest.lib.common.dynamic_creds [-] Deleting project and security group for project: ccdd4e5e92ed4194a70f8a06499e97c3
2025-04-29 22:27:37.573 70729 INFO tempest.lib.common.rest_client [req-e26393a9-638b-4854-bf48-75e53a705fc2 req-e26393a9-638b-4854-bf48-75e53a705fc2 ] Request (ImagesOneServerTestJSON:test_create_delete_image): 200 GET http://10.180.1.21/compute/v2.1/images/04cc628a-c890-4ed6-aeef-c12ea3d32602 0.207s
2025-04-29 22:27:37.577 70771 INFO tempest.lib.common.rest_client [req-19f3d748-b75a-4733-8645-beaa4e0635a3 req-19f3d748-b75a-4733-8645-beaa4e0635a3 ] Request (ServersAdminNegativeTestJSON:tearDownClass): 200 GET http://10.180.1.21:9696/networking/v2.0/security-groups?tenant_id=ccdd4e5e92ed4194a70f8a06499e97c3&name=default 0.026s
2025-04-29 22:27:37.602 70735 INFO tempest.lib.common.rest_client [req-a750dd3e-2b03-4f98-8fb1-a19091b405f1 req-a750dd3e-2b03-4f98-8fb1-a19091b405f1 ] Request (ServerRescueNegativeTestJSON:setUpClass): 200 GET http://10.180.1.21/compute/v2.1/servers/c2cc872a-eb38-4e07-917e-00c06740ba54 0.264s
2025-04-29 22:27:37.613 70735 INFO tempest.common.waiters [-] State transition "BUILD/None" ==> "BUILD/block_device_mapping" after 78 second wait
2025-04-29 22:27:37.626 70757 INFO tempest.lib.common.rest_client [req-3ef29b48-a9e4-4aaa-9a37-1d62c2ab20c0 req-3ef29b48-a9e4-4aaa-9a37-1d62c2ab20c0 ] Request (ServersListShow298Test:test_list_show_update_rebuild_server_298): 200 GET http://10.180.1.21/compute/v2.1/servers/16eee332-9c66-41c8-8a46-175a79b2f91f 0.215s
2025-04-29 22:27:37.684 70755 INFO tempest.lib.common.rest_client [req-a32d5191-3d36-49ae-8651-070946dc5485 req-a32d5191-3d36-49ae-8651-070946dc5485 ] Request (ServerActionsTestOtherA:setUpClass): 200 GET http://10.180.1.21/compute/v2.1/servers/c26a5735-1892-4ef3-a00c-c0b2cc382c85 0.249s
2025-04-29 22:27:37.694 70781 INFO tempest.lib.common.rest_client [req-edafa153-14d4-47ca-9afa-ce5a8ef34b3f req-edafa153-14d4-47ca-9afa-ce5a8ef34b3f ] Request (ServersTestBootFromVolume:setUpClass): 200 GET http://10.180.1.21/compute/v2.1/servers/690f5b18-0a1a-4ff7-b3ba-8005eba5f5be 0.273s
2025-04-29 22:27:37.698 70771 INFO tempest.lib.common.rest_client [req-5547c03e-8a68-460e-a092-cb330fc33f74 req-5547c03e-8a68-460e-a092-cb330fc33f74 ] Request (ServersAdminNegativeTestJSON:tearDownClass): 204 DELETE http://10.180.1.21:9696/networking/v2.0/security-groups/53e09465-e751-492d-a104-50be36ef43c3 0.120s
2025-04-29 22:27:37.744 70767 INFO tempest.lib.common.rest_client [req-e3516947-ac1f-49e0-86fb-f24bf39ea705 req-e3516947-ac1f-49e0-86fb-f24bf39ea705 ] Request (ServersNegativeTestMultiTenantJSON:setUpClass): 200 GET http://10.180.1.21/compute/v2.1/servers/df2ab532-68ed-4662-a5d5-32a0f2ba8b86 0.268s
2025-04-29 22:27:37.764 70733 INFO tempest.lib.common.rest_client [req-9ee777f0-a219-49c6-8cd5-23cf0329fbb5 req-9ee777f0-a219-49c6-8cd5-23cf0329fbb5 ] Request (VolumesAdminNegativeTest:test_update_attached_volume_with_nonexistent_volume_in_uri): 200 GET http://10.180.1.21/compute/v2.1/servers/9d950de1-37dc-440f-b78b-e38520713ce1 0.236s
2025-04-29 22:27:37.801 70719 INFO tempest.lib.common.rest_client [req-96b263aa-2893-4b20-8470-9686af0f1a1f req-96b263aa-2893-4b20-8470-9686af0f1a1f ] Request (ServerDiskConfigTestJSON:test_resize_server_from_auto_to_manual): 200 GET http://10.180.1.21/compute/v2.1/servers/3305b11f-79db-4832-bb9d-c50d83a0cd68 0.257s
2025-04-29 22:27:37.822 70771 INFO tempest.lib.common.rest_client [req-f644bf2f-b7e0-4f31-b795-6f7182a64c40 req-f644bf2f-b7e0-4f31-b795-6f7182a64c40 ] Request (ServersAdminNegativeTestJSON:tearDownClass): 204 DELETE http://10.180.1.21/identity/v3/projects/ccdd4e5e92ed4194a70f8a06499e97c3 0.123s
2025-04-29 22:27:37.843 70759 INFO tempest.lib.common.rest_client [req-9fea457d-4ec3-46e4-9daf-69f1ab906923 req-9fea457d-4ec3-46e4-9daf-69f1ab906923 ] Request (MultipleCreateTestJSON:test_multiple_create): 200 GET http://10.180.1.21/compute/v2.1/servers/c5dab1d0-1fb2-4b6e-80ed-29fbd0399f8c 0.241s
2025-04-29 22:27:37.874 70721 INFO tempest.lib.common.rest_client [req-9cacb8b2-061b-4d6d-bd0b-bbca7322b947 req-9cacb8b2-061b-4d6d-bd0b-bbca7322b947 ] Request (ServerPasswordTestJSON:tearDownClass): 200 PUT http://10.180.1.21:9696/networking/v2.0/routers/18fe95cc-12c1-4b03-8295-6cb9b288bffb/remove_router_interface 1.423s
2025-04-29 22:27:37.884 70747 INFO tempest.lib.common.rest_client [req-d9a0a56e-8ead-43cc-9dcf-5b18847ff07e req-d9a0a56e-8ead-43cc-9dcf-5b18847ff07e ] Request (ServerGroupTestJSON:_run_cleanups): 200 GET http://10.180.1.21/compute/v2.1/servers/9bb57253-83e9-498c-88d6-de38e62453a8 0.281s
2025-04-29 22:27:37.896 70771 INFO tempest.lib.common.rest_client [req-775ee6eb-2e9f-4cfe-ae94-dd671c914024 req-775ee6eb-2e9f-4cfe-ae94-dd671c914024 ] Request (FloatingIPDetailsNegativeTestJSON:setUpClass): 201 POST http://10.180.1.21/identity/v3/auth/tokens 0.072s
2025-04-29 22:27:37.937 70771 INFO tempest.lib.common.rest_client [req-f7be0db7-0aa7-4f24-9e77-738428a8b369 req-f7be0db7-0aa7-4f24-9e77-738428a8b369 ] Request (FloatingIPDetailsNegativeTestJSON:setUpClass): 201 POST http://10.180.1.21/identity/v3/auth/tokens 0.037s
2025-04-29 22:27:37.951 70749 INFO tempest.lib.common.rest_client [req-52c2b7a0-6337-4689-b67d-fcd1f6517550 req-52c2b7a0-6337-4689-b67d-fcd1f6517550 ] Request (ServersTestFqdnHostnames:tearDownClass): 200 GET http://10.180.1.21/compute/v2.1/servers/3b3e5554-6b27-4fdd-ac3a-b855c7d07e10 0.280s
2025-04-29 22:27:37.964 70745 INFO tempest.lib.common.rest_client [req-533d366f-e428-4246-86b6-df35ddccaea3 req-533d366f-e428-4246-86b6-df35ddccaea3 ] Request (AttachInterfacesUnderV243Test:test_add_remove_fixed_ip): 200 GET http://10.180.1.21/compute/v2.1/servers/be427ef2-dafd-4482-8204-0964fd00c7bb 0.291s
2025-04-29 22:27:37.965 70771 INFO tempest.lib.common.rest_client [req-b5f3e13e-c475-4900-82d2-b7cb2420849e req-b5f3e13e-c475-4900-82d2-b7cb2420849e ] Request (FloatingIPDetailsNegativeTestJSON:setUpClass): 200 GET http://10.180.1.21/identity/v3/domains?name=Default 0.028s
2025-04-29 22:27:38.015 70771 INFO tempest.lib.common.rest_client [req-9f9ef381-a1a4-4e43-a193-a8f9c49a0af0 req-9f9ef381-a1a4-4e43-a193-a8f9c49a0af0 ] Request (FloatingIPDetailsNegativeTestJSON:setUpClass): 201 POST http://10.180.1.21/identity/v3/projects 0.050s
2025-04-29 22:27:38.060 70739 INFO tempest.lib.common.rest_client [req-1ce501b0-10ca-4572-b5df-9a99db00a3ae req-1ce501b0-10ca-4572-b5df-9a99db00a3ae ] Request (ImagesTestJSON:test_create_image_from_stopped_server): 200 GET http://10.180.1.21/compute/v2.1/servers/f9b289ca-c7c7-4ba6-b85f-ab2954630f1e 0.301s
2025-04-29 22:27:38.062 70751 INFO tempest.lib.common.rest_client [req-57ea4e04-d347-4d63-963b-e401bd8e4a42 req-57ea4e04-d347-4d63-963b-e401bd8e4a42 ] Request (FloatingIPsAssociationTestJSON:tearDownClass): 200 GET http://10.180.1.21/compute/v2.1/servers/eb2fdaed-a533-45b9-8d69-b16ea78c57a6 0.129s
2025-04-29 22:27:38.107 70771 INFO tempest.lib.common.rest_client [req-585b6973-64be-45b2-84ba-da1c2c8e36df req-585b6973-64be-45b2-84ba-da1c2c8e36df ] Request (FloatingIPDetailsNegativeTestJSON:setUpClass): 201 POST http://10.180.1.21/identity/v3/users 0.090s
2025-04-29 22:27:38.131 70771 INFO tempest.lib.common.rest_client [req-0b3952ac-11a6-490f-a4cc-e37869df5132 req-0b3952ac-11a6-490f-a4cc-e37869df5132 ] Request (FloatingIPDetailsNegativeTestJSON:setUpClass): 200 GET http://10.180.1.21/identity/v3/roles 0.024s
2025-04-29 22:27:38.138 70727 INFO tempest.lib.common.rest_client [req-d648224a-70fc-4483-9bb5-1ba18d3f805a req-d648224a-70fc-4483-9bb5-1ba18d3f805a ] Request (SecurityGroupsTestJSON:test_list_security_groups_by_server): 200 GET http://10.180.1.21/compute/v2.1/servers/83bd920a-925d-4ece-82e3-f84a5cdc61a4 0.111s
2025-04-29 22:27:38.162 70771 INFO tempest.lib.common.rest_client [req-513b53f9-c405-417c-86ce-3ab09dd5671f req-513b53f9-c405-417c-86ce-3ab09dd5671f ] Request (FloatingIPDetailsNegativeTestJSON:setUpClass): 204 PUT http://10.180.1.21/identity/v3/projects/d64a733b48fe47e7bff4c1af9c4365bc/users/9fadaefc82954e92b032998e36f61249/roles/e642774ac4a44b2c92c11efcfe8d4fdc 0.030s
2025-04-29 22:27:38.162 70771 INFO tempest.lib.common.dynamic_creds [-] Dynamic test user 9fadaefc82954e92b032998e36f61249 is created with scope project and roles: ['member']
2025-04-29 22:27:38.162 70771 INFO tempest.lib.common.dynamic_creds [-] Acquired dynamic creds: credentials: Credentials: {'domain_id': 'default', 'domain_name': 'Default', 'username': 'tempest-FloatingIPDetailsNegativeTestJSON-698857919-project-member', 'project_domain_id': 'default', 'project_domain_name': 'Default', 'project_id': 'd64a733b48fe47e7bff4c1af9c4365bc', 'project_name': 'tempest-FloatingIPDetailsNegativeTestJSON-698857919', 'tenant_id': 'd64a733b48fe47e7bff4c1af9c4365bc', 'tenant_name': 'tempest-FloatingIPDetailsNegativeTestJSON-698857919', 'user_domain_id': 'default', 'user_domain_name': 'Default', 'user_id': '9fadaefc82954e92b032998e36f61249', 'system': None}, Network: None, Subnet: None, Router: None
2025-04-29 22:27:38.224 70723 INFO tempest.lib.common.rest_client [req-90a9e74f-9273-4d3c-bafc-966391a02548 req-90a9e74f-9273-4d3c-bafc-966391a02548 ] Request (ServersAdminTestJSON:test_create_server_with_scheduling_hint): 200 GET http://10.180.1.21/compute/v2.1/servers/4fbe5ca0-b701-445a-ab33-f1829b8cc8a1 0.116s
2025-04-29 22:27:38.229 70725 INFO tempest.lib.common.rest_client [req-62815999-e5f9-442e-bdad-859bbb68f145 req-62815999-e5f9-442e-bdad-859bbb68f145 ] Request (DeleteServersTestJSON:test_delete_server_while_in_attached_volume): 200 GET http://10.180.1.21/compute/v2.1/servers/07e33dbe-c8c4-4e66-9cbe-f4624bf97da3 0.136s
2025-04-29 22:27:38.234 70771 INFO tempest.lib.common.rest_client [req-6af2e3db-824d-49ed-88cb-318a57da1a48 req-6af2e3db-824d-49ed-88cb-318a57da1a48 ] Request (FloatingIPDetailsNegativeTestJSON:setUpClass): 201 POST http://10.180.1.21/identity/v3/auth/tokens 0.072s
2025-04-29 22:27:38.295 70741 INFO tempest.lib.common.rest_client [req-90bfeb0c-422b-4079-aff3-0ae3c55b601e req-90bfeb0c-422b-4079-aff3-0ae3c55b601e ] Request (ImagesOneServerNegativeTestJSON:_run_cleanups): 200 GET http://10.180.1.21/compute/v2.1/servers/f1301b43-60dc-4939-ab24-0997a306dce5 0.136s
2025-04-29 22:27:38.483 70737 INFO tempest.lib.common.rest_client [req-bec104f6-fc90-4bd7-9d5e-bcff0ce1a9f5 req-bec104f6-fc90-4bd7-9d5e-bcff0ce1a9f5 ] Request (AttachVolumeNegativeTest:test_attach_attached_volume_to_different_server): 200 GET http://10.180.1.21/compute/v2.1/servers/0cb287d3-cf57-49e4-9680-1b6e129fb886 0.066s
2025-04-29 22:27:38.537 70765 INFO tempest.lib.common.rest_client [req-39fb7658-7ca9-4bac-8fdb-cf2599bddcc4 req-39fb7658-7ca9-4bac-8fdb-cf2599bddcc4 ] Request (MigrationsAdminTest:test_resize_server_revert_deleted_flavor): 200 GET http://10.180.1.21/compute/v2.1/servers/67ca88f5-a305-46dd-b8ec-cf3b0d621d98 0.064s
2025-04-29 22:27:38.552 70763 INFO tempest.lib.common.rest_client [req-168692dd-b8fd-4b81-9daa-dc5d9ec533a2 req-168692dd-b8fd-4b81-9daa-dc5d9ec533a2 ] Request (ServerRescueTestJSON:setUpClass): 200 GET http://10.180.1.21/compute/v2.1/servers/afc0e698-e9bb-4945-9b1f-785e3a967c78 0.225s
2025-04-29 22:27:38.568 70771 INFO tempest.lib.common.rest_client [req-055e3fe6-cda2-4ddb-9ab4-1080a07b49ea req-055e3fe6-cda2-4ddb-9ab4-1080a07b49ea ] Request (FloatingIPDetailsNegativeTestJSON:setUpClass): 201 POST http://10.180.1.21:9696/networking/v2.0/networks 0.333s
2025-04-29 22:27:38.594 70721 INFO tempest.lib.common.rest_client [req-e4e8a698-19ec-4d90-8961-c3a9d004b540 req-e4e8a698-19ec-4d90-8961-c3a9d004b540 ] Request (ServerPasswordTestJSON:tearDownClass): 204 DELETE http://10.180.1.21:9696/networking/v2.0/routers/18fe95cc-12c1-4b03-8295-6cb9b288bffb 0.720s
2025-04-29 22:27:38.623 70777 INFO tempest.lib.common.rest_client [req-1ecd0c3a-78e9-4142-8365-08f85c338f13 req-1ecd0c3a-78e9-4142-8365-08f85c338f13 ] Request (InstanceActionsNegativeTestJSON:setUpClass): 200 GET http://10.180.1.21/compute/v2.1/servers/fece1064-606f-4e15-84a2-c4c926036bdc 0.075s
2025-04-29 22:27:38.627 70729 INFO tempest.lib.common.rest_client [req-787e62c9-b092-4984-9105-27c62a5cd05d req-787e62c9-b092-4984-9105-27c62a5cd05d ] Request (ImagesOneServerTestJSON:test_create_delete_image): 200 GET http://10.180.1.21/compute/v2.1/images/04cc628a-c890-4ed6-aeef-c12ea3d32602 0.048s
2025-04-29 22:27:38.733 70757 INFO tempest.lib.common.rest_client [req-0c6fac91-751d-4e64-9736-32302e022fa8 req-0c6fac91-751d-4e64-9736-32302e022fa8 ] Request (ServersListShow298Test:test_list_show_update_rebuild_server_298): 200 GET http://10.180.1.21/compute/v2.1/servers/16eee332-9c66-41c8-8a46-175a79b2f91f 0.089s
2025-04-29 22:27:38.799 70755 INFO tempest.lib.common.rest_client [req-53d20867-67ae-4025-9504-fca737127dbb req-53d20867-67ae-4025-9504-fca737127dbb ] Request (ServerActionsTestOtherA:setUpClass): 200 GET http://10.180.1.21/compute/v2.1/servers/c26a5735-1892-4ef3-a00c-c0b2cc382c85 0.105s
2025-04-29 22:27:38.861 70781 INFO tempest.lib.common.rest_client [req-df5fa71a-3e53-4945-a99a-0bcc98a74c7d req-df5fa71a-3e53-4945-a99a-0bcc98a74c7d ] Request (ServersTestBootFromVolume:setUpClass): 200 GET http://10.180.1.21/compute/v2.1/servers/690f5b18-0a1a-4ff7-b3ba-8005eba5f5be 0.158s
2025-04-29 22:27:38.875 70721 INFO tempest.lib.common.rest_client [req-5437aa2e-d1af-4ae2-a934-a2412356d14d req-5437aa2e-d1af-4ae2-a934-a2412356d14d ] Request (ServerPasswordTestJSON:tearDownClass): 204 DELETE http://10.180.1.21:9696/networking/v2.0/subnets/5764a562-f859-43ab-848e-358bb90d7816 0.281s
2025-04-29 22:27:38.879 70735 INFO tempest.lib.common.rest_client [req-911e690c-4175-4d22-9cad-d16a34baa161 req-911e690c-4175-4d22-9cad-d16a34baa161 ] Request (ServerRescueNegativeTestJSON:setUpClass): 200 GET http://10.180.1.21/compute/v2.1/servers/c2cc872a-eb38-4e07-917e-00c06740ba54 0.265s
2025-04-29 22:27:38.889 70735 INFO tempest.common.waiters [-] State transition "BUILD/block_device_mapping" ==> "BUILD/spawning" after 79 second wait
2025-04-29 22:27:38.937 70771 INFO tempest.lib.common.rest_client [req-07678928-b2f9-471f-89da-810222b0eab2 req-07678928-b2f9-471f-89da-810222b0eab2 ] Request (FloatingIPDetailsNegativeTestJSON:setUpClass): 201 POST http://10.180.1.21:9696/networking/v2.0/subnets 0.368s
2025-04-29 22:27:38.941 70767 INFO tempest.lib.common.rest_client [req-5bb78a72-f43f-4bae-82a5-7343130ddd06 req-5bb78a72-f43f-4bae-82a5-7343130ddd06 ] Request (ServersNegativeTestMultiTenantJSON:setUpClass): 200 GET http://10.180.1.21/compute/v2.1/servers/df2ab532-68ed-4662-a5d5-32a0f2ba8b86 0.186s
2025-04-29 22:27:38.947 70733 INFO tempest.lib.common.rest_client [req-205887b6-90f1-4c95-b81a-992f6d3cccd2 req-205887b6-90f1-4c95-b81a-992f6d3cccd2 ] Request (VolumesAdminNegativeTest:test_update_attached_volume_with_nonexistent_volume_in_uri): 200 GET http://10.180.1.21/compute/v2.1/servers/9d950de1-37dc-440f-b78b-e38520713ce1 0.173s
2025-04-29 22:27:39.030 70759 INFO tempest.lib.common.rest_client [req-f75fc862-61f2-4be4-bd90-5c65bc160fbd req-f75fc862-61f2-4be4-bd90-5c65bc160fbd ] Request (MultipleCreateTestJSON:test_multiple_create): 200 GET http://10.180.1.21/compute/v2.1/servers/c5dab1d0-1fb2-4b6e-80ed-29fbd0399f8c 0.176s
2025-04-29 22:27:39.031 70719 INFO tempest.lib.common.rest_client [req-abb25f74-1ee3-4b04-93e6-8cf567b12e9a req-abb25f74-1ee3-4b04-93e6-8cf567b12e9a ] Request (ServerDiskConfigTestJSON:test_resize_server_from_auto_to_manual): 200 GET http://10.180.1.21/compute/v2.1/servers/3305b11f-79db-4832-bb9d-c50d83a0cd68 0.218s
2025-04-29 22:27:39.117 70749 INFO tempest.lib.common.rest_client [req-ce0dba6a-9d73-4f67-a471-31648244d5e0 req-ce0dba6a-9d73-4f67-a471-31648244d5e0 ] Request (ServersTestFqdnHostnames:tearDownClass): 200 GET http://10.180.1.21/compute/v2.1/servers/3b3e5554-6b27-4fdd-ac3a-b855c7d07e10 0.152s
2025-04-29 22:27:39.120 70747 INFO tempest.lib.common.rest_client [req-05dda6dd-f8f9-40ce-b40d-d97e5f6ea8ca req-05dda6dd-f8f9-40ce-b40d-d97e5f6ea8ca ] Request (ServerGroupTestJSON:_run_cleanups): 200 GET http://10.180.1.21/compute/v2.1/servers/9bb57253-83e9-498c-88d6-de38e62453a8 0.224s
2025-04-29 22:27:39.186 70745 INFO tempest.lib.common.rest_client [req-6b797355-2b40-4dc7-acaf-da6b99e4d15c req-6b797355-2b40-4dc7-acaf-da6b99e4d15c ] Request (AttachInterfacesUnderV243Test:test_add_remove_fixed_ip): 200 GET http://10.180.1.21/compute/v2.1/servers/be427ef2-dafd-4482-8204-0964fd00c7bb 0.204s
2025-04-29 22:27:39.207 70751 INFO tempest.lib.common.rest_client [req-0a4b7984-dc6e-4fd6-8dda-12bc50085cf5 req-0a4b7984-dc6e-4fd6-8dda-12bc50085cf5 ] Request (FloatingIPsAssociationTestJSON:tearDownClass): 200 GET http://10.180.1.21/compute/v2.1/servers/eb2fdaed-a533-45b9-8d69-b16ea78c57a6 0.132s
2025-04-29 22:27:39.219 70751 INFO tempest.common.waiters [-] State transition "ACTIVE/deleting" ==> "DELETED/None" after 5 second wait
2025-04-29 22:27:39.256 70739 INFO tempest.lib.common.rest_client [req-295ebc48-69b8-4993-b742-762985a12dae req-295ebc48-69b8-4993-b742-762985a12dae ] Request (ImagesTestJSON:test_create_image_from_stopped_server): 200 GET http://10.180.1.21/compute/v2.1/servers/f9b289ca-c7c7-4ba6-b85f-ab2954630f1e 0.179s
2025-04-29 22:27:39.277 70727 INFO tempest.lib.common.rest_client [req-c58c74bf-e152-4c9f-a621-5c297cac68f4 req-c58c74bf-e152-4c9f-a621-5c297cac68f4 ] Request (SecurityGroupsTestJSON:test_list_security_groups_by_server): 200 GET http://10.180.1.21/compute/v2.1/servers/83bd920a-925d-4ece-82e3-f84a5cdc61a4 0.130s
2025-04-29 22:27:39.300 70721 INFO tempest.lib.common.rest_client [req-237681cc-1c78-4c5b-91e0-28e3cddf896d req-237681cc-1c78-4c5b-91e0-28e3cddf896d ] Request (ServerPasswordTestJSON:tearDownClass): 204 DELETE http://10.180.1.21:9696/networking/v2.0/networks/b87123ce-a0a7-422f-8128-983992168c76 0.425s
2025-04-29 22:27:39.319 70723 INFO tempest.lib.common.rest_client [req-a7753da2-1b0f-48dd-830a-74e084bfbcce req-a7753da2-1b0f-48dd-830a-74e084bfbcce ] Request (ServersAdminTestJSON:test_create_server_with_scheduling_hint): 200 GET http://10.180.1.21/compute/v2.1/servers/4fbe5ca0-b701-445a-ab33-f1829b8cc8a1 0.080s
2025-04-29 22:27:39.356 70725 INFO tempest.lib.common.rest_client [req-92f7d761-52fa-429a-9406-dab8d57a6532 req-92f7d761-52fa-429a-9406-dab8d57a6532 ] Request (DeleteServersTestJSON:test_delete_server_while_in_attached_volume): 200 GET http://10.180.1.21/compute/v2.1/servers/07e33dbe-c8c4-4e66-9cbe-f4624bf97da3 0.115s
2025-04-29 22:27:39.373 70741 INFO tempest.lib.common.rest_client [req-b7d48812-9fe7-4534-bdcc-bfff227f0f66 req-b7d48812-9fe7-4534-bdcc-bfff227f0f66 ] Request (ImagesOneServerNegativeTestJSON:_run_cleanups): 200 GET http://10.180.1.21/compute/v2.1/servers/f1301b43-60dc-4939-ab24-0997a306dce5 0.069s
2025-04-29 22:27:39.407 70721 INFO tempest.lib.common.rest_client [req-6fe48b4e-5c66-4ce6-a07e-397ff3186d7c req-6fe48b4e-5c66-4ce6-a07e-397ff3186d7c ] Request (ServerPasswordTestJSON:tearDownClass): 204 DELETE http://10.180.1.21/identity/v3/users/f54e3f1e643f44b090e07277111a09b0 0.106s
2025-04-29 22:27:39.407 70721 INFO tempest.lib.common.dynamic_creds [-] Deleting project and security group for project: f9a2334f300944caaed72ab65c08e8d9
2025-04-29 22:27:39.452 70721 INFO tempest.lib.common.rest_client [req-4e03df0c-3926-4318-b5aa-1c9900dc4ccf req-4e03df0c-3926-4318-b5aa-1c9900dc4ccf ] Request (ServerPasswordTestJSON:tearDownClass): 200 GET http://10.180.1.21:9696/networking/v2.0/security-groups?tenant_id=f9a2334f300944caaed72ab65c08e8d9&name=default 0.045s
2025-04-29 22:27:39.613 70765 INFO tempest.lib.common.rest_client [req-ec5c44f0-287e-44a7-804b-7552400ebc2b req-ec5c44f0-287e-44a7-804b-7552400ebc2b ] Request (MigrationsAdminTest:test_resize_server_revert_deleted_flavor): 200 GET http://10.180.1.21/compute/v2.1/servers/67ca88f5-a305-46dd-b8ec-cf3b0d621d98 0.065s
2025-04-29 22:27:39.740 70763 INFO tempest.lib.common.rest_client [req-d99ee959-3b3d-4cf4-a537-91f0188b658b req-d99ee959-3b3d-4cf4-a537-91f0188b658b ] Request (ServerRescueTestJSON:setUpClass): 200 GET http://10.180.1.21/compute/v2.1/servers/afc0e698-e9bb-4945-9b1f-785e3a967c78 0.177s
