2025-04-29 22:25:01.515 70771 INFO tempest.lib.common.rest_client [req-a98c0543-e0b7-4c3b-8a68-f01e0eef1f7f req-a98c0543-e0b7-4c3b-8a68-f01e0eef1f7f ] Request (ServersAdminNegativeTestJSON:setUpClass): 200 GET http://10.180.1.21/compute/v2.1/servers/627b3514-19e9-4709-84ed-7c6592304398 2.022s
2025-04-29 22:25:01.530 70751 INFO tempest.lib.common.rest_client [req-e6dc1cfa-cc38-4dc2-bf4e-4a3e1cb0dd19 req-e6dc1cfa-cc38-4dc2-bf4e-4a3e1cb0dd19 ] Request (FloatingIPsAssociationTestJSON:setUpClass): 201 POST http://10.180.1.21/identity/v3/auth/tokens 0.156s
2025-04-29 22:25:01.592 70777 INFO tempest.lib.common.rest_client [req-b87fa8f1-ddea-413c-8230-01b7ef050363 req-b87fa8f1-ddea-413c-8230-01b7ef050363 ] Request (InstanceActionsV221TestJSON:setUpClass): 201 POST http://10.180.1.21/identity/v3/auth/tokens 0.085s
2025-04-29 22:25:01.630 70753 INFO tempest.lib.common.rest_client [req-ea552e8d-6269-4e19-ac2c-5a533057bb30 req-ea552e8d-6269-4e19-ac2c-5a533057bb30 ] Request (VolumesAssistedSnapshotsTest:test_volume_assisted_snapshot_create_delete): 201 POST http://10.180.1.21:9696/networking/v2.0/security-groups 0.383s
2025-04-29 22:25:01.645 70751 INFO tempest.lib.common.rest_client [req-415832e5-33e5-475c-bf6e-9e3b0afbc031 req-415832e5-33e5-475c-bf6e-9e3b0afbc031 ] Request (FloatingIPsAssociationTestJSON:setUpClass): 201 POST http://10.180.1.21/identity/v3/auth/tokens 0.108s
2025-04-29 22:25:01.646 70751 INFO tempest.lib.common.fixed_network [-] (FloatingIPsAssociationTestJSON:setUpClass) Found network {'id': 'b4282cde-0a1f-4278-9ba2-59444a91ca78', 'name': 'tempest-FloatingIPsAssociationTestJSON-705452101-network', 'tenant_id': '58f763c1f20a4df289dedbf99bf474bb', 'admin_state_up': True, 'mtu': 8950, 'status': 'ACTIVE', 'subnets': [], 'shared': False, 'project_id': '58f763c1f20a4df289dedbf99bf474bb', 'port_security_enabled': True, 'router:external': False, 'provider:network_type': 'vlan', 'provider:physical_network': 'default', 'provider:segmentation_id': 517, 'availability_zone_hints': [], 'availability_zones': [], 'ipv4_address_scope': None, 'ipv6_address_scope': None, 'description': '', 'tags': [], 'created_at': '2025-04-29T22:24:56Z', 'updated_at': '2025-04-29T22:24:56Z', 'revision_number': 1} available for tenant
2025-04-29 22:25:01.672 70727 INFO tempest.lib.common.rest_client [req-528d442d-dbde-46b7-af02-e5d8d3008e55 req-528d442d-dbde-46b7-af02-e5d8d3008e55 ] Request (DeleteServersAdminTestJSON:test_admin_delete_servers_of_others): 200 GET http://10.180.1.21/compute/v2.1/servers/a528a175-424a-4140-825b-0eebd013c5fb 2.089s
2025-04-29 22:25:01.718 70743 INFO tempest.lib.common.rest_client [req-9abfa42e-4119-4616-98cd-ec04bc0b4d5e req-9abfa42e-4119-4616-98cd-ec04bc0b4d5e ] Request (QuotaClassesAdminTestJSON:tearDownClass): 204 DELETE http://10.180.1.21/identity/v3/projects/88cba75453ce408e9edc82bb43ba527c 0.226s
2025-04-29 22:25:01.762 70739 INFO tempest.lib.common.rest_client [req-d3443268-46dc-4919-b6d1-4384477b7eaa req-d3443268-46dc-4919-b6d1-4384477b7eaa ] Request (ServersAdmin275Test:test_rebuild_update_server_275): 200 GET http://10.180.1.21/compute/v2.1/servers/fa1bff3d-d23d-4d72-ba3f-badb7f6b7a9b 2.127s
2025-04-29 22:25:01.774 70739 INFO tempest.common.waiters [-] State transition "BUILD/None" ==> "BUILD/block_device_mapping" after 7 second wait
2025-04-29 22:25:01.789 70741 INFO tempest.lib.common.rest_client [req-fa10b2a4-adbf-474d-b4fd-6f4554fb256c req-fa10b2a4-adbf-474d-b4fd-6f4554fb256c ] Request (HypervisorAdminNegativeTestJSON:tearDownClass): 204 DELETE http://10.180.1.21:9696/networking/v2.0/security-groups/d9343213-aa8a-49ef-868e-ad0e05ffc846 0.348s
2025-04-29 22:25:01.797 70743 INFO tempest.lib.common.rest_client [req-38ca59a8-593a-424a-a24c-38d38a982474 req-38ca59a8-593a-424a-a24c-38d38a982474 ] Request (FloatingIPsNegativeTestJSON:setUpClass): 201 POST http://10.180.1.21/identity/v3/auth/tokens 0.074s
2025-04-29 22:25:01.830 70743 INFO tempest.lib.common.rest_client [req-7edc8dbe-ddfe-4be9-8e5a-ab1e5e6aa573 req-7edc8dbe-ddfe-4be9-8e5a-ab1e5e6aa573 ] Request (FloatingIPsNegativeTestJSON:setUpClass): 201 POST http://10.180.1.21/identity/v3/auth/tokens 0.031s
2025-04-29 22:25:01.880 70741 INFO tempest.lib.common.rest_client [req-de9ea645-1d8d-4cea-905b-40a5fb315bb7 req-de9ea645-1d8d-4cea-905b-40a5fb315bb7 ] Request (HypervisorAdminNegativeTestJSON:tearDownClass): 204 DELETE http://10.180.1.21/identity/v3/projects/a2f4a5d7cca0418abdf1f4434cd8fffb 0.090s
2025-04-29 22:25:01.896 70743 INFO tempest.lib.common.rest_client [req-a551fb1c-1c4d-4cad-9925-47792f06c09b req-a551fb1c-1c4d-4cad-9925-47792f06c09b ] Request (FloatingIPsNegativeTestJSON:setUpClass): 200 GET http://10.180.1.21/identity/v3/domains?name=Default 0.064s
2025-04-29 22:25:01.905 70753 INFO tempest.lib.common.rest_client [req-35497bfb-f64f-4da9-9bcf-0d589f58a10d req-35497bfb-f64f-4da9-9bcf-0d589f58a10d ] Request (VolumesAssistedSnapshotsTest:test_volume_assisted_snapshot_create_delete): 201 POST http://10.180.1.21:9696/networking/v2.0/security-group-rules 0.274s
2025-04-29 22:25:01.918 70741 INFO tempest.lib.common.rest_client [req-a7389567-092f-40c3-a23e-0e8bcabe5707 req-a7389567-092f-40c3-a23e-0e8bcabe5707 ] Request (FlavorsV2NegativeTest:setUpClass): 201 POST http://10.180.1.21/identity/v3/auth/tokens 0.033s
2025-04-29 22:25:01.919 70719 INFO tempest.lib.common.rest_client [req-b2826acb-fb6a-47cb-a786-09a2fec3fc09 req-b2826acb-fb6a-47cb-a786-09a2fec3fc09 ] Request (ServerDiskConfigTestJSON:test_rebuild_server_with_auto_disk_config): 200 GET http://10.180.1.21/compute/v2.1/servers/ce836b7f-fb93-4621-b0b5-6f590a6df215 1.997s
2025-04-29 22:25:01.966 70741 INFO tempest.lib.common.rest_client [req-90a8f346-8f70-46a1-ab25-888ce226c59a req-90a8f346-8f70-46a1-ab25-888ce226c59a ] Request (FlavorsV2NegativeTest:setUpClass): 201 POST http://10.180.1.21/identity/v3/auth/tokens 0.044s
2025-04-29 22:25:01.977 70743 INFO tempest.lib.common.rest_client [req-758d65cf-96a7-423e-a7f8-bd955fffa207 req-758d65cf-96a7-423e-a7f8-bd955fffa207 ] Request (FloatingIPsNegativeTestJSON:setUpClass): 201 POST http://10.180.1.21/identity/v3/projects 0.081s
2025-04-29 22:25:02.029 70741 INFO tempest.lib.common.rest_client [req-06d07f8c-8e51-4ba5-97de-528f82c665d1 req-06d07f8c-8e51-4ba5-97de-528f82c665d1 ] Request (FlavorsV2NegativeTest:setUpClass): 200 GET http://10.180.1.21/identity/v3/domains?name=Default 0.063s
2025-04-29 22:25:02.061 70743 INFO tempest.lib.common.rest_client [req-3aa397b4-792e-4683-8cbb-b27b327e03b0 req-3aa397b4-792e-4683-8cbb-b27b327e03b0 ] Request (FloatingIPsNegativeTestJSON:setUpClass): 201 POST http://10.180.1.21/identity/v3/users 0.083s
2025-04-29 22:25:02.062 70741 INFO tempest.lib.common.rest_client [req-2432b320-4f0f-48ff-9a48-99030b8f3f99 req-2432b320-4f0f-48ff-9a48-99030b8f3f99 ] Request (FlavorsV2NegativeTest:setUpClass): 201 POST http://10.180.1.21/identity/v3/projects 0.032s
2025-04-29 22:25:02.101 70747 INFO tempest.lib.common.rest_client [req-bda48d1f-1d45-48cc-b139-81ccc661457a req-bda48d1f-1d45-48cc-b139-81ccc661457a ] Request (FloatingIPDetailsTestJSON:_run_cleanups): 202 DELETE http://10.180.1.21/compute/v2.1/os-floating-ips/6301dfd2-a629-4b94-875c-cf3a31c41b5f 2.659s
2025-04-29 22:25:02.117 70743 INFO tempest.lib.common.rest_client [req-173d70f1-215a-477b-900c-eb636a746595 req-173d70f1-215a-477b-900c-eb636a746595 ] Request (FloatingIPsNegativeTestJSON:setUpClass): 200 GET http://10.180.1.21/identity/v3/roles 0.055s
2025-04-29 22:25:02.128 70741 INFO tempest.lib.common.rest_client [req-1e954e43-3afa-4272-976d-172c0a5b454b req-1e954e43-3afa-4272-976d-172c0a5b454b ] Request (FlavorsV2NegativeTest:setUpClass): 201 POST http://10.180.1.21/identity/v3/users 0.065s
2025-04-29 22:25:02.150 70753 INFO tempest.lib.common.rest_client [req-11e96f81-c5e6-4fd3-8023-cf0ba76a3a5d req-11e96f81-c5e6-4fd3-8023-cf0ba76a3a5d ] Request (VolumesAssistedSnapshotsTest:test_volume_assisted_snapshot_create_delete): 201 POST http://10.180.1.21:9696/networking/v2.0/security-group-rules 0.244s
2025-04-29 22:25:02.157 70743 INFO tempest.lib.common.rest_client [req-166f7338-ca26-4545-ba1e-7b8d7c3a6f3a req-166f7338-ca26-4545-ba1e-7b8d7c3a6f3a ] Request (FloatingIPsNegativeTestJSON:setUpClass): 204 PUT http://10.180.1.21/identity/v3/projects/04f133b4bc01494c956fc6711e789358/users/439b711ddf4240238c191f8bc4a04214/roles/e642774ac4a44b2c92c11efcfe8d4fdc 0.039s
2025-04-29 22:25:02.157 70743 INFO tempest.lib.common.dynamic_creds [-] Dynamic test user 439b711ddf4240238c191f8bc4a04214 is created with scope project and roles: ['member']
2025-04-29 22:25:02.158 70743 INFO tempest.lib.common.dynamic_creds [-] Acquired dynamic creds: credentials: Credentials: {'domain_id': 'default', 'domain_name': 'Default', 'username': 'tempest-FloatingIPsNegativeTestJSON-1829294095-project-member', 'project_domain_id': 'default', 'project_domain_name': 'Default', 'project_id': '04f133b4bc01494c956fc6711e789358', 'project_name': 'tempest-FloatingIPsNegativeTestJSON-1829294095', 'tenant_id': '04f133b4bc01494c956fc6711e789358', 'tenant_name': 'tempest-FloatingIPsNegativeTestJSON-1829294095', 'user_domain_id': 'default', 'user_domain_name': 'Default', 'user_id': '439b711ddf4240238c191f8bc4a04214', 'system': None}, Network: None, Subnet: None, Router: None
2025-04-29 22:25:02.193 70777 INFO tempest.lib.common.rest_client [req-a84d5d0a-672f-4ac8-af45-27aa1797896c req-a84d5d0a-672f-4ac8-af45-27aa1797896c ] Request (InstanceActionsV221TestJSON:setUpClass): 201 POST http://10.180.1.21:9696/networking/v2.0/networks 0.600s
2025-04-29 22:25:02.195 70781 INFO tempest.lib.common.rest_client [req-741f4f76-1ae7-49a8-8264-a06acbaded74 req-741f4f76-1ae7-49a8-8264-a06acbaded74 ] Request (FloatingIPsAssociationNegativeTestJSON:setUpClass): 200 GET http://10.180.1.21/compute/v2.1/servers/cb8ce671-a20a-4590-afc5-f3c067ccf774 2.202s
2025-04-29 22:25:02.206 70781 INFO tempest.common.waiters [-] State transition "BUILD/networking" ==> "BUILD/spawning" after 10 second wait
2025-04-29 22:25:02.218 70741 INFO tempest.lib.common.rest_client [req-697776f5-886c-4f5f-b239-1707c8443944 req-697776f5-886c-4f5f-b239-1707c8443944 ] Request (FlavorsV2NegativeTest:setUpClass): 200 GET http://10.180.1.21/identity/v3/roles 0.090s
2025-04-29 22:25:02.248 70743 INFO tempest.lib.common.rest_client [req-fba8c065-ba1a-423e-8173-fe35f809d200 req-fba8c065-ba1a-423e-8173-fe35f809d200 ] Request (FloatingIPsNegativeTestJSON:setUpClass): 201 POST http://10.180.1.21/identity/v3/auth/tokens 0.089s
2025-04-29 22:25:02.264 70725 INFO tempest.lib.common.rest_client [req-483a8239-93fe-4a54-bc66-c957929f3df6 req-483a8239-93fe-4a54-bc66-c957929f3df6 ] Request (DeleteServersTestJSON:test_delete_active_server): 200 GET http://10.180.1.21/compute/v2.1/servers/45bc8818-027b-4516-a201-a6193cdf5343 1.963s
2025-04-29 22:25:02.274 70741 INFO tempest.lib.common.rest_client [req-2db4c152-cc21-4cbe-b61f-f652417ca761 req-2db4c152-cc21-4cbe-b61f-f652417ca761 ] Request (FlavorsV2NegativeTest:setUpClass): 204 PUT http://10.180.1.21/identity/v3/projects/3a26ccb1763a40ca8193c37f76908da6/users/6ca8b55de7494869a591538be7891184/roles/e642774ac4a44b2c92c11efcfe8d4fdc 0.055s
2025-04-29 22:25:02.274 70741 INFO tempest.lib.common.dynamic_creds [-] Dynamic test user 6ca8b55de7494869a591538be7891184 is created with scope project and roles: ['member']
2025-04-29 22:25:02.276 70741 INFO tempest.lib.common.dynamic_creds [-] Acquired dynamic creds: credentials: Credentials: {'domain_id': 'default', 'domain_name': 'Default', 'username': 'tempest-FlavorsV2NegativeTest-724535889-project-member', 'project_domain_id': 'default', 'project_domain_name': 'Default', 'project_id': '3a26ccb1763a40ca8193c37f76908da6', 'project_name': 'tempest-FlavorsV2NegativeTest-724535889', 'tenant_id': '3a26ccb1763a40ca8193c37f76908da6', 'tenant_name': 'tempest-FlavorsV2NegativeTest-724535889', 'user_domain_id': 'default', 'user_domain_name': 'Default', 'user_id': '6ca8b55de7494869a591538be7891184', 'system': None}, Network: None, Subnet: None, Router: None
2025-04-29 22:25:02.277 70741 INFO tempest.lib.common.dynamic_creds [-] Created isolated network resources for: credentials: Credentials: {'domain_id': 'default', 'domain_name': 'Default', 'username': 'tempest-FlavorsV2NegativeTest-724535889-project-member', 'project_domain_id': 'default', 'project_domain_name': 'Default', 'project_id': '3a26ccb1763a40ca8193c37f76908da6', 'project_name': 'tempest-FlavorsV2NegativeTest-724535889', 'tenant_id': '3a26ccb1763a40ca8193c37f76908da6', 'tenant_name': 'tempest-FlavorsV2NegativeTest-724535889', 'user_domain_id': 'default', 'user_domain_name': 'Default', 'user_id': '6ca8b55de7494869a591538be7891184', 'system': None}, Network: None, Subnet: None, Router: None
2025-04-29 22:25:02.373 70777 INFO tempest.lib.common.rest_client [req-8b455047-624b-4340-b511-243fcbcb3c8b req-8b455047-624b-4340-b511-243fcbcb3c8b ] Request (InstanceActionsV221TestJSON:setUpClass): 201 POST http://10.180.1.21:9696/networking/v2.0/subnets 0.179s
2025-04-29 22:25:02.431 70741 INFO tempest.lib.common.rest_client [req-a9d89f6c-b3dd-47af-b290-a0ec757022c8 req-a9d89f6c-b3dd-47af-b290-a0ec757022c8 ] Request (FlavorsV2NegativeTest:setUpClass): 201 POST http://10.180.1.21/identity/v3/auth/tokens 0.151s
2025-04-29 22:25:02.474 70773 INFO tempest.lib.common.rest_client [req-1d586935-90fa-4fd7-ab1f-656c3013e3c6 req-1d586935-90fa-4fd7-ab1f-656c3013e3c6 ] Request (QuotasAdminTestV236:test_get_updated_quotas): 200 PUT http://10.180.1.21/compute/v2.1/os-quota-sets/0b8d1076589448c690344f76dc281cce 2.457s
2025-04-29 22:25:02.651 70737 INFO tempest.lib.common.rest_client [req-adee2acc-b4d1-4b8c-99b7-c46307ab6af5 req-adee2acc-b4d1-4b8c-99b7-c46307ab6af5 ] Request (ServersAaction247Test:tearDownClass): 204 DELETE http://10.180.1.21/compute/v2.1/servers/444fb993-64c1-45aa-9c38-e03a60d70bbf 2.011s
2025-04-29 22:25:02.670 70743 INFO tempest.lib.common.rest_client [req-38a97e86-5310-454f-937c-abaa0e03bad3 req-38a97e86-5310-454f-937c-abaa0e03bad3 ] Request (FloatingIPsNegativeTestJSON:setUpClass): 201 POST http://10.180.1.21:9696/networking/v2.0/networks 0.422s
2025-04-29 22:25:02.673 70749 INFO tempest.lib.common.rest_client [req-488e4037-7686-4512-aeb6-65eb73c35255 req-488e4037-7686-4512-aeb6-65eb73c35255 ] Request (ImagesMetadataNegativeTestJSON:test_update_nonexistent_image_metadata): 404 POST http://10.180.1.21/compute/v2.1/images/5118729d-af6f-448c-a0ae-5b0763b74ded/metadata 1.986s
2025-04-29 22:25:02.704 70731 INFO tempest.lib.common.rest_client [req-b4400d26-8c18-4ab1-8e1a-c6d6ad78c1e8 req-b4400d26-8c18-4ab1-8e1a-c6d6ad78c1e8 ] Request (ServersWithSpecificFlavorTestJSON:test_verify_created_server_ephemeral_disk): 200 POST http://10.180.1.21/compute/v2.1/flavors/1298273492/os-extra_specs 1.997s
2025-04-29 22:25:02.709 70767 INFO tempest.lib.common.rest_client [req-7e5762e3-1e49-485e-b157-0263d431fad6 req-7e5762e3-1e49-485e-b157-0263d431fad6 ] Request (FlavorsExtraSpecsNegativeTestJSON:test_flavor_update_more_key): 400 PUT http://10.180.1.21/compute/v2.1/flavors/1651384999/os-extra_specs/hw:numa_nodes 1.996s
2025-04-29 22:25:02.713 70729 INFO tempest.lib.common.rest_client [req-97b78261-9058-4ec4-b26c-7cb8f3f3bde7 req-97b78261-9058-4ec4-b26c-7cb8f3f3bde7 ] Request (ServerDiagnosticsTest:test_get_server_diagnostics): 202 POST http://10.180.1.21/compute/v2.1/servers 2.088s
2025-04-29 22:25:02.738 70721 INFO tempest.lib.common.rest_client [req-0827d2a2-02bf-4e90-9dc2-e04f4f01a49a req-0827d2a2-02bf-4e90-9dc2-e04f4f01a49a ] Request (HostsAdminNegativeTestJSON:test_startup_nonexistent_host): 404 GET http://10.180.1.21/compute/v2.1/os-hosts/nonexistent_hostname/startup 2.010s
2025-04-29 22:25:02.763 70779 INFO tempest.lib.common.rest_client [req-d0555e6f-7de0-43fe-a25f-60a1b1a1e749 req-d0555e6f-7de0-43fe-a25f-60a1b1a1e749 ] Request (FlavorsExtraSpecsTestJSON:test_flavor_set_get_update_show_unset_keys): 200 DELETE http://10.180.1.21/compute/v2.1/flavors/885382624/os-extra_specs/hw:numa_nodes 1.810s
2025-04-29 22:25:02.772 70733 INFO tempest.lib.common.rest_client [req-407d20a0-43e7-401f-817b-9865ff20c427 req-407d20a0-43e7-401f-817b-9865ff20c427 ] Request (TenantUsagesNegativeTestJSON:test_get_usage_tenant_with_invalid_date): 400 GET http://10.180.1.21/compute/v2.1/os-simple-tenant-usage/6d88367393af4b8b8aa47c789265c9ed?start=2025-04-30T22%3A24%3A58.933177&end=2025-04-28T22%3A24%3A58.933177 1.807s
2025-04-29 22:25:02.786 70749 INFO tempest.lib.common.rest_client [req-095c9b11-a880-4131-969b-f8282c36cbad req-095c9b11-a880-4131-969b-f8282c36cbad ] Request (ImagesMetadataNegativeTestJSON:tearDownClass): 204 DELETE http://10.180.1.21/identity/v3/users/b58a27c119d2451181d4e033c3bb9a64 0.111s
2025-04-29 22:25:02.786 70749 INFO tempest.lib.common.dynamic_creds [-] Deleting project and security group for project: 0135921249634da6a8502031da01fe4f
2025-04-29 22:25:02.795 70745 INFO tempest.lib.common.rest_client [req-f5511513-320d-467d-b467-27cd54f330dc req-f5511513-320d-467d-b467-27cd54f330dc ] Request (FlavorsAccessNegativeTestJSON:_run_cleanups): 202 DELETE http://10.180.1.21/compute/v2.1/flavors/1356307724 1.808s
2025-04-29 22:25:02.798 70759 INFO tempest.lib.common.rest_client [req-817b6bfe-7dd0-42d7-b838-9914f4150540 req-817b6bfe-7dd0-42d7-b838-9914f4150540 ] Request (KeyPairsNegativeTestJSON:test_create_keypair_with_empty_name_string): 400 POST http://10.180.1.21/compute/v2.1/os-keypairs 1.806s
2025-04-29 22:25:02.806 70753 INFO tempest.lib.common.rest_client [req-77610731-d92a-4f8d-8cba-db75de3e01e6 req-77610731-d92a-4f8d-8cba-db75de3e01e6 ] Request (VolumesAssistedSnapshotsTest:test_volume_assisted_snapshot_create_delete): 201 POST http://10.180.1.21:9696/networking/v2.0/floatingips 0.656s
2025-04-29 22:25:02.861 70770 INFO tempest.lib.common.rest_client [req-8549cd73-f190-40e3-9258-77d314700626 req-8549cd73-f190-40e3-9258-77d314700626 ] Request (HostsAdminTestJSON:test_show_host_detail): 200 GET http://10.180.1.21/compute/v2.1/os-hosts/cpu-1 1.726s
2025-04-29 22:25:02.867 70749 INFO tempest.lib.common.rest_client [req-701c3681-6ca4-4ae5-9244-f5f6b4558b7b req-701c3681-6ca4-4ae5-9244-f5f6b4558b7b ] Request (ImagesMetadataNegativeTestJSON:tearDownClass): 201 POST http://10.180.1.21/identity/v3/auth/tokens 0.081s
2025-04-29 22:25:02.895 70763 INFO tempest.lib.common.rest_client [req-210b85c8-34e5-4d32-abbd-5afeb9212f14 req-210b85c8-34e5-4d32-abbd-5afeb9212f14 ] Request (AggregatesAdminNegativeTestJSON:test_aggregate_add_non_exist_host): 200 POST http://10.180.1.21/compute/v2.1/os-aggregates 1.617s
2025-04-29 22:25:02.916 70761 INFO tempest.lib.common.rest_client [req-df9ec18a-18af-4184-a205-f05947a0c148 req-df9ec18a-18af-4184-a205-f05947a0c148 ] Request (QuotasAdminNegativeTest:test_create_server_when_memory_quota_is_full): 200 GET http://10.180.1.21/compute/v2.1/os-quota-sets/6ed15f2f7e424436914d99cae24e0a45 1.989s
2025-04-29 22:25:02.918 70757 INFO tempest.lib.common.rest_client [req-2a56f43c-fcc3-487b-af92-2c9559276772 req-2a56f43c-fcc3-487b-af92-2c9559276772 ] Request (FlavorsAccessTestJSON:_run_cleanups): 202 DELETE http://10.180.1.21/compute/v2.1/flavors/1813987887 1.621s
2025-04-29 22:25:02.930 70753 INFO tempest.lib.common.rest_client [req-d7fff6ed-8d8a-433d-9f0b-8506b54d1752 req-d7fff6ed-8d8a-433d-9f0b-8506b54d1752 ] Request (VolumesAssistedSnapshotsTest:test_volume_assisted_snapshot_create_delete): 201 POST http://10.180.1.21/identity/v3/auth/tokens 0.116s
2025-04-29 22:25:02.930 70753 INFO tempest.lib.common.fixed_network [-] (VolumesAssistedSnapshotsTest:test_volume_assisted_snapshot_create_delete) Found network {'id': '62c7f37f-1186-4d93-a39a-0609ed1c3241', 'name': 'tempest-VolumesAssistedSnapshotsTest-22478917-network', 'tenant_id': '09b40e5b768142c685e8e3a5e6913913', 'admin_state_up': True, 'mtu': 8950, 'status': 'ACTIVE', 'subnets': [], 'shared': False, 'project_id': '09b40e5b768142c685e8e3a5e6913913', 'port_security_enabled': True, 'router:external': False, 'provider:network_type': 'vlan', 'provider:physical_network': 'default', 'provider:segmentation_id': 89, 'availability_zone_hints': [], 'availability_zones': [], 'ipv4_address_scope': None, 'ipv6_address_scope': None, 'description': '', 'tags': [], 'created_at': '2025-04-29T22:24:40Z', 'updated_at': '2025-04-29T22:24:40Z', 'revision_number': 1} available for tenant
2025-04-29 22:25:02.937 70723 INFO tempest.lib.common.rest_client [req-25e6743f-a1e0-492d-ac34-9753c7fd475b req-25e6743f-a1e0-492d-ac34-9753c7fd475b ] Request (FlavorsAdminTestJSON:test_create_flavor_with_none_id): 200 POST http://10.180.1.21/compute/v2.1/flavors 1.603s
2025-04-29 22:25:03.008 70770 INFO tempest.lib.common.rest_client [req-bb55d8a2-2d3a-46e8-80c1-642819988639 req-bb55d8a2-2d3a-46e8-80c1-642819988639 ] Request (HostsAdminTestJSON:tearDownClass): 204 DELETE http://10.180.1.21/identity/v3/users/0f7dd817df284ac4a6e04facd7880a2b 0.142s
2025-04-29 22:25:03.098 70743 INFO tempest.lib.common.rest_client [req-ef8e60df-4ae9-4024-8987-fcd3225e113d req-ef8e60df-4ae9-4024-8987-fcd3225e113d ] Request (FloatingIPsNegativeTestJSON:setUpClass): 201 POST http://10.180.1.21:9696/networking/v2.0/subnets 0.427s
2025-04-29 22:25:03.206 70770 INFO tempest.lib.common.rest_client [req-2424a437-a712-4af9-94fa-0a9bc3210689 req-2424a437-a712-4af9-94fa-0a9bc3210689 ] Request (HostsAdminTestJSON:tearDownClass): 204 DELETE http://10.180.1.21/identity/v3/users/5cee045076bd44dc91ab58a4cb47f46e 0.198s
2025-04-29 22:25:03.207 70770 INFO tempest.lib.common.dynamic_creds [-] Deleting project and security group for project: 276aad01871e400ab4e3528bf0d7f7f4
2025-04-29 22:25:03.271 70770 INFO tempest.lib.common.rest_client [req-07d54ba9-aa92-4e39-a402-5adbffcd1607 req-07d54ba9-aa92-4e39-a402-5adbffcd1607 ] Request (HostsAdminTestJSON:tearDownClass): 201 POST http://10.180.1.21/identity/v3/auth/tokens 0.064s
2025-04-29 22:25:03.403 70765 INFO tempest.lib.common.rest_client [req-d4dbfac2-b8d9-4597-8e52-17b089a1e8cc req-d4dbfac2-b8d9-4597-8e52-17b089a1e8cc ] Request (MigrationsAdminTest:test_list_migrations_in_flavor_resize_situation): 202 POST http://10.180.1.21/compute/v2.1/servers 1.985s
2025-04-29 22:25:03.588 70749 INFO tempest.lib.common.rest_client [req-96d0361b-a5a2-4caa-bef7-d94d0de8fe45 req-96d0361b-a5a2-4caa-bef7-d94d0de8fe45 ] Request (ImagesMetadataNegativeTestJSON:tearDownClass): 200 GET http://10.180.1.21:9696/networking/v2.0/security-groups?tenant_id=0135921249634da6a8502031da01fe4f&name=default 0.720s
2025-04-29 22:25:03.613 70770 INFO tempest.lib.common.rest_client [req-0dc80c98-a631-43c1-9971-b1c3e7e3c354 req-0dc80c98-a631-43c1-9971-b1c3e7e3c354 ] Request (HostsAdminTestJSON:tearDownClass): 200 GET http://10.180.1.21:9696/networking/v2.0/security-groups?tenant_id=276aad01871e400ab4e3528bf0d7f7f4&name=default 0.341s
2025-04-29 22:25:03.740 70747 INFO tempest.lib.common.rest_client [req-573aae5a-44b6-40e1-8e33-435b531f60a4 req-573aae5a-44b6-40e1-8e33-435b531f60a4 ] Request (FloatingIPDetailsTestJSON:test_list_floating_ips): 200 GET http://10.180.1.21/compute/v2.1/os-floating-ips 1.638s
2025-04-29 22:25:03.833 70770 INFO tempest.lib.common.rest_client [req-8dce2e0d-acb4-40a3-acab-ddda209438d7 req-8dce2e0d-acb4-40a3-acab-ddda209438d7 ] Request (HostsAdminTestJSON:tearDownClass): 204 DELETE http://10.180.1.21:9696/networking/v2.0/security-groups/e0100e02-9403-45ec-a729-6b6b9e2095b0 0.220s
2025-04-29 22:25:03.838 70755 INFO tempest.lib.common.rest_client [req-5e6b56af-d5a2-43fb-a4c3-ea9beb0db7d6 req-5e6b56af-d5a2-43fb-a4c3-ea9beb0db7d6 ] Request (InstanceActionsTestJSON:setUpClass): 200 GET http://10.180.1.21/compute/v2.1/servers/6a0b46c8-e3e4-4caf-a798-01f428476931 1.727s
2025-04-29 22:25:03.847 70755 INFO tempest.common.waiters [-] State transition "BUILD/None" ==> "BUILD/networking" after 8 second wait
2025-04-29 22:25:03.931 70749 INFO tempest.lib.common.rest_client [req-895ca594-2308-412d-acdf-a178e1b6127a req-895ca594-2308-412d-acdf-a178e1b6127a ] Request (ImagesMetadataNegativeTestJSON:tearDownClass): 204 DELETE http://10.180.1.21:9696/networking/v2.0/security-groups/0fa72753-9828-4f97-a652-b44f76059d44 0.342s
2025-04-29 22:25:03.969 70770 INFO tempest.lib.common.rest_client [req-851e5a28-97d6-49b8-867f-e9b28c4a2bc6 req-851e5a28-97d6-49b8-867f-e9b28c4a2bc6 ] Request (HostsAdminTestJSON:tearDownClass): 204 DELETE http://10.180.1.21/identity/v3/projects/276aad01871e400ab4e3528bf0d7f7f4 0.134s
2025-04-29 22:25:03.969 70770 INFO tempest.lib.common.dynamic_creds [-] Deleting project and security group for project: 2b5ddb561ff14721aadf18d75ea46956
2025-04-29 22:25:03.982 70777 INFO tempest.lib.common.rest_client [req-eeec0728-ccc3-4b9c-9db0-35934584d9c1 req-eeec0728-ccc3-4b9c-9db0-35934584d9c1 ] Request (InstanceActionsV221TestJSON:setUpClass): 201 POST http://10.180.1.21:9696/networking/v2.0/routers 1.609s
2025-04-29 22:25:04.093 70749 INFO tempest.lib.common.rest_client [req-8262c1ce-3113-483b-9a26-491e0fae5eb2 req-8262c1ce-3113-483b-9a26-491e0fae5eb2 ] Request (ImagesMetadataNegativeTestJSON:tearDownClass): 204 DELETE http://10.180.1.21/identity/v3/projects/0135921249634da6a8502031da01fe4f 0.162s
2025-04-29 22:25:04.125 70741 INFO tempest.lib.common.rest_client [req-04170820-4e1b-4cdc-9c1a-f617f9e1e1ce req-04170820-4e1b-4cdc-9c1a-f617f9e1e1ce ] Request (FlavorsV2NegativeTest:test_boot_with_low_ram): 200 GET http://10.180.1.21/compute/v2.1/flavors/42 1.692s
2025-04-29 22:25:04.167 70749 INFO tempest.lib.common.rest_client [req-2f42dd60-79e5-45e0-92a0-a1fd3a7d00a2 req-2f42dd60-79e5-45e0-92a0-a1fd3a7d00a2 ] Request (ServersTestFqdnHostnames:setUpClass): 201 POST http://10.180.1.21/identity/v3/auth/tokens 0.073s
2025-04-29 22:25:04.213 70770 INFO tempest.lib.common.rest_client [req-af4a72a2-b435-4bdc-a2f9-d83d2fed6c82 req-af4a72a2-b435-4bdc-a2f9-d83d2fed6c82 ] Request (HostsAdminTestJSON:tearDownClass): 200 GET http://10.180.1.21:9696/networking/v2.0/security-groups?tenant_id=2b5ddb561ff14721aadf18d75ea46956&name=default 0.244s
2025-04-29 22:25:04.312 70749 INFO tempest.lib.common.rest_client [req-8467351c-7c37-40d5-8002-6788e4e505e4 req-8467351c-7c37-40d5-8002-6788e4e505e4 ] Request (ServersTestFqdnHostnames:setUpClass): 201 POST http://10.180.1.21/identity/v3/auth/tokens 0.142s
2025-04-29 22:25:04.316 70773 INFO tempest.lib.common.rest_client [req-ccb2aa94-6755-4d0f-ae15-a796320065bf req-ccb2aa94-6755-4d0f-ae15-a796320065bf ] Request (QuotasAdminTestV236:test_get_updated_quotas): 200 GET http://10.180.1.21/compute/v2.1/os-quota-sets/0b8d1076589448c690344f76dc281cce/detail 1.840s
2025-04-29 22:25:04.349 70749 INFO tempest.lib.common.rest_client [req-4f8f45e0-ca39-4286-888d-ebcfa98a2dcc req-4f8f45e0-ca39-4286-888d-ebcfa98a2dcc ] Request (ServersTestFqdnHostnames:setUpClass): 200 GET http://10.180.1.21/identity/v3/domains?name=Default 0.036s
2025-04-29 22:25:04.377 70773 INFO tempest.lib.common.rest_client [req-1e059e8d-4d4c-42fd-8e6a-864430310df3 req-1e059e8d-4d4c-42fd-8e6a-864430310df3 ] Request (QuotasAdminTestV236:test_get_updated_quotas): 200 GET http://10.180.1.21/identity/v3/domains?name=Default 0.054s
2025-04-29 22:25:04.407 70749 INFO tempest.lib.common.rest_client [req-d262fbb9-225e-48db-8d59-c7082261171e req-d262fbb9-225e-48db-8d59-c7082261171e ] Request (ServersTestFqdnHostnames:setUpClass): 201 POST http://10.180.1.21/identity/v3/projects 0.058s
2025-04-29 22:25:04.419 70773 INFO tempest.lib.common.rest_client [req-59819948-4152-46b0-a9e6-f6ed06d0fdf5 req-59819948-4152-46b0-a9e6-f6ed06d0fdf5 ] Request (QuotasAdminTestV236:test_get_updated_quotas): 201 POST http://10.180.1.21/identity/v3/users 0.041s
2025-04-29 22:25:04.477 70749 INFO tempest.lib.common.rest_client [req-755dfeac-a7e5-41f4-8e80-d2bec07467ca req-755dfeac-a7e5-41f4-8e80-d2bec07467ca ] Request (ServersTestFqdnHostnames:setUpClass): 201 POST http://10.180.1.21/identity/v3/users 0.069s
2025-04-29 22:25:04.500 70749 INFO tempest.lib.common.rest_client [req-c1011e8c-3165-483e-be49-20796d4cd6aa req-c1011e8c-3165-483e-be49-20796d4cd6aa ] Request (ServersTestFqdnHostnames:setUpClass): 200 GET http://10.180.1.21/identity/v3/roles 0.022s
2025-04-29 22:25:04.517 70770 INFO tempest.lib.common.rest_client [req-66938b26-0154-4880-b3fa-8f4aa36df9b3 req-66938b26-0154-4880-b3fa-8f4aa36df9b3 ] Request (HostsAdminTestJSON:tearDownClass): 204 DELETE http://10.180.1.21:9696/networking/v2.0/security-groups/edfaf5bd-ba21-47b7-a755-95801d852c69 0.303s
2025-04-29 22:25:04.527 70771 INFO tempest.lib.common.rest_client [req-dcbbaf2a-d7c3-4576-92f2-884a06ff471f req-dcbbaf2a-d7c3-4576-92f2-884a06ff471f ] Request (ServersAdminNegativeTestJSON:setUpClass): 200 GET http://10.180.1.21/compute/v2.1/servers/627b3514-19e9-4709-84ed-7c6592304398 2.003s
2025-04-29 22:25:04.539 70773 INFO tempest.lib.common.rest_client [req-81e5685f-e060-406f-b004-8379518f14a7 req-81e5685f-e060-406f-b004-8379518f14a7 ] Request (QuotasAdminTestV236:test_get_updated_quotas): 200 GET http://10.180.1.21/identity/v3/domains?name=Default 0.119s
2025-04-29 22:25:04.576 70749 INFO tempest.lib.common.rest_client [req-33b3d137-3942-4291-b8d1-705191012427 req-33b3d137-3942-4291-b8d1-705191012427 ] Request (ServersTestFqdnHostnames:setUpClass): 204 PUT http://10.180.1.21/identity/v3/projects/c0fd6c211adb49948b3be9ead1280e7c/users/3d201d499a2346029779fe4240e78829/roles/e642774ac4a44b2c92c11efcfe8d4fdc 0.076s
2025-04-29 22:25:04.577 70749 INFO tempest.lib.common.dynamic_creds [-] Dynamic test user 3d201d499a2346029779fe4240e78829 is created with scope project and roles: ['member']
2025-04-29 22:25:04.577 70749 INFO tempest.lib.common.dynamic_creds [-] Acquired dynamic creds: credentials: Credentials: {'domain_id': 'default', 'domain_name': 'Default', 'username': 'tempest-ServersTestFqdnHostnames-1925581123-project-member', 'project_domain_id': 'default', 'project_domain_name': 'Default', 'project_id': 'c0fd6c211adb49948b3be9ead1280e7c', 'project_name': 'tempest-ServersTestFqdnHostnames-1925581123', 'tenant_id': 'c0fd6c211adb49948b3be9ead1280e7c', 'tenant_name': 'tempest-ServersTestFqdnHostnames-1925581123', 'user_domain_id': 'default', 'user_domain_name': 'Default', 'user_id': '3d201d499a2346029779fe4240e78829', 'system': None}, Network: None, Subnet: None, Router: None
2025-04-29 22:25:04.587 70751 INFO tempest.lib.common.rest_client [req-0c86698e-84f6-45bc-8dcc-0f5d621c1c89 req-0c86698e-84f6-45bc-8dcc-0f5d621c1c89 ] Request (FloatingIPsAssociationTestJSON:setUpClass): 202 POST http://10.180.1.21/compute/v2.1/servers 2.941s
2025-04-29 22:25:04.620 70737 INFO tempest.lib.common.rest_client [req-246f1a77-6e50-42be-9645-3d501f8ad4f3 req-246f1a77-6e50-42be-9645-3d501f8ad4f3 ] Request (ServersAaction247Test:tearDownClass): 200 GET http://10.180.1.21/compute/v2.1/servers/444fb993-64c1-45aa-9c38-e03a60d70bbf 1.968s
2025-04-29 22:25:04.640 70749 INFO tempest.lib.common.rest_client [req-14f683f5-2a64-488a-90c6-05c858ca90b5 req-14f683f5-2a64-488a-90c6-05c858ca90b5 ] Request (ServersTestFqdnHostnames:setUpClass): 201 POST http://10.180.1.21/identity/v3/auth/tokens 0.061s
2025-04-29 22:25:04.646 70741 INFO tempest.lib.common.rest_client [req-fb349635-fc2a-4789-a78a-33854a80a71e req-fb349635-fc2a-4789-a78a-33854a80a71e ] Request (FlavorsV2NegativeTest:test_boot_with_low_ram): 201 POST http://10.180.1.21/image/v2/images 0.517s
2025-04-29 22:25:04.701 70731 INFO tempest.lib.common.rest_client [req-de276adc-5119-4c75-8067-97da3fa91181 req-de276adc-5119-4c75-8067-97da3fa91181 ] Request (ValidationResourcesFixture:setUp): 200 POST http://10.180.1.21/compute/v2.1/os-keypairs 1.995s
2025-04-29 22:25:04.719 70770 INFO tempest.lib.common.rest_client [req-f91aa23c-4443-4a63-b6b6-935dc89c0272 req-f91aa23c-4443-4a63-b6b6-935dc89c0272 ] Request (HostsAdminTestJSON:tearDownClass): 204 DELETE http://10.180.1.21/identity/v3/projects/2b5ddb561ff14721aadf18d75ea46956 0.201s
2025-04-29 22:25:04.723 70767 INFO tempest.lib.common.rest_client [req-2d70b621-95c5-4ca6-ba33-b68a1a4fe11a req-2d70b621-95c5-4ca6-ba33-b68a1a4fe11a ] Request (FlavorsExtraSpecsNegativeTestJSON:tearDownClass): 202 DELETE http://10.180.1.21/compute/v2.1/flavors/1651384999 2.012s
2025-04-29 22:25:04.825 70729 INFO tempest.lib.common.rest_client [req-9b4d5c7e-1c31-4994-839a-8a4a61cb3576 req-9b4d5c7e-1c31-4994-839a-8a4a61cb3576 ] Request (ServerDiagnosticsTest:test_get_server_diagnostics): 200 GET http://10.180.1.21/compute/v2.1/servers/fda7cf41-c67e-4583-9344-5dd1eeee6cc2 2.109s
2025-04-29 22:25:04.834 70721 INFO tempest.lib.common.rest_client [req-dcf82eb2-2377-4247-8aa3-e0dbb2afae18 req-dcf82eb2-2377-4247-8aa3-e0dbb2afae18 ] Request (HostsAdminNegativeTestJSON:test_update_host_with_invalid_maintenance_mode): 400 PUT http://10.180.1.21/compute/v2.1/os-hosts/devstack 2.095s
2025-04-29 22:25:04.863 70779 INFO tempest.lib.common.rest_client [req-da11e66e-1912-47e6-8268-26608c4e875a req-da11e66e-1912-47e6-8268-26608c4e875a ] Request (FlavorsExtraSpecsTestJSON:test_flavor_set_get_update_show_unset_keys): 200 DELETE http://10.180.1.21/compute/v2.1/flavors/885382624/os-extra_specs/hw:cpu_policy 2.100s
2025-04-29 22:25:04.877 70770 INFO tempest.lib.common.rest_client [req-f7e01918-a55d-4183-9069-e0a83a66e9d7 req-f7e01918-a55d-4183-9069-e0a83a66e9d7 ] Request (AbsoluteLimitsNegativeTestJSON:setUpClass): 201 POST http://10.180.1.21/identity/v3/auth/tokens 0.155s
2025-04-29 22:25:04.916 70770 INFO tempest.lib.common.rest_client [req-43b2aa9e-7879-4c6e-bf10-547c1f7e7c39 req-43b2aa9e-7879-4c6e-bf10-547c1f7e7c39 ] Request (AbsoluteLimitsNegativeTestJSON:setUpClass): 201 POST http://10.180.1.21/identity/v3/auth/tokens 0.034s
2025-04-29 22:25:04.951 70770 INFO tempest.lib.common.rest_client [req-fa114c89-c078-4d3d-a570-67852c50ca9d req-fa114c89-c078-4d3d-a570-67852c50ca9d ] Request (AbsoluteLimitsNegativeTestJSON:setUpClass): 200 GET http://10.180.1.21/identity/v3/domains?name=Default 0.034s
2025-04-29 22:25:04.963 70727 INFO tempest.lib.common.rest_client [req-0b13c724-3075-48fc-9760-4405ed2d1da5 req-0b13c724-3075-48fc-9760-4405ed2d1da5 ] Request (DeleteServersAdminTestJSON:test_admin_delete_servers_of_others): 200 GET http://10.180.1.21/compute/v2.1/servers/a528a175-424a-4140-825b-0eebd013c5fb 2.280s
2025-04-29 22:25:04.995 70770 INFO tempest.lib.common.rest_client [req-afae59f6-72c8-4086-8369-f8cf44ec72fe req-afae59f6-72c8-4086-8369-f8cf44ec72fe ] Request (AbsoluteLimitsNegativeTestJSON:setUpClass): 201 POST http://10.180.1.21/identity/v3/projects 0.044s
2025-04-29 22:25:05.041 70739 INFO tempest.lib.common.rest_client [req-8025f11f-caad-4016-9adc-28eccce65767 req-8025f11f-caad-4016-9adc-28eccce65767 ] Request (ServersAdmin275Test:test_rebuild_update_server_275): 200 GET http://10.180.1.21/compute/v2.1/servers/fa1bff3d-d23d-4d72-ba3f-badb7f6b7a9b 2.265s
2025-04-29 22:25:05.063 70739 INFO tempest.common.waiters [-] State transition "BUILD/block_device_mapping" ==> "BUILD/spawning" after 11 second wait
2025-04-29 22:25:05.077 70731 INFO tempest.lib.common.rest_client [req-a7c77562-6fc4-4081-84df-df0e4924dfd2 req-a7c77562-6fc4-4081-84df-df0e4924dfd2 ] Request (ValidationResourcesFixture:setUp): 201 POST http://10.180.1.21:9696/networking/v2.0/security-groups 0.374s
2025-04-29 22:25:05.089 70745 INFO tempest.lib.common.rest_client [req-3beccfb9-d6ce-43b6-bc83-083c747950fd req-3beccfb9-d6ce-43b6-bc83-083c747950fd ] Request (FlavorsAccessNegativeTestJSON:_run_cleanups): 200 GET http://10.180.1.21/compute/v2.1/flavors/detail 2.290s
2025-04-29 22:25:05.123 70770 INFO tempest.lib.common.rest_client [req-34a8dbb7-1c47-46c9-99d0-461a868c6164 req-34a8dbb7-1c47-46c9-99d0-461a868c6164 ] Request (AbsoluteLimitsNegativeTestJSON:setUpClass): 201 POST http://10.180.1.21/identity/v3/users 0.127s
2025-04-29 22:25:05.138 70759 INFO tempest.lib.common.rest_client [req-b1416de6-9626-4088-b24d-17509a51387b req-b1416de6-9626-4088-b24d-17509a51387b ] Request (KeyPairsNegativeTestJSON:test_create_keypair_with_empty_public_key): 400 POST http://10.180.1.21/compute/v2.1/os-keypairs 2.338s
2025-04-29 22:25:05.147 70733 INFO tempest.lib.common.rest_client [req-3137e15b-7ecd-4239-8225-3b0ec3f2d97a req-3137e15b-7ecd-4239-8225-3b0ec3f2d97a ] Request (TenantUsagesNegativeTestJSON:test_list_usage_all_tenants_with_non_admin_user): 403 GET http://10.180.1.21/compute/v2.1/os-simple-tenant-usage?start=2025-04-28T22%3A24%3A58.933177&end=2025-04-30T22%3A24%3A58.933177&detailed=1 2.370s
2025-04-29 22:25:05.152 70770 INFO tempest.lib.common.rest_client [req-656ff046-c55b-49d3-8fda-d9f78e24e903 req-656ff046-c55b-49d3-8fda-d9f78e24e903 ] Request (AbsoluteLimitsNegativeTestJSON:setUpClass): 200 GET http://10.180.1.21/identity/v3/roles 0.028s
2025-04-29 22:25:05.185 70763 INFO tempest.lib.common.rest_client [req-666e926e-2c1e-4e3e-87cb-66c6a5c178c9 req-666e926e-2c1e-4e3e-87cb-66c6a5c178c9 ] Request (AggregatesAdminNegativeTestJSON:test_aggregate_add_non_exist_host): 404 POST http://10.180.1.21/compute/v2.1/os-aggregates/3/action 2.287s
2025-04-29 22:25:05.223 70757 INFO tempest.lib.common.rest_client [req-4d0c5dec-ac92-4f63-ae58-ca4bcdc4d1a9 req-4d0c5dec-ac92-4f63-ae58-ca4bcdc4d1a9 ] Request (FlavorsAccessTestJSON:_run_cleanups): 200 GET http://10.180.1.21/compute/v2.1/flavors/detail 2.304s
2025-04-29 22:25:05.228 70733 INFO tempest.lib.common.rest_client [req-c92841df-ce5c-4863-a523-87f5cd9cdfd2 req-c92841df-ce5c-4863-a523-87f5cd9cdfd2 ] Request (TenantUsagesNegativeTestJSON:tearDownClass): 204 DELETE http://10.180.1.21/identity/v3/users/601eef26ba434a7ea46cca5dd6a0bde9 0.080s
2025-04-29 22:25:05.257 70743 INFO tempest.lib.common.rest_client [req-6320c6d4-813f-468d-912c-4bbd350ddc6b req-6320c6d4-813f-468d-912c-4bbd350ddc6b ] Request (FloatingIPsNegativeTestJSON:setUpClass): 201 POST http://10.180.1.21:9696/networking/v2.0/routers 2.158s
2025-04-29 22:25:05.366 70731 INFO tempest.lib.common.rest_client [req-a1e2b793-79a4-48b4-801b-867c6a68be31 req-a1e2b793-79a4-48b4-801b-867c6a68be31 ] Request (ValidationResourcesFixture:setUp): 201 POST http://10.180.1.21:9696/networking/v2.0/security-group-rules 0.288s
2025-04-29 22:25:05.383 70770 INFO tempest.lib.common.rest_client [req-621d8e14-e919-4eae-b024-ea9427f16bdd req-621d8e14-e919-4eae-b024-ea9427f16bdd ] Request (AbsoluteLimitsNegativeTestJSON:setUpClass): 204 PUT http://10.180.1.21/identity/v3/projects/f59d13b253084a06857d48713f4b63a5/users/cf5604260c494976ac62952f62a008c2/roles/e642774ac4a44b2c92c11efcfe8d4fdc 0.230s
2025-04-29 22:25:05.383 70770 INFO tempest.lib.common.dynamic_creds [-] Dynamic test user cf5604260c494976ac62952f62a008c2 is created with scope project and roles: ['member']
2025-04-29 22:25:05.383 70770 INFO tempest.lib.common.dynamic_creds [-] Acquired dynamic creds: credentials: Credentials: {'domain_id': 'default', 'domain_name': 'Default', 'username': 'tempest-AbsoluteLimitsNegativeTestJSON-1226673268-project-member', 'project_domain_id': 'default', 'project_domain_name': 'Default', 'project_id': 'f59d13b253084a06857d48713f4b63a5', 'project_name': 'tempest-AbsoluteLimitsNegativeTestJSON-1226673268', 'tenant_id': 'f59d13b253084a06857d48713f4b63a5', 'tenant_name': 'tempest-AbsoluteLimitsNegativeTestJSON-1226673268', 'user_domain_id': 'default', 'user_domain_name': 'Default', 'user_id': 'cf5604260c494976ac62952f62a008c2', 'system': None}, Network: None, Subnet: None, Router: None
2025-04-29 22:25:05.384 70770 INFO tempest.lib.common.dynamic_creds [-] Created isolated network resources for: credentials: Credentials: {'domain_id': 'default', 'domain_name': 'Default', 'username': 'tempest-AbsoluteLimitsNegativeTestJSON-1226673268-project-member', 'project_domain_id': 'default', 'project_domain_name': 'Default', 'project_id': 'f59d13b253084a06857d48713f4b63a5', 'project_name': 'tempest-AbsoluteLimitsNegativeTestJSON-1226673268', 'tenant_id': 'f59d13b253084a06857d48713f4b63a5', 'tenant_name': 'tempest-AbsoluteLimitsNegativeTestJSON-1226673268', 'user_domain_id': 'default', 'user_domain_name': 'Default', 'user_id': 'cf5604260c494976ac62952f62a008c2', 'system': None}, Network: None, Subnet: None, Router: None
2025-04-29 22:25:05.410 70733 INFO tempest.lib.common.rest_client [req-fc9045b5-24ed-40c3-a1e1-362884f2b03b req-fc9045b5-24ed-40c3-a1e1-362884f2b03b ] Request (TenantUsagesNegativeTestJSON:tearDownClass): 204 DELETE http://10.180.1.21/identity/v3/users/6bec51f751754351a7c079f44b1d8156 0.176s
2025-04-29 22:25:05.411 70733 INFO tempest.lib.common.dynamic_creds [-] Deleting project and security group for project: 6d88367393af4b8b8aa47c789265c9ed
2025-04-29 22:25:05.458 70749 INFO tempest.lib.common.rest_client [req-a60ee3c0-ac13-4564-ad55-6d7345b3ccd9 req-a60ee3c0-ac13-4564-ad55-6d7345b3ccd9 ] Request (ServersTestFqdnHostnames:setUpClass): 201 POST http://10.180.1.21:9696/networking/v2.0/networks 0.817s
2025-04-29 22:25:05.515 70757 INFO tempest.lib.common.rest_client [req-13da20bb-7226-4bdf-a70e-c92beb05062c req-13da20bb-7226-4bdf-a70e-c92beb05062c ] Request (FlavorsAccessTestJSON:tearDownClass): 204 DELETE http://10.180.1.21/identity/v3/users/28ba5eab41b045c781c2a5b26c7ebb00 0.278s
2025-04-29 22:25:05.590 70761 INFO tempest.lib.common.rest_client [req-2fa6f926-53da-4925-ad4b-4adb460ac562 req-2fa6f926-53da-4925-ad4b-4adb460ac562 ] Request (QuotasAdminNegativeTest:test_create_server_when_memory_quota_is_full): 200 PUT http://10.180.1.21/compute/v2.1/os-quota-sets/6ed15f2f7e424436914d99cae24e0a45 2.666s
2025-04-29 22:25:05.617 70770 INFO tempest.lib.common.rest_client [req-a3fb59bf-dd16-47b2-8580-3c4efae081a5 req-a3fb59bf-dd16-47b2-8580-3c4efae081a5 ] Request (AbsoluteLimitsNegativeTestJSON:setUpClass): 201 POST http://10.180.1.21/identity/v3/auth/tokens 0.227s
2025-04-29 22:25:05.670 70733 INFO tempest.lib.common.rest_client [req-208da38a-4a68-46f0-bd73-47491920643d req-208da38a-4a68-46f0-bd73-47491920643d ] Request (TenantUsagesNegativeTestJSON:tearDownClass): 201 POST http://10.180.1.21/identity/v3/auth/tokens 0.259s
2025-04-29 22:25:05.739 70761 INFO tempest.lib.common.rest_client [req-573af231-08fe-4a11-952f-36c76fc77f7b req-573af231-08fe-4a11-952f-36c76fc77f7b ] Request (QuotasAdminNegativeTest:test_create_server_when_memory_quota_is_full): 201 POST http://10.180.1.21/identity/v3/auth/tokens 0.141s
2025-04-29 22:25:05.739 70761 INFO tempest.lib.common.fixed_network [-] (QuotasAdminNegativeTest:test_create_server_when_memory_quota_is_full) Found network None available for tenant
2025-04-29 22:25:05.746 70757 INFO tempest.lib.common.rest_client [req-b33bbb07-fcd9-49ba-909d-c15eb785a52d req-b33bbb07-fcd9-49ba-909d-c15eb785a52d ] Request (FlavorsAccessTestJSON:tearDownClass): 204 DELETE http://10.180.1.21/identity/v3/users/d02ddde56ab94a80b99fd177adcf296e 0.230s
2025-04-29 22:25:05.746 70757 INFO tempest.lib.common.dynamic_creds [-] Deleting project and security group for project: 8815a2e37b824f8fb1d0d3525d1bb1f2
2025-04-29 22:25:05.827 70731 INFO tempest.lib.common.rest_client [req-3185eac6-b4cf-4c1a-8081-5fbd9cebb771 req-3185eac6-b4cf-4c1a-8081-5fbd9cebb771 ] Request (ValidationResourcesFixture:setUp): 201 POST http://10.180.1.21:9696/networking/v2.0/security-group-rules 0.460s
2025-04-29 22:25:05.873 70757 INFO tempest.lib.common.rest_client [req-0203ff92-ad8c-4f72-8d6a-964df6cd33ae req-0203ff92-ad8c-4f72-8d6a-964df6cd33ae ] Request (FlavorsAccessTestJSON:tearDownClass): 201 POST http://10.180.1.21/identity/v3/auth/tokens 0.126s
2025-04-29 22:25:05.907 70719 INFO tempest.lib.common.rest_client [req-9fa0b0af-02d3-4866-a0e9-c4cc130c0e18 req-9fa0b0af-02d3-4866-a0e9-c4cc130c0e18 ] Request (ServerDiskConfigTestJSON:test_rebuild_server_with_auto_disk_config): 200 GET http://10.180.1.21/compute/v2.1/servers/ce836b7f-fb93-4621-b0b5-6f590a6df215 2.969s
2025-04-29 22:25:05.934 70723 INFO tempest.lib.common.rest_client [req-15682167-fccd-4934-898c-adbaf17599c9 req-15682167-fccd-4934-898c-adbaf17599c9 ] Request (FlavorsAdminTestJSON:_run_cleanups): 202 DELETE http://10.180.1.21/compute/v2.1/flavors/672512b4-67a2-44b2-834b-e1b4640e833a 2.995s
2025-04-29 22:25:06.030 70749 INFO tempest.lib.common.rest_client [req-b7d92c60-a4d6-41b3-a697-4c777a86a322 req-b7d92c60-a4d6-41b3-a697-4c777a86a322 ] Request (ServersTestFqdnHostnames:setUpClass): 201 POST http://10.180.1.21:9696/networking/v2.0/subnets 0.572s
2025-04-29 22:25:06.137 70741 INFO tempest.lib.common.rest_client [req-d7c86bbb-bcda-41d2-954e-d3b00d1c7561 req-d7c86bbb-bcda-41d2-954e-d3b00d1c7561 ] Request (FlavorsV2NegativeTest:test_boot_with_low_ram): 204 PUT http://10.180.1.21/image/v2/images/cd5418e6-6e4a-464e-9c7b-88e02945b826/file 1.488s
2025-04-29 22:25:06.232 70741 INFO tempest.lib.common.rest_client [req-9760833a-504f-477f-aedd-5064ca3aa757 req-9760833a-504f-477f-aedd-5064ca3aa757 ] Request (FlavorsV2NegativeTest:test_boot_with_low_ram): 201 POST http://10.180.1.21/identity/v3/auth/tokens 0.092s
2025-04-29 22:25:06.233 70741 INFO tempest.lib.common.fixed_network [-] (FlavorsV2NegativeTest:test_boot_with_low_ram) Found network None available for tenant
2025-04-29 22:25:06.257 70733 INFO tempest.lib.common.rest_client [req-3a4e1af8-5fb2-48f4-9b38-1ec47d3820b1 req-3a4e1af8-5fb2-48f4-9b38-1ec47d3820b1 ] Request (TenantUsagesNegativeTestJSON:tearDownClass): 200 GET http://10.180.1.21:9696/networking/v2.0/security-groups?tenant_id=6d88367393af4b8b8aa47c789265c9ed&name=default 0.587s
2025-04-29 22:25:06.319 70777 INFO tempest.lib.common.rest_client [req-b3a501d8-885a-4834-b089-abbe2be8a0f6 req-b3a501d8-885a-4834-b089-abbe2be8a0f6 ] Request (InstanceActionsV221TestJSON:setUpClass): 200 PUT http://10.180.1.21:9696/networking/v2.0/routers/1c48f797-2569-4eda-9d9d-6a92cf4b1bb9/add_router_interface 2.336s
2025-04-29 22:25:06.319 70777 INFO tempest.lib.common.dynamic_creds [-] Created isolated network resources for: credentials: Credentials: {'domain_id': 'default', 'domain_name': 'Default', 'username': 'tempest-InstanceActionsV221TestJSON-1001043171-project-member', 'project_domain_id': 'default', 'project_domain_name': 'Default', 'project_id': '19913abc64f84304adb1dc5bf7d09494', 'project_name': 'tempest-InstanceActionsV221TestJSON-1001043171', 'tenant_id': '19913abc64f84304adb1dc5bf7d09494', 'tenant_name': 'tempest-InstanceActionsV221TestJSON-1001043171', 'user_domain_id': 'default', 'user_domain_name': 'Default', 'user_id': '5c6699449fd24be68177174c681f170b', 'system': None}, Network: {'id': '17d27696-8192-4474-9cfa-ffe183e9d1be', 'name': 'tempest-InstanceActionsV221TestJSON-331830867-network', 'tenant_id': '19913abc64f84304adb1dc5bf7d09494', 'admin_state_up': True, 'mtu': 8950, 'status': 'ACTIVE', 'subnets': [], 'shared': False, 'project_id': '19913abc64f84304adb1dc5bf7d09494', 'port_security_enabled': True, 'router:external': False, 'provider:network_type': 'vlan', 'provider:physical_network': 'default', 'provider:segmentation_id': 680, 'availability_zone_hints': [], 'availability_zones': [], 'ipv4_address_scope': None, 'ipv6_address_scope': None, 'description': '', 'tags': [], 'created_at': '2025-04-29T22:25:02Z', 'updated_at': '2025-04-29T22:25:02Z', 'revision_number': 1}, Subnet: {'id': '1e0c9578-8f0a-4525-9c26-85231fe9883a', 'name': 'tempest-InstanceActionsV221TestJSON-331830867-subnet', 'tenant_id': '19913abc64f84304adb1dc5bf7d09494', 'network_id': '17d27696-8192-4474-9cfa-ffe183e9d1be', 'ip_version': 4, 'subnetpool_id': None, 'enable_dhcp': True, 'ipv6_ra_mode': None, 'ipv6_address_mode': None, 'gateway_ip': '192.168.128.1', 'cidr': '192.168.128.0/28', 'allocation_pools': [{'start': '192.168.128.2', 'end': '192.168.128.14'}], 'host_routes': [], 'dns_nameservers': [], 'description': '', 'router:external': False, 'service_types': [], 'tags': [], 'created_at': '2025-04-29T22:25:02Z', 'updated_at': '2025-04-29T22:25:02Z', 'revision_number': 0, 'project_id': '19913abc64f84304adb1dc5bf7d09494'}, Router: {'id': '1c48f797-2569-4eda-9d9d-6a92cf4b1bb9', 'name': 'tempest-InstanceActionsV221TestJSON-331830867-router', 'tenant_id': '19913abc64f84304adb1dc5bf7d09494', 'admin_state_up': True, 'status': 'ACTIVE', 'external_gateway_info': {'network_id': '376b28e9-9f4e-46c3-b7f9-a0730e101275', 'external_fixed_ips': [{'subnet_id': '8016d017-e5c9-4575-9dda-136e6d399308', 'ip_address': '10.180.180.244'}], 'enable_snat': True}, 'description': '', 'availability_zones': [], 'distributed': False, 'ha': False, 'availability_zone_hints': [], 'routes': [], 'flavor_id': None, 'tags': [], 'created_at': '2025-04-29T22:25:02Z', 'updated_at': '2025-04-29T22:25:02Z', 'revision_number': 2, 'project_id': '19913abc64f84304adb1dc5bf7d09494'}
2025-04-29 22:25:06.424 70777 INFO tempest.lib.common.rest_client [req-f7f5b9fe-4e8b-4708-b4d0-b593f787697c req-f7f5b9fe-4e8b-4708-b4d0-b593f787697c ] Request (InstanceActionsV221TestJSON:setUpClass): 201 POST http://10.180.1.21/identity/v3/auth/tokens 0.101s
2025-04-29 22:25:06.429 70753 INFO tempest.lib.common.rest_client [req-d8b65013-4508-417c-8fe9-7383e3b10e40 req-d8b65013-4508-417c-8fe9-7383e3b10e40 ] Request (VolumesAssistedSnapshotsTest:test_volume_assisted_snapshot_create_delete): 202 POST http://10.180.1.21/compute/v2.1/servers 3.497s
2025-04-29 22:25:06.458 70781 INFO tempest.lib.common.rest_client [req-b0c3ecb9-168a-411c-a321-6b69bce8cdde req-b0c3ecb9-168a-411c-a321-6b69bce8cdde ] Request (FloatingIPsAssociationNegativeTestJSON:setUpClass): 200 GET http://10.180.1.21/compute/v2.1/servers/cb8ce671-a20a-4590-afc5-f3c067ccf774 3.251s
2025-04-29 22:25:06.487 70777 INFO tempest.lib.common.rest_client [req-2818e98a-f1a5-493a-b51a-72e6fab6c26f req-2818e98a-f1a5-493a-b51a-72e6fab6c26f ] Request (InstanceActionsV221TestJSON:test_get_list_deleted_instance_actions): 201 POST http://10.180.1.21/identity/v3/auth/tokens 0.055s
