2025-04-29 22:24:58.554 70737 INFO tempest.common.waiters [-] State transition "BUILD/spawning" ==> "ACTIVE/None" after 14 second wait
2025-04-29 22:24:58.557 70765 INFO tempest.lib.common.rest_client [req-50d54894-9676-4c77-98e2-c58773116028 req-50d54894-9676-4c77-98e2-c58773116028 ] Request (MigrationsAdminTest:setUpClass): 201 POST http://10.180.1.21/identity/v3/auth/tokens 0.171s
2025-04-29 22:24:58.573 70727 INFO tempest.lib.common.rest_client [req-1ef9b1e8-cd6c-4052-9baa-c95efb888446 req-1ef9b1e8-cd6c-4052-9baa-c95efb888446 ] Request (DeleteServersAdminTestJSON:test_admin_delete_servers_of_others): 200 GET http://10.180.1.21/compute/v2.1/servers/a528a175-424a-4140-825b-0eebd013c5fb 1.064s
2025-04-29 22:24:58.593 70735 INFO tempest.lib.common.rest_client [req-b90e48db-f4d4-4ab0-a69a-1711f40b14f1 req-b90e48db-f4d4-4ab0-a69a-1711f40b14f1 ] Request (FlavorsV261TestJSON:tearDownClass): 204 DELETE http://10.180.1.21/identity/v3/projects/96e89fa8e7654b99a27ae98bdd574e3f 0.195s
2025-04-29 22:24:58.593 70733 INFO tempest.lib.common.rest_client [req-56fbecda-610d-4e9b-8c7b-57bdd0579700 req-56fbecda-610d-4e9b-8c7b-57bdd0579700 ] Request (TenantUsagesNegativeTestJSON:setUpClass): 204 PUT http://10.180.1.21/identity/v3/projects/e3b551fb721e409199a34d84295a34ce/users/6bec51f751754351a7c079f44b1d8156/roles/5656a856f9ce4192b0233df9045d4a3d 0.161s
2025-04-29 22:24:58.594 70735 INFO tempest.lib.common.dynamic_creds [-] Deleting project and security group for project: b3f80a5fbe8f4476a10aa9d5ead5ad43
2025-04-29 22:24:58.612 70739 INFO tempest.lib.common.rest_client [req-b2973e15-76ec-4883-a04c-f88c83c4e0c2 req-b2973e15-76ec-4883-a04c-f88c83c4e0c2 ] Request (ServersAdmin275Test:test_rebuild_update_server_275): 200 GET http://10.180.1.21/compute/v2.1/servers/fa1bff3d-d23d-4d72-ba3f-badb7f6b7a9b 0.999s
2025-04-29 22:24:58.670 70765 INFO tempest.lib.common.rest_client [req-d0c6382e-408e-4a21-a566-fde91713abbb req-d0c6382e-408e-4a21-a566-fde91713abbb ] Request (MigrationsAdminTest:setUpClass): 201 POST http://10.180.1.21/identity/v3/projects 0.112s
2025-04-29 22:24:58.671 70729 INFO tempest.lib.common.rest_client [req-4685cdcc-06f9-4466-9d8f-bc39030af159 req-4685cdcc-06f9-4466-9d8f-bc39030af159 ] Request (ServerDiagnosticsTest:setUpClass): 201 POST http://10.180.1.21/identity/v3/auth/tokens 0.209s
2025-04-29 22:24:58.732 70733 INFO tempest.lib.common.rest_client [req-8f5b3df5-78c2-49d7-aad2-a5aea1da6d44 req-8f5b3df5-78c2-49d7-aad2-a5aea1da6d44 ] Request (TenantUsagesNegativeTestJSON:setUpClass): 200 GET http://10.180.1.21/identity/v3/roles 0.138s
2025-04-29 22:24:58.744 70765 INFO tempest.lib.common.rest_client [req-e3572d11-5079-440b-8a03-adfe20b7e776 req-e3572d11-5079-440b-8a03-adfe20b7e776 ] Request (MigrationsAdminTest:setUpClass): 201 POST http://10.180.1.21/identity/v3/users 0.073s
2025-04-29 22:24:58.759 70729 INFO tempest.lib.common.rest_client [req-8aa66efa-070a-416a-b2d9-b1f8b31edb74 req-8aa66efa-070a-416a-b2d9-b1f8b31edb74 ] Request (ServerDiagnosticsTest:setUpClass): 201 POST http://10.180.1.21/identity/v3/auth/tokens 0.082s
2025-04-29 22:24:58.766 70733 INFO tempest.lib.common.rest_client [req-d3c8d785-a064-4f8a-b019-8120ea3b691e req-d3c8d785-a064-4f8a-b019-8120ea3b691e ] Request (TenantUsagesNegativeTestJSON:setUpClass): 204 PUT http://10.180.1.21/identity/v3/projects/e3b551fb721e409199a34d84295a34ce/users/6bec51f751754351a7c079f44b1d8156/roles/5656a856f9ce4192b0233df9045d4a3d 0.033s
2025-04-29 22:24:58.766 70733 INFO tempest.lib.common.dynamic_creds [-] Dynamic test user 6bec51f751754351a7c079f44b1d8156 is created with scope project and roles: ['admin']
2025-04-29 22:24:58.766 70733 INFO tempest.lib.common.dynamic_creds [-] Acquired dynamic creds: credentials: Credentials: {'domain_id': 'default', 'domain_name': 'Default', 'username': 'tempest-TenantUsagesNegativeTestJSON-1130592291-project-admin', 'project_domain_id': 'default', 'project_domain_name': 'Default', 'project_id': 'e3b551fb721e409199a34d84295a34ce', 'project_name': 'tempest-TenantUsagesNegativeTestJSON-1130592291', 'tenant_id': 'e3b551fb721e409199a34d84295a34ce', 'tenant_name': 'tempest-TenantUsagesNegativeTestJSON-1130592291', 'user_domain_id': 'default', 'user_domain_name': 'Default', 'user_id': '6bec51f751754351a7c079f44b1d8156', 'system': None}, Network: None, Subnet: None, Router: None
2025-04-29 22:24:58.767 70733 INFO tempest.lib.common.dynamic_creds [-] Created isolated network resources for: credentials: Credentials: {'domain_id': 'default', 'domain_name': 'Default', 'username': 'tempest-TenantUsagesNegativeTestJSON-1130592291-project-admin', 'project_domain_id': 'default', 'project_domain_name': 'Default', 'project_id': 'e3b551fb721e409199a34d84295a34ce', 'project_name': 'tempest-TenantUsagesNegativeTestJSON-1130592291', 'tenant_id': 'e3b551fb721e409199a34d84295a34ce', 'tenant_name': 'tempest-TenantUsagesNegativeTestJSON-1130592291', 'user_domain_id': 'default', 'user_domain_name': 'Default', 'user_id': '6bec51f751754351a7c079f44b1d8156', 'system': None}, Network: None, Subnet: None, Router: None
2025-04-29 22:24:58.823 70765 INFO tempest.lib.common.rest_client [req-c51461bb-b027-404b-b3e0-c923565ff803 req-c51461bb-b027-404b-b3e0-c923565ff803 ] Request (MigrationsAdminTest:setUpClass): 200 GET http://10.180.1.21/identity/v3/roles 0.078s
2025-04-29 22:24:58.829 70761 INFO tempest.lib.common.rest_client [req-a9fddb0a-1e58-4922-a922-8ba6b454bc52 req-a9fddb0a-1e58-4922-a922-8ba6b454bc52 ] Request (QuotasAdminNegativeTest:test_create_server_when_instances_quota_is_full): 403 POST http://10.180.1.21/compute/v2.1/servers 0.967s
2025-04-29 22:24:58.843 70729 INFO tempest.lib.common.rest_client [req-9ed15c59-5c93-4d51-88ce-6f91a9f55151 req-9ed15c59-5c93-4d51-88ce-6f91a9f55151 ] Request (ServerDiagnosticsTest:setUpClass): 200 GET http://10.180.1.21/identity/v3/domains?name=Default 0.084s
2025-04-29 22:24:58.852 70749 INFO tempest.lib.common.rest_client [req-5b6ccfaf-741b-43f8-b0cc-def185ee54be req-5b6ccfaf-741b-43f8-b0cc-def185ee54be ] Request (ImagesMetadataNegativeTestJSON:test_set_nonexistent_image_metadata): 404 PUT http://10.180.1.21/compute/v2.1/images/d6e5ad86-5325-47cc-b130-741498fcdfbc/metadata 0.941s
2025-04-29 22:24:58.878 70765 INFO tempest.lib.common.rest_client [req-f2fd0ecb-361c-4a27-913a-684542c59128 req-f2fd0ecb-361c-4a27-913a-684542c59128 ] Request (MigrationsAdminTest:setUpClass): 204 PUT http://10.180.1.21/identity/v3/projects/ed71c3a3747b430493590554520f88ef/users/db1ca2eefd4b4508bb0e5819d61ca8a7/roles/5656a856f9ce4192b0233df9045d4a3d 0.054s
2025-04-29 22:24:58.885 70731 INFO tempest.lib.common.rest_client [req-e763b265-a750-422d-b2e4-2e2ffb661a2a req-e763b265-a750-422d-b2e4-2e2ffb661a2a ] Request (ServersWithSpecificFlavorTestJSON:test_verify_created_server_ephemeral_disk): 200 POST http://10.180.1.21/compute/v2.1/flavors 0.918s
2025-04-29 22:24:58.897 70767 INFO tempest.lib.common.rest_client [req-237bd2e0-f692-4d46-8e9d-a698d535130d req-237bd2e0-f692-4d46-8e9d-a698d535130d ] Request (FlavorsExtraSpecsNegativeTestJSON:test_flavor_unset_nonexistent_key): 404 DELETE http://10.180.1.21/compute/v2.1/flavors/1651384999/os-extra_specs/hw:cpu_thread_policy 0.922s
2025-04-29 22:24:58.903 70735 INFO tempest.lib.common.rest_client [req-db03d781-6cbe-44fc-8c69-fd3a4743b61c req-db03d781-6cbe-44fc-8c69-fd3a4743b61c ] Request (FlavorsV261TestJSON:tearDownClass): 200 GET http://10.180.1.21:9696/networking/v2.0/security-groups?tenant_id=b3f80a5fbe8f4476a10aa9d5ead5ad43&name=default 0.309s
2025-04-29 22:24:58.903 70719 INFO tempest.lib.common.rest_client [req-7473c82f-fd11-44fe-b244-67d3b7e6ab5d req-7473c82f-fd11-44fe-b244-67d3b7e6ab5d ] Request (ServerDiskConfigTestJSON:test_rebuild_server_with_auto_disk_config): 200 GET http://10.180.1.21/compute/v2.1/servers/ce836b7f-fb93-4621-b0b5-6f590a6df215 1.254s
2025-04-29 22:24:58.916 70719 INFO tempest.common.waiters [-] State transition "BUILD/networking" ==> "BUILD/spawning" after 6 second wait
2025-04-29 22:24:58.922 70721 INFO tempest.lib.common.rest_client [req-ecda5eb2-fcc6-417f-a2f9-14a96a773fd8 req-ecda5eb2-fcc6-417f-a2f9-14a96a773fd8 ] Request (HostsAdminNegativeTestJSON:test_shutdown_nonexistent_host): 404 GET http://10.180.1.21/compute/v2.1/os-hosts/nonexistent_hostname/shutdown 0.830s
2025-04-29 22:24:58.932 70733 INFO tempest.lib.common.rest_client [req-8edf02d4-79c4-4d9d-b1ac-79617289b22d req-8edf02d4-79c4-4d9d-b1ac-79617289b22d ] Request (TenantUsagesNegativeTestJSON:setUpClass): 201 POST http://10.180.1.21/identity/v3/auth/tokens 0.161s
2025-04-29 22:24:58.953 70729 INFO tempest.lib.common.rest_client [req-44125871-e5ee-4b57-82b9-2b5b962fca9f req-44125871-e5ee-4b57-82b9-2b5b962fca9f ] Request (ServerDiagnosticsTest:setUpClass): 201 POST http://10.180.1.21/identity/v3/projects 0.109s
2025-04-29 22:24:58.956 70779 INFO tempest.lib.common.rest_client [req-a29d8173-46bb-49cb-a0bf-983c82acd25a req-a29d8173-46bb-49cb-a0bf-983c82acd25a ] Request (FlavorsExtraSpecsTestJSON:test_flavor_set_get_update_show_unset_keys): 200 PUT http://10.180.1.21/compute/v2.1/flavors/885382624/os-extra_specs/hw:numa_nodes 0.837s
2025-04-29 22:24:58.959 70765 INFO tempest.lib.common.rest_client [req-5da81028-80f4-48da-82bf-1eb1e1d0a347 req-5da81028-80f4-48da-82bf-1eb1e1d0a347 ] Request (MigrationsAdminTest:setUpClass): 200 GET http://10.180.1.21/identity/v3/roles 0.081s
2025-04-29 22:24:58.976 70781 INFO tempest.lib.common.rest_client [req-6de507a1-7ca5-47bc-bf41-d37f2df7b829 req-6de507a1-7ca5-47bc-bf41-d37f2df7b829 ] Request (FloatingIPsAssociationNegativeTestJSON:setUpClass): 200 GET http://10.180.1.21/compute/v2.1/servers/cb8ce671-a20a-4590-afc5-f3c067ccf774 0.940s
2025-04-29 22:24:58.990 70781 INFO tempest.common.waiters [-] State transition "BUILD/None" ==> "BUILD/networking" after 6 second wait
2025-04-29 22:24:59.005 70759 INFO tempest.lib.common.rest_client [req-40c6e431-2cd9-4b76-a307-e773a7217f38 req-40c6e431-2cd9-4b76-a307-e773a7217f38 ] Request (KeyPairsNegativeTestJSON:test_create_keypair_with_duplicate_name): 409 POST http://10.180.1.21/compute/v2.1/os-keypairs 0.817s
2025-04-29 22:24:59.024 70765 INFO tempest.lib.common.rest_client [req-8d431df5-6f00-48fa-9ddd-764a04439da3 req-8d431df5-6f00-48fa-9ddd-764a04439da3 ] Request (MigrationsAdminTest:setUpClass): 204 PUT http://10.180.1.21/identity/v3/projects/ed71c3a3747b430493590554520f88ef/users/db1ca2eefd4b4508bb0e5819d61ca8a7/roles/5656a856f9ce4192b0233df9045d4a3d 0.064s
2025-04-29 22:24:59.024 70765 INFO tempest.lib.common.dynamic_creds [-] Dynamic test user db1ca2eefd4b4508bb0e5819d61ca8a7 is created with scope project and roles: ['admin']
2025-04-29 22:24:59.024 70765 INFO tempest.lib.common.dynamic_creds [-] Acquired dynamic creds: credentials: Credentials: {'domain_id': 'default', 'domain_name': 'Default', 'username': 'tempest-MigrationsAdminTest-266953862-project-admin', 'project_domain_id': 'default', 'project_domain_name': 'Default', 'project_id': 'ed71c3a3747b430493590554520f88ef', 'project_name': 'tempest-MigrationsAdminTest-266953862', 'tenant_id': 'ed71c3a3747b430493590554520f88ef', 'tenant_name': 'tempest-MigrationsAdminTest-266953862', 'user_domain_id': 'default', 'user_domain_name': 'Default', 'user_id': 'db1ca2eefd4b4508bb0e5819d61ca8a7', 'system': None}, Network: None, Subnet: None, Router: None
2025-04-29 22:24:59.025 70765 INFO tempest.lib.common.dynamic_creds [-] Created isolated network resources for: credentials: Credentials: {'domain_id': 'default', 'domain_name': 'Default', 'username': 'tempest-MigrationsAdminTest-266953862-project-admin', 'project_domain_id': 'default', 'project_domain_name': 'Default', 'project_id': 'ed71c3a3747b430493590554520f88ef', 'project_name': 'tempest-MigrationsAdminTest-266953862', 'tenant_id': 'ed71c3a3747b430493590554520f88ef', 'tenant_name': 'tempest-MigrationsAdminTest-266953862', 'user_domain_id': 'default', 'user_domain_name': 'Default', 'user_id': 'db1ca2eefd4b4508bb0e5819d61ca8a7', 'system': None}, Network: None, Subnet: None, Router: None
2025-04-29 22:24:59.029 70729 INFO tempest.lib.common.rest_client [req-4be6748f-2095-4729-beac-b4e89661fded req-4be6748f-2095-4729-beac-b4e89661fded ] Request (ServerDiagnosticsTest:setUpClass): 201 POST http://10.180.1.21/identity/v3/users 0.076s
2025-04-29 22:24:59.034 70745 INFO tempest.lib.common.rest_client [req-9b88fb03-ceec-4856-a202-67062ded2422 req-9b88fb03-ceec-4856-a202-67062ded2422 ] Request (FlavorsAccessNegativeTestJSON:test_flavor_access_list_with_public_flavor): 200 POST http://10.180.1.21/compute/v2.1/flavors 0.793s
2025-04-29 22:24:59.070 70753 INFO tempest.lib.common.rest_client [req-4a14503f-ead1-48fe-8a4a-6f22f7b3a2ff req-4a14503f-ead1-48fe-8a4a-6f22f7b3a2ff ] Request (VolumesAssistedSnapshotsTest:test_volume_assisted_snapshot_create_delete): 200 GET http://10.180.1.21/volume/v3/volumes/3f4904f2-e224-4b91-adad-dbfae381c7cc 0.039s
2025-04-29 22:24:59.077 70743 INFO tempest.lib.common.rest_client [req-e49077f6-9032-4a4a-95b1-0896c31062bd req-e49077f6-9032-4a4a-95b1-0896c31062bd ] Request (QuotaClassesAdminTestJSON:_run_cleanups): 200 PUT http://10.180.1.21/compute/v2.1/os-quota-class-sets/default 0.874s
2025-04-29 22:24:59.079 70753 INFO tempest.common.waiters [-] volume 3f4904f2-e224-4b91-adad-dbfae381c7cc reached available after waiting for 1.079559 seconds
2025-04-29 22:24:59.095 70735 INFO tempest.lib.common.rest_client [req-571a66e0-7e59-4f0f-bc31-22d0439cdbd4 req-571a66e0-7e59-4f0f-bc31-22d0439cdbd4 ] Request (FlavorsV261TestJSON:tearDownClass): 204 DELETE http://10.180.1.21:9696/networking/v2.0/security-groups/76a023fa-bc66-47a5-9799-88120c953885 0.191s
2025-04-29 22:24:59.107 70777 INFO tempest.lib.common.rest_client [req-b914ac0e-3f8a-4cfb-8689-c68488c33e9e req-b914ac0e-3f8a-4cfb-8689-c68488c33e9e ] Request (ImagesDeleteNegativeTestJSON:test_delete_non_existent_image): 404 DELETE http://10.180.1.21/compute/v2.1/images/ba7cd791-e288-479c-befd-1da1a36829d5 0.829s
2025-04-29 22:24:59.113 70729 INFO tempest.lib.common.rest_client [req-cf147a25-d000-443e-a6bd-6e9cd7bc3302 req-cf147a25-d000-443e-a6bd-6e9cd7bc3302 ] Request (ServerDiagnosticsTest:setUpClass): 200 GET http://10.180.1.21/identity/v3/roles 0.082s
2025-04-29 22:24:59.133 70770 INFO tempest.lib.common.rest_client [req-fe9c89a7-e6c7-4a02-b575-3305450754dd req-fe9c89a7-e6c7-4a02-b575-3305450754dd ] Request (HostsAdminTestJSON:test_list_hosts_with_zone): 200 GET http://10.180.1.21/compute/v2.1/os-hosts?zone=internal 0.837s
2025-04-29 22:24:59.137 70741 INFO tempest.lib.common.rest_client [req-5a3229a5-7296-45e6-b3fa-740d3f143aab req-5a3229a5-7296-45e6-b3fa-740d3f143aab ] Request (HypervisorAdminNegativeTestJSON:test_show_nonexistent_hypervisor): 404 GET http://10.180.1.21/compute/v2.1/os-hypervisors/015f9b98-5e7e-4f38-8499-5b3994f95506 0.836s
2025-04-29 22:24:59.141 70765 INFO tempest.lib.common.rest_client [req-e3871f9b-27bd-4261-a8d1-5faa4365bf45 req-e3871f9b-27bd-4261-a8d1-5faa4365bf45 ] Request (MigrationsAdminTest:setUpClass): 201 POST http://10.180.1.21/identity/v3/auth/tokens 0.113s
2025-04-29 22:24:59.222 70763 INFO tempest.lib.common.rest_client [req-18301821-58fd-44e1-b196-4e559243bc0f req-18301821-58fd-44e1-b196-4e559243bc0f ] Request (AggregatesAdminNegativeTestJSON:test_aggregate_add_host_as_user): 403 POST http://10.180.1.21/compute/v2.1/os-aggregates/2/action 0.965s
2025-04-29 22:24:59.241 70757 INFO tempest.lib.common.rest_client [req-0a7f8b80-3516-468c-bb43-2dd4689cc971 req-0a7f8b80-3516-468c-bb43-2dd4689cc971 ] Request (FlavorsAccessTestJSON:test_flavor_access_list_with_private_flavor): 200 POST http://10.180.1.21/compute/v2.1/flavors 0.901s
2025-04-29 22:24:59.244 70743 INFO tempest.lib.common.rest_client [req-18ecc808-a085-414a-a2da-b4b42a488a87 req-18ecc808-a085-414a-a2da-b4b42a488a87 ] Request (QuotaClassesAdminTestJSON:tearDownClass): 204 DELETE http://10.180.1.21/identity/v3/users/363b2c6aca84444491434024097e31ce 0.163s
2025-04-29 22:24:59.268 70723 INFO tempest.lib.common.rest_client [req-a681e44e-1229-41ca-9403-31c13bcaca83 req-a681e44e-1229-41ca-9403-31c13bcaca83 ] Request (FlavorsAdminTestJSON:_run_cleanups): 202 DELETE http://10.180.1.21/compute/v2.1/flavors/398181785 0.918s
2025-04-29 22:24:59.307 70735 INFO tempest.lib.common.rest_client [req-f0e4ffce-4d78-4e38-a83b-9f4acb65cf08 req-f0e4ffce-4d78-4e38-a83b-9f4acb65cf08 ] Request (FlavorsV261TestJSON:tearDownClass): 204 DELETE http://10.180.1.21/identity/v3/projects/b3f80a5fbe8f4476a10aa9d5ead5ad43 0.212s
2025-04-29 22:24:59.363 70729 INFO tempest.lib.common.rest_client [req-7b870e95-39c7-42db-aaac-7d3ebc8d69ae req-7b870e95-39c7-42db-aaac-7d3ebc8d69ae ] Request (ServerDiagnosticsTest:setUpClass): 204 PUT http://10.180.1.21/identity/v3/projects/49eb0d2bbbe44a61ab4d15b47fd907cb/users/5c2d365bd8834f548cdc9728542ca40b/roles/e642774ac4a44b2c92c11efcfe8d4fdc 0.249s
2025-04-29 22:24:59.363 70729 INFO tempest.lib.common.dynamic_creds [-] Dynamic test user 5c2d365bd8834f548cdc9728542ca40b is created with scope project and roles: ['member']
2025-04-29 22:24:59.363 70729 INFO tempest.lib.common.dynamic_creds [-] Acquired dynamic creds: credentials: Credentials: {'domain_id': 'default', 'domain_name': 'Default', 'username': 'tempest-ServerDiagnosticsTest-636566878-project-member', 'project_domain_id': 'default', 'project_domain_name': 'Default', 'project_id': '49eb0d2bbbe44a61ab4d15b47fd907cb', 'project_name': 'tempest-ServerDiagnosticsTest-636566878', 'tenant_id': '49eb0d2bbbe44a61ab4d15b47fd907cb', 'tenant_name': 'tempest-ServerDiagnosticsTest-636566878', 'user_domain_id': 'default', 'user_domain_name': 'Default', 'user_id': '5c2d365bd8834f548cdc9728542ca40b', 'system': None}, Network: None, Subnet: None, Router: None
2025-04-29 22:24:59.363 70729 INFO tempest.lib.common.dynamic_creds [-] Created isolated network resources for: credentials: Credentials: {'domain_id': 'default', 'domain_name': 'Default', 'username': 'tempest-ServerDiagnosticsTest-636566878-project-member', 'project_domain_id': 'default', 'project_domain_name': 'Default', 'project_id': '49eb0d2bbbe44a61ab4d15b47fd907cb', 'project_name': 'tempest-ServerDiagnosticsTest-636566878', 'tenant_id': '49eb0d2bbbe44a61ab4d15b47fd907cb', 'tenant_name': 'tempest-ServerDiagnosticsTest-636566878', 'user_domain_id': 'default', 'user_domain_name': 'Default', 'user_id': '5c2d365bd8834f548cdc9728542ca40b', 'system': None}, Network: None, Subnet: None, Router: None
2025-04-29 22:24:59.382 70777 INFO tempest.lib.common.rest_client [req-a7273aab-41fd-4c0d-b4e6-61050a2d1f3c req-a7273aab-41fd-4c0d-b4e6-61050a2d1f3c ] Request (ImagesDeleteNegativeTestJSON:tearDownClass): 204 DELETE http://10.180.1.21/identity/v3/users/b7b1cc58f7a64326849df260b3238087 0.273s
2025-04-29 22:24:59.382 70777 INFO tempest.lib.common.dynamic_creds [-] Deleting project and security group for project: 8ceccbde3751448096be07a5ef14ac27
2025-04-29 22:24:59.440 70747 INFO tempest.lib.common.rest_client [req-13c6723e-343c-4cea-85f0-750486bb81b7 req-13c6723e-343c-4cea-85f0-750486bb81b7 ] Request (FloatingIPDetailsTestJSON:test_get_floating_ip_details): 200 GET http://10.180.1.21/compute/v2.1/os-floating-ips/6301dfd2-a629-4b94-875c-cf3a31c41b5f 1.015s
2025-04-29 22:24:59.480 70741 INFO tempest.lib.common.rest_client [req-17f2a41e-7120-4e67-9590-5f8ddc2938a2 req-17f2a41e-7120-4e67-9590-5f8ddc2938a2 ] Request (HypervisorAdminNegativeTestJSON:tearDownClass): 204 DELETE http://10.180.1.21/identity/v3/users/ae83e48a2eb3446dbc5c0fc54fec54b4 0.341s
2025-04-29 22:24:59.537 70773 INFO tempest.lib.common.rest_client [req-914abce5-2a98-4e6f-af9f-2ce5e7b2d74a req-914abce5-2a98-4e6f-af9f-2ce5e7b2d74a ] Request (QuotasAdminTestV236:test_get_updated_quotas): 200 GET http://10.180.1.21/identity/v3/domains?name=Default 0.379s
2025-04-29 22:24:59.566 70751 INFO tempest.lib.common.rest_client [req-6a1d178f-4577-47c5-a008-7fa59c24ee23 req-6a1d178f-4577-47c5-a008-7fa59c24ee23 ] Request (FloatingIPsAssociationTestJSON:setUpClass): 201 POST http://10.180.1.21:9696/networking/v2.0/routers 1.779s
2025-04-29 22:24:59.580 70743 INFO tempest.lib.common.rest_client [req-0e0e7d44-8930-4850-8690-3232def98d89 req-0e0e7d44-8930-4850-8690-3232def98d89 ] Request (QuotaClassesAdminTestJSON:tearDownClass): 204 DELETE http://10.180.1.21/identity/v3/users/2d2089d77c0e45668d1480273222b12d 0.335s
2025-04-29 22:24:59.580 70743 INFO tempest.lib.common.dynamic_creds [-] Deleting project and security group for project: 59f84713fa674034a0eeec090e2de1a9
2025-04-29 22:24:59.591 70735 INFO tempest.lib.common.rest_client [req-32b63412-749a-46c0-87c4-da14d81cdc1d req-32b63412-749a-46c0-87c4-da14d81cdc1d ] Request (QuotaClassesAdmin257Test:setUpClass): 201 POST http://10.180.1.21/identity/v3/auth/tokens 0.282s
2025-04-29 22:24:59.651 70777 INFO tempest.lib.common.rest_client [req-577fab2e-a35d-4ed8-b0f8-eee40478ddc9 req-577fab2e-a35d-4ed8-b0f8-eee40478ddc9 ] Request (ImagesDeleteNegativeTestJSON:tearDownClass): 201 POST http://10.180.1.21/identity/v3/auth/tokens 0.267s
2025-04-29 22:24:59.654 70729 INFO tempest.lib.common.rest_client [req-1deba778-8bff-43c8-8a7e-1fcf5e835aa1 req-1deba778-8bff-43c8-8a7e-1fcf5e835aa1 ] Request (ServerDiagnosticsTest:setUpClass): 201 POST http://10.180.1.21/identity/v3/auth/tokens 0.285s
2025-04-29 22:24:59.715 70741 INFO tempest.lib.common.rest_client [req-b7a4997b-fd48-47c0-a1e6-031b780d1ea7 req-b7a4997b-fd48-47c0-a1e6-031b780d1ea7 ] Request (HypervisorAdminNegativeTestJSON:tearDownClass): 204 DELETE http://10.180.1.21/identity/v3/users/f4f412fea6604526933b420114e1d88d 0.234s
2025-04-29 22:24:59.715 70741 INFO tempest.lib.common.dynamic_creds [-] Deleting project and security group for project: 8bc61a7309de4f37bf7f8a551fe45b72
2025-04-29 22:24:59.773 70773 INFO tempest.lib.common.rest_client [req-3ecd39ad-e1ad-418e-b902-e2f915e92764 req-3ecd39ad-e1ad-418e-b902-e2f915e92764 ] Request (QuotasAdminTestV236:test_get_updated_quotas): 201 POST http://10.180.1.21/identity/v3/projects 0.236s
2025-04-29 22:24:59.835 70743 INFO tempest.lib.common.rest_client [req-db9552d3-2c6e-428e-935a-6a428dc58605 req-db9552d3-2c6e-428e-935a-6a428dc58605 ] Request (QuotaClassesAdminTestJSON:tearDownClass): 201 POST http://10.180.1.21/identity/v3/auth/tokens 0.254s
2025-04-29 22:24:59.860 70735 INFO tempest.lib.common.rest_client [req-1a782b8b-d36a-4c24-ab17-f8fbf05378c3 req-1a782b8b-d36a-4c24-ab17-f8fbf05378c3 ] Request (QuotaClassesAdmin257Test:setUpClass): 201 POST http://10.180.1.21/identity/v3/auth/tokens 0.266s
2025-04-29 22:24:59.897 70729 INFO tempest.lib.common.rest_client [req-4d9edcb6-a4ac-4dfb-b96d-34bcc7812017 req-4d9edcb6-a4ac-4dfb-b96d-34bcc7812017 ] Request (ServerDiagnosticsTest:setUpClass): 201 POST http://10.180.1.21/identity/v3/projects 0.242s
2025-04-29 22:24:59.962 70741 INFO tempest.lib.common.rest_client [req-529afa54-e516-44c5-b946-6a2a0897ca8b req-529afa54-e516-44c5-b946-6a2a0897ca8b ] Request (HypervisorAdminNegativeTestJSON:tearDownClass): 201 POST http://10.180.1.21/identity/v3/auth/tokens 0.247s
2025-04-29 22:25:00.016 70773 INFO tempest.lib.common.rest_client [req-c39778bf-7c73-4440-a637-6562561ee155 req-c39778bf-7c73-4440-a637-6562561ee155 ] Request (QuotasAdminTestV236:test_get_updated_quotas): 200 GET http://10.180.1.21/identity/v3/domains?name=Default 0.243s
2025-04-29 22:25:00.028 70735 INFO tempest.lib.common.rest_client [req-95f68ea7-59c8-41a7-8e60-b76016bedf8f req-95f68ea7-59c8-41a7-8e60-b76016bedf8f ] Request (QuotaClassesAdmin257Test:setUpClass): 200 GET http://10.180.1.21/identity/v3/domains?name=Default 0.168s
2025-04-29 22:25:00.053 70729 INFO tempest.lib.common.rest_client [req-d3cd8739-3d06-432c-97c5-934fc66c743b req-d3cd8739-3d06-432c-97c5-934fc66c743b ] Request (ServerDiagnosticsTest:setUpClass): 201 POST http://10.180.1.21/identity/v3/users 0.156s
2025-04-29 22:25:00.097 70729 INFO tempest.lib.common.rest_client [req-1d536d1d-55f1-4504-84b1-38b778e47a62 req-1d536d1d-55f1-4504-84b1-38b778e47a62 ] Request (ServerDiagnosticsTest:setUpClass): 200 GET http://10.180.1.21/identity/v3/roles 0.043s
2025-04-29 22:25:00.105 70735 INFO tempest.lib.common.rest_client [req-e61d1494-654f-4b57-a5a2-a3fd7f359be5 req-e61d1494-654f-4b57-a5a2-a3fd7f359be5 ] Request (QuotaClassesAdmin257Test:setUpClass): 201 POST http://10.180.1.21/identity/v3/projects 0.076s
2025-04-29 22:25:00.171 70729 INFO tempest.lib.common.rest_client [req-5e16c7b8-742b-4b97-9ce4-c03e3aef59a7 req-5e16c7b8-742b-4b97-9ce4-c03e3aef59a7 ] Request (ServerDiagnosticsTest:setUpClass): 204 PUT http://10.180.1.21/identity/v3/projects/613a15136e334c0c9b644234d111ae0a/users/f9b1cdba9850440ba825f191b0fde791/roles/5656a856f9ce4192b0233df9045d4a3d 0.073s
2025-04-29 22:25:00.213 70777 INFO tempest.lib.common.rest_client [req-a1a9352c-5d6e-45be-b308-95c5449bfce0 req-a1a9352c-5d6e-45be-b308-95c5449bfce0 ] Request (ImagesDeleteNegativeTestJSON:tearDownClass): 200 GET http://10.180.1.21:9696/networking/v2.0/security-groups?tenant_id=8ceccbde3751448096be07a5ef14ac27&name=default 0.562s
2025-04-29 22:25:00.230 70735 INFO tempest.lib.common.rest_client [req-b33590b8-4e98-4cec-99af-9224b5043003 req-b33590b8-4e98-4cec-99af-9224b5043003 ] Request (QuotaClassesAdmin257Test:setUpClass): 201 POST http://10.180.1.21/identity/v3/users 0.125s
2025-04-29 22:25:00.235 70729 INFO tempest.lib.common.rest_client [req-22b276d1-566e-4911-b419-5c2818ea0688 req-22b276d1-566e-4911-b419-5c2818ea0688 ] Request (ServerDiagnosticsTest:setUpClass): 200 GET http://10.180.1.21/identity/v3/roles 0.063s
2025-04-29 22:25:00.260 70735 INFO tempest.lib.common.rest_client [req-737cc0fa-8776-491f-905d-1f5d75944f4f req-737cc0fa-8776-491f-905d-1f5d75944f4f ] Request (QuotaClassesAdmin257Test:setUpClass): 200 GET http://10.180.1.21/identity/v3/roles 0.029s
2025-04-29 22:25:00.269 70743 INFO tempest.lib.common.rest_client [req-2b5269f7-fd50-412f-917a-3a303d57c4a3 req-2b5269f7-fd50-412f-917a-3a303d57c4a3 ] Request (QuotaClassesAdminTestJSON:tearDownClass): 200 GET http://10.180.1.21:9696/networking/v2.0/security-groups?tenant_id=59f84713fa674034a0eeec090e2de1a9&name=default 0.434s
2025-04-29 22:25:00.282 70729 INFO tempest.lib.common.rest_client [req-13d36797-f146-44a3-8afd-11a870e38ac7 req-13d36797-f146-44a3-8afd-11a870e38ac7 ] Request (ServerDiagnosticsTest:setUpClass): 204 PUT http://10.180.1.21/identity/v3/projects/613a15136e334c0c9b644234d111ae0a/users/f9b1cdba9850440ba825f191b0fde791/roles/5656a856f9ce4192b0233df9045d4a3d 0.046s
2025-04-29 22:25:00.282 70729 INFO tempest.lib.common.dynamic_creds [-] Dynamic test user f9b1cdba9850440ba825f191b0fde791 is created with scope project and roles: ['admin']
2025-04-29 22:25:00.282 70729 INFO tempest.lib.common.dynamic_creds [-] Acquired dynamic creds: credentials: Credentials: {'domain_id': 'default', 'domain_name': 'Default', 'username': 'tempest-ServerDiagnosticsTest-1667718487-project-admin', 'project_domain_id': 'default', 'project_domain_name': 'Default', 'project_id': '613a15136e334c0c9b644234d111ae0a', 'project_name': 'tempest-ServerDiagnosticsTest-1667718487', 'tenant_id': '613a15136e334c0c9b644234d111ae0a', 'tenant_name': 'tempest-ServerDiagnosticsTest-1667718487', 'user_domain_id': 'default', 'user_domain_name': 'Default', 'user_id': 'f9b1cdba9850440ba825f191b0fde791', 'system': None}, Network: None, Subnet: None, Router: None
2025-04-29 22:25:00.283 70729 INFO tempest.lib.common.dynamic_creds [-] Created isolated network resources for: credentials: Credentials: {'domain_id': 'default', 'domain_name': 'Default', 'username': 'tempest-ServerDiagnosticsTest-1667718487-project-admin', 'project_domain_id': 'default', 'project_domain_name': 'Default', 'project_id': '613a15136e334c0c9b644234d111ae0a', 'project_name': 'tempest-ServerDiagnosticsTest-1667718487', 'tenant_id': '613a15136e334c0c9b644234d111ae0a', 'tenant_name': 'tempest-ServerDiagnosticsTest-1667718487', 'user_domain_id': 'default', 'user_domain_name': 'Default', 'user_id': 'f9b1cdba9850440ba825f191b0fde791', 'system': None}, Network: None, Subnet: None, Router: None
2025-04-29 22:25:00.298 70725 INFO tempest.lib.common.rest_client [req-1b784e09-02b2-4f27-9a43-293ce451a276 req-1b784e09-02b2-4f27-9a43-293ce451a276 ] Request (DeleteServersTestJSON:test_delete_active_server): 202 POST http://10.180.1.21/compute/v2.1/servers 1.803s
2025-04-29 22:25:00.326 70741 INFO tempest.lib.common.rest_client [req-68d3e01d-a94b-456c-ad19-3ce964811b26 req-68d3e01d-a94b-456c-ad19-3ce964811b26 ] Request (HypervisorAdminNegativeTestJSON:tearDownClass): 200 GET http://10.180.1.21:9696/networking/v2.0/security-groups?tenant_id=8bc61a7309de4f37bf7f8a551fe45b72&name=default 0.364s
2025-04-29 22:25:00.365 70735 INFO tempest.lib.common.rest_client [req-6a1264cb-8a44-4aee-ac25-52a34fce0d44 req-6a1264cb-8a44-4aee-ac25-52a34fce0d44 ] Request (QuotaClassesAdmin257Test:setUpClass): 204 PUT http://10.180.1.21/identity/v3/projects/5be7ab6efdc24549832c93dcced9657e/users/cf7e1fc5e2a64bf0a71a95f0778eb882/roles/e642774ac4a44b2c92c11efcfe8d4fdc 0.104s
2025-04-29 22:25:00.365 70735 INFO tempest.lib.common.dynamic_creds [-] Dynamic test user cf7e1fc5e2a64bf0a71a95f0778eb882 is created with scope project and roles: ['member']
2025-04-29 22:25:00.367 70735 INFO tempest.lib.common.dynamic_creds [-] Acquired dynamic creds: credentials: Credentials: {'domain_id': 'default', 'domain_name': 'Default', 'username': 'tempest-QuotaClassesAdmin257Test-872821070-project-member', 'project_domain_id': 'default', 'project_domain_name': 'Default', 'project_id': '5be7ab6efdc24549832c93dcced9657e', 'project_name': 'tempest-QuotaClassesAdmin257Test-872821070', 'tenant_id': '5be7ab6efdc24549832c93dcced9657e', 'tenant_name': 'tempest-QuotaClassesAdmin257Test-872821070', 'user_domain_id': 'default', 'user_domain_name': 'Default', 'user_id': 'cf7e1fc5e2a64bf0a71a95f0778eb882', 'system': None}, Network: None, Subnet: None, Router: None
2025-04-29 22:25:00.368 70735 INFO tempest.lib.common.dynamic_creds [-] Created isolated network resources for: credentials: Credentials: {'domain_id': 'default', 'domain_name': 'Default', 'username': 'tempest-QuotaClassesAdmin257Test-872821070-project-member', 'project_domain_id': 'default', 'project_domain_name': 'Default', 'project_id': '5be7ab6efdc24549832c93dcced9657e', 'project_name': 'tempest-QuotaClassesAdmin257Test-872821070', 'tenant_id': '5be7ab6efdc24549832c93dcced9657e', 'tenant_name': 'tempest-QuotaClassesAdmin257Test-872821070', 'user_domain_id': 'default', 'user_domain_name': 'Default', 'user_id': 'cf7e1fc5e2a64bf0a71a95f0778eb882', 'system': None}, Network: None, Subnet: None, Router: None
2025-04-29 22:25:00.386 70729 INFO tempest.lib.common.rest_client [req-a6491347-b661-4ed6-906e-a2873a8e45a1 req-a6491347-b661-4ed6-906e-a2873a8e45a1 ] Request (ServerDiagnosticsTest:setUpClass): 201 POST http://10.180.1.21/identity/v3/auth/tokens 0.098s
2025-04-29 22:25:00.392 70777 INFO tempest.lib.common.rest_client [req-8495c627-15ce-4ea9-b515-036aef4a4c37 req-8495c627-15ce-4ea9-b515-036aef4a4c37 ] Request (ImagesDeleteNegativeTestJSON:tearDownClass): 204 DELETE http://10.180.1.21:9696/networking/v2.0/security-groups/ee25fe72-a1ff-4332-8392-9d5ebbae5994 0.177s
2025-04-29 22:25:00.550 70735 INFO tempest.lib.common.rest_client [req-45fd2f70-acd8-414a-b4ab-e7f337f72eb3 req-45fd2f70-acd8-414a-b4ab-e7f337f72eb3 ] Request (QuotaClassesAdmin257Test:setUpClass): 201 POST http://10.180.1.21/identity/v3/auth/tokens 0.175s
2025-04-29 22:25:00.579 70777 INFO tempest.lib.common.rest_client [req-ace1a6f0-ceb9-4bf1-9173-301bdf623874 req-ace1a6f0-ceb9-4bf1-9173-301bdf623874 ] Request (ImagesDeleteNegativeTestJSON:tearDownClass): 204 DELETE http://10.180.1.21/identity/v3/projects/8ceccbde3751448096be07a5ef14ac27 0.186s
2025-04-29 22:25:00.623 70729 INFO tempest.lib.common.rest_client [req-f56582c5-006d-40a3-9e64-d7a820239897 req-f56582c5-006d-40a3-9e64-d7a820239897 ] Request (ServerDiagnosticsTest:test_get_server_diagnostics): 201 POST http://10.180.1.21/identity/v3/auth/tokens 0.227s
2025-04-29 22:25:00.624 70729 INFO tempest.lib.common.fixed_network [-] (ServerDiagnosticsTest:test_get_server_diagnostics) Found network None available for tenant
2025-04-29 22:25:00.638 70737 INFO tempest.lib.common.rest_client [req-1cae6941-9311-49ca-9558-7fb6b5f269cc req-1cae6941-9311-49ca-9558-7fb6b5f269cc ] Request (ServersAaction247Test:test_create_backup): 202 POST http://10.180.1.21/compute/v2.1/servers/444fb993-64c1-45aa-9c38-e03a60d70bbf/action 2.083s
2025-04-29 22:25:00.674 70735 INFO tempest.lib.common.rest_client [req-084f5b0c-f3db-4706-9f06-75a64576af45 req-084f5b0c-f3db-4706-9f06-75a64576af45 ] Request (QuotaClassesAdmin257Test:setUpClass): 201 POST http://10.180.1.21/identity/v3/projects 0.123s
2025-04-29 22:25:00.683 70749 INFO tempest.lib.common.rest_client [req-adb4230a-8553-4bac-908c-1751e91ac533 req-adb4230a-8553-4bac-908c-1751e91ac533 ] Request (ImagesMetadataNegativeTestJSON:test_set_nonexistent_image_metadata_item): 404 PUT http://10.180.1.21/compute/v2.1/images/9672b79c-cc29-4b57-8cbc-f39834dccd18/metadata/os_distro 1.830s
2025-04-29 22:25:00.704 70731 INFO tempest.lib.common.rest_client [req-e1f2f9a6-3b15-416d-aa63-826c7856738f req-e1f2f9a6-3b15-416d-aa63-826c7856738f ] Request (ServersWithSpecificFlavorTestJSON:test_verify_created_server_ephemeral_disk): 200 GET http://10.180.1.21/compute/v2.1/flavors/42/os-extra_specs 1.817s
2025-04-29 22:25:00.712 70767 INFO tempest.lib.common.rest_client [req-5f2f7f95-719b-4908-9ce3-312ddeffd5d2 req-5f2f7f95-719b-4908-9ce3-312ddeffd5d2 ] Request (FlavorsExtraSpecsNegativeTestJSON:test_flavor_update_mismatch_key): 400 PUT http://10.180.1.21/compute/v2.1/flavors/1651384999/os-extra_specs/hw:numa_nodes 1.813s
2025-04-29 22:25:00.726 70721 INFO tempest.lib.common.rest_client [req-a11ea5a3-904a-4645-8045-81d024abbf58 req-a11ea5a3-904a-4645-8045-81d024abbf58 ] Request (HostsAdminNegativeTestJSON:test_startup_host_with_non_admin_user): 403 GET http://10.180.1.21/compute/v2.1/os-hosts/devstack/startup 1.802s
2025-04-29 22:25:00.753 70743 INFO tempest.lib.common.rest_client [req-2472e9f2-c1b1-45eb-ae28-3859e7dbf804 req-2472e9f2-c1b1-45eb-ae28-3859e7dbf804 ] Request (QuotaClassesAdminTestJSON:tearDownClass): 204 DELETE http://10.180.1.21:9696/networking/v2.0/security-groups/8a269680-20eb-4194-b33d-2991f9201e7f 0.484s
2025-04-29 22:25:00.760 70777 INFO tempest.lib.common.rest_client [req-7e1d8a5e-c3ce-4ab6-a5f9-104c13e765ee req-7e1d8a5e-c3ce-4ab6-a5f9-104c13e765ee ] Request (InstanceActionsV221TestJSON:setUpClass): 201 POST http://10.180.1.21/identity/v3/auth/tokens 0.179s
2025-04-29 22:25:00.791 70735 INFO tempest.lib.common.rest_client [req-c98f3ebe-dc8d-4d01-80b4-41e612e9491f req-c98f3ebe-dc8d-4d01-80b4-41e612e9491f ] Request (QuotaClassesAdmin257Test:setUpClass): 201 POST http://10.180.1.21/identity/v3/users 0.117s
2025-04-29 22:25:00.819 70741 INFO tempest.lib.common.rest_client [req-4e4cd5ec-3449-40b0-b8ce-cdb1f193710d req-4e4cd5ec-3449-40b0-b8ce-cdb1f193710d ] Request (HypervisorAdminNegativeTestJSON:tearDownClass): 204 DELETE http://10.180.1.21:9696/networking/v2.0/security-groups/df1c6083-ea76-4963-a92b-afabf2ce2aed 0.492s
2025-04-29 22:25:00.921 70761 INFO tempest.lib.common.rest_client [req-f9554e3f-ad61-4bb7-85ad-d730d4ee167f req-f9554e3f-ad61-4bb7-85ad-d730d4ee167f ] Request (QuotasAdminNegativeTest:_run_cleanups): 200 PUT http://10.180.1.21/compute/v2.1/os-quota-sets/6ed15f2f7e424436914d99cae24e0a45 2.092s
2025-04-29 22:25:00.931 70743 INFO tempest.lib.common.rest_client [req-6443224c-e9af-461a-be64-79c261b030f9 req-6443224c-e9af-461a-be64-79c261b030f9 ] Request (QuotaClassesAdminTestJSON:tearDownClass): 204 DELETE http://10.180.1.21/identity/v3/projects/59f84713fa674034a0eeec090e2de1a9 0.174s
2025-04-29 22:25:00.932 70743 INFO tempest.lib.common.dynamic_creds [-] Deleting project and security group for project: 88cba75453ce408e9edc82bb43ba527c
2025-04-29 22:25:00.951 70779 INFO tempest.lib.common.rest_client [req-d146db47-d2a9-40ab-95c4-702f952dd286 req-d146db47-d2a9-40ab-95c4-702f952dd286 ] Request (FlavorsExtraSpecsTestJSON:test_flavor_set_get_update_show_unset_keys): 200 GET http://10.180.1.21/compute/v2.1/flavors/885382624/os-extra_specs 1.994s
2025-04-29 22:25:00.963 70733 INFO tempest.lib.common.rest_client [req-6990602b-1ea5-473a-9628-793a96b001a1 req-6990602b-1ea5-473a-9628-793a96b001a1 ] Request (TenantUsagesNegativeTestJSON:test_get_usage_tenant_with_empty_tenant_id): 404 GET http://10.180.1.21/compute/v2.1/os-simple-tenant-usage/?start=2025-04-28T22%3A24%3A58.933177&end=2025-04-30T22%3A24%3A58.933177 2.030s
2025-04-29 22:25:00.965 70733 WARNING tempest.lib.common.rest_client [-] Deprecated: "tenant_id" property is deprecated for removal, use "project_id" instead
2025-04-29 22:25:00.986 70745 INFO tempest.lib.common.rest_client [req-60313756-1546-4f34-825f-5c4fab43055d req-60313756-1546-4f34-825f-5c4fab43055d ] Request (FlavorsAccessNegativeTestJSON:test_flavor_access_list_with_public_flavor): 404 GET http://10.180.1.21/compute/v2.1/flavors/1356307724/os-flavor-access 1.946s
2025-04-29 22:25:00.989 70759 INFO tempest.lib.common.rest_client [req-2b88428a-024e-4cb5-8955-9b91442e3fb9 req-2b88428a-024e-4cb5-8955-9b91442e3fb9 ] Request (KeyPairsNegativeTestJSON:test_create_keypair_with_duplicate_name): 202 DELETE http://10.180.1.21/compute/v2.1/os-keypairs/tempest-keypair-1465350429 1.982s
2025-04-29 22:25:01.043 70777 INFO tempest.lib.common.rest_client [req-2248af05-5013-49cd-bfb8-a7254a320855 req-2248af05-5013-49cd-bfb8-a7254a320855 ] Request (InstanceActionsV221TestJSON:setUpClass): 201 POST http://10.180.1.21/identity/v3/auth/tokens 0.277s
2025-04-29 22:25:01.046 70735 INFO tempest.lib.common.rest_client [req-0735d9c5-18d3-458f-81e6-a0f9c1233416 req-0735d9c5-18d3-458f-81e6-a0f9c1233416 ] Request (QuotaClassesAdmin257Test:setUpClass): 200 GET http://10.180.1.21/identity/v3/roles 0.254s
2025-04-29 22:25:01.102 70755 INFO tempest.lib.common.rest_client [req-f429c25e-fe7e-4826-a073-1bd9eccacd50 req-f429c25e-fe7e-4826-a073-1bd9eccacd50 ] Request (InstanceActionsTestJSON:setUpClass): 200 GET http://10.180.1.21/compute/v2.1/servers/6a0b46c8-e3e4-4caf-a798-01f428476931 2.002s
2025-04-29 22:25:01.128 70741 INFO tempest.lib.common.rest_client [req-6dc32180-79e0-4eca-a76a-22038f132df8 req-6dc32180-79e0-4eca-a76a-22038f132df8 ] Request (HypervisorAdminNegativeTestJSON:tearDownClass): 204 DELETE http://10.180.1.21/identity/v3/projects/8bc61a7309de4f37bf7f8a551fe45b72 0.309s
2025-04-29 22:25:01.129 70741 INFO tempest.lib.common.dynamic_creds [-] Deleting project and security group for project: a2f4a5d7cca0418abdf1f4434cd8fffb
2025-04-29 22:25:01.132 70770 INFO tempest.lib.common.rest_client [req-a9af452b-1196-40dc-8c76-5aee14edf5c6 req-a9af452b-1196-40dc-8c76-5aee14edf5c6 ] Request (HostsAdminTestJSON:test_show_host_detail): 200 GET http://10.180.1.21/compute/v2.1/os-hosts 1.997s
2025-04-29 22:25:01.200 70777 INFO tempest.lib.common.rest_client [req-8f149a34-41c5-4b76-9409-ed2eb41541ae req-8f149a34-41c5-4b76-9409-ed2eb41541ae ] Request (InstanceActionsV221TestJSON:setUpClass): 200 GET http://10.180.1.21/identity/v3/domains?name=Default 0.154s
2025-04-29 22:25:01.227 70743 INFO tempest.lib.common.rest_client [req-3cb137a1-12ae-48aa-870a-39731e55a236 req-3cb137a1-12ae-48aa-870a-39731e55a236 ] Request (QuotaClassesAdminTestJSON:tearDownClass): 200 GET http://10.180.1.21:9696/networking/v2.0/security-groups?tenant_id=88cba75453ce408e9edc82bb43ba527c&name=default 0.295s
2025-04-29 22:25:01.234 70735 INFO tempest.lib.common.rest_client [req-464347f7-4c49-47e4-a82f-64a80483aca4 req-464347f7-4c49-47e4-a82f-64a80483aca4 ] Request (QuotaClassesAdmin257Test:setUpClass): 204 PUT http://10.180.1.21/identity/v3/projects/e83cefb4e4714c2fbcff905167ac7353/users/fe764fc2e44e45c2a68409ecb39d4ab3/roles/5656a856f9ce4192b0233df9045d4a3d 0.187s
2025-04-29 22:25:01.245 70753 INFO tempest.lib.common.rest_client [req-f75ce515-5e6a-4356-9ce0-f1351e7bc09b req-f75ce515-5e6a-4356-9ce0-f1351e7bc09b ] Request (VolumesAssistedSnapshotsTest:test_volume_assisted_snapshot_create_delete): 200 POST http://10.180.1.21/compute/v2.1/os-keypairs 2.165s
2025-04-29 22:25:01.276 70763 INFO tempest.lib.common.rest_client [req-afce9bdd-a569-40b8-886f-c120cb9ae4a9 req-afce9bdd-a569-40b8-886f-c120cb9ae4a9 ] Request (AggregatesAdminNegativeTestJSON:_run_cleanups): 200 DELETE http://10.180.1.21/compute/v2.1/os-aggregates/2 2.054s
2025-04-29 22:25:01.294 70765 INFO tempest.lib.common.rest_client [req-5e385667-db96-40df-9d97-7121a2a23c1e req-5e385667-db96-40df-9d97-7121a2a23c1e ] Request (MigrationsAdminTest:test_list_migrations): 200 GET http://10.180.1.21/compute/v2.1/os-migrations 2.151s
2025-04-29 22:25:01.294 70735 INFO tempest.lib.common.rest_client [req-a787a2b2-9d8a-49a3-a67e-d28066cc5f22 req-a787a2b2-9d8a-49a3-a67e-d28066cc5f22 ] Request (QuotaClassesAdmin257Test:setUpClass): 200 GET http://10.180.1.21/identity/v3/roles 0.060s
2025-04-29 22:25:01.296 70757 INFO tempest.lib.common.rest_client [req-5db3cdef-8ead-4544-b5d4-7aecd750c401 req-5db3cdef-8ead-4544-b5d4-7aecd750c401 ] Request (FlavorsAccessTestJSON:test_flavor_access_list_with_private_flavor): 200 GET http://10.180.1.21/compute/v2.1/flavors/1813987887/os-flavor-access 2.051s
2025-04-29 22:25:01.297 70777 INFO tempest.lib.common.rest_client [req-1c891f86-64f0-42e4-913b-aa7462460f13 req-1c891f86-64f0-42e4-913b-aa7462460f13 ] Request (InstanceActionsV221TestJSON:setUpClass): 201 POST http://10.180.1.21/identity/v3/projects 0.097s
2025-04-29 22:25:01.325 70723 INFO tempest.lib.common.rest_client [req-5bb07e8d-cd83-48f0-a1d6-193ab66e709d req-5bb07e8d-cd83-48f0-a1d6-193ab66e709d ] Request (FlavorsAdminTestJSON:_run_cleanups): 200 GET http://10.180.1.21/compute/v2.1/flavors/detail 2.056s
2025-04-29 22:25:01.358 70735 INFO tempest.lib.common.rest_client [req-da1d3e66-d766-4e93-8c04-017b693f5b29 req-da1d3e66-d766-4e93-8c04-017b693f5b29 ] Request (QuotaClassesAdmin257Test:setUpClass): 204 PUT http://10.180.1.21/identity/v3/projects/e83cefb4e4714c2fbcff905167ac7353/users/fe764fc2e44e45c2a68409ecb39d4ab3/roles/5656a856f9ce4192b0233df9045d4a3d 0.063s
2025-04-29 22:25:01.358 70735 INFO tempest.lib.common.dynamic_creds [-] Dynamic test user fe764fc2e44e45c2a68409ecb39d4ab3 is created with scope project and roles: ['admin']
2025-04-29 22:25:01.359 70735 INFO tempest.lib.common.dynamic_creds [-] Acquired dynamic creds: credentials: Credentials: {'domain_id': 'default', 'domain_name': 'Default', 'username': 'tempest-QuotaClassesAdmin257Test-1539480119-project-admin', 'project_domain_id': 'default', 'project_domain_name': 'Default', 'project_id': 'e83cefb4e4714c2fbcff905167ac7353', 'project_name': 'tempest-QuotaClassesAdmin257Test-1539480119', 'tenant_id': 'e83cefb4e4714c2fbcff905167ac7353', 'tenant_name': 'tempest-QuotaClassesAdmin257Test-1539480119', 'user_domain_id': 'default', 'user_domain_name': 'Default', 'user_id': 'fe764fc2e44e45c2a68409ecb39d4ab3', 'system': None}, Network: None, Subnet: None, Router: None
2025-04-29 22:25:01.359 70735 INFO tempest.lib.common.dynamic_creds [-] Created isolated network resources for: credentials: Credentials: {'domain_id': 'default', 'domain_name': 'Default', 'username': 'tempest-QuotaClassesAdmin257Test-1539480119-project-admin', 'project_domain_id': 'default', 'project_domain_name': 'Default', 'project_id': 'e83cefb4e4714c2fbcff905167ac7353', 'project_name': 'tempest-QuotaClassesAdmin257Test-1539480119', 'tenant_id': 'e83cefb4e4714c2fbcff905167ac7353', 'tenant_name': 'tempest-QuotaClassesAdmin257Test-1539480119', 'user_domain_id': 'default', 'user_domain_name': 'Default', 'user_id': 'fe764fc2e44e45c2a68409ecb39d4ab3', 'system': None}, Network: None, Subnet: None, Router: None
2025-04-29 22:25:01.367 70777 INFO tempest.lib.common.rest_client [req-403e12bd-49a5-44c6-914e-b8157badf6cf req-403e12bd-49a5-44c6-914e-b8157badf6cf ] Request (InstanceActionsV221TestJSON:setUpClass): 201 POST http://10.180.1.21/identity/v3/users 0.069s
2025-04-29 22:25:01.370 70751 INFO tempest.lib.common.rest_client [req-cf22444e-da9f-4a06-b8e7-0e7b142ffe72 req-cf22444e-da9f-4a06-b8e7-0e7b142ffe72 ] Request (FloatingIPsAssociationTestJSON:setUpClass): 200 PUT http://10.180.1.21:9696/networking/v2.0/routers/bb3ca4d3-aada-41d2-929f-d9fcd1b21df9/add_router_interface 1.803s
2025-04-29 22:25:01.370 70751 INFO tempest.lib.common.dynamic_creds [-] Created isolated network resources for: credentials: Credentials: {'domain_id': 'default', 'domain_name': 'Default', 'username': 'tempest-FloatingIPsAssociationTestJSON-516556258-project-member', 'project_domain_id': 'default', 'project_domain_name': 'Default', 'project_id': '58f763c1f20a4df289dedbf99bf474bb', 'project_name': 'tempest-FloatingIPsAssociationTestJSON-516556258', 'tenant_id': '58f763c1f20a4df289dedbf99bf474bb', 'tenant_name': 'tempest-FloatingIPsAssociationTestJSON-516556258', 'user_domain_id': 'default', 'user_domain_name': 'Default', 'user_id': 'a9726d6cc69d4137bc90a4dc74b4f4ad', 'system': None}, Network: {'id': 'b4282cde-0a1f-4278-9ba2-59444a91ca78', 'name': 'tempest-FloatingIPsAssociationTestJSON-705452101-network', 'tenant_id': '58f763c1f20a4df289dedbf99bf474bb', 'admin_state_up': True, 'mtu': 8950, 'status': 'ACTIVE', 'subnets': [], 'shared': False, 'project_id': '58f763c1f20a4df289dedbf99bf474bb', 'port_security_enabled': True, 'router:external': False, 'provider:network_type': 'vlan', 'provider:physical_network': 'default', 'provider:segmentation_id': 517, 'availability_zone_hints': [], 'availability_zones': [], 'ipv4_address_scope': None, 'ipv6_address_scope': None, 'description': '', 'tags': [], 'created_at': '2025-04-29T22:24:56Z', 'updated_at': '2025-04-29T22:24:56Z', 'revision_number': 1}, Subnet: {'id': 'f8fe1e01-9bb7-4106-a9de-b5d8ab612bcc', 'name': 'tempest-FloatingIPsAssociationTestJSON-705452101-subnet', 'tenant_id': '58f763c1f20a4df289dedbf99bf474bb', 'network_id': 'b4282cde-0a1f-4278-9ba2-59444a91ca78', 'ip_version': 4, 'subnetpool_id': None, 'enable_dhcp': True, 'ipv6_ra_mode': None, 'ipv6_address_mode': None, 'gateway_ip': '192.168.128.1', 'cidr': '192.168.128.0/28', 'allocation_pools': [{'start': '192.168.128.2', 'end': '192.168.128.14'}], 'host_routes': [], 'dns_nameservers': [], 'description': '', 'router:external': False, 'service_types': [], 'tags': [], 'created_at': '2025-04-29T22:24:57Z', 'updated_at': '2025-04-29T22:24:57Z', 'revision_number': 0, 'project_id': '58f763c1f20a4df289dedbf99bf474bb'}, Router: {'id': 'bb3ca4d3-aada-41d2-929f-d9fcd1b21df9', 'name': 'tempest-FloatingIPsAssociationTestJSON-705452101-router', 'tenant_id': '58f763c1f20a4df289dedbf99bf474bb', 'admin_state_up': True, 'status': 'ACTIVE', 'external_gateway_info': {'network_id': '376b28e9-9f4e-46c3-b7f9-a0730e101275', 'external_fixed_ips': [{'subnet_id': '8016d017-e5c9-4575-9dda-136e6d399308', 'ip_address': '10.180.180.204'}], 'enable_snat': True}, 'description': '', 'availability_zones': [], 'distributed': False, 'ha': False, 'availability_zone_hints': [], 'routes': [], 'flavor_id': None, 'tags': [], 'created_at': '2025-04-29T22:24:57Z', 'updated_at': '2025-04-29T22:24:58Z', 'revision_number': 2, 'project_id': '58f763c1f20a4df289dedbf99bf474bb'}
2025-04-29 22:25:01.416 70765 INFO tempest.lib.common.rest_client [req-34bec13e-e420-409d-9b14-3b92874666e2 req-34bec13e-e420-409d-9b14-3b92874666e2 ] Request (MigrationsAdminTest:test_list_migrations_in_flavor_resize_situation): 201 POST http://10.180.1.21/identity/v3/auth/tokens 0.113s
2025-04-29 22:25:01.417 70765 INFO tempest.lib.common.fixed_network [-] (MigrationsAdminTest:test_list_migrations_in_flavor_resize_situation) Found network None available for tenant
2025-04-29 22:25:01.441 70741 INFO tempest.lib.common.rest_client [req-6c4b1c6b-1f88-4419-a624-e07d96102ea5 req-6c4b1c6b-1f88-4419-a624-e07d96102ea5 ] Request (HypervisorAdminNegativeTestJSON:tearDownClass): 200 GET http://10.180.1.21:9696/networking/v2.0/security-groups?tenant_id=a2f4a5d7cca0418abdf1f4434cd8fffb&name=default 0.312s
2025-04-29 22:25:01.447 70735 INFO tempest.lib.common.rest_client [req-c528b2bf-30bc-423f-9b80-9765932747f1 req-c528b2bf-30bc-423f-9b80-9765932747f1 ] Request (QuotaClassesAdmin257Test:setUpClass): 201 POST http://10.180.1.21/identity/v3/auth/tokens 0.085s
2025-04-29 22:25:01.471 70777 INFO tempest.lib.common.rest_client [req-fb614ec0-b09b-4a60-9b62-73d87a529474 req-fb614ec0-b09b-4a60-9b62-73d87a529474 ] Request (InstanceActionsV221TestJSON:setUpClass): 200 GET http://10.180.1.21/identity/v3/roles 0.104s
2025-04-29 22:25:01.492 70743 INFO tempest.lib.common.rest_client [req-8c4cbacc-47d0-4b33-a7fe-383c7fcb21cd req-8c4cbacc-47d0-4b33-a7fe-383c7fcb21cd ] Request (QuotaClassesAdminTestJSON:tearDownClass): 204 DELETE http://10.180.1.21:9696/networking/v2.0/security-groups/721895a9-dd63-41a8-9185-5d187b98de87 0.264s
2025-04-29 22:25:01.506 70777 INFO tempest.lib.common.rest_client [req-7cd55d01-e142-413a-902a-72c863aae80a req-7cd55d01-e142-413a-902a-72c863aae80a ] Request (InstanceActionsV221TestJSON:setUpClass): 204 PUT http://10.180.1.21/identity/v3/projects/19913abc64f84304adb1dc5bf7d09494/users/5c6699449fd24be68177174c681f170b/roles/e642774ac4a44b2c92c11efcfe8d4fdc 0.034s
2025-04-29 22:25:01.506 70777 INFO tempest.lib.common.dynamic_creds [-] Dynamic test user 5c6699449fd24be68177174c681f170b is created with scope project and roles: ['member']
2025-04-29 22:25:01.506 70777 INFO tempest.lib.common.dynamic_creds [-] Acquired dynamic creds: credentials: Credentials: {'domain_id': 'default', 'domain_name': 'Default', 'username': 'tempest-InstanceActionsV221TestJSON-1001043171-project-member', 'project_domain_id': 'default', 'project_domain_name': 'Default', 'project_id': '19913abc64f84304adb1dc5bf7d09494', 'project_name': 'tempest-InstanceActionsV221TestJSON-1001043171', 'tenant_id': '19913abc64f84304adb1dc5bf7d09494', 'tenant_name': 'tempest-InstanceActionsV221TestJSON-1001043171', 'user_domain_id': 'default', 'user_domain_name': 'Default', 'user_id': '5c6699449fd24be68177174c681f170b', 'system': None}, Network: None, Subnet: None, Router: None
