2025-05-19 20:40:29.774 70013 INFO tempest.lib.common.rest_client [req-e9c93806-383e-47c3-b98b-747cb05961fc req-e9c93806-383e-47c3-b98b-747cb05961fc ] Request (ServerActionsTestOtherA:setUpClass): 201 POST http://10.180.1.21:9696/networking/v2.0/security-group-rules 0.162s
2025-05-19 20:40:29.837 70023 INFO tempest.lib.common.rest_client [req-c87c6bbe-c5bc-4449-a448-d0858c983ce0 req-c87c6bbe-c5bc-4449-a448-d0858c983ce0 ] Request (SecurityGroupRulesTestJSON:test_security_group_rules_create): 200 POST http://10.180.1.21/compute/v2.1/os-security-groups 2.240s
2025-05-19 20:40:29.891 70013 INFO tempest.lib.common.rest_client [req-f7fc6dff-4876-47b9-9437-59677b04afc4 req-f7fc6dff-4876-47b9-9437-59677b04afc4 ] Request (ServerActionsTestOtherA:setUpClass): 201 POST http://10.180.1.21:9696/networking/v2.0/security-group-rules 0.116s
2025-05-19 20:40:29.934 70005 INFO tempest.lib.common.rest_client [req-b7110175-8687-473d-b811-d23542870b2c req-b7110175-8687-473d-b811-d23542870b2c ] Request (ServerShowV247Test:tearDownClass): 204 DELETE http://10.180.1.21/identity/v3/users/52b0e1c77ceb41b6b73b1be215a45ca3 0.206s
2025-05-19 20:40:29.934 70005 INFO tempest.lib.common.dynamic_creds [-] Deleting project and security group for project: 211a3b887eef4160bd94fca7f5eec772
2025-05-19 20:40:29.984 70027 INFO tempest.lib.common.rest_client [req-1250b781-a44c-4dc7-94bd-01e57f07f1b2 req-1250b781-a44c-4dc7-94bd-01e57f07f1b2 ] Request (ServerExternalEventsTest:test_create_server_external_events): 200 GET http://10.180.1.21/compute/v2.1/servers/1e32a2b5-347e-4ad9-9628-750bdf31d13b 2.283s
2025-05-19 20:40:30.015 70005 INFO tempest.lib.common.rest_client [req-84444c71-17d2-4fec-9b8e-22383abf500d req-84444c71-17d2-4fec-9b8e-22383abf500d ] Request (ServerShowV247Test:tearDownClass): 201 POST http://10.180.1.21/identity/v3/auth/tokens 0.080s
2025-05-19 20:40:30.062 69993 INFO tempest.lib.common.rest_client [req-2a00a221-a013-4d51-bc09-0858fbc8ea7a req-2a00a221-a013-4d51-bc09-0858fbc8ea7a ] Request (ListServerFiltersTestJSON:setUpClass): 202 POST http://10.180.1.21/compute/v2.1/servers 2.406s
2025-05-19 20:40:30.065 70007 INFO tempest.lib.common.rest_client [req-0e04a630-a197-4405-a435-4a10e51c3e9b req-0e04a630-a197-4405-a435-4a10e51c3e9b ] Request (InstanceActionsV221TestJSON:test_get_list_deleted_instance_actions): 200 GET http://10.180.1.21/compute/v2.1/servers/4c62a409-a14b-4130-aed7-cfbc2bb90edf 2.125s
2025-05-19 20:40:30.093 70019 INFO tempest.lib.common.rest_client [req-e6500bc1-4dde-4168-b9f7-de347c701469 req-e6500bc1-4dde-4168-b9f7-de347c701469 ] Request (AttachVolumeNegativeTest:test_delete_attached_volume): 404 GET http://10.180.1.21/compute/v2.1/servers/61fa7bd4-2ace-430f-b576-468a041dd4ac 2.126s
2025-05-19 20:40:30.124 70029 INFO tempest.lib.common.rest_client [req-2a10b2f2-c507-4123-94ec-549f63269724 req-2a10b2f2-c507-4123-94ec-549f63269724 ] Request (AttachVolumeTestJSON:test_list_get_volume_attachments): 404 GET http://10.180.1.21/compute/v2.1/servers/fa015727-ce26-4163-bf2a-74d63a573946 1.741s
2025-05-19 20:40:30.147 69993 INFO tempest.lib.common.rest_client [req-79e9646e-0239-4ce0-b74c-ade4d4723cda req-79e9646e-0239-4ce0-b74c-ade4d4723cda ] Request (ListServerFiltersTestJSON:setUpClass): 201 POST http://10.180.1.21/identity/v3/auth/tokens 0.077s
2025-05-19 20:40:30.148 69993 INFO tempest.lib.common.fixed_network [-] (ListServerFiltersTestJSON:setUpClass) Found network {'id': 'e0bae6db-be59-413f-9903-789c51a52c32', 'name': 'tempest-ListServerFiltersTestJSON-549234590-network', 'tenant_id': 'db4a81bca2344bbda51b6bf011d65d44', 'admin_state_up': True, 'mtu': 8950, 'status': 'ACTIVE', 'subnets': [], 'shared': False, 'project_id': 'db4a81bca2344bbda51b6bf011d65d44', 'port_security_enabled': True, 'router:external': False, 'provider:network_type': 'vlan', 'provider:physical_network': 'default', 'provider:segmentation_id': 454, 'availability_zone_hints': [], 'availability_zones': [], 'ipv4_address_scope': None, 'ipv6_address_scope': None, 'description': '', 'tags': [], 'created_at': '2025-05-19T20:40:25Z', 'updated_at': '2025-05-19T20:40:25Z', 'revision_number': 1} available for tenant
2025-05-19 20:40:30.163 70021 INFO tempest.lib.common.rest_client [req-6a60f58b-88b3-4a69-809e-c037ee927ab0 req-6a60f58b-88b3-4a69-809e-c037ee927ab0 ] Request (AttachInterfacesTestJSON:test_create_list_show_delete_interfaces_by_network_port): 200 GET http://10.180.1.21/compute/v2.1/servers/402d302e-cde6-4606-abea-65a4d944d486 2.162s
2025-05-19 20:40:30.198 69991 INFO tempest.lib.common.rest_client [req-ebcad770-d3b9-43ff-bb15-07943f8fe307 req-ebcad770-d3b9-43ff-bb15-07943f8fe307 ] Request (ImagesOneServerNegativeTestJSON:setUpClass): 200 GET http://10.180.1.21/compute/v2.1/servers/09ce36fa-4ddb-482f-824c-72aad7be145a 1.521s
2025-05-19 20:40:30.215 69997 INFO tempest.lib.common.rest_client [req-1443b04e-087c-4aa5-b026-e1702eae68ab req-1443b04e-087c-4aa5-b026-e1702eae68ab ] Request (FloatingIPsAssociationTestJSON:setUpClass): 200 GET http://10.180.1.21/compute/v2.1/servers/d250e1ea-a9f2-476d-ad7e-da92350b081a 1.537s
2025-05-19 20:40:30.233 70035 INFO tempest.lib.common.rest_client [req-228b71ab-df5a-4568-bc7e-5061b1e5cfbf req-228b71ab-df5a-4568-bc7e-5061b1e5cfbf ] Request (ServerMetadataNegativeTestJSON:setUpClass): 404 GET http://10.180.1.21/compute/v2.1/servers/35b8809c-bcbe-433a-b8f6-1113f808486f 1.119s
2025-05-19 20:40:30.233 70035 INFO tempest.test [-] raised in ServerMetadataNegativeTestJSON.setUpClass. Invoking tearDownClass.
2025-05-19 20:40:30.251 69999 INFO tempest.lib.common.rest_client [req-b284f350-6a95-4d53-95fe-98824cb30db8 req-b284f350-6a95-4d53-95fe-98824cb30db8 ] Request (ServersNegativeTestMultiTenantJSON:setUpClass): 200 GET http://10.180.1.21/compute/v2.1/servers/0afc8b97-b1fa-4dc1-a2cd-b688057efe8a 1.320s
2025-05-19 20:40:30.255 69995 INFO tempest.lib.common.rest_client [req-2b42b667-02ac-4050-8f9b-0c4b0d5e61ca req-2b42b667-02ac-4050-8f9b-0c4b0d5e61ca ] Request (ServerGroup264TestJSON:test_create_get_server_group): 200 GET http://10.180.1.21/compute/v2.1/os-server-groups 1.075s
2025-05-19 20:40:30.627 70005 INFO tempest.lib.common.rest_client [req-a18512ab-fc15-4152-94a2-ae51c8684d42 req-a18512ab-fc15-4152-94a2-ae51c8684d42 ] Request (ServerShowV247Test:tearDownClass): 200 GET http://10.180.1.21:9696/networking/v2.0/security-groups?tenant_id=211a3b887eef4160bd94fca7f5eec772&name=default 0.612s
2025-05-19 20:40:30.839 70043 INFO tempest.lib.common.rest_client [req-c7eecdf9-f5b8-4333-95f3-15af2d84c395 req-c7eecdf9-f5b8-4333-95f3-15af2d84c395 ] Request (SecurityGroupsTestJSON:tearDownClass): 202 DELETE http://10.180.1.21/compute/v2.1/os-security-groups/1bbed668-fb41-49a5-8517-457c619a2c3f 1.343s
2025-05-19 20:40:30.893 70005 INFO tempest.lib.common.rest_client [req-1830f26a-38b1-450e-bc07-d97aa318db24 req-1830f26a-38b1-450e-bc07-d97aa318db24 ] Request (ServerShowV247Test:tearDownClass): 204 DELETE http://10.180.1.21:9696/networking/v2.0/security-groups/b23defcb-8e43-48e1-addc-5c24f93102b9 0.266s
2025-05-19 20:40:31.117 70005 INFO tempest.lib.common.rest_client [req-d5ac5736-e9aa-4965-84c5-ead019394947 req-d5ac5736-e9aa-4965-84c5-ead019394947 ] Request (ServerShowV247Test:tearDownClass): 204 DELETE http://10.180.1.21/identity/v3/projects/211a3b887eef4160bd94fca7f5eec772 0.223s
2025-05-19 20:40:31.144 70023 INFO tempest.lib.common.rest_client [req-f3dd024b-6a12-4d12-b64a-f93c67675f61 req-f3dd024b-6a12-4d12-b64a-f93c67675f61 ] Request (SecurityGroupRulesTestJSON:test_security_group_rules_create): 200 POST http://10.180.1.21/compute/v2.1/os-security-group-rules 1.302s
2025-05-19 20:40:31.164 70037 INFO tempest.lib.common.rest_client [req-d340992f-e6b9-46df-a537-586d05cb2faf req-d340992f-e6b9-46df-a537-586d05cb2faf ] Request (ServersTestJSON:test_create_server_specify_multibyte_character_name): 204 DELETE http://10.180.1.21/compute/v2.1/servers/e1a4ba83-965f-4627-b632-61ecd2d11210 1.856s
2025-05-19 20:40:31.233 70005 INFO tempest.lib.common.rest_client [req-127cd765-d520-423d-864e-b20e5e58ec55 req-127cd765-d520-423d-864e-b20e5e58ec55 ] Request (ServerShowV254Test:setUpClass): 201 POST http://10.180.1.21/identity/v3/auth/tokens 0.114s
2025-05-19 20:40:31.262 70005 INFO tempest.lib.common.rest_client [req-899d50b5-3b2f-4c85-932d-f80456b281c9 req-899d50b5-3b2f-4c85-932d-f80456b281c9 ] Request (ServerShowV254Test:setUpClass): 201 POST http://10.180.1.21/identity/v3/auth/tokens 0.027s
2025-05-19 20:40:31.304 70005 INFO tempest.lib.common.rest_client [req-ffb350c2-3b8d-47f5-ba3e-e34460246a54 req-ffb350c2-3b8d-47f5-ba3e-e34460246a54 ] Request (ServerShowV254Test:setUpClass): 200 GET http://10.180.1.21/identity/v3/domains?name=Default 0.041s
2025-05-19 20:40:31.341 70013 INFO tempest.lib.common.rest_client [req-3b1f3050-2434-43d4-b82e-0b3cdbd0b3e2 req-3b1f3050-2434-43d4-b82e-0b3cdbd0b3e2 ] Request (ServerActionsTestOtherA:setUpClass): 201 POST http://10.180.1.21:9696/networking/v2.0/floatingips 1.449s
2025-05-19 20:40:31.345 70005 INFO tempest.lib.common.rest_client [req-80dfe995-6031-4417-80b0-577b299e0370 req-80dfe995-6031-4417-80b0-577b299e0370 ] Request (ServerShowV254Test:setUpClass): 201 POST http://10.180.1.21/identity/v3/projects 0.041s
2025-05-19 20:40:31.409 70013 INFO tempest.lib.common.rest_client [req-69147d0a-2124-4947-8a1d-25b32bf34500 req-69147d0a-2124-4947-8a1d-25b32bf34500 ] Request (ServerActionsTestOtherA:setUpClass): 201 POST http://10.180.1.21/identity/v3/auth/tokens 0.066s
2025-05-19 20:40:31.410 70013 INFO tempest.lib.common.fixed_network [-] (ServerActionsTestOtherA:setUpClass) Found network {'id': '48f43c76-ea18-4620-b6d4-77bd17a30d41', 'name': 'tempest-ServerActionsTestOtherA-2085522703-network', 'tenant_id': '4a9be631d6ab4955980d8247386250a4', 'admin_state_up': True, 'mtu': 8950, 'status': 'ACTIVE', 'subnets': [], 'shared': False, 'project_id': '4a9be631d6ab4955980d8247386250a4', 'port_security_enabled': True, 'router:external': False, 'provider:network_type': 'vlan', 'provider:physical_network': 'default', 'provider:segmentation_id': 223, 'availability_zone_hints': [], 'availability_zones': [], 'ipv4_address_scope': None, 'ipv6_address_scope': None, 'description': '', 'tags': [], 'created_at': '2025-05-19T20:40:20Z', 'updated_at': '2025-05-19T20:40:20Z', 'revision_number': 1} available for tenant
2025-05-19 20:40:31.447 70005 INFO tempest.lib.common.rest_client [req-db98e519-d381-4f59-b184-3cef019debc1 req-db98e519-d381-4f59-b184-3cef019debc1 ] Request (ServerShowV254Test:setUpClass): 201 POST http://10.180.1.21/identity/v3/users 0.102s
2025-05-19 20:40:31.483 70005 INFO tempest.lib.common.rest_client [req-354db4e5-d55a-44dd-b95c-763411ed4e27 req-354db4e5-d55a-44dd-b95c-763411ed4e27 ] Request (ServerShowV254Test:setUpClass): 200 GET http://10.180.1.21/identity/v3/roles 0.035s
2025-05-19 20:40:31.536 70005 INFO tempest.lib.common.rest_client [req-676480a8-276b-40d1-8c67-7879bfdfe86b req-676480a8-276b-40d1-8c67-7879bfdfe86b ] Request (ServerShowV254Test:setUpClass): 204 PUT http://10.180.1.21/identity/v3/projects/913ee242cc844fa3b7134c1fe7ec0e3e/users/2b02f37532494beca9ba506e9ec987a5/roles/8cb4710998b34cb4962ed26498dee4b6 0.053s
2025-05-19 20:40:31.536 70005 INFO tempest.lib.common.dynamic_creds [-] Dynamic test user 2b02f37532494beca9ba506e9ec987a5 is created with scope project and roles: ['member']
2025-05-19 20:40:31.537 70005 INFO tempest.lib.common.dynamic_creds [-] Acquired dynamic creds: credentials: Credentials: {'domain_id': 'default', 'domain_name': 'Default', 'username': 'tempest-ServerShowV254Test-688772658-project-member', 'project_domain_id': 'default', 'project_domain_name': 'Default', 'project_id': '913ee242cc844fa3b7134c1fe7ec0e3e', 'project_name': 'tempest-ServerShowV254Test-688772658', 'tenant_id': '913ee242cc844fa3b7134c1fe7ec0e3e', 'tenant_name': 'tempest-ServerShowV254Test-688772658', 'user_domain_id': 'default', 'user_domain_name': 'Default', 'user_id': '2b02f37532494beca9ba506e9ec987a5', 'system': None}, Network: None, Subnet: None, Router: None
2025-05-19 20:40:31.537 70005 INFO tempest.lib.common.dynamic_creds [-] Created isolated network resources for: credentials: Credentials: {'domain_id': 'default', 'domain_name': 'Default', 'username': 'tempest-ServerShowV254Test-688772658-project-member', 'project_domain_id': 'default', 'project_domain_name': 'Default', 'project_id': '913ee242cc844fa3b7134c1fe7ec0e3e', 'project_name': 'tempest-ServerShowV254Test-688772658', 'tenant_id': '913ee242cc844fa3b7134c1fe7ec0e3e', 'tenant_name': 'tempest-ServerShowV254Test-688772658', 'user_domain_id': 'default', 'user_domain_name': 'Default', 'user_id': '2b02f37532494beca9ba506e9ec987a5', 'system': None}, Network: None, Subnet: None, Router: None
2025-05-19 20:40:31.674 70007 INFO tempest.lib.common.rest_client [req-81b5c7cc-138b-4d92-bee4-21362139a8fd req-81b5c7cc-138b-4d92-bee4-21362139a8fd ] Request (InstanceActionsV221TestJSON:test_get_list_deleted_instance_actions): 204 DELETE http://10.180.1.21/compute/v2.1/servers/4c62a409-a14b-4130-aed7-cfbc2bb90edf 1.592s
2025-05-19 20:40:31.676 70027 INFO tempest.lib.common.rest_client [req-378df5c0-fb52-4f97-86af-41e25f1d06ad req-378df5c0-fb52-4f97-86af-41e25f1d06ad ] Request (ServerExternalEventsTest:test_create_server_external_events): 204 DELETE http://10.180.1.21/compute/v2.1/servers/1e32a2b5-347e-4ad9-9628-750bdf31d13b 1.685s
2025-05-19 20:40:31.685 70005 INFO tempest.lib.common.rest_client [req-c71dd6ff-f2a6-4f44-9a84-ec8f0815f108 req-c71dd6ff-f2a6-4f44-9a84-ec8f0815f108 ] Request (ServerShowV254Test:setUpClass): 201 POST http://10.180.1.21/identity/v3/auth/tokens 0.144s
2025-05-19 20:40:31.701 70029 INFO tempest.lib.common.rest_client [req-5175d206-97d2-4943-9a73-5bbf56d783d2 req-5175d206-97d2-4943-9a73-5bbf56d783d2 ] Request (AttachVolumeTestJSON:_run_cleanups): 202 DELETE http://10.180.1.21/compute/v2.1/os-keypairs/tempest-keypair-970180604 1.576s
2025-05-19 20:40:31.707 70019 INFO tempest.lib.common.rest_client [req-a1fa8e1f-59ca-4f33-b2a0-27de7cdddb57 req-a1fa8e1f-59ca-4f33-b2a0-27de7cdddb57 ] Request (AttachVolumeNegativeTest:_run_cleanups): 202 DELETE http://10.180.1.21/compute/v2.1/os-keypairs/tempest-keypair-633923855 1.613s
2025-05-19 20:40:31.725 70005 INFO tempest.lib.common.rest_client [req-6eb92d16-9e48-466a-9ddf-df51882ea0c2 req-6eb92d16-9e48-466a-9ddf-df51882ea0c2 ] Request (ServerShowV254Test:test_rebuild_server): 201 POST http://10.180.1.21/identity/v3/auth/tokens 0.036s
2025-05-19 20:40:31.725 70005 INFO tempest.lib.common.fixed_network [-] (ServerShowV254Test:test_rebuild_server) Found network None available for tenant
2025-05-19 20:40:31.832 70035 INFO tempest.lib.common.rest_client [req-9ed9c441-8788-486c-a503-f23c742b9f33 req-9ed9c441-8788-486c-a503-f23c742b9f33 ] Request (ServerMetadataNegativeTestJSON:tearDownClass): 200 PUT http://10.180.1.21:9696/networking/v2.0/routers/354b55ec-17d1-4745-b096-3c7b935f7dc8/remove_router_interface 1.598s
2025-05-19 20:40:31.882 70029 INFO tempest.lib.common.rest_client [req-01757f51-6e10-4ae6-9670-c04e33a02094 req-01757f51-6e10-4ae6-9670-c04e33a02094 ] Request (AttachVolumeTestJSON:_run_cleanups): 204 DELETE http://10.180.1.21:9696/networking/v2.0/security-groups/fef27e30-3dac-494e-bf50-a197e0e2b683 0.181s
2025-05-19 20:40:31.905 70019 INFO tempest.lib.common.rest_client [req-56a5d0a2-dcea-47ac-acd8-f49ef778066e req-56a5d0a2-dcea-47ac-acd8-f49ef778066e ] Request (AttachVolumeNegativeTest:_run_cleanups): 204 DELETE http://10.180.1.21:9696/networking/v2.0/security-groups/3a5ce3cf-1ac5-4c02-b377-1502cc972e4f 0.198s
2025-05-19 20:40:31.914 70029 INFO tempest.lib.common.rest_client [req-ae1c5c9a-67f0-495f-bb31-e4b7f5ee96e7 req-ae1c5c9a-67f0-495f-bb31-e4b7f5ee96e7 ] Request (AttachVolumeTestJSON:_run_cleanups): 404 GET http://10.180.1.21:9696/networking/v2.0/security-groups/fef27e30-3dac-494e-bf50-a197e0e2b683 0.031s
2025-05-19 20:40:31.928 70019 INFO tempest.lib.common.rest_client [req-2702fb9b-064b-444c-a72b-a2b022eb3271 req-2702fb9b-064b-444c-a72b-a2b022eb3271 ] Request (AttachVolumeNegativeTest:_run_cleanups): 404 GET http://10.180.1.21:9696/networking/v2.0/security-groups/3a5ce3cf-1ac5-4c02-b377-1502cc972e4f 0.022s
2025-05-19 20:40:32.134 69991 INFO tempest.lib.common.rest_client [req-6e01e43b-edbf-4f73-a10c-9d4552fd8db3 req-6e01e43b-edbf-4f73-a10c-9d4552fd8db3 ] Request (ImagesOneServerNegativeTestJSON:setUpClass): 204 DELETE http://10.180.1.21/compute/v2.1/servers/09ce36fa-4ddb-482f-824c-72aad7be145a 1.927s
2025-05-19 20:40:32.238 70045 INFO tempest.lib.common.rest_client [req-2dbe9897-d619-43ff-b012-5f7949782a62 req-2dbe9897-d619-43ff-b012-5f7949782a62 ] Request (ServerAddressesNegativeTestJSON:setUpClass): 200 GET http://10.180.1.21/compute/v2.1/servers/e294cbf0-1254-41f0-96cd-f30ace6aaf31 2.020s
2025-05-19 20:40:32.253 70043 INFO tempest.lib.common.rest_client [req-0097bd1a-e0bb-46a8-a913-ba16e8d5448e req-0097bd1a-e0bb-46a8-a913-ba16e8d5448e ] Request (SecurityGroupsTestJSON:tearDownClass): 200 PUT http://10.180.1.21:9696/networking/v2.0/routers/25b5f793-1966-4445-b7a2-368f1e8154bc/remove_router_interface 1.413s
2025-05-19 20:40:32.259 69995 INFO tempest.lib.common.rest_client [req-106a4708-9eea-42ce-90bf-eb5fd431e96a req-106a4708-9eea-42ce-90bf-eb5fd431e96a ] Request (ServerGroup264TestJSON:test_create_get_server_group): 200 GET http://10.180.1.21/compute/v2.1/os-server-groups/104f67fa-cd50-4851-982b-f106e8a9e1df 2.002s
2025-05-19 20:40:32.344 69993 INFO tempest.lib.common.rest_client [req-ec6cf055-d847-4073-bc74-2a310413dd2c req-ec6cf055-d847-4073-bc74-2a310413dd2c ] Request (ListServerFiltersTestJSON:setUpClass): 202 POST http://10.180.1.21/compute/v2.1/servers 2.196s
2025-05-19 20:40:32.352 70019 INFO tempest.lib.common.rest_client [req-88fbab2d-9722-4416-b131-82db570a4ee4 req-88fbab2d-9722-4416-b131-82db570a4ee4 ] Request (AttachVolumeNegativeTest:_run_cleanups): 204 DELETE http://10.180.1.21:9696/networking/v2.0/floatingips/15477995-b6b7-4792-8fff-01be4f6f22b1 0.423s
2025-05-19 20:40:32.374 70037 INFO tempest.lib.common.rest_client [req-ad603c8a-ebc0-44b6-8b0d-ce4ad77f7a08 req-ad603c8a-ebc0-44b6-8b0d-ce4ad77f7a08 ] Request (ServersTestJSON:test_create_server_specify_multibyte_character_name): 404 GET http://10.180.1.21/compute/v2.1/servers/e1a4ba83-965f-4627-b632-61ecd2d11210 1.210s
2025-05-19 20:40:32.375 70037 ERROR tempest.lib.decorators [-] Hints: This test was made for the bug_type 1730756. The failure could be related to https://launchpad.net/bugs/1730756: tempest.exceptions.BuildErrorException: Server e1a4ba83-965f-4627-b632-61ecd2d11210 failed to build and is in ERROR status
2025-05-19 20:40:32.425 70029 INFO tempest.lib.common.rest_client [req-02208840-e811-42dd-8302-d64d022cb35d req-02208840-e811-42dd-8302-d64d022cb35d ] Request (AttachVolumeTestJSON:_run_cleanups): 204 DELETE http://10.180.1.21:9696/networking/v2.0/floatingips/7d65e8fe-faf5-4e44-96db-17757a1ec06b 0.510s
2025-05-19 20:40:32.525 70035 INFO tempest.lib.common.rest_client [req-b26aa7bb-bce6-4742-a72b-c5f52c5bf6e2 req-b26aa7bb-bce6-4742-a72b-c5f52c5bf6e2 ] Request (ServerMetadataNegativeTestJSON:tearDownClass): 204 DELETE http://10.180.1.21:9696/networking/v2.0/routers/354b55ec-17d1-4745-b096-3c7b935f7dc8 0.692s
2025-05-19 20:40:32.528 70037 INFO tempest.lib.common.rest_client [req-6f424f5f-041f-4581-9617-1c40d358eec2 req-6f424f5f-041f-4581-9617-1c40d358eec2 ] Request (ServersTestJSON:test_create_server_with_admin_password): 201 POST http://10.180.1.21/identity/v3/auth/tokens 0.144s
2025-05-19 20:40:32.529 70037 INFO tempest.lib.common.fixed_network [-] (ServersTestJSON:test_create_server_with_admin_password) Found network {'id': '4c22887c-1b07-4cb8-b71d-85238d8f2827', 'name': 'tempest-ServersTestJSON-1858032201-network', 'tenant_id': '85c39b99bb8d44bfb26eacedd4a3f8c4', 'admin_state_up': True, 'mtu': 8950, 'status': 'ACTIVE', 'subnets': [], 'shared': False, 'project_id': '85c39b99bb8d44bfb26eacedd4a3f8c4', 'port_security_enabled': True, 'router:external': False, 'provider:network_type': 'vlan', 'provider:physical_network': 'default', 'provider:segmentation_id': 81, 'availability_zone_hints': [], 'availability_zones': [], 'ipv4_address_scope': None, 'ipv6_address_scope': None, 'description': '', 'tags': [], 'created_at': '2025-05-19T20:40:08Z', 'updated_at': '2025-05-19T20:40:08Z', 'revision_number': 1} available for tenant
2025-05-19 20:40:32.536 70021 INFO tempest.lib.common.rest_client [req-6ae2c644-74e7-4c89-ba00-02de4cedaa7b req-6ae2c644-74e7-4c89-ba00-02de4cedaa7b ] Request (AttachInterfacesTestJSON:test_create_list_show_delete_interfaces_by_network_port): 200 GET http://10.180.1.21/compute/v2.1/servers/402d302e-cde6-4606-abea-65a4d944d486 1.362s
2025-05-19 20:40:32.719 70035 INFO tempest.lib.common.rest_client [req-e97f21fe-db50-4859-8d4b-9c59ef3a8af9 req-e97f21fe-db50-4859-8d4b-9c59ef3a8af9 ] Request (ServerMetadataNegativeTestJSON:tearDownClass): 204 DELETE http://10.180.1.21:9696/networking/v2.0/subnets/1c64c350-f4e4-4830-9c9f-224afb0d1fbf 0.194s
2025-05-19 20:40:32.780 69997 INFO tempest.lib.common.rest_client [req-ac2db659-0db0-401b-a62b-c856fd995909 req-ac2db659-0db0-401b-a62b-c856fd995909 ] Request (FloatingIPsAssociationTestJSON:setUpClass): 200 GET http://10.180.1.21/compute/v2.1/servers/d250e1ea-a9f2-476d-ad7e-da92350b081a 1.556s
2025-05-19 20:40:32.797 70023 INFO tempest.lib.common.rest_client [req-74e69c7b-d20a-4485-bebd-4c501a52fdc8 req-74e69c7b-d20a-4485-bebd-4c501a52fdc8 ] Request (SecurityGroupRulesTestJSON:test_security_group_rules_create_with_optional_cidr): 200 POST http://10.180.1.21/compute/v2.1/os-security-groups 1.647s
2025-05-19 20:40:32.950 69999 INFO tempest.lib.common.rest_client [req-0361ba78-d493-4b04-982e-2b934df4e91d req-0361ba78-d493-4b04-982e-2b934df4e91d ] Request (ServersNegativeTestMultiTenantJSON:setUpClass): 200 GET http://10.180.1.21/compute/v2.1/servers/0afc8b97-b1fa-4dc1-a2cd-b688057efe8a 1.692s
2025-05-19 20:40:32.979 70007 INFO tempest.lib.common.rest_client [req-a417cb52-2e15-42cd-8aa8-311d53aad65f req-a417cb52-2e15-42cd-8aa8-311d53aad65f ] Request (InstanceActionsV221TestJSON:test_get_list_deleted_instance_actions): 404 GET http://10.180.1.21/compute/v2.1/servers/4c62a409-a14b-4130-aed7-cfbc2bb90edf 1.304s
2025-05-19 20:40:33.006 70027 INFO tempest.lib.common.rest_client [req-5516afd1-aeb1-4964-9562-1c6702d56d25 req-5516afd1-aeb1-4964-9562-1c6702d56d25 ] Request (ServerExternalEventsTest:test_create_server_external_events): 404 GET http://10.180.1.21/compute/v2.1/servers/1e32a2b5-347e-4ad9-9628-750bdf31d13b 1.329s
2025-05-19 20:40:33.070 70035 INFO tempest.lib.common.rest_client [req-6c842516-bf71-4a89-b3e7-ced0443594af req-6c842516-bf71-4a89-b3e7-ced0443594af ] Request (ServerMetadataNegativeTestJSON:tearDownClass): 204 DELETE http://10.180.1.21:9696/networking/v2.0/networks/9fcb406a-9768-40c4-b582-c24b27f7ef9b 0.350s
2025-05-19 20:40:33.504 70005 INFO tempest.lib.common.rest_client [req-fa3cd736-35c2-46b2-ac96-3cc2def19cb9 req-fa3cd736-35c2-46b2-ac96-3cc2def19cb9 ] Request (ServerShowV254Test:test_rebuild_server): 202 POST http://10.180.1.21/compute/v2.1/servers 1.779s
2025-05-19 20:40:33.544 69991 INFO tempest.lib.common.rest_client [req-16d8173c-5d4f-4910-9552-3bd31b43be82 req-16d8173c-5d4f-4910-9552-3bd31b43be82 ] Request (ImagesOneServerNegativeTestJSON:setUpClass): 404 GET http://10.180.1.21/compute/v2.1/servers/09ce36fa-4ddb-482f-824c-72aad7be145a 1.410s
2025-05-19 20:40:33.545 69991 INFO tempest.test [-] raised in ImagesOneServerNegativeTestJSON.setUpClass. Invoking tearDownClass.
2025-05-19 20:40:33.585 70013 INFO tempest.lib.common.rest_client [req-dc9634ee-3376-463b-bdc7-824c50f9cec5 req-dc9634ee-3376-463b-bdc7-824c50f9cec5 ] Request (ServerActionsTestOtherA:setUpClass): 202 POST http://10.180.1.21/compute/v2.1/servers 2.175s
2025-05-19 20:40:33.665 69995 INFO tempest.lib.common.rest_client [req-52aaca00-683b-4cc4-ab17-2397b35f55c2 req-52aaca00-683b-4cc4-ab17-2397b35f55c2 ] Request (ServerGroup264TestJSON:_run_cleanups): 204 DELETE http://10.180.1.21/compute/v2.1/os-server-groups/104f67fa-cd50-4851-982b-f106e8a9e1df 1.404s
2025-05-19 20:40:33.667 70035 INFO tempest.lib.common.rest_client [req-3ea7f2a7-2988-40b3-b578-46d7cdb2490a req-3ea7f2a7-2988-40b3-b578-46d7cdb2490a ] Request (ServerMetadataNegativeTestJSON:tearDownClass): 204 DELETE http://10.180.1.21/identity/v3/users/289e66002612423e9b5e9155e55a7002 0.597s
2025-05-19 20:40:33.667 70035 INFO tempest.lib.common.dynamic_creds [-] Deleting project and security group for project: 3e67eaa049694290bcbdd04a7b217fad
2025-05-19 20:40:33.670 70027 INFO tempest.lib.common.rest_client [req-812c7f10-c811-469f-a45a-67860d699728 req-812c7f10-c811-469f-a45a-67860d699728 ] Request (ServerExternalEventsTest:tearDownClass): 204 DELETE http://10.180.1.21/identity/v3/users/7c3700545d6b432bae6658f70317966e 0.655s
2025-05-19 20:40:33.674 70043 INFO tempest.lib.common.rest_client [req-d75f3ce3-227b-4193-b0fc-3cbbabae602b req-d75f3ce3-227b-4193-b0fc-3cbbabae602b ] Request (SecurityGroupsTestJSON:tearDownClass): 204 DELETE http://10.180.1.21:9696/networking/v2.0/routers/25b5f793-1966-4445-b7a2-368f1e8154bc 1.421s
2025-05-19 20:40:33.740 70019 INFO tempest.lib.common.rest_client [req-22c28a66-9df5-4d1d-a5f9-9cd26a270e79 req-22c28a66-9df5-4d1d-a5f9-9cd26a270e79 ] Request (AttachVolumeNegativeTest:tearDownClass): 200 PUT http://10.180.1.21:9696/networking/v2.0/routers/29bcb040-8ba6-415b-886f-a212ddd9df9b/remove_router_interface 1.378s
2025-05-19 20:40:33.782 69993 INFO tempest.lib.common.rest_client [req-c68537e3-ed85-41ff-856f-5f59f9c3cdf1 req-c68537e3-ed85-41ff-856f-5f59f9c3cdf1 ] Request (ListServerFiltersTestJSON:setUpClass): 200 GET http://10.180.1.21/compute/v2.1/servers/0485de7b-c293-4dca-a3f5-ea30f8083816 1.436s
2025-05-19 20:40:33.784 70035 INFO tempest.lib.common.rest_client [req-b7de4f20-85cc-4fb0-aab4-431595ead43d req-b7de4f20-85cc-4fb0-aab4-431595ead43d ] Request (ServerMetadataNegativeTestJSON:tearDownClass): 200 GET http://10.180.1.21:9696/networking/v2.0/security-groups?tenant_id=3e67eaa049694290bcbdd04a7b217fad&name=default 0.116s
2025-05-19 20:40:34.094 70035 INFO tempest.lib.common.rest_client [req-8d3fac20-9a36-4dd4-823f-239405616009 req-8d3fac20-9a36-4dd4-823f-239405616009 ] Request (ServerMetadataNegativeTestJSON:tearDownClass): 204 DELETE http://10.180.1.21:9696/networking/v2.0/security-groups/2e201899-1d38-43e3-ac4e-b979c8dc1a44 0.309s
2025-05-19 20:40:34.156 70043 INFO tempest.lib.common.rest_client [req-103c1579-0753-43ef-8964-e61565c8fb9d req-103c1579-0753-43ef-8964-e61565c8fb9d ] Request (SecurityGroupsTestJSON:tearDownClass): 204 DELETE http://10.180.1.21:9696/networking/v2.0/subnets/82d1e453-7663-48b4-9733-eff433262f19 0.481s
2025-05-19 20:40:34.164 70027 INFO tempest.lib.common.rest_client [req-a160584f-0ea3-4085-b1a2-64036b10191c req-a160584f-0ea3-4085-b1a2-64036b10191c ] Request (ServerExternalEventsTest:tearDownClass): 204 DELETE http://10.180.1.21/identity/v3/users/9ef420d2fdc34b2bb68079791af9c5b0 0.493s
2025-05-19 20:40:34.516 70045 INFO tempest.lib.common.rest_client [req-47528443-dad0-48e5-bde7-834a777e0f7e req-47528443-dad0-48e5-bde7-834a777e0f7e ] Request (ServerAddressesNegativeTestJSON:setUpClass): 204 DELETE http://10.180.1.21/compute/v2.1/servers/e294cbf0-1254-41f0-96cd-f30ace6aaf31 2.271s
2025-05-19 20:40:34.542 70029 INFO tempest.lib.common.rest_client [req-76b0d1e1-f832-43af-816d-7537c28134a0 req-76b0d1e1-f832-43af-816d-7537c28134a0 ] Request (AttachVolumeTestJSON:tearDownClass): 200 PUT http://10.180.1.21:9696/networking/v2.0/routers/939797e8-fed9-497d-add8-f9c9ba6e8fa1/remove_router_interface 2.112s
2025-05-19 20:40:34.551 70027 INFO tempest.lib.common.rest_client [req-237af6a3-1292-4480-bd48-8543ed2a0972 req-237af6a3-1292-4480-bd48-8543ed2a0972 ] Request (ServerExternalEventsTest:tearDownClass): 204 DELETE http://10.180.1.21/identity/v3/users/9a756666d3b84de8b1cbc9df236f3f7d 0.386s
2025-05-19 20:40:34.555 70027 INFO tempest.lib.common.dynamic_creds [-] Deleting project and security group for project: 853aebde877d4f5b835bd71cd4ce7b13
2025-05-19 20:40:34.562 70035 INFO tempest.lib.common.rest_client [req-fdd94bae-f050-4144-a706-74273b530887 req-fdd94bae-f050-4144-a706-74273b530887 ] Request (ServerMetadataNegativeTestJSON:tearDownClass): 204 DELETE http://10.180.1.21/identity/v3/projects/3e67eaa049694290bcbdd04a7b217fad 0.467s
2025-05-19 20:40:34.601 70037 INFO tempest.lib.common.rest_client [req-456a85c2-d58b-472e-9c0f-c5d1be5fadb1 req-456a85c2-d58b-472e-9c0f-c5d1be5fadb1 ] Request (ServersTestJSON:test_create_server_with_admin_password): 202 POST http://10.180.1.21/compute/v2.1/servers 2.071s
2025-05-19 20:40:34.631 70007 INFO tempest.lib.common.rest_client [req-eaece327-fb57-4cef-90e2-274b71020817 req-eaece327-fb57-4cef-90e2-274b71020817 ] Request (InstanceActionsV221TestJSON:tearDownClass): 200 PUT http://10.180.1.21:9696/networking/v2.0/routers/da3f7cee-e7ac-40ba-b08b-b4ee7fc46d85/remove_router_interface 1.644s
2025-05-19 20:40:34.711 70027 INFO tempest.lib.common.rest_client [req-d8651c83-9541-448b-8b37-fc8223dfb112 req-d8651c83-9541-448b-8b37-fc8223dfb112 ] Request (ServerExternalEventsTest:tearDownClass): 201 POST http://10.180.1.21/identity/v3/auth/tokens 0.156s
2025-05-19 20:40:35.020 70019 INFO tempest.lib.common.rest_client [req-33435e7a-7ed8-44ff-8d0c-744e51912469 req-33435e7a-7ed8-44ff-8d0c-744e51912469 ] Request (AttachVolumeNegativeTest:tearDownClass): 204 DELETE http://10.180.1.21:9696/networking/v2.0/routers/29bcb040-8ba6-415b-886f-a212ddd9df9b 1.280s
2025-05-19 20:40:35.048 70043 INFO tempest.lib.common.rest_client [req-60a85baa-1629-40c2-80c8-bab1f2d42423 req-60a85baa-1629-40c2-80c8-bab1f2d42423 ] Request (SecurityGroupsTestJSON:tearDownClass): 204 DELETE http://10.180.1.21:9696/networking/v2.0/networks/aadda54e-bd33-405b-bec3-94c7e1024fbb 0.892s
2025-05-19 20:40:35.066 70021 INFO tempest.lib.common.rest_client [req-d5a083b1-9332-405a-819b-415ddb0aeeb0 req-d5a083b1-9332-405a-819b-415ddb0aeeb0 ] Request (AttachInterfacesTestJSON:test_create_list_show_delete_interfaces_by_network_port): 204 DELETE http://10.180.1.21/compute/v2.1/servers/402d302e-cde6-4606-abea-65a4d944d486 2.522s
2025-05-19 20:40:35.166 69997 INFO tempest.lib.common.rest_client [req-cde5e99d-8ce9-47ea-951a-fe10d364d8a9 req-cde5e99d-8ce9-47ea-951a-fe10d364d8a9 ] Request (FloatingIPsAssociationTestJSON:setUpClass): 204 DELETE http://10.180.1.21/compute/v2.1/servers/d250e1ea-a9f2-476d-ad7e-da92350b081a 2.378s
2025-05-19 20:40:35.282 70043 INFO tempest.lib.common.rest_client [req-0e7543a3-573a-44c4-93aa-e2cc9e707202 req-0e7543a3-573a-44c4-93aa-e2cc9e707202 ] Request (SecurityGroupsTestJSON:tearDownClass): 204 DELETE http://10.180.1.21/identity/v3/users/77ab2f4a8c2245b68949d24d23c16c8d 0.233s
2025-05-19 20:40:35.282 70043 INFO tempest.lib.common.dynamic_creds [-] Deleting project and security group for project: a2ae3430bf134dbab6e2f0d583156b50
2025-05-19 20:40:35.335 70043 INFO tempest.lib.common.rest_client [req-67605f8e-0b4f-4549-a101-f3034c3f70ff req-67605f8e-0b4f-4549-a101-f3034c3f70ff ] Request (SecurityGroupsTestJSON:tearDownClass): 200 GET http://10.180.1.21:9696/networking/v2.0/security-groups?tenant_id=a2ae3430bf134dbab6e2f0d583156b50&name=default 0.052s
2025-05-19 20:40:35.438 70027 INFO tempest.lib.common.rest_client [req-682da898-3da6-4192-8f20-acd26e15b398 req-682da898-3da6-4192-8f20-acd26e15b398 ] Request (ServerExternalEventsTest:tearDownClass): 200 GET http://10.180.1.21:9696/networking/v2.0/security-groups?tenant_id=853aebde877d4f5b835bd71cd4ce7b13&name=default 0.727s
2025-05-19 20:40:35.474 70007 INFO tempest.lib.common.rest_client [req-3d165f25-323e-4712-9d1d-c26995e1a341 req-3d165f25-323e-4712-9d1d-c26995e1a341 ] Request (InstanceActionsV221TestJSON:tearDownClass): 204 DELETE http://10.180.1.21:9696/networking/v2.0/routers/da3f7cee-e7ac-40ba-b08b-b4ee7fc46d85 0.843s
2025-05-19 20:40:35.487 70043 INFO tempest.lib.common.rest_client [req-c65e96b6-c7ab-4af4-88ff-f450d25c6b7b req-c65e96b6-c7ab-4af4-88ff-f450d25c6b7b ] Request (SecurityGroupsTestJSON:tearDownClass): 204 DELETE http://10.180.1.21:9696/networking/v2.0/security-groups/b24fb661-cd29-4bc1-86d7-844cc55bba47 0.151s
2025-05-19 20:40:35.568 70027 INFO tempest.lib.common.rest_client [req-760f9f1c-6c74-47f1-9ddf-78762cd50663 req-760f9f1c-6c74-47f1-9ddf-78762cd50663 ] Request (ServerExternalEventsTest:tearDownClass): 204 DELETE http://10.180.1.21:9696/networking/v2.0/security-groups/e502b1af-2ce9-4744-9442-2a0021ca75b1 0.129s
2025-05-19 20:40:35.700 70023 INFO tempest.lib.common.rest_client [req-79578a15-3d98-4803-aac4-be8661047d8b req-79578a15-3d98-4803-aac4-be8661047d8b ] Request (SecurityGroupRulesTestJSON:test_security_group_rules_create_with_optional_cidr): 200 POST http://10.180.1.21/compute/v2.1/os-security-group-rules 2.900s
2025-05-19 20:40:35.701 70019 INFO tempest.lib.common.rest_client [req-017ba4db-7096-4e58-8c01-4d6a630a5be7 req-017ba4db-7096-4e58-8c01-4d6a630a5be7 ] Request (AttachVolumeNegativeTest:tearDownClass): 204 DELETE http://10.180.1.21:9696/networking/v2.0/subnets/a01a2cfb-a6eb-40e2-9c65-ba3e228a7e47 0.681s
2025-05-19 20:40:35.734 70043 INFO tempest.lib.common.rest_client [req-372f0e7f-cc1f-4a82-a42b-c86d2e2ce3b6 req-372f0e7f-cc1f-4a82-a42b-c86d2e2ce3b6 ] Request (SecurityGroupsTestJSON:tearDownClass): 204 DELETE http://10.180.1.21/identity/v3/projects/a2ae3430bf134dbab6e2f0d583156b50 0.246s
2025-05-19 20:40:35.763 70029 INFO tempest.lib.common.rest_client [req-8c544170-52f4-4104-a881-0e51f7ee5c3d req-8c544170-52f4-4104-a881-0e51f7ee5c3d ] Request (AttachVolumeTestJSON:tearDownClass): 204 DELETE http://10.180.1.21:9696/networking/v2.0/routers/939797e8-fed9-497d-add8-f9c9ba6e8fa1 1.220s
2025-05-19 20:40:35.771 70027 INFO tempest.lib.common.rest_client [req-517be3df-3919-4ea6-8444-48667f4f6a76 req-517be3df-3919-4ea6-8444-48667f4f6a76 ] Request (ServerExternalEventsTest:tearDownClass): 204 DELETE http://10.180.1.21/identity/v3/projects/853aebde877d4f5b835bd71cd4ce7b13 0.202s
2025-05-19 20:40:35.771 70027 INFO tempest.lib.common.dynamic_creds [-] Deleting project and security group for project: b2e19b703e204482909fec1bc236a9de
2025-05-19 20:40:35.789 69999 INFO tempest.lib.common.rest_client [req-052fe181-6330-4e99-93f4-5eae91e4c832 req-052fe181-6330-4e99-93f4-5eae91e4c832 ] Request (ServersNegativeTestMultiTenantJSON:setUpClass): 204 DELETE http://10.180.1.21/compute/v2.1/servers/0afc8b97-b1fa-4dc1-a2cd-b688057efe8a 2.826s
2025-05-19 20:40:35.803 70043 INFO tempest.lib.common.rest_client [req-5eb7adb1-9370-421f-bd59-2fd69fa42d17 req-5eb7adb1-9370-421f-bd59-2fd69fa42d17 ] Request (ServerGroupTestJSON:setUpClass): 201 POST http://10.180.1.21/identity/v3/auth/tokens 0.067s
2025-05-19 20:40:35.807 70007 INFO tempest.lib.common.rest_client [req-db18725d-173e-49ed-9ccb-7221ea512a75 req-db18725d-173e-49ed-9ccb-7221ea512a75 ] Request (InstanceActionsV221TestJSON:tearDownClass): 204 DELETE http://10.180.1.21:9696/networking/v2.0/subnets/26a0e304-81ee-4006-8284-e128f41795cc 0.332s
2025-05-19 20:40:35.809 70005 INFO tempest.lib.common.rest_client [req-2ea11cbb-c8bf-4657-be59-16b6a0aa4fa9 req-2ea11cbb-c8bf-4657-be59-16b6a0aa4fa9 ] Request (ServerShowV254Test:test_rebuild_server): 200 GET http://10.180.1.21/compute/v2.1/servers/9a31df14-aafe-4de1-b1a7-1d71be075d6a 2.303s
2025-05-19 20:40:35.829 69995 INFO tempest.lib.common.rest_client [req-43d283f6-9dbb-4bd9-84df-688314bdd904 req-43d283f6-9dbb-4bd9-84df-688314bdd904 ] Request (ServerGroup264TestJSON:tearDownClass): 404 DELETE http://10.180.1.21/compute/v2.1/os-server-groups/104f67fa-cd50-4851-982b-f106e8a9e1df 2.151s
2025-05-19 20:40:35.833 70043 INFO tempest.lib.common.rest_client [req-818f4996-57b1-43af-8be8-2b73620be19d req-818f4996-57b1-43af-8be8-2b73620be19d ] Request (ServerGroupTestJSON:setUpClass): 201 POST http://10.180.1.21/identity/v3/auth/tokens 0.028s
2025-05-19 20:40:35.852 70045 INFO tempest.lib.common.rest_client [req-d9859bd0-df86-4933-8fff-502d6cadd21a req-d9859bd0-df86-4933-8fff-502d6cadd21a ] Request (ServerAddressesNegativeTestJSON:setUpClass): 404 GET http://10.180.1.21/compute/v2.1/servers/e294cbf0-1254-41f0-96cd-f30ace6aaf31 1.335s
2025-05-19 20:40:35.852 70045 INFO tempest.test [-] raised in ServerAddressesNegativeTestJSON.setUpClass. Invoking tearDownClass.
2025-05-19 20:40:35.858 70043 INFO tempest.lib.common.rest_client [req-1e8517ce-2ec2-4502-9192-f35e4a92e747 req-1e8517ce-2ec2-4502-9192-f35e4a92e747 ] Request (ServerGroupTestJSON:setUpClass): 200 GET http://10.180.1.21/identity/v3/domains?name=Default 0.024s
2025-05-19 20:40:35.906 70043 INFO tempest.lib.common.rest_client [req-d869524f-aaad-495c-843d-af0caf79d859 req-d869524f-aaad-495c-843d-af0caf79d859 ] Request (ServerGroupTestJSON:setUpClass): 201 POST http://10.180.1.21/identity/v3/projects 0.047s
2025-05-19 20:40:35.919 70013 INFO tempest.lib.common.rest_client [req-d4e1239e-f9d1-4785-bd6e-aefe525948de req-d4e1239e-f9d1-4785-bd6e-aefe525948de ] Request (ServerActionsTestOtherA:setUpClass): 200 GET http://10.180.1.21/compute/v2.1/servers/d3e7b5ed-9937-429e-b407-cdc2ae9e6fca 2.331s
2025-05-19 20:40:35.940 69991 INFO tempest.lib.common.rest_client [req-e7909a84-02b0-4884-9022-3cde00bc4e85 req-e7909a84-02b0-4884-9022-3cde00bc4e85 ] Request (ImagesOneServerNegativeTestJSON:tearDownClass): 200 PUT http://10.180.1.21:9696/networking/v2.0/routers/ea9fb68a-3aa3-43aa-97a5-665f930f804f/remove_router_interface 2.395s
2025-05-19 20:40:35.997 70043 INFO tempest.lib.common.rest_client [req-58a60fcb-e8f8-43ef-90d8-f6594e4e5023 req-58a60fcb-e8f8-43ef-90d8-f6594e4e5023 ] Request (ServerGroupTestJSON:setUpClass): 201 POST http://10.180.1.21/identity/v3/users 0.091s
2025-05-19 20:40:36.003 70029 INFO tempest.lib.common.rest_client [req-e4c1ad8a-1158-46ba-84c5-09a31662c1b3 req-e4c1ad8a-1158-46ba-84c5-09a31662c1b3 ] Request (AttachVolumeTestJSON:tearDownClass): 204 DELETE http://10.180.1.21:9696/networking/v2.0/subnets/e7ab6ff8-aeb3-4d05-ab69-7596f648ff0e 0.240s
2025-05-19 20:40:36.026 69993 INFO tempest.lib.common.rest_client [req-faffdb3f-8534-49fd-a7e3-4d4e8d09dbae req-faffdb3f-8534-49fd-a7e3-4d4e8d09dbae ] Request (ListServerFiltersTestJSON:setUpClass): 200 GET http://10.180.1.21/compute/v2.1/servers/0485de7b-c293-4dca-a3f5-ea30f8083816 1.233s
2025-05-19 20:40:36.045 70043 INFO tempest.lib.common.rest_client [req-eea9d329-2c4b-43ee-ad13-20575245f44a req-eea9d329-2c4b-43ee-ad13-20575245f44a ] Request (ServerGroupTestJSON:setUpClass): 200 GET http://10.180.1.21/identity/v3/roles 0.047s
2025-05-19 20:40:36.077 70021 INFO tempest.lib.common.rest_client [req-c2b396b1-ec4a-43d7-8d04-bae3365216aa req-c2b396b1-ec4a-43d7-8d04-bae3365216aa ] Request (AttachInterfacesTestJSON:test_create_list_show_delete_interfaces_by_network_port): 404 GET http://10.180.1.21/compute/v2.1/servers/402d302e-cde6-4606-abea-65a4d944d486 1.010s
2025-05-19 20:40:36.114 69997 INFO tempest.lib.common.rest_client [req-dddc8e06-69c5-4f00-baaa-4e74b2a726f7 req-dddc8e06-69c5-4f00-baaa-4e74b2a726f7 ] Request (FloatingIPsAssociationTestJSON:setUpClass): 404 GET http://10.180.1.21/compute/v2.1/servers/d250e1ea-a9f2-476d-ad7e-da92350b081a 0.947s
2025-05-19 20:40:36.114 69997 INFO tempest.test [-] raised in FloatingIPsAssociationTestJSON.setUpClass. Invoking tearDownClass.
2025-05-19 20:40:36.119 70043 INFO tempest.lib.common.rest_client [req-5e438ee7-1323-4a0e-8949-36e571fbc48c req-5e438ee7-1323-4a0e-8949-36e571fbc48c ] Request (ServerGroupTestJSON:setUpClass): 204 PUT http://10.180.1.21/identity/v3/projects/83fe69f169e4427da6bf49c780a6bb41/users/759f889e566149f79e1e8661fb45d09d/roles/8cb4710998b34cb4962ed26498dee4b6 0.074s
2025-05-19 20:40:36.120 70043 INFO tempest.lib.common.dynamic_creds [-] Dynamic test user 759f889e566149f79e1e8661fb45d09d is created with scope project and roles: ['member']
2025-05-19 20:40:36.120 70043 INFO tempest.lib.common.dynamic_creds [-] Acquired dynamic creds: credentials: Credentials: {'domain_id': 'default', 'domain_name': 'Default', 'username': 'tempest-ServerGroupTestJSON-1459924135-project-member', 'project_domain_id': 'default', 'project_domain_name': 'Default', 'project_id': '83fe69f169e4427da6bf49c780a6bb41', 'project_name': 'tempest-ServerGroupTestJSON-1459924135', 'tenant_id': '83fe69f169e4427da6bf49c780a6bb41', 'tenant_name': 'tempest-ServerGroupTestJSON-1459924135', 'user_domain_id': 'default', 'user_domain_name': 'Default', 'user_id': '759f889e566149f79e1e8661fb45d09d', 'system': None}, Network: None, Subnet: None, Router: None
2025-05-19 20:40:36.131 70007 INFO tempest.lib.common.rest_client [req-2fc9d55f-80bc-4d33-ad01-54b2f1f413c3 req-2fc9d55f-80bc-4d33-ad01-54b2f1f413c3 ] Request (InstanceActionsV221TestJSON:tearDownClass): 204 DELETE http://10.180.1.21:9696/networking/v2.0/networks/d44e4a2b-8e68-4f81-912a-9703eaf7c9cf 0.324s
2025-05-19 20:40:36.151 70027 INFO tempest.lib.common.rest_client [req-86a00c7e-1a2d-47c6-980e-ee73e5748833 req-86a00c7e-1a2d-47c6-980e-ee73e5748833 ] Request (ServerExternalEventsTest:tearDownClass): 200 GET http://10.180.1.21:9696/networking/v2.0/security-groups?tenant_id=b2e19b703e204482909fec1bc236a9de&name=default 0.379s
2025-05-19 20:40:36.222 70043 INFO tempest.lib.common.rest_client [req-71b35c4e-1281-48f3-8243-0c4f77c6a1c7 req-71b35c4e-1281-48f3-8243-0c4f77c6a1c7 ] Request (ServerGroupTestJSON:setUpClass): 201 POST http://10.180.1.21/identity/v3/auth/tokens 0.101s
2025-05-19 20:40:36.415 70037 INFO tempest.lib.common.rest_client [req-2da313ef-9d4d-4eaf-aa3a-256dc3e2a76f req-2da313ef-9d4d-4eaf-aa3a-256dc3e2a76f ] Request (ServersTestJSON:_run_cleanups): 204 DELETE http://10.180.1.21/compute/v2.1/servers/dbef0acc-7a56-4e6f-bb13-198148dca43c 1.812s
2025-05-19 20:40:36.468 69999 INFO tempest.lib.common.rest_client [req-0709da5b-a740-450e-99c1-1fd7fc0958aa req-0709da5b-a740-450e-99c1-1fd7fc0958aa ] Request (ServersNegativeTestMultiTenantJSON:setUpClass): 404 GET http://10.180.1.21/compute/v2.1/servers/0afc8b97-b1fa-4dc1-a2cd-b688057efe8a 0.678s
2025-05-19 20:40:36.468 69999 INFO tempest.test [-] raised in ServersNegativeTestMultiTenantJSON.setUpClass. Invoking tearDownClass.
2025-05-19 20:40:36.535 70007 INFO tempest.lib.common.rest_client [req-7f0ae483-b7a1-4a20-a4f6-48e50c71abfc req-7f0ae483-b7a1-4a20-a4f6-48e50c71abfc ] Request (InstanceActionsV221TestJSON:tearDownClass): 204 DELETE http://10.180.1.21/identity/v3/users/6583626df27d4b5fac17f6dc21ecd058 0.404s
2025-05-19 20:40:36.536 70007 INFO tempest.lib.common.dynamic_creds [-] Deleting project and security group for project: 1fece88b143d49679385402b4f725e63
2025-05-19 20:40:36.607 70007 INFO tempest.lib.common.rest_client [req-924ac9a0-c806-4a2a-abee-da6279a944e2 req-924ac9a0-c806-4a2a-abee-da6279a944e2 ] Request (InstanceActionsV221TestJSON:tearDownClass): 200 GET http://10.180.1.21:9696/networking/v2.0/security-groups?tenant_id=1fece88b143d49679385402b4f725e63&name=default 0.071s
2025-05-19 20:40:36.613 70023 INFO tempest.lib.common.rest_client [req-05f0408b-7293-490b-a4bf-eb95839744d4 req-05f0408b-7293-490b-a4bf-eb95839744d4 ] Request (SecurityGroupRulesTestJSON:test_security_group_rules_create_with_optional_group_id): 200 POST http://10.180.1.21/compute/v2.1/os-security-groups 0.908s
2025-05-19 20:40:36.817 70019 INFO tempest.lib.common.rest_client [req-a1ab239c-bb6a-4bf2-ae4a-a7962f81781f req-a1ab239c-bb6a-4bf2-ae4a-a7962f81781f ] Request (AttachVolumeNegativeTest:tearDownClass): 204 DELETE http://10.180.1.21:9696/networking/v2.0/networks/f41684d7-b4ad-4608-ab3b-6b035a035634 1.115s
2025-05-19 20:40:36.826 70029 INFO tempest.lib.common.rest_client [req-38e93221-0f0a-4161-822c-6dfc09380148 req-38e93221-0f0a-4161-822c-6dfc09380148 ] Request (AttachVolumeTestJSON:tearDownClass): 204 DELETE http://10.180.1.21:9696/networking/v2.0/networks/3821ea53-03cf-4b48-8aac-056148fc5059 0.823s
2025-05-19 20:40:36.829 70021 INFO tempest.lib.common.rest_client [req-c024e73c-d2a6-4d06-9edb-ee1bb8f2a408 req-c024e73c-d2a6-4d06-9edb-ee1bb8f2a408 ] Request (AttachInterfacesTestJSON:_run_cleanups): 202 DELETE http://10.180.1.21/compute/v2.1/os-keypairs/tempest-keypair-1254814757 0.751s
2025-05-19 20:40:36.866 70027 INFO tempest.lib.common.rest_client [req-06c73096-8899-42d7-a109-fb02b10e7f3a req-06c73096-8899-42d7-a109-fb02b10e7f3a ] Request (ServerExternalEventsTest:tearDownClass): 204 DELETE http://10.180.1.21:9696/networking/v2.0/security-groups/19430df3-a853-45d9-b2b6-855be0891c1c 0.714s
2025-05-19 20:40:36.874 70037 INFO tempest.lib.common.rest_client [req-afd66b57-3be6-445b-b172-4a8ae82c53e3 req-afd66b57-3be6-445b-b172-4a8ae82c53e3 ] Request (ServersTestJSON:_run_cleanups): 404 GET http://10.180.1.21/compute/v2.1/servers/dbef0acc-7a56-4e6f-bb13-198148dca43c 0.458s
2025-05-19 20:40:37.148 70007 INFO tempest.lib.common.rest_client [req-4ee57568-4dfc-4224-b214-fbf71cd3a0ac req-4ee57568-4dfc-4224-b214-fbf71cd3a0ac ] Request (InstanceActionsV221TestJSON:tearDownClass): 204 DELETE http://10.180.1.21:9696/networking/v2.0/security-groups/109c79c7-8e4c-4ed9-a7b4-b7bf525184d6 0.540s
2025-05-19 20:40:37.151 70021 INFO tempest.lib.common.rest_client [req-ccc2f12a-e137-47c2-af75-537408370434 req-ccc2f12a-e137-47c2-af75-537408370434 ] Request (AttachInterfacesTestJSON:_run_cleanups): 204 DELETE http://10.180.1.21:9696/networking/v2.0/security-groups/594bbc5e-894d-483c-9bea-487529f5806c 0.320s
2025-05-19 20:40:37.176 70021 INFO tempest.lib.common.rest_client [req-28254a9e-f14a-463d-9c86-62678db90b72 req-28254a9e-f14a-463d-9c86-62678db90b72 ] Request (AttachInterfacesTestJSON:_run_cleanups): 404 GET http://10.180.1.21:9696/networking/v2.0/security-groups/594bbc5e-894d-483c-9bea-487529f5806c 0.024s
2025-05-19 20:40:37.315 70019 INFO tempest.lib.common.rest_client [req-2721aa6c-6f40-49ad-8ad9-72ecd75b0b5c req-2721aa6c-6f40-49ad-8ad9-72ecd75b0b5c ] Request (AttachVolumeNegativeTest:tearDownClass): 204 DELETE http://10.180.1.21/identity/v3/users/11e1f6ebfa25455a97dd792457e5dffc 0.498s
2025-05-19 20:40:37.316 70019 INFO tempest.lib.common.dynamic_creds [-] Deleting project and security group for project: 0459d25518d14639b3b469d5811cee72
2025-05-19 20:40:37.322 70029 INFO tempest.lib.common.rest_client [req-9e80ed99-2df2-4683-b238-4a31c7057bbd req-9e80ed99-2df2-4683-b238-4a31c7057bbd ] Request (AttachVolumeTestJSON:tearDownClass): 204 DELETE http://10.180.1.21/identity/v3/users/5bf4d9a1373243ab991988ed80d4b24e 0.495s
2025-05-19 20:40:37.323 70029 INFO tempest.lib.common.dynamic_creds [-] Deleting project and security group for project: 5b31ffc8d1894e27821f0a016fe53e24
2025-05-19 20:40:37.392 70037 INFO tempest.lib.common.rest_client [req-d1c1f6a6-327a-4c94-b1e9-24bd3fe9bb36 req-d1c1f6a6-327a-4c94-b1e9-24bd3fe9bb36 ] Request (ServersTestJSON:test_create_server_with_ipv6_addr_only): 201 POST http://10.180.1.21/identity/v3/auth/tokens 0.509s
2025-05-19 20:40:37.392 70037 INFO tempest.lib.common.fixed_network [-] (ServersTestJSON:test_create_server_with_ipv6_addr_only) Found network {'id': '4c22887c-1b07-4cb8-b71d-85238d8f2827', 'name': 'tempest-ServersTestJSON-1858032201-network', 'tenant_id': '85c39b99bb8d44bfb26eacedd4a3f8c4', 'admin_state_up': True, 'mtu': 8950, 'status': 'ACTIVE', 'subnets': [], 'shared': False, 'project_id': '85c39b99bb8d44bfb26eacedd4a3f8c4', 'port_security_enabled': True, 'router:external': False, 'provider:network_type': 'vlan', 'provider:physical_network': 'default', 'provider:segmentation_id': 81, 'availability_zone_hints': [], 'availability_zones': [], 'ipv4_address_scope': None, 'ipv6_address_scope': None, 'description': '', 'tags': [], 'created_at': '2025-05-19T20:40:08Z', 'updated_at': '2025-05-19T20:40:08Z', 'revision_number': 1} available for tenant
2025-05-19 20:40:37.459 70029 INFO tempest.lib.common.rest_client [req-91aefe0d-0ff3-4620-bf7b-ba142d29c071 req-91aefe0d-0ff3-4620-bf7b-ba142d29c071 ] Request (AttachVolumeTestJSON:tearDownClass): 200 GET http://10.180.1.21:9696/networking/v2.0/security-groups?tenant_id=5b31ffc8d1894e27821f0a016fe53e24&name=default 0.136s
2025-05-19 20:40:37.458 70019 INFO tempest.lib.common.rest_client [req-90d890f5-2740-4413-a09d-99e1eb8b19d9 req-90d890f5-2740-4413-a09d-99e1eb8b19d9 ] Request (AttachVolumeNegativeTest:tearDownClass): 200 GET http://10.180.1.21:9696/networking/v2.0/security-groups?tenant_id=0459d25518d14639b3b469d5811cee72&name=default 0.142s
2025-05-19 20:40:37.469 69993 INFO tempest.lib.common.rest_client [req-cf414b75-6595-425d-8601-af2ccd759c96 req-cf414b75-6595-425d-8601-af2ccd759c96 ] Request (ListServerFiltersTestJSON:setUpClass): 204 DELETE http://10.180.1.21/compute/v2.1/servers/0485de7b-c293-4dca-a3f5-ea30f8083816 1.435s
2025-05-19 20:40:37.595 70005 INFO tempest.lib.common.rest_client [req-65f8d806-281c-4941-9f43-3266ec07258f req-65f8d806-281c-4941-9f43-3266ec07258f ] Request (ServerShowV254Test:test_rebuild_server): 200 GET http://10.180.1.21/compute/v2.1/servers/9a31df14-aafe-4de1-b1a7-1d71be075d6a 0.774s
2025-05-19 20:40:37.672 70013 INFO tempest.lib.common.rest_client [req-a12fb44c-8729-4ecd-b6c6-db17ebf818b5 req-a12fb44c-8729-4ecd-b6c6-db17ebf818b5 ] Request (ServerActionsTestOtherA:setUpClass): 200 GET http://10.180.1.21/compute/v2.1/servers/d3e7b5ed-9937-429e-b407-cdc2ae9e6fca 0.740s
2025-05-19 20:40:38.019 70043 INFO tempest.lib.common.rest_client [req-aa34bfd6-4181-4cff-80a0-b802456188c4 req-aa34bfd6-4181-4cff-80a0-b802456188c4 ] Request (ServerGroupTestJSON:setUpClass): 201 POST http://10.180.1.21:9696/networking/v2.0/networks 1.796s
2025-05-19 20:40:38.028 70023 INFO tempest.lib.common.rest_client [req-7fd874e0-300b-489d-b72a-442585c1ed42 req-7fd874e0-300b-489d-b72a-442585c1ed42 ] Request (SecurityGroupRulesTestJSON:test_security_group_rules_create_with_optional_group_id): 200 POST http://10.180.1.21/compute/v2.1/os-security-groups 1.407s
2025-05-19 20:40:38.044 70045 INFO tempest.lib.common.rest_client [req-852cb319-8cce-457d-8a61-2f86a6ea6770 req-852cb319-8cce-457d-8a61-2f86a6ea6770 ] Request (ServerAddressesNegativeTestJSON:tearDownClass): 200 PUT http://10.180.1.21:9696/networking/v2.0/routers/259b082b-94b5-49fd-986f-0c26aae47db3/remove_router_interface 2.191s
