2025-05-19 20:40:02.735 70009 INFO tempest.lib.common.rest_client [req-8816aae9-ddd3-4f7d-91c6-c6aa157c101d req-8816aae9-ddd3-4f7d-91c6-c6aa157c101d ] Request (ServersAaction247Test:test_create_backup): 204 DELETE http://10.180.1.21/compute/v2.1/servers/e67cb3a2-3d2b-45a3-bf3d-ca049879a7b4 1.373s
2025-05-19 20:40:02.767 70025 INFO tempest.lib.common.rest_client [req-33d374f9-a4ef-487d-b05b-b2ce39318c5d req-33d374f9-a4ef-487d-b05b-b2ce39318c5d ] Request (ServersAdminNegativeTestJSON:tearDownClass): 204 DELETE http://10.180.1.21/identity/v3/users/9386660904854aedb5d3f8493e8020a7 0.148s
2025-05-19 20:40:02.768 70025 INFO tempest.lib.common.dynamic_creds [-] Deleting project and security group for project: cb97732300bd4a5b8bd06fe106711698
2025-05-19 20:40:02.781 70045 INFO tempest.lib.common.rest_client [req-ef2090ae-bfda-4971-a848-081aba25757b req-ef2090ae-bfda-4971-a848-081aba25757b ] Request (ImagesMetadataTestJSON:test_set_image_metadata_item): 200 GET http://10.180.1.21/compute/v2.1/images/b24816d2-7587-4a1b-9e35-4b3e369b581d/metadata 1.333s
2025-05-19 20:40:02.824 70053 INFO tempest.lib.common.rest_client [req-7d617d0b-479f-4818-b6f3-cb73f97fec8e req-7d617d0b-479f-4818-b6f3-cb73f97fec8e ] Request (ServerDiagnosticsV248Test:tearDownClass): 201 POST http://10.180.1.21/identity/v3/auth/tokens 0.127s
2025-05-19 20:40:02.826 70025 INFO tempest.lib.common.rest_client [req-79530b5f-4f6e-4548-87b5-e99c776d2bde req-79530b5f-4f6e-4548-87b5-e99c776d2bde ] Request (ServersAdminNegativeTestJSON:tearDownClass): 201 POST http://10.180.1.21/identity/v3/auth/tokens 0.057s
2025-05-19 20:40:02.944 70051 INFO tempest.lib.common.rest_client [req-27b1e368-a1aa-4214-8ab4-0ef96859cd44 req-27b1e368-a1aa-4214-8ab4-0ef96859cd44 ] Request (ListServersNegativeTestJSON:setUpClass): 200 GET http://10.180.1.21/compute/v2.1/servers/91f08e96-6864-45b1-9d77-65d83e72c563 1.363s
2025-05-19 20:40:02.965 69995 INFO tempest.lib.common.rest_client [req-2a62f6d9-0cf5-4f65-81f4-f23fb1b5295e req-2a62f6d9-0cf5-4f65-81f4-f23fb1b5295e ] Request (ServerActionsV293TestJSON:setUpClass): 404 GET http://10.180.1.21/compute/v2.1/servers/a7ba5004-5b0e-4c3f-a604-a06c04532d4d 1.018s
2025-05-19 20:40:02.966 69995 INFO tempest.test [-] raised in ServerActionsV293TestJSON.setUpClass. Invoking tearDownClass.
2025-05-19 20:40:03.059 70015 INFO tempest.lib.common.rest_client [req-e5617145-841b-4860-8119-5ced86c878c1 req-e5617145-841b-4860-8119-5ced86c878c1 ] Request (ServerRescueNegativeTestJSON:setUpClass): 200 PUT http://10.180.1.21:9696/networking/v2.0/routers/37a03e56-52ec-4c41-bb28-ec32c4702eec/add_router_interface 2.251s
2025-05-19 20:40:03.060 70015 INFO tempest.lib.common.dynamic_creds [-] Created isolated network resources for: credentials: Credentials: {'domain_id': 'default', 'domain_name': 'Default', 'username': 'tempest-ServerRescueNegativeTestJSON-5482302-project-member', 'project_domain_id': 'default', 'project_domain_name': 'Default', 'project_id': '4df95c2c96db4024b6d49698b910f277', 'project_name': 'tempest-ServerRescueNegativeTestJSON-5482302', 'tenant_id': '4df95c2c96db4024b6d49698b910f277', 'tenant_name': 'tempest-ServerRescueNegativeTestJSON-5482302', 'user_domain_id': 'default', 'user_domain_name': 'Default', 'user_id': 'a0b1e04ae09a4bb8a9722c4ba9180681', 'system': None}, Network: {'id': 'bb7fac0c-8c31-4f64-a5e4-2beca22c8731', 'name': 'tempest-ServerRescueNegativeTestJSON-1311765040-network', 'tenant_id': '4df95c2c96db4024b6d49698b910f277', 'admin_state_up': True, 'mtu': 8950, 'status': 'ACTIVE', 'subnets': [], 'shared': False, 'project_id': '4df95c2c96db4024b6d49698b910f277', 'port_security_enabled': True, 'router:external': False, 'provider:network_type': 'vlan', 'provider:physical_network': 'default', 'provider:segmentation_id': 735, 'availability_zone_hints': [], 'availability_zones': [], 'ipv4_address_scope': None, 'ipv6_address_scope': None, 'description': '', 'tags': [], 'created_at': '2025-05-19T20:39:58Z', 'updated_at': '2025-05-19T20:39:58Z', 'revision_number': 1}, Subnet: {'id': '58bed3bc-6d96-43c1-b499-f45e622cc6e8', 'name': 'tempest-ServerRescueNegativeTestJSON-1311765040-subnet', 'tenant_id': '4df95c2c96db4024b6d49698b910f277', 'network_id': 'bb7fac0c-8c31-4f64-a5e4-2beca22c8731', 'ip_version': 4, 'subnetpool_id': None, 'enable_dhcp': True, 'ipv6_ra_mode': None, 'ipv6_address_mode': None, 'gateway_ip': '192.168.128.1', 'cidr': '192.168.128.0/28', 'allocation_pools': [{'start': '192.168.128.2', 'end': '192.168.128.14'}], 'host_routes': [], 'dns_nameservers': [], 'description': '', 'router:external': False, 'service_types': [], 'tags': [], 'created_at': '2025-05-19T20:39:58Z', 'updated_at': '2025-05-19T20:39:58Z', 'revision_number': 0, 'project_id': '4df95c2c96db4024b6d49698b910f277'}, Router: {'id': '37a03e56-52ec-4c41-bb28-ec32c4702eec', 'name': 'tempest-ServerRescueNegativeTestJSON-1311765040-router', 'tenant_id': '4df95c2c96db4024b6d49698b910f277', 'admin_state_up': True, 'status': 'ACTIVE', 'external_gateway_info': {'network_id': '2d4b7664-ca2f-443b-bec0-30f4e094a79e', 'external_fixed_ips': [{'subnet_id': '5c57bb5b-6e54-4c31-98fa-65c9eeb81dfe', 'ip_address': '10.180.180.175'}], 'enable_snat': True}, 'description': '', 'availability_zones': [], 'distributed': False, 'ha': False, 'availability_zone_hints': [], 'routes': [], 'flavor_id': None, 'tags': [], 'created_at': '2025-05-19T20:39:59Z', 'updated_at': '2025-05-19T20:39:59Z', 'revision_number': 2, 'project_id': '4df95c2c96db4024b6d49698b910f277'}
2025-05-19 20:40:03.119 69991 INFO tempest.lib.common.rest_client [req-7ab3da2d-ec74-405a-8632-6ff0f8f311be req-7ab3da2d-ec74-405a-8632-6ff0f8f311be ] Request (ServersAdminTestJSON:tearDownClass): 204 DELETE http://10.180.1.21:9696/networking/v2.0/networks/871c8fc8-7ff5-4ac3-bb14-d54383f17078 0.541s
2025-05-19 20:40:03.127 70015 INFO tempest.lib.common.rest_client [req-1f49bb5e-54c6-4b46-85e5-1b30246de217 req-1f49bb5e-54c6-4b46-85e5-1b30246de217 ] Request (ServerRescueNegativeTestJSON:setUpClass): 201 POST http://10.180.1.21/identity/v3/auth/tokens 0.064s
2025-05-19 20:40:03.166 70015 INFO tempest.lib.common.rest_client [req-e4d25d68-be75-44c9-9a81-414a8f86be44 req-e4d25d68-be75-44c9-9a81-414a8f86be44 ] Request (ServerRescueNegativeTestJSON:setUpClass): 201 POST http://10.180.1.21/identity/v3/auth/tokens 0.035s
2025-05-19 20:40:03.167 70015 INFO tempest.lib.common.fixed_network [-] (ServerRescueNegativeTestJSON:setUpClass) Found network {'id': 'bb7fac0c-8c31-4f64-a5e4-2beca22c8731', 'name': 'tempest-ServerRescueNegativeTestJSON-1311765040-network', 'tenant_id': '4df95c2c96db4024b6d49698b910f277', 'admin_state_up': True, 'mtu': 8950, 'status': 'ACTIVE', 'subnets': [], 'shared': False, 'project_id': '4df95c2c96db4024b6d49698b910f277', 'port_security_enabled': True, 'router:external': False, 'provider:network_type': 'vlan', 'provider:physical_network': 'default', 'provider:segmentation_id': 735, 'availability_zone_hints': [], 'availability_zones': [], 'ipv4_address_scope': None, 'ipv6_address_scope': None, 'description': '', 'tags': [], 'created_at': '2025-05-19T20:39:58Z', 'updated_at': '2025-05-19T20:39:58Z', 'revision_number': 1} available for tenant
2025-05-19 20:40:03.233 70043 INFO tempest.lib.common.rest_client [req-cf167e67-8372-4c77-b278-e5e7e01f2293 req-cf167e67-8372-4c77-b278-e5e7e01f2293 ] Request (SecurityGroupsTestJSON:test_security_groups_create_list_delete): 404 GET http://10.180.1.21/compute/v2.1/os-security-groups/4648b8a5-dc2b-485d-a461-5c9b39ee3bac 1.262s
2025-05-19 20:40:03.235 70039 INFO tempest.lib.common.rest_client [req-944ba870-444b-47eb-9494-6169906cf390 req-944ba870-444b-47eb-9494-6169906cf390 ] Request (ServersListShow298Test:tearDownClass): 200 GET http://10.180.1.21:9696/networking/v2.0/security-groups?tenant_id=0a2631ed53e542c6884a3cdc1a54ce82&name=default 0.561s
2025-05-19 20:40:03.432 70039 INFO tempest.lib.common.rest_client [req-972d48c5-daba-47e0-9028-9d87cd6e3447 req-972d48c5-daba-47e0-9028-9d87cd6e3447 ] Request (ServersListShow298Test:tearDownClass): 204 DELETE http://10.180.1.21:9696/networking/v2.0/security-groups/46266e8f-fe8e-48db-bf40-596d156cac3c 0.196s
2025-05-19 20:40:03.507 70039 INFO tempest.lib.common.rest_client [req-654dcf20-9548-4981-8275-b611cf5c6f1b req-654dcf20-9548-4981-8275-b611cf5c6f1b ] Request (ServersListShow298Test:tearDownClass): 204 DELETE http://10.180.1.21/identity/v3/projects/0a2631ed53e542c6884a3cdc1a54ce82 0.074s
2025-05-19 20:40:03.769 70053 INFO tempest.lib.common.rest_client [req-0fc1e470-9812-4ac6-9ed1-c1127ef11293 req-0fc1e470-9812-4ac6-9ed1-c1127ef11293 ] Request (ServerDiagnosticsV248Test:tearDownClass): 200 GET http://10.180.1.21:9696/networking/v2.0/security-groups?tenant_id=c38ab0b57ca74ffc8ba608fd3ae249d1&name=default 0.944s
2025-05-19 20:40:03.844 70025 INFO tempest.lib.common.rest_client [req-6cda63d0-27ca-4c49-bbcf-23be4c8ab0c4 req-6cda63d0-27ca-4c49-bbcf-23be4c8ab0c4 ] Request (ServersAdminNegativeTestJSON:tearDownClass): 200 GET http://10.180.1.21:9696/networking/v2.0/security-groups?tenant_id=cb97732300bd4a5b8bd06fe106711698&name=default 1.018s
2025-05-19 20:40:03.978 70029 INFO tempest.lib.common.rest_client [req-00ff1464-c92f-4832-a99c-f1e7bbe1dfe7 req-00ff1464-c92f-4832-a99c-f1e7bbe1dfe7 ] Request (AttachVolumeTestJSON:test_attach_detach_volume): 202 POST http://10.180.1.21/compute/v2.1/servers 2.740s
2025-05-19 20:40:04.038 70037 INFO tempest.lib.common.rest_client [req-d1dafd2e-802f-4550-a7e3-a3bbba6748d0 req-d1dafd2e-802f-4550-a7e3-a3bbba6748d0 ] Request (ListImageFiltersTestJSON:tearDownClass): 204 DELETE http://10.180.1.21/compute/v2.1/images/03754663-04ea-4eac-a3bb-b42ec61d8dee 1.962s
2025-05-19 20:40:04.042 70053 INFO tempest.lib.common.rest_client [req-38b4a14d-35d1-4674-b5e6-418d0ef23e50 req-38b4a14d-35d1-4674-b5e6-418d0ef23e50 ] Request (ServerDiagnosticsV248Test:tearDownClass): 204 DELETE http://10.180.1.21:9696/networking/v2.0/security-groups/6f1710ec-8d9e-4a1d-a4a1-eb33e5e9a76c 0.271s
2025-05-19 20:40:04.066 70025 INFO tempest.lib.common.rest_client [req-87fb6f89-c487-40f9-8cbc-124537dac8b1 req-87fb6f89-c487-40f9-8cbc-124537dac8b1 ] Request (ServersAdminNegativeTestJSON:tearDownClass): 204 DELETE http://10.180.1.21:9696/networking/v2.0/security-groups/5b68eb64-515d-4703-adab-7bef30c0db52 0.222s
2025-05-19 20:40:04.215 70025 INFO tempest.lib.common.rest_client [req-80f1a233-f8f5-4376-8186-3e58470fc46f req-80f1a233-f8f5-4376-8186-3e58470fc46f ] Request (ServersAdminNegativeTestJSON:tearDownClass): 204 DELETE http://10.180.1.21/identity/v3/projects/cb97732300bd4a5b8bd06fe106711698 0.148s
2025-05-19 20:40:04.216 70025 INFO tempest.lib.common.dynamic_creds [-] Deleting project and security group for project: a0973d9d4cc943a394ec170249bc0006
2025-05-19 20:40:04.217 70053 INFO tempest.lib.common.rest_client [req-b78cab87-1fda-4257-89a6-061e97760bca req-b78cab87-1fda-4257-89a6-061e97760bca ] Request (ServerDiagnosticsV248Test:tearDownClass): 204 DELETE http://10.180.1.21/identity/v3/projects/c38ab0b57ca74ffc8ba608fd3ae249d1 0.175s
2025-05-19 20:40:04.219 70053 INFO tempest.lib.common.dynamic_creds [-] Deleting project and security group for project: 78ca06ca29914e84ba030905e3322b07
2025-05-19 20:40:04.234 70021 INFO tempest.lib.common.rest_client [req-30f95ebd-18dc-49e8-9844-9ed07a2ec8e4 req-30f95ebd-18dc-49e8-9844-9ed07a2ec8e4 ] Request (AttachInterfacesTestJSON:setUpClass): 201 POST http://10.180.1.21:9696/networking/v2.0/routers 1.537s
2025-05-19 20:40:04.323 70035 INFO tempest.lib.common.rest_client [req-fa4dde0e-b7f8-4a64-a8d2-5beccd620f85 req-fa4dde0e-b7f8-4a64-a8d2-5beccd620f85 ] Request (FloatingIPsTestJSON:tearDownClass): 204 DELETE http://10.180.1.21:9696/networking/v2.0/routers/754e4813-c10b-496c-92ee-efc009a5527c 2.187s
2025-05-19 20:40:04.363 69993 INFO tempest.lib.common.rest_client [req-afce2d26-7845-40df-99e0-7cd82947bf5a req-afce2d26-7845-40df-99e0-7cd82947bf5a ] Request (ServerDiskConfigTestJSON:test_resize_server_from_manual_to_auto): 204 DELETE http://10.180.1.21/compute/v2.1/servers/daac954e-18a5-4611-83db-3c365aac0cef 2.224s
2025-05-19 20:40:04.383 70005 INFO tempest.lib.common.rest_client [req-b29e2082-c98d-4f6c-9e8c-0522266eb555 req-b29e2082-c98d-4f6c-9e8c-0522266eb555 ] Request (DeleteServersTestJSON:tearDownClass): 404 DELETE http://10.180.1.21/compute/v2.1/servers/ed3cd906-79c5-47b7-b84c-6b7527918489 2.237s
2025-05-19 20:40:04.388 69997 INFO tempest.lib.common.rest_client [req-b15fb257-e574-470c-a29f-35f80ac87db1 req-b15fb257-e574-470c-a29f-35f80ac87db1 ] Request (HostsAdminNegativeTestJSON:test_update_host_with_invalid_status): 400 PUT http://10.180.1.21/compute/v2.1/os-hosts/devstack 2.231s
2025-05-19 20:40:04.426 70023 INFO tempest.lib.common.rest_client [req-3f5cdf01-93dd-420f-b581-4ff047173d02 req-3f5cdf01-93dd-420f-b581-4ff047173d02 ] Request (KeyPairsV22TestJSON:test_keypairs_create_list_delete): 201 POST http://10.180.1.21/compute/v2.1/os-keypairs 2.209s
2025-05-19 20:40:04.453 70017 INFO tempest.lib.common.rest_client [req-5a06f049-966c-4715-bbf9-d61d1254884c req-5a06f049-966c-4715-bbf9-d61d1254884c ] Request (ServerActionsTestJSON:setUpClass): 201 POST http://10.180.1.21:9696/networking/v2.0/floatingips 2.490s
2025-05-19 20:40:04.538 70017 INFO tempest.lib.common.rest_client [req-1d138e5a-fe66-4c87-8e7d-3f29576ebc55 req-1d138e5a-fe66-4c87-8e7d-3f29576ebc55 ] Request (ServerActionsTestJSON:setUpClass): 201 POST http://10.180.1.21/identity/v3/auth/tokens 0.081s
2025-05-19 20:40:04.539 70017 INFO tempest.lib.common.fixed_network [-] (ServerActionsTestJSON:setUpClass) Found network {'id': '39d70fe1-3fc9-4084-b973-81046bfbe90e', 'name': 'tempest-ServerActionsTestJSON-1521408488-network', 'tenant_id': '98e3fcc0accc4509a50bb3b51ddf6e2c', 'admin_state_up': True, 'mtu': 8950, 'status': 'ACTIVE', 'subnets': [], 'shared': False, 'project_id': '98e3fcc0accc4509a50bb3b51ddf6e2c', 'port_security_enabled': True, 'router:external': False, 'provider:network_type': 'vlan', 'provider:physical_network': 'default', 'provider:segmentation_id': 467, 'availability_zone_hints': [], 'availability_zones': [], 'ipv4_address_scope': None, 'ipv6_address_scope': None, 'description': '', 'tags': [], 'created_at': '2025-05-19T20:39:56Z', 'updated_at': '2025-05-19T20:39:56Z', 'revision_number': 1} available for tenant
2025-05-19 20:40:04.648 70019 INFO tempest.lib.common.rest_client [req-7dd5ffe5-7bef-43ee-84b2-8c8015fd36a7 req-7dd5ffe5-7bef-43ee-84b2-8c8015fd36a7 ] Request (AttachVolumeNegativeTest:test_attach_attached_volume_to_same_server): 202 POST http://10.180.1.21/compute/v2.1/servers 2.608s
2025-05-19 20:40:04.652 70047 INFO tempest.lib.common.rest_client [req-8869e384-4b8b-4c9e-80b6-af38ca4d05bd req-8869e384-4b8b-4c9e-80b6-af38ca4d05bd ] Request (VolumesNegativeTest:test_get_volume_without_passing_volume_id): 404 GET http://10.180.1.21/compute/v2.1/os-volumes/ 2.301s
2025-05-19 20:40:04.677 70001 INFO tempest.lib.common.rest_client [req-7b493716-cbfe-47a7-801b-efba1c374743 req-7b493716-cbfe-47a7-801b-efba1c374743 ] Request (ServerActionsTestOtherB:setUpClass): 204 DELETE http://10.180.1.21/compute/v2.1/servers/ffc38a3b-5534-42d3-81e0-f9c6e911126b 2.374s
2025-05-19 20:40:04.684 70035 INFO tempest.lib.common.rest_client [req-13623833-55a7-4518-b95f-bba281e333db req-13623833-55a7-4518-b95f-bba281e333db ] Request (FloatingIPsTestJSON:tearDownClass): 204 DELETE http://10.180.1.21:9696/networking/v2.0/subnets/9667cf0e-b020-4210-b146-1002c183e05f 0.360s
2025-05-19 20:40:04.696 70027 INFO tempest.lib.common.rest_client [req-a2535c3e-ca76-4150-b709-c7d40b7ce288 req-a2535c3e-ca76-4150-b709-c7d40b7ce288 ] Request (FlavorsAdminTestJSON:_run_cleanups): 202 DELETE http://10.180.1.21/compute/v2.1/flavors/1477796496 2.309s
2025-05-19 20:40:04.709 70053 INFO tempest.lib.common.rest_client [req-6d5227ce-3219-4585-98af-fa96004ffc9c req-6d5227ce-3219-4585-98af-fa96004ffc9c ] Request (ServerDiagnosticsV248Test:tearDownClass): 200 GET http://10.180.1.21:9696/networking/v2.0/security-groups?tenant_id=78ca06ca29914e84ba030905e3322b07&name=default 0.489s
2025-05-19 20:40:04.713 70025 INFO tempest.lib.common.rest_client [req-b5c108be-280f-498a-b6d9-f9a18e8c2348 req-b5c108be-280f-498a-b6d9-f9a18e8c2348 ] Request (ServersAdminNegativeTestJSON:tearDownClass): 200 GET http://10.180.1.21:9696/networking/v2.0/security-groups?tenant_id=a0973d9d4cc943a394ec170249bc0006&name=default 0.497s
2025-05-19 20:40:04.719 70009 INFO tempest.lib.common.rest_client [req-f1258d8f-533d-4737-a53c-0afaf7153242 req-f1258d8f-533d-4737-a53c-0afaf7153242 ] Request (ServersAaction247Test:test_create_backup): 404 GET http://10.180.1.21/compute/v2.1/servers/e67cb3a2-3d2b-45a3-bf3d-ca049879a7b4 1.984s
2025-05-19 20:40:04.847 69991 INFO tempest.lib.common.rest_client [req-208429bb-25e0-4a71-afd1-97662bacc164 req-208429bb-25e0-4a71-afd1-97662bacc164 ] Request (ServersAdminTestJSON:tearDownClass): 200 PUT http://10.180.1.21:9696/networking/v2.0/routers/85eaaac1-01f1-4abc-babe-1e99763277c4/remove_router_interface 1.727s
2025-05-19 20:40:04.887 70009 INFO tempest.lib.common.rest_client [req-26d46ce2-83db-4752-af4a-ee21967ae3a6 req-26d46ce2-83db-4752-af4a-ee21967ae3a6 ] Request (ServersAaction247Test:tearDownClass): 204 DELETE http://10.180.1.21/identity/v3/users/8399f94d9e2a48a7a91acfa55f1036cb 0.165s
2025-05-19 20:40:04.887 70009 INFO tempest.lib.common.dynamic_creds [-] Deleting project and security group for project: 00115fc95007488288e6eedcaf5bb175
2025-05-19 20:40:04.936 70045 INFO tempest.lib.common.rest_client [req-31c8672c-3b05-44b1-a6cd-41e7d3dcd91f req-31c8672c-3b05-44b1-a6cd-41e7d3dcd91f ] Request (ImagesMetadataTestJSON:setUp): 200 PUT http://10.180.1.21/compute/v2.1/images/b24816d2-7587-4a1b-9e35-4b3e369b581d/metadata 2.154s
2025-05-19 20:40:04.970 70009 INFO tempest.lib.common.rest_client [req-d13f0f35-1fdd-4cb0-aec4-868ed7758a5c req-d13f0f35-1fdd-4cb0-aec4-868ed7758a5c ] Request (ServersAaction247Test:tearDownClass): 201 POST http://10.180.1.21/identity/v3/auth/tokens 0.083s
2025-05-19 20:40:04.979 70025 INFO tempest.lib.common.rest_client [req-d0cebd88-7b68-4236-991d-3e06af2bdbf9 req-d0cebd88-7b68-4236-991d-3e06af2bdbf9 ] Request (ServersAdminNegativeTestJSON:tearDownClass): 204 DELETE http://10.180.1.21:9696/networking/v2.0/security-groups/176ba041-95b3-426d-b420-665665b23504 0.265s
2025-05-19 20:40:04.988 70053 INFO tempest.lib.common.rest_client [req-bf662ef0-c996-4bad-b705-c2be2df1af05 req-bf662ef0-c996-4bad-b705-c2be2df1af05 ] Request (ServerDiagnosticsV248Test:tearDownClass): 204 DELETE http://10.180.1.21:9696/networking/v2.0/security-groups/57ee8d5f-facf-4627-9583-9c6a3604323d 0.278s
2025-05-19 20:40:05.068 70049 INFO tempest.lib.common.rest_client [req-ccd64827-d253-4760-a6cf-1077c773240d req-ccd64827-d253-4760-a6cf-1077c773240d ] Request (ServerRescueTestJSONUnderV235:setUpClass): 204 DELETE http://10.180.1.21/compute/v2.1/servers/526409cd-da4f-47aa-91a6-26dc6f2430b3 2.695s
2025-05-19 20:40:05.072 70025 INFO tempest.lib.common.rest_client [req-4c31f90c-df62-475b-92e4-49e17c0dbd7f req-4c31f90c-df62-475b-92e4-49e17c0dbd7f ] Request (ServersAdminNegativeTestJSON:tearDownClass): 204 DELETE http://10.180.1.21/identity/v3/projects/a0973d9d4cc943a394ec170249bc0006 0.093s
2025-05-19 20:40:05.075 70025 INFO tempest.test [-] raised in TestVolumeSwap.setUpClass. Invoking tearDownClass.
2025-05-19 20:40:05.092 69995 INFO tempest.lib.common.rest_client [req-16d402b5-efa3-4f5d-82c7-f19cdcf384f1 req-16d402b5-efa3-4f5d-82c7-f19cdcf384f1 ] Request (ServerActionsV293TestJSON:tearDownClass): 204 DELETE http://10.180.1.21/compute/v2.1/os-keypairs/tempest-keypair-2061310899 2.126s
2025-05-19 20:40:05.220 70053 INFO tempest.lib.common.rest_client [req-beb1340d-2e4e-4654-9170-7afcf7fb0d37 req-beb1340d-2e4e-4654-9170-7afcf7fb0d37 ] Request (ServerDiagnosticsV248Test:tearDownClass): 204 DELETE http://10.180.1.21/identity/v3/projects/78ca06ca29914e84ba030905e3322b07 0.232s
2025-05-19 20:40:05.298 69995 INFO tempest.lib.common.rest_client [req-e18b6b81-057b-4edf-a72d-b2212c115a2d req-e18b6b81-057b-4edf-a72d-b2212c115a2d ] Request (ServerActionsV293TestJSON:tearDownClass): 204 DELETE http://10.180.1.21:9696/networking/v2.0/security-groups/d4e30cff-2598-4c85-8c7e-c0d6c438e3bc 0.205s
2025-05-19 20:40:05.302 70051 INFO tempest.lib.common.rest_client [req-b7fc3f47-2c86-4780-850e-c91f3df8045b req-b7fc3f47-2c86-4780-850e-c91f3df8045b ] Request (ListServersNegativeTestJSON:setUpClass): 204 DELETE http://10.180.1.21/compute/v2.1/servers/91f08e96-6864-45b1-9d77-65d83e72c563 2.350s
2025-05-19 20:40:05.312 70053 INFO tempest.lib.common.rest_client [req-a6de089b-cd34-44f4-8c1c-62303e490313 req-a6de089b-cd34-44f4-8c1c-62303e490313 ] Request (KeyPairsV2TestJSON:setUpClass): 201 POST http://10.180.1.21/identity/v3/auth/tokens 0.090s
2025-05-19 20:40:05.328 69995 INFO tempest.lib.common.rest_client [req-2d6a0952-7dd6-4bfd-83b1-ede147b128d5 req-2d6a0952-7dd6-4bfd-83b1-ede147b128d5 ] Request (ServerActionsV293TestJSON:tearDownClass): 404 GET http://10.180.1.21:9696/networking/v2.0/security-groups/d4e30cff-2598-4c85-8c7e-c0d6c438e3bc 0.029s
2025-05-19 20:40:05.351 70053 INFO tempest.lib.common.rest_client [req-b52d532b-8158-4bd8-bc5a-5375d5b2ca80 req-b52d532b-8158-4bd8-bc5a-5375d5b2ca80 ] Request (KeyPairsV2TestJSON:setUpClass): 201 POST http://10.180.1.21/identity/v3/auth/tokens 0.036s
2025-05-19 20:40:05.385 70053 INFO tempest.lib.common.rest_client [req-9ef366fb-ca97-4d56-b544-15537aa20535 req-9ef366fb-ca97-4d56-b544-15537aa20535 ] Request (KeyPairsV2TestJSON:setUpClass): 200 GET http://10.180.1.21/identity/v3/domains?name=Default 0.033s
2025-05-19 20:40:05.429 70053 INFO tempest.lib.common.rest_client [req-1c0c761a-37f7-4028-944f-961381189284 req-1c0c761a-37f7-4028-944f-961381189284 ] Request (KeyPairsV2TestJSON:setUpClass): 201 POST http://10.180.1.21/identity/v3/projects 0.043s
2025-05-19 20:40:05.481 70035 INFO tempest.lib.common.rest_client [req-f78010c4-75fa-4bf4-879e-02aaef5354ce req-f78010c4-75fa-4bf4-879e-02aaef5354ce ] Request (FloatingIPsTestJSON:tearDownClass): 204 DELETE http://10.180.1.21:9696/networking/v2.0/networks/07773ee9-78ac-45da-b855-873b33669f37 0.797s
2025-05-19 20:40:05.529 70053 INFO tempest.lib.common.rest_client [req-1398fd29-ca9e-4245-8475-95ffcf92f799 req-1398fd29-ca9e-4245-8475-95ffcf92f799 ] Request (KeyPairsV2TestJSON:setUpClass): 201 POST http://10.180.1.21/identity/v3/users 0.099s
2025-05-19 20:40:05.560 70053 INFO tempest.lib.common.rest_client [req-7841fbf5-11e7-4424-9a97-86a5af040bf6 req-7841fbf5-11e7-4424-9a97-86a5af040bf6 ] Request (KeyPairsV2TestJSON:setUpClass): 200 GET http://10.180.1.21/identity/v3/roles 0.031s
2025-05-19 20:40:05.570 70009 INFO tempest.lib.common.rest_client [req-f0530d54-2f2a-4c67-b6ec-1e1de2f4a061 req-f0530d54-2f2a-4c67-b6ec-1e1de2f4a061 ] Request (ServersAaction247Test:tearDownClass): 200 GET http://10.180.1.21:9696/networking/v2.0/security-groups?tenant_id=00115fc95007488288e6eedcaf5bb175&name=default 0.597s
2025-05-19 20:40:05.587 70053 INFO tempest.lib.common.rest_client [req-11c18b7d-2401-4761-8907-3d8649c6866e req-11c18b7d-2401-4761-8907-3d8649c6866e ] Request (KeyPairsV2TestJSON:setUpClass): 204 PUT http://10.180.1.21/identity/v3/projects/6dfee73708184719bb2b56d8ad77937e/users/99b7ef0fb5ad490c9779009e0cf31b18/roles/8cb4710998b34cb4962ed26498dee4b6 0.026s
2025-05-19 20:40:05.587 70053 INFO tempest.lib.common.dynamic_creds [-] Dynamic test user 99b7ef0fb5ad490c9779009e0cf31b18 is created with scope project and roles: ['member']
2025-05-19 20:40:05.587 70053 INFO tempest.lib.common.dynamic_creds [-] Acquired dynamic creds: credentials: Credentials: {'domain_id': 'default', 'domain_name': 'Default', 'username': 'tempest-KeyPairsV2TestJSON-282493467-project-member', 'project_domain_id': 'default', 'project_domain_name': 'Default', 'project_id': '6dfee73708184719bb2b56d8ad77937e', 'project_name': 'tempest-KeyPairsV2TestJSON-282493467', 'tenant_id': '6dfee73708184719bb2b56d8ad77937e', 'tenant_name': 'tempest-KeyPairsV2TestJSON-282493467', 'user_domain_id': 'default', 'user_domain_name': 'Default', 'user_id': '99b7ef0fb5ad490c9779009e0cf31b18', 'system': None}, Network: None, Subnet: None, Router: None
2025-05-19 20:40:05.587 70053 INFO tempest.lib.common.dynamic_creds [-] Created isolated network resources for: credentials: Credentials: {'domain_id': 'default', 'domain_name': 'Default', 'username': 'tempest-KeyPairsV2TestJSON-282493467-project-member', 'project_domain_id': 'default', 'project_domain_name': 'Default', 'project_id': '6dfee73708184719bb2b56d8ad77937e', 'project_name': 'tempest-KeyPairsV2TestJSON-282493467', 'tenant_id': '6dfee73708184719bb2b56d8ad77937e', 'tenant_name': 'tempest-KeyPairsV2TestJSON-282493467', 'user_domain_id': 'default', 'user_domain_name': 'Default', 'user_id': '99b7ef0fb5ad490c9779009e0cf31b18', 'system': None}, Network: None, Subnet: None, Router: None
2025-05-19 20:40:05.619 70035 INFO tempest.lib.common.rest_client [req-aa885f92-9af2-4949-9021-33914b046fd1 req-aa885f92-9af2-4949-9021-33914b046fd1 ] Request (FloatingIPsTestJSON:tearDownClass): 204 DELETE http://10.180.1.21/identity/v3/users/39049b3c6aa042a89fc26e76ff3856c7 0.137s
2025-05-19 20:40:05.619 70035 INFO tempest.lib.common.dynamic_creds [-] Deleting project and security group for project: fb362665fe7a44a4b35fe33f3616f37a
2025-05-19 20:40:05.680 70053 INFO tempest.lib.common.rest_client [req-5bdc1797-5d48-45a4-9fa0-43b74b5a12ed req-5bdc1797-5d48-45a4-9fa0-43b74b5a12ed ] Request (KeyPairsV2TestJSON:setUpClass): 201 POST http://10.180.1.21/identity/v3/auth/tokens 0.088s
2025-05-19 20:40:05.706 69991 INFO tempest.lib.common.rest_client [req-fe21ea86-0b6d-4fd4-9d17-b36671eba79e req-fe21ea86-0b6d-4fd4-9d17-b36671eba79e ] Request (ServersAdminTestJSON:tearDownClass): 204 DELETE http://10.180.1.21:9696/networking/v2.0/routers/85eaaac1-01f1-4abc-babe-1e99763277c4 0.858s
2025-05-19 20:40:05.732 70013 INFO tempest.lib.common.rest_client [req-1c81e8d7-6bc0-4d38-b48d-70227a3522c3 req-1c81e8d7-6bc0-4d38-b48d-70227a3522c3 ] Request (VolumesAdminNegativeTest:tearDownClass): 200 PUT http://10.180.1.21:9696/networking/v2.0/routers/abadca72-3574-4121-961f-1690a3b55548/remove_router_interface 3.771s
2025-05-19 20:40:05.740 70035 INFO tempest.lib.common.rest_client [req-9585bb1d-f450-4210-9915-db26f094abcb req-9585bb1d-f450-4210-9915-db26f094abcb ] Request (FloatingIPsTestJSON:tearDownClass): 200 GET http://10.180.1.21:9696/networking/v2.0/security-groups?tenant_id=fb362665fe7a44a4b35fe33f3616f37a&name=default 0.120s
2025-05-19 20:40:05.760 70043 INFO tempest.lib.common.rest_client [req-1c295f6d-996a-4120-81c9-6b210ba3c29b req-1c295f6d-996a-4120-81c9-6b210ba3c29b ] Request (SecurityGroupsTestJSON:test_security_groups_create_list_delete): 202 DELETE http://10.180.1.21/compute/v2.1/os-security-groups/37df555a-f812-42e8-bc3d-333c939c4236 2.525s
2025-05-19 20:40:05.769 70007 INFO tempest.lib.common.rest_client [req-3974ae63-33c4-48fc-80a9-bcf0b15bf497 req-3974ae63-33c4-48fc-80a9-bcf0b15bf497 ] Request (AttachInterfacesV270Test:tearDownClass): 200 PUT http://10.180.1.21:9696/networking/v2.0/routers/bc7cc955-2f85-49af-bd77-484c989c5387/remove_router_interface 3.759s
2025-05-19 20:40:05.850 70029 INFO tempest.lib.common.rest_client [req-fe408b1c-bff9-458b-a270-3ea56d3de14b req-fe408b1c-bff9-458b-a270-3ea56d3de14b ] Request (AttachVolumeTestJSON:test_attach_detach_volume): 200 GET http://10.180.1.21/compute/v2.1/servers/bba5f167-9921-4de3-a24c-5f54bb8ca978 1.871s
2025-05-19 20:40:05.917 70009 INFO tempest.lib.common.rest_client [req-a1165e60-5581-446f-a873-a2850c7922d0 req-a1165e60-5581-446f-a873-a2850c7922d0 ] Request (ServersAaction247Test:tearDownClass): 204 DELETE http://10.180.1.21:9696/networking/v2.0/security-groups/71a20237-b39c-449a-a05c-aa631bcc3796 0.347s
2025-05-19 20:40:05.939 70037 INFO tempest.lib.common.rest_client [req-e8069ce6-e5ab-40a3-a9d0-35f96b395365 req-e8069ce6-e5ab-40a3-a9d0-35f96b395365 ] Request (ListImageFiltersTestJSON:tearDownClass): 204 DELETE http://10.180.1.21/compute/v2.1/images/529c9de9-255c-4001-af60-72ba88edbc0a 1.901s
2025-05-19 20:40:05.970 69993 INFO tempest.lib.common.rest_client [req-5bcbcde8-f715-4029-a76a-945d96cf30a2 req-5bcbcde8-f715-4029-a76a-945d96cf30a2 ] Request (ServerDiskConfigTestJSON:test_resize_server_from_manual_to_auto): 404 GET http://10.180.1.21/compute/v2.1/servers/daac954e-18a5-4611-83db-3c365aac0cef 1.606s
2025-05-19 20:40:05.996 70005 INFO tempest.lib.common.rest_client [req-41236cf4-0921-468b-b825-10695d062212 req-41236cf4-0921-468b-b825-10695d062212 ] Request (DeleteServersTestJSON:tearDownClass): 404 GET http://10.180.1.21/compute/v2.1/servers/ed3cd906-79c5-47b7-b84c-6b7527918489 1.613s
2025-05-19 20:40:06.011 69997 INFO tempest.lib.common.rest_client [req-4b7606d6-2140-4ff5-8f7d-a0e432ccee4d req-4b7606d6-2140-4ff5-8f7d-a0e432ccee4d ] Request (HostsAdminNegativeTestJSON:test_update_host_with_non_admin_user): 403 PUT http://10.180.1.21/compute/v2.1/os-hosts/devstack 1.622s
2025-05-19 20:40:06.024 70023 INFO tempest.lib.common.rest_client [req-de78ba34-d432-4ff8-b960-2bd36cb031be req-de78ba34-d432-4ff8-b960-2bd36cb031be ] Request (KeyPairsV22TestJSON:test_keypairs_create_list_delete): 200 GET http://10.180.1.21/compute/v2.1/os-keypairs 1.596s
2025-05-19 20:40:06.058 70009 INFO tempest.lib.common.rest_client [req-772f8748-e37d-4a70-8474-78c8cb9307d9 req-772f8748-e37d-4a70-8474-78c8cb9307d9 ] Request (ServersAaction247Test:tearDownClass): 204 DELETE http://10.180.1.21/identity/v3/projects/00115fc95007488288e6eedcaf5bb175 0.141s
2025-05-19 20:40:06.082 69999 INFO tempest.lib.common.rest_client [req-e3e019d9-5f05-424e-a7ec-85b9b2d143e0 req-e3e019d9-5f05-424e-a7ec-85b9b2d143e0 ] Request (ServersNegativeTestMultiTenantJSON:setUpClass): 201 POST http://10.180.1.21:9696/networking/v2.0/routers 3.382s
2025-05-19 20:40:06.110 70037 INFO tempest.lib.common.rest_client [req-9a0f7dbd-f592-4fe4-b7e5-42b80464eb39 req-9a0f7dbd-f592-4fe4-b7e5-42b80464eb39 ] Request (ListImageFiltersTestJSON:tearDownClass): 204 DELETE http://10.180.1.21/identity/v3/users/7c2ee7e1e5c446ba85df69efc1839dc8 0.170s
2025-05-19 20:40:06.110 70037 INFO tempest.lib.common.dynamic_creds [-] Deleting project and security group for project: 1f4f8afea92c425aab911fdc8a32d89b
2025-05-19 20:40:06.131 69993 INFO tempest.lib.common.rest_client [req-07cc08cb-26d2-4228-a985-60c5464a5fef req-07cc08cb-26d2-4228-a985-60c5464a5fef ] Request (ServerDiskConfigTestJSON:test_update_server_from_auto_to_manual): 201 POST http://10.180.1.21/identity/v3/auth/tokens 0.154s
2025-05-19 20:40:06.135 69993 INFO tempest.lib.common.fixed_network [-] (ServerDiskConfigTestJSON:test_update_server_from_auto_to_manual) Found network {'id': 'af3278ef-c490-4b9b-bab6-3cb03d31261e', 'name': 'tempest-ServerDiskConfigTestJSON-421015390-network', 'tenant_id': 'd68aca5a792b4f82a6217052392ab09a', 'admin_state_up': True, 'mtu': 8950, 'status': 'ACTIVE', 'subnets': [], 'shared': False, 'project_id': 'd68aca5a792b4f82a6217052392ab09a', 'port_security_enabled': True, 'router:external': False, 'provider:network_type': 'vlan', 'provider:physical_network': 'default', 'provider:segmentation_id': 280, 'availability_zone_hints': [], 'availability_zones': [], 'ipv4_address_scope': None, 'ipv6_address_scope': None, 'description': '', 'tags': [], 'created_at': '2025-05-19T20:38:57Z', 'updated_at': '2025-05-19T20:38:58Z', 'revision_number': 1} available for tenant
2025-05-19 20:40:06.148 70015 INFO tempest.lib.common.rest_client [req-f65d9fd5-6067-475f-8577-84921d6c7d46 req-f65d9fd5-6067-475f-8577-84921d6c7d46 ] Request (ServerRescueNegativeTestJSON:setUpClass): 202 POST http://10.180.1.21/compute/v2.1/servers 2.980s
2025-05-19 20:40:06.153 69995 INFO tempest.lib.common.rest_client [req-f511ecd3-5c15-449b-a6c7-44ee478d111d req-f511ecd3-5c15-449b-a6c7-44ee478d111d ] Request (ServerActionsV293TestJSON:tearDownClass): 204 DELETE http://10.180.1.21:9696/networking/v2.0/floatingips/150284da-cac5-43e0-8796-33524aa17524 0.825s
2025-05-19 20:40:06.161 70035 INFO tempest.lib.common.rest_client [req-63aba7ed-3364-402a-baca-7b25bd99f853 req-63aba7ed-3364-402a-baca-7b25bd99f853 ] Request (FloatingIPsTestJSON:tearDownClass): 204 DELETE http://10.180.1.21:9696/networking/v2.0/security-groups/4c548150-6a32-4cda-a19f-4e167e3bddb5 0.420s
2025-05-19 20:40:06.192 70009 INFO tempest.lib.common.rest_client [req-8b8319b6-d1de-44a0-ba69-dd0da9c85e6d req-8b8319b6-d1de-44a0-ba69-dd0da9c85e6d ] Request (ServersListShow296Test:setUpClass): 201 POST http://10.180.1.21/identity/v3/auth/tokens 0.132s
2025-05-19 20:40:06.227 70037 INFO tempest.lib.common.rest_client [req-f3b02085-6ae1-4315-8728-e0c78e0a17e8 req-f3b02085-6ae1-4315-8728-e0c78e0a17e8 ] Request (ListImageFiltersTestJSON:tearDownClass): 201 POST http://10.180.1.21/identity/v3/auth/tokens 0.117s
2025-05-19 20:40:06.232 69991 INFO tempest.lib.common.rest_client [req-107170f5-3e21-4a1e-91d3-a4bead496a02 req-107170f5-3e21-4a1e-91d3-a4bead496a02 ] Request (ServersAdminTestJSON:tearDownClass): 204 DELETE http://10.180.1.21:9696/networking/v2.0/subnets/a23e82f2-9f9a-4173-80ca-f8730a2fc23b 0.526s
2025-05-19 20:40:06.282 70035 INFO tempest.lib.common.rest_client [req-bbf991e9-6935-497f-bf0e-fe9f184b6f2c req-bbf991e9-6935-497f-bf0e-fe9f184b6f2c ] Request (FloatingIPsTestJSON:tearDownClass): 204 DELETE http://10.180.1.21/identity/v3/projects/fb362665fe7a44a4b35fe33f3616f37a 0.119s
2025-05-19 20:40:06.297 70009 INFO tempest.lib.common.rest_client [req-26d2bd34-eb1b-4540-8803-bb6630587c07 req-26d2bd34-eb1b-4540-8803-bb6630587c07 ] Request (ServersListShow296Test:setUpClass): 201 POST http://10.180.1.21/identity/v3/auth/tokens 0.101s
2025-05-19 20:40:06.322 70035 INFO tempest.lib.common.rest_client [req-f18ee794-1d91-4066-8886-227dec9bf4d3 req-f18ee794-1d91-4066-8886-227dec9bf4d3 ] Request (ServerMetadataNegativeTestJSON:setUpClass): 201 POST http://10.180.1.21/identity/v3/auth/tokens 0.037s
2025-05-19 20:40:06.349 70009 INFO tempest.lib.common.rest_client [req-42532e8a-646b-48e9-8632-7883929a3da7 req-42532e8a-646b-48e9-8632-7883929a3da7 ] Request (ServersListShow296Test:setUpClass): 200 GET http://10.180.1.21/identity/v3/domains?name=Default 0.052s
2025-05-19 20:40:06.373 70035 INFO tempest.lib.common.rest_client [req-422b0063-ed73-4323-af67-bb90f81210ed req-422b0063-ed73-4323-af67-bb90f81210ed ] Request (ServerMetadataNegativeTestJSON:setUpClass): 201 POST http://10.180.1.21/identity/v3/auth/tokens 0.046s
2025-05-19 20:40:06.382 70009 INFO tempest.lib.common.rest_client [req-da88b711-f6fe-461a-bd03-3faf47f54d44 req-da88b711-f6fe-461a-bd03-3faf47f54d44 ] Request (ServersListShow296Test:setUpClass): 201 POST http://10.180.1.21/identity/v3/projects 0.031s
2025-05-19 20:40:06.438 70035 INFO tempest.lib.common.rest_client [req-b032dd8a-6411-4d7a-98dd-a26812d536c1 req-b032dd8a-6411-4d7a-98dd-a26812d536c1 ] Request (ServerMetadataNegativeTestJSON:setUpClass): 200 GET http://10.180.1.21/identity/v3/domains?name=Default 0.064s
2025-05-19 20:40:06.441 70009 INFO tempest.lib.common.rest_client [req-b8b464fc-c632-4b07-8c49-8dd9666e0236 req-b8b464fc-c632-4b07-8c49-8dd9666e0236 ] Request (ServersListShow296Test:setUpClass): 201 POST http://10.180.1.21/identity/v3/users 0.059s
2025-05-19 20:40:06.454 70019 INFO tempest.lib.common.rest_client [req-caabdd99-a644-4189-8ee4-a9197b584060 req-caabdd99-a644-4189-8ee4-a9197b584060 ] Request (AttachVolumeNegativeTest:test_attach_attached_volume_to_same_server): 200 GET http://10.180.1.21/compute/v2.1/servers/e4dfd604-9fb9-41b2-a2f4-134367aa4d73 1.802s
2025-05-19 20:40:06.475 70009 INFO tempest.lib.common.rest_client [req-56688811-c7a6-4146-8fcd-87d3dca2034f req-56688811-c7a6-4146-8fcd-87d3dca2034f ] Request (ServersListShow296Test:setUpClass): 200 GET http://10.180.1.21/identity/v3/roles 0.033s
2025-05-19 20:40:06.477 70035 INFO tempest.lib.common.rest_client [req-6b9f3136-0b1d-4185-9a9d-1645ea5f51f2 req-6b9f3136-0b1d-4185-9a9d-1645ea5f51f2 ] Request (ServerMetadataNegativeTestJSON:setUpClass): 201 POST http://10.180.1.21/identity/v3/projects 0.038s
2025-05-19 20:40:06.493 70047 INFO tempest.lib.common.rest_client [req-d639242b-9cf6-44be-9cdd-bc05a93698f0 req-d639242b-9cf6-44be-9cdd-bc05a93698f0 ] Request (VolumesNegativeTest:test_volume_delete_nonexistent_volume_id): 404 DELETE http://10.180.1.21/compute/v2.1/os-volumes/fb2003a8-aefe-4ee2-a289-16202fb6c1d2 1.840s
2025-05-19 20:40:06.526 70001 INFO tempest.lib.common.rest_client [req-2dfc55b7-554d-496a-b9af-28ff4277156a req-2dfc55b7-554d-496a-b9af-28ff4277156a ] Request (ServerActionsTestOtherB:setUpClass): 404 GET http://10.180.1.21/compute/v2.1/servers/ffc38a3b-5534-42d3-81e0-f9c6e911126b 1.848s
2025-05-19 20:40:06.526 70001 INFO tempest.test [-] raised in ServerActionsTestOtherB.setUpClass. Invoking tearDownClass.
2025-05-19 20:40:06.539 70035 INFO tempest.lib.common.rest_client [req-23ce0dc2-93ac-42f3-be43-0e3ac3e01f63 req-23ce0dc2-93ac-42f3-be43-0e3ac3e01f63 ] Request (ServerMetadataNegativeTestJSON:setUpClass): 201 POST http://10.180.1.21/identity/v3/users 0.062s
2025-05-19 20:40:06.560 70009 INFO tempest.lib.common.rest_client [req-2e4e27b8-6d14-4bff-894b-df15a68b6799 req-2e4e27b8-6d14-4bff-894b-df15a68b6799 ] Request (ServersListShow296Test:setUpClass): 204 PUT http://10.180.1.21/identity/v3/projects/a4ab1d906a144c0082d3f106d39e47b6/users/2fbcd21e125544c380060686cbcbbc1a/roles/8cb4710998b34cb4962ed26498dee4b6 0.084s
2025-05-19 20:40:06.560 70009 INFO tempest.lib.common.dynamic_creds [-] Dynamic test user 2fbcd21e125544c380060686cbcbbc1a is created with scope project and roles: ['member']
2025-05-19 20:40:06.560 70009 INFO tempest.lib.common.dynamic_creds [-] Acquired dynamic creds: credentials: Credentials: {'domain_id': 'default', 'domain_name': 'Default', 'username': 'tempest-ServersListShow296Test-1667185345-project-member', 'project_domain_id': 'default', 'project_domain_name': 'Default', 'project_id': 'a4ab1d906a144c0082d3f106d39e47b6', 'project_name': 'tempest-ServersListShow296Test-1667185345', 'tenant_id': 'a4ab1d906a144c0082d3f106d39e47b6', 'tenant_name': 'tempest-ServersListShow296Test-1667185345', 'user_domain_id': 'default', 'user_domain_name': 'Default', 'user_id': '2fbcd21e125544c380060686cbcbbc1a', 'system': None}, Network: None, Subnet: None, Router: None
2025-05-19 20:40:06.560 70009 INFO tempest.lib.common.dynamic_creds [-] Created isolated network resources for: credentials: Credentials: {'domain_id': 'default', 'domain_name': 'Default', 'username': 'tempest-ServersListShow296Test-1667185345-project-member', 'project_domain_id': 'default', 'project_domain_name': 'Default', 'project_id': 'a4ab1d906a144c0082d3f106d39e47b6', 'project_name': 'tempest-ServersListShow296Test-1667185345', 'tenant_id': 'a4ab1d906a144c0082d3f106d39e47b6', 'tenant_name': 'tempest-ServersListShow296Test-1667185345', 'user_domain_id': 'default', 'user_domain_name': 'Default', 'user_id': '2fbcd21e125544c380060686cbcbbc1a', 'system': None}, Network: None, Subnet: None, Router: None
2025-05-19 20:40:06.562 70027 INFO tempest.lib.common.rest_client [req-586cad2e-e01b-4b31-8736-6195802c3562 req-586cad2e-e01b-4b31-8736-6195802c3562 ] Request (FlavorsAdminTestJSON:_run_cleanups): 200 GET http://10.180.1.21/compute/v2.1/flavors/detail 1.865s
2025-05-19 20:40:06.562 70035 INFO tempest.lib.common.rest_client [req-8581565d-5c29-443b-8128-57108c1b07ca req-8581565d-5c29-443b-8128-57108c1b07ca ] Request (ServerMetadataNegativeTestJSON:setUpClass): 200 GET http://10.180.1.21/identity/v3/roles 0.022s
2025-05-19 20:40:06.646 70035 INFO tempest.lib.common.rest_client [req-788d63bc-c9c6-4e40-b19d-a9804d188454 req-788d63bc-c9c6-4e40-b19d-a9804d188454 ] Request (ServerMetadataNegativeTestJSON:setUpClass): 204 PUT http://10.180.1.21/identity/v3/projects/3e67eaa049694290bcbdd04a7b217fad/users/289e66002612423e9b5e9155e55a7002/roles/8cb4710998b34cb4962ed26498dee4b6 0.083s
2025-05-19 20:40:06.646 70035 INFO tempest.lib.common.dynamic_creds [-] Dynamic test user 289e66002612423e9b5e9155e55a7002 is created with scope project and roles: ['member']
2025-05-19 20:40:06.647 70035 INFO tempest.lib.common.dynamic_creds [-] Acquired dynamic creds: credentials: Credentials: {'domain_id': 'default', 'domain_name': 'Default', 'username': 'tempest-ServerMetadataNegativeTestJSON-307715307-project-member', 'project_domain_id': 'default', 'project_domain_name': 'Default', 'project_id': '3e67eaa049694290bcbdd04a7b217fad', 'project_name': 'tempest-ServerMetadataNegativeTestJSON-307715307', 'tenant_id': '3e67eaa049694290bcbdd04a7b217fad', 'tenant_name': 'tempest-ServerMetadataNegativeTestJSON-307715307', 'user_domain_id': 'default', 'user_domain_name': 'Default', 'user_id': '289e66002612423e9b5e9155e55a7002', 'system': None}, Network: None, Subnet: None, Router: None
2025-05-19 20:40:06.649 70009 INFO tempest.lib.common.rest_client [req-fb6ea0d6-75b0-40b0-a6b0-df021c9abc6a req-fb6ea0d6-75b0-40b0-a6b0-df021c9abc6a ] Request (ServersListShow296Test:setUpClass): 201 POST http://10.180.1.21/identity/v3/auth/tokens 0.082s
2025-05-19 20:40:06.705 70009 INFO tempest.lib.common.rest_client [req-8243d696-0cb0-4400-8afb-67899fa9d679 req-8243d696-0cb0-4400-8afb-67899fa9d679 ] Request (ServersListShow296Test:test_list_show_update_rebuild_server_296): 201 POST http://10.180.1.21/identity/v3/auth/tokens 0.052s
2025-05-19 20:40:06.706 70009 INFO tempest.lib.common.fixed_network [-] (ServersListShow296Test:test_list_show_update_rebuild_server_296) Found network None available for tenant
2025-05-19 20:40:06.707 69991 INFO tempest.lib.common.rest_client [req-524000e7-7665-4308-989e-23bda2a0a70e req-524000e7-7665-4308-989e-23bda2a0a70e ] Request (ServersAdminTestJSON:tearDownClass): 204 DELETE http://10.180.1.21:9696/networking/v2.0/networks/5eb1f9b1-a897-4dd4-af30-26c6007da8bf 0.474s
2025-05-19 20:40:06.709 70035 INFO tempest.lib.common.rest_client [req-d3660bae-3453-42fd-b2e2-5345b7da01f6 req-d3660bae-3453-42fd-b2e2-5345b7da01f6 ] Request (ServerMetadataNegativeTestJSON:setUpClass): 201 POST http://10.180.1.21/identity/v3/auth/tokens 0.062s
2025-05-19 20:40:06.758 70037 INFO tempest.lib.common.rest_client [req-89a9b2a3-5aa6-46c1-a42c-bf18f198f4ef req-89a9b2a3-5aa6-46c1-a42c-bf18f198f4ef ] Request (ListImageFiltersTestJSON:tearDownClass): 200 GET http://10.180.1.21:9696/networking/v2.0/security-groups?tenant_id=1f4f8afea92c425aab911fdc8a32d89b&name=default 0.531s
2025-05-19 20:40:06.782 69991 INFO tempest.lib.common.rest_client [req-cafea475-c58e-47e5-95c1-b6d319e2c9a1 req-cafea475-c58e-47e5-95c1-b6d319e2c9a1 ] Request (ServersAdminTestJSON:tearDownClass): 204 DELETE http://10.180.1.21/identity/v3/users/41f654e7d6bb44918338a9671673d5d6 0.075s
2025-05-19 20:40:06.840 70045 INFO tempest.lib.common.rest_client [req-002951a0-209e-42a4-86b5-f58d66cf468d req-002951a0-209e-42a4-86b5-f58d66cf468d ] Request (ImagesMetadataTestJSON:test_update_image_metadata): 200 POST http://10.180.1.21/compute/v2.1/images/b24816d2-7587-4a1b-9e35-4b3e369b581d/metadata 1.900s
2025-05-19 20:40:06.869 70049 INFO tempest.lib.common.rest_client [req-59598ec4-316c-4496-9cdd-fad3c0eaec19 req-59598ec4-316c-4496-9cdd-fad3c0eaec19 ] Request (ServerRescueTestJSONUnderV235:setUpClass): 404 GET http://10.180.1.21/compute/v2.1/servers/526409cd-da4f-47aa-91a6-26dc6f2430b3 1.800s
2025-05-19 20:40:06.869 70049 INFO tempest.test [-] raised in ServerRescueTestJSONUnderV235.setUpClass. Invoking tearDownClass.
2025-05-19 20:40:06.874 70021 INFO tempest.lib.common.rest_client [req-467ff4b1-c995-4304-b865-b2943c221801 req-467ff4b1-c995-4304-b865-b2943c221801 ] Request (AttachInterfacesTestJSON:setUpClass): 200 PUT http://10.180.1.21:9696/networking/v2.0/routers/239ba929-a604-445e-b37e-cfbcda8b62ad/add_router_interface 2.639s
2025-05-19 20:40:06.874 70021 INFO tempest.lib.common.dynamic_creds [-] Created isolated network resources for: credentials: Credentials: {'domain_id': 'default', 'domain_name': 'Default', 'username': 'tempest-AttachInterfacesTestJSON-1741993759-project-member', 'project_domain_id': 'default', 'project_domain_name': 'Default', 'project_id': '9dd0021b2bfd4b0fb3d688b61ffa90c0', 'project_name': 'tempest-AttachInterfacesTestJSON-1741993759', 'tenant_id': '9dd0021b2bfd4b0fb3d688b61ffa90c0', 'tenant_name': 'tempest-AttachInterfacesTestJSON-1741993759', 'user_domain_id': 'default', 'user_domain_name': 'Default', 'user_id': 'b651162e721a4ffb8efbfc5ec6a5ed9c', 'system': None}, Network: {'id': '448a262c-e702-4540-8310-56fc7ac3b184', 'name': 'tempest-AttachInterfacesTestJSON-1710687262-network', 'tenant_id': '9dd0021b2bfd4b0fb3d688b61ffa90c0', 'admin_state_up': True, 'mtu': 8950, 'status': 'ACTIVE', 'subnets': [], 'shared': False, 'project_id': '9dd0021b2bfd4b0fb3d688b61ffa90c0', 'port_security_enabled': True, 'router:external': False, 'provider:network_type': 'vlan', 'provider:physical_network': 'default', 'provider:segmentation_id': 263, 'availability_zone_hints': [], 'availability_zones': [], 'ipv4_address_scope': None, 'ipv6_address_scope': None, 'description': '', 'tags': [], 'created_at': '2025-05-19T20:40:01Z', 'updated_at': '2025-05-19T20:40:01Z', 'revision_number': 1}, Subnet: {'id': '9917bc29-4319-497f-a010-e4a63c784b7d', 'name': 'tempest-AttachInterfacesTestJSON-1710687262-subnet', 'tenant_id': '9dd0021b2bfd4b0fb3d688b61ffa90c0', 'network_id': '448a262c-e702-4540-8310-56fc7ac3b184', 'ip_version': 4, 'subnetpool_id': None, 'enable_dhcp': True, 'ipv6_ra_mode': None, 'ipv6_address_mode': None, 'gateway_ip': '192.168.128.1', 'cidr': '192.168.128.0/28', 'allocation_pools': [{'start': '192.168.128.2', 'end': '192.168.128.14'}], 'host_routes': [], 'dns_nameservers': [], 'description': '', 'router:external': False, 'service_types': [], 'tags': [], 'created_at': '2025-05-19T20:40:02Z', 'updated_at': '2025-05-19T20:40:02Z', 'revision_number': 0, 'project_id': '9dd0021b2bfd4b0fb3d688b61ffa90c0'}, Router: {'id': '239ba929-a604-445e-b37e-cfbcda8b62ad', 'name': 'tempest-AttachInterfacesTestJSON-1710687262-router', 'tenant_id': '9dd0021b2bfd4b0fb3d688b61ffa90c0', 'admin_state_up': True, 'status': 'ACTIVE', 'external_gateway_info': {'network_id': '2d4b7664-ca2f-443b-bec0-30f4e094a79e', 'external_fixed_ips': [{'subnet_id': '5c57bb5b-6e54-4c31-98fa-65c9eeb81dfe', 'ip_address': '10.180.180.157'}], 'enable_snat': True}, 'description': '', 'availability_zones': [], 'distributed': False, 'ha': False, 'availability_zone_hints': [], 'routes': [], 'flavor_id': None, 'tags': [], 'created_at': '2025-05-19T20:40:02Z', 'updated_at': '2025-05-19T20:40:03Z', 'revision_number': 2, 'project_id': '9dd0021b2bfd4b0fb3d688b61ffa90c0'}
2025-05-19 20:40:06.881 69991 INFO tempest.lib.common.rest_client [req-9f331796-169d-4a4b-b3fd-dbf44c0dcba6 req-9f331796-169d-4a4b-b3fd-dbf44c0dcba6 ] Request (ServersAdminTestJSON:tearDownClass): 204 DELETE http://10.180.1.21/identity/v3/users/ae4566a69aec493f993ac30b278a3c55 0.098s
2025-05-19 20:40:06.881 69991 INFO tempest.lib.common.dynamic_creds [-] Deleting project and security group for project: 9258d4be0cf84f58b4ba306c4ed12cf7
2025-05-19 20:40:06.957 70021 INFO tempest.lib.common.rest_client [req-a56e84c2-067e-4613-bd5c-1e261cf46ee8 req-a56e84c2-067e-4613-bd5c-1e261cf46ee8 ] Request (AttachInterfacesTestJSON:setUpClass): 201 POST http://10.180.1.21/identity/v3/auth/tokens 0.077s
2025-05-19 20:40:07.027 69991 INFO tempest.lib.common.rest_client [req-ae54dde0-acf1-4de0-83e8-4c18135b5a94 req-ae54dde0-acf1-4de0-83e8-4c18135b5a94 ] Request (ServersAdminTestJSON:tearDownClass): 200 GET http://10.180.1.21:9696/networking/v2.0/security-groups?tenant_id=9258d4be0cf84f58b4ba306c4ed12cf7&name=default 0.145s
2025-05-19 20:40:07.141 70051 INFO tempest.lib.common.rest_client [req-84003fce-7bfc-419b-a851-537eeced163b req-84003fce-7bfc-419b-a851-537eeced163b ] Request (ListServersNegativeTestJSON:setUpClass): 204 DELETE http://10.180.1.21/compute/v2.1/servers/9b29c02f-386d-4798-b9ec-c17b31787216 1.839s
2025-05-19 20:40:07.176 70037 INFO tempest.lib.common.rest_client [req-22101143-bcf5-41df-ab58-60a532f84cb6 req-22101143-bcf5-41df-ab58-60a532f84cb6 ] Request (ListImageFiltersTestJSON:tearDownClass): 204 DELETE http://10.180.1.21:9696/networking/v2.0/security-groups/41e06f7d-de09-4550-a0c5-683f73343246 0.417s
2025-05-19 20:40:07.220 70013 INFO tempest.lib.common.rest_client [req-5a0bd920-a8d2-498c-b6ea-0b3ea04dfd1f req-5a0bd920-a8d2-498c-b6ea-0b3ea04dfd1f ] Request (VolumesAdminNegativeTest:tearDownClass): 204 DELETE http://10.180.1.21:9696/networking/v2.0/routers/abadca72-3574-4121-961f-1690a3b55548 1.488s
2025-05-19 20:40:07.277 69991 INFO tempest.lib.common.rest_client [req-937280db-2745-43d5-a3e0-276456ac1973 req-937280db-2745-43d5-a3e0-276456ac1973 ] Request (ServersAdminTestJSON:tearDownClass): 204 DELETE http://10.180.1.21:9696/networking/v2.0/security-groups/24bf7701-b62c-4871-a17f-1cd3894e09f9 0.249s
2025-05-19 20:40:07.320 70037 INFO tempest.lib.common.rest_client [req-16fd5ac3-167f-4d49-81cb-03b766ee9035 req-16fd5ac3-167f-4d49-81cb-03b766ee9035 ] Request (ListImageFiltersTestJSON:tearDownClass): 204 DELETE http://10.180.1.21/identity/v3/projects/1f4f8afea92c425aab911fdc8a32d89b 0.144s
2025-05-19 20:40:07.345 70007 INFO tempest.lib.common.rest_client [req-8e25d4d9-5bce-4695-91f7-6e2ab8c26f12 req-8e25d4d9-5bce-4695-91f7-6e2ab8c26f12 ] Request (AttachInterfacesV270Test:tearDownClass): 204 DELETE http://10.180.1.21:9696/networking/v2.0/routers/bc7cc955-2f85-49af-bd77-484c989c5387 1.575s
2025-05-19 20:40:07.371 70053 INFO tempest.lib.common.rest_client [req-6264f23c-6ba4-4cc7-9271-a856f5e466e2 req-6264f23c-6ba4-4cc7-9271-a856f5e466e2 ] Request (KeyPairsV2TestJSON:test_get_keypair_detail): 200 POST http://10.180.1.21/compute/v2.1/os-keypairs 1.688s
2025-05-19 20:40:07.400 70037 INFO tempest.lib.common.rest_client [req-13996ed5-2fae-4e37-bb3f-ab013b851575 req-13996ed5-2fae-4e37-bb3f-ab013b851575 ] Request (ServersTestJSON:setUpClass): 201 POST http://10.180.1.21/identity/v3/auth/tokens 0.074s
