2025-05-19 20:38:27.142 70003 INFO tempest.lib.common.dynamic_creds [-] Created isolated network resources for: credentials: Credentials: {'domain_id': 'default', 'domain_name': 'Default', 'username': 'tempest-AZAdminNegativeTestJSON-1656327839-project-member', 'project_domain_id': 'default', 'project_domain_name': 'Default', 'project_id': '7f0567dada08455da350598e8d013fbc', 'project_name': 'tempest-AZAdminNegativeTestJSON-1656327839', 'tenant_id': '7f0567dada08455da350598e8d013fbc', 'tenant_name': 'tempest-AZAdminNegativeTestJSON-1656327839', 'user_domain_id': 'default', 'user_domain_name': 'Default', 'user_id': '0fafebd646c84cc3b408757109570020', 'system': None}, Network: None, Subnet: None, Router: None
2025-05-19 20:38:27.164 70053 WARNING oslo_config.cfg [-] Deprecated: Option "auth_version" from group "identity" is deprecated for removal (Identity v2 API was removed and v3 is the only available identity API version now). Its value may be silently ignored in the future.
2025-05-19 20:38:27.178 70053 WARNING oslo_config.cfg [-] Deprecated: Option "access_rules" from group "identity-feature-enabled" is deprecated for removal (Access rules for application credentials is a default feature since Train). Its value may be silently ignored in the future.
2025-05-19 20:38:27.179 70053 WARNING oslo_config.cfg [-] Deprecated: Option "import_image" from group "image-feature-enabled" is deprecated for removal (Issue with image import in WSGI mode was fixed in Victoria, and this feature works in any deployment architecture now.). Its value may be silently ignored in the future.
2025-05-19 20:38:27.179 70053 WARNING oslo_config.cfg [-] Deprecated: Option "os_glance_reserved" from group "image-feature-enabled" is deprecated for removal (os_glance namespace is always reserved since Wallaby). Its value may be silently ignored in the future.
2025-05-19 20:38:27.182 69999 INFO tempest.lib.common.rest_client [req-01d61d63-5c5b-4449-a1cb-f52247b70671 req-01d61d63-5c5b-4449-a1cb-f52247b70671 ] Request (DeleteServersAdminTestJSON:setUpClass): 201 POST http://10.180.1.21/identity/v3/auth/tokens 0.087s
2025-05-19 20:38:27.191 70033 INFO tempest.lib.common.rest_client [req-11e7446c-f824-4535-b94d-06723280b1a1 req-11e7446c-f824-4535-b94d-06723280b1a1 ] Request (HostsAdminTestJSON:setUpClass): 204 PUT http://10.180.1.21/identity/v3/projects/91c610ee36c043b497c29c3cf89da21c/users/be8fa905678c4225912c748450491781/roles/8cb4710998b34cb4962ed26498dee4b6 0.083s
2025-05-19 20:38:27.191 70033 INFO tempest.lib.common.dynamic_creds [-] Dynamic test user be8fa905678c4225912c748450491781 is created with scope project and roles: ['member']
2025-05-19 20:38:27.192 70033 INFO tempest.lib.common.dynamic_creds [-] Acquired dynamic creds: credentials: Credentials: {'domain_id': 'default', 'domain_name': 'Default', 'username': 'tempest-HostsAdminTestJSON-1482555700-project-member', 'project_domain_id': 'default', 'project_domain_name': 'Default', 'project_id': '91c610ee36c043b497c29c3cf89da21c', 'project_name': 'tempest-HostsAdminTestJSON-1482555700', 'tenant_id': '91c610ee36c043b497c29c3cf89da21c', 'tenant_name': 'tempest-HostsAdminTestJSON-1482555700', 'user_domain_id': 'default', 'user_domain_name': 'Default', 'user_id': 'be8fa905678c4225912c748450491781', 'system': None}, Network: None, Subnet: None, Router: None
2025-05-19 20:38:27.192 70033 INFO tempest.lib.common.dynamic_creds [-] Created isolated network resources for: credentials: Credentials: {'domain_id': 'default', 'domain_name': 'Default', 'username': 'tempest-HostsAdminTestJSON-1482555700-project-member', 'project_domain_id': 'default', 'project_domain_name': 'Default', 'project_id': '91c610ee36c043b497c29c3cf89da21c', 'project_name': 'tempest-HostsAdminTestJSON-1482555700', 'tenant_id': '91c610ee36c043b497c29c3cf89da21c', 'tenant_name': 'tempest-HostsAdminTestJSON-1482555700', 'user_domain_id': 'default', 'user_domain_name': 'Default', 'user_id': 'be8fa905678c4225912c748450491781', 'system': None}, Network: None, Subnet: None, Router: None
2025-05-19 20:38:27.194 70031 INFO tempest.test [-] raised in TestMultiAttachVolumeSwap.setUpClass. Invoking tearDownClass.
2025-05-19 20:38:27.231 70019 INFO tempest.lib.common.rest_client [req-0f925529-637c-4bbd-acf1-66258fdae695 req-0f925529-637c-4bbd-acf1-66258fdae695 ] Request (QuotaClassesAdmin257Test:setUpClass): 201 POST http://10.180.1.21/identity/v3/users 0.103s
2025-05-19 20:38:27.241 70037 INFO tempest.lib.common.rest_client [req-66377a74-89dc-4124-9e15-e524fccd578b req-66377a74-89dc-4124-9e15-e524fccd578b ] Request (FlavorsAccessTestJSON:setUpClass): 201 POST http://10.180.1.21/identity/v3/auth/tokens 0.116s
2025-05-19 20:38:27.256 69999 INFO tempest.lib.common.rest_client [req-4309589f-3a30-4c3a-8228-bf0afffbf023 req-4309589f-3a30-4c3a-8228-bf0afffbf023 ] Request (DeleteServersAdminTestJSON:setUpClass): 200 GET http://10.180.1.21/identity/v3/domains?name=Default 0.072s
2025-05-19 20:38:27.266 70021 INFO tempest.lib.common.rest_client [req-32a4c74d-d86e-4bc7-a85c-8a19b4e5a3f6 req-32a4c74d-d86e-4bc7-a85c-8a19b4e5a3f6 ] Request (MigrationsAdminTest:setUpClass): 201 POST http://10.180.1.21/identity/v3/auth/tokens 0.060s
2025-05-19 20:38:27.275 70001 INFO tempest.lib.common.rest_client [req-749dcf76-e884-417c-bf66-4db0647d9633 req-749dcf76-e884-417c-bf66-4db0647d9633 ] Request (ServersAdmin275Test:setUpClass): 201 POST http://10.180.1.21/identity/v3/auth/tokens 0.059s
2025-05-19 20:38:27.280 70019 INFO tempest.lib.common.rest_client [req-be1572c1-a0d9-48eb-aa38-ca7e76eb3444 req-be1572c1-a0d9-48eb-aa38-ca7e76eb3444 ] Request (QuotaClassesAdmin257Test:setUpClass): 200 GET http://10.180.1.21/identity/v3/roles 0.049s
2025-05-19 20:38:27.298 70031 INFO tempest.lib.common.rest_client [req-5fd91add-54c4-4dfa-bec3-9de1175125fe req-5fd91add-54c4-4dfa-bec3-9de1175125fe ] Request (ServerAddressesTestJSON:setUpClass): 201 POST http://10.180.1.21/identity/v3/auth/tokens 0.061s
2025-05-19 20:38:27.300 70037 INFO tempest.lib.common.rest_client [req-c261ed16-39da-4975-b9df-87372f96fae9 req-c261ed16-39da-4975-b9df-87372f96fae9 ] Request (FlavorsAccessTestJSON:setUpClass): 200 GET http://10.180.1.21/identity/v3/domains?name=Default 0.057s
2025-05-19 20:38:27.310 69993 INFO tempest.test [-] raised in UpdateMultiattachVolumeNegativeTest.setUpClass. Invoking tearDownClass.
2025-05-19 20:38:27.333 69999 INFO tempest.lib.common.rest_client [req-6f6c0165-97c8-4587-8b02-f20456f9608f req-6f6c0165-97c8-4587-8b02-f20456f9608f ] Request (DeleteServersAdminTestJSON:setUpClass): 201 POST http://10.180.1.21/identity/v3/projects 0.075s
2025-05-19 20:38:27.362 70009 INFO tempest.lib.common.rest_client [req-87068b55-4d86-434d-8a69-052512635815 req-87068b55-4d86-434d-8a69-052512635815 ] Request (HypervisorAdminUnderV252Test:setUpClass): 201 POST http://10.180.1.21/identity/v3/auth/tokens 0.097s
2025-05-19 20:38:27.372 70019 INFO tempest.lib.common.rest_client [req-57921b86-e193-42fb-b316-bdb6c891abbf req-57921b86-e193-42fb-b316-bdb6c891abbf ] Request (QuotaClassesAdmin257Test:setUpClass): 204 PUT http://10.180.1.21/identity/v3/projects/3eca9b05d1c84e1a9be00d650deaa816/users/66efb30b31d6443d80684e0a92e86ddc/roles/8cb4710998b34cb4962ed26498dee4b6 0.091s
2025-05-19 20:38:27.372 70019 INFO tempest.lib.common.dynamic_creds [-] Dynamic test user 66efb30b31d6443d80684e0a92e86ddc is created with scope project and roles: ['member']
2025-05-19 20:38:27.372 70019 INFO tempest.lib.common.dynamic_creds [-] Acquired dynamic creds: credentials: Credentials: {'domain_id': 'default', 'domain_name': 'Default', 'username': 'tempest-QuotaClassesAdmin257Test-1399038847-project-member', 'project_domain_id': 'default', 'project_domain_name': 'Default', 'project_id': '3eca9b05d1c84e1a9be00d650deaa816', 'project_name': 'tempest-QuotaClassesAdmin257Test-1399038847', 'tenant_id': '3eca9b05d1c84e1a9be00d650deaa816', 'tenant_name': 'tempest-QuotaClassesAdmin257Test-1399038847', 'user_domain_id': 'default', 'user_domain_name': 'Default', 'user_id': '66efb30b31d6443d80684e0a92e86ddc', 'system': None}, Network: None, Subnet: None, Router: None
2025-05-19 20:38:27.372 70019 INFO tempest.lib.common.dynamic_creds [-] Created isolated network resources for: credentials: Credentials: {'domain_id': 'default', 'domain_name': 'Default', 'username': 'tempest-QuotaClassesAdmin257Test-1399038847-project-member', 'project_domain_id': 'default', 'project_domain_name': 'Default', 'project_id': '3eca9b05d1c84e1a9be00d650deaa816', 'project_name': 'tempest-QuotaClassesAdmin257Test-1399038847', 'tenant_id': '3eca9b05d1c84e1a9be00d650deaa816', 'tenant_name': 'tempest-QuotaClassesAdmin257Test-1399038847', 'user_domain_id': 'default', 'user_domain_name': 'Default', 'user_id': '66efb30b31d6443d80684e0a92e86ddc', 'system': None}, Network: None, Subnet: None, Router: None
2025-05-19 20:38:27.420 70021 INFO tempest.lib.common.rest_client [req-ec5a7355-844c-43f2-8622-72b0eb30738f req-ec5a7355-844c-43f2-8622-72b0eb30738f ] Request (MigrationsAdminTest:setUpClass): 201 POST http://10.180.1.21/identity/v3/auth/tokens 0.128s
2025-05-19 20:38:27.421 70001 INFO tempest.lib.common.rest_client [req-b4095701-3d2c-482c-afea-31643db990cc req-b4095701-3d2c-482c-afea-31643db990cc ] Request (ServersAdmin275Test:setUpClass): 201 POST http://10.180.1.21/identity/v3/auth/tokens 0.132s
2025-05-19 20:38:27.421 70045 INFO tempest.test [-] raised in LiveMigrationRemoteConsolesV26Test.setUpClass. Invoking tearDownClass.
2025-05-19 20:38:27.451 70037 INFO tempest.lib.common.rest_client [req-3ce425a6-90b4-4335-b58d-4126755eba7f req-3ce425a6-90b4-4335-b58d-4126755eba7f ] Request (FlavorsAccessTestJSON:setUpClass): 201 POST http://10.180.1.21/identity/v3/projects 0.143s
2025-05-19 20:38:27.478 69995 INFO tempest.lib.common.rest_client [req-a6c2f009-f30d-4144-9d3f-25eff78fe47d req-a6c2f009-f30d-4144-9d3f-25eff78fe47d ] Request (FlavorsV2TestJSON:setUpClass): 201 POST http://10.180.1.21/identity/v3/auth/tokens 0.188s
2025-05-19 20:38:27.500 70035 INFO tempest.lib.common.rest_client [req-ad4e35fe-bde5-4ffa-bb32-465e45919477 req-ad4e35fe-bde5-4ffa-bb32-465e45919477 ] Request (AZAdminV2TestJSON:setUpClass): 201 POST http://10.180.1.21/identity/v3/auth/tokens 0.197s
2025-05-19 20:38:27.502 70031 INFO tempest.lib.common.rest_client [req-9328736c-1ae7-477d-b29e-4ecc62ba109f req-9328736c-1ae7-477d-b29e-4ecc62ba109f ] Request (ServerAddressesTestJSON:setUpClass): 201 POST http://10.180.1.21/identity/v3/auth/tokens 0.193s
2025-05-19 20:38:27.523 69999 INFO tempest.lib.common.rest_client [req-49162bbc-ea53-4fcd-80df-15c28d1ddbb9 req-49162bbc-ea53-4fcd-80df-15c28d1ddbb9 ] Request (DeleteServersAdminTestJSON:setUpClass): 201 POST http://10.180.1.21/identity/v3/users 0.189s
2025-05-19 20:38:27.526 69993 INFO tempest.lib.common.rest_client [req-7745a695-a81f-44e8-8ca6-63705f6374af req-7745a695-a81f-44e8-8ca6-63705f6374af ] Request (FloatingIPsNegativeTestJSON:setUpClass): 201 POST http://10.180.1.21/identity/v3/auth/tokens 0.203s
2025-05-19 20:38:27.546 70009 INFO tempest.lib.common.rest_client [req-cce00304-c6f8-45fd-8d68-2917ca826658 req-cce00304-c6f8-45fd-8d68-2917ca826658 ] Request (HypervisorAdminUnderV252Test:setUpClass): 201 POST http://10.180.1.21/identity/v3/auth/tokens 0.171s
2025-05-19 20:38:27.549 70013 INFO tempest.lib.common.rest_client [req-821ee713-c0e2-4f06-85f4-4b6b774ea3e4 req-821ee713-c0e2-4f06-85f4-4b6b774ea3e4 ] Request (QuotasAdminTestV257:setUpClass): 201 POST http://10.180.1.21/identity/v3/auth/tokens 0.200s
2025-05-19 20:38:27.572 70021 INFO tempest.lib.common.rest_client [req-c8ab142f-2649-43b3-a21f-9582cd2a5f40 req-c8ab142f-2649-43b3-a21f-9582cd2a5f40 ] Request (MigrationsAdminTest:setUpClass): 200 GET http://10.180.1.21/identity/v3/domains?name=Default 0.151s
2025-05-19 20:38:27.601 70001 INFO tempest.lib.common.rest_client [req-333e180f-da91-4d6a-b480-31f944ebf3cb req-333e180f-da91-4d6a-b480-31f944ebf3cb ] Request (ServersAdmin275Test:setUpClass): 200 GET http://10.180.1.21/identity/v3/domains?name=Default 0.179s
2025-05-19 20:38:27.606 70043 INFO tempest.test [-] raised in SpiceDirectConsoleTestJSON.setUpClass. Invoking tearDownClass.
2025-05-19 20:38:27.611 70003 INFO tempest.lib.common.rest_client [req-91698407-5794-409a-ad07-3ba3385b97e6 req-91698407-5794-409a-ad07-3ba3385b97e6 ] Request (AZAdminNegativeTestJSON:setUpClass): 201 POST http://10.180.1.21/identity/v3/auth/tokens 0.203s
2025-05-19 20:38:27.627 70045 INFO tempest.lib.common.rest_client [req-da2f494c-72f8-4088-baf3-a749bc65ee02 req-da2f494c-72f8-4088-baf3-a749bc65ee02 ] Request (QuotasAdminTestJSON:setUpClass): 201 POST http://10.180.1.21/identity/v3/auth/tokens 0.198s
2025-05-19 20:38:27.635 70037 INFO tempest.lib.common.rest_client [req-97162886-5b34-4f6d-bf2a-0631f1b3abf6 req-97162886-5b34-4f6d-bf2a-0631f1b3abf6 ] Request (FlavorsAccessTestJSON:setUpClass): 201 POST http://10.180.1.21/identity/v3/users 0.184s
2025-05-19 20:38:27.656 69997 INFO tempest.lib.common.rest_client [req-e9b3f7b0-6f5e-4a99-8d7e-85d860c3e307 req-e9b3f7b0-6f5e-4a99-8d7e-85d860c3e307 ] Request (VolumesAssistedSnapshotsTest:setUpClass): 201 POST http://10.180.1.21/identity/v3/auth/tokens 0.192s
2025-05-19 20:38:27.680 70011 INFO tempest.lib.common.rest_client [req-27928d5a-f7b8-4dfc-afc4-f9a60229fa5b req-27928d5a-f7b8-4dfc-afc4-f9a60229fa5b ] Request (InstanceUsageAuditLogTestJSON:setUpClass): 201 POST http://10.180.1.21/identity/v3/auth/tokens 0.195s
2025-05-19 20:38:27.687 70033 INFO tempest.lib.common.rest_client [req-6551d58a-9183-46da-92a2-982769e79063 req-6551d58a-9183-46da-92a2-982769e79063 ] Request (HostsAdminTestJSON:setUpClass): 201 POST http://10.180.1.21/identity/v3/auth/tokens 0.235s
2025-05-19 20:38:27.708 70051 INFO tempest.lib.common.rest_client [req-479a3e45-d7f9-4e20-acb0-545df413ce04 req-479a3e45-d7f9-4e20-acb0-545df413ce04 ] Request (QuotasSecurityGroupAdminNegativeTest:setUpClass): 201 POST http://10.180.1.21/identity/v3/auth/tokens 0.217s
2025-05-19 20:38:27.731 70017 INFO tempest.lib.common.rest_client [req-85be71d9-52d4-45ed-8b42-d2856c53386e req-85be71d9-52d4-45ed-8b42-d2856c53386e ] Request (FlavorsExtraSpecsNegativeTestJSON:setUpClass): 201 POST http://10.180.1.21/identity/v3/auth/tokens 0.234s
2025-05-19 20:38:27.738 70041 INFO tempest.test [-] raised in ServersOnMultiNodesTest.setUpClass. Invoking tearDownClass.
2025-05-19 20:38:27.743 70041 INFO tempest.test [-] raised in UnshelveToHostMultiNodesTest.setUpClass. Invoking tearDownClass.
2025-05-19 20:38:27.765 69995 INFO tempest.lib.common.rest_client [req-3ab56c26-5b73-4e82-9e27-f9afc3fa2b7e req-3ab56c26-5b73-4e82-9e27-f9afc3fa2b7e ] Request (FlavorsV2TestJSON:test_get_flavor): 200 GET http://10.180.1.21/compute/v2.1/flavors/42 0.280s
2025-05-19 20:38:27.771 70035 INFO tempest.lib.common.rest_client [req-ee6ac408-887d-4854-ad47-c3817946bb63 req-ee6ac408-887d-4854-ad47-c3817946bb63 ] Request (AZAdminV2TestJSON:setUpClass): 201 POST http://10.180.1.21/identity/v3/auth/tokens 0.268s
2025-05-19 20:38:27.790 70019 INFO tempest.lib.common.rest_client [req-5f7cc198-86ba-4be0-900f-6f7072028a0e req-5f7cc198-86ba-4be0-900f-6f7072028a0e ] Request (QuotaClassesAdmin257Test:setUpClass): 201 POST http://10.180.1.21/identity/v3/auth/tokens 0.290s
2025-05-19 20:38:27.793 70031 INFO tempest.lib.common.rest_client [req-512a55eb-b59d-4781-8ab8-aa8698a66621 req-512a55eb-b59d-4781-8ab8-aa8698a66621 ] Request (ServerAddressesTestJSON:setUpClass): 200 GET http://10.180.1.21/identity/v3/domains?name=Default 0.290s
2025-05-19 20:38:27.801 69995 INFO tempest.lib.common.rest_client [req-37b56f54-e2d8-4450-9343-bbf06fdf7d25 req-37b56f54-e2d8-4450-9343-bbf06fdf7d25 ] Request (FlavorsV2TestJSON:test_list_flavors): 200 GET http://10.180.1.21/compute/v2.1/flavors 0.028s
2025-05-19 20:38:27.816 70005 INFO tempest.lib.common.rest_client [req-a5d4cefc-3fd1-487a-b7a2-c52ad8121365 req-a5d4cefc-3fd1-487a-b7a2-c52ad8121365 ] Request (DeleteServersTestJSON:setUpClass): 201 POST http://10.180.1.21/identity/v3/auth/tokens 0.304s
2025-05-19 20:38:27.817 69993 INFO tempest.lib.common.rest_client [req-1e7f890e-afab-407b-95c5-e297066332b2 req-1e7f890e-afab-407b-95c5-e297066332b2 ] Request (FloatingIPsNegativeTestJSON:setUpClass): 201 POST http://10.180.1.21/identity/v3/auth/tokens 0.289s
2025-05-19 20:38:27.819 69995 INFO tempest.lib.common.rest_client [req-ffb1c10e-83b4-4f26-b109-13c5ae003331 req-ffb1c10e-83b4-4f26-b109-13c5ae003331 ] Request (FlavorsV2TestJSON:test_list_flavors): 200 GET http://10.180.1.21/compute/v2.1/flavors/42 0.015s
2025-05-19 20:38:27.834 69999 INFO tempest.lib.common.rest_client [req-227b672b-2694-418f-898f-bf89d4363d0d req-227b672b-2694-418f-898f-bf89d4363d0d ] Request (DeleteServersAdminTestJSON:setUpClass): 200 GET http://10.180.1.21/identity/v3/roles 0.309s
2025-05-19 20:38:27.841 70027 INFO tempest.lib.common.rest_client [req-20a3ceea-dbb0-4be7-8e8f-dc66a073e62b req-20a3ceea-dbb0-4be7-8e8f-dc66a073e62b ] Request (FlavorsAdminTestJSON:setUpClass): 201 POST http://10.180.1.21/identity/v3/auth/tokens 0.312s
2025-05-19 20:38:27.842 69995 INFO tempest.lib.common.rest_client [req-8bdd41d1-a05d-459b-b564-92bf5ff8b6e6 req-8bdd41d1-a05d-459b-b564-92bf5ff8b6e6 ] Request (FlavorsV2TestJSON:test_list_flavors_detailed_filter_by_min_disk): 200 GET http://10.180.1.21/compute/v2.1/flavors/42 0.019s
2025-05-19 20:38:27.856 70009 INFO tempest.lib.common.rest_client [req-2aabe397-967e-4b1d-be4e-8f967310a130 req-2aabe397-967e-4b1d-be4e-8f967310a130 ] Request (HypervisorAdminUnderV252Test:setUpClass): 200 GET http://10.180.1.21/identity/v3/domains?name=Default 0.308s
2025-05-19 20:38:27.863 69991 INFO tempest.lib.common.rest_client [req-e093219b-5cf4-4f02-82aa-8f68a6bcfb8f req-e093219b-5cf4-4f02-82aa-8f68a6bcfb8f ] Request (FlavorsExtraSpecsTestJSON:setUpClass): 201 POST http://10.180.1.21/identity/v3/auth/tokens 0.316s
2025-05-19 20:38:27.870 69995 INFO tempest.lib.common.rest_client [req-7f552eda-0fdd-4a94-b49e-6437fafd7715 req-7f552eda-0fdd-4a94-b49e-6437fafd7715 ] Request (FlavorsV2TestJSON:test_list_flavors_detailed_filter_by_min_disk): 200 GET http://10.180.1.21/compute/v2.1/flavors/detail?minDisk=2 0.025s
2025-05-19 20:38:27.878 70013 INFO tempest.lib.common.rest_client [req-8fcda97b-e54e-4def-91d8-1169cb56dab6 req-8fcda97b-e54e-4def-91d8-1169cb56dab6 ] Request (QuotasAdminTestV257:setUpClass): 201 POST http://10.180.1.21/identity/v3/auth/tokens 0.325s
2025-05-19 20:38:27.884 70029 INFO tempest.lib.common.rest_client [req-1130977d-afac-48ad-875b-887be0ec7db0 req-1130977d-afac-48ad-875b-887be0ec7db0 ] Request (FlavorMetadataValidation:setUpClass): 201 POST http://10.180.1.21/identity/v3/auth/tokens 0.323s
2025-05-19 20:38:27.889 69995 INFO tempest.lib.common.rest_client [req-356be84d-e003-4a4f-a960-ea278b30ad8c req-356be84d-e003-4a4f-a960-ea278b30ad8c ] Request (FlavorsV2TestJSON:test_list_flavors_detailed_filter_by_min_ram): 200 GET http://10.180.1.21/compute/v2.1/flavors/42 0.014s
2025-05-19 20:38:27.900 70021 INFO tempest.lib.common.rest_client [req-fee2f257-f699-4fab-98dd-2180902625ba req-fee2f257-f699-4fab-98dd-2180902625ba ] Request (MigrationsAdminTest:setUpClass): 201 POST http://10.180.1.21/identity/v3/projects 0.326s
2025-05-19 20:38:27.906 70001 INFO tempest.lib.common.rest_client [req-d7ba04dc-5d77-41b8-9323-3b93ed05f1ad req-d7ba04dc-5d77-41b8-9323-3b93ed05f1ad ] Request (ServersAdmin275Test:setUpClass): 201 POST http://10.180.1.21/identity/v3/projects 0.302s
2025-05-19 20:38:27.918 69995 INFO tempest.lib.common.rest_client [req-24688e9a-a55e-4235-a95b-1f60ebfaa2b9 req-24688e9a-a55e-4235-a95b-1f60ebfaa2b9 ] Request (FlavorsV2TestJSON:test_list_flavors_detailed_filter_by_min_ram): 200 GET http://10.180.1.21/compute/v2.1/flavors/detail?minRam=193 0.026s
2025-05-19 20:38:27.940 69995 INFO tempest.lib.common.rest_client [req-3ccb27f1-2e03-4f70-bf4e-2e656e9ab7a0 req-3ccb27f1-2e03-4f70-bf4e-2e656e9ab7a0 ] Request (FlavorsV2TestJSON:test_list_flavors_detailed_limit_results): 200 GET http://10.180.1.21/compute/v2.1/flavors/detail?limit=1 0.017s
2025-05-19 20:38:27.958 70043 INFO tempest.lib.common.rest_client [req-df9ce30a-c837-43bc-860e-d4ee46c53a25 req-df9ce30a-c837-43bc-860e-d4ee46c53a25 ] Request (FloatingIPsAssociationNegativeTestJSON:setUpClass): 201 POST http://10.180.1.21/identity/v3/auth/tokens 0.345s
2025-05-19 20:38:27.959 69995 INFO tempest.lib.common.rest_client [req-5dd202a6-dd75-42ee-9fb2-6cd14f0cadc3 req-5dd202a6-dd75-42ee-9fb2-6cd14f0cadc3 ] Request (FlavorsV2TestJSON:test_list_flavors_detailed_using_marker): 200 GET http://10.180.1.21/compute/v2.1/flavors/42 0.015s
2025-05-19 20:38:27.976 70003 INFO tempest.lib.common.rest_client [req-0750a2d1-35d3-46da-96bd-0d29ee366d50 req-0750a2d1-35d3-46da-96bd-0d29ee366d50 ] Request (AZAdminNegativeTestJSON:setUpClass): 201 POST http://10.180.1.21/identity/v3/projects 0.365s
2025-05-19 20:38:27.976 70045 INFO tempest.lib.common.rest_client [req-0d532bf2-3be4-46db-8ff1-cd2b8b66560a req-0d532bf2-3be4-46db-8ff1-cd2b8b66560a ] Request (QuotasAdminTestJSON:setUpClass): 201 POST http://10.180.1.21/identity/v3/auth/tokens 0.347s
2025-05-19 20:38:28.002 69995 INFO tempest.lib.common.rest_client [req-2f164a7c-fc1d-415e-ad38-45502fbbf4d8 req-2f164a7c-fc1d-415e-ad38-45502fbbf4d8 ] Request (FlavorsV2TestJSON:test_list_flavors_detailed_using_marker): 200 GET http://10.180.1.21/compute/v2.1/flavors/detail?marker=42 0.040s
2025-05-19 20:38:28.019 70037 INFO tempest.lib.common.rest_client [req-16985b6a-e9d8-4515-b014-090c19717397 req-16985b6a-e9d8-4515-b014-090c19717397 ] Request (FlavorsAccessTestJSON:setUpClass): 200 GET http://10.180.1.21/identity/v3/roles 0.383s
2025-05-19 20:38:28.022 69995 INFO tempest.lib.common.rest_client [req-8de665d6-484c-4aba-b9dd-51b6f34bf37f req-8de665d6-484c-4aba-b9dd-51b6f34bf37f ] Request (FlavorsV2TestJSON:test_list_flavors_filter_by_min_disk): 200 GET http://10.180.1.21/compute/v2.1/flavors/42 0.014s
2025-05-19 20:38:28.034 70047 INFO tempest.lib.common.rest_client [req-f2f17edc-6d39-43b9-ba2f-2ab784626a21 req-f2f17edc-6d39-43b9-ba2f-2ab784626a21 ] Request (ImagesDeleteNegativeTestJSON:setUpClass): 201 POST http://10.180.1.21/identity/v3/auth/tokens 0.392s
2025-05-19 20:38:28.043 70015 INFO tempest.lib.common.rest_client [req-bbb5fb8f-b42b-428f-8e54-0c41338f647b req-bbb5fb8f-b42b-428f-8e54-0c41338f647b ] Request (KeyPairsV210TestJSON:setUpClass): 201 POST http://10.180.1.21/identity/v3/auth/tokens 0.398s
2025-05-19 20:38:28.058 70023 INFO tempest.lib.common.rest_client [req-f4dc7ecd-c6d9-444d-8cfc-331b4d0e03d7 req-f4dc7ecd-c6d9-444d-8cfc-331b4d0e03d7 ] Request (ServersWithSpecificFlavorTestJSON:setUpClass): 201 POST http://10.180.1.21/identity/v3/auth/tokens 0.405s
2025-05-19 20:38:28.059 69995 INFO tempest.lib.common.rest_client [req-6fe2cbd1-2e3c-415d-b3c3-114d79df6bba req-6fe2cbd1-2e3c-415d-b3c3-114d79df6bba ] Request (FlavorsV2TestJSON:test_list_flavors_filter_by_min_disk): 200 GET http://10.180.1.21/compute/v2.1/flavors?minDisk=2 0.035s
2025-05-19 20:38:28.068 70049 INFO tempest.lib.common.rest_client [req-794d4216-9746-4066-8e54-6cd7059a2bb2 req-794d4216-9746-4066-8e54-6cd7059a2bb2 ] Request (InstanceUsageAuditLogNegativeTestJSON:setUpClass): 201 POST http://10.180.1.21/identity/v3/auth/tokens 0.415s
2025-05-19 20:38:28.077 69995 INFO tempest.lib.common.rest_client [req-0228fdcf-7a08-40dd-9740-ad6d4d4c3538 req-0228fdcf-7a08-40dd-9740-ad6d4d4c3538 ] Request (FlavorsV2TestJSON:test_list_flavors_filter_by_min_ram): 200 GET http://10.180.1.21/compute/v2.1/flavors/42 0.014s
2025-05-19 20:38:28.080 69997 INFO tempest.lib.common.rest_client [req-b15e9fba-7e0e-4fcf-98fe-635f9767308a req-b15e9fba-7e0e-4fcf-98fe-635f9767308a ] Request (VolumesAssistedSnapshotsTest:setUpClass): 201 POST http://10.180.1.21/identity/v3/auth/tokens 0.422s
2025-05-19 20:38:28.089 70011 INFO tempest.lib.common.rest_client [req-24c9c799-fcfb-4d56-8cf6-db209d0004b9 req-24c9c799-fcfb-4d56-8cf6-db209d0004b9 ] Request (InstanceUsageAuditLogTestJSON:setUpClass): 201 POST http://10.180.1.21/identity/v3/auth/tokens 0.405s
2025-05-19 20:38:28.102 70033 INFO tempest.lib.common.rest_client [req-d89f169f-aaaa-4c72-a8df-8c1934a5d658 req-d89f169f-aaaa-4c72-a8df-8c1934a5d658 ] Request (HostsAdminTestJSON:setUpClass): 201 POST http://10.180.1.21/identity/v3/projects 0.415s
2025-05-19 20:38:28.108 69995 INFO tempest.lib.common.rest_client [req-aa62855e-c60e-4ace-a295-0456441cb314 req-aa62855e-c60e-4ace-a295-0456441cb314 ] Request (FlavorsV2TestJSON:test_list_flavors_filter_by_min_ram): 200 GET http://10.180.1.21/compute/v2.1/flavors?minRam=193 0.028s
2025-05-19 20:38:28.132 69995 INFO tempest.lib.common.rest_client [req-3b950e43-44cd-45ee-982d-5a8326db2aac req-3b950e43-44cd-45ee-982d-5a8326db2aac ] Request (FlavorsV2TestJSON:test_list_flavors_limit_results): 200 GET http://10.180.1.21/compute/v2.1/flavors?limit=1 0.020s
2025-05-19 20:38:28.142 70039 INFO tempest.lib.common.rest_client [req-eb80a467-95a7-48f9-a512-5ba38e833730 req-eb80a467-95a7-48f9-a512-5ba38e833730 ] Request (ImagesNegativeTestJSON:setUpClass): 201 POST http://10.180.1.21/identity/v3/auth/tokens 0.446s
2025-05-19 20:38:28.150 69995 INFO tempest.lib.common.rest_client [req-da86cdbf-d45c-4c95-b85a-cff98751f146 req-da86cdbf-d45c-4c95-b85a-cff98751f146 ] Request (FlavorsV2TestJSON:test_list_flavors_using_marker): 200 GET http://10.180.1.21/compute/v2.1/flavors/42 0.014s
2025-05-19 20:38:28.154 70007 INFO tempest.lib.common.rest_client [req-25b2751d-867b-46fd-9c2c-e5ca72c67c02 req-25b2751d-867b-46fd-9c2c-e5ca72c67c02 ] Request (ServicesAdminTestJSON:setUpClass): 201 POST http://10.180.1.21/identity/v3/auth/tokens 0.454s
2025-05-19 20:38:28.160 70051 INFO tempest.lib.common.rest_client [req-d2e3214e-6fa9-4c69-b31f-2768d304bc02 req-d2e3214e-6fa9-4c69-b31f-2768d304bc02 ] Request (QuotasSecurityGroupAdminNegativeTest:setUpClass): 201 POST http://10.180.1.21/identity/v3/auth/tokens 0.449s
2025-05-19 20:38:28.176 70017 INFO tempest.lib.common.rest_client [req-cabf6aac-9be7-42c3-b2c0-eeff3da594b0 req-cabf6aac-9be7-42c3-b2c0-eeff3da594b0 ] Request (FlavorsExtraSpecsNegativeTestJSON:setUpClass): 201 POST http://10.180.1.21/identity/v3/auth/tokens 0.442s
2025-05-19 20:38:28.182 70025 INFO tempest.lib.common.rest_client [req-242c19ff-31fb-4bcf-bd05-0ad28ed6c0c0 req-242c19ff-31fb-4bcf-bd05-0ad28ed6c0c0 ] Request (HypervisorAdminNegativeTestJSON:setUpClass): 201 POST http://10.180.1.21/identity/v3/auth/tokens 0.441s
2025-05-19 20:38:28.183 69995 INFO tempest.lib.common.rest_client [req-d306181d-ea5e-4d44-bb8b-994827fa02e2 req-d306181d-ea5e-4d44-bb8b-994827fa02e2 ] Request (FlavorsV2TestJSON:test_list_flavors_using_marker): 200 GET http://10.180.1.21/compute/v2.1/flavors?marker=42 0.030s
2025-05-19 20:38:28.200 70053 INFO tempest.lib.common.rest_client [req-c9325737-a694-4381-9b19-3008d486303f req-c9325737-a694-4381-9b19-3008d486303f ] Request (AggregatesAdminNegativeTestJSON:setUpClass): 201 POST http://10.180.1.21/identity/v3/auth/tokens 0.458s
2025-05-19 20:38:28.204 70041 INFO tempest.lib.common.rest_client [req-086b1745-4524-4ea0-b5cd-8dc9efe74fb5 req-086b1745-4524-4ea0-b5cd-8dc9efe74fb5 ] Request (ServerTagsTestJSON:setUpClass): 201 POST http://10.180.1.21/identity/v3/auth/tokens 0.457s
2025-05-19 20:38:28.210 69995 INFO tempest.lib.common.rest_client [req-61347db1-37c9-4258-ac49-bc2c46f7cee7 req-61347db1-37c9-4258-ac49-bc2c46f7cee7 ] Request (FlavorsV2TestJSON:test_list_flavors_with_detail): 200 GET http://10.180.1.21/compute/v2.1/flavors/detail 0.023s
2025-05-19 20:38:28.223 70035 INFO tempest.lib.common.rest_client [req-6472eff7-f739-498f-b072-d2390fd31281 req-6472eff7-f739-498f-b072-d2390fd31281 ] Request (AZAdminV2TestJSON:setUpClass): 200 GET http://10.180.1.21/identity/v3/domains?name=Default 0.452s
2025-05-19 20:38:28.228 70019 INFO tempest.lib.common.rest_client [req-b7998dbe-4a49-4cb5-a0a6-a8716cbc2884 req-b7998dbe-4a49-4cb5-a0a6-a8716cbc2884 ] Request (QuotaClassesAdmin257Test:setUpClass): 201 POST http://10.180.1.21/identity/v3/projects 0.438s
2025-05-19 20:38:28.230 69995 INFO tempest.lib.common.rest_client [req-9cfde7ff-8d2f-4a12-8a1a-c0f07391a241 req-9cfde7ff-8d2f-4a12-8a1a-c0f07391a241 ] Request (FlavorsV2TestJSON:test_list_flavors_with_detail): 200 GET http://10.180.1.21/compute/v2.1/flavors/42 0.014s
2025-05-19 20:38:28.274 70031 INFO tempest.lib.common.rest_client [req-5ea3a190-ede8-4e58-a707-283e4113b40d req-5ea3a190-ede8-4e58-a707-283e4113b40d ] Request (ServerAddressesTestJSON:setUpClass): 201 POST http://10.180.1.21/identity/v3/projects 0.477s
2025-05-19 20:38:28.277 69993 INFO tempest.lib.common.rest_client [req-eec61bbe-1d28-4e99-8da4-cdf140c18934 req-eec61bbe-1d28-4e99-8da4-cdf140c18934 ] Request (FloatingIPsNegativeTestJSON:setUpClass): 200 GET http://10.180.1.21/identity/v3/domains?name=Default 0.459s
2025-05-19 20:38:28.320 69999 INFO tempest.lib.common.rest_client [req-6e8493fc-e810-4313-9ea3-bd9d144b3118 req-6e8493fc-e810-4313-9ea3-bd9d144b3118 ] Request (DeleteServersAdminTestJSON:setUpClass): 204 PUT http://10.180.1.21/identity/v3/projects/656203478cd048cb82b668d391d52386/users/d2966f1112cd45ffb61be3da612fc1dc/roles/8cb4710998b34cb4962ed26498dee4b6 0.485s
2025-05-19 20:38:28.320 70005 INFO tempest.lib.common.rest_client [req-3d56c795-2ee0-455f-a9f5-d6811112b772 req-3d56c795-2ee0-455f-a9f5-d6811112b772 ] Request (DeleteServersTestJSON:setUpClass): 201 POST http://10.180.1.21/identity/v3/auth/tokens 0.500s
2025-05-19 20:38:28.320 69999 INFO tempest.lib.common.dynamic_creds [-] Dynamic test user d2966f1112cd45ffb61be3da612fc1dc is created with scope project and roles: ['member']
2025-05-19 20:38:28.321 69999 INFO tempest.lib.common.dynamic_creds [-] Acquired dynamic creds: credentials: Credentials: {'domain_id': 'default', 'domain_name': 'Default', 'username': 'tempest-DeleteServersAdminTestJSON-1834201826-project-member', 'project_domain_id': 'default', 'project_domain_name': 'Default', 'project_id': '656203478cd048cb82b668d391d52386', 'project_name': 'tempest-DeleteServersAdminTestJSON-1834201826', 'tenant_id': '656203478cd048cb82b668d391d52386', 'tenant_name': 'tempest-DeleteServersAdminTestJSON-1834201826', 'user_domain_id': 'default', 'user_domain_name': 'Default', 'user_id': 'd2966f1112cd45ffb61be3da612fc1dc', 'system': None}, Network: None, Subnet: None, Router: None
2025-05-19 20:38:28.321 69999 INFO tempest.lib.common.dynamic_creds [-] Created isolated network resources for: credentials: Credentials: {'domain_id': 'default', 'domain_name': 'Default', 'username': 'tempest-DeleteServersAdminTestJSON-1834201826-project-member', 'project_domain_id': 'default', 'project_domain_name': 'Default', 'project_id': '656203478cd048cb82b668d391d52386', 'project_name': 'tempest-DeleteServersAdminTestJSON-1834201826', 'tenant_id': '656203478cd048cb82b668d391d52386', 'tenant_name': 'tempest-DeleteServersAdminTestJSON-1834201826', 'user_domain_id': 'default', 'user_domain_name': 'Default', 'user_id': 'd2966f1112cd45ffb61be3da612fc1dc', 'system': None}, Network: None, Subnet: None, Router: None
2025-05-19 20:38:28.368 70027 INFO tempest.lib.common.rest_client [req-2be75092-0b76-4932-8e9b-00d8e0765c62 req-2be75092-0b76-4932-8e9b-00d8e0765c62 ] Request (FlavorsAdminTestJSON:setUpClass): 201 POST http://10.180.1.21/identity/v3/auth/tokens 0.524s
2025-05-19 20:38:28.369 70009 INFO tempest.lib.common.rest_client [req-e331b0c5-9c28-4616-aa9e-a1703a57aa2f req-e331b0c5-9c28-4616-aa9e-a1703a57aa2f ] Request (HypervisorAdminUnderV252Test:setUpClass): 201 POST http://10.180.1.21/identity/v3/projects 0.511s
2025-05-19 20:38:28.411 70013 INFO tempest.lib.common.rest_client [req-36562324-fc9c-48fd-80b4-1b51398bde10 req-36562324-fc9c-48fd-80b4-1b51398bde10 ] Request (QuotasAdminTestV257:setUpClass): 200 GET http://10.180.1.21/identity/v3/domains?name=Default 0.532s
2025-05-19 20:38:28.412 69991 INFO tempest.lib.common.rest_client [req-2d09b435-8392-4df6-be92-3baa825e86cd req-2d09b435-8392-4df6-be92-3baa825e86cd ] Request (FlavorsExtraSpecsTestJSON:setUpClass): 201 POST http://10.180.1.21/identity/v3/auth/tokens 0.546s
2025-05-19 20:38:28.433 70029 INFO tempest.lib.common.rest_client [req-bfd0cfe5-d832-45f1-a88c-8ea080e4d5eb req-bfd0cfe5-d832-45f1-a88c-8ea080e4d5eb ] Request (FlavorMetadataValidation:setUpClass): 201 POST http://10.180.1.21/identity/v3/auth/tokens 0.545s
2025-05-19 20:38:28.433 70021 INFO tempest.lib.common.rest_client [req-970a69a0-9bad-4909-9e09-10ed54631d69 req-970a69a0-9bad-4909-9e09-10ed54631d69 ] Request (MigrationsAdminTest:setUpClass): 201 POST http://10.180.1.21/identity/v3/users 0.532s
2025-05-19 20:38:28.452 70001 INFO tempest.lib.common.rest_client [req-362ed5c2-a375-4354-9158-d7473b8b4c5d req-362ed5c2-a375-4354-9158-d7473b8b4c5d ] Request (ServersAdmin275Test:setUpClass): 201 POST http://10.180.1.21/identity/v3/users 0.546s
2025-05-19 20:38:28.456 70043 INFO tempest.lib.common.rest_client [req-bcabb055-7968-4135-bc23-be1d172397b0 req-bcabb055-7968-4135-bc23-be1d172397b0 ] Request (FloatingIPsAssociationNegativeTestJSON:setUpClass): 201 POST http://10.180.1.21/identity/v3/auth/tokens 0.496s
2025-05-19 20:38:28.471 70003 INFO tempest.lib.common.rest_client [req-15beabaf-9b8c-4159-a11c-2e15c323a54a req-15beabaf-9b8c-4159-a11c-2e15c323a54a ] Request (AZAdminNegativeTestJSON:setUpClass): 201 POST http://10.180.1.21/identity/v3/users 0.495s
2025-05-19 20:38:28.475 70045 INFO tempest.lib.common.rest_client [req-76a7b26d-78ab-4e2c-a31a-3c60e23b57d4 req-76a7b26d-78ab-4e2c-a31a-3c60e23b57d4 ] Request (QuotasAdminTestJSON:setUpClass): 200 GET http://10.180.1.21/identity/v3/domains?name=Default 0.498s
2025-05-19 20:38:28.494 70047 INFO tempest.lib.common.rest_client [req-8e13cd1d-bbb0-4bd8-a8ed-7c295843ec8d req-8e13cd1d-bbb0-4bd8-a8ed-7c295843ec8d ] Request (ImagesDeleteNegativeTestJSON:setUpClass): 201 POST http://10.180.1.21/identity/v3/auth/tokens 0.457s
2025-05-19 20:38:28.494 70037 INFO tempest.lib.common.rest_client [req-1f9e9860-bea7-4b08-b1fa-baff4af1c8f2 req-1f9e9860-bea7-4b08-b1fa-baff4af1c8f2 ] Request (FlavorsAccessTestJSON:setUpClass): 204 PUT http://10.180.1.21/identity/v3/projects/394f0e6b61784b11a22d739751de15d7/users/5e203bf8f481414f9b8d5e981d020d7f/roles/8cb4710998b34cb4962ed26498dee4b6 0.475s
2025-05-19 20:38:28.495 70037 INFO tempest.lib.common.dynamic_creds [-] Dynamic test user 5e203bf8f481414f9b8d5e981d020d7f is created with scope project and roles: ['member']
2025-05-19 20:38:28.495 70037 INFO tempest.lib.common.dynamic_creds [-] Acquired dynamic creds: credentials: Credentials: {'domain_id': 'default', 'domain_name': 'Default', 'username': 'tempest-FlavorsAccessTestJSON-1489405250-project-member', 'project_domain_id': 'default', 'project_domain_name': 'Default', 'project_id': '394f0e6b61784b11a22d739751de15d7', 'project_name': 'tempest-FlavorsAccessTestJSON-1489405250', 'tenant_id': '394f0e6b61784b11a22d739751de15d7', 'tenant_name': 'tempest-FlavorsAccessTestJSON-1489405250', 'user_domain_id': 'default', 'user_domain_name': 'Default', 'user_id': '5e203bf8f481414f9b8d5e981d020d7f', 'system': None}, Network: None, Subnet: None, Router: None
2025-05-19 20:38:28.496 70037 INFO tempest.lib.common.dynamic_creds [-] Created isolated network resources for: credentials: Credentials: {'domain_id': 'default', 'domain_name': 'Default', 'username': 'tempest-FlavorsAccessTestJSON-1489405250-project-member', 'project_domain_id': 'default', 'project_domain_name': 'Default', 'project_id': '394f0e6b61784b11a22d739751de15d7', 'project_name': 'tempest-FlavorsAccessTestJSON-1489405250', 'tenant_id': '394f0e6b61784b11a22d739751de15d7', 'tenant_name': 'tempest-FlavorsAccessTestJSON-1489405250', 'user_domain_id': 'default', 'user_domain_name': 'Default', 'user_id': '5e203bf8f481414f9b8d5e981d020d7f', 'system': None}, Network: None, Subnet: None, Router: None
2025-05-19 20:38:28.544 70023 INFO tempest.lib.common.rest_client [req-cb755be5-ef53-446d-b6f2-b440b45ccaff req-cb755be5-ef53-446d-b6f2-b440b45ccaff ] Request (ServersWithSpecificFlavorTestJSON:setUpClass): 201 POST http://10.180.1.21/identity/v3/auth/tokens 0.483s
2025-05-19 20:38:28.546 70015 INFO tempest.lib.common.rest_client [req-773781e3-f1b4-4ade-aa70-b0eaec5399bf req-773781e3-f1b4-4ade-aa70-b0eaec5399bf ] Request (KeyPairsV210TestJSON:setUpClass): 201 POST http://10.180.1.21/identity/v3/auth/tokens 0.499s
2025-05-19 20:38:28.565 70049 INFO tempest.lib.common.rest_client [req-e57664b9-40a0-4d04-b6c4-846bcb8e3ce3 req-e57664b9-40a0-4d04-b6c4-846bcb8e3ce3 ] Request (InstanceUsageAuditLogNegativeTestJSON:setUpClass): 201 POST http://10.180.1.21/identity/v3/auth/tokens 0.495s
2025-05-19 20:38:28.583 70011 INFO tempest.lib.common.rest_client [req-ccfcdf04-1be1-4a36-bcc5-57cd1529be44 req-ccfcdf04-1be1-4a36-bcc5-57cd1529be44 ] Request (InstanceUsageAuditLogTestJSON:setUpClass): 200 GET http://10.180.1.21/identity/v3/domains?name=Default 0.493s
2025-05-19 20:38:28.602 70033 INFO tempest.lib.common.rest_client [req-0a7a0acd-fa0a-4762-9339-c246b57975c1 req-0a7a0acd-fa0a-4762-9339-c246b57975c1 ] Request (HostsAdminTestJSON:setUpClass): 201 POST http://10.180.1.21/identity/v3/users 0.500s
2025-05-19 20:38:28.624 70039 INFO tempest.lib.common.rest_client [req-fe61eadd-6996-470a-963e-69feb49b7fae req-fe61eadd-6996-470a-963e-69feb49b7fae ] Request (ImagesNegativeTestJSON:setUpClass): 201 POST http://10.180.1.21/identity/v3/auth/tokens 0.480s
2025-05-19 20:38:28.649 70007 INFO tempest.lib.common.rest_client [req-649d038e-0a97-4a8c-b1f7-76f489c21a7a req-649d038e-0a97-4a8c-b1f7-76f489c21a7a ] Request (ServicesAdminTestJSON:setUpClass): 201 POST http://10.180.1.21/identity/v3/auth/tokens 0.492s
2025-05-19 20:38:28.668 70051 INFO tempest.lib.common.rest_client [req-cf1011e5-6b56-4eac-b27f-1f152ef5bdb1 req-cf1011e5-6b56-4eac-b27f-1f152ef5bdb1 ] Request (QuotasSecurityGroupAdminNegativeTest:setUpClass): 200 GET http://10.180.1.21/identity/v3/domains?name=Default 0.507s
2025-05-19 20:38:28.689 70017 INFO tempest.lib.common.rest_client [req-58511e20-8610-416e-b2fe-2e9e0db1eb74 req-58511e20-8610-416e-b2fe-2e9e0db1eb74 ] Request (FlavorsExtraSpecsNegativeTestJSON:setUpClass): 200 GET http://10.180.1.21/identity/v3/domains?name=Default 0.512s
2025-05-19 20:38:28.692 69997 INFO tempest.lib.common.rest_client [req-732556b6-eb43-42aa-90a2-98e345e35abb req-732556b6-eb43-42aa-90a2-98e345e35abb ] Request (VolumesAssistedSnapshotsTest:setUpClass): 200 GET http://10.180.1.21/identity/v3/domains?name=Default 0.611s
2025-05-19 20:38:28.711 70025 INFO tempest.lib.common.rest_client [req-202e1a39-d26b-400a-a37f-2081d6585f96 req-202e1a39-d26b-400a-a37f-2081d6585f96 ] Request (HypervisorAdminNegativeTestJSON:setUpClass): 201 POST http://10.180.1.21/identity/v3/auth/tokens 0.526s
2025-05-19 20:38:28.713 70053 INFO tempest.lib.common.rest_client [req-0f0af33c-309e-472a-9351-2b4eab7d1a03 req-0f0af33c-309e-472a-9351-2b4eab7d1a03 ] Request (AggregatesAdminNegativeTestJSON:setUpClass): 201 POST http://10.180.1.21/identity/v3/auth/tokens 0.510s
2025-05-19 20:38:28.733 70041 INFO tempest.lib.common.rest_client [req-0a028b79-494f-446e-9f48-2f6b8da1b4c8 req-0a028b79-494f-446e-9f48-2f6b8da1b4c8 ] Request (ServerTagsTestJSON:setUpClass): 201 POST http://10.180.1.21/identity/v3/auth/tokens 0.525s
2025-05-19 20:38:28.734 70035 INFO tempest.lib.common.rest_client [req-7d9ea995-3391-4dfb-b62b-441b27395b8e req-7d9ea995-3391-4dfb-b62b-441b27395b8e ] Request (AZAdminV2TestJSON:setUpClass): 201 POST http://10.180.1.21/identity/v3/projects 0.508s
2025-05-19 20:38:28.781 70019 INFO tempest.lib.common.rest_client [req-f0857835-0849-420e-9e95-dff3cd1c8d9b req-f0857835-0849-420e-9e95-dff3cd1c8d9b ] Request (QuotaClassesAdmin257Test:setUpClass): 201 POST http://10.180.1.21/identity/v3/users 0.552s
2025-05-19 20:38:28.802 70031 INFO tempest.lib.common.rest_client [req-95000b03-0e9d-4c3c-81f6-00d985eb4603 req-95000b03-0e9d-4c3c-81f6-00d985eb4603 ] Request (ServerAddressesTestJSON:setUpClass): 201 POST http://10.180.1.21/identity/v3/users 0.527s
2025-05-19 20:38:28.827 69995 INFO tempest.lib.common.rest_client [req-c413969a-7bc4-4184-be60-6df8062ac97c req-c413969a-7bc4-4184-be60-6df8062ac97c ] Request (FlavorsV2TestJSON:tearDownClass): 204 DELETE http://10.180.1.21/identity/v3/users/3c21c98f4eef420bbedc4932619d0b75 0.591s
2025-05-19 20:38:28.827 69995 INFO tempest.lib.common.dynamic_creds [-] Deleting project and security group for project: dbc7a01ab7e24b1c9751ac03107e6f57
2025-05-19 20:38:28.854 69993 INFO tempest.lib.common.rest_client [req-552f118d-660a-447f-8b37-66ee5f145daf req-552f118d-660a-447f-8b37-66ee5f145daf ] Request (FloatingIPsNegativeTestJSON:setUpClass): 201 POST http://10.180.1.21/identity/v3/projects 0.575s
2025-05-19 20:38:28.901 70005 INFO tempest.lib.common.rest_client [req-5d0c0983-e68f-4486-898b-78d877cd2b06 req-5d0c0983-e68f-4486-898b-78d877cd2b06 ] Request (DeleteServersTestJSON:setUpClass): 200 GET http://10.180.1.21/identity/v3/domains?name=Default 0.581s
2025-05-19 20:38:28.904 69999 INFO tempest.lib.common.rest_client [req-190b9b5a-9cbe-4d8e-8564-ab0355dc2fbc req-190b9b5a-9cbe-4d8e-8564-ab0355dc2fbc ] Request (DeleteServersAdminTestJSON:setUpClass): 201 POST http://10.180.1.21/identity/v3/auth/tokens 0.543s
2025-05-19 20:38:28.921 70027 INFO tempest.lib.common.rest_client [req-62577788-cedd-4ecb-804a-9274d2d2970f req-62577788-cedd-4ecb-804a-9274d2d2970f ] Request (FlavorsAdminTestJSON:setUpClass): 200 GET http://10.180.1.21/identity/v3/domains?name=Default 0.553s
2025-05-19 20:38:28.927 70009 INFO tempest.lib.common.rest_client [req-405e044a-7304-4fea-bc9c-400a78847154 req-405e044a-7304-4fea-bc9c-400a78847154 ] Request (HypervisorAdminUnderV252Test:setUpClass): 201 POST http://10.180.1.21/identity/v3/users 0.557s
2025-05-19 20:38:28.942 69991 INFO tempest.lib.common.rest_client [req-2b962e81-b1c4-4044-a973-f49a68c0afde req-2b962e81-b1c4-4044-a973-f49a68c0afde ] Request (FlavorsExtraSpecsTestJSON:setUpClass): 200 GET http://10.180.1.21/identity/v3/domains?name=Default 0.529s
2025-05-19 20:38:28.959 70013 INFO tempest.lib.common.rest_client [req-ad63f746-a9f7-43eb-a6d5-7a84fb649b6c req-ad63f746-a9f7-43eb-a6d5-7a84fb649b6c ] Request (QuotasAdminTestV257:setUpClass): 201 POST http://10.180.1.21/identity/v3/projects 0.544s
2025-05-19 20:38:28.964 70029 INFO tempest.lib.common.rest_client [req-df42aa04-9598-4034-920b-e5fe6dfb825d req-df42aa04-9598-4034-920b-e5fe6dfb825d ] Request (FlavorMetadataValidation:setUpClass): 200 GET http://10.180.1.21/identity/v3/domains?name=Default 0.530s
2025-05-19 20:38:29.004 70021 INFO tempest.lib.common.rest_client [req-30dfbd19-79e6-4516-9cde-a55df752d6b0 req-30dfbd19-79e6-4516-9cde-a55df752d6b0 ] Request (MigrationsAdminTest:setUpClass): 200 GET http://10.180.1.21/identity/v3/roles 0.570s
2025-05-19 20:38:29.009 70001 INFO tempest.lib.common.rest_client [req-a8b85ab9-21d9-499b-a0ae-65a661273450 req-a8b85ab9-21d9-499b-a0ae-65a661273450 ] Request (ServersAdmin275Test:setUpClass): 200 GET http://10.180.1.21/identity/v3/roles 0.556s
2025-05-19 20:38:29.025 70043 INFO tempest.lib.common.rest_client [req-5b775c6e-41e9-4692-b5eb-a39a77bdcf5d req-5b775c6e-41e9-4692-b5eb-a39a77bdcf5d ] Request (FloatingIPsAssociationNegativeTestJSON:setUpClass): 200 GET http://10.180.1.21/identity/v3/domains?name=Default 0.569s
2025-05-19 20:38:29.029 70003 INFO tempest.lib.common.rest_client [req-248dda38-1a32-41be-9a2c-b141aaf595f4 req-248dda38-1a32-41be-9a2c-b141aaf595f4 ] Request (AZAdminNegativeTestJSON:setUpClass): 200 GET http://10.180.1.21/identity/v3/roles 0.557s
2025-05-19 20:38:29.050 70047 INFO tempest.lib.common.rest_client [req-b3db5ad7-2de5-4d07-b3c2-d5492ef33788 req-b3db5ad7-2de5-4d07-b3c2-d5492ef33788 ] Request (ImagesDeleteNegativeTestJSON:setUpClass): 200 GET http://10.180.1.21/identity/v3/domains?name=Default 0.555s
2025-05-19 20:38:29.053 70045 INFO tempest.lib.common.rest_client [req-1b80617f-0a2c-4457-bebc-331c9602271d req-1b80617f-0a2c-4457-bebc-331c9602271d ] Request (QuotasAdminTestJSON:setUpClass): 201 POST http://10.180.1.21/identity/v3/projects 0.575s
2025-05-19 20:38:29.101 70023 INFO tempest.lib.common.rest_client [req-7f27a602-9cd7-46dc-8cfc-66a1ba4459a7 req-7f27a602-9cd7-46dc-8cfc-66a1ba4459a7 ] Request (ServersWithSpecificFlavorTestJSON:setUpClass): 200 GET http://10.180.1.21/identity/v3/domains?name=Default 0.556s
2025-05-19 20:38:29.107 70037 INFO tempest.lib.common.rest_client [req-db93a14e-7810-42ca-a599-74708de31536 req-db93a14e-7810-42ca-a599-74708de31536 ] Request (FlavorsAccessTestJSON:setUpClass): 201 POST http://10.180.1.21/identity/v3/auth/tokens 0.572s
2025-05-19 20:38:29.121 70015 INFO tempest.lib.common.rest_client [req-20af3444-e859-4173-bfe9-a4361b41ca90 req-20af3444-e859-4173-bfe9-a4361b41ca90 ] Request (KeyPairsV210TestJSON:setUpClass): 200 GET http://10.180.1.21/identity/v3/domains?name=Default 0.575s
2025-05-19 20:38:29.128 70049 INFO tempest.lib.common.rest_client [req-4eae1aa9-c68d-46e0-96b7-f736d3992724 req-4eae1aa9-c68d-46e0-96b7-f736d3992724 ] Request (InstanceUsageAuditLogNegativeTestJSON:setUpClass): 200 GET http://10.180.1.21/identity/v3/domains?name=Default 0.562s
2025-05-19 20:38:29.148 70033 INFO tempest.lib.common.rest_client [req-caf55230-40a9-4b45-a72e-edddae95536d req-caf55230-40a9-4b45-a72e-edddae95536d ] Request (HostsAdminTestJSON:setUpClass): 200 GET http://10.180.1.21/identity/v3/roles 0.545s
2025-05-19 20:38:29.149 70011 INFO tempest.lib.common.rest_client [req-ee6d36f3-d6b3-4b58-ba7f-2613a69bd9d0 req-ee6d36f3-d6b3-4b58-ba7f-2613a69bd9d0 ] Request (InstanceUsageAuditLogTestJSON:setUpClass): 201 POST http://10.180.1.21/identity/v3/projects 0.564s
2025-05-19 20:38:29.193 70039 INFO tempest.lib.common.rest_client [req-a823b2d4-186c-4397-b322-28cb85d04b99 req-a823b2d4-186c-4397-b322-28cb85d04b99 ] Request (ImagesNegativeTestJSON:setUpClass): 200 GET http://10.180.1.21/identity/v3/domains?name=Default 0.568s
2025-05-19 20:38:29.195 70007 INFO tempest.lib.common.rest_client [req-a933f85f-4592-485f-868b-32994e5471eb req-a933f85f-4592-485f-868b-32994e5471eb ] Request (ServicesAdminTestJSON:setUpClass): 200 GET http://10.180.1.21/identity/v3/domains?name=Default 0.544s
2025-05-19 20:38:29.221 70051 INFO tempest.lib.common.rest_client [req-c2202292-8fab-4fb1-b32d-095d9f4d1927 req-c2202292-8fab-4fb1-b32d-095d9f4d1927 ] Request (QuotasSecurityGroupAdminNegativeTest:setUpClass): 201 POST http://10.180.1.21/identity/v3/projects 0.550s
2025-05-19 20:38:29.221 70017 INFO tempest.lib.common.rest_client [req-28a70557-5db0-420a-ac3f-d7ee98c217e1 req-28a70557-5db0-420a-ac3f-d7ee98c217e1 ] Request (FlavorsExtraSpecsNegativeTestJSON:setUpClass): 201 POST http://10.180.1.21/identity/v3/projects 0.530s
2025-05-19 20:38:29.271 70053 INFO tempest.lib.common.rest_client [req-8c09d334-f5e5-46d9-8e3c-2b931dd868e4 req-8c09d334-f5e5-46d9-8e3c-2b931dd868e4 ] Request (AggregatesAdminNegativeTestJSON:setUpClass): 200 GET http://10.180.1.21/identity/v3/domains?name=Default 0.558s
2025-05-19 20:38:29.275 69997 INFO tempest.lib.common.rest_client [req-c0330be7-37f0-45cc-b920-9f0f7953f066 req-c0330be7-37f0-45cc-b920-9f0f7953f066 ] Request (VolumesAssistedSnapshotsTest:setUpClass): 201 POST http://10.180.1.21/identity/v3/projects 0.580s
2025-05-19 20:38:29.318 70025 INFO tempest.lib.common.rest_client [req-a8309dbf-7a5a-423d-a651-7aa8968dce0a req-a8309dbf-7a5a-423d-a651-7aa8968dce0a ] Request (HypervisorAdminNegativeTestJSON:setUpClass): 200 GET http://10.180.1.21/identity/v3/domains?name=Default 0.606s
2025-05-19 20:38:29.321 70041 INFO tempest.lib.common.rest_client [req-2f553e4e-7d24-44d4-ac64-00d4785db78f req-2f553e4e-7d24-44d4-ac64-00d4785db78f ] Request (ServerTagsTestJSON:setUpClass): 200 GET http://10.180.1.21/identity/v3/domains?name=Default 0.587s
2025-05-19 20:38:29.341 70019 INFO tempest.lib.common.rest_client [req-b2f1e009-01d1-4a3c-98cf-f5518533169f req-b2f1e009-01d1-4a3c-98cf-f5518533169f ] Request (QuotaClassesAdmin257Test:setUpClass): 200 GET http://10.180.1.21/identity/v3/roles 0.560s
2025-05-19 20:38:29.344 70035 INFO tempest.lib.common.rest_client [req-afc2718d-300e-4cee-8464-81de2ab3a746 req-afc2718d-300e-4cee-8464-81de2ab3a746 ] Request (AZAdminV2TestJSON:setUpClass): 201 POST http://10.180.1.21/identity/v3/users 0.610s
2025-05-19 20:38:29.362 70031 INFO tempest.lib.common.rest_client [req-85a91e37-2c8e-4538-a36b-8fd3a102abff req-85a91e37-2c8e-4538-a36b-8fd3a102abff ] Request (ServerAddressesTestJSON:setUpClass): 200 GET http://10.180.1.21/identity/v3/roles 0.560s
2025-05-19 20:38:29.365 69995 INFO tempest.lib.common.rest_client [req-37075802-5281-438f-9696-8f03daea150e req-37075802-5281-438f-9696-8f03daea150e ] Request (FlavorsV2TestJSON:tearDownClass): 201 POST http://10.180.1.21/identity/v3/auth/tokens 0.537s
2025-05-19 20:38:29.387 69993 INFO tempest.lib.common.rest_client [req-c56f2b60-4aed-441a-883f-18413c1aa43e req-c56f2b60-4aed-441a-883f-18413c1aa43e ] Request (FloatingIPsNegativeTestJSON:setUpClass): 201 POST http://10.180.1.21/identity/v3/users 0.533s
2025-05-19 20:38:29.388 70005 INFO tempest.lib.common.rest_client [req-1af0a22a-1300-46b8-9f6e-b1937df2162f req-1af0a22a-1300-46b8-9f6e-b1937df2162f ] Request (DeleteServersTestJSON:setUpClass): 201 POST http://10.180.1.21/identity/v3/projects 0.483s
2025-05-19 20:38:29.434 70027 INFO tempest.lib.common.rest_client [req-de50ece4-1afc-4052-bd15-edbeb458172b req-de50ece4-1afc-4052-bd15-edbeb458172b ] Request (FlavorsAdminTestJSON:setUpClass): 201 POST http://10.180.1.21/identity/v3/projects 0.510s
2025-05-19 20:38:29.439 69999 INFO tempest.lib.common.rest_client [req-6d3dea08-7b29-4a57-826d-a159d1b13988 req-6d3dea08-7b29-4a57-826d-a159d1b13988 ] Request (DeleteServersAdminTestJSON:setUpClass): 201 POST http://10.180.1.21/identity/v3/projects 0.533s
2025-05-19 20:38:29.485 69991 INFO tempest.lib.common.rest_client [req-2e6a8a42-99ff-4a09-a755-d725d1139cfd req-2e6a8a42-99ff-4a09-a755-d725d1139cfd ] Request (FlavorsExtraSpecsTestJSON:setUpClass): 201 POST http://10.180.1.21/identity/v3/projects 0.540s
