2025-05-19 20:39:44.174 70043 INFO tempest.lib.common.rest_client [req-dcea8b95-8f1b-4459-b34a-4f0ac2ef7672 req-dcea8b95-8f1b-4459-b34a-4f0ac2ef7672 ] Request (SecurityGroupsTestJSON:test_security_group_create_get_delete): 404 GET http://10.180.1.21/compute/v2.1/os-security-groups/80edac6f-5c99-4dd5-844d-7ca0f5225b9e 2.797s
2025-05-19 20:39:44.182 69997 INFO tempest.lib.common.rest_client [req-a62d392a-013b-42b6-8b07-7809eabaa6c4 req-a62d392a-013b-42b6-8b07-7809eabaa6c4 ] Request (HostsAdminNegativeTestJSON:test_reboot_host_with_non_admin_user): 403 GET http://10.180.1.21/compute/v2.1/os-hosts/devstack/reboot 2.733s
2025-05-19 20:39:44.187 70051 INFO tempest.lib.common.rest_client [req-ad7077bc-f2e2-4abc-b70d-f58f349e9a80 req-ad7077bc-f2e2-4abc-b70d-f58f349e9a80 ] Request (ImagesTestJSON:tearDownClass): 200 PUT http://10.180.1.21:9696/networking/v2.0/routers/bd3cf4a0-87b1-42ca-bcb7-e543de9ad3c6/remove_router_interface 2.626s
2025-05-19 20:39:44.193 70015 INFO tempest.lib.common.rest_client [req-7e925f12-6a1f-4cfb-8d0c-c5c0ac628dda req-7e925f12-6a1f-4cfb-8d0c-c5c0ac628dda ] Request (ServerMetadataTestJSON:setUpClass): 200 GET http://10.180.1.21/compute/v2.1/servers/13870725-76f0-4e29-a38d-b9ae05887734 2.886s
2025-05-19 20:39:44.226 70053 INFO tempest.lib.common.rest_client [req-0fa1abdb-d0f4-4a60-87bd-1d7ca8eed53d req-0fa1abdb-d0f4-4a60-87bd-1d7ca8eed53d ] Request (AggregatesAdminNegativeTestJSON:test_aggregate_remove_nonexistent_host): 404 POST http://10.180.1.21/compute/v2.1/os-aggregates/8/action 2.478s
2025-05-19 20:39:44.244 70039 INFO tempest.lib.common.rest_client [req-9a60ae37-1328-4200-82e5-5430a98a23d9 req-9a60ae37-1328-4200-82e5-5430a98a23d9 ] Request (ServersV294TestFqdnHostnames:tearDownClass): 204 DELETE http://10.180.1.21/compute/v2.1/os-keypairs/tempest-keypair-1926442492 2.475s
2025-05-19 20:39:44.265 69995 INFO tempest.lib.common.rest_client [req-d28f8d56-6b06-4453-af35-8a9d37d44631 req-d28f8d56-6b06-4453-af35-8a9d37d44631 ] Request (ServerActionsV293TestJSON:setUpClass): 200 GET http://10.180.1.21/volume/v3/volumes/40a5f337-16d3-4574-ba4d-b527053a1512 0.052s
2025-05-19 20:39:44.336 70011 INFO tempest.lib.common.rest_client [req-a5bd85b7-2ba7-4796-adb2-db7c8ec18831 req-a5bd85b7-2ba7-4796-adb2-db7c8ec18831 ] Request (ServersListShow2100Test:test_list_show_rebuild_update_server_2100): 200 GET http://10.180.1.21/compute/v2.1/servers/d7c83da4-1d59-43f5-bd49-efe4ef3b2afb 2.801s
2025-05-19 20:39:44.366 70045 INFO tempest.lib.common.rest_client [req-d2c47ec2-24f0-42e7-9f60-8d552a73eec2 req-d2c47ec2-24f0-42e7-9f60-8d552a73eec2 ] Request (ImagesMetadataTestJSON:test_get_image_metadata_item): 200 GET http://10.180.1.21/compute/v2.1/images/b24816d2-7587-4a1b-9e35-4b3e369b581d/metadata/os_distro 2.560s
2025-05-19 20:39:44.387 70029 INFO tempest.lib.common.rest_client [req-8191f39b-e1a5-4476-81de-2ba38ccb54a8 req-8191f39b-e1a5-4476-81de-2ba38ccb54a8 ] Request (InstanceActionsNegativeTestJSON:setUpClass): 404 GET http://10.180.1.21/compute/v2.1/servers/d88ac047-15bf-4116-a13c-045fc3a76ca5 2.353s
2025-05-19 20:39:44.387 70029 INFO tempest.test [-] raised in InstanceActionsNegativeTestJSON.setUpClass. Invoking tearDownClass.
2025-05-19 20:39:44.562 70005 INFO tempest.lib.common.rest_client [req-7d4cfe47-c3c0-49a1-92dd-0459bdf3014b req-7d4cfe47-c3c0-49a1-92dd-0459bdf3014b ] Request (DeleteServersTestJSON:test_delete_server_while_in_suspended_state): 200 GET http://10.180.1.21/compute/v2.1/servers/397d3b3a-58ba-4b0c-a67b-3ac6e558233b 2.332s
2025-05-19 20:39:44.587 70013 INFO tempest.lib.common.rest_client [req-65e42a79-559c-4e80-9aa2-adbb08a82969 req-65e42a79-559c-4e80-9aa2-adbb08a82969 ] Request (VolumesAdminNegativeTest:test_update_attached_volume_with_nonexistent_volume_in_body): 404 GET http://10.180.1.21/compute/v2.1/servers/ff4b56ff-fc88-44cb-a4c3-a2fe2ab104a1 2.307s
2025-05-19 20:39:44.658 70013 INFO tempest.lib.common.rest_client [req-a864f49f-3015-4781-8072-16583c7abb6c req-a864f49f-3015-4781-8072-16583c7abb6c ] Request (VolumesAdminNegativeTest:test_update_attached_volume_with_nonexistent_volume_in_uri): 201 POST http://10.180.1.21/identity/v3/auth/tokens 0.066s
2025-05-19 20:39:44.659 70013 INFO tempest.lib.common.fixed_network [-] (VolumesAdminNegativeTest:test_update_attached_volume_with_nonexistent_volume_in_uri) Found network {'id': '34b66c91-b919-4f90-9173-a7aff9a71afe', 'name': 'tempest-VolumesAdminNegativeTest-593891532-network', 'tenant_id': '3ae71467fb994ec1ad21a4c7ba90fc01', 'admin_state_up': True, 'mtu': 8950, 'status': 'ACTIVE', 'subnets': [], 'shared': False, 'project_id': '3ae71467fb994ec1ad21a4c7ba90fc01', 'port_security_enabled': True, 'router:external': False, 'provider:network_type': 'vlan', 'provider:physical_network': 'default', 'provider:segmentation_id': 807, 'availability_zone_hints': [], 'availability_zones': [], 'ipv4_address_scope': None, 'ipv6_address_scope': None, 'description': '', 'tags': [], 'created_at': '2025-05-19T20:39:07Z', 'updated_at': '2025-05-19T20:39:07Z', 'revision_number': 1} available for tenant
2025-05-19 20:39:44.667 70039 INFO tempest.lib.common.rest_client [req-6da01ddf-c5bf-4ce6-9bfb-355bc51acab7 req-6da01ddf-c5bf-4ce6-9bfb-355bc51acab7 ] Request (ServersV294TestFqdnHostnames:tearDownClass): 204 DELETE http://10.180.1.21:9696/networking/v2.0/security-groups/7367b281-bf0e-4c10-8c81-5cb571b07d38 0.422s
2025-05-19 20:39:44.694 70039 INFO tempest.lib.common.rest_client [req-43541e68-043f-4eb5-8829-f46484c2424e req-43541e68-043f-4eb5-8829-f46484c2424e ] Request (ServersV294TestFqdnHostnames:tearDownClass): 404 GET http://10.180.1.21:9696/networking/v2.0/security-groups/7367b281-bf0e-4c10-8c81-5cb571b07d38 0.026s
2025-05-19 20:39:44.704 69993 INFO tempest.lib.common.rest_client [req-02be8f6d-fa80-4f38-9c66-7a7ec8f76ca4 req-02be8f6d-fa80-4f38-9c66-7a7ec8f76ca4 ] Request (ServerDiskConfigTestJSON:test_resize_server_from_auto_to_manual): 200 GET http://10.180.1.21/compute/v2.1/servers/47fe94bd-6929-45ee-aa58-866ee8901fe3 2.076s
2025-05-19 20:39:44.735 70047 INFO tempest.lib.common.rest_client [req-11005de8-2688-4655-9878-d98f244a26b0 req-11005de8-2688-4655-9878-d98f244a26b0 ] Request (ServersTestMultiNic:test_verify_multiple_nics_order): 404 GET http://10.180.1.21/compute/v2.1/servers/2491c877-9b2e-43f1-8d9c-2047db7c8da0 1.744s
2025-05-19 20:39:44.736 70037 INFO tempest.lib.common.rest_client [req-3d86fea3-07bd-4d95-b731-a371ec7af9db req-3d86fea3-07bd-4d95-b731-a371ec7af9db ] Request (ListImageFiltersTestJSON:setUpClass): 202 POST http://10.180.1.21/compute/v2.1/servers 2.934s
2025-05-19 20:39:44.765 70027 INFO tempest.lib.common.rest_client [req-ff77c42c-eedb-4f55-8aba-a1aab1ab26b4 req-ff77c42c-eedb-4f55-8aba-a1aab1ab26b4 ] Request (FlavorsAdminTestJSON:test_is_public_string_variations): 200 GET http://10.180.1.21/compute/v2.1/flavors/detail?is_public=yes 1.740s
2025-05-19 20:39:44.798 70001 INFO tempest.lib.common.rest_client [req-c32bb99c-d805-45c5-8018-7b2e2d99d3ed req-c32bb99c-d805-45c5-8018-7b2e2d99d3ed ] Request (ServerActionsTestOtherB:setUpClass): 201 POST http://10.180.1.21:9696/networking/v2.0/networks 0.845s
2025-05-19 20:39:44.959 70003 INFO tempest.lib.common.rest_client [req-30ff7c49-93d5-4b98-b2bf-0f5b893eb5a7 req-30ff7c49-93d5-4b98-b2bf-0f5b893eb5a7 ] Request (ServersTestBootFromVolume:tearDownClass): 200 PUT http://10.180.1.21:9696/networking/v2.0/routers/6c2a401b-da6b-43ca-b939-7386b048b743/remove_router_interface 2.969s
2025-05-19 20:39:45.039 70047 INFO tempest.lib.common.rest_client [req-14ce68b8-6c82-4ead-911e-d2213c754eb6 req-14ce68b8-6c82-4ead-911e-d2213c754eb6 ] Request (ServersTestMultiNic:_run_cleanups): 204 DELETE http://10.180.1.21:9696/networking/v2.0/subnets/694f9591-62b6-4c0b-999a-ce7b98608501 0.304s
2025-05-19 20:39:45.107 69999 INFO tempest.lib.common.rest_client [req-627a236d-a2bf-43fe-a51f-7afdf81ccc23 req-627a236d-a2bf-43fe-a51f-7afdf81ccc23 ] Request (FloatingIPDetailsTestJSON:test_list_floating_ips): 200 GET http://10.180.1.21/compute/v2.1/os-floating-ips 1.530s
2025-05-19 20:39:45.311 69995 INFO tempest.lib.common.rest_client [req-cc1efc4d-1f5e-4cae-aa55-fb2eb2518d37 req-cc1efc4d-1f5e-4cae-aa55-fb2eb2518d37 ] Request (ServerActionsV293TestJSON:setUpClass): 200 GET http://10.180.1.21/volume/v3/volumes/40a5f337-16d3-4574-ba4d-b527053a1512 0.036s
2025-05-19 20:39:45.343 70001 INFO tempest.lib.common.rest_client [req-039dd6fb-a7e1-4dc4-97d0-b19c253ebed2 req-039dd6fb-a7e1-4dc4-97d0-b19c253ebed2 ] Request (ServerActionsTestOtherB:setUpClass): 201 POST http://10.180.1.21:9696/networking/v2.0/subnets 0.545s
2025-05-19 20:39:45.362 70047 INFO tempest.lib.common.rest_client [req-db6403f3-6c31-49cf-ab4c-f938fbc636c3 req-db6403f3-6c31-49cf-ab4c-f938fbc636c3 ] Request (ServersTestMultiNic:_run_cleanups): 204 DELETE http://10.180.1.21:9696/networking/v2.0/networks/2118ea9f-c7d2-43e0-becb-ce5e645bb01d 0.323s
2025-05-19 20:39:45.476 70007 INFO tempest.lib.common.rest_client [req-309938cc-f14c-4e47-a611-8d34f99e8c84 req-309938cc-f14c-4e47-a611-8d34f99e8c84 ] Request (AttachInterfacesV270Test:setUpClass): 201 POST http://10.180.1.21:9696/networking/v2.0/routers 1.744s
2025-05-19 20:39:45.776 70009 INFO tempest.lib.common.rest_client [req-0867bb43-67c7-4d2b-8cab-c861b6fcf581 req-0867bb43-67c7-4d2b-8cab-c861b6fcf581 ] Request (SecurityGroupRulesNegativeTestJSON:tearDownClass): 202 DELETE http://10.180.1.21/compute/v2.1/os-security-groups/3c0e5aee-b06b-40fb-a9c8-3e72b1c9a8c7 2.064s
2025-05-19 20:39:45.868 70047 INFO tempest.lib.common.rest_client [req-99f20ab2-0b8b-4f25-9ea8-c16cf721b535 req-99f20ab2-0b8b-4f25-9ea8-c16cf721b535 ] Request (ServersTestMultiNic:_run_cleanups): 204 DELETE http://10.180.1.21:9696/networking/v2.0/subnets/890a3707-118d-443b-aeac-8c4d367fa35e 0.505s
2025-05-19 20:39:46.020 70039 INFO tempest.lib.common.rest_client [req-f07434e7-3a76-4328-a025-82c05e1eb790 req-f07434e7-3a76-4328-a025-82c05e1eb790 ] Request (ServersV294TestFqdnHostnames:tearDownClass): 204 DELETE http://10.180.1.21:9696/networking/v2.0/floatingips/b075d625-2e1f-45e3-a990-fa0e46760ff4 1.326s
2025-05-19 20:39:46.081 70033 INFO tempest.lib.common.rest_client [req-5faf7af7-9d4c-465e-a425-6169879f5a24 req-5faf7af7-9d4c-465e-a425-6169879f5a24 ] Request (InstanceActionsTestJSON:tearDownClass): 204 DELETE http://10.180.1.21:9696/networking/v2.0/routers/acecee52-35fa-4448-ba7e-c1d03a0a3f50 2.134s
2025-05-19 20:39:46.134 70051 INFO tempest.lib.common.rest_client [req-00cc492f-d9e5-40ec-b675-73583e486aa1 req-00cc492f-d9e5-40ec-b675-73583e486aa1 ] Request (ImagesTestJSON:tearDownClass): 204 DELETE http://10.180.1.21:9696/networking/v2.0/routers/bd3cf4a0-87b1-42ca-bcb7-e543de9ad3c6 1.946s
2025-05-19 20:39:46.306 70047 INFO tempest.lib.common.rest_client [req-89e6db10-85eb-49cb-b561-31e46327b265 req-89e6db10-85eb-49cb-b561-31e46327b265 ] Request (ServersTestMultiNic:_run_cleanups): 204 DELETE http://10.180.1.21:9696/networking/v2.0/networks/4aeb44f4-35db-4491-9d1d-678ccfdef9d8 0.438s
2025-05-19 20:39:46.309 70025 INFO tempest.lib.common.rest_client [req-919fb1ca-b5bd-48cc-8f35-23fefa6260e7 req-919fb1ca-b5bd-48cc-8f35-23fefa6260e7 ] Request (SecurityGroupsTestAdminJSON:_run_cleanups): 202 DELETE http://10.180.1.21/compute/v2.1/os-security-groups/99f93658-ba52-4088-a155-ee2d0bbd796b 2.408s
2025-05-19 20:39:46.315 70021 INFO tempest.lib.common.rest_client [req-86bf1f88-677c-4ce7-9810-3f9c4f4bff30 req-86bf1f88-677c-4ce7-9810-3f9c4f4bff30 ] Request (KeyPairsNegativeTestJSON:test_create_keypair_with_long_keynames): 400 POST http://10.180.1.21/compute/v2.1/os-keypairs 2.373s
2025-05-19 20:39:46.331 70023 INFO tempest.lib.common.rest_client [req-51b1a157-033a-4444-bf5c-9ab6abe9b9e3 req-51b1a157-033a-4444-bf5c-9ab6abe9b9e3 ] Request (KeyPairsV22TestJSON:test_get_keypair_detail): 200 GET http://10.180.1.21/compute/v2.1/os-keypairs/tempest-keypair-1282226145 2.264s
2025-05-19 20:39:46.351 69995 INFO tempest.lib.common.rest_client [req-bada75d2-6ab8-4334-b01a-4bfd3eeea575 req-bada75d2-6ab8-4334-b01a-4bfd3eeea575 ] Request (ServerActionsV293TestJSON:setUpClass): 200 GET http://10.180.1.21/volume/v3/volumes/40a5f337-16d3-4574-ba4d-b527053a1512 0.030s
2025-05-19 20:39:46.473 70049 INFO tempest.lib.common.rest_client [req-ec21c79d-3571-44f7-87e6-a996e3439ae3 req-ec21c79d-3571-44f7-87e6-a996e3439ae3 ] Request (MultipleCreateTestJSON:tearDownClass): 200 PUT http://10.180.1.21:9696/networking/v2.0/routers/60b84fd9-c700-4e95-a9d3-37b7efdf1583/remove_router_interface 2.507s
2025-05-19 20:39:46.509 70033 INFO tempest.lib.common.rest_client [req-00a77b2e-0d9f-4b5b-ba08-97097306d1a0 req-00a77b2e-0d9f-4b5b-ba08-97097306d1a0 ] Request (InstanceActionsTestJSON:tearDownClass): 204 DELETE http://10.180.1.21:9696/networking/v2.0/subnets/35e223a1-484b-4386-9e4e-1b712bfdba87 0.427s
2025-05-19 20:39:46.526 70035 INFO tempest.lib.common.rest_client [req-26875da3-02d2-4536-af6f-18b005ff40ec req-26875da3-02d2-4536-af6f-18b005ff40ec ] Request (FloatingIPsTestJSON:_run_cleanups): 202 DELETE http://10.180.1.21/compute/v2.1/os-floating-ips/a46acb86-cd56-4f40-be2d-9b6b3bfb448e 3.263s
2025-05-19 20:39:46.551 69997 INFO tempest.lib.common.rest_client [req-56712a9e-8f59-4009-92b1-b4e2b5739f1b req-56712a9e-8f59-4009-92b1-b4e2b5739f1b ] Request (HostsAdminNegativeTestJSON:test_reboot_nonexistent_host): 404 GET http://10.180.1.21/compute/v2.1/os-hosts/nonexistent_hostname/reboot 2.367s
2025-05-19 20:39:46.583 70053 INFO tempest.lib.common.rest_client [req-0eb0ce05-5069-418d-88ce-53e8ee7339c1 req-0eb0ce05-5069-418d-88ce-53e8ee7339c1 ] Request (AggregatesAdminNegativeTestJSON:_run_cleanups): 200 DELETE http://10.180.1.21/compute/v2.1/os-aggregates/8 2.354s
2025-05-19 20:39:46.668 70051 INFO tempest.lib.common.rest_client [req-17bd5205-3af7-4fab-b8a7-efaddb533e1b req-17bd5205-3af7-4fab-b8a7-efaddb533e1b ] Request (ImagesTestJSON:tearDownClass): 204 DELETE http://10.180.1.21:9696/networking/v2.0/subnets/21d9ffa7-1d86-49d7-9028-0f86967e4603 0.533s
2025-05-19 20:39:46.687 70053 INFO tempest.lib.common.rest_client [req-231e1623-b18c-4cdf-a4c1-3c91199196e0 req-231e1623-b18c-4cdf-a4c1-3c91199196e0 ] Request (AggregatesAdminNegativeTestJSON:tearDownClass): 204 DELETE http://10.180.1.21/identity/v3/users/c63e6d8550ba46909b2dba19100eb8ab 0.102s
2025-05-19 20:39:46.764 70045 INFO tempest.lib.common.rest_client [req-3aa44091-f525-4254-80d4-f45770cbde97 req-3aa44091-f525-4254-80d4-f45770cbde97 ] Request (ImagesMetadataTestJSON:setUp): 200 PUT http://10.180.1.21/compute/v2.1/images/b24816d2-7587-4a1b-9e35-4b3e369b581d/metadata 2.396s
2025-05-19 20:39:46.795 70053 INFO tempest.lib.common.rest_client [req-22bf6de7-64d6-4e7a-b3ac-2a5ee318d85e req-22bf6de7-64d6-4e7a-b3ac-2a5ee318d85e ] Request (AggregatesAdminNegativeTestJSON:tearDownClass): 204 DELETE http://10.180.1.21/identity/v3/users/bffca5cb88ee44a692630f8e2c6e6a77 0.107s
2025-05-19 20:39:46.795 70053 INFO tempest.lib.common.dynamic_creds [-] Deleting project and security group for project: 3b45e2b0f5d34abc948644b3a137eab7
2025-05-19 20:39:46.853 70053 INFO tempest.lib.common.rest_client [req-837a459b-9323-4a39-b634-60b0da0b89a7 req-837a459b-9323-4a39-b634-60b0da0b89a7 ] Request (AggregatesAdminNegativeTestJSON:tearDownClass): 201 POST http://10.180.1.21/identity/v3/auth/tokens 0.058s
2025-05-19 20:39:46.882 70019 INFO tempest.lib.common.rest_client [req-db268804-4e00-41fd-89f9-f990c9ae2d1a req-db268804-4e00-41fd-89f9-f990c9ae2d1a ] Request (AttachVolumeNegativeTest:test_attach_attached_volume_to_different_server): 200 GET http://10.180.1.21/compute/v2.1/servers/187aedab-1391-4bbc-9572-5bd820b89827 2.496s
2025-05-19 20:39:46.963 70003 INFO tempest.lib.common.rest_client [req-df1fbeb0-c150-4715-aa42-0c54b68326a7 req-df1fbeb0-c150-4715-aa42-0c54b68326a7 ] Request (ServersTestBootFromVolume:tearDownClass): 204 DELETE http://10.180.1.21:9696/networking/v2.0/routers/6c2a401b-da6b-43ca-b939-7386b048b743 2.004s
2025-05-19 20:39:47.001 70043 INFO tempest.lib.common.rest_client [req-7de745bc-62df-47ed-8e3a-5b793cff0e55 req-7de745bc-62df-47ed-8e3a-5b793cff0e55 ] Request (SecurityGroupsTestJSON:test_security_groups_create_list_delete): 200 POST http://10.180.1.21/compute/v2.1/os-security-groups 2.824s
2025-05-19 20:39:47.178 70005 INFO tempest.lib.common.rest_client [req-0f749eb8-6b8e-4a83-9a68-9a4af3fd2ab4 req-0f749eb8-6b8e-4a83-9a68-9a4af3fd2ab4 ] Request (DeleteServersTestJSON:test_delete_server_while_in_suspended_state): 204 DELETE http://10.180.1.21/compute/v2.1/servers/397d3b3a-58ba-4b0c-a67b-3ac6e558233b 2.603s
2025-05-19 20:39:47.305 70033 INFO tempest.lib.common.rest_client [req-ed59e6f8-a472-48f9-a172-5067d9ae97e5 req-ed59e6f8-a472-48f9-a172-5067d9ae97e5 ] Request (InstanceActionsTestJSON:tearDownClass): 204 DELETE http://10.180.1.21:9696/networking/v2.0/networks/b8db7490-3fa8-4a43-b8b5-b286c8340ff6 0.796s
2025-05-19 20:39:47.307 70037 INFO tempest.lib.common.rest_client [req-417ca539-935b-40fd-9d5a-5bf58fea49b6 req-417ca539-935b-40fd-9d5a-5bf58fea49b6 ] Request (ListImageFiltersTestJSON:setUpClass): 200 GET http://10.180.1.21/compute/v2.1/servers/8c0b1c20-92aa-42fd-a3f4-e8c2951fb351 2.569s
2025-05-19 20:39:47.337 70027 INFO tempest.lib.common.rest_client [req-c89ddf96-2181-46ff-bfa6-71bfbf44fba6 req-c89ddf96-2181-46ff-bfa6-71bfbf44fba6 ] Request (FlavorsAdminTestJSON:test_is_public_string_variations): 200 GET http://10.180.1.21/compute/v2.1/flavors/detail?is_public=1 2.566s
2025-05-19 20:39:47.405 69995 INFO tempest.lib.common.rest_client [req-e65264d6-7382-4223-b62f-6806b9432f37 req-e65264d6-7382-4223-b62f-6806b9432f37 ] Request (ServerActionsV293TestJSON:setUpClass): 200 GET http://10.180.1.21/volume/v3/volumes/40a5f337-16d3-4574-ba4d-b527053a1512 0.045s
2025-05-19 20:39:47.420 70033 INFO tempest.lib.common.rest_client [req-e74cf99c-50e5-4fce-98f2-10192bd1750f req-e74cf99c-50e5-4fce-98f2-10192bd1750f ] Request (InstanceActionsTestJSON:tearDownClass): 204 DELETE http://10.180.1.21/identity/v3/users/abe23e446b0d4def9b38d415e4e022c1 0.115s
2025-05-19 20:39:47.421 70033 INFO tempest.lib.common.dynamic_creds [-] Deleting project and security group for project: dc35ecf7a7c14296b6ba4d5fbc5545c4
2025-05-19 20:39:47.455 69991 INFO tempest.lib.common.rest_client [req-b80d2b68-1670-4580-b1dd-916aa49c05d1 req-b80d2b68-1670-4580-b1dd-916aa49c05d1 ] Request (ServersAdminTestJSON:setUpClass): 200 GET http://10.180.1.21/compute/v2.1/servers/cee94382-7e08-4b14-a41f-61127ae19fcb 2.630s
2025-05-19 20:39:47.527 70003 INFO tempest.lib.common.rest_client [req-836c1087-27be-4df1-804d-88efbbbdd5dc req-836c1087-27be-4df1-804d-88efbbbdd5dc ] Request (ServersTestBootFromVolume:tearDownClass): 204 DELETE http://10.180.1.21:9696/networking/v2.0/subnets/574a1f8f-7bf1-41b3-9c04-d3ae285ad9a1 0.561s
2025-05-19 20:39:47.547 70017 INFO tempest.lib.common.rest_client [req-edcabafd-a845-47c8-98a5-db6f29cfc1ec req-edcabafd-a845-47c8-98a5-db6f29cfc1ec ] Request (ServerDiagnosticsTest:test_get_server_diagnostics): 200 GET http://10.180.1.21/compute/v2.1/servers/7666212c-1999-4987-9582-8c08c91d3cc8 2.631s
2025-05-19 20:39:47.553 70033 INFO tempest.lib.common.rest_client [req-63926cca-901f-4a4e-9230-67ffa2a2e44d req-63926cca-901f-4a4e-9230-67ffa2a2e44d ] Request (InstanceActionsTestJSON:tearDownClass): 200 GET http://10.180.1.21:9696/networking/v2.0/security-groups?tenant_id=dc35ecf7a7c14296b6ba4d5fbc5545c4&name=default 0.132s
2025-05-19 20:39:47.613 70053 INFO tempest.lib.common.rest_client [req-9cf41806-a4c2-4871-8583-6c96d28af183 req-9cf41806-a4c2-4871-8583-6c96d28af183 ] Request (AggregatesAdminNegativeTestJSON:tearDownClass): 200 GET http://10.180.1.21:9696/networking/v2.0/security-groups?tenant_id=3b45e2b0f5d34abc948644b3a137eab7&name=default 0.759s
2025-05-19 20:39:47.741 70051 INFO tempest.lib.common.rest_client [req-ba8e16f0-80b8-44cb-a48b-5f5d5db0b8a5 req-ba8e16f0-80b8-44cb-a48b-5f5d5db0b8a5 ] Request (ImagesTestJSON:tearDownClass): 204 DELETE http://10.180.1.21:9696/networking/v2.0/networks/80ed960e-2af5-484b-af5d-5e0b23132a52 1.073s
2025-05-19 20:39:47.833 70033 INFO tempest.lib.common.rest_client [req-65551918-95c6-4a87-9a2c-a75c4d6ff8ef req-65551918-95c6-4a87-9a2c-a75c4d6ff8ef ] Request (InstanceActionsTestJSON:tearDownClass): 204 DELETE http://10.180.1.21:9696/networking/v2.0/security-groups/8ffa65ab-d1a1-4c8e-97c7-de0f0e4389eb 0.279s
2025-05-19 20:39:47.868 70051 INFO tempest.lib.common.rest_client [req-28706d47-e255-4b6f-80fe-6efdc3f65700 req-28706d47-e255-4b6f-80fe-6efdc3f65700 ] Request (ImagesTestJSON:tearDownClass): 204 DELETE http://10.180.1.21/identity/v3/users/e7c13a423f5f436480b6200f94a93458 0.126s
2025-05-19 20:39:47.868 70051 INFO tempest.lib.common.dynamic_creds [-] Deleting project and security group for project: d5dcb353dbb24d3eb538658a93bdba46
2025-05-19 20:39:47.913 70001 INFO tempest.lib.common.rest_client [req-c7f2ccbb-c6c7-4e8d-aed4-512c061ff1cf req-c7f2ccbb-c6c7-4e8d-aed4-512c061ff1cf ] Request (ServerActionsTestOtherB:setUpClass): 201 POST http://10.180.1.21:9696/networking/v2.0/routers 2.569s
2025-05-19 20:39:47.963 70033 INFO tempest.lib.common.rest_client [req-c8e18ff6-e6d3-47c8-a7b1-8baa8f2e6e46 req-c8e18ff6-e6d3-47c8-a7b1-8baa8f2e6e46 ] Request (InstanceActionsTestJSON:tearDownClass): 204 DELETE http://10.180.1.21/identity/v3/projects/dc35ecf7a7c14296b6ba4d5fbc5545c4 0.130s
2025-05-19 20:39:48.014 70051 INFO tempest.lib.common.rest_client [req-130a143c-89a5-4aa8-bcc6-649054c3ce84 req-130a143c-89a5-4aa8-bcc6-649054c3ce84 ] Request (ImagesTestJSON:tearDownClass): 200 GET http://10.180.1.21:9696/networking/v2.0/security-groups?tenant_id=d5dcb353dbb24d3eb538658a93bdba46&name=default 0.145s
2025-05-19 20:39:48.019 70013 INFO tempest.lib.common.rest_client [req-ce80a085-2067-463d-9bea-d74f3668c7cc req-ce80a085-2067-463d-9bea-d74f3668c7cc ] Request (VolumesAdminNegativeTest:test_update_attached_volume_with_nonexistent_volume_in_uri): 202 POST http://10.180.1.21/compute/v2.1/servers 3.359s
2025-05-19 20:39:48.047 70033 INFO tempest.lib.common.rest_client [req-f5e8ebc7-37cb-4423-8c24-fc5a3d01bbbf req-f5e8ebc7-37cb-4423-8c24-fc5a3d01bbbf ] Request (ServerShowV257Test:setUpClass): 201 POST http://10.180.1.21/identity/v3/auth/tokens 0.079s
2025-05-19 20:39:48.047 70053 INFO tempest.lib.common.rest_client [req-6b4c9155-2e84-4e5a-ac51-05463c3f936d req-6b4c9155-2e84-4e5a-ac51-05463c3f936d ] Request (AggregatesAdminNegativeTestJSON:tearDownClass): 204 DELETE http://10.180.1.21:9696/networking/v2.0/security-groups/d0520f64-5115-402b-ac10-65c9fc64bdbd 0.434s
2025-05-19 20:39:48.083 70033 INFO tempest.lib.common.rest_client [req-8ceaed84-5675-417a-8f3b-af4e73a9f813 req-8ceaed84-5675-417a-8f3b-af4e73a9f813 ] Request (ServerShowV257Test:setUpClass): 201 POST http://10.180.1.21/identity/v3/auth/tokens 0.032s
2025-05-19 20:39:48.116 70033 INFO tempest.lib.common.rest_client [req-78e0b225-c5fd-44f5-99ed-b6a976272bab req-78e0b225-c5fd-44f5-99ed-b6a976272bab ] Request (ServerShowV257Test:setUpClass): 200 GET http://10.180.1.21/identity/v3/domains?name=Default 0.032s
2025-05-19 20:39:48.162 70053 INFO tempest.lib.common.rest_client [req-e9146bd3-622c-4866-8c9c-24a535ccc59d req-e9146bd3-622c-4866-8c9c-24a535ccc59d ] Request (AggregatesAdminNegativeTestJSON:tearDownClass): 204 DELETE http://10.180.1.21/identity/v3/projects/3b45e2b0f5d34abc948644b3a137eab7 0.114s
2025-05-19 20:39:48.163 70053 INFO tempest.lib.common.dynamic_creds [-] Deleting project and security group for project: 5c4939d699bd46e4b6592a13c9a45fbe
2025-05-19 20:39:48.209 70033 INFO tempest.lib.common.rest_client [req-dedb7bda-bc0d-4e60-9659-c0fd89b9f5c7 req-dedb7bda-bc0d-4e60-9659-c0fd89b9f5c7 ] Request (ServerShowV257Test:setUpClass): 201 POST http://10.180.1.21/identity/v3/projects 0.092s
2025-05-19 20:39:48.281 70029 INFO tempest.lib.common.rest_client [req-0fe08185-04ef-4105-8987-1de446066e66 req-0fe08185-04ef-4105-8987-1de446066e66 ] Request (InstanceActionsNegativeTestJSON:tearDownClass): 200 PUT http://10.180.1.21:9696/networking/v2.0/routers/247356b3-1cec-4ba7-8c01-76eefb6c7b0b/remove_router_interface 3.893s
2025-05-19 20:39:48.285 70033 INFO tempest.lib.common.rest_client [req-d4d2cdbc-941d-4193-8c1b-2d8b3ad9a9d4 req-d4d2cdbc-941d-4193-8c1b-2d8b3ad9a9d4 ] Request (ServerShowV257Test:setUpClass): 201 POST http://10.180.1.21/identity/v3/users 0.076s
2025-05-19 20:39:48.300 70015 INFO tempest.lib.common.rest_client [req-8dbc370b-9fc0-4ae4-9af2-83071a701425 req-8dbc370b-9fc0-4ae4-9af2-83071a701425 ] Request (ServerMetadataTestJSON:setUpClass): 200 GET http://10.180.1.21/compute/v2.1/servers/13870725-76f0-4e29-a38d-b9ae05887734 3.088s
2025-05-19 20:39:48.314 70033 INFO tempest.lib.common.rest_client [req-b530cb0a-0003-47dc-b3c9-44a7dec6c863 req-b530cb0a-0003-47dc-b3c9-44a7dec6c863 ] Request (ServerShowV257Test:setUpClass): 200 GET http://10.180.1.21/identity/v3/roles 0.028s
2025-05-19 20:39:48.331 70051 INFO tempest.lib.common.rest_client [req-2c9c10a8-1e05-4fe0-9af4-89ea32fc7be7 req-2c9c10a8-1e05-4fe0-9af4-89ea32fc7be7 ] Request (ImagesTestJSON:tearDownClass): 204 DELETE http://10.180.1.21:9696/networking/v2.0/security-groups/9ce3f364-dda1-4824-9030-6efc89b8a444 0.317s
2025-05-19 20:39:48.344 70033 INFO tempest.lib.common.rest_client [req-d93c3679-3629-4a1d-b70c-03d666842d39 req-d93c3679-3629-4a1d-b70c-03d666842d39 ] Request (ServerShowV257Test:setUpClass): 204 PUT http://10.180.1.21/identity/v3/projects/26574921220144f3b73ffb2322a5baea/users/0edf3c246ec849ad84abb1b0aac39567/roles/8cb4710998b34cb4962ed26498dee4b6 0.030s
2025-05-19 20:39:48.345 70033 INFO tempest.lib.common.dynamic_creds [-] Dynamic test user 0edf3c246ec849ad84abb1b0aac39567 is created with scope project and roles: ['member']
2025-05-19 20:39:48.345 70033 INFO tempest.lib.common.dynamic_creds [-] Acquired dynamic creds: credentials: Credentials: {'domain_id': 'default', 'domain_name': 'Default', 'username': 'tempest-ServerShowV257Test-112973444-project-member', 'project_domain_id': 'default', 'project_domain_name': 'Default', 'project_id': '26574921220144f3b73ffb2322a5baea', 'project_name': 'tempest-ServerShowV257Test-112973444', 'tenant_id': '26574921220144f3b73ffb2322a5baea', 'tenant_name': 'tempest-ServerShowV257Test-112973444', 'user_domain_id': 'default', 'user_domain_name': 'Default', 'user_id': '0edf3c246ec849ad84abb1b0aac39567', 'system': None}, Network: None, Subnet: None, Router: None
2025-05-19 20:39:48.345 70033 INFO tempest.lib.common.dynamic_creds [-] Created isolated network resources for: credentials: Credentials: {'domain_id': 'default', 'domain_name': 'Default', 'username': 'tempest-ServerShowV257Test-112973444-project-member', 'project_domain_id': 'default', 'project_domain_name': 'Default', 'project_id': '26574921220144f3b73ffb2322a5baea', 'project_name': 'tempest-ServerShowV257Test-112973444', 'tenant_id': '26574921220144f3b73ffb2322a5baea', 'tenant_name': 'tempest-ServerShowV257Test-112973444', 'user_domain_id': 'default', 'user_domain_name': 'Default', 'user_id': '0edf3c246ec849ad84abb1b0aac39567', 'system': None}, Network: None, Subnet: None, Router: None
2025-05-19 20:39:48.442 70011 INFO tempest.lib.common.rest_client [req-833ed44f-fae2-4346-b660-a3f8a20665f0 req-833ed44f-fae2-4346-b660-a3f8a20665f0 ] Request (ServersListShow2100Test:test_list_show_rebuild_update_server_2100): 200 GET http://10.180.1.21/compute/v2.1/servers/d7c83da4-1d59-43f5-bd49-efe4ef3b2afb 3.088s
2025-05-19 20:39:48.444 70033 INFO tempest.lib.common.rest_client [req-d7c536aa-bc35-43da-880a-e2bf6fdacc09 req-d7c536aa-bc35-43da-880a-e2bf6fdacc09 ] Request (ServerShowV257Test:setUpClass): 201 POST http://10.180.1.21/identity/v3/auth/tokens 0.093s
2025-05-19 20:39:48.450 70051 INFO tempest.lib.common.rest_client [req-96da9c74-e2c6-46e3-8873-cf2aa0b28be4 req-96da9c74-e2c6-46e3-8873-cf2aa0b28be4 ] Request (ImagesTestJSON:tearDownClass): 204 DELETE http://10.180.1.21/identity/v3/projects/d5dcb353dbb24d3eb538658a93bdba46 0.118s
2025-05-19 20:39:48.450 69995 INFO tempest.lib.common.rest_client [req-0cf7e354-c77a-475f-8caa-df0215750324 req-0cf7e354-c77a-475f-8caa-df0215750324 ] Request (ServerActionsV293TestJSON:setUpClass): 200 GET http://10.180.1.21/volume/v3/volumes/40a5f337-16d3-4574-ba4d-b527053a1512 0.035s
2025-05-19 20:39:48.506 70051 INFO tempest.lib.common.rest_client [req-eac98dbc-71a6-47ed-9dee-05c3b2644bd0 req-eac98dbc-71a6-47ed-9dee-05c3b2644bd0 ] Request (ListServersNegativeTestJSON:setUpClass): 201 POST http://10.180.1.21/identity/v3/auth/tokens 0.054s
2025-05-19 20:39:48.511 70033 INFO tempest.lib.common.rest_client [req-c0b00bf2-89b0-47f2-b621-6e0be48e3f7f req-c0b00bf2-89b0-47f2-b621-6e0be48e3f7f ] Request (ServerShowV257Test:test_rebuild_server): 201 POST http://10.180.1.21/identity/v3/auth/tokens 0.061s
2025-05-19 20:39:48.511 70033 INFO tempest.lib.common.fixed_network [-] (ServerShowV257Test:test_rebuild_server) Found network None available for tenant
2025-05-19 20:39:48.525 70053 INFO tempest.lib.common.rest_client [req-d225ad52-edc5-49c9-bfbe-c0ed13803366 req-d225ad52-edc5-49c9-bfbe-c0ed13803366 ] Request (AggregatesAdminNegativeTestJSON:tearDownClass): 200 GET http://10.180.1.21:9696/networking/v2.0/security-groups?tenant_id=5c4939d699bd46e4b6592a13c9a45fbe&name=default 0.362s
2025-05-19 20:39:48.540 70049 INFO tempest.lib.common.rest_client [req-3e2db07e-ca3a-46aa-b1d4-f174eabb9024 req-3e2db07e-ca3a-46aa-b1d4-f174eabb9024 ] Request (MultipleCreateTestJSON:tearDownClass): 204 DELETE http://10.180.1.21:9696/networking/v2.0/routers/60b84fd9-c700-4e95-a9d3-37b7efdf1583 2.066s
2025-05-19 20:39:48.541 70051 INFO tempest.lib.common.rest_client [req-0234f87e-9c65-4dac-8278-459fe55b9359 req-0234f87e-9c65-4dac-8278-459fe55b9359 ] Request (ListServersNegativeTestJSON:setUpClass): 201 POST http://10.180.1.21/identity/v3/auth/tokens 0.032s
2025-05-19 20:39:48.554 69993 INFO tempest.lib.common.rest_client [req-ff824432-0aa3-4465-9367-8c7c6faaf9d3 req-ff824432-0aa3-4465-9367-8c7c6faaf9d3 ] Request (ServerDiskConfigTestJSON:test_resize_server_from_auto_to_manual): 200 GET http://10.180.1.21/compute/v2.1/servers/47fe94bd-6929-45ee-aa58-866ee8901fe3 2.839s
2025-05-19 20:39:48.575 70051 INFO tempest.lib.common.rest_client [req-e5c43ba9-73dd-4f25-b400-e81aa3f7866b req-e5c43ba9-73dd-4f25-b400-e81aa3f7866b ] Request (ListServersNegativeTestJSON:setUpClass): 200 GET http://10.180.1.21/identity/v3/domains?name=Default 0.033s
2025-05-19 20:39:48.610 70051 INFO tempest.lib.common.rest_client [req-6d1ec182-2466-4515-90c7-20fb24572e93 req-6d1ec182-2466-4515-90c7-20fb24572e93 ] Request (ListServersNegativeTestJSON:setUpClass): 201 POST http://10.180.1.21/identity/v3/projects 0.034s
2025-05-19 20:39:48.680 70051 INFO tempest.lib.common.rest_client [req-d3c0696c-fdaf-46c5-908d-48e4ed6d8d26 req-d3c0696c-fdaf-46c5-908d-48e4ed6d8d26 ] Request (ListServersNegativeTestJSON:setUpClass): 201 POST http://10.180.1.21/identity/v3/users 0.070s
2025-05-19 20:39:48.702 70051 INFO tempest.lib.common.rest_client [req-e5c82db3-6981-4bf2-a109-b1a96fca5bb6 req-e5c82db3-6981-4bf2-a109-b1a96fca5bb6 ] Request (ListServersNegativeTestJSON:setUpClass): 200 GET http://10.180.1.21/identity/v3/roles 0.021s
2025-05-19 20:39:48.736 70051 INFO tempest.lib.common.rest_client [req-112bd6ce-1a50-489e-a528-f23efeed739d req-112bd6ce-1a50-489e-a528-f23efeed739d ] Request (ListServersNegativeTestJSON:setUpClass): 204 PUT http://10.180.1.21/identity/v3/projects/58eea58f35a3446f8d3bd54a0d4811f4/users/f7a2aaa3959842b08c6814bb1b829070/roles/8cb4710998b34cb4962ed26498dee4b6 0.034s
2025-05-19 20:39:48.737 70051 INFO tempest.lib.common.dynamic_creds [-] Dynamic test user f7a2aaa3959842b08c6814bb1b829070 is created with scope project and roles: ['member']
2025-05-19 20:39:48.737 70051 INFO tempest.lib.common.dynamic_creds [-] Acquired dynamic creds: credentials: Credentials: {'domain_id': 'default', 'domain_name': 'Default', 'username': 'tempest-ListServersNegativeTestJSON-1808930572-project-member', 'project_domain_id': 'default', 'project_domain_name': 'Default', 'project_id': '58eea58f35a3446f8d3bd54a0d4811f4', 'project_name': 'tempest-ListServersNegativeTestJSON-1808930572', 'tenant_id': '58eea58f35a3446f8d3bd54a0d4811f4', 'tenant_name': 'tempest-ListServersNegativeTestJSON-1808930572', 'user_domain_id': 'default', 'user_domain_name': 'Default', 'user_id': 'f7a2aaa3959842b08c6814bb1b829070', 'system': None}, Network: None, Subnet: None, Router: None
2025-05-19 20:39:48.776 70007 INFO tempest.lib.common.rest_client [req-d206e01d-def9-467e-a033-d8290bfb73ae req-d206e01d-def9-467e-a033-d8290bfb73ae ] Request (AttachInterfacesV270Test:setUpClass): 200 PUT http://10.180.1.21:9696/networking/v2.0/routers/bc7cc955-2f85-49af-bd77-484c989c5387/add_router_interface 3.299s
2025-05-19 20:39:48.776 70007 INFO tempest.lib.common.dynamic_creds [-] Created isolated network resources for: credentials: Credentials: {'domain_id': 'default', 'domain_name': 'Default', 'username': 'tempest-AttachInterfacesV270Test-1903886719-project-member', 'project_domain_id': 'default', 'project_domain_name': 'Default', 'project_id': '12dcbcc6bd294f1c935de453f93499f8', 'project_name': 'tempest-AttachInterfacesV270Test-1903886719', 'tenant_id': '12dcbcc6bd294f1c935de453f93499f8', 'tenant_name': 'tempest-AttachInterfacesV270Test-1903886719', 'user_domain_id': 'default', 'user_domain_name': 'Default', 'user_id': '1e3c915a355446f6af2b91cf8f1549c5', 'system': None}, Network: {'id': '56643a62-c1cf-4de7-81a0-552a786a71b8', 'name': 'tempest-AttachInterfacesV270Test-876320814-network', 'tenant_id': '12dcbcc6bd294f1c935de453f93499f8', 'admin_state_up': True, 'mtu': 8950, 'status': 'ACTIVE', 'subnets': [], 'shared': False, 'project_id': '12dcbcc6bd294f1c935de453f93499f8', 'port_security_enabled': True, 'router:external': False, 'provider:network_type': 'vlan', 'provider:physical_network': 'default', 'provider:segmentation_id': 261, 'availability_zone_hints': [], 'availability_zones': [], 'ipv4_address_scope': None, 'ipv6_address_scope': None, 'description': '', 'tags': [], 'created_at': '2025-05-19T20:39:43Z', 'updated_at': '2025-05-19T20:39:43Z', 'revision_number': 1}, Subnet: {'id': '968559ee-4195-477c-8819-9b989c253cc8', 'name': 'tempest-AttachInterfacesV270Test-876320814-subnet', 'tenant_id': '12dcbcc6bd294f1c935de453f93499f8', 'network_id': '56643a62-c1cf-4de7-81a0-552a786a71b8', 'ip_version': 4, 'subnetpool_id': None, 'enable_dhcp': True, 'ipv6_ra_mode': None, 'ipv6_address_mode': None, 'gateway_ip': '192.168.128.1', 'cidr': '192.168.128.0/28', 'allocation_pools': [{'start': '192.168.128.2', 'end': '192.168.128.14'}], 'host_routes': [], 'dns_nameservers': [], 'description': '', 'router:external': False, 'service_types': [], 'tags': [], 'created_at': '2025-05-19T20:39:43Z', 'updated_at': '2025-05-19T20:39:43Z', 'revision_number': 0, 'project_id': '12dcbcc6bd294f1c935de453f93499f8'}, Router: {'id': 'bc7cc955-2f85-49af-bd77-484c989c5387', 'name': 'tempest-AttachInterfacesV270Test-876320814-router', 'tenant_id': '12dcbcc6bd294f1c935de453f93499f8', 'admin_state_up': True, 'status': 'ACTIVE', 'external_gateway_info': {'network_id': '2d4b7664-ca2f-443b-bec0-30f4e094a79e', 'external_fixed_ips': [{'subnet_id': '5c57bb5b-6e54-4c31-98fa-65c9eeb81dfe', 'ip_address': '10.180.180.201'}], 'enable_snat': True}, 'description': '', 'availability_zones': [], 'distributed': False, 'ha': False, 'availability_zone_hints': [], 'routes': [], 'flavor_id': None, 'tags': [], 'created_at': '2025-05-19T20:39:43Z', 'updated_at': '2025-05-19T20:39:44Z', 'revision_number': 2, 'project_id': '12dcbcc6bd294f1c935de453f93499f8'}
2025-05-19 20:39:48.805 70051 INFO tempest.lib.common.rest_client [req-839fc5ff-b765-4c36-a15e-5ce387202a5c req-839fc5ff-b765-4c36-a15e-5ce387202a5c ] Request (ListServersNegativeTestJSON:setUpClass): 201 POST http://10.180.1.21/identity/v3/auth/tokens 0.068s
2025-05-19 20:39:48.873 70007 INFO tempest.lib.common.rest_client [req-18aac3f1-dd58-4e21-a8b0-27b9cf106095 req-18aac3f1-dd58-4e21-a8b0-27b9cf106095 ] Request (AttachInterfacesV270Test:setUpClass): 201 POST http://10.180.1.21/identity/v3/auth/tokens 0.092s
2025-05-19 20:39:48.919 70003 INFO tempest.lib.common.rest_client [req-494b63d1-daed-463c-ada6-9d13a40dbb1b req-494b63d1-daed-463c-ada6-9d13a40dbb1b ] Request (ServersTestBootFromVolume:tearDownClass): 204 DELETE http://10.180.1.21:9696/networking/v2.0/networks/649571fb-c62a-4979-b272-52f0514234ba 1.391s
2025-05-19 20:39:48.927 70007 INFO tempest.lib.common.rest_client [req-9d8c7797-b90c-489b-a2c2-fe96cddae039 req-9d8c7797-b90c-489b-a2c2-fe96cddae039 ] Request (AttachInterfacesV270Test:test_create_get_list_interfaces): 201 POST http://10.180.1.21/identity/v3/auth/tokens 0.049s
2025-05-19 20:39:48.927 70007 INFO tempest.lib.common.fixed_network [-] (AttachInterfacesV270Test:test_create_get_list_interfaces) Found network {'id': '56643a62-c1cf-4de7-81a0-552a786a71b8', 'name': 'tempest-AttachInterfacesV270Test-876320814-network', 'tenant_id': '12dcbcc6bd294f1c935de453f93499f8', 'admin_state_up': True, 'mtu': 8950, 'status': 'ACTIVE', 'subnets': [], 'shared': False, 'project_id': '12dcbcc6bd294f1c935de453f93499f8', 'port_security_enabled': True, 'router:external': False, 'provider:network_type': 'vlan', 'provider:physical_network': 'default', 'provider:segmentation_id': 261, 'availability_zone_hints': [], 'availability_zones': [], 'ipv4_address_scope': None, 'ipv6_address_scope': None, 'description': '', 'tags': [], 'created_at': '2025-05-19T20:39:43Z', 'updated_at': '2025-05-19T20:39:43Z', 'revision_number': 1} available for tenant
2025-05-19 20:39:48.978 70009 INFO tempest.lib.common.rest_client [req-c821def3-3a04-465f-9dc7-29fd8a160384 req-c821def3-3a04-465f-9dc7-29fd8a160384 ] Request (SecurityGroupRulesNegativeTestJSON:tearDownClass): 202 DELETE http://10.180.1.21/compute/v2.1/os-security-groups/f1a4028d-cd3f-497d-b52c-de282bbb87aa 3.202s
2025-05-19 20:39:48.978 70047 INFO tempest.lib.common.rest_client [req-3c14ea65-20ba-49e2-8c70-7864bb633359 req-3c14ea65-20ba-49e2-8c70-7864bb633359 ] Request (ServersTestMultiNic:tearDownClass): 200 PUT http://10.180.1.21:9696/networking/v2.0/routers/8ac0936e-aeae-4aff-b080-10118251c8f1/remove_router_interface 2.670s
2025-05-19 20:39:48.984 70053 INFO tempest.lib.common.rest_client [req-4d5b227b-424f-4fde-ba3b-e945d9d2649a req-4d5b227b-424f-4fde-ba3b-e945d9d2649a ] Request (AggregatesAdminNegativeTestJSON:tearDownClass): 204 DELETE http://10.180.1.21:9696/networking/v2.0/security-groups/796f8d3b-3ada-427b-b539-e62e5c9e54e5 0.458s
2025-05-19 20:39:48.998 70003 INFO tempest.lib.common.rest_client [req-f9a9b78d-5ce4-46ee-a7f1-be9d23bb74a6 req-f9a9b78d-5ce4-46ee-a7f1-be9d23bb74a6 ] Request (ServersTestBootFromVolume:tearDownClass): 204 DELETE http://10.180.1.21/identity/v3/users/708e532ece364c018be50d5f94188ff6 0.079s
2025-05-19 20:39:48.999 70003 INFO tempest.lib.common.dynamic_creds [-] Deleting project and security group for project: 83882579ee7949d896353135b970aec7
2025-05-19 20:39:49.054 70049 INFO tempest.lib.common.rest_client [req-6208708e-0e03-45e7-bdc6-8edf8237ddd8 req-6208708e-0e03-45e7-bdc6-8edf8237ddd8 ] Request (MultipleCreateTestJSON:tearDownClass): 204 DELETE http://10.180.1.21:9696/networking/v2.0/subnets/ca85cdce-d9f9-46e7-bbfa-6ab1877fedbe 0.513s
2025-05-19 20:39:49.086 70053 INFO tempest.lib.common.rest_client [req-df2b1183-2099-4fd0-b05b-5e22102bac6d req-df2b1183-2099-4fd0-b05b-5e22102bac6d ] Request (AggregatesAdminNegativeTestJSON:tearDownClass): 204 DELETE http://10.180.1.21/identity/v3/projects/5c4939d699bd46e4b6592a13c9a45fbe 0.102s
2025-05-19 20:39:49.164 70053 INFO tempest.lib.common.rest_client [req-ab4adca7-ddf4-448a-9b38-4015ef5561ba req-ab4adca7-ddf4-448a-9b38-4015ef5561ba ] Request (ServerDiagnosticsV248Test:setUpClass): 201 POST http://10.180.1.21/identity/v3/auth/tokens 0.076s
2025-05-19 20:39:49.165 70003 INFO tempest.lib.common.rest_client [req-0886328f-caf6-43aa-96c4-f30f9b477688 req-0886328f-caf6-43aa-96c4-f30f9b477688 ] Request (ServersTestBootFromVolume:tearDownClass): 200 GET http://10.180.1.21:9696/networking/v2.0/security-groups?tenant_id=83882579ee7949d896353135b970aec7&name=default 0.166s
2025-05-19 20:39:49.198 70053 INFO tempest.lib.common.rest_client [req-7fb5d02c-6118-441d-b8cb-16a3455f8329 req-7fb5d02c-6118-441d-b8cb-16a3455f8329 ] Request (ServerDiagnosticsV248Test:setUpClass): 201 POST http://10.180.1.21/identity/v3/auth/tokens 0.028s
2025-05-19 20:39:49.230 70053 INFO tempest.lib.common.rest_client [req-e4ba3e90-e199-4996-ba49-cb35a3462888 req-e4ba3e90-e199-4996-ba49-cb35a3462888 ] Request (ServerDiagnosticsV248Test:setUpClass): 200 GET http://10.180.1.21/identity/v3/domains?name=Default 0.031s
2025-05-19 20:39:49.270 69999 INFO tempest.lib.common.rest_client [req-66e3cbec-73c6-4440-92a2-24c994efdfa8 req-66e3cbec-73c6-4440-92a2-24c994efdfa8 ] Request (FloatingIPDetailsTestJSON:tearDownClass): 202 DELETE http://10.180.1.21/compute/v2.1/os-floating-ips/341b66f4-641d-4c56-88ab-d7517c53fe3d 4.158s
2025-05-19 20:39:49.271 70053 INFO tempest.lib.common.rest_client [req-bceadec5-864f-420c-8b40-b9542d6973ad req-bceadec5-864f-420c-8b40-b9542d6973ad ] Request (ServerDiagnosticsV248Test:setUpClass): 201 POST http://10.180.1.21/identity/v3/projects 0.037s
2025-05-19 20:39:49.316 70021 INFO tempest.lib.common.rest_client [req-7224802f-0cd5-40e7-8e78-de0eb4c8e414 req-7224802f-0cd5-40e7-8e78-de0eb4c8e414 ] Request (KeyPairsNegativeTestJSON:test_keypair_create_with_invalid_pub_key): 400 POST http://10.180.1.21/compute/v2.1/os-keypairs 2.999s
2025-05-19 20:39:49.337 70023 INFO tempest.lib.common.rest_client [req-97652631-e05a-4409-b5c3-8c15af4da831 req-97652631-e05a-4409-b5c3-8c15af4da831 ] Request (KeyPairsV22TestJSON:_run_cleanups): 204 DELETE http://10.180.1.21/compute/v2.1/os-keypairs/tempest-keypair-1282226145 3.004s
2025-05-19 20:39:49.347 70053 INFO tempest.lib.common.rest_client [req-b7987343-ceed-41cd-856d-eba544e9da32 req-b7987343-ceed-41cd-856d-eba544e9da32 ] Request (ServerDiagnosticsV248Test:setUpClass): 201 POST http://10.180.1.21/identity/v3/users 0.076s
2025-05-19 20:39:49.348 70003 INFO tempest.lib.common.rest_client [req-75c35757-7e12-46ce-875b-efbef3c0d668 req-75c35757-7e12-46ce-875b-efbef3c0d668 ] Request (ServersTestBootFromVolume:tearDownClass): 204 DELETE http://10.180.1.21:9696/networking/v2.0/security-groups/f5d3107a-6235-4e8d-83f1-db829b3b87e7 0.183s
2025-05-19 20:39:49.374 70053 INFO tempest.lib.common.rest_client [req-499f7202-e270-419c-8dad-0d031280ba99 req-499f7202-e270-419c-8dad-0d031280ba99 ] Request (ServerDiagnosticsV248Test:setUpClass): 200 GET http://10.180.1.21/identity/v3/roles 0.026s
2025-05-19 20:39:49.402 70053 INFO tempest.lib.common.rest_client [req-b35a1d16-d24b-4664-9ba6-04a664189e2c req-b35a1d16-d24b-4664-9ba6-04a664189e2c ] Request (ServerDiagnosticsV248Test:setUpClass): 204 PUT http://10.180.1.21/identity/v3/projects/c38ab0b57ca74ffc8ba608fd3ae249d1/users/f352e403ea9e4a8ab082de985b73afd3/roles/8cb4710998b34cb4962ed26498dee4b6 0.028s
2025-05-19 20:39:49.402 70053 INFO tempest.lib.common.dynamic_creds [-] Dynamic test user f352e403ea9e4a8ab082de985b73afd3 is created with scope project and roles: ['member']
2025-05-19 20:39:49.403 70053 INFO tempest.lib.common.dynamic_creds [-] Acquired dynamic creds: credentials: Credentials: {'domain_id': 'default', 'domain_name': 'Default', 'username': 'tempest-ServerDiagnosticsV248Test-1806895537-project-member', 'project_domain_id': 'default', 'project_domain_name': 'Default', 'project_id': 'c38ab0b57ca74ffc8ba608fd3ae249d1', 'project_name': 'tempest-ServerDiagnosticsV248Test-1806895537', 'tenant_id': 'c38ab0b57ca74ffc8ba608fd3ae249d1', 'tenant_name': 'tempest-ServerDiagnosticsV248Test-1806895537', 'user_domain_id': 'default', 'user_domain_name': 'Default', 'user_id': 'f352e403ea9e4a8ab082de985b73afd3', 'system': None}, Network: None, Subnet: None, Router: None
2025-05-19 20:39:49.403 70053 INFO tempest.lib.common.dynamic_creds [-] Created isolated network resources for: credentials: Credentials: {'domain_id': 'default', 'domain_name': 'Default', 'username': 'tempest-ServerDiagnosticsV248Test-1806895537-project-member', 'project_domain_id': 'default', 'project_domain_name': 'Default', 'project_id': 'c38ab0b57ca74ffc8ba608fd3ae249d1', 'project_name': 'tempest-ServerDiagnosticsV248Test-1806895537', 'tenant_id': 'c38ab0b57ca74ffc8ba608fd3ae249d1', 'tenant_name': 'tempest-ServerDiagnosticsV248Test-1806895537', 'user_domain_id': 'default', 'user_domain_name': 'Default', 'user_id': 'f352e403ea9e4a8ab082de985b73afd3', 'system': None}, Network: None, Subnet: None, Router: None
2025-05-19 20:39:49.430 70003 INFO tempest.lib.common.rest_client [req-790b1c71-57a6-4758-8356-792a797f39ae req-790b1c71-57a6-4758-8356-792a797f39ae ] Request (ServersTestBootFromVolume:tearDownClass): 204 DELETE http://10.180.1.21/identity/v3/projects/83882579ee7949d896353135b970aec7 0.081s
2025-05-19 20:39:49.435 70003 INFO tempest.test [-] raised in AttachVolumeMultiAttachTest.setUpClass. Invoking tearDownClass.
2025-05-19 20:39:49.459 70049 INFO tempest.lib.common.rest_client [req-699612ad-dcec-4ec0-8e97-fe03e6b5793a req-699612ad-dcec-4ec0-8e97-fe03e6b5793a ] Request (MultipleCreateTestJSON:tearDownClass): 204 DELETE http://10.180.1.21:9696/networking/v2.0/networks/5604fe06-494a-4637-b43c-f7efa4691544 0.404s
2025-05-19 20:39:49.505 70053 INFO tempest.lib.common.rest_client [req-19f15d02-27a8-427c-9faa-191fd5b1ebfe req-19f15d02-27a8-427c-9faa-191fd5b1ebfe ] Request (ServerDiagnosticsV248Test:setUpClass): 201 POST http://10.180.1.21/identity/v3/auth/tokens 0.099s
2025-05-19 20:39:49.530 70025 INFO tempest.lib.common.rest_client [req-804997fa-73fe-4fa9-a09d-e62d96d1caa4 req-804997fa-73fe-4fa9-a09d-e62d96d1caa4 ] Request (SecurityGroupsTestAdminJSON:_run_cleanups): 202 DELETE http://10.180.1.21/compute/v2.1/os-security-groups/58c025ca-4198-4050-a90a-7c4308f3d569 3.220s
2025-05-19 20:39:49.530 69995 INFO tempest.lib.common.rest_client [req-68e246b0-72aa-40a4-8486-6be1d84f3d0a req-68e246b0-72aa-40a4-8486-6be1d84f3d0a ] Request (ServerActionsV293TestJSON:setUpClass): 200 GET http://10.180.1.21/volume/v3/volumes/40a5f337-16d3-4574-ba4d-b527053a1512 0.064s
2025-05-19 20:39:49.538 69997 INFO tempest.lib.common.rest_client [req-13564c9e-f76c-47ea-ac61-5a2a38db8fe0 req-13564c9e-f76c-47ea-ac61-5a2a38db8fe0 ] Request (HostsAdminNegativeTestJSON:test_show_host_detail_with_non_admin_user): 403 GET http://10.180.1.21/compute/v2.1/os-hosts/devstack 2.984s
2025-05-19 20:39:49.589 70045 INFO tempest.lib.common.rest_client [req-7d61d068-3534-407c-afee-86bfb4d83cd5 req-7d61d068-3534-407c-afee-86bfb4d83cd5 ] Request (ImagesMetadataTestJSON:test_list_image_metadata): 200 GET http://10.180.1.21/compute/v2.1/images/b24816d2-7587-4a1b-9e35-4b3e369b581d/metadata 2.825s
2025-05-19 20:39:49.599 70053 INFO tempest.lib.common.rest_client [req-e19697fc-0570-4b96-82fd-60dca9f91e4c req-e19697fc-0570-4b96-82fd-60dca9f91e4c ] Request (ServerDiagnosticsV248Test:setUpClass): 201 POST http://10.180.1.21/identity/v3/projects 0.093s
2025-05-19 20:39:49.615 70049 INFO tempest.lib.common.rest_client [req-ef5d74e6-2794-47f8-b122-efad80fe8040 req-ef5d74e6-2794-47f8-b122-efad80fe8040 ] Request (MultipleCreateTestJSON:tearDownClass): 204 DELETE http://10.180.1.21/identity/v3/users/50bcf8ebf848401c85251689bc12230c 0.155s
2025-05-19 20:39:49.615 70049 INFO tempest.lib.common.dynamic_creds [-] Deleting project and security group for project: c60e56f7ae5f4081b016e69ca33f6bfb
2025-05-19 20:39:49.665 70049 INFO tempest.lib.common.rest_client [req-cce8a828-f326-4b71-999b-a792cb83878e req-cce8a828-f326-4b71-999b-a792cb83878e ] Request (MultipleCreateTestJSON:tearDownClass): 200 GET http://10.180.1.21:9696/networking/v2.0/security-groups?tenant_id=c60e56f7ae5f4081b016e69ca33f6bfb&name=default 0.050s
2025-05-19 20:39:49.684 70053 INFO tempest.lib.common.rest_client [req-7651d836-5644-4ce2-a923-fab3ba28d269 req-7651d836-5644-4ce2-a923-fab3ba28d269 ] Request (ServerDiagnosticsV248Test:setUpClass): 201 POST http://10.180.1.21/identity/v3/users 0.081s
2025-05-19 20:39:49.705 70053 INFO tempest.lib.common.rest_client [req-ac3bdb79-3aa0-4a20-85e6-888537dc8293 req-ac3bdb79-3aa0-4a20-85e6-888537dc8293 ] Request (ServerDiagnosticsV248Test:setUpClass): 200 GET http://10.180.1.21/identity/v3/roles 0.021s
2025-05-19 20:39:49.728 70025 INFO tempest.lib.common.rest_client [req-3ff8689a-c6ae-41a7-97b8-5e238cfc7ca8 req-3ff8689a-c6ae-41a7-97b8-5e238cfc7ca8 ] Request (SecurityGroupsTestAdminJSON:tearDownClass): 204 DELETE http://10.180.1.21/identity/v3/users/dc420221f6604f9e854fb36b211afab9 0.197s
2025-05-19 20:39:49.773 70053 INFO tempest.lib.common.rest_client [req-f2229595-d333-45c3-b1a5-a9371ac44757 req-f2229595-d333-45c3-b1a5-a9371ac44757 ] Request (ServerDiagnosticsV248Test:setUpClass): 204 PUT http://10.180.1.21/identity/v3/projects/78ca06ca29914e84ba030905e3322b07/users/96b29b0c2adc408d91d257cc2b883f15/roles/1c9d9ddc88a54a72a046182c8459a829 0.067s
2025-05-19 20:39:49.830 70049 INFO tempest.lib.common.rest_client [req-ea6f1456-f210-4476-b4e4-e316199ab770 req-ea6f1456-f210-4476-b4e4-e316199ab770 ] Request (MultipleCreateTestJSON:tearDownClass): 204 DELETE http://10.180.1.21:9696/networking/v2.0/security-groups/89a496b5-24a2-40a1-8bb5-5b7edd5f0d3a 0.164s
2025-05-19 20:39:49.854 70025 INFO tempest.lib.common.rest_client [req-f70d09aa-8522-4d05-930b-3af3d8b43c43 req-f70d09aa-8522-4d05-930b-3af3d8b43c43 ] Request (SecurityGroupsTestAdminJSON:tearDownClass): 204 DELETE http://10.180.1.21/identity/v3/users/c555acf6e5d94271b0b81147206e0dbd 0.126s
2025-05-19 20:39:49.855 70025 INFO tempest.lib.common.dynamic_creds [-] Deleting project and security group for project: c876f4b04119469890b4f64307c8622a
2025-05-19 20:39:49.879 70039 INFO tempest.lib.common.rest_client [req-02de9199-bb41-4330-8304-a2d8bac5ac58 req-02de9199-bb41-4330-8304-a2d8bac5ac58 ] Request (ServersV294TestFqdnHostnames:tearDownClass): 200 PUT http://10.180.1.21:9696/networking/v2.0/routers/bbe7ac05-36bb-4318-b1ef-ea6bb7b6d1ac/remove_router_interface 3.858s
