2025-05-19 20:40:44.746 70013 INFO tempest.lib.common.rest_client [req-f4c0eb62-22ab-4857-a728-fe1dd870ad89 req-f4c0eb62-22ab-4857-a728-fe1dd870ad89 ] Request (ServerActionsTestOtherA:tearDownClass): 200 GET http://10.180.1.21:9696/networking/v2.0/security-groups?tenant_id=4a9be631d6ab4955980d8247386250a4&name=default 0.121s
2025-05-19 20:40:44.754 70027 INFO tempest.lib.common.rest_client [req-bbd51759-bf7c-41f8-a84a-e33e58af9702 req-bbd51759-bf7c-41f8-a84a-e33e58af9702 ] Request (AttachVolumeShelveTestJSON:setUpClass): 201 POST http://10.180.1.21/identity/v3/projects 0.117s
2025-05-19 20:40:44.779 70005 INFO tempest.lib.common.rest_client [req-cee61b78-9f26-46f7-b3d4-0fe46da9e652 req-cee61b78-9f26-46f7-b3d4-0fe46da9e652 ] Request (VolumesSnapshotsTestJSON:_run_cleanups): 200 GET http://10.180.1.21/compute/v2.1/os-snapshots/4b321699-13db-4e34-952d-156c2d7c6527 0.035s
2025-05-19 20:40:44.781 70005 INFO tempest.common.waiters [-] snapshot 4b321699-13db-4e34-952d-156c2d7c6527 reached available after waiting for 0.781024 seconds
2025-05-19 20:40:44.865 70005 INFO tempest.lib.common.rest_client [req-11d2d423-31ea-4aeb-af6b-889311823ca3 req-11d2d423-31ea-4aeb-af6b-889311823ca3 ] Request (VolumesSnapshotsTestJSON:_run_cleanups): 202 DELETE http://10.180.1.21/compute/v2.1/os-snapshots/4b321699-13db-4e34-952d-156c2d7c6527 0.084s
2025-05-19 20:40:44.893 70027 INFO tempest.lib.common.rest_client [req-5effcb90-7800-40db-997f-82beedf621f5 req-5effcb90-7800-40db-997f-82beedf621f5 ] Request (AttachVolumeShelveTestJSON:setUpClass): 201 POST http://10.180.1.21/identity/v3/users 0.139s
2025-05-19 20:40:44.907 70005 INFO tempest.lib.common.rest_client [req-14916165-bf6d-4e97-8138-c042b1f135d5 req-14916165-bf6d-4e97-8138-c042b1f135d5 ] Request (VolumesSnapshotsTestJSON:_run_cleanups): 200 GET http://10.180.1.21/compute/v2.1/os-snapshots/4b321699-13db-4e34-952d-156c2d7c6527 0.039s
2025-05-19 20:40:44.933 70027 INFO tempest.lib.common.rest_client [req-ee147b8a-cd99-4085-bace-dc460f4efba6 req-ee147b8a-cd99-4085-bace-dc460f4efba6 ] Request (AttachVolumeShelveTestJSON:setUpClass): 200 GET http://10.180.1.21/identity/v3/roles 0.039s
2025-05-19 20:40:44.937 70013 INFO tempest.lib.common.rest_client [req-f566c6e6-cfee-455f-80a6-5ed33961c894 req-f566c6e6-cfee-455f-80a6-5ed33961c894 ] Request (ServerActionsTestOtherA:tearDownClass): 204 DELETE http://10.180.1.21:9696/networking/v2.0/security-groups/59566910-2dc3-47c2-8388-f7ca9f26101a 0.191s
2025-05-19 20:40:44.960 69999 INFO tempest.lib.common.rest_client [req-d5f9d25a-6e6a-4c58-89c2-e238604b9638 req-d5f9d25a-6e6a-4c58-89c2-e238604b9638 ] Request (ServersNegativeTestMultiTenantJSON:tearDownClass): 200 PUT http://10.180.1.21:9696/networking/v2.0/routers/66500e10-0f45-4f66-bf16-84ae2b2d6350/remove_router_interface 2.148s
2025-05-19 20:40:44.989 70027 INFO tempest.lib.common.rest_client [req-8bcf7468-c276-40fd-8a67-b3f0e79bb17b req-8bcf7468-c276-40fd-8a67-b3f0e79bb17b ] Request (AttachVolumeShelveTestJSON:setUpClass): 204 PUT http://10.180.1.21/identity/v3/projects/db659bf2673748ed92b21e6d3565b4f5/users/d225b90220c842af927f10ee52075ca6/roles/8cb4710998b34cb4962ed26498dee4b6 0.055s
2025-05-19 20:40:44.989 70027 INFO tempest.lib.common.dynamic_creds [-] Dynamic test user d225b90220c842af927f10ee52075ca6 is created with scope project and roles: ['member']
2025-05-19 20:40:44.989 70027 INFO tempest.lib.common.dynamic_creds [-] Acquired dynamic creds: credentials: Credentials: {'domain_id': 'default', 'domain_name': 'Default', 'username': 'tempest-AttachVolumeShelveTestJSON-1388520254-project-member', 'project_domain_id': 'default', 'project_domain_name': 'Default', 'project_id': 'db659bf2673748ed92b21e6d3565b4f5', 'project_name': 'tempest-AttachVolumeShelveTestJSON-1388520254', 'tenant_id': 'db659bf2673748ed92b21e6d3565b4f5', 'tenant_name': 'tempest-AttachVolumeShelveTestJSON-1388520254', 'user_domain_id': 'default', 'user_domain_name': 'Default', 'user_id': 'd225b90220c842af927f10ee52075ca6', 'system': None}, Network: None, Subnet: None, Router: None
2025-05-19 20:40:45.004 70023 INFO tempest.lib.common.rest_client [req-ba963d17-78e0-4494-952b-215b0b0eb192 req-ba963d17-78e0-4494-952b-215b0b0eb192 ] Request (SecurityGroupRulesTestJSON:test_security_group_rules_list): 200 POST http://10.180.1.21/compute/v2.1/os-security-group-rules 1.037s
2025-05-19 20:40:45.026 69997 INFO tempest.lib.common.rest_client [req-711b363b-cab9-4920-81ae-5da334cab1b8 req-711b363b-cab9-4920-81ae-5da334cab1b8 ] Request (SecurityGroupsNegativeTestJSON:setUpClass): 201 POST http://10.180.1.21:9696/networking/v2.0/networks 0.866s
2025-05-19 20:40:45.056 70027 INFO tempest.lib.common.rest_client [req-6e486786-d070-4a62-ad32-45d6245504ca req-6e486786-d070-4a62-ad32-45d6245504ca ] Request (AttachVolumeShelveTestJSON:setUpClass): 201 POST http://10.180.1.21/identity/v3/auth/tokens 0.066s
2025-05-19 20:40:45.094 70013 INFO tempest.lib.common.rest_client [req-a0ba9ab9-0b4a-4fdb-95a2-b84fd63e7f31 req-a0ba9ab9-0b4a-4fdb-95a2-b84fd63e7f31 ] Request (ServerActionsTestOtherA:tearDownClass): 204 DELETE http://10.180.1.21/identity/v3/projects/4a9be631d6ab4955980d8247386250a4 0.156s
2025-05-19 20:40:45.146 70013 INFO tempest.lib.common.rest_client [req-028064eb-f76b-49b2-8af8-a5275422454e req-028064eb-f76b-49b2-8af8-a5275422454e ] Request (ServerRescueTestJSON:setUpClass): 201 POST http://10.180.1.21/identity/v3/auth/tokens 0.048s
2025-05-19 20:40:45.186 70013 INFO tempest.lib.common.rest_client [req-7c3c44a8-03f4-4373-855f-7fadf5468378 req-7c3c44a8-03f4-4373-855f-7fadf5468378 ] Request (ServerRescueTestJSON:setUpClass): 201 POST http://10.180.1.21/identity/v3/auth/tokens 0.038s
2025-05-19 20:40:45.228 70013 INFO tempest.lib.common.rest_client [req-1513d79d-2c10-4004-a85a-0671768e7933 req-1513d79d-2c10-4004-a85a-0671768e7933 ] Request (ServerRescueTestJSON:setUpClass): 200 GET http://10.180.1.21/identity/v3/domains?name=Default 0.041s
2025-05-19 20:40:45.262 70013 INFO tempest.lib.common.rest_client [req-6dfddcf0-80ba-49f6-9b92-419da184518b req-6dfddcf0-80ba-49f6-9b92-419da184518b ] Request (ServerRescueTestJSON:setUpClass): 201 POST http://10.180.1.21/identity/v3/projects 0.034s
2025-05-19 20:40:45.269 70043 INFO tempest.lib.common.rest_client [req-07469e03-fe11-4d49-8f6e-7bd56d06f705 req-07469e03-fe11-4d49-8f6e-7bd56d06f705 ] Request (ServerGroupTestJSON:setUpClass): 200 PUT http://10.180.1.21:9696/networking/v2.0/routers/32543dfd-cb6a-431f-aaa5-a074185df875/add_router_interface 2.756s
2025-05-19 20:40:45.269 70043 INFO tempest.lib.common.dynamic_creds [-] Created isolated network resources for: credentials: Credentials: {'domain_id': 'default', 'domain_name': 'Default', 'username': 'tempest-ServerGroupTestJSON-1459924135-project-member', 'project_domain_id': 'default', 'project_domain_name': 'Default', 'project_id': '83fe69f169e4427da6bf49c780a6bb41', 'project_name': 'tempest-ServerGroupTestJSON-1459924135', 'tenant_id': '83fe69f169e4427da6bf49c780a6bb41', 'tenant_name': 'tempest-ServerGroupTestJSON-1459924135', 'user_domain_id': 'default', 'user_domain_name': 'Default', 'user_id': '759f889e566149f79e1e8661fb45d09d', 'system': None}, Network: {'id': 'a310e1a3-d607-4a98-b1b5-be0708bedc5b', 'name': 'tempest-ServerGroupTestJSON-215090404-network', 'tenant_id': '83fe69f169e4427da6bf49c780a6bb41', 'admin_state_up': True, 'mtu': 8950, 'status': 'ACTIVE', 'subnets': [], 'shared': False, 'project_id': '83fe69f169e4427da6bf49c780a6bb41', 'port_security_enabled': True, 'router:external': False, 'provider:network_type': 'vlan', 'provider:physical_network': 'default', 'provider:segmentation_id': 86, 'availability_zone_hints': [], 'availability_zones': [], 'ipv4_address_scope': None, 'ipv6_address_scope': None, 'description': '', 'tags': [], 'created_at': '2025-05-19T20:40:37Z', 'updated_at': '2025-05-19T20:40:37Z', 'revision_number': 1}, Subnet: {'id': '8181c6a5-2d34-4f8e-a93e-511c06616fc3', 'name': 'tempest-ServerGroupTestJSON-215090404-subnet', 'tenant_id': '83fe69f169e4427da6bf49c780a6bb41', 'network_id': 'a310e1a3-d607-4a98-b1b5-be0708bedc5b', 'ip_version': 4, 'subnetpool_id': None, 'enable_dhcp': True, 'ipv6_ra_mode': None, 'ipv6_address_mode': None, 'gateway_ip': '192.168.128.1', 'cidr': '192.168.128.0/28', 'allocation_pools': [{'start': '192.168.128.2', 'end': '192.168.128.14'}], 'host_routes': [], 'dns_nameservers': [], 'description': '', 'router:external': False, 'service_types': [], 'tags': [], 'created_at': '2025-05-19T20:40:38Z', 'updated_at': '2025-05-19T20:40:38Z', 'revision_number': 0, 'project_id': '83fe69f169e4427da6bf49c780a6bb41'}, Router: {'id': '32543dfd-cb6a-431f-aaa5-a074185df875', 'name': 'tempest-ServerGroupTestJSON-215090404-router', 'tenant_id': '83fe69f169e4427da6bf49c780a6bb41', 'admin_state_up': True, 'status': 'ACTIVE', 'external_gateway_info': {'network_id': '2d4b7664-ca2f-443b-bec0-30f4e094a79e', 'external_fixed_ips': [{'subnet_id': '5c57bb5b-6e54-4c31-98fa-65c9eeb81dfe', 'ip_address': '10.180.180.200'}], 'enable_snat': True}, 'description': '', 'availability_zones': [], 'distributed': False, 'ha': False, 'availability_zone_hints': [], 'routes': [], 'flavor_id': None, 'tags': [], 'created_at': '2025-05-19T20:40:39Z', 'updated_at': '2025-05-19T20:40:41Z', 'revision_number': 2, 'project_id': '83fe69f169e4427da6bf49c780a6bb41'}
2025-05-19 20:40:45.300 70023 INFO tempest.lib.common.rest_client [req-910caf33-0604-44d8-ad79-112a8196a9ab req-910caf33-0604-44d8-ad79-112a8196a9ab ] Request (SecurityGroupRulesTestJSON:test_security_group_rules_list): 200 POST http://10.180.1.21/compute/v2.1/os-security-group-rules 0.294s
2025-05-19 20:40:45.340 70023 INFO tempest.lib.common.rest_client [req-14ed632a-5175-4969-b9b9-ed2d53de04dc req-14ed632a-5175-4969-b9b9-ed2d53de04dc ] Request (SecurityGroupRulesTestJSON:test_security_group_rules_list): 200 GET http://10.180.1.21/compute/v2.1/os-security-groups/4ef78793-fc49-4a35-bbbb-59a83403a5ff 0.038s
2025-05-19 20:40:45.491 70043 INFO tempest.lib.common.rest_client [req-825162b0-bf57-4572-849c-f7a460b61f13 req-825162b0-bf57-4572-849c-f7a460b61f13 ] Request (ServerGroupTestJSON:setUpClass): 201 POST http://10.180.1.21/identity/v3/auth/tokens 0.216s
2025-05-19 20:40:45.518 70013 INFO tempest.lib.common.rest_client [req-cb2fd847-b04e-4f04-a63f-40c83532c4f9 req-cb2fd847-b04e-4f04-a63f-40c83532c4f9 ] Request (ServerRescueTestJSON:setUpClass): 201 POST http://10.180.1.21/identity/v3/users 0.256s
2025-05-19 20:40:45.527 70023 INFO tempest.lib.common.rest_client [req-4b4482e1-c473-43eb-8684-0071ee7b967d req-4b4482e1-c473-43eb-8684-0071ee7b967d ] Request (SecurityGroupRulesTestJSON:_run_cleanups): 202 DELETE http://10.180.1.21/compute/v2.1/os-security-group-rules/08c25578-f1c7-4730-844e-b8531dd9bebe 0.181s
2025-05-19 20:40:45.530 69997 INFO tempest.lib.common.rest_client [req-e70bf5fe-f4e2-4a6a-893e-a42653cb25ba req-e70bf5fe-f4e2-4a6a-893e-a42653cb25ba ] Request (SecurityGroupsNegativeTestJSON:setUpClass): 201 POST http://10.180.1.21:9696/networking/v2.0/subnets 0.504s
2025-05-19 20:40:45.572 70021 INFO tempest.lib.common.rest_client [req-28db853c-b2d2-44c3-bc93-059cba3447be req-28db853c-b2d2-44c3-bc93-059cba3447be ] Request (AttachInterfacesTestJSON:test_reassign_port_between_servers): 200 GET http://10.180.1.21/compute/v2.1/servers/41188026-01ae-45d0-bbe7-e1ffe8a4dd9b 0.123s
2025-05-19 20:40:45.573 70013 INFO tempest.lib.common.rest_client [req-dcb8e5f1-f789-44f4-8b35-6a0f30ccb05d req-dcb8e5f1-f789-44f4-8b35-6a0f30ccb05d ] Request (ServerRescueTestJSON:setUpClass): 200 GET http://10.180.1.21/identity/v3/roles 0.054s
2025-05-19 20:40:45.580 70021 INFO tempest.common.waiters [-] State transition "BUILD/scheduling" ==> "ERROR/None" after 1 second wait
2025-05-19 20:40:45.622 70013 INFO tempest.lib.common.rest_client [req-76f64f88-f53b-498c-95f7-ce5f6e72729f req-76f64f88-f53b-498c-95f7-ce5f6e72729f ] Request (ServerRescueTestJSON:setUpClass): 204 PUT http://10.180.1.21/identity/v3/projects/c1cb7fd2385b45fab65e8fe06db86209/users/4bceada1f0c0443e88692b07494cee00/roles/8cb4710998b34cb4962ed26498dee4b6 0.048s
2025-05-19 20:40:45.623 70013 INFO tempest.lib.common.dynamic_creds [-] Dynamic test user 4bceada1f0c0443e88692b07494cee00 is created with scope project and roles: ['member']
2025-05-19 20:40:45.623 70013 INFO tempest.lib.common.dynamic_creds [-] Acquired dynamic creds: credentials: Credentials: {'domain_id': 'default', 'domain_name': 'Default', 'username': 'tempest-ServerRescueTestJSON-740702159-project-member', 'project_domain_id': 'default', 'project_domain_name': 'Default', 'project_id': 'c1cb7fd2385b45fab65e8fe06db86209', 'project_name': 'tempest-ServerRescueTestJSON-740702159', 'tenant_id': 'c1cb7fd2385b45fab65e8fe06db86209', 'tenant_name': 'tempest-ServerRescueTestJSON-740702159', 'user_domain_id': 'default', 'user_domain_name': 'Default', 'user_id': '4bceada1f0c0443e88692b07494cee00', 'system': None}, Network: None, Subnet: None, Router: None
2025-05-19 20:40:45.664 70027 INFO tempest.lib.common.rest_client [req-7f681825-a0ad-4faf-a94c-32260b0cb8ab req-7f681825-a0ad-4faf-a94c-32260b0cb8ab ] Request (AttachVolumeShelveTestJSON:setUpClass): 201 POST http://10.180.1.21:9696/networking/v2.0/networks 0.607s
2025-05-19 20:40:45.714 70013 INFO tempest.lib.common.rest_client [req-439cc563-b866-47aa-9757-95528c48b942 req-439cc563-b866-47aa-9757-95528c48b942 ] Request (ServerRescueTestJSON:setUpClass): 201 POST http://10.180.1.21/identity/v3/auth/tokens 0.090s
2025-05-19 20:40:46.075 70023 INFO tempest.lib.common.rest_client [req-aa813f15-c807-4f26-9dac-b0e68a9cd521 req-aa813f15-c807-4f26-9dac-b0e68a9cd521 ] Request (SecurityGroupRulesTestJSON:tearDownClass): 202 DELETE http://10.180.1.21/compute/v2.1/os-security-groups/4ef78793-fc49-4a35-bbbb-59a83403a5ff 0.546s
2025-05-19 20:40:46.104 70043 INFO tempest.lib.common.rest_client [req-a5782c53-ac3d-49db-b964-e1b68e72ef9e req-a5782c53-ac3d-49db-b964-e1b68e72ef9e ] Request (ServerGroupTestJSON:setUp): 200 POST http://10.180.1.21/compute/v2.1/os-server-groups 0.610s
2025-05-19 20:40:46.191 70027 INFO tempest.lib.common.rest_client [req-902d6c97-175f-4c52-ba8e-677794e5e0a4 req-902d6c97-175f-4c52-ba8e-677794e5e0a4 ] Request (AttachVolumeShelveTestJSON:setUpClass): 201 POST http://10.180.1.21:9696/networking/v2.0/subnets 0.526s
2025-05-19 20:40:46.212 70037 INFO tempest.lib.common.rest_client [req-238941c6-8ac4-4217-abae-a6f76ca89c5b req-238941c6-8ac4-4217-abae-a6f76ca89c5b ] Request (ServersTestJSON:test_create_specify_keypair): 200 GET http://10.180.1.21/compute/v2.1/servers/3046025c-fdc1-42f5-ba1c-3295cc27b52e 0.486s
2025-05-19 20:40:46.221 70037 INFO tempest.common.waiters [-] State transition "BUILD/scheduling" ==> "ERROR/None" after 2 second wait
2025-05-19 20:40:46.233 69999 INFO tempest.lib.common.rest_client [req-67403512-b62e-46ea-bfc7-bba3eba011b0 req-67403512-b62e-46ea-bfc7-bba3eba011b0 ] Request (ServersNegativeTestMultiTenantJSON:tearDownClass): 204 DELETE http://10.180.1.21:9696/networking/v2.0/routers/66500e10-0f45-4f66-bf16-84ae2b2d6350 1.273s
2025-05-19 20:40:46.243 70005 INFO tempest.lib.common.rest_client [req-b67a71e1-029d-48af-818a-1e243457fb4d req-b67a71e1-029d-48af-818a-1e243457fb4d ] Request (VolumesSnapshotsTestJSON:_run_cleanups): 404 GET http://10.180.1.21/compute/v2.1/os-snapshots/4b321699-13db-4e34-952d-156c2d7c6527 0.334s
2025-05-19 20:40:46.269 70023 INFO tempest.lib.common.rest_client [req-d7eee298-2e15-4d69-a8f5-9c52f446955e req-d7eee298-2e15-4d69-a8f5-9c52f446955e ] Request (SecurityGroupRulesTestJSON:tearDownClass): 404 DELETE http://10.180.1.21/compute/v2.1/os-security-groups/7d564d85-c904-4e49-8379-17b245143068 0.192s
2025-05-19 20:40:46.387 70043 INFO tempest.lib.common.rest_client [req-cc30eafe-c2bd-4091-b40d-44e8f44be0f9 req-cc30eafe-c2bd-4091-b40d-44e8f44be0f9 ] Request (ServerGroupTestJSON:test_create_delete_multiple_server_groups_with_same_name_policy): 200 POST http://10.180.1.21/compute/v2.1/os-server-groups 0.280s
2025-05-19 20:40:46.520 69999 INFO tempest.lib.common.rest_client [req-922ffe9a-01e5-4726-89cf-f1308dd54874 req-922ffe9a-01e5-4726-89cf-f1308dd54874 ] Request (ServersNegativeTestMultiTenantJSON:tearDownClass): 204 DELETE http://10.180.1.21:9696/networking/v2.0/subnets/5d796bd2-1a29-4eba-9dfd-1e30d3be13da 0.286s
2025-05-19 20:40:46.568 70013 INFO tempest.lib.common.rest_client [req-4cdbb7e5-3be8-4233-ab04-7ca7acfd2589 req-4cdbb7e5-3be8-4233-ab04-7ca7acfd2589 ] Request (ServerRescueTestJSON:setUpClass): 201 POST http://10.180.1.21:9696/networking/v2.0/networks 0.854s
2025-05-19 20:40:46.658 70021 INFO tempest.lib.common.rest_client [req-df440ada-dfb4-4f7b-857b-311b3ea4e112 req-df440ada-dfb4-4f7b-857b-311b3ea4e112 ] Request (AttachInterfacesTestJSON:test_reassign_port_between_servers): 204 DELETE http://10.180.1.21/compute/v2.1/servers/41188026-01ae-45d0-bbe7-e1ffe8a4dd9b 1.077s
2025-05-19 20:40:46.781 70005 INFO tempest.lib.common.rest_client [req-19b8ee3b-e265-4c7d-86a8-eaaf26691623 req-19b8ee3b-e265-4c7d-86a8-eaaf26691623 ] Request (VolumesSnapshotsTestJSON:_run_cleanups): 202 DELETE http://10.180.1.21/compute/v2.1/os-volumes/c6722f6e-bb5d-4d08-9ba9-4a2969c690cd 0.537s
2025-05-19 20:40:46.805 70037 INFO tempest.lib.common.rest_client [req-b5384bbb-60f5-410d-a4d7-2e09db868e54 req-b5384bbb-60f5-410d-a4d7-2e09db868e54 ] Request (ServersTestJSON:test_create_specify_keypair): 204 DELETE http://10.180.1.21/compute/v2.1/servers/3046025c-fdc1-42f5-ba1c-3295cc27b52e 0.584s
2025-05-19 20:40:46.872 69999 INFO tempest.lib.common.rest_client [req-c76b0eb0-3b82-4f53-8dd6-5deec3d3c75e req-c76b0eb0-3b82-4f53-8dd6-5deec3d3c75e ] Request (ServersNegativeTestMultiTenantJSON:tearDownClass): 204 DELETE http://10.180.1.21:9696/networking/v2.0/networks/9acc9fdc-45ee-437d-aa21-4227d6101c0a 0.352s
2025-05-19 20:40:46.999 70043 INFO tempest.lib.common.rest_client [req-aea43a02-e133-4b7e-8757-086e5cb6e8ec req-aea43a02-e133-4b7e-8757-086e5cb6e8ec ] Request (ServerGroupTestJSON:test_create_delete_multiple_server_groups_with_same_name_policy): 200 POST http://10.180.1.21/compute/v2.1/os-server-groups 0.610s
2025-05-19 20:40:47.035 69997 INFO tempest.lib.common.rest_client [req-00ccf7f4-43f8-4db7-848a-c1a42dde2be2 req-00ccf7f4-43f8-4db7-848a-c1a42dde2be2 ] Request (SecurityGroupsNegativeTestJSON:setUpClass): 201 POST http://10.180.1.21:9696/networking/v2.0/routers 1.504s
2025-05-19 20:40:47.043 70021 INFO tempest.lib.common.rest_client [req-e7cac597-40b3-4867-9d69-42b952988567 req-e7cac597-40b3-4867-9d69-42b952988567 ] Request (AttachInterfacesTestJSON:test_reassign_port_between_servers): 404 GET http://10.180.1.21/compute/v2.1/servers/41188026-01ae-45d0-bbe7-e1ffe8a4dd9b 0.384s
2025-05-19 20:40:47.066 70005 INFO tempest.lib.common.rest_client [req-2e48f50c-3060-4e1c-b2a2-5cf32b3f3d20 req-2e48f50c-3060-4e1c-b2a2-5cf32b3f3d20 ] Request (VolumesSnapshotsTestJSON:_run_cleanups): 404 GET http://10.180.1.21/compute/v2.1/os-volumes/c6722f6e-bb5d-4d08-9ba9-4a2969c690cd 0.284s
2025-05-19 20:40:47.072 70013 INFO tempest.lib.common.rest_client [req-1248b935-8f24-4da6-bd63-010d230c2064 req-1248b935-8f24-4da6-bd63-010d230c2064 ] Request (ServerRescueTestJSON:setUpClass): 201 POST http://10.180.1.21:9696/networking/v2.0/subnets 0.504s
2025-05-19 20:40:47.094 70037 INFO tempest.lib.common.rest_client [req-636feec7-0490-45ee-9a8e-b48804b41787 req-636feec7-0490-45ee-9a8e-b48804b41787 ] Request (ServersTestJSON:test_create_specify_keypair): 404 GET http://10.180.1.21/compute/v2.1/servers/3046025c-fdc1-42f5-ba1c-3295cc27b52e 0.288s
2025-05-19 20:40:47.104 70023 INFO tempest.lib.common.rest_client [req-0d1972a8-43e9-4aac-a5d3-8c837403acbe req-0d1972a8-43e9-4aac-a5d3-8c837403acbe ] Request (SecurityGroupRulesTestJSON:tearDownClass): 202 DELETE http://10.180.1.21/compute/v2.1/os-security-groups/64889460-f915-4612-9ccd-fa9325fcd690 0.835s
2025-05-19 20:40:47.137 70021 INFO tempest.lib.common.rest_client [req-6961d64d-162e-467e-98ea-3499f5343414 req-6961d64d-162e-467e-98ea-3499f5343414 ] Request (AttachInterfacesTestJSON:_run_cleanups): 202 DELETE http://10.180.1.21/compute/v2.1/os-keypairs/tempest-keypair-1341993533 0.093s
2025-05-19 20:40:47.157 70043 INFO tempest.lib.common.rest_client [req-b32b3626-04bb-4a18-b08b-ae04539acdf9 req-b32b3626-04bb-4a18-b08b-ae04539acdf9 ] Request (ServerGroupTestJSON:test_create_delete_multiple_server_groups_with_same_name_policy): 204 DELETE http://10.180.1.21/compute/v2.1/os-server-groups/17efc94a-0a1a-438a-b1eb-11b9a22183fb 0.156s
2025-05-19 20:40:47.168 70005 INFO tempest.lib.common.rest_client [req-2304ca2e-dea4-41a1-9a28-4e065ed4d36b req-2304ca2e-dea4-41a1-9a28-4e065ed4d36b ] Request (VolumesSnapshotsTestJSON:tearDownClass): 404 DELETE http://10.180.1.21/compute/v2.1/os-volumes/c6722f6e-bb5d-4d08-9ba9-4a2969c690cd 0.101s
2025-05-19 20:40:47.183 69999 INFO tempest.lib.common.rest_client [req-3e51d5f2-1ea9-4df2-9205-9f68e9fd532b req-3e51d5f2-1ea9-4df2-9205-9f68e9fd532b ] Request (ServersNegativeTestMultiTenantJSON:tearDownClass): 204 DELETE http://10.180.1.21/identity/v3/users/43b40ecb34804c0c86b694f36cb51901 0.310s
2025-05-19 20:40:47.190 70037 INFO tempest.lib.common.rest_client [req-e70d56c6-4a7b-4e99-9d80-c59e12c0b2aa req-e70d56c6-4a7b-4e99-9d80-c59e12c0b2aa ] Request (ServersTestJSON:_run_cleanups): 202 DELETE http://10.180.1.21/compute/v2.1/os-keypairs/tempest-key-1460522735 0.095s
2025-05-19 20:40:47.219 70043 INFO tempest.lib.common.rest_client [req-d2517551-61bf-4879-8b51-72051edac77c req-d2517551-61bf-4879-8b51-72051edac77c ] Request (ServerGroupTestJSON:test_create_delete_multiple_server_groups_with_same_name_policy): 200 GET http://10.180.1.21/compute/v2.1/os-server-groups 0.061s
2025-05-19 20:40:47.248 70005 INFO tempest.lib.common.rest_client [req-0702a8e3-b6a6-4ed1-8a83-37c79217ab94 req-0702a8e3-b6a6-4ed1-8a83-37c79217ab94 ] Request (VolumesSnapshotsTestJSON:tearDownClass): 404 GET http://10.180.1.21/compute/v2.1/os-volumes/c6722f6e-bb5d-4d08-9ba9-4a2969c690cd 0.079s
2025-05-19 20:40:47.281 70043 INFO tempest.lib.common.rest_client [req-56a156e1-92d4-46ac-b5c4-ab797f2481d2 req-56a156e1-92d4-46ac-b5c4-ab797f2481d2 ] Request (ServerGroupTestJSON:test_create_delete_multiple_server_groups_with_same_name_policy): 204 DELETE http://10.180.1.21/compute/v2.1/os-server-groups/ea36632d-f849-4c97-a12e-8466b7e6f281 0.061s
2025-05-19 20:40:47.294 70043 INFO tempest.lib.common.rest_client [req-c517c362-05da-48e6-850b-6d3758d84568 req-c517c362-05da-48e6-850b-6d3758d84568 ] Request (ServerGroupTestJSON:test_create_delete_multiple_server_groups_with_same_name_policy): 200 GET http://10.180.1.21/compute/v2.1/os-server-groups 0.013s
2025-05-19 20:40:47.306 70037 INFO tempest.lib.common.rest_client [req-dcf7b200-7295-413c-b6be-26555db0281a req-dcf7b200-7295-413c-b6be-26555db0281a ] Request (ServersTestJSON:test_create_with_existing_server_name): 201 POST http://10.180.1.21/identity/v3/auth/tokens 0.105s
2025-05-19 20:40:47.306 70037 INFO tempest.lib.common.fixed_network [-] (ServersTestJSON:test_create_with_existing_server_name) Found network {'id': '4c22887c-1b07-4cb8-b71d-85238d8f2827', 'name': 'tempest-ServersTestJSON-1858032201-network', 'tenant_id': '85c39b99bb8d44bfb26eacedd4a3f8c4', 'admin_state_up': True, 'mtu': 8950, 'status': 'ACTIVE', 'subnets': [], 'shared': False, 'project_id': '85c39b99bb8d44bfb26eacedd4a3f8c4', 'port_security_enabled': True, 'router:external': False, 'provider:network_type': 'vlan', 'provider:physical_network': 'default', 'provider:segmentation_id': 81, 'availability_zone_hints': [], 'availability_zones': [], 'ipv4_address_scope': None, 'ipv6_address_scope': None, 'description': '', 'tags': [], 'created_at': '2025-05-19T20:40:08Z', 'updated_at': '2025-05-19T20:40:08Z', 'revision_number': 1} available for tenant
2025-05-19 20:40:47.354 70023 INFO tempest.lib.common.rest_client [req-d582ae94-97a5-46f4-9037-3c52b306bd92 req-d582ae94-97a5-46f4-9037-3c52b306bd92 ] Request (SecurityGroupRulesTestJSON:tearDownClass): 202 DELETE http://10.180.1.21/compute/v2.1/os-security-groups/0c6503fb-7646-4afa-bcf0-0c863b6a0964 0.249s
2025-05-19 20:40:47.371 69999 INFO tempest.lib.common.rest_client [req-556c471a-ec62-419d-8d06-c7022c3793d0 req-556c471a-ec62-419d-8d06-c7022c3793d0 ] Request (ServersNegativeTestMultiTenantJSON:tearDownClass): 204 DELETE http://10.180.1.21/identity/v3/users/9a073e75f665479c8ae26353e6568684 0.188s
2025-05-19 20:40:47.372 69999 INFO tempest.lib.common.dynamic_creds [-] Deleting project and security group for project: b34e8ad02fef44c7bbb7887347e3a2fa
2025-05-19 20:40:47.384 70021 INFO tempest.lib.common.rest_client [req-f6920ef4-42b6-43eb-b99c-1715b89dec8e req-f6920ef4-42b6-43eb-b99c-1715b89dec8e ] Request (AttachInterfacesTestJSON:_run_cleanups): 204 DELETE http://10.180.1.21:9696/networking/v2.0/security-groups/f0b9db8d-6ff4-472e-9881-a7a173092535 0.247s
2025-05-19 20:40:47.410 70021 INFO tempest.lib.common.rest_client [req-2ff2e078-df21-40c5-ae39-1bdf7930ff93 req-2ff2e078-df21-40c5-ae39-1bdf7930ff93 ] Request (AttachInterfacesTestJSON:_run_cleanups): 404 GET http://10.180.1.21:9696/networking/v2.0/security-groups/f0b9db8d-6ff4-472e-9881-a7a173092535 0.025s
2025-05-19 20:40:47.427 69999 INFO tempest.lib.common.rest_client [req-2093d08c-29d1-4d81-b07a-78a6ba0e4880 req-2093d08c-29d1-4d81-b07a-78a6ba0e4880 ] Request (ServersNegativeTestMultiTenantJSON:tearDownClass): 200 GET http://10.180.1.21:9696/networking/v2.0/security-groups?tenant_id=b34e8ad02fef44c7bbb7887347e3a2fa&name=default 0.055s
2025-05-19 20:40:47.439 70043 INFO tempest.lib.common.rest_client [req-51746f07-e748-43a1-aeec-65b9eeb98c6b req-51746f07-e748-43a1-aeec-65b9eeb98c6b ] Request (ServerGroupTestJSON:test_create_delete_server_group_with_affinity_policy): 200 POST http://10.180.1.21/compute/v2.1/os-server-groups 0.142s
2025-05-19 20:40:47.541 70005 INFO tempest.lib.common.rest_client [req-959bb8b3-b872-4263-a77f-0e3cf22f599a req-959bb8b3-b872-4263-a77f-0e3cf22f599a ] Request (VolumesSnapshotsTestJSON:tearDownClass): 204 DELETE http://10.180.1.21/identity/v3/users/888cee3257b84a9bb6af93929cca1790 0.293s
2025-05-19 20:40:47.541 70005 INFO tempest.lib.common.dynamic_creds [-] Deleting project and security group for project: 72874eed211d448c929afa2e612f3038
2025-05-19 20:40:47.611 70027 INFO tempest.lib.common.rest_client [req-0c5e3a2e-b318-4d30-9699-b89bf4672d21 req-0c5e3a2e-b318-4d30-9699-b89bf4672d21 ] Request (AttachVolumeShelveTestJSON:setUpClass): 201 POST http://10.180.1.21:9696/networking/v2.0/routers 1.419s
2025-05-19 20:40:47.631 70005 INFO tempest.lib.common.rest_client [req-86c46c79-2ddc-4700-a1ac-4cd05b391b25 req-86c46c79-2ddc-4700-a1ac-4cd05b391b25 ] Request (VolumesSnapshotsTestJSON:tearDownClass): 201 POST http://10.180.1.21/identity/v3/auth/tokens 0.089s
2025-05-19 20:40:47.780 70023 INFO tempest.lib.common.rest_client [req-00c6b963-0c2c-4746-8b21-0f709ff0cc5e req-00c6b963-0c2c-4746-8b21-0f709ff0cc5e ] Request (SecurityGroupRulesTestJSON:tearDownClass): 202 DELETE http://10.180.1.21/compute/v2.1/os-security-groups/997f9b5d-0eac-4606-9232-9481561bea75 0.426s
2025-05-19 20:40:47.786 69999 INFO tempest.lib.common.rest_client [req-d4e2ae27-9bae-4fff-a78d-08d221340a7a req-d4e2ae27-9bae-4fff-a78d-08d221340a7a ] Request (ServersNegativeTestMultiTenantJSON:tearDownClass): 204 DELETE http://10.180.1.21:9696/networking/v2.0/security-groups/cdf600da-0bb0-4a26-aac2-2581b064df55 0.359s
2025-05-19 20:40:47.957 70043 INFO tempest.lib.common.rest_client [req-83d936fe-e2aa-40f9-b8e1-679a85ca12eb req-83d936fe-e2aa-40f9-b8e1-679a85ca12eb ] Request (ServerGroupTestJSON:test_create_delete_server_group_with_affinity_policy): 204 DELETE http://10.180.1.21/compute/v2.1/os-server-groups/963f83a0-20f7-48df-8ad8-61133bb28ff7 0.516s
2025-05-19 20:40:48.151 69999 INFO tempest.lib.common.rest_client [req-fbfb16b0-1c7b-4384-9e61-f86dd5e1fec0 req-fbfb16b0-1c7b-4384-9e61-f86dd5e1fec0 ] Request (ServersNegativeTestMultiTenantJSON:tearDownClass): 204 DELETE http://10.180.1.21/identity/v3/projects/b34e8ad02fef44c7bbb7887347e3a2fa 0.365s
2025-05-19 20:40:48.152 69999 INFO tempest.lib.common.dynamic_creds [-] Deleting project and security group for project: 339cb104e7954c8baa85039579b951d9
2025-05-19 20:40:48.206 69999 INFO tempest.lib.common.rest_client [req-6a415504-7caa-46c4-94f7-3d8efbb84df4 req-6a415504-7caa-46c4-94f7-3d8efbb84df4 ] Request (ServersNegativeTestMultiTenantJSON:tearDownClass): 200 GET http://10.180.1.21:9696/networking/v2.0/security-groups?tenant_id=339cb104e7954c8baa85039579b951d9&name=default 0.052s
2025-05-19 20:40:48.356 70005 INFO tempest.lib.common.rest_client [req-907425ea-9130-4680-8121-7f2befb95992 req-907425ea-9130-4680-8121-7f2befb95992 ] Request (VolumesSnapshotsTestJSON:tearDownClass): 200 GET http://10.180.1.21:9696/networking/v2.0/security-groups?tenant_id=72874eed211d448c929afa2e612f3038&name=default 0.724s
2025-05-19 20:40:48.372 70023 INFO tempest.lib.common.rest_client [req-a37d2f3f-5357-4cac-a6ad-956fdb2b49a4 req-a37d2f3f-5357-4cac-a6ad-956fdb2b49a4 ] Request (SecurityGroupRulesTestJSON:tearDownClass): 202 DELETE http://10.180.1.21/compute/v2.1/os-security-groups/0ea21645-755d-4c93-8dd8-02658db3c22f 0.591s
2025-05-19 20:40:48.395 70043 INFO tempest.lib.common.rest_client [req-34c6ff0b-cafa-4495-afbf-0bd1e623dccd req-34c6ff0b-cafa-4495-afbf-0bd1e623dccd ] Request (ServerGroupTestJSON:test_create_delete_server_group_with_affinity_policy): 200 GET http://10.180.1.21/compute/v2.1/os-server-groups 0.438s
2025-05-19 20:40:48.409 70037 INFO tempest.lib.common.rest_client [req-e03c5add-987d-41a5-850d-c59ac7ac1e50 req-e03c5add-987d-41a5-850d-c59ac7ac1e50 ] Request (ServersTestJSON:test_create_with_existing_server_name): 202 POST http://10.180.1.21/compute/v2.1/servers 1.102s
2025-05-19 20:40:48.435 69999 INFO tempest.lib.common.rest_client [req-ee97c818-7c05-4592-a8a0-9a20daf440b0 req-ee97c818-7c05-4592-a8a0-9a20daf440b0 ] Request (ServersNegativeTestMultiTenantJSON:tearDownClass): 204 DELETE http://10.180.1.21:9696/networking/v2.0/security-groups/33eceeea-ffc6-47a9-b999-5ff4bc925f05 0.228s
2025-05-19 20:40:48.511 70043 INFO tempest.lib.common.rest_client [req-f7caf99c-a3d5-4d95-9d0b-297f86f9ea0f req-f7caf99c-a3d5-4d95-9d0b-297f86f9ea0f ] Request (ServerGroupTestJSON:test_create_delete_server_group_with_anti_affinity_policy): 200 POST http://10.180.1.21/compute/v2.1/os-server-groups 0.110s
2025-05-19 20:40:48.575 70005 INFO tempest.lib.common.rest_client [req-3903637d-c861-4fca-882b-6895b33df0bc req-3903637d-c861-4fca-882b-6895b33df0bc ] Request (VolumesSnapshotsTestJSON:tearDownClass): 204 DELETE http://10.180.1.21:9696/networking/v2.0/security-groups/06c65fcf-cb01-490a-878b-dc94bb95944f 0.218s
2025-05-19 20:40:48.578 70037 INFO tempest.lib.common.rest_client [req-b0cb8f26-32e5-462e-ac04-8d1a20c1395f req-b0cb8f26-32e5-462e-ac04-8d1a20c1395f ] Request (ServersTestJSON:test_create_with_existing_server_name): 200 GET http://10.180.1.21/compute/v2.1/servers/1026da87-1021-41d9-972a-b80a6a9e3efc 0.166s
2025-05-19 20:40:48.585 70021 INFO tempest.lib.common.rest_client [req-23168176-2296-41da-8d34-41c24c76a180 req-23168176-2296-41da-8d34-41c24c76a180 ] Request (AttachInterfacesTestJSON:_run_cleanups): 204 DELETE http://10.180.1.21:9696/networking/v2.0/floatingips/5ca1545b-88ef-4d6a-9679-4fd7f3a15070 1.174s
2025-05-19 20:40:48.615 70043 INFO tempest.lib.common.rest_client [req-8ea14227-e5fa-4d37-acf8-765c98e858ee req-8ea14227-e5fa-4d37-acf8-765c98e858ee ] Request (ServerGroupTestJSON:test_create_delete_server_group_with_anti_affinity_policy): 204 DELETE http://10.180.1.21/compute/v2.1/os-server-groups/c1d3f176-b49c-4baf-8ba9-56be6ccd398a 0.101s
2025-05-19 20:40:48.639 70043 INFO tempest.lib.common.rest_client [req-fdaf3b3b-5659-41cf-9cc5-efeda95ae006 req-fdaf3b3b-5659-41cf-9cc5-efeda95ae006 ] Request (ServerGroupTestJSON:test_create_delete_server_group_with_anti_affinity_policy): 200 GET http://10.180.1.21/compute/v2.1/os-server-groups 0.024s
2025-05-19 20:40:48.658 69999 INFO tempest.lib.common.rest_client [req-6f67e889-2d8e-4774-bb5d-0ecceada91dc req-6f67e889-2d8e-4774-bb5d-0ecceada91dc ] Request (ServersNegativeTestMultiTenantJSON:tearDownClass): 204 DELETE http://10.180.1.21/identity/v3/projects/339cb104e7954c8baa85039579b951d9 0.217s
2025-05-19 20:40:48.674 70023 INFO tempest.lib.common.rest_client [req-1df059c0-1a3b-4ab2-981c-7f3a8239dd1e req-1df059c0-1a3b-4ab2-981c-7f3a8239dd1e ] Request (SecurityGroupRulesTestJSON:tearDownClass): 202 DELETE http://10.180.1.21/compute/v2.1/os-security-groups/da339d65-5a44-4c90-8b66-38d58d092d99 0.302s
2025-05-19 20:40:48.716 70043 INFO tempest.lib.common.rest_client [req-7bc637be-e527-444f-9d9c-c5bae66f9f46 req-7bc637be-e527-444f-9d9c-c5bae66f9f46 ] Request (ServerGroupTestJSON:test_create_server_with_scheduler_hint_group): 201 POST http://10.180.1.21/identity/v3/auth/tokens 0.069s
2025-05-19 20:40:48.717 70043 INFO tempest.lib.common.fixed_network [-] (ServerGroupTestJSON:test_create_server_with_scheduler_hint_group) Found network {'id': 'a310e1a3-d607-4a98-b1b5-be0708bedc5b', 'name': 'tempest-ServerGroupTestJSON-215090404-network', 'tenant_id': '83fe69f169e4427da6bf49c780a6bb41', 'admin_state_up': True, 'mtu': 8950, 'status': 'ACTIVE', 'subnets': [], 'shared': False, 'project_id': '83fe69f169e4427da6bf49c780a6bb41', 'port_security_enabled': True, 'router:external': False, 'provider:network_type': 'vlan', 'provider:physical_network': 'default', 'provider:segmentation_id': 86, 'availability_zone_hints': [], 'availability_zones': [], 'ipv4_address_scope': None, 'ipv6_address_scope': None, 'description': '', 'tags': [], 'created_at': '2025-05-19T20:40:37Z', 'updated_at': '2025-05-19T20:40:37Z', 'revision_number': 1} available for tenant
2025-05-19 20:40:48.787 70005 INFO tempest.lib.common.rest_client [req-17fe46ec-4a25-49df-b3af-6ee7b3e4930a req-17fe46ec-4a25-49df-b3af-6ee7b3e4930a ] Request (VolumesSnapshotsTestJSON:tearDownClass): 204 DELETE http://10.180.1.21/identity/v3/projects/72874eed211d448c929afa2e612f3038 0.212s
2025-05-19 20:40:48.869 70005 INFO tempest.lib.common.rest_client [req-fdfee23d-d69e-4b48-afb5-58e4a39b3faf req-fdfee23d-d69e-4b48-afb5-58e4a39b3faf ] Request (VolumesTestJSON:setUpClass): 201 POST http://10.180.1.21/identity/v3/auth/tokens 0.081s
2025-05-19 20:40:48.928 70005 INFO tempest.lib.common.rest_client [req-e2c6f79a-e5b1-4177-9a52-b159aba85c6e req-e2c6f79a-e5b1-4177-9a52-b159aba85c6e ] Request (VolumesTestJSON:setUpClass): 201 POST http://10.180.1.21/identity/v3/auth/tokens 0.057s
2025-05-19 20:40:48.966 70005 INFO tempest.lib.common.rest_client [req-7cef1b83-4e88-4a3f-bda2-ddd293f05190 req-7cef1b83-4e88-4a3f-bda2-ddd293f05190 ] Request (VolumesTestJSON:setUpClass): 200 GET http://10.180.1.21/identity/v3/domains?name=Default 0.037s
2025-05-19 20:40:49.009 70013 INFO tempest.lib.common.rest_client [req-4dcb9953-865a-4566-9e6b-af40df12c3fa req-4dcb9953-865a-4566-9e6b-af40df12c3fa ] Request (ServerRescueTestJSON:setUpClass): 201 POST http://10.180.1.21:9696/networking/v2.0/routers 1.936s
2025-05-19 20:40:49.022 70005 INFO tempest.lib.common.rest_client [req-6ca9bd92-fe14-4187-a5af-061fbd2e3f8d req-6ca9bd92-fe14-4187-a5af-061fbd2e3f8d ] Request (VolumesTestJSON:setUpClass): 201 POST http://10.180.1.21/identity/v3/projects 0.056s
2025-05-19 20:40:49.154 70005 INFO tempest.lib.common.rest_client [req-ea2a9ac0-818c-47ef-9a71-e30b181d18f1 req-ea2a9ac0-818c-47ef-9a71-e30b181d18f1 ] Request (VolumesTestJSON:setUpClass): 201 POST http://10.180.1.21/identity/v3/users 0.131s
2025-05-19 20:40:49.185 70005 INFO tempest.lib.common.rest_client [req-c5042ef4-acf6-4f36-aa53-b4e86779077b req-c5042ef4-acf6-4f36-aa53-b4e86779077b ] Request (VolumesTestJSON:setUpClass): 200 GET http://10.180.1.21/identity/v3/roles 0.030s
2025-05-19 20:40:49.237 70005 INFO tempest.lib.common.rest_client [req-e0e48bc0-dc01-4a56-b9ec-79abaeae05ea req-e0e48bc0-dc01-4a56-b9ec-79abaeae05ea ] Request (VolumesTestJSON:setUpClass): 204 PUT http://10.180.1.21/identity/v3/projects/d928cddfd2b14d2e85eb84dcc1f0cd1d/users/fee2d21509b44b00974afe345ac03baf/roles/8cb4710998b34cb4962ed26498dee4b6 0.052s
2025-05-19 20:40:49.238 70005 INFO tempest.lib.common.dynamic_creds [-] Dynamic test user fee2d21509b44b00974afe345ac03baf is created with scope project and roles: ['member']
2025-05-19 20:40:49.238 70005 INFO tempest.lib.common.dynamic_creds [-] Acquired dynamic creds: credentials: Credentials: {'domain_id': 'default', 'domain_name': 'Default', 'username': 'tempest-VolumesTestJSON-742816842-project-member', 'project_domain_id': 'default', 'project_domain_name': 'Default', 'project_id': 'd928cddfd2b14d2e85eb84dcc1f0cd1d', 'project_name': 'tempest-VolumesTestJSON-742816842', 'tenant_id': 'd928cddfd2b14d2e85eb84dcc1f0cd1d', 'tenant_name': 'tempest-VolumesTestJSON-742816842', 'user_domain_id': 'default', 'user_domain_name': 'Default', 'user_id': 'fee2d21509b44b00974afe345ac03baf', 'system': None}, Network: None, Subnet: None, Router: None
2025-05-19 20:40:49.238 70005 INFO tempest.lib.common.dynamic_creds [-] Created isolated network resources for: credentials: Credentials: {'domain_id': 'default', 'domain_name': 'Default', 'username': 'tempest-VolumesTestJSON-742816842-project-member', 'project_domain_id': 'default', 'project_domain_name': 'Default', 'project_id': 'd928cddfd2b14d2e85eb84dcc1f0cd1d', 'project_name': 'tempest-VolumesTestJSON-742816842', 'tenant_id': 'd928cddfd2b14d2e85eb84dcc1f0cd1d', 'tenant_name': 'tempest-VolumesTestJSON-742816842', 'user_domain_id': 'default', 'user_domain_name': 'Default', 'user_id': 'fee2d21509b44b00974afe345ac03baf', 'system': None}, Network: None, Subnet: None, Router: None
2025-05-19 20:40:49.354 70005 INFO tempest.lib.common.rest_client [req-4c3e0fe4-909d-4849-b068-7881c9b30f92 req-4c3e0fe4-909d-4849-b068-7881c9b30f92 ] Request (VolumesTestJSON:setUpClass): 201 POST http://10.180.1.21/identity/v3/auth/tokens 0.113s
2025-05-19 20:40:49.446 69997 INFO tempest.lib.common.rest_client [req-d29ccd2c-76e1-4613-a8e3-78076070aaec req-d29ccd2c-76e1-4613-a8e3-78076070aaec ] Request (SecurityGroupsNegativeTestJSON:setUpClass): 200 PUT http://10.180.1.21:9696/networking/v2.0/routers/c45e0c03-4d41-4b17-8ec0-8c8a6c77d0c8/add_router_interface 2.410s
2025-05-19 20:40:49.447 69997 INFO tempest.lib.common.dynamic_creds [-] Created isolated network resources for: credentials: Credentials: {'domain_id': 'default', 'domain_name': 'Default', 'username': 'tempest-SecurityGroupsNegativeTestJSON-1653598090-project-member', 'project_domain_id': 'default', 'project_domain_name': 'Default', 'project_id': '2553939fc0264c1987641be8ca964280', 'project_name': 'tempest-SecurityGroupsNegativeTestJSON-1653598090', 'tenant_id': '2553939fc0264c1987641be8ca964280', 'tenant_name': 'tempest-SecurityGroupsNegativeTestJSON-1653598090', 'user_domain_id': 'default', 'user_domain_name': 'Default', 'user_id': 'a4bb517475d64d31ae8c70a7e50f0032', 'system': None}, Network: {'id': 'e759c192-fb14-42b8-9666-bcdf4d3d98ad', 'name': 'tempest-SecurityGroupsNegativeTestJSON-144860185-network', 'tenant_id': '2553939fc0264c1987641be8ca964280', 'admin_state_up': True, 'mtu': 8950, 'status': 'ACTIVE', 'subnets': [], 'shared': False, 'project_id': '2553939fc0264c1987641be8ca964280', 'port_security_enabled': True, 'router:external': False, 'provider:network_type': 'vlan', 'provider:physical_network': 'default', 'provider:segmentation_id': 123, 'availability_zone_hints': [], 'availability_zones': [], 'ipv4_address_scope': None, 'ipv6_address_scope': None, 'description': '', 'tags': [], 'created_at': '2025-05-19T20:40:44Z', 'updated_at': '2025-05-19T20:40:44Z', 'revision_number': 1}, Subnet: {'id': 'f210f6f2-ad36-453d-96c5-ee3da64a4ac4', 'name': 'tempest-SecurityGroupsNegativeTestJSON-144860185-subnet', 'tenant_id': '2553939fc0264c1987641be8ca964280', 'network_id': 'e759c192-fb14-42b8-9666-bcdf4d3d98ad', 'ip_version': 4, 'subnetpool_id': None, 'enable_dhcp': True, 'ipv6_ra_mode': None, 'ipv6_address_mode': None, 'gateway_ip': '192.168.128.1', 'cidr': '192.168.128.0/28', 'allocation_pools': [{'start': '192.168.128.2', 'end': '192.168.128.14'}], 'host_routes': [], 'dns_nameservers': [], 'description': '', 'router:external': False, 'service_types': [], 'tags': [], 'created_at': '2025-05-19T20:40:45Z', 'updated_at': '2025-05-19T20:40:45Z', 'revision_number': 0, 'project_id': '2553939fc0264c1987641be8ca964280'}, Router: {'id': 'c45e0c03-4d41-4b17-8ec0-8c8a6c77d0c8', 'name': 'tempest-SecurityGroupsNegativeTestJSON-144860185-router', 'tenant_id': '2553939fc0264c1987641be8ca964280', 'admin_state_up': True, 'status': 'ACTIVE', 'external_gateway_info': {'network_id': '2d4b7664-ca2f-443b-bec0-30f4e094a79e', 'external_fixed_ips': [{'subnet_id': '5c57bb5b-6e54-4c31-98fa-65c9eeb81dfe', 'ip_address': '10.180.180.162'}], 'enable_snat': True}, 'description': '', 'availability_zones': [], 'distributed': False, 'ha': False, 'availability_zone_hints': [], 'routes': [], 'flavor_id': None, 'tags': [], 'created_at': '2025-05-19T20:40:45Z', 'updated_at': '2025-05-19T20:40:46Z', 'revision_number': 2, 'project_id': '2553939fc0264c1987641be8ca964280'}
2025-05-19 20:40:49.480 70043 INFO tempest.lib.common.rest_client [req-fdd79aa5-a004-463e-bfb0-174ee05e98e7 req-fdd79aa5-a004-463e-bfb0-174ee05e98e7 ] Request (ServerGroupTestJSON:test_create_server_with_scheduler_hint_group): 202 POST http://10.180.1.21/compute/v2.1/servers 0.763s
2025-05-19 20:40:49.547 70043 INFO tempest.lib.common.rest_client [req-12547b59-bce3-4487-892f-ccc6603d6ccc req-12547b59-bce3-4487-892f-ccc6603d6ccc ] Request (ServerGroupTestJSON:test_create_server_with_scheduler_hint_group): 200 GET http://10.180.1.21/compute/v2.1/servers/f2592f6f-22f7-4325-b113-4504815795b8 0.065s
2025-05-19 20:40:49.588 69997 INFO tempest.lib.common.rest_client [req-121015d4-6884-45b6-b12e-13bf2b19762a req-121015d4-6884-45b6-b12e-13bf2b19762a ] Request (SecurityGroupsNegativeTestJSON:setUpClass): 201 POST http://10.180.1.21/identity/v3/auth/tokens 0.127s
2025-05-19 20:40:49.795 70037 INFO tempest.lib.common.rest_client [req-5f559e7b-98ab-4a90-8457-92175764a305 req-5f559e7b-98ab-4a90-8457-92175764a305 ] Request (ServersTestJSON:test_create_with_existing_server_name): 200 GET http://10.180.1.21/compute/v2.1/servers/1026da87-1021-41d9-972a-b80a6a9e3efc 0.199s
2025-05-19 20:40:49.801 69997 INFO tempest.lib.common.rest_client [req-1e267001-695e-4ed3-a94f-1a047999bb9b req-1e267001-695e-4ed3-a94f-1a047999bb9b ] Request (SecurityGroupsNegativeTestJSON:test_delete_nonexistent_security_group): 404 DELETE http://10.180.1.21/compute/v2.1/os-security-groups/dd5858d2-c88b-4546-af69-ff540d37e97a 0.210s
2025-05-19 20:40:49.808 69997 INFO tempest.lib.common.rest_client [req-10488220-f862-4682-b613-2512ac970f54 req-10488220-f862-4682-b613-2512ac970f54 ] Request (SecurityGroupsNegativeTestJSON:test_delete_security_group_without_passing_id): 404 DELETE http://10.180.1.21/compute/v2.1/os-security-groups/ 0.006s
2025-05-19 20:40:49.812 70037 INFO tempest.common.waiters [-] State transition "BUILD/scheduling" ==> "ERROR/None" after 1 second wait
2025-05-19 20:40:49.887 70027 INFO tempest.lib.common.rest_client [req-2eaabb1c-ac03-4282-9e28-131e03d73b8f req-2eaabb1c-ac03-4282-9e28-131e03d73b8f ] Request (AttachVolumeShelveTestJSON:setUpClass): 200 PUT http://10.180.1.21:9696/networking/v2.0/routers/387e318f-a577-48bd-877e-7befcc801a2e/add_router_interface 2.275s
2025-05-19 20:40:49.887 70027 INFO tempest.lib.common.dynamic_creds [-] Created isolated network resources for: credentials: Credentials: {'domain_id': 'default', 'domain_name': 'Default', 'username': 'tempest-AttachVolumeShelveTestJSON-1388520254-project-member', 'project_domain_id': 'default', 'project_domain_name': 'Default', 'project_id': 'db659bf2673748ed92b21e6d3565b4f5', 'project_name': 'tempest-AttachVolumeShelveTestJSON-1388520254', 'tenant_id': 'db659bf2673748ed92b21e6d3565b4f5', 'tenant_name': 'tempest-AttachVolumeShelveTestJSON-1388520254', 'user_domain_id': 'default', 'user_domain_name': 'Default', 'user_id': 'd225b90220c842af927f10ee52075ca6', 'system': None}, Network: {'id': 'aecb9d76-bd93-4d22-bf2c-765cb4f052cb', 'name': 'tempest-AttachVolumeShelveTestJSON-753970618-network', 'tenant_id': 'db659bf2673748ed92b21e6d3565b4f5', 'admin_state_up': True, 'mtu': 8950, 'status': 'ACTIVE', 'subnets': [], 'shared': False, 'project_id': 'db659bf2673748ed92b21e6d3565b4f5', 'port_security_enabled': True, 'router:external': False, 'provider:network_type': 'vlan', 'provider:physical_network': 'default', 'provider:segmentation_id': 336, 'availability_zone_hints': [], 'availability_zones': [], 'ipv4_address_scope': None, 'ipv6_address_scope': None, 'description': '', 'tags': [], 'created_at': '2025-05-19T20:40:45Z', 'updated_at': '2025-05-19T20:40:45Z', 'revision_number': 1}, Subnet: {'id': 'a7820629-0932-4d66-a0ee-3110a9fca57f', 'name': 'tempest-AttachVolumeShelveTestJSON-753970618-subnet', 'tenant_id': 'db659bf2673748ed92b21e6d3565b4f5', 'network_id': 'aecb9d76-bd93-4d22-bf2c-765cb4f052cb', 'ip_version': 4, 'subnetpool_id': None, 'enable_dhcp': True, 'ipv6_ra_mode': None, 'ipv6_address_mode': None, 'gateway_ip': '192.168.128.1', 'cidr': '192.168.128.0/28', 'allocation_pools': [{'start': '192.168.128.2', 'end': '192.168.128.14'}], 'host_routes': [], 'dns_nameservers': [], 'description': '', 'router:external': False, 'service_types': [], 'tags': [], 'created_at': '2025-05-19T20:40:45Z', 'updated_at': '2025-05-19T20:40:45Z', 'revision_number': 0, 'project_id': 'db659bf2673748ed92b21e6d3565b4f5'}, Router: {'id': '387e318f-a577-48bd-877e-7befcc801a2e', 'name': 'tempest-AttachVolumeShelveTestJSON-753970618-router', 'tenant_id': 'db659bf2673748ed92b21e6d3565b4f5', 'admin_state_up': True, 'status': 'ACTIVE', 'external_gateway_info': {'network_id': '2d4b7664-ca2f-443b-bec0-30f4e094a79e', 'external_fixed_ips': [{'subnet_id': '5c57bb5b-6e54-4c31-98fa-65c9eeb81dfe', 'ip_address': '10.180.180.140'}], 'enable_snat': True}, 'description': '', 'availability_zones': [], 'distributed': False, 'ha': False, 'availability_zone_hints': [], 'routes': [], 'flavor_id': None, 'tags': [], 'created_at': '2025-05-19T20:40:46Z', 'updated_at': '2025-05-19T20:40:46Z', 'revision_number': 2, 'project_id': 'db659bf2673748ed92b21e6d3565b4f5'}
2025-05-19 20:40:49.893 70005 INFO tempest.lib.common.rest_client [req-ab261080-26b7-4043-be02-d99e7b3399b3 req-ab261080-26b7-4043-be02-d99e7b3399b3 ] Request (VolumesTestJSON:setUpClass): 202 POST http://10.180.1.21/volume/v3/volumes 0.538s
2025-05-19 20:40:49.954 70005 INFO tempest.lib.common.rest_client [req-6792b4e1-32d4-40c2-8fc2-25765867541a req-6792b4e1-32d4-40c2-8fc2-25765867541a ] Request (VolumesTestJSON:setUpClass): 200 GET http://10.180.1.21/volume/v3/volumes/610e1bb0-a644-4c4b-be61-42a86db86fc7 0.047s
2025-05-19 20:40:49.960 69997 INFO tempest.lib.common.rest_client [req-e9d87101-667f-4343-bbb8-e0b045848eb9 req-e9d87101-667f-4343-bbb8-e0b045848eb9 ] Request (SecurityGroupsNegativeTestJSON:test_delete_the_default_security_group): 200 GET http://10.180.1.21/compute/v2.1/os-security-groups 0.151s
2025-05-19 20:40:50.073 70027 INFO tempest.lib.common.rest_client [req-8bc7ce0d-3e65-4bcd-b7e7-84341acd5969 req-8bc7ce0d-3e65-4bcd-b7e7-84341acd5969 ] Request (AttachVolumeShelveTestJSON:setUpClass): 201 POST http://10.180.1.21/identity/v3/auth/tokens 0.182s
2025-05-19 20:40:50.116 69997 INFO tempest.lib.common.rest_client [req-fc8c3d2b-6f9b-41d6-a084-7a2811d75351 req-fc8c3d2b-6f9b-41d6-a084-7a2811d75351 ] Request (SecurityGroupsNegativeTestJSON:test_delete_the_default_security_group): 400 DELETE http://10.180.1.21/compute/v2.1/os-security-groups/ddab6512-b74a-46cc-8817-290838b96de3 0.152s
2025-05-19 20:40:50.184 70023 INFO tempest.lib.common.rest_client [req-bfbb2293-467f-4fe5-817a-b46dae6bd7ad req-bfbb2293-467f-4fe5-817a-b46dae6bd7ad ] Request (SecurityGroupRulesTestJSON:tearDownClass): 200 PUT http://10.180.1.21:9696/networking/v2.0/routers/ba72a700-c74a-4d15-8297-576a1fa108de/remove_router_interface 1.509s
2025-05-19 20:40:50.295 70027 INFO tempest.lib.common.rest_client [req-883e7b14-a8ea-42f2-a4f7-3094f71f0217 req-883e7b14-a8ea-42f2-a4f7-3094f71f0217 ] Request (ValidationResourcesFixture:setUp): 201 POST http://10.180.1.21/compute/v2.1/os-keypairs 0.220s
2025-05-19 20:40:50.325 69997 INFO tempest.lib.common.rest_client [req-a7b4518a-644c-4900-878b-fd94c145512c req-a7b4518a-644c-4900-878b-fd94c145512c ] Request (SecurityGroupsNegativeTestJSON:test_security_group_get_nonexistent_group): 404 GET http://10.180.1.21/compute/v2.1/os-security-groups/791a2f12-0f75-40d2-ad3d-d08b1d78a6b9 0.204s
2025-05-19 20:40:50.363 69997 INFO tempest.lib.common.rest_client [req-fbbf00a9-4f42-4901-815f-163d6d0294aa req-fbbf00a9-4f42-4901-815f-163d6d0294aa ] Request (SecurityGroupsNegativeTestJSON:test_update_non_existent_security_group): 404 PUT http://10.180.1.21/compute/v2.1/os-security-groups/74751b0a-f687-4d8d-a3fc-d81bc3d63501 0.036s
2025-05-19 20:40:50.437 70037 INFO tempest.lib.common.rest_client [req-b8e8430d-088e-4976-901b-9756f9d6076b req-b8e8430d-088e-4976-901b-9756f9d6076b ] Request (ServersTestJSON:test_create_with_existing_server_name): 204 DELETE http://10.180.1.21/compute/v2.1/servers/1026da87-1021-41d9-972a-b80a6a9e3efc 0.624s
2025-05-19 20:40:50.469 70037 INFO tempest.lib.common.rest_client [req-96b1e80f-d23e-4918-913b-90aabc38c497 req-96b1e80f-d23e-4918-913b-90aabc38c497 ] Request (ServersTestJSON:test_create_with_existing_server_name): 404 GET http://10.180.1.21/compute/v2.1/servers/1026da87-1021-41d9-972a-b80a6a9e3efc 0.032s
2025-05-19 20:40:50.595 70037 INFO tempest.lib.common.rest_client [req-eef5f9ee-10c6-46a1-b122-ab9754f63217 req-eef5f9ee-10c6-46a1-b122-ab9754f63217 ] Request (ServersTestJSON:test_update_access_server_address): 201 POST http://10.180.1.21/identity/v3/auth/tokens 0.120s
