2025-05-07 07:06:00.844 70351 INFO tempest.lib.common.rest_client [req-1b8cf664-2d1c-443f-b36b-4884514fb446 req-1b8cf664-2d1c-443f-b36b-4884514fb446 ] Request (SecurityGroupsTestJSON:test_list_security_groups_by_server): 200 GET http://10.180.1.21/compute/v2.1/servers/2d554902-bf28-4ee2-b9d6-4219e54246fc 1.721s
2025-05-07 07:06:00.853 70351 INFO tempest.common.waiters [-] State transition "BUILD/spawning" ==> "ACTIVE/None" after 25 second wait
2025-05-07 07:06:00.943 70355 INFO tempest.lib.common.rest_client [req-263374ab-303d-4530-be02-28d2dc20fdfc req-263374ab-303d-4530-be02-28d2dc20fdfc ] Request (ServerActionsTestOtherA:setUpClass): 200 GET http://10.180.1.21/compute/v2.1/servers/31f56d0e-7c64-4fe3-917e-7ebb814ae924 1.523s
2025-05-07 07:06:00.951 70332 INFO tempest.lib.common.rest_client [req-232c39e4-460d-456e-9a62-ff7ea6c26e18 req-232c39e4-460d-456e-9a62-ff7ea6c26e18 ] Request (ImagesTestJSON:setUpClass): 201 POST http://10.180.1.21/identity/v3/users 0.108s
2025-05-07 07:06:00.982 70332 INFO tempest.lib.common.rest_client [req-59b9ffcd-c4f8-4d6a-b530-c6f47fb48ee2 req-59b9ffcd-c4f8-4d6a-b530-c6f47fb48ee2 ] Request (ImagesTestJSON:setUpClass): 200 GET http://10.180.1.21/identity/v3/roles 0.030s
2025-05-07 07:06:01.036 70332 INFO tempest.lib.common.rest_client [req-1116f6b1-0b59-471a-9457-9c41f033a410 req-1116f6b1-0b59-471a-9457-9c41f033a410 ] Request (ImagesTestJSON:setUpClass): 204 PUT http://10.180.1.21/identity/v3/projects/9cc588ded27b49d4826535649105aa88/users/493da3ee04094ba4ac17893d999ac99e/roles/f2ee2dc4e5fd424dacfd54a2b78cc233 0.053s
2025-05-07 07:06:01.036 70332 INFO tempest.lib.common.dynamic_creds [-] Dynamic test user 493da3ee04094ba4ac17893d999ac99e is created with scope project and roles: ['member']
2025-05-07 07:06:01.036 70332 INFO tempest.lib.common.dynamic_creds [-] Acquired dynamic creds: credentials: Credentials: {'domain_id': 'default', 'domain_name': 'Default', 'username': 'tempest-ImagesTestJSON-532780232-project-member', 'project_domain_id': 'default', 'project_domain_name': 'Default', 'project_id': '9cc588ded27b49d4826535649105aa88', 'project_name': 'tempest-ImagesTestJSON-532780232', 'tenant_id': '9cc588ded27b49d4826535649105aa88', 'tenant_name': 'tempest-ImagesTestJSON-532780232', 'user_domain_id': 'default', 'user_domain_name': 'Default', 'user_id': '493da3ee04094ba4ac17893d999ac99e', 'system': None}, Network: None, Subnet: None, Router: None
2025-05-07 07:06:01.148 70332 INFO tempest.lib.common.rest_client [req-0d4a1239-01b4-4df7-b152-179720722809 req-0d4a1239-01b4-4df7-b152-179720722809 ] Request (ImagesTestJSON:setUpClass): 201 POST http://10.180.1.21/identity/v3/auth/tokens 0.112s
2025-05-07 07:06:01.165 70347 INFO tempest.lib.common.rest_client [req-76c081f3-8da5-4c57-82e4-b3a5effbfcc6 req-76c081f3-8da5-4c57-82e4-b3a5effbfcc6 ] Request (ServerDiskConfigTestJSON:test_rebuild_server_with_auto_disk_config): 202 POST http://10.180.1.21/compute/v2.1/servers 2.103s
2025-05-07 07:06:01.214 70305 INFO tempest.lib.common.rest_client [req-0304dffa-85cd-49d9-93d8-ab3a431c7d53 req-0304dffa-85cd-49d9-93d8-ab3a431c7d53 ] Request (FloatingIPDetailsTestJSON:test_get_floating_ip_details): 200 GET http://10.180.1.21/compute/v2.1/os-floating-ips/3b0857a0-819c-4d97-b705-5a9eae55d29f 1.743s
2025-05-07 07:06:01.216 70317 INFO tempest.lib.common.rest_client [req-5ee0bea1-b976-427b-aae1-2730a0ac8975 req-5ee0bea1-b976-427b-aae1-2730a0ac8975 ] Request (AggregatesAdminNegativeTestJSON:test_aggregate_remove_nonexistent_host): 200 POST http://10.180.1.21/compute/v2.1/os-aggregates 1.712s
2025-05-07 07:06:01.314 70341 INFO tempest.lib.common.rest_client [req-11acf7df-5770-42d3-8b64-ae4650c735d7 req-11acf7df-5770-42d3-8b64-ae4650c735d7 ] Request (ServerRescueTestJSONUnderV235:setUpClass): 200 GET http://10.180.1.21/compute/v2.1/servers/ebd9e006-a591-44f7-867c-041731b9d45a 1.803s
2025-05-07 07:06:01.327 70343 INFO tempest.lib.common.rest_client [req-05203e6a-925a-41d3-8317-96538a70495e req-05203e6a-925a-41d3-8317-96538a70495e ] Request (QuotaClassesAdmin257Test:test_update_default_quotas): 200 GET http://10.180.1.21/compute/v2.1/os-quota-class-sets/default 1.461s
2025-05-07 07:06:01.346 70311 INFO tempest.lib.common.rest_client [req-fe7e4a58-1e3d-4faf-a52f-fee6395172a9 req-fe7e4a58-1e3d-4faf-a52f-fee6395172a9 ] Request (FlavorsV261TestJSON:_run_cleanups): 202 DELETE http://10.180.1.21/compute/v2.1/flavors/2144571357 1.453s
2025-05-07 07:06:01.436 70307 WARNING tempest.lib.common.ssh [-] Failed to establish authenticated ssh connection to cirros@10.180.180.128 ([Errno None] Unable to connect to port 22 on 10.180.180.128). Number attempts: 3. Retry after 4 seconds.: paramiko.ssh_exception.NoValidConnectionsError: [Errno None] Unable to connect to port 22 on 10.180.180.128
2025-05-07 07:06:01.612 70335 INFO tempest.lib.common.rest_client [req-1f3d780a-00d3-44fe-8e75-171101d743e4 req-1f3d780a-00d3-44fe-8e75-171101d743e4 ] Request (ListServerFiltersTestJSON:setUpClass): 200 GET http://10.180.1.21/compute/v2.1/servers/6de35617-22cf-4a32-8651-28ea67532b8f 1.659s
2025-05-07 07:06:01.698 70361 INFO tempest.lib.common.rest_client [req-c4afca75-2976-47bd-8c3b-4a516b9eaf14 req-c4afca75-2976-47bd-8c3b-4a516b9eaf14 ] Request (SecurityGroupRulesNegativeTestJSON:tearDownClass): 202 DELETE http://10.180.1.21/compute/v2.1/os-security-groups/dd398d87-54d2-4b0f-8f8a-a0d33f15e63e 1.974s
2025-05-07 07:06:01.729 70303 INFO tempest.lib.common.rest_client [req-a337c5d7-d8ad-498e-95dc-8fbea14d5070 req-a337c5d7-d8ad-498e-95dc-8fbea14d5070 ] Request (FlavorsAdminTestJSON:test_is_public_string_variations): 200 GET http://10.180.1.21/compute/v2.1/flavors/detail?is_public=1 1.316s
2025-05-07 07:06:01.801 70339 INFO tempest.lib.common.rest_client [req-567dac71-a1bf-463c-966f-418367371126 req-567dac71-a1bf-463c-966f-418367371126 ] Request (ServerExternalEventsTest:tearDownClass): 200 GET http://10.180.1.21/compute/v2.1/servers/5c9b6dc6-887e-477a-b902-135fe06cfbbd 1.180s
2025-05-07 07:06:01.821 70357 INFO tempest.lib.common.rest_client [req-0007b1b3-f0b7-4ff0-97f3-b73c091596b4 req-0007b1b3-f0b7-4ff0-97f3-b73c091596b4 ] Request (ServersTestFqdnHostnames:test_create_server_with_fqdn_name): 201 POST http://10.180.1.21:9696/networking/v2.0/floatingips 1.012s
2025-05-07 07:06:01.821 70337 WARNING tempest.lib.common.ssh [-] Failed to establish authenticated ssh connection to cirros@10.180.180.147 ([Errno None] Unable to connect to port 22 on 10.180.180.147). Number attempts: 2. Retry after 3 seconds.: paramiko.ssh_exception.NoValidConnectionsError: [Errno None] Unable to connect to port 22 on 10.180.180.147
2025-05-07 07:06:01.828 70349 INFO tempest.lib.common.rest_client [req-eea6bf5e-bfc1-4146-b6b9-b8d6e1dd32b2 req-eea6bf5e-bfc1-4146-b6b9-b8d6e1dd32b2 ] Request (MigrationsAdminTest:test_list_migrations_in_flavor_resize_situation): 200 GET http://10.180.1.21/compute/v2.1/servers/35fdf25e-c8c0-4123-a95a-2a4c1a504f99 1.607s
2025-05-07 07:06:01.859 70323 INFO tempest.lib.common.rest_client [req-9eee5bc9-de11-4b7a-ab1d-f3921da5129a req-9eee5bc9-de11-4b7a-ab1d-f3921da5129a ] Request (InstanceActionsV221TestJSON:test_get_list_deleted_instance_actions): 200 GET http://10.180.1.21/compute/v2.1/servers/fb6d0f81-0eb1-45aa-a3ad-d3958de582c0 1.146s
2025-05-07 07:06:01.887 70332 INFO tempest.lib.common.rest_client [req-f48e467f-c40e-4635-942f-8bfd2bbbaf6c req-f48e467f-c40e-4635-942f-8bfd2bbbaf6c ] Request (ImagesTestJSON:setUpClass): 201 POST http://10.180.1.21:9696/networking/v2.0/networks 0.738s
2025-05-07 07:06:01.903 70357 INFO tempest.lib.common.rest_client [req-c6b2d641-58bd-414c-945a-b13101154198 req-c6b2d641-58bd-414c-945a-b13101154198 ] Request (ServersTestFqdnHostnames:test_create_server_with_fqdn_name): 201 POST http://10.180.1.21/identity/v3/auth/tokens 0.078s
2025-05-07 07:06:01.904 70357 INFO tempest.lib.common.fixed_network [-] (ServersTestFqdnHostnames:test_create_server_with_fqdn_name) Found network {'id': '817d38e9-0594-4e2f-8145-2d18050b1e49', 'name': 'tempest-ServersTestFqdnHostnames-184903772-network', 'tenant_id': '60ce3af012c140a08fb2b992dacd15aa', 'admin_state_up': True, 'mtu': 8950, 'status': 'ACTIVE', 'subnets': [], 'shared': False, 'project_id': '60ce3af012c140a08fb2b992dacd15aa', 'port_security_enabled': True, 'router:external': False, 'provider:network_type': 'vlan', 'provider:physical_network': 'default', 'provider:segmentation_id': 814, 'availability_zone_hints': [], 'availability_zones': [], 'ipv4_address_scope': None, 'ipv6_address_scope': None, 'description': '', 'tags': [], 'created_at': '2025-05-07T07:05:53Z', 'updated_at': '2025-05-07T07:05:53Z', 'revision_number': 1} available for tenant
2025-05-07 07:06:01.916 70325 INFO tempest.lib.common.rest_client [req-dcfa0f49-b040-4345-ab8a-9474b1c33d59 req-dcfa0f49-b040-4345-ab8a-9474b1c33d59 ] Request (DeleteServersTestJSON:test_delete_active_server): 200 GET http://10.180.1.21/compute/v2.1/servers/5bfdb2dc-c4b7-4c1f-94de-3505ac1550f8 1.113s
2025-05-07 07:06:01.949 70309 WARNING tempest.lib.common.ssh [-] Failed to establish authenticated ssh connection to cirros@10.180.180.225 ([Errno None] Unable to connect to port 22 on 10.180.180.225). Number attempts: 4. Retry after 5 seconds.: paramiko.ssh_exception.NoValidConnectionsError: [Errno None] Unable to connect to port 22 on 10.180.180.225
2025-05-07 07:06:02.038 70327 INFO tempest.lib.common.rest_client [req-e405a146-1c1b-4944-82a0-741f1a78bd65 req-e405a146-1c1b-4944-82a0-741f1a78bd65 ] Request (ServerDiagnosticsTest:test_get_server_diagnostics): 200 GET http://10.180.1.21/compute/v2.1/servers/78ba4fa9-4083-4204-a5b4-88cdcec6ca13 1.218s
2025-05-07 07:06:02.048 70327 INFO tempest.common.waiters [-] State transition "BUILD/networking" ==> "BUILD/spawning" after 22 second wait
2025-05-07 07:06:02.106 70333 INFO tempest.lib.common.rest_client [req-11c10aef-5fad-4604-901f-65e0f49cc55f req-11c10aef-5fad-4604-901f-65e0f49cc55f ] Request (TenantUsagesTestJSON:tearDownClass): 200 GET http://10.180.1.21/compute/v2.1/servers/e82ae1bd-c31b-44ca-9608-9348b8eac8dc 1.138s
2025-05-07 07:06:02.127 70332 INFO tempest.lib.common.rest_client [req-47beb3d3-d75a-4738-9a03-01c349626a7f req-47beb3d3-d75a-4738-9a03-01c349626a7f ] Request (ImagesTestJSON:setUpClass): 201 POST http://10.180.1.21:9696/networking/v2.0/subnets 0.240s
2025-05-07 07:06:02.168 70347 INFO tempest.lib.common.rest_client [req-4798f7d0-17a6-4552-b5d0-9adaa928a0e7 req-4798f7d0-17a6-4552-b5d0-9adaa928a0e7 ] Request (ServerDiskConfigTestJSON:test_rebuild_server_with_auto_disk_config): 200 GET http://10.180.1.21/compute/v2.1/servers/f9124657-d1c5-4a93-9d4a-3b06ca60ec63 1.001s
2025-05-07 07:06:02.314 70345 INFO tempest.lib.common.rest_client [req-abcf6c4b-987f-4de7-8de6-731a3aebb302 req-abcf6c4b-987f-4de7-8de6-731a3aebb302 ] Request (ServerAddressesNegativeTestJSON:setUpClass): 200 GET http://10.180.1.21/compute/v2.1/servers/049c7405-3daf-4064-8770-efbbf15c832e 1.134s
2025-05-07 07:06:02.461 70321 WARNING tempest.lib.common.ssh [-] Failed to establish authenticated ssh connection to cirros@10.180.180.198 ([Errno None] Unable to connect to port 22 on 10.180.180.198). Number attempts: 3. Retry after 4 seconds.: paramiko.ssh_exception.NoValidConnectionsError: [Errno None] Unable to connect to port 22 on 10.180.180.198
2025-05-07 07:06:02.593 70351 INFO tempest.lib.common.rest_client [req-6228908b-1f2e-4722-82f7-a050754c523e req-6228908b-1f2e-4722-82f7-a050754c523e ] Request (SecurityGroupsTestJSON:test_list_security_groups_by_server): 202 POST http://10.180.1.21/compute/v2.1/servers/2d554902-bf28-4ee2-b9d6-4219e54246fc/action 1.739s
2025-05-07 07:06:02.613 70329 INFO tempest.lib.common.rest_client [req-53aac8bc-036a-441d-8520-d4d0816d55af req-53aac8bc-036a-441d-8520-d4d0816d55af ] Request (FloatingIPsAssociationNegativeTestJSON:setUpClass): 201 POST http://10.180.1.21:9696/networking/v2.0/routers 1.913s
2025-05-07 07:06:02.623 70317 INFO tempest.lib.common.rest_client [req-1b7537d9-5516-4baa-a4c4-b6e6dab79c93 req-1b7537d9-5516-4baa-a4c4-b6e6dab79c93 ] Request (AggregatesAdminNegativeTestJSON:test_aggregate_remove_nonexistent_host): 404 POST http://10.180.1.21/compute/v2.1/os-aggregates/8/action 1.401s
2025-05-07 07:06:02.670 70315 INFO tempest.lib.common.rest_client [req-d5e69740-5517-4941-8186-c445cae0f14d req-d5e69740-5517-4941-8186-c445cae0f14d ] Request (ImagesOneServerTestJSON:test_create_delete_image): 200 GET http://10.180.1.21/compute/v2.1/images/7363fbc8-a570-4772-a912-a05e3c119422 1.441s
2025-05-07 07:06:02.759 70343 INFO tempest.lib.common.rest_client [req-c68108e2-dd81-49ec-a90b-c5e065197f3a req-c68108e2-dd81-49ec-a90b-c5e065197f3a ] Request (QuotaClassesAdmin257Test:_run_cleanups): 200 PUT http://10.180.1.21/compute/v2.1/os-quota-class-sets/default 1.430s
2025-05-07 07:06:02.788 70311 INFO tempest.lib.common.rest_client [req-959deba7-0f43-4302-acbd-9ef203b89a94 req-959deba7-0f43-4302-acbd-9ef203b89a94 ] Request (FlavorsV261TestJSON:_run_cleanups): 200 GET http://10.180.1.21/compute/v2.1/flavors/detail 1.441s
2025-05-07 07:06:02.859 70305 INFO tempest.lib.common.rest_client [req-6921a3e8-79b6-49ec-95f1-51006f472565 req-6921a3e8-79b6-49ec-95f1-51006f472565 ] Request (FloatingIPDetailsTestJSON:_run_cleanups): 202 DELETE http://10.180.1.21/compute/v2.1/os-floating-ips/3b0857a0-819c-4d97-b705-5a9eae55d29f 1.638s
2025-05-07 07:06:02.901 70343 INFO tempest.lib.common.rest_client [req-53220d09-c52b-4c17-9ac3-9e1c8a5f5975 req-53220d09-c52b-4c17-9ac3-9e1c8a5f5975 ] Request (QuotaClassesAdmin257Test:tearDownClass): 204 DELETE http://10.180.1.21/identity/v3/users/1413802145fc448dac382aae4f0499de 0.133s
2025-05-07 07:06:02.912 70311 INFO tempest.lib.common.rest_client [req-87066c1e-9a3f-4579-872b-ebf6c67c03ee req-87066c1e-9a3f-4579-872b-ebf6c67c03ee ] Request (FlavorsV261TestJSON:tearDownClass): 204 DELETE http://10.180.1.21/identity/v3/users/4b46509b52f4473aa3e91ed32d4e4c74 0.110s
2025-05-07 07:06:02.958 70301 INFO tempest.lib.common.rest_client [req-d0adc231-7031-444b-a596-1c72e77cf454 req-d0adc231-7031-444b-a596-1c72e77cf454 ] Request (FloatingIPsAssociationTestJSON:setUpClass): 200 GET http://10.180.1.21/compute/v2.1/servers/589419ea-c609-45bb-bde5-3b22d9ff111e 1.569s
2025-05-07 07:06:02.970 70301 INFO tempest.common.waiters [-] State transition "BUILD/None" ==> "BUILD/networking" after 21 second wait
2025-05-07 07:06:03.056 70343 INFO tempest.lib.common.rest_client [req-95ed59c1-7b73-429d-9d94-25ac39aea93c req-95ed59c1-7b73-429d-9d94-25ac39aea93c ] Request (QuotaClassesAdmin257Test:tearDownClass): 204 DELETE http://10.180.1.21/identity/v3/users/9f50fdacab5942e8ac15bf9702bd30be 0.155s
2025-05-07 07:06:03.057 70343 INFO tempest.lib.common.dynamic_creds [-] Deleting project and security group for project: 3e37be0e0a6d4c3eb8dfc1381ef3cf67
2025-05-07 07:06:03.071 70311 INFO tempest.lib.common.rest_client [req-f0bbe6bb-cd72-4ddf-a136-8d09cb15403c req-f0bbe6bb-cd72-4ddf-a136-8d09cb15403c ] Request (FlavorsV261TestJSON:tearDownClass): 204 DELETE http://10.180.1.21/identity/v3/users/3ca9d81537a34bf2b4c2defca372ced9 0.159s
2025-05-07 07:06:03.072 70311 INFO tempest.lib.common.dynamic_creds [-] Deleting project and security group for project: 9980b5572fd24e6e97e025d103187195
2025-05-07 07:06:03.076 70363 INFO tempest.lib.common.rest_client [req-3320e973-136a-4533-ad71-3fe026b233a1 req-3320e973-136a-4533-ad71-3fe026b233a1 ] Request (ServersTestBootFromVolume:setUpClass): 200 GET http://10.180.1.21/compute/v2.1/servers/67f59d53-c61b-48ad-b55d-710595e9dae3 1.637s
2025-05-07 07:06:03.082 70353 INFO tempest.lib.common.rest_client [req-831aa039-56d4-4ad1-b0fe-039611bebeb8 req-831aa039-56d4-4ad1-b0fe-039611bebeb8 ] Request (ServerMetadataTestJSON:setUpClass): 200 GET http://10.180.1.21/compute/v2.1/servers/6efb0df5-0435-424a-b4cc-1eaefdcf388d 1.718s
2025-05-07 07:06:03.150 70313 INFO tempest.lib.common.rest_client [req-a0a4b535-7844-4dc5-827b-a0a241f7a250 req-a0a4b535-7844-4dc5-827b-a0a241f7a250 ] Request (DeleteServersAdminTestJSON:test_delete_server_while_in_error_state): 200 GET http://10.180.1.21/compute/v2.1/servers/9d1b0a5f-e096-4641-a077-f0949135efbb 1.651s
2025-05-07 07:06:03.164 70343 INFO tempest.lib.common.rest_client [req-15be7e1c-8d35-4596-84b6-bc876c264a01 req-15be7e1c-8d35-4596-84b6-bc876c264a01 ] Request (QuotaClassesAdmin257Test:tearDownClass): 201 POST http://10.180.1.21/identity/v3/auth/tokens 0.107s
2025-05-07 07:06:03.173 70311 INFO tempest.lib.common.rest_client [req-282e80fe-9ab5-48da-ad43-293677f08b29 req-282e80fe-9ab5-48da-ad43-293677f08b29 ] Request (FlavorsV261TestJSON:tearDownClass): 201 POST http://10.180.1.21/identity/v3/auth/tokens 0.101s
2025-05-07 07:06:03.436 70335 INFO tempest.lib.common.rest_client [req-0c20ceb9-067b-4806-9d81-a879ebf6518c req-0c20ceb9-067b-4806-9d81-a879ebf6518c ] Request (ListServerFiltersTestJSON:setUpClass): 200 GET http://10.180.1.21/compute/v2.1/servers/bba73604-c54f-4643-9e4c-326b643b3d51 1.816s
2025-05-07 07:06:03.463 70303 INFO tempest.lib.common.rest_client [req-3f231c40-feac-437b-b9ba-a516a9faa766 req-3f231c40-feac-437b-b9ba-a516a9faa766 ] Request (FlavorsAdminTestJSON:_run_cleanups): 202 DELETE http://10.180.1.21/compute/v2.1/flavors/924900372 1.726s
2025-05-07 07:06:03.498 70361 INFO tempest.lib.common.rest_client [req-6ba74664-fa1b-4f42-b766-953bab8b57e8 req-6ba74664-fa1b-4f42-b766-953bab8b57e8 ] Request (SecurityGroupRulesNegativeTestJSON:tearDownClass): 202 DELETE http://10.180.1.21/compute/v2.1/os-security-groups/9bf4e43e-4d09-4afc-9cd1-3c43592f87cc 1.800s
2025-05-07 07:06:03.618 70355 INFO tempest.lib.common.rest_client [req-347ca1f0-f665-4a77-90fd-b321f32bb3e6 req-347ca1f0-f665-4a77-90fd-b321f32bb3e6 ] Request (ServerActionsTestOtherA:setUpClass): 200 GET http://10.180.1.21/compute/v2.1/servers/31f56d0e-7c64-4fe3-917e-7ebb814ae924 1.663s
2025-05-07 07:06:03.628 70332 INFO tempest.lib.common.rest_client [req-3f9dbf02-3e4a-479e-bf61-d1da52690612 req-3f9dbf02-3e4a-479e-bf61-d1da52690612 ] Request (ImagesTestJSON:setUpClass): 201 POST http://10.180.1.21:9696/networking/v2.0/routers 1.500s
2025-05-07 07:06:03.731 70341 INFO tempest.lib.common.rest_client [req-3516ee05-c0c3-42e6-8af2-f3324da479a4 req-3516ee05-c0c3-42e6-8af2-f3324da479a4 ] Request (ServerRescueTestJSONUnderV235:setUpClass): 200 GET http://10.180.1.21/compute/v2.1/servers/ebd9e006-a591-44f7-867c-041731b9d45a 1.409s
2025-05-07 07:06:03.970 70343 INFO tempest.lib.common.rest_client [req-2fd77400-41ca-4df7-b661-9fac38147375 req-2fd77400-41ca-4df7-b661-9fac38147375 ] Request (QuotaClassesAdmin257Test:tearDownClass): 200 GET http://10.180.1.21:9696/networking/v2.0/security-groups?tenant_id=3e37be0e0a6d4c3eb8dfc1381ef3cf67&name=default 0.805s
2025-05-07 07:06:04.046 70311 INFO tempest.lib.common.rest_client [req-8017189c-a55f-49cb-af7d-22e6e4c4a57d req-8017189c-a55f-49cb-af7d-22e6e4c4a57d ] Request (FlavorsV261TestJSON:tearDownClass): 200 GET http://10.180.1.21:9696/networking/v2.0/security-groups?tenant_id=9980b5572fd24e6e97e025d103187195&name=default 0.872s
2025-05-07 07:06:04.325 70311 INFO tempest.lib.common.rest_client [req-af005f03-21d3-406a-b80e-1f23884b3a46 req-af005f03-21d3-406a-b80e-1f23884b3a46 ] Request (FlavorsV261TestJSON:tearDownClass): 204 DELETE http://10.180.1.21:9696/networking/v2.0/security-groups/34583741-5b45-41cb-bd8d-64acc5c7b7a9 0.279s
2025-05-07 07:06:04.342 70343 INFO tempest.lib.common.rest_client [req-12ee94b3-ba10-4263-ba8f-d02d2083e24a req-12ee94b3-ba10-4263-ba8f-d02d2083e24a ] Request (QuotaClassesAdmin257Test:tearDownClass): 204 DELETE http://10.180.1.21:9696/networking/v2.0/security-groups/e4e3a47a-a7d3-4055-bccf-343adae2cdf6 0.371s
2025-05-07 07:06:04.445 70311 INFO tempest.lib.common.rest_client [req-2d77b291-2fc7-44c2-b464-e93ffd9991d0 req-2d77b291-2fc7-44c2-b464-e93ffd9991d0 ] Request (FlavorsV261TestJSON:tearDownClass): 204 DELETE http://10.180.1.21/identity/v3/projects/9980b5572fd24e6e97e025d103187195 0.120s
2025-05-07 07:06:04.446 70311 INFO tempest.lib.common.dynamic_creds [-] Deleting project and security group for project: 96dc3cfbd80c43ab813145791b597e56
2025-05-07 07:06:04.454 70343 INFO tempest.lib.common.rest_client [req-e28fc1e0-9ed8-4422-a619-77af52f0e6e9 req-e28fc1e0-9ed8-4422-a619-77af52f0e6e9 ] Request (QuotaClassesAdmin257Test:tearDownClass): 204 DELETE http://10.180.1.21/identity/v3/projects/3e37be0e0a6d4c3eb8dfc1381ef3cf67 0.112s
2025-05-07 07:06:04.454 70343 INFO tempest.lib.common.dynamic_creds [-] Deleting project and security group for project: 339786d58800439bb6a49ea70459541e
2025-05-07 07:06:04.800 70311 INFO tempest.lib.common.rest_client [req-1b8d9032-d744-42e2-ad59-731457d3e1f1 req-1b8d9032-d744-42e2-ad59-731457d3e1f1 ] Request (FlavorsV261TestJSON:tearDownClass): 200 GET http://10.180.1.21:9696/networking/v2.0/security-groups?tenant_id=96dc3cfbd80c43ab813145791b597e56&name=default 0.354s
2025-05-07 07:06:04.815 70343 INFO tempest.lib.common.rest_client [req-86e34bbf-1fc1-4995-81f1-ea74557b7f49 req-86e34bbf-1fc1-4995-81f1-ea74557b7f49 ] Request (QuotaClassesAdmin257Test:tearDownClass): 200 GET http://10.180.1.21:9696/networking/v2.0/security-groups?tenant_id=339786d58800439bb6a49ea70459541e&name=default 0.360s
2025-05-07 07:06:04.829 70357 INFO tempest.lib.common.rest_client [req-b8e508b8-1ccc-4227-a871-d7e117821008 req-b8e508b8-1ccc-4227-a871-d7e117821008 ] Request (ServersTestFqdnHostnames:test_create_server_with_fqdn_name): 202 POST http://10.180.1.21/compute/v2.1/servers 2.925s
2025-05-07 07:06:04.858 70317 INFO tempest.lib.common.rest_client [req-1627030c-8be7-4d2e-b565-cb89a244d0bd req-1627030c-8be7-4d2e-b565-cb89a244d0bd ] Request (AggregatesAdminNegativeTestJSON:_run_cleanups): 200 DELETE http://10.180.1.21/compute/v2.1/os-aggregates/8 2.234s
2025-05-07 07:06:04.936 70329 INFO tempest.lib.common.rest_client [req-ca65b535-84ce-4889-8469-2ca863e1e065 req-ca65b535-84ce-4889-8469-2ca863e1e065 ] Request (FloatingIPsAssociationNegativeTestJSON:setUpClass): 200 PUT http://10.180.1.21:9696/networking/v2.0/routers/75f3b2d1-4559-43ce-835e-b45a69e0221e/add_router_interface 2.322s
2025-05-07 07:06:04.936 70329 INFO tempest.lib.common.dynamic_creds [-] Created isolated network resources for: credentials: Credentials: {'domain_id': 'default', 'domain_name': 'Default', 'username': 'tempest-FloatingIPsAssociationNegativeTestJSON-1104366271-project-member', 'project_domain_id': 'default', 'project_domain_name': 'Default', 'project_id': '75340e5596304ad38d40e450a5425cba', 'project_name': 'tempest-FloatingIPsAssociationNegativeTestJSON-1104366271', 'tenant_id': '75340e5596304ad38d40e450a5425cba', 'tenant_name': 'tempest-FloatingIPsAssociationNegativeTestJSON-1104366271', 'user_domain_id': 'default', 'user_domain_name': 'Default', 'user_id': '2ae2287e124b435bb8814032c83719e0', 'system': None}, Network: {'id': 'd085c3c7-14e1-4907-8ba4-c86bdcc6d4d9', 'name': 'tempest-FloatingIPsAssociationNegativeTestJSON-258973916-network', 'tenant_id': '75340e5596304ad38d40e450a5425cba', 'admin_state_up': True, 'mtu': 8950, 'status': 'ACTIVE', 'subnets': [], 'shared': False, 'project_id': '75340e5596304ad38d40e450a5425cba', 'port_security_enabled': True, 'router:external': False, 'provider:network_type': 'vlan', 'provider:physical_network': 'default', 'provider:segmentation_id': 931, 'availability_zone_hints': [], 'availability_zones': [], 'ipv4_address_scope': None, 'ipv6_address_scope': None, 'description': '', 'tags': [], 'created_at': '2025-05-07T07:06:00Z', 'updated_at': '2025-05-07T07:06:00Z', 'revision_number': 1}, Subnet: {'id': 'ff856381-c537-4ecf-ab9b-86b831404d8e', 'name': 'tempest-FloatingIPsAssociationNegativeTestJSON-258973916-subnet', 'tenant_id': '75340e5596304ad38d40e450a5425cba', 'network_id': 'd085c3c7-14e1-4907-8ba4-c86bdcc6d4d9', 'ip_version': 4, 'subnetpool_id': None, 'enable_dhcp': True, 'ipv6_ra_mode': None, 'ipv6_address_mode': None, 'gateway_ip': '192.168.128.1', 'cidr': '192.168.128.0/28', 'allocation_pools': [{'start': '192.168.128.2', 'end': '192.168.128.14'}], 'host_routes': [], 'dns_nameservers': [], 'description': '', 'router:external': False, 'service_types': [], 'tags': [], 'created_at': '2025-05-07T07:06:00Z', 'updated_at': '2025-05-07T07:06:00Z', 'revision_number': 0, 'project_id': '75340e5596304ad38d40e450a5425cba'}, Router: {'id': '75f3b2d1-4559-43ce-835e-b45a69e0221e', 'name': 'tempest-FloatingIPsAssociationNegativeTestJSON-258973916-router', 'tenant_id': '75340e5596304ad38d40e450a5425cba', 'admin_state_up': True, 'status': 'ACTIVE', 'external_gateway_info': {'network_id': 'fc78d5f9-6aee-4811-b7a3-08f6be59c4d1', 'external_fixed_ips': [{'subnet_id': 'dc28970b-f829-44fd-8a06-617e63dad6c0', 'ip_address': '10.180.180.153'}], 'enable_snat': True}, 'description': '', 'availability_zones': [], 'distributed': False, 'ha': False, 'availability_zone_hints': [], 'routes': [], 'flavor_id': None, 'tags': [], 'created_at': '2025-05-07T07:06:00Z', 'updated_at': '2025-05-07T07:06:02Z', 'revision_number': 2, 'project_id': '75340e5596304ad38d40e450a5425cba'}
2025-05-07 07:06:04.937 70339 INFO tempest.lib.common.rest_client [req-0acbb9bb-3235-4ea9-9bed-9b6410b598cc req-0acbb9bb-3235-4ea9-9bed-9b6410b598cc ] Request (ServerExternalEventsTest:tearDownClass): 200 GET http://10.180.1.21/compute/v2.1/servers/5c9b6dc6-887e-477a-b902-135fe06cfbbd 2.124s
2025-05-07 07:06:04.964 70343 INFO tempest.lib.common.rest_client [req-7c17d8c0-a325-4cda-9e99-327ded652f18 req-7c17d8c0-a325-4cda-9e99-327ded652f18 ] Request (QuotaClassesAdmin257Test:tearDownClass): 204 DELETE http://10.180.1.21:9696/networking/v2.0/security-groups/337ce235-5d9b-4173-8be2-604bd073ba65 0.148s
2025-05-07 07:06:05.044 70329 INFO tempest.lib.common.rest_client [req-2a55899d-6bbd-4252-bb06-d81bea6155bd req-2a55899d-6bbd-4252-bb06-d81bea6155bd ] Request (FloatingIPsAssociationNegativeTestJSON:setUpClass): 201 POST http://10.180.1.21/identity/v3/auth/tokens 0.099s
2025-05-07 07:06:05.054 70317 INFO tempest.lib.common.rest_client [req-51610673-8427-47dd-8480-58124f98ab70 req-51610673-8427-47dd-8480-58124f98ab70 ] Request (AggregatesAdminNegativeTestJSON:tearDownClass): 204 DELETE http://10.180.1.21/identity/v3/users/cd77a38f32ee4bdf9e49f439b1217fdd 0.194s
2025-05-07 07:06:05.091 70349 INFO tempest.lib.common.rest_client [req-6db074c9-6d42-44a8-8929-5d46950aa3f4 req-6db074c9-6d42-44a8-8929-5d46950aa3f4 ] Request (MigrationsAdminTest:test_list_migrations_in_flavor_resize_situation): 200 GET http://10.180.1.21/compute/v2.1/servers/35fdf25e-c8c0-4123-a95a-2a4c1a504f99 2.243s
2025-05-07 07:06:05.108 70349 INFO tempest.common.waiters [-] State transition "RESIZE/resize_migrated" ==> "RESIZE/resize_finish" after 32 second wait
2025-05-07 07:06:05.116 70311 INFO tempest.lib.common.rest_client [req-2ee33e00-1c9c-4a69-bdf9-97c59441892f req-2ee33e00-1c9c-4a69-bdf9-97c59441892f ] Request (FlavorsV261TestJSON:tearDownClass): 204 DELETE http://10.180.1.21:9696/networking/v2.0/security-groups/a87fad8f-bf15-4364-a9ec-e6ba55731917 0.315s
2025-05-07 07:06:05.120 70329 INFO tempest.lib.common.rest_client [req-b47ad253-a684-4b6b-bed9-935ff1c5713e req-b47ad253-a684-4b6b-bed9-935ff1c5713e ] Request (FloatingIPsAssociationNegativeTestJSON:setUpClass): 201 POST http://10.180.1.21/identity/v3/auth/tokens 0.067s
2025-05-07 07:06:05.121 70329 INFO tempest.lib.common.fixed_network [-] (FloatingIPsAssociationNegativeTestJSON:setUpClass) Found network {'id': 'd085c3c7-14e1-4907-8ba4-c86bdcc6d4d9', 'name': 'tempest-FloatingIPsAssociationNegativeTestJSON-258973916-network', 'tenant_id': '75340e5596304ad38d40e450a5425cba', 'admin_state_up': True, 'mtu': 8950, 'status': 'ACTIVE', 'subnets': [], 'shared': False, 'project_id': '75340e5596304ad38d40e450a5425cba', 'port_security_enabled': True, 'router:external': False, 'provider:network_type': 'vlan', 'provider:physical_network': 'default', 'provider:segmentation_id': 931, 'availability_zone_hints': [], 'availability_zones': [], 'ipv4_address_scope': None, 'ipv6_address_scope': None, 'description': '', 'tags': [], 'created_at': '2025-05-07T07:06:00Z', 'updated_at': '2025-05-07T07:06:00Z', 'revision_number': 1} available for tenant
2025-05-07 07:06:05.183 70343 INFO tempest.lib.common.rest_client [req-67b96ad1-e281-4fac-a576-4ac43e9a7f04 req-67b96ad1-e281-4fac-a576-4ac43e9a7f04 ] Request (QuotaClassesAdmin257Test:tearDownClass): 204 DELETE http://10.180.1.21/identity/v3/projects/339786d58800439bb6a49ea70459541e 0.219s
2025-05-07 07:06:05.204 70305 INFO tempest.lib.common.rest_client [req-57f3502c-61c9-43bc-b8d2-5f64420f22a9 req-57f3502c-61c9-43bc-b8d2-5f64420f22a9 ] Request (FloatingIPDetailsTestJSON:test_list_floating_ips): 200 GET http://10.180.1.21/compute/v2.1/os-floating-ips 2.344s
2025-05-07 07:06:05.204 70317 INFO tempest.lib.common.rest_client [req-e582a20b-8939-4fce-a59b-96cd2276a001 req-e582a20b-8939-4fce-a59b-96cd2276a001 ] Request (AggregatesAdminNegativeTestJSON:tearDownClass): 204 DELETE http://10.180.1.21/identity/v3/users/38e37a39dda34c4090515911c97fc1cf 0.150s
2025-05-07 07:06:05.204 70317 INFO tempest.lib.common.dynamic_creds [-] Deleting project and security group for project: d0b9ae4ffac04c26a189dd111dfa7c1a
2025-05-07 07:06:05.292 70323 INFO tempest.lib.common.rest_client [req-16f68101-1d5f-45b5-ade2-bb37333d5576 req-16f68101-1d5f-45b5-ade2-bb37333d5576 ] Request (InstanceActionsV221TestJSON:test_get_list_deleted_instance_actions): 200 GET http://10.180.1.21/compute/v2.1/servers/fb6d0f81-0eb1-45aa-a3ad-d3958de582c0 2.420s
2025-05-07 07:06:05.298 70343 INFO tempest.lib.common.rest_client [req-524e2be2-6dad-4972-ac32-78de88c8b496 req-524e2be2-6dad-4972-ac32-78de88c8b496 ] Request (ServersV294TestFqdnHostnames:setUpClass): 201 POST http://10.180.1.21/identity/v3/auth/tokens 0.113s
2025-05-07 07:06:05.310 70351 INFO tempest.lib.common.rest_client [req-1c90f208-0298-40eb-bcd7-45a53de20256 req-1c90f208-0298-40eb-bcd7-45a53de20256 ] Request (SecurityGroupsTestJSON:test_list_security_groups_by_server): 202 POST http://10.180.1.21/compute/v2.1/servers/2d554902-bf28-4ee2-b9d6-4219e54246fc/action 2.716s
2025-05-07 07:06:05.320 70325 INFO tempest.lib.common.rest_client [req-6a0a0475-299f-4fc5-8707-841e624d3bfb req-6a0a0475-299f-4fc5-8707-841e624d3bfb ] Request (DeleteServersTestJSON:test_delete_active_server): 404 GET http://10.180.1.21/compute/v2.1/servers/5bfdb2dc-c4b7-4c1f-94de-3505ac1550f8 2.392s
2025-05-07 07:06:05.346 70317 INFO tempest.lib.common.rest_client [req-2b0e432a-777f-4098-8ccb-8d6c7871c1eb req-2b0e432a-777f-4098-8ccb-8d6c7871c1eb ] Request (AggregatesAdminNegativeTestJSON:tearDownClass): 201 POST http://10.180.1.21/identity/v3/auth/tokens 0.141s
2025-05-07 07:06:05.405 70333 INFO tempest.lib.common.rest_client [req-ca170005-dc3e-4677-a695-3d1a9239211c req-ca170005-dc3e-4677-a695-3d1a9239211c ] Request (TenantUsagesTestJSON:tearDownClass): 200 GET http://10.180.1.21/compute/v2.1/servers/e82ae1bd-c31b-44ca-9608-9348b8eac8dc 2.290s
2025-05-07 07:06:05.427 70311 INFO tempest.lib.common.rest_client [req-dd701a2f-3a8d-4a3a-b499-63a573d0a507 req-dd701a2f-3a8d-4a3a-b499-63a573d0a507 ] Request (FlavorsV261TestJSON:tearDownClass): 204 DELETE http://10.180.1.21/identity/v3/projects/96dc3cfbd80c43ab813145791b597e56 0.310s
2025-05-07 07:06:05.441 70343 INFO tempest.lib.common.rest_client [req-68bd5330-e15b-4021-b4eb-428843da1386 req-68bd5330-e15b-4021-b4eb-428843da1386 ] Request (ServersV294TestFqdnHostnames:setUpClass): 201 POST http://10.180.1.21/identity/v3/auth/tokens 0.139s
2025-05-07 07:06:05.487 70347 INFO tempest.lib.common.rest_client [req-de15ea82-d172-4548-a5b3-f178c7cae475 req-de15ea82-d172-4548-a5b3-f178c7cae475 ] Request (ServerDiskConfigTestJSON:test_rebuild_server_with_auto_disk_config): 200 GET http://10.180.1.21/compute/v2.1/servers/f9124657-d1c5-4a93-9d4a-3b06ca60ec63 2.302s
2025-05-07 07:06:05.497 70347 INFO tempest.common.waiters [-] State transition "BUILD/scheduling" ==> "BUILD/None" after 3 second wait
2025-05-07 07:06:05.497 70325 INFO tempest.lib.common.rest_client [req-7bf0b75f-e3a9-4a23-9dff-ff232e7e67f4 req-7bf0b75f-e3a9-4a23-9dff-ff232e7e67f4 ] Request (DeleteServersTestJSON:test_delete_server_while_in_attached_volume): 201 POST http://10.180.1.21/identity/v3/auth/tokens 0.170s
2025-05-07 07:06:05.498 70325 INFO tempest.lib.common.fixed_network [-] (DeleteServersTestJSON:test_delete_server_while_in_attached_volume) Found network {'id': 'c047a948-fbcd-460b-bab8-964e429eb6b7', 'name': 'tempest-DeleteServersTestJSON-1201822121-network', 'tenant_id': 'babff47774384a5ca2d938bcc6331aa6', 'admin_state_up': True, 'mtu': 8950, 'status': 'ACTIVE', 'subnets': [], 'shared': False, 'project_id': 'babff47774384a5ca2d938bcc6331aa6', 'port_security_enabled': True, 'router:external': False, 'provider:network_type': 'vlan', 'provider:physical_network': 'default', 'provider:segmentation_id': 612, 'availability_zone_hints': [], 'availability_zones': [], 'ipv4_address_scope': None, 'ipv6_address_scope': None, 'description': '', 'tags': [], 'created_at': '2025-05-07T07:05:06Z', 'updated_at': '2025-05-07T07:05:06Z', 'revision_number': 1} available for tenant
2025-05-07 07:06:05.539 70311 INFO tempest.lib.common.rest_client [req-a96af267-d707-43c1-9f6e-98e91fbcd97b req-a96af267-d707-43c1-9f6e-98e91fbcd97b ] Request (ServerDiagnosticsNegativeTest:setUpClass): 201 POST http://10.180.1.21/identity/v3/auth/tokens 0.111s
2025-05-07 07:06:05.564 70343 INFO tempest.lib.common.rest_client [req-3c491ede-8f06-49b2-8661-cc4628668752 req-3c491ede-8f06-49b2-8661-cc4628668752 ] Request (ServersV294TestFqdnHostnames:setUpClass): 200 GET http://10.180.1.21/identity/v3/domains?name=Default 0.122s
2025-05-07 07:06:05.586 70311 INFO tempest.lib.common.rest_client [req-d4540c38-2524-440a-9ab9-bb0131382c69 req-d4540c38-2524-440a-9ab9-bb0131382c69 ] Request (ServerDiagnosticsNegativeTest:setUpClass): 201 POST http://10.180.1.21/identity/v3/auth/tokens 0.043s
2025-05-07 07:06:05.607 70343 INFO tempest.lib.common.rest_client [req-ff5e139c-5b2c-42da-9742-c67621c8a528 req-ff5e139c-5b2c-42da-9742-c67621c8a528 ] Request (ServersV294TestFqdnHostnames:setUpClass): 201 POST http://10.180.1.21/identity/v3/projects 0.043s
2025-05-07 07:06:05.621 70311 INFO tempest.lib.common.rest_client [req-95428cad-a459-4948-b435-eb18bec93aa4 req-95428cad-a459-4948-b435-eb18bec93aa4 ] Request (ServerDiagnosticsNegativeTest:setUpClass): 200 GET http://10.180.1.21/identity/v3/domains?name=Default 0.034s
2025-05-07 07:06:05.626 70327 INFO tempest.lib.common.rest_client [req-dee15ede-1970-4bd9-b251-4d5973b292a1 req-dee15ede-1970-4bd9-b251-4d5973b292a1 ] Request (ServerDiagnosticsTest:test_get_server_diagnostics): 200 GET http://10.180.1.21/compute/v2.1/servers/78ba4fa9-4083-4204-a5b4-88cdcec6ca13 2.575s
2025-05-07 07:06:05.700 70343 INFO tempest.lib.common.rest_client [req-048671bd-ad25-4a2c-b87c-ead972e48a97 req-048671bd-ad25-4a2c-b87c-ead972e48a97 ] Request (ServersV294TestFqdnHostnames:setUpClass): 201 POST http://10.180.1.21/identity/v3/users 0.092s
2025-05-07 07:06:05.707 70345 INFO tempest.lib.common.rest_client [req-e0b926cc-263c-4872-9ea3-fb93da907a2e req-e0b926cc-263c-4872-9ea3-fb93da907a2e ] Request (ServerAddressesNegativeTestJSON:setUpClass): 200 GET http://10.180.1.21/compute/v2.1/servers/049c7405-3daf-4064-8770-efbbf15c832e 2.382s
2025-05-07 07:06:05.719 70345 INFO tempest.common.waiters [-] State transition "BUILD/spawning" ==> "ACTIVE/None" after 28 second wait
2025-05-07 07:06:05.719 70311 INFO tempest.lib.common.rest_client [req-0c4d5589-f01a-4613-9a4c-d6a2f8005028 req-0c4d5589-f01a-4613-9a4c-d6a2f8005028 ] Request (ServerDiagnosticsNegativeTest:setUpClass): 201 POST http://10.180.1.21/identity/v3/projects 0.098s
2025-05-07 07:06:05.749 70343 INFO tempest.lib.common.rest_client [req-631c6147-0c8d-47de-9dce-161bd912fc53 req-631c6147-0c8d-47de-9dce-161bd912fc53 ] Request (ServersV294TestFqdnHostnames:setUpClass): 200 GET http://10.180.1.21/identity/v3/roles 0.049s
2025-05-07 07:06:05.762 70303 INFO tempest.lib.common.rest_client [req-5e682127-de56-4b11-98b9-a8a722955c13 req-5e682127-de56-4b11-98b9-a8a722955c13 ] Request (FlavorsAdminTestJSON:_run_cleanups): 200 GET http://10.180.1.21/compute/v2.1/flavors/detail 2.299s
2025-05-07 07:06:05.812 70311 INFO tempest.lib.common.rest_client [req-16027578-d7cd-435a-b7da-be0b94a17af3 req-16027578-d7cd-435a-b7da-be0b94a17af3 ] Request (ServerDiagnosticsNegativeTest:setUpClass): 201 POST http://10.180.1.21/identity/v3/users 0.092s
2025-05-07 07:06:05.818 70315 INFO tempest.lib.common.rest_client [req-f72cea1a-a66d-46d7-a1cf-45f25f91f70c req-f72cea1a-a66d-46d7-a1cf-45f25f91f70c ] Request (ImagesOneServerTestJSON:test_create_delete_image): 200 GET http://10.180.1.21/compute/v2.1/images/7363fbc8-a570-4772-a912-a05e3c119422 2.139s
2025-05-07 07:06:05.839 70311 INFO tempest.lib.common.rest_client [req-d32ad015-d4b8-4913-89be-bb500dce852d req-d32ad015-d4b8-4913-89be-bb500dce852d ] Request (ServerDiagnosticsNegativeTest:setUpClass): 200 GET http://10.180.1.21/identity/v3/roles 0.026s
2025-05-07 07:06:05.859 70343 INFO tempest.lib.common.rest_client [req-8499d969-db56-4e80-b804-7a4ed95d4dbc req-8499d969-db56-4e80-b804-7a4ed95d4dbc ] Request (ServersV294TestFqdnHostnames:setUpClass): 204 PUT http://10.180.1.21/identity/v3/projects/e9a8d7388f954868bf53433760a092c4/users/1623cfaa9bf54f6e9396ad2b3f4c022c/roles/f2ee2dc4e5fd424dacfd54a2b78cc233 0.109s
2025-05-07 07:06:05.859 70343 INFO tempest.lib.common.dynamic_creds [-] Dynamic test user 1623cfaa9bf54f6e9396ad2b3f4c022c is created with scope project and roles: ['member']
2025-05-07 07:06:05.859 70343 INFO tempest.lib.common.dynamic_creds [-] Acquired dynamic creds: credentials: Credentials: {'domain_id': 'default', 'domain_name': 'Default', 'username': 'tempest-ServersV294TestFqdnHostnames-2099141024-project-member', 'project_domain_id': 'default', 'project_domain_name': 'Default', 'project_id': 'e9a8d7388f954868bf53433760a092c4', 'project_name': 'tempest-ServersV294TestFqdnHostnames-2099141024', 'tenant_id': 'e9a8d7388f954868bf53433760a092c4', 'tenant_name': 'tempest-ServersV294TestFqdnHostnames-2099141024', 'user_domain_id': 'default', 'user_domain_name': 'Default', 'user_id': '1623cfaa9bf54f6e9396ad2b3f4c022c', 'system': None}, Network: None, Subnet: None, Router: None
2025-05-07 07:06:05.875 70317 INFO tempest.lib.common.rest_client [req-c695e337-be32-4598-abaf-72cdf2c5b290 req-c695e337-be32-4598-abaf-72cdf2c5b290 ] Request (AggregatesAdminNegativeTestJSON:tearDownClass): 200 GET http://10.180.1.21:9696/networking/v2.0/security-groups?tenant_id=d0b9ae4ffac04c26a189dd111dfa7c1a&name=default 0.529s
2025-05-07 07:06:05.902 70311 INFO tempest.lib.common.rest_client [req-ee924476-12bf-45ba-9485-0cd72de078d3 req-ee924476-12bf-45ba-9485-0cd72de078d3 ] Request (ServerDiagnosticsNegativeTest:setUpClass): 204 PUT http://10.180.1.21/identity/v3/projects/e1aa28abe6634d73af73c67ff6ef8635/users/fdf1d6b2c53540ddbbef7aadc30dd230/roles/f2ee2dc4e5fd424dacfd54a2b78cc233 0.062s
2025-05-07 07:06:05.902 70311 INFO tempest.lib.common.dynamic_creds [-] Dynamic test user fdf1d6b2c53540ddbbef7aadc30dd230 is created with scope project and roles: ['member']
2025-05-07 07:06:05.902 70311 INFO tempest.lib.common.dynamic_creds [-] Acquired dynamic creds: credentials: Credentials: {'domain_id': 'default', 'domain_name': 'Default', 'username': 'tempest-ServerDiagnosticsNegativeTest-2118027082-project-member', 'project_domain_id': 'default', 'project_domain_name': 'Default', 'project_id': 'e1aa28abe6634d73af73c67ff6ef8635', 'project_name': 'tempest-ServerDiagnosticsNegativeTest-2118027082', 'tenant_id': 'e1aa28abe6634d73af73c67ff6ef8635', 'tenant_name': 'tempest-ServerDiagnosticsNegativeTest-2118027082', 'user_domain_id': 'default', 'user_domain_name': 'Default', 'user_id': 'fdf1d6b2c53540ddbbef7aadc30dd230', 'system': None}, Network: None, Subnet: None, Router: None
2025-05-07 07:06:05.902 70311 INFO tempest.lib.common.dynamic_creds [-] Created isolated network resources for: credentials: Credentials: {'domain_id': 'default', 'domain_name': 'Default', 'username': 'tempest-ServerDiagnosticsNegativeTest-2118027082-project-member', 'project_domain_id': 'default', 'project_domain_name': 'Default', 'project_id': 'e1aa28abe6634d73af73c67ff6ef8635', 'project_name': 'tempest-ServerDiagnosticsNegativeTest-2118027082', 'tenant_id': 'e1aa28abe6634d73af73c67ff6ef8635', 'tenant_name': 'tempest-ServerDiagnosticsNegativeTest-2118027082', 'user_domain_id': 'default', 'user_domain_name': 'Default', 'user_id': 'fdf1d6b2c53540ddbbef7aadc30dd230', 'system': None}, Network: None, Subnet: None, Router: None
2025-05-07 07:06:05.945 70307 WARNING tempest.lib.common.ssh [-] Failed to establish authenticated ssh connection to cirros@10.180.180.128 ([Errno None] Unable to connect to port 22 on 10.180.180.128). Number attempts: 4. Retry after 5 seconds.: paramiko.ssh_exception.NoValidConnectionsError: [Errno None] Unable to connect to port 22 on 10.180.180.128
2025-05-07 07:06:05.949 70343 INFO tempest.lib.common.rest_client [req-24722a95-ff34-4bc1-a46e-8d2b90edc939 req-24722a95-ff34-4bc1-a46e-8d2b90edc939 ] Request (ServersV294TestFqdnHostnames:setUpClass): 201 POST http://10.180.1.21/identity/v3/auth/tokens 0.089s
2025-05-07 07:06:05.992 70311 INFO tempest.lib.common.rest_client [req-5c506a76-56f8-4eab-89b9-6e8ec4c8efab req-5c506a76-56f8-4eab-89b9-6e8ec4c8efab ] Request (ServerDiagnosticsNegativeTest:setUpClass): 201 POST http://10.180.1.21/identity/v3/auth/tokens 0.087s
2025-05-07 07:06:06.025 70361 INFO tempest.lib.common.rest_client [req-ce956296-3be2-4258-8d5f-1cb7e4f59038 req-ce956296-3be2-4258-8d5f-1cb7e4f59038 ] Request (SecurityGroupRulesNegativeTestJSON:tearDownClass): 200 PUT http://10.180.1.21:9696/networking/v2.0/routers/461fc679-1014-4c67-88f1-803ff46d5df0/remove_router_interface 2.527s
2025-05-07 07:06:06.044 70335 INFO tempest.lib.common.rest_client [req-74a59a44-0ff1-4d03-9401-3c80d0e942dd req-74a59a44-0ff1-4d03-9401-3c80d0e942dd ] Request (ListServerFiltersTestJSON:test_list_servers_detailed_filter_by_flavor): 200 GET http://10.180.1.21/compute/v2.1/servers/detail?flavor=84 2.593s
2025-05-07 07:06:06.089 70311 INFO tempest.lib.common.rest_client [req-1fab69b8-e034-4619-8821-699542ad90f3 req-1fab69b8-e034-4619-8821-699542ad90f3 ] Request (ServerDiagnosticsNegativeTest:setUpClass): 201 POST http://10.180.1.21/identity/v3/projects 0.096s
2025-05-07 07:06:06.138 70363 INFO tempest.lib.common.rest_client [req-60ce3420-43f1-4017-92f2-ddde13541583 req-60ce3420-43f1-4017-92f2-ddde13541583 ] Request (ServersTestBootFromVolume:setUpClass): 200 GET http://10.180.1.21/compute/v2.1/servers/67f59d53-c61b-48ad-b55d-710595e9dae3 2.050s
2025-05-07 07:06:06.190 70311 INFO tempest.lib.common.rest_client [req-78601310-ea1a-4a20-aa19-72cfe2eba4dd req-78601310-ea1a-4a20-aa19-72cfe2eba4dd ] Request (ServerDiagnosticsNegativeTest:setUpClass): 201 POST http://10.180.1.21/identity/v3/users 0.101s
2025-05-07 07:06:06.223 70311 INFO tempest.lib.common.rest_client [req-16ce7507-9866-4c38-aece-60aca3fb05eb req-16ce7507-9866-4c38-aece-60aca3fb05eb ] Request (ServerDiagnosticsNegativeTest:setUpClass): 200 GET http://10.180.1.21/identity/v3/roles 0.032s
2025-05-07 07:06:06.268 70311 INFO tempest.lib.common.rest_client [req-bcb45b21-2ecf-4f46-a24d-7a805ee54e65 req-bcb45b21-2ecf-4f46-a24d-7a805ee54e65 ] Request (ServerDiagnosticsNegativeTest:setUpClass): 204 PUT http://10.180.1.21/identity/v3/projects/8baa0cf24edd4e29a28cbd33209a7c64/users/48e8e1980b0d4204aeee972de1a4a363/roles/612899ce909640aebb724bfc3cf0c7ed 0.044s
2025-05-07 07:06:06.270 70301 INFO tempest.lib.common.rest_client [req-b8c00bf7-8749-404d-b949-2ced73bf23f0 req-b8c00bf7-8749-404d-b949-2ced73bf23f0 ] Request (FloatingIPsAssociationTestJSON:setUpClass): 200 GET http://10.180.1.21/compute/v2.1/servers/589419ea-c609-45bb-bde5-3b22d9ff111e 2.299s
2025-05-07 07:06:06.282 70301 INFO tempest.common.waiters [-] State transition "BUILD/networking" ==> "BUILD/spawning" after 25 second wait
2025-05-07 07:06:06.309 70317 INFO tempest.lib.common.rest_client [req-fd38acf0-694a-4bc1-bf54-1c06035a183c req-fd38acf0-694a-4bc1-bf54-1c06035a183c ] Request (AggregatesAdminNegativeTestJSON:tearDownClass): 204 DELETE http://10.180.1.21:9696/networking/v2.0/security-groups/ca75bc3e-1cae-4433-864c-36d227cd6334 0.433s
2025-05-07 07:06:06.375 70311 INFO tempest.lib.common.rest_client [req-15f1bef0-7ae6-4c1c-89b2-8ea628cec00e req-15f1bef0-7ae6-4c1c-89b2-8ea628cec00e ] Request (ServerDiagnosticsNegativeTest:setUpClass): 200 GET http://10.180.1.21/identity/v3/roles 0.107s
2025-05-07 07:06:06.404 70311 INFO tempest.lib.common.rest_client [req-42cffb39-862a-4ab1-ba0d-9dbd58654bb8 req-42cffb39-862a-4ab1-ba0d-9dbd58654bb8 ] Request (ServerDiagnosticsNegativeTest:setUpClass): 204 PUT http://10.180.1.21/identity/v3/projects/8baa0cf24edd4e29a28cbd33209a7c64/users/48e8e1980b0d4204aeee972de1a4a363/roles/612899ce909640aebb724bfc3cf0c7ed 0.028s
2025-05-07 07:06:06.404 70311 INFO tempest.lib.common.dynamic_creds [-] Dynamic test user 48e8e1980b0d4204aeee972de1a4a363 is created with scope project and roles: ['admin']
2025-05-07 07:06:06.404 70311 INFO tempest.lib.common.dynamic_creds [-] Acquired dynamic creds: credentials: Credentials: {'domain_id': 'default', 'domain_name': 'Default', 'username': 'tempest-ServerDiagnosticsNegativeTest-1137783757-project-admin', 'project_domain_id': 'default', 'project_domain_name': 'Default', 'project_id': '8baa0cf24edd4e29a28cbd33209a7c64', 'project_name': 'tempest-ServerDiagnosticsNegativeTest-1137783757', 'tenant_id': '8baa0cf24edd4e29a28cbd33209a7c64', 'tenant_name': 'tempest-ServerDiagnosticsNegativeTest-1137783757', 'user_domain_id': 'default', 'user_domain_name': 'Default', 'user_id': '48e8e1980b0d4204aeee972de1a4a363', 'system': None}, Network: None, Subnet: None, Router: None
2025-05-07 07:06:06.404 70311 INFO tempest.lib.common.dynamic_creds [-] Created isolated network resources for: credentials: Credentials: {'domain_id': 'default', 'domain_name': 'Default', 'username': 'tempest-ServerDiagnosticsNegativeTest-1137783757-project-admin', 'project_domain_id': 'default', 'project_domain_name': 'Default', 'project_id': '8baa0cf24edd4e29a28cbd33209a7c64', 'project_name': 'tempest-ServerDiagnosticsNegativeTest-1137783757', 'tenant_id': '8baa0cf24edd4e29a28cbd33209a7c64', 'tenant_name': 'tempest-ServerDiagnosticsNegativeTest-1137783757', 'user_domain_id': 'default', 'user_domain_name': 'Default', 'user_id': '48e8e1980b0d4204aeee972de1a4a363', 'system': None}, Network: None, Subnet: None, Router: None
2025-05-07 07:06:06.409 70313 INFO tempest.lib.common.rest_client [req-6d3bf939-b539-43d8-814c-c27e3e88ed19 req-6d3bf939-b539-43d8-814c-c27e3e88ed19 ] Request (DeleteServersAdminTestJSON:test_delete_server_while_in_error_state): 200 GET http://10.180.1.21/compute/v2.1/servers/9d1b0a5f-e096-4641-a077-f0949135efbb 2.250s
2025-05-07 07:06:06.525 70355 INFO tempest.lib.common.rest_client [req-73f820e4-67fe-40c5-8f8d-8926c8fb57b0 req-73f820e4-67fe-40c5-8f8d-8926c8fb57b0 ] Request (ServerActionsTestOtherA:setUpClass): 200 GET http://10.180.1.21/compute/v2.1/servers/31f56d0e-7c64-4fe3-917e-7ebb814ae924 1.898s
2025-05-07 07:06:06.536 70353 INFO tempest.lib.common.rest_client [req-d61ec265-4e47-43fb-b1e8-8c3a90c34b8a req-d61ec265-4e47-43fb-b1e8-8c3a90c34b8a ] Request (ServerMetadataTestJSON:setUpClass): 200 GET http://10.180.1.21/compute/v2.1/servers/6efb0df5-0435-424a-b4cc-1eaefdcf388d 2.443s
2025-05-07 07:06:06.562 70311 INFO tempest.lib.common.rest_client [req-73b19bf4-45c2-4c00-887f-e5e1e51eeb24 req-73b19bf4-45c2-4c00-887f-e5e1e51eeb24 ] Request (ServerDiagnosticsNegativeTest:setUpClass): 201 POST http://10.180.1.21/identity/v3/auth/tokens 0.153s
2025-05-07 07:06:06.577 70317 INFO tempest.lib.common.rest_client [req-9f94298f-dc8e-4188-a85c-c5e9f7c35c59 req-9f94298f-dc8e-4188-a85c-c5e9f7c35c59 ] Request (AggregatesAdminNegativeTestJSON:tearDownClass): 204 DELETE http://10.180.1.21/identity/v3/projects/d0b9ae4ffac04c26a189dd111dfa7c1a 0.264s
2025-05-07 07:06:06.578 70317 INFO tempest.lib.common.dynamic_creds [-] Deleting project and security group for project: 1908d6fb3b404ea694878a05217eaf53
2025-05-07 07:06:06.672 70341 INFO tempest.lib.common.rest_client [req-e13f0f30-811d-46ee-9e77-67e5a2848822 req-e13f0f30-811d-46ee-9e77-67e5a2848822 ] Request (ServerRescueTestJSONUnderV235:setUpClass): 200 GET http://10.180.1.21/compute/v2.1/servers/ebd9e006-a591-44f7-867c-041731b9d45a 1.926s
2025-05-07 07:06:06.672 70311 INFO tempest.lib.common.rest_client [req-9e9d0538-5414-412a-8beb-5cf2a51197cc req-9e9d0538-5414-412a-8beb-5cf2a51197cc ] Request (ServerDiagnosticsNegativeTest:test_get_server_diagnostics_by_non_admin): 201 POST http://10.180.1.21/identity/v3/auth/tokens 0.103s
2025-05-07 07:06:06.673 70311 INFO tempest.lib.common.fixed_network [-] (ServerDiagnosticsNegativeTest:test_get_server_diagnostics_by_non_admin) Found network None available for tenant
2025-05-07 07:06:06.708 70332 INFO tempest.lib.common.rest_client [req-ffc86c39-eaff-4f0d-8eb8-c94c7021b713 req-ffc86c39-eaff-4f0d-8eb8-c94c7021b713 ] Request (ImagesTestJSON:setUpClass): 200 PUT http://10.180.1.21:9696/networking/v2.0/routers/f2f43110-75cf-41f7-9db1-d863dd6785c7/add_router_interface 3.079s
