2025-05-07 07:06:34.806 70343 INFO tempest.lib.common.rest_client [req-35e9ec17-cbcd-40fe-a32b-2f731df2aae7 req-35e9ec17-cbcd-40fe-a32b-2f731df2aae7 ] Request (ServersV294TestFqdnHostnames:setUpClass): 200 GET http://10.180.1.21/compute/v2.1/servers/ad0c405f-48c8-4726-8e95-eb83a6e158fe 0.593s
2025-05-07 07:06:34.810 70315 INFO tempest.lib.common.rest_client [req-fc33c8db-b817-45d8-a36b-da510bf2493a req-fc33c8db-b817-45d8-a36b-da510bf2493a ] Request (ImagesOneServerTestJSON:test_create_image_specify_multibyte_character_image_name): 200 GET http://10.180.1.21/compute/v2.1/images/c05a1212-9935-4ef6-b538-e562efbce525 0.578s
2025-05-07 07:06:34.955 70357 INFO tempest.lib.common.rest_client [req-6161801b-68a0-4911-a482-785e0a6d21de req-6161801b-68a0-4911-a482-785e0a6d21de ] Request (ServersTestFqdnHostnames:test_create_server_with_fqdn_name): 200 GET http://10.180.1.21/compute/v2.1/servers/5743a020-0c09-45ec-aca4-5ce367cc201a 0.454s
2025-05-07 07:06:34.981 70305 INFO tempest.lib.common.rest_client [req-ed2091ae-e890-4260-9f87-d3cc81d5ae98 req-ed2091ae-e890-4260-9f87-d3cc81d5ae98 ] Request (ServersTestManualDisk:setUpClass): 200 POST http://10.180.1.21/compute/v2.1/os-keypairs 0.534s
2025-05-07 07:06:35.022 70307 INFO tempest.lib.common.rest_client [req-efa599cc-a5c5-4a07-8e94-284baecd450d req-efa599cc-a5c5-4a07-8e94-284baecd450d ] Request (AttachInterfacesUnderV243Test:test_add_remove_fixed_ip): 200 GET http://10.180.1.21/compute/v2.1/servers/743a4a52-ce35-4ec1-9286-e0c470e87186/os-interface/bbcc00a3-079c-427d-9966-920e8614cd44 0.363s
2025-05-07 07:06:35.119 70349 INFO tempest.lib.common.rest_client [req-54a788ce-52a2-4d5c-ac19-a7eb784d8628 req-54a788ce-52a2-4d5c-ac19-a7eb784d8628 ] Request (MigrationsAdminTest:test_list_migrations_in_flavor_resize_situation): 200 GET http://10.180.1.21/compute/v2.1/servers/35fdf25e-c8c0-4123-a95a-2a4c1a504f99 0.402s
2025-05-07 07:06:35.127 70349 INFO tempest.common.waiters [-] State transition "VERIFY_RESIZE/None" ==> "ACTIVE/None" after 24 second wait
2025-05-07 07:06:35.161 70363 INFO tempest.lib.common.rest_client [req-f55a078a-c755-475b-b2cf-d425e5e9f5c6 req-f55a078a-c755-475b-b2cf-d425e5e9f5c6 ] Request (ServersTestBootFromVolume:setUpClass): 200 GET http://10.180.1.21/compute/v2.1/servers/67f59d53-c61b-48ad-b55d-710595e9dae3 0.468s
2025-05-07 07:06:35.171 70363 INFO tempest.common.waiters [-] State transition "BUILD/spawning" ==> "ACTIVE/None" after 35 second wait
2025-05-07 07:06:35.177 70303 INFO tempest.lib.common.rest_client [req-561c7368-e005-4719-b8ef-7698083a5c14 req-561c7368-e005-4719-b8ef-7698083a5c14 ] Request (ServerActionsTestJSON:setUpClass): 201 POST http://10.180.1.21:9696/networking/v2.0/routers 1.093s
2025-05-07 07:06:35.218 70335 INFO tempest.lib.common.rest_client [req-5f8192fc-d69e-4253-a9d9-3f19df3619dd req-5f8192fc-d69e-4253-a9d9-3f19df3619dd ] Request (ListServerFiltersTestJSON:test_list_servers_filtered_by_name_regex): 200 GET http://10.180.1.21/compute/v2.1/servers?name=%5E.%2A%5C-instance%5C-%5B0-9%5D%2B%24 0.475s
2025-05-07 07:06:35.239 70325 INFO tempest.lib.common.rest_client [req-064c490d-10f2-4a1b-b889-e4ef5499115e req-064c490d-10f2-4a1b-b889-e4ef5499115e ] Request (DeleteServersTestJSON:test_delete_server_while_in_attached_volume): 200 GET http://10.180.1.21/compute/v2.1/servers/3e109fff-94bd-41a9-bc43-373143b7fda5 0.454s
2025-05-07 07:06:35.264 70305 INFO tempest.lib.common.rest_client [req-79c38f38-bc50-4b7a-9b1c-245ab25ef9ca req-79c38f38-bc50-4b7a-9b1c-245ab25ef9ca ] Request (ServersTestManualDisk:setUpClass): 201 POST http://10.180.1.21:9696/networking/v2.0/security-groups 0.280s
2025-05-07 07:06:35.302 70327 INFO tempest.lib.common.rest_client [req-55d5181f-18e3-4e50-8598-7477d0b1de60 req-55d5181f-18e3-4e50-8598-7477d0b1de60 ] Request (ServerDiagnosticsTest:tearDownClass): 200 GET http://10.180.1.21/compute/v2.1/servers/78ba4fa9-4083-4204-a5b4-88cdcec6ca13 0.491s
2025-05-07 07:06:35.365 70351 INFO tempest.lib.common.rest_client [req-80dcfde6-c175-4373-bb40-1bc678352ec3 req-80dcfde6-c175-4373-bb40-1bc678352ec3 ] Request (SecurityGroupsTestJSON:test_server_security_groups): 200 GET http://10.180.1.21/compute/v2.1/servers/48162423-a117-437e-b171-9a40c7c6f49b 0.490s
2025-05-07 07:06:35.406 70305 INFO tempest.lib.common.rest_client [req-209c16ec-b991-444f-8012-2a5d2af00d37 req-209c16ec-b991-444f-8012-2a5d2af00d37 ] Request (ServersTestManualDisk:setUpClass): 201 POST http://10.180.1.21:9696/networking/v2.0/security-group-rules 0.141s
2025-05-07 07:06:35.557 70315 INFO tempest.lib.common.rest_client [req-0691ff01-9d8f-41de-a0c1-762ad9d53151 req-0691ff01-9d8f-41de-a0c1-762ad9d53151 ] Request (ImagesOneServerTestJSON:test_create_image_specify_multibyte_character_image_name): 200 GET http://10.180.1.21/compute/v2.1/servers/303c7ee1-8d26-460b-aab9-d55c71cf8a73 0.743s
2025-05-07 07:06:35.567 70341 INFO tempest.lib.common.rest_client [req-fcf837f4-814a-4124-b5d1-4c801098bbd3 req-fcf837f4-814a-4124-b5d1-4c801098bbd3 ] Request (ServerRescueTestJSONUnderV235:setUpClass): 200 GET http://10.180.1.21/compute/v2.1/servers/ebd9e006-a591-44f7-867c-041731b9d45a 0.583s
2025-05-07 07:06:35.600 70307 INFO tempest.lib.common.rest_client [req-dc3b1fb8-4a08-4249-b15f-610f494e4118 req-dc3b1fb8-4a08-4249-b15f-610f494e4118 ] Request (AttachInterfacesUnderV243Test:test_add_remove_fixed_ip): 200 GET http://10.180.1.21/compute/v2.1/servers/743a4a52-ce35-4ec1-9286-e0c470e87186/ips 0.576s
2025-05-07 07:06:35.639 70345 INFO tempest.lib.common.rest_client [req-35060636-c1f5-4578-9ca8-2e9b7d0402b7 req-35060636-c1f5-4578-9ca8-2e9b7d0402b7 ] Request (ServerAddressesNegativeTestJSON:tearDownClass): 200 GET http://10.180.1.21/compute/v2.1/servers/049c7405-3daf-4064-8770-efbbf15c832e 0.561s
2025-05-07 07:06:35.714 70305 INFO tempest.lib.common.rest_client [req-c13ca454-9670-401d-b4cf-0f719e8eca46 req-c13ca454-9670-401d-b4cf-0f719e8eca46 ] Request (ServersTestManualDisk:setUpClass): 201 POST http://10.180.1.21:9696/networking/v2.0/security-group-rules 0.308s
2025-05-07 07:06:35.716 70323 INFO tempest.lib.common.rest_client [req-0a8580d1-70e7-4fc0-a4bd-1f6415e689ec req-0a8580d1-70e7-4fc0-a4bd-1f6415e689ec ] Request (InstanceActionsV221TestJSON:test_get_list_deleted_instance_actions): 200 GET http://10.180.1.21/compute/v2.1/servers/fb6d0f81-0eb1-45aa-a3ad-d3958de582c0 0.561s
2025-05-07 07:06:35.801 70363 INFO tempest.lib.common.rest_client [req-bcfc75d9-73c0-4456-bc8b-0e25ac300729 req-bcfc75d9-73c0-4456-bc8b-0e25ac300729 ] Request (ServersTestBootFromVolume:setUpClass): 200 GET http://10.180.1.21/compute/v2.1/servers/67f59d53-c61b-48ad-b55d-710595e9dae3/os-interface 0.630s
2025-05-07 07:06:35.883 70349 INFO tempest.lib.common.rest_client [req-5cba38d2-bd6d-4825-bc0b-a7c6606e1737 req-5cba38d2-bd6d-4825-bc0b-a7c6606e1737 ] Request (MigrationsAdminTest:test_list_migrations_in_flavor_resize_situation): 200 GET http://10.180.1.21/compute/v2.1/servers/35fdf25e-c8c0-4123-a95a-2a4c1a504f99 0.756s
2025-05-07 07:06:35.902 70361 INFO tempest.lib.common.rest_client [req-64b59aae-c3ec-443d-bb05-6ade4f4ebab2 req-64b59aae-c3ec-443d-bb05-6ade4f4ebab2 ] Request (InstanceActionsNegativeTestJSON:setUpClass): 200 GET http://10.180.1.21/compute/v2.1/servers/bd242bac-cd36-4fff-9325-fc14d5ceb566 0.701s
2025-05-07 07:06:35.955 70335 INFO tempest.lib.common.rest_client [req-73bc658b-cb2e-464d-af66-f111d6846d4f req-73bc658b-cb2e-464d-af66-f111d6846d4f ] Request (ListServerFiltersTestJSON:test_list_servers_filtered_by_name_regex): 200 GET http://10.180.1.21/compute/v2.1/servers?name=%5E.%2A%5C-instance%5C-.%2A%24 0.735s
2025-05-07 07:06:36.005 70332 INFO tempest.lib.common.rest_client [req-2488dba6-0380-4a40-9402-d3db98a468d9 req-2488dba6-0380-4a40-9402-d3db98a468d9 ] Request (ImagesTestJSON:test_create_image_from_stopped_server): 200 GET http://10.180.1.21/compute/v2.1/servers/25957956-0d50-4b4f-8e5c-f55a1e182235 0.744s
2025-05-07 07:06:36.030 70311 INFO tempest.lib.common.rest_client [req-055d23b7-b1e9-4c4a-95d2-0032a2710968 req-055d23b7-b1e9-4c4a-95d2-0032a2710968 ] Request (ServerDiagnosticsNegativeTest:test_get_server_diagnostics_by_non_admin): 200 GET http://10.180.1.21/compute/v2.1/servers/bb0e9037-42d5-43ae-b0e6-f08c9a2e6ec7 0.729s
2025-05-07 07:06:36.112 70317 INFO tempest.lib.common.rest_client [req-68a0db22-810e-4036-8293-946f1e9cf53d req-68a0db22-810e-4036-8293-946f1e9cf53d ] Request (ServersAdmin275Test:test_rebuild_update_server_275): 200 GET http://10.180.1.21/compute/v2.1/servers/365b8207-f49b-4ee7-af6f-9d271eed2e38 0.753s
2025-05-07 07:06:36.123 70353 INFO tempest.lib.common.rest_client [req-c0122a14-720e-4a9c-bba6-aca0168da139 req-c0122a14-720e-4a9c-bba6-aca0168da139 ] Request (ServerMetadataTestJSON:tearDownClass): 200 GET http://10.180.1.21/compute/v2.1/servers/6efb0df5-0435-424a-b4cc-1eaefdcf388d 0.742s
2025-05-07 07:06:36.248 70313 INFO tempest.lib.common.rest_client [req-59834389-4ba7-4a27-8fa7-ba1de65b9a2f req-59834389-4ba7-4a27-8fa7-ba1de65b9a2f ] Request (DeleteServersAdminTestJSON:test_delete_server_while_in_error_state): 200 GET http://10.180.1.21/compute/v2.1/servers/9d1b0a5f-e096-4641-a077-f0949135efbb 0.801s
2025-05-07 07:06:36.295 70329 INFO tempest.lib.common.rest_client [req-a0258328-d1a4-441c-bf5e-6b3814529b8f req-a0258328-d1a4-441c-bf5e-6b3814529b8f ] Request (FloatingIPsAssociationNegativeTestJSON:setUpClass): 200 GET http://10.180.1.21/compute/v2.1/servers/5ba60eb7-ee6f-47e2-b6ca-b54817dab371 0.760s
2025-05-07 07:06:36.363 70307 INFO tempest.lib.common.rest_client [req-cd176fa1-dc4d-4ff6-b969-923b0ec82599 req-cd176fa1-dc4d-4ff6-b969-923b0ec82599 ] Request (AttachInterfacesUnderV243Test:test_add_remove_fixed_ip): 202 POST http://10.180.1.21/compute/v2.1/servers/743a4a52-ce35-4ec1-9286-e0c470e87186/action 0.761s
2025-05-07 07:06:36.382 70339 INFO tempest.lib.common.rest_client [req-e39a64a9-e56b-417b-aa15-481df53fe20f req-e39a64a9-e56b-417b-aa15-481df53fe20f ] Request (ServersListShow296Test:test_list_show_update_rebuild_server_296): 200 GET http://10.180.1.21/compute/v2.1/servers/d73153ad-9258-4c3c-9699-b6364408d631 0.835s
2025-05-07 07:06:36.468 70301 INFO tempest.lib.common.rest_client [req-3d992e90-a94c-4ec9-a0be-15d390b0401b req-3d992e90-a94c-4ec9-a0be-15d390b0401b ] Request (FloatingIPsAssociationTestJSON:test_associate_already_associated_floating_ip): 200 GET http://10.180.1.21/compute/v2.1/servers/24641406-5292-4497-b34f-9af0dcdc58d7 0.854s
2025-05-07 07:06:36.478 70301 INFO tempest.common.waiters [-] State transition "BUILD/scheduling" ==> "BUILD/None" after 17 second wait
2025-05-07 07:06:36.564 70343 INFO tempest.lib.common.rest_client [req-859bf4d2-a6f0-444a-af40-1864f063736e req-859bf4d2-a6f0-444a-af40-1864f063736e ] Request (ServersV294TestFqdnHostnames:setUpClass): 200 GET http://10.180.1.21/compute/v2.1/servers/ad0c405f-48c8-4726-8e95-eb83a6e158fe 0.743s
2025-05-07 07:06:36.613 70349 INFO tempest.lib.common.rest_client [req-145168e6-cfc5-4950-8714-abe24a5ffd70 req-145168e6-cfc5-4950-8714-abe24a5ffd70 ] Request (MigrationsAdminTest:test_list_migrations_in_flavor_resize_situation): 200 POST http://10.180.1.21/compute/v2.1/os-keypairs 0.702s
2025-05-07 07:06:36.620 70347 INFO tempest.lib.common.rest_client [req-d3112ac2-27cc-4ee6-8638-fa48740201b2 req-d3112ac2-27cc-4ee6-8638-fa48740201b2 ] Request (ServerDiskConfigTestJSON:test_rebuild_server_with_auto_disk_config): 200 GET http://10.180.1.21/compute/v2.1/servers/f9124657-d1c5-4a93-9d4a-3b06ca60ec63 0.837s
2025-05-07 07:06:36.684 70335 INFO tempest.lib.common.rest_client [req-99513aba-813d-4c58-a4e8-1a956ce94afb req-99513aba-813d-4c58-a4e8-1a956ce94afb ] Request (ListServerFiltersTestJSON:test_list_servers_filtered_by_name_regex): 200 GET http://10.180.1.21/compute/v2.1/servers?name=-980709145 0.726s
2025-05-07 07:06:36.747 70325 INFO tempest.lib.common.rest_client [req-b371e6ce-3d53-4fb2-b33f-ccf9077e8664 req-b371e6ce-3d53-4fb2-b33f-ccf9077e8664 ] Request (DeleteServersTestJSON:test_delete_server_while_in_attached_volume): 200 GET http://10.180.1.21/compute/v2.1/servers/3e109fff-94bd-41a9-bc43-373143b7fda5 0.496s
2025-05-07 07:06:36.819 70327 INFO tempest.lib.common.rest_client [req-1142eea0-e3d5-4371-bf24-a420a1c291e2 req-1142eea0-e3d5-4371-bf24-a420a1c291e2 ] Request (ServerDiagnosticsTest:tearDownClass): 200 GET http://10.180.1.21/compute/v2.1/servers/78ba4fa9-4083-4204-a5b4-88cdcec6ca13 0.506s
2025-05-07 07:06:36.819 70349 INFO tempest.lib.common.rest_client [req-4f3e1368-1e24-4c23-b6f2-ff62f6e41b93 req-4f3e1368-1e24-4c23-b6f2-ff62f6e41b93 ] Request (MigrationsAdminTest:test_list_migrations_in_flavor_resize_situation): 201 POST http://10.180.1.21:9696/networking/v2.0/security-groups 0.205s
2025-05-07 07:06:36.847 70307 INFO tempest.lib.common.rest_client [req-c6283536-8cc8-4624-824e-a3f4d8844016 req-c6283536-8cc8-4624-824e-a3f4d8844016 ] Request (AttachInterfacesUnderV243Test:test_add_remove_fixed_ip): 200 GET http://10.180.1.21/compute/v2.1/servers/743a4a52-ce35-4ec1-9286-e0c470e87186/ips 0.483s
2025-05-07 07:06:36.912 70351 INFO tempest.lib.common.rest_client [req-83f2e739-0361-49ff-a029-a61b35c17e48 req-83f2e739-0361-49ff-a029-a61b35c17e48 ] Request (SecurityGroupsTestJSON:test_server_security_groups): 200 GET http://10.180.1.21/compute/v2.1/servers/48162423-a117-437e-b171-9a40c7c6f49b 0.533s
2025-05-07 07:06:37.164 70357 INFO tempest.lib.common.rest_client [req-250c04ff-08a0-4b87-ab2f-636e0ed4101d req-250c04ff-08a0-4b87-ab2f-636e0ed4101d ] Request (ServersTestFqdnHostnames:test_create_server_with_fqdn_name): 200 GET http://10.180.1.21/compute/v2.1/servers/5743a020-0c09-45ec-aca4-5ce367cc201a 1.197s
2025-05-07 07:06:37.277 70303 INFO tempest.lib.common.rest_client [req-be539c02-9939-4c29-a2ca-77d0f9a2ac70 req-be539c02-9939-4c29-a2ca-77d0f9a2ac70 ] Request (ServerActionsTestJSON:setUpClass): 200 PUT http://10.180.1.21:9696/networking/v2.0/routers/3c06e8fc-80e1-483f-a746-27e3699d3232/add_router_interface 2.099s
2025-05-07 07:06:37.277 70303 INFO tempest.lib.common.dynamic_creds [-] Created isolated network resources for: credentials: Credentials: {'domain_id': 'default', 'domain_name': 'Default', 'username': 'tempest-ServerActionsTestJSON-676534199-project-member', 'project_domain_id': 'default', 'project_domain_name': 'Default', 'project_id': 'efe64e69253d49a6a1146f240506ce39', 'project_name': 'tempest-ServerActionsTestJSON-676534199', 'tenant_id': 'efe64e69253d49a6a1146f240506ce39', 'tenant_name': 'tempest-ServerActionsTestJSON-676534199', 'user_domain_id': 'default', 'user_domain_name': 'Default', 'user_id': 'd08d17e3ac5f40c6890dc8dcc4c559d3', 'system': None}, Network: {'id': 'c468ab94-e60e-4d1a-bf81-0ebb1f752288', 'name': 'tempest-ServerActionsTestJSON-177591604-network', 'tenant_id': 'efe64e69253d49a6a1146f240506ce39', 'admin_state_up': True, 'mtu': 8950, 'status': 'ACTIVE', 'subnets': [], 'shared': False, 'project_id': 'efe64e69253d49a6a1146f240506ce39', 'port_security_enabled': True, 'router:external': False, 'provider:network_type': 'vlan', 'provider:physical_network': 'default', 'provider:segmentation_id': 736, 'availability_zone_hints': [], 'availability_zones': [], 'ipv4_address_scope': None, 'ipv6_address_scope': None, 'description': '', 'tags': [], 'created_at': '2025-05-07T07:06:33Z', 'updated_at': '2025-05-07T07:06:33Z', 'revision_number': 1}, Subnet: {'id': 'ae54a203-474c-4e22-9587-e59914c30124', 'name': 'tempest-ServerActionsTestJSON-177591604-subnet', 'tenant_id': 'efe64e69253d49a6a1146f240506ce39', 'network_id': 'c468ab94-e60e-4d1a-bf81-0ebb1f752288', 'ip_version': 4, 'subnetpool_id': None, 'enable_dhcp': True, 'ipv6_ra_mode': None, 'ipv6_address_mode': None, 'gateway_ip': '192.168.128.1', 'cidr': '192.168.128.0/28', 'allocation_pools': [{'start': '192.168.128.2', 'end': '192.168.128.14'}], 'host_routes': [], 'dns_nameservers': [], 'description': '', 'router:external': False, 'service_types': [], 'tags': [], 'created_at': '2025-05-07T07:06:33Z', 'updated_at': '2025-05-07T07:06:33Z', 'revision_number': 0, 'project_id': 'efe64e69253d49a6a1146f240506ce39'}, Router: {'id': '3c06e8fc-80e1-483f-a746-27e3699d3232', 'name': 'tempest-ServerActionsTestJSON-177591604-router', 'tenant_id': 'efe64e69253d49a6a1146f240506ce39', 'admin_state_up': True, 'status': 'ACTIVE', 'external_gateway_info': {'network_id': 'fc78d5f9-6aee-4811-b7a3-08f6be59c4d1', 'external_fixed_ips': [{'subnet_id': 'dc28970b-f829-44fd-8a06-617e63dad6c0', 'ip_address': '10.180.180.202'}], 'enable_snat': True}, 'description': '', 'availability_zones': [], 'distributed': False, 'ha': False, 'availability_zone_hints': [], 'routes': [], 'flavor_id': None, 'tags': [], 'created_at': '2025-05-07T07:06:34Z', 'updated_at': '2025-05-07T07:06:34Z', 'revision_number': 2, 'project_id': 'efe64e69253d49a6a1146f240506ce39'}
2025-05-07 07:06:37.284 70349 INFO tempest.lib.common.rest_client [req-1e766787-161f-40c2-868f-9ead9b667ef6 req-1e766787-161f-40c2-868f-9ead9b667ef6 ] Request (MigrationsAdminTest:test_list_migrations_in_flavor_resize_situation): 201 POST http://10.180.1.21:9696/networking/v2.0/security-group-rules 0.464s
2025-05-07 07:06:37.331 70315 INFO tempest.lib.common.rest_client [req-ed012cee-240c-4914-8134-ee9ef8dcbafd req-ed012cee-240c-4914-8134-ee9ef8dcbafd ] Request (ImagesOneServerTestJSON:test_create_image_specify_multibyte_character_image_name): 200 GET http://10.180.1.21/compute/v2.1/servers/303c7ee1-8d26-460b-aab9-d55c71cf8a73 0.763s
2025-05-07 07:06:37.341 70315 INFO tempest.common.waiters [-] State transition "ACTIVE/image_uploading" ==> "ACTIVE/None" after 2 second wait
2025-05-07 07:06:37.354 70345 INFO tempest.lib.common.rest_client [req-458fb3d2-786d-41b3-88dc-7bb5827f0bb1 req-458fb3d2-786d-41b3-88dc-7bb5827f0bb1 ] Request (ServerAddressesNegativeTestJSON:tearDownClass): 404 GET http://10.180.1.21/compute/v2.1/servers/049c7405-3daf-4064-8770-efbbf15c832e 0.701s
2025-05-07 07:06:37.356 70303 INFO tempest.lib.common.rest_client [req-8e208889-96a8-414b-a12b-acb837092d5f req-8e208889-96a8-414b-a12b-acb837092d5f ] Request (ServerActionsTestJSON:setUpClass): 201 POST http://10.180.1.21/identity/v3/auth/tokens 0.075s
2025-05-07 07:06:37.377 70305 INFO tempest.lib.common.rest_client [req-fb0e2aac-61e6-453f-8444-ce54128bd933 req-fb0e2aac-61e6-453f-8444-ce54128bd933 ] Request (ServersTestManualDisk:setUpClass): 201 POST http://10.180.1.21:9696/networking/v2.0/floatingips 1.662s
2025-05-07 07:06:37.387 70341 INFO tempest.lib.common.rest_client [req-69a445df-7d0f-4c72-927e-b73955811f3a req-69a445df-7d0f-4c72-927e-b73955811f3a ] Request (ServerRescueTestJSONUnderV235:setUpClass): 200 GET http://10.180.1.21/compute/v2.1/servers/ebd9e006-a591-44f7-867c-041731b9d45a 0.811s
2025-05-07 07:06:37.400 70341 INFO tempest.common.waiters [-] State transition "ACTIVE/rescuing" ==> "RESCUE/None" after 10 second wait
2025-05-07 07:06:37.401 70335 INFO tempest.lib.common.rest_client [req-6c7f7e6f-d7f7-46d8-b24e-f9af80b26e77 req-6c7f7e6f-d7f7-46d8-b24e-f9af80b26e77 ] Request (ListServerFiltersTestJSON:test_list_servers_filtered_by_name_wildcard): 200 GET http://10.180.1.21/compute/v2.1/servers?name=-instance 0.713s
2025-05-07 07:06:37.418 70305 INFO tempest.lib.common.rest_client [req-6a84103e-3f6f-44ec-bc20-1198ce64779c req-6a84103e-3f6f-44ec-bc20-1198ce64779c ] Request (ServersTestManualDisk:setUpClass): 201 POST http://10.180.1.21/identity/v3/auth/tokens 0.035s
2025-05-07 07:06:37.418 70305 INFO tempest.lib.common.fixed_network [-] (ServersTestManualDisk:setUpClass) Found network {'id': 'ef4d362f-fee5-4ed0-a85b-2cdf67ac5652', 'name': 'tempest-ServersTestManualDisk-904295664-network', 'tenant_id': '47175f0d16ed47f1bce853c13287bdc9', 'admin_state_up': True, 'mtu': 8950, 'status': 'ACTIVE', 'subnets': [], 'shared': False, 'project_id': '47175f0d16ed47f1bce853c13287bdc9', 'port_security_enabled': True, 'router:external': False, 'provider:network_type': 'vlan', 'provider:physical_network': 'default', 'provider:segmentation_id': 48, 'availability_zone_hints': [], 'availability_zones': [], 'ipv4_address_scope': None, 'ipv6_address_scope': None, 'description': '', 'tags': [], 'created_at': '2025-05-07T07:06:30Z', 'updated_at': '2025-05-07T07:06:30Z', 'revision_number': 1} available for tenant
2025-05-07 07:06:37.512 70323 INFO tempest.lib.common.rest_client [req-570ebd5f-77ad-4705-aa87-310fd0dbad6e req-570ebd5f-77ad-4705-aa87-310fd0dbad6e ] Request (InstanceActionsV221TestJSON:test_get_list_deleted_instance_actions): 200 GET http://10.180.1.21/compute/v2.1/servers/fb6d0f81-0eb1-45aa-a3ad-d3958de582c0 0.783s
2025-05-07 07:06:37.513 70363 INFO tempest.lib.common.rest_client [req-1e352645-9c04-4c4a-bac0-98b4f3693c6c req-1e352645-9c04-4c4a-bac0-98b4f3693c6c ] Request (ServersTestBootFromVolume:setUpClass): 200 PUT http://10.180.1.21:9696/networking/v2.0/floatingips/a41203bb-0943-4176-9e91-f828f87e94ad 1.709s
2025-05-07 07:06:37.517 70349 INFO tempest.lib.common.rest_client [req-86b6b7ec-691c-42c5-8b6e-aab33d2727a1 req-86b6b7ec-691c-42c5-8b6e-aab33d2727a1 ] Request (MigrationsAdminTest:test_list_migrations_in_flavor_resize_situation): 201 POST http://10.180.1.21:9696/networking/v2.0/security-group-rules 0.233s
2025-05-07 07:06:37.522 70361 INFO tempest.lib.common.rest_client [req-03ccebe0-9889-4db4-89cd-7abbeec7aa49 req-03ccebe0-9889-4db4-89cd-7abbeec7aa49 ] Request (InstanceActionsNegativeTestJSON:setUpClass): 200 GET http://10.180.1.21/compute/v2.1/servers/bd242bac-cd36-4fff-9325-fc14d5ceb566 0.603s
2025-05-07 07:06:37.585 70311 INFO tempest.lib.common.rest_client [req-7f1909cf-e1ba-40bc-b377-491ebf6e96e6 req-7f1909cf-e1ba-40bc-b377-491ebf6e96e6 ] Request (ServerDiagnosticsNegativeTest:test_get_server_diagnostics_by_non_admin): 200 GET http://10.180.1.21/compute/v2.1/servers/bb0e9037-42d5-43ae-b0e6-f08c9a2e6ec7 0.540s
2025-05-07 07:06:37.606 70332 INFO tempest.lib.common.rest_client [req-e70e8b1a-3df9-4aaa-a4cd-c0d49d20f7ec req-e70e8b1a-3df9-4aaa-a4cd-c0d49d20f7ec ] Request (ImagesTestJSON:test_create_image_from_stopped_server): 200 GET http://10.180.1.21/compute/v2.1/servers/25957956-0d50-4b4f-8e5c-f55a1e182235 0.588s
2025-05-07 07:06:37.665 70353 INFO tempest.lib.common.rest_client [req-9b448bf3-ff61-4e58-9759-dc4c987dc359 req-9b448bf3-ff61-4e58-9759-dc4c987dc359 ] Request (ServerMetadataTestJSON:tearDownClass): 200 GET http://10.180.1.21/compute/v2.1/servers/6efb0df5-0435-424a-b4cc-1eaefdcf388d 0.534s
2025-05-07 07:06:37.688 70317 INFO tempest.lib.common.rest_client [req-9ffe632b-4f00-46d7-9dd5-741e6649af0f req-9ffe632b-4f00-46d7-9dd5-741e6649af0f ] Request (ServersAdmin275Test:test_rebuild_update_server_275): 200 GET http://10.180.1.21/compute/v2.1/servers/365b8207-f49b-4ee7-af6f-9d271eed2e38 0.556s
2025-05-07 07:06:37.731 70313 INFO tempest.lib.common.rest_client [req-8976c964-d7c1-4456-bd74-e0eb85f973be req-8976c964-d7c1-4456-bd74-e0eb85f973be ] Request (DeleteServersAdminTestJSON:test_delete_server_while_in_error_state): 200 GET http://10.180.1.21/compute/v2.1/servers/9d1b0a5f-e096-4641-a077-f0949135efbb 0.470s
2025-05-07 07:06:37.853 70315 INFO tempest.lib.common.rest_client [req-cf54c538-8b5b-45d9-9a02-302796ee005d req-cf54c538-8b5b-45d9-9a02-302796ee005d ] Request (ImagesOneServerTestJSON:tearDownClass): 204 DELETE http://10.180.1.21/compute/v2.1/images/c05a1212-9935-4ef6-b538-e562efbce525 0.510s
2025-05-07 07:06:37.862 70329 INFO tempest.lib.common.rest_client [req-7182a570-1d10-491e-9f99-88b2dfe270b2 req-7182a570-1d10-491e-9f99-88b2dfe270b2 ] Request (FloatingIPsAssociationNegativeTestJSON:setUpClass): 200 GET http://10.180.1.21/compute/v2.1/servers/5ba60eb7-ee6f-47e2-b6ca-b54817dab371 0.551s
2025-05-07 07:06:37.923 70303 INFO tempest.lib.common.rest_client [req-2412daf4-3a1e-4ddd-85b7-4e57d329de00 req-2412daf4-3a1e-4ddd-85b7-4e57d329de00 ] Request (ServerActionsTestJSON:setUpClass): 200 POST http://10.180.1.21/compute/v2.1/os-keypairs 0.564s
2025-05-07 07:06:37.948 70339 INFO tempest.lib.common.rest_client [req-451a86c1-543a-404d-adbd-5443f6ec92af req-451a86c1-543a-404d-adbd-5443f6ec92af ] Request (ServersListShow296Test:test_list_show_update_rebuild_server_296): 200 GET http://10.180.1.21/compute/v2.1/servers/d73153ad-9258-4c3c-9699-b6364408d631 0.550s
2025-05-07 07:06:38.017 70335 INFO tempest.lib.common.rest_client [req-64f13ea0-3c1e-43bc-9d20-8a61894188e8 req-64f13ea0-3c1e-43bc-9d20-8a61894188e8 ] Request (ListServerFiltersTestJSON:test_list_servers_filtered_by_name_wildcard): 200 GET http://10.180.1.21/compute/v2.1/servers?name=t-ListServerFiltersTestJSON-instance-98070914 0.614s
2025-05-07 07:06:38.135 70303 INFO tempest.lib.common.rest_client [req-fa66300f-0a69-4fff-a5cd-96c74ea1a983 req-fa66300f-0a69-4fff-a5cd-96c74ea1a983 ] Request (ServerActionsTestJSON:setUpClass): 201 POST http://10.180.1.21:9696/networking/v2.0/security-groups 0.210s
2025-05-07 07:06:38.186 70341 INFO tempest.lib.common.rest_client [req-2fe8486b-706f-440f-bcc4-4438482674cb req-2fe8486b-706f-440f-bcc4-4438482674cb ] Request (ServerRescueTestJSONUnderV235:test_rescued_vm_add_remove_security_group): 200 POST http://10.180.1.21/compute/v2.1/os-security-groups 0.785s
2025-05-07 07:06:38.278 70301 INFO tempest.lib.common.rest_client [req-b07fd851-aa79-4480-bf7c-b55711090273 req-b07fd851-aa79-4480-bf7c-b55711090273 ] Request (FloatingIPsAssociationTestJSON:test_associate_already_associated_floating_ip): 200 GET http://10.180.1.21/compute/v2.1/servers/24641406-5292-4497-b34f-9af0dcdc58d7 0.799s
2025-05-07 07:06:38.314 70303 INFO tempest.lib.common.rest_client [req-567e7569-e086-4e13-9153-0c0363dfc7f5 req-567e7569-e086-4e13-9153-0c0363dfc7f5 ] Request (ServerActionsTestJSON:setUpClass): 201 POST http://10.180.1.21:9696/networking/v2.0/security-group-rules 0.178s
2025-05-07 07:06:38.359 70349 INFO tempest.lib.common.rest_client [req-c7fcb840-59ec-43ce-b349-fc231221f201 req-c7fcb840-59ec-43ce-b349-fc231221f201 ] Request (MigrationsAdminTest:test_list_migrations_in_flavor_resize_situation): 201 POST http://10.180.1.21:9696/networking/v2.0/floatingips 0.841s
2025-05-07 07:06:38.430 70355 WARNING tempest.lib.common.ssh [-] Failed to establish authenticated ssh connection to cirros@10.180.180.159 ([Errno None] Unable to connect to port 22 on 10.180.180.159). Number attempts: 1. Retry after 2 seconds.: paramiko.ssh_exception.NoValidConnectionsError: [Errno None] Unable to connect to port 22 on 10.180.180.159
2025-05-07 07:06:38.524 70303 INFO tempest.lib.common.rest_client [req-0131451e-1cd0-4e3a-9abb-01b592df4b52 req-0131451e-1cd0-4e3a-9abb-01b592df4b52 ] Request (ServerActionsTestJSON:setUpClass): 201 POST http://10.180.1.21:9696/networking/v2.0/security-group-rules 0.209s
2025-05-07 07:06:38.546 70363 INFO tempest.lib.common.rest_client [req-f63b7f17-6bc6-4827-b842-e24b2034bdc9 req-f63b7f17-6bc6-4827-b842-e24b2034bdc9 ] Request (ServersTestBootFromVolume:setUpClass): 200 GET http://10.180.1.21/compute/v2.1/servers/67f59d53-c61b-48ad-b55d-710595e9dae3 1.033s
2025-05-07 07:06:38.559 70363 INFO tempest.lib.common.ssh [-] Creating ssh connection to '10.180.180.233:22' as 'cirros' with public key authentication
2025-05-07 07:06:38.577 70345 INFO tempest.lib.common.rest_client [req-ebc6ea0f-d4d6-4dc6-950c-8807365a8176 req-ebc6ea0f-d4d6-4dc6-950c-8807365a8176 ] Request (ServerAddressesNegativeTestJSON:tearDownClass): 200 PUT http://10.180.1.21:9696/networking/v2.0/routers/197b4983-be57-41ef-aa2e-7313a2c21eae/remove_router_interface 1.222s
2025-05-07 07:06:38.635 70343 INFO tempest.lib.common.rest_client [req-d52a185c-bdd7-4209-805e-9476fa58be0f req-d52a185c-bdd7-4209-805e-9476fa58be0f ] Request (ServersV294TestFqdnHostnames:setUpClass): 200 GET http://10.180.1.21/compute/v2.1/servers/ad0c405f-48c8-4726-8e95-eb83a6e158fe 1.059s
2025-05-07 07:06:38.767 70305 INFO tempest.lib.common.rest_client [req-96d52cbc-d7c5-4df2-9349-97eb8200c851 req-96d52cbc-d7c5-4df2-9349-97eb8200c851 ] Request (ServersTestManualDisk:setUpClass): 202 POST http://10.180.1.21/compute/v2.1/servers 1.348s
2025-05-07 07:06:38.815 70321 WARNING tempest.lib.common.ssh [-] Failed to establish authenticated ssh connection to cirros@10.180.180.198 ([Errno None] Unable to connect to port 22 on 10.180.180.198). Number attempts: 7. Retry after 8 seconds.: paramiko.ssh_exception.NoValidConnectionsError: [Errno None] Unable to connect to port 22 on 10.180.180.198
2025-05-07 07:06:38.852 70325 INFO tempest.lib.common.rest_client [req-dea73567-676e-40cd-bff9-73d67aa5a99d req-dea73567-676e-40cd-bff9-73d67aa5a99d ] Request (DeleteServersTestJSON:test_delete_server_while_in_attached_volume): 200 GET http://10.180.1.21/compute/v2.1/servers/3e109fff-94bd-41a9-bc43-373143b7fda5 1.095s
2025-05-07 07:06:38.916 70347 INFO tempest.lib.common.rest_client [req-ecb644ae-c01b-40b2-9e90-feb6dd30a94e req-ecb644ae-c01b-40b2-9e90-feb6dd30a94e ] Request (ServerDiskConfigTestJSON:test_rebuild_server_with_auto_disk_config): 200 GET http://10.180.1.21/compute/v2.1/servers/f9124657-d1c5-4a93-9d4a-3b06ca60ec63 1.285s
2025-05-07 07:06:38.944 70327 INFO tempest.lib.common.rest_client [req-57a13ddc-8662-4f86-97a0-d8e3c38e440b req-57a13ddc-8662-4f86-97a0-d8e3c38e440b ] Request (ServerDiagnosticsTest:tearDownClass): 200 GET http://10.180.1.21/compute/v2.1/servers/78ba4fa9-4083-4204-a5b4-88cdcec6ca13 1.108s
2025-05-07 07:06:38.954 70307 INFO tempest.lib.common.rest_client [req-d71b2a1f-2edb-4d8f-9f3b-b8611f2d22b7 req-d71b2a1f-2edb-4d8f-9f3b-b8611f2d22b7 ] Request (AttachInterfacesUnderV243Test:test_add_remove_fixed_ip): 200 GET http://10.180.1.21/compute/v2.1/servers/743a4a52-ce35-4ec1-9286-e0c470e87186/ips 1.105s
2025-05-07 07:06:38.974 70315 INFO tempest.lib.common.rest_client [req-df65c091-6fdc-457c-8aa3-5db119afdb6d req-df65c091-6fdc-457c-8aa3-5db119afdb6d ] Request (ImagesOneServerTestJSON:tearDownClass): 404 DELETE http://10.180.1.21/compute/v2.1/images/7363fbc8-a570-4772-a912-a05e3c119422 1.120s
2025-05-07 07:06:39.022 70351 INFO tempest.lib.common.rest_client [req-6040eb42-22d9-4ccd-810e-8747a81c2152 req-6040eb42-22d9-4ccd-810e-8747a81c2152 ] Request (SecurityGroupsTestJSON:test_server_security_groups): 200 GET http://10.180.1.21/compute/v2.1/servers/48162423-a117-437e-b171-9a40c7c6f49b 1.103s
2025-05-07 07:06:39.078 70335 INFO tempest.lib.common.rest_client [req-f68660f1-1e29-4f7c-a3ad-885f4d30144d req-f68660f1-1e29-4f7c-a3ad-885f4d30144d ] Request (ListServerFiltersTestJSON:tearDownClass): 204 DELETE http://10.180.1.21/compute/v2.1/servers/4a502d1e-8a86-4ec7-b1d6-9d68c3a47f9b 1.058s
2025-05-07 07:06:39.212 70357 INFO tempest.lib.common.rest_client [req-aa51428e-a6bd-4660-9ad9-aa58975bf392 req-aa51428e-a6bd-4660-9ad9-aa58975bf392 ] Request (ServersTestFqdnHostnames:test_create_server_with_fqdn_name): 200 GET http://10.180.1.21/compute/v2.1/servers/5743a020-0c09-45ec-aca4-5ce367cc201a 1.040s
2025-05-07 07:06:39.236 70349 INFO tempest.lib.common.rest_client [req-8d70b0dc-a045-4a74-ae61-5f7c96d1fb61 req-8d70b0dc-a045-4a74-ae61-5f7c96d1fb61 ] Request (MigrationsAdminTest:test_list_migrations_in_flavor_resize_situation): 200 GET http://10.180.1.21/compute/v2.1/os-migrations 0.876s
2025-05-07 07:06:39.277 70303 INFO tempest.lib.common.rest_client [req-7132cd49-231f-4d8a-8fd4-6a8af5aa7327 req-7132cd49-231f-4d8a-8fd4-6a8af5aa7327 ] Request (ServerActionsTestJSON:setUpClass): 201 POST http://10.180.1.21:9696/networking/v2.0/floatingips 0.753s
2025-05-07 07:06:39.317 70345 INFO tempest.lib.common.rest_client [req-f71a226c-89b7-47fc-865b-9c78200be1e1 req-f71a226c-89b7-47fc-865b-9c78200be1e1 ] Request (ServerAddressesNegativeTestJSON:tearDownClass): 204 DELETE http://10.180.1.21:9696/networking/v2.0/routers/197b4983-be57-41ef-aa2e-7313a2c21eae 0.739s
2025-05-07 07:06:39.321 70323 INFO tempest.lib.common.rest_client [req-24470c8f-0396-4fd8-b968-33dc6a4148c3 req-24470c8f-0396-4fd8-b968-33dc6a4148c3 ] Request (InstanceActionsV221TestJSON:test_get_list_deleted_instance_actions): 200 GET http://10.180.1.21/compute/v2.1/servers/fb6d0f81-0eb1-45aa-a3ad-d3958de582c0 0.796s
2025-05-07 07:06:39.344 70303 INFO tempest.lib.common.rest_client [req-82bcdd20-bd2e-45d5-8fcc-8a0cd24ea9ca req-82bcdd20-bd2e-45d5-8fcc-8a0cd24ea9ca ] Request (ServerActionsTestJSON:setUpClass): 201 POST http://10.180.1.21/identity/v3/auth/tokens 0.063s
2025-05-07 07:06:39.344 70303 INFO tempest.lib.common.fixed_network [-] (ServerActionsTestJSON:setUpClass) Found network {'id': 'c468ab94-e60e-4d1a-bf81-0ebb1f752288', 'name': 'tempest-ServerActionsTestJSON-177591604-network', 'tenant_id': 'efe64e69253d49a6a1146f240506ce39', 'admin_state_up': True, 'mtu': 8950, 'status': 'ACTIVE', 'subnets': [], 'shared': False, 'project_id': 'efe64e69253d49a6a1146f240506ce39', 'port_security_enabled': True, 'router:external': False, 'provider:network_type': 'vlan', 'provider:physical_network': 'default', 'provider:segmentation_id': 736, 'availability_zone_hints': [], 'availability_zones': [], 'ipv4_address_scope': None, 'ipv6_address_scope': None, 'description': '', 'tags': [], 'created_at': '2025-05-07T07:06:33Z', 'updated_at': '2025-05-07T07:06:33Z', 'revision_number': 1} available for tenant
2025-05-07 07:06:39.404 70361 INFO tempest.lib.common.rest_client [req-3bf60b90-13d7-4daa-b455-14169eef8db0 req-3bf60b90-13d7-4daa-b455-14169eef8db0 ] Request (InstanceActionsNegativeTestJSON:setUpClass): 200 GET http://10.180.1.21/compute/v2.1/servers/bd242bac-cd36-4fff-9325-fc14d5ceb566 0.871s
2025-05-07 07:06:39.478 70311 INFO tempest.lib.common.rest_client [req-15f24025-fa85-4654-8e5c-ad697d1a9506 req-15f24025-fa85-4654-8e5c-ad697d1a9506 ] Request (ServerDiagnosticsNegativeTest:test_get_server_diagnostics_by_non_admin): 200 GET http://10.180.1.21/compute/v2.1/servers/bb0e9037-42d5-43ae-b0e6-f08c9a2e6ec7 0.880s
2025-05-07 07:06:39.512 70345 INFO tempest.lib.common.rest_client [req-97ed02f3-2dce-4138-9540-b92fb8c94387 req-97ed02f3-2dce-4138-9540-b92fb8c94387 ] Request (ServerAddressesNegativeTestJSON:tearDownClass): 204 DELETE http://10.180.1.21:9696/networking/v2.0/subnets/dc257032-6718-477e-b347-0521480c8225 0.195s
2025-05-07 07:06:39.573 70332 INFO tempest.lib.common.rest_client [req-296ea147-2ff2-4645-8d1b-a30fbdc65ae4 req-296ea147-2ff2-4645-8d1b-a30fbdc65ae4 ] Request (ImagesTestJSON:test_create_image_from_stopped_server): 200 GET http://10.180.1.21/compute/v2.1/servers/25957956-0d50-4b4f-8e5c-f55a1e182235 0.953s
2025-05-07 07:06:39.591 70341 INFO tempest.lib.common.rest_client [req-a072f1e4-b119-4bb3-a98f-9fb0efc67e43 req-a072f1e4-b119-4bb3-a98f-9fb0efc67e43 ] Request (ServerRescueTestJSONUnderV235:test_rescued_vm_add_remove_security_group): 202 POST http://10.180.1.21/compute/v2.1/servers/ebd9e006-a591-44f7-867c-041731b9d45a/action 1.402s
2025-05-07 07:06:39.654 70317 INFO tempest.lib.common.rest_client [req-8aeccab6-134a-437c-a71c-b7fb34913092 req-8aeccab6-134a-437c-a71c-b7fb34913092 ] Request (ServersAdmin275Test:test_rebuild_update_server_275): 200 GET http://10.180.1.21/compute/v2.1/servers/365b8207-f49b-4ee7-af6f-9d271eed2e38 0.947s
2025-05-07 07:06:39.656 70353 INFO tempest.lib.common.rest_client [req-61c7fd33-f323-4dea-8e89-915f8a19724d req-61c7fd33-f323-4dea-8e89-915f8a19724d ] Request (ServerMetadataTestJSON:tearDownClass): 200 GET http://10.180.1.21/compute/v2.1/servers/6efb0df5-0435-424a-b4cc-1eaefdcf388d 0.979s
2025-05-07 07:06:39.720 70313 INFO tempest.lib.common.rest_client [req-69bff94b-a002-4153-b949-1a15b5fc8943 req-69bff94b-a002-4153-b949-1a15b5fc8943 ] Request (DeleteServersAdminTestJSON:test_delete_server_while_in_error_state): 200 GET http://10.180.1.21/compute/v2.1/servers/9d1b0a5f-e096-4641-a077-f0949135efbb 0.980s
2025-05-07 07:06:39.724 70305 INFO tempest.lib.common.rest_client [req-54d20175-2fb3-4a02-919b-ba3cf83561cc req-54d20175-2fb3-4a02-919b-ba3cf83561cc ] Request (ServersTestManualDisk:setUpClass): 200 GET http://10.180.1.21/compute/v2.1/servers/7af5a14d-f586-4746-9831-8be255581637 0.955s
2025-05-07 07:06:39.797 70339 INFO tempest.lib.common.rest_client [req-5536a0b9-7b3d-4336-b06d-a72a9beb2c15 req-5536a0b9-7b3d-4336-b06d-a72a9beb2c15 ] Request (ServersListShow296Test:test_list_show_update_rebuild_server_296): 200 GET http://10.180.1.21/compute/v2.1/servers/d73153ad-9258-4c3c-9699-b6364408d631 0.835s
2025-05-07 07:06:39.854 70329 INFO tempest.lib.common.rest_client [req-d08b80e8-e52f-4bee-8ae6-c7f397d0b419 req-d08b80e8-e52f-4bee-8ae6-c7f397d0b419 ] Request (FloatingIPsAssociationNegativeTestJSON:setUpClass): 200 GET http://10.180.1.21/compute/v2.1/servers/5ba60eb7-ee6f-47e2-b6ca-b54817dab371 0.982s
2025-05-07 07:06:39.878 70315 INFO tempest.lib.common.rest_client [req-faa58cab-1fce-404d-aab6-9ce762354452 req-faa58cab-1fce-404d-aab6-9ce762354452 ] Request (ImagesOneServerTestJSON:tearDownClass): 204 DELETE http://10.180.1.21/compute/v2.1/servers/303c7ee1-8d26-460b-aab9-d55c71cf8a73 0.904s
2025-05-07 07:06:39.887 70345 INFO tempest.lib.common.rest_client [req-7069ff67-0870-47e8-b967-a9ff4517fe40 req-7069ff67-0870-47e8-b967-a9ff4517fe40 ] Request (ServerAddressesNegativeTestJSON:tearDownClass): 204 DELETE http://10.180.1.21:9696/networking/v2.0/networks/bd8ca5c6-0338-43f1-9805-256a8c0e1ac7 0.374s
2025-05-07 07:06:39.892 70349 INFO tempest.lib.common.rest_client [req-0fd64d55-e142-46d9-8596-f2b835bd4be5 req-0fd64d55-e142-46d9-8596-f2b835bd4be5 ] Request (MigrationsAdminTest:test_resize_server_revert_deleted_flavor): 200 GET http://10.180.1.21/compute/v2.1/flavors/42 0.650s
2025-05-07 07:06:39.975 70345 INFO tempest.lib.common.rest_client [req-d050be43-3abb-434f-8a8d-342eb80b4934 req-d050be43-3abb-434f-8a8d-342eb80b4934 ] Request (ServerAddressesNegativeTestJSON:tearDownClass): 204 DELETE http://10.180.1.21/identity/v3/users/a151a7434f534a08928e77604bf89864 0.087s
2025-05-07 07:06:39.975 70345 INFO tempest.lib.common.dynamic_creds [-] Deleting project and security group for project: c45eb4f6d09840868b9307a14066cece
2025-05-07 07:06:39.985 70335 INFO tempest.lib.common.rest_client [req-d403e6c2-c37a-4451-a2ee-5b444abfc880 req-d403e6c2-c37a-4451-a2ee-5b444abfc880 ] Request (ListServerFiltersTestJSON:tearDownClass): 200 GET http://10.180.1.21/compute/v2.1/servers/4a502d1e-8a86-4ec7-b1d6-9d68c3a47f9b 0.906s
2025-05-07 07:06:40.005 70345 INFO tempest.lib.common.rest_client [req-86ea8989-1a7c-4f30-9197-a757e4889a68 req-86ea8989-1a7c-4f30-9197-a757e4889a68 ] Request (ServerAddressesNegativeTestJSON:tearDownClass): 200 GET http://10.180.1.21:9696/networking/v2.0/security-groups?tenant_id=c45eb4f6d09840868b9307a14066cece&name=default 0.026s
2025-05-07 07:06:40.132 70345 INFO tempest.lib.common.rest_client [req-75aa955b-162e-446a-a8b5-40333bcd7387 req-75aa955b-162e-446a-a8b5-40333bcd7387 ] Request (ServerAddressesNegativeTestJSON:tearDownClass): 204 DELETE http://10.180.1.21:9696/networking/v2.0/security-groups/c575ba64-975f-4527-9f8e-514d23fdbbf6 0.126s
2025-05-07 07:06:40.171 70301 INFO tempest.lib.common.rest_client [req-d935356a-4d00-4e8a-b4c5-105466445f66 req-d935356a-4d00-4e8a-b4c5-105466445f66 ] Request (FloatingIPsAssociationTestJSON:test_associate_already_associated_floating_ip): 200 GET http://10.180.1.21/compute/v2.1/servers/24641406-5292-4497-b34f-9af0dcdc58d7 0.875s
2025-05-07 07:06:40.241 70345 INFO tempest.lib.common.rest_client [req-bb863a45-54ac-4212-b2d8-14117ff917ca req-bb863a45-54ac-4212-b2d8-14117ff917ca ] Request (ServerAddressesNegativeTestJSON:tearDownClass): 204 DELETE http://10.180.1.21/identity/v3/projects/c45eb4f6d09840868b9307a14066cece 0.108s
2025-05-07 07:06:40.242 70345 INFO tempest.test [-] raised in ServerStableDeviceRescueTest.setUpClass. Invoking tearDownClass.
2025-05-07 07:06:40.319 70345 INFO tempest.lib.common.rest_client [req-a764f98f-d140-4eaa-a8e0-c5af29b15434 req-a764f98f-d140-4eaa-a8e0-c5af29b15434 ] Request (ServersTestJSON:setUpClass): 201 POST http://10.180.1.21/identity/v3/auth/tokens 0.076s
2025-05-07 07:06:40.360 70345 INFO tempest.lib.common.rest_client [req-a3903a10-9bdf-4ea5-a27f-eec9082628b3 req-a3903a10-9bdf-4ea5-a27f-eec9082628b3 ] Request (ServersTestJSON:setUpClass): 201 POST http://10.180.1.21/identity/v3/auth/tokens 0.036s
2025-05-07 07:06:40.396 70345 INFO tempest.lib.common.rest_client [req-8ecc38cb-e096-47e1-ac54-2460a2ff6ff3 req-8ecc38cb-e096-47e1-ac54-2460a2ff6ff3 ] Request (ServersTestJSON:setUpClass): 200 GET http://10.180.1.21/identity/v3/domains?name=Default 0.035s
2025-05-07 07:06:40.431 70345 INFO tempest.lib.common.rest_client [req-0647fc5e-6735-4904-8f1f-bceb7cac63e8 req-0647fc5e-6735-4904-8f1f-bceb7cac63e8 ] Request (ServersTestJSON:setUpClass): 201 POST http://10.180.1.21/identity/v3/projects 0.035s
2025-05-07 07:06:40.501 70303 INFO tempest.lib.common.rest_client [req-e2b7fec1-78e7-4274-8533-689685fed308 req-e2b7fec1-78e7-4274-8533-689685fed308 ] Request (ServerActionsTestJSON:setUpClass): 202 POST http://10.180.1.21/compute/v2.1/servers 1.156s
2025-05-07 07:06:40.511 70345 INFO tempest.lib.common.rest_client [req-4e82a302-f785-4e23-8cf2-5326d0460014 req-4e82a302-f785-4e23-8cf2-5326d0460014 ] Request (ServersTestJSON:setUpClass): 201 POST http://10.180.1.21/identity/v3/users 0.079s
2025-05-07 07:06:40.533 70345 INFO tempest.lib.common.rest_client [req-6f98c97b-92b1-446d-b0aa-cf877c390fb6 req-6f98c97b-92b1-446d-b0aa-cf877c390fb6 ] Request (ServersTestJSON:setUpClass): 200 GET http://10.180.1.21/identity/v3/roles 0.022s
2025-05-07 07:06:40.560 70345 INFO tempest.lib.common.rest_client [req-01dc0f5e-9b73-46a0-b58b-c6ea46c95bc0 req-01dc0f5e-9b73-46a0-b58b-c6ea46c95bc0 ] Request (ServersTestJSON:setUpClass): 204 PUT http://10.180.1.21/identity/v3/projects/7036b34d089a4ca0b779e9ab9b86cc77/users/c736b9b5674d47fcb03602e4eaea8cd3/roles/f2ee2dc4e5fd424dacfd54a2b78cc233 0.027s
2025-05-07 07:06:40.561 70345 INFO tempest.lib.common.dynamic_creds [-] Dynamic test user c736b9b5674d47fcb03602e4eaea8cd3 is created with scope project and roles: ['member']
2025-05-07 07:06:40.561 70345 INFO tempest.lib.common.dynamic_creds [-] Acquired dynamic creds: credentials: Credentials: {'domain_id': 'default', 'domain_name': 'Default', 'username': 'tempest-ServersTestJSON-915624429-project-member', 'project_domain_id': 'default', 'project_domain_name': 'Default', 'project_id': '7036b34d089a4ca0b779e9ab9b86cc77', 'project_name': 'tempest-ServersTestJSON-915624429', 'tenant_id': '7036b34d089a4ca0b779e9ab9b86cc77', 'tenant_name': 'tempest-ServersTestJSON-915624429', 'user_domain_id': 'default', 'user_domain_name': 'Default', 'user_id': 'c736b9b5674d47fcb03602e4eaea8cd3', 'system': None}, Network: None, Subnet: None, Router: None
2025-05-07 07:06:40.583 70341 INFO tempest.lib.common.rest_client [req-7b51b85b-da2f-4e2f-849a-0c0c702cee16 req-7b51b85b-da2f-4e2f-849a-0c0c702cee16 ] Request (ServerRescueTestJSONUnderV235:test_rescued_vm_add_remove_security_group): 202 POST http://10.180.1.21/compute/v2.1/servers/ebd9e006-a591-44f7-867c-041731b9d45a/action 0.991s
2025-05-07 07:06:40.615 70343 INFO tempest.lib.common.rest_client [req-e03522c5-9131-4180-89a8-c41eb17d898c req-e03522c5-9131-4180-89a8-c41eb17d898c ] Request (ServersV294TestFqdnHostnames:setUpClass): 200 GET http://10.180.1.21/compute/v2.1/servers/ad0c405f-48c8-4726-8e95-eb83a6e158fe 0.969s
2025-05-07 07:06:40.632 70345 INFO tempest.lib.common.rest_client [req-9092e1ec-cc85-40f1-bc0a-5f858a4a0881 req-9092e1ec-cc85-40f1-bc0a-5f858a4a0881 ] Request (ServersTestJSON:setUpClass): 201 POST http://10.180.1.21/identity/v3/auth/tokens 0.071s
2025-05-07 07:06:40.752 70325 INFO tempest.lib.common.rest_client [req-df1eadd2-56c4-4b37-bd6d-4256d3295d7e req-df1eadd2-56c4-4b37-bd6d-4256d3295d7e ] Request (DeleteServersTestJSON:test_delete_server_while_in_attached_volume): 200 GET http://10.180.1.21/compute/v2.1/servers/3e109fff-94bd-41a9-bc43-373143b7fda5 0.889s
2025-05-07 07:06:40.768 70325 INFO tempest.common.waiters [-] State transition "BUILD/None" ==> "BUILD/networking" after 30 second wait
2025-05-07 07:06:40.774 70349 INFO tempest.lib.common.rest_client [req-ebc94b75-5185-4ef2-906f-94286f10f8de req-ebc94b75-5185-4ef2-906f-94286f10f8de ] Request (MigrationsAdminTest:test_resize_server_revert_deleted_flavor): 200 POST http://10.180.1.21/compute/v2.1/flavors 0.877s
2025-05-07 07:06:40.830 70315 INFO tempest.lib.common.rest_client [req-2b9d0ff7-b0f7-49bc-9bb2-934314f5550c req-2b9d0ff7-b0f7-49bc-9bb2-934314f5550c ] Request (ImagesOneServerTestJSON:tearDownClass): 200 GET http://10.180.1.21/compute/v2.1/servers/303c7ee1-8d26-460b-aab9-d55c71cf8a73 0.951s
2025-05-07 07:06:40.860 70307 INFO tempest.lib.common.rest_client [req-a81f88e7-f0d1-4905-b68e-ed8602ce0490 req-a81f88e7-f0d1-4905-b68e-ed8602ce0490 ] Request (AttachInterfacesUnderV243Test:test_add_remove_fixed_ip): 200 GET http://10.180.1.21/compute/v2.1/servers/743a4a52-ce35-4ec1-9286-e0c470e87186/ips 0.904s
2025-05-07 07:06:40.915 70347 INFO tempest.lib.common.rest_client [req-31b58195-c3f4-441f-b123-b4380aabc18b req-31b58195-c3f4-441f-b123-b4380aabc18b ] Request (ServerDiskConfigTestJSON:test_rebuild_server_with_auto_disk_config): 200 GET http://10.180.1.21/compute/v2.1/servers/f9124657-d1c5-4a93-9d4a-3b06ca60ec63 0.986s
2025-05-07 07:06:40.927 70347 INFO tempest.common.waiters [-] State transition "BUILD/spawning" ==> "ACTIVE/None" after 38 second wait
2025-05-07 07:06:40.932 70327 INFO tempest.lib.common.rest_client [req-6e2bf5d7-873c-4e35-be37-49cd8905f09e req-6e2bf5d7-873c-4e35-be37-49cd8905f09e ] Request (ServerDiagnosticsTest:tearDownClass): 200 GET http://10.180.1.21/compute/v2.1/servers/78ba4fa9-4083-4204-a5b4-88cdcec6ca13 0.975s
2025-05-07 07:06:40.984 70345 INFO tempest.lib.common.rest_client [req-77f9dfb3-3a36-450e-963e-34cfe2543888 req-77f9dfb3-3a36-450e-963e-34cfe2543888 ] Request (ServersTestJSON:setUpClass): 201 POST http://10.180.1.21:9696/networking/v2.0/networks 0.352s
2025-05-07 07:06:41.000 70351 INFO tempest.lib.common.rest_client [req-03c7f475-1f5b-4e38-b3a5-77495a123330 req-03c7f475-1f5b-4e38-b3a5-77495a123330 ] Request (SecurityGroupsTestJSON:test_server_security_groups): 200 GET http://10.180.1.21/compute/v2.1/servers/48162423-a117-437e-b171-9a40c7c6f49b 0.968s
2025-05-07 07:06:41.074 70357 INFO tempest.lib.common.rest_client [req-949aab91-e35f-4839-b29c-7e325632029e req-949aab91-e35f-4839-b29c-7e325632029e ] Request (ServersTestFqdnHostnames:test_create_server_with_fqdn_name): 200 GET http://10.180.1.21/compute/v2.1/servers/5743a020-0c09-45ec-aca4-5ce367cc201a 0.853s
2025-05-07 07:06:41.085 70357 INFO tempest.common.waiters [-] State transition "BUILD/spawning" ==> "ACTIVE/None" after 35 second wait
2025-05-07 07:06:41.114 70323 INFO tempest.lib.common.rest_client [req-1ee49fa3-ba6c-4f0c-984f-e693f90ee4d2 req-1ee49fa3-ba6c-4f0c-984f-e693f90ee4d2 ] Request (InstanceActionsV221TestJSON:test_get_list_deleted_instance_actions): 200 GET http://10.180.1.21/compute/v2.1/servers/fb6d0f81-0eb1-45aa-a3ad-d3958de582c0 0.782s
2025-05-07 07:06:41.145 70361 INFO tempest.lib.common.rest_client [req-52242bbc-52be-4f59-a352-a30d69b0203a req-52242bbc-52be-4f59-a352-a30d69b0203a ] Request (InstanceActionsNegativeTestJSON:setUpClass): 200 GET http://10.180.1.21/compute/v2.1/servers/bd242bac-cd36-4fff-9325-fc14d5ceb566 0.729s
2025-05-07 07:06:41.179 70311 INFO tempest.lib.common.rest_client [req-b35aa166-90d1-4add-a0b4-114fe6a55e40 req-b35aa166-90d1-4add-a0b4-114fe6a55e40 ] Request (ServerDiagnosticsNegativeTest:test_get_server_diagnostics_by_non_admin): 200 GET http://10.180.1.21/compute/v2.1/servers/bb0e9037-42d5-43ae-b0e6-f08c9a2e6ec7 0.687s
2025-05-07 07:06:41.198 70303 INFO tempest.lib.common.rest_client [req-51a65259-fce7-4ce2-bfd9-c3198128efc0 req-51a65259-fce7-4ce2-bfd9-c3198128efc0 ] Request (ServerActionsTestJSON:setUpClass): 200 GET http://10.180.1.21/compute/v2.1/servers/4597a0b8-2c04-4755-8e0d-e00e5cdaacd7 0.695s
2025-05-07 07:06:41.242 70345 INFO tempest.lib.common.rest_client [req-27ff0d42-a4b2-4b7f-a98a-563749385a3d req-27ff0d42-a4b2-4b7f-a98a-563749385a3d ] Request (ServersTestJSON:setUpClass): 201 POST http://10.180.1.21:9696/networking/v2.0/subnets 0.257s
2025-05-07 07:06:41.264 70332 INFO tempest.lib.common.rest_client [req-7e1ec8c5-2187-4a3e-845b-0a5bbc77c792 req-7e1ec8c5-2187-4a3e-845b-0a5bbc77c792 ] Request (ImagesTestJSON:test_create_image_from_stopped_server): 200 GET http://10.180.1.21/compute/v2.1/servers/25957956-0d50-4b4f-8e5c-f55a1e182235 0.681s
2025-05-07 07:06:41.339 70353 INFO tempest.lib.common.rest_client [req-a33fbebc-45a0-4bb8-8e3c-466fe3080406 req-a33fbebc-45a0-4bb8-8e3c-466fe3080406 ] Request (ServerMetadataTestJSON:tearDownClass): 200 GET http://10.180.1.21/compute/v2.1/servers/6efb0df5-0435-424a-b4cc-1eaefdcf388d 0.675s
2025-05-07 07:06:41.405 70317 INFO tempest.lib.common.rest_client [req-ec4add7f-408a-4249-bbfc-c031f192b690 req-ec4add7f-408a-4249-bbfc-c031f192b690 ] Request (ServersAdmin275Test:test_rebuild_update_server_275): 200 GET http://10.180.1.21/compute/v2.1/servers/365b8207-f49b-4ee7-af6f-9d271eed2e38 0.738s
2025-05-07 07:06:41.471 70313 INFO tempest.lib.common.rest_client [req-1ac61eeb-3264-48c6-8a25-ebe15a1c0d50 req-1ac61eeb-3264-48c6-8a25-ebe15a1c0d50 ] Request (DeleteServersAdminTestJSON:test_delete_server_while_in_error_state): 200 GET http://10.180.1.21/compute/v2.1/servers/9d1b0a5f-e096-4641-a077-f0949135efbb 0.742s
2025-05-07 07:06:41.500 70355 WARNING tempest.lib.common.ssh [-] Failed to establish authenticated ssh connection to cirros@10.180.180.159 ([Errno None] Unable to connect to port 22 on 10.180.180.159). Number attempts: 2. Retry after 3 seconds.: paramiko.ssh_exception.NoValidConnectionsError: [Errno None] Unable to connect to port 22 on 10.180.180.159
2025-05-07 07:06:41.535 70305 INFO tempest.lib.common.rest_client [req-75f75fb0-410b-4d59-a8ea-17cfae649ae9 req-75f75fb0-410b-4d59-a8ea-17cfae649ae9 ] Request (ServersTestManualDisk:setUpClass): 200 GET http://10.180.1.21/compute/v2.1/servers/7af5a14d-f586-4746-9831-8be255581637 0.797s
2025-05-07 07:06:41.554 70349 INFO tempest.lib.common.rest_client [req-2f8ac89d-14ef-468a-bf95-b40d005e85c4 req-2f8ac89d-14ef-468a-bf95-b40d005e85c4 ] Request (MigrationsAdminTest:test_resize_server_revert_deleted_flavor): 200 GET http://10.180.1.21/compute/v2.1/flavors/42/os-extra_specs 0.778s
