2025-05-07 07:06:23.457 70361 INFO tempest.lib.common.rest_client [req-dc99b8d4-d75f-4006-bb62-b8c080a4306d req-dc99b8d4-d75f-4006-bb62-b8c080a4306d ] Request (InstanceActionsNegativeTestJSON:setUpClass): 200 GET http://10.180.1.21/compute/v2.1/servers/bd242bac-cd36-4fff-9325-fc14d5ceb566 0.634s
2025-05-07 07:06:23.502 70315 INFO tempest.lib.common.rest_client [req-2d1d65c3-31b0-4afa-85ca-a309d46f442f req-2d1d65c3-31b0-4afa-85ca-a309d46f442f ] Request (ImagesOneServerTestJSON:test_create_image_specify_multibyte_character_image_name): 200 GET http://10.180.1.21/compute/v2.1/images/c05a1212-9935-4ef6-b538-e562efbce525 0.638s
2025-05-07 07:06:23.510 70339 INFO tempest.lib.common.rest_client [req-544d5f2c-6b2d-4566-b7b9-75d5818cdb3d req-544d5f2c-6b2d-4566-b7b9-75d5818cdb3d ] Request (ServerShowV263Test:setUpClass): 200 GET http://10.180.1.21/identity/v3/projects/628bf917738a4aa6857e94d3994a37af 0.076s
2025-05-07 07:06:23.510 70339 INFO tempest.lib.common.dynamic_creds [-] Using the existing project 628bf917738a4aa6857e94d3994a37af for scope project and roles: ['reader']
2025-05-07 07:06:23.537 70311 INFO tempest.lib.common.rest_client [req-64c96e70-a2a8-41d3-bc61-e5bb8c5e3133 req-64c96e70-a2a8-41d3-bc61-e5bb8c5e3133 ] Request (ServerDiagnosticsNegativeTest:test_get_server_diagnostics_by_non_admin): 200 GET http://10.180.1.21/compute/v2.1/servers/bb0e9037-42d5-43ae-b0e6-f08c9a2e6ec7 0.675s
2025-05-07 07:06:23.559 70339 INFO tempest.lib.common.rest_client [req-0c0de753-ffa0-4f54-8a99-1fa5ed9924d1 req-0c0de753-ffa0-4f54-8a99-1fa5ed9924d1 ] Request (ServerShowV263Test:setUpClass): 201 POST http://10.180.1.21/identity/v3/users 0.048s
2025-05-07 07:06:23.576 70347 INFO tempest.lib.common.rest_client [req-14b2fc6c-4c6c-4efb-b146-3c1458208500 req-14b2fc6c-4c6c-4efb-b146-3c1458208500 ] Request (ServerDiskConfigTestJSON:test_rebuild_server_with_auto_disk_config): 200 GET http://10.180.1.21/compute/v2.1/servers/f9124657-d1c5-4a93-9d4a-3b06ca60ec63 0.647s
2025-05-07 07:06:23.591 70339 INFO tempest.lib.common.rest_client [req-892e1aa0-14b2-43ef-a2fd-e917ffebb2af req-892e1aa0-14b2-43ef-a2fd-e917ffebb2af ] Request (ServerShowV263Test:setUpClass): 200 GET http://10.180.1.21/identity/v3/roles 0.032s
2025-05-07 07:06:23.639 70339 INFO tempest.lib.common.rest_client [req-fe203106-8e84-4da2-b092-e95f6b418257 req-fe203106-8e84-4da2-b092-e95f6b418257 ] Request (ServerShowV263Test:setUpClass): 204 PUT http://10.180.1.21/identity/v3/projects/628bf917738a4aa6857e94d3994a37af/users/ac78eb50f5ff40848d8650df65649c1b/roles/b1869fbf775248e6b7018bbf0fd15a1e 0.047s
2025-05-07 07:06:23.640 70339 INFO tempest.lib.common.dynamic_creds [-] Dynamic test user ac78eb50f5ff40848d8650df65649c1b is created with scope project and roles: ['reader']
2025-05-07 07:06:23.640 70339 INFO tempest.lib.common.dynamic_creds [-] Acquired dynamic creds: credentials: Credentials: {'domain_id': 'default', 'domain_name': 'Default', 'username': 'tempest-ServerShowV263Test-1007883831-project-reader', 'project_domain_id': 'default', 'project_domain_name': 'Default', 'project_id': '628bf917738a4aa6857e94d3994a37af', 'project_name': 'tempest-ServerShowV263Test-1007883831', 'tenant_id': '628bf917738a4aa6857e94d3994a37af', 'tenant_name': 'tempest-ServerShowV263Test-1007883831', 'user_domain_id': 'default', 'user_domain_name': 'Default', 'user_id': 'ac78eb50f5ff40848d8650df65649c1b', 'system': None}, Network: None, Subnet: None, Router: None
2025-05-07 07:06:23.640 70339 INFO tempest.lib.common.dynamic_creds [-] Network resources are not created for requested scope: project and credentials: Credentials: {'domain_id': 'default', 'domain_name': 'Default', 'username': 'tempest-ServerShowV263Test-1007883831-project-reader', 'project_domain_id': 'default', 'project_domain_name': 'Default', 'project_id': '628bf917738a4aa6857e94d3994a37af', 'project_name': 'tempest-ServerShowV263Test-1007883831', 'tenant_id': '628bf917738a4aa6857e94d3994a37af', 'tenant_name': 'tempest-ServerShowV263Test-1007883831', 'user_domain_id': 'default', 'user_domain_name': 'Default', 'user_id': 'ac78eb50f5ff40848d8650df65649c1b', 'system': None}, Network: None, Subnet: None, Router: None
2025-05-07 07:06:23.761 70339 INFO tempest.lib.common.rest_client [req-58dc77c2-bf4c-4d9e-9948-4ab434c51e7b req-58dc77c2-bf4c-4d9e-9948-4ab434c51e7b ] Request (ServerShowV263Test:setUpClass): 201 POST http://10.180.1.21/identity/v3/auth/tokens 0.118s
2025-05-07 07:06:23.799 70323 INFO tempest.lib.common.rest_client [req-a4e898a4-f564-480a-be83-19ddb9ce1c68 req-a4e898a4-f564-480a-be83-19ddb9ce1c68 ] Request (InstanceActionsV221TestJSON:test_get_list_deleted_instance_actions): 200 GET http://10.180.1.21/compute/v2.1/servers/fb6d0f81-0eb1-45aa-a3ad-d3958de582c0 0.780s
2025-05-07 07:06:23.888 70335 INFO tempest.lib.common.rest_client [req-a0223c61-6955-4553-bf3e-5afb9aa1aa31 req-a0223c61-6955-4553-bf3e-5afb9aa1aa31 ] Request (ListServerFiltersTestJSON:test_list_servers_filter_by_shutoff_status): 202 POST http://10.180.1.21/compute/v2.1/servers/6de35617-22cf-4a32-8651-28ea67532b8f/action 0.806s
2025-05-07 07:06:23.946 70339 INFO tempest.lib.common.rest_client [req-07769f5a-0981-4237-9f4f-8791aacb6d49 req-07769f5a-0981-4237-9f4f-8791aacb6d49 ] Request (ServerShowV263Test:tearDownClass): 204 DELETE http://10.180.1.21/identity/v3/users/1eb9250b381e433792c52da44eb145e6 0.182s
2025-05-07 07:06:24.028 70351 INFO tempest.lib.common.rest_client [req-9a7694c1-e4c4-4f1d-9b9d-f814387bc73e req-9a7694c1-e4c4-4f1d-9b9d-f814387bc73e ] Request (SecurityGroupsTestJSON:test_server_security_groups): 202 POST http://10.180.1.21/compute/v2.1/servers 1.059s
2025-05-07 07:06:24.049 70339 INFO tempest.lib.common.rest_client [req-f908c844-037b-4fb4-9aff-00b3aeeebf75 req-f908c844-037b-4fb4-9aff-00b3aeeebf75 ] Request (ServerShowV263Test:tearDownClass): 204 DELETE http://10.180.1.21/identity/v3/users/ac78eb50f5ff40848d8650df65649c1b 0.103s
2025-05-07 07:06:24.050 70339 INFO tempest.lib.common.dynamic_creds [-] Deleting project and security group for project: 628bf917738a4aa6857e94d3994a37af
2025-05-07 07:06:24.115 70317 INFO tempest.lib.common.rest_client [req-0c66cfe4-6f3f-4083-9ea1-a698cfed8be5 req-0c66cfe4-6f3f-4083-9ea1-a698cfed8be5 ] Request (ServersAdmin275Test:test_rebuild_update_server_275): 200 GET http://10.180.1.21/compute/v2.1/servers/365b8207-f49b-4ee7-af6f-9d271eed2e38 0.990s
2025-05-07 07:06:24.120 70339 INFO tempest.lib.common.rest_client [req-330fb42f-2795-4fc6-960e-cf5c069ae8d5 req-330fb42f-2795-4fc6-960e-cf5c069ae8d5 ] Request (ServerShowV263Test:tearDownClass): 201 POST http://10.180.1.21/identity/v3/auth/tokens 0.070s
2025-05-07 07:06:24.259 70313 INFO tempest.lib.common.rest_client [req-5d670cb8-7c33-4d53-8b27-6319eb588040 req-5d670cb8-7c33-4d53-8b27-6319eb588040 ] Request (DeleteServersAdminTestJSON:test_delete_server_while_in_error_state): 200 GET http://10.180.1.21/compute/v2.1/servers/9d1b0a5f-e096-4641-a077-f0949135efbb 1.141s
2025-05-07 07:06:24.333 70363 INFO tempest.lib.common.rest_client [req-22ca1c7b-029d-4b4d-b617-6be98dd0c065 req-22ca1c7b-029d-4b4d-b617-6be98dd0c065 ] Request (ServersTestBootFromVolume:setUpClass): 200 GET http://10.180.1.21/compute/v2.1/servers/67f59d53-c61b-48ad-b55d-710595e9dae3 1.157s
2025-05-07 07:06:24.347 70363 INFO tempest.common.waiters [-] State transition "BUILD/None" ==> "BUILD/block_device_mapping" after 24 second wait
2025-05-07 07:06:24.380 70353 INFO tempest.lib.common.rest_client [req-0ebcbf9f-8f6f-4efa-beda-811f79162d0f req-0ebcbf9f-8f6f-4efa-beda-811f79162d0f ] Request (ServerMetadataTestJSON:test_update_metadata_empty_body): 200 GET http://10.180.1.21/compute/v2.1/servers/6efb0df5-0435-424a-b4cc-1eaefdcf388d/metadata 1.009s
2025-05-07 07:06:24.402 70305 INFO tempest.lib.common.rest_client [req-dd83f858-02bb-44be-b459-ce6956d203f5 req-dd83f858-02bb-44be-b459-ce6956d203f5 ] Request (KeyPairsV22TestJSON:_run_cleanups): 204 DELETE http://10.180.1.21/compute/v2.1/os-keypairs/tempest-KeyPairsV22TestJSON-keypair-576292026 1.013s
2025-05-07 07:06:24.409 70339 INFO tempest.lib.common.rest_client [req-bc02bf64-0e72-4638-8546-01c056913c5a req-bc02bf64-0e72-4638-8546-01c056913c5a ] Request (ServerShowV263Test:tearDownClass): 200 GET http://10.180.1.21:9696/networking/v2.0/security-groups?tenant_id=628bf917738a4aa6857e94d3994a37af&name=default 0.285s
2025-05-07 07:06:24.457 70303 INFO tempest.lib.common.rest_client [req-f59884f5-47c6-40cf-9a8c-b2f9c30eedb7 req-f59884f5-47c6-40cf-9a8c-b2f9c30eedb7 ] Request (QuotasAdminNegativeTest:test_create_server_when_instances_quota_is_full): 200 GET http://10.180.1.21/compute/v2.1/os-quota-sets/7741fd0b0f624df0876b91bb169c1059 1.149s
2025-05-07 07:06:24.478 70329 INFO tempest.lib.common.rest_client [req-02f02b75-baa3-4aca-8881-aaf1bb46a070 req-02f02b75-baa3-4aca-8881-aaf1bb46a070 ] Request (FloatingIPsAssociationNegativeTestJSON:setUpClass): 200 GET http://10.180.1.21/compute/v2.1/servers/5ba60eb7-ee6f-47e2-b6ca-b54817dab371 0.902s
2025-05-07 07:06:24.537 70343 INFO tempest.lib.common.rest_client [req-5cd33126-30f7-4e5a-9abe-04d8ea056399 req-5cd33126-30f7-4e5a-9abe-04d8ea056399 ] Request (ServersV294TestFqdnHostnames:setUpClass): 200 GET http://10.180.1.21/compute/v2.1/servers/ad0c405f-48c8-4726-8e95-eb83a6e158fe 0.885s
2025-05-07 07:06:24.562 70339 INFO tempest.lib.common.rest_client [req-8ba4d9c2-efc4-4afe-872a-6551e25e767d req-8ba4d9c2-efc4-4afe-872a-6551e25e767d ] Request (ServerShowV263Test:tearDownClass): 204 DELETE http://10.180.1.21:9696/networking/v2.0/security-groups/50eb5e91-ab1c-4e63-9e13-ef891b952f51 0.153s
2025-05-07 07:06:24.598 70349 INFO tempest.lib.common.rest_client [req-8ba4457c-d45e-4caf-a131-e01f475e6ec2 req-8ba4457c-d45e-4caf-a131-e01f475e6ec2 ] Request (MigrationsAdminTest:test_list_migrations_in_flavor_resize_situation): 200 GET http://10.180.1.21/compute/v2.1/servers/35fdf25e-c8c0-4123-a95a-2a4c1a504f99 0.941s
2025-05-07 07:06:24.604 70337 WARNING tempest.lib.common.ssh [-] Failed to establish authenticated ssh connection to cirros@10.180.180.147 ([Errno None] Unable to connect to port 22 on 10.180.180.147). Number attempts: 5. Retry after 6 seconds.: paramiko.ssh_exception.NoValidConnectionsError: [Errno None] Unable to connect to port 22 on 10.180.180.147
2025-05-07 07:06:24.605 70357 INFO tempest.lib.common.rest_client [req-db8b5e71-573f-46bc-8a59-a8f775c298dd req-db8b5e71-573f-46bc-8a59-a8f775c298dd ] Request (ServersTestFqdnHostnames:test_create_server_with_fqdn_name): 200 GET http://10.180.1.21/compute/v2.1/servers/5743a020-0c09-45ec-aca4-5ce367cc201a 0.885s
2025-05-07 07:06:24.661 70301 INFO tempest.lib.common.rest_client [req-b449180e-ba04-4b18-9143-7a78c4c767c6 req-b449180e-ba04-4b18-9143-7a78c4c767c6 ] Request (FloatingIPsAssociationTestJSON:test_associate_already_associated_floating_ip): 200 GET http://10.180.1.21/compute/v2.1/servers/24641406-5292-4497-b34f-9af0dcdc58d7 0.881s
2025-05-07 07:06:24.669 70339 INFO tempest.lib.common.rest_client [req-37160782-351f-4d05-be8f-ccd0e2763bae req-37160782-351f-4d05-be8f-ccd0e2763bae ] Request (ServerShowV263Test:tearDownClass): 204 DELETE http://10.180.1.21/identity/v3/projects/628bf917738a4aa6857e94d3994a37af 0.106s
2025-05-07 07:06:24.716 70325 INFO tempest.lib.common.rest_client [req-2c8b9025-e395-4430-bf58-b03f66103f3f req-2c8b9025-e395-4430-bf58-b03f66103f3f ] Request (DeleteServersTestJSON:test_delete_server_while_in_attached_volume): 200 GET http://10.180.1.21/compute/v2.1/servers/3e109fff-94bd-41a9-bc43-373143b7fda5 0.875s
2025-05-07 07:06:24.739 70339 INFO tempest.lib.common.rest_client [req-3489aff4-29c1-456b-913f-c0d0129c2c8d req-3489aff4-29c1-456b-913f-c0d0129c2c8d ] Request (ServersListShow296Test:setUpClass): 201 POST http://10.180.1.21/identity/v3/auth/tokens 0.068s
2025-05-07 07:06:24.758 70355 INFO tempest.lib.common.rest_client [req-28f5fa3a-6eb5-4fb2-be0e-362102efdc1e req-28f5fa3a-6eb5-4fb2-be0e-362102efdc1e ] Request (ServerActionsTestOtherA:setUpClass): 200 GET http://10.180.1.21/compute/v2.1/servers/31f56d0e-7c64-4fe3-917e-7ebb814ae924 0.981s
2025-05-07 07:06:24.775 70339 INFO tempest.lib.common.rest_client [req-a2cd8498-1030-41dc-83d1-13eb049dca3d req-a2cd8498-1030-41dc-83d1-13eb049dca3d ] Request (ServersListShow296Test:setUpClass): 201 POST http://10.180.1.21/identity/v3/auth/tokens 0.034s
2025-05-07 07:06:24.813 70339 INFO tempest.lib.common.rest_client [req-3d496e6f-8025-401b-8a45-490fa94542b4 req-3d496e6f-8025-401b-8a45-490fa94542b4 ] Request (ServersListShow296Test:setUpClass): 200 GET http://10.180.1.21/identity/v3/domains?name=Default 0.038s
2025-05-07 07:06:24.816 70335 INFO tempest.lib.common.rest_client [req-f7181428-b099-40f6-9343-76575aaa3a9c req-f7181428-b099-40f6-9343-76575aaa3a9c ] Request (ListServerFiltersTestJSON:test_list_servers_filter_by_shutoff_status): 200 GET http://10.180.1.21/compute/v2.1/servers/6de35617-22cf-4a32-8651-28ea67532b8f 0.927s
2025-05-07 07:06:24.819 70327 INFO tempest.lib.common.rest_client [req-aa00e2d5-45d2-4787-89c6-9fce0fb1af9a req-aa00e2d5-45d2-4787-89c6-9fce0fb1af9a ] Request (ServerDiagnosticsTest:tearDownClass): 200 GET http://10.180.1.21/compute/v2.1/servers/78ba4fa9-4083-4204-a5b4-88cdcec6ca13 0.850s
2025-05-07 07:06:24.827 70327 INFO tempest.common.waiters [-] State transition "ACTIVE/deleting" ==> "DELETED/None" after 3 second wait
2025-05-07 07:06:24.847 70339 INFO tempest.lib.common.rest_client [req-d147268b-29f5-4179-8007-a82cecb5a7c8 req-d147268b-29f5-4179-8007-a82cecb5a7c8 ] Request (ServersListShow296Test:setUpClass): 201 POST http://10.180.1.21/identity/v3/projects 0.033s
2025-05-07 07:06:24.874 70351 INFO tempest.lib.common.rest_client [req-7cd1c94e-64c6-42c3-a7ff-259860dc948f req-7cd1c94e-64c6-42c3-a7ff-259860dc948f ] Request (SecurityGroupsTestJSON:test_server_security_groups): 200 GET http://10.180.1.21/compute/v2.1/servers/48162423-a117-437e-b171-9a40c7c6f49b 0.844s
2025-05-07 07:06:24.909 70339 INFO tempest.lib.common.rest_client [req-788930d3-5f2a-43e0-ad9e-1abdd9bce7ed req-788930d3-5f2a-43e0-ad9e-1abdd9bce7ed ] Request (ServersListShow296Test:setUpClass): 201 POST http://10.180.1.21/identity/v3/users 0.061s
2025-05-07 07:06:24.930 70341 INFO tempest.lib.common.rest_client [req-b0655134-f1b9-4393-9849-aceec616d639 req-b0655134-f1b9-4393-9849-aceec616d639 ] Request (ServerRescueTestJSONUnderV235:setUpClass): 200 GET http://10.180.1.21/compute/v2.1/servers/ebd9e006-a591-44f7-867c-041731b9d45a 0.888s
2025-05-07 07:06:24.941 70339 INFO tempest.lib.common.rest_client [req-78e03146-bd04-4d82-9d91-acb40d442936 req-78e03146-bd04-4d82-9d91-acb40d442936 ] Request (ServersListShow296Test:setUpClass): 200 GET http://10.180.1.21/identity/v3/roles 0.028s
2025-05-07 07:06:24.957 70353 INFO tempest.lib.common.rest_client [req-a1d38b78-5f8e-47e9-b786-6f85121d878c req-a1d38b78-5f8e-47e9-b786-6f85121d878c ] Request (ServerMetadataTestJSON:setUp): 200 PUT http://10.180.1.21/compute/v2.1/servers/6efb0df5-0435-424a-b4cc-1eaefdcf388d/metadata 0.573s
2025-05-07 07:06:24.971 70339 INFO tempest.lib.common.rest_client [req-59922dfb-3232-4ec1-8ea6-182d7d8e9a59 req-59922dfb-3232-4ec1-8ea6-182d7d8e9a59 ] Request (ServersListShow296Test:setUpClass): 204 PUT http://10.180.1.21/identity/v3/projects/9658c45205af40088787f30deeaf0700/users/fdb745f818bb4059b93be65f57e2a3e8/roles/f2ee2dc4e5fd424dacfd54a2b78cc233 0.029s
2025-05-07 07:06:24.972 70339 INFO tempest.lib.common.dynamic_creds [-] Dynamic test user fdb745f818bb4059b93be65f57e2a3e8 is created with scope project and roles: ['member']
2025-05-07 07:06:24.972 70339 INFO tempest.lib.common.dynamic_creds [-] Acquired dynamic creds: credentials: Credentials: {'domain_id': 'default', 'domain_name': 'Default', 'username': 'tempest-ServersListShow296Test-945083984-project-member', 'project_domain_id': 'default', 'project_domain_name': 'Default', 'project_id': '9658c45205af40088787f30deeaf0700', 'project_name': 'tempest-ServersListShow296Test-945083984', 'tenant_id': '9658c45205af40088787f30deeaf0700', 'tenant_name': 'tempest-ServersListShow296Test-945083984', 'user_domain_id': 'default', 'user_domain_name': 'Default', 'user_id': 'fdb745f818bb4059b93be65f57e2a3e8', 'system': None}, Network: None, Subnet: None, Router: None
2025-05-07 07:06:24.972 70339 INFO tempest.lib.common.dynamic_creds [-] Created isolated network resources for: credentials: Credentials: {'domain_id': 'default', 'domain_name': 'Default', 'username': 'tempest-ServersListShow296Test-945083984-project-member', 'project_domain_id': 'default', 'project_domain_name': 'Default', 'project_id': '9658c45205af40088787f30deeaf0700', 'project_name': 'tempest-ServersListShow296Test-945083984', 'tenant_id': '9658c45205af40088787f30deeaf0700', 'tenant_name': 'tempest-ServersListShow296Test-945083984', 'user_domain_id': 'default', 'user_domain_name': 'Default', 'user_id': 'fdb745f818bb4059b93be65f57e2a3e8', 'system': None}, Network: None, Subnet: None, Router: None
2025-05-07 07:06:24.976 70305 INFO tempest.lib.common.rest_client [req-7c8e247f-5676-454b-994f-df4690a7fc19 req-7c8e247f-5676-454b-994f-df4690a7fc19 ] Request (KeyPairsV22TestJSON:_run_cleanups): 204 DELETE http://10.180.1.21/compute/v2.1/os-keypairs/tempest-KeyPairsV22TestJSON-keypair-1958746663 0.574s
2025-05-07 07:06:25.027 70345 INFO tempest.lib.common.rest_client [req-9886aa95-b179-425d-a75f-4577bce89846 req-9886aa95-b179-425d-a75f-4577bce89846 ] Request (ServerAddressesNegativeTestJSON:tearDownClass): 200 GET http://10.180.1.21/compute/v2.1/servers/049c7405-3daf-4064-8770-efbbf15c832e 0.618s
2025-05-07 07:06:25.046 70339 INFO tempest.lib.common.rest_client [req-90b38db5-ccd3-402f-bfd8-be93072df8de req-90b38db5-ccd3-402f-bfd8-be93072df8de ] Request (ServersListShow296Test:setUpClass): 201 POST http://10.180.1.21/identity/v3/auth/tokens 0.069s
2025-05-07 07:06:25.076 70332 INFO tempest.lib.common.rest_client [req-3644c178-d280-4056-a988-037e8f5d9932 req-3644c178-d280-4056-a988-037e8f5d9932 ] Request (ImagesTestJSON:test_create_image_from_stopped_server): 200 GET http://10.180.1.21/compute/v2.1/servers/25957956-0d50-4b4f-8e5c-f55a1e182235 0.611s
2025-05-07 07:06:25.086 70339 INFO tempest.lib.common.rest_client [req-8c522784-ff4f-4971-add0-590b413b7cba req-8c522784-ff4f-4971-add0-590b413b7cba ] Request (ServersListShow296Test:test_list_show_update_rebuild_server_296): 201 POST http://10.180.1.21/identity/v3/auth/tokens 0.036s
2025-05-07 07:06:25.087 70339 INFO tempest.lib.common.fixed_network [-] (ServersListShow296Test:test_list_show_update_rebuild_server_296) Found network None available for tenant
2025-05-07 07:06:25.137 70361 INFO tempest.lib.common.rest_client [req-7dd1c55c-30ae-4ed6-9756-1a45ae661748 req-7dd1c55c-30ae-4ed6-9756-1a45ae661748 ] Request (InstanceActionsNegativeTestJSON:setUpClass): 200 GET http://10.180.1.21/compute/v2.1/servers/bd242bac-cd36-4fff-9325-fc14d5ceb566 0.667s
2025-05-07 07:06:25.171 70315 INFO tempest.lib.common.rest_client [req-6311b825-0084-4127-9d5a-a8aa1935a00d req-6311b825-0084-4127-9d5a-a8aa1935a00d ] Request (ImagesOneServerTestJSON:test_create_image_specify_multibyte_character_image_name): 200 GET http://10.180.1.21/compute/v2.1/images/c05a1212-9935-4ef6-b538-e562efbce525 0.664s
2025-05-07 07:06:25.224 70311 INFO tempest.lib.common.rest_client [req-4261617a-16c8-4422-82c2-eb80f041c658 req-4261617a-16c8-4422-82c2-eb80f041c658 ] Request (ServerDiagnosticsNegativeTest:test_get_server_diagnostics_by_non_admin): 200 GET http://10.180.1.21/compute/v2.1/servers/bb0e9037-42d5-43ae-b0e6-f08c9a2e6ec7 0.673s
2025-05-07 07:06:25.276 70347 INFO tempest.lib.common.rest_client [req-813e7d95-14ec-44e1-aa02-f768240d1e70 req-813e7d95-14ec-44e1-aa02-f768240d1e70 ] Request (ServerDiskConfigTestJSON:test_rebuild_server_with_auto_disk_config): 200 GET http://10.180.1.21/compute/v2.1/servers/f9124657-d1c5-4a93-9d4a-3b06ca60ec63 0.688s
2025-05-07 07:06:25.293 70303 INFO tempest.lib.common.rest_client [req-eca10688-9f20-46e9-b79e-72ec1f74b101 req-eca10688-9f20-46e9-b79e-72ec1f74b101 ] Request (QuotasAdminNegativeTest:test_create_server_when_instances_quota_is_full): 200 PUT http://10.180.1.21/compute/v2.1/os-quota-sets/7741fd0b0f624df0876b91bb169c1059 0.834s
2025-05-07 07:06:25.356 70303 INFO tempest.lib.common.rest_client [req-62c00bdd-97d8-4d19-8e0f-4bab2ce08a72 req-62c00bdd-97d8-4d19-8e0f-4bab2ce08a72 ] Request (QuotasAdminNegativeTest:test_create_server_when_instances_quota_is_full): 201 POST http://10.180.1.21/identity/v3/auth/tokens 0.056s
2025-05-07 07:06:25.357 70303 INFO tempest.lib.common.fixed_network [-] (QuotasAdminNegativeTest:test_create_server_when_instances_quota_is_full) Found network None available for tenant
2025-05-07 07:06:25.373 70353 INFO tempest.lib.common.rest_client [req-be1e704d-15c9-4e4b-b539-ffd6ac3409c5 req-be1e704d-15c9-4e4b-b539-ffd6ac3409c5 ] Request (ServerMetadataTestJSON:test_update_server_metadata): 200 POST http://10.180.1.21/compute/v2.1/servers/6efb0df5-0435-424a-b4cc-1eaefdcf388d/metadata 0.414s
2025-05-07 07:06:25.380 70323 INFO tempest.lib.common.rest_client [req-7ed5583b-3cf4-434b-bc58-8ef983cfd7c6 req-7ed5583b-3cf4-434b-bc58-8ef983cfd7c6 ] Request (InstanceActionsV221TestJSON:test_get_list_deleted_instance_actions): 200 GET http://10.180.1.21/compute/v2.1/servers/fb6d0f81-0eb1-45aa-a3ad-d3958de582c0 0.570s
2025-05-07 07:06:25.389 70323 INFO tempest.common.waiters [-] State transition "BUILD/spawning" ==> "ACTIVE/None" after 40 second wait
2025-05-07 07:06:25.415 70305 INFO tempest.lib.common.rest_client [req-71d08b84-1e9d-4d66-b9f1-dd5b8d05a43d req-71d08b84-1e9d-4d66-b9f1-dd5b8d05a43d ] Request (KeyPairsV22TestJSON:test_keypairsv22_create_list_show): 201 POST http://10.180.1.21/compute/v2.1/os-keypairs 0.437s
2025-05-07 07:06:25.469 70307 WARNING tempest.lib.common.ssh [-] Failed to establish authenticated ssh connection to cirros@10.180.180.128 ([Errno None] Unable to connect to port 22 on 10.180.180.128). Number attempts: 7. Retry after 8 seconds.: paramiko.ssh_exception.NoValidConnectionsError: [Errno None] Unable to connect to port 22 on 10.180.180.128
2025-05-07 07:06:25.483 70317 INFO tempest.lib.common.rest_client [req-a0ea5353-7dce-487b-aba1-7b4669aece9f req-a0ea5353-7dce-487b-aba1-7b4669aece9f ] Request (ServersAdmin275Test:test_rebuild_update_server_275): 200 GET http://10.180.1.21/compute/v2.1/servers/365b8207-f49b-4ee7-af6f-9d271eed2e38 0.354s
2025-05-07 07:06:25.498 70317 INFO tempest.common.waiters [-] State transition "BUILD/scheduling" ==> "BUILD/None" after 12 second wait
2025-05-07 07:06:25.548 70339 INFO tempest.lib.common.rest_client [req-f2b8b9ef-3c85-4707-be7c-4f69e401fee4 req-f2b8b9ef-3c85-4707-be7c-4f69e401fee4 ] Request (ServersListShow296Test:test_list_show_update_rebuild_server_296): 202 POST http://10.180.1.21/compute/v2.1/servers 0.461s
2025-05-07 07:06:25.554 70313 INFO tempest.lib.common.rest_client [req-037ec096-04fc-4d9e-9ed3-fceba05a8cf8 req-037ec096-04fc-4d9e-9ed3-fceba05a8cf8 ] Request (DeleteServersAdminTestJSON:test_delete_server_while_in_error_state): 200 GET http://10.180.1.21/compute/v2.1/servers/9d1b0a5f-e096-4641-a077-f0949135efbb 0.279s
2025-05-07 07:06:25.561 70313 INFO tempest.common.waiters [-] State transition "ERROR/deleting" ==> "DELETED/None" after 3 second wait
2025-05-07 07:06:25.688 70363 INFO tempest.lib.common.rest_client [req-76694749-a74f-4c0a-99d2-628e92fa5c93 req-76694749-a74f-4c0a-99d2-628e92fa5c93 ] Request (ServersTestBootFromVolume:setUpClass): 200 GET http://10.180.1.21/compute/v2.1/servers/67f59d53-c61b-48ad-b55d-710595e9dae3 0.340s
2025-05-07 07:06:25.718 70353 INFO tempest.lib.common.rest_client [req-4a96ec04-dd66-4d8f-abf9-0bae58efd478 req-4a96ec04-dd66-4d8f-abf9-0bae58efd478 ] Request (ServerMetadataTestJSON:test_update_server_metadata): 200 GET http://10.180.1.21/compute/v2.1/servers/6efb0df5-0435-424a-b4cc-1eaefdcf388d/metadata 0.345s
2025-05-07 07:06:25.762 70303 INFO tempest.lib.common.rest_client [req-87c4288e-cbd1-4af4-b4f8-57358d898aed req-87c4288e-cbd1-4af4-b4f8-57358d898aed ] Request (QuotasAdminNegativeTest:test_create_server_when_instances_quota_is_full): 403 POST http://10.180.1.21/compute/v2.1/servers 0.405s
2025-05-07 07:06:25.772 70305 INFO tempest.lib.common.rest_client [req-7d549923-e872-4ff0-a602-608b6fa9fc9a req-7d549923-e872-4ff0-a602-608b6fa9fc9a ] Request (KeyPairsV22TestJSON:test_keypairsv22_create_list_show): 200 GET http://10.180.1.21/compute/v2.1/os-keypairs/tempest-keypair-216190369 0.354s
2025-05-07 07:06:25.800 70323 INFO tempest.lib.common.rest_client [req-1e38d2c3-761e-4f00-97f2-04fe98e47242 req-1e38d2c3-761e-4f00-97f2-04fe98e47242 ] Request (InstanceActionsV221TestJSON:test_get_list_deleted_instance_actions): 204 DELETE http://10.180.1.21/compute/v2.1/servers/fb6d0f81-0eb1-45aa-a3ad-d3958de582c0 0.410s
2025-05-07 07:06:25.830 70329 INFO tempest.lib.common.rest_client [req-90352452-3810-4dad-a20e-ae8483b604d0 req-90352452-3810-4dad-a20e-ae8483b604d0 ] Request (FloatingIPsAssociationNegativeTestJSON:setUpClass): 200 GET http://10.180.1.21/compute/v2.1/servers/5ba60eb7-ee6f-47e2-b6ca-b54817dab371 0.340s
2025-05-07 07:06:25.856 70339 INFO tempest.lib.common.rest_client [req-05f45715-58e1-4bf2-923d-2771ed984031 req-05f45715-58e1-4bf2-923d-2771ed984031 ] Request (ServersListShow296Test:test_list_show_update_rebuild_server_296): 200 GET http://10.180.1.21/compute/v2.1/servers/d73153ad-9258-4c3c-9699-b6364408d631 0.306s
2025-05-07 07:06:25.895 70343 INFO tempest.lib.common.rest_client [req-c391dc2b-e08e-400b-8db6-47abf346cb7b req-c391dc2b-e08e-400b-8db6-47abf346cb7b ] Request (ServersV294TestFqdnHostnames:setUpClass): 200 GET http://10.180.1.21/compute/v2.1/servers/ad0c405f-48c8-4726-8e95-eb83a6e158fe 0.344s
2025-05-07 07:06:25.954 70357 INFO tempest.lib.common.rest_client [req-698e4571-945a-4a92-8f87-bdf4ce1f93f0 req-698e4571-945a-4a92-8f87-bdf4ce1f93f0 ] Request (ServersTestFqdnHostnames:test_create_server_with_fqdn_name): 200 GET http://10.180.1.21/compute/v2.1/servers/5743a020-0c09-45ec-aca4-5ce367cc201a 0.336s
2025-05-07 07:06:26.016 70301 INFO tempest.lib.common.rest_client [req-c89ad64c-8c31-4cce-bb24-17a295021d4a req-c89ad64c-8c31-4cce-bb24-17a295021d4a ] Request (FloatingIPsAssociationTestJSON:test_associate_already_associated_floating_ip): 200 GET http://10.180.1.21/compute/v2.1/servers/24641406-5292-4497-b34f-9af0dcdc58d7 0.344s
2025-05-07 07:06:26.100 70353 INFO tempest.lib.common.rest_client [req-6d421bda-f2cf-4195-b510-2d78988cfce6 req-6d421bda-f2cf-4195-b510-2d78988cfce6 ] Request (ServerMetadataTestJSON:tearDownClass): 204 DELETE http://10.180.1.21/compute/v2.1/servers/6efb0df5-0435-424a-b4cc-1eaefdcf388d 0.380s
2025-05-07 07:06:26.124 70349 INFO tempest.lib.common.rest_client [req-e6030b8a-da09-44a4-8689-498f845ee680 req-e6030b8a-da09-44a4-8689-498f845ee680 ] Request (MigrationsAdminTest:test_list_migrations_in_flavor_resize_situation): 200 GET http://10.180.1.21/compute/v2.1/servers/35fdf25e-c8c0-4123-a95a-2a4c1a504f99 0.514s
2025-05-07 07:06:26.168 70325 INFO tempest.lib.common.rest_client [req-dde0e3e7-3a40-49b6-8880-a6b15fef5d8c req-dde0e3e7-3a40-49b6-8880-a6b15fef5d8c ] Request (DeleteServersTestJSON:test_delete_server_while_in_attached_volume): 200 GET http://10.180.1.21/compute/v2.1/servers/3e109fff-94bd-41a9-bc43-373143b7fda5 0.442s
2025-05-07 07:06:26.214 70303 INFO tempest.lib.common.rest_client [req-0ffcfd51-3cc0-4b75-91f9-72467a1ca8b2 req-0ffcfd51-3cc0-4b75-91f9-72467a1ca8b2 ] Request (QuotasAdminNegativeTest:_run_cleanups): 200 PUT http://10.180.1.21/compute/v2.1/os-quota-sets/7741fd0b0f624df0876b91bb169c1059 0.451s
2025-05-07 07:06:26.225 70305 INFO tempest.lib.common.rest_client [req-02c57093-4e4b-4c04-a02d-2947cb6f2893 req-02c57093-4e4b-4c04-a02d-2947cb6f2893 ] Request (KeyPairsV22TestJSON:test_keypairsv22_create_list_show): 200 GET http://10.180.1.21/compute/v2.1/os-keypairs 0.450s
2025-05-07 07:06:26.280 70355 INFO tempest.lib.common.rest_client [req-982a4487-d5e8-40a6-a036-62aa6de0ddd7 req-982a4487-d5e8-40a6-a036-62aa6de0ddd7 ] Request (ServerActionsTestOtherA:setUpClass): 200 GET http://10.180.1.21/compute/v2.1/servers/31f56d0e-7c64-4fe3-917e-7ebb814ae924 0.512s
2025-05-07 07:06:26.341 70327 INFO tempest.lib.common.rest_client [req-841124e7-e525-4c7e-9c6f-7fd108cd9e02 req-841124e7-e525-4c7e-9c6f-7fd108cd9e02 ] Request (ServerDiagnosticsTest:tearDownClass): 200 GET http://10.180.1.21/compute/v2.1/servers/78ba4fa9-4083-4204-a5b4-88cdcec6ca13 0.513s
2025-05-07 07:06:26.401 70323 INFO tempest.lib.common.rest_client [req-eb12d819-dd75-4302-a143-c34be1ce8b29 req-eb12d819-dd75-4302-a143-c34be1ce8b29 ] Request (InstanceActionsV221TestJSON:test_get_list_deleted_instance_actions): 200 GET http://10.180.1.21/compute/v2.1/servers/fb6d0f81-0eb1-45aa-a3ad-d3958de582c0 0.601s
2025-05-07 07:06:26.467 70351 INFO tempest.lib.common.rest_client [req-facd5b11-cad6-404b-8e21-4bd91fbbeb09 req-facd5b11-cad6-404b-8e21-4bd91fbbeb09 ] Request (SecurityGroupsTestJSON:test_server_security_groups): 200 GET http://10.180.1.21/compute/v2.1/servers/48162423-a117-437e-b171-9a40c7c6f49b 0.580s
2025-05-07 07:06:26.486 70335 INFO tempest.lib.common.rest_client [req-31ac11b9-1a25-4899-808e-8692aee7d83f req-31ac11b9-1a25-4899-808e-8692aee7d83f ] Request (ListServerFiltersTestJSON:test_list_servers_filter_by_shutoff_status): 200 GET http://10.180.1.21/compute/v2.1/servers/6de35617-22cf-4a32-8651-28ea67532b8f 0.657s
2025-05-07 07:06:26.544 70345 INFO tempest.lib.common.rest_client [req-8dab20c2-099a-4943-b3af-f52af75d6117 req-8dab20c2-099a-4943-b3af-f52af75d6117 ] Request (ServerAddressesNegativeTestJSON:tearDownClass): 200 GET http://10.180.1.21/compute/v2.1/servers/049c7405-3daf-4064-8770-efbbf15c832e 0.508s
2025-05-07 07:06:26.605 70332 INFO tempest.lib.common.rest_client [req-499d5f84-80ea-40db-8ec7-6386d7c9fa58 req-499d5f84-80ea-40db-8ec7-6386d7c9fa58 ] Request (ImagesTestJSON:test_create_image_from_stopped_server): 200 GET http://10.180.1.21/compute/v2.1/servers/25957956-0d50-4b4f-8e5c-f55a1e182235 0.521s
2025-05-07 07:06:26.701 70341 INFO tempest.lib.common.rest_client [req-ae6b9b94-1528-4f81-b829-cbb2194e0d30 req-ae6b9b94-1528-4f81-b829-cbb2194e0d30 ] Request (ServerRescueTestJSONUnderV235:setUpClass): 200 GET http://10.180.1.21/compute/v2.1/servers/ebd9e006-a591-44f7-867c-041731b9d45a 0.763s
2025-05-07 07:06:26.710 70341 INFO tempest.common.waiters [-] State transition "BUILD/spawning" ==> "ACTIVE/None" after 36 second wait
2025-05-07 07:06:26.729 70353 INFO tempest.lib.common.rest_client [req-31783453-98e1-43ce-858f-aaa65e0718ba req-31783453-98e1-43ce-858f-aaa65e0718ba ] Request (ServerMetadataTestJSON:tearDownClass): 200 GET http://10.180.1.21/compute/v2.1/servers/6efb0df5-0435-424a-b4cc-1eaefdcf388d 0.628s
2025-05-07 07:06:26.768 70361 INFO tempest.lib.common.rest_client [req-bf6a9432-9f20-46e1-8bb1-36baca372d10 req-bf6a9432-9f20-46e1-8bb1-36baca372d10 ] Request (InstanceActionsNegativeTestJSON:setUpClass): 200 GET http://10.180.1.21/compute/v2.1/servers/bd242bac-cd36-4fff-9325-fc14d5ceb566 0.620s
2025-05-07 07:06:26.775 70315 INFO tempest.lib.common.rest_client [req-fd5b914a-a376-4bb7-95e1-3acb18ba7d43 req-fd5b914a-a376-4bb7-95e1-3acb18ba7d43 ] Request (ImagesOneServerTestJSON:test_create_image_specify_multibyte_character_image_name): 200 GET http://10.180.1.21/compute/v2.1/images/c05a1212-9935-4ef6-b538-e562efbce525 0.600s
2025-05-07 07:06:26.795 70305 INFO tempest.lib.common.rest_client [req-ab7c5991-54f8-4b6c-a4d7-107f3453d297 req-ab7c5991-54f8-4b6c-a4d7-107f3453d297 ] Request (KeyPairsV22TestJSON:_run_cleanups): 204 DELETE http://10.180.1.21/compute/v2.1/os-keypairs/tempest-keypair-216190369 0.568s
2025-05-07 07:06:26.827 70303 INFO tempest.lib.common.rest_client [req-67e1ed73-92cb-42f8-8ea9-63e17907a800 req-67e1ed73-92cb-42f8-8ea9-63e17907a800 ] Request (QuotasAdminNegativeTest:test_create_server_when_memory_quota_is_full): 200 GET http://10.180.1.21/compute/v2.1/os-quota-sets/7741fd0b0f624df0876b91bb169c1059 0.607s
2025-05-07 07:06:26.850 70311 INFO tempest.lib.common.rest_client [req-c08aefe1-f20d-4e22-9f25-34d555cfc10d req-c08aefe1-f20d-4e22-9f25-34d555cfc10d ] Request (ServerDiagnosticsNegativeTest:test_get_server_diagnostics_by_non_admin): 200 GET http://10.180.1.21/compute/v2.1/servers/bb0e9037-42d5-43ae-b0e6-f08c9a2e6ec7 0.618s
2025-05-07 07:06:26.908 70317 INFO tempest.lib.common.rest_client [req-13ca71cb-f5b4-467e-8b68-335b5b74f2c8 req-13ca71cb-f5b4-467e-8b68-335b5b74f2c8 ] Request (ServersAdmin275Test:test_rebuild_update_server_275): 200 GET http://10.180.1.21/compute/v2.1/servers/365b8207-f49b-4ee7-af6f-9d271eed2e38 0.409s
2025-05-07 07:06:26.944 70347 INFO tempest.lib.common.rest_client [req-de478693-1a71-458b-a585-f446dae6815d req-de478693-1a71-458b-a585-f446dae6815d ] Request (ServerDiskConfigTestJSON:test_rebuild_server_with_auto_disk_config): 200 GET http://10.180.1.21/compute/v2.1/servers/f9124657-d1c5-4a93-9d4a-3b06ca60ec63 0.660s
2025-05-07 07:06:26.956 70347 INFO tempest.common.waiters [-] State transition "BUILD/None" ==> "BUILD/block_device_mapping" after 24 second wait
2025-05-07 07:06:26.975 70313 INFO tempest.lib.common.rest_client [req-7a4fa953-a80f-4cd1-b13f-7acfa85ff77a req-7a4fa953-a80f-4cd1-b13f-7acfa85ff77a ] Request (DeleteServersAdminTestJSON:test_delete_server_while_in_error_state): 200 GET http://10.180.1.21/compute/v2.1/servers/9d1b0a5f-e096-4641-a077-f0949135efbb 0.413s
2025-05-07 07:06:27.054 70363 INFO tempest.lib.common.rest_client [req-7140caa8-de43-4242-b094-e72743091e31 req-7140caa8-de43-4242-b094-e72743091e31 ] Request (ServersTestBootFromVolume:setUpClass): 200 GET http://10.180.1.21/compute/v2.1/servers/67f59d53-c61b-48ad-b55d-710595e9dae3 0.358s
2025-05-07 07:06:27.062 70363 INFO tempest.common.waiters [-] State transition "BUILD/block_device_mapping" ==> "BUILD/spawning" after 27 second wait
2025-05-07 07:06:27.076 70341 INFO tempest.lib.common.rest_client [req-7221c975-8b2f-4f53-8940-68809fc403b7 req-7221c975-8b2f-4f53-8940-68809fc403b7 ] Request (ServerRescueTestJSONUnderV235:setUpClass): 200 POST http://10.180.1.21/compute/v2.1/servers/ebd9e006-a591-44f7-867c-041731b9d45a/action 0.366s
2025-05-07 07:06:27.145 70303 INFO tempest.lib.common.rest_client [req-2e10b905-399b-4a31-a362-e83969506327 req-2e10b905-399b-4a31-a362-e83969506327 ] Request (QuotasAdminNegativeTest:test_create_server_when_memory_quota_is_full): 200 PUT http://10.180.1.21/compute/v2.1/os-quota-sets/7741fd0b0f624df0876b91bb169c1059 0.316s
2025-05-07 07:06:27.195 70303 INFO tempest.lib.common.rest_client [req-8a8a8cc1-f9f0-43c4-b9e2-f2d5d5e5c151 req-8a8a8cc1-f9f0-43c4-b9e2-f2d5d5e5c151 ] Request (QuotasAdminNegativeTest:test_create_server_when_memory_quota_is_full): 201 POST http://10.180.1.21/identity/v3/auth/tokens 0.044s
2025-05-07 07:06:27.196 70303 INFO tempest.lib.common.fixed_network [-] (QuotasAdminNegativeTest:test_create_server_when_memory_quota_is_full) Found network None available for tenant
2025-05-07 07:06:27.215 70329 INFO tempest.lib.common.rest_client [req-f4029190-971c-46d1-a009-2839dd1d4069 req-f4029190-971c-46d1-a009-2839dd1d4069 ] Request (FloatingIPsAssociationNegativeTestJSON:setUpClass): 200 GET http://10.180.1.21/compute/v2.1/servers/5ba60eb7-ee6f-47e2-b6ca-b54817dab371 0.376s
2025-05-07 07:06:27.306 70339 INFO tempest.lib.common.rest_client [req-a3ca918c-1a75-45ce-8243-21d56f1b94ad req-a3ca918c-1a75-45ce-8243-21d56f1b94ad ] Request (ServersListShow296Test:test_list_show_update_rebuild_server_296): 200 GET http://10.180.1.21/compute/v2.1/servers/d73153ad-9258-4c3c-9699-b6364408d631 0.436s
2025-05-07 07:06:27.421 70343 INFO tempest.lib.common.rest_client [req-5b055de6-81f2-475d-8d2e-d27b68451a58 req-5b055de6-81f2-475d-8d2e-d27b68451a58 ] Request (ServersV294TestFqdnHostnames:setUpClass): 200 GET http://10.180.1.21/compute/v2.1/servers/ad0c405f-48c8-4726-8e95-eb83a6e158fe 0.514s
2025-05-07 07:06:27.533 70357 INFO tempest.lib.common.rest_client [req-359ae65d-e983-4033-88c8-ab988a6ec8e9 req-359ae65d-e983-4033-88c8-ab988a6ec8e9 ] Request (ServersTestFqdnHostnames:test_create_server_with_fqdn_name): 200 GET http://10.180.1.21/compute/v2.1/servers/5743a020-0c09-45ec-aca4-5ce367cc201a 0.568s
2025-05-07 07:06:27.575 70305 INFO tempest.lib.common.rest_client [req-b7a839af-eb2f-416c-b217-aca1aefca8f6 req-b7a839af-eb2f-416c-b217-aca1aefca8f6 ] Request (KeyPairsV22TestJSON:test_keypairsv22_create_list_show_with_type): 201 POST http://10.180.1.21/compute/v2.1/os-keypairs 0.778s
2025-05-07 07:06:27.603 70301 INFO tempest.lib.common.rest_client [req-87dc6e81-7a6d-4637-8137-37b114643369 req-87dc6e81-7a6d-4637-8137-37b114643369 ] Request (FloatingIPsAssociationTestJSON:test_associate_already_associated_floating_ip): 200 GET http://10.180.1.21/compute/v2.1/servers/24641406-5292-4497-b34f-9af0dcdc58d7 0.577s
2025-05-07 07:06:27.739 70349 INFO tempest.lib.common.rest_client [req-9dce0c5a-0374-4ad5-95cb-7de77a060e52 req-9dce0c5a-0374-4ad5-95cb-7de77a060e52 ] Request (MigrationsAdminTest:test_list_migrations_in_flavor_resize_situation): 200 GET http://10.180.1.21/compute/v2.1/servers/35fdf25e-c8c0-4123-a95a-2a4c1a504f99 0.604s
2025-05-07 07:06:27.751 70341 INFO tempest.lib.common.rest_client [req-c20dd1bf-9f93-4095-bb17-51251472421e req-c20dd1bf-9f93-4095-bb17-51251472421e ] Request (ServerRescueTestJSONUnderV235:setUpClass): 200 GET http://10.180.1.21/compute/v2.1/servers/ebd9e006-a591-44f7-867c-041731b9d45a 0.673s
2025-05-07 07:06:27.799 70325 INFO tempest.lib.common.rest_client [req-a8778bb2-6e82-46e0-b207-bac56e2e3f4a req-a8778bb2-6e82-46e0-b207-bac56e2e3f4a ] Request (DeleteServersTestJSON:test_delete_server_while_in_attached_volume): 200 GET http://10.180.1.21/compute/v2.1/servers/3e109fff-94bd-41a9-bc43-373143b7fda5 0.618s
2025-05-07 07:06:27.933 70355 INFO tempest.lib.common.rest_client [req-bb2932b8-d7dc-4da6-a0eb-6ef60ce72b6e req-bb2932b8-d7dc-4da6-a0eb-6ef60ce72b6e ] Request (ServerActionsTestOtherA:setUpClass): 200 GET http://10.180.1.21/compute/v2.1/servers/31f56d0e-7c64-4fe3-917e-7ebb814ae924 0.645s
2025-05-07 07:06:28.012 70327 INFO tempest.lib.common.rest_client [req-f54a65e3-c1bd-4c9f-a34e-3f1f84d08137 req-f54a65e3-c1bd-4c9f-a34e-3f1f84d08137 ] Request (ServerDiagnosticsTest:tearDownClass): 200 GET http://10.180.1.21/compute/v2.1/servers/78ba4fa9-4083-4204-a5b4-88cdcec6ca13 0.661s
2025-05-07 07:06:28.043 70303 INFO tempest.lib.common.rest_client [req-11fc241c-b1d2-4fb3-8480-c5f0489abc72 req-11fc241c-b1d2-4fb3-8480-c5f0489abc72 ] Request (QuotasAdminNegativeTest:test_create_server_when_memory_quota_is_full): 403 POST http://10.180.1.21/compute/v2.1/servers 0.847s
2025-05-07 07:06:28.112 70351 INFO tempest.lib.common.rest_client [req-5037d117-0b4a-4b92-9ba9-fc683e5dfa2a req-5037d117-0b4a-4b92-9ba9-fc683e5dfa2a ] Request (SecurityGroupsTestJSON:test_server_security_groups): 200 GET http://10.180.1.21/compute/v2.1/servers/48162423-a117-437e-b171-9a40c7c6f49b 0.634s
2025-05-07 07:06:28.166 70323 INFO tempest.lib.common.rest_client [req-61b2b8bd-2e18-45ec-8ec9-ff4e55bd2c58 req-61b2b8bd-2e18-45ec-8ec9-ff4e55bd2c58 ] Request (InstanceActionsV221TestJSON:test_get_list_deleted_instance_actions): 200 GET http://10.180.1.21/compute/v2.1/servers/fb6d0f81-0eb1-45aa-a3ad-d3958de582c0 0.752s
2025-05-07 07:06:28.237 70345 INFO tempest.lib.common.rest_client [req-968f7093-2f3f-4596-8f1d-9f9d63a7441a req-968f7093-2f3f-4596-8f1d-9f9d63a7441a ] Request (ServerAddressesNegativeTestJSON:tearDownClass): 200 GET http://10.180.1.21/compute/v2.1/servers/049c7405-3daf-4064-8770-efbbf15c832e 0.681s
2025-05-07 07:06:28.247 70305 INFO tempest.lib.common.rest_client [req-d6a51b5b-a94a-4239-afd1-c9c69bf2a257 req-d6a51b5b-a94a-4239-afd1-c9c69bf2a257 ] Request (KeyPairsV22TestJSON:test_keypairsv22_create_list_show_with_type): 200 GET http://10.180.1.21/compute/v2.1/os-keypairs/tempest-keypair-115409642 0.670s
2025-05-07 07:06:28.253 70321 WARNING tempest.lib.common.ssh [-] Failed to establish authenticated ssh connection to cirros@10.180.180.198 ([Errno None] Unable to connect to port 22 on 10.180.180.198). Number attempts: 6. Retry after 7 seconds.: paramiko.ssh_exception.NoValidConnectionsError: [Errno None] Unable to connect to port 22 on 10.180.180.198
2025-05-07 07:06:28.255 70335 INFO tempest.lib.common.rest_client [req-1ebd026d-b142-4425-8f9d-51ecc8477d84 req-1ebd026d-b142-4425-8f9d-51ecc8477d84 ] Request (ListServerFiltersTestJSON:test_list_servers_filter_by_shutoff_status): 200 GET http://10.180.1.21/compute/v2.1/servers/6de35617-22cf-4a32-8651-28ea67532b8f 0.759s
2025-05-07 07:06:28.310 70332 INFO tempest.lib.common.rest_client [req-10ab1680-532f-4993-ae7a-8399c55b803f req-10ab1680-532f-4993-ae7a-8399c55b803f ] Request (ImagesTestJSON:test_create_image_from_stopped_server): 200 GET http://10.180.1.21/compute/v2.1/servers/25957956-0d50-4b4f-8e5c-f55a1e182235 0.688s
2025-05-07 07:06:28.369 70361 INFO tempest.lib.common.rest_client [req-f5e1f94d-7548-4377-bd36-dcd4601fa45a req-f5e1f94d-7548-4377-bd36-dcd4601fa45a ] Request (InstanceActionsNegativeTestJSON:setUpClass): 200 GET http://10.180.1.21/compute/v2.1/servers/bd242bac-cd36-4fff-9325-fc14d5ceb566 0.592s
2025-05-07 07:06:28.405 70315 INFO tempest.lib.common.rest_client [req-c433ecb8-3904-4460-b499-7ffa67458613 req-c433ecb8-3904-4460-b499-7ffa67458613 ] Request (ImagesOneServerTestJSON:test_create_image_specify_multibyte_character_image_name): 200 GET http://10.180.1.21/compute/v2.1/images/c05a1212-9935-4ef6-b538-e562efbce525 0.623s
2025-05-07 07:06:28.484 70311 INFO tempest.lib.common.rest_client [req-55326fab-3e09-4dfd-a82f-754cd4068a68 req-55326fab-3e09-4dfd-a82f-754cd4068a68 ] Request (ServerDiagnosticsNegativeTest:test_get_server_diagnostics_by_non_admin): 200 GET http://10.180.1.21/compute/v2.1/servers/bb0e9037-42d5-43ae-b0e6-f08c9a2e6ec7 0.623s
2025-05-07 07:06:28.499 70353 INFO tempest.lib.common.rest_client [req-77e7c4e3-3eb2-448b-a050-75e2754df23d req-77e7c4e3-3eb2-448b-a050-75e2754df23d ] Request (ServerMetadataTestJSON:tearDownClass): 200 GET http://10.180.1.21/compute/v2.1/servers/6efb0df5-0435-424a-b4cc-1eaefdcf388d 0.760s
2025-05-07 07:06:28.580 70317 INFO tempest.lib.common.rest_client [req-af42c3bf-dd54-4495-be52-5ec51d170963 req-af42c3bf-dd54-4495-be52-5ec51d170963 ] Request (ServersAdmin275Test:test_rebuild_update_server_275): 200 GET http://10.180.1.21/compute/v2.1/servers/365b8207-f49b-4ee7-af6f-9d271eed2e38 0.662s
2025-05-07 07:06:28.683 70347 INFO tempest.lib.common.rest_client [req-bbc1490b-3354-4ac3-931a-ddf8b5742f24 req-bbc1490b-3354-4ac3-931a-ddf8b5742f24 ] Request (ServerDiskConfigTestJSON:test_rebuild_server_with_auto_disk_config): 200 GET http://10.180.1.21/compute/v2.1/servers/f9124657-d1c5-4a93-9d4a-3b06ca60ec63 0.726s
2025-05-07 07:06:28.694 70313 INFO tempest.lib.common.rest_client [req-56d5a8b2-f24f-4a74-b48d-8a8c88c929b2 req-56d5a8b2-f24f-4a74-b48d-8a8c88c929b2 ] Request (DeleteServersAdminTestJSON:test_delete_server_while_in_error_state): 200 GET http://10.180.1.21/compute/v2.1/servers/9d1b0a5f-e096-4641-a077-f0949135efbb 0.710s
2025-05-07 07:06:28.697 70347 INFO tempest.common.waiters [-] State transition "BUILD/block_device_mapping" ==> "BUILD/spawning" after 26 second wait
2025-05-07 07:06:28.798 70303 INFO tempest.lib.common.rest_client [req-c61d54d2-29d5-44d7-88ec-d2e3c249013e req-c61d54d2-29d5-44d7-88ec-d2e3c249013e ] Request (QuotasAdminNegativeTest:_run_cleanups): 200 PUT http://10.180.1.21/compute/v2.1/os-quota-sets/7741fd0b0f624df0876b91bb169c1059 0.754s
2025-05-07 07:06:28.863 70329 INFO tempest.lib.common.rest_client [req-ba503201-5779-47a6-85ad-86404c653468 req-ba503201-5779-47a6-85ad-86404c653468 ] Request (FloatingIPsAssociationNegativeTestJSON:setUpClass): 200 GET http://10.180.1.21/compute/v2.1/servers/5ba60eb7-ee6f-47e2-b6ca-b54817dab371 0.640s
2025-05-07 07:06:28.878 70305 INFO tempest.lib.common.rest_client [req-338e6f81-def2-40c2-a94c-9a8ba8a45875 req-338e6f81-def2-40c2-a94c-9a8ba8a45875 ] Request (KeyPairsV22TestJSON:test_keypairsv22_create_list_show_with_type): 200 GET http://10.180.1.21/compute/v2.1/os-keypairs 0.628s
2025-05-07 07:06:28.893 70363 INFO tempest.lib.common.rest_client [req-f7770fb4-33d1-48e3-847b-683613f9b994 req-f7770fb4-33d1-48e3-847b-683613f9b994 ] Request (ServersTestBootFromVolume:setUpClass): 200 GET http://10.180.1.21/compute/v2.1/servers/67f59d53-c61b-48ad-b55d-710595e9dae3 0.829s
2025-05-07 07:06:28.963 70339 INFO tempest.lib.common.rest_client [req-7f730f17-5a98-4faf-adc8-d119384d245c req-7f730f17-5a98-4faf-adc8-d119384d245c ] Request (ServersListShow296Test:test_list_show_update_rebuild_server_296): 200 GET http://10.180.1.21/compute/v2.1/servers/d73153ad-9258-4c3c-9699-b6364408d631 0.631s
2025-05-07 07:06:28.967 70343 INFO tempest.lib.common.rest_client [req-d3c80147-155a-4bf7-9e41-e986ccb08fb5 req-d3c80147-155a-4bf7-9e41-e986ccb08fb5 ] Request (ServersV294TestFqdnHostnames:setUpClass): 200 GET http://10.180.1.21/compute/v2.1/servers/ad0c405f-48c8-4726-8e95-eb83a6e158fe 0.529s
2025-05-07 07:06:28.983 70343 INFO tempest.common.waiters [-] State transition "BUILD/scheduling" ==> "BUILD/None" after 12 second wait
2025-05-07 07:06:29.023 70301 INFO tempest.lib.common.rest_client [req-d38849b8-8b37-4281-8c06-e78f3ba06366 req-d38849b8-8b37-4281-8c06-e78f3ba06366 ] Request (FloatingIPsAssociationTestJSON:test_associate_already_associated_floating_ip): 200 GET http://10.180.1.21/compute/v2.1/servers/24641406-5292-4497-b34f-9af0dcdc58d7 0.407s
2025-05-07 07:06:29.037 70357 INFO tempest.lib.common.rest_client [req-4f627208-2e93-4c1c-981b-a209f0f4f3b8 req-4f627208-2e93-4c1c-981b-a209f0f4f3b8 ] Request (ServersTestFqdnHostnames:test_create_server_with_fqdn_name): 200 GET http://10.180.1.21/compute/v2.1/servers/5743a020-0c09-45ec-aca4-5ce367cc201a 0.493s
2025-05-07 07:06:29.144 70349 INFO tempest.lib.common.rest_client [req-4e0df66f-9a2b-4f86-87f4-639d01418cd6 req-4e0df66f-9a2b-4f86-87f4-639d01418cd6 ] Request (MigrationsAdminTest:test_list_migrations_in_flavor_resize_situation): 200 GET http://10.180.1.21/compute/v2.1/servers/35fdf25e-c8c0-4123-a95a-2a4c1a504f99 0.394s
2025-05-07 07:06:29.151 70303 INFO tempest.lib.common.rest_client [req-deedacac-dae6-44b9-8dfe-e3fa26e4d18e req-deedacac-dae6-44b9-8dfe-e3fa26e4d18e ] Request (QuotasAdminNegativeTest:test_update_quota_normal_user): 403 PUT http://10.180.1.21/compute/v2.1/os-quota-sets/7741fd0b0f624df0876b91bb169c1059 0.346s
2025-05-07 07:06:29.165 70341 INFO tempest.lib.common.rest_client [req-af37e1aa-9e22-475a-845f-9f54d6607c6f req-af37e1aa-9e22-475a-845f-9f54d6607c6f ] Request (ServerRescueTestJSONUnderV235:setUpClass): 200 GET http://10.180.1.21/compute/v2.1/servers/ebd9e006-a591-44f7-867c-041731b9d45a 0.403s
2025-05-07 07:06:29.182 70305 INFO tempest.lib.common.rest_client [req-cda436a3-0921-4cfa-9fd1-58a0740866d8 req-cda436a3-0921-4cfa-9fd1-58a0740866d8 ] Request (KeyPairsV22TestJSON:_run_cleanups): 204 DELETE http://10.180.1.21/compute/v2.1/os-keypairs/tempest-keypair-115409642 0.301s
2025-05-07 07:06:29.219 70325 INFO tempest.lib.common.rest_client [req-417cb460-cb60-4e61-a46e-4f51e23bd791 req-417cb460-cb60-4e61-a46e-4f51e23bd791 ] Request (DeleteServersTestJSON:test_delete_server_while_in_attached_volume): 200 GET http://10.180.1.21/compute/v2.1/servers/3e109fff-94bd-41a9-bc43-373143b7fda5 0.412s
2025-05-07 07:06:29.286 70327 INFO tempest.lib.common.rest_client [req-bbf6ac7a-a953-4e19-b22a-86faea5ec15d req-bbf6ac7a-a953-4e19-b22a-86faea5ec15d ] Request (ServerDiagnosticsTest:tearDownClass): 200 GET http://10.180.1.21/compute/v2.1/servers/78ba4fa9-4083-4204-a5b4-88cdcec6ca13 0.264s
2025-05-07 07:06:29.300 70303 INFO tempest.lib.common.rest_client [req-3d450b73-44f6-4758-b3ce-697c956c1bc4 req-3d450b73-44f6-4758-b3ce-697c956c1bc4 ] Request (QuotasAdminNegativeTest:tearDownClass): 204 DELETE http://10.180.1.21/identity/v3/users/1ee498fa00f94d9ea6f0b40422ad1daf 0.147s
2025-05-07 07:06:29.306 70305 INFO tempest.lib.common.rest_client [req-a52424e5-d53c-4a53-b6e0-812ceb6a4bca req-a52424e5-d53c-4a53-b6e0-812ceb6a4bca ] Request (KeyPairsV22TestJSON:tearDownClass): 204 DELETE http://10.180.1.21/identity/v3/users/a57bf81094e44dc093effba474804b3e 0.122s
2025-05-07 07:06:29.307 70305 INFO tempest.lib.common.dynamic_creds [-] Deleting project and security group for project: 74164770e24a4ca29dbbca35ef5bf48a
2025-05-07 07:06:29.370 70351 INFO tempest.lib.common.rest_client [req-ba412b2c-f5a2-4c26-9154-da61f9083010 req-ba412b2c-f5a2-4c26-9154-da61f9083010 ] Request (SecurityGroupsTestJSON:test_server_security_groups): 200 GET http://10.180.1.21/compute/v2.1/servers/48162423-a117-437e-b171-9a40c7c6f49b 0.245s
2025-05-07 07:06:29.371 70355 INFO tempest.lib.common.rest_client [req-e1d94dec-e3c2-40dd-a748-9840972d1bd7 req-e1d94dec-e3c2-40dd-a748-9840972d1bd7 ] Request (ServerActionsTestOtherA:setUpClass): 200 GET http://10.180.1.21/compute/v2.1/servers/31f56d0e-7c64-4fe3-917e-7ebb814ae924 0.431s
2025-05-07 07:06:29.411 70305 INFO tempest.lib.common.rest_client [req-97339014-5cb7-4b53-bdf9-287c6794479f req-97339014-5cb7-4b53-bdf9-287c6794479f ] Request (KeyPairsV22TestJSON:tearDownClass): 201 POST http://10.180.1.21/identity/v3/auth/tokens 0.104s
2025-05-07 07:06:29.454 70345 INFO tempest.lib.common.rest_client [req-97c8a1b5-282e-48ec-9757-490d8b141166 req-97c8a1b5-282e-48ec-9757-490d8b141166 ] Request (ServerAddressesNegativeTestJSON:tearDownClass): 200 GET http://10.180.1.21/compute/v2.1/servers/049c7405-3daf-4064-8770-efbbf15c832e 0.207s
2025-05-07 07:06:29.457 70323 INFO tempest.lib.common.rest_client [req-ee9e1daa-395f-4083-bced-3c03c312e378 req-ee9e1daa-395f-4083-bced-3c03c312e378 ] Request (InstanceActionsV221TestJSON:test_get_list_deleted_instance_actions): 200 GET http://10.180.1.21/compute/v2.1/servers/fb6d0f81-0eb1-45aa-a3ad-d3958de582c0 0.281s
2025-05-07 07:06:29.508 70303 INFO tempest.lib.common.rest_client [req-7f5eff7a-e70b-425f-8e05-ff2496a3a5f0 req-7f5eff7a-e70b-425f-8e05-ff2496a3a5f0 ] Request (QuotasAdminNegativeTest:tearDownClass): 204 DELETE http://10.180.1.21/identity/v3/users/fcb0827c27794865b215dbaca48a75d9 0.208s
