2025-05-07 07:07:05.814 70325 INFO tempest.lib.common.rest_client [req-4c53b3ef-a338-4a5e-bbb0-5f94b89b1734 req-4c53b3ef-a338-4a5e-bbb0-5f94b89b1734 ] Request (DeleteServersTestJSON:test_delete_server_while_in_attached_volume): 200 GET http://10.180.1.21/compute/v2.1/servers/3e109fff-94bd-41a9-bc43-373143b7fda5 0.341s
2025-05-07 07:07:05.856 70335 INFO tempest.lib.common.rest_client [req-5277729a-dee3-4a73-a0c9-fa2894885eb7 req-5277729a-dee3-4a73-a0c9-fa2894885eb7 ] Request (ListServerFiltersTestJSON:tearDownClass): 200 GET http://10.180.1.21/compute/v2.1/servers/4a502d1e-8a86-4ec7-b1d6-9d68c3a47f9b 0.297s
2025-05-07 07:07:05.884 70301 INFO tempest.lib.common.rest_client [req-11fefcf8-c145-44be-9b3f-5124bb169cb9 req-11fefcf8-c145-44be-9b3f-5124bb169cb9 ] Request (FloatingIPsAssociationTestJSON:test_associate_already_associated_floating_ip): 200 GET http://10.180.1.21/compute/v2.1/servers/24641406-5292-4497-b34f-9af0dcdc58d7 0.274s
2025-05-07 07:07:05.894 70301 INFO tempest.common.waiters [-] State transition "BUILD/None" ==> "BUILD/networking" after 46 second wait
2025-05-07 07:07:05.956 70351 INFO tempest.lib.common.rest_client [req-9d8147c9-e4f0-4d9e-abde-048165874f24 req-9d8147c9-e4f0-4d9e-abde-048165874f24 ] Request (SecurityGroupsTestJSON:test_server_security_groups): 200 GET http://10.180.1.21/compute/v2.1/servers/48162423-a117-437e-b171-9a40c7c6f49b 0.283s
2025-05-07 07:07:05.957 70315 INFO tempest.lib.common.rest_client [req-dbe4b08e-ac37-48aa-a478-4a938ca24160 req-dbe4b08e-ac37-48aa-a478-4a938ca24160 ] Request (ImagesOneServerTestJSON:tearDownClass): 200 GET http://10.180.1.21/compute/v2.1/servers/303c7ee1-8d26-460b-aab9-d55c71cf8a73 0.306s
2025-05-07 07:07:06.003 70332 INFO tempest.lib.common.rest_client [req-8f381799-3bfd-4275-8082-e285472a19a8 req-8f381799-3bfd-4275-8082-e285472a19a8 ] Request (ImagesTestJSON:test_create_image_from_stopped_server): 200 GET http://10.180.1.21/compute/v2.1/images/a87af1d8-1cc3-4b33-80f7-7a0661bcd1dd 0.317s
2025-05-07 07:07:06.012 70357 WARNING tempest.lib.common.ssh [-] Failed to establish authenticated ssh connection to cirros@10.180.180.169 ([Errno None] Unable to connect to port 22 on 10.180.180.169). Number attempts: 4. Retry after 5 seconds.: paramiko.ssh_exception.NoValidConnectionsError: [Errno None] Unable to connect to port 22 on 10.180.180.169
2025-05-07 07:07:06.033 70303 INFO tempest.lib.common.rest_client [req-1d689616-137c-4bcd-a742-bef50f67415e req-1d689616-137c-4bcd-a742-bef50f67415e ] Request (ServerActionsTestJSON:setUpClass): 200 GET http://10.180.1.21/compute/v2.1/servers/4597a0b8-2c04-4755-8e0d-e00e5cdaacd7 0.293s
2025-05-07 07:07:06.121 70349 INFO tempest.lib.common.rest_client [req-b3536411-fb08-4962-856b-6eaccf707b12 req-b3536411-fb08-4962-856b-6eaccf707b12 ] Request (MigrationsAdminTest:test_resize_server_revert_deleted_flavor): 200 GET http://10.180.1.21/compute/v2.1/servers/8b812422-4ca6-4d2b-b6af-873fdb21fab6 0.333s
2025-05-07 07:07:06.310 70361 INFO tempest.lib.common.rest_client [req-e120025d-e828-46cc-a7de-1a5ba6056309 req-e120025d-e828-46cc-a7de-1a5ba6056309 ] Request (InstanceActionsNegativeTestJSON:setUpClass): 200 GET http://10.180.1.21/compute/v2.1/servers/bd242bac-cd36-4fff-9325-fc14d5ceb566 0.312s
2025-05-07 07:07:06.336 70329 INFO tempest.lib.common.rest_client [req-065c44b8-f50f-402e-af36-5de8c66f8809 req-065c44b8-f50f-402e-af36-5de8c66f8809 ] Request (FloatingIPsAssociationNegativeTestJSON:tearDownClass): 200 GET http://10.180.1.21/compute/v2.1/servers/5ba60eb7-ee6f-47e2-b6ca-b54817dab371 0.591s
2025-05-07 07:07:06.404 70341 INFO tempest.lib.common.rest_client [req-5dccb9b9-2939-4431-8dcd-af86a23f4070 req-5dccb9b9-2939-4431-8dcd-af86a23f4070 ] Request (ServerRescueTestJSONUnderV235:tearDownClass): 200 GET http://10.180.1.21/compute/v2.1/servers/ebd9e006-a591-44f7-867c-041731b9d45a 0.397s
2025-05-07 07:07:06.419 70311 INFO tempest.lib.common.rest_client [req-7ac8196f-0ac0-472d-8334-26bd5956d8b8 req-7ac8196f-0ac0-472d-8334-26bd5956d8b8 ] Request (ServerDiagnosticsNegativeTest:tearDownClass): 200 GET http://10.180.1.21/compute/v2.1/servers/bb0e9037-42d5-43ae-b0e6-f08c9a2e6ec7 0.320s
2025-05-07 07:07:06.478 70327 INFO tempest.lib.common.rest_client [req-480b974f-ba24-4f22-98d0-b273a7e589c7 req-480b974f-ba24-4f22-98d0-b273a7e589c7 ] Request (ServersAdminTestJSON:setUpClass): 200 GET http://10.180.1.21/compute/v2.1/servers/d2684194-a688-4466-9852-1f4ff656f057 0.245s
2025-05-07 07:07:06.553 70347 INFO tempest.lib.common.rest_client [req-abe2b7c3-89a2-491a-ab86-8d189a796500 req-abe2b7c3-89a2-491a-ab86-8d189a796500 ] Request (ServerDiskConfigTestJSON:test_rebuild_server_with_manual_disk_config): 200 GET http://10.180.1.21/compute/v2.1/servers/d5c23433-a0f3-4f0a-9c62-051d07dcd712 0.241s
2025-05-07 07:07:06.621 70317 INFO tempest.lib.common.rest_client [req-4f76892c-d946-466e-8eac-4be0605eeab9 req-4f76892c-d946-466e-8eac-4be0605eeab9 ] Request (ServersAdmin275Test:test_rebuild_update_server_275): 200 GET http://10.180.1.21/compute/v2.1/servers/365b8207-f49b-4ee7-af6f-9d271eed2e38 0.233s
2025-05-07 07:07:06.694 70307 INFO tempest.lib.common.rest_client [req-e9e8eb7d-89a3-4897-bc8a-62cbeb0e3788 req-e9e8eb7d-89a3-4897-bc8a-62cbeb0e3788 ] Request (AttachInterfacesUnderV243Test:_run_cleanups): 200 GET http://10.180.1.21/compute/v2.1/servers/743a4a52-ce35-4ec1-9286-e0c470e87186 0.223s
2025-05-07 07:07:06.708 70353 INFO tempest.lib.common.rest_client [req-f531ca58-4d2b-4d1a-9560-c3a0fc9d495c req-f531ca58-4d2b-4d1a-9560-c3a0fc9d495c ] Request (ServersListShow2100Test:test_list_show_rebuild_update_server_2100): 200 GET http://10.180.1.21/compute/v2.1/servers/fae97132-44b4-4df1-bd34-ba694ea7016a 0.603s
2025-05-07 07:07:06.781 70345 INFO tempest.lib.common.rest_client [req-38ca28cc-af38-4890-93ed-e4dd00f0a87e req-38ca28cc-af38-4890-93ed-e4dd00f0a87e ] Request (ServersTestJSON:test_create_server_specify_multibyte_character_name): 200 GET http://10.180.1.21/compute/v2.1/servers/b5ad55cc-9010-46be-bfd0-28fa1607f1c3 0.224s
2025-05-07 07:07:06.855 70305 INFO tempest.lib.common.rest_client [req-51128e34-46db-43ba-aee9-064ded126ef1 req-51128e34-46db-43ba-aee9-064ded126ef1 ] Request (ServersTestManualDisk:setUpClass): 200 GET http://10.180.1.21/compute/v2.1/servers/7af5a14d-f586-4746-9831-8be255581637 0.185s
2025-05-07 07:07:06.902 70343 INFO tempest.lib.common.rest_client [req-a304c778-053d-49a5-8766-132a03cb35c8 req-a304c778-053d-49a5-8766-132a03cb35c8 ] Request (ServersV294TestFqdnHostnames:setUpClass): 200 GET http://10.180.1.21/compute/v2.1/servers/ad0c405f-48c8-4726-8e95-eb83a6e158fe 0.259s
2025-05-07 07:07:06.903 70313 INFO tempest.lib.common.rest_client [req-e73bc40b-28e6-4c91-8c54-0c141d5a9b79 req-e73bc40b-28e6-4c91-8c54-0c141d5a9b79 ] Request (VolumesAdminNegativeTest:setUpClass): 201 POST http://10.180.1.21:9696/networking/v2.0/routers 1.676s
2025-05-07 07:07:06.978 70339 INFO tempest.lib.common.rest_client [req-0645a02a-be3b-4803-931d-9d0c1ff2e2f2 req-0645a02a-be3b-4803-931d-9d0c1ff2e2f2 ] Request (ServersListShow296Test:test_list_show_update_rebuild_server_296): 200 GET http://10.180.1.21/compute/v2.1/servers/d73153ad-9258-4c3c-9699-b6364408d631 0.201s
2025-05-07 07:07:07.042 70325 INFO tempest.lib.common.rest_client [req-e4965533-d675-497a-bd38-45d3c15e8353 req-e4965533-d675-497a-bd38-45d3c15e8353 ] Request (DeleteServersTestJSON:test_delete_server_while_in_attached_volume): 200 GET http://10.180.1.21/compute/v2.1/servers/3e109fff-94bd-41a9-bc43-373143b7fda5 0.219s
2025-05-07 07:07:07.080 70335 INFO tempest.lib.common.rest_client [req-2ed8b8de-b454-4b2e-9514-6af6703a73fb req-2ed8b8de-b454-4b2e-9514-6af6703a73fb ] Request (ListServerFiltersTestJSON:tearDownClass): 200 GET http://10.180.1.21/compute/v2.1/servers/4a502d1e-8a86-4ec7-b1d6-9d68c3a47f9b 0.209s
2025-05-07 07:07:07.155 70301 INFO tempest.lib.common.rest_client [req-ce2158cf-1b08-4f89-8124-4700ebd39faf req-ce2158cf-1b08-4f89-8124-4700ebd39faf ] Request (FloatingIPsAssociationTestJSON:test_associate_already_associated_floating_ip): 200 GET http://10.180.1.21/compute/v2.1/servers/24641406-5292-4497-b34f-9af0dcdc58d7 0.258s
2025-05-07 07:07:07.167 70301 INFO tempest.common.waiters [-] State transition "BUILD/networking" ==> "BUILD/spawning" after 48 second wait
2025-05-07 07:07:07.170 70323 INFO tempest.lib.common.rest_client [req-6fd674e1-ca43-468f-a3e0-dd991160893b req-6fd674e1-ca43-468f-a3e0-dd991160893b ] Request (ServerRescueTestJSON:setUpClass): 200 PUT http://10.180.1.21:9696/networking/v2.0/routers/c8ffa6d2-4624-4074-9c74-bbbf0177e512/add_router_interface 1.555s
2025-05-07 07:07:07.170 70323 INFO tempest.lib.common.dynamic_creds [-] Created isolated network resources for: credentials: Credentials: {'domain_id': 'default', 'domain_name': 'Default', 'username': 'tempest-ServerRescueTestJSON-312521432-project-member', 'project_domain_id': 'default', 'project_domain_name': 'Default', 'project_id': '6642ce24dd0040fea9a3f89b22343330', 'project_name': 'tempest-ServerRescueTestJSON-312521432', 'tenant_id': '6642ce24dd0040fea9a3f89b22343330', 'tenant_name': 'tempest-ServerRescueTestJSON-312521432', 'user_domain_id': 'default', 'user_domain_name': 'Default', 'user_id': '1e8a458282a94c7493628f2307755af3', 'system': None}, Network: {'id': '29eeafe7-2870-42f6-837a-535dc38c0aa4', 'name': 'tempest-ServerRescueTestJSON-749573937-network', 'tenant_id': '6642ce24dd0040fea9a3f89b22343330', 'admin_state_up': True, 'mtu': 8950, 'status': 'ACTIVE', 'subnets': [], 'shared': False, 'project_id': '6642ce24dd0040fea9a3f89b22343330', 'port_security_enabled': True, 'router:external': False, 'provider:network_type': 'vlan', 'provider:physical_network': 'default', 'provider:segmentation_id': 741, 'availability_zone_hints': [], 'availability_zones': [], 'ipv4_address_scope': None, 'ipv6_address_scope': None, 'description': '', 'tags': [], 'created_at': '2025-05-07T07:07:04Z', 'updated_at': '2025-05-07T07:07:04Z', 'revision_number': 1}, Subnet: {'id': '47e95a3c-84a4-4983-8448-aa7ff3e9d5c7', 'name': 'tempest-ServerRescueTestJSON-749573937-subnet', 'tenant_id': '6642ce24dd0040fea9a3f89b22343330', 'network_id': '29eeafe7-2870-42f6-837a-535dc38c0aa4', 'ip_version': 4, 'subnetpool_id': None, 'enable_dhcp': False, 'ipv6_ra_mode': None, 'ipv6_address_mode': None, 'gateway_ip': '192.168.128.1', 'cidr': '192.168.128.0/28', 'allocation_pools': [{'start': '192.168.128.2', 'end': '192.168.128.14'}], 'host_routes': [], 'dns_nameservers': [], 'description': '', 'router:external': False, 'service_types': [], 'tags': [], 'created_at': '2025-05-07T07:07:04Z', 'updated_at': '2025-05-07T07:07:04Z', 'revision_number': 0, 'project_id': '6642ce24dd0040fea9a3f89b22343330'}, Router: {'id': 'c8ffa6d2-4624-4074-9c74-bbbf0177e512', 'name': 'tempest-ServerRescueTestJSON-749573937-router', 'tenant_id': '6642ce24dd0040fea9a3f89b22343330', 'admin_state_up': True, 'status': 'ACTIVE', 'external_gateway_info': {'network_id': 'fc78d5f9-6aee-4811-b7a3-08f6be59c4d1', 'external_fixed_ips': [{'subnet_id': 'dc28970b-f829-44fd-8a06-617e63dad6c0', 'ip_address': '10.180.180.173'}], 'enable_snat': True}, 'description': '', 'availability_zones': [], 'distributed': False, 'ha': False, 'availability_zone_hints': [], 'routes': [], 'flavor_id': None, 'tags': [], 'created_at': '2025-05-07T07:07:04Z', 'updated_at': '2025-05-07T07:07:04Z', 'revision_number': 2, 'project_id': '6642ce24dd0040fea9a3f89b22343330'}
2025-05-07 07:07:07.191 70315 INFO tempest.lib.common.rest_client [req-c681e7b4-0e3a-4640-82d4-5f15c17e8d11 req-c681e7b4-0e3a-4640-82d4-5f15c17e8d11 ] Request (ImagesOneServerTestJSON:tearDownClass): 200 GET http://10.180.1.21/compute/v2.1/servers/303c7ee1-8d26-460b-aab9-d55c71cf8a73 0.224s
2025-05-07 07:07:07.234 70351 INFO tempest.lib.common.rest_client [req-f8aec2dc-59df-4a81-977e-326df728f4fb req-f8aec2dc-59df-4a81-977e-326df728f4fb ] Request (SecurityGroupsTestJSON:test_server_security_groups): 200 GET http://10.180.1.21/compute/v2.1/servers/48162423-a117-437e-b171-9a40c7c6f49b 0.264s
2025-05-07 07:07:07.239 70332 INFO tempest.lib.common.rest_client [req-a43d8030-b042-420b-bd49-a7cde4386f21 req-a43d8030-b042-420b-bd49-a7cde4386f21 ] Request (ImagesTestJSON:test_create_image_from_stopped_server): 200 GET http://10.180.1.21/compute/v2.1/images/a87af1d8-1cc3-4b33-80f7-7a0661bcd1dd 0.230s
2025-05-07 07:07:07.291 70323 INFO tempest.lib.common.rest_client [req-3842a660-178a-4819-af99-ddd5c86d36eb req-3842a660-178a-4819-af99-ddd5c86d36eb ] Request (ServerRescueTestJSON:setUpClass): 201 POST http://10.180.1.21/identity/v3/auth/tokens 0.115s
2025-05-07 07:07:07.294 70303 INFO tempest.lib.common.rest_client [req-b8351d6b-33bc-4f2b-b3aa-20b7c6b39c52 req-b8351d6b-33bc-4f2b-b3aa-20b7c6b39c52 ] Request (ServerActionsTestJSON:setUpClass): 200 GET http://10.180.1.21/compute/v2.1/servers/4597a0b8-2c04-4755-8e0d-e00e5cdaacd7 0.245s
2025-05-07 07:07:07.311 70349 INFO tempest.lib.common.rest_client [req-c310af2f-e531-4ec9-a3cb-35d07290617b req-c310af2f-e531-4ec9-a3cb-35d07290617b ] Request (MigrationsAdminTest:test_resize_server_revert_deleted_flavor): 200 GET http://10.180.1.21/compute/v2.1/servers/8b812422-4ca6-4d2b-b6af-873fdb21fab6 0.178s
2025-05-07 07:07:07.333 70323 INFO tempest.lib.common.rest_client [req-1579453f-60d6-4cfe-a8de-e896a1840b60 req-1579453f-60d6-4cfe-a8de-e896a1840b60 ] Request (ServerRescueTestJSON:setUpClass): 201 POST http://10.180.1.21/identity/v3/auth/tokens 0.036s
2025-05-07 07:07:07.333 70323 INFO tempest.lib.common.fixed_network [-] (ServerRescueTestJSON:setUpClass) Found network {'id': '29eeafe7-2870-42f6-837a-535dc38c0aa4', 'name': 'tempest-ServerRescueTestJSON-749573937-network', 'tenant_id': '6642ce24dd0040fea9a3f89b22343330', 'admin_state_up': True, 'mtu': 8950, 'status': 'ACTIVE', 'subnets': [], 'shared': False, 'project_id': '6642ce24dd0040fea9a3f89b22343330', 'port_security_enabled': True, 'router:external': False, 'provider:network_type': 'vlan', 'provider:physical_network': 'default', 'provider:segmentation_id': 741, 'availability_zone_hints': [], 'availability_zones': [], 'ipv4_address_scope': None, 'ipv6_address_scope': None, 'description': '', 'tags': [], 'created_at': '2025-05-07T07:07:04Z', 'updated_at': '2025-05-07T07:07:04Z', 'revision_number': 1} available for tenant
2025-05-07 07:07:07.426 70361 INFO tempest.lib.common.rest_client [req-ebb9fb57-0820-49b5-a297-ae0180b9e6f6 req-ebb9fb57-0820-49b5-a297-ae0180b9e6f6 ] Request (InstanceActionsNegativeTestJSON:setUpClass): 200 GET http://10.180.1.21/compute/v2.1/servers/bd242bac-cd36-4fff-9325-fc14d5ceb566 0.104s
2025-05-07 07:07:07.509 70329 INFO tempest.lib.common.rest_client [req-ba221bd2-aa6c-406c-af6b-33e4bbf173e2 req-ba221bd2-aa6c-406c-af6b-33e4bbf173e2 ] Request (FloatingIPsAssociationNegativeTestJSON:tearDownClass): 200 GET http://10.180.1.21/compute/v2.1/servers/5ba60eb7-ee6f-47e2-b6ca-b54817dab371 0.160s
2025-05-07 07:07:07.591 70341 INFO tempest.lib.common.rest_client [req-4e2a9029-4455-477e-b54a-e5bcf8888ba4 req-4e2a9029-4455-477e-b54a-e5bcf8888ba4 ] Request (ServerRescueTestJSONUnderV235:tearDownClass): 200 GET http://10.180.1.21/compute/v2.1/servers/ebd9e006-a591-44f7-867c-041731b9d45a 0.177s
2025-05-07 07:07:07.660 70311 INFO tempest.lib.common.rest_client [req-39469d11-dbfb-4b1e-ab14-7d7d6ac57b10 req-39469d11-dbfb-4b1e-ab14-7d7d6ac57b10 ] Request (ServerDiagnosticsNegativeTest:tearDownClass): 200 GET http://10.180.1.21/compute/v2.1/servers/bb0e9037-42d5-43ae-b0e6-f08c9a2e6ec7 0.231s
2025-05-07 07:07:07.722 70327 INFO tempest.lib.common.rest_client [req-7da04c11-6419-405c-b372-f081e61c0d5b req-7da04c11-6419-405c-b372-f081e61c0d5b ] Request (ServersAdminTestJSON:setUpClass): 200 GET http://10.180.1.21/compute/v2.1/servers/d2684194-a688-4466-9852-1f4ff656f057 0.234s
2025-05-07 07:07:07.779 70347 INFO tempest.lib.common.rest_client [req-ba37329e-f1ac-4394-b9f0-8b4d7fe68711 req-ba37329e-f1ac-4394-b9f0-8b4d7fe68711 ] Request (ServerDiskConfigTestJSON:test_rebuild_server_with_manual_disk_config): 200 GET http://10.180.1.21/compute/v2.1/servers/d5c23433-a0f3-4f0a-9c62-051d07dcd712 0.215s
2025-05-07 07:07:07.841 70317 INFO tempest.lib.common.rest_client [req-3d2ca4c6-750a-45a4-95d4-a3c0fdb8307d req-3d2ca4c6-750a-45a4-95d4-a3c0fdb8307d ] Request (ServersAdmin275Test:test_rebuild_update_server_275): 200 GET http://10.180.1.21/compute/v2.1/servers/365b8207-f49b-4ee7-af6f-9d271eed2e38 0.208s
2025-05-07 07:07:07.904 70323 INFO tempest.lib.common.rest_client [req-0ead81e3-5e7e-47a2-8ad7-b5fc1546362d req-0ead81e3-5e7e-47a2-8ad7-b5fc1546362d ] Request (ServerRescueTestJSON:setUpClass): 202 POST http://10.180.1.21/compute/v2.1/servers 0.570s
2025-05-07 07:07:07.917 70307 INFO tempest.lib.common.rest_client [req-f7a0f122-962c-4444-a704-161c2f5f3969 req-f7a0f122-962c-4444-a704-161c2f5f3969 ] Request (AttachInterfacesUnderV243Test:_run_cleanups): 200 GET http://10.180.1.21/compute/v2.1/servers/743a4a52-ce35-4ec1-9286-e0c470e87186 0.209s
2025-05-07 07:07:07.967 70345 INFO tempest.lib.common.rest_client [req-26a3e330-5b78-47f8-b010-97b09688a94f req-26a3e330-5b78-47f8-b010-97b09688a94f ] Request (ServersTestJSON:test_create_server_specify_multibyte_character_name): 200 GET http://10.180.1.21/compute/v2.1/servers/b5ad55cc-9010-46be-bfd0-28fa1607f1c3 0.177s
2025-05-07 07:07:07.995 70353 INFO tempest.lib.common.rest_client [req-6e316f37-1ff5-4c9b-ba3f-3d3c91fe952e req-6e316f37-1ff5-4c9b-ba3f-3d3c91fe952e ] Request (ServersListShow2100Test:test_list_show_rebuild_update_server_2100): 200 GET http://10.180.1.21/compute/v2.1/servers/fae97132-44b4-4df1-bd34-ba694ea7016a 0.266s
2025-05-07 07:07:08.052 70305 INFO tempest.lib.common.rest_client [req-e957c796-1c0a-4777-99ef-b868df9cea85 req-e957c796-1c0a-4777-99ef-b868df9cea85 ] Request (ServersTestManualDisk:setUpClass): 200 GET http://10.180.1.21/compute/v2.1/servers/7af5a14d-f586-4746-9831-8be255581637 0.185s
2025-05-07 07:07:08.055 70323 INFO tempest.lib.common.rest_client [req-43885c39-cb16-4a65-8c50-20beed50c046 req-43885c39-cb16-4a65-8c50-20beed50c046 ] Request (ServerRescueTestJSON:setUpClass): 200 GET http://10.180.1.21/compute/v2.1/servers/a4064177-051b-4ec8-a1fc-fa5d299add8b 0.149s
2025-05-07 07:07:08.132 70339 INFO tempest.lib.common.rest_client [req-82a5ecae-6383-4a8a-987a-794210480cca req-82a5ecae-6383-4a8a-987a-794210480cca ] Request (ServersListShow296Test:test_list_show_update_rebuild_server_296): 200 GET http://10.180.1.21/compute/v2.1/servers/d73153ad-9258-4c3c-9699-b6364408d631 0.139s
2025-05-07 07:07:08.191 70325 INFO tempest.lib.common.rest_client [req-81f20b44-7393-4f50-a6c5-0fa4bc1c692c req-81f20b44-7393-4f50-a6c5-0fa4bc1c692c ] Request (DeleteServersTestJSON:test_delete_server_while_in_attached_volume): 200 GET http://10.180.1.21/compute/v2.1/servers/3e109fff-94bd-41a9-bc43-373143b7fda5 0.137s
2025-05-07 07:07:08.235 70343 INFO tempest.lib.common.rest_client [req-a1521066-d396-4518-afda-ec4ddcb91277 req-a1521066-d396-4518-afda-ec4ddcb91277 ] Request (ServersV294TestFqdnHostnames:setUpClass): 200 GET http://10.180.1.21/compute/v2.1/servers/ad0c405f-48c8-4726-8e95-eb83a6e158fe 0.316s
2025-05-07 07:07:08.252 70343 INFO tempest.common.waiters [-] State transition "BUILD/spawning" ==> "ACTIVE/None" after 52 second wait
2025-05-07 07:07:08.264 70335 INFO tempest.lib.common.rest_client [req-09479c09-4a88-447b-b6f8-4727a8ab8420 req-09479c09-4a88-447b-b6f8-4727a8ab8420 ] Request (ListServerFiltersTestJSON:tearDownClass): 200 GET http://10.180.1.21/compute/v2.1/servers/4a502d1e-8a86-4ec7-b1d6-9d68c3a47f9b 0.171s
2025-05-07 07:07:08.342 70315 INFO tempest.lib.common.rest_client [req-1d21851b-3bc6-4006-9ca7-0a5ce8983f69 req-1d21851b-3bc6-4006-9ca7-0a5ce8983f69 ] Request (ImagesOneServerTestJSON:tearDownClass): 200 GET http://10.180.1.21/compute/v2.1/servers/303c7ee1-8d26-460b-aab9-d55c71cf8a73 0.135s
2025-05-07 07:07:08.360 70313 INFO tempest.lib.common.rest_client [req-e90652fa-fd3c-4eaf-a2ce-090603edbecb req-e90652fa-fd3c-4eaf-a2ce-090603edbecb ] Request (VolumesAdminNegativeTest:setUpClass): 200 PUT http://10.180.1.21:9696/networking/v2.0/routers/048e314f-a9c7-46f4-8890-bf9afe50adf0/add_router_interface 1.456s
2025-05-07 07:07:08.361 70313 INFO tempest.lib.common.dynamic_creds [-] Created isolated network resources for: credentials: Credentials: {'domain_id': 'default', 'domain_name': 'Default', 'username': 'tempest-VolumesAdminNegativeTest-1489893392-project-member', 'project_domain_id': 'default', 'project_domain_name': 'Default', 'project_id': '38945e679e1c4550b82ada82b9b1b7ec', 'project_name': 'tempest-VolumesAdminNegativeTest-1489893392', 'tenant_id': '38945e679e1c4550b82ada82b9b1b7ec', 'tenant_name': 'tempest-VolumesAdminNegativeTest-1489893392', 'user_domain_id': 'default', 'user_domain_name': 'Default', 'user_id': '847765544bc249f7b2f5a61020cddd46', 'system': None}, Network: {'id': 'e10d434b-963b-4921-9062-e962c99f8727', 'name': 'tempest-VolumesAdminNegativeTest-1142282702-network', 'tenant_id': '38945e679e1c4550b82ada82b9b1b7ec', 'admin_state_up': True, 'mtu': 8950, 'status': 'ACTIVE', 'subnets': [], 'shared': False, 'project_id': '38945e679e1c4550b82ada82b9b1b7ec', 'port_security_enabled': True, 'router:external': False, 'provider:network_type': 'vlan', 'provider:physical_network': 'default', 'provider:segmentation_id': 244, 'availability_zone_hints': [], 'availability_zones': [], 'ipv4_address_scope': None, 'ipv6_address_scope': None, 'description': '', 'tags': [], 'created_at': '2025-05-07T07:07:04Z', 'updated_at': '2025-05-07T07:07:04Z', 'revision_number': 1}, Subnet: {'id': 'f5838d2e-0e42-427d-a21d-700bf235cc56', 'name': 'tempest-VolumesAdminNegativeTest-1142282702-subnet', 'tenant_id': '38945e679e1c4550b82ada82b9b1b7ec', 'network_id': 'e10d434b-963b-4921-9062-e962c99f8727', 'ip_version': 4, 'subnetpool_id': None, 'enable_dhcp': True, 'ipv6_ra_mode': None, 'ipv6_address_mode': None, 'gateway_ip': '192.168.128.1', 'cidr': '192.168.128.0/28', 'allocation_pools': [{'start': '192.168.128.2', 'end': '192.168.128.14'}], 'host_routes': [], 'dns_nameservers': [], 'description': '', 'router:external': False, 'service_types': [], 'tags': [], 'created_at': '2025-05-07T07:07:05Z', 'updated_at': '2025-05-07T07:07:05Z', 'revision_number': 0, 'project_id': '38945e679e1c4550b82ada82b9b1b7ec'}, Router: {'id': '048e314f-a9c7-46f4-8890-bf9afe50adf0', 'name': 'tempest-VolumesAdminNegativeTest-1142282702-router', 'tenant_id': '38945e679e1c4550b82ada82b9b1b7ec', 'admin_state_up': True, 'status': 'ACTIVE', 'external_gateway_info': {'network_id': 'fc78d5f9-6aee-4811-b7a3-08f6be59c4d1', 'external_fixed_ips': [{'subnet_id': 'dc28970b-f829-44fd-8a06-617e63dad6c0', 'ip_address': '10.180.180.142'}], 'enable_snat': True}, 'description': '', 'availability_zones': [], 'distributed': False, 'ha': False, 'availability_zone_hints': [], 'routes': [], 'flavor_id': None, 'tags': [], 'created_at': '2025-05-07T07:07:05Z', 'updated_at': '2025-05-07T07:07:05Z', 'revision_number': 2, 'project_id': '38945e679e1c4550b82ada82b9b1b7ec'}
2025-05-07 07:07:08.385 70332 INFO tempest.lib.common.rest_client [req-f430faef-2087-4d49-a22f-b0a78a9084cc req-f430faef-2087-4d49-a22f-b0a78a9084cc ] Request (ImagesTestJSON:test_create_image_from_stopped_server): 200 GET http://10.180.1.21/compute/v2.1/images/a87af1d8-1cc3-4b33-80f7-7a0661bcd1dd 0.140s
2025-05-07 07:07:08.425 70301 INFO tempest.lib.common.rest_client [req-d5f8f2c9-7cbd-4ab4-95a0-f623db3dee40 req-d5f8f2c9-7cbd-4ab4-95a0-f623db3dee40 ] Request (FloatingIPsAssociationTestJSON:test_associate_already_associated_floating_ip): 200 GET http://10.180.1.21/compute/v2.1/servers/24641406-5292-4497-b34f-9af0dcdc58d7 0.257s
2025-05-07 07:07:08.444 70309 WARNING tempest.lib.common.ssh [-] Failed to establish authenticated ssh connection to cirros@10.180.180.225 ([Errno None] Unable to connect to port 22 on 10.180.180.225). Number attempts: 10. Retry after 11 seconds.: paramiko.ssh_exception.NoValidConnectionsError: [Errno None] Unable to connect to port 22 on 10.180.180.225
2025-05-07 07:07:08.445 70351 INFO tempest.lib.common.rest_client [req-f1252e3c-09cf-445a-8f4c-d5976b9627f8 req-f1252e3c-09cf-445a-8f4c-d5976b9627f8 ] Request (SecurityGroupsTestJSON:test_server_security_groups): 200 GET http://10.180.1.21/compute/v2.1/servers/48162423-a117-437e-b171-9a40c7c6f49b 0.197s
2025-05-07 07:07:08.460 70313 INFO tempest.lib.common.rest_client [req-de9f7f10-d05f-4339-a2e1-45042b7a4314 req-de9f7f10-d05f-4339-a2e1-45042b7a4314 ] Request (VolumesAdminNegativeTest:setUpClass): 201 POST http://10.180.1.21/identity/v3/auth/tokens 0.094s
2025-05-07 07:07:08.517 70303 INFO tempest.lib.common.rest_client [req-8ac51f89-b062-4f67-b5fe-77843ff6e403 req-8ac51f89-b062-4f67-b5fe-77843ff6e403 ] Request (ServerActionsTestJSON:setUpClass): 200 GET http://10.180.1.21/compute/v2.1/servers/4597a0b8-2c04-4755-8e0d-e00e5cdaacd7 0.214s
2025-05-07 07:07:08.517 70343 INFO tempest.lib.common.rest_client [req-750e08fa-c96e-45cf-ad96-cdf3de3ac830 req-750e08fa-c96e-45cf-ad96-cdf3de3ac830 ] Request (ServersV294TestFqdnHostnames:setUpClass): 200 GET http://10.180.1.21/compute/v2.1/servers/ad0c405f-48c8-4726-8e95-eb83a6e158fe/os-interface 0.264s
2025-05-07 07:07:08.528 70313 INFO tempest.lib.common.rest_client [req-a44d56db-0cd2-48c9-805e-65d8e21d5f0c req-a44d56db-0cd2-48c9-805e-65d8e21d5f0c ] Request (VolumesAdminNegativeTest:setUpClass): 201 POST http://10.180.1.21/identity/v3/projects 0.067s
2025-05-07 07:07:08.606 70349 INFO tempest.lib.common.rest_client [req-895205b1-28af-4154-baea-ba43a8a49943 req-895205b1-28af-4154-baea-ba43a8a49943 ] Request (MigrationsAdminTest:test_resize_server_revert_deleted_flavor): 200 GET http://10.180.1.21/compute/v2.1/servers/8b812422-4ca6-4d2b-b6af-873fdb21fab6 0.287s
2025-05-07 07:07:08.662 70313 INFO tempest.lib.common.rest_client [req-7e8b99eb-28fb-489e-95c6-8506a9d48666 req-7e8b99eb-28fb-489e-95c6-8506a9d48666 ] Request (VolumesAdminNegativeTest:setUpClass): 201 POST http://10.180.1.21/identity/v3/users 0.134s
2025-05-07 07:07:08.688 70329 INFO tempest.lib.common.rest_client [req-95236edd-413b-4c63-b931-005498e6fc92 req-95236edd-413b-4c63-b931-005498e6fc92 ] Request (FloatingIPsAssociationNegativeTestJSON:tearDownClass): 200 GET http://10.180.1.21/compute/v2.1/servers/5ba60eb7-ee6f-47e2-b6ca-b54817dab371 0.169s
2025-05-07 07:07:08.691 70313 INFO tempest.lib.common.rest_client [req-345f4465-8b00-46b9-b008-6fbfae1267f1 req-345f4465-8b00-46b9-b008-6fbfae1267f1 ] Request (VolumesAdminNegativeTest:setUpClass): 200 GET http://10.180.1.21/identity/v3/roles 0.028s
2025-05-07 07:07:08.723 70313 INFO tempest.lib.common.rest_client [req-673ae174-8a94-44c8-a715-ac7e2d7e90da req-673ae174-8a94-44c8-a715-ac7e2d7e90da ] Request (VolumesAdminNegativeTest:setUpClass): 204 PUT http://10.180.1.21/identity/v3/projects/d51f1828abd04b64868e83719d215ec3/users/3871deb1b1e142a0ab87d2e1f647b08e/roles/612899ce909640aebb724bfc3cf0c7ed 0.031s
2025-05-07 07:07:08.739 70361 INFO tempest.lib.common.rest_client [req-10237a6e-d96e-40e7-ae85-327a37680611 req-10237a6e-d96e-40e7-ae85-327a37680611 ] Request (InstanceActionsNegativeTestJSON:setUpClass): 200 GET http://10.180.1.21/compute/v2.1/servers/bd242bac-cd36-4fff-9325-fc14d5ceb566 0.304s
2025-05-07 07:07:08.761 70341 INFO tempest.lib.common.rest_client [req-d11aa667-ee30-4f14-9d02-02e7b141cfe7 req-d11aa667-ee30-4f14-9d02-02e7b141cfe7 ] Request (ServerRescueTestJSONUnderV235:tearDownClass): 200 GET http://10.180.1.21/compute/v2.1/servers/ebd9e006-a591-44f7-867c-041731b9d45a 0.160s
2025-05-07 07:07:08.796 70313 INFO tempest.lib.common.rest_client [req-f7f9b4b0-31df-4906-b73f-54109ce659c1 req-f7f9b4b0-31df-4906-b73f-54109ce659c1 ] Request (VolumesAdminNegativeTest:setUpClass): 200 GET http://10.180.1.21/identity/v3/roles 0.073s
2025-05-07 07:07:08.821 70313 INFO tempest.lib.common.rest_client [req-76c1d878-185c-4899-980c-66931062a1c2 req-76c1d878-185c-4899-980c-66931062a1c2 ] Request (VolumesAdminNegativeTest:setUpClass): 204 PUT http://10.180.1.21/identity/v3/projects/d51f1828abd04b64868e83719d215ec3/users/3871deb1b1e142a0ab87d2e1f647b08e/roles/612899ce909640aebb724bfc3cf0c7ed 0.024s
2025-05-07 07:07:08.821 70313 INFO tempest.lib.common.dynamic_creds [-] Dynamic test user 3871deb1b1e142a0ab87d2e1f647b08e is created with scope project and roles: ['admin']
2025-05-07 07:07:08.821 70313 INFO tempest.lib.common.dynamic_creds [-] Acquired dynamic creds: credentials: Credentials: {'domain_id': 'default', 'domain_name': 'Default', 'username': 'tempest-VolumesAdminNegativeTest-302471525-project-admin', 'project_domain_id': 'default', 'project_domain_name': 'Default', 'project_id': 'd51f1828abd04b64868e83719d215ec3', 'project_name': 'tempest-VolumesAdminNegativeTest-302471525', 'tenant_id': 'd51f1828abd04b64868e83719d215ec3', 'tenant_name': 'tempest-VolumesAdminNegativeTest-302471525', 'user_domain_id': 'default', 'user_domain_name': 'Default', 'user_id': '3871deb1b1e142a0ab87d2e1f647b08e', 'system': None}, Network: None, Subnet: None, Router: None
2025-05-07 07:07:08.823 70311 INFO tempest.lib.common.rest_client [req-d01e2122-06fd-4fdb-a5ff-7c384f88c649 req-d01e2122-06fd-4fdb-a5ff-7c384f88c649 ] Request (ServerDiagnosticsNegativeTest:tearDownClass): 200 GET http://10.180.1.21/compute/v2.1/servers/bb0e9037-42d5-43ae-b0e6-f08c9a2e6ec7 0.150s
2025-05-07 07:07:08.829 70327 INFO tempest.lib.common.rest_client [req-6076c380-882f-4fe5-9c31-cb4edfbb102b req-6076c380-882f-4fe5-9c31-cb4edfbb102b ] Request (ServersAdminTestJSON:setUpClass): 200 GET http://10.180.1.21/compute/v2.1/servers/d2684194-a688-4466-9852-1f4ff656f057 0.096s
2025-05-07 07:07:08.923 70347 INFO tempest.lib.common.rest_client [req-b324b4bd-4a25-4ecc-8812-b701b33da0fc req-b324b4bd-4a25-4ecc-8812-b701b33da0fc ] Request (ServerDiskConfigTestJSON:test_rebuild_server_with_manual_disk_config): 200 GET http://10.180.1.21/compute/v2.1/servers/d5c23433-a0f3-4f0a-9c62-051d07dcd712 0.133s
2025-05-07 07:07:08.958 70337 WARNING tempest.lib.common.ssh [-] Failed to establish authenticated ssh connection to cirros@10.180.180.147 ([Errno None] Unable to connect to port 22 on 10.180.180.147). Number attempts: 9. Retry after 10 seconds.: paramiko.ssh_exception.NoValidConnectionsError: [Errno None] Unable to connect to port 22 on 10.180.180.147
2025-05-07 07:07:08.962 70317 INFO tempest.lib.common.rest_client [req-ebe26c71-c083-4945-9cb8-3bdb2f01a3e4 req-ebe26c71-c083-4945-9cb8-3bdb2f01a3e4 ] Request (ServersAdmin275Test:test_rebuild_update_server_275): 200 GET http://10.180.1.21/compute/v2.1/servers/365b8207-f49b-4ee7-af6f-9d271eed2e38 0.110s
2025-05-07 07:07:08.975 70317 INFO tempest.common.waiters [-] State transition "REBUILD/rebuild_spawning" ==> "ACTIVE/None" after 9 second wait
2025-05-07 07:07:09.014 70307 INFO tempest.lib.common.rest_client [req-4890da63-a5bc-4f82-98c4-85951447f583 req-4890da63-a5bc-4f82-98c4-85951447f583 ] Request (AttachInterfacesUnderV243Test:_run_cleanups): 200 GET http://10.180.1.21/compute/v2.1/servers/743a4a52-ce35-4ec1-9286-e0c470e87186 0.088s
2025-05-07 07:07:09.042 70355 INFO paramiko.transport [-] Connected (version 2.0, client dropbear_2020.81)
2025-05-07 07:07:09.080 70345 INFO tempest.lib.common.rest_client [req-a92086e5-5381-47d7-8de0-90589e22705c req-a92086e5-5381-47d7-8de0-90589e22705c ] Request (ServersTestJSON:test_create_server_specify_multibyte_character_name): 200 GET http://10.180.1.21/compute/v2.1/servers/b5ad55cc-9010-46be-bfd0-28fa1607f1c3 0.105s
2025-05-07 07:07:09.101 70313 INFO tempest.lib.common.rest_client [req-b6412d48-dc92-4c94-928c-3d104bda3ff7 req-b6412d48-dc92-4c94-928c-3d104bda3ff7 ] Request (VolumesAdminNegativeTest:setUpClass): 201 POST http://10.180.1.21:9696/networking/v2.0/networks 0.279s
2025-05-07 07:07:09.110 70355 INFO paramiko.transport [-] Authentication (publickey) successful!
2025-05-07 07:07:09.111 70355 INFO tempest.lib.common.ssh [-] ssh connection to cirros@10.180.180.159 successfully created
2025-05-07 07:07:09.168 70353 INFO tempest.lib.common.rest_client [req-daa99d39-84c7-495e-b791-1a6f0fc26ce6 req-daa99d39-84c7-495e-b791-1a6f0fc26ce6 ] Request (ServersListShow2100Test:test_list_show_rebuild_update_server_2100): 200 GET http://10.180.1.21/compute/v2.1/servers/fae97132-44b4-4df1-bd34-ba694ea7016a 0.149s
2025-05-07 07:07:09.247 70305 INFO tempest.lib.common.rest_client [req-073a1ffc-548b-4cde-a14e-e89542a34577 req-073a1ffc-548b-4cde-a14e-e89542a34577 ] Request (ServersTestManualDisk:setUpClass): 200 GET http://10.180.1.21/compute/v2.1/servers/7af5a14d-f586-4746-9831-8be255581637 0.184s
2025-05-07 07:07:09.315 70323 INFO tempest.lib.common.rest_client [req-fd020ec0-52b3-44a2-ba45-6511df1451f0 req-fd020ec0-52b3-44a2-ba45-6511df1451f0 ] Request (ServerRescueTestJSON:setUpClass): 200 GET http://10.180.1.21/compute/v2.1/servers/a4064177-051b-4ec8-a1fc-fa5d299add8b 0.245s
2025-05-07 07:07:09.320 70343 INFO tempest.lib.common.rest_client [req-ce188f18-7643-4c5b-8a4f-a412516806e2 req-ce188f18-7643-4c5b-8a4f-a412516806e2 ] Request (ServersV294TestFqdnHostnames:setUpClass): 200 PUT http://10.180.1.21:9696/networking/v2.0/floatingips/c12a901c-0442-49dd-a785-a8f7ab1fb61d 0.798s
2025-05-07 07:07:09.413 70313 INFO tempest.lib.common.rest_client [req-55657362-b214-4afe-863f-896418f0a5d2 req-55657362-b214-4afe-863f-896418f0a5d2 ] Request (VolumesAdminNegativeTest:setUpClass): 201 POST http://10.180.1.21:9696/networking/v2.0/subnets 0.310s
2025-05-07 07:07:09.490 70317 INFO tempest.lib.common.rest_client [req-2431eaec-b8bb-4b66-aa94-71c72b3b496b req-2431eaec-b8bb-4b66-aa94-71c72b3b496b ] Request (ServersAdmin275Test:test_rebuild_update_server_275): 202 POST http://10.180.1.21/compute/v2.1/servers/365b8207-f49b-4ee7-af6f-9d271eed2e38/action 0.512s
2025-05-07 07:07:09.530 70355 INFO tempest.lib.common.rest_client [req-8af863d7-889b-4f4d-aa16-8a15b839ce91 req-8af863d7-889b-4f4d-aa16-8a15b839ce91 ] Request (ServerActionsTestOtherA:setUp): 200 GET http://10.180.1.21/compute/v2.1/servers/31f56d0e-7c64-4fe3-917e-7ebb814ae924 0.417s
2025-05-07 07:07:09.602 70339 INFO tempest.lib.common.rest_client [req-b4f0868d-c96e-4389-86e7-145c0510a666 req-b4f0868d-c96e-4389-86e7-145c0510a666 ] Request (ServersListShow296Test:test_list_show_update_rebuild_server_296): 200 GET http://10.180.1.21/compute/v2.1/servers/d73153ad-9258-4c3c-9699-b6364408d631 0.452s
2025-05-07 07:07:09.635 70325 INFO tempest.lib.common.rest_client [req-ec6cbb01-6a70-452a-ad66-c5adec9ef973 req-ec6cbb01-6a70-452a-ad66-c5adec9ef973 ] Request (DeleteServersTestJSON:test_delete_server_while_in_attached_volume): 200 GET http://10.180.1.21/compute/v2.1/servers/3e109fff-94bd-41a9-bc43-373143b7fda5 0.431s
2025-05-07 07:07:09.644 70355 INFO tempest.lib.common.rest_client [req-c67a9ed1-9a4d-490f-9f51-c8b420220a3e req-c67a9ed1-9a4d-490f-9f51-c8b420220a3e ] Request (ServerActionsTestOtherA:test_rebuild_server_in_stop_state): 201 POST http://10.180.1.21/identity/v3/auth/tokens 0.100s
2025-05-07 07:07:09.644 70355 INFO tempest.lib.common.fixed_network [-] (ServerActionsTestOtherA:test_rebuild_server_in_stop_state) Found network {'id': '71cadfcf-ea5a-4008-a668-6f95ac9a625b', 'name': 'tempest-ServerActionsTestOtherA-1979268080-network', 'tenant_id': '07f7b975ecb449a290e2ae6582e07016', 'admin_state_up': True, 'mtu': 8950, 'status': 'ACTIVE', 'subnets': [], 'shared': False, 'project_id': '07f7b975ecb449a290e2ae6582e07016', 'port_security_enabled': True, 'router:external': False, 'provider:network_type': 'vlan', 'provider:physical_network': 'default', 'provider:segmentation_id': 200, 'availability_zone_hints': [], 'availability_zones': [], 'ipv4_address_scope': None, 'ipv6_address_scope': None, 'description': '', 'tags': [], 'created_at': '2025-05-07T07:05:42Z', 'updated_at': '2025-05-07T07:05:42Z', 'revision_number': 1} available for tenant
2025-05-07 07:07:09.645 70325 INFO tempest.common.waiters [-] State transition "ACTIVE/deleting" ==> "DELETED/None" after 6 second wait
2025-05-07 07:07:09.725 70335 INFO tempest.lib.common.rest_client [req-3a35ed32-106a-412c-90cf-554dae6f1ec2 req-3a35ed32-106a-412c-90cf-554dae6f1ec2 ] Request (ListServerFiltersTestJSON:tearDownClass): 200 GET http://10.180.1.21/compute/v2.1/servers/4a502d1e-8a86-4ec7-b1d6-9d68c3a47f9b 0.453s
2025-05-07 07:07:09.811 70343 INFO tempest.lib.common.rest_client [req-25168440-e28c-49d7-b198-de3c4c70cb16 req-25168440-e28c-49d7-b198-de3c4c70cb16 ] Request (ServersV294TestFqdnHostnames:setUpClass): 200 GET http://10.180.1.21/compute/v2.1/servers/ad0c405f-48c8-4726-8e95-eb83a6e158fe 0.490s
2025-05-07 07:07:09.823 70343 INFO tempest.api.compute.base [-] Attempting to verify tagged devices in server ad0c405f-48c8-4726-8e95-eb83a6e158fe via the metadata service: http://169.254.169.254/openstack/latest/meta_data.json
2025-05-07 07:07:09.823 70343 INFO tempest.lib.common.ssh [-] Creating ssh connection to '10.180.180.194:22' as 'cirros' with public key authentication
2025-05-07 07:07:09.836 70315 INFO tempest.lib.common.rest_client [req-42637ee2-d8cc-4dad-835d-657c41282616 req-42637ee2-d8cc-4dad-835d-657c41282616 ] Request (ImagesOneServerTestJSON:tearDownClass): 200 GET http://10.180.1.21/compute/v2.1/servers/303c7ee1-8d26-460b-aab9-d55c71cf8a73 0.472s
2025-05-07 07:07:09.858 70332 INFO tempest.lib.common.rest_client [req-67b70512-6ac7-4667-a4cd-7c51f65c078c req-67b70512-6ac7-4667-a4cd-7c51f65c078c ] Request (ImagesTestJSON:test_create_image_from_stopped_server): 200 GET http://10.180.1.21/compute/v2.1/images/a87af1d8-1cc3-4b33-80f7-7a0661bcd1dd 0.462s
2025-05-07 07:07:09.937 70351 INFO tempest.lib.common.rest_client [req-1670fd9f-525f-4f93-8269-869a1a2461de req-1670fd9f-525f-4f93-8269-869a1a2461de ] Request (SecurityGroupsTestJSON:test_server_security_groups): 200 GET http://10.180.1.21/compute/v2.1/servers/48162423-a117-437e-b171-9a40c7c6f49b 0.485s
2025-05-07 07:07:10.044 70317 INFO tempest.lib.common.rest_client [req-7e35537d-50f4-44b0-9024-517c8fa4a63b req-7e35537d-50f4-44b0-9024-517c8fa4a63b ] Request (ServersAdmin275Test:_run_cleanups): 200 GET http://10.180.1.21/compute/v2.1/servers/365b8207-f49b-4ee7-af6f-9d271eed2e38 0.543s
2025-05-07 07:07:10.102 70303 INFO tempest.lib.common.rest_client [req-88c6e246-4210-49b9-93d3-1c3005fb9153 req-88c6e246-4210-49b9-93d3-1c3005fb9153 ] Request (ServerActionsTestJSON:setUpClass): 200 GET http://10.180.1.21/compute/v2.1/servers/4597a0b8-2c04-4755-8e0d-e00e5cdaacd7 0.575s
2025-05-07 07:07:10.161 70349 INFO tempest.lib.common.rest_client [req-3517117e-98ec-4ebe-8ae7-c1d395aa51c3 req-3517117e-98ec-4ebe-8ae7-c1d395aa51c3 ] Request (MigrationsAdminTest:test_resize_server_revert_deleted_flavor): 200 GET http://10.180.1.21/compute/v2.1/servers/8b812422-4ca6-4d2b-b6af-873fdb21fab6 0.543s
2025-05-07 07:07:10.278 70301 INFO tempest.lib.common.rest_client [req-293cbffd-c6e9-426e-b2cc-7c34d0a81853 req-293cbffd-c6e9-426e-b2cc-7c34d0a81853 ] Request (FloatingIPsAssociationTestJSON:test_associate_already_associated_floating_ip): 200 GET http://10.180.1.21/compute/v2.1/servers/24641406-5292-4497-b34f-9af0dcdc58d7 0.843s
2025-05-07 07:07:10.362 70329 INFO tempest.lib.common.rest_client [req-1df74006-c5a7-42bb-bba0-6ecea95e898e req-1df74006-c5a7-42bb-bba0-6ecea95e898e ] Request (FloatingIPsAssociationNegativeTestJSON:tearDownClass): 200 GET http://10.180.1.21/compute/v2.1/servers/5ba60eb7-ee6f-47e2-b6ca-b54817dab371 0.665s
2025-05-07 07:07:10.582 70361 INFO tempest.lib.common.rest_client [req-20a352bf-6c7f-4e03-896f-412179127416 req-20a352bf-6c7f-4e03-896f-412179127416 ] Request (InstanceActionsNegativeTestJSON:setUpClass): 200 GET http://10.180.1.21/compute/v2.1/servers/bd242bac-cd36-4fff-9325-fc14d5ceb566 0.833s
2025-05-07 07:07:10.646 70355 INFO tempest.lib.common.rest_client [req-6b484b92-cb86-4b73-8c13-b08fbcd2c42a req-6b484b92-cb86-4b73-8c13-b08fbcd2c42a ] Request (ServerActionsTestOtherA:test_rebuild_server_in_stop_state): 202 POST http://10.180.1.21/compute/v2.1/servers 1.001s
2025-05-07 07:07:10.667 70341 INFO tempest.lib.common.rest_client [req-3f9a26e5-a99e-46d9-addd-29f6f65df602 req-3f9a26e5-a99e-46d9-addd-29f6f65df602 ] Request (ServerRescueTestJSONUnderV235:tearDownClass): 200 GET http://10.180.1.21/compute/v2.1/servers/ebd9e006-a591-44f7-867c-041731b9d45a 0.893s
2025-05-07 07:07:10.727 70313 INFO tempest.lib.common.rest_client [req-1e7c3d9b-3b68-403e-9de7-851eabe6df95 req-1e7c3d9b-3b68-403e-9de7-851eabe6df95 ] Request (VolumesAdminNegativeTest:setUpClass): 201 POST http://10.180.1.21:9696/networking/v2.0/routers 1.314s
2025-05-07 07:07:10.728 70311 INFO tempest.lib.common.rest_client [req-8e762d9b-1b87-472a-bd34-c0693e81ec45 req-8e762d9b-1b87-472a-bd34-c0693e81ec45 ] Request (ServerDiagnosticsNegativeTest:tearDownClass): 200 GET http://10.180.1.21/compute/v2.1/servers/bb0e9037-42d5-43ae-b0e6-f08c9a2e6ec7 0.895s
2025-05-07 07:07:10.736 70327 INFO tempest.lib.common.rest_client [req-386a3526-cedb-47d8-a2cc-60d7e2b9781e req-386a3526-cedb-47d8-a2cc-60d7e2b9781e ] Request (ServersAdminTestJSON:setUpClass): 200 GET http://10.180.1.21/compute/v2.1/servers/d2684194-a688-4466-9852-1f4ff656f057 0.892s
2025-05-07 07:07:10.822 70347 INFO tempest.lib.common.rest_client [req-6d356def-5350-4a1c-8592-85449193fa78 req-6d356def-5350-4a1c-8592-85449193fa78 ] Request (ServerDiskConfigTestJSON:test_rebuild_server_with_manual_disk_config): 200 GET http://10.180.1.21/compute/v2.1/servers/d5c23433-a0f3-4f0a-9c62-051d07dcd712 0.886s
2025-05-07 07:07:10.830 70307 INFO tempest.lib.common.rest_client [req-abefa1d6-edf9-4be2-a06d-fa357a25003f req-abefa1d6-edf9-4be2-a06d-fa357a25003f ] Request (AttachInterfacesUnderV243Test:_run_cleanups): 200 GET http://10.180.1.21/compute/v2.1/servers/743a4a52-ce35-4ec1-9286-e0c470e87186 0.803s
2025-05-07 07:07:10.901 70353 INFO tempest.lib.common.rest_client [req-67833977-217e-4eb4-9d63-914db86d6c81 req-67833977-217e-4eb4-9d63-914db86d6c81 ] Request (ServersListShow2100Test:test_list_show_rebuild_update_server_2100): 200 GET http://10.180.1.21/compute/v2.1/servers/fae97132-44b4-4df1-bd34-ba694ea7016a 0.716s
2025-05-07 07:07:10.919 70345 INFO tempest.lib.common.rest_client [req-10a5f468-5788-40dc-973f-6ddd676f30df req-10a5f468-5788-40dc-973f-6ddd676f30df ] Request (ServersTestJSON:test_create_server_specify_multibyte_character_name): 200 GET http://10.180.1.21/compute/v2.1/servers/b5ad55cc-9010-46be-bfd0-28fa1607f1c3 0.825s
2025-05-07 07:07:10.961 70305 INFO tempest.lib.common.rest_client [req-6574068e-cb66-47fd-8ee2-5400d8b105a0 req-6574068e-cb66-47fd-8ee2-5400d8b105a0 ] Request (ServersTestManualDisk:setUpClass): 200 GET http://10.180.1.21/compute/v2.1/servers/7af5a14d-f586-4746-9831-8be255581637 0.704s
2025-05-07 07:07:10.992 70323 INFO tempest.lib.common.rest_client [req-f7b94c2f-76f0-45bc-95dc-fee1c38ed6b0 req-f7b94c2f-76f0-45bc-95dc-fee1c38ed6b0 ] Request (ServerRescueTestJSON:setUpClass): 200 GET http://10.180.1.21/compute/v2.1/servers/a4064177-051b-4ec8-a1fc-fa5d299add8b 0.665s
2025-05-07 07:07:11.037 70339 INFO tempest.lib.common.rest_client [req-6263e4b8-a30e-452d-b45b-6659133fa913 req-6263e4b8-a30e-452d-b45b-6659133fa913 ] Request (ServersListShow296Test:test_list_show_update_rebuild_server_296): 200 GET http://10.180.1.21/compute/v2.1/servers/d73153ad-9258-4c3c-9699-b6364408d631 0.419s
2025-05-07 07:07:11.083 70355 INFO tempest.lib.common.rest_client [req-68d1eb88-8b4a-45c8-83c7-61f5fd7d9775 req-68d1eb88-8b4a-45c8-83c7-61f5fd7d9775 ] Request (ServerActionsTestOtherA:test_rebuild_server_in_stop_state): 200 GET http://10.180.1.21/compute/v2.1/servers/a70fa652-4726-4bc2-966f-530aaa79ba86 0.436s
2025-05-07 07:07:11.092 70325 INFO tempest.lib.common.rest_client [req-aa8545d4-b0a4-4cdf-a64e-5798986dbe09 req-aa8545d4-b0a4-4cdf-a64e-5798986dbe09 ] Request (DeleteServersTestJSON:test_delete_server_while_in_attached_volume): 200 GET http://10.180.1.21/compute/v2.1/servers/3e109fff-94bd-41a9-bc43-373143b7fda5 0.446s
2025-05-07 07:07:11.167 70335 INFO tempest.lib.common.rest_client [req-b08ee1dd-f16f-405e-b7a7-cd17ec90e32d req-b08ee1dd-f16f-405e-b7a7-cd17ec90e32d ] Request (ListServerFiltersTestJSON:tearDownClass): 200 GET http://10.180.1.21/compute/v2.1/servers/4a502d1e-8a86-4ec7-b1d6-9d68c3a47f9b 0.429s
2025-05-07 07:07:11.180 70315 INFO tempest.lib.common.rest_client [req-23534532-fded-41e7-a86c-478f30574f2c req-23534532-fded-41e7-a86c-478f30574f2c ] Request (ImagesOneServerTestJSON:tearDownClass): 200 GET http://10.180.1.21/compute/v2.1/servers/303c7ee1-8d26-460b-aab9-d55c71cf8a73 0.332s
2025-05-07 07:07:11.219 70332 INFO tempest.lib.common.rest_client [req-48ca5dce-b893-49a8-b1e9-e8333c0f985f req-48ca5dce-b893-49a8-b1e9-e8333c0f985f ] Request (ImagesTestJSON:test_create_image_from_stopped_server): 200 GET http://10.180.1.21/compute/v2.1/images/a87af1d8-1cc3-4b33-80f7-7a0661bcd1dd 0.353s
2025-05-07 07:07:11.265 70351 INFO tempest.lib.common.rest_client [req-c628ae44-ff1f-493e-a542-92b9465ae082 req-c628ae44-ff1f-493e-a542-92b9465ae082 ] Request (SecurityGroupsTestJSON:test_server_security_groups): 200 GET http://10.180.1.21/compute/v2.1/servers/48162423-a117-437e-b171-9a40c7c6f49b 0.316s
2025-05-07 07:07:11.319 70317 INFO tempest.lib.common.rest_client [req-2cdc657d-17e9-4b01-bd14-1cc828292a22 req-2cdc657d-17e9-4b01-bd14-1cc828292a22 ] Request (ServersAdmin275Test:_run_cleanups): 200 GET http://10.180.1.21/compute/v2.1/servers/365b8207-f49b-4ee7-af6f-9d271eed2e38 0.262s
2025-05-07 07:07:11.331 70303 INFO tempest.lib.common.rest_client [req-279e36ba-fe74-4899-97c4-6835f09fdedb req-279e36ba-fe74-4899-97c4-6835f09fdedb ] Request (ServerActionsTestJSON:setUpClass): 200 GET http://10.180.1.21/compute/v2.1/servers/4597a0b8-2c04-4755-8e0d-e00e5cdaacd7 0.219s
2025-05-07 07:07:11.377 70349 INFO tempest.lib.common.rest_client [req-c3d2476e-7725-44a1-bc15-4af299874df2 req-c3d2476e-7725-44a1-bc15-4af299874df2 ] Request (MigrationsAdminTest:test_resize_server_revert_deleted_flavor): 200 GET http://10.180.1.21/compute/v2.1/servers/8b812422-4ca6-4d2b-b6af-873fdb21fab6 0.207s
2025-05-07 07:07:11.442 70329 INFO tempest.lib.common.rest_client [req-8d03990b-cb0b-48fe-9534-509a20526c7b req-8d03990b-cb0b-48fe-9534-509a20526c7b ] Request (FloatingIPsAssociationNegativeTestJSON:tearDownClass): 200 GET http://10.180.1.21/compute/v2.1/servers/5ba60eb7-ee6f-47e2-b6ca-b54817dab371 0.071s
2025-05-07 07:07:11.505 70301 INFO tempest.lib.common.rest_client [req-f5b0ef4b-b9e5-4063-9326-0fc71cd3442a req-f5b0ef4b-b9e5-4063-9326-0fc71cd3442a ] Request (FloatingIPsAssociationTestJSON:test_associate_already_associated_floating_ip): 200 GET http://10.180.1.21/compute/v2.1/servers/24641406-5292-4497-b34f-9af0dcdc58d7 0.211s
2025-05-07 07:07:11.692 70361 INFO tempest.lib.common.rest_client [req-2dae97e0-2d2d-41a1-a1c7-fa3577f8e397 req-2dae97e0-2d2d-41a1-a1c7-fa3577f8e397 ] Request (InstanceActionsNegativeTestJSON:setUpClass): 200 GET http://10.180.1.21/compute/v2.1/servers/bd242bac-cd36-4fff-9325-fc14d5ceb566 0.097s
2025-05-07 07:07:11.750 70341 INFO tempest.lib.common.rest_client [req-55ae0f1f-09b1-40b1-8e96-52fd6d2f71ff req-55ae0f1f-09b1-40b1-8e96-52fd6d2f71ff ] Request (ServerRescueTestJSONUnderV235:tearDownClass): 200 GET http://10.180.1.21/compute/v2.1/servers/ebd9e006-a591-44f7-867c-041731b9d45a 0.069s
2025-05-07 07:07:11.814 70311 INFO tempest.lib.common.rest_client [req-553ad859-7ccd-4678-a424-f236996d580c req-553ad859-7ccd-4678-a424-f236996d580c ] Request (ServerDiagnosticsNegativeTest:tearDownClass): 200 GET http://10.180.1.21/compute/v2.1/servers/bb0e9037-42d5-43ae-b0e6-f08c9a2e6ec7 0.078s
2025-05-07 07:07:11.820 70327 INFO tempest.lib.common.rest_client [req-faa310a2-936d-48f5-a93d-2e1df419848a req-faa310a2-936d-48f5-a93d-2e1df419848a ] Request (ServersAdminTestJSON:setUpClass): 200 GET http://10.180.1.21/compute/v2.1/servers/d2684194-a688-4466-9852-1f4ff656f057 0.074s
2025-05-07 07:07:11.898 70347 INFO tempest.lib.common.rest_client [req-eef6698d-6336-42b5-a5f7-611f023d4ee5 req-eef6698d-6336-42b5-a5f7-611f023d4ee5 ] Request (ServerDiskConfigTestJSON:test_rebuild_server_with_manual_disk_config): 200 GET http://10.180.1.21/compute/v2.1/servers/d5c23433-a0f3-4f0a-9c62-051d07dcd712 0.064s
2025-05-07 07:07:11.916 70307 INFO tempest.lib.common.rest_client [req-4334a902-d444-4e21-93da-a0964fa807e1 req-4334a902-d444-4e21-93da-a0964fa807e1 ] Request (AttachInterfacesUnderV243Test:_run_cleanups): 200 GET http://10.180.1.21/compute/v2.1/servers/743a4a52-ce35-4ec1-9286-e0c470e87186 0.073s
2025-05-07 07:07:11.960 70313 INFO tempest.lib.common.rest_client [req-e99c9c20-6c60-4fb5-98ac-b16f4fd2d3d3 req-e99c9c20-6c60-4fb5-98ac-b16f4fd2d3d3 ] Request (VolumesAdminNegativeTest:setUpClass): 200 PUT http://10.180.1.21:9696/networking/v2.0/routers/439afd3c-639e-4d6e-a7dc-77797c8b91a9/add_router_interface 1.232s
