2025-05-07 07:07:11.960 70313 INFO tempest.lib.common.dynamic_creds [-] Created isolated network resources for: credentials: Credentials: {'domain_id': 'default', 'domain_name': 'Default', 'username': 'tempest-VolumesAdminNegativeTest-302471525-project-admin', 'project_domain_id': 'default', 'project_domain_name': 'Default', 'project_id': 'd51f1828abd04b64868e83719d215ec3', 'project_name': 'tempest-VolumesAdminNegativeTest-302471525', 'tenant_id': 'd51f1828abd04b64868e83719d215ec3', 'tenant_name': 'tempest-VolumesAdminNegativeTest-302471525', 'user_domain_id': 'default', 'user_domain_name': 'Default', 'user_id': '3871deb1b1e142a0ab87d2e1f647b08e', 'system': None}, Network: {'id': '4e4b4aa4-fd4d-48fb-a345-f93ea1fb5e61', 'name': 'tempest-VolumesAdminNegativeTest-1417610784-network', 'tenant_id': 'd51f1828abd04b64868e83719d215ec3', 'admin_state_up': True, 'mtu': 8950, 'status': 'ACTIVE', 'subnets': [], 'shared': False, 'project_id': 'd51f1828abd04b64868e83719d215ec3', 'port_security_enabled': True, 'router:external': False, 'provider:network_type': 'vlan', 'provider:physical_network': 'default', 'provider:segmentation_id': 945, 'availability_zone_hints': [], 'availability_zones': [], 'ipv4_address_scope': None, 'ipv6_address_scope': None, 'description': '', 'tags': [], 'created_at': '2025-05-07T07:07:08Z', 'updated_at': '2025-05-07T07:07:09Z', 'revision_number': 1}, Subnet: {'id': '14b84413-5f5e-43df-92ec-a6de612e7f0e', 'name': 'tempest-VolumesAdminNegativeTest-1417610784-subnet', 'tenant_id': 'd51f1828abd04b64868e83719d215ec3', 'network_id': '4e4b4aa4-fd4d-48fb-a345-f93ea1fb5e61', 'ip_version': 4, 'subnetpool_id': None, 'enable_dhcp': True, 'ipv6_ra_mode': None, 'ipv6_address_mode': None, 'gateway_ip': '192.168.128.1', 'cidr': '192.168.128.0/28', 'allocation_pools': [{'start': '192.168.128.2', 'end': '192.168.128.14'}], 'host_routes': [], 'dns_nameservers': [], 'description': '', 'router:external': False, 'service_types': [], 'tags': [], 'created_at': '2025-05-07T07:07:09Z', 'updated_at': '2025-05-07T07:07:09Z', 'revision_number': 0, 'project_id': 'd51f1828abd04b64868e83719d215ec3'}, Router: {'id': '439afd3c-639e-4d6e-a7dc-77797c8b91a9', 'name': 'tempest-VolumesAdminNegativeTest-1417610784-router', 'tenant_id': 'd51f1828abd04b64868e83719d215ec3', 'admin_state_up': True, 'status': 'ACTIVE', 'external_gateway_info': {'network_id': 'fc78d5f9-6aee-4811-b7a3-08f6be59c4d1', 'external_fixed_ips': [{'subnet_id': 'dc28970b-f829-44fd-8a06-617e63dad6c0', 'ip_address': '10.180.180.254'}], 'enable_snat': True}, 'description': '', 'availability_zones': [], 'distributed': False, 'ha': False, 'availability_zone_hints': [], 'routes': [], 'flavor_id': None, 'tags': [], 'created_at': '2025-05-07T07:07:09Z', 'updated_at': '2025-05-07T07:07:10Z', 'revision_number': 2, 'project_id': 'd51f1828abd04b64868e83719d215ec3'}
2025-05-07 07:07:11.989 70353 INFO tempest.lib.common.rest_client [req-d9e3312f-d252-4385-9678-a19c452a82be req-d9e3312f-d252-4385-9678-a19c452a82be ] Request (ServersListShow2100Test:test_list_show_rebuild_update_server_2100): 200 GET http://10.180.1.21/compute/v2.1/servers/fae97132-44b4-4df1-bd34-ba694ea7016a 0.074s
2025-05-07 07:07:11.990 70345 INFO tempest.lib.common.rest_client [req-0c3346da-0137-4b78-9be2-995b56609f9b req-0c3346da-0137-4b78-9be2-995b56609f9b ] Request (ServersTestJSON:test_create_server_specify_multibyte_character_name): 200 GET http://10.180.1.21/compute/v2.1/servers/b5ad55cc-9010-46be-bfd0-28fa1607f1c3 0.063s
2025-05-07 07:07:12.037 70305 INFO tempest.lib.common.rest_client [req-a1b4696c-6d79-4092-a3c5-8c4d3facdcb5 req-a1b4696c-6d79-4092-a3c5-8c4d3facdcb5 ] Request (ServersTestManualDisk:setUpClass): 200 GET http://10.180.1.21/compute/v2.1/servers/7af5a14d-f586-4746-9831-8be255581637 0.064s
2025-05-07 07:07:12.051 70323 INFO tempest.lib.common.rest_client [req-35d42466-1305-44bb-872d-fa3bda31192b req-35d42466-1305-44bb-872d-fa3bda31192b ] Request (ServerRescueTestJSON:setUpClass): 200 GET http://10.180.1.21/compute/v2.1/servers/a4064177-051b-4ec8-a1fc-fa5d299add8b 0.050s
2025-05-07 07:07:12.061 70313 INFO tempest.lib.common.rest_client [req-772da336-8194-43ce-b028-4429668f0d77 req-772da336-8194-43ce-b028-4429668f0d77 ] Request (VolumesAdminNegativeTest:setUpClass): 201 POST http://10.180.1.21/identity/v3/auth/tokens 0.096s
2025-05-07 07:07:12.112 70339 INFO tempest.lib.common.rest_client [req-7f8e562b-08ea-46a0-906b-074983fa7279 req-7f8e562b-08ea-46a0-906b-074983fa7279 ] Request (ServersListShow296Test:test_list_show_update_rebuild_server_296): 200 GET http://10.180.1.21/compute/v2.1/servers/d73153ad-9258-4c3c-9699-b6364408d631 0.064s
2025-05-07 07:07:12.167 70355 INFO tempest.lib.common.rest_client [req-5df6ef60-e3cd-466d-8fbc-618426479290 req-5df6ef60-e3cd-466d-8fbc-618426479290 ] Request (ServerActionsTestOtherA:test_rebuild_server_in_stop_state): 200 GET http://10.180.1.21/compute/v2.1/servers/a70fa652-4726-4bc2-966f-530aaa79ba86 0.074s
2025-05-07 07:07:12.178 70313 INFO tempest.lib.common.rest_client [req-347ed888-17d0-4e04-8447-9af2bb5e824f req-347ed888-17d0-4e04-8447-9af2bb5e824f ] Request (VolumesAdminNegativeTest:test_update_attached_volume_with_nonexistent_volume_in_body): 200 POST http://10.180.1.21/compute/v2.1/os-keypairs 0.115s
2025-05-07 07:07:12.238 70325 INFO tempest.lib.common.rest_client [req-4ee18682-d972-4eb0-a8ce-f1ba3fe43d3e req-4ee18682-d972-4eb0-a8ce-f1ba3fe43d3e ] Request (DeleteServersTestJSON:test_delete_server_while_in_attached_volume): 200 GET http://10.180.1.21/compute/v2.1/servers/3e109fff-94bd-41a9-bc43-373143b7fda5 0.129s
2025-05-07 07:07:12.240 70335 INFO tempest.lib.common.rest_client [req-fdc8ef7a-e694-4dd8-ab49-deab03983d0a req-fdc8ef7a-e694-4dd8-ab49-deab03983d0a ] Request (ListServerFiltersTestJSON:tearDownClass): 200 GET http://10.180.1.21/compute/v2.1/servers/4a502d1e-8a86-4ec7-b1d6-9d68c3a47f9b 0.062s
2025-05-07 07:07:12.275 70332 INFO tempest.lib.common.rest_client [req-ec23a4f9-9716-4408-ae97-d08b5f16fa8b req-ec23a4f9-9716-4408-ae97-d08b5f16fa8b ] Request (ImagesTestJSON:test_create_image_from_stopped_server): 200 GET http://10.180.1.21/compute/v2.1/images/a87af1d8-1cc3-4b33-80f7-7a0661bcd1dd 0.051s
2025-05-07 07:07:12.308 70315 INFO tempest.lib.common.rest_client [req-2976b614-5305-4717-a929-300a901bc99b req-2976b614-5305-4717-a929-300a901bc99b ] Request (ImagesOneServerTestJSON:tearDownClass): 200 GET http://10.180.1.21/compute/v2.1/servers/303c7ee1-8d26-460b-aab9-d55c71cf8a73 0.118s
2025-05-07 07:07:12.333 70313 INFO tempest.lib.common.rest_client [req-4118ec01-4730-482a-a84d-4137a8570c81 req-4118ec01-4730-482a-a84d-4137a8570c81 ] Request (VolumesAdminNegativeTest:test_update_attached_volume_with_nonexistent_volume_in_body): 201 POST http://10.180.1.21:9696/networking/v2.0/security-groups 0.150s
2025-05-07 07:07:12.341 70351 INFO tempest.lib.common.rest_client [req-207b5d23-d038-4e7d-b402-18d1ceb0ee9b req-207b5d23-d038-4e7d-b402-18d1ceb0ee9b ] Request (SecurityGroupsTestJSON:test_server_security_groups): 200 GET http://10.180.1.21/compute/v2.1/servers/48162423-a117-437e-b171-9a40c7c6f49b 0.062s
2025-05-07 07:07:12.404 70317 INFO tempest.lib.common.rest_client [req-df547933-06cd-47ea-ac95-99893ddd9f3c req-df547933-06cd-47ea-ac95-99893ddd9f3c ] Request (ServersAdmin275Test:_run_cleanups): 200 GET http://10.180.1.21/compute/v2.1/servers/365b8207-f49b-4ee7-af6f-9d271eed2e38 0.074s
2025-05-07 07:07:12.410 70303 INFO tempest.lib.common.rest_client [req-6aa80d98-3734-493a-96e3-ac1468aae786 req-6aa80d98-3734-493a-96e3-ac1468aae786 ] Request (ServerActionsTestJSON:setUpClass): 200 GET http://10.180.1.21/compute/v2.1/servers/4597a0b8-2c04-4755-8e0d-e00e5cdaacd7 0.069s
2025-05-07 07:07:12.418 70317 INFO tempest.common.waiters [-] State transition "REBUILD/rebuilding" ==> "REBUILD/rebuild_block_device_mapping" after 2 second wait
2025-05-07 07:07:12.462 70313 INFO tempest.lib.common.rest_client [req-af8ef796-25a2-4f90-978f-f2d973e3c2d2 req-af8ef796-25a2-4f90-978f-f2d973e3c2d2 ] Request (VolumesAdminNegativeTest:test_update_attached_volume_with_nonexistent_volume_in_body): 201 POST http://10.180.1.21:9696/networking/v2.0/security-group-rules 0.129s
2025-05-07 07:07:12.469 70349 INFO tempest.lib.common.rest_client [req-c2e84ce2-7057-4ecc-8688-04084d05eeb8 req-c2e84ce2-7057-4ecc-8688-04084d05eeb8 ] Request (MigrationsAdminTest:test_resize_server_revert_deleted_flavor): 200 GET http://10.180.1.21/compute/v2.1/servers/8b812422-4ca6-4d2b-b6af-873fdb21fab6 0.080s
2025-05-07 07:07:12.515 70329 INFO tempest.lib.common.rest_client [req-3ef06fe7-233b-4cc8-8c06-a40609295735 req-3ef06fe7-233b-4cc8-8c06-a40609295735 ] Request (FloatingIPsAssociationNegativeTestJSON:tearDownClass): 200 GET http://10.180.1.21/compute/v2.1/servers/5ba60eb7-ee6f-47e2-b6ca-b54817dab371 0.064s
2025-05-07 07:07:12.576 70313 INFO tempest.lib.common.rest_client [req-fcdd660c-d9dd-4ccb-8d5b-4308bc0ff975 req-fcdd660c-d9dd-4ccb-8d5b-4308bc0ff975 ] Request (VolumesAdminNegativeTest:test_update_attached_volume_with_nonexistent_volume_in_body): 201 POST http://10.180.1.21:9696/networking/v2.0/security-group-rules 0.114s
2025-05-07 07:07:12.655 70301 INFO tempest.lib.common.rest_client [req-36f4adb3-e66c-4c4a-9a41-009e6cd4612e req-36f4adb3-e66c-4c4a-9a41-009e6cd4612e ] Request (FloatingIPsAssociationTestJSON:test_associate_already_associated_floating_ip): 200 GET http://10.180.1.21/compute/v2.1/servers/24641406-5292-4497-b34f-9af0dcdc58d7 0.136s
2025-05-07 07:07:12.831 70341 INFO tempest.lib.common.rest_client [req-c0fc87d8-c97f-4b3b-b7f6-9204a1efa86c req-c0fc87d8-c97f-4b3b-b7f6-9204a1efa86c ] Request (ServerRescueTestJSONUnderV235:tearDownClass): 200 GET http://10.180.1.21/compute/v2.1/servers/ebd9e006-a591-44f7-867c-041731b9d45a 0.073s
2025-05-07 07:07:12.866 70361 INFO tempest.lib.common.rest_client [req-141c9569-c134-4b0d-b4b4-4f4ff21cc8f8 req-141c9569-c134-4b0d-b4b4-4f4ff21cc8f8 ] Request (InstanceActionsNegativeTestJSON:setUpClass): 200 GET http://10.180.1.21/compute/v2.1/servers/bd242bac-cd36-4fff-9325-fc14d5ceb566 0.165s
2025-05-07 07:07:12.903 70311 INFO tempest.lib.common.rest_client [req-88a668fe-589e-4c9a-94d5-a2e02417d789 req-88a668fe-589e-4c9a-94d5-a2e02417d789 ] Request (ServerDiagnosticsNegativeTest:tearDownClass): 200 GET http://10.180.1.21/compute/v2.1/servers/bb0e9037-42d5-43ae-b0e6-f08c9a2e6ec7 0.073s
2025-05-07 07:07:12.924 70327 INFO tempest.lib.common.rest_client [req-3729e58a-85cb-4475-be6e-68d33c0a2380 req-3729e58a-85cb-4475-be6e-68d33c0a2380 ] Request (ServersAdminTestJSON:setUpClass): 200 GET http://10.180.1.21/compute/v2.1/servers/d2684194-a688-4466-9852-1f4ff656f057 0.091s
2025-05-07 07:07:12.963 70347 INFO tempest.lib.common.rest_client [req-31e71454-48b3-4f87-b3c2-89536d2615a9 req-31e71454-48b3-4f87-b3c2-89536d2615a9 ] Request (ServerDiskConfigTestJSON:test_rebuild_server_with_manual_disk_config): 200 GET http://10.180.1.21/compute/v2.1/servers/d5c23433-a0f3-4f0a-9c62-051d07dcd712 0.055s
2025-05-07 07:07:12.995 70307 INFO tempest.lib.common.rest_client [req-332fb1ad-6860-47d3-a2b6-a5d62f738e02 req-332fb1ad-6860-47d3-a2b6-a5d62f738e02 ] Request (AttachInterfacesUnderV243Test:_run_cleanups): 200 GET http://10.180.1.21/compute/v2.1/servers/743a4a52-ce35-4ec1-9286-e0c470e87186 0.072s
2025-05-07 07:07:13.016 70313 INFO tempest.lib.common.rest_client [req-24de05df-4d89-4cbc-b149-6422eed0ca17 req-24de05df-4d89-4cbc-b149-6422eed0ca17 ] Request (VolumesAdminNegativeTest:test_update_attached_volume_with_nonexistent_volume_in_body): 201 POST http://10.180.1.21:9696/networking/v2.0/floatingips 0.439s
2025-05-07 07:07:13.052 70313 INFO tempest.lib.common.rest_client [req-279067ae-ae0b-450d-a1de-52f65074f096 req-279067ae-ae0b-450d-a1de-52f65074f096 ] Request (VolumesAdminNegativeTest:test_update_attached_volume_with_nonexistent_volume_in_body): 201 POST http://10.180.1.21/identity/v3/auth/tokens 0.033s
2025-05-07 07:07:13.053 70313 INFO tempest.lib.common.fixed_network [-] (VolumesAdminNegativeTest:test_update_attached_volume_with_nonexistent_volume_in_body) Found network {'id': 'e10d434b-963b-4921-9062-e962c99f8727', 'name': 'tempest-VolumesAdminNegativeTest-1142282702-network', 'tenant_id': '38945e679e1c4550b82ada82b9b1b7ec', 'admin_state_up': True, 'mtu': 8950, 'status': 'ACTIVE', 'subnets': [], 'shared': False, 'project_id': '38945e679e1c4550b82ada82b9b1b7ec', 'port_security_enabled': True, 'router:external': False, 'provider:network_type': 'vlan', 'provider:physical_network': 'default', 'provider:segmentation_id': 244, 'availability_zone_hints': [], 'availability_zones': [], 'ipv4_address_scope': None, 'ipv6_address_scope': None, 'description': '', 'tags': [], 'created_at': '2025-05-07T07:07:04Z', 'updated_at': '2025-05-07T07:07:04Z', 'revision_number': 1} available for tenant
2025-05-07 07:07:13.072 70345 INFO tempest.lib.common.rest_client [req-a47d375a-103e-48da-bcf9-576fe0b2d432 req-a47d375a-103e-48da-bcf9-576fe0b2d432 ] Request (ServersTestJSON:test_create_server_specify_multibyte_character_name): 200 GET http://10.180.1.21/compute/v2.1/servers/b5ad55cc-9010-46be-bfd0-28fa1607f1c3 0.068s
2025-05-07 07:07:13.074 70353 INFO tempest.lib.common.rest_client [req-613f1a05-21e2-4a0d-93b4-6f0be2f2a119 req-613f1a05-21e2-4a0d-93b4-6f0be2f2a119 ] Request (ServersListShow2100Test:test_list_show_rebuild_update_server_2100): 200 GET http://10.180.1.21/compute/v2.1/servers/fae97132-44b4-4df1-bd34-ba694ea7016a 0.070s
2025-05-07 07:07:13.131 70305 INFO tempest.lib.common.rest_client [req-f62192db-db72-4e55-a10e-ac5d028897fa req-f62192db-db72-4e55-a10e-ac5d028897fa ] Request (ServersTestManualDisk:setUpClass): 200 GET http://10.180.1.21/compute/v2.1/servers/7af5a14d-f586-4746-9831-8be255581637 0.086s
2025-05-07 07:07:13.179 70323 INFO tempest.lib.common.rest_client [req-80cebf57-6401-465a-9890-9bd7103c0d6a req-80cebf57-6401-465a-9890-9bd7103c0d6a ] Request (ServerRescueTestJSON:setUpClass): 200 GET http://10.180.1.21/compute/v2.1/servers/a4064177-051b-4ec8-a1fc-fa5d299add8b 0.121s
2025-05-07 07:07:13.243 70339 INFO tempest.lib.common.rest_client [req-20712a65-1055-41c4-a2b0-61f8084fea00 req-20712a65-1055-41c4-a2b0-61f8084fea00 ] Request (ServersListShow296Test:test_list_show_update_rebuild_server_296): 200 GET http://10.180.1.21/compute/v2.1/servers/d73153ad-9258-4c3c-9699-b6364408d631 0.119s
2025-05-07 07:07:13.266 70363 INFO paramiko.transport [-] Connected (version 2.0, client dropbear_2020.81)
2025-05-07 07:07:13.297 70355 INFO tempest.lib.common.rest_client [req-f77bc9d2-8b82-48c7-8435-01d481b55960 req-f77bc9d2-8b82-48c7-8435-01d481b55960 ] Request (ServerActionsTestOtherA:test_rebuild_server_in_stop_state): 200 GET http://10.180.1.21/compute/v2.1/servers/a70fa652-4726-4bc2-966f-530aaa79ba86 0.121s
2025-05-07 07:07:13.376 70325 INFO tempest.lib.common.rest_client [req-f23ae5dc-3db7-4329-b5b5-8b2b7bd658cd req-f23ae5dc-3db7-4329-b5b5-8b2b7bd658cd ] Request (DeleteServersTestJSON:test_delete_server_while_in_attached_volume): 200 GET http://10.180.1.21/compute/v2.1/servers/3e109fff-94bd-41a9-bc43-373143b7fda5 0.127s
2025-05-07 07:07:13.377 70363 INFO paramiko.transport [-] Authentication (publickey) successful!
2025-05-07 07:07:13.378 70363 INFO tempest.lib.common.ssh [-] ssh connection to cirros@10.180.180.233 successfully created
2025-05-07 07:07:13.439 70335 INFO tempest.lib.common.rest_client [req-5963dbd0-6b96-4df6-913b-22f284fc93c1 req-5963dbd0-6b96-4df6-913b-22f284fc93c1 ] Request (ListServerFiltersTestJSON:tearDownClass): 200 GET http://10.180.1.21/compute/v2.1/servers/4a502d1e-8a86-4ec7-b1d6-9d68c3a47f9b 0.189s
2025-05-07 07:07:13.458 70313 INFO tempest.lib.common.rest_client [req-8dc13d2f-8e94-4f6f-ae53-0f4f659fe669 req-8dc13d2f-8e94-4f6f-ae53-0f4f659fe669 ] Request (VolumesAdminNegativeTest:test_update_attached_volume_with_nonexistent_volume_in_body): 202 POST http://10.180.1.21/compute/v2.1/servers 0.405s
2025-05-07 07:07:13.486 70332 INFO tempest.lib.common.rest_client [req-06630a27-c2eb-45f4-83aa-bc4261d8219c req-06630a27-c2eb-45f4-83aa-bc4261d8219c ] Request (ImagesTestJSON:test_create_image_from_stopped_server): 200 GET http://10.180.1.21/compute/v2.1/images/a87af1d8-1cc3-4b33-80f7-7a0661bcd1dd 0.207s
2025-05-07 07:07:13.544 70315 INFO tempest.lib.common.rest_client [req-35b71e37-a5ef-4ff5-b4b0-bb5dbb9ba6e4 req-35b71e37-a5ef-4ff5-b4b0-bb5dbb9ba6e4 ] Request (ImagesOneServerTestJSON:tearDownClass): 200 GET http://10.180.1.21/compute/v2.1/servers/303c7ee1-8d26-460b-aab9-d55c71cf8a73 0.222s
2025-05-07 07:07:13.548 70351 INFO tempest.lib.common.rest_client [req-5874b055-fb24-4b7a-87e1-f2683c32bfb5 req-5874b055-fb24-4b7a-87e1-f2683c32bfb5 ] Request (SecurityGroupsTestJSON:test_server_security_groups): 200 GET http://10.180.1.21/compute/v2.1/servers/48162423-a117-437e-b171-9a40c7c6f49b 0.196s
2025-05-07 07:07:13.602 70363 INFO tempest.lib.common.rest_client [req-ffcfe7d2-cb01-457c-bb7d-e55764a20ecf req-ffcfe7d2-cb01-457c-bb7d-e55764a20ecf ] Request (ServersTestBootFromVolume:test_list_servers): 200 GET http://10.180.1.21/compute/v2.1/servers 0.214s
2025-05-07 07:07:13.629 70303 INFO tempest.lib.common.rest_client [req-d4536719-70c4-4dc0-a7cf-da1636d5fe41 req-d4536719-70c4-4dc0-a7cf-da1636d5fe41 ] Request (ServerActionsTestJSON:setUpClass): 200 GET http://10.180.1.21/compute/v2.1/servers/4597a0b8-2c04-4755-8e0d-e00e5cdaacd7 0.211s
2025-05-07 07:07:13.674 70317 INFO tempest.lib.common.rest_client [req-136e7f34-1de8-4b0d-b95b-66c5554160af req-136e7f34-1de8-4b0d-b95b-66c5554160af ] Request (ServersAdmin275Test:_run_cleanups): 200 GET http://10.180.1.21/compute/v2.1/servers/365b8207-f49b-4ee7-af6f-9d271eed2e38 0.255s
2025-05-07 07:07:13.684 70313 INFO tempest.lib.common.rest_client [req-c2a42f5b-e8c0-4ed8-b61b-f3924ec0da1c req-c2a42f5b-e8c0-4ed8-b61b-f3924ec0da1c ] Request (VolumesAdminNegativeTest:test_update_attached_volume_with_nonexistent_volume_in_body): 200 GET http://10.180.1.21/compute/v2.1/servers/9a1de08e-3206-44cc-8d34-a5527faf9684 0.222s
2025-05-07 07:07:13.684 70317 INFO tempest.common.waiters [-] State transition "REBUILD/rebuild_block_device_mapping" ==> "REBUILD/rebuild_spawning" after 3 second wait
2025-05-07 07:07:13.728 70349 INFO tempest.lib.common.rest_client [req-c8b9bff7-7cce-4dc2-91e9-963465edb374 req-c8b9bff7-7cce-4dc2-91e9-963465edb374 ] Request (MigrationsAdminTest:test_resize_server_revert_deleted_flavor): 200 GET http://10.180.1.21/compute/v2.1/servers/8b812422-4ca6-4d2b-b6af-873fdb21fab6 0.250s
2025-05-07 07:07:13.762 70329 INFO tempest.lib.common.rest_client [req-1d6e1c3e-5653-4348-845b-6f2510be957e req-1d6e1c3e-5653-4348-845b-6f2510be957e ] Request (FloatingIPsAssociationNegativeTestJSON:tearDownClass): 200 GET http://10.180.1.21/compute/v2.1/servers/5ba60eb7-ee6f-47e2-b6ca-b54817dab371 0.240s
2025-05-07 07:07:13.901 70363 INFO tempest.lib.common.rest_client [req-eb157338-497b-4bd2-9f92-f2d85d9c01dd req-eb157338-497b-4bd2-9f92-f2d85d9c01dd ] Request (ServersTestBootFromVolume:test_list_servers_with_detail): 200 GET http://10.180.1.21/compute/v2.1/servers/detail 0.296s
2025-05-07 07:07:13.912 70301 INFO tempest.lib.common.rest_client [req-7ce550d8-ca7d-4539-b991-b39307840a51 req-7ce550d8-ca7d-4539-b991-b39307840a51 ] Request (FloatingIPsAssociationTestJSON:test_associate_already_associated_floating_ip): 200 GET http://10.180.1.21/compute/v2.1/servers/24641406-5292-4497-b34f-9af0dcdc58d7 0.247s
2025-05-07 07:07:13.949 70343 WARNING tempest.lib.common.ssh [-] Failed to establish authenticated ssh connection to cirros@10.180.180.194 ([Errno None] Unable to connect to port 22 on 10.180.180.194). Number attempts: 1. Retry after 2 seconds.: paramiko.ssh_exception.NoValidConnectionsError: [Errno None] Unable to connect to port 22 on 10.180.180.194
2025-05-07 07:07:13.976 70341 INFO tempest.lib.common.rest_client [req-d3c9a3b9-86cf-47ef-abf2-229a6f4581d5 req-d3c9a3b9-86cf-47ef-abf2-229a6f4581d5 ] Request (ServerRescueTestJSONUnderV235:tearDownClass): 200 GET http://10.180.1.21/compute/v2.1/servers/ebd9e006-a591-44f7-867c-041731b9d45a 0.135s
2025-05-07 07:07:14.018 70361 INFO tempest.lib.common.rest_client [req-d133400a-e2b9-4698-9e8e-46a80f59eca3 req-d133400a-e2b9-4698-9e8e-46a80f59eca3 ] Request (InstanceActionsNegativeTestJSON:setUpClass): 200 GET http://10.180.1.21/compute/v2.1/servers/bd242bac-cd36-4fff-9325-fc14d5ceb566 0.144s
2025-05-07 07:07:14.025 70361 INFO tempest.common.waiters [-] State transition "BUILD/spawning" ==> "ACTIVE/None" after 58 second wait
2025-05-07 07:07:14.034 70363 INFO tempest.lib.common.rest_client [req-533fbcee-ab98-4626-90b2-87346ca862b5 req-533fbcee-ab98-4626-90b2-87346ca862b5 ] Request (ServersTestBootFromVolume:test_verify_created_server_vcpus): 200 GET http://10.180.1.21/compute/v2.1/flavors/42 0.122s
2025-05-07 07:07:14.037 70363 INFO tempest.lib.common.ssh [-] Creating ssh connection to '10.180.180.233:22' as 'cirros' with public key authentication
2025-05-07 07:07:14.040 70363 INFO paramiko.transport [-] Connected (version 2.0, client dropbear_2020.81)
2025-05-07 07:07:14.042 70311 INFO tempest.lib.common.rest_client [req-8e1c48dd-aa1c-43b0-babc-63f132164e18 req-8e1c48dd-aa1c-43b0-babc-63f132164e18 ] Request (ServerDiagnosticsNegativeTest:tearDownClass): 200 GET http://10.180.1.21/compute/v2.1/servers/bb0e9037-42d5-43ae-b0e6-f08c9a2e6ec7 0.131s
2025-05-07 07:07:14.091 70327 INFO tempest.lib.common.rest_client [req-78b6d3c3-8d33-4d62-ad7c-bee38617af6e req-78b6d3c3-8d33-4d62-ad7c-bee38617af6e ] Request (ServersAdminTestJSON:setUpClass): 200 GET http://10.180.1.21/compute/v2.1/servers/d2684194-a688-4466-9852-1f4ff656f057 0.158s
2025-05-07 07:07:14.097 70347 INFO tempest.lib.common.rest_client [req-f762fad6-d5a4-4d28-b524-804045ef35a0 req-f762fad6-d5a4-4d28-b524-804045ef35a0 ] Request (ServerDiskConfigTestJSON:test_rebuild_server_with_manual_disk_config): 200 GET http://10.180.1.21/compute/v2.1/servers/d5c23433-a0f3-4f0a-9c62-051d07dcd712 0.125s
2025-05-07 07:07:14.124 70361 INFO tempest.lib.common.rest_client [req-3e8ed850-34b0-4069-aca8-236cab126a5d req-3e8ed850-34b0-4069-aca8-236cab126a5d ] Request (InstanceActionsNegativeTestJSON:test_get_instance_action_invalid_request): 404 GET http://10.180.1.21/compute/v2.1/servers/bd242bac-cd36-4fff-9325-fc14d5ceb566/os-instance-actions/999 0.098s
2025-05-07 07:07:14.145 70363 INFO paramiko.transport [-] Authentication (publickey) successful!
2025-05-07 07:07:14.145 70363 INFO tempest.lib.common.ssh [-] ssh connection to cirros@10.180.180.233 successfully created
2025-05-07 07:07:14.150 70307 INFO tempest.lib.common.rest_client [req-d4c3fd78-f5af-49e0-a6b2-2cacdba17879 req-d4c3fd78-f5af-49e0-a6b2-2cacdba17879 ] Request (AttachInterfacesUnderV243Test:_run_cleanups): 200 GET http://10.180.1.21/compute/v2.1/servers/743a4a52-ce35-4ec1-9286-e0c470e87186 0.144s
2025-05-07 07:07:14.173 70345 INFO tempest.lib.common.rest_client [req-5e61b53a-ce06-422d-9e6b-df071e0bf912 req-5e61b53a-ce06-422d-9e6b-df071e0bf912 ] Request (ServersTestJSON:test_create_server_specify_multibyte_character_name): 200 GET http://10.180.1.21/compute/v2.1/servers/b5ad55cc-9010-46be-bfd0-28fa1607f1c3 0.093s
2025-05-07 07:07:14.183 70361 INFO tempest.lib.common.rest_client [req-4fa87a50-c5ef-4f36-aeef-1236d9b80a46 req-4fa87a50-c5ef-4f36-aeef-1236d9b80a46 ] Request (InstanceActionsNegativeTestJSON:test_list_instance_actions_non_existent_server): 404 GET http://10.180.1.21/compute/v2.1/servers/7efc2b17-a630-4222-8ca5-352a9ec0b59a/os-instance-actions 0.057s
2025-05-07 07:07:14.220 70353 INFO tempest.lib.common.rest_client [req-678d6747-4e99-44bd-9a79-cc00538ef877 req-678d6747-4e99-44bd-9a79-cc00538ef877 ] Request (ServersListShow2100Test:test_list_show_rebuild_update_server_2100): 200 GET http://10.180.1.21/compute/v2.1/servers/fae97132-44b4-4df1-bd34-ba694ea7016a 0.129s
2025-05-07 07:07:14.232 70305 INFO tempest.lib.common.rest_client [req-ea8463ee-4d03-45e1-b06e-3491553954bd req-ea8463ee-4d03-45e1-b06e-3491553954bd ] Request (ServersTestManualDisk:setUpClass): 200 GET http://10.180.1.21/compute/v2.1/servers/7af5a14d-f586-4746-9831-8be255581637 0.090s
2025-05-07 07:07:14.290 70363 INFO tempest.lib.common.rest_client [req-4b19d124-f3f6-49ec-83d2-70ea4df80b15 req-4b19d124-f3f6-49ec-83d2-70ea4df80b15 ] Request (ServersTestBootFromVolume:tearDownClass): 204 DELETE http://10.180.1.21/compute/v2.1/servers/67f59d53-c61b-48ad-b55d-710595e9dae3 0.136s
2025-05-07 07:07:14.304 70361 INFO tempest.lib.common.rest_client [req-384404d0-58af-4c6b-a482-ffdc578eeddb req-384404d0-58af-4c6b-a482-ffdc578eeddb ] Request (InstanceActionsNegativeTestJSON:tearDownClass): 204 DELETE http://10.180.1.21/compute/v2.1/servers/bd242bac-cd36-4fff-9325-fc14d5ceb566 0.119s
2025-05-07 07:07:14.350 70323 INFO tempest.lib.common.rest_client [req-cf4f5433-3f6c-449a-87b6-6874d1fdd73a req-cf4f5433-3f6c-449a-87b6-6874d1fdd73a ] Request (ServerRescueTestJSON:setUpClass): 200 GET http://10.180.1.21/compute/v2.1/servers/a4064177-051b-4ec8-a1fc-fa5d299add8b 0.160s
2025-05-07 07:07:14.368 70339 INFO tempest.lib.common.rest_client [req-19cbf23a-aafa-43aa-9952-28162196de52 req-19cbf23a-aafa-43aa-9952-28162196de52 ] Request (ServersListShow296Test:test_list_show_update_rebuild_server_296): 200 GET http://10.180.1.21/compute/v2.1/servers/d73153ad-9258-4c3c-9699-b6364408d631 0.111s
2025-05-07 07:07:14.457 70361 INFO tempest.lib.common.rest_client [req-fe42a6bb-528c-4f69-9361-9166fb1b47b3 req-fe42a6bb-528c-4f69-9361-9166fb1b47b3 ] Request (InstanceActionsNegativeTestJSON:tearDownClass): 200 GET http://10.180.1.21/compute/v2.1/servers/bd242bac-cd36-4fff-9325-fc14d5ceb566 0.153s
2025-05-07 07:07:14.466 70363 INFO tempest.lib.common.rest_client [req-54cc0c64-e5d8-44b8-9f90-23bb47c0da11 req-54cc0c64-e5d8-44b8-9f90-23bb47c0da11 ] Request (ServersTestBootFromVolume:tearDownClass): 200 GET http://10.180.1.21/compute/v2.1/servers/67f59d53-c61b-48ad-b55d-710595e9dae3 0.175s
2025-05-07 07:07:14.518 70355 INFO tempest.lib.common.rest_client [req-6e34cca1-190e-4908-95bc-8dff3fb289d5 req-6e34cca1-190e-4908-95bc-8dff3fb289d5 ] Request (ServerActionsTestOtherA:test_rebuild_server_in_stop_state): 200 GET http://10.180.1.21/compute/v2.1/servers/a70fa652-4726-4bc2-966f-530aaa79ba86 0.212s
2025-05-07 07:07:14.536 70325 INFO tempest.lib.common.rest_client [req-f32440d7-9510-483d-9773-a26c5103f7ec req-f32440d7-9510-483d-9773-a26c5103f7ec ] Request (DeleteServersTestJSON:test_delete_server_while_in_attached_volume): 200 GET http://10.180.1.21/compute/v2.1/servers/3e109fff-94bd-41a9-bc43-373143b7fda5 0.150s
2025-05-07 07:07:14.569 70332 INFO tempest.lib.common.rest_client [req-27a3c312-5754-4a19-bd2e-f5b252b0925f req-27a3c312-5754-4a19-bd2e-f5b252b0925f ] Request (ImagesTestJSON:test_create_image_from_stopped_server): 200 GET http://10.180.1.21/compute/v2.1/images/a87af1d8-1cc3-4b33-80f7-7a0661bcd1dd 0.077s
2025-05-07 07:07:14.579 70335 INFO tempest.lib.common.rest_client [req-a4bc6b2a-36d9-41ee-8b71-5054e0970b11 req-a4bc6b2a-36d9-41ee-8b71-5054e0970b11 ] Request (ListServerFiltersTestJSON:tearDownClass): 200 GET http://10.180.1.21/compute/v2.1/servers/4a502d1e-8a86-4ec7-b1d6-9d68c3a47f9b 0.128s
2025-05-07 07:07:14.588 70357 WARNING tempest.lib.common.ssh [-] Failed to establish authenticated ssh connection to cirros@10.180.180.169 ([Errno None] Unable to connect to port 22 on 10.180.180.169). Number attempts: 5. Retry after 6 seconds.: paramiko.ssh_exception.NoValidConnectionsError: [Errno None] Unable to connect to port 22 on 10.180.180.169
2025-05-07 07:07:14.631 70315 INFO tempest.lib.common.rest_client [req-b1471b50-3656-4869-af46-80d8e56178c5 req-b1471b50-3656-4869-af46-80d8e56178c5 ] Request (ImagesOneServerTestJSON:tearDownClass): 200 GET http://10.180.1.21/compute/v2.1/servers/303c7ee1-8d26-460b-aab9-d55c71cf8a73 0.079s
2025-05-07 07:07:14.633 70351 INFO tempest.lib.common.rest_client [req-8716a27e-d3d4-4555-a985-8154c103ed83 req-8716a27e-d3d4-4555-a985-8154c103ed83 ] Request (SecurityGroupsTestJSON:test_server_security_groups): 200 GET http://10.180.1.21/compute/v2.1/servers/48162423-a117-437e-b171-9a40c7c6f49b 0.075s
2025-05-07 07:07:14.692 70303 INFO tempest.lib.common.rest_client [req-5eca66dd-a4d6-40b6-b78e-9e5714d8d294 req-5eca66dd-a4d6-40b6-b78e-9e5714d8d294 ] Request (ServerActionsTestJSON:setUpClass): 200 GET http://10.180.1.21/compute/v2.1/servers/4597a0b8-2c04-4755-8e0d-e00e5cdaacd7 0.052s
2025-05-07 07:07:14.742 70317 INFO tempest.lib.common.rest_client [req-864edd93-712f-4924-a9e9-96be38aa7f3b req-864edd93-712f-4924-a9e9-96be38aa7f3b ] Request (ServersAdmin275Test:_run_cleanups): 200 GET http://10.180.1.21/compute/v2.1/servers/365b8207-f49b-4ee7-af6f-9d271eed2e38 0.056s
2025-05-07 07:07:14.744 70313 INFO tempest.lib.common.rest_client [req-776efb80-d59c-408b-9740-6629d0853cda req-776efb80-d59c-408b-9740-6629d0853cda ] Request (VolumesAdminNegativeTest:test_update_attached_volume_with_nonexistent_volume_in_body): 200 GET http://10.180.1.21/compute/v2.1/servers/9a1de08e-3206-44cc-8d34-a5527faf9684 0.053s
2025-05-07 07:07:14.790 70349 INFO tempest.lib.common.rest_client [req-f0943026-ca88-47a1-a49c-0c58eaba4abe req-f0943026-ca88-47a1-a49c-0c58eaba4abe ] Request (MigrationsAdminTest:test_resize_server_revert_deleted_flavor): 200 GET http://10.180.1.21/compute/v2.1/servers/8b812422-4ca6-4d2b-b6af-873fdb21fab6 0.051s
2025-05-07 07:07:14.834 70329 INFO tempest.lib.common.rest_client [req-06679859-5846-4dc5-b560-12e1e4e27b3b req-06679859-5846-4dc5-b560-12e1e4e27b3b ] Request (FloatingIPsAssociationNegativeTestJSON:tearDownClass): 200 GET http://10.180.1.21/compute/v2.1/servers/5ba60eb7-ee6f-47e2-b6ca-b54817dab371 0.062s
2025-05-07 07:07:15.040 70301 INFO tempest.lib.common.rest_client [req-cf440872-303e-48be-b7f3-9e5057fd5e56 req-cf440872-303e-48be-b7f3-9e5057fd5e56 ] Request (FloatingIPsAssociationTestJSON:test_associate_already_associated_floating_ip): 200 GET http://10.180.1.21/compute/v2.1/servers/24641406-5292-4497-b34f-9af0dcdc58d7 0.119s
2025-05-07 07:07:15.047 70341 INFO tempest.lib.common.rest_client [req-cd5cd709-c4d9-416d-a7a2-95fe05e098be req-cd5cd709-c4d9-416d-a7a2-95fe05e098be ] Request (ServerRescueTestJSONUnderV235:tearDownClass): 200 GET http://10.180.1.21/compute/v2.1/servers/ebd9e006-a591-44f7-867c-041731b9d45a 0.062s
2025-05-07 07:07:15.112 70311 INFO tempest.lib.common.rest_client [req-0b8b854f-2fc9-44c9-80f0-133ed933aa15 req-0b8b854f-2fc9-44c9-80f0-133ed933aa15 ] Request (ServerDiagnosticsNegativeTest:tearDownClass): 200 GET http://10.180.1.21/compute/v2.1/servers/bb0e9037-42d5-43ae-b0e6-f08c9a2e6ec7 0.062s
2025-05-07 07:07:15.157 70327 INFO tempest.lib.common.rest_client [req-da07eeaa-e73f-4d2b-a6b2-4ae46b720cbb req-da07eeaa-e73f-4d2b-a6b2-4ae46b720cbb ] Request (ServersAdminTestJSON:setUpClass): 200 GET http://10.180.1.21/compute/v2.1/servers/d2684194-a688-4466-9852-1f4ff656f057 0.058s
2025-05-07 07:07:15.164 70327 INFO tempest.common.waiters [-] State transition "BUILD/scheduling" ==> "BUILD/None" after 16 second wait
2025-05-07 07:07:15.175 70347 INFO tempest.lib.common.rest_client [req-0341ed72-6570-486e-b53b-3d2231b6622b req-0341ed72-6570-486e-b53b-3d2231b6622b ] Request (ServerDiskConfigTestJSON:test_rebuild_server_with_manual_disk_config): 200 GET http://10.180.1.21/compute/v2.1/servers/d5c23433-a0f3-4f0a-9c62-051d07dcd712 0.069s
2025-05-07 07:07:15.219 70307 INFO tempest.lib.common.rest_client [req-9acecde6-b4a7-406e-98f1-264ca8e28018 req-9acecde6-b4a7-406e-98f1-264ca8e28018 ] Request (AttachInterfacesUnderV243Test:_run_cleanups): 200 GET http://10.180.1.21/compute/v2.1/servers/743a4a52-ce35-4ec1-9286-e0c470e87186 0.059s
2025-05-07 07:07:15.235 70345 INFO tempest.lib.common.rest_client [req-140a86ed-6596-47de-a240-68d4b99100e3 req-140a86ed-6596-47de-a240-68d4b99100e3 ] Request (ServersTestJSON:test_create_server_specify_multibyte_character_name): 200 GET http://10.180.1.21/compute/v2.1/servers/b5ad55cc-9010-46be-bfd0-28fa1607f1c3 0.052s
2025-05-07 07:07:15.300 70305 INFO tempest.lib.common.rest_client [req-19a9ec7c-6711-4d50-97e6-c67d0e8b33cb req-19a9ec7c-6711-4d50-97e6-c67d0e8b33cb ] Request (ServersTestManualDisk:setUpClass): 200 GET http://10.180.1.21/compute/v2.1/servers/7af5a14d-f586-4746-9831-8be255581637 0.052s
2025-05-07 07:07:15.309 70353 INFO tempest.lib.common.rest_client [req-5bfbd7e6-949c-4a0b-9e92-a8df0f41c247 req-5bfbd7e6-949c-4a0b-9e92-a8df0f41c247 ] Request (ServersListShow2100Test:test_list_show_rebuild_update_server_2100): 200 GET http://10.180.1.21/compute/v2.1/servers/fae97132-44b4-4df1-bd34-ba694ea7016a 0.067s
2025-05-07 07:07:15.417 70323 INFO tempest.lib.common.rest_client [req-f8ee1b89-32ea-4a21-b332-096946814eaa req-f8ee1b89-32ea-4a21-b332-096946814eaa ] Request (ServerRescueTestJSON:setUpClass): 200 GET http://10.180.1.21/compute/v2.1/servers/a4064177-051b-4ec8-a1fc-fa5d299add8b 0.059s
2025-05-07 07:07:15.451 70339 INFO tempest.lib.common.rest_client [req-9b64c2f1-d44c-4c40-94a0-2b6cde522725 req-9b64c2f1-d44c-4c40-94a0-2b6cde522725 ] Request (ServersListShow296Test:test_list_show_update_rebuild_server_296): 200 GET http://10.180.1.21/compute/v2.1/servers/d73153ad-9258-4c3c-9699-b6364408d631 0.071s
2025-05-07 07:07:15.577 70361 INFO tempest.lib.common.rest_client [req-32cd515b-4037-4a68-b659-f49afe7ffc60 req-32cd515b-4037-4a68-b659-f49afe7ffc60 ] Request (InstanceActionsNegativeTestJSON:tearDownClass): 200 GET http://10.180.1.21/compute/v2.1/servers/bd242bac-cd36-4fff-9325-fc14d5ceb566 0.109s
2025-05-07 07:07:15.584 70363 INFO tempest.lib.common.rest_client [req-062a2f23-0e50-4283-8a15-9ee7d618af7f req-062a2f23-0e50-4283-8a15-9ee7d618af7f ] Request (ServersTestBootFromVolume:tearDownClass): 200 GET http://10.180.1.21/compute/v2.1/servers/67f59d53-c61b-48ad-b55d-710595e9dae3 0.108s
2025-05-07 07:07:15.629 70355 INFO tempest.lib.common.rest_client [req-cda6bc07-0912-4292-988f-37242cd7d5d9 req-cda6bc07-0912-4292-988f-37242cd7d5d9 ] Request (ServerActionsTestOtherA:test_rebuild_server_in_stop_state): 200 GET http://10.180.1.21/compute/v2.1/servers/a70fa652-4726-4bc2-966f-530aaa79ba86 0.103s
2025-05-07 07:07:15.654 70325 INFO tempest.lib.common.rest_client [req-810b53b2-bb48-4015-813b-a46a2ca75b3f req-810b53b2-bb48-4015-813b-a46a2ca75b3f ] Request (DeleteServersTestJSON:test_delete_server_while_in_attached_volume): 200 GET http://10.180.1.21/compute/v2.1/servers/3e109fff-94bd-41a9-bc43-373143b7fda5 0.110s
2025-05-07 07:07:15.667 70332 INFO tempest.lib.common.rest_client [req-9c9c86ef-32ff-4fc2-bbff-df2b10414fb0 req-9c9c86ef-32ff-4fc2-bbff-df2b10414fb0 ] Request (ImagesTestJSON:test_create_image_from_stopped_server): 200 GET http://10.180.1.21/compute/v2.1/images/a87af1d8-1cc3-4b33-80f7-7a0661bcd1dd 0.093s
2025-05-07 07:07:15.712 70335 INFO tempest.lib.common.rest_client [req-3310c09b-92cf-4dda-93f0-3fe966d7027a req-3310c09b-92cf-4dda-93f0-3fe966d7027a ] Request (ListServerFiltersTestJSON:tearDownClass): 200 GET http://10.180.1.21/compute/v2.1/servers/4a502d1e-8a86-4ec7-b1d6-9d68c3a47f9b 0.126s
2025-05-07 07:07:15.718 70351 INFO tempest.lib.common.rest_client [req-6a00e97d-1ebb-44d5-b86f-22957d30a1d0 req-6a00e97d-1ebb-44d5-b86f-22957d30a1d0 ] Request (SecurityGroupsTestJSON:test_server_security_groups): 200 GET http://10.180.1.21/compute/v2.1/servers/48162423-a117-437e-b171-9a40c7c6f49b 0.078s
2025-05-07 07:07:15.726 70351 INFO tempest.common.waiters [-] State transition "BUILD/None" ==> "BUILD/networking" after 51 second wait
2025-05-07 07:07:15.764 70303 INFO tempest.lib.common.rest_client [req-afd5c0ad-ab39-4644-9e33-67b6bb11676e req-afd5c0ad-ab39-4644-9e33-67b6bb11676e ] Request (ServerActionsTestJSON:setUpClass): 200 GET http://10.180.1.21/compute/v2.1/servers/4597a0b8-2c04-4755-8e0d-e00e5cdaacd7 0.064s
2025-05-07 07:07:15.780 70315 INFO tempest.lib.common.rest_client [req-559efade-e7bf-46ff-a6a2-e157970e2f53 req-559efade-e7bf-46ff-a6a2-e157970e2f53 ] Request (ImagesOneServerTestJSON:tearDownClass): 200 GET http://10.180.1.21/compute/v2.1/servers/303c7ee1-8d26-460b-aab9-d55c71cf8a73 0.140s
2025-05-07 07:07:15.815 70313 INFO tempest.lib.common.rest_client [req-ace69206-c47d-4b83-86c2-c4ec4ec84215 req-ace69206-c47d-4b83-86c2-c4ec4ec84215 ] Request (VolumesAdminNegativeTest:test_update_attached_volume_with_nonexistent_volume_in_body): 200 GET http://10.180.1.21/compute/v2.1/servers/9a1de08e-3206-44cc-8d34-a5527faf9684 0.064s
2025-05-07 07:07:15.835 70317 INFO tempest.lib.common.rest_client [req-cd61a011-083e-49cd-9fc2-9dd3c23dcf05 req-cd61a011-083e-49cd-9fc2-9dd3c23dcf05 ] Request (ServersAdmin275Test:_run_cleanups): 200 GET http://10.180.1.21/compute/v2.1/servers/365b8207-f49b-4ee7-af6f-9d271eed2e38 0.083s
2025-05-07 07:07:15.865 70349 INFO tempest.lib.common.rest_client [req-08279b41-6ffa-4a94-a267-e77ca42fac1e req-08279b41-6ffa-4a94-a267-e77ca42fac1e ] Request (MigrationsAdminTest:test_resize_server_revert_deleted_flavor): 200 GET http://10.180.1.21/compute/v2.1/servers/8b812422-4ca6-4d2b-b6af-873fdb21fab6 0.068s
2025-05-07 07:07:15.901 70329 INFO tempest.lib.common.rest_client [req-3fa13803-4aa9-4969-8652-fb5377b2f6d0 req-3fa13803-4aa9-4969-8652-fb5377b2f6d0 ] Request (FloatingIPsAssociationNegativeTestJSON:tearDownClass): 200 GET http://10.180.1.21/compute/v2.1/servers/5ba60eb7-ee6f-47e2-b6ca-b54817dab371 0.059s
2025-05-07 07:07:16.132 70341 INFO tempest.lib.common.rest_client [req-72be5a4f-0209-4157-856b-5e93555c7263 req-72be5a4f-0209-4157-856b-5e93555c7263 ] Request (ServerRescueTestJSONUnderV235:tearDownClass): 200 GET http://10.180.1.21/compute/v2.1/servers/ebd9e006-a591-44f7-867c-041731b9d45a 0.077s
2025-05-07 07:07:16.188 70301 INFO tempest.lib.common.rest_client [req-c678244e-e886-458f-bf52-ca94ed7abd1c req-c678244e-e886-458f-bf52-ca94ed7abd1c ] Request (FloatingIPsAssociationTestJSON:test_associate_already_associated_floating_ip): 200 GET http://10.180.1.21/compute/v2.1/servers/24641406-5292-4497-b34f-9af0dcdc58d7 0.140s
2025-05-07 07:07:16.212 70311 INFO tempest.lib.common.rest_client [req-d15ec015-ee43-43a3-9f30-cdfd2c452b04 req-d15ec015-ee43-43a3-9f30-cdfd2c452b04 ] Request (ServerDiagnosticsNegativeTest:tearDownClass): 200 GET http://10.180.1.21/compute/v2.1/servers/bb0e9037-42d5-43ae-b0e6-f08c9a2e6ec7 0.092s
2025-05-07 07:07:16.248 70327 INFO tempest.lib.common.rest_client [req-de3b13f7-c2b7-43f6-948a-f5d26c108010 req-de3b13f7-c2b7-43f6-948a-f5d26c108010 ] Request (ServersAdminTestJSON:setUpClass): 200 GET http://10.180.1.21/compute/v2.1/servers/d2684194-a688-4466-9852-1f4ff656f057 0.082s
2025-05-07 07:07:16.272 70347 INFO tempest.lib.common.rest_client [req-006c81dc-9537-47f1-8444-dcadf3d65066 req-006c81dc-9537-47f1-8444-dcadf3d65066 ] Request (ServerDiskConfigTestJSON:test_rebuild_server_with_manual_disk_config): 200 GET http://10.180.1.21/compute/v2.1/servers/d5c23433-a0f3-4f0a-9c62-051d07dcd712 0.089s
2025-05-07 07:07:16.329 70307 INFO tempest.lib.common.rest_client [req-7dfe94d2-d65b-4d7f-b8cb-104cb7ee91a1 req-7dfe94d2-d65b-4d7f-b8cb-104cb7ee91a1 ] Request (AttachInterfacesUnderV243Test:_run_cleanups): 200 GET http://10.180.1.21/compute/v2.1/servers/743a4a52-ce35-4ec1-9286-e0c470e87186 0.101s
2025-05-07 07:07:16.341 70345 INFO tempest.lib.common.rest_client [req-15c1f3dc-5fe5-40e5-adb9-6da9b087f5fb req-15c1f3dc-5fe5-40e5-adb9-6da9b087f5fb ] Request (ServersTestJSON:test_create_server_specify_multibyte_character_name): 200 GET http://10.180.1.21/compute/v2.1/servers/b5ad55cc-9010-46be-bfd0-28fa1607f1c3 0.098s
2025-05-07 07:07:16.394 70305 INFO tempest.lib.common.rest_client [req-06eaea2c-739f-4d72-bc8d-b27eb1633b58 req-06eaea2c-739f-4d72-bc8d-b27eb1633b58 ] Request (ServersTestManualDisk:setUpClass): 200 GET http://10.180.1.21/compute/v2.1/servers/7af5a14d-f586-4746-9831-8be255581637 0.086s
2025-05-07 07:07:16.444 70353 INFO tempest.lib.common.rest_client [req-b755f104-8379-4414-995d-931740114b54 req-b755f104-8379-4414-995d-931740114b54 ] Request (ServersListShow2100Test:test_list_show_rebuild_update_server_2100): 200 GET http://10.180.1.21/compute/v2.1/servers/fae97132-44b4-4df1-bd34-ba694ea7016a 0.123s
2025-05-07 07:07:16.495 70323 INFO tempest.lib.common.rest_client [req-824521f9-5ab1-4181-b9e2-7e844d30b00e req-824521f9-5ab1-4181-b9e2-7e844d30b00e ] Request (ServerRescueTestJSON:setUpClass): 200 GET http://10.180.1.21/compute/v2.1/servers/a4064177-051b-4ec8-a1fc-fa5d299add8b 0.068s
2025-05-07 07:07:16.542 70339 INFO tempest.lib.common.rest_client [req-3c31e846-b919-4294-91ad-5dd0fca016a2 req-3c31e846-b919-4294-91ad-5dd0fca016a2 ] Request (ServersListShow296Test:test_list_show_update_rebuild_server_296): 200 GET http://10.180.1.21/compute/v2.1/servers/d73153ad-9258-4c3c-9699-b6364408d631 0.076s
2025-05-07 07:07:16.572 70321 WARNING tempest.lib.common.ssh [-] Failed to establish authenticated ssh connection to cirros@10.180.180.198 ([Errno None] Unable to connect to port 22 on 10.180.180.198). Number attempts: 10. Retry after 11 seconds.: paramiko.ssh_exception.NoValidConnectionsError: [Errno None] Unable to connect to port 22 on 10.180.180.198
2025-05-07 07:07:16.651 70361 INFO tempest.lib.common.rest_client [req-c42d79c9-4700-4f9c-82d6-7110a0276dfe req-c42d79c9-4700-4f9c-82d6-7110a0276dfe ] Request (InstanceActionsNegativeTestJSON:tearDownClass): 200 GET http://10.180.1.21/compute/v2.1/servers/bd242bac-cd36-4fff-9325-fc14d5ceb566 0.065s
2025-05-07 07:07:16.700 70363 INFO tempest.lib.common.rest_client [req-15931ebc-6969-40b0-b020-b15207b8665c req-15931ebc-6969-40b0-b020-b15207b8665c ] Request (ServersTestBootFromVolume:tearDownClass): 200 GET http://10.180.1.21/compute/v2.1/servers/67f59d53-c61b-48ad-b55d-710595e9dae3 0.108s
2025-05-07 07:07:16.719 70355 INFO tempest.lib.common.rest_client [req-fb49ff5c-8408-45a6-94fe-ae7305605789 req-fb49ff5c-8408-45a6-94fe-ae7305605789 ] Request (ServerActionsTestOtherA:test_rebuild_server_in_stop_state): 200 GET http://10.180.1.21/compute/v2.1/servers/a70fa652-4726-4bc2-966f-530aaa79ba86 0.080s
2025-05-07 07:07:16.752 70332 INFO tempest.lib.common.rest_client [req-a65518b1-e202-45b8-b5d8-502663d9299a req-a65518b1-e202-45b8-b5d8-502663d9299a ] Request (ImagesTestJSON:test_create_image_from_stopped_server): 200 GET http://10.180.1.21/compute/v2.1/images/a87af1d8-1cc3-4b33-80f7-7a0661bcd1dd 0.080s
2025-05-07 07:07:16.784 70325 INFO tempest.lib.common.rest_client [req-1f468dba-a5bb-4f91-be00-5f32ee201686 req-1f468dba-a5bb-4f91-be00-5f32ee201686 ] Request (DeleteServersTestJSON:test_delete_server_while_in_attached_volume): 200 GET http://10.180.1.21/compute/v2.1/servers/3e109fff-94bd-41a9-bc43-373143b7fda5 0.123s
2025-05-07 07:07:16.818 70335 INFO tempest.lib.common.rest_client [req-9178547a-c01d-4657-9219-333ccbb3ed40 req-9178547a-c01d-4657-9219-333ccbb3ed40 ] Request (ListServerFiltersTestJSON:tearDownClass): 200 GET http://10.180.1.21/compute/v2.1/servers/4a502d1e-8a86-4ec7-b1d6-9d68c3a47f9b 0.097s
2025-05-07 07:07:16.877 70303 INFO tempest.lib.common.rest_client [req-19132862-cd20-4d44-81ae-370750025683 req-19132862-cd20-4d44-81ae-370750025683 ] Request (ServerActionsTestJSON:setUpClass): 200 GET http://10.180.1.21/compute/v2.1/servers/4597a0b8-2c04-4755-8e0d-e00e5cdaacd7 0.105s
2025-05-07 07:07:16.927 70351 INFO tempest.lib.common.rest_client [req-dd4663cf-d4c7-4ebb-9f13-e1569eb370fe req-dd4663cf-d4c7-4ebb-9f13-e1569eb370fe ] Request (SecurityGroupsTestJSON:test_server_security_groups): 200 GET http://10.180.1.21/compute/v2.1/servers/48162423-a117-437e-b171-9a40c7c6f49b 0.200s
2025-05-07 07:07:16.934 70351 INFO tempest.common.waiters [-] State transition "BUILD/networking" ==> "BUILD/block_device_mapping" after 52 second wait
2025-05-07 07:07:16.944 70315 INFO tempest.lib.common.rest_client [req-e83b63ac-5cf3-4b9a-a30f-e12932b7319b req-e83b63ac-5cf3-4b9a-a30f-e12932b7319b ] Request (ImagesOneServerTestJSON:tearDownClass): 200 GET http://10.180.1.21/compute/v2.1/servers/303c7ee1-8d26-460b-aab9-d55c71cf8a73 0.156s
2025-05-07 07:07:16.985 70313 INFO tempest.lib.common.rest_client [req-88078b06-e1c2-48a3-be97-1434b36e9e78 req-88078b06-e1c2-48a3-be97-1434b36e9e78 ] Request (VolumesAdminNegativeTest:test_update_attached_volume_with_nonexistent_volume_in_body): 200 GET http://10.180.1.21/compute/v2.1/servers/9a1de08e-3206-44cc-8d34-a5527faf9684 0.162s
2025-05-07 07:07:17.011 70317 INFO tempest.lib.common.rest_client [req-cf8b5a08-f6d8-49bc-b207-5a3c5136da60 req-cf8b5a08-f6d8-49bc-b207-5a3c5136da60 ] Request (ServersAdmin275Test:_run_cleanups): 200 GET http://10.180.1.21/compute/v2.1/servers/365b8207-f49b-4ee7-af6f-9d271eed2e38 0.166s
2025-05-07 07:07:17.020 70343 WARNING tempest.lib.common.ssh [-] Failed to establish authenticated ssh connection to cirros@10.180.180.194 ([Errno None] Unable to connect to port 22 on 10.180.180.194). Number attempts: 2. Retry after 3 seconds.: paramiko.ssh_exception.NoValidConnectionsError: [Errno None] Unable to connect to port 22 on 10.180.180.194
2025-05-07 07:07:17.041 70349 INFO tempest.lib.common.rest_client [req-7629fd99-297f-4ebb-bba5-d33d1a6cb2d8 req-7629fd99-297f-4ebb-bba5-d33d1a6cb2d8 ] Request (MigrationsAdminTest:test_resize_server_revert_deleted_flavor): 200 GET http://10.180.1.21/compute/v2.1/servers/8b812422-4ca6-4d2b-b6af-873fdb21fab6 0.168s
2025-05-07 07:07:17.082 70329 INFO tempest.lib.common.rest_client [req-3bf72e3a-cbb8-4e52-b977-be22cc1dab4f req-3bf72e3a-cbb8-4e52-b977-be22cc1dab4f ] Request (FloatingIPsAssociationNegativeTestJSON:tearDownClass): 200 GET http://10.180.1.21/compute/v2.1/servers/5ba60eb7-ee6f-47e2-b6ca-b54817dab371 0.173s
2025-05-07 07:07:17.203 70341 INFO tempest.lib.common.rest_client [req-9cfa0f5f-362c-4f5e-aced-007d4bbba36a req-9cfa0f5f-362c-4f5e-aced-007d4bbba36a ] Request (ServerRescueTestJSONUnderV235:tearDownClass): 200 GET http://10.180.1.21/compute/v2.1/servers/ebd9e006-a591-44f7-867c-041731b9d45a 0.061s
2025-05-07 07:07:17.278 70311 INFO tempest.lib.common.rest_client [req-9f90ec9e-2807-44ac-9e83-9fb820d338af req-9f90ec9e-2807-44ac-9e83-9fb820d338af ] Request (ServerDiagnosticsNegativeTest:tearDownClass): 200 GET http://10.180.1.21/compute/v2.1/servers/bb0e9037-42d5-43ae-b0e6-f08c9a2e6ec7 0.057s
2025-05-07 07:07:17.332 70301 INFO tempest.lib.common.rest_client [req-5a74bed0-d463-478d-899a-241810853dda req-5a74bed0-d463-478d-899a-241810853dda ] Request (FloatingIPsAssociationTestJSON:test_associate_already_associated_floating_ip): 200 GET http://10.180.1.21/compute/v2.1/servers/24641406-5292-4497-b34f-9af0dcdc58d7 0.132s
2025-05-07 07:07:17.334 70327 INFO tempest.lib.common.rest_client [req-904865d6-c61c-4c71-8c28-15553b8a8147 req-904865d6-c61c-4c71-8c28-15553b8a8147 ] Request (ServersAdminTestJSON:setUpClass): 200 GET http://10.180.1.21/compute/v2.1/servers/d2684194-a688-4466-9852-1f4ff656f057 0.074s
2025-05-07 07:07:17.387 70347 INFO tempest.lib.common.rest_client [req-b3ba2005-fa65-4717-9245-0b2d82c5629e req-b3ba2005-fa65-4717-9245-0b2d82c5629e ] Request (ServerDiskConfigTestJSON:test_rebuild_server_with_manual_disk_config): 200 GET http://10.180.1.21/compute/v2.1/servers/d5c23433-a0f3-4f0a-9c62-051d07dcd712 0.099s
2025-05-07 07:07:17.410 70307 INFO tempest.lib.common.rest_client [req-cfec517e-ffc2-4f4e-aa44-4cbc8001ee77 req-cfec517e-ffc2-4f4e-aa44-4cbc8001ee77 ] Request (AttachInterfacesUnderV243Test:_run_cleanups): 200 GET http://10.180.1.21/compute/v2.1/servers/743a4a52-ce35-4ec1-9286-e0c470e87186 0.066s
2025-05-07 07:07:17.442 70345 INFO tempest.lib.common.rest_client [req-94e5b709-37ec-4ae9-b03d-d6f85ff5ca68 req-94e5b709-37ec-4ae9-b03d-d6f85ff5ca68 ] Request (ServersTestJSON:test_create_server_specify_multibyte_character_name): 200 GET http://10.180.1.21/compute/v2.1/servers/b5ad55cc-9010-46be-bfd0-28fa1607f1c3 0.092s
2025-05-07 07:07:17.461 70305 INFO tempest.lib.common.rest_client [req-2bc0d474-6f99-4843-a4ce-010c3f73f863 req-2bc0d474-6f99-4843-a4ce-010c3f73f863 ] Request (ServersTestManualDisk:setUpClass): 200 GET http://10.180.1.21/compute/v2.1/servers/7af5a14d-f586-4746-9831-8be255581637 0.056s
2025-05-07 07:07:17.525 70353 INFO tempest.lib.common.rest_client [req-c28b318d-56af-4d90-9292-441666f132b0 req-c28b318d-56af-4d90-9292-441666f132b0 ] Request (ServersListShow2100Test:test_list_show_rebuild_update_server_2100): 200 GET http://10.180.1.21/compute/v2.1/servers/fae97132-44b4-4df1-bd34-ba694ea7016a 0.066s
2025-05-07 07:07:17.557 70323 INFO tempest.lib.common.rest_client [req-7868ff6f-9dc7-4911-9447-dc7191c69d96 req-7868ff6f-9dc7-4911-9447-dc7191c69d96 ] Request (ServerRescueTestJSON:setUpClass): 200 GET http://10.180.1.21/compute/v2.1/servers/a4064177-051b-4ec8-a1fc-fa5d299add8b 0.051s
2025-05-07 07:07:17.616 70339 INFO tempest.lib.common.rest_client [req-49423ecd-1f43-4232-a79f-5996650ea5d0 req-49423ecd-1f43-4232-a79f-5996650ea5d0 ] Request (ServersListShow296Test:test_list_show_update_rebuild_server_296): 200 GET http://10.180.1.21/compute/v2.1/servers/d73153ad-9258-4c3c-9699-b6364408d631 0.064s
2025-05-07 07:07:17.716 70361 INFO tempest.lib.common.rest_client [req-0340d91f-e534-4be4-938d-0b03b2df6cb0 req-0340d91f-e534-4be4-938d-0b03b2df6cb0 ] Request (InstanceActionsNegativeTestJSON:tearDownClass): 200 GET http://10.180.1.21/compute/v2.1/servers/bd242bac-cd36-4fff-9325-fc14d5ceb566 0.056s
2025-05-07 07:07:17.723 70361 INFO tempest.common.waiters [-] State transition "ACTIVE/deleting" ==> "DELETED/None" after 3 second wait
2025-05-07 07:07:17.777 70355 INFO tempest.lib.common.rest_client [req-70af5321-a92f-4a6a-8e62-b8692bb9d09e req-70af5321-a92f-4a6a-8e62-b8692bb9d09e ] Request (ServerActionsTestOtherA:test_rebuild_server_in_stop_state): 200 GET http://10.180.1.21/compute/v2.1/servers/a70fa652-4726-4bc2-966f-530aaa79ba86 0.050s
2025-05-07 07:07:17.812 70332 INFO tempest.lib.common.rest_client [req-11e385fe-7b5b-4021-af13-3f879931ada4 req-11e385fe-7b5b-4021-af13-3f879931ada4 ] Request (ImagesTestJSON:test_create_image_from_stopped_server): 200 GET http://10.180.1.21/compute/v2.1/images/a87af1d8-1cc3-4b33-80f7-7a0661bcd1dd 0.056s
