2025-05-08 11:52:16.246 70844 INFO tempest.lib.common.rest_client [req-c44dffce-abde-4550-8ba6-53aed2720df2 req-c44dffce-abde-4550-8ba6-53aed2720df2 ] Request (ServerExternalEventsTest:setUpClass): 200 GET http://10.180.1.21/identity/v3/roles 0.027s
2025-05-08 11:52:16.297 70844 INFO tempest.lib.common.rest_client [req-47f5b042-4f5b-4f1e-b541-3eb034099640 req-47f5b042-4f5b-4f1e-b541-3eb034099640 ] Request (ServerExternalEventsTest:setUpClass): 204 PUT http://10.180.1.21/identity/v3/projects/dbbf9d7ec64444eba59a4386e9686f20/users/b49770dfdc23450fb503c2b9313f1218/roles/ba05dd23794b4b64a8fb422d1dca84b5 0.051s
2025-05-08 11:52:16.363 70844 INFO tempest.lib.common.rest_client [req-18ae3bb6-cf75-4a29-99ab-7fc7e651ae1f req-18ae3bb6-cf75-4a29-99ab-7fc7e651ae1f ] Request (ServerExternalEventsTest:setUpClass): 200 GET http://10.180.1.21/identity/v3/roles 0.065s
2025-05-08 11:52:16.373 70849 INFO tempest.lib.common.rest_client [req-774517fe-5793-43ce-8942-60e134538c25 req-774517fe-5793-43ce-8942-60e134538c25 ] Request (TenantUsagesNegativeTestJSON:tearDownClass): 204 DELETE http://10.180.1.21:9696/networking/v2.0/security-groups/0b9cb104-b089-47f3-ae77-60b636ff4bd7 0.581s
2025-05-08 11:52:16.394 70844 INFO tempest.lib.common.rest_client [req-7f6c2e97-ca0b-486c-a761-4c6e8d57fcd9 req-7f6c2e97-ca0b-486c-a761-4c6e8d57fcd9 ] Request (ServerExternalEventsTest:setUpClass): 204 PUT http://10.180.1.21/identity/v3/projects/dbbf9d7ec64444eba59a4386e9686f20/users/b49770dfdc23450fb503c2b9313f1218/roles/c576744201224df7917ddb3198850232 0.030s
2025-05-08 11:52:16.394 70844 INFO tempest.lib.common.dynamic_creds [-] Dynamic test user b49770dfdc23450fb503c2b9313f1218 is created with scope project and roles: ['service', 'admin']
2025-05-08 11:52:16.394 70844 INFO tempest.lib.common.dynamic_creds [-] Acquired dynamic creds: credentials: Credentials: {'domain_id': 'default', 'domain_name': 'Default', 'username': 'tempest-ServerExternalEventsTest-358547025-project', 'project_domain_id': 'default', 'project_domain_name': 'Default', 'project_id': 'dbbf9d7ec64444eba59a4386e9686f20', 'project_name': 'tempest-ServerExternalEventsTest-358547025', 'tenant_id': 'dbbf9d7ec64444eba59a4386e9686f20', 'tenant_name': 'tempest-ServerExternalEventsTest-358547025', 'user_domain_id': 'default', 'user_domain_name': 'Default', 'user_id': 'b49770dfdc23450fb503c2b9313f1218', 'system': None}, Network: None, Subnet: None, Router: None
2025-05-08 11:52:16.395 70844 INFO tempest.lib.common.dynamic_creds [-] Created isolated network resources for: credentials: Credentials: {'domain_id': 'default', 'domain_name': 'Default', 'username': 'tempest-ServerExternalEventsTest-358547025-project', 'project_domain_id': 'default', 'project_domain_name': 'Default', 'project_id': 'dbbf9d7ec64444eba59a4386e9686f20', 'project_name': 'tempest-ServerExternalEventsTest-358547025', 'tenant_id': 'dbbf9d7ec64444eba59a4386e9686f20', 'tenant_name': 'tempest-ServerExternalEventsTest-358547025', 'user_domain_id': 'default', 'user_domain_name': 'Default', 'user_id': 'b49770dfdc23450fb503c2b9313f1218', 'system': None}, Network: None, Subnet: None, Router: None
2025-05-08 11:52:16.406 70824 INFO tempest.lib.common.rest_client [req-96972641-69ae-4356-a5ef-b791ea7c7e49 req-96972641-69ae-4356-a5ef-b791ea7c7e49 ] Request (FlavorsExtraSpecsTestJSON:tearDownClass): 204 DELETE http://10.180.1.21:9696/networking/v2.0/security-groups/c5840917-bc7e-4864-ad10-ce55460e5813 0.561s
2025-05-08 11:52:16.406 70880 INFO tempest.lib.common.rest_client [req-a04c67b7-1912-400c-921a-ff27f9418dbf req-a04c67b7-1912-400c-921a-ff27f9418dbf ] Request (ServerActionsTestOtherA:setUpClass): 200 GET http://10.180.1.21/compute/v2.1/servers/a2359267-0c7a-4410-86c1-caf5e26bc921 2.823s
2025-05-08 11:52:16.429 70856 INFO tempest.lib.common.rest_client [req-22381935-58ce-4857-a366-c2ddadb2cd7f req-22381935-58ce-4857-a366-c2ddadb2cd7f ] Request (FlavorsAccessNegativeTestJSON:_run_cleanups): 202 DELETE http://10.180.1.21/compute/v2.1/flavors/1804896519 2.809s
2025-05-08 11:52:16.487 70844 INFO tempest.lib.common.rest_client [req-a54be6ac-d990-4d56-ae12-2836412d0e28 req-a54be6ac-d990-4d56-ae12-2836412d0e28 ] Request (ServerExternalEventsTest:setUpClass): 201 POST http://10.180.1.21/identity/v3/auth/tokens 0.085s
2025-05-08 11:52:16.494 70849 INFO tempest.lib.common.rest_client [req-60ad520d-1820-41e7-89ae-723f44ceec60 req-60ad520d-1820-41e7-89ae-723f44ceec60 ] Request (TenantUsagesNegativeTestJSON:tearDownClass): 204 DELETE http://10.180.1.21/identity/v3/projects/628b849ad13241d7b016d4f6c443de74 0.120s
2025-05-08 11:52:16.553 70844 INFO tempest.lib.common.rest_client [req-a6c59c37-f2c2-480d-a011-d3cd07e78735 req-a6c59c37-f2c2-480d-a011-d3cd07e78735 ] Request (ServerExternalEventsTest:test_create_server_external_events): 201 POST http://10.180.1.21/identity/v3/auth/tokens 0.060s
2025-05-08 11:52:16.553 70844 INFO tempest.lib.common.fixed_network [-] (ServerExternalEventsTest:test_create_server_external_events) Found network None available for tenant
2025-05-08 11:52:16.596 70824 INFO tempest.lib.common.rest_client [req-51f47f40-55b6-4877-8e66-968672cc8d47 req-51f47f40-55b6-4877-8e66-968672cc8d47 ] Request (FlavorsExtraSpecsTestJSON:tearDownClass): 204 DELETE http://10.180.1.21/identity/v3/projects/dc695e902e154f5bbdcf890ebc84c9cd 0.190s
2025-05-08 11:52:16.617 70849 INFO tempest.lib.common.rest_client [req-45e18ff6-45bc-4199-b02e-8690a2a4f735 req-45e18ff6-45bc-4199-b02e-8690a2a4f735 ] Request (FloatingIPsAssociationNegativeTestJSON:setUpClass): 201 POST http://10.180.1.21/identity/v3/auth/tokens 0.121s
2025-05-08 11:52:16.630 70824 INFO tempest.lib.common.rest_client [req-7c9d1129-8689-46f9-a996-ec285e992b58 req-7c9d1129-8689-46f9-a996-ec285e992b58 ] Request (HypervisorAdminTestJSON:setUpClass): 201 POST http://10.180.1.21/identity/v3/auth/tokens 0.031s
2025-05-08 11:52:16.653 70849 INFO tempest.lib.common.rest_client [req-cde693c7-8279-45ca-897c-2274fbbf0278 req-cde693c7-8279-45ca-897c-2274fbbf0278 ] Request (FloatingIPsAssociationNegativeTestJSON:setUpClass): 201 POST http://10.180.1.21/identity/v3/auth/tokens 0.032s
2025-05-08 11:52:16.666 70824 INFO tempest.lib.common.rest_client [req-87fbf6c7-b320-43f8-9942-4fdaacc3d30f req-87fbf6c7-b320-43f8-9942-4fdaacc3d30f ] Request (HypervisorAdminTestJSON:setUpClass): 201 POST http://10.180.1.21/identity/v3/auth/tokens 0.033s
2025-05-08 11:52:16.678 70849 INFO tempest.lib.common.rest_client [req-8107551b-2bb9-45bb-b341-f0f94a594039 req-8107551b-2bb9-45bb-b341-f0f94a594039 ] Request (FloatingIPsAssociationNegativeTestJSON:setUpClass): 200 GET http://10.180.1.21/identity/v3/domains?name=Default 0.025s
2025-05-08 11:52:16.693 70824 INFO tempest.lib.common.rest_client [req-fe6f0973-a5fd-470b-bb49-ce80aee40f1a req-fe6f0973-a5fd-470b-bb49-ce80aee40f1a ] Request (HypervisorAdminTestJSON:setUpClass): 200 GET http://10.180.1.21/identity/v3/domains?name=Default 0.026s
2025-05-08 11:52:16.726 70849 INFO tempest.lib.common.rest_client [req-7bb645ce-2b15-46ef-91f0-b27dde6c6ddf req-7bb645ce-2b15-46ef-91f0-b27dde6c6ddf ] Request (FloatingIPsAssociationNegativeTestJSON:setUpClass): 201 POST http://10.180.1.21/identity/v3/projects 0.047s
2025-05-08 11:52:16.737 70824 INFO tempest.lib.common.rest_client [req-aefe61f6-1555-49af-a55a-718548f6978b req-aefe61f6-1555-49af-a55a-718548f6978b ] Request (HypervisorAdminTestJSON:setUpClass): 201 POST http://10.180.1.21/identity/v3/projects 0.043s
2025-05-08 11:52:16.789 70870 INFO tempest.lib.common.rest_client [req-ca77328f-34f5-43a8-a8e5-276957429a56 req-ca77328f-34f5-43a8-a8e5-276957429a56 ] Request (FloatingIPsAssociationTestJSON:setUpClass): 200 GET http://10.180.1.21/compute/v2.1/servers/ced9a0e6-abc1-48ae-9aed-8e6985fc6cb0 3.022s
2025-05-08 11:52:16.817 70824 INFO tempest.lib.common.rest_client [req-0ed0222f-f7a6-4f4c-a007-217d8f43a506 req-0ed0222f-f7a6-4f4c-a007-217d8f43a506 ] Request (HypervisorAdminTestJSON:setUpClass): 201 POST http://10.180.1.21/identity/v3/users 0.080s
2025-05-08 11:52:16.843 70824 INFO tempest.lib.common.rest_client [req-5f11545d-e3e1-4ba2-b434-22914dd8f091 req-5f11545d-e3e1-4ba2-b434-22914dd8f091 ] Request (HypervisorAdminTestJSON:setUpClass): 200 GET http://10.180.1.21/identity/v3/roles 0.025s
2025-05-08 11:52:16.851 70849 INFO tempest.lib.common.rest_client [req-e49efcee-e8e3-42a0-b8f4-e00d16c245f7 req-e49efcee-e8e3-42a0-b8f4-e00d16c245f7 ] Request (FloatingIPsAssociationNegativeTestJSON:setUpClass): 201 POST http://10.180.1.21/identity/v3/users 0.125s
2025-05-08 11:52:16.856 70882 INFO tempest.lib.common.rest_client [req-d4ed4fe4-05f8-40d6-9242-bc3a8ef893ed req-d4ed4fe4-05f8-40d6-9242-bc3a8ef893ed ] Request (ImagesTestJSON:test_create_image_from_stopped_server): 200 GET http://10.180.1.21/compute/v2.1/servers/f77c5d4a-3214-4ac4-b9a9-5285e1b23877 2.963s
2025-05-08 11:52:16.878 70824 INFO tempest.lib.common.rest_client [req-bf9bd598-c5f0-4f53-ba8e-672e839e2c30 req-bf9bd598-c5f0-4f53-ba8e-672e839e2c30 ] Request (HypervisorAdminTestJSON:setUpClass): 204 PUT http://10.180.1.21/identity/v3/projects/9dcbb55319274cd4a2ca23a4621efffa/users/de88954af0d04235b418ca9cc58567ed/roles/38b07e1af7cc4c8cb840641d75167f5b 0.035s
2025-05-08 11:52:16.878 70824 INFO tempest.lib.common.dynamic_creds [-] Dynamic test user de88954af0d04235b418ca9cc58567ed is created with scope project and roles: ['member']
2025-05-08 11:52:16.878 70824 INFO tempest.lib.common.dynamic_creds [-] Acquired dynamic creds: credentials: Credentials: {'domain_id': 'default', 'domain_name': 'Default', 'username': 'tempest-HypervisorAdminTestJSON-1274276718-project-member', 'project_domain_id': 'default', 'project_domain_name': 'Default', 'project_id': '9dcbb55319274cd4a2ca23a4621efffa', 'project_name': 'tempest-HypervisorAdminTestJSON-1274276718', 'tenant_id': '9dcbb55319274cd4a2ca23a4621efffa', 'tenant_name': 'tempest-HypervisorAdminTestJSON-1274276718', 'user_domain_id': 'default', 'user_domain_name': 'Default', 'user_id': 'de88954af0d04235b418ca9cc58567ed', 'system': None}, Network: None, Subnet: None, Router: None
2025-05-08 11:52:16.879 70824 INFO tempest.lib.common.dynamic_creds [-] Created isolated network resources for: credentials: Credentials: {'domain_id': 'default', 'domain_name': 'Default', 'username': 'tempest-HypervisorAdminTestJSON-1274276718-project-member', 'project_domain_id': 'default', 'project_domain_name': 'Default', 'project_id': '9dcbb55319274cd4a2ca23a4621efffa', 'project_name': 'tempest-HypervisorAdminTestJSON-1274276718', 'tenant_id': '9dcbb55319274cd4a2ca23a4621efffa', 'tenant_name': 'tempest-HypervisorAdminTestJSON-1274276718', 'user_domain_id': 'default', 'user_domain_name': 'Default', 'user_id': 'de88954af0d04235b418ca9cc58567ed', 'system': None}, Network: None, Subnet: None, Router: None
2025-05-08 11:52:16.879 70849 INFO tempest.lib.common.rest_client [req-bfcb0511-2ad5-4efe-8984-687a19835222 req-bfcb0511-2ad5-4efe-8984-687a19835222 ] Request (FloatingIPsAssociationNegativeTestJSON:setUpClass): 200 GET http://10.180.1.21/identity/v3/roles 0.027s
2025-05-08 11:52:16.952 70832 INFO tempest.lib.common.rest_client [req-089a7a58-77fe-4ded-9b74-552c4366ce45 req-089a7a58-77fe-4ded-9b74-552c4366ce45 ] Request (FloatingIPDetailsTestJSON:tearDownClass): 204 DELETE http://10.180.1.21:9696/networking/v2.0/routers/605267a5-abfe-4b34-a68c-92408310c194 1.811s
2025-05-08 11:52:16.967 70849 INFO tempest.lib.common.rest_client [req-8a628a09-2e35-4f25-aec5-9cc54bf282e1 req-8a628a09-2e35-4f25-aec5-9cc54bf282e1 ] Request (FloatingIPsAssociationNegativeTestJSON:setUpClass): 204 PUT http://10.180.1.21/identity/v3/projects/aa4c478d51394460acfa1c03d6bd1eb7/users/7d36c1e6f79847178f6a0f5fbd1e3567/roles/38b07e1af7cc4c8cb840641d75167f5b 0.086s
2025-05-08 11:52:16.967 70849 INFO tempest.lib.common.dynamic_creds [-] Dynamic test user 7d36c1e6f79847178f6a0f5fbd1e3567 is created with scope project and roles: ['member']
2025-05-08 11:52:16.967 70849 INFO tempest.lib.common.dynamic_creds [-] Acquired dynamic creds: credentials: Credentials: {'domain_id': 'default', 'domain_name': 'Default', 'username': 'tempest-FloatingIPsAssociationNegativeTestJSON-584374596-project-member', 'project_domain_id': 'default', 'project_domain_name': 'Default', 'project_id': 'aa4c478d51394460acfa1c03d6bd1eb7', 'project_name': 'tempest-FloatingIPsAssociationNegativeTestJSON-584374596', 'tenant_id': 'aa4c478d51394460acfa1c03d6bd1eb7', 'tenant_name': 'tempest-FloatingIPsAssociationNegativeTestJSON-584374596', 'user_domain_id': 'default', 'user_domain_name': 'Default', 'user_id': '7d36c1e6f79847178f6a0f5fbd1e3567', 'system': None}, Network: None, Subnet: None, Router: None
2025-05-08 11:52:16.983 70824 INFO tempest.lib.common.rest_client [req-f0030b62-1c82-4b51-ba30-b02c9693d3d8 req-f0030b62-1c82-4b51-ba30-b02c9693d3d8 ] Request (HypervisorAdminTestJSON:setUpClass): 201 POST http://10.180.1.21/identity/v3/auth/tokens 0.100s
2025-05-08 11:52:17.033 70849 INFO tempest.lib.common.rest_client [req-5290b43f-2c4d-4303-abdf-8441b65e29c8 req-5290b43f-2c4d-4303-abdf-8441b65e29c8 ] Request (FloatingIPsAssociationNegativeTestJSON:setUpClass): 201 POST http://10.180.1.21/identity/v3/auth/tokens 0.065s
2025-05-08 11:52:17.059 70824 INFO tempest.lib.common.rest_client [req-5a9ad49b-aa3a-418b-9335-cecabad55ab1 req-5a9ad49b-aa3a-418b-9335-cecabad55ab1 ] Request (HypervisorAdminTestJSON:setUpClass): 201 POST http://10.180.1.21/identity/v3/projects 0.075s
2025-05-08 11:52:17.090 70836 INFO tempest.lib.common.rest_client [req-c2595fcc-bde0-486c-9f7a-2c24d91995c4 req-c2595fcc-bde0-486c-9f7a-2c24d91995c4 ] Request (ListServersNegativeTestJSON:setUpClass): 201 POST http://10.180.1.21:9696/networking/v2.0/networks 0.980s
2025-05-08 11:52:17.111 70852 INFO tempest.lib.common.rest_client [req-9f8dfa87-1f13-45a7-a9cc-6fc9caf22c88 req-9f8dfa87-1f13-45a7-a9cc-6fc9caf22c88 ] Request (ServerDiagnosticsTest:test_get_server_diagnostics): 200 GET http://10.180.1.21/compute/v2.1/servers/42fb6e48-55b7-4d40-8978-6114e30fc6ed 2.814s
2025-05-08 11:52:17.124 70824 INFO tempest.lib.common.rest_client [req-54546ffa-b756-4a0f-ae9e-86ae9fe27d7f req-54546ffa-b756-4a0f-ae9e-86ae9fe27d7f ] Request (HypervisorAdminTestJSON:setUpClass): 201 POST http://10.180.1.21/identity/v3/users 0.065s
2025-05-08 11:52:17.153 70824 INFO tempest.lib.common.rest_client [req-6bc6195b-ff79-4fcb-9cb3-30f96d12b972 req-6bc6195b-ff79-4fcb-9cb3-30f96d12b972 ] Request (HypervisorAdminTestJSON:setUpClass): 200 GET http://10.180.1.21/identity/v3/roles 0.028s
2025-05-08 11:52:17.216 70824 INFO tempest.lib.common.rest_client [req-03fc2a08-10aa-421f-a3fe-5c81f0c819c7 req-03fc2a08-10aa-421f-a3fe-5c81f0c819c7 ] Request (HypervisorAdminTestJSON:setUpClass): 204 PUT http://10.180.1.21/identity/v3/projects/dd2b79724f0e4f829d9646456d321ff1/users/15b24a6c991c4399a443ba57eab0f919/roles/c576744201224df7917ddb3198850232 0.062s
2025-05-08 11:52:17.223 70860 INFO tempest.lib.common.rest_client [req-b9de1bf3-70f1-4b51-96c5-edb26ba0ce49 req-b9de1bf3-70f1-4b51-96c5-edb26ba0ce49 ] Request (ServersWithSpecificFlavorTestJSON:test_verify_created_server_ephemeral_disk): 202 POST http://10.180.1.21/compute/v2.1/servers 4.304s
2025-05-08 11:52:17.302 70824 INFO tempest.lib.common.rest_client [req-761886dc-7c89-4e62-9373-9472546fb0b1 req-761886dc-7c89-4e62-9373-9472546fb0b1 ] Request (HypervisorAdminTestJSON:setUpClass): 200 GET http://10.180.1.21/identity/v3/roles 0.083s
2025-05-08 11:52:17.326 70824 INFO tempest.lib.common.rest_client [req-aadb4682-6354-407b-abea-d543e1f4bb1f req-aadb4682-6354-407b-abea-d543e1f4bb1f ] Request (HypervisorAdminTestJSON:setUpClass): 204 PUT http://10.180.1.21/identity/v3/projects/dd2b79724f0e4f829d9646456d321ff1/users/15b24a6c991c4399a443ba57eab0f919/roles/c576744201224df7917ddb3198850232 0.023s
2025-05-08 11:52:17.326 70824 INFO tempest.lib.common.dynamic_creds [-] Dynamic test user 15b24a6c991c4399a443ba57eab0f919 is created with scope project and roles: ['admin']
2025-05-08 11:52:17.326 70824 INFO tempest.lib.common.dynamic_creds [-] Acquired dynamic creds: credentials: Credentials: {'domain_id': 'default', 'domain_name': 'Default', 'username': 'tempest-HypervisorAdminTestJSON-843621004-project-admin', 'project_domain_id': 'default', 'project_domain_name': 'Default', 'project_id': 'dd2b79724f0e4f829d9646456d321ff1', 'project_name': 'tempest-HypervisorAdminTestJSON-843621004', 'tenant_id': 'dd2b79724f0e4f829d9646456d321ff1', 'tenant_name': 'tempest-HypervisorAdminTestJSON-843621004', 'user_domain_id': 'default', 'user_domain_name': 'Default', 'user_id': '15b24a6c991c4399a443ba57eab0f919', 'system': None}, Network: None, Subnet: None, Router: None
2025-05-08 11:52:17.326 70824 INFO tempest.lib.common.dynamic_creds [-] Created isolated network resources for: credentials: Credentials: {'domain_id': 'default', 'domain_name': 'Default', 'username': 'tempest-HypervisorAdminTestJSON-843621004-project-admin', 'project_domain_id': 'default', 'project_domain_name': 'Default', 'project_id': 'dd2b79724f0e4f829d9646456d321ff1', 'project_name': 'tempest-HypervisorAdminTestJSON-843621004', 'tenant_id': 'dd2b79724f0e4f829d9646456d321ff1', 'tenant_name': 'tempest-HypervisorAdminTestJSON-843621004', 'user_domain_id': 'default', 'user_domain_name': 'Default', 'user_id': '15b24a6c991c4399a443ba57eab0f919', 'system': None}, Network: None, Subnet: None, Router: None
2025-05-08 11:52:17.374 70862 INFO tempest.lib.common.rest_client [req-8dcdabd1-7bc1-46b7-8760-546e27d2fa1a req-8dcdabd1-7bc1-46b7-8760-546e27d2fa1a ] Request (ServerDiskConfigTestJSON:test_rebuild_server_with_auto_disk_config): 200 GET http://10.180.1.21/compute/v2.1/servers/76d4543f-0743-4cbf-ba91-90d3cfd3fa38 3.031s
2025-05-08 11:52:17.382 70866 INFO tempest.lib.common.rest_client [req-625a9066-9f5f-48b5-8a48-f2b45d7ec902 req-625a9066-9f5f-48b5-8a48-f2b45d7ec902 ] Request (HostsAdminNegativeTestJSON:test_update_host_without_param): 400 PUT http://10.180.1.21/compute/v2.1/os-hosts/devstack 3.007s
2025-05-08 11:52:17.403 70876 INFO tempest.lib.common.rest_client [req-7f013747-cbde-47c7-811b-13b5e25508b1 req-7f013747-cbde-47c7-811b-13b5e25508b1 ] Request (DeleteServersAdminTestJSON:test_admin_delete_servers_of_others): 200 GET http://10.180.1.21/compute/v2.1/servers/ab26300f-4459-4600-b267-ace5bf3aa9e9 3.035s
2025-05-08 11:52:17.429 70826 INFO tempest.lib.common.rest_client [req-db5bf2df-85ff-4067-9247-4cae1508d71c req-db5bf2df-85ff-4067-9247-4cae1508d71c ] Request (AggregatesAdminNegativeTestJSON:_run_cleanups): 200 DELETE http://10.180.1.21/compute/v2.1/os-aggregates/4 3.037s
2025-05-08 11:52:17.445 70832 INFO tempest.lib.common.rest_client [req-f3cb4884-78d7-47b9-8720-428d810a37f3 req-f3cb4884-78d7-47b9-8720-428d810a37f3 ] Request (FloatingIPDetailsTestJSON:tearDownClass): 204 DELETE http://10.180.1.21:9696/networking/v2.0/subnets/666a6abc-ea18-446f-9afe-e4f5e9d15a21 0.492s
2025-05-08 11:52:17.450 70824 INFO tempest.lib.common.rest_client [req-5973f686-b62f-462e-861f-c8bc96d4d752 req-5973f686-b62f-462e-861f-c8bc96d4d752 ] Request (HypervisorAdminTestJSON:setUpClass): 201 POST http://10.180.1.21/identity/v3/auth/tokens 0.120s
2025-05-08 11:52:17.591 70846 INFO tempest.lib.common.rest_client [req-1ba8a940-2b50-4453-8f80-19e2fe319741 req-1ba8a940-2b50-4453-8f80-19e2fe319741 ] Request (HypervisorAdminNegativeTestJSON:test_get_hypervisor_uptime_with_non_admin_user): 200 GET http://10.180.1.21/compute/v2.1/os-hypervisors 3.191s
2025-05-08 11:52:17.612 70830 INFO tempest.lib.common.rest_client [req-de27e579-2ce9-47ae-b373-0964295ef13d req-de27e579-2ce9-47ae-b373-0964295ef13d ] Request (QuotaClassesAdminTestJSON:test_update_default_quotas): 200 GET http://10.180.1.21/compute/v2.1/os-quota-class-sets/default 3.059s
2025-05-08 11:52:17.710 70874 INFO tempest.lib.common.rest_client [req-345189b6-b2e5-46bd-8f7d-43f33c58adfe req-345189b6-b2e5-46bd-8f7d-43f33c58adfe ] Request (ImagesMetadataTestJSON:test_set_image_metadata_item): 200 PUT http://10.180.1.21/compute/v2.1/images/b574b9d5-7741-4b14-979b-e45b50eba477/metadata/os_version 3.237s
2025-05-08 11:52:17.823 70868 INFO tempest.lib.common.rest_client [req-5c4642e6-a5e8-46f8-a9b3-4ea2bd5878be req-5c4642e6-a5e8-46f8-a9b3-4ea2bd5878be ] Request (ServersAdminTestJSON:setUpClass): 200 PUT http://10.180.1.21:9696/networking/v2.0/routers/52246f57-22b5-4c40-9677-b4ba99713804/add_router_interface 4.476s
2025-05-08 11:52:17.823 70868 INFO tempest.lib.common.dynamic_creds [-] Created isolated network resources for: credentials: Credentials: {'domain_id': 'default', 'domain_name': 'Default', 'username': 'tempest-ServersAdminTestJSON-1221450413-project-member', 'project_domain_id': 'default', 'project_domain_name': 'Default', 'project_id': '66131e2a2e6944aca9f174ef91beac79', 'project_name': 'tempest-ServersAdminTestJSON-1221450413', 'tenant_id': '66131e2a2e6944aca9f174ef91beac79', 'tenant_name': 'tempest-ServersAdminTestJSON-1221450413', 'user_domain_id': 'default', 'user_domain_name': 'Default', 'user_id': '88fab72a1d4b4044992e90e85b585002', 'system': None}, Network: {'id': '3163fefd-2b35-47f6-8743-5fc428f5d56f', 'name': 'tempest-ServersAdminTestJSON-363612688-network', 'tenant_id': '66131e2a2e6944aca9f174ef91beac79', 'admin_state_up': True, 'mtu': 8950, 'status': 'ACTIVE', 'subnets': [], 'shared': False, 'project_id': '66131e2a2e6944aca9f174ef91beac79', 'port_security_enabled': True, 'router:external': False, 'provider:network_type': 'vlan', 'provider:physical_network': 'default', 'provider:segmentation_id': 39, 'availability_zone_hints': [], 'availability_zones': [], 'ipv4_address_scope': None, 'ipv6_address_scope': None, 'description': '', 'tags': [], 'created_at': '2025-05-08T11:52:08Z', 'updated_at': '2025-05-08T11:52:08Z', 'revision_number': 1}, Subnet: {'id': 'ad6d4897-3e91-4cb1-a78a-a33fae6ebe48', 'name': 'tempest-ServersAdminTestJSON-363612688-subnet', 'tenant_id': '66131e2a2e6944aca9f174ef91beac79', 'network_id': '3163fefd-2b35-47f6-8743-5fc428f5d56f', 'ip_version': 4, 'subnetpool_id': None, 'enable_dhcp': True, 'ipv6_ra_mode': None, 'ipv6_address_mode': None, 'gateway_ip': '192.168.128.1', 'cidr': '192.168.128.0/28', 'allocation_pools': [{'start': '192.168.128.2', 'end': '192.168.128.14'}], 'host_routes': [], 'dns_nameservers': [], 'description': '', 'router:external': False, 'service_types': [], 'tags': [], 'created_at': '2025-05-08T11:52:08Z', 'updated_at': '2025-05-08T11:52:08Z', 'revision_number': 0, 'project_id': '66131e2a2e6944aca9f174ef91beac79'}, Router: {'id': '52246f57-22b5-4c40-9677-b4ba99713804', 'name': 'tempest-ServersAdminTestJSON-363612688-router', 'tenant_id': '66131e2a2e6944aca9f174ef91beac79', 'admin_state_up': True, 'status': 'ACTIVE', 'external_gateway_info': {'network_id': '9771eda1-dee2-4c09-ba72-0f31b4bce0e4', 'external_fixed_ips': [{'subnet_id': '08089768-d71c-4303-a879-87c181e24cc6', 'ip_address': '10.180.180.174'}], 'enable_snat': True}, 'description': '', 'availability_zones': [], 'distributed': False, 'ha': False, 'availability_zone_hints': [], 'routes': [], 'flavor_id': None, 'tags': [], 'created_at': '2025-05-08T11:52:09Z', 'updated_at': '2025-05-08T11:52:11Z', 'revision_number': 2, 'project_id': '66131e2a2e6944aca9f174ef91beac79'}
2025-05-08 11:52:17.892 70820 INFO tempest.lib.common.rest_client [req-dc40eeb4-161c-458f-8ed4-7005422e24c2 req-dc40eeb4-161c-458f-8ed4-7005422e24c2 ] Request (ServerDiagnosticsNegativeTest:test_get_server_diagnostics_by_non_admin): 200 GET http://10.180.1.21/compute/v2.1/servers/9de8a0cb-5d59-4f28-b1a8-64ab299e8fe4 2.697s
2025-05-08 11:52:17.914 70842 INFO tempest.lib.common.rest_client [req-4a7ec24b-a7b2-4b6a-97e9-bca20c8a57b7 req-4a7ec24b-a7b2-4b6a-97e9-bca20c8a57b7 ] Request (ServerActionsTestJSON:setUpClass): 200 PUT http://10.180.1.21:9696/networking/v2.0/routers/e7fc58db-f6ca-49fc-9169-dd1d288f2256/add_router_interface 2.350s
2025-05-08 11:52:17.915 70842 INFO tempest.lib.common.dynamic_creds [-] Created isolated network resources for: credentials: Credentials: {'domain_id': 'default', 'domain_name': 'Default', 'username': 'tempest-ServerActionsTestJSON-1674828100-project-member', 'project_domain_id': 'default', 'project_domain_name': 'Default', 'project_id': 'cecd2691d1d54b7480090328eb29a4ba', 'project_name': 'tempest-ServerActionsTestJSON-1674828100', 'tenant_id': 'cecd2691d1d54b7480090328eb29a4ba', 'tenant_name': 'tempest-ServerActionsTestJSON-1674828100', 'user_domain_id': 'default', 'user_domain_name': 'Default', 'user_id': 'd5b01ad8268f46cf8f33c06dc4b1276e', 'system': None}, Network: {'id': 'b34efa28-0333-4697-a2ca-0f761a8baa3f', 'name': 'tempest-ServerActionsTestJSON-961568765-network', 'tenant_id': 'cecd2691d1d54b7480090328eb29a4ba', 'admin_state_up': True, 'mtu': 8950, 'status': 'ACTIVE', 'subnets': [], 'shared': False, 'project_id': 'cecd2691d1d54b7480090328eb29a4ba', 'port_security_enabled': True, 'router:external': False, 'provider:network_type': 'vlan', 'provider:physical_network': 'default', 'provider:segmentation_id': 498, 'availability_zone_hints': [], 'availability_zones': [], 'ipv4_address_scope': None, 'ipv6_address_scope': None, 'description': '', 'tags': [], 'created_at': '2025-05-08T11:52:11Z', 'updated_at': '2025-05-08T11:52:11Z', 'revision_number': 1}, Subnet: {'id': '0fd51ceb-5cde-4065-b7ec-4255f2200f21', 'name': 'tempest-ServerActionsTestJSON-961568765-subnet', 'tenant_id': 'cecd2691d1d54b7480090328eb29a4ba', 'network_id': 'b34efa28-0333-4697-a2ca-0f761a8baa3f', 'ip_version': 4, 'subnetpool_id': None, 'enable_dhcp': True, 'ipv6_ra_mode': None, 'ipv6_address_mode': None, 'gateway_ip': '192.168.128.1', 'cidr': '192.168.128.0/28', 'allocation_pools': [{'start': '192.168.128.2', 'end': '192.168.128.14'}], 'host_routes': [], 'dns_nameservers': [], 'description': '', 'router:external': False, 'service_types': [], 'tags': [], 'created_at': '2025-05-08T11:52:12Z', 'updated_at': '2025-05-08T11:52:12Z', 'revision_number': 0, 'project_id': 'cecd2691d1d54b7480090328eb29a4ba'}, Router: {'id': 'e7fc58db-f6ca-49fc-9169-dd1d288f2256', 'name': 'tempest-ServerActionsTestJSON-961568765-router', 'tenant_id': 'cecd2691d1d54b7480090328eb29a4ba', 'admin_state_up': True, 'status': 'ACTIVE', 'external_gateway_info': {'network_id': '9771eda1-dee2-4c09-ba72-0f31b4bce0e4', 'external_fixed_ips': [{'subnet_id': '08089768-d71c-4303-a879-87c181e24cc6', 'ip_address': '10.180.180.205'}], 'enable_snat': True}, 'description': '', 'availability_zones': [], 'distributed': False, 'ha': False, 'availability_zone_hints': [], 'routes': [], 'flavor_id': None, 'tags': [], 'created_at': '2025-05-08T11:52:12Z', 'updated_at': '2025-05-08T11:52:14Z', 'revision_number': 2, 'project_id': 'cecd2691d1d54b7480090328eb29a4ba'}
2025-05-08 11:52:17.933 70868 INFO tempest.lib.common.rest_client [req-9a16c3cb-00b8-49bb-91c8-8023920b2cfe req-9a16c3cb-00b8-49bb-91c8-8023920b2cfe ] Request (ServersAdminTestJSON:setUpClass): 201 POST http://10.180.1.21/identity/v3/auth/tokens 0.104s
2025-05-08 11:52:18.023 70868 INFO tempest.lib.common.rest_client [req-ce7d9f5f-7893-4d94-8890-bd74625207cd req-ce7d9f5f-7893-4d94-8890-bd74625207cd ] Request (ServersAdminTestJSON:setUpClass): 201 POST http://10.180.1.21/identity/v3/projects 0.089s
2025-05-08 11:52:18.025 70842 INFO tempest.lib.common.rest_client [req-504fd0e9-4fcf-4f5c-b7d6-42d2b486f0f0 req-504fd0e9-4fcf-4f5c-b7d6-42d2b486f0f0 ] Request (ServerActionsTestJSON:setUpClass): 201 POST http://10.180.1.21/identity/v3/auth/tokens 0.104s
2025-05-08 11:52:18.101 70868 INFO tempest.lib.common.rest_client [req-c3e22cb1-cfc8-4218-918e-65eaaa15f267 req-c3e22cb1-cfc8-4218-918e-65eaaa15f267 ] Request (ServersAdminTestJSON:setUpClass): 201 POST http://10.180.1.21/identity/v3/users 0.078s
2025-05-08 11:52:18.142 70868 INFO tempest.lib.common.rest_client [req-fd02c0a2-f5d1-4421-aab0-12dd7a568a55 req-fd02c0a2-f5d1-4421-aab0-12dd7a568a55 ] Request (ServersAdminTestJSON:setUpClass): 200 GET http://10.180.1.21/identity/v3/roles 0.040s
2025-05-08 11:52:18.199 70868 INFO tempest.lib.common.rest_client [req-018b9296-b940-4d65-a699-2e1679f8854d req-018b9296-b940-4d65-a699-2e1679f8854d ] Request (ServersAdminTestJSON:setUpClass): 204 PUT http://10.180.1.21/identity/v3/projects/8c0da1ecf2ae492a97e2d9365b0177fa/users/279ef7b535fc4c678bdea1eecc6530ca/roles/c576744201224df7917ddb3198850232 0.056s
2025-05-08 11:52:18.219 70849 INFO tempest.lib.common.rest_client [req-7621fbc7-5e88-4472-85bb-feafcba22dc4 req-7621fbc7-5e88-4472-85bb-feafcba22dc4 ] Request (FloatingIPsAssociationNegativeTestJSON:setUpClass): 201 POST http://10.180.1.21:9696/networking/v2.0/networks 1.186s
2025-05-08 11:52:18.258 70836 INFO tempest.lib.common.rest_client [req-14212375-f372-4b55-a99f-eb3bc933ec55 req-14212375-f372-4b55-a99f-eb3bc933ec55 ] Request (ListServersNegativeTestJSON:setUpClass): 201 POST http://10.180.1.21:9696/networking/v2.0/subnets 1.167s
2025-05-08 11:52:18.300 70868 INFO tempest.lib.common.rest_client [req-0d9e76ff-c7df-412f-8385-da6a031accb0 req-0d9e76ff-c7df-412f-8385-da6a031accb0 ] Request (ServersAdminTestJSON:setUpClass): 200 GET http://10.180.1.21/identity/v3/roles 0.100s
2025-05-08 11:52:18.338 70868 INFO tempest.lib.common.rest_client [req-32978048-7e2d-4b15-8c62-e188c5173dd1 req-32978048-7e2d-4b15-8c62-e188c5173dd1 ] Request (ServersAdminTestJSON:setUpClass): 204 PUT http://10.180.1.21/identity/v3/projects/8c0da1ecf2ae492a97e2d9365b0177fa/users/279ef7b535fc4c678bdea1eecc6530ca/roles/c576744201224df7917ddb3198850232 0.037s
2025-05-08 11:52:18.338 70868 INFO tempest.lib.common.dynamic_creds [-] Dynamic test user 279ef7b535fc4c678bdea1eecc6530ca is created with scope project and roles: ['admin']
2025-05-08 11:52:18.339 70868 INFO tempest.lib.common.dynamic_creds [-] Acquired dynamic creds: credentials: Credentials: {'domain_id': 'default', 'domain_name': 'Default', 'username': 'tempest-ServersAdminTestJSON-1982722841-project-admin', 'project_domain_id': 'default', 'project_domain_name': 'Default', 'project_id': '8c0da1ecf2ae492a97e2d9365b0177fa', 'project_name': 'tempest-ServersAdminTestJSON-1982722841', 'tenant_id': '8c0da1ecf2ae492a97e2d9365b0177fa', 'tenant_name': 'tempest-ServersAdminTestJSON-1982722841', 'user_domain_id': 'default', 'user_domain_name': 'Default', 'user_id': '279ef7b535fc4c678bdea1eecc6530ca', 'system': None}, Network: None, Subnet: None, Router: None
2025-05-08 11:52:18.758 70878 INFO tempest.lib.common.rest_client [req-d50f0b5d-fb21-4abf-8ae2-27d16975cc50 req-d50f0b5d-fb21-4abf-8ae2-27d16975cc50 ] Request (InstanceActionsV221TestJSON:setUpClass): 201 POST http://10.180.1.21:9696/networking/v2.0/routers 3.529s
2025-05-08 11:52:18.879 70832 INFO tempest.lib.common.rest_client [req-00232317-0dc3-4e93-b703-2f73a01eaa90 req-00232317-0dc3-4e93-b703-2f73a01eaa90 ] Request (FloatingIPDetailsTestJSON:tearDownClass): 204 DELETE http://10.180.1.21:9696/networking/v2.0/networks/4041c812-6a18-4272-9814-5ae10fb30bbe 1.434s
2025-05-08 11:52:18.971 70849 INFO tempest.lib.common.rest_client [req-74292f44-a0af-495e-999f-dbf3943c23f2 req-74292f44-a0af-495e-999f-dbf3943c23f2 ] Request (FloatingIPsAssociationNegativeTestJSON:setUpClass): 201 POST http://10.180.1.21:9696/networking/v2.0/subnets 0.751s
2025-05-08 11:52:18.972 70838 INFO tempest.lib.common.rest_client [req-fec45354-3085-4abe-b231-8d0d0c2feeae req-fec45354-3085-4abe-b231-8d0d0c2feeae ] Request (VolumesAssistedSnapshotsTest:test_volume_assisted_snapshot_create_delete): 202 POST http://10.180.1.21/compute/v2.1/servers 4.071s
2025-05-08 11:52:19.010 70832 INFO tempest.lib.common.rest_client [req-fc074a5b-9775-4226-adb6-9a9b8b6821dd req-fc074a5b-9775-4226-adb6-9a9b8b6821dd ] Request (FloatingIPDetailsTestJSON:tearDownClass): 204 DELETE http://10.180.1.21/identity/v3/users/e94cf21cf0574151ae74d24753c8b660 0.131s
2025-05-08 11:52:19.010 70832 INFO tempest.lib.common.dynamic_creds [-] Deleting project and security group for project: a6227f5d79e44040b8cae39a905e441a
2025-05-08 11:52:19.047 70868 INFO tempest.lib.common.rest_client [req-6abd7bc4-e83d-4dcc-a9eb-d0d818dfdc86 req-6abd7bc4-e83d-4dcc-a9eb-d0d818dfdc86 ] Request (ServersAdminTestJSON:setUpClass): 201 POST http://10.180.1.21:9696/networking/v2.0/networks 0.709s
2025-05-08 11:52:19.108 70832 INFO tempest.lib.common.rest_client [req-1390a8eb-d5f6-46d9-b133-0ab8e8cdc2fb req-1390a8eb-d5f6-46d9-b133-0ab8e8cdc2fb ] Request (FloatingIPDetailsTestJSON:tearDownClass): 200 GET http://10.180.1.21:9696/networking/v2.0/security-groups?tenant_id=a6227f5d79e44040b8cae39a905e441a&name=default 0.098s
2025-05-08 11:52:19.361 70832 INFO tempest.lib.common.rest_client [req-92eb6f95-cfdb-443a-897f-f84812d124a0 req-92eb6f95-cfdb-443a-897f-f84812d124a0 ] Request (FloatingIPDetailsTestJSON:tearDownClass): 204 DELETE http://10.180.1.21:9696/networking/v2.0/security-groups/bea326b5-636a-4f1f-b158-4c2c6a086732 0.252s
2025-05-08 11:52:19.522 70832 INFO tempest.lib.common.rest_client [req-71c41388-5390-4490-a91e-5e58d63f7c43 req-71c41388-5390-4490-a91e-5e58d63f7c43 ] Request (FloatingIPDetailsTestJSON:tearDownClass): 204 DELETE http://10.180.1.21/identity/v3/projects/a6227f5d79e44040b8cae39a905e441a 0.161s
2025-05-08 11:52:19.578 70868 INFO tempest.lib.common.rest_client [req-567953a5-9c06-40e2-8801-f039b453fa71 req-567953a5-9c06-40e2-8801-f039b453fa71 ] Request (ServersAdminTestJSON:setUpClass): 201 POST http://10.180.1.21:9696/networking/v2.0/subnets 0.529s
2025-05-08 11:52:19.598 70832 INFO tempest.lib.common.rest_client [req-a94bbc55-209a-465f-867d-e7c6c3a8b784 req-a94bbc55-209a-465f-867d-e7c6c3a8b784 ] Request (AttachInterfacesUnderV243Test:setUpClass): 201 POST http://10.180.1.21/identity/v3/auth/tokens 0.074s
2025-05-08 11:52:19.634 70832 INFO tempest.lib.common.rest_client [req-cbacf557-6d1a-4c7d-8a64-85da0e28647c req-cbacf557-6d1a-4c7d-8a64-85da0e28647c ] Request (AttachInterfacesUnderV243Test:setUpClass): 201 POST http://10.180.1.21/identity/v3/auth/tokens 0.033s
2025-05-08 11:52:19.664 70832 INFO tempest.lib.common.rest_client [req-2528aba0-497c-4154-9130-9a55fe16c5ec req-2528aba0-497c-4154-9130-9a55fe16c5ec ] Request (AttachInterfacesUnderV243Test:setUpClass): 200 GET http://10.180.1.21/identity/v3/domains?name=Default 0.029s
2025-05-08 11:52:19.691 70832 INFO tempest.lib.common.rest_client [req-6e04376d-6197-4ae8-a837-408e1fcfc12e req-6e04376d-6197-4ae8-a837-408e1fcfc12e ] Request (AttachInterfacesUnderV243Test:setUpClass): 201 POST http://10.180.1.21/identity/v3/projects 0.027s
2025-05-08 11:52:19.762 70832 INFO tempest.lib.common.rest_client [req-a6e265c6-19f6-4195-b556-4c6b2fcc17cd req-a6e265c6-19f6-4195-b556-4c6b2fcc17cd ] Request (AttachInterfacesUnderV243Test:setUpClass): 201 POST http://10.180.1.21/identity/v3/users 0.070s
2025-05-08 11:52:19.768 70840 INFO tempest.lib.common.rest_client [req-d987f285-a348-4e69-ae3a-67f6f17ed270 req-d987f285-a348-4e69-ae3a-67f6f17ed270 ] Request (ServerPasswordTestJSON:setUpClass): 202 POST http://10.180.1.21/compute/v2.1/servers 4.453s
2025-05-08 11:52:19.801 70832 INFO tempest.lib.common.rest_client [req-761e3418-b7b0-4987-90a0-3376e3dd7964 req-761e3418-b7b0-4987-90a0-3376e3dd7964 ] Request (AttachInterfacesUnderV243Test:setUpClass): 200 GET http://10.180.1.21/identity/v3/roles 0.038s
2025-05-08 11:52:19.840 70832 INFO tempest.lib.common.rest_client [req-e27b48aa-caf6-41b4-b53f-8398787f41e0 req-e27b48aa-caf6-41b4-b53f-8398787f41e0 ] Request (AttachInterfacesUnderV243Test:setUpClass): 204 PUT http://10.180.1.21/identity/v3/projects/44cc20bc07b54f06a1599250b8409dd8/users/05878e230c44435bb2a2b120dc1d23e6/roles/38b07e1af7cc4c8cb840641d75167f5b 0.039s
2025-05-08 11:52:19.840 70832 INFO tempest.lib.common.dynamic_creds [-] Dynamic test user 05878e230c44435bb2a2b120dc1d23e6 is created with scope project and roles: ['member']
2025-05-08 11:52:19.841 70832 INFO tempest.lib.common.dynamic_creds [-] Acquired dynamic creds: credentials: Credentials: {'domain_id': 'default', 'domain_name': 'Default', 'username': 'tempest-AttachInterfacesUnderV243Test-1177928744-project-member', 'project_domain_id': 'default', 'project_domain_name': 'Default', 'project_id': '44cc20bc07b54f06a1599250b8409dd8', 'project_name': 'tempest-AttachInterfacesUnderV243Test-1177928744', 'tenant_id': '44cc20bc07b54f06a1599250b8409dd8', 'tenant_name': 'tempest-AttachInterfacesUnderV243Test-1177928744', 'user_domain_id': 'default', 'user_domain_name': 'Default', 'user_id': '05878e230c44435bb2a2b120dc1d23e6', 'system': None}, Network: None, Subnet: None, Router: None
2025-05-08 11:52:19.891 70850 INFO tempest.lib.common.rest_client [req-e252b392-c235-4b0f-a3d5-67b87dafe393 req-e252b392-c235-4b0f-a3d5-67b87dafe393 ] Request (ImagesNegativeTestJSON:test_create_image_from_deleted_server): 200 GET http://10.180.1.21/compute/v2.1/servers/bd8c9900-ec17-450e-a77e-d69428f0ff39 4.432s
2025-05-08 11:52:19.917 70858 INFO tempest.lib.common.rest_client [req-aae5587b-c9c3-4f15-9727-5ac73e62ba8c req-aae5587b-c9c3-4f15-9727-5ac73e62ba8c ] Request (FlavorsV2TestJSON:test_list_flavors): 200 GET http://10.180.1.21/compute/v2.1/flavors 4.130s
2025-05-08 11:52:19.923 70832 INFO tempest.lib.common.rest_client [req-3c048688-ae66-491b-8129-f4bfb10b6923 req-3c048688-ae66-491b-8129-f4bfb10b6923 ] Request (AttachInterfacesUnderV243Test:setUpClass): 201 POST http://10.180.1.21/identity/v3/auth/tokens 0.082s
2025-05-08 11:52:19.942 70834 INFO tempest.lib.common.rest_client [req-3101e730-817c-4c4a-bcea-f1c66ac73211 req-3101e730-817c-4c4a-bcea-f1c66ac73211 ] Request (FlavorsAdminTestJSON:_run_cleanups): 202 DELETE http://10.180.1.21/compute/v2.1/flavors/2b468bf7-af80-4964-a3cf-1475a7d4e307 4.127s
2025-05-08 11:52:20.548 70864 INFO tempest.lib.common.rest_client [req-450eda29-cbca-494a-8d84-2ee5a3361340 req-450eda29-cbca-494a-8d84-2ee5a3361340 ] Request (QuotasAdminNegativeTest:test_create_server_when_instances_quota_is_full): 403 POST http://10.180.1.21/compute/v2.1/servers 4.718s
2025-05-08 11:52:20.587 70828 INFO tempest.lib.common.rest_client [req-fe33c648-2241-4e54-b838-e23ce0894f7e req-fe33c648-2241-4e54-b838-e23ce0894f7e ] Request (KeyPairsV2TestJSON:test_keypairs_create_list_delete): 200 POST http://10.180.1.21/compute/v2.1/os-keypairs 4.695s
2025-05-08 11:52:20.657 70836 INFO tempest.lib.common.rest_client [req-0cc65227-060e-45dc-b0a0-f1a2b1e5f2fa req-0cc65227-060e-45dc-b0a0-f1a2b1e5f2fa ] Request (ListServersNegativeTestJSON:setUpClass): 201 POST http://10.180.1.21:9696/networking/v2.0/routers 2.398s
2025-05-08 11:52:20.861 70832 INFO tempest.lib.common.rest_client [req-422f8238-f8e9-41b2-8a96-8856e80f1581 req-422f8238-f8e9-41b2-8a96-8856e80f1581 ] Request (AttachInterfacesUnderV243Test:setUpClass): 201 POST http://10.180.1.21:9696/networking/v2.0/networks 0.938s
2025-05-08 11:52:20.955 70822 INFO tempest.lib.common.rest_client [req-4d7041fc-52c8-4bba-a62e-7722ae7a2884 req-4d7041fc-52c8-4bba-a62e-7722ae7a2884 ] Request (ListImageFiltersTestJSON:setUpClass): 202 POST http://10.180.1.21/compute/v2.1/servers 5.020s
2025-05-08 11:52:20.973 70872 INFO tempest.lib.common.rest_client [req-37fa9d02-9c77-4807-8a35-10b568ade009 req-37fa9d02-9c77-4807-8a35-10b568ade009 ] Request (AttachInterfacesV270Test:test_create_get_list_interfaces): 400 POST http://10.180.1.21/compute/v2.1/servers/a85890d5-f32f-4355-beed-46111dbd588d/os-interface 5.706s
2025-05-08 11:52:20.987 70856 INFO tempest.lib.common.rest_client [req-695874c5-c151-48c9-81be-5fdc256c267b req-695874c5-c151-48c9-81be-5fdc256c267b ] Request (FlavorsAccessNegativeTestJSON:_run_cleanups): 200 GET http://10.180.1.21/compute/v2.1/flavors/detail 4.557s
2025-05-08 11:52:21.013 70849 INFO tempest.lib.common.rest_client [req-07d9e23f-ed36-4a52-8df7-a9e321c4fe37 req-07d9e23f-ed36-4a52-8df7-a9e321c4fe37 ] Request (FloatingIPsAssociationNegativeTestJSON:setUpClass): 201 POST http://10.180.1.21:9696/networking/v2.0/routers 2.041s
2025-05-08 11:52:21.063 70860 INFO tempest.lib.common.rest_client [req-7ec653f3-6721-4ccd-b1b4-e71cfc070258 req-7ec653f3-6721-4ccd-b1b4-e71cfc070258 ] Request (ServersWithSpecificFlavorTestJSON:test_verify_created_server_ephemeral_disk): 200 GET http://10.180.1.21/compute/v2.1/servers/e34d3e61-5465-4d68-8106-e9ee42644d69 3.837s
2025-05-08 11:52:21.071 70822 INFO tempest.lib.common.rest_client [req-24618b32-3c42-433a-a1c8-75a6e3dc7046 req-24618b32-3c42-433a-a1c8-75a6e3dc7046 ] Request (ListImageFiltersTestJSON:setUpClass): 201 POST http://10.180.1.21/identity/v3/auth/tokens 0.110s
2025-05-08 11:52:21.071 70822 INFO tempest.lib.common.fixed_network [-] (ListImageFiltersTestJSON:setUpClass) Found network None available for tenant
2025-05-08 11:52:21.077 70866 INFO tempest.lib.common.rest_client [req-85935b95-aa55-4f56-9692-6643441e7186 req-85935b95-aa55-4f56-9692-6643441e7186 ] Request (HostsAdminNegativeTestJSON:test_update_nonexistent_host): 404 PUT http://10.180.1.21/compute/v2.1/os-hosts/nonexistent_hostname 3.694s
2025-05-08 11:52:21.211 70866 INFO tempest.lib.common.rest_client [req-29f81fd2-e976-412c-a3f4-dcacd73c1f14 req-29f81fd2-e976-412c-a3f4-dcacd73c1f14 ] Request (HostsAdminNegativeTestJSON:tearDownClass): 204 DELETE http://10.180.1.21/identity/v3/users/efd02e58af6d419db21e815c9c107de9 0.132s
2025-05-08 11:52:21.301 70880 INFO tempest.lib.common.rest_client [req-c1c87164-a280-44d6-8034-479f173f0a13 req-c1c87164-a280-44d6-8034-479f173f0a13 ] Request (ServerActionsTestOtherA:setUpClass): 200 GET http://10.180.1.21/compute/v2.1/servers/a2359267-0c7a-4410-86c1-caf5e26bc921 3.882s
2025-05-08 11:52:21.330 70826 INFO tempest.lib.common.rest_client [req-7035fc71-d4ba-4cf0-960a-51ef13e137eb req-7035fc71-d4ba-4cf0-960a-51ef13e137eb ] Request (AggregatesAdminNegativeTestJSON:test_aggregate_delete_as_user): 200 POST http://10.180.1.21/compute/v2.1/os-aggregates 3.900s
2025-05-08 11:52:21.335 70866 INFO tempest.lib.common.rest_client [req-7a2b1f9c-4da8-40bd-983a-d0b74ddd04c6 req-7a2b1f9c-4da8-40bd-983a-d0b74ddd04c6 ] Request (HostsAdminNegativeTestJSON:tearDownClass): 204 DELETE http://10.180.1.21/identity/v3/users/565da9b02df04efab2f47016d9ab0d24 0.123s
2025-05-08 11:52:21.335 70866 INFO tempest.lib.common.dynamic_creds [-] Deleting project and security group for project: bfc8f98a882641028922ca303655de98
2025-05-08 11:52:21.439 70866 INFO tempest.lib.common.rest_client [req-fcc4971e-8054-4c78-bb21-b67d455fc6cc req-fcc4971e-8054-4c78-bb21-b67d455fc6cc ] Request (HostsAdminNegativeTestJSON:tearDownClass): 201 POST http://10.180.1.21/identity/v3/auth/tokens 0.104s
2025-05-08 11:52:21.486 70824 INFO tempest.lib.common.rest_client [req-5e8fccca-361c-4c75-85f0-32c5e1386d07 req-5e8fccca-361c-4c75-85f0-32c5e1386d07 ] Request (HypervisorAdminTestJSON:test_get_hypervisor_list): 200 GET http://10.180.1.21/compute/v2.1/os-hypervisors 4.034s
2025-05-08 11:52:21.494 70846 INFO tempest.lib.common.rest_client [req-58946c33-155f-43f5-832d-3ebd657d6910 req-58946c33-155f-43f5-832d-3ebd657d6910 ] Request (HypervisorAdminNegativeTestJSON:test_get_hypervisor_uptime_with_non_admin_user): 403 GET http://10.180.1.21/compute/v2.1/os-hypervisors/1/uptime 3.901s
2025-05-08 11:52:21.568 70830 INFO tempest.lib.common.rest_client [req-35d2c345-12b3-4790-ba80-7ca5eee423f3 req-35d2c345-12b3-4790-ba80-7ca5eee423f3 ] Request (QuotaClassesAdminTestJSON:_run_cleanups): 200 PUT http://10.180.1.21/compute/v2.1/os-quota-class-sets/default 3.954s
2025-05-08 11:52:21.610 70874 INFO tempest.lib.common.rest_client [req-f88e9f90-ba75-4b13-b639-c5f18f0a6485 req-f88e9f90-ba75-4b13-b639-c5f18f0a6485 ] Request (ImagesMetadataTestJSON:test_set_image_metadata_item): 200 GET http://10.180.1.21/compute/v2.1/images/b574b9d5-7741-4b14-979b-e45b50eba477/metadata 3.898s
2025-05-08 11:52:21.677 70830 INFO tempest.lib.common.rest_client [req-e589f3ca-9602-4fa3-b3d0-2b91e6c896ac req-e589f3ca-9602-4fa3-b3d0-2b91e6c896ac ] Request (QuotaClassesAdminTestJSON:tearDownClass): 204 DELETE http://10.180.1.21/identity/v3/users/83900820322743eea86c1e32f6da8b05 0.103s
2025-05-08 11:52:21.718 70866 INFO tempest.lib.common.rest_client [req-c263bea7-af28-43cc-8127-827de3cfb686 req-c263bea7-af28-43cc-8127-827de3cfb686 ] Request (HostsAdminNegativeTestJSON:tearDownClass): 200 GET http://10.180.1.21:9696/networking/v2.0/security-groups?tenant_id=bfc8f98a882641028922ca303655de98&name=default 0.278s
2025-05-08 11:52:21.806 70844 INFO tempest.lib.common.rest_client [req-b631e19e-b183-4d23-8d58-c5df1a07fc0e req-b631e19e-b183-4d23-8d58-c5df1a07fc0e ] Request (ServerExternalEventsTest:test_create_server_external_events): 202 POST http://10.180.1.21/compute/v2.1/servers 5.252s
2025-05-08 11:52:21.824 70830 INFO tempest.lib.common.rest_client [req-e84472bc-b99f-48c5-a6d9-888e1f2ca033 req-e84472bc-b99f-48c5-a6d9-888e1f2ca033 ] Request (QuotaClassesAdminTestJSON:tearDownClass): 204 DELETE http://10.180.1.21/identity/v3/users/c02cf463b01e456781dcf86edf804f56 0.146s
2025-05-08 11:52:21.825 70830 INFO tempest.lib.common.dynamic_creds [-] Deleting project and security group for project: 60028d30cfd64aaf8ff150efb78e2ca4
2025-05-08 11:52:21.898 70870 INFO tempest.lib.common.rest_client [req-49677041-8fec-4a88-98da-eb3c3ccfdeae req-49677041-8fec-4a88-98da-eb3c3ccfdeae ] Request (FloatingIPsAssociationTestJSON:setUpClass): 200 GET http://10.180.1.21/compute/v2.1/servers/ced9a0e6-abc1-48ae-9aed-8e6985fc6cb0 4.095s
2025-05-08 11:52:21.909 70870 INFO tempest.common.waiters [-] State transition "BUILD/spawning" ==> "ACTIVE/None" after 23 second wait
2025-05-08 11:52:21.924 70830 INFO tempest.lib.common.rest_client [req-994ac805-8e49-4c23-9739-2ab922bc89e7 req-994ac805-8e49-4c23-9739-2ab922bc89e7 ] Request (QuotaClassesAdminTestJSON:tearDownClass): 201 POST http://10.180.1.21/identity/v3/auth/tokens 0.099s
2025-05-08 11:52:21.947 70866 INFO tempest.lib.common.rest_client [req-33bb0f6b-48c8-40a6-a9b8-a33659e721e1 req-33bb0f6b-48c8-40a6-a9b8-a33659e721e1 ] Request (HostsAdminNegativeTestJSON:tearDownClass): 204 DELETE http://10.180.1.21:9696/networking/v2.0/security-groups/05b08103-e589-46f0-9695-972d36a06e54 0.229s
2025-05-08 11:52:22.078 70866 INFO tempest.lib.common.rest_client [req-a0746ee9-a2d2-445d-94b2-046704bbbded req-a0746ee9-a2d2-445d-94b2-046704bbbded ] Request (HostsAdminNegativeTestJSON:tearDownClass): 204 DELETE http://10.180.1.21/identity/v3/projects/bfc8f98a882641028922ca303655de98 0.130s
2025-05-08 11:52:22.078 70866 INFO tempest.lib.common.dynamic_creds [-] Deleting project and security group for project: fa04373531bb496da529115b796da009
2025-05-08 11:52:22.083 70842 INFO tempest.lib.common.rest_client [req-24214345-ba05-41d6-b672-78a5ad1a1c1c req-24214345-ba05-41d6-b672-78a5ad1a1c1c ] Request (ServerActionsTestJSON:setUpClass): 200 POST http://10.180.1.21/compute/v2.1/os-keypairs 4.056s
2025-05-08 11:52:22.287 70832 INFO tempest.lib.common.rest_client [req-cc64709c-8340-427c-bdd3-771d1bbfef00 req-cc64709c-8340-427c-bdd3-771d1bbfef00 ] Request (AttachInterfacesUnderV243Test:setUpClass): 201 POST http://10.180.1.21:9696/networking/v2.0/subnets 1.425s
2025-05-08 11:52:22.422 70882 INFO tempest.lib.common.rest_client [req-819b3576-63e3-4627-a232-4dd8f145dfa1 req-819b3576-63e3-4627-a232-4dd8f145dfa1 ] Request (ImagesTestJSON:test_create_image_from_stopped_server): 200 GET http://10.180.1.21/compute/v2.1/servers/f77c5d4a-3214-4ac4-b9a9-5285e1b23877 4.552s
2025-05-08 11:52:22.432 70882 INFO tempest.common.waiters [-] State transition "BUILD/None" ==> "BUILD/spawning" after 10 second wait
2025-05-08 11:52:22.444 70842 INFO tempest.lib.common.rest_client [req-b7d2cb6a-a35c-4319-8e04-316519148059 req-b7d2cb6a-a35c-4319-8e04-316519148059 ] Request (ServerActionsTestJSON:setUpClass): 201 POST http://10.180.1.21:9696/networking/v2.0/security-groups 0.359s
2025-05-08 11:52:22.455 70852 INFO tempest.lib.common.rest_client [req-4e32fc67-0318-4e81-b788-79fcc3d06003 req-4e32fc67-0318-4e81-b788-79fcc3d06003 ] Request (ServerDiagnosticsTest:test_get_server_diagnostics): 200 GET http://10.180.1.21/compute/v2.1/servers/42fb6e48-55b7-4d40-8978-6114e30fc6ed 4.334s
2025-05-08 11:52:22.461 70866 INFO tempest.lib.common.rest_client [req-08bcf978-78c9-405a-822f-8c00131b354a req-08bcf978-78c9-405a-822f-8c00131b354a ] Request (HostsAdminNegativeTestJSON:tearDownClass): 200 GET http://10.180.1.21:9696/networking/v2.0/security-groups?tenant_id=fa04373531bb496da529115b796da009&name=default 0.383s
2025-05-08 11:52:22.475 70876 INFO tempest.lib.common.rest_client [req-c28c9ad6-9a7b-436a-914a-95f52a41838c req-c28c9ad6-9a7b-436a-914a-95f52a41838c ] Request (DeleteServersAdminTestJSON:test_admin_delete_servers_of_others): 404 GET http://10.180.1.21/compute/v2.1/servers/ab26300f-4459-4600-b267-ace5bf3aa9e9 4.063s
2025-05-08 11:52:22.548 70876 INFO tempest.lib.common.rest_client [req-20659707-35c1-4764-9c09-11fbdf91f36a req-20659707-35c1-4764-9c09-11fbdf91f36a ] Request (DeleteServersAdminTestJSON:test_delete_server_while_in_error_state): 201 POST http://10.180.1.21/identity/v3/auth/tokens 0.063s
2025-05-08 11:52:22.548 70876 INFO tempest.lib.common.fixed_network [-] (DeleteServersAdminTestJSON:test_delete_server_while_in_error_state) Found network None available for tenant
2025-05-08 11:52:22.717 70878 INFO tempest.lib.common.rest_client [req-0069c0b5-356a-407c-859c-8252bcb33af9 req-0069c0b5-356a-407c-859c-8252bcb33af9 ] Request (InstanceActionsV221TestJSON:setUpClass): 200 PUT http://10.180.1.21:9696/networking/v2.0/routers/73ee8170-bf4d-4aad-83f8-11ffd6662ec7/add_router_interface 3.959s
