2025-05-08 11:52:34.220 70846 INFO tempest.lib.common.rest_client [req-1d6182eb-1c61-4fc2-945f-51a5c3cf0e13 req-1d6182eb-1c61-4fc2-945f-51a5c3cf0e13 ] Request (AZV2TestJSON:setUpClass): 201 POST http://10.180.1.21/identity/v3/auth/tokens 0.108s
2025-05-08 11:52:34.278 70846 INFO tempest.lib.common.rest_client [req-4cb72a4c-3547-4e5b-a5dc-fa87245da49c req-4cb72a4c-3547-4e5b-a5dc-fa87245da49c ] Request (AZV2TestJSON:setUpClass): 201 POST http://10.180.1.21/identity/v3/auth/tokens 0.050s
2025-05-08 11:52:34.307 70824 INFO tempest.lib.common.rest_client [req-3844f154-eeb0-421e-97fb-fbce703e7760 req-3844f154-eeb0-421e-97fb-fbce703e7760 ] Request (HypervisorAdminTestJSON:tearDownClass): 204 DELETE http://10.180.1.21:9696/networking/v2.0/security-groups/2c7fef14-a105-41f6-a895-6da1cfd66e09 0.257s
2025-05-08 11:52:34.318 70846 INFO tempest.lib.common.rest_client [req-03b347b4-b828-4b95-b8bb-232d10a4ee9e req-03b347b4-b828-4b95-b8bb-232d10a4ee9e ] Request (AZV2TestJSON:setUpClass): 200 GET http://10.180.1.21/identity/v3/domains?name=Default 0.040s
2025-05-08 11:52:34.350 70828 INFO tempest.lib.common.rest_client [req-3cb73f3b-c702-44ef-856a-850462cd1eb8 req-3cb73f3b-c702-44ef-856a-850462cd1eb8 ] Request (ServersV294TestFqdnHostnames:setUpClass): 201 POST http://10.180.1.21:9696/networking/v2.0/subnets 0.987s
2025-05-08 11:52:34.362 70846 INFO tempest.lib.common.rest_client [req-eace450a-739a-490a-a2b3-b59d763e2596 req-eace450a-739a-490a-a2b3-b59d763e2596 ] Request (AZV2TestJSON:setUpClass): 201 POST http://10.180.1.21/identity/v3/projects 0.043s
2025-05-08 11:52:34.377 70852 INFO tempest.lib.common.rest_client [req-9c3e98bf-4f3f-4e6d-bbc7-82029174fa26 req-9c3e98bf-4f3f-4e6d-bbc7-82029174fa26 ] Request (ServerDiagnosticsTest:tearDownClass): 200 GET http://10.180.1.21/compute/v2.1/servers/42fb6e48-55b7-4d40-8978-6114e30fc6ed 2.466s
2025-05-08 11:52:34.395 70824 INFO tempest.lib.common.rest_client [req-fdb97bf5-587f-4a19-bafe-8266d350b035 req-fdb97bf5-587f-4a19-bafe-8266d350b035 ] Request (HypervisorAdminTestJSON:tearDownClass): 204 DELETE http://10.180.1.21/identity/v3/projects/dd2b79724f0e4f829d9646456d321ff1 0.087s
2025-05-08 11:52:34.425 70866 INFO tempest.lib.common.rest_client [req-e6124f39-975f-4d94-a1d9-a1894cffa3f6 req-e6124f39-975f-4d94-a1d9-a1894cffa3f6 ] Request (KeyPairsV210TestJSON:test_admin_manage_keypairs_for_other_users): 201 POST http://10.180.1.21/compute/v2.1/os-keypairs 2.501s
2025-05-08 11:52:34.466 70846 INFO tempest.lib.common.rest_client [req-639c2b2f-8b72-4fd6-baba-272a5bf43255 req-639c2b2f-8b72-4fd6-baba-272a5bf43255 ] Request (AZV2TestJSON:setUpClass): 201 POST http://10.180.1.21/identity/v3/users 0.104s
2025-05-08 11:52:34.473 70824 INFO tempest.lib.common.rest_client [req-2545e9df-b834-4522-a57b-0a7ada75d8fd req-2545e9df-b834-4522-a57b-0a7ada75d8fd ] Request (QuotasAdminTestJSON:setUpClass): 201 POST http://10.180.1.21/identity/v3/auth/tokens 0.076s
2025-05-08 11:52:34.497 70846 INFO tempest.lib.common.rest_client [req-a6560295-8a73-4162-a934-0e3177e5ff44 req-a6560295-8a73-4162-a934-0e3177e5ff44 ] Request (AZV2TestJSON:setUpClass): 200 GET http://10.180.1.21/identity/v3/roles 0.030s
2025-05-08 11:52:34.506 70824 INFO tempest.lib.common.rest_client [req-09b9c8be-87f1-4b93-9413-f002967c3c5e req-09b9c8be-87f1-4b93-9413-f002967c3c5e ] Request (QuotasAdminTestJSON:setUpClass): 201 POST http://10.180.1.21/identity/v3/auth/tokens 0.030s
2025-05-08 11:52:34.516 70832 INFO tempest.lib.common.rest_client [req-0e3419f9-d5b8-48e9-a4d8-ccedc037246c req-0e3419f9-d5b8-48e9-a4d8-ccedc037246c ] Request (AttachInterfacesUnderV243Test:test_add_remove_fixed_ip): 202 POST http://10.180.1.21/compute/v2.1/servers 2.659s
2025-05-08 11:52:34.526 70846 INFO tempest.lib.common.rest_client [req-2355f004-e03e-44bc-9308-a054b82765e2 req-2355f004-e03e-44bc-9308-a054b82765e2 ] Request (AZV2TestJSON:setUpClass): 204 PUT http://10.180.1.21/identity/v3/projects/e59c8c6ef37f426ca3f02b08e7731271/users/2f7430ee234a4bc2adbf721da385d99f/roles/38b07e1af7cc4c8cb840641d75167f5b 0.028s
2025-05-08 11:52:34.526 70846 INFO tempest.lib.common.dynamic_creds [-] Dynamic test user 2f7430ee234a4bc2adbf721da385d99f is created with scope project and roles: ['member']
2025-05-08 11:52:34.527 70846 INFO tempest.lib.common.dynamic_creds [-] Acquired dynamic creds: credentials: Credentials: {'domain_id': 'default', 'domain_name': 'Default', 'username': 'tempest-AZV2TestJSON-1015767726-project-member', 'project_domain_id': 'default', 'project_domain_name': 'Default', 'project_id': 'e59c8c6ef37f426ca3f02b08e7731271', 'project_name': 'tempest-AZV2TestJSON-1015767726', 'tenant_id': 'e59c8c6ef37f426ca3f02b08e7731271', 'tenant_name': 'tempest-AZV2TestJSON-1015767726', 'user_domain_id': 'default', 'user_domain_name': 'Default', 'user_id': '2f7430ee234a4bc2adbf721da385d99f', 'system': None}, Network: None, Subnet: None, Router: None
2025-05-08 11:52:34.527 70846 INFO tempest.lib.common.dynamic_creds [-] Created isolated network resources for: credentials: Credentials: {'domain_id': 'default', 'domain_name': 'Default', 'username': 'tempest-AZV2TestJSON-1015767726-project-member', 'project_domain_id': 'default', 'project_domain_name': 'Default', 'project_id': 'e59c8c6ef37f426ca3f02b08e7731271', 'project_name': 'tempest-AZV2TestJSON-1015767726', 'tenant_id': 'e59c8c6ef37f426ca3f02b08e7731271', 'tenant_name': 'tempest-AZV2TestJSON-1015767726', 'user_domain_id': 'default', 'user_domain_name': 'Default', 'user_id': '2f7430ee234a4bc2adbf721da385d99f', 'system': None}, Network: None, Subnet: None, Router: None
2025-05-08 11:52:34.528 70870 INFO tempest.lib.common.rest_client [req-1d4b2526-3ddc-4774-b024-08daeea225a1 req-1d4b2526-3ddc-4774-b024-08daeea225a1 ] Request (FloatingIPsAssociationTestJSON:test_associate_already_associated_floating_ip): 200 GET http://10.180.1.21/compute/v2.1/servers/d7eac8eb-68a9-4247-a909-6e5aea068faa 2.434s
2025-05-08 11:52:34.541 70858 INFO tempest.lib.common.rest_client [req-cfe68a3b-cd26-4418-b473-c56e58482218 req-cfe68a3b-cd26-4418-b473-c56e58482218 ] Request (FlavorsV2TestJSON:test_list_flavors_detailed_limit_results): 200 GET http://10.180.1.21/compute/v2.1/flavors/detail?limit=1 2.443s
2025-05-08 11:52:34.544 70824 INFO tempest.lib.common.rest_client [req-b290ae48-0508-45a8-9b81-3e8a61e8dff3 req-b290ae48-0508-45a8-9b81-3e8a61e8dff3 ] Request (QuotasAdminTestJSON:setUpClass): 200 GET http://10.180.1.21/identity/v3/domains?name=Default 0.037s
2025-05-08 11:52:34.605 70846 INFO tempest.lib.common.rest_client [req-85db4690-91b7-4c73-853c-c27cae63691f req-85db4690-91b7-4c73-853c-c27cae63691f ] Request (AZV2TestJSON:setUpClass): 201 POST http://10.180.1.21/identity/v3/auth/tokens 0.075s
2025-05-08 11:52:34.623 70844 INFO tempest.lib.common.rest_client [req-f47e7424-6171-4c07-aabf-6291012ea9a4 req-f47e7424-6171-4c07-aabf-6291012ea9a4 ] Request (ServerExternalEventsTest:test_create_server_external_events): 200 GET http://10.180.1.21/compute/v2.1/servers/3b08927a-a8ae-4803-be6b-2c27f07e4104 2.397s
2025-05-08 11:52:34.630 70824 INFO tempest.lib.common.rest_client [req-fafc8399-88e8-4b5e-b5fb-9d63a20af21c req-fafc8399-88e8-4b5e-b5fb-9d63a20af21c ] Request (QuotasAdminTestJSON:setUpClass): 201 POST http://10.180.1.21/identity/v3/projects 0.080s
2025-05-08 11:52:34.644 70820 INFO tempest.lib.common.rest_client [req-4b3ac720-fcdf-460b-bada-63b797661edc req-4b3ac720-fcdf-460b-bada-63b797661edc ] Request (ServerDiagnosticsNegativeTest:tearDownClass): 204 DELETE http://10.180.1.21/compute/v2.1/servers/9de8a0cb-5d59-4f28-b1a8-64ab299e8fe4 2.522s
2025-05-08 11:52:34.669 70834 INFO tempest.lib.common.rest_client [req-3e03fa95-19bf-4695-a2c3-2b1b5e256b88 req-3e03fa95-19bf-4695-a2c3-2b1b5e256b88 ] Request (FlavorsAdminTestJSON:_run_cleanups): 200 GET http://10.180.1.21/compute/v2.1/flavors/detail 2.190s
2025-05-08 11:52:34.694 70824 INFO tempest.lib.common.rest_client [req-c464d400-1e5f-4985-b2cf-b33743932e57 req-c464d400-1e5f-4985-b2cf-b33743932e57 ] Request (QuotasAdminTestJSON:setUpClass): 201 POST http://10.180.1.21/identity/v3/users 0.063s
2025-05-08 11:52:34.718 70824 INFO tempest.lib.common.rest_client [req-684bfb3b-a8e0-4657-9e77-bfa76dfcded5 req-684bfb3b-a8e0-4657-9e77-bfa76dfcded5 ] Request (QuotasAdminTestJSON:setUpClass): 200 GET http://10.180.1.21/identity/v3/roles 0.023s
2025-05-08 11:52:34.754 70824 INFO tempest.lib.common.rest_client [req-65c80291-0a65-495b-877a-91a11b2cfdeb req-65c80291-0a65-495b-877a-91a11b2cfdeb ] Request (QuotasAdminTestJSON:setUpClass): 204 PUT http://10.180.1.21/identity/v3/projects/f7337d749a0f4b86b607242c05dfee39/users/590a03e32e774228ba06c6a67703da18/roles/38b07e1af7cc4c8cb840641d75167f5b 0.036s
2025-05-08 11:52:34.754 70824 INFO tempest.lib.common.dynamic_creds [-] Dynamic test user 590a03e32e774228ba06c6a67703da18 is created with scope project and roles: ['member']
2025-05-08 11:52:34.755 70824 INFO tempest.lib.common.dynamic_creds [-] Acquired dynamic creds: credentials: Credentials: {'domain_id': 'default', 'domain_name': 'Default', 'username': 'tempest-QuotasAdminTestJSON-292424295-project-member', 'project_domain_id': 'default', 'project_domain_name': 'Default', 'project_id': 'f7337d749a0f4b86b607242c05dfee39', 'project_name': 'tempest-QuotasAdminTestJSON-292424295', 'tenant_id': 'f7337d749a0f4b86b607242c05dfee39', 'tenant_name': 'tempest-QuotasAdminTestJSON-292424295', 'user_domain_id': 'default', 'user_domain_name': 'Default', 'user_id': '590a03e32e774228ba06c6a67703da18', 'system': None}, Network: None, Subnet: None, Router: None
2025-05-08 11:52:34.755 70824 INFO tempest.lib.common.dynamic_creds [-] Created isolated network resources for: credentials: Credentials: {'domain_id': 'default', 'domain_name': 'Default', 'username': 'tempest-QuotasAdminTestJSON-292424295-project-member', 'project_domain_id': 'default', 'project_domain_name': 'Default', 'project_id': 'f7337d749a0f4b86b607242c05dfee39', 'project_name': 'tempest-QuotasAdminTestJSON-292424295', 'tenant_id': 'f7337d749a0f4b86b607242c05dfee39', 'tenant_name': 'tempest-QuotasAdminTestJSON-292424295', 'user_domain_id': 'default', 'user_domain_name': 'Default', 'user_id': '590a03e32e774228ba06c6a67703da18', 'system': None}, Network: None, Subnet: None, Router: None
2025-05-08 11:52:34.849 70824 INFO tempest.lib.common.rest_client [req-f20c9436-5c4f-4e6e-a87e-97d58ceda4c2 req-f20c9436-5c4f-4e6e-a87e-97d58ceda4c2 ] Request (QuotasAdminTestJSON:setUpClass): 201 POST http://10.180.1.21/identity/v3/auth/tokens 0.090s
2025-05-08 11:52:34.861 70862 INFO tempest.lib.common.rest_client [req-e0ed5029-fabd-41cc-a2b2-fc773d223800 req-e0ed5029-fabd-41cc-a2b2-fc773d223800 ] Request (ServerDiskConfigTestJSON:test_rebuild_server_with_auto_disk_config): 202 POST http://10.180.1.21/compute/v2.1/servers/76d4543f-0743-4cbf-ba91-90d3cfd3fa38/action 2.548s
2025-05-08 11:52:34.894 70868 INFO tempest.lib.common.rest_client [req-8156fcab-8a20-4f8e-8bb6-adf45a7ccb6f req-8156fcab-8a20-4f8e-8bb6-adf45a7ccb6f ] Request (ServersAdminTestJSON:setUpClass): 200 GET http://10.180.1.21/compute/v2.1/servers/70a49596-b0a3-4ce7-8b80-ab64344fbcd5 2.369s
2025-05-08 11:52:34.943 70878 INFO tempest.lib.common.rest_client [req-4be163ca-62d7-4bdb-94fb-d811928aa789 req-4be163ca-62d7-4bdb-94fb-d811928aa789 ] Request (InstanceActionsV221TestJSON:test_get_list_deleted_instance_actions): 200 GET http://10.180.1.21/compute/v2.1/servers/89c1fb20-b1c0-4ca6-85ce-3578092dff0b 2.338s
2025-05-08 11:52:34.955 70824 INFO tempest.lib.common.rest_client [req-4fab1f96-80f5-4668-aa53-148254e6405b req-4fab1f96-80f5-4668-aa53-148254e6405b ] Request (QuotasAdminTestJSON:setUpClass): 201 POST http://10.180.1.21/identity/v3/projects 0.105s
2025-05-08 11:52:34.972 70856 INFO tempest.lib.common.rest_client [req-2928b61d-ffd0-4f72-84c1-a78f4ae436bf req-2928b61d-ffd0-4f72-84c1-a78f4ae436bf ] Request (FlavorsAccessNegativeTestJSON:_run_cleanups): 200 GET http://10.180.1.21/compute/v2.1/flavors/detail 2.213s
2025-05-08 11:52:35.053 70824 INFO tempest.lib.common.rest_client [req-1acd4d5d-bd95-4bde-a5b8-11cf956b581e req-1acd4d5d-bd95-4bde-a5b8-11cf956b581e ] Request (QuotasAdminTestJSON:setUpClass): 201 POST http://10.180.1.21/identity/v3/users 0.097s
2025-05-08 11:52:35.055 70882 INFO tempest.lib.common.rest_client [req-9e86ddc4-9ceb-423b-b6bb-ffb2ee5c3f47 req-9e86ddc4-9ceb-423b-b6bb-ffb2ee5c3f47 ] Request (ImagesTestJSON:test_create_image_from_stopped_server): 202 POST http://10.180.1.21/compute/v2.1/servers/f77c5d4a-3214-4ac4-b9a9-5285e1b23877/action 2.151s
2025-05-08 11:52:35.090 70824 INFO tempest.lib.common.rest_client [req-8eef1523-6c7d-4259-9eae-84872b9f832d req-8eef1523-6c7d-4259-9eae-84872b9f832d ] Request (QuotasAdminTestJSON:setUpClass): 200 GET http://10.180.1.21/identity/v3/roles 0.037s
2025-05-08 11:52:35.126 70849 INFO tempest.lib.common.rest_client [req-cc490bc6-fb20-4727-942d-a9ca8956bb93 req-cc490bc6-fb20-4727-942d-a9ca8956bb93 ] Request (FloatingIPsAssociationNegativeTestJSON:setUpClass): 200 GET http://10.180.1.21/compute/v2.1/servers/0277d95b-9d76-4ad5-bc6c-a6bd87f97aaf 2.124s
2025-05-08 11:52:35.145 70824 INFO tempest.lib.common.rest_client [req-60c8c6d1-ed12-48a4-bf80-89409f906ce5 req-60c8c6d1-ed12-48a4-bf80-89409f906ce5 ] Request (QuotasAdminTestJSON:setUpClass): 204 PUT http://10.180.1.21/identity/v3/projects/cb7afda9d39e4afd94f59f3c6ff48d15/users/7c6d11262b9b4f0dbb0b72046e706e46/roles/c576744201224df7917ddb3198850232 0.054s
2025-05-08 11:52:35.177 70860 INFO tempest.lib.common.rest_client [req-8c366477-75ab-443d-987e-76865aa20bdc req-8c366477-75ab-443d-987e-76865aa20bdc ] Request (ServersWithSpecificFlavorTestJSON:test_verify_created_server_ephemeral_disk): 200 GET http://10.180.1.21/compute/v2.1/servers/e34d3e61-5465-4d68-8106-e9ee42644d69 2.534s
2025-05-08 11:52:35.179 70864 INFO tempest.lib.common.rest_client [req-0d27c423-fab2-48c9-bfde-65f2ac5458e2 req-0d27c423-fab2-48c9-bfde-65f2ac5458e2 ] Request (QuotasAdminNegativeTest:test_update_quota_normal_user): 403 PUT http://10.180.1.21/compute/v2.1/os-quota-sets/5de08c6537504ba095f09cd6a951d1e9 1.814s
2025-05-08 11:52:35.222 70826 INFO tempest.lib.common.rest_client [req-9b4af2b0-4aea-4982-8f3e-45ba891d05b1 req-9b4af2b0-4aea-4982-8f3e-45ba891d05b1 ] Request (AggregatesAdminNegativeTestJSON:_run_cleanups): 200 DELETE http://10.180.1.21/compute/v2.1/os-aggregates/6 1.807s
2025-05-08 11:52:35.258 70872 INFO tempest.lib.common.rest_client [req-1794080f-25b4-40df-ad12-b931b09ef0ea req-1794080f-25b4-40df-ad12-b931b09ef0ea ] Request (AttachInterfacesV270Test:tearDownClass): 404 GET http://10.180.1.21/compute/v2.1/servers/a85890d5-f32f-4355-beed-46111dbd588d 1.803s
2025-05-08 11:52:35.258 70854 INFO tempest.lib.common.rest_client [req-822af74f-60ac-42ce-a5a6-3f66f16536a0 req-822af74f-60ac-42ce-a5a6-3f66f16536a0 ] Request (ServerDiagnosticsV248Test:tearDownClass): 200 GET http://10.180.1.21/compute/v2.1/servers/7b1e9f41-91a3-4135-abdb-864109cb712a 2.195s
2025-05-08 11:52:35.260 70824 INFO tempest.lib.common.rest_client [req-cd4719ec-6b80-479f-839b-702e6082b987 req-cd4719ec-6b80-479f-839b-702e6082b987 ] Request (QuotasAdminTestJSON:setUpClass): 200 GET http://10.180.1.21/identity/v3/roles 0.114s
2025-05-08 11:52:35.277 70854 INFO tempest.common.waiters [-] State transition "ACTIVE/deleting" ==> "DELETED/None" after 3 second wait
2025-05-08 11:52:35.297 70824 INFO tempest.lib.common.rest_client [req-bc1d14c1-820d-43fa-99f6-6dd13e741384 req-bc1d14c1-820d-43fa-99f6-6dd13e741384 ] Request (QuotasAdminTestJSON:setUpClass): 204 PUT http://10.180.1.21/identity/v3/projects/cb7afda9d39e4afd94f59f3c6ff48d15/users/7c6d11262b9b4f0dbb0b72046e706e46/roles/c576744201224df7917ddb3198850232 0.036s
2025-05-08 11:52:35.297 70824 INFO tempest.lib.common.dynamic_creds [-] Dynamic test user 7c6d11262b9b4f0dbb0b72046e706e46 is created with scope project and roles: ['admin']
2025-05-08 11:52:35.297 70824 INFO tempest.lib.common.dynamic_creds [-] Acquired dynamic creds: credentials: Credentials: {'domain_id': 'default', 'domain_name': 'Default', 'username': 'tempest-QuotasAdminTestJSON-901284977-project-admin', 'project_domain_id': 'default', 'project_domain_name': 'Default', 'project_id': 'cb7afda9d39e4afd94f59f3c6ff48d15', 'project_name': 'tempest-QuotasAdminTestJSON-901284977', 'tenant_id': 'cb7afda9d39e4afd94f59f3c6ff48d15', 'tenant_name': 'tempest-QuotasAdminTestJSON-901284977', 'user_domain_id': 'default', 'user_domain_name': 'Default', 'user_id': '7c6d11262b9b4f0dbb0b72046e706e46', 'system': None}, Network: None, Subnet: None, Router: None
2025-05-08 11:52:35.297 70824 INFO tempest.lib.common.dynamic_creds [-] Created isolated network resources for: credentials: Credentials: {'domain_id': 'default', 'domain_name': 'Default', 'username': 'tempest-QuotasAdminTestJSON-901284977-project-admin', 'project_domain_id': 'default', 'project_domain_name': 'Default', 'project_id': 'cb7afda9d39e4afd94f59f3c6ff48d15', 'project_name': 'tempest-QuotasAdminTestJSON-901284977', 'tenant_id': 'cb7afda9d39e4afd94f59f3c6ff48d15', 'tenant_name': 'tempest-QuotasAdminTestJSON-901284977', 'user_domain_id': 'default', 'user_domain_name': 'Default', 'user_id': '7c6d11262b9b4f0dbb0b72046e706e46', 'system': None}, Network: None, Subnet: None, Router: None
2025-05-08 11:52:35.333 70864 INFO tempest.lib.common.rest_client [req-d865f3a1-0e6b-4273-824a-a9e5a5fa6b5d req-d865f3a1-0e6b-4273-824a-a9e5a5fa6b5d ] Request (QuotasAdminNegativeTest:tearDownClass): 204 DELETE http://10.180.1.21/identity/v3/users/21ba242796c64dbf81b15f062c27442b 0.152s
2025-05-08 11:52:35.376 70842 INFO tempest.lib.common.rest_client [req-e9c8bf24-caa7-4151-b188-7dc74c3ae000 req-e9c8bf24-caa7-4151-b188-7dc74c3ae000 ] Request (ServerActionsTestJSON:setUpClass): 200 GET http://10.180.1.21/compute/v2.1/servers/eef02990-c512-44f2-8fc7-eab27e22ab58 1.711s
2025-05-08 11:52:35.381 70836 INFO tempest.lib.common.rest_client [req-6e321b3d-1103-43cc-a56f-706d5f0d0b7e req-6e321b3d-1103-43cc-a56f-706d5f0d0b7e ] Request (ListServersNegativeTestJSON:setUpClass): 200 GET http://10.180.1.21/compute/v2.1/servers/01da3154-04a5-45c5-a3c6-049ef8d90cf9 1.638s
2025-05-08 11:52:35.427 70824 INFO tempest.lib.common.rest_client [req-4d3d9d1c-c216-497e-a159-4d8f3b1c42dd req-4d3d9d1c-c216-497e-a159-4d8f3b1c42dd ] Request (QuotasAdminTestJSON:setUpClass): 201 POST http://10.180.1.21/identity/v3/auth/tokens 0.127s
2025-05-08 11:52:35.429 70824 WARNING tempest.lib.common.rest_client [-] Deprecated: "tenant_id" property is deprecated for removal, use "project_id" instead
2025-05-08 11:52:35.441 70874 INFO tempest.lib.common.rest_client [req-6ace190d-61f9-40b9-8bd8-d8fecd0013b4 req-6ace190d-61f9-40b9-8bd8-d8fecd0013b4 ] Request (ServerAddressesNegativeTestJSON:setUpClass): 201 POST http://10.180.1.21:9696/networking/v2.0/routers 2.903s
2025-05-08 11:52:35.487 70830 INFO tempest.lib.common.rest_client [req-03d3c9aa-b5fe-46b2-bc7e-3b8d60b6dd17 req-03d3c9aa-b5fe-46b2-bc7e-3b8d60b6dd17 ] Request (ServerGroup264TestJSON:setUpClass): 200 PUT http://10.180.1.21:9696/networking/v2.0/routers/c6f5c779-17ab-484e-8083-b5863094f168/add_router_interface 3.663s
2025-05-08 11:52:35.487 70830 INFO tempest.lib.common.dynamic_creds [-] Created isolated network resources for: credentials: Credentials: {'domain_id': 'default', 'domain_name': 'Default', 'username': 'tempest-ServerGroup264TestJSON-1522183260-project-member', 'project_domain_id': 'default', 'project_domain_name': 'Default', 'project_id': '527a5cefb1424a3ba2b3347d0a0d5592', 'project_name': 'tempest-ServerGroup264TestJSON-1522183260', 'tenant_id': '527a5cefb1424a3ba2b3347d0a0d5592', 'tenant_name': 'tempest-ServerGroup264TestJSON-1522183260', 'user_domain_id': 'default', 'user_domain_name': 'Default', 'user_id': 'a75327c5e9f448e0a29ba1e8c500b888', 'system': None}, Network: {'id': 'ef40e16d-07dc-425a-a1ef-cbf5b852d3ab', 'name': 'tempest-ServerGroup264TestJSON-672754563-network', 'tenant_id': '527a5cefb1424a3ba2b3347d0a0d5592', 'admin_state_up': True, 'mtu': 8950, 'status': 'ACTIVE', 'subnets': [], 'shared': False, 'project_id': '527a5cefb1424a3ba2b3347d0a0d5592', 'port_security_enabled': True, 'router:external': False, 'provider:network_type': 'vlan', 'provider:physical_network': 'default', 'provider:segmentation_id': 105, 'availability_zone_hints': [], 'availability_zones': [], 'ipv4_address_scope': None, 'ipv6_address_scope': None, 'description': '', 'tags': [], 'created_at': '2025-05-08T11:52:29Z', 'updated_at': '2025-05-08T11:52:29Z', 'revision_number': 1}, Subnet: {'id': '93c50cf4-cfd4-4ed9-adc6-a9bb12e0fb55', 'name': 'tempest-ServerGroup264TestJSON-672754563-subnet', 'tenant_id': '527a5cefb1424a3ba2b3347d0a0d5592', 'network_id': 'ef40e16d-07dc-425a-a1ef-cbf5b852d3ab', 'ip_version': 4, 'subnetpool_id': None, 'enable_dhcp': True, 'ipv6_ra_mode': None, 'ipv6_address_mode': None, 'gateway_ip': '192.168.128.1', 'cidr': '192.168.128.0/28', 'allocation_pools': [{'start': '192.168.128.2', 'end': '192.168.128.14'}], 'host_routes': [], 'dns_nameservers': [], 'description': '', 'router:external': False, 'service_types': [], 'tags': [], 'created_at': '2025-05-08T11:52:29Z', 'updated_at': '2025-05-08T11:52:29Z', 'revision_number': 0, 'project_id': '527a5cefb1424a3ba2b3347d0a0d5592'}, Router: {'id': 'c6f5c779-17ab-484e-8083-b5863094f168', 'name': 'tempest-ServerGroup264TestJSON-672754563-router', 'tenant_id': '527a5cefb1424a3ba2b3347d0a0d5592', 'admin_state_up': True, 'status': 'ACTIVE', 'external_gateway_info': {'network_id': '9771eda1-dee2-4c09-ba72-0f31b4bce0e4', 'external_fixed_ips': [{'subnet_id': '08089768-d71c-4303-a879-87c181e24cc6', 'ip_address': '10.180.180.196'}], 'enable_snat': True}, 'description': '', 'availability_zones': [], 'distributed': False, 'ha': False, 'availability_zone_hints': [], 'routes': [], 'flavor_id': None, 'tags': [], 'created_at': '2025-05-08T11:52:29Z', 'updated_at': '2025-05-08T11:52:30Z', 'revision_number': 2, 'project_id': '527a5cefb1424a3ba2b3347d0a0d5592'}
2025-05-08 11:52:35.493 70864 INFO tempest.lib.common.rest_client [req-6f2ee883-be65-4857-a289-058627f38586 req-6f2ee883-be65-4857-a289-058627f38586 ] Request (QuotasAdminNegativeTest:tearDownClass): 204 DELETE http://10.180.1.21/identity/v3/users/9e0904908dc74ce0828f6c1b8f5b16fa 0.160s
2025-05-08 11:52:35.493 70864 INFO tempest.lib.common.dynamic_creds [-] Deleting project and security group for project: 30a17972adcd46adadcdb3b44ac2a90d
2025-05-08 11:52:35.495 70824 INFO tempest.lib.common.rest_client [req-6b346897-2e01-451e-a4bf-e82f4c2c2270 req-6b346897-2e01-451e-a4bf-e82f4c2c2270 ] Request (QuotasAdminTestJSON:test_delete_quota): 200 GET http://10.180.1.21/identity/v3/domains?name=Default 0.065s
2025-05-08 11:52:35.515 70822 INFO tempest.lib.common.rest_client [req-a151a09d-9d5e-47d2-9705-c688390c1c47 req-a151a09d-9d5e-47d2-9705-c688390c1c47 ] Request (ListImageFiltersTestJSON:setUpClass): 200 GET http://10.180.1.21/compute/v2.1/servers/c82e9569-5ed3-49ca-a81d-e274ecc11a9f 1.656s
2025-05-08 11:52:35.588 70864 INFO tempest.lib.common.rest_client [req-9572b8e5-08c9-45a8-ab14-4b073db32a59 req-9572b8e5-08c9-45a8-ab14-4b073db32a59 ] Request (QuotasAdminNegativeTest:tearDownClass): 201 POST http://10.180.1.21/identity/v3/auth/tokens 0.095s
2025-05-08 11:52:35.611 70824 INFO tempest.lib.common.rest_client [req-058b8988-8266-4412-995f-2a604c981ae5 req-058b8988-8266-4412-995f-2a604c981ae5 ] Request (QuotasAdminTestJSON:test_delete_quota): 201 POST http://10.180.1.21/identity/v3/projects 0.115s
2025-05-08 11:52:35.647 70838 INFO tempest.lib.common.rest_client [req-85e503f9-3406-47ea-aad9-3f1c3a5fd270 req-85e503f9-3406-47ea-aad9-3f1c3a5fd270 ] Request (VolumesAssistedSnapshotsTest:test_volume_assisted_snapshot_create_delete): 200 GET http://10.180.1.21/compute/v2.1/servers/9a25d997-02e9-4d87-aa89-5d05fac4d70d 1.572s
2025-05-08 11:52:35.661 70866 INFO tempest.lib.common.rest_client [req-66a59b39-10c9-4319-a456-bbdf8b9b4cc1 req-66a59b39-10c9-4319-a456-bbdf8b9b4cc1 ] Request (KeyPairsV210TestJSON:test_admin_manage_keypairs_for_other_users): 200 GET http://10.180.1.21/compute/v2.1/os-keypairs?user_id=59094cb0cad84c0a908c76b2885470b3 1.234s
2025-05-08 11:52:35.695 70830 INFO tempest.lib.common.rest_client [req-d2523f91-9798-4564-864c-b9175e98de70 req-d2523f91-9798-4564-864c-b9175e98de70 ] Request (ServerGroup264TestJSON:setUpClass): 201 POST http://10.180.1.21/identity/v3/auth/tokens 0.197s
2025-05-08 11:52:35.756 70824 INFO tempest.lib.common.rest_client [req-bbf98594-a967-4c30-9f2a-88d550dbf3d1 req-bbf98594-a967-4c30-9f2a-88d550dbf3d1 ] Request (QuotasAdminTestJSON:test_delete_quota): 200 GET http://10.180.1.21/identity/v3/domains?name=Default 0.144s
2025-05-08 11:52:35.763 70832 INFO tempest.lib.common.rest_client [req-7d188c7f-b98e-4fe3-8662-fb0b014c9e09 req-7d188c7f-b98e-4fe3-8662-fb0b014c9e09 ] Request (AttachInterfacesUnderV243Test:test_add_remove_fixed_ip): 200 GET http://10.180.1.21/compute/v2.1/servers/61b93ec7-7899-446d-8e08-d354622eeaa4 1.245s
2025-05-08 11:52:35.792 70828 INFO tempest.lib.common.rest_client [req-6f8842ca-836a-4636-af50-295b2ce25fee req-6f8842ca-836a-4636-af50-295b2ce25fee ] Request (ServersV294TestFqdnHostnames:setUpClass): 201 POST http://10.180.1.21:9696/networking/v2.0/routers 1.440s
2025-05-08 11:52:35.808 70840 INFO tempest.lib.common.rest_client [req-71a126cd-e004-4a4b-97d0-335ff02b37fd req-71a126cd-e004-4a4b-97d0-335ff02b37fd ] Request (ServerPasswordTestJSON:setUpClass): 200 GET http://10.180.1.21/compute/v2.1/servers/11593aae-019c-43c8-94b2-09281545fc38 1.426s
2025-05-08 11:52:35.824 70858 INFO tempest.lib.common.rest_client [req-f94d2930-d9ad-410e-88b7-e8065d89b878 req-f94d2930-d9ad-410e-88b7-e8065d89b878 ] Request (FlavorsV2TestJSON:test_list_flavors_detailed_using_marker): 200 GET http://10.180.1.21/compute/v2.1/flavors/42 1.276s
2025-05-08 11:52:35.851 70876 INFO tempest.lib.common.rest_client [req-96f59a70-1318-4399-9f83-eea44e34a997 req-96f59a70-1318-4399-9f83-eea44e34a997 ] Request (DeleteServersAdminTestJSON:test_delete_server_while_in_error_state): 200 GET http://10.180.1.21/compute/v2.1/servers/83559878-68c5-40bb-86b5-306a9b7f120b 1.319s
2025-05-08 11:52:35.973 70846 INFO tempest.lib.common.rest_client [req-5479102b-8a8c-40b2-a886-e958bf9f502a req-5479102b-8a8c-40b2-a886-e958bf9f502a ] Request (AZV2TestJSON:test_get_availability_zone_list_with_non_admin_user): 200 GET http://10.180.1.21/compute/v2.1/os-availability-zone 1.366s
2025-05-08 11:52:35.998 70834 INFO tempest.lib.common.rest_client [req-f3116f20-7cfa-4fbb-8ecd-4cb99b42c6c0 req-f3116f20-7cfa-4fbb-8ecd-4cb99b42c6c0 ] Request (FlavorsAdminTestJSON:test_create_server_with_non_public_flavor): 200 POST http://10.180.1.21/compute/v2.1/flavors 1.321s
2025-05-08 11:52:36.018 70864 INFO tempest.lib.common.rest_client [req-ae3c5fec-62b8-4e34-b83c-bbdb2aebbcf3 req-ae3c5fec-62b8-4e34-b83c-bbdb2aebbcf3 ] Request (QuotasAdminNegativeTest:tearDownClass): 200 GET http://10.180.1.21:9696/networking/v2.0/security-groups?tenant_id=30a17972adcd46adadcdb3b44ac2a90d&name=default 0.428s
2025-05-08 11:52:36.079 70846 INFO tempest.lib.common.rest_client [req-6d80b0fa-6583-4c0c-b971-1ba3c461373a req-6d80b0fa-6583-4c0c-b971-1ba3c461373a ] Request (AZV2TestJSON:tearDownClass): 204 DELETE http://10.180.1.21/identity/v3/users/2f7430ee234a4bc2adbf721da385d99f 0.102s
2025-05-08 11:52:36.079 70846 INFO tempest.lib.common.dynamic_creds [-] Deleting project and security group for project: e59c8c6ef37f426ca3f02b08e7731271
2025-05-08 11:52:36.108 70820 INFO tempest.lib.common.rest_client [req-c4059dc3-47c5-4140-9a58-34274b04ca76 req-c4059dc3-47c5-4140-9a58-34274b04ca76 ] Request (ServerDiagnosticsNegativeTest:tearDownClass): 200 GET http://10.180.1.21/compute/v2.1/servers/9de8a0cb-5d59-4f28-b1a8-64ab299e8fe4 1.464s
2025-05-08 11:52:36.168 70846 INFO tempest.lib.common.rest_client [req-68b18193-90e7-472c-9678-1989ca7c6eb1 req-68b18193-90e7-472c-9678-1989ca7c6eb1 ] Request (AZV2TestJSON:tearDownClass): 201 POST http://10.180.1.21/identity/v3/auth/tokens 0.088s
2025-05-08 11:52:36.230 70864 INFO tempest.lib.common.rest_client [req-d1424c6d-a817-4253-bd08-f1811f6efc3c req-d1424c6d-a817-4253-bd08-f1811f6efc3c ] Request (QuotasAdminNegativeTest:tearDownClass): 204 DELETE http://10.180.1.21:9696/networking/v2.0/security-groups/cf6cc681-ac77-44ac-9f04-b6ba0d512470 0.212s
2025-05-08 11:52:36.271 70862 INFO tempest.lib.common.rest_client [req-8541f7e3-d28d-4bba-9878-8a975cf889ee req-8541f7e3-d28d-4bba-9878-8a975cf889ee ] Request (ServerDiskConfigTestJSON:test_rebuild_server_with_auto_disk_config): 200 GET http://10.180.1.21/compute/v2.1/servers/76d4543f-0743-4cbf-ba91-90d3cfd3fa38 1.404s
2025-05-08 11:52:36.303 70856 INFO tempest.lib.common.rest_client [req-7851268e-2363-4aa1-a79a-13695048fd5d req-7851268e-2363-4aa1-a79a-13695048fd5d ] Request (FlavorsAccessNegativeTestJSON:test_remove_flavor_access_not_found): 200 POST http://10.180.1.21/compute/v2.1/flavors 1.324s
2025-05-08 11:52:36.328 70864 INFO tempest.lib.common.rest_client [req-ee7a461a-2a73-45f2-91e1-c478eb68bf6d req-ee7a461a-2a73-45f2-91e1-c478eb68bf6d ] Request (QuotasAdminNegativeTest:tearDownClass): 204 DELETE http://10.180.1.21/identity/v3/projects/30a17972adcd46adadcdb3b44ac2a90d 0.097s
2025-05-08 11:52:36.329 70864 INFO tempest.lib.common.dynamic_creds [-] Deleting project and security group for project: 5de08c6537504ba095f09cd6a951d1e9
2025-05-08 11:52:36.511 70850 INFO tempest.lib.common.rest_client [req-7f6fdfff-847e-4a8f-a077-8f4595d4974f req-7f6fdfff-847e-4a8f-a077-8f4595d4974f ] Request (ImagesNegativeTestJSON:test_create_image_from_deleted_server): 200 GET http://10.180.1.21/compute/v2.1/servers/bd8c9900-ec17-450e-a77e-d69428f0ff39 1.601s
2025-05-08 11:52:36.525 70850 INFO tempest.common.waiters [-] State transition "BUILD/spawning" ==> "ACTIVE/None" after 17 second wait
2025-05-08 11:52:36.529 70826 INFO tempest.lib.common.rest_client [req-53760656-4d64-40d6-83d9-c4e7b9802a52 req-53760656-4d64-40d6-83d9-c4e7b9802a52 ] Request (AggregatesAdminNegativeTestJSON:test_aggregate_get_details_with_invalid_id): 404 GET http://10.180.1.21/compute/v2.1/os-aggregates/-1 1.306s
2025-05-08 11:52:36.675 70852 INFO tempest.lib.common.rest_client [req-4a4e4ca0-9cc8-4e3d-854a-9b14065d3ccd req-4a4e4ca0-9cc8-4e3d-854a-9b14065d3ccd ] Request (ServerDiagnosticsTest:tearDownClass): 200 GET http://10.180.1.21/compute/v2.1/servers/42fb6e48-55b7-4d40-8978-6114e30fc6ed 1.288s
2025-05-08 11:52:36.749 70864 INFO tempest.lib.common.rest_client [req-1fa0884c-6305-498f-b8b6-c16d159e4802 req-1fa0884c-6305-498f-b8b6-c16d159e4802 ] Request (QuotasAdminNegativeTest:tearDownClass): 200 GET http://10.180.1.21:9696/networking/v2.0/security-groups?tenant_id=5de08c6537504ba095f09cd6a951d1e9&name=default 0.420s
2025-05-08 11:52:36.780 70846 INFO tempest.lib.common.rest_client [req-356c70dc-0045-4155-b433-d2c2cd9274ea req-356c70dc-0045-4155-b433-d2c2cd9274ea ] Request (AZV2TestJSON:tearDownClass): 200 GET http://10.180.1.21:9696/networking/v2.0/security-groups?tenant_id=e59c8c6ef37f426ca3f02b08e7731271&name=default 0.611s
2025-05-08 11:52:36.858 70870 INFO tempest.lib.common.rest_client [req-e6ac1180-a074-4486-9b90-158b7dc9f5db req-e6ac1180-a074-4486-9b90-158b7dc9f5db ] Request (FloatingIPsAssociationTestJSON:test_associate_already_associated_floating_ip): 200 GET http://10.180.1.21/compute/v2.1/servers/d7eac8eb-68a9-4247-a909-6e5aea068faa 1.317s
2025-05-08 11:52:36.960 70844 INFO tempest.lib.common.rest_client [req-1aa9d592-ef7a-41b9-bd59-9ccda2a2dd55 req-1aa9d592-ef7a-41b9-bd59-9ccda2a2dd55 ] Request (ServerExternalEventsTest:test_create_server_external_events): 200 GET http://10.180.1.21/compute/v2.1/servers/3b08927a-a8ae-4803-be6b-2c27f07e4104 1.328s
2025-05-08 11:52:36.977 70844 INFO tempest.common.waiters [-] State transition "BUILD/None" ==> "BUILD/networking" after 13 second wait
2025-05-08 11:52:36.993 70866 INFO tempest.lib.common.rest_client [req-c9a3574a-8db8-40bb-bbf6-72bd4ef5eac7 req-c9a3574a-8db8-40bb-bbf6-72bd4ef5eac7 ] Request (KeyPairsV210TestJSON:_run_cleanups): 204 DELETE http://10.180.1.21/compute/v2.1/os-keypairs/tempest-KeyPairsV210TestJSON-keypair-117035296 1.329s
2025-05-08 11:52:37.159 70880 WARNING tempest.lib.common.ssh [-] Failed to establish authenticated ssh connection to cirros@10.180.180.164 ([Errno None] Unable to connect to port 22 on 10.180.180.164). Number attempts: 1. Retry after 2 seconds.: paramiko.ssh_exception.NoValidConnectionsError: [Errno None] Unable to connect to port 22 on 10.180.180.164
2025-05-08 11:52:37.181 70830 INFO tempest.lib.common.rest_client [req-8244b8ef-c752-47c6-8159-1f5a56763bd5 req-8244b8ef-c752-47c6-8159-1f5a56763bd5 ] Request (ServerGroup264TestJSON:test_create_get_server_group): 200 POST http://10.180.1.21/compute/v2.1/os-server-groups 1.485s
2025-05-08 11:52:37.268 70882 INFO tempest.lib.common.rest_client [req-0fd29a84-0f8c-4955-a393-b930e14d1a98 req-0fd29a84-0f8c-4955-a393-b930e14d1a98 ] Request (ImagesTestJSON:test_create_image_from_stopped_server): 200 GET http://10.180.1.21/compute/v2.1/servers/f77c5d4a-3214-4ac4-b9a9-5285e1b23877 2.212s
2025-05-08 11:52:37.314 70824 INFO tempest.lib.common.rest_client [req-14c48b28-0cfa-4f8a-895d-2d1ec5eea146 req-14c48b28-0cfa-4f8a-895d-2d1ec5eea146 ] Request (QuotasAdminTestJSON:test_delete_quota): 200 GET http://10.180.1.21/compute/v2.1/os-quota-sets/83dae83016a1482ca9c6ffd9f95b6f66 1.557s
2025-05-08 11:52:37.316 70858 INFO tempest.lib.common.rest_client [req-5cb0092f-4cae-408e-b3e8-e310b357f29c req-5cb0092f-4cae-408e-b3e8-e310b357f29c ] Request (FlavorsV2TestJSON:test_list_flavors_detailed_using_marker): 200 GET http://10.180.1.21/compute/v2.1/flavors/detail?marker=42 1.489s
2025-05-08 11:52:37.404 70864 INFO tempest.lib.common.rest_client [req-ffdafc9c-d667-4de1-9451-58e304a707ce req-ffdafc9c-d667-4de1-9451-58e304a707ce ] Request (QuotasAdminNegativeTest:tearDownClass): 204 DELETE http://10.180.1.21:9696/networking/v2.0/security-groups/8f8fcd92-61ac-4824-9e9e-ab1fd8c8e2ca 0.654s
2025-05-08 11:52:37.426 70878 INFO tempest.lib.common.rest_client [req-c1c84730-29d4-423e-9e32-1cc3b651455f req-c1c84730-29d4-423e-9e32-1cc3b651455f ] Request (InstanceActionsV221TestJSON:test_get_list_deleted_instance_actions): 200 GET http://10.180.1.21/compute/v2.1/servers/89c1fb20-b1c0-4ca6-85ce-3578092dff0b 1.468s
2025-05-08 11:52:37.441 70834 INFO tempest.lib.common.rest_client [req-b28da8c4-754c-4237-83db-062d87faef5d req-b28da8c4-754c-4237-83db-062d87faef5d ] Request (FlavorsAdminTestJSON:test_create_server_with_non_public_flavor): 400 POST http://10.180.1.21/compute/v2.1/servers 1.437s
2025-05-08 11:52:37.450 70846 INFO tempest.lib.common.rest_client [req-70f434ac-ab64-47b1-8d81-b3d8f123641a req-70f434ac-ab64-47b1-8d81-b3d8f123641a ] Request (AZV2TestJSON:tearDownClass): 204 DELETE http://10.180.1.21:9696/networking/v2.0/security-groups/52f8edc7-b62a-4ec9-97d3-58cdaccd858b 0.670s
2025-05-08 11:52:37.454 70868 INFO tempest.lib.common.rest_client [req-7742f178-da84-438d-b61b-cff0c8f7dc08 req-7742f178-da84-438d-b61b-cff0c8f7dc08 ] Request (ServersAdminTestJSON:setUpClass): 200 GET http://10.180.1.21/compute/v2.1/servers/70a49596-b0a3-4ce7-8b80-ab64344fbcd5 1.547s
2025-05-08 11:52:37.552 70849 INFO tempest.lib.common.rest_client [req-516d27c0-62e9-42cf-8f03-58496f9b9a33 req-516d27c0-62e9-42cf-8f03-58496f9b9a33 ] Request (FloatingIPsAssociationNegativeTestJSON:setUpClass): 200 GET http://10.180.1.21/compute/v2.1/servers/0277d95b-9d76-4ad5-bc6c-a6bd87f97aaf 1.408s
2025-05-08 11:52:37.580 70864 INFO tempest.lib.common.rest_client [req-2347c929-690f-4fb6-95e6-bf640c3e3fda req-2347c929-690f-4fb6-95e6-bf640c3e3fda ] Request (QuotasAdminNegativeTest:tearDownClass): 204 DELETE http://10.180.1.21/identity/v3/projects/5de08c6537504ba095f09cd6a951d1e9 0.175s
2025-05-08 11:52:37.591 70846 INFO tempest.lib.common.rest_client [req-f7eb3deb-85b6-4f37-8e1f-ae7d0144fdf1 req-f7eb3deb-85b6-4f37-8e1f-ae7d0144fdf1 ] Request (AZV2TestJSON:tearDownClass): 204 DELETE http://10.180.1.21/identity/v3/projects/e59c8c6ef37f426ca3f02b08e7731271 0.140s
2025-05-08 11:52:37.660 70854 INFO tempest.lib.common.rest_client [req-dba61b17-173f-4673-9945-886dd535d62f req-dba61b17-173f-4673-9945-886dd535d62f ] Request (ServerDiagnosticsV248Test:tearDownClass): 200 GET http://10.180.1.21/compute/v2.1/servers/7b1e9f41-91a3-4135-abdb-864109cb712a 1.379s
2025-05-08 11:52:37.674 70846 INFO tempest.lib.common.rest_client [req-6d4b076f-004e-4c93-b712-04cddaaddaa8 req-6d4b076f-004e-4c93-b712-04cddaaddaa8 ] Request (ServerActionsV293TestJSON:setUpClass): 201 POST http://10.180.1.21/identity/v3/auth/tokens 0.080s
2025-05-08 11:52:37.691 70864 INFO tempest.lib.common.rest_client [req-5ae2ab1f-483e-458d-b3dc-71d3d5384d32 req-5ae2ab1f-483e-458d-b3dc-71d3d5384d32 ] Request (SecurityGroupsTestJSON:setUpClass): 201 POST http://10.180.1.21/identity/v3/auth/tokens 0.107s
2025-05-08 11:52:37.719 70846 INFO tempest.lib.common.rest_client [req-8066d746-768b-4457-a2ed-baa2659910f9 req-8066d746-768b-4457-a2ed-baa2659910f9 ] Request (ServerActionsV293TestJSON:setUpClass): 201 POST http://10.180.1.21/identity/v3/auth/tokens 0.041s
2025-05-08 11:52:37.745 70864 INFO tempest.lib.common.rest_client [req-8bc5411b-d014-4ad7-9d34-d6772c4fd01c req-8bc5411b-d014-4ad7-9d34-d6772c4fd01c ] Request (SecurityGroupsTestJSON:setUpClass): 201 POST http://10.180.1.21/identity/v3/auth/tokens 0.051s
2025-05-08 11:52:37.769 70846 INFO tempest.lib.common.rest_client [req-cc54b5a8-d6cc-4a32-8db1-2ba7efdf8500 req-cc54b5a8-d6cc-4a32-8db1-2ba7efdf8500 ] Request (ServerActionsV293TestJSON:setUpClass): 200 GET http://10.180.1.21/identity/v3/domains?name=Default 0.050s
2025-05-08 11:52:37.802 70864 INFO tempest.lib.common.rest_client [req-f5fd01a2-8954-4cf2-959b-99c3072a6bbc req-f5fd01a2-8954-4cf2-959b-99c3072a6bbc ] Request (SecurityGroupsTestJSON:setUpClass): 200 GET http://10.180.1.21/identity/v3/domains?name=Default 0.056s
2025-05-08 11:52:37.832 70856 INFO tempest.lib.common.rest_client [req-7d22ab4e-6480-424f-bdce-5a3fb2181a13 req-7d22ab4e-6480-424f-bdce-5a3fb2181a13 ] Request (FlavorsAccessNegativeTestJSON:test_remove_flavor_access_not_found): 404 POST http://10.180.1.21/compute/v2.1/flavors/17839422/action 1.526s
2025-05-08 11:52:37.859 70846 INFO tempest.lib.common.rest_client [req-47911030-d13d-49c8-a33c-b8230e842fd6 req-47911030-d13d-49c8-a33c-b8230e842fd6 ] Request (ServerActionsV293TestJSON:setUpClass): 201 POST http://10.180.1.21/identity/v3/projects 0.089s
2025-05-08 11:52:37.859 70864 INFO tempest.lib.common.rest_client [req-ac60ae85-8e0d-459a-8ba9-d2654bc1d384 req-ac60ae85-8e0d-459a-8ba9-d2654bc1d384 ] Request (SecurityGroupsTestJSON:setUpClass): 201 POST http://10.180.1.21/identity/v3/projects 0.053s
2025-05-08 11:52:37.939 70842 INFO tempest.lib.common.rest_client [req-1e64815e-7012-4486-9b19-dd7cff3aecb6 req-1e64815e-7012-4486-9b19-dd7cff3aecb6 ] Request (ServerActionsTestJSON:setUpClass): 200 GET http://10.180.1.21/compute/v2.1/servers/eef02990-c512-44f2-8fc7-eab27e22ab58 1.546s
2025-05-08 11:52:37.941 70874 INFO tempest.lib.common.rest_client [req-348e4c25-92dd-455c-ae75-8fbbef912df2 req-348e4c25-92dd-455c-ae75-8fbbef912df2 ] Request (ServerAddressesNegativeTestJSON:setUpClass): 200 PUT http://10.180.1.21:9696/networking/v2.0/routers/6c938609-fbe5-4624-a8e7-8a7085a4389c/add_router_interface 2.499s
2025-05-08 11:52:37.941 70874 INFO tempest.lib.common.dynamic_creds [-] Created isolated network resources for: credentials: Credentials: {'domain_id': 'default', 'domain_name': 'Default', 'username': 'tempest-ServerAddressesNegativeTestJSON-6836579-project-member', 'project_domain_id': 'default', 'project_domain_name': 'Default', 'project_id': 'b9f15f0b65924019864de17d8f0db073', 'project_name': 'tempest-ServerAddressesNegativeTestJSON-6836579', 'tenant_id': 'b9f15f0b65924019864de17d8f0db073', 'tenant_name': 'tempest-ServerAddressesNegativeTestJSON-6836579', 'user_domain_id': 'default', 'user_domain_name': 'Default', 'user_id': 'd2c9b939e17545bc96da16bc015f6d87', 'system': None}, Network: {'id': '2436f323-fa7d-47de-82c2-060af897db76', 'name': 'tempest-ServerAddressesNegativeTestJSON-1089133180-network', 'tenant_id': 'b9f15f0b65924019864de17d8f0db073', 'admin_state_up': True, 'mtu': 8950, 'status': 'ACTIVE', 'subnets': [], 'shared': False, 'project_id': 'b9f15f0b65924019864de17d8f0db073', 'port_security_enabled': True, 'router:external': False, 'provider:network_type': 'vlan', 'provider:physical_network': 'default', 'provider:segmentation_id': 837, 'availability_zone_hints': [], 'availability_zones': [], 'ipv4_address_scope': None, 'ipv6_address_scope': None, 'description': '', 'tags': [], 'created_at': '2025-05-08T11:52:31Z', 'updated_at': '2025-05-08T11:52:31Z', 'revision_number': 1}, Subnet: {'id': '3176785d-c5cf-463a-a1f3-38ef201cb79b', 'name': 'tempest-ServerAddressesNegativeTestJSON-1089133180-subnet', 'tenant_id': 'b9f15f0b65924019864de17d8f0db073', 'network_id': '2436f323-fa7d-47de-82c2-060af897db76', 'ip_version': 4, 'subnetpool_id': None, 'enable_dhcp': True, 'ipv6_ra_mode': None, 'ipv6_address_mode': None, 'gateway_ip': '192.168.128.1', 'cidr': '192.168.128.0/28', 'allocation_pools': [{'start': '192.168.128.2', 'end': '192.168.128.14'}], 'host_routes': [], 'dns_nameservers': [], 'description': '', 'router:external': False, 'service_types': [], 'tags': [], 'created_at': '2025-05-08T11:52:32Z', 'updated_at': '2025-05-08T11:52:32Z', 'revision_number': 0, 'project_id': 'b9f15f0b65924019864de17d8f0db073'}, Router: {'id': '6c938609-fbe5-4624-a8e7-8a7085a4389c', 'name': 'tempest-ServerAddressesNegativeTestJSON-1089133180-router', 'tenant_id': 'b9f15f0b65924019864de17d8f0db073', 'admin_state_up': True, 'status': 'ACTIVE', 'external_gateway_info': {'network_id': '9771eda1-dee2-4c09-ba72-0f31b4bce0e4', 'external_fixed_ips': [{'subnet_id': '08089768-d71c-4303-a879-87c181e24cc6', 'ip_address': '10.180.180.185'}], 'enable_snat': True}, 'description': '', 'availability_zones': [], 'distributed': False, 'ha': False, 'availability_zone_hints': [], 'routes': [], 'flavor_id': None, 'tags': [], 'created_at': '2025-05-08T11:52:32Z', 'updated_at': '2025-05-08T11:52:33Z', 'revision_number': 2, 'project_id': 'b9f15f0b65924019864de17d8f0db073'}
2025-05-08 11:52:37.948 70842 INFO tempest.common.waiters [-] State transition "BUILD/scheduling" ==> "BUILD/None" after 8 second wait
2025-05-08 11:52:37.950 70860 INFO tempest.lib.common.rest_client [req-c7b7b403-0a5f-4dc5-962b-bbf7375150c0 req-c7b7b403-0a5f-4dc5-962b-bbf7375150c0 ] Request (ServersWithSpecificFlavorTestJSON:test_verify_created_server_ephemeral_disk): 200 GET http://10.180.1.21/compute/v2.1/servers/e34d3e61-5465-4d68-8106-e9ee42644d69 1.759s
2025-05-08 11:52:37.993 70864 INFO tempest.lib.common.rest_client [req-31351c66-c0fb-4e7c-8d0e-b7b481ca1699 req-31351c66-c0fb-4e7c-8d0e-b7b481ca1699 ] Request (SecurityGroupsTestJSON:setUpClass): 201 POST http://10.180.1.21/identity/v3/users 0.133s
2025-05-08 11:52:38.023 70836 INFO tempest.lib.common.rest_client [req-ab2bb94a-bcd1-4547-ba35-a432eaa358bd req-ab2bb94a-bcd1-4547-ba35-a432eaa358bd ] Request (ListServersNegativeTestJSON:setUpClass): 200 GET http://10.180.1.21/compute/v2.1/servers/01da3154-04a5-45c5-a3c6-049ef8d90cf9 1.626s
2025-05-08 11:52:38.037 70846 INFO tempest.lib.common.rest_client [req-0d41eacd-7f72-4247-9d63-58e19a44715f req-0d41eacd-7f72-4247-9d63-58e19a44715f ] Request (ServerActionsV293TestJSON:setUpClass): 201 POST http://10.180.1.21/identity/v3/users 0.178s
2025-05-08 11:52:38.082 70850 INFO tempest.lib.common.rest_client [req-b6d9bdc7-3a38-4acb-ae9a-14ee19993bdd req-b6d9bdc7-3a38-4acb-ae9a-14ee19993bdd ] Request (ImagesNegativeTestJSON:test_create_image_from_deleted_server): 204 DELETE http://10.180.1.21/compute/v2.1/servers/bd8c9900-ec17-450e-a77e-d69428f0ff39 1.556s
2025-05-08 11:52:38.087 70864 INFO tempest.lib.common.rest_client [req-91c2f4e5-ed8f-4f0e-be3f-c033474526aa req-91c2f4e5-ed8f-4f0e-be3f-c033474526aa ] Request (SecurityGroupsTestJSON:setUpClass): 200 GET http://10.180.1.21/identity/v3/roles 0.094s
2025-05-08 11:52:38.094 70826 INFO tempest.lib.common.rest_client [req-303673eb-9a07-4a42-b30a-e70f8a0f5d59 req-303673eb-9a07-4a42-b30a-e70f8a0f5d59 ] Request (AggregatesAdminNegativeTestJSON:test_aggregate_list_as_user): 403 GET http://10.180.1.21/compute/v2.1/os-aggregates 1.563s
2025-05-08 11:52:38.128 70846 INFO tempest.lib.common.rest_client [req-b0cf31f7-188d-47ef-be15-a6669b4520d2 req-b0cf31f7-188d-47ef-be15-a6669b4520d2 ] Request (ServerActionsV293TestJSON:setUpClass): 200 GET http://10.180.1.21/identity/v3/roles 0.090s
2025-05-08 11:52:38.133 70822 INFO tempest.lib.common.rest_client [req-372088b1-695d-43f4-842c-c99d72e9e608 req-372088b1-695d-43f4-842c-c99d72e9e608 ] Request (ListImageFiltersTestJSON:setUpClass): 200 GET http://10.180.1.21/compute/v2.1/servers/c82e9569-5ed3-49ca-a81d-e274ecc11a9f 1.603s
2025-05-08 11:52:38.185 70874 INFO tempest.lib.common.rest_client [req-0644dffc-dd8d-49a2-9eb8-47cf077c985a req-0644dffc-dd8d-49a2-9eb8-47cf077c985a ] Request (ServerAddressesNegativeTestJSON:setUpClass): 201 POST http://10.180.1.21/identity/v3/auth/tokens 0.237s
2025-05-08 11:52:38.188 70864 INFO tempest.lib.common.rest_client [req-0d9994cb-ab3b-418d-a80f-958cb05f76a0 req-0d9994cb-ab3b-418d-a80f-958cb05f76a0 ] Request (SecurityGroupsTestJSON:setUpClass): 204 PUT http://10.180.1.21/identity/v3/projects/f97eedbc83834f17a119ade45741b773/users/06e9fca568e64c69a98dad1d07e6d58c/roles/38b07e1af7cc4c8cb840641d75167f5b 0.100s
2025-05-08 11:52:38.189 70864 INFO tempest.lib.common.dynamic_creds [-] Dynamic test user 06e9fca568e64c69a98dad1d07e6d58c is created with scope project and roles: ['member']
2025-05-08 11:52:38.189 70864 INFO tempest.lib.common.dynamic_creds [-] Acquired dynamic creds: credentials: Credentials: {'domain_id': 'default', 'domain_name': 'Default', 'username': 'tempest-SecurityGroupsTestJSON-1072958635-project-member', 'project_domain_id': 'default', 'project_domain_name': 'Default', 'project_id': 'f97eedbc83834f17a119ade45741b773', 'project_name': 'tempest-SecurityGroupsTestJSON-1072958635', 'tenant_id': 'f97eedbc83834f17a119ade45741b773', 'tenant_name': 'tempest-SecurityGroupsTestJSON-1072958635', 'user_domain_id': 'default', 'user_domain_name': 'Default', 'user_id': '06e9fca568e64c69a98dad1d07e6d58c', 'system': None}, Network: None, Subnet: None, Router: None
2025-05-08 11:52:38.235 70832 INFO tempest.lib.common.rest_client [req-af7733f2-ca73-4aa3-af37-2c979bca100e req-af7733f2-ca73-4aa3-af37-2c979bca100e ] Request (AttachInterfacesUnderV243Test:test_add_remove_fixed_ip): 200 GET http://10.180.1.21/compute/v2.1/servers/61b93ec7-7899-446d-8e08-d354622eeaa4 1.460s
2025-05-08 11:52:38.298 70864 INFO tempest.lib.common.rest_client [req-29c5af35-3b03-46be-b575-6c30cc6bb0ee req-29c5af35-3b03-46be-b575-6c30cc6bb0ee ] Request (SecurityGroupsTestJSON:setUpClass): 201 POST http://10.180.1.21/identity/v3/auth/tokens 0.109s
2025-05-08 11:52:38.323 70846 INFO tempest.lib.common.rest_client [req-bca35bbe-6460-43bb-8d04-68215e4d4643 req-bca35bbe-6460-43bb-8d04-68215e4d4643 ] Request (ServerActionsV293TestJSON:setUpClass): 204 PUT http://10.180.1.21/identity/v3/projects/62b7ecf136824113b9bec7dfb2aecd42/users/c5ebce703fd442ce9820388cc65b1a41/roles/38b07e1af7cc4c8cb840641d75167f5b 0.194s
2025-05-08 11:52:38.324 70846 INFO tempest.lib.common.dynamic_creds [-] Dynamic test user c5ebce703fd442ce9820388cc65b1a41 is created with scope project and roles: ['member']
2025-05-08 11:52:38.325 70846 INFO tempest.lib.common.dynamic_creds [-] Acquired dynamic creds: credentials: Credentials: {'domain_id': 'default', 'domain_name': 'Default', 'username': 'tempest-ServerActionsV293TestJSON-1453434710-project-member', 'project_domain_id': 'default', 'project_domain_name': 'Default', 'project_id': '62b7ecf136824113b9bec7dfb2aecd42', 'project_name': 'tempest-ServerActionsV293TestJSON-1453434710', 'tenant_id': '62b7ecf136824113b9bec7dfb2aecd42', 'tenant_name': 'tempest-ServerActionsV293TestJSON-1453434710', 'user_domain_id': 'default', 'user_domain_name': 'Default', 'user_id': 'c5ebce703fd442ce9820388cc65b1a41', 'system': None}, Network: None, Subnet: None, Router: None
2025-05-08 11:52:38.398 70872 INFO tempest.lib.common.rest_client [req-c703ce50-46fb-4a94-bcbd-7b88bef1e454 req-c703ce50-46fb-4a94-bcbd-7b88bef1e454 ] Request (AttachInterfacesV270Test:tearDownClass): 200 PUT http://10.180.1.21:9696/networking/v2.0/routers/0eefd1d3-a6b7-432b-ba8d-e3ed4583f51b/remove_router_interface 3.140s
2025-05-08 11:52:38.405 70874 INFO tempest.lib.common.rest_client [req-701d2e30-a437-44b9-a2ba-40a0b80188ce req-701d2e30-a437-44b9-a2ba-40a0b80188ce ] Request (ServerAddressesNegativeTestJSON:setUpClass): 201 POST http://10.180.1.21/identity/v3/auth/tokens 0.214s
2025-05-08 11:52:38.406 70874 INFO tempest.lib.common.fixed_network [-] (ServerAddressesNegativeTestJSON:setUpClass) Found network {'id': '2436f323-fa7d-47de-82c2-060af897db76', 'name': 'tempest-ServerAddressesNegativeTestJSON-1089133180-network', 'tenant_id': 'b9f15f0b65924019864de17d8f0db073', 'admin_state_up': True, 'mtu': 8950, 'status': 'ACTIVE', 'subnets': [], 'shared': False, 'project_id': 'b9f15f0b65924019864de17d8f0db073', 'port_security_enabled': True, 'router:external': False, 'provider:network_type': 'vlan', 'provider:physical_network': 'default', 'provider:segmentation_id': 837, 'availability_zone_hints': [], 'availability_zones': [], 'ipv4_address_scope': None, 'ipv6_address_scope': None, 'description': '', 'tags': [], 'created_at': '2025-05-08T11:52:31Z', 'updated_at': '2025-05-08T11:52:31Z', 'revision_number': 1} available for tenant
2025-05-08 11:52:38.475 70846 INFO tempest.lib.common.rest_client [req-43455aeb-6549-4fbb-a117-bb4004708cf0 req-43455aeb-6549-4fbb-a117-bb4004708cf0 ] Request (ServerActionsV293TestJSON:setUpClass): 201 POST http://10.180.1.21/identity/v3/auth/tokens 0.149s
