2025-05-08 11:52:26.794 70822 INFO tempest.lib.common.rest_client [req-a8dcf52c-e92e-40be-b8ba-483c0c456e33 req-a8dcf52c-e92e-40be-b8ba-483c0c456e33 ] Request (ListImageFiltersTestJSON:setUpClass): 200 GET http://10.180.1.21/compute/v2.1/servers/c82e9569-5ed3-49ca-a81d-e274ecc11a9f 2.891s
2025-05-08 11:52:26.863 70840 INFO tempest.lib.common.rest_client [req-64bd09cc-79aa-4fbb-aec5-430778afc597 req-64bd09cc-79aa-4fbb-aec5-430778afc597 ] Request (ServerPasswordTestJSON:setUpClass): 200 GET http://10.180.1.21/compute/v2.1/servers/11593aae-019c-43c8-94b2-09281545fc38 2.888s
2025-05-08 11:52:26.991 70874 INFO tempest.lib.common.rest_client [req-f1389d74-2d70-475c-8231-77a41e13a06b req-f1389d74-2d70-475c-8231-77a41e13a06b ] Request (ImagesMetadataTestJSON:test_update_image_metadata): 200 POST http://10.180.1.21/compute/v2.1/images/b574b9d5-7741-4b14-979b-e45b50eba477/metadata 3.106s
2025-05-08 11:52:27.045 70862 INFO tempest.lib.common.rest_client [req-aab5b261-3b33-471b-945b-fe7652104638 req-aab5b261-3b33-471b-945b-fe7652104638 ] Request (ServerDiskConfigTestJSON:test_rebuild_server_with_auto_disk_config): 200 GET http://10.180.1.21/compute/v2.1/servers/76d4543f-0743-4cbf-ba91-90d3cfd3fa38 3.038s
2025-05-08 11:52:27.175 70850 INFO tempest.lib.common.rest_client [req-ad40edc9-e480-4dbd-ab8f-f805767c2a50 req-ad40edc9-e480-4dbd-ab8f-f805767c2a50 ] Request (ImagesNegativeTestJSON:test_create_image_from_deleted_server): 200 GET http://10.180.1.21/compute/v2.1/servers/bd8c9900-ec17-450e-a77e-d69428f0ff39 2.572s
2025-05-08 11:52:27.562 70854 INFO tempest.lib.common.rest_client [req-54fb135b-1bb1-47b2-a130-bd5e5ee45e93 req-54fb135b-1bb1-47b2-a130-bd5e5ee45e93 ] Request (ServerDiagnosticsV248Test:test_get_server_diagnostics): 200 GET http://10.180.1.21/compute/v2.1/servers/7b1e9f41-91a3-4135-abdb-864109cb712a/diagnostics 3.444s
2025-05-08 11:52:27.637 70876 INFO tempest.lib.common.rest_client [req-0131c539-0fff-482c-be5a-d087b18e2bb5 req-0131c539-0fff-482c-be5a-d087b18e2bb5 ] Request (DeleteServersAdminTestJSON:test_delete_server_while_in_error_state): 200 GET http://10.180.1.21/compute/v2.1/servers/83559878-68c5-40bb-86b5-306a9b7f120b 2.919s
2025-05-08 11:52:27.652 70842 INFO tempest.lib.common.rest_client [req-96cfccb5-70b8-4e73-9758-ad77a794f645 req-96cfccb5-70b8-4e73-9758-ad77a794f645 ] Request (ServerActionsTestJSON:setUpClass): 202 POST http://10.180.1.21/compute/v2.1/servers 3.016s
2025-05-08 11:52:27.676 70858 INFO tempest.lib.common.rest_client [req-98c15324-14a1-433c-8c28-db7c8b67a644 req-98c15324-14a1-433c-8c28-db7c8b67a644 ] Request (FlavorsV2TestJSON:test_list_flavors_detailed_filter_by_min_disk): 200 GET http://10.180.1.21/compute/v2.1/flavors/detail?minDisk=2 2.933s
2025-05-08 11:52:27.735 70830 INFO tempest.lib.common.rest_client [req-d2c85dcd-edda-4687-8def-7d4f645ac110 req-d2c85dcd-edda-4687-8def-7d4f645ac110 ] Request (AbsoluteLimitsTestJSON:test_absLimits_get): 200 GET http://10.180.1.21/compute/v2.1/limits 2.924s
2025-05-08 11:52:27.748 70844 INFO tempest.lib.common.rest_client [req-dd72439f-fe11-4596-b034-91992ea057e4 req-dd72439f-fe11-4596-b034-91992ea057e4 ] Request (ServerExternalEventsTest:test_create_server_external_events): 200 GET http://10.180.1.21/compute/v2.1/servers/3b08927a-a8ae-4803-be6b-2c27f07e4104 2.760s
2025-05-08 11:52:27.884 70830 INFO tempest.lib.common.rest_client [req-0e52f0b9-2e14-4d53-bb16-0193f78a9e36 req-0e52f0b9-2e14-4d53-bb16-0193f78a9e36 ] Request (AbsoluteLimitsTestJSON:tearDownClass): 204 DELETE http://10.180.1.21/identity/v3/users/18365d0645f04c28a5692458548152f4 0.139s
2025-05-08 11:52:27.884 70830 INFO tempest.lib.common.dynamic_creds [-] Deleting project and security group for project: 6bd0e05c6cb8465d82cb23de05d04fbe
2025-05-08 11:52:27.947 70860 INFO tempest.lib.common.rest_client [req-74e4a524-f603-4acf-9369-7b5dadd3dc7a req-74e4a524-f603-4acf-9369-7b5dadd3dc7a ] Request (ServersWithSpecificFlavorTestJSON:test_verify_created_server_ephemeral_disk): 200 GET http://10.180.1.21/compute/v2.1/servers/e34d3e61-5465-4d68-8106-e9ee42644d69 2.859s
2025-05-08 11:52:27.949 70830 INFO tempest.lib.common.rest_client [req-eb5f9bc3-c07b-4299-9807-c7e8e3b7e615 req-eb5f9bc3-c07b-4299-9807-c7e8e3b7e615 ] Request (AbsoluteLimitsTestJSON:tearDownClass): 201 POST http://10.180.1.21/identity/v3/auth/tokens 0.065s
2025-05-08 11:52:27.955 70860 INFO tempest.common.waiters [-] State transition "BUILD/None" ==> "BUILD/spawning" after 6 second wait
2025-05-08 11:52:28.193 70880 INFO tempest.lib.common.rest_client [req-009a9418-cea0-4e8d-951e-19c23fcfa1ed req-009a9418-cea0-4e8d-951e-19c23fcfa1ed ] Request (ServerActionsTestOtherA:setUpClass): 200 GET http://10.180.1.21/compute/v2.1/servers/a2359267-0c7a-4410-86c1-caf5e26bc921 2.813s
2025-05-08 11:52:28.205 70880 INFO tempest.common.waiters [-] State transition "BUILD/spawning" ==> "ACTIVE/None" after 27 second wait
2025-05-08 11:52:28.261 70830 INFO tempest.lib.common.rest_client [req-0bed2f43-8add-40cb-8153-4aaf53a5f70f req-0bed2f43-8add-40cb-8153-4aaf53a5f70f ] Request (AbsoluteLimitsTestJSON:tearDownClass): 200 GET http://10.180.1.21:9696/networking/v2.0/security-groups?tenant_id=6bd0e05c6cb8465d82cb23de05d04fbe&name=default 0.311s
2025-05-08 11:52:28.279 70878 INFO tempest.lib.common.rest_client [req-91a117db-5482-4f66-899b-fa11cfa6fc59 req-91a117db-5482-4f66-899b-fa11cfa6fc59 ] Request (InstanceActionsV221TestJSON:test_get_list_deleted_instance_actions): 200 GET http://10.180.1.21/compute/v2.1/servers/89c1fb20-b1c0-4ca6-85ce-3578092dff0b 2.719s
2025-05-08 11:52:28.296 70834 INFO tempest.lib.common.rest_client [req-822cebca-5231-45ff-b981-7d50e6d08838 req-822cebca-5231-45ff-b981-7d50e6d08838 ] Request (FlavorsAdminTestJSON:test_create_list_flavor_without_extra_data): 200 GET http://10.180.1.21/compute/v2.1/flavors/1212391870 2.712s
2025-05-08 11:52:28.334 70828 INFO tempest.lib.common.rest_client [req-4d49a39b-78ec-41f2-b72f-1e311389e1c8 req-4d49a39b-78ec-41f2-b72f-1e311389e1c8 ] Request (KeyPairsV2TestJSON:_run_cleanups): 202 DELETE http://10.180.1.21/compute/v2.1/os-keypairs/tempest-KeyPairsV2TestJSON-keypair-1298554584 2.720s
2025-05-08 11:52:28.399 70830 INFO tempest.lib.common.rest_client [req-73796cbc-d8f1-47de-8dfc-ee895791ca9b req-73796cbc-d8f1-47de-8dfc-ee895791ca9b ] Request (AbsoluteLimitsTestJSON:tearDownClass): 204 DELETE http://10.180.1.21:9696/networking/v2.0/security-groups/490b62da-5a10-4e73-8805-1b79b785eae1 0.138s
2025-05-08 11:52:28.471 70836 INFO tempest.lib.common.rest_client [req-8f7ac889-54b6-4abc-af35-e96534b78a38 req-8f7ac889-54b6-4abc-af35-e96534b78a38 ] Request (ListServersNegativeTestJSON:setUpClass): 202 POST http://10.180.1.21/compute/v2.1/servers 3.445s
2025-05-08 11:52:28.503 70830 INFO tempest.lib.common.rest_client [req-f354a06f-7d62-433b-b6f8-a78b8a5608bd req-f354a06f-7d62-433b-b6f8-a78b8a5608bd ] Request (AbsoluteLimitsTestJSON:tearDownClass): 204 DELETE http://10.180.1.21/identity/v3/projects/6bd0e05c6cb8465d82cb23de05d04fbe 0.103s
2025-05-08 11:52:28.575 70830 INFO tempest.lib.common.rest_client [req-f0e790fd-d3b2-46f4-a7b8-45b5718f9080 req-f0e790fd-d3b2-46f4-a7b8-45b5718f9080 ] Request (ServerGroup264TestJSON:setUpClass): 201 POST http://10.180.1.21/identity/v3/auth/tokens 0.070s
2025-05-08 11:52:28.611 70830 INFO tempest.lib.common.rest_client [req-efffb22b-b190-4d77-aa0d-b041b2ece2e3 req-efffb22b-b190-4d77-aa0d-b041b2ece2e3 ] Request (ServerGroup264TestJSON:setUpClass): 201 POST http://10.180.1.21/identity/v3/auth/tokens 0.033s
2025-05-08 11:52:28.647 70830 INFO tempest.lib.common.rest_client [req-9c570469-485a-4d4b-bbfb-468eb4577937 req-9c570469-485a-4d4b-bbfb-468eb4577937 ] Request (ServerGroup264TestJSON:setUpClass): 200 GET http://10.180.1.21/identity/v3/domains?name=Default 0.035s
2025-05-08 11:52:28.673 70864 INFO tempest.lib.common.rest_client [req-9305778b-3518-43b3-8672-90a123dac157 req-9305778b-3518-43b3-8672-90a123dac157 ] Request (QuotasAdminNegativeTest:test_create_server_when_memory_quota_is_full): 200 PUT http://10.180.1.21/compute/v2.1/os-quota-sets/5de08c6537504ba095f09cd6a951d1e9 2.783s
2025-05-08 11:52:28.686 70830 INFO tempest.lib.common.rest_client [req-d94af641-38f0-466c-ad6b-ac3059babaeb req-d94af641-38f0-466c-ad6b-ac3059babaeb ] Request (ServerGroup264TestJSON:setUpClass): 201 POST http://10.180.1.21/identity/v3/projects 0.038s
2025-05-08 11:52:28.712 70856 INFO tempest.lib.common.rest_client [req-10914485-f07b-4094-8709-4861ff7fdc9e req-10914485-f07b-4094-8709-4861ff7fdc9e ] Request (FlavorsAccessNegativeTestJSON:test_flavor_non_admin_remove): 403 POST http://10.180.1.21/compute/v2.1/flavors/169697817/action 2.458s
2025-05-08 11:52:28.748 70864 INFO tempest.lib.common.rest_client [req-1a83c153-615c-4426-8163-23a99caf14c3 req-1a83c153-615c-4426-8163-23a99caf14c3 ] Request (QuotasAdminNegativeTest:test_create_server_when_memory_quota_is_full): 201 POST http://10.180.1.21/identity/v3/auth/tokens 0.070s
2025-05-08 11:52:28.749 70864 INFO tempest.lib.common.fixed_network [-] (QuotasAdminNegativeTest:test_create_server_when_memory_quota_is_full) Found network None available for tenant
2025-05-08 11:52:28.751 70870 INFO tempest.lib.common.rest_client [req-9a3d7ae3-bf15-45b6-80db-0cce709ce1bd req-9a3d7ae3-bf15-45b6-80db-0cce709ce1bd ] Request (FloatingIPsAssociationTestJSON:test_associate_already_associated_floating_ip): 202 POST http://10.180.1.21/compute/v2.1/servers 2.886s
2025-05-08 11:52:28.785 70830 INFO tempest.lib.common.rest_client [req-b372c77d-de31-4695-a7a0-4753fc47a101 req-b372c77d-de31-4695-a7a0-4753fc47a101 ] Request (ServerGroup264TestJSON:setUpClass): 201 POST http://10.180.1.21/identity/v3/users 0.099s
2025-05-08 11:52:28.793 70849 INFO tempest.lib.common.rest_client [req-52474324-0294-46d6-afbb-d5555703a1d0 req-52474324-0294-46d6-afbb-d5555703a1d0 ] Request (FloatingIPsAssociationNegativeTestJSON:setUpClass): 200 GET http://10.180.1.21/compute/v2.1/servers/0277d95b-9d76-4ad5-bc6c-a6bd87f97aaf 2.422s
2025-05-08 11:52:28.817 70830 INFO tempest.lib.common.rest_client [req-4d1b2600-69fc-4669-9e9d-64912a88726b req-4d1b2600-69fc-4669-9e9d-64912a88726b ] Request (ServerGroup264TestJSON:setUpClass): 200 GET http://10.180.1.21/identity/v3/roles 0.031s
2025-05-08 11:52:28.884 70830 INFO tempest.lib.common.rest_client [req-d74c09df-5824-43ac-b4bf-499cbf545fe1 req-d74c09df-5824-43ac-b4bf-499cbf545fe1 ] Request (ServerGroup264TestJSON:setUpClass): 204 PUT http://10.180.1.21/identity/v3/projects/527a5cefb1424a3ba2b3347d0a0d5592/users/a75327c5e9f448e0a29ba1e8c500b888/roles/38b07e1af7cc4c8cb840641d75167f5b 0.066s
2025-05-08 11:52:28.884 70830 INFO tempest.lib.common.dynamic_creds [-] Dynamic test user a75327c5e9f448e0a29ba1e8c500b888 is created with scope project and roles: ['member']
2025-05-08 11:52:28.884 70830 INFO tempest.lib.common.dynamic_creds [-] Acquired dynamic creds: credentials: Credentials: {'domain_id': 'default', 'domain_name': 'Default', 'username': 'tempest-ServerGroup264TestJSON-1522183260-project-member', 'project_domain_id': 'default', 'project_domain_name': 'Default', 'project_id': '527a5cefb1424a3ba2b3347d0a0d5592', 'project_name': 'tempest-ServerGroup264TestJSON-1522183260', 'tenant_id': '527a5cefb1424a3ba2b3347d0a0d5592', 'tenant_name': 'tempest-ServerGroup264TestJSON-1522183260', 'user_domain_id': 'default', 'user_domain_name': 'Default', 'user_id': 'a75327c5e9f448e0a29ba1e8c500b888', 'system': None}, Network: None, Subnet: None, Router: None
2025-05-08 11:52:28.958 70830 INFO tempest.lib.common.rest_client [req-8eec2a27-00fe-4700-9749-08339c7711e1 req-8eec2a27-00fe-4700-9749-08339c7711e1 ] Request (ServerGroup264TestJSON:setUpClass): 201 POST http://10.180.1.21/identity/v3/auth/tokens 0.073s
2025-05-08 11:52:29.305 70830 INFO tempest.lib.common.rest_client [req-0ebbae64-c137-4352-8564-f4e519d5d0be req-0ebbae64-c137-4352-8564-f4e519d5d0be ] Request (ServerGroup264TestJSON:setUpClass): 201 POST http://10.180.1.21:9696/networking/v2.0/networks 0.346s
2025-05-08 11:52:29.319 70868 INFO tempest.lib.common.rest_client [req-5a12de95-6704-4c4c-89c5-c77dccfa3a3e req-5a12de95-6704-4c4c-89c5-c77dccfa3a3e ] Request (ServersAdminTestJSON:setUpClass): 202 POST http://10.180.1.21/compute/v2.1/servers 2.920s
2025-05-08 11:52:29.346 70824 INFO tempest.lib.common.rest_client [req-5b1066ba-2799-4ff2-8b9a-618c2b0b1c3b req-5b1066ba-2799-4ff2-8b9a-618c2b0b1c3b ] Request (HypervisorAdminTestJSON:test_get_hypervisor_show_details): 200 GET http://10.180.1.21/compute/v2.1/os-hypervisors/1 2.810s
2025-05-08 11:52:29.369 70826 INFO tempest.lib.common.rest_client [req-cc453968-fba0-451a-a72d-2e14f011a3bb req-cc453968-fba0-451a-a72d-2e14f011a3bb ] Request (AggregatesAdminNegativeTestJSON:test_aggregate_delete_with_invalid_id): 404 DELETE http://10.180.1.21/compute/v2.1/os-aggregates/-1 2.828s
2025-05-08 11:52:29.378 70846 INFO tempest.lib.common.rest_client [req-0e3df432-912c-4011-bd6b-598035706e61 req-0e3df432-912c-4011-bd6b-598035706e61 ] Request (HypervisorAdminNegativeTestJSON:test_show_hypervisor_with_non_admin_user): 403 GET http://10.180.1.21/compute/v2.1/os-hypervisors/1 2.823s
2025-05-08 11:52:29.412 70868 INFO tempest.lib.common.rest_client [req-b795f17f-6277-48e5-89b7-d9952293ec2d req-b795f17f-6277-48e5-89b7-d9952293ec2d ] Request (ServersAdminTestJSON:setUpClass): 201 POST http://10.180.1.21/identity/v3/auth/tokens 0.087s
2025-05-08 11:52:29.413 70868 INFO tempest.lib.common.fixed_network [-] (ServersAdminTestJSON:setUpClass) Found network {'id': '3163fefd-2b35-47f6-8743-5fc428f5d56f', 'name': 'tempest-ServersAdminTestJSON-363612688-network', 'tenant_id': '66131e2a2e6944aca9f174ef91beac79', 'admin_state_up': True, 'mtu': 8950, 'status': 'ACTIVE', 'subnets': [], 'shared': False, 'project_id': '66131e2a2e6944aca9f174ef91beac79', 'port_security_enabled': True, 'router:external': False, 'provider:network_type': 'vlan', 'provider:physical_network': 'default', 'provider:segmentation_id': 39, 'availability_zone_hints': [], 'availability_zones': [], 'ipv4_address_scope': None, 'ipv6_address_scope': None, 'description': '', 'tags': [], 'created_at': '2025-05-08T11:52:08Z', 'updated_at': '2025-05-08T11:52:08Z', 'revision_number': 1} available for tenant
2025-05-08 11:52:29.425 70852 INFO tempest.lib.common.rest_client [req-f3a77519-8760-4bda-8856-6e46badab1f3 req-f3a77519-8760-4bda-8856-6e46badab1f3 ] Request (ServerDiagnosticsTest:test_get_server_diagnostics): 200 GET http://10.180.1.21/compute/v2.1/servers/42fb6e48-55b7-4d40-8978-6114e30fc6ed/diagnostics 2.905s
2025-05-08 11:52:29.461 70866 INFO tempest.lib.common.rest_client [req-04e8e241-ec18-49f4-9f0e-f04307dc67a8 req-04e8e241-ec18-49f4-9f0e-f04307dc67a8 ] Request (KeyPairsV210TestJSON:test_admin_manage_keypairs_for_other_users): 201 POST http://10.180.1.21/compute/v2.1/os-keypairs 2.803s
2025-05-08 11:52:29.510 70874 INFO tempest.lib.common.rest_client [req-909160e6-d10e-48f8-b302-1d95573e98a7 req-909160e6-d10e-48f8-b302-1d95573e98a7 ] Request (ImagesMetadataTestJSON:test_update_image_metadata): 200 GET http://10.180.1.21/compute/v2.1/images/b574b9d5-7741-4b14-979b-e45b50eba477/metadata 2.517s
2025-05-08 11:52:29.516 70832 INFO tempest.lib.common.rest_client [req-7d3ada2b-627e-405c-8c91-ba04efb43171 req-7d3ada2b-627e-405c-8c91-ba04efb43171 ] Request (ValidationResourcesFixture:setUp): 200 POST http://10.180.1.21/compute/v2.1/os-keypairs 2.886s
2025-05-08 11:52:29.584 70874 INFO tempest.lib.common.rest_client [req-dc961d37-fc9d-48b6-a1c4-5ae3043f27ad req-dc961d37-fc9d-48b6-a1c4-5ae3043f27ad ] Request (ImagesMetadataTestJSON:tearDownClass): 204 DELETE http://10.180.1.21/image/v2/images/b574b9d5-7741-4b14-979b-e45b50eba477 0.071s
2025-05-08 11:52:29.618 70872 INFO tempest.lib.common.rest_client [req-7af43794-4b6e-48e7-b36b-67f7cad87790 req-7af43794-4b6e-48e7-b36b-67f7cad87790 ] Request (AttachInterfacesV270Test:tearDownClass): 200 GET http://10.180.1.21/compute/v2.1/servers/a85890d5-f32f-4355-beed-46111dbd588d 2.502s
2025-05-08 11:52:29.628 70872 INFO tempest.common.waiters [-] State transition "ACTIVE/deleting" ==> "DELETED/None" after 3 second wait
2025-05-08 11:52:29.676 70874 INFO tempest.lib.common.rest_client [req-18718034-c8ee-43df-8144-babb94088796 req-18718034-c8ee-43df-8144-babb94088796 ] Request (ImagesMetadataTestJSON:tearDownClass): 204 DELETE http://10.180.1.21/identity/v3/users/3dfcb052ddd047cc8b85757671e062a9 0.091s
2025-05-08 11:52:29.677 70874 INFO tempest.lib.common.dynamic_creds [-] Deleting project and security group for project: 0128895f3d8b4d93acfc3a49e8fd8ae5
2025-05-08 11:52:29.679 70830 INFO tempest.lib.common.rest_client [req-a5d86478-d3d7-4228-8184-f31e1e0e5362 req-a5d86478-d3d7-4228-8184-f31e1e0e5362 ] Request (ServerGroup264TestJSON:setUpClass): 201 POST http://10.180.1.21:9696/networking/v2.0/subnets 0.373s
2025-05-08 11:52:29.712 70882 INFO tempest.lib.common.rest_client [req-653e2bb9-5b46-4b9a-82e3-1147c7a2f460 req-653e2bb9-5b46-4b9a-82e3-1147c7a2f460 ] Request (ImagesTestJSON:test_create_image_from_stopped_server): 200 GET http://10.180.1.21/compute/v2.1/servers/f77c5d4a-3214-4ac4-b9a9-5285e1b23877 2.194s
2025-05-08 11:52:29.737 70832 INFO tempest.lib.common.rest_client [req-29d0b2f9-6ea5-4447-a0e5-6291c7fd033d req-29d0b2f9-6ea5-4447-a0e5-6291c7fd033d ] Request (ValidationResourcesFixture:setUp): 201 POST http://10.180.1.21:9696/networking/v2.0/security-groups 0.218s
2025-05-08 11:52:29.782 70874 INFO tempest.lib.common.rest_client [req-2c51a5a1-0a4f-4da6-abff-040b2efc01ca req-2c51a5a1-0a4f-4da6-abff-040b2efc01ca ] Request (ImagesMetadataTestJSON:tearDownClass): 201 POST http://10.180.1.21/identity/v3/auth/tokens 0.105s
2025-05-08 11:52:29.806 70842 INFO tempest.lib.common.rest_client [req-5770fa46-f7d4-4155-8b00-8197c7f4e998 req-5770fa46-f7d4-4155-8b00-8197c7f4e998 ] Request (ServerActionsTestJSON:setUpClass): 200 GET http://10.180.1.21/compute/v2.1/servers/eef02990-c512-44f2-8fc7-eab27e22ab58 2.150s
2025-05-08 11:52:29.840 70854 INFO tempest.lib.common.rest_client [req-78d89c17-31d5-47c8-ad93-3a3b1f23be12 req-78d89c17-31d5-47c8-ad93-3a3b1f23be12 ] Request (ServerDiagnosticsV248Test:tearDownClass): 204 DELETE http://10.180.1.21/compute/v2.1/servers/7b1e9f41-91a3-4135-abdb-864109cb712a 2.264s
2025-05-08 11:52:29.861 70858 INFO tempest.lib.common.rest_client [req-c312bb69-2946-4426-86f9-37028c14886e req-c312bb69-2946-4426-86f9-37028c14886e ] Request (FlavorsV2TestJSON:test_list_flavors_detailed_filter_by_min_ram): 200 GET http://10.180.1.21/compute/v2.1/flavors/42 2.180s
2025-05-08 11:52:29.993 70832 INFO tempest.lib.common.rest_client [req-e1427f3d-968d-4631-8884-05035e078861 req-e1427f3d-968d-4631-8884-05035e078861 ] Request (ValidationResourcesFixture:setUp): 201 POST http://10.180.1.21:9696/networking/v2.0/security-group-rules 0.255s
2025-05-08 11:52:30.045 70820 INFO tempest.lib.common.rest_client [req-ddcea94d-21b2-41af-a079-940cd8cc974a req-ddcea94d-21b2-41af-a079-940cd8cc974a ] Request (ServerDiagnosticsNegativeTest:test_get_server_diagnostics_by_non_admin): 200 GET http://10.180.1.21/compute/v2.1/servers/9de8a0cb-5d59-4f28-b1a8-64ab299e8fe4 2.371s
2025-05-08 11:52:30.056 70820 INFO tempest.common.waiters [-] State transition "BUILD/spawning" ==> "ACTIVE/None" after 25 second wait
2025-05-08 11:52:30.127 70822 INFO tempest.lib.common.rest_client [req-aaa56d80-f7f3-44e1-b542-9782a23d494f req-aaa56d80-f7f3-44e1-b542-9782a23d494f ] Request (ListImageFiltersTestJSON:setUpClass): 200 GET http://10.180.1.21/compute/v2.1/servers/c82e9569-5ed3-49ca-a81d-e274ecc11a9f 2.320s
2025-05-08 11:52:30.146 70822 INFO tempest.common.waiters [-] State transition "BUILD/scheduling" ==> "BUILD/None" after 4 second wait
2025-05-08 11:52:30.198 70838 INFO tempest.lib.common.rest_client [req-b5210791-ba52-421b-9264-a0cbe3ff6380 req-b5210791-ba52-421b-9264-a0cbe3ff6380 ] Request (VolumesAssistedSnapshotsTest:test_volume_assisted_snapshot_create_delete): 200 GET http://10.180.1.21/compute/v2.1/servers/9a25d997-02e9-4d87-aa89-5d05fac4d70d 2.473s
2025-05-08 11:52:30.206 70838 INFO tempest.common.waiters [-] State transition "BUILD/networking" ==> "BUILD/spawning" after 8 second wait
2025-05-08 11:52:30.238 70874 INFO tempest.lib.common.rest_client [req-b76b5737-12b5-42d9-b89d-e380f1ab4ce0 req-b76b5737-12b5-42d9-b89d-e380f1ab4ce0 ] Request (ImagesMetadataTestJSON:tearDownClass): 200 GET http://10.180.1.21:9696/networking/v2.0/security-groups?tenant_id=0128895f3d8b4d93acfc3a49e8fd8ae5&name=default 0.455s
2025-05-08 11:52:30.246 70840 INFO tempest.lib.common.rest_client [req-96233e54-faee-48ff-81f6-30b2f8eff652 req-96233e54-faee-48ff-81f6-30b2f8eff652 ] Request (ServerPasswordTestJSON:setUpClass): 200 GET http://10.180.1.21/compute/v2.1/servers/11593aae-019c-43c8-94b2-09281545fc38 2.372s
2025-05-08 11:52:30.260 70840 INFO tempest.common.waiters [-] State transition "BUILD/None" ==> "BUILD/networking" after 8 second wait
2025-05-08 11:52:30.314 70832 INFO tempest.lib.common.rest_client [req-4175be77-8a24-4145-8943-4b814613b6af req-4175be77-8a24-4145-8943-4b814613b6af ] Request (ValidationResourcesFixture:setUp): 201 POST http://10.180.1.21:9696/networking/v2.0/security-group-rules 0.320s
2025-05-08 11:52:30.441 70862 INFO tempest.lib.common.rest_client [req-642368de-16a7-4f3e-9ace-b8707c28ee87 req-642368de-16a7-4f3e-9ace-b8707c28ee87 ] Request (ServerDiskConfigTestJSON:test_rebuild_server_with_auto_disk_config): 200 GET http://10.180.1.21/compute/v2.1/servers/76d4543f-0743-4cbf-ba91-90d3cfd3fa38 2.386s
2025-05-08 11:52:30.444 70874 INFO tempest.lib.common.rest_client [req-3c214f15-61ba-4219-8331-eeaf8206c3fb req-3c214f15-61ba-4219-8331-eeaf8206c3fb ] Request (ImagesMetadataTestJSON:tearDownClass): 204 DELETE http://10.180.1.21:9696/networking/v2.0/security-groups/e76e4e29-acdf-40d8-b3ee-197992c07561 0.205s
2025-05-08 11:52:30.449 70862 INFO tempest.common.waiters [-] State transition "BUILD/spawning" ==> "ACTIVE/None" after 27 second wait
2025-05-08 11:52:30.499 70850 INFO tempest.lib.common.rest_client [req-ba24cf76-bb5d-44cf-b546-1e11454cd15a req-ba24cf76-bb5d-44cf-b546-1e11454cd15a ] Request (ImagesNegativeTestJSON:test_create_image_from_deleted_server): 200 GET http://10.180.1.21/compute/v2.1/servers/bd8c9900-ec17-450e-a77e-d69428f0ff39 2.312s
2025-05-08 11:52:30.555 70874 INFO tempest.lib.common.rest_client [req-0c968853-30fc-4580-9ec2-3e9b58699567 req-0c968853-30fc-4580-9ec2-3e9b58699567 ] Request (ImagesMetadataTestJSON:tearDownClass): 204 DELETE http://10.180.1.21/identity/v3/projects/0128895f3d8b4d93acfc3a49e8fd8ae5 0.111s
2025-05-08 11:52:30.651 70874 INFO tempest.lib.common.rest_client [req-4f8cabe9-26f9-4fb8-a9f9-ea070308011d req-4f8cabe9-26f9-4fb8-a9f9-ea070308011d ] Request (ServerAddressesNegativeTestJSON:setUpClass): 201 POST http://10.180.1.21/identity/v3/auth/tokens 0.094s
2025-05-08 11:52:30.675 70880 INFO tempest.lib.common.rest_client [req-63a8ae7e-b6c0-4303-b6fe-72837b94a8ba req-63a8ae7e-b6c0-4303-b6fe-72837b94a8ba ] Request (ServerActionsTestOtherA:setUpClass): 200 GET http://10.180.1.21/compute/v2.1/servers/a2359267-0c7a-4410-86c1-caf5e26bc921/os-interface 2.470s
2025-05-08 11:52:30.682 70874 INFO tempest.lib.common.rest_client [req-804a9cb8-8bad-499c-ac4c-e55a95153442 req-804a9cb8-8bad-499c-ac4c-e55a95153442 ] Request (ServerAddressesNegativeTestJSON:setUpClass): 201 POST http://10.180.1.21/identity/v3/auth/tokens 0.028s
2025-05-08 11:52:30.692 70834 INFO tempest.lib.common.rest_client [req-7019bcaf-7db5-41ce-a462-8da91e095fd0 req-7019bcaf-7db5-41ce-a462-8da91e095fd0 ] Request (FlavorsAdminTestJSON:test_create_list_flavor_without_extra_data): 200 GET http://10.180.1.21/compute/v2.1/flavors/detail 2.393s
2025-05-08 11:52:30.709 70828 INFO tempest.lib.common.rest_client [req-f96d89a9-ce7f-4e04-b6d0-22843aa331c8 req-f96d89a9-ce7f-4e04-b6d0-22843aa331c8 ] Request (KeyPairsV2TestJSON:_run_cleanups): 202 DELETE http://10.180.1.21/compute/v2.1/os-keypairs/tempest-KeyPairsV2TestJSON-keypair-1022550384 2.374s
2025-05-08 11:52:30.720 70874 INFO tempest.lib.common.rest_client [req-68799000-3037-4424-9435-63804b9bc67f req-68799000-3037-4424-9435-63804b9bc67f ] Request (ServerAddressesNegativeTestJSON:setUpClass): 200 GET http://10.180.1.21/identity/v3/domains?name=Default 0.037s
2025-05-08 11:52:30.763 70874 INFO tempest.lib.common.rest_client [req-a42899ea-a6eb-4d05-9cbf-9e012583bdbf req-a42899ea-a6eb-4d05-9cbf-9e012583bdbf ] Request (ServerAddressesNegativeTestJSON:setUpClass): 201 POST http://10.180.1.21/identity/v3/projects 0.043s
2025-05-08 11:52:30.793 70828 INFO tempest.lib.common.rest_client [req-4a2ce959-1c7d-4f44-ac2e-6285cee7c66d req-4a2ce959-1c7d-4f44-ac2e-6285cee7c66d ] Request (KeyPairsV2TestJSON:tearDownClass): 204 DELETE http://10.180.1.21/identity/v3/users/0f292b71fc4a4fc5960d45d927534eb7 0.083s
2025-05-08 11:52:30.793 70828 INFO tempest.lib.common.dynamic_creds [-] Deleting project and security group for project: 2cd2dd0803a5444c849efba32a29155e
2025-05-08 11:52:30.813 70876 INFO tempest.lib.common.rest_client [req-d864adb7-ddca-4f27-bda7-2b70cbc89d8b req-d864adb7-ddca-4f27-bda7-2b70cbc89d8b ] Request (DeleteServersAdminTestJSON:test_delete_server_while_in_error_state): 200 GET http://10.180.1.21/compute/v2.1/servers/83559878-68c5-40bb-86b5-306a9b7f120b 2.160s
2025-05-08 11:52:30.824 70876 INFO tempest.common.waiters [-] State transition "BUILD/scheduling" ==> "BUILD/None" after 3 second wait
2025-05-08 11:52:30.849 70836 INFO tempest.lib.common.rest_client [req-90cc23b1-a780-4efb-bf2e-64093cbd7b54 req-90cc23b1-a780-4efb-bf2e-64093cbd7b54 ] Request (ListServersNegativeTestJSON:setUpClass): 200 GET http://10.180.1.21/compute/v2.1/servers 2.376s
2025-05-08 11:52:30.860 70828 INFO tempest.lib.common.rest_client [req-3a19bf95-9ef2-4336-b6d4-c63aa569d805 req-3a19bf95-9ef2-4336-b6d4-c63aa569d805 ] Request (KeyPairsV2TestJSON:tearDownClass): 201 POST http://10.180.1.21/identity/v3/auth/tokens 0.066s
2025-05-08 11:52:30.912 70874 INFO tempest.lib.common.rest_client [req-b9289225-e101-4530-a92c-c031c830997d req-b9289225-e101-4530-a92c-c031c830997d ] Request (ServerAddressesNegativeTestJSON:setUpClass): 201 POST http://10.180.1.21/identity/v3/users 0.148s
2025-05-08 11:52:30.992 70856 INFO tempest.lib.common.rest_client [req-d9bba022-91c4-48ce-b303-ae510da10006 req-d9bba022-91c4-48ce-b303-ae510da10006 ] Request (FlavorsAccessNegativeTestJSON:_run_cleanups): 200 POST http://10.180.1.21/compute/v2.1/flavors/169697817/action 2.280s
2025-05-08 11:52:31.006 70874 INFO tempest.lib.common.rest_client [req-a1514ca8-08cb-40c9-a064-b84328fa080c req-a1514ca8-08cb-40c9-a064-b84328fa080c ] Request (ServerAddressesNegativeTestJSON:setUpClass): 200 GET http://10.180.1.21/identity/v3/roles 0.093s
2025-05-08 11:52:31.039 70874 INFO tempest.lib.common.rest_client [req-9b55578c-ae69-4a3f-a7b4-3dc67eb42cfd req-9b55578c-ae69-4a3f-a7b4-3dc67eb42cfd ] Request (ServerAddressesNegativeTestJSON:setUpClass): 204 PUT http://10.180.1.21/identity/v3/projects/b9f15f0b65924019864de17d8f0db073/users/d2c9b939e17545bc96da16bc015f6d87/roles/38b07e1af7cc4c8cb840641d75167f5b 0.033s
2025-05-08 11:52:31.039 70874 INFO tempest.lib.common.dynamic_creds [-] Dynamic test user d2c9b939e17545bc96da16bc015f6d87 is created with scope project and roles: ['member']
2025-05-08 11:52:31.040 70874 INFO tempest.lib.common.dynamic_creds [-] Acquired dynamic creds: credentials: Credentials: {'domain_id': 'default', 'domain_name': 'Default', 'username': 'tempest-ServerAddressesNegativeTestJSON-6836579-project-member', 'project_domain_id': 'default', 'project_domain_name': 'Default', 'project_id': 'b9f15f0b65924019864de17d8f0db073', 'project_name': 'tempest-ServerAddressesNegativeTestJSON-6836579', 'tenant_id': 'b9f15f0b65924019864de17d8f0db073', 'tenant_name': 'tempest-ServerAddressesNegativeTestJSON-6836579', 'user_domain_id': 'default', 'user_domain_name': 'Default', 'user_id': 'd2c9b939e17545bc96da16bc015f6d87', 'system': None}, Network: None, Subnet: None, Router: None
2025-05-08 11:52:31.084 70870 INFO tempest.lib.common.rest_client [req-4fe56dba-184b-4bac-a0f2-adcf0cb5211e req-4fe56dba-184b-4bac-a0f2-adcf0cb5211e ] Request (FloatingIPsAssociationTestJSON:test_associate_already_associated_floating_ip): 200 GET http://10.180.1.21/compute/v2.1/servers/d7eac8eb-68a9-4247-a909-6e5aea068faa 2.331s
2025-05-08 11:52:31.148 70874 INFO tempest.lib.common.rest_client [req-d066955a-4269-4d3f-a498-82f1c51663b5 req-d066955a-4269-4d3f-a498-82f1c51663b5 ] Request (ServerAddressesNegativeTestJSON:setUpClass): 201 POST http://10.180.1.21/identity/v3/auth/tokens 0.107s
2025-05-08 11:52:31.204 70844 INFO tempest.lib.common.rest_client [req-df6e5764-2840-41d0-b501-e0970fb0b4e4 req-df6e5764-2840-41d0-b501-e0970fb0b4e4 ] Request (ServerExternalEventsTest:test_create_server_external_events): 200 GET http://10.180.1.21/compute/v2.1/servers/3b08927a-a8ae-4803-be6b-2c27f07e4104 2.448s
2025-05-08 11:52:31.224 70844 INFO tempest.common.waiters [-] State transition "BUILD/scheduling" ==> "BUILD/None" after 8 second wait
2025-05-08 11:52:31.413 70828 INFO tempest.lib.common.rest_client [req-5ef92421-ca0e-4e9d-b4d1-285dff427dab req-5ef92421-ca0e-4e9d-b4d1-285dff427dab ] Request (KeyPairsV2TestJSON:tearDownClass): 200 GET http://10.180.1.21:9696/networking/v2.0/security-groups?tenant_id=2cd2dd0803a5444c849efba32a29155e&name=default 0.553s
2025-05-08 11:52:31.480 70864 INFO tempest.lib.common.rest_client [req-2a1ee478-ba69-4843-a90a-ac720f417439 req-2a1ee478-ba69-4843-a90a-ac720f417439 ] Request (QuotasAdminNegativeTest:test_create_server_when_memory_quota_is_full): 403 POST http://10.180.1.21/compute/v2.1/servers 2.730s
2025-05-08 11:52:31.588 70878 INFO tempest.lib.common.rest_client [req-b7fd3ca1-56bf-47b4-be52-54825e32e1fb req-b7fd3ca1-56bf-47b4-be52-54825e32e1fb ] Request (InstanceActionsV221TestJSON:test_get_list_deleted_instance_actions): 200 GET http://10.180.1.21/compute/v2.1/servers/89c1fb20-b1c0-4ca6-85ce-3578092dff0b 2.294s
2025-05-08 11:52:31.603 70878 INFO tempest.common.waiters [-] State transition "BUILD/scheduling" ==> "BUILD/None" after 3 second wait
2025-05-08 11:52:31.633 70860 INFO tempest.lib.common.rest_client [req-e96643ba-f8b3-4d2d-a0ae-41203bd0b33b req-e96643ba-f8b3-4d2d-a0ae-41203bd0b33b ] Request (ServersWithSpecificFlavorTestJSON:test_verify_created_server_ephemeral_disk): 200 GET http://10.180.1.21/compute/v2.1/servers/e34d3e61-5465-4d68-8106-e9ee42644d69 2.677s
2025-05-08 11:52:31.665 70826 INFO tempest.lib.common.rest_client [req-a941a3a6-2bbb-4a74-86d1-61733fc8e73c req-a941a3a6-2bbb-4a74-86d1-61733fc8e73c ] Request (AggregatesAdminNegativeTestJSON:test_aggregate_get_details_as_user): 200 POST http://10.180.1.21/compute/v2.1/os-aggregates 2.295s
2025-05-08 11:52:31.672 70846 INFO tempest.lib.common.rest_client [req-2b56109f-d4c7-4c64-88f5-eaced09235f8 req-2b56109f-d4c7-4c64-88f5-eaced09235f8 ] Request (HypervisorAdminNegativeTestJSON:test_show_nonexistent_hypervisor): 404 GET http://10.180.1.21/compute/v2.1/os-hypervisors/9cb98ae4-7064-47a8-97b6-dcffc711d45c 2.291s
2025-05-08 11:52:31.707 70828 INFO tempest.lib.common.rest_client [req-4489abbd-6fde-4908-bcb3-382accb7fa0f req-4489abbd-6fde-4908-bcb3-382accb7fa0f ] Request (KeyPairsV2TestJSON:tearDownClass): 204 DELETE http://10.180.1.21:9696/networking/v2.0/security-groups/a467c3e6-61dc-4c13-b951-e610e03ee522 0.293s
2025-05-08 11:52:31.754 70832 INFO tempest.lib.common.rest_client [req-14452113-8109-4d22-9864-a16ee4e733af req-14452113-8109-4d22-9864-a16ee4e733af ] Request (ValidationResourcesFixture:setUp): 201 POST http://10.180.1.21:9696/networking/v2.0/floatingips 1.439s
2025-05-08 11:52:31.781 70846 INFO tempest.lib.common.rest_client [req-750f5b61-f6d2-4af1-8b9a-d0837de45515 req-750f5b61-f6d2-4af1-8b9a-d0837de45515 ] Request (HypervisorAdminNegativeTestJSON:tearDownClass): 204 DELETE http://10.180.1.21/identity/v3/users/4a2230266fe44d43a10d48e1ba8f6f7a 0.108s
2025-05-08 11:52:31.788 70828 INFO tempest.lib.common.rest_client [req-7ef90448-1bb2-49e1-9cda-93f601379573 req-7ef90448-1bb2-49e1-9cda-93f601379573 ] Request (KeyPairsV2TestJSON:tearDownClass): 204 DELETE http://10.180.1.21/identity/v3/projects/2cd2dd0803a5444c849efba32a29155e 0.080s
2025-05-08 11:52:31.807 70824 INFO tempest.lib.common.rest_client [req-91e69df2-3fb5-4cab-8c3a-ea1437a41c8d req-91e69df2-3fb5-4cab-8c3a-ea1437a41c8d ] Request (HypervisorAdminTestJSON:test_get_hypervisor_stats): 200 GET http://10.180.1.21/compute/v2.1/os-hypervisors/statistics 2.453s
2025-05-08 11:52:31.824 70830 INFO tempest.lib.common.rest_client [req-33ca1581-ceab-42a6-bba7-aebf72c9fb29 req-33ca1581-ceab-42a6-bba7-aebf72c9fb29 ] Request (ServerGroup264TestJSON:setUpClass): 201 POST http://10.180.1.21:9696/networking/v2.0/routers 2.144s
2025-05-08 11:52:31.855 70832 INFO tempest.lib.common.rest_client [req-46e2c355-bca5-4ac9-a714-27d4be488185 req-46e2c355-bca5-4ac9-a714-27d4be488185 ] Request (AttachInterfacesUnderV243Test:test_add_remove_fixed_ip): 201 POST http://10.180.1.21/identity/v3/auth/tokens 0.096s
2025-05-08 11:52:31.855 70832 INFO tempest.lib.common.fixed_network [-] (AttachInterfacesUnderV243Test:test_add_remove_fixed_ip) Found network {'id': '3fe0af82-2f75-4ef6-884b-7e0748fd3323', 'name': 'tempest-AttachInterfacesUnderV243Test-821776871-network', 'tenant_id': '44cc20bc07b54f06a1599250b8409dd8', 'admin_state_up': True, 'mtu': 8950, 'status': 'ACTIVE', 'subnets': [], 'shared': False, 'project_id': '44cc20bc07b54f06a1599250b8409dd8', 'port_security_enabled': True, 'router:external': False, 'provider:network_type': 'vlan', 'provider:physical_network': 'default', 'provider:segmentation_id': 154, 'availability_zone_hints': [], 'availability_zones': [], 'ipv4_address_scope': None, 'ipv6_address_scope': None, 'description': '', 'tags': [], 'created_at': '2025-05-08T11:52:20Z', 'updated_at': '2025-05-08T11:52:20Z', 'revision_number': 1} available for tenant
2025-05-08 11:52:31.887 70874 INFO tempest.lib.common.rest_client [req-75e01431-5aef-4932-bb45-8032623bddd7 req-75e01431-5aef-4932-bb45-8032623bddd7 ] Request (ServerAddressesNegativeTestJSON:setUpClass): 201 POST http://10.180.1.21:9696/networking/v2.0/networks 0.739s
2025-05-08 11:52:31.909 70852 INFO tempest.lib.common.rest_client [req-a7ef68ce-5416-403f-9310-082f3fdb4bd5 req-a7ef68ce-5416-403f-9310-082f3fdb4bd5 ] Request (ServerDiagnosticsTest:tearDownClass): 204 DELETE http://10.180.1.21/compute/v2.1/servers/42fb6e48-55b7-4d40-8978-6114e30fc6ed 2.482s
2025-05-08 11:52:31.920 70866 INFO tempest.lib.common.rest_client [req-1396979c-fdd7-4842-8f84-5a96b1d623ce req-1396979c-fdd7-4842-8f84-5a96b1d623ce ] Request (KeyPairsV210TestJSON:test_admin_manage_keypairs_for_other_users): 200 GET http://10.180.1.21/compute/v2.1/os-keypairs/tempest-keypair-1313787890?user_id=59094cb0cad84c0a908c76b2885470b3 2.456s
2025-05-08 11:52:31.928 70828 INFO tempest.lib.common.rest_client [req-f2bc6a67-87eb-49f2-9ea7-d68c6a1dbe29 req-f2bc6a67-87eb-49f2-9ea7-d68c6a1dbe29 ] Request (ServersV294TestFqdnHostnames:setUpClass): 201 POST http://10.180.1.21/identity/v3/auth/tokens 0.138s
2025-05-08 11:52:31.966 70846 INFO tempest.lib.common.rest_client [req-748964a7-4393-46c2-bd32-73df4b6a749f req-748964a7-4393-46c2-bd32-73df4b6a749f ] Request (HypervisorAdminNegativeTestJSON:tearDownClass): 204 DELETE http://10.180.1.21/identity/v3/users/5e980ba2ab6340209499409df09f5de0 0.185s
2025-05-08 11:52:31.967 70846 INFO tempest.lib.common.dynamic_creds [-] Deleting project and security group for project: 09bde80e4d4c45e783f25f5844eb9f3a
2025-05-08 11:52:31.989 70849 INFO tempest.lib.common.rest_client [req-108e0726-68f4-4731-b6ea-58efb1d2eaf7 req-108e0726-68f4-4731-b6ea-58efb1d2eaf7 ] Request (FloatingIPsAssociationNegativeTestJSON:setUpClass): 200 GET http://10.180.1.21/compute/v2.1/servers/0277d95b-9d76-4ad5-bc6c-a6bd87f97aaf 2.186s
2025-05-08 11:52:32.000 70849 INFO tempest.common.waiters [-] State transition "BUILD/scheduling" ==> "BUILD/None" after 4 second wait
2025-05-08 11:52:32.032 70828 INFO tempest.lib.common.rest_client [req-7f06f8b6-1c1a-4de5-8320-e9dcdeb36fd7 req-7f06f8b6-1c1a-4de5-8320-e9dcdeb36fd7 ] Request (ServersV294TestFqdnHostnames:setUpClass): 201 POST http://10.180.1.21/identity/v3/auth/tokens 0.101s
2025-05-08 11:52:32.037 70824 INFO tempest.lib.common.rest_client [req-074df6a7-d633-4396-b97e-246b28e7c19f req-074df6a7-d633-4396-b97e-246b28e7c19f ] Request (HypervisorAdminTestJSON:tearDownClass): 204 DELETE http://10.180.1.21/identity/v3/users/de88954af0d04235b418ca9cc58567ed 0.225s
2025-05-08 11:52:32.043 70880 INFO tempest.lib.common.rest_client [req-7d762e63-af65-4329-8f6f-c65abacd5aef req-7d762e63-af65-4329-8f6f-c65abacd5aef ] Request (ServerActionsTestOtherA:setUpClass): 200 PUT http://10.180.1.21:9696/networking/v2.0/floatingips/39982864-8d56-482d-a821-48c2df201d3b 1.359s
2025-05-08 11:52:32.045 70880 INFO tempest.lib.common.ssh [-] Creating ssh connection to '10.180.180.164:22' as 'cirros' with public key authentication
2025-05-08 11:52:32.054 70854 INFO tempest.lib.common.rest_client [req-507afbe6-f8f5-4e11-8825-841c003278d3 req-507afbe6-f8f5-4e11-8825-841c003278d3 ] Request (ServerDiagnosticsV248Test:tearDownClass): 200 GET http://10.180.1.21/compute/v2.1/servers/7b1e9f41-91a3-4135-abdb-864109cb712a 2.213s
2025-05-08 11:52:32.088 70846 INFO tempest.lib.common.rest_client [req-afcedc7d-7806-47db-b55f-972e7532b71a req-afcedc7d-7806-47db-b55f-972e7532b71a ] Request (HypervisorAdminNegativeTestJSON:tearDownClass): 201 POST http://10.180.1.21/identity/v3/auth/tokens 0.121s
2025-05-08 11:52:32.088 70828 INFO tempest.lib.common.rest_client [req-87f89248-2ebc-4d95-8eb6-1cba3c48be99 req-87f89248-2ebc-4d95-8eb6-1cba3c48be99 ] Request (ServersV294TestFqdnHostnames:setUpClass): 200 GET http://10.180.1.21/identity/v3/domains?name=Default 0.055s
2025-05-08 11:52:32.091 70858 INFO tempest.lib.common.rest_client [req-3c01abab-2d71-4787-8828-ab2a27e97fe1 req-3c01abab-2d71-4787-8828-ab2a27e97fe1 ] Request (FlavorsV2TestJSON:test_list_flavors_detailed_filter_by_min_ram): 200 GET http://10.180.1.21/compute/v2.1/flavors/detail?minRam=193 2.226s
2025-05-08 11:52:32.118 70820 INFO tempest.lib.common.rest_client [req-2d9e528b-223c-4f4b-829b-a21a9f4a9cf5 req-2d9e528b-223c-4f4b-829b-a21a9f4a9cf5 ] Request (ServerDiagnosticsNegativeTest:test_get_server_diagnostics_by_non_admin): 403 GET http://10.180.1.21/compute/v2.1/servers/9de8a0cb-5d59-4f28-b1a8-64ab299e8fe4/diagnostics 2.061s
2025-05-08 11:52:32.120 70828 INFO tempest.lib.common.rest_client [req-e4529439-14fa-4a6a-9a09-1f39b14735b6 req-e4529439-14fa-4a6a-9a09-1f39b14735b6 ] Request (ServersV294TestFqdnHostnames:setUpClass): 201 POST http://10.180.1.21/identity/v3/projects 0.031s
2025-05-08 11:52:32.191 70824 INFO tempest.lib.common.rest_client [req-6b78264e-4f19-41c5-b2d3-d9f4d891ada9 req-6b78264e-4f19-41c5-b2d3-d9f4d891ada9 ] Request (HypervisorAdminTestJSON:tearDownClass): 204 DELETE http://10.180.1.21/identity/v3/users/15b24a6c991c4399a443ba57eab0f919 0.153s
2025-05-08 11:52:32.191 70824 INFO tempest.lib.common.dynamic_creds [-] Deleting project and security group for project: 9dcbb55319274cd4a2ca23a4621efffa
2025-05-08 11:52:32.269 70828 INFO tempest.lib.common.rest_client [req-2d8320fa-b9b4-4b21-b515-485ba9d01c55 req-2d8320fa-b9b4-4b21-b515-485ba9d01c55 ] Request (ServersV294TestFqdnHostnames:setUpClass): 201 POST http://10.180.1.21/identity/v3/users 0.149s
2025-05-08 11:52:32.290 70824 INFO tempest.lib.common.rest_client [req-d0720690-e70d-446b-8a38-5229dd39a875 req-d0720690-e70d-446b-8a38-5229dd39a875 ] Request (HypervisorAdminTestJSON:tearDownClass): 201 POST http://10.180.1.21/identity/v3/auth/tokens 0.099s
2025-05-08 11:52:32.298 70828 INFO tempest.lib.common.rest_client [req-9c9dddee-d6a7-4bc0-bd3e-841564e5cae0 req-9c9dddee-d6a7-4bc0-bd3e-841564e5cae0 ] Request (ServersV294TestFqdnHostnames:setUpClass): 200 GET http://10.180.1.21/identity/v3/roles 0.028s
2025-05-08 11:52:32.301 70862 INFO tempest.lib.common.rest_client [req-a00700ee-61ca-4e4a-b460-491ba1a9c7cf req-a00700ee-61ca-4e4a-b460-491ba1a9c7cf ] Request (ServerDiskConfigTestJSON:test_rebuild_server_with_auto_disk_config): 200 GET http://10.180.1.21/compute/v2.1/servers/76d4543f-0743-4cbf-ba91-90d3cfd3fa38 1.851s
2025-05-08 11:52:32.338 70828 INFO tempest.lib.common.rest_client [req-ca4486c6-4412-4440-b16d-66e5c6736b9a req-ca4486c6-4412-4440-b16d-66e5c6736b9a ] Request (ServersV294TestFqdnHostnames:setUpClass): 204 PUT http://10.180.1.21/identity/v3/projects/2d75b3ac036945859027ba24a136680c/users/db93dd6fe2764e549595e4c063288c31/roles/38b07e1af7cc4c8cb840641d75167f5b 0.039s
2025-05-08 11:52:32.338 70828 INFO tempest.lib.common.dynamic_creds [-] Dynamic test user db93dd6fe2764e549595e4c063288c31 is created with scope project and roles: ['member']
2025-05-08 11:52:32.338 70828 INFO tempest.lib.common.dynamic_creds [-] Acquired dynamic creds: credentials: Credentials: {'domain_id': 'default', 'domain_name': 'Default', 'username': 'tempest-ServersV294TestFqdnHostnames-734776706-project-member', 'project_domain_id': 'default', 'project_domain_name': 'Default', 'project_id': '2d75b3ac036945859027ba24a136680c', 'project_name': 'tempest-ServersV294TestFqdnHostnames-734776706', 'tenant_id': '2d75b3ac036945859027ba24a136680c', 'tenant_name': 'tempest-ServersV294TestFqdnHostnames-734776706', 'user_domain_id': 'default', 'user_domain_name': 'Default', 'user_id': 'db93dd6fe2764e549595e4c063288c31', 'system': None}, Network: None, Subnet: None, Router: None
2025-05-08 11:52:32.435 70828 INFO tempest.lib.common.rest_client [req-100d8236-4acb-4e58-85a9-9b05be4e9e7b req-100d8236-4acb-4e58-85a9-9b05be4e9e7b ] Request (ServersV294TestFqdnHostnames:setUpClass): 201 POST http://10.180.1.21/identity/v3/auth/tokens 0.096s
2025-05-08 11:52:32.440 70872 INFO tempest.lib.common.rest_client [req-4201825e-8a90-4dbc-abb2-a45cb1e36eb1 req-4201825e-8a90-4dbc-abb2-a45cb1e36eb1 ] Request (AttachInterfacesV270Test:tearDownClass): 200 GET http://10.180.1.21/compute/v2.1/servers/a85890d5-f32f-4355-beed-46111dbd588d 1.810s
2025-05-08 11:52:32.478 70834 INFO tempest.lib.common.rest_client [req-6ee6a0da-70c9-40f9-8a04-d2c645960b10 req-6ee6a0da-70c9-40f9-8a04-d2c645960b10 ] Request (FlavorsAdminTestJSON:_run_cleanups): 202 DELETE http://10.180.1.21/compute/v2.1/flavors/1212391870 1.780s
2025-05-08 11:52:32.522 70868 INFO tempest.lib.common.rest_client [req-57406f42-cc79-4881-a325-eda3bc2a8513 req-57406f42-cc79-4881-a325-eda3bc2a8513 ] Request (ServersAdminTestJSON:setUpClass): 202 POST http://10.180.1.21/compute/v2.1/servers 3.109s
2025-05-08 11:52:32.526 70846 INFO tempest.lib.common.rest_client [req-8425cfce-3a94-4e75-83c4-92a0aad73d0d req-8425cfce-3a94-4e75-83c4-92a0aad73d0d ] Request (HypervisorAdminNegativeTestJSON:tearDownClass): 200 GET http://10.180.1.21:9696/networking/v2.0/security-groups?tenant_id=09bde80e4d4c45e783f25f5844eb9f3a&name=default 0.438s
2025-05-08 11:52:32.538 70874 INFO tempest.lib.common.rest_client [req-f3193fbb-d4c5-4201-a6de-d987cf2d8b7a req-f3193fbb-d4c5-4201-a6de-d987cf2d8b7a ] Request (ServerAddressesNegativeTestJSON:setUpClass): 201 POST http://10.180.1.21:9696/networking/v2.0/subnets 0.649s
2025-05-08 11:52:32.651 70842 INFO tempest.lib.common.rest_client [req-fa8d3279-4a34-4761-b29b-2fd3a645836b req-fa8d3279-4a34-4761-b29b-2fd3a645836b ] Request (ServerActionsTestJSON:setUpClass): 200 GET http://10.180.1.21/compute/v2.1/servers/eef02990-c512-44f2-8fc7-eab27e22ab58 1.833s
2025-05-08 11:52:32.731 70836 INFO tempest.lib.common.rest_client [req-c72355b2-7b34-4d7a-b9b9-dde8a1230bd0 req-c72355b2-7b34-4d7a-b9b9-dde8a1230bd0 ] Request (ListServersNegativeTestJSON:setUpClass): 200 GET http://10.180.1.21/compute/v2.1/servers/01da3154-04a5-45c5-a3c6-049ef8d90cf9 1.880s
2025-05-08 11:52:32.758 70856 INFO tempest.lib.common.rest_client [req-e670d177-9dae-4253-9cd2-61d626f76fdc req-e670d177-9dae-4253-9cd2-61d626f76fdc ] Request (FlavorsAccessNegativeTestJSON:_run_cleanups): 202 DELETE http://10.180.1.21/compute/v2.1/flavors/169697817 1.764s
2025-05-08 11:52:32.849 70822 INFO tempest.lib.common.rest_client [req-99422bea-9eeb-4451-a52f-ba3bc56f1050 req-99422bea-9eeb-4451-a52f-ba3bc56f1050 ] Request (ListImageFiltersTestJSON:setUpClass): 200 GET http://10.180.1.21/compute/v2.1/servers/c82e9569-5ed3-49ca-a81d-e274ecc11a9f 1.702s
2025-05-08 11:52:32.893 70882 INFO tempest.lib.common.rest_client [req-7c3557d7-444c-4a9d-a81a-7e15c2e98e73 req-7c3557d7-444c-4a9d-a81a-7e15c2e98e73 ] Request (ImagesTestJSON:test_create_image_from_stopped_server): 200 GET http://10.180.1.21/compute/v2.1/servers/f77c5d4a-3214-4ac4-b9a9-5285e1b23877 2.167s
2025-05-08 11:52:32.904 70882 INFO tempest.common.waiters [-] State transition "BUILD/spawning" ==> "ACTIVE/None" after 20 second wait
2025-05-08 11:52:32.914 70846 INFO tempest.lib.common.rest_client [req-abf61a38-ec1c-48d1-9ea3-16ed300429d8 req-abf61a38-ec1c-48d1-9ea3-16ed300429d8 ] Request (HypervisorAdminNegativeTestJSON:tearDownClass): 204 DELETE http://10.180.1.21:9696/networking/v2.0/security-groups/8593295d-f29b-489c-a2e4-d29876f35ae5 0.386s
2025-05-08 11:52:32.935 70824 INFO tempest.lib.common.rest_client [req-477a7af6-c083-4f3d-ab41-d1b431dc5771 req-477a7af6-c083-4f3d-ab41-d1b431dc5771 ] Request (HypervisorAdminTestJSON:tearDownClass): 200 GET http://10.180.1.21:9696/networking/v2.0/security-groups?tenant_id=9dcbb55319274cd4a2ca23a4621efffa&name=default 0.645s
2025-05-08 11:52:33.052 70846 INFO tempest.lib.common.rest_client [req-69e05639-d1aa-44c3-b1fb-9eb2716b057f req-69e05639-d1aa-44c3-b1fb-9eb2716b057f ] Request (HypervisorAdminNegativeTestJSON:tearDownClass): 204 DELETE http://10.180.1.21/identity/v3/projects/09bde80e4d4c45e783f25f5844eb9f3a 0.137s
2025-05-08 11:52:33.052 70846 INFO tempest.lib.common.dynamic_creds [-] Deleting project and security group for project: 7a45a31f43a441f39e93f90110d722fa
2025-05-08 11:52:33.065 70838 INFO tempest.lib.common.rest_client [req-34a144d0-c1eb-4d4e-9193-361fdbe23833 req-34a144d0-c1eb-4d4e-9193-361fdbe23833 ] Request (VolumesAssistedSnapshotsTest:test_volume_assisted_snapshot_create_delete): 200 GET http://10.180.1.21/compute/v2.1/servers/9a25d997-02e9-4d87-aa89-5d05fac4d70d 1.855s
2025-05-08 11:52:33.361 70864 INFO tempest.lib.common.rest_client [req-98d77fe1-20c6-4d2e-882a-3a6bef23a734 req-98d77fe1-20c6-4d2e-882a-3a6bef23a734 ] Request (QuotasAdminNegativeTest:_run_cleanups): 200 PUT http://10.180.1.21/compute/v2.1/os-quota-sets/5de08c6537504ba095f09cd6a951d1e9 1.879s
2025-05-08 11:52:33.361 70824 INFO tempest.lib.common.rest_client [req-4e5245bb-1c07-4c9f-a3a0-946f2484c029 req-4e5245bb-1c07-4c9f-a3a0-946f2484c029 ] Request (HypervisorAdminTestJSON:tearDownClass): 204 DELETE http://10.180.1.21:9696/networking/v2.0/security-groups/d8959226-632f-404f-b130-331807e94a54 0.425s
2025-05-08 11:52:33.361 70828 INFO tempest.lib.common.rest_client [req-67f5d246-4e70-4160-86cb-dc44da7e1e55 req-67f5d246-4e70-4160-86cb-dc44da7e1e55 ] Request (ServersV294TestFqdnHostnames:setUpClass): 201 POST http://10.180.1.21:9696/networking/v2.0/networks 0.925s
2025-05-08 11:52:33.366 70840 INFO tempest.lib.common.rest_client [req-25a76eae-1e2c-4075-a7f5-0f50f2480dc7 req-25a76eae-1e2c-4075-a7f5-0f50f2480dc7 ] Request (ServerPasswordTestJSON:setUpClass): 200 GET http://10.180.1.21/compute/v2.1/servers/11593aae-019c-43c8-94b2-09281545fc38 2.105s
2025-05-08 11:52:33.381 70840 INFO tempest.common.waiters [-] State transition "BUILD/networking" ==> "BUILD/spawning" after 11 second wait
2025-05-08 11:52:33.414 70826 INFO tempest.lib.common.rest_client [req-76eb0d2c-3755-4e3d-bb02-3a088597ec5e req-76eb0d2c-3755-4e3d-bb02-3a088597ec5e ] Request (AggregatesAdminNegativeTestJSON:test_aggregate_get_details_as_user): 403 GET http://10.180.1.21/compute/v2.1/os-aggregates/6 1.746s
2025-05-08 11:52:33.509 70824 INFO tempest.lib.common.rest_client [req-ac07a7b0-96fb-4fd9-a9eb-c289caeff369 req-ac07a7b0-96fb-4fd9-a9eb-c289caeff369 ] Request (HypervisorAdminTestJSON:tearDownClass): 204 DELETE http://10.180.1.21/identity/v3/projects/9dcbb55319274cd4a2ca23a4621efffa 0.148s
2025-05-08 11:52:33.510 70824 INFO tempest.lib.common.dynamic_creds [-] Deleting project and security group for project: dd2b79724f0e4f829d9646456d321ff1
2025-05-08 11:52:33.520 70876 INFO tempest.lib.common.rest_client [req-066b18a5-13f6-4fd7-af8f-fec78a2cbb74 req-066b18a5-13f6-4fd7-af8f-fec78a2cbb74 ] Request (DeleteServersAdminTestJSON:test_delete_server_while_in_error_state): 200 GET http://10.180.1.21/compute/v2.1/servers/83559878-68c5-40bb-86b5-306a9b7f120b 1.695s
2025-05-08 11:52:33.550 70846 INFO tempest.lib.common.rest_client [req-ad3b848f-00cb-4f22-90b2-4d09dc22d1bb req-ad3b848f-00cb-4f22-90b2-4d09dc22d1bb ] Request (HypervisorAdminNegativeTestJSON:tearDownClass): 200 GET http://10.180.1.21:9696/networking/v2.0/security-groups?tenant_id=7a45a31f43a441f39e93f90110d722fa&name=default 0.497s
2025-05-08 11:52:33.893 70850 INFO tempest.lib.common.rest_client [req-fb838b1e-5ebc-4076-82cc-0888e9505254 req-fb838b1e-5ebc-4076-82cc-0888e9505254 ] Request (ImagesNegativeTestJSON:test_create_image_from_deleted_server): 200 GET http://10.180.1.21/compute/v2.1/servers/bd8c9900-ec17-450e-a77e-d69428f0ff39 2.381s
2025-05-08 11:52:33.967 70846 INFO tempest.lib.common.rest_client [req-903a9755-f53f-4d8e-bb63-dd4737fd7da3 req-903a9755-f53f-4d8e-bb63-dd4737fd7da3 ] Request (HypervisorAdminNegativeTestJSON:tearDownClass): 204 DELETE http://10.180.1.21:9696/networking/v2.0/security-groups/4f22c8d2-4d50-439b-b9b6-554f1fb7c2b0 0.417s
2025-05-08 11:52:34.049 70824 INFO tempest.lib.common.rest_client [req-03eec3be-0cd3-429f-955f-141b0acbf2a9 req-03eec3be-0cd3-429f-955f-141b0acbf2a9 ] Request (HypervisorAdminTestJSON:tearDownClass): 200 GET http://10.180.1.21:9696/networking/v2.0/security-groups?tenant_id=dd2b79724f0e4f829d9646456d321ff1&name=default 0.539s
2025-05-08 11:52:34.109 70846 INFO tempest.lib.common.rest_client [req-9ad9f474-217b-4a76-b603-e15693cfd618 req-9ad9f474-217b-4a76-b603-e15693cfd618 ] Request (HypervisorAdminNegativeTestJSON:tearDownClass): 204 DELETE http://10.180.1.21/identity/v3/projects/7a45a31f43a441f39e93f90110d722fa 0.142s
