2025-05-08 11:52:07.647 70852 INFO tempest.lib.common.rest_client [req-0dc2ee88-911b-40a1-8e0a-f3b7fe73b54e req-0dc2ee88-911b-40a1-8e0a-f3b7fe73b54e ] Request (ServerDiagnosticsTest:test_get_server_diagnostics): 200 GET http://10.180.1.21/compute/v2.1/servers/42fb6e48-55b7-4d40-8978-6114e30fc6ed 1.640s
2025-05-08 11:52:07.657 70852 INFO tempest.common.waiters [-] State transition "BUILD/None" ==> "BUILD/spawning" after 7 second wait
2025-05-08 11:52:07.664 70838 INFO tempest.lib.common.rest_client [req-8dee47aa-b1e9-4424-89fe-df0b02f7ac8b req-8dee47aa-b1e9-4424-89fe-df0b02f7ac8b ] Request (VolumesAssistedSnapshotsTest:test_volume_assisted_snapshot_create_delete): 202 POST http://10.180.1.21/volume/v3/volumes 0.692s
2025-05-08 11:52:07.678 70836 INFO tempest.lib.common.rest_client [req-544a43f9-0db7-4ee8-ac52-0c43d2d53a92 req-544a43f9-0db7-4ee8-ac52-0c43d2d53a92 ] Request (FlavorsAccessTestJSON:test_flavor_access_list_with_private_flavor): 200 GET http://10.180.1.21/compute/v2.1/flavors/1045058345/os-flavor-access 1.183s
2025-05-08 11:52:07.679 70828 INFO tempest.lib.common.rest_client [req-2d2b6c81-1797-4c48-8bfa-9b530356fb9c req-2d2b6c81-1797-4c48-8bfa-9b530356fb9c ] Request (KeyPairsV2TestJSON:_run_cleanups): 202 DELETE http://10.180.1.21/compute/v2.1/os-keypairs/tempest-keypair-1734181038 1.131s
2025-05-08 11:52:07.721 70849 INFO tempest.lib.common.rest_client [req-cdede94d-f072-4c06-a9a4-f34634a91774 req-cdede94d-f072-4c06-a9a4-f34634a91774 ] Request (TenantUsagesNegativeTestJSON:setUpClass): 200 GET http://10.180.1.21/identity/v3/roles 0.106s
2025-05-08 11:52:07.730 70868 INFO tempest.lib.common.rest_client [req-e963c818-4a71-41fb-a3e8-088b87d10266 req-e963c818-4a71-41fb-a3e8-088b87d10266 ] Request (ServersAdminTestJSON:setUpClass): 204 PUT http://10.180.1.21/identity/v3/projects/66131e2a2e6944aca9f174ef91beac79/users/88fab72a1d4b4044992e90e85b585002/roles/38b07e1af7cc4c8cb840641d75167f5b 0.126s
2025-05-08 11:52:07.731 70868 INFO tempest.lib.common.dynamic_creds [-] Dynamic test user 88fab72a1d4b4044992e90e85b585002 is created with scope project and roles: ['member']
2025-05-08 11:52:07.731 70868 INFO tempest.lib.common.dynamic_creds [-] Acquired dynamic creds: credentials: Credentials: {'domain_id': 'default', 'domain_name': 'Default', 'username': 'tempest-ServersAdminTestJSON-1221450413-project-member', 'project_domain_id': 'default', 'project_domain_name': 'Default', 'project_id': '66131e2a2e6944aca9f174ef91beac79', 'project_name': 'tempest-ServersAdminTestJSON-1221450413', 'tenant_id': '66131e2a2e6944aca9f174ef91beac79', 'tenant_name': 'tempest-ServersAdminTestJSON-1221450413', 'user_domain_id': 'default', 'user_domain_name': 'Default', 'user_id': '88fab72a1d4b4044992e90e85b585002', 'system': None}, Network: None, Subnet: None, Router: None
2025-05-08 11:52:07.750 70838 INFO tempest.lib.common.rest_client [req-488cf672-0195-416a-85a2-6a497d939b11 req-488cf672-0195-416a-85a2-6a497d939b11 ] Request (VolumesAssistedSnapshotsTest:test_volume_assisted_snapshot_create_delete): 200 GET http://10.180.1.21/volume/v3/volumes/7b322a01-3aa6-47c1-8a7f-3f3174211cfb 0.076s
2025-05-08 11:52:07.758 70846 INFO tempest.lib.common.rest_client [req-d83ca6c3-609c-49a5-af14-e8e9bbf4b891 req-d83ca6c3-609c-49a5-af14-e8e9bbf4b891 ] Request (HypervisorAdminNegativeTestJSON:setUpClass): 201 POST http://10.180.1.21/identity/v3/users 0.117s
2025-05-08 11:52:07.789 70868 INFO tempest.lib.common.rest_client [req-cf7cdf69-9731-4c5a-b3d3-dad7222d1fdc req-cf7cdf69-9731-4c5a-b3d3-dad7222d1fdc ] Request (ServersAdminTestJSON:setUpClass): 201 POST http://10.180.1.21/identity/v3/auth/tokens 0.057s
2025-05-08 11:52:07.793 70820 INFO tempest.lib.common.rest_client [req-07eb2590-58e2-4317-9835-8cecc0c59f43 req-07eb2590-58e2-4317-9835-8cecc0c59f43 ] Request (ServerDiagnosticsNegativeTest:test_get_server_diagnostics_by_non_admin): 200 GET http://10.180.1.21/compute/v2.1/servers/9de8a0cb-5d59-4f28-b1a8-64ab299e8fe4 0.947s
2025-05-08 11:52:07.794 70849 INFO tempest.lib.common.rest_client [req-c42051bc-a7f2-4eab-9200-ead7544ba53c req-c42051bc-a7f2-4eab-9200-ead7544ba53c ] Request (TenantUsagesNegativeTestJSON:setUpClass): 204 PUT http://10.180.1.21/identity/v3/projects/628b849ad13241d7b016d4f6c443de74/users/29a32ef4c9b2430eb1b1e6f8922a233d/roles/c576744201224df7917ddb3198850232 0.073s
2025-05-08 11:52:07.795 70849 INFO tempest.lib.common.dynamic_creds [-] Dynamic test user 29a32ef4c9b2430eb1b1e6f8922a233d is created with scope project and roles: ['admin']
2025-05-08 11:52:07.795 70849 INFO tempest.lib.common.dynamic_creds [-] Acquired dynamic creds: credentials: Credentials: {'domain_id': 'default', 'domain_name': 'Default', 'username': 'tempest-TenantUsagesNegativeTestJSON-17285056-project-admin', 'project_domain_id': 'default', 'project_domain_name': 'Default', 'project_id': '628b849ad13241d7b016d4f6c443de74', 'project_name': 'tempest-TenantUsagesNegativeTestJSON-17285056', 'tenant_id': '628b849ad13241d7b016d4f6c443de74', 'tenant_name': 'tempest-TenantUsagesNegativeTestJSON-17285056', 'user_domain_id': 'default', 'user_domain_name': 'Default', 'user_id': '29a32ef4c9b2430eb1b1e6f8922a233d', 'system': None}, Network: None, Subnet: None, Router: None
2025-05-08 11:52:07.795 70849 INFO tempest.lib.common.dynamic_creds [-] Created isolated network resources for: credentials: Credentials: {'domain_id': 'default', 'domain_name': 'Default', 'username': 'tempest-TenantUsagesNegativeTestJSON-17285056-project-admin', 'project_domain_id': 'default', 'project_domain_name': 'Default', 'project_id': '628b849ad13241d7b016d4f6c443de74', 'project_name': 'tempest-TenantUsagesNegativeTestJSON-17285056', 'tenant_id': '628b849ad13241d7b016d4f6c443de74', 'tenant_name': 'tempest-TenantUsagesNegativeTestJSON-17285056', 'user_domain_id': 'default', 'user_domain_name': 'Default', 'user_id': '29a32ef4c9b2430eb1b1e6f8922a233d', 'system': None}, Network: None, Subnet: None, Router: None
2025-05-08 11:52:07.806 70820 INFO tempest.common.waiters [-] State transition "BUILD/scheduling" ==> "BUILD/None" after 2 second wait
2025-05-08 11:52:07.839 70846 INFO tempest.lib.common.rest_client [req-8de2a816-7285-4742-a901-90a3f0a6ca10 req-8de2a816-7285-4742-a901-90a3f0a6ca10 ] Request (HypervisorAdminNegativeTestJSON:setUpClass): 200 GET http://10.180.1.21/identity/v3/roles 0.080s
2025-05-08 11:52:07.870 70854 INFO tempest.lib.common.rest_client [req-7294ed81-177d-4c36-9baa-48c5bcaf1fe8 req-7294ed81-177d-4c36-9baa-48c5bcaf1fe8 ] Request (ServerDiagnosticsV248Test:test_get_server_diagnostics): 200 GET http://10.180.1.21/compute/v2.1/servers/7b1e9f41-91a3-4135-abdb-864109cb712a 0.995s
2025-05-08 11:52:07.898 70849 INFO tempest.lib.common.rest_client [req-bcb3f98c-33cf-4978-b92c-b911ccbe91ba req-bcb3f98c-33cf-4978-b92c-b911ccbe91ba ] Request (TenantUsagesNegativeTestJSON:setUpClass): 201 POST http://10.180.1.21/identity/v3/auth/tokens 0.100s
2025-05-08 11:52:07.899 70856 INFO tempest.lib.common.rest_client [req-2688a216-54ef-45b9-84fd-55076add1216 req-2688a216-54ef-45b9-84fd-55076add1216 ] Request (FlavorsAccessNegativeTestJSON:_run_cleanups): 202 DELETE http://10.180.1.21/compute/v2.1/flavors/917868115 0.954s
2025-05-08 11:52:07.917 70824 INFO tempest.lib.common.rest_client [req-4ca1b17f-8edc-4516-9cf4-7d7f8919ed82 req-4ca1b17f-8edc-4516-9cf4-7d7f8919ed82 ] Request (FlavorsExtraSpecsTestJSON:test_flavor_set_get_update_show_unset_keys): 200 DELETE http://10.180.1.21/compute/v2.1/flavors/1177963270/os-extra_specs/hw:cpu_policy 0.933s
2025-05-08 11:52:07.939 70846 INFO tempest.lib.common.rest_client [req-6d12e251-2a38-4546-a011-8a842170470a req-6d12e251-2a38-4546-a011-8a842170470a ] Request (HypervisorAdminNegativeTestJSON:setUpClass): 204 PUT http://10.180.1.21/identity/v3/projects/7a45a31f43a441f39e93f90110d722fa/users/5e980ba2ab6340209499409df09f5de0/roles/c576744201224df7917ddb3198850232 0.099s
2025-05-08 11:52:07.945 70872 INFO tempest.lib.common.rest_client [req-964fb69b-bc61-4893-bc88-3f6b4e489604 req-964fb69b-bc61-4893-bc88-3f6b4e489604 ] Request (AttachInterfacesV270Test:test_create_get_list_interfaces): 200 GET http://10.180.1.21/compute/v2.1/servers/a85890d5-f32f-4355-beed-46111dbd588d 1.242s
2025-05-08 11:52:08.005 70846 INFO tempest.lib.common.rest_client [req-1b440032-9d9a-47c0-b929-99df2047564c req-1b440032-9d9a-47c0-b929-99df2047564c ] Request (HypervisorAdminNegativeTestJSON:setUpClass): 200 GET http://10.180.1.21/identity/v3/roles 0.065s
2025-05-08 11:52:08.027 70846 INFO tempest.lib.common.rest_client [req-c9af87f2-6d92-4d3c-b2be-431d801e3b9d req-c9af87f2-6d92-4d3c-b2be-431d801e3b9d ] Request (HypervisorAdminNegativeTestJSON:setUpClass): 204 PUT http://10.180.1.21/identity/v3/projects/7a45a31f43a441f39e93f90110d722fa/users/5e980ba2ab6340209499409df09f5de0/roles/c576744201224df7917ddb3198850232 0.022s
2025-05-08 11:52:08.028 70846 INFO tempest.lib.common.dynamic_creds [-] Dynamic test user 5e980ba2ab6340209499409df09f5de0 is created with scope project and roles: ['admin']
2025-05-08 11:52:08.028 70846 INFO tempest.lib.common.dynamic_creds [-] Acquired dynamic creds: credentials: Credentials: {'domain_id': 'default', 'domain_name': 'Default', 'username': 'tempest-HypervisorAdminNegativeTestJSON-1806657097-project-admin', 'project_domain_id': 'default', 'project_domain_name': 'Default', 'project_id': '7a45a31f43a441f39e93f90110d722fa', 'project_name': 'tempest-HypervisorAdminNegativeTestJSON-1806657097', 'tenant_id': '7a45a31f43a441f39e93f90110d722fa', 'tenant_name': 'tempest-HypervisorAdminNegativeTestJSON-1806657097', 'user_domain_id': 'default', 'user_domain_name': 'Default', 'user_id': '5e980ba2ab6340209499409df09f5de0', 'system': None}, Network: None, Subnet: None, Router: None
2025-05-08 11:52:08.028 70846 INFO tempest.lib.common.dynamic_creds [-] Created isolated network resources for: credentials: Credentials: {'domain_id': 'default', 'domain_name': 'Default', 'username': 'tempest-HypervisorAdminNegativeTestJSON-1806657097-project-admin', 'project_domain_id': 'default', 'project_domain_name': 'Default', 'project_id': '7a45a31f43a441f39e93f90110d722fa', 'project_name': 'tempest-HypervisorAdminNegativeTestJSON-1806657097', 'tenant_id': '7a45a31f43a441f39e93f90110d722fa', 'tenant_name': 'tempest-HypervisorAdminNegativeTestJSON-1806657097', 'user_domain_id': 'default', 'user_domain_name': 'Default', 'user_id': '5e980ba2ab6340209499409df09f5de0', 'system': None}, Network: None, Subnet: None, Router: None
2025-05-08 11:52:08.088 70874 INFO tempest.lib.common.rest_client [req-0fb65051-798d-49a4-bff0-db9cf6371134 req-0fb65051-798d-49a4-bff0-db9cf6371134 ] Request (ImagesMetadataTestJSON:setUp): 200 PUT http://10.180.1.21/compute/v2.1/images/b574b9d5-7741-4b14-979b-e45b50eba477/metadata 1.063s
2025-05-08 11:52:08.102 70876 INFO tempest.lib.common.rest_client [req-c741fd83-d0c8-4f8f-bd58-a429e945b33d req-c741fd83-d0c8-4f8f-bd58-a429e945b33d ] Request (DeleteServersAdminTestJSON:test_admin_delete_servers_of_others): 200 GET http://10.180.1.21/compute/v2.1/servers/ab26300f-4459-4600-b267-ace5bf3aa9e9 1.073s
2025-05-08 11:52:08.107 70844 INFO tempest.lib.common.rest_client [req-31680613-73bf-4358-b94b-0bde57393977 req-31680613-73bf-4358-b94b-0bde57393977 ] Request (FlavorsExtraSpecsNegativeTestJSON:test_flavor_update_more_key): 400 PUT http://10.180.1.21/compute/v2.1/flavors/1310673925/os-extra_specs/hw:numa_nodes 1.040s
2025-05-08 11:52:08.117 70846 INFO tempest.lib.common.rest_client [req-00199403-8fa3-4d46-88a2-1bd9ae6db101 req-00199403-8fa3-4d46-88a2-1bd9ae6db101 ] Request (HypervisorAdminNegativeTestJSON:setUpClass): 201 POST http://10.180.1.21/identity/v3/auth/tokens 0.085s
2025-05-08 11:52:08.203 70842 INFO tempest.lib.common.rest_client [req-807908be-1c36-4a42-b05f-dc4be09e1945 req-807908be-1c36-4a42-b05f-dc4be09e1945 ] Request (ServicesAdminNegativeV253TestJSON:test_list_services_with_non_admin_user): 403 GET http://10.180.1.21/compute/v2.1/os-services 1.143s
2025-05-08 11:52:08.217 70866 INFO tempest.lib.common.rest_client [req-380d837a-3a87-4012-ac08-996973ab459c req-380d837a-3a87-4012-ac08-996973ab459c ] Request (HostsAdminNegativeTestJSON:test_startup_nonexistent_host): 404 GET http://10.180.1.21/compute/v2.1/os-hosts/nonexistent_hostname/startup 1.143s
2025-05-08 11:52:08.222 70826 INFO tempest.lib.common.rest_client [req-85ef614e-18be-44c6-b96f-f803d42e659c req-85ef614e-18be-44c6-b96f-f803d42e659c ] Request (AggregatesAdminNegativeTestJSON:test_aggregate_create_aggregate_name_length_less_than_1): 400 POST http://10.180.1.21/compute/v2.1/os-aggregates 1.137s
2025-05-08 11:52:08.327 70842 INFO tempest.lib.common.rest_client [req-2708837d-488f-4526-98df-82e057176758 req-2708837d-488f-4526-98df-82e057176758 ] Request (ServicesAdminNegativeV253TestJSON:tearDownClass): 204 DELETE http://10.180.1.21/identity/v3/users/2a6757c8c8664fb7b07f916dcf06e119 0.122s
2025-05-08 11:52:08.453 70842 INFO tempest.lib.common.rest_client [req-d4425811-9a4d-4641-bd07-366045d0cf05 req-d4425811-9a4d-4641-bd07-366045d0cf05 ] Request (ServicesAdminNegativeV253TestJSON:tearDownClass): 204 DELETE http://10.180.1.21/identity/v3/users/b0ae3848054645f3a245ae6ce7d43eaa 0.126s
2025-05-08 11:52:08.453 70842 INFO tempest.lib.common.dynamic_creds [-] Deleting project and security group for project: d6c385623def46debd04870e89d04fcd
2025-05-08 11:52:08.514 70842 INFO tempest.lib.common.rest_client [req-3cff2ce3-a814-4a44-bd6a-ba9fcd985ad9 req-3cff2ce3-a814-4a44-bd6a-ba9fcd985ad9 ] Request (ServicesAdminNegativeV253TestJSON:tearDownClass): 201 POST http://10.180.1.21/identity/v3/auth/tokens 0.060s
2025-05-08 11:52:08.545 70882 INFO tempest.lib.common.rest_client [req-50b78b23-21ac-4e51-aa7b-c2bfc47f12e9 req-50b78b23-21ac-4e51-aa7b-c2bfc47f12e9 ] Request (ImagesTestJSON:setUpClass): 200 PUT http://10.180.1.21:9696/networking/v2.0/routers/a5dfc459-4a47-4f46-ab95-1627d6b0baa8/add_router_interface 3.301s
2025-05-08 11:52:08.546 70882 INFO tempest.lib.common.dynamic_creds [-] Created isolated network resources for: credentials: Credentials: {'domain_id': 'default', 'domain_name': 'Default', 'username': 'tempest-ImagesTestJSON-1564979202-project-member', 'project_domain_id': 'default', 'project_domain_name': 'Default', 'project_id': 'cbe760689ebb4193b1b9e4776cb4bf6c', 'project_name': 'tempest-ImagesTestJSON-1564979202', 'tenant_id': 'cbe760689ebb4193b1b9e4776cb4bf6c', 'tenant_name': 'tempest-ImagesTestJSON-1564979202', 'user_domain_id': 'default', 'user_domain_name': 'Default', 'user_id': 'f5b737ac736a434c83862dfa9fab7af7', 'system': None}, Network: {'id': '825937e7-152b-482b-bf7f-98ae0fc280e3', 'name': 'tempest-ImagesTestJSON-1914664986-network', 'tenant_id': 'cbe760689ebb4193b1b9e4776cb4bf6c', 'admin_state_up': True, 'mtu': 8950, 'status': 'ACTIVE', 'subnets': [], 'shared': False, 'project_id': 'cbe760689ebb4193b1b9e4776cb4bf6c', 'port_security_enabled': True, 'router:external': False, 'provider:network_type': 'vlan', 'provider:physical_network': 'default', 'provider:segmentation_id': 604, 'availability_zone_hints': [], 'availability_zones': [], 'ipv4_address_scope': None, 'ipv6_address_scope': None, 'description': '', 'tags': [], 'created_at': '2025-05-08T11:52:02Z', 'updated_at': '2025-05-08T11:52:02Z', 'revision_number': 1}, Subnet: {'id': '30595563-b3c0-434e-9c6a-950af2b708d5', 'name': 'tempest-ImagesTestJSON-1914664986-subnet', 'tenant_id': 'cbe760689ebb4193b1b9e4776cb4bf6c', 'network_id': '825937e7-152b-482b-bf7f-98ae0fc280e3', 'ip_version': 4, 'subnetpool_id': None, 'enable_dhcp': True, 'ipv6_ra_mode': None, 'ipv6_address_mode': None, 'gateway_ip': '192.168.128.1', 'cidr': '192.168.128.0/28', 'allocation_pools': [{'start': '192.168.128.2', 'end': '192.168.128.14'}], 'host_routes': [], 'dns_nameservers': [], 'description': '', 'router:external': False, 'service_types': [], 'tags': [], 'created_at': '2025-05-08T11:52:03Z', 'updated_at': '2025-05-08T11:52:03Z', 'revision_number': 0, 'project_id': 'cbe760689ebb4193b1b9e4776cb4bf6c'}, Router: {'id': 'a5dfc459-4a47-4f46-ab95-1627d6b0baa8', 'name': 'tempest-ImagesTestJSON-1914664986-router', 'tenant_id': 'cbe760689ebb4193b1b9e4776cb4bf6c', 'admin_state_up': True, 'status': 'ACTIVE', 'external_gateway_info': {'network_id': '9771eda1-dee2-4c09-ba72-0f31b4bce0e4', 'external_fixed_ips': [{'subnet_id': '08089768-d71c-4303-a879-87c181e24cc6', 'ip_address': '10.180.180.252'}], 'enable_snat': True}, 'description': '', 'availability_zones': [], 'distributed': False, 'ha': False, 'availability_zone_hints': [], 'routes': [], 'flavor_id': None, 'tags': [], 'created_at': '2025-05-08T11:52:03Z', 'updated_at': '2025-05-08T11:52:04Z', 'revision_number': 2, 'project_id': 'cbe760689ebb4193b1b9e4776cb4bf6c'}
2025-05-08 11:52:08.629 70882 INFO tempest.lib.common.rest_client [req-4dace742-eef8-42ad-a212-a4fba87fba69 req-4dace742-eef8-42ad-a212-a4fba87fba69 ] Request (ImagesTestJSON:setUpClass): 201 POST http://10.180.1.21/identity/v3/auth/tokens 0.079s
2025-05-08 11:52:08.668 70882 INFO tempest.lib.common.rest_client [req-cfd97a33-1395-4db7-a5f6-e8a12d362809 req-cfd97a33-1395-4db7-a5f6-e8a12d362809 ] Request (ImagesTestJSON:test_create_image_from_stopped_server): 201 POST http://10.180.1.21/identity/v3/auth/tokens 0.032s
2025-05-08 11:52:08.668 70882 INFO tempest.lib.common.fixed_network [-] (ImagesTestJSON:test_create_image_from_stopped_server) Found network {'id': '825937e7-152b-482b-bf7f-98ae0fc280e3', 'name': 'tempest-ImagesTestJSON-1914664986-network', 'tenant_id': 'cbe760689ebb4193b1b9e4776cb4bf6c', 'admin_state_up': True, 'mtu': 8950, 'status': 'ACTIVE', 'subnets': [], 'shared': False, 'project_id': 'cbe760689ebb4193b1b9e4776cb4bf6c', 'port_security_enabled': True, 'router:external': False, 'provider:network_type': 'vlan', 'provider:physical_network': 'default', 'provider:segmentation_id': 604, 'availability_zone_hints': [], 'availability_zones': [], 'ipv4_address_scope': None, 'ipv6_address_scope': None, 'description': '', 'tags': [], 'created_at': '2025-05-08T11:52:02Z', 'updated_at': '2025-05-08T11:52:02Z', 'revision_number': 1} available for tenant
2025-05-08 11:52:08.718 70868 INFO tempest.lib.common.rest_client [req-dfdc95aa-e59a-45c7-bc4a-8a625c1c672a req-dfdc95aa-e59a-45c7-bc4a-8a625c1c672a ] Request (ServersAdminTestJSON:setUpClass): 201 POST http://10.180.1.21:9696/networking/v2.0/networks 0.929s
2025-05-08 11:52:08.725 70864 INFO tempest.lib.common.rest_client [req-640a2cf9-0507-4dfc-a862-4a17ec51b8c2 req-640a2cf9-0507-4dfc-a862-4a17ec51b8c2 ] Request (QuotasAdminNegativeTest:test_create_server_when_cpu_quota_is_full): 403 POST http://10.180.1.21/compute/v2.1/servers 1.624s
2025-05-08 11:52:08.737 70832 INFO tempest.lib.common.rest_client [req-862b7dcc-58b4-4e6b-9889-39d1828e27b1 req-862b7dcc-58b4-4e6b-9889-39d1828e27b1 ] Request (FloatingIPDetailsTestJSON:tearDownClass): 202 DELETE http://10.180.1.21/compute/v2.1/os-floating-ips/ea762b81-01f9-4069-a78a-bafdb5fedf59 1.668s
2025-05-08 11:52:08.764 70878 INFO tempest.lib.common.rest_client [req-143def0c-3af0-4751-84dc-0c91d0594958 req-143def0c-3af0-4751-84dc-0c91d0594958 ] Request (ImagesMetadataNegativeTestJSON:test_set_nonexistent_image_metadata_item): 404 PUT http://10.180.1.21/compute/v2.1/images/ea64d2d8-4730-4c72-a9db-cf49281689b1/metadata/os_distro 1.648s
2025-05-08 11:52:08.784 70834 INFO tempest.lib.common.rest_client [req-472f1b70-f38c-4ab5-a6a5-aafd038c7bf5 req-472f1b70-f38c-4ab5-a6a5-aafd038c7bf5 ] Request (FlavorsAdminTestJSON:test_create_flavor_with_none_id): 200 POST http://10.180.1.21/compute/v2.1/flavors 1.654s
2025-05-08 11:52:08.789 70842 INFO tempest.lib.common.rest_client [req-366cb3c8-a2e7-45ce-a312-246885c0d603 req-366cb3c8-a2e7-45ce-a312-246885c0d603 ] Request (ServicesAdminNegativeV253TestJSON:tearDownClass): 200 GET http://10.180.1.21:9696/networking/v2.0/security-groups?tenant_id=d6c385623def46debd04870e89d04fcd&name=default 0.274s
2025-05-08 11:52:08.805 70860 INFO tempest.lib.common.rest_client [req-6c0040d4-6145-4757-a284-b7b061bee4cf req-6c0040d4-6145-4757-a284-b7b061bee4cf ] Request (ValidationResourcesFixture:setUp): 200 POST http://10.180.1.21/compute/v2.1/os-keypairs 1.647s
2025-05-08 11:52:08.810 70838 INFO tempest.lib.common.rest_client [req-1af9677e-3a02-4e50-a1ed-a714173177c6 req-1af9677e-3a02-4e50-a1ed-a714173177c6 ] Request (VolumesAssistedSnapshotsTest:test_volume_assisted_snapshot_create_delete): 200 GET http://10.180.1.21/volume/v3/volumes/7b322a01-3aa6-47c1-8a7f-3f3174211cfb 0.052s
2025-05-08 11:52:08.818 70838 INFO tempest.common.waiters [-] volume 7b322a01-3aa6-47c1-8a7f-3f3174211cfb reached available after waiting for 1.818131 seconds
2025-05-08 11:52:08.821 70822 INFO tempest.lib.common.rest_client [req-983016ab-76ff-486d-aecd-05e1193540a4 req-983016ab-76ff-486d-aecd-05e1193540a4 ] Request (ListImageFiltersTestJSON:setUpClass): 200 GET http://10.180.1.21/compute/v2.1/images/a7bfea0b-4ac7-4fb3-a23e-2909ee31d7d0 1.653s
2025-05-08 11:52:08.929 70842 INFO tempest.lib.common.rest_client [req-bf11a628-609a-4c4f-b778-cfa8920bae7d req-bf11a628-609a-4c4f-b778-cfa8920bae7d ] Request (ServicesAdminNegativeV253TestJSON:tearDownClass): 204 DELETE http://10.180.1.21:9696/networking/v2.0/security-groups/dbd1c34e-f170-4118-a879-3b1a95975da9 0.140s
2025-05-08 11:52:08.942 70880 INFO tempest.lib.common.rest_client [req-b678983f-ddc9-4f3b-a09d-d4623a13bbe7 req-b678983f-ddc9-4f3b-a09d-d4623a13bbe7 ] Request (ServerActionsTestOtherA:setUpClass): 200 GET http://10.180.1.21/compute/v2.1/servers/a2359267-0c7a-4410-86c1-caf5e26bc921 1.293s
2025-05-08 11:52:08.953 70880 INFO tempest.common.waiters [-] State transition "BUILD/None" ==> "BUILD/block_device_mapping" after 7 second wait
2025-05-08 11:52:08.994 70850 INFO tempest.lib.common.rest_client [req-b275bfd7-b31f-4168-bf18-1c620f77ffcf req-b275bfd7-b31f-4168-bf18-1c620f77ffcf ] Request (ImagesNegativeTestJSON:setUpClass): 201 POST http://10.180.1.21:9696/networking/v2.0/routers 1.651s
2025-05-08 11:52:08.995 70870 INFO tempest.lib.common.rest_client [req-05754013-6146-4179-8f8d-db6b3c8beba9 req-05754013-6146-4179-8f8d-db6b3c8beba9 ] Request (FloatingIPsAssociationTestJSON:setUpClass): 200 GET http://10.180.1.21/compute/v2.1/servers/ced9a0e6-abc1-48ae-9aed-8e6985fc6cb0 1.516s
2025-05-08 11:52:09.024 70836 INFO tempest.lib.common.rest_client [req-c9e3d3fa-0d2c-41d1-95d5-d1d89f3033eb req-c9e3d3fa-0d2c-41d1-95d5-d1d89f3033eb ] Request (FlavorsAccessTestJSON:_run_cleanups): 202 DELETE http://10.180.1.21/compute/v2.1/flavors/1045058345 1.344s
2025-05-08 11:52:09.064 70842 INFO tempest.lib.common.rest_client [req-8a8bad62-6483-4797-ab97-0a7490ce70d1 req-8a8bad62-6483-4797-ab97-0a7490ce70d1 ] Request (ServicesAdminNegativeV253TestJSON:tearDownClass): 204 DELETE http://10.180.1.21/identity/v3/projects/d6c385623def46debd04870e89d04fcd 0.132s
2025-05-08 11:52:09.065 70842 INFO tempest.lib.common.dynamic_creds [-] Deleting project and security group for project: 8745e2b65d8a415d93e8693adbc701cf
2025-05-08 11:52:09.065 70828 INFO tempest.lib.common.rest_client [req-a3f94895-185b-4ff1-9e5d-18d00bf2e7f0 req-a3f94895-185b-4ff1-9e5d-18d00bf2e7f0 ] Request (KeyPairsV2TestJSON:test_keypair_create_with_pub_key): 200 POST http://10.180.1.21/compute/v2.1/os-keypairs 1.383s
2025-05-08 11:52:09.101 70856 INFO tempest.lib.common.rest_client [req-b422dc0e-e6ef-4292-8fd9-34c61a49192e req-b422dc0e-e6ef-4292-8fd9-34c61a49192e ] Request (FlavorsAccessNegativeTestJSON:_run_cleanups): 200 GET http://10.180.1.21/compute/v2.1/flavors/detail 1.201s
2025-05-08 11:52:09.228 70860 INFO tempest.lib.common.rest_client [req-bc3b81a1-4c86-4581-b24d-b212b99fe5bb req-bc3b81a1-4c86-4581-b24d-b212b99fe5bb ] Request (ValidationResourcesFixture:setUp): 201 POST http://10.180.1.21:9696/networking/v2.0/security-groups 0.421s
2025-05-08 11:52:09.253 70858 INFO tempest.lib.common.rest_client [req-9b2419bb-fddb-49f9-9337-4378734e12c6 req-9b2419bb-fddb-49f9-9337-4378734e12c6 ] Request (QuotasAdminTestV257:test_get_updated_quotas): 200 GET http://10.180.1.21/compute/v2.1/os-quota-sets/b337c802056344ba9823d5206339fd1e?user_id=f5db809001474c33847c252a9d65c856 1.601s
2025-05-08 11:52:09.273 70824 INFO tempest.lib.common.rest_client [req-3ccdadfb-a266-4d3f-9254-3bda7085d3d9 req-3ccdadfb-a266-4d3f-9254-3bda7085d3d9 ] Request (FlavorsExtraSpecsTestJSON:test_flavor_set_get_update_show_unset_keys): 200 GET http://10.180.1.21/compute/v2.1/flavors/1177963270/os-extra_specs 1.356s
2025-05-08 11:52:09.293 70849 INFO tempest.lib.common.rest_client [req-b747fecb-6a23-4f6a-9116-4effe4345ab4 req-b747fecb-6a23-4f6a-9116-4effe4345ab4 ] Request (TenantUsagesNegativeTestJSON:test_get_usage_tenant_with_empty_tenant_id): 404 GET http://10.180.1.21/compute/v2.1/os-simple-tenant-usage/?start=2025-05-07T11%3A52%3A07.900837&end=2025-05-09T11%3A52%3A07.900837 1.391s
2025-05-08 11:52:09.295 70849 WARNING tempest.lib.common.rest_client [-] Deprecated: "tenant_id" property is deprecated for removal, use "project_id" instead
2025-05-08 11:52:09.353 70858 INFO tempest.lib.common.rest_client [req-bf74d29b-d5d0-4aac-a62c-bbe60d7492a6 req-bf74d29b-d5d0-4aac-a62c-bbe60d7492a6 ] Request (QuotasAdminTestV257:_run_cleanups): 204 DELETE http://10.180.1.21/identity/v3/users/f5db809001474c33847c252a9d65c856 0.097s
2025-05-08 11:52:09.383 70822 INFO tempest.lib.common.rest_client [req-78fcc1b0-574f-4e93-b5fc-62a7161420bf req-78fcc1b0-574f-4e93-b5fc-62a7161420bf ] Request (ListImageFiltersTestJSON:setUpClass): 201 POST http://10.180.1.21/image/v2/images 0.556s
2025-05-08 11:52:09.404 70868 INFO tempest.lib.common.rest_client [req-f1792e65-d48b-451c-87e2-f54cb701a5b1 req-f1792e65-d48b-451c-87e2-f54cb701a5b1 ] Request (ServersAdminTestJSON:setUpClass): 201 POST http://10.180.1.21:9696/networking/v2.0/subnets 0.684s
2025-05-08 11:52:09.468 70858 INFO tempest.lib.common.rest_client [req-06caf930-60b3-4539-95cf-d13203494810 req-06caf930-60b3-4539-95cf-d13203494810 ] Request (QuotasAdminTestV257:_run_cleanups): 204 DELETE http://10.180.1.21/identity/v3/projects/b337c802056344ba9823d5206339fd1e 0.114s
2025-05-08 11:52:09.499 70844 INFO tempest.lib.common.rest_client [req-3830f47e-5122-4b48-b752-17d188e41f50 req-3830f47e-5122-4b48-b752-17d188e41f50 ] Request (FlavorsExtraSpecsNegativeTestJSON:tearDownClass): 202 DELETE http://10.180.1.21/compute/v2.1/flavors/1310673925 1.388s
2025-05-08 11:52:09.586 70874 INFO tempest.lib.common.rest_client [req-9726d09e-1cf7-4d82-98b2-5fdc9efa11f8 req-9726d09e-1cf7-4d82-98b2-5fdc9efa11f8 ] Request (ImagesMetadataTestJSON:test_set_image_metadata): 200 PUT http://10.180.1.21/compute/v2.1/images/b574b9d5-7741-4b14-979b-e45b50eba477/metadata 1.497s
2025-05-08 11:52:09.597 70866 INFO tempest.lib.common.rest_client [req-34c21ec0-2557-4b96-8dbe-b58fe22da381 req-34c21ec0-2557-4b96-8dbe-b58fe22da381 ] Request (HostsAdminNegativeTestJSON:test_update_host_with_invalid_maintenance_mode): 400 PUT http://10.180.1.21/compute/v2.1/os-hosts/devstack 1.379s
2025-05-08 11:52:09.604 70826 INFO tempest.lib.common.rest_client [req-b80bffc8-795d-40a9-a7bf-19e4cec75b35 req-b80bffc8-795d-40a9-a7bf-19e4cec75b35 ] Request (AggregatesAdminNegativeTestJSON:test_aggregate_create_as_user): 403 POST http://10.180.1.21/compute/v2.1/os-aggregates 1.381s
2025-05-08 11:52:09.616 70858 INFO tempest.lib.common.rest_client [req-596c5238-6a19-467b-8e44-a1d0ca9fc108 req-596c5238-6a19-467b-8e44-a1d0ca9fc108 ] Request (QuotasAdminTestV257:tearDownClass): 204 DELETE http://10.180.1.21/identity/v3/users/492ba8363f16437eacc10d8326f1bc26 0.146s
2025-05-08 11:52:09.631 70846 INFO tempest.lib.common.rest_client [req-9e5e88ad-ef2e-45fc-8dbb-da2753cb910c req-9e5e88ad-ef2e-45fc-8dbb-da2753cb910c ] Request (HypervisorAdminNegativeTestJSON:test_get_hypervisor_list_details_with_non_admin_user): 403 GET http://10.180.1.21/compute/v2.1/os-hypervisors/detail 1.512s
2025-05-08 11:52:09.701 70842 INFO tempest.lib.common.rest_client [req-0048c4f5-7077-4522-ac29-ded715790f7a req-0048c4f5-7077-4522-ac29-ded715790f7a ] Request (ServicesAdminNegativeV253TestJSON:tearDownClass): 200 GET http://10.180.1.21:9696/networking/v2.0/security-groups?tenant_id=8745e2b65d8a415d93e8693adbc701cf&name=default 0.637s
2025-05-08 11:52:09.717 70858 INFO tempest.lib.common.rest_client [req-e3cbb50b-8589-48b3-a367-ebad229bc531 req-e3cbb50b-8589-48b3-a367-ebad229bc531 ] Request (QuotasAdminTestV257:tearDownClass): 204 DELETE http://10.180.1.21/identity/v3/users/06478f9c919e4fbe85fdde61c5e648af 0.101s
2025-05-08 11:52:09.718 70858 INFO tempest.lib.common.dynamic_creds [-] Deleting project and security group for project: 065e92e7c65c466d8b6c850a5b411409
2025-05-08 11:52:09.745 70862 INFO tempest.lib.common.rest_client [req-4b43d322-f0bc-456a-a1f8-ba74157d2d55 req-4b43d322-f0bc-456a-a1f8-ba74157d2d55 ] Request (ServerDiskConfigTestJSON:test_rebuild_server_with_auto_disk_config): 200 GET http://10.180.1.21/compute/v2.1/servers/76d4543f-0743-4cbf-ba91-90d3cfd3fa38 1.472s
2025-05-08 11:52:09.785 70858 INFO tempest.lib.common.rest_client [req-67151feb-d042-4d55-82a5-5d269e1b47a9 req-67151feb-d042-4d55-82a5-5d269e1b47a9 ] Request (QuotasAdminTestV257:tearDownClass): 201 POST http://10.180.1.21/identity/v3/auth/tokens 0.067s
2025-05-08 11:52:09.908 70860 INFO tempest.lib.common.rest_client [req-f2063d6f-8083-4c1d-ae69-ce5063ab624f req-f2063d6f-8083-4c1d-ae69-ce5063ab624f ] Request (ValidationResourcesFixture:setUp): 201 POST http://10.180.1.21:9696/networking/v2.0/security-group-rules 0.680s
2025-05-08 11:52:09.940 70852 INFO tempest.lib.common.rest_client [req-29da9233-4401-445b-b231-44a63d67edfb req-29da9233-4401-445b-b231-44a63d67edfb ] Request (ServerDiagnosticsTest:test_get_server_diagnostics): 200 GET http://10.180.1.21/compute/v2.1/servers/42fb6e48-55b7-4d40-8978-6114e30fc6ed 1.282s
2025-05-08 11:52:10.011 70840 INFO tempest.lib.common.rest_client [req-a4238968-ff81-48c8-8302-ff2cf87d11fa req-a4238968-ff81-48c8-8302-ff2cf87d11fa ] Request (ServerPasswordTestJSON:setUpClass): 201 POST http://10.180.1.21:9696/networking/v2.0/routers 2.754s
2025-05-08 11:52:10.093 70864 INFO tempest.lib.common.rest_client [req-c2a8404f-75c6-42ea-a9aa-002f2bfd7937 req-c2a8404f-75c6-42ea-a9aa-002f2bfd7937 ] Request (QuotasAdminNegativeTest:_run_cleanups): 200 PUT http://10.180.1.21/compute/v2.1/os-quota-sets/5de08c6537504ba095f09cd6a951d1e9 1.367s
2025-05-08 11:52:10.170 70842 INFO tempest.lib.common.rest_client [req-9e0023bb-5d84-41b4-a742-c50e08460e96 req-9e0023bb-5d84-41b4-a742-c50e08460e96 ] Request (ServicesAdminNegativeV253TestJSON:tearDownClass): 204 DELETE http://10.180.1.21:9696/networking/v2.0/security-groups/cd52b6f7-0080-4a9b-9240-66e4556248c9 0.468s
2025-05-08 11:52:10.267 70842 INFO tempest.lib.common.rest_client [req-6d6aea76-d968-4613-97b2-9a8c5ea1ce69 req-6d6aea76-d968-4613-97b2-9a8c5ea1ce69 ] Request (ServicesAdminNegativeV253TestJSON:tearDownClass): 204 DELETE http://10.180.1.21/identity/v3/projects/8745e2b65d8a415d93e8693adbc701cf 0.096s
2025-05-08 11:52:10.361 70842 INFO tempest.lib.common.rest_client [req-4da5dc51-6cb2-40e6-b243-9e373a5b7902 req-4da5dc51-6cb2-40e6-b243-9e373a5b7902 ] Request (ServerActionsTestJSON:setUpClass): 201 POST http://10.180.1.21/identity/v3/auth/tokens 0.092s
2025-05-08 11:52:10.378 70858 INFO tempest.lib.common.rest_client [req-280c9a6a-7403-4ba3-bfd4-8f9d8550a180 req-280c9a6a-7403-4ba3-bfd4-8f9d8550a180 ] Request (QuotasAdminTestV257:tearDownClass): 200 GET http://10.180.1.21:9696/networking/v2.0/security-groups?tenant_id=065e92e7c65c466d8b6c850a5b411409&name=default 0.593s
2025-05-08 11:52:10.401 70842 INFO tempest.lib.common.rest_client [req-d6e35c36-f07e-4498-8524-bc47701cf712 req-d6e35c36-f07e-4498-8524-bc47701cf712 ] Request (ServerActionsTestJSON:setUpClass): 201 POST http://10.180.1.21/identity/v3/auth/tokens 0.038s
2025-05-08 11:52:10.437 70860 INFO tempest.lib.common.rest_client [req-4f5e57be-4cbf-4270-a879-ad54cdba2500 req-4f5e57be-4cbf-4270-a879-ad54cdba2500 ] Request (ValidationResourcesFixture:setUp): 201 POST http://10.180.1.21:9696/networking/v2.0/security-group-rules 0.528s
2025-05-08 11:52:10.449 70842 INFO tempest.lib.common.rest_client [req-c2d40776-99e4-435a-ac6a-4cf89605e4be req-c2d40776-99e4-435a-ac6a-4cf89605e4be ] Request (ServerActionsTestJSON:setUpClass): 200 GET http://10.180.1.21/identity/v3/domains?name=Default 0.047s
2025-05-08 11:52:10.484 70842 INFO tempest.lib.common.rest_client [req-57e2ad18-7fb4-40ae-883b-57a6e6724736 req-57e2ad18-7fb4-40ae-883b-57a6e6724736 ] Request (ServerActionsTestJSON:setUpClass): 201 POST http://10.180.1.21/identity/v3/projects 0.035s
2025-05-08 11:52:10.548 70842 INFO tempest.lib.common.rest_client [req-78ef2618-d4d4-487d-b7b9-acaa0590a42c req-78ef2618-d4d4-487d-b7b9-acaa0590a42c ] Request (ServerActionsTestJSON:setUpClass): 201 POST http://10.180.1.21/identity/v3/users 0.063s
2025-05-08 11:52:10.571 70842 INFO tempest.lib.common.rest_client [req-cae0ed4c-2864-478f-9c80-ceaf056d7302 req-cae0ed4c-2864-478f-9c80-ceaf056d7302 ] Request (ServerActionsTestJSON:setUpClass): 200 GET http://10.180.1.21/identity/v3/roles 0.022s
2025-05-08 11:52:10.603 70842 INFO tempest.lib.common.rest_client [req-f615ef06-3328-4ec7-8858-4dcc3d4c3881 req-f615ef06-3328-4ec7-8858-4dcc3d4c3881 ] Request (ServerActionsTestJSON:setUpClass): 204 PUT http://10.180.1.21/identity/v3/projects/cecd2691d1d54b7480090328eb29a4ba/users/d5b01ad8268f46cf8f33c06dc4b1276e/roles/38b07e1af7cc4c8cb840641d75167f5b 0.032s
2025-05-08 11:52:10.603 70842 INFO tempest.lib.common.dynamic_creds [-] Dynamic test user d5b01ad8268f46cf8f33c06dc4b1276e is created with scope project and roles: ['member']
2025-05-08 11:52:10.604 70842 INFO tempest.lib.common.dynamic_creds [-] Acquired dynamic creds: credentials: Credentials: {'domain_id': 'default', 'domain_name': 'Default', 'username': 'tempest-ServerActionsTestJSON-1674828100-project-member', 'project_domain_id': 'default', 'project_domain_name': 'Default', 'project_id': 'cecd2691d1d54b7480090328eb29a4ba', 'project_name': 'tempest-ServerActionsTestJSON-1674828100', 'tenant_id': 'cecd2691d1d54b7480090328eb29a4ba', 'tenant_name': 'tempest-ServerActionsTestJSON-1674828100', 'user_domain_id': 'default', 'user_domain_name': 'Default', 'user_id': 'd5b01ad8268f46cf8f33c06dc4b1276e', 'system': None}, Network: None, Subnet: None, Router: None
2025-05-08 11:52:10.684 70858 INFO tempest.lib.common.rest_client [req-f30f773d-b7ae-47c4-8309-d97e586e2d45 req-f30f773d-b7ae-47c4-8309-d97e586e2d45 ] Request (QuotasAdminTestV257:tearDownClass): 204 DELETE http://10.180.1.21:9696/networking/v2.0/security-groups/bdc98d2e-9aaf-428b-b360-fdc424ed091d 0.305s
2025-05-08 11:52:10.686 70842 INFO tempest.lib.common.rest_client [req-9f574edb-8a72-4409-90ea-ec80802dd24f req-9f574edb-8a72-4409-90ea-ec80802dd24f ] Request (ServerActionsTestJSON:setUpClass): 201 POST http://10.180.1.21/identity/v3/auth/tokens 0.081s
2025-05-08 11:52:10.791 70858 INFO tempest.lib.common.rest_client [req-9927225c-b499-45c1-9b45-2c161be0d037 req-9927225c-b499-45c1-9b45-2c161be0d037 ] Request (QuotasAdminTestV257:tearDownClass): 204 DELETE http://10.180.1.21/identity/v3/projects/065e92e7c65c466d8b6c850a5b411409 0.106s
2025-05-08 11:52:10.791 70858 INFO tempest.lib.common.dynamic_creds [-] Deleting project and security group for project: 54c4fad03af24259ad8172f8dc849427
2025-05-08 11:52:10.862 70882 INFO tempest.lib.common.rest_client [req-611dcbce-0843-458c-ae11-19a34c61ce00 req-611dcbce-0843-458c-ae11-19a34c61ce00 ] Request (ImagesTestJSON:test_create_image_from_stopped_server): 202 POST http://10.180.1.21/compute/v2.1/servers 2.193s
2025-05-08 11:52:10.893 70878 INFO tempest.lib.common.rest_client [req-38e9e2a7-3778-490f-8ae4-5900bfd5e0b0 req-38e9e2a7-3778-490f-8ae4-5900bfd5e0b0 ] Request (ImagesMetadataNegativeTestJSON:test_update_nonexistent_image_metadata): 404 POST http://10.180.1.21/compute/v2.1/images/094b9810-65fc-4c70-ac0c-6c44bdefd2ad/metadata 2.127s
2025-05-08 11:52:10.934 70834 INFO tempest.lib.common.rest_client [req-35c8ea02-6a75-4d2e-8717-213b1d2bacdf req-35c8ea02-6a75-4d2e-8717-213b1d2bacdf ] Request (FlavorsAdminTestJSON:_run_cleanups): 202 DELETE http://10.180.1.21/compute/v2.1/flavors/5a8c7982-b83f-49de-9d72-cf1e6f69fd07 2.148s
2025-05-08 11:52:11.029 70820 INFO tempest.lib.common.rest_client [req-88182ca7-6e7d-48b5-a0b0-570e3c76143e req-88182ca7-6e7d-48b5-a0b0-570e3c76143e ] Request (ServerDiagnosticsNegativeTest:test_get_server_diagnostics_by_non_admin): 200 GET http://10.180.1.21/compute/v2.1/servers/9de8a0cb-5d59-4f28-b1a8-64ab299e8fe4 2.222s
2025-05-08 11:52:11.039 70878 INFO tempest.lib.common.rest_client [req-b07b4928-e7f1-47d2-8597-3924036d0a09 req-b07b4928-e7f1-47d2-8597-3924036d0a09 ] Request (ImagesMetadataNegativeTestJSON:tearDownClass): 204 DELETE http://10.180.1.21/identity/v3/users/729903111c0e4753a9a2eb1afbb86765 0.141s
2025-05-08 11:52:11.040 70878 INFO tempest.lib.common.dynamic_creds [-] Deleting project and security group for project: 0dd74265822046e4b50b348445e504aa
2025-05-08 11:52:11.151 70878 INFO tempest.lib.common.rest_client [req-f887eec1-e2ca-4588-8978-4a36b4f66f4b req-f887eec1-e2ca-4588-8978-4a36b4f66f4b ] Request (ImagesMetadataNegativeTestJSON:tearDownClass): 201 POST http://10.180.1.21/identity/v3/auth/tokens 0.111s
2025-05-08 11:52:11.214 70838 INFO tempest.lib.common.rest_client [req-e1206dba-59f9-40b4-96e0-2d2d69824258 req-e1206dba-59f9-40b4-96e0-2d2d69824258 ] Request (VolumesAssistedSnapshotsTest:test_volume_assisted_snapshot_create_delete): 200 POST http://10.180.1.21/compute/v2.1/os-keypairs 2.394s
2025-05-08 11:52:11.300 70822 INFO tempest.lib.common.rest_client [req-f729c7cd-32e5-47d0-ba35-737a6fbc5d87 req-f729c7cd-32e5-47d0-ba35-737a6fbc5d87 ] Request (ListImageFiltersTestJSON:setUpClass): 204 PUT http://10.180.1.21/image/v2/images/cd70b31a-cabc-4af9-a364-e8ac545e97c9/file 0.916s
2025-05-08 11:52:11.312 70854 INFO tempest.lib.common.rest_client [req-464bf6b9-86e2-4df0-927b-df3cc056e9ed req-464bf6b9-86e2-4df0-927b-df3cc056e9ed ] Request (ServerDiagnosticsV248Test:test_get_server_diagnostics): 200 GET http://10.180.1.21/compute/v2.1/servers/7b1e9f41-91a3-4135-abdb-864109cb712a 2.422s
2025-05-08 11:52:11.327 70854 INFO tempest.common.waiters [-] State transition "BUILD/spawning" ==> "ACTIVE/None" after 16 second wait
2025-05-08 11:52:11.564 70858 INFO tempest.lib.common.rest_client [req-60251837-ca63-4cf7-b011-60446df42ce0 req-60251837-ca63-4cf7-b011-60446df42ce0 ] Request (QuotasAdminTestV257:tearDownClass): 200 GET http://10.180.1.21:9696/networking/v2.0/security-groups?tenant_id=54c4fad03af24259ad8172f8dc849427&name=default 0.772s
2025-05-08 11:52:11.570 70838 INFO tempest.lib.common.rest_client [req-edf8d697-eab8-4e88-8d6d-2141c9cd280a req-edf8d697-eab8-4e88-8d6d-2141c9cd280a ] Request (VolumesAssistedSnapshotsTest:test_volume_assisted_snapshot_create_delete): 201 POST http://10.180.1.21:9696/networking/v2.0/security-groups 0.354s
2025-05-08 11:52:11.629 70878 INFO tempest.lib.common.rest_client [req-5da99937-670d-4538-8c7b-ee11762625f3 req-5da99937-670d-4538-8c7b-ee11762625f3 ] Request (ImagesMetadataNegativeTestJSON:tearDownClass): 200 GET http://10.180.1.21:9696/networking/v2.0/security-groups?tenant_id=0dd74265822046e4b50b348445e504aa&name=default 0.478s
2025-05-08 11:52:11.666 70872 INFO tempest.lib.common.rest_client [req-8692696d-ccf2-460e-b8ae-fdafdf575671 req-8692696d-ccf2-460e-b8ae-fdafdf575671 ] Request (AttachInterfacesV270Test:test_create_get_list_interfaces): 200 GET http://10.180.1.21/compute/v2.1/servers/a85890d5-f32f-4355-beed-46111dbd588d 2.709s
2025-05-08 11:52:11.689 70836 INFO tempest.lib.common.rest_client [req-33d10f18-8f0f-4abc-bd49-540353203401 req-33d10f18-8f0f-4abc-bd49-540353203401 ] Request (FlavorsAccessTestJSON:_run_cleanups): 200 GET http://10.180.1.21/compute/v2.1/flavors/detail 2.664s
2025-05-08 11:52:11.709 70828 INFO tempest.lib.common.rest_client [req-c05fbcdd-9506-493a-9530-857cffed6e5e req-c05fbcdd-9506-493a-9530-857cffed6e5e ] Request (KeyPairsV2TestJSON:_run_cleanups): 202 DELETE http://10.180.1.21/compute/v2.1/os-keypairs/tempest-keypair-907657620 2.643s
2025-05-08 11:52:11.827 70836 INFO tempest.lib.common.rest_client [req-d12459ae-cd7e-4bfe-8bc2-0850ef89f93f req-d12459ae-cd7e-4bfe-8bc2-0850ef89f93f ] Request (FlavorsAccessTestJSON:tearDownClass): 204 DELETE http://10.180.1.21/identity/v3/users/b726065117344d0b81b32257711e45ad 0.130s
2025-05-08 11:52:11.845 70832 INFO tempest.lib.common.rest_client [req-95285ff3-cce5-4a1b-a63b-465bf384db72 req-95285ff3-cce5-4a1b-a63b-465bf384db72 ] Request (FloatingIPDetailsTestJSON:tearDownClass): 202 DELETE http://10.180.1.21/compute/v2.1/os-floating-ips/191410f9-155b-497d-9889-37735553d8eb 3.107s
2025-05-08 11:52:11.847 70878 INFO tempest.lib.common.rest_client [req-186d4724-aa0f-40ef-9a76-d2806bfd731a req-186d4724-aa0f-40ef-9a76-d2806bfd731a ] Request (ImagesMetadataNegativeTestJSON:tearDownClass): 204 DELETE http://10.180.1.21:9696/networking/v2.0/security-groups/0d58e43d-ea73-466f-b5f9-63034e1c58ea 0.217s
2025-05-08 11:52:11.870 70856 INFO tempest.lib.common.rest_client [req-662a7284-6e3c-4bc8-93f1-f2f5f5e9b5c5 req-662a7284-6e3c-4bc8-93f1-f2f5f5e9b5c5 ] Request (FlavorsAccessNegativeTestJSON:test_flavor_non_admin_add): 200 POST http://10.180.1.21/compute/v2.1/flavors 2.748s
2025-05-08 11:52:11.888 70824 INFO tempest.lib.common.rest_client [req-1028560d-2ba9-4799-a12a-14c4d46ff7eb req-1028560d-2ba9-4799-a12a-14c4d46ff7eb ] Request (FlavorsExtraSpecsTestJSON:tearDownClass): 202 DELETE http://10.180.1.21/compute/v2.1/flavors/1177963270 2.612s
2025-05-08 11:52:11.897 70849 INFO tempest.lib.common.rest_client [req-2f677725-3164-4ff7-8284-337e65b158f0 req-2f677725-3164-4ff7-8284-337e65b158f0 ] Request (TenantUsagesNegativeTestJSON:test_get_usage_tenant_with_invalid_date): 400 GET http://10.180.1.21/compute/v2.1/os-simple-tenant-usage/cfa395172bea4560bde29c14f35dfb4f?start=2025-05-09T11%3A52%3A07.900837&end=2025-05-07T11%3A52%3A07.900837 2.602s
2025-05-08 11:52:11.910 70842 INFO tempest.lib.common.rest_client [req-b3530895-b9b9-4363-8cfe-2e938ca39b07 req-b3530895-b9b9-4363-8cfe-2e938ca39b07 ] Request (ServerActionsTestJSON:setUpClass): 201 POST http://10.180.1.21:9696/networking/v2.0/networks 1.223s
2025-05-08 11:52:11.922 70844 INFO tempest.lib.common.rest_client [req-70a0a560-12b9-4a3a-b210-b0f20f67b5f0 req-70a0a560-12b9-4a3a-b210-b0f20f67b5f0 ] Request (FlavorsExtraSpecsNegativeTestJSON:tearDownClass): 200 GET http://10.180.1.21/compute/v2.1/flavors/detail 2.422s
2025-05-08 11:52:11.962 70878 INFO tempest.lib.common.rest_client [req-35ec0ea5-14fb-471c-8053-88aa63cb28d9 req-35ec0ea5-14fb-471c-8053-88aa63cb28d9 ] Request (ImagesMetadataNegativeTestJSON:tearDownClass): 204 DELETE http://10.180.1.21/identity/v3/projects/0dd74265822046e4b50b348445e504aa 0.114s
2025-05-08 11:52:11.978 70836 INFO tempest.lib.common.rest_client [req-c8e10476-2c96-4479-987f-9e1a44a27376 req-c8e10476-2c96-4479-987f-9e1a44a27376 ] Request (FlavorsAccessTestJSON:tearDownClass): 204 DELETE http://10.180.1.21/identity/v3/users/095c2a9fd98f4278967943d2f7bbd554 0.150s
2025-05-08 11:52:11.978 70836 INFO tempest.lib.common.dynamic_creds [-] Deleting project and security group for project: 78485deaecb84fa597283f0484bd2a82
2025-05-08 11:52:12.060 70858 INFO tempest.lib.common.rest_client [req-75f3b0de-272e-419a-b4cb-71cbba4af649 req-75f3b0de-272e-419a-b4cb-71cbba4af649 ] Request (QuotasAdminTestV257:tearDownClass): 204 DELETE http://10.180.1.21:9696/networking/v2.0/security-groups/7b8795d3-d7f3-410a-84b5-0f82f32b6180 0.495s
2025-05-08 11:52:12.064 70876 INFO tempest.lib.common.rest_client [req-06d7ef7a-2cc9-40cc-b0c4-899fe9721a52 req-06d7ef7a-2cc9-40cc-b0c4-899fe9721a52 ] Request (DeleteServersAdminTestJSON:test_admin_delete_servers_of_others): 200 GET http://10.180.1.21/compute/v2.1/servers/ab26300f-4459-4600-b267-ace5bf3aa9e9 2.949s
2025-05-08 11:52:12.076 70876 INFO tempest.common.waiters [-] State transition "BUILD/spawning" ==> "ACTIVE/None" after 17 second wait
2025-05-08 11:52:12.077 70844 INFO tempest.lib.common.rest_client [req-15166a5f-a3d5-4780-b277-c2791aa91edc req-15166a5f-a3d5-4780-b277-c2791aa91edc ] Request (FlavorsExtraSpecsNegativeTestJSON:tearDownClass): 204 DELETE http://10.180.1.21/identity/v3/users/f4fc424f8e25406c94e99006a0cc5399 0.146s
2025-05-08 11:52:12.117 70874 INFO tempest.lib.common.rest_client [req-346ab896-fdac-45f7-a00a-d48e187b08de req-346ab896-fdac-45f7-a00a-d48e187b08de ] Request (ImagesMetadataTestJSON:test_set_image_metadata): 200 GET http://10.180.1.21/compute/v2.1/images/b574b9d5-7741-4b14-979b-e45b50eba477/metadata 2.529s
2025-05-08 11:52:12.129 70866 INFO tempest.lib.common.rest_client [req-67c58f62-3b5c-4ab1-a197-978ccb7da1d2 req-67c58f62-3b5c-4ab1-a197-978ccb7da1d2 ] Request (HostsAdminNegativeTestJSON:test_update_host_with_invalid_status): 400 PUT http://10.180.1.21/compute/v2.1/os-hosts/devstack 2.528s
2025-05-08 11:52:12.153 70838 INFO tempest.lib.common.rest_client [req-5afd9e06-cd21-4e11-bc16-007e0ace542f req-5afd9e06-cd21-4e11-bc16-007e0ace542f ] Request (VolumesAssistedSnapshotsTest:test_volume_assisted_snapshot_create_delete): 201 POST http://10.180.1.21:9696/networking/v2.0/security-group-rules 0.582s
2025-05-08 11:52:12.169 70878 INFO tempest.lib.common.rest_client [req-ff83dc32-c393-435e-a657-639c4a5e3f17 req-ff83dc32-c393-435e-a657-639c4a5e3f17 ] Request (InstanceActionsV221TestJSON:setUpClass): 201 POST http://10.180.1.21/identity/v3/auth/tokens 0.205s
2025-05-08 11:52:12.174 70826 INFO tempest.lib.common.rest_client [req-bcfcd9b6-3381-4ee0-9b60-5718f695adfb req-bcfcd9b6-3381-4ee0-9b60-5718f695adfb ] Request (AggregatesAdminNegativeTestJSON:test_aggregate_create_with_existent_aggregate_name): 200 POST http://10.180.1.21/compute/v2.1/os-aggregates 2.568s
2025-05-08 11:52:12.185 70846 INFO tempest.lib.common.rest_client [req-9a45a8d1-e613-4bfc-a339-93fc15fa1753 req-9a45a8d1-e613-4bfc-a339-93fc15fa1753 ] Request (HypervisorAdminNegativeTestJSON:test_get_hypervisor_list_with_non_admin_user): 403 GET http://10.180.1.21/compute/v2.1/os-hypervisors 2.550s
2025-05-08 11:52:12.214 70836 INFO tempest.lib.common.rest_client [req-0e94c4c1-da65-4f3b-ad31-f3015c610e9e req-0e94c4c1-da65-4f3b-ad31-f3015c610e9e ] Request (FlavorsAccessTestJSON:tearDownClass): 201 POST http://10.180.1.21/identity/v3/auth/tokens 0.236s
2025-05-08 11:52:12.249 70830 INFO tempest.lib.common.rest_client [req-737e5a79-823d-4d36-99d6-1a9e2bbcc117 req-737e5a79-823d-4d36-99d6-1a9e2bbcc117 ] Request (QuotaClassesAdminTestJSON:test_update_default_quotas): 200 GET http://10.180.1.21/compute/v2.1/os-quota-class-sets/default 2.683s
2025-05-08 11:52:12.307 70858 INFO tempest.lib.common.rest_client [req-50681cd6-cad4-427f-9315-8c555c28ae03 req-50681cd6-cad4-427f-9315-8c555c28ae03 ] Request (QuotasAdminTestV257:tearDownClass): 204 DELETE http://10.180.1.21/identity/v3/projects/54c4fad03af24259ad8172f8dc849427 0.247s
2025-05-08 11:52:12.307 70844 INFO tempest.lib.common.rest_client [req-401b300c-0b5d-44df-a541-01b71f513f68 req-401b300c-0b5d-44df-a541-01b71f513f68 ] Request (FlavorsExtraSpecsNegativeTestJSON:tearDownClass): 204 DELETE http://10.180.1.21/identity/v3/users/d66a801e61054b38b0ce664a390402e7 0.230s
2025-05-08 11:52:12.307 70844 INFO tempest.lib.common.dynamic_creds [-] Deleting project and security group for project: 2641f77ba07046c09a7875aac68daddb
2025-05-08 11:52:12.308 70858 INFO tempest.test [-] raised in UnshelveToHostMultiNodesTest.setUpClass. Invoking tearDownClass.
2025-05-08 11:52:12.369 70850 INFO tempest.lib.common.rest_client [req-d2186493-135f-43c6-9d78-bf32d876c875 req-d2186493-135f-43c6-9d78-bf32d876c875 ] Request (ImagesNegativeTestJSON:setUpClass): 200 PUT http://10.180.1.21:9696/networking/v2.0/routers/6d0059cf-900f-466a-9c06-afad3a0a91df/add_router_interface 3.374s
