2025-05-08 11:54:48.916 70874 INFO tempest.lib.common.rest_client [req-5e0a95ad-c819-4354-b0a3-a546ec491cb3 req-5e0a95ad-c819-4354-b0a3-a546ec491cb3 ] Request (ServerMetadataTestJSON:setUpClass): 200 GET http://10.180.1.21/compute/v2.1/servers/12aaebeb-90a4-4a41-abf6-4edaa7512cd3 0.640s
2025-05-08 11:54:48.979 70828 INFO tempest.lib.common.rest_client [req-44bbdc50-adf6-4f42-88d8-1805739b8aa4 req-44bbdc50-adf6-4f42-88d8-1805739b8aa4 ] Request (ServersV294TestFqdnHostnames:tearDownClass): 200 GET http://10.180.1.21/compute/v2.1/servers/7e2f05a8-6f0d-4112-a654-b2a6d01a011a 0.631s
2025-05-08 11:54:49.035 70870 INFO tempest.lib.common.rest_client [req-d76f3036-7d72-4527-b072-f05515fa2a0d req-d76f3036-7d72-4527-b072-f05515fa2a0d ] Request (FloatingIPsAssociationTestJSON:tearDownClass): 200 GET http://10.180.1.21/compute/v2.1/servers/ced9a0e6-abc1-48ae-9aed-8e6985fc6cb0 0.623s
2025-05-08 11:54:49.564 70836 INFO tempest.lib.common.rest_client [req-16657fb3-12cd-479c-88eb-27b1a8375a84 req-16657fb3-12cd-479c-88eb-27b1a8375a84 ] Request (ServerMetadataNegativeTestJSON:setUpClass): 202 POST http://10.180.1.21/compute/v2.1/servers 1.121s
2025-05-08 11:54:49.651 70832 INFO tempest.lib.common.rest_client [req-3a4522d9-fcbc-45f7-a8aa-f2ee5cff6b85 req-3a4522d9-fcbc-45f7-a8aa-f2ee5cff6b85 ] Request (AttachInterfacesUnderV243Test:_run_cleanups): 200 GET http://10.180.1.21/compute/v2.1/servers/61b93ec7-7899-446d-8e08-d354622eeaa4 1.168s
2025-05-08 11:54:49.674 70856 WARNING tempest.lib.common.ssh [-] Failed to establish authenticated ssh connection to cirros@10.180.180.208 ([Errno None] Unable to connect to port 22 on 10.180.180.208). Number attempts: 5. Retry after 6 seconds.: paramiko.ssh_exception.NoValidConnectionsError: [Errno None] Unable to connect to port 22 on 10.180.180.208
2025-05-08 11:54:49.702 70868 INFO tempest.lib.common.rest_client [req-e70a43f4-c31a-4db5-9ad4-e864f23983ec req-e70a43f4-c31a-4db5-9ad4-e864f23983ec ] Request (ServersAdminTestJSON:test_create_server_with_scheduling_hint): 200 GET http://10.180.1.21/compute/v2.1/servers/58330f4d-7973-4c31-9f83-0ef58340b4ea 1.156s
2025-05-08 11:54:49.765 70846 WARNING tempest.lib.common.ssh [-] Failed to establish authenticated ssh connection to cirros@10.180.180.218 ([Errno None] Unable to connect to port 22 on 10.180.180.218). Number attempts: 2. Retry after 3 seconds.: paramiko.ssh_exception.NoValidConnectionsError: [Errno None] Unable to connect to port 22 on 10.180.180.218
2025-05-08 11:54:49.805 70840 INFO tempest.lib.common.rest_client [req-50f0f656-add4-4112-8541-2485aabb1711 req-50f0f656-add4-4112-8541-2485aabb1711 ] Request (ServerRescueTestJSONUnderV235:setUpClass): 200 GET http://10.180.1.21/compute/v2.1/servers/f355d8b7-a7d9-4b25-97aa-cdc6c7102e31 1.251s
2025-05-08 11:54:49.860 70864 INFO tempest.lib.common.rest_client [req-95170ee1-19c4-48ea-abff-8a290c243d0c req-95170ee1-19c4-48ea-abff-8a290c243d0c ] Request (SecurityGroupsTestJSON:test_server_security_groups): 200 GET http://10.180.1.21/compute/v2.1/servers/43599c7d-eb6e-42c2-98f9-bcf443633560 1.260s
2025-05-08 11:54:49.911 70876 INFO tempest.lib.common.rest_client [req-1bbf2072-931a-407f-8f02-e8ab8ce1e791 req-1bbf2072-931a-407f-8f02-e8ab8ce1e791 ] Request (ServerGroupTestJSON:test_create_server_with_scheduler_hint_group): 200 GET http://10.180.1.21/compute/v2.1/servers/b84f98ef-3dd3-409f-a069-c49e23ded498 1.263s
2025-05-08 11:54:50.032 70872 INFO tempest.lib.common.rest_client [req-f36d90bf-cdf5-406b-9a39-f8e914e05c82 req-f36d90bf-cdf5-406b-9a39-f8e914e05c82 ] Request (AttachVolumeShelveTestJSON:test_attach_volume_shelved_or_offload_server): 200 GET http://10.180.1.21/compute/v2.1/servers/7323ed53-e030-4128-b880-37c3ee09434b 1.250s
2025-05-08 11:54:50.037 70850 INFO tempest.lib.common.rest_client [req-4fd01e9d-0d97-418b-ab7f-f079d465095c req-4fd01e9d-0d97-418b-ab7f-f079d465095c ] Request (ImagesOneServerNegativeTestJSON:test_create_image_specify_name_over_character_limit): 400 POST http://10.180.1.21/compute/v2.1/servers/e24cd975-f193-447c-872e-6bb88284a63b/action 1.161s
2025-05-08 11:54:50.040 70872 INFO tempest.common.waiters [-] State transition "ACTIVE/shelving_image_pending_upload" ==> "ACTIVE/shelving_image_uploading" after 6 second wait
2025-05-08 11:54:50.090 70844 INFO tempest.lib.common.rest_client [req-0d0d01f0-55dd-4733-b4cd-41ba767f4bf2 req-0d0d01f0-55dd-4733-b4cd-41ba767f4bf2 ] Request (ServersAdmin275Test:test_rebuild_update_server_275): 200 GET http://10.180.1.21/compute/v2.1/servers/5f03309a-4505-49d3-854e-3082cc2cd03a 1.083s
2025-05-08 11:54:50.164 70822 INFO tempest.lib.common.rest_client [req-5a932081-f5e5-48e2-831c-e54c9501a737 req-5a932081-f5e5-48e2-831c-e54c9501a737 ] Request (ListImageFiltersTestJSON:tearDownClass): 200 GET http://10.180.1.21/compute/v2.1/servers/513a1359-d44c-4e77-8621-9704298cfe79 0.966s
2025-05-08 11:54:50.229 70826 INFO tempest.lib.common.rest_client [req-98441fcd-e0e7-4607-a136-58467a0922e1 req-98441fcd-e0e7-4607-a136-58467a0922e1 ] Request (TenantUsagesTestJSON:tearDownClass): 200 GET http://10.180.1.21/compute/v2.1/servers/7da44ecc-2b8f-4068-86bc-f8632048f2b0 0.934s
2025-05-08 11:54:50.239 70826 INFO tempest.common.waiters [-] State transition "ACTIVE/deleting" ==> "DELETED/None" after 4 second wait
2025-05-08 11:54:50.289 70834 INFO tempest.lib.common.rest_client [req-03edafab-e2cd-42ff-987a-5a3fd5683ef5 req-03edafab-e2cd-42ff-987a-5a3fd5683ef5 ] Request (ServersTestBootFromVolume:setUpClass): 200 GET http://10.180.1.21/compute/v2.1/servers/592584da-94b4-43f0-a360-36d8b1494d96 0.921s
2025-05-08 11:54:50.349 70882 INFO tempest.lib.common.rest_client [req-c55149d4-36a2-459d-b18f-06108feefa93 req-c55149d4-36a2-459d-b18f-06108feefa93 ] Request (ImagesTestJSON:test_create_server_from_snapshot): 200 GET http://10.180.1.21/compute/v2.1/servers/79bf7182-4a57-4a8e-a402-4d67c3158374 0.911s
2025-05-08 11:54:50.419 70836 INFO tempest.lib.common.rest_client [req-1bc52962-eb67-4a80-8da6-30efdac5e154 req-1bc52962-eb67-4a80-8da6-30efdac5e154 ] Request (ServerMetadataNegativeTestJSON:setUpClass): 200 GET http://10.180.1.21/compute/v2.1/servers/ac799fd6-04b0-4e13-8519-dcb356f1ae55 0.853s
2025-05-08 11:54:50.479 70849 INFO tempest.lib.common.rest_client [req-09b1835e-993c-493d-ba2b-ce86077d4a60 req-09b1835e-993c-493d-ba2b-ce86077d4a60 ] Request (InstanceActionsNegativeTestJSON:setUpClass): 200 GET http://10.180.1.21/compute/v2.1/servers/6c67aafd-34f8-4057-9dcc-88b6670abdf9 0.851s
2025-05-08 11:54:50.536 70862 INFO tempest.lib.common.rest_client [req-9d157f5f-8c44-4207-8500-40ef0bd8039b req-9d157f5f-8c44-4207-8500-40ef0bd8039b ] Request (ServerDiskConfigTestJSON:test_resize_server_from_auto_to_manual): 200 GET http://10.180.1.21/compute/v2.1/servers/d111991f-fded-409a-82af-1b431b56f48f 0.849s
2025-05-08 11:54:50.600 70880 INFO tempest.lib.common.rest_client [req-d9a8d7f6-afbb-470a-b1c0-f6ef59dc5e5b req-d9a8d7f6-afbb-470a-b1c0-f6ef59dc5e5b ] Request (ServerActionsTestOtherA:_run_cleanups): 200 GET http://10.180.1.21/compute/v2.1/servers/bf6cc8b4-c21d-4a38-a0cd-91466bbb577d 0.839s
2025-05-08 11:54:50.660 70874 INFO tempest.lib.common.rest_client [req-07f7300d-5230-450a-818f-bcfc77613b2b req-07f7300d-5230-450a-818f-bcfc77613b2b ] Request (ServerMetadataTestJSON:setUpClass): 200 GET http://10.180.1.21/compute/v2.1/servers/12aaebeb-90a4-4a41-abf6-4edaa7512cd3 0.736s
2025-05-08 11:54:50.720 70842 WARNING tempest.lib.common.ssh [-] Failed to establish authenticated ssh connection to cirros@10.180.180.158 ([Errno None] Unable to connect to port 22 on 10.180.180.158). Number attempts: 3. Retry after 4 seconds.: paramiko.ssh_exception.NoValidConnectionsError: [Errno None] Unable to connect to port 22 on 10.180.180.158
2025-05-08 11:54:50.730 70828 INFO tempest.lib.common.rest_client [req-1dfff529-cb0e-4f69-9345-319ecc3bc5ae req-1dfff529-cb0e-4f69-9345-319ecc3bc5ae ] Request (ServersV294TestFqdnHostnames:tearDownClass): 200 GET http://10.180.1.21/compute/v2.1/servers/7e2f05a8-6f0d-4112-a654-b2a6d01a011a 0.740s
2025-05-08 11:54:50.857 70850 INFO tempest.lib.common.rest_client [req-e790158a-f6ec-4a65-a4ee-f6573b3ff813 req-e790158a-f6ec-4a65-a4ee-f6573b3ff813 ] Request (ImagesOneServerNegativeTestJSON:tearDown): 200 GET http://10.180.1.21/compute/v2.1/servers/e24cd975-f193-447c-872e-6bb88284a63b 0.820s
2025-05-08 11:54:50.877 70870 INFO tempest.lib.common.rest_client [req-e3692390-d4b9-41e8-8c03-7017597118c0 req-e3692390-d4b9-41e8-8c03-7017597118c0 ] Request (FloatingIPsAssociationTestJSON:tearDownClass): 404 GET http://10.180.1.21/compute/v2.1/servers/ced9a0e6-abc1-48ae-9aed-8e6985fc6cb0 0.831s
2025-05-08 11:54:50.961 70832 INFO tempest.lib.common.rest_client [req-42f0f389-4c98-4bec-ac8f-1d0673fb4da3 req-42f0f389-4c98-4bec-ac8f-1d0673fb4da3 ] Request (AttachInterfacesUnderV243Test:_run_cleanups): 200 GET http://10.180.1.21/compute/v2.1/servers/61b93ec7-7899-446d-8e08-d354622eeaa4 0.301s
2025-05-08 11:54:51.025 70868 INFO tempest.lib.common.rest_client [req-00254e59-9f8d-4397-b659-42a75496eda8 req-00254e59-9f8d-4397-b659-42a75496eda8 ] Request (ServersAdminTestJSON:test_create_server_with_scheduling_hint): 200 GET http://10.180.1.21/compute/v2.1/servers/58330f4d-7973-4c31-9f83-0ef58340b4ea 0.313s
2025-05-08 11:54:51.155 70840 INFO tempest.lib.common.rest_client [req-74d4f796-f6d1-4a46-9708-ef189e790afb req-74d4f796-f6d1-4a46-9708-ef189e790afb ] Request (ServerRescueTestJSONUnderV235:setUpClass): 200 GET http://10.180.1.21/compute/v2.1/servers/f355d8b7-a7d9-4b25-97aa-cdc6c7102e31 0.342s
2025-05-08 11:54:51.172 70854 WARNING tempest.lib.common.ssh [-] Failed to establish authenticated ssh connection to cirros@10.180.180.182 ([Errno None] Unable to connect to port 22 on 10.180.180.182). Number attempts: 3. Retry after 4 seconds.: paramiko.ssh_exception.NoValidConnectionsError: [Errno None] Unable to connect to port 22 on 10.180.180.182
2025-05-08 11:54:51.256 70850 INFO tempest.lib.common.rest_client [req-372f29e4-47b6-40c1-9479-2b77aadffffd req-372f29e4-47b6-40c1-9479-2b77aadffffd ] Request (ImagesOneServerNegativeTestJSON:setUp): 200 GET http://10.180.1.21/compute/v2.1/servers/e24cd975-f193-447c-872e-6bb88284a63b 0.388s
2025-05-08 11:54:51.325 70864 INFO tempest.lib.common.rest_client [req-f3430054-eb2d-4986-871c-1adede1d53a7 req-f3430054-eb2d-4986-871c-1adede1d53a7 ] Request (SecurityGroupsTestJSON:test_server_security_groups): 200 GET http://10.180.1.21/compute/v2.1/servers/43599c7d-eb6e-42c2-98f9-bcf443633560 0.456s
2025-05-08 11:54:51.390 70876 INFO tempest.lib.common.rest_client [req-b6b0dc81-2d45-4cac-ac1f-a6e8e283775b req-b6b0dc81-2d45-4cac-ac1f-a6e8e283775b ] Request (ServerGroupTestJSON:test_create_server_with_scheduler_hint_group): 200 GET http://10.180.1.21/compute/v2.1/servers/b84f98ef-3dd3-409f-a069-c49e23ded498 0.471s
2025-05-08 11:54:51.493 70852 WARNING tempest.lib.common.ssh [-] Failed to establish authenticated ssh connection to cirros@10.180.180.171 ([Errno None] Unable to connect to port 22 on 10.180.180.171). Number attempts: 4. Retry after 5 seconds.: paramiko.ssh_exception.NoValidConnectionsError: [Errno None] Unable to connect to port 22 on 10.180.180.171
2025-05-08 11:54:51.505 70872 INFO tempest.lib.common.rest_client [req-0a9f5e25-bacc-4607-920e-3312a61a4057 req-0a9f5e25-bacc-4607-920e-3312a61a4057 ] Request (AttachVolumeShelveTestJSON:test_attach_volume_shelved_or_offload_server): 200 GET http://10.180.1.21/compute/v2.1/servers/7323ed53-e030-4128-b880-37c3ee09434b 0.464s
2025-05-08 11:54:51.563 70824 WARNING tempest.lib.common.ssh [-] Failed to establish authenticated ssh connection to cirros@10.180.180.148 ([Errno None] Unable to connect to port 22 on 10.180.180.148). Number attempts: 4. Retry after 5 seconds.: paramiko.ssh_exception.NoValidConnectionsError: [Errno None] Unable to connect to port 22 on 10.180.180.148
2025-05-08 11:54:51.577 70844 INFO tempest.lib.common.rest_client [req-5015ba74-d6f5-4caa-9789-33617ae93662 req-5015ba74-d6f5-4caa-9789-33617ae93662 ] Request (ServersAdmin275Test:test_rebuild_update_server_275): 200 GET http://10.180.1.21/compute/v2.1/servers/5f03309a-4505-49d3-854e-3082cc2cd03a 0.477s
2025-05-08 11:54:51.660 70822 INFO tempest.lib.common.rest_client [req-491edbbe-5d77-491d-bd79-20043c360b1e req-491edbbe-5d77-491d-bd79-20043c360b1e ] Request (ListImageFiltersTestJSON:tearDownClass): 200 GET http://10.180.1.21/compute/v2.1/servers/513a1359-d44c-4e77-8621-9704298cfe79 0.486s
2025-05-08 11:54:51.747 70826 INFO tempest.lib.common.rest_client [req-a8720dbc-ab11-43e5-9d40-9e9b40c3cac0 req-a8720dbc-ab11-43e5-9d40-9e9b40c3cac0 ] Request (TenantUsagesTestJSON:tearDownClass): 200 GET http://10.180.1.21/compute/v2.1/servers/7da44ecc-2b8f-4068-86bc-f8632048f2b0 0.507s
2025-05-08 11:54:51.802 70870 INFO tempest.lib.common.rest_client [req-1d8cf312-a47f-4965-93e9-e38fbf956831 req-1d8cf312-a47f-4965-93e9-e38fbf956831 ] Request (FloatingIPsAssociationTestJSON:tearDownClass): 200 PUT http://10.180.1.21:9696/networking/v2.0/routers/0a228a9b-7ac7-4a19-8a49-cbe7ed01c4cd/remove_router_interface 0.925s
2025-05-08 11:54:52.206 70870 INFO tempest.lib.common.rest_client [req-947537db-0d82-4bd0-9568-5493fd1d25d4 req-947537db-0d82-4bd0-9568-5493fd1d25d4 ] Request (FloatingIPsAssociationTestJSON:tearDownClass): 204 DELETE http://10.180.1.21:9696/networking/v2.0/routers/0a228a9b-7ac7-4a19-8a49-cbe7ed01c4cd 0.403s
2025-05-08 11:54:52.277 70850 INFO tempest.lib.common.rest_client [req-bcc0bd21-3e2d-4dee-aed0-8ba32d6c6d4c req-bcc0bd21-3e2d-4dee-aed0-8ba32d6c6d4c ] Request (ImagesOneServerNegativeTestJSON:test_create_second_image_when_first_image_is_being_saved): 202 POST http://10.180.1.21/compute/v2.1/servers/e24cd975-f193-447c-872e-6bb88284a63b/action 1.009s
2025-05-08 11:54:52.338 70870 INFO tempest.lib.common.rest_client [req-dfba5996-37ba-44ce-921c-446468b64bae req-dfba5996-37ba-44ce-921c-446468b64bae ] Request (FloatingIPsAssociationTestJSON:tearDownClass): 204 DELETE http://10.180.1.21:9696/networking/v2.0/subnets/88d46ce2-1c9c-4400-a9f8-9d168c6c6c00 0.132s
2025-05-08 11:54:52.362 70834 INFO tempest.lib.common.rest_client [req-509023ef-205b-42d2-9401-7c1effe92c57 req-509023ef-205b-42d2-9401-7c1effe92c57 ] Request (ServersTestBootFromVolume:setUpClass): 200 GET http://10.180.1.21/compute/v2.1/servers/592584da-94b4-43f0-a360-36d8b1494d96 1.064s
2025-05-08 11:54:52.412 70882 INFO tempest.lib.common.rest_client [req-962c844c-231b-414f-b464-7b3fcaca1e26 req-962c844c-231b-414f-b464-7b3fcaca1e26 ] Request (ImagesTestJSON:test_create_server_from_snapshot): 200 GET http://10.180.1.21/compute/v2.1/servers/79bf7182-4a57-4a8e-a402-4d67c3158374 1.038s
2025-05-08 11:54:52.471 70836 INFO tempest.lib.common.rest_client [req-7c3f116d-c0e3-4e6a-9676-62d99bd65199 req-7c3f116d-c0e3-4e6a-9676-62d99bd65199 ] Request (ServerMetadataNegativeTestJSON:setUpClass): 200 GET http://10.180.1.21/compute/v2.1/servers/ac799fd6-04b0-4e13-8519-dcb356f1ae55 1.043s
2025-05-08 11:54:52.483 70836 INFO tempest.common.waiters [-] State transition "BUILD/scheduling" ==> "BUILD/None" after 2 second wait
2025-05-08 11:54:52.525 70849 INFO tempest.lib.common.rest_client [req-a3ac0b59-cf83-48e2-bad1-1f953e0af287 req-a3ac0b59-cf83-48e2-bad1-1f953e0af287 ] Request (InstanceActionsNegativeTestJSON:setUpClass): 200 GET http://10.180.1.21/compute/v2.1/servers/6c67aafd-34f8-4057-9dcc-88b6670abdf9 1.034s
2025-05-08 11:54:52.579 70862 INFO tempest.lib.common.rest_client [req-212c5696-e7e8-4c74-a948-9e9e6a357cb8 req-212c5696-e7e8-4c74-a948-9e9e6a357cb8 ] Request (ServerDiskConfigTestJSON:test_resize_server_from_auto_to_manual): 200 GET http://10.180.1.21/compute/v2.1/servers/d111991f-fded-409a-82af-1b431b56f48f 1.035s
2025-05-08 11:54:52.585 70870 INFO tempest.lib.common.rest_client [req-9f41d2e4-0e00-44b2-8401-c77a84ec61f3 req-9f41d2e4-0e00-44b2-8401-c77a84ec61f3 ] Request (FloatingIPsAssociationTestJSON:tearDownClass): 204 DELETE http://10.180.1.21:9696/networking/v2.0/networks/18aedac8-f39d-4a0b-85fa-ac3c653a4d27 0.247s
2025-05-08 11:54:52.647 70880 INFO tempest.lib.common.rest_client [req-3c4f28b0-aafc-44b1-a951-ef816a660b50 req-3c4f28b0-aafc-44b1-a951-ef816a660b50 ] Request (ServerActionsTestOtherA:_run_cleanups): 200 GET http://10.180.1.21/compute/v2.1/servers/bf6cc8b4-c21d-4a38-a0cd-91466bbb577d 1.033s
2025-05-08 11:54:52.668 70870 INFO tempest.lib.common.rest_client [req-556bddbc-7f10-437d-8d3d-22545fecff26 req-556bddbc-7f10-437d-8d3d-22545fecff26 ] Request (FloatingIPsAssociationTestJSON:tearDownClass): 204 DELETE http://10.180.1.21/identity/v3/users/a86c080e7c70456fa03c559061d190ab 0.082s
2025-05-08 11:54:52.669 70870 INFO tempest.lib.common.dynamic_creds [-] Deleting project and security group for project: 6a7c9f23bed4429988b5a7b7b33ed833
2025-05-08 11:54:52.700 70874 INFO tempest.lib.common.rest_client [req-65f1bc2b-b45c-4996-8238-aaa9c1d8599e req-65f1bc2b-b45c-4996-8238-aaa9c1d8599e ] Request (ServerMetadataTestJSON:setUpClass): 200 GET http://10.180.1.21/compute/v2.1/servers/12aaebeb-90a4-4a41-abf6-4edaa7512cd3 1.032s
2025-05-08 11:54:52.703 70870 INFO tempest.lib.common.rest_client [req-01aadbcc-de98-4ff0-b274-09fdcc32d2af req-01aadbcc-de98-4ff0-b274-09fdcc32d2af ] Request (FloatingIPsAssociationTestJSON:tearDownClass): 200 GET http://10.180.1.21:9696/networking/v2.0/security-groups?tenant_id=6a7c9f23bed4429988b5a7b7b33ed833&name=default 0.034s
2025-05-08 11:54:52.762 70828 INFO tempest.lib.common.rest_client [req-ef1554ff-d4b2-4231-8e1a-f2c497cffe18 req-ef1554ff-d4b2-4231-8e1a-f2c497cffe18 ] Request (ServersV294TestFqdnHostnames:tearDownClass): 200 GET http://10.180.1.21/compute/v2.1/servers/7e2f05a8-6f0d-4112-a654-b2a6d01a011a 1.022s
2025-05-08 11:54:52.784 70870 INFO tempest.lib.common.rest_client [req-2476ff7d-7ca2-4d37-a760-387da5e8390e req-2476ff7d-7ca2-4d37-a760-387da5e8390e ] Request (FloatingIPsAssociationTestJSON:tearDownClass): 204 DELETE http://10.180.1.21:9696/networking/v2.0/security-groups/7b34086e-8eac-4499-9c02-2280b24b0698 0.080s
2025-05-08 11:54:52.827 70832 INFO tempest.lib.common.rest_client [req-4b99fc26-dce8-4f8f-bc8d-2ca171ba99f1 req-4b99fc26-dce8-4f8f-bc8d-2ca171ba99f1 ] Request (AttachInterfacesUnderV243Test:_run_cleanups): 200 GET http://10.180.1.21/compute/v2.1/servers/61b93ec7-7899-446d-8e08-d354622eeaa4 0.858s
2025-05-08 11:54:52.882 70868 INFO tempest.lib.common.rest_client [req-ddfe1ced-765b-4136-a428-77b67b9394aa req-ddfe1ced-765b-4136-a428-77b67b9394aa ] Request (ServersAdminTestJSON:test_create_server_with_scheduling_hint): 200 GET http://10.180.1.21/compute/v2.1/servers/58330f4d-7973-4c31-9f83-0ef58340b4ea 0.847s
2025-05-08 11:54:52.883 70870 INFO tempest.lib.common.rest_client [req-a7307a11-bbe2-4a0b-89ee-76b2d670cce4 req-a7307a11-bbe2-4a0b-89ee-76b2d670cce4 ] Request (FloatingIPsAssociationTestJSON:tearDownClass): 204 DELETE http://10.180.1.21/identity/v3/projects/6a7c9f23bed4429988b5a7b7b33ed833 0.099s
2025-05-08 11:54:52.890 70868 INFO tempest.common.waiters [-] State transition "BUILD/None" ==> "BUILD/networking" after 73 second wait
2025-05-08 11:54:52.950 70870 INFO tempest.lib.common.rest_client [req-399390d3-3c2c-4990-8206-9323b7bf0b1a req-399390d3-3c2c-4990-8206-9323b7bf0b1a ] Request (ImagesDeleteNegativeTestJSON:setUpClass): 201 POST http://10.180.1.21/identity/v3/auth/tokens 0.065s
2025-05-08 11:54:52.974 70840 INFO tempest.lib.common.rest_client [req-7570fa7f-091d-4330-a1a5-49168fbc7c67 req-7570fa7f-091d-4330-a1a5-49168fbc7c67 ] Request (ServerRescueTestJSONUnderV235:setUpClass): 200 GET http://10.180.1.21/compute/v2.1/servers/f355d8b7-a7d9-4b25-97aa-cdc6c7102e31 0.811s
2025-05-08 11:54:52.980 70870 INFO tempest.lib.common.rest_client [req-7ff9581c-9c8f-422d-91b5-282a93f446bc req-7ff9581c-9c8f-422d-91b5-282a93f446bc ] Request (ImagesDeleteNegativeTestJSON:setUpClass): 201 POST http://10.180.1.21/identity/v3/auth/tokens 0.027s
2025-05-08 11:54:53.005 70850 INFO tempest.lib.common.rest_client [req-60fc8370-1ac6-4533-9b54-2175d465dd97 req-60fc8370-1ac6-4533-9b54-2175d465dd97 ] Request (ImagesOneServerNegativeTestJSON:test_create_second_image_when_first_image_is_being_saved): 409 POST http://10.180.1.21/compute/v2.1/servers/e24cd975-f193-447c-872e-6bb88284a63b/action 0.726s
2025-05-08 11:54:53.006 70870 INFO tempest.lib.common.rest_client [req-d1797775-b3b2-4974-a0c2-22862ae01c0c req-d1797775-b3b2-4974-a0c2-22862ae01c0c ] Request (ImagesDeleteNegativeTestJSON:setUpClass): 200 GET http://10.180.1.21/identity/v3/domains?name=Default 0.026s
2025-05-08 11:54:53.035 70870 INFO tempest.lib.common.rest_client [req-1c9c154e-2ab0-44f1-8467-76fb2dad585a req-1c9c154e-2ab0-44f1-8467-76fb2dad585a ] Request (ImagesDeleteNegativeTestJSON:setUpClass): 201 POST http://10.180.1.21/identity/v3/projects 0.028s
2025-05-08 11:54:53.055 70864 INFO tempest.lib.common.rest_client [req-3a38fd5b-4329-4f40-91d0-6730dc1585c2 req-3a38fd5b-4329-4f40-91d0-6730dc1585c2 ] Request (SecurityGroupsTestJSON:test_server_security_groups): 200 GET http://10.180.1.21/compute/v2.1/servers/43599c7d-eb6e-42c2-98f9-bcf443633560 0.719s
2025-05-08 11:54:53.091 70870 INFO tempest.lib.common.rest_client [req-f61fad74-3782-447d-b6bc-8464ba7c7fe4 req-f61fad74-3782-447d-b6bc-8464ba7c7fe4 ] Request (ImagesDeleteNegativeTestJSON:setUpClass): 201 POST http://10.180.1.21/identity/v3/users 0.055s
2025-05-08 11:54:53.116 70876 INFO tempest.lib.common.rest_client [req-e2aa48bc-2737-49b9-8031-a7144e146e2a req-e2aa48bc-2737-49b9-8031-a7144e146e2a ] Request (ServerGroupTestJSON:test_create_server_with_scheduler_hint_group): 200 GET http://10.180.1.21/compute/v2.1/servers/b84f98ef-3dd3-409f-a069-c49e23ded498 0.715s
2025-05-08 11:54:53.120 70870 INFO tempest.lib.common.rest_client [req-cde4cc1d-d351-4eaa-82dc-6d13802767c2 req-cde4cc1d-d351-4eaa-82dc-6d13802767c2 ] Request (ImagesDeleteNegativeTestJSON:setUpClass): 200 GET http://10.180.1.21/identity/v3/roles 0.028s
2025-05-08 11:54:53.149 70870 INFO tempest.lib.common.rest_client [req-1536c21e-db31-4553-9c13-852c03b783a7 req-1536c21e-db31-4553-9c13-852c03b783a7 ] Request (ImagesDeleteNegativeTestJSON:setUpClass): 204 PUT http://10.180.1.21/identity/v3/projects/574a8d15d1cd4ce89826fc78e72b4094/users/33286395763b4b99be353d183daff9b0/roles/38b07e1af7cc4c8cb840641d75167f5b 0.029s
2025-05-08 11:54:53.150 70870 INFO tempest.lib.common.dynamic_creds [-] Dynamic test user 33286395763b4b99be353d183daff9b0 is created with scope project and roles: ['member']
2025-05-08 11:54:53.150 70870 INFO tempest.lib.common.dynamic_creds [-] Acquired dynamic creds: credentials: Credentials: {'domain_id': 'default', 'domain_name': 'Default', 'username': 'tempest-ImagesDeleteNegativeTestJSON-578624504-project-member', 'project_domain_id': 'default', 'project_domain_name': 'Default', 'project_id': '574a8d15d1cd4ce89826fc78e72b4094', 'project_name': 'tempest-ImagesDeleteNegativeTestJSON-578624504', 'tenant_id': '574a8d15d1cd4ce89826fc78e72b4094', 'tenant_name': 'tempest-ImagesDeleteNegativeTestJSON-578624504', 'user_domain_id': 'default', 'user_domain_name': 'Default', 'user_id': '33286395763b4b99be353d183daff9b0', 'system': None}, Network: None, Subnet: None, Router: None
2025-05-08 11:54:53.150 70870 INFO tempest.lib.common.dynamic_creds [-] Created isolated network resources for: credentials: Credentials: {'domain_id': 'default', 'domain_name': 'Default', 'username': 'tempest-ImagesDeleteNegativeTestJSON-578624504-project-member', 'project_domain_id': 'default', 'project_domain_name': 'Default', 'project_id': '574a8d15d1cd4ce89826fc78e72b4094', 'project_name': 'tempest-ImagesDeleteNegativeTestJSON-578624504', 'tenant_id': '574a8d15d1cd4ce89826fc78e72b4094', 'tenant_name': 'tempest-ImagesDeleteNegativeTestJSON-578624504', 'user_domain_id': 'default', 'user_domain_name': 'Default', 'user_id': '33286395763b4b99be353d183daff9b0', 'system': None}, Network: None, Subnet: None, Router: None
2025-05-08 11:54:53.220 70872 INFO tempest.lib.common.rest_client [req-50a61e2f-973c-438b-9413-b6f9c254c502 req-50a61e2f-973c-438b-9413-b6f9c254c502 ] Request (AttachVolumeShelveTestJSON:test_attach_volume_shelved_or_offload_server): 200 GET http://10.180.1.21/compute/v2.1/servers/7323ed53-e030-4128-b880-37c3ee09434b 0.698s
2025-05-08 11:54:53.232 70870 INFO tempest.lib.common.rest_client [req-37c7f6c5-8bcf-410f-bcaa-2c0c10f3c22c req-37c7f6c5-8bcf-410f-bcaa-2c0c10f3c22c ] Request (ImagesDeleteNegativeTestJSON:setUpClass): 201 POST http://10.180.1.21/identity/v3/auth/tokens 0.079s
2025-05-08 11:54:53.277 70844 INFO tempest.lib.common.rest_client [req-2b55d99f-bf2e-4565-b74c-6667c3e9ed64 req-2b55d99f-bf2e-4565-b74c-6667c3e9ed64 ] Request (ServersAdmin275Test:test_rebuild_update_server_275): 200 GET http://10.180.1.21/compute/v2.1/servers/5f03309a-4505-49d3-854e-3082cc2cd03a 0.688s
2025-05-08 11:54:53.346 70822 INFO tempest.lib.common.rest_client [req-44b58061-420d-4ea9-b68a-e4709572486f req-44b58061-420d-4ea9-b68a-e4709572486f ] Request (ListImageFiltersTestJSON:tearDownClass): 200 GET http://10.180.1.21/compute/v2.1/servers/513a1359-d44c-4e77-8621-9704298cfe79 0.673s
2025-05-08 11:54:53.409 70826 INFO tempest.lib.common.rest_client [req-4de8230d-6620-4ba6-a7fd-cf3c2e387b01 req-4de8230d-6620-4ba6-a7fd-cf3c2e387b01 ] Request (TenantUsagesTestJSON:tearDownClass): 200 GET http://10.180.1.21/compute/v2.1/servers/7da44ecc-2b8f-4068-86bc-f8632048f2b0 0.652s
2025-05-08 11:54:53.426 70866 INFO tempest.lib.common.rest_client [req-fb298405-c3ed-4837-9abc-56432c7c4245 req-fb298405-c3ed-4837-9abc-56432c7c4245 ] Request (AttachInterfacesTestJSON:test_create_list_show_delete_interfaces_by_fixed_ip): 200 POST http://10.180.1.21/compute/v2.1/servers/d8595e6b-7681-4439-9052-5a066d6f9c57/os-interface 9.804s
2025-05-08 11:54:53.510 70870 INFO tempest.lib.common.rest_client [req-94e5da6f-6cd7-4327-93dd-ccf9b316fbef req-94e5da6f-6cd7-4327-93dd-ccf9b316fbef ] Request (ImagesDeleteNegativeTestJSON:test_delete_image_blank_id): 404 DELETE http://10.180.1.21/compute/v2.1/images/ 0.276s
2025-05-08 11:54:53.536 70850 INFO tempest.lib.common.rest_client [req-6ae0692e-0473-4bb7-9fef-7a74b455ed22 req-6ae0692e-0473-4bb7-9fef-7a74b455ed22 ] Request (ImagesOneServerNegativeTestJSON:test_create_second_image_when_first_image_is_being_saved): 204 DELETE http://10.180.1.21/compute/v2.1/images/e4a3dc87-5b1e-4b6b-82d3-842d6d1b369b 0.530s
2025-05-08 11:54:53.602 70834 INFO tempest.lib.common.rest_client [req-72d6f5a1-ad55-44e9-83f3-95853f1c575b req-72d6f5a1-ad55-44e9-83f3-95853f1c575b ] Request (ServersTestBootFromVolume:setUpClass): 200 GET http://10.180.1.21/compute/v2.1/servers/592584da-94b4-43f0-a360-36d8b1494d96 0.229s
2025-05-08 11:54:53.606 70882 INFO tempest.lib.common.rest_client [req-9cde2df9-f0dc-4fb7-8fac-6ea4af495844 req-9cde2df9-f0dc-4fb7-8fac-6ea4af495844 ] Request (ImagesTestJSON:test_create_server_from_snapshot): 200 GET http://10.180.1.21/compute/v2.1/servers/79bf7182-4a57-4a8e-a402-4d67c3158374 0.181s
2025-05-08 11:54:53.689 70866 INFO tempest.lib.common.rest_client [req-5ae2dbb0-bada-4eae-bd14-5d1b10233c93 req-5ae2dbb0-bada-4eae-bd14-5d1b10233c93 ] Request (AttachInterfacesTestJSON:test_create_list_show_delete_interfaces_by_fixed_ip): 200 GET http://10.180.1.21/compute/v2.1/servers/d8595e6b-7681-4439-9052-5a066d6f9c57/os-interface/2471e91a-8e3f-4ce2-8926-1a0ba8439e5e 0.259s
2025-05-08 11:54:53.713 70836 INFO tempest.lib.common.rest_client [req-94459095-f114-48a3-8a29-0d8650859b6a req-94459095-f114-48a3-8a29-0d8650859b6a ] Request (ServerMetadataNegativeTestJSON:setUpClass): 200 GET http://10.180.1.21/compute/v2.1/servers/ac799fd6-04b0-4e13-8519-dcb356f1ae55 0.229s
2025-05-08 11:54:53.722 70870 INFO tempest.lib.common.rest_client [req-98d29fe2-0f74-485a-ab1e-0a260e9bbfd3 req-98d29fe2-0f74-485a-ab1e-0a260e9bbfd3 ] Request (ImagesDeleteNegativeTestJSON:test_delete_image_negative_image_id): 404 DELETE http://10.180.1.21/compute/v2.1/images/-1 0.206s
2025-05-08 11:54:53.765 70849 INFO tempest.lib.common.rest_client [req-86e9f6e5-c541-4c43-8f30-5d49a078fac6 req-86e9f6e5-c541-4c43-8f30-5d49a078fac6 ] Request (InstanceActionsNegativeTestJSON:setUpClass): 200 GET http://10.180.1.21/compute/v2.1/servers/6c67aafd-34f8-4057-9dcc-88b6670abdf9 0.229s
2025-05-08 11:54:53.820 70862 INFO tempest.lib.common.rest_client [req-0d68ac50-c939-4941-87f9-5fbdeb6ad46c req-0d68ac50-c939-4941-87f9-5fbdeb6ad46c ] Request (ServerDiskConfigTestJSON:test_resize_server_from_auto_to_manual): 200 GET http://10.180.1.21/compute/v2.1/servers/d111991f-fded-409a-82af-1b431b56f48f 0.232s
2025-05-08 11:54:53.891 70880 INFO tempest.lib.common.rest_client [req-8556227e-8167-45e1-a479-34ede9d0dfa4 req-8556227e-8167-45e1-a479-34ede9d0dfa4 ] Request (ServerActionsTestOtherA:_run_cleanups): 200 GET http://10.180.1.21/compute/v2.1/servers/bf6cc8b4-c21d-4a38-a0cd-91466bbb577d 0.235s
2025-05-08 11:54:53.904 70850 INFO tempest.lib.common.rest_client [req-a0cc9c3e-f32e-45a0-b234-dcf39e201620 req-a0cc9c3e-f32e-45a0-b234-dcf39e201620 ] Request (ImagesOneServerNegativeTestJSON:tearDown): 200 GET http://10.180.1.21/compute/v2.1/servers/e24cd975-f193-447c-872e-6bb88284a63b 0.368s
2025-05-08 11:54:53.973 70874 INFO tempest.lib.common.rest_client [req-4cd14f0e-b2a1-480b-9233-22c8a8942f93 req-4cd14f0e-b2a1-480b-9233-22c8a8942f93 ] Request (ServerMetadataTestJSON:setUpClass): 200 GET http://10.180.1.21/compute/v2.1/servers/12aaebeb-90a4-4a41-abf6-4edaa7512cd3 0.264s
2025-05-08 11:54:53.991 70870 INFO tempest.lib.common.rest_client [req-84b4b309-98f0-426d-b96a-784411e2cbb1 req-84b4b309-98f0-426d-b96a-784411e2cbb1 ] Request (ImagesDeleteNegativeTestJSON:test_delete_image_non_hex_string_id): 404 DELETE http://10.180.1.21/compute/v2.1/images/50076260-4d6e-4f5e-8982-ed3f41c4e49j 0.268s
2025-05-08 11:54:54.024 70866 INFO tempest.lib.common.rest_client [req-1fda9519-2d0a-4089-a36f-97ce6f25f9af req-1fda9519-2d0a-4089-a36f-97ce6f25f9af ] Request (AttachInterfacesTestJSON:test_create_list_show_delete_interfaces_by_fixed_ip): 200 GET http://10.180.1.21/compute/v2.1/servers/d8595e6b-7681-4439-9052-5a066d6f9c57/os-interface 0.333s
2025-05-08 11:54:54.082 70828 INFO tempest.lib.common.rest_client [req-142ce4d7-eb49-434f-a711-c9f0354a3d44 req-142ce4d7-eb49-434f-a711-c9f0354a3d44 ] Request (ServersV294TestFqdnHostnames:tearDownClass): 200 GET http://10.180.1.21/compute/v2.1/servers/7e2f05a8-6f0d-4112-a654-b2a6d01a011a 0.309s
2025-05-08 11:54:54.102 70832 INFO tempest.lib.common.rest_client [req-7a888489-a988-45d9-bdd8-0537bfc7416c req-7a888489-a988-45d9-bdd8-0537bfc7416c ] Request (AttachInterfacesUnderV243Test:_run_cleanups): 200 GET http://10.180.1.21/compute/v2.1/servers/61b93ec7-7899-446d-8e08-d354622eeaa4 0.267s
2025-05-08 11:54:54.195 70868 INFO tempest.lib.common.rest_client [req-a4920612-77c2-4e80-80b8-cc241b6a7d3b req-a4920612-77c2-4e80-80b8-cc241b6a7d3b ] Request (ServersAdminTestJSON:test_create_server_with_scheduling_hint): 200 GET http://10.180.1.21/compute/v2.1/servers/58330f4d-7973-4c31-9f83-0ef58340b4ea 0.303s
2025-05-08 11:54:54.204 70868 INFO tempest.common.waiters [-] State transition "BUILD/networking" ==> "BUILD/block_device_mapping" after 75 second wait
2025-05-08 11:54:54.206 70840 INFO tempest.lib.common.rest_client [req-e96ec985-3403-489f-9221-917321ee5abf req-e96ec985-3403-489f-9221-917321ee5abf ] Request (ServerRescueTestJSONUnderV235:setUpClass): 200 GET http://10.180.1.21/compute/v2.1/servers/f355d8b7-a7d9-4b25-97aa-cdc6c7102e31 0.223s
2025-05-08 11:54:54.212 70870 INFO tempest.lib.common.rest_client [req-7cd40d36-89c1-4c09-97cf-3c92bf6b8ab2 req-7cd40d36-89c1-4c09-97cf-3c92bf6b8ab2 ] Request (ImagesDeleteNegativeTestJSON:test_delete_image_with_id_over_character_limit): 404 DELETE http://10.180.1.21/compute/v2.1/images/458e305a-592e-4542-bc44-463837e2f0661 0.219s
2025-05-08 11:54:54.263 70866 INFO tempest.lib.common.rest_client [req-e9316825-cad0-4ea4-8913-04bccd087af5 req-e9316825-cad0-4ea4-8913-04bccd087af5 ] Request (AttachInterfacesTestJSON:test_create_list_show_delete_interfaces_by_fixed_ip): 200 GET http://10.180.1.21/compute/v2.1/servers/d8595e6b-7681-4439-9052-5a066d6f9c57/os-interface/1019c59a-40ab-49e8-9caf-665fcc22d1ad 0.233s
2025-05-08 11:54:54.268 70864 INFO tempest.lib.common.rest_client [req-5b09249c-57c2-46bc-8b14-c9bf31ec9f47 req-5b09249c-57c2-46bc-8b14-c9bf31ec9f47 ] Request (SecurityGroupsTestJSON:test_server_security_groups): 200 GET http://10.180.1.21/compute/v2.1/servers/43599c7d-eb6e-42c2-98f9-bcf443633560 0.202s
2025-05-08 11:54:54.286 70870 INFO tempest.lib.common.rest_client [req-f9bbb027-f57d-4fd3-94f9-f22237ff42a0 req-f9bbb027-f57d-4fd3-94f9-f22237ff42a0 ] Request (ImagesDeleteNegativeTestJSON:test_delete_image_with_invalid_image_id): 404 DELETE http://10.180.1.21/compute/v2.1/images/tempest-invalid-1990341584 0.073s
2025-05-08 11:54:54.321 70876 INFO tempest.lib.common.rest_client [req-39ad4ca8-92fc-4d1c-ba9e-5bf89b2afbaa req-39ad4ca8-92fc-4d1c-ba9e-5bf89b2afbaa ] Request (ServerGroupTestJSON:test_create_server_with_scheduler_hint_group): 200 GET http://10.180.1.21/compute/v2.1/servers/b84f98ef-3dd3-409f-a069-c49e23ded498 0.192s
2025-05-08 11:54:54.375 70866 INFO tempest.lib.common.rest_client [req-b512661c-bc08-4fea-923a-51dbf12ed141 req-b512661c-bc08-4fea-923a-51dbf12ed141 ] Request (AttachInterfacesTestJSON:test_create_list_show_delete_interfaces_by_fixed_ip): 202 DELETE http://10.180.1.21/compute/v2.1/servers/d8595e6b-7681-4439-9052-5a066d6f9c57/os-interface/2471e91a-8e3f-4ce2-8926-1a0ba8439e5e 0.110s
2025-05-08 11:54:54.397 70870 INFO tempest.lib.common.rest_client [req-51cd493e-301a-4148-a298-788a83bc4d71 req-51cd493e-301a-4148-a298-788a83bc4d71 ] Request (ImagesDeleteNegativeTestJSON:test_delete_non_existent_image): 404 DELETE http://10.180.1.21/compute/v2.1/images/0bcfc541-906f-48da-94ab-2e0409b56edf 0.108s
2025-05-08 11:54:54.437 70872 INFO tempest.lib.common.rest_client [req-6572690c-2202-4c58-906b-df1d43eca2ea req-6572690c-2202-4c58-906b-df1d43eca2ea ] Request (AttachVolumeShelveTestJSON:test_attach_volume_shelved_or_offload_server): 200 GET http://10.180.1.21/compute/v2.1/servers/7323ed53-e030-4128-b880-37c3ee09434b 0.208s
2025-05-08 11:54:54.477 70844 INFO tempest.lib.common.rest_client [req-62672c7c-cf3a-4f0d-bcd7-a587a09a78cf req-62672c7c-cf3a-4f0d-bcd7-a587a09a78cf ] Request (ServersAdmin275Test:test_rebuild_update_server_275): 200 GET http://10.180.1.21/compute/v2.1/servers/5f03309a-4505-49d3-854e-3082cc2cd03a 0.189s
2025-05-08 11:54:54.490 70844 INFO tempest.common.waiters [-] State transition "BUILD/spawning" ==> "ACTIVE/None" after 81 second wait
2025-05-08 11:54:54.506 70822 INFO tempest.lib.common.rest_client [req-acdfc9ed-be39-4e09-8d05-ab8a2e46a4e5 req-acdfc9ed-be39-4e09-8d05-ab8a2e46a4e5 ] Request (ListImageFiltersTestJSON:tearDownClass): 200 GET http://10.180.1.21/compute/v2.1/servers/513a1359-d44c-4e77-8621-9704298cfe79 0.152s
2025-05-08 11:54:54.543 70870 INFO tempest.lib.common.rest_client [req-feec3ba5-bac3-4b62-bbe0-d4fb2aeb296b req-feec3ba5-bac3-4b62-bbe0-d4fb2aeb296b ] Request (ImagesDeleteNegativeTestJSON:tearDownClass): 204 DELETE http://10.180.1.21/identity/v3/users/33286395763b4b99be353d183daff9b0 0.144s
2025-05-08 11:54:54.543 70870 INFO tempest.lib.common.dynamic_creds [-] Deleting project and security group for project: 574a8d15d1cd4ce89826fc78e72b4094
2025-05-08 11:54:54.546 70866 INFO tempest.lib.common.rest_client [req-32d1d022-65d9-4c77-a46c-163bd56ea564 req-32d1d022-65d9-4c77-a46c-163bd56ea564 ] Request (AttachInterfacesTestJSON:test_create_list_show_delete_interfaces_by_fixed_ip): 200 GET http://10.180.1.21/compute/v2.1/servers/d8595e6b-7681-4439-9052-5a066d6f9c57/os-interface 0.170s
2025-05-08 11:54:54.567 70826 INFO tempest.lib.common.rest_client [req-c66cf23b-938d-4b19-a088-c5f6e9e581ed req-c66cf23b-938d-4b19-a088-c5f6e9e581ed ] Request (TenantUsagesTestJSON:tearDownClass): 200 GET http://10.180.1.21/compute/v2.1/servers/7da44ecc-2b8f-4068-86bc-f8632048f2b0 0.147s
2025-05-08 11:54:54.629 70870 INFO tempest.lib.common.rest_client [req-73746ade-0d8c-41b9-8b27-18ca69a59fba req-73746ade-0d8c-41b9-8b27-18ca69a59fba ] Request (ImagesDeleteNegativeTestJSON:tearDownClass): 201 POST http://10.180.1.21/identity/v3/auth/tokens 0.086s
2025-05-08 11:54:54.674 70834 INFO tempest.lib.common.rest_client [req-e7b15d1e-7e29-4032-9717-d819ec78b002 req-e7b15d1e-7e29-4032-9717-d819ec78b002 ] Request (ServersTestBootFromVolume:setUpClass): 200 GET http://10.180.1.21/compute/v2.1/servers/592584da-94b4-43f0-a360-36d8b1494d96 0.061s
2025-05-08 11:54:54.731 70882 INFO tempest.lib.common.rest_client [req-bb7a10cc-c8a3-4f26-a83f-c4e79d1bd667 req-bb7a10cc-c8a3-4f26-a83f-c4e79d1bd667 ] Request (ImagesTestJSON:test_create_server_from_snapshot): 200 GET http://10.180.1.21/compute/v2.1/servers/79bf7182-4a57-4a8e-a402-4d67c3158374 0.114s
2025-05-08 11:54:54.793 70844 INFO tempest.lib.common.rest_client [req-40e24399-e1e1-4594-a2bc-5a0826ea9e9c req-40e24399-e1e1-4594-a2bc-5a0826ea9e9c ] Request (ServersAdmin275Test:test_rebuild_update_server_275): 202 POST http://10.180.1.21/compute/v2.1/servers/5f03309a-4505-49d3-854e-3082cc2cd03a/action 0.302s
2025-05-08 11:54:54.801 70836 INFO tempest.lib.common.rest_client [req-67824649-249f-4d2e-8d57-36ce5292f207 req-67824649-249f-4d2e-8d57-36ce5292f207 ] Request (ServerMetadataNegativeTestJSON:setUpClass): 200 GET http://10.180.1.21/compute/v2.1/servers/ac799fd6-04b0-4e13-8519-dcb356f1ae55 0.072s
2025-05-08 11:54:54.851 70849 INFO tempest.lib.common.rest_client [req-ec0836a1-42b3-4f91-800b-88d1dd2d1525 req-ec0836a1-42b3-4f91-800b-88d1dd2d1525 ] Request (InstanceActionsNegativeTestJSON:setUpClass): 200 GET http://10.180.1.21/compute/v2.1/servers/6c67aafd-34f8-4057-9dcc-88b6670abdf9 0.078s
2025-05-08 11:54:54.864 70870 INFO tempest.lib.common.rest_client [req-7107a556-16bb-4197-b91f-4b7f9b81418c req-7107a556-16bb-4197-b91f-4b7f9b81418c ] Request (ImagesDeleteNegativeTestJSON:tearDownClass): 200 GET http://10.180.1.21:9696/networking/v2.0/security-groups?tenant_id=574a8d15d1cd4ce89826fc78e72b4094&name=default 0.235s
2025-05-08 11:54:54.881 70844 INFO tempest.lib.common.rest_client [req-e79082ee-7b37-4d5d-92d4-d319d9f82ca0 req-e79082ee-7b37-4d5d-92d4-d319d9f82ca0 ] Request (ServersAdmin275Test:test_rebuild_update_server_275): 200 GET http://10.180.1.21/compute/v2.1/servers/5f03309a-4505-49d3-854e-3082cc2cd03a 0.074s
2025-05-08 11:54:54.909 70862 INFO tempest.lib.common.rest_client [req-7aeae4b9-6a3f-4806-bafa-6309b1ba5386 req-7aeae4b9-6a3f-4806-bafa-6309b1ba5386 ] Request (ServerDiskConfigTestJSON:test_resize_server_from_auto_to_manual): 200 GET http://10.180.1.21/compute/v2.1/servers/d111991f-fded-409a-82af-1b431b56f48f 0.080s
2025-05-08 11:54:54.985 70880 INFO tempest.lib.common.rest_client [req-a85b8396-b280-4510-b38f-22c583d8c0d4 req-a85b8396-b280-4510-b38f-22c583d8c0d4 ] Request (ServerActionsTestOtherA:_run_cleanups): 200 GET http://10.180.1.21/compute/v2.1/servers/bf6cc8b4-c21d-4a38-a0cd-91466bbb577d 0.081s
2025-05-08 11:54:55.010 70870 INFO tempest.lib.common.rest_client [req-74edbb82-5ffe-4b92-89e7-693d69b6fa8b req-74edbb82-5ffe-4b92-89e7-693d69b6fa8b ] Request (ImagesDeleteNegativeTestJSON:tearDownClass): 204 DELETE http://10.180.1.21:9696/networking/v2.0/security-groups/74f3828e-74d9-48ea-99ce-a1cc1fd2c7c2 0.145s
2025-05-08 11:54:55.037 70850 INFO tempest.lib.common.rest_client [req-cec7b05b-c8b4-4def-81f9-aefcd0e67b95 req-cec7b05b-c8b4-4def-81f9-aefcd0e67b95 ] Request (ImagesOneServerNegativeTestJSON:tearDown): 200 GET http://10.180.1.21/compute/v2.1/servers/e24cd975-f193-447c-872e-6bb88284a63b 0.124s
2025-05-08 11:54:55.044 70874 INFO tempest.lib.common.rest_client [req-f306ae8f-06f1-4a71-b465-f0b91ee8dcec req-f306ae8f-06f1-4a71-b465-f0b91ee8dcec ] Request (ServerMetadataTestJSON:setUpClass): 200 GET http://10.180.1.21/compute/v2.1/servers/12aaebeb-90a4-4a41-abf6-4edaa7512cd3 0.061s
2025-05-08 11:54:55.045 70850 INFO tempest.common.waiters [-] State transition "ACTIVE/image_snapshot" ==> "ACTIVE/image_pending_upload" after 2 second wait
2025-05-08 11:54:55.104 70870 INFO tempest.lib.common.rest_client [req-92dae6b0-9331-4745-8011-64c0094ae8db req-92dae6b0-9331-4745-8011-64c0094ae8db ] Request (ImagesDeleteNegativeTestJSON:tearDownClass): 204 DELETE http://10.180.1.21/identity/v3/projects/574a8d15d1cd4ce89826fc78e72b4094 0.094s
2025-05-08 11:54:55.106 70870 INFO tempest.test [-] raised in NoVNCConsoleTestJSON.setUpClass. Invoking tearDownClass.
2025-05-08 11:54:55.164 70870 INFO tempest.lib.common.rest_client [req-7941291a-d1b2-42c0-98d0-53842d40cf5c req-7941291a-d1b2-42c0-98d0-53842d40cf5c ] Request (ServerShowV247Test:setUpClass): 201 POST http://10.180.1.21/identity/v3/auth/tokens 0.056s
2025-05-08 11:54:55.176 70832 INFO tempest.lib.common.rest_client [req-ab6b6c47-0a2f-4959-9e12-724005299699 req-ab6b6c47-0a2f-4959-9e12-724005299699 ] Request (AttachInterfacesUnderV243Test:_run_cleanups): 200 GET http://10.180.1.21/compute/v2.1/servers/61b93ec7-7899-446d-8e08-d354622eeaa4 0.059s
2025-05-08 11:54:55.187 70828 INFO tempest.lib.common.rest_client [req-2b32a8b8-4ceb-4449-a9c9-403b6536b710 req-2b32a8b8-4ceb-4449-a9c9-403b6536b710 ] Request (ServersV294TestFqdnHostnames:tearDownClass): 200 GET http://10.180.1.21/compute/v2.1/servers/7e2f05a8-6f0d-4112-a654-b2a6d01a011a 0.076s
2025-05-08 11:54:55.196 70870 INFO tempest.lib.common.rest_client [req-c89c9ce5-a9b1-4e4f-a566-87b327a85041 req-c89c9ce5-a9b1-4e4f-a566-87b327a85041 ] Request (ServerShowV247Test:setUpClass): 201 POST http://10.180.1.21/identity/v3/auth/tokens 0.029s
2025-05-08 11:54:55.226 70870 INFO tempest.lib.common.rest_client [req-70750d7d-9f5e-43b2-a648-f974100ac50f req-70750d7d-9f5e-43b2-a648-f974100ac50f ] Request (ServerShowV247Test:setUpClass): 200 GET http://10.180.1.21/identity/v3/domains?name=Default 0.030s
2025-05-08 11:54:55.234 70842 INFO paramiko.transport [-] Connected (version 2.0, client dropbear_2020.81)
2025-05-08 11:54:55.305 70870 INFO tempest.lib.common.rest_client [req-c1a86029-28a5-43e5-9c6a-1a235ebe62f9 req-c1a86029-28a5-43e5-9c6a-1a235ebe62f9 ] Request (ServerShowV247Test:setUpClass): 201 POST http://10.180.1.21/identity/v3/projects 0.078s
2025-05-08 11:54:55.306 70842 INFO paramiko.transport [-] Authentication (publickey) successful!
2025-05-08 11:54:55.308 70842 INFO tempest.lib.common.ssh [-] ssh connection to cirros@10.180.180.158 successfully created
2025-05-08 11:54:55.315 70842 INFO tempest.lib.common.ssh [-] Creating ssh connection to '10.180.180.158:22' as 'cirros' with public key authentication
2025-05-08 11:54:55.319 70842 INFO paramiko.transport [-] Connected (version 2.0, client dropbear_2020.81)
2025-05-08 11:54:55.407 70870 INFO tempest.lib.common.rest_client [req-c3d183e1-e3a3-4b08-bd83-6064add256b3 req-c3d183e1-e3a3-4b08-bd83-6064add256b3 ] Request (ServerShowV247Test:setUpClass): 201 POST http://10.180.1.21/identity/v3/users 0.101s
2025-05-08 11:54:55.409 70840 INFO tempest.lib.common.rest_client [req-3248cc0b-709b-4a34-97b7-7f97f28d0b85 req-3248cc0b-709b-4a34-97b7-7f97f28d0b85 ] Request (ServerRescueTestJSONUnderV235:setUpClass): 200 GET http://10.180.1.21/compute/v2.1/servers/f355d8b7-a7d9-4b25-97aa-cdc6c7102e31 0.194s
2025-05-08 11:54:55.409 70868 INFO tempest.lib.common.rest_client [req-87786f50-65be-4036-9d52-39f2001212ce req-87786f50-65be-4036-9d52-39f2001212ce ] Request (ServersAdminTestJSON:test_create_server_with_scheduling_hint): 200 GET http://10.180.1.21/compute/v2.1/servers/58330f4d-7973-4c31-9f83-0ef58340b4ea 0.204s
2025-05-08 11:54:55.416 70868 INFO tempest.common.waiters [-] State transition "BUILD/block_device_mapping" ==> "BUILD/spawning" after 76 second wait
2025-05-08 11:54:55.423 70842 INFO paramiko.transport [-] Authentication (publickey) successful!
2025-05-08 11:54:55.426 70842 INFO tempest.lib.common.ssh [-] ssh connection to cirros@10.180.180.158 successfully created
2025-05-08 11:54:55.438 70870 INFO tempest.lib.common.rest_client [req-2a13af46-54ef-4935-b209-818a1a50142d req-2a13af46-54ef-4935-b209-818a1a50142d ] Request (ServerShowV247Test:setUpClass): 200 GET http://10.180.1.21/identity/v3/roles 0.030s
2025-05-08 11:54:55.468 70864 INFO tempest.lib.common.rest_client [req-3857afa5-8e01-448f-84a1-e361a484b3ce req-3857afa5-8e01-448f-84a1-e361a484b3ce ] Request (SecurityGroupsTestJSON:test_server_security_groups): 200 GET http://10.180.1.21/compute/v2.1/servers/43599c7d-eb6e-42c2-98f9-bcf443633560 0.188s
2025-05-08 11:54:55.470 70870 INFO tempest.lib.common.rest_client [req-0d762d36-d381-4eb2-b474-ce1ec9fe8250 req-0d762d36-d381-4eb2-b474-ce1ec9fe8250 ] Request (ServerShowV247Test:setUpClass): 204 PUT http://10.180.1.21/identity/v3/projects/30182d07e3954f288cb1746fb31bb7f0/users/aecbd24a4cf34831a7fb9c65aa233145/roles/38b07e1af7cc4c8cb840641d75167f5b 0.032s
2025-05-08 11:54:55.471 70870 INFO tempest.lib.common.dynamic_creds [-] Dynamic test user aecbd24a4cf34831a7fb9c65aa233145 is created with scope project and roles: ['member']
2025-05-08 11:54:55.471 70870 INFO tempest.lib.common.dynamic_creds [-] Acquired dynamic creds: credentials: Credentials: {'domain_id': 'default', 'domain_name': 'Default', 'username': 'tempest-ServerShowV247Test-164123761-project-member', 'project_domain_id': 'default', 'project_domain_name': 'Default', 'project_id': '30182d07e3954f288cb1746fb31bb7f0', 'project_name': 'tempest-ServerShowV247Test-164123761', 'tenant_id': '30182d07e3954f288cb1746fb31bb7f0', 'tenant_name': 'tempest-ServerShowV247Test-164123761', 'user_domain_id': 'default', 'user_domain_name': 'Default', 'user_id': 'aecbd24a4cf34831a7fb9c65aa233145', 'system': None}, Network: None, Subnet: None, Router: None
2025-05-08 11:54:55.471 70870 INFO tempest.lib.common.dynamic_creds [-] Created isolated network resources for: credentials: Credentials: {'domain_id': 'default', 'domain_name': 'Default', 'username': 'tempest-ServerShowV247Test-164123761-project-member', 'project_domain_id': 'default', 'project_domain_name': 'Default', 'project_id': '30182d07e3954f288cb1746fb31bb7f0', 'project_name': 'tempest-ServerShowV247Test-164123761', 'tenant_id': '30182d07e3954f288cb1746fb31bb7f0', 'tenant_name': 'tempest-ServerShowV247Test-164123761', 'user_domain_id': 'default', 'user_domain_name': 'Default', 'user_id': 'aecbd24a4cf34831a7fb9c65aa233145', 'system': None}, Network: None, Subnet: None, Router: None
2025-05-08 11:54:55.477 70876 INFO tempest.lib.common.rest_client [req-27caf746-42d5-4e81-aaa6-ba6c3fce9286 req-27caf746-42d5-4e81-aaa6-ba6c3fce9286 ] Request (ServerGroupTestJSON:test_create_server_with_scheduler_hint_group): 200 GET http://10.180.1.21/compute/v2.1/servers/b84f98ef-3dd3-409f-a069-c49e23ded498 0.147s
2025-05-08 11:54:55.546 70842 INFO tempest.lib.common.rest_client [req-599b84fe-6f9e-415d-8b6d-7e7a6b9d5932 req-599b84fe-6f9e-415d-8b6d-7e7a6b9d5932 ] Request (ServerActionsTestJSON:test_reboot_server_hard): 202 POST http://10.180.1.21/compute/v2.1/servers/eef02990-c512-44f2-8fc7-eab27e22ab58/action 0.109s
2025-05-08 11:54:55.555 70870 INFO tempest.lib.common.rest_client [req-00b5e0af-41af-42c4-97e4-0bedc277cd89 req-00b5e0af-41af-42c4-97e4-0bedc277cd89 ] Request (ServerShowV247Test:setUpClass): 201 POST http://10.180.1.21/identity/v3/auth/tokens 0.077s
2025-05-08 11:54:55.602 70870 INFO tempest.lib.common.rest_client [req-4ecc6868-8e42-43de-9dc3-2bf8ddc2b816 req-4ecc6868-8e42-43de-9dc3-2bf8ddc2b816 ] Request (ServerShowV247Test:setUpClass): 200 GET http://10.180.1.21/identity/v3/projects/30182d07e3954f288cb1746fb31bb7f0 0.047s
2025-05-08 11:54:55.603 70870 INFO tempest.lib.common.dynamic_creds [-] Using the existing project 30182d07e3954f288cb1746fb31bb7f0 for scope project and roles: ['reader']
2025-05-08 11:54:55.610 70822 INFO tempest.lib.common.rest_client [req-b3d2272a-4f4b-404e-ab6b-bb8d119949a2 req-b3d2272a-4f4b-404e-ab6b-bb8d119949a2 ] Request (ListImageFiltersTestJSON:tearDownClass): 200 GET http://10.180.1.21/compute/v2.1/servers/513a1359-d44c-4e77-8621-9704298cfe79 0.093s
2025-05-08 11:54:55.610 70872 INFO tempest.lib.common.rest_client [req-ee021634-2031-4a3e-b80b-2f0fced78bc4 req-ee021634-2031-4a3e-b80b-2f0fced78bc4 ] Request (AttachVolumeShelveTestJSON:test_attach_volume_shelved_or_offload_server): 200 GET http://10.180.1.21/compute/v2.1/servers/7323ed53-e030-4128-b880-37c3ee09434b 0.164s
2025-05-08 11:54:55.627 70870 INFO tempest.lib.common.rest_client [req-964c6b8f-b4cd-4291-91bb-0d753fa90432 req-964c6b8f-b4cd-4291-91bb-0d753fa90432 ] Request (ServerShowV247Test:setUpClass): 201 POST http://10.180.1.21/identity/v3/users 0.023s
2025-05-08 11:54:55.650 70870 INFO tempest.lib.common.rest_client [req-bd113754-99eb-4d10-921b-f2b7fc4f5596 req-bd113754-99eb-4d10-921b-f2b7fc4f5596 ] Request (ServerShowV247Test:setUpClass): 200 GET http://10.180.1.21/identity/v3/roles 0.022s
2025-05-08 11:54:55.681 70866 INFO tempest.lib.common.rest_client [req-2e91d7e8-fade-461f-9849-0aea2c41431e req-2e91d7e8-fade-461f-9849-0aea2c41431e ] Request (AttachInterfacesTestJSON:test_create_list_show_delete_interfaces_by_fixed_ip): 200 GET http://10.180.1.21/compute/v2.1/servers/d8595e6b-7681-4439-9052-5a066d6f9c57/os-interface 0.128s
2025-05-08 11:54:55.683 70870 INFO tempest.lib.common.rest_client [req-e06e168e-6476-44d5-bbb9-a4cc8ea3dff9 req-e06e168e-6476-44d5-bbb9-a4cc8ea3dff9 ] Request (ServerShowV247Test:setUpClass): 204 PUT http://10.180.1.21/identity/v3/projects/30182d07e3954f288cb1746fb31bb7f0/users/1be169e2c99a4094a9cb709da008b5b7/roles/d85896645eba43349219f0f03875dce3 0.032s
2025-05-08 11:54:55.683 70870 INFO tempest.lib.common.dynamic_creds [-] Dynamic test user 1be169e2c99a4094a9cb709da008b5b7 is created with scope project and roles: ['reader']
