2025-05-08 11:51:53.482 70840 INFO tempest.lib.common.dynamic_creds [-] Acquired dynamic creds: credentials: Credentials: {'domain_id': 'default', 'domain_name': 'Default', 'username': 'tempest-MultipleCreateNegativeTestJSON-1204495443-project-member', 'project_domain_id': 'default', 'project_domain_name': 'Default', 'project_id': '5c1d3ade9ba5426db86f7c0b4e5d8bc6', 'project_name': 'tempest-MultipleCreateNegativeTestJSON-1204495443', 'tenant_id': '5c1d3ade9ba5426db86f7c0b4e5d8bc6', 'tenant_name': 'tempest-MultipleCreateNegativeTestJSON-1204495443', 'user_domain_id': 'default', 'user_domain_name': 'Default', 'user_id': 'f20520fb9562465c8edd453069894a0f', 'system': None}, Network: None, Subnet: None, Router: None
2025-05-08 11:51:53.483 70840 INFO tempest.lib.common.dynamic_creds [-] Created isolated network resources for: credentials: Credentials: {'domain_id': 'default', 'domain_name': 'Default', 'username': 'tempest-MultipleCreateNegativeTestJSON-1204495443-project-member', 'project_domain_id': 'default', 'project_domain_name': 'Default', 'project_id': '5c1d3ade9ba5426db86f7c0b4e5d8bc6', 'project_name': 'tempest-MultipleCreateNegativeTestJSON-1204495443', 'tenant_id': '5c1d3ade9ba5426db86f7c0b4e5d8bc6', 'tenant_name': 'tempest-MultipleCreateNegativeTestJSON-1204495443', 'user_domain_id': 'default', 'user_domain_name': 'Default', 'user_id': 'f20520fb9562465c8edd453069894a0f', 'system': None}, Network: None, Subnet: None, Router: None
2025-05-08 11:51:53.517 70862 INFO tempest.lib.common.rest_client [req-909375ba-64ba-4127-8363-fd6f1acfa63e req-909375ba-64ba-4127-8363-fd6f1acfa63e ] Request (AZAdminNegativeTestJSON:tearDownClass): 200 GET http://10.180.1.21:9696/networking/v2.0/security-groups?tenant_id=71fb9db7d6ad4e0494d66dfd56445f78&name=default 0.186s
2025-05-08 11:51:53.551 70868 INFO tempest.lib.common.rest_client [req-8d7c8b72-62a7-4384-b788-bb30a2fdae56 req-8d7c8b72-62a7-4384-b788-bb30a2fdae56 ] Request (FlavorsV261TestJSON:test_crud_flavor): 200 POST http://10.180.1.21/compute/v2.1/flavors 2.891s
2025-05-08 11:51:53.591 70849 INFO tempest.lib.common.rest_client [req-9058fe8f-4d6b-4a84-bf06-4bc6c3a13d45 req-9058fe8f-4d6b-4a84-bf06-4bc6c3a13d45 ] Request (FlavorsV255TestJSON:test_crud_flavor): 200 GET http://10.180.1.21/compute/v2.1/flavors/1994545654 2.910s
2025-05-08 11:51:53.598 70840 INFO tempest.lib.common.rest_client [req-45313d64-e521-4548-8b10-903f3ed2fe66 req-45313d64-e521-4548-8b10-903f3ed2fe66 ] Request (MultipleCreateNegativeTestJSON:setUpClass): 201 POST http://10.180.1.21/identity/v3/auth/tokens 0.106s
2025-05-08 11:51:53.647 70840 INFO tempest.lib.common.rest_client [req-13cbe756-2e6d-4e23-bc61-57ce8c6aa0fa req-13cbe756-2e6d-4e23-bc61-57ce8c6aa0fa ] Request (MultipleCreateNegativeTestJSON:test_max_count_less_than_min_count): 201 POST http://10.180.1.21/identity/v3/auth/tokens 0.042s
2025-05-08 11:51:53.647 70840 INFO tempest.lib.common.fixed_network [-] (MultipleCreateNegativeTestJSON:test_max_count_less_than_min_count) Found network None available for tenant
2025-05-08 11:51:53.652 70856 INFO tempest.lib.common.rest_client [req-ac6f749b-19c7-4baa-9e97-487baa192fd9 req-ac6f749b-19c7-4baa-9e97-487baa192fd9 ] Request (FlavorsAccessNegativeTestJSON:test_add_flavor_access_duplicate): 200 POST http://10.180.1.21/compute/v2.1/flavors 2.868s
2025-05-08 11:51:53.676 70862 INFO tempest.lib.common.rest_client [req-a848c7ca-3f06-40ed-9f07-b996aa983636 req-a848c7ca-3f06-40ed-9f07-b996aa983636 ] Request (AZAdminNegativeTestJSON:tearDownClass): 204 DELETE http://10.180.1.21:9696/networking/v2.0/security-groups/deb451a1-2f26-4874-8ca0-329c858e0268 0.159s
2025-05-08 11:51:53.692 70830 INFO tempest.lib.common.rest_client [req-3ff56eb5-3641-4fff-aabf-b261ea066a26 req-3ff56eb5-3641-4fff-aabf-b261ea066a26 ] Request (HypervisorAdminNegativeUnderV252Test:test_search_hypervisor_with_non_admin_user): 403 GET http://10.180.1.21/compute/v2.1/os-hypervisors/domain-c8.fc996f14-c53b-4953-92e3-bdfa48f5cc28/search 2.797s
2025-05-08 11:51:53.731 70852 INFO tempest.lib.common.rest_client [req-c25848ad-6455-47e9-9f46-a5ee744756d2 req-c25848ad-6455-47e9-9f46-a5ee744756d2 ] Request (AZAdminV2TestJSON:test_get_availability_zone_list_detail): 200 GET http://10.180.1.21/compute/v2.1/os-availability-zone/detail 2.680s
2025-05-08 11:51:53.814 70862 INFO tempest.lib.common.rest_client [req-769d9307-f3e6-48e5-9714-ced954e5987c req-769d9307-f3e6-48e5-9714-ced954e5987c ] Request (AZAdminNegativeTestJSON:tearDownClass): 204 DELETE http://10.180.1.21/identity/v3/projects/71fb9db7d6ad4e0494d66dfd56445f78 0.137s
2025-05-08 11:51:53.844 70862 INFO tempest.lib.common.rest_client [req-bc758644-2be5-47af-b9c5-322d35edd197 req-bc758644-2be5-47af-b9c5-322d35edd197 ] Request (ServerDiskConfigTestJSON:setUpClass): 201 POST http://10.180.1.21/identity/v3/auth/tokens 0.028s
2025-05-08 11:51:53.862 70838 INFO tempest.lib.common.rest_client [req-7f6f3a07-8fc0-4c46-ae2b-4c59fc553e9b req-7f6f3a07-8fc0-4c46-ae2b-4c59fc553e9b ] Request (VolumesAssistedSnapshotsTest:setUpClass): 201 POST http://10.180.1.21:9696/networking/v2.0/networks 0.452s
2025-05-08 11:51:53.885 70852 INFO tempest.lib.common.rest_client [req-ea99a7d5-c201-4fa7-84f7-70e1804042f5 req-ea99a7d5-c201-4fa7-84f7-70e1804042f5 ] Request (AZAdminV2TestJSON:tearDownClass): 204 DELETE http://10.180.1.21/identity/v3/users/cde82360f7764123ada60301a6db91c8 0.148s
2025-05-08 11:51:53.947 70862 INFO tempest.lib.common.rest_client [req-f5e024b3-44af-466f-add6-e0c57cf446d7 req-f5e024b3-44af-466f-add6-e0c57cf446d7 ] Request (ServerDiskConfigTestJSON:setUpClass): 201 POST http://10.180.1.21/identity/v3/auth/tokens 0.101s
2025-05-08 11:51:54.008 70852 INFO tempest.lib.common.rest_client [req-b57f9af3-0c64-4793-be5a-3a8e1c89b6c7 req-b57f9af3-0c64-4793-be5a-3a8e1c89b6c7 ] Request (AZAdminV2TestJSON:tearDownClass): 204 DELETE http://10.180.1.21/identity/v3/users/6c28a2b101a94203b6d49a761b79c45f 0.121s
2025-05-08 11:51:54.009 70852 INFO tempest.lib.common.dynamic_creds [-] Deleting project and security group for project: 6e368d98c6524e1c85794988d585be52
2025-05-08 11:51:54.076 70862 INFO tempest.lib.common.rest_client [req-baab32cb-db0f-4bf8-b216-37a27a06ae3b req-baab32cb-db0f-4bf8-b216-37a27a06ae3b ] Request (ServerDiskConfigTestJSON:setUpClass): 200 GET http://10.180.1.21/identity/v3/domains?name=Default 0.128s
2025-05-08 11:51:54.116 70852 INFO tempest.lib.common.rest_client [req-03bcca59-eae9-4efd-b981-b6671936cba1 req-03bcca59-eae9-4efd-b981-b6671936cba1 ] Request (AZAdminV2TestJSON:tearDownClass): 201 POST http://10.180.1.21/identity/v3/auth/tokens 0.107s
2025-05-08 11:51:54.148 70862 INFO tempest.lib.common.rest_client [req-12e51f85-b7de-465c-a24a-35e8b9b2ede4 req-12e51f85-b7de-465c-a24a-35e8b9b2ede4 ] Request (ServerDiskConfigTestJSON:setUpClass): 201 POST http://10.180.1.21/identity/v3/projects 0.071s
2025-05-08 11:51:54.180 70838 INFO tempest.lib.common.rest_client [req-7ed7b152-649b-4149-a6ca-f78a563b93c6 req-7ed7b152-649b-4149-a6ca-f78a563b93c6 ] Request (VolumesAssistedSnapshotsTest:setUpClass): 201 POST http://10.180.1.21:9696/networking/v2.0/subnets 0.318s
2025-05-08 11:51:54.262 70862 INFO tempest.lib.common.rest_client [req-84e3c842-8a6f-4135-a9dd-3e5318e985ca req-84e3c842-8a6f-4135-a9dd-3e5318e985ca ] Request (ServerDiskConfigTestJSON:setUpClass): 201 POST http://10.180.1.21/identity/v3/users 0.114s
2025-05-08 11:51:54.291 70862 INFO tempest.lib.common.rest_client [req-eeaa8785-1105-46d3-8b5a-c36bc7032ab7 req-eeaa8785-1105-46d3-8b5a-c36bc7032ab7 ] Request (ServerDiskConfigTestJSON:setUpClass): 200 GET http://10.180.1.21/identity/v3/roles 0.028s
2025-05-08 11:51:54.326 70862 INFO tempest.lib.common.rest_client [req-2f1c12a7-61ef-4bca-9a86-34b8c7449b88 req-2f1c12a7-61ef-4bca-9a86-34b8c7449b88 ] Request (ServerDiskConfigTestJSON:setUpClass): 204 PUT http://10.180.1.21/identity/v3/projects/9dc0b5d1a0604a93990949de74a62cb1/users/393ae5b0a871441c82199499f26e6af5/roles/38b07e1af7cc4c8cb840641d75167f5b 0.034s
2025-05-08 11:51:54.326 70862 INFO tempest.lib.common.dynamic_creds [-] Dynamic test user 393ae5b0a871441c82199499f26e6af5 is created with scope project and roles: ['member']
2025-05-08 11:51:54.326 70862 INFO tempest.lib.common.dynamic_creds [-] Acquired dynamic creds: credentials: Credentials: {'domain_id': 'default', 'domain_name': 'Default', 'username': 'tempest-ServerDiskConfigTestJSON-1021082095-project-member', 'project_domain_id': 'default', 'project_domain_name': 'Default', 'project_id': '9dc0b5d1a0604a93990949de74a62cb1', 'project_name': 'tempest-ServerDiskConfigTestJSON-1021082095', 'tenant_id': '9dc0b5d1a0604a93990949de74a62cb1', 'tenant_name': 'tempest-ServerDiskConfigTestJSON-1021082095', 'user_domain_id': 'default', 'user_domain_name': 'Default', 'user_id': '393ae5b0a871441c82199499f26e6af5', 'system': None}, Network: None, Subnet: None, Router: None
2025-05-08 11:51:54.404 70862 INFO tempest.lib.common.rest_client [req-921711b4-a660-414c-9b6c-9bb0ef59a547 req-921711b4-a660-414c-9b6c-9bb0ef59a547 ] Request (ServerDiskConfigTestJSON:setUpClass): 201 POST http://10.180.1.21/identity/v3/auth/tokens 0.078s
2025-05-08 11:51:54.429 70826 INFO tempest.lib.common.rest_client [req-e916825a-c399-4263-ae8a-cac5b7d7072e req-e916825a-c399-4263-ae8a-cac5b7d7072e ] Request (AggregatesAdminNegativeTestJSON:_run_cleanups): 200 POST http://10.180.1.21/compute/v2.1/os-aggregates/1/action 3.487s
2025-05-08 11:51:54.448 70852 INFO tempest.lib.common.rest_client [req-982df9ef-26da-4db4-84a0-213971de1c60 req-982df9ef-26da-4db4-84a0-213971de1c60 ] Request (AZAdminV2TestJSON:tearDownClass): 200 GET http://10.180.1.21:9696/networking/v2.0/security-groups?tenant_id=6e368d98c6524e1c85794988d585be52&name=default 0.331s
2025-05-08 11:51:54.449 70834 INFO tempest.lib.common.rest_client [req-060650ad-cad0-497f-84cb-4d1ae9ec0c90 req-060650ad-cad0-497f-84cb-4d1ae9ec0c90 ] Request (FlavorsAdminTestJSON:_run_cleanups): 202 DELETE http://10.180.1.21/compute/v2.1/flavors/914714309 3.257s
2025-05-08 11:51:54.646 70852 INFO tempest.lib.common.rest_client [req-4f5dbfb1-c913-449a-8055-7665e1910a14 req-4f5dbfb1-c913-449a-8055-7665e1910a14 ] Request (AZAdminV2TestJSON:tearDownClass): 204 DELETE http://10.180.1.21:9696/networking/v2.0/security-groups/504bd5c5-d610-4fd0-88a1-21be11e8426e 0.198s
2025-05-08 11:51:54.744 70832 INFO tempest.lib.common.rest_client [req-77a41b3c-1425-47c5-85c9-bf04dd3dfd08 req-77a41b3c-1425-47c5-85c9-bf04dd3dfd08 ] Request (FloatingIPDetailsTestJSON:setUpClass): 200 POST http://10.180.1.21/compute/v2.1/os-floating-ips 3.580s
2025-05-08 11:51:54.759 70852 INFO tempest.lib.common.rest_client [req-e8dd2645-e01c-4ec8-b5e7-e96e76113bd0 req-e8dd2645-e01c-4ec8-b5e7-e96e76113bd0 ] Request (AZAdminV2TestJSON:tearDownClass): 204 DELETE http://10.180.1.21/identity/v3/projects/6e368d98c6524e1c85794988d585be52 0.112s
2025-05-08 11:51:54.759 70852 INFO tempest.lib.common.dynamic_creds [-] Deleting project and security group for project: 98304a33525b4dc68d86b65f467242b7
2025-05-08 11:51:54.787 70860 INFO tempest.lib.common.rest_client [req-19cfec5c-6397-4b58-b45e-e829afb7ce9e req-19cfec5c-6397-4b58-b45e-e829afb7ce9e ] Request (ServersWithSpecificFlavorTestJSON:setUpClass): 201 POST http://10.180.1.21:9696/networking/v2.0/routers 1.384s
2025-05-08 11:51:54.916 70862 INFO tempest.lib.common.rest_client [req-afc6345a-c322-4b57-94f2-0553163cdccc req-afc6345a-c322-4b57-94f2-0553163cdccc ] Request (ServerDiskConfigTestJSON:setUpClass): 201 POST http://10.180.1.21:9696/networking/v2.0/networks 0.511s
2025-05-08 11:51:54.973 70852 INFO tempest.lib.common.rest_client [req-f6d52e3a-19e0-452c-a73b-1c2bea9ac858 req-f6d52e3a-19e0-452c-a73b-1c2bea9ac858 ] Request (AZAdminV2TestJSON:tearDownClass): 200 GET http://10.180.1.21:9696/networking/v2.0/security-groups?tenant_id=98304a33525b4dc68d86b65f467242b7&name=default 0.213s
2025-05-08 11:51:55.038 70822 INFO tempest.lib.common.rest_client [req-be87e0ff-c78f-4a03-86e8-870fd155ca56 req-be87e0ff-c78f-4a03-86e8-870fd155ca56 ] Request (FlavorsV2NegativeTest:test_boot_with_low_ram): 400 POST http://10.180.1.21/compute/v2.1/servers 3.554s
2025-05-08 11:51:55.081 70874 INFO tempest.lib.common.rest_client [req-ec937270-1814-47c1-833c-28fbcec0523b req-ec937270-1814-47c1-833c-28fbcec0523b ] Request (ImagesMetadataTestJSON:setUpClass): 200 GET http://10.180.1.21/compute/v2.1/images/b574b9d5-7741-4b14-979b-e45b50eba477 3.476s
2025-05-08 11:51:55.106 70822 INFO tempest.lib.common.rest_client [req-a483e6b7-228d-4b50-a12c-d3e2dd051d66 req-a483e6b7-228d-4b50-a12c-d3e2dd051d66 ] Request (FlavorsV2NegativeTest:_run_cleanups): 204 DELETE http://10.180.1.21/image/v2/images/73437678-4977-49c8-a258-2551706b287d 0.066s
2025-05-08 11:51:55.152 70852 INFO tempest.lib.common.rest_client [req-6d4cca9c-2b31-4cee-88e6-53a4c939169a req-6d4cca9c-2b31-4cee-88e6-53a4c939169a ] Request (AZAdminV2TestJSON:tearDownClass): 204 DELETE http://10.180.1.21:9696/networking/v2.0/security-groups/0c844388-d2d2-4ed7-9158-dc030aac7094 0.179s
2025-05-08 11:51:55.215 70862 INFO tempest.lib.common.rest_client [req-ad4e0ad2-1ab8-4521-8801-590420334b0e req-ad4e0ad2-1ab8-4521-8801-590420334b0e ] Request (ServerDiskConfigTestJSON:setUpClass): 201 POST http://10.180.1.21:9696/networking/v2.0/subnets 0.298s
2025-05-08 11:51:55.217 70850 INFO tempest.lib.common.rest_client [req-9980ec09-cbb8-470a-a193-419132ecbbb0 req-9980ec09-cbb8-470a-a193-419132ecbbb0 ] Request (FloatingIPsNegativeTestJSON:setUpClass): 200 GET http://10.180.1.21/compute/v2.1/os-floating-ips 3.559s
2025-05-08 11:51:55.234 70822 INFO tempest.lib.common.rest_client [req-89ef96d4-30f5-41a7-a929-870be2bb5a6c req-89ef96d4-30f5-41a7-a929-870be2bb5a6c ] Request (FlavorsV2NegativeTest:tearDownClass): 204 DELETE http://10.180.1.21/identity/v3/users/de7a62ba601d49a69e462581dddc273e 0.120s
2025-05-08 11:51:55.234 70822 INFO tempest.lib.common.dynamic_creds [-] Deleting project and security group for project: 11c309259bed4bc4b1743f77558cc97f
2025-05-08 11:51:55.300 70872 INFO tempest.lib.common.rest_client [req-f98d124e-ecb3-41a8-af89-ad88c5a2f9dd req-f98d124e-ecb3-41a8-af89-ad88c5a2f9dd ] Request (AttachInterfacesV270Test:test_create_get_list_interfaces): 202 POST http://10.180.1.21/compute/v2.1/servers 3.953s
2025-05-08 11:51:55.321 70822 INFO tempest.lib.common.rest_client [req-0cca2deb-14dd-4031-bda0-50079bd5d805 req-0cca2deb-14dd-4031-bda0-50079bd5d805 ] Request (FlavorsV2NegativeTest:tearDownClass): 201 POST http://10.180.1.21/identity/v3/auth/tokens 0.087s
2025-05-08 11:51:55.322 70828 INFO tempest.lib.common.rest_client [req-ccef0ee6-b790-45bb-8358-8a55b190c475 req-ccef0ee6-b790-45bb-8358-8a55b190c475 ] Request (ServicesAdminTestJSON:test_get_service_by_service_binary_name): 200 GET http://10.180.1.21/compute/v2.1/os-services?binary=nova-compute 3.496s
2025-05-08 11:51:55.342 70852 INFO tempest.lib.common.rest_client [req-100e1468-946a-42d2-8826-0e40fc48c17c req-100e1468-946a-42d2-8826-0e40fc48c17c ] Request (AZAdminV2TestJSON:tearDownClass): 204 DELETE http://10.180.1.21/identity/v3/projects/98304a33525b4dc68d86b65f467242b7 0.189s
2025-05-08 11:51:55.403 70876 INFO tempest.lib.common.rest_client [req-72ead4d5-be28-4238-8029-94f1e16f2457 req-72ead4d5-be28-4238-8029-94f1e16f2457 ] Request (DeleteServersAdminTestJSON:test_admin_delete_servers_of_others): 200 GET http://10.180.1.21/compute/v2.1/servers/ab26300f-4459-4600-b267-ace5bf3aa9e9 3.618s
2025-05-08 11:51:55.407 70852 INFO tempest.lib.common.rest_client [req-dc194f1d-2b08-4f87-be48-2cacfed13d9d req-dc194f1d-2b08-4f87-be48-2cacfed13d9d ] Request (ServerDiagnosticsTest:setUpClass): 201 POST http://10.180.1.21/identity/v3/auth/tokens 0.063s
2025-05-08 11:51:55.444 70852 INFO tempest.lib.common.rest_client [req-1397ad44-1f62-4081-b4b5-2d7f4c6d107e req-1397ad44-1f62-4081-b4b5-2d7f4c6d107e ] Request (ServerDiagnosticsTest:setUpClass): 201 POST http://10.180.1.21/identity/v3/auth/tokens 0.032s
2025-05-08 11:51:55.462 70854 INFO tempest.lib.common.rest_client [req-0a7178c2-abd8-4d64-9bd5-0ab174702f26 req-0a7178c2-abd8-4d64-9bd5-0ab174702f26 ] Request (ServerDiagnosticsV248Test:test_get_server_diagnostics): 200 GET http://10.180.1.21/compute/v2.1/servers/7b1e9f41-91a3-4135-abdb-864109cb712a 3.464s
2025-05-08 11:51:55.476 70852 INFO tempest.lib.common.rest_client [req-32a2ff86-6337-45b2-bcd3-ca41d2250e1e req-32a2ff86-6337-45b2-bcd3-ca41d2250e1e ] Request (ServerDiagnosticsTest:setUpClass): 200 GET http://10.180.1.21/identity/v3/domains?name=Default 0.030s
2025-05-08 11:51:55.508 70852 INFO tempest.lib.common.rest_client [req-7b823231-7ef8-46c3-905f-9e6372da85f3 req-7b823231-7ef8-46c3-905f-9e6372da85f3 ] Request (ServerDiagnosticsTest:setUpClass): 201 POST http://10.180.1.21/identity/v3/projects 0.030s
2025-05-08 11:51:55.549 70882 INFO tempest.lib.common.rest_client [req-ecf247f8-4df7-4945-970e-9f91e969b1fa req-ecf247f8-4df7-4945-970e-9f91e969b1fa ] Request (QuotaClassesAdmin257Test:test_update_default_quotas): 200 PUT http://10.180.1.21/compute/v2.1/os-quota-class-sets/default 3.491s
2025-05-08 11:51:55.567 70842 INFO tempest.lib.common.rest_client [req-3933b0c4-071a-455d-bbae-a73cb26530ce req-3933b0c4-071a-455d-bbae-a73cb26530ce ] Request (ServicesAdminNegativeV253TestJSON:test_disable_service_with_invalid_service_id): 404 PUT http://10.180.1.21/compute/v2.1/os-services/ae973d7c-1dbb-47a6-8a16-bd80e5b03894 3.132s
2025-05-08 11:51:55.582 70852 INFO tempest.lib.common.rest_client [req-35fe5821-55cb-4ab0-94db-4773539d8f57 req-35fe5821-55cb-4ab0-94db-4773539d8f57 ] Request (ServerDiagnosticsTest:setUpClass): 201 POST http://10.180.1.21/identity/v3/users 0.073s
2025-05-08 11:51:55.603 70852 INFO tempest.lib.common.rest_client [req-a4b5adcd-3bd3-4124-a7c5-3e64905518b5 req-a4b5adcd-3bd3-4124-a7c5-3e64905518b5 ] Request (ServerDiagnosticsTest:setUpClass): 200 GET http://10.180.1.21/identity/v3/roles 0.021s
2025-05-08 11:51:55.610 70824 INFO tempest.lib.common.rest_client [req-e8bfc985-ab2c-47b8-9df0-cdcb68ada5e9 req-e8bfc985-ab2c-47b8-9df0-cdcb68ada5e9 ] Request (FlavorsExtraSpecsTestJSON:test_flavor_non_admin_get_all_keys): 200 GET http://10.180.1.21/compute/v2.1/flavors/1177963270/os-extra_specs 3.518s
2025-05-08 11:51:55.651 70852 INFO tempest.lib.common.rest_client [req-ddb72009-d146-46dc-8c25-43bf40d3b3f9 req-ddb72009-d146-46dc-8c25-43bf40d3b3f9 ] Request (ServerDiagnosticsTest:setUpClass): 204 PUT http://10.180.1.21/identity/v3/projects/d9782c8e6a424e5d83de0474b44b48b3/users/0b555a4ca86b4eda95cd61a05ce17b26/roles/38b07e1af7cc4c8cb840641d75167f5b 0.047s
2025-05-08 11:51:55.652 70852 INFO tempest.lib.common.dynamic_creds [-] Dynamic test user 0b555a4ca86b4eda95cd61a05ce17b26 is created with scope project and roles: ['member']
2025-05-08 11:51:55.652 70852 INFO tempest.lib.common.dynamic_creds [-] Acquired dynamic creds: credentials: Credentials: {'domain_id': 'default', 'domain_name': 'Default', 'username': 'tempest-ServerDiagnosticsTest-1292803537-project-member', 'project_domain_id': 'default', 'project_domain_name': 'Default', 'project_id': 'd9782c8e6a424e5d83de0474b44b48b3', 'project_name': 'tempest-ServerDiagnosticsTest-1292803537', 'tenant_id': 'd9782c8e6a424e5d83de0474b44b48b3', 'tenant_name': 'tempest-ServerDiagnosticsTest-1292803537', 'user_domain_id': 'default', 'user_domain_name': 'Default', 'user_id': '0b555a4ca86b4eda95cd61a05ce17b26', 'system': None}, Network: None, Subnet: None, Router: None
2025-05-08 11:51:55.652 70852 INFO tempest.lib.common.dynamic_creds [-] Created isolated network resources for: credentials: Credentials: {'domain_id': 'default', 'domain_name': 'Default', 'username': 'tempest-ServerDiagnosticsTest-1292803537-project-member', 'project_domain_id': 'default', 'project_domain_name': 'Default', 'project_id': 'd9782c8e6a424e5d83de0474b44b48b3', 'project_name': 'tempest-ServerDiagnosticsTest-1292803537', 'tenant_id': 'd9782c8e6a424e5d83de0474b44b48b3', 'tenant_name': 'tempest-ServerDiagnosticsTest-1292803537', 'user_domain_id': 'default', 'user_domain_name': 'Default', 'user_id': '0b555a4ca86b4eda95cd61a05ce17b26', 'system': None}, Network: None, Subnet: None, Router: None
2025-05-08 11:51:55.667 70864 INFO tempest.lib.common.rest_client [req-4de4cd80-2c28-4beb-a834-9d14d2bd7f1f req-4de4cd80-2c28-4beb-a834-9d14d2bd7f1f ] Request (HypervisorAdminUnderV252Test:test_get_hypervisor_show_servers): 200 GET http://10.180.1.21/compute/v2.1/os-hypervisors/domain-c8.fc996f14-c53b-4953-92e3-bdfa48f5cc28/servers 2.942s
2025-05-08 11:51:55.684 70822 INFO tempest.lib.common.rest_client [req-0db3517b-e066-4e98-a127-3221a1c6fa61 req-0db3517b-e066-4e98-a127-3221a1c6fa61 ] Request (FlavorsV2NegativeTest:tearDownClass): 200 GET http://10.180.1.21:9696/networking/v2.0/security-groups?tenant_id=11c309259bed4bc4b1743f77558cc97f&name=default 0.362s
2025-05-08 11:51:55.693 70858 INFO tempest.lib.common.rest_client [req-4d6528a8-1b94-4a35-afac-c589af3cda3f req-4d6528a8-1b94-4a35-afac-c589af3cda3f ] Request (NetworksTest:test_get_network): 200 GET http://10.180.1.21/compute/v2.1/os-networks/9771eda1-dee2-4c09-ba72-0f31b4bce0e4 3.116s
2025-05-08 11:51:55.700 70838 INFO tempest.lib.common.rest_client [req-74d4c009-6fd2-442a-8a2a-71cc4ee856a3 req-74d4c009-6fd2-442a-8a2a-71cc4ee856a3 ] Request (VolumesAssistedSnapshotsTest:setUpClass): 201 POST http://10.180.1.21:9696/networking/v2.0/routers 1.519s
2025-05-08 11:51:55.717 70846 INFO tempest.lib.common.rest_client [req-d97642d7-45aa-46e8-b16d-3daf602b8c6e req-d97642d7-45aa-46e8-b16d-3daf602b8c6e ] Request (HostsAdminTestJSON:test_list_hosts_with_a_blank_zone): 200 GET http://10.180.1.21/compute/v2.1/os-hosts?zone= 2.804s
2025-05-08 11:51:55.729 70852 INFO tempest.lib.common.rest_client [req-1e7591cf-8e65-4d85-b310-011376127b1d req-1e7591cf-8e65-4d85-b310-011376127b1d ] Request (ServerDiagnosticsTest:setUpClass): 201 POST http://10.180.1.21/identity/v3/auth/tokens 0.072s
2025-05-08 11:51:55.805 70880 INFO tempest.lib.common.rest_client [req-68268f2f-ee8d-421f-ba33-92f541d0641a req-68268f2f-ee8d-421f-ba33-92f541d0641a ] Request (ServerActionsTestOtherA:setUpClass): 200 POST http://10.180.1.21/compute/v2.1/os-keypairs 3.019s
2025-05-08 11:51:55.833 70852 INFO tempest.lib.common.rest_client [req-98573865-9149-44a8-9b97-e26b686382f2 req-98573865-9149-44a8-9b97-e26b686382f2 ] Request (ServerDiagnosticsTest:setUpClass): 201 POST http://10.180.1.21/identity/v3/projects 0.104s
2025-05-08 11:51:55.889 70878 INFO tempest.lib.common.rest_client [req-4967a45e-b5c4-44e8-b069-07c8a249395d req-4967a45e-b5c4-44e8-b069-07c8a249395d ] Request (InstanceUsageAuditLogNegativeTestJSON:test_instance_usage_audit_logs_with_nonadmin_user): 403 GET http://10.180.1.21/compute/v2.1/os-instance_usage_audit_log 2.936s
2025-05-08 11:51:55.912 70852 INFO tempest.lib.common.rest_client [req-51c2b626-e029-4673-b7d5-34084d65809d req-51c2b626-e029-4673-b7d5-34084d65809d ] Request (ServerDiagnosticsTest:setUpClass): 201 POST http://10.180.1.21/identity/v3/users 0.078s
2025-05-08 11:51:55.948 70852 INFO tempest.lib.common.rest_client [req-5d2b1f72-b1cd-4081-8750-b0ae253dae7e req-5d2b1f72-b1cd-4081-8750-b0ae253dae7e ] Request (ServerDiagnosticsTest:setUpClass): 200 GET http://10.180.1.21/identity/v3/roles 0.035s
2025-05-08 11:51:55.998 70852 INFO tempest.lib.common.rest_client [req-32e6a42f-7c46-4126-b310-d31ba300a118 req-32e6a42f-7c46-4126-b310-d31ba300a118 ] Request (ServerDiagnosticsTest:setUpClass): 204 PUT http://10.180.1.21/identity/v3/projects/1bc7e89d67b24df5af69f673e38d9e39/users/584275359e74481aab70125edd4d3e41/roles/c576744201224df7917ddb3198850232 0.049s
2025-05-08 11:51:56.070 70844 INFO tempest.lib.common.rest_client [req-0d0d84c2-8e8c-4bd8-9db3-4eeb20e38311 req-0d0d84c2-8e8c-4bd8-9db3-4eeb20e38311 ] Request (FlavorsExtraSpecsNegativeTestJSON:test_flavor_get_nonexistent_key): 404 GET http://10.180.1.21/compute/v2.1/flavors/1310673925/os-extra_specs/hw:cpu_thread_policy 2.987s
2025-05-08 11:51:56.090 70822 INFO tempest.lib.common.rest_client [req-73193c07-d401-4b4a-ae80-f1995118d5d7 req-73193c07-d401-4b4a-ae80-f1995118d5d7 ] Request (FlavorsV2NegativeTest:tearDownClass): 204 DELETE http://10.180.1.21:9696/networking/v2.0/security-groups/5fc64f03-6f28-4a39-8733-c9848e13af8b 0.406s
2025-05-08 11:51:56.096 70852 INFO tempest.lib.common.rest_client [req-864ab2a4-90a7-454a-a2bd-2c787066a123 req-864ab2a4-90a7-454a-a2bd-2c787066a123 ] Request (ServerDiagnosticsTest:setUpClass): 200 GET http://10.180.1.21/identity/v3/roles 0.097s
2025-05-08 11:51:56.126 70820 INFO tempest.lib.common.rest_client [req-d31f3246-fcfc-483d-a876-a8d80fcbe290 req-d31f3246-fcfc-483d-a876-a8d80fcbe290 ] Request (HypervisorAdminV253TestBase:test_list_show_detail_hypervisors): 200 GET http://10.180.1.21/compute/v2.1/os-hypervisors?with_servers=True 2.913s
2025-05-08 11:51:56.142 70852 INFO tempest.lib.common.rest_client [req-d7d2e29f-e09d-457c-a0b2-48bb793ce084 req-d7d2e29f-e09d-457c-a0b2-48bb793ce084 ] Request (ServerDiagnosticsTest:setUpClass): 204 PUT http://10.180.1.21/identity/v3/projects/1bc7e89d67b24df5af69f673e38d9e39/users/584275359e74481aab70125edd4d3e41/roles/c576744201224df7917ddb3198850232 0.046s
2025-05-08 11:51:56.143 70852 INFO tempest.lib.common.dynamic_creds [-] Dynamic test user 584275359e74481aab70125edd4d3e41 is created with scope project and roles: ['admin']
2025-05-08 11:51:56.143 70852 INFO tempest.lib.common.dynamic_creds [-] Acquired dynamic creds: credentials: Credentials: {'domain_id': 'default', 'domain_name': 'Default', 'username': 'tempest-ServerDiagnosticsTest-522205117-project-admin', 'project_domain_id': 'default', 'project_domain_name': 'Default', 'project_id': '1bc7e89d67b24df5af69f673e38d9e39', 'project_name': 'tempest-ServerDiagnosticsTest-522205117', 'tenant_id': '1bc7e89d67b24df5af69f673e38d9e39', 'tenant_name': 'tempest-ServerDiagnosticsTest-522205117', 'user_domain_id': 'default', 'user_domain_name': 'Default', 'user_id': '584275359e74481aab70125edd4d3e41', 'system': None}, Network: None, Subnet: None, Router: None
2025-05-08 11:51:56.144 70852 INFO tempest.lib.common.dynamic_creds [-] Created isolated network resources for: credentials: Credentials: {'domain_id': 'default', 'domain_name': 'Default', 'username': 'tempest-ServerDiagnosticsTest-522205117-project-admin', 'project_domain_id': 'default', 'project_domain_name': 'Default', 'project_id': '1bc7e89d67b24df5af69f673e38d9e39', 'project_name': 'tempest-ServerDiagnosticsTest-522205117', 'tenant_id': '1bc7e89d67b24df5af69f673e38d9e39', 'tenant_name': 'tempest-ServerDiagnosticsTest-522205117', 'user_domain_id': 'default', 'user_domain_name': 'Default', 'user_id': '584275359e74481aab70125edd4d3e41', 'system': None}, Network: None, Subnet: None, Router: None
2025-05-08 11:51:56.203 70822 INFO tempest.lib.common.rest_client [req-758a5e1c-0d50-406e-88c1-6f73e8bed0b1 req-758a5e1c-0d50-406e-88c1-6f73e8bed0b1 ] Request (FlavorsV2NegativeTest:tearDownClass): 204 DELETE http://10.180.1.21/identity/v3/projects/11c309259bed4bc4b1743f77558cc97f 0.112s
2025-05-08 11:51:56.237 70880 INFO tempest.lib.common.rest_client [req-2344e6ac-2d7a-4f9c-9c0c-ad4c1d56d4f6 req-2344e6ac-2d7a-4f9c-9c0c-ad4c1d56d4f6 ] Request (ServerActionsTestOtherA:setUpClass): 201 POST http://10.180.1.21:9696/networking/v2.0/security-groups 0.429s
2025-05-08 11:51:56.298 70852 INFO tempest.lib.common.rest_client [req-46723286-7605-4539-855c-0f97541f37e0 req-46723286-7605-4539-855c-0f97541f37e0 ] Request (ServerDiagnosticsTest:setUpClass): 201 POST http://10.180.1.21/identity/v3/auth/tokens 0.149s
2025-05-08 11:51:56.303 70866 INFO tempest.lib.common.rest_client [req-117df133-801b-4b34-b9fc-6acffcdbbbd9 req-117df133-801b-4b34-b9fc-6acffcdbbbd9 ] Request (HostsAdminNegativeTestJSON:test_list_hosts_with_non_admin_user): 403 GET http://10.180.1.21/compute/v2.1/os-hosts 2.968s
2025-05-08 11:51:56.364 70822 INFO tempest.lib.common.rest_client [req-ae8e0fc4-2f06-4fc3-b633-5877944150d7 req-ae8e0fc4-2f06-4fc3-b633-5877944150d7 ] Request (ListImageFiltersTestJSON:setUpClass): 201 POST http://10.180.1.21/identity/v3/auth/tokens 0.157s
2025-05-08 11:51:56.393 70852 INFO tempest.lib.common.rest_client [req-c4b707a6-e310-4ac5-ac71-49bc5cbb7b91 req-c4b707a6-e310-4ac5-ac71-49bc5cbb7b91 ] Request (ServerDiagnosticsTest:test_get_server_diagnostics): 201 POST http://10.180.1.21/identity/v3/auth/tokens 0.087s
2025-05-08 11:51:56.394 70852 INFO tempest.lib.common.fixed_network [-] (ServerDiagnosticsTest:test_get_server_diagnostics) Found network None available for tenant
2025-05-08 11:51:56.404 70880 INFO tempest.lib.common.rest_client [req-ebaee833-faa2-43a5-9832-c757d9496665 req-ebaee833-faa2-43a5-9832-c757d9496665 ] Request (ServerActionsTestOtherA:setUpClass): 201 POST http://10.180.1.21:9696/networking/v2.0/security-group-rules 0.166s
2025-05-08 11:51:56.453 70862 INFO tempest.lib.common.rest_client [req-cb5c7c68-c4e4-4ae1-ad50-b41dd12580b1 req-cb5c7c68-c4e4-4ae1-ad50-b41dd12580b1 ] Request (ServerDiskConfigTestJSON:setUpClass): 201 POST http://10.180.1.21:9696/networking/v2.0/routers 1.237s
2025-05-08 11:51:56.482 70836 INFO tempest.lib.common.rest_client [req-7dc439ab-4369-429d-8111-ac28b3dabc25 req-7dc439ab-4369-429d-8111-ac28b3dabc25 ] Request (FlavorsAccessTestJSON:test_flavor_access_add_remove): 200 POST http://10.180.1.21/compute/v2.1/flavors/1787777832/action 3.053s
2025-05-08 11:51:56.491 70822 INFO tempest.lib.common.rest_client [req-333cf3d6-43df-4717-b73a-a656c5435516 req-333cf3d6-43df-4717-b73a-a656c5435516 ] Request (ListImageFiltersTestJSON:setUpClass): 201 POST http://10.180.1.21/identity/v3/auth/tokens 0.123s
2025-05-08 11:51:56.553 70822 INFO tempest.lib.common.rest_client [req-56002aef-4abf-4cf8-8bc6-5637ccaff313 req-56002aef-4abf-4cf8-8bc6-5637ccaff313 ] Request (ListImageFiltersTestJSON:setUpClass): 200 GET http://10.180.1.21/identity/v3/domains?name=Default 0.061s
2025-05-08 11:51:56.580 70868 INFO tempest.lib.common.rest_client [req-ddb78f86-c1e0-4e00-9631-bfbe736ff3d7 req-ddb78f86-c1e0-4e00-9631-bfbe736ff3d7 ] Request (FlavorsV261TestJSON:test_crud_flavor): 200 GET http://10.180.1.21/compute/v2.1/flavors/954995488 3.024s
2025-05-08 11:51:56.590 70822 INFO tempest.lib.common.rest_client [req-65a2b831-9384-4be4-afb6-6b7fd240298f req-65a2b831-9384-4be4-afb6-6b7fd240298f ] Request (ListImageFiltersTestJSON:setUpClass): 201 POST http://10.180.1.21/identity/v3/projects 0.037s
2025-05-08 11:51:56.616 70849 INFO tempest.lib.common.rest_client [req-f40c2fc5-ac8b-4c83-bb20-bb9e63a34465 req-f40c2fc5-ac8b-4c83-bb20-bb9e63a34465 ] Request (FlavorsV255TestJSON:test_crud_flavor): 200 PUT http://10.180.1.21/compute/v2.1/flavors/1994545654 3.019s
2025-05-08 11:51:56.628 70880 INFO tempest.lib.common.rest_client [req-f79185c8-5f7a-4a6b-a6ed-009e53f44daf req-f79185c8-5f7a-4a6b-a6ed-009e53f44daf ] Request (ServerActionsTestOtherA:setUpClass): 201 POST http://10.180.1.21:9696/networking/v2.0/security-group-rules 0.223s
2025-05-08 11:51:56.676 70822 INFO tempest.lib.common.rest_client [req-37b39cc5-7b9e-452e-821f-0072cc13d6bf req-37b39cc5-7b9e-452e-821f-0072cc13d6bf ] Request (ListImageFiltersTestJSON:setUpClass): 201 POST http://10.180.1.21/identity/v3/users 0.085s
2025-05-08 11:51:56.701 70822 INFO tempest.lib.common.rest_client [req-d88fb12e-ed90-4905-aecd-3e1b23067e15 req-d88fb12e-ed90-4905-aecd-3e1b23067e15 ] Request (ListImageFiltersTestJSON:setUpClass): 200 GET http://10.180.1.21/identity/v3/roles 0.024s
2025-05-08 11:51:56.729 70822 INFO tempest.lib.common.rest_client [req-6d395ba1-7b5f-4f06-808d-0fa202088d6a req-6d395ba1-7b5f-4f06-808d-0fa202088d6a ] Request (ListImageFiltersTestJSON:setUpClass): 204 PUT http://10.180.1.21/identity/v3/projects/652c22ddbfed4f39bd161ebb894ec90a/users/e8c740c83b454579adc6a9247d7164a4/roles/38b07e1af7cc4c8cb840641d75167f5b 0.028s
2025-05-08 11:51:56.729 70822 INFO tempest.lib.common.dynamic_creds [-] Dynamic test user e8c740c83b454579adc6a9247d7164a4 is created with scope project and roles: ['member']
2025-05-08 11:51:56.729 70822 INFO tempest.lib.common.dynamic_creds [-] Acquired dynamic creds: credentials: Credentials: {'domain_id': 'default', 'domain_name': 'Default', 'username': 'tempest-ListImageFiltersTestJSON-1844606616-project-member', 'project_domain_id': 'default', 'project_domain_name': 'Default', 'project_id': '652c22ddbfed4f39bd161ebb894ec90a', 'project_name': 'tempest-ListImageFiltersTestJSON-1844606616', 'tenant_id': '652c22ddbfed4f39bd161ebb894ec90a', 'tenant_name': 'tempest-ListImageFiltersTestJSON-1844606616', 'user_domain_id': 'default', 'user_domain_name': 'Default', 'user_id': 'e8c740c83b454579adc6a9247d7164a4', 'system': None}, Network: None, Subnet: None, Router: None
2025-05-08 11:51:56.730 70822 INFO tempest.lib.common.dynamic_creds [-] Created isolated network resources for: credentials: Credentials: {'domain_id': 'default', 'domain_name': 'Default', 'username': 'tempest-ListImageFiltersTestJSON-1844606616-project-member', 'project_domain_id': 'default', 'project_domain_name': 'Default', 'project_id': '652c22ddbfed4f39bd161ebb894ec90a', 'project_name': 'tempest-ListImageFiltersTestJSON-1844606616', 'tenant_id': '652c22ddbfed4f39bd161ebb894ec90a', 'tenant_name': 'tempest-ListImageFiltersTestJSON-1844606616', 'user_domain_id': 'default', 'user_domain_name': 'Default', 'user_id': 'e8c740c83b454579adc6a9247d7164a4', 'system': None}, Network: None, Subnet: None, Router: None
2025-05-08 11:51:56.732 70840 INFO tempest.lib.common.rest_client [req-ae8c44ee-31e9-4a0c-b3b3-2f575bf67b4a req-ae8c44ee-31e9-4a0c-b3b3-2f575bf67b4a ] Request (MultipleCreateNegativeTestJSON:test_max_count_less_than_min_count): 400 POST http://10.180.1.21/compute/v2.1/servers 3.084s
2025-05-08 11:51:56.771 70870 INFO tempest.lib.common.rest_client [req-9e8444f1-c8d4-41ac-87f9-c5589ccc3190 req-9e8444f1-c8d4-41ac-87f9-c5589ccc3190 ] Request (FloatingIPsAssociationTestJSON:setUpClass): 202 POST http://10.180.1.21/compute/v2.1/servers 3.851s
2025-05-08 11:51:56.789 70830 INFO tempest.lib.common.rest_client [req-fa293ee7-9dc7-4359-8dac-192dba960f80 req-fa293ee7-9dc7-4359-8dac-192dba960f80 ] Request (HypervisorAdminNegativeUnderV252Test:test_search_nonexistent_hypervisor): 404 GET http://10.180.1.21/compute/v2.1/os-hypervisors/nonexistent_hypervisor_name/search 3.087s
2025-05-08 11:51:56.812 70826 INFO tempest.lib.common.rest_client [req-13919e8a-5ddc-429c-a8e3-fc6066fa1cff req-13919e8a-5ddc-429c-a8e3-fc6066fa1cff ] Request (AggregatesAdminNegativeTestJSON:_run_cleanups): 200 DELETE http://10.180.1.21/compute/v2.1/os-aggregates/1 2.381s
2025-05-08 11:51:56.816 70822 INFO tempest.lib.common.rest_client [req-f103e8a5-bf97-4596-8116-5fccccdc1303 req-f103e8a5-bf97-4596-8116-5fccccdc1303 ] Request (ListImageFiltersTestJSON:setUpClass): 201 POST http://10.180.1.21/identity/v3/auth/tokens 0.083s
2025-05-08 11:51:56.828 70840 INFO tempest.lib.common.rest_client [req-18b7253d-afa3-4cb0-9ba2-38fd05fe5b42 req-18b7253d-afa3-4cb0-9ba2-38fd05fe5b42 ] Request (MultipleCreateNegativeTestJSON:test_max_count_less_than_one): 201 POST http://10.180.1.21/identity/v3/auth/tokens 0.091s
2025-05-08 11:51:56.828 70840 INFO tempest.lib.common.fixed_network [-] (MultipleCreateNegativeTestJSON:test_max_count_less_than_one) Found network None available for tenant
2025-05-08 11:51:56.837 70834 INFO tempest.lib.common.rest_client [req-cb5f16d1-9054-48d9-b067-1a050e075648 req-cb5f16d1-9054-48d9-b067-1a050e075648 ] Request (FlavorsAdminTestJSON:_run_cleanups): 200 GET http://10.180.1.21/compute/v2.1/flavors/detail 2.387s
2025-05-08 11:51:56.934 70860 INFO tempest.lib.common.rest_client [req-751a5452-f73d-486e-8364-e58e85a828ad req-751a5452-f73d-486e-8364-e58e85a828ad ] Request (ServersWithSpecificFlavorTestJSON:setUpClass): 200 PUT http://10.180.1.21:9696/networking/v2.0/routers/74c0a5a1-3aa1-4686-b8ed-0f2065191e89/add_router_interface 2.146s
2025-05-08 11:51:56.935 70860 INFO tempest.lib.common.dynamic_creds [-] Created isolated network resources for: credentials: Credentials: {'domain_id': 'default', 'domain_name': 'Default', 'username': 'tempest-ServersWithSpecificFlavorTestJSON-1882324145-project-admin', 'project_domain_id': 'default', 'project_domain_name': 'Default', 'project_id': '4e25dac0162e497c84039855d0febee6', 'project_name': 'tempest-ServersWithSpecificFlavorTestJSON-1882324145', 'tenant_id': '4e25dac0162e497c84039855d0febee6', 'tenant_name': 'tempest-ServersWithSpecificFlavorTestJSON-1882324145', 'user_domain_id': 'default', 'user_domain_name': 'Default', 'user_id': 'd95819fb59494b9fa073ede756c1826f', 'system': None}, Network: {'id': 'a30ba11b-7751-48c0-a65e-79299acacd34', 'name': 'tempest-ServersWithSpecificFlavorTestJSON-2133600990-network', 'tenant_id': '4e25dac0162e497c84039855d0febee6', 'admin_state_up': True, 'mtu': 8950, 'status': 'ACTIVE', 'subnets': [], 'shared': False, 'project_id': '4e25dac0162e497c84039855d0febee6', 'port_security_enabled': True, 'router:external': False, 'provider:network_type': 'vlan', 'provider:physical_network': 'default', 'provider:segmentation_id': 538, 'availability_zone_hints': [], 'availability_zones': [], 'ipv4_address_scope': None, 'ipv6_address_scope': None, 'description': '', 'tags': [], 'created_at': '2025-05-08T11:51:53Z', 'updated_at': '2025-05-08T11:51:53Z', 'revision_number': 1}, Subnet: {'id': '566315c9-0ddb-4912-8b6a-c5822dc6ee5e', 'name': 'tempest-ServersWithSpecificFlavorTestJSON-2133600990-subnet', 'tenant_id': '4e25dac0162e497c84039855d0febee6', 'network_id': 'a30ba11b-7751-48c0-a65e-79299acacd34', 'ip_version': 4, 'subnetpool_id': None, 'enable_dhcp': True, 'ipv6_ra_mode': None, 'ipv6_address_mode': None, 'gateway_ip': '192.168.128.1', 'cidr': '192.168.128.0/28', 'allocation_pools': [{'start': '192.168.128.2', 'end': '192.168.128.14'}], 'host_routes': [], 'dns_nameservers': [], 'description': '', 'router:external': False, 'service_types': [], 'tags': [], 'created_at': '2025-05-08T11:51:53Z', 'updated_at': '2025-05-08T11:51:53Z', 'revision_number': 0, 'project_id': '4e25dac0162e497c84039855d0febee6'}, Router: {'id': '74c0a5a1-3aa1-4686-b8ed-0f2065191e89', 'name': 'tempest-ServersWithSpecificFlavorTestJSON-2133600990-router', 'tenant_id': '4e25dac0162e497c84039855d0febee6', 'admin_state_up': True, 'status': 'ACTIVE', 'external_gateway_info': {'network_id': '9771eda1-dee2-4c09-ba72-0f31b4bce0e4', 'external_fixed_ips': [{'subnet_id': '08089768-d71c-4303-a879-87c181e24cc6', 'ip_address': '10.180.180.248'}], 'enable_snat': True}, 'description': '', 'availability_zones': [], 'distributed': False, 'ha': False, 'availability_zone_hints': [], 'routes': [], 'flavor_id': None, 'tags': [], 'created_at': '2025-05-08T11:51:53Z', 'updated_at': '2025-05-08T11:51:54Z', 'revision_number': 2, 'project_id': '4e25dac0162e497c84039855d0febee6'}
2025-05-08 11:51:57.017 70856 INFO tempest.lib.common.rest_client [req-af29a8c8-8903-40e5-9b1e-f21a62650481 req-af29a8c8-8903-40e5-9b1e-f21a62650481 ] Request (FlavorsAccessNegativeTestJSON:test_add_flavor_access_duplicate): 200 POST http://10.180.1.21/compute/v2.1/flavors/881618325/action 3.362s
2025-05-08 11:51:57.105 70860 INFO tempest.lib.common.rest_client [req-545331e6-27fd-442f-a3a6-04ee30490c51 req-545331e6-27fd-442f-a3a6-04ee30490c51 ] Request (ServersWithSpecificFlavorTestJSON:setUpClass): 201 POST http://10.180.1.21/identity/v3/auth/tokens 0.163s
2025-05-08 11:51:57.270 70874 INFO tempest.lib.common.rest_client [req-1a268966-21bf-46a6-966c-c5dcb784cc56 req-1a268966-21bf-46a6-966c-c5dcb784cc56 ] Request (ImagesMetadataTestJSON:setUp): 200 PUT http://10.180.1.21/compute/v2.1/images/b574b9d5-7741-4b14-979b-e45b50eba477/metadata 2.185s
2025-05-08 11:51:57.324 70850 INFO tempest.lib.common.rest_client [req-26c6272d-be9c-4c10-be20-4a0ad48ba955 req-26c6272d-be9c-4c10-be20-4a0ad48ba955 ] Request (FloatingIPsNegativeTestJSON:test_allocate_floating_ip_from_nonexistent_pool): 404 POST http://10.180.1.21/compute/v2.1/os-floating-ips 2.102s
2025-05-08 11:51:57.331 70822 INFO tempest.lib.common.rest_client [req-d4cbfe7d-aaab-4da7-bbef-554170b26cd8 req-d4cbfe7d-aaab-4da7-bbef-554170b26cd8 ] Request (ListImageFiltersTestJSON:setUpClass): 201 POST http://10.180.1.21/image/v2/images 0.514s
2025-05-08 11:51:57.429 70872 INFO tempest.lib.common.rest_client [req-07b81630-d7bc-44c5-8e60-e0eaa45d583d req-07b81630-d7bc-44c5-8e60-e0eaa45d583d ] Request (AttachInterfacesV270Test:test_create_get_list_interfaces): 200 GET http://10.180.1.21/compute/v2.1/servers/a85890d5-f32f-4355-beed-46111dbd588d 2.127s
2025-05-08 11:51:57.447 70828 INFO tempest.lib.common.rest_client [req-99cf56d1-e617-45ce-9489-38c845b4ccd9 req-99cf56d1-e617-45ce-9489-38c845b4ccd9 ] Request (ServicesAdminTestJSON:test_list_services): 200 GET http://10.180.1.21/compute/v2.1/os-services 2.123s
2025-05-08 11:51:57.461 70882 INFO tempest.lib.common.rest_client [req-c499b4b0-789b-4c16-a815-7926b6c6b3a4 req-c499b4b0-789b-4c16-a815-7926b6c6b3a4 ] Request (QuotaClassesAdmin257Test:test_update_default_quotas): 200 GET http://10.180.1.21/compute/v2.1/os-quota-class-sets/default 1.910s
2025-05-08 11:51:57.478 70842 INFO tempest.lib.common.rest_client [req-2d11fe50-5f2c-4929-94da-3d74ba9147d6 req-2d11fe50-5f2c-4929-94da-3d74ba9147d6 ] Request (ServicesAdminNegativeV253TestJSON:test_enable_service_with_invalid_service_id): 404 PUT http://10.180.1.21/compute/v2.1/os-services/ae973d7c-1dbb-47a6-8a16-bd80e5b03894 1.910s
2025-05-08 11:51:57.504 70824 INFO tempest.lib.common.rest_client [req-97a4c7a9-27f7-46de-8590-a9d0f3be6606 req-97a4c7a9-27f7-46de-8590-a9d0f3be6606 ] Request (FlavorsExtraSpecsTestJSON:test_flavor_non_admin_get_specific_key): 200 POST http://10.180.1.21/compute/v2.1/flavors/1177963270/os-extra_specs 1.888s
2025-05-08 11:51:57.525 70864 INFO tempest.lib.common.rest_client [req-829ee6f6-71e3-4cd1-b5fc-65da6a105923 req-829ee6f6-71e3-4cd1-b5fc-65da6a105923 ] Request (HypervisorAdminUnderV252Test:test_search_hypervisor): 200 GET http://10.180.1.21/compute/v2.1/os-hypervisors 1.849s
2025-05-08 11:51:57.604 70838 INFO tempest.lib.common.rest_client [req-ef645c97-9762-4e65-96b2-aaa37ea412ba req-ef645c97-9762-4e65-96b2-aaa37ea412ba ] Request (VolumesAssistedSnapshotsTest:setUpClass): 200 PUT http://10.180.1.21:9696/networking/v2.0/routers/0f63e302-45fc-4b9a-8672-d34f00f16528/add_router_interface 1.903s
2025-05-08 11:51:57.604 70838 INFO tempest.lib.common.dynamic_creds [-] Created isolated network resources for: credentials: Credentials: {'domain_id': 'default', 'domain_name': 'Default', 'username': 'tempest-VolumesAssistedSnapshotsTest-483727397-project-admin', 'project_domain_id': 'default', 'project_domain_name': 'Default', 'project_id': 'c4013dfc0a324481b907de08ab5bbb10', 'project_name': 'tempest-VolumesAssistedSnapshotsTest-483727397', 'tenant_id': 'c4013dfc0a324481b907de08ab5bbb10', 'tenant_name': 'tempest-VolumesAssistedSnapshotsTest-483727397', 'user_domain_id': 'default', 'user_domain_name': 'Default', 'user_id': '7bc63b51599e4772ad29d21238cc6238', 'system': None}, Network: {'id': '1d79b28b-16b5-4975-b43b-73208913f233', 'name': 'tempest-VolumesAssistedSnapshotsTest-1825994763-network', 'tenant_id': 'c4013dfc0a324481b907de08ab5bbb10', 'admin_state_up': True, 'mtu': 8950, 'status': 'ACTIVE', 'subnets': [], 'shared': False, 'project_id': 'c4013dfc0a324481b907de08ab5bbb10', 'port_security_enabled': True, 'router:external': False, 'provider:network_type': 'vlan', 'provider:physical_network': 'default', 'provider:segmentation_id': 454, 'availability_zone_hints': [], 'availability_zones': [], 'ipv4_address_scope': None, 'ipv6_address_scope': None, 'description': '', 'tags': [], 'created_at': '2025-05-08T11:51:53Z', 'updated_at': '2025-05-08T11:51:53Z', 'revision_number': 1}, Subnet: {'id': 'd0045df6-b0ba-443e-a021-22dd214166cd', 'name': 'tempest-VolumesAssistedSnapshotsTest-1825994763-subnet', 'tenant_id': 'c4013dfc0a324481b907de08ab5bbb10', 'network_id': '1d79b28b-16b5-4975-b43b-73208913f233', 'ip_version': 4, 'subnetpool_id': None, 'enable_dhcp': True, 'ipv6_ra_mode': None, 'ipv6_address_mode': None, 'gateway_ip': '192.168.128.1', 'cidr': '192.168.128.0/28', 'allocation_pools': [{'start': '192.168.128.2', 'end': '192.168.128.14'}], 'host_routes': [], 'dns_nameservers': [], 'description': '', 'router:external': False, 'service_types': [], 'tags': [], 'created_at': '2025-05-08T11:51:53Z', 'updated_at': '2025-05-08T11:51:53Z', 'revision_number': 0, 'project_id': 'c4013dfc0a324481b907de08ab5bbb10'}, Router: {'id': '0f63e302-45fc-4b9a-8672-d34f00f16528', 'name': 'tempest-VolumesAssistedSnapshotsTest-1825994763-router', 'tenant_id': 'c4013dfc0a324481b907de08ab5bbb10', 'admin_state_up': True, 'status': 'ACTIVE', 'external_gateway_info': {'network_id': '9771eda1-dee2-4c09-ba72-0f31b4bce0e4', 'external_fixed_ips': [{'subnet_id': '08089768-d71c-4303-a879-87c181e24cc6', 'ip_address': '10.180.180.169'}], 'enable_snat': True}, 'description': '', 'availability_zones': [], 'distributed': False, 'ha': False, 'availability_zone_hints': [], 'routes': [], 'flavor_id': None, 'tags': [], 'created_at': '2025-05-08T11:51:54Z', 'updated_at': '2025-05-08T11:51:54Z', 'revision_number': 2, 'project_id': 'c4013dfc0a324481b907de08ab5bbb10'}
2025-05-08 11:51:57.615 70828 INFO tempest.lib.common.rest_client [req-4025294b-9c5c-4bcd-a0c0-3a75730dde03 req-4025294b-9c5c-4bcd-a0c0-3a75730dde03 ] Request (ServicesAdminTestJSON:tearDownClass): 204 DELETE http://10.180.1.21/identity/v3/users/a7c09d130a61430da06154d594d05178 0.160s
2025-05-08 11:51:57.652 70858 INFO tempest.lib.common.rest_client [req-0ce2e8e2-adec-4bab-b814-dccabaa44a4a req-0ce2e8e2-adec-4bab-b814-dccabaa44a4a ] Request (NetworksTest:test_list_all_networks): 200 GET http://10.180.1.21/compute/v2.1/os-networks 1.951s
2025-05-08 11:51:57.677 70846 INFO tempest.lib.common.rest_client [req-1227775b-bcd1-440e-9475-dbe7134843ee req-1227775b-bcd1-440e-9475-dbe7134843ee ] Request (HostsAdminTestJSON:test_list_hosts_with_nonexistent_zone): 200 GET http://10.180.1.21/compute/v2.1/os-hosts?zone=xxx 1.957s
2025-05-08 11:51:57.683 70878 INFO tempest.lib.common.rest_client [req-1b4c8b07-6947-45dc-8a01-03e3e0c06992 req-1b4c8b07-6947-45dc-8a01-03e3e0c06992 ] Request (InstanceUsageAuditLogNegativeTestJSON:test_instance_usage_audit_logs_with_nonadmin_user): 403 GET http://10.180.1.21/compute/v2.1/os-instance_usage_audit_log/2025-05-08%2011%3A51%3A55 1.794s
2025-05-08 11:51:57.689 70844 INFO tempest.lib.common.rest_client [req-4447d0a7-2bdd-4f20-9234-f3c73b580791 req-4447d0a7-2bdd-4f20-9234-f3c73b580791 ] Request (FlavorsExtraSpecsNegativeTestJSON:test_flavor_non_admin_set_keys): 403 POST http://10.180.1.21/compute/v2.1/flavors/1310673925/os-extra_specs 1.611s
2025-05-08 11:51:57.696 70838 INFO tempest.lib.common.rest_client [req-297c6ce9-7794-4b75-9b84-bd2247601e72 req-297c6ce9-7794-4b75-9b84-bd2247601e72 ] Request (VolumesAssistedSnapshotsTest:setUpClass): 201 POST http://10.180.1.21/identity/v3/auth/tokens 0.089s
2025-05-08 11:51:57.717 70820 INFO tempest.lib.common.rest_client [req-d675d21b-26ea-43a9-ac3c-6940b074d10a req-d675d21b-26ea-43a9-ac3c-6940b074d10a ] Request (HypervisorAdminV253TestBase:test_list_show_detail_hypervisors): 200 GET http://10.180.1.21/compute/v2.1/os-hypervisors/42cfc9d8-0155-4d55-9653-7de4fa794724 1.589s
2025-05-08 11:51:57.727 70866 INFO tempest.lib.common.rest_client [req-44b3af8c-ce86-42b4-8843-d911b0eb7f29 req-44b3af8c-ce86-42b4-8843-d911b0eb7f29 ] Request (HostsAdminNegativeTestJSON:test_reboot_host_with_non_admin_user): 403 GET http://10.180.1.21/compute/v2.1/os-hosts/devstack/reboot 1.412s
2025-05-08 11:51:57.752 70880 INFO tempest.lib.common.rest_client [req-6f187e74-d075-4dd9-86a2-a1398068fdc2 req-6f187e74-d075-4dd9-86a2-a1398068fdc2 ] Request (ServerActionsTestOtherA:setUpClass): 201 POST http://10.180.1.21:9696/networking/v2.0/floatingips 1.124s
2025-05-08 11:51:57.787 70828 INFO tempest.lib.common.rest_client [req-3f8c0e93-2f3a-4f11-a7a5-bcb1f3768f78 req-3f8c0e93-2f3a-4f11-a7a5-bcb1f3768f78 ] Request (ServicesAdminTestJSON:tearDownClass): 204 DELETE http://10.180.1.21/identity/v3/users/d89feffa453f4d3e872aa5f591f80b5a 0.172s
2025-05-08 11:51:57.787 70828 INFO tempest.lib.common.dynamic_creds [-] Deleting project and security group for project: 4b30f600e7d044debffd286daa592441
2025-05-08 11:51:57.792 70858 INFO tempest.lib.common.rest_client [req-bf0e6037-7167-4ade-ac16-28a81f4189c2 req-bf0e6037-7167-4ade-ac16-28a81f4189c2 ] Request (NetworksTest:tearDownClass): 204 DELETE http://10.180.1.21/identity/v3/users/3d091112333044e0afe6294bc4eddc25 0.139s
2025-05-08 11:51:57.858 70838 INFO tempest.lib.common.rest_client [req-39979844-4cd1-4af9-b89b-d2015ddd7afa req-39979844-4cd1-4af9-b89b-d2015ddd7afa ] Request (VolumesAssistedSnapshotsTest:setUpClass): 201 POST http://10.180.1.21/identity/v3/projects 0.162s
2025-05-08 11:51:57.887 70878 INFO tempest.lib.common.rest_client [req-59b3c1d2-9a9a-45fb-a698-212c84156d4a req-59b3c1d2-9a9a-45fb-a698-212c84156d4a ] Request (InstanceUsageAuditLogNegativeTestJSON:tearDownClass): 204 DELETE http://10.180.1.21/identity/v3/users/16f76c603ced43a987cbedda9685a993 0.202s
2025-05-08 11:51:57.893 70832 INFO tempest.lib.common.rest_client [req-55fe6248-e0e4-4e1c-bda9-346fbce40097 req-55fe6248-e0e4-4e1c-bda9-346fbce40097 ] Request (FloatingIPDetailsTestJSON:setUpClass): 200 POST http://10.180.1.21/compute/v2.1/os-floating-ips 3.144s
2025-05-08 11:51:57.987 70820 INFO tempest.lib.common.rest_client [req-9ece05ef-f515-4fdd-be01-8298027f8e9a req-9ece05ef-f515-4fdd-be01-8298027f8e9a ] Request (HypervisorAdminV253TestBase:tearDownClass): 204 DELETE http://10.180.1.21/identity/v3/users/cd8657b5f2734e17b6bae4f061ad883a 0.253s
2025-05-08 11:51:58.043 70880 INFO tempest.lib.common.rest_client [req-1963ad44-1820-480d-b7b9-acef42ff6c6d req-1963ad44-1820-480d-b7b9-acef42ff6c6d ] Request (ServerActionsTestOtherA:setUpClass): 201 POST http://10.180.1.21/identity/v3/auth/tokens 0.287s
