2025-05-08 17:22:16.485 70894 INFO tempest.lib.common.rest_client [req-8722c7a5-946a-4817-8eac-82cff9c75574 req-8722c7a5-946a-4817-8eac-82cff9c75574 ] Request (FlavorsExtraSpecsTestJSON:setUpClass): 200 POST http://10.180.1.21/compute/v2.1/flavors 2.204s
2025-05-08 17:22:16.497 70854 INFO tempest.lib.common.rest_client [req-73743515-cc73-493a-a1dd-079d9b253451 req-73743515-cc73-493a-a1dd-079d9b253451 ] Request (QuotasAdminTestV257:setUpClass): 201 POST http://10.180.1.21/identity/v3/projects 0.044s
2025-05-08 17:22:16.504 70848 INFO tempest.lib.common.rest_client [req-53278c31-0dbe-4fcd-8b28-021fbd0faad7 req-53278c31-0dbe-4fcd-8b28-021fbd0faad7 ] Request (FlavorsAdminTestJSON:_run_cleanups): 202 DELETE http://10.180.1.21/compute/v2.1/flavors/1982502621 2.101s
2025-05-08 17:22:16.516 70864 INFO tempest.lib.common.rest_client [req-0a3230c6-79c8-4ec9-8aa2-05a5454ac174 req-0a3230c6-79c8-4ec9-8aa2-05a5454ac174 ] Request (ServersWithSpecificFlavorTestJSON:setUpClass): 201 POST http://10.180.1.21:9696/networking/v2.0/subnets 0.584s
2025-05-08 17:22:16.523 70890 INFO tempest.lib.common.rest_client [req-8c001446-85ff-4be2-8ff4-595487fa8d31 req-8c001446-85ff-4be2-8ff4-595487fa8d31 ] Request (VolumesAdminNegativeTest:setUpClass): 201 POST http://10.180.1.21/identity/v3/auth/tokens 0.081s
2025-05-08 17:22:16.583 70854 INFO tempest.lib.common.rest_client [req-f778eeda-eccf-4398-8062-5371d5145913 req-f778eeda-eccf-4398-8062-5371d5145913 ] Request (QuotasAdminTestV257:setUpClass): 201 POST http://10.180.1.21/identity/v3/users 0.085s
2025-05-08 17:22:16.587 70908 INFO tempest.lib.common.rest_client [req-6e0b3e8b-695f-4c26-9ef6-c6a905075035 req-6e0b3e8b-695f-4c26-9ef6-c6a905075035 ] Request (VolumesAssistedSnapshotsTest:setUpClass): 201 POST http://10.180.1.21:9696/networking/v2.0/networks 0.571s
2025-05-08 17:22:16.605 70854 INFO tempest.lib.common.rest_client [req-9f246f3b-f1e1-4d5c-b354-c409fd550c72 req-9f246f3b-f1e1-4d5c-b354-c409fd550c72 ] Request (QuotasAdminTestV257:setUpClass): 200 GET http://10.180.1.21/identity/v3/roles 0.022s
2025-05-08 17:22:16.625 70870 INFO tempest.lib.common.rest_client [req-093123e0-afdd-44cd-81e4-724350d54b30 req-093123e0-afdd-44cd-81e4-724350d54b30 ] Request (HypervisorAdminUnderV252Test:test_get_hypervisor_show_servers): 200 GET http://10.180.1.21/compute/v2.1/os-hypervisors 2.220s
2025-05-08 17:22:16.633 70854 INFO tempest.lib.common.rest_client [req-d6028c67-900e-4f04-92bc-111e2ed48c16 req-d6028c67-900e-4f04-92bc-111e2ed48c16 ] Request (QuotasAdminTestV257:setUpClass): 204 PUT http://10.180.1.21/identity/v3/projects/f509753526b242b7a5ffdcdb030c732d/users/8a1dc089bec54fc98728dbc06172dd14/roles/2512e6aed9584ac68f73467eb8044b9c 0.028s
2025-05-08 17:22:16.634 70854 INFO tempest.lib.common.dynamic_creds [-] Dynamic test user 8a1dc089bec54fc98728dbc06172dd14 is created with scope project and roles: ['member']
2025-05-08 17:22:16.634 70854 INFO tempest.lib.common.dynamic_creds [-] Acquired dynamic creds: credentials: Credentials: {'domain_id': 'default', 'domain_name': 'Default', 'username': 'tempest-QuotasAdminTestV257-813475550-project-member', 'project_domain_id': 'default', 'project_domain_name': 'Default', 'project_id': 'f509753526b242b7a5ffdcdb030c732d', 'project_name': 'tempest-QuotasAdminTestV257-813475550', 'tenant_id': 'f509753526b242b7a5ffdcdb030c732d', 'tenant_name': 'tempest-QuotasAdminTestV257-813475550', 'user_domain_id': 'default', 'user_domain_name': 'Default', 'user_id': '8a1dc089bec54fc98728dbc06172dd14', 'system': None}, Network: None, Subnet: None, Router: None
2025-05-08 17:22:16.634 70854 INFO tempest.lib.common.dynamic_creds [-] Created isolated network resources for: credentials: Credentials: {'domain_id': 'default', 'domain_name': 'Default', 'username': 'tempest-QuotasAdminTestV257-813475550-project-member', 'project_domain_id': 'default', 'project_domain_name': 'Default', 'project_id': 'f509753526b242b7a5ffdcdb030c732d', 'project_name': 'tempest-QuotasAdminTestV257-813475550', 'tenant_id': 'f509753526b242b7a5ffdcdb030c732d', 'tenant_name': 'tempest-QuotasAdminTestV257-813475550', 'user_domain_id': 'default', 'user_domain_name': 'Default', 'user_id': '8a1dc089bec54fc98728dbc06172dd14', 'system': None}, Network: None, Subnet: None, Router: None
2025-05-08 17:22:16.639 70852 INFO tempest.lib.common.rest_client [req-73c2d217-ee6c-4055-8553-2472c545ed47 req-73c2d217-ee6c-4055-8553-2472c545ed47 ] Request (TenantUsagesNegativeTestJSON:test_get_usage_tenant_with_empty_tenant_id): 404 GET http://10.180.1.21/compute/v2.1/os-simple-tenant-usage/?start=2025-05-07T17%3A22%3A14.456245&end=2025-05-09T17%3A22%3A14.456245 2.182s
2025-05-08 17:22:16.648 70852 WARNING tempest.lib.common.rest_client [-] Deprecated: "tenant_id" property is deprecated for removal, use "project_id" instead
2025-05-08 17:22:16.699 70854 INFO tempest.lib.common.rest_client [req-b0d627c4-4c28-44d2-b061-da9496e0d769 req-b0d627c4-4c28-44d2-b061-da9496e0d769 ] Request (QuotasAdminTestV257:setUpClass): 201 POST http://10.180.1.21/identity/v3/auth/tokens 0.061s
2025-05-08 17:22:16.748 70888 INFO tempest.lib.common.rest_client [req-9d918348-c8bd-43c5-8b79-43889214f31e req-9d918348-c8bd-43c5-8b79-43889214f31e ] Request (FlavorsV255TestJSON:test_crud_flavor): 200 POST http://10.180.1.21/compute/v2.1/flavors 1.964s
2025-05-08 17:22:16.761 70908 INFO tempest.lib.common.rest_client [req-95e89d46-e0b5-4b2d-ba8b-c09b576edab0 req-95e89d46-e0b5-4b2d-ba8b-c09b576edab0 ] Request (VolumesAssistedSnapshotsTest:setUpClass): 201 POST http://10.180.1.21:9696/networking/v2.0/subnets 0.173s
2025-05-08 17:22:16.785 70854 INFO tempest.lib.common.rest_client [req-e14961e7-be1c-4b9f-8f34-a3e1eb5496b5 req-e14961e7-be1c-4b9f-8f34-a3e1eb5496b5 ] Request (QuotasAdminTestV257:setUpClass): 201 POST http://10.180.1.21/identity/v3/projects 0.085s
2025-05-08 17:22:16.820 70876 INFO tempest.lib.common.rest_client [req-b435d880-c86c-4c41-9987-1b6547b0c074 req-b435d880-c86c-4c41-9987-1b6547b0c074 ] Request (HypervisorAdminV253TestBase:test_list_show_detail_hypervisors): 200 GET http://10.180.1.21/compute/v2.1/os-hypervisors/detail?with_servers=True 2.028s
2025-05-08 17:22:16.844 70854 INFO tempest.lib.common.rest_client [req-1c691b94-075f-43b7-ac21-980482789760 req-1c691b94-075f-43b7-ac21-980482789760 ] Request (QuotasAdminTestV257:setUpClass): 201 POST http://10.180.1.21/identity/v3/users 0.058s
2025-05-08 17:22:16.924 70854 INFO tempest.lib.common.rest_client [req-3029e2a5-c25c-45c7-b186-7314f738c965 req-3029e2a5-c25c-45c7-b186-7314f738c965 ] Request (QuotasAdminTestV257:setUpClass): 200 GET http://10.180.1.21/identity/v3/roles 0.079s
2025-05-08 17:22:16.934 70866 INFO tempest.lib.common.rest_client [req-34a0b3b8-4785-4bb7-905f-a2ba9f86cab0 req-34a0b3b8-4785-4bb7-905f-a2ba9f86cab0 ] Request (AggregatesAdminNegativeTestJSON:setUpClass): 200 GET http://10.180.1.21/compute/v2.1/os-services?binary=nova-compute 2.011s
2025-05-08 17:22:16.936 70875 INFO tempest.lib.common.rest_client [req-6543ece1-d36e-4c80-9b9c-bd5ccd6aef9f req-6543ece1-d36e-4c80-9b9c-bd5ccd6aef9f ] Request (QuotasAdminNegativeTest:test_create_server_when_cpu_quota_is_full): 200 GET http://10.180.1.21/compute/v2.1/os-quota-sets/5b411c722dd54b74867f289d15ba27eb 2.079s
2025-05-08 17:22:16.957 70854 INFO tempest.lib.common.rest_client [req-7c49aae3-d6a8-4f6d-88eb-8693bf2bdb61 req-7c49aae3-d6a8-4f6d-88eb-8693bf2bdb61 ] Request (QuotasAdminTestV257:setUpClass): 204 PUT http://10.180.1.21/identity/v3/projects/1d2c8e0808b84a35810103129d823d4a/users/0959a50b469d48929bf24e38194e7564/roles/c017d29285a24b88b433420bb6a70ff9 0.032s
2025-05-08 17:22:17.015 70892 INFO tempest.lib.common.rest_client [req-db469d72-64d2-4d0a-94c3-46fc8bc6370f req-db469d72-64d2-4d0a-94c3-46fc8bc6370f ] Request (HypervisorAdminNegativeTestJSON:test_get_hypervisor_list_details_with_non_admin_user): 403 GET http://10.180.1.21/compute/v2.1/os-hypervisors/detail 2.092s
2025-05-08 17:22:17.051 70860 INFO tempest.lib.common.rest_client [req-7227be34-9eeb-45f1-a457-90bec73dc2fa req-7227be34-9eeb-45f1-a457-90bec73dc2fa ] Request (FlavorsExtraSpecsNegativeTestJSON:test_flavor_get_nonexistent_key): 404 GET http://10.180.1.21/compute/v2.1/flavors/1435489826/os-extra_specs/hw:cpu_thread_policy 2.062s
2025-05-08 17:22:17.052 70854 INFO tempest.lib.common.rest_client [req-2cedb772-b21d-4324-a866-8ea2bd18cc65 req-2cedb772-b21d-4324-a866-8ea2bd18cc65 ] Request (QuotasAdminTestV257:setUpClass): 200 GET http://10.180.1.21/identity/v3/roles 0.094s
2025-05-08 17:22:17.108 70854 INFO tempest.lib.common.rest_client [req-663d4296-302c-4bb9-890c-b9402cfe2fe3 req-663d4296-302c-4bb9-890c-b9402cfe2fe3 ] Request (QuotasAdminTestV257:setUpClass): 204 PUT http://10.180.1.21/identity/v3/projects/1d2c8e0808b84a35810103129d823d4a/users/0959a50b469d48929bf24e38194e7564/roles/c017d29285a24b88b433420bb6a70ff9 0.056s
2025-05-08 17:22:17.108 70854 INFO tempest.lib.common.dynamic_creds [-] Dynamic test user 0959a50b469d48929bf24e38194e7564 is created with scope project and roles: ['admin']
2025-05-08 17:22:17.108 70854 INFO tempest.lib.common.dynamic_creds [-] Acquired dynamic creds: credentials: Credentials: {'domain_id': 'default', 'domain_name': 'Default', 'username': 'tempest-QuotasAdminTestV257-597428327-project-admin', 'project_domain_id': 'default', 'project_domain_name': 'Default', 'project_id': '1d2c8e0808b84a35810103129d823d4a', 'project_name': 'tempest-QuotasAdminTestV257-597428327', 'tenant_id': '1d2c8e0808b84a35810103129d823d4a', 'tenant_name': 'tempest-QuotasAdminTestV257-597428327', 'user_domain_id': 'default', 'user_domain_name': 'Default', 'user_id': '0959a50b469d48929bf24e38194e7564', 'system': None}, Network: None, Subnet: None, Router: None
2025-05-08 17:22:17.109 70854 INFO tempest.lib.common.dynamic_creds [-] Created isolated network resources for: credentials: Credentials: {'domain_id': 'default', 'domain_name': 'Default', 'username': 'tempest-QuotasAdminTestV257-597428327-project-admin', 'project_domain_id': 'default', 'project_domain_name': 'Default', 'project_id': '1d2c8e0808b84a35810103129d823d4a', 'project_name': 'tempest-QuotasAdminTestV257-597428327', 'tenant_id': '1d2c8e0808b84a35810103129d823d4a', 'tenant_name': 'tempest-QuotasAdminTestV257-597428327', 'user_domain_id': 'default', 'user_domain_name': 'Default', 'user_id': '0959a50b469d48929bf24e38194e7564', 'system': None}, Network: None, Subnet: None, Router: None
2025-05-08 17:22:17.169 70864 INFO tempest.lib.common.rest_client [req-338bb952-94bd-46ff-a2f5-172e97eb2b38 req-338bb952-94bd-46ff-a2f5-172e97eb2b38 ] Request (ServersWithSpecificFlavorTestJSON:setUpClass): 201 POST http://10.180.1.21:9696/networking/v2.0/routers 0.653s
2025-05-08 17:22:17.191 70854 INFO tempest.lib.common.rest_client [req-e9655e06-7aae-4132-94a4-146fddfeef25 req-e9655e06-7aae-4132-94a4-146fddfeef25 ] Request (QuotasAdminTestV257:setUpClass): 201 POST http://10.180.1.21/identity/v3/auth/tokens 0.080s
2025-05-08 17:22:17.192 70854 WARNING tempest.lib.common.rest_client [-] Deprecated: "tenant_id" property is deprecated for removal, use "project_id" instead
2025-05-08 17:22:17.603 70886 INFO tempest.lib.common.rest_client [req-fb07639d-b9a5-4653-a681-49c324f09daf req-fb07639d-b9a5-4653-a681-49c324f09daf ] Request (ServerDiagnosticsTest:test_get_server_diagnostics): 202 POST http://10.180.1.21/compute/v2.1/servers 2.466s
2025-05-08 17:22:17.678 70905 INFO tempest.lib.common.rest_client [req-a0fc81c5-f041-4c30-a69e-53762c111f3d req-a0fc81c5-f041-4c30-a69e-53762c111f3d ] Request (ServerDiskConfigTestJSON:test_rebuild_server_with_auto_disk_config): 202 POST http://10.180.1.21/compute/v2.1/servers 2.663s
2025-05-08 17:22:17.711 70908 INFO tempest.lib.common.rest_client [req-73659ff5-a84b-4b60-9fc1-69ed29975779 req-73659ff5-a84b-4b60-9fc1-69ed29975779 ] Request (VolumesAssistedSnapshotsTest:setUpClass): 201 POST http://10.180.1.21:9696/networking/v2.0/routers 0.949s
2025-05-08 17:22:17.961 70878 INFO tempest.lib.common.rest_client [req-038accbb-1f7d-4cda-81a7-ff6638920fd4 req-038accbb-1f7d-4cda-81a7-ff6638920fd4 ] Request (SecurityGroupRulesTestJSON:test_security_group_rules_create): 200 POST http://10.180.1.21/compute/v2.1/os-security-groups 2.729s
2025-05-08 17:22:18.109 70862 INFO tempest.lib.common.rest_client [req-81be12c8-25ff-422a-a5ca-aa9f6a4bbfdb req-81be12c8-25ff-422a-a5ca-aa9f6a4bbfdb ] Request (TenantUsagesTestJSON:setUpClass): 202 POST http://10.180.1.21/compute/v2.1/servers 2.785s
2025-05-08 17:22:18.420 70898 INFO tempest.lib.common.rest_client [req-1e0cb7b4-df07-48b7-9a39-754e3133ae1c req-1e0cb7b4-df07-48b7-9a39-754e3133ae1c ] Request (DeleteServersAdminTestJSON:test_admin_delete_servers_of_others): 202 POST http://10.180.1.21/compute/v2.1/servers 2.920s
2025-05-08 17:22:18.533 70864 INFO tempest.lib.common.rest_client [req-c74ccb35-9fb1-424c-bb28-97b46159b032 req-c74ccb35-9fb1-424c-bb28-97b46159b032 ] Request (ServersWithSpecificFlavorTestJSON:setUpClass): 200 PUT http://10.180.1.21:9696/networking/v2.0/routers/8514026e-d519-4e13-b282-b80804f376aa/add_router_interface 1.362s
2025-05-08 17:22:18.533 70864 INFO tempest.lib.common.dynamic_creds [-] Created isolated network resources for: credentials: Credentials: {'domain_id': 'default', 'domain_name': 'Default', 'username': 'tempest-ServersWithSpecificFlavorTestJSON-2145520056-project-admin', 'project_domain_id': 'default', 'project_domain_name': 'Default', 'project_id': '45b65389c0c74509aebe2b4f201af495', 'project_name': 'tempest-ServersWithSpecificFlavorTestJSON-2145520056', 'tenant_id': '45b65389c0c74509aebe2b4f201af495', 'tenant_name': 'tempest-ServersWithSpecificFlavorTestJSON-2145520056', 'user_domain_id': 'default', 'user_domain_name': 'Default', 'user_id': '0ea7f2f96c9247cc8a468c6ff25abc6a', 'system': None}, Network: {'id': '03609eed-ba5a-4fab-b27d-f83d3b8b6d09', 'name': 'tempest-ServersWithSpecificFlavorTestJSON-63547295-network', 'tenant_id': '45b65389c0c74509aebe2b4f201af495', 'admin_state_up': True, 'mtu': 8950, 'status': 'ACTIVE', 'subnets': [], 'shared': False, 'project_id': '45b65389c0c74509aebe2b4f201af495', 'port_security_enabled': True, 'router:external': False, 'provider:network_type': 'vlan', 'provider:physical_network': 'default', 'provider:segmentation_id': 305, 'availability_zone_hints': [], 'availability_zones': [], 'ipv4_address_scope': None, 'ipv6_address_scope': None, 'description': '', 'tags': [], 'created_at': '2025-05-08T17:22:15Z', 'updated_at': '2025-05-08T17:22:15Z', 'revision_number': 1}, Subnet: {'id': '913eccf0-0bac-4c55-9248-293d07e7187f', 'name': 'tempest-ServersWithSpecificFlavorTestJSON-63547295-subnet', 'tenant_id': '45b65389c0c74509aebe2b4f201af495', 'network_id': '03609eed-ba5a-4fab-b27d-f83d3b8b6d09', 'ip_version': 4, 'subnetpool_id': None, 'enable_dhcp': True, 'ipv6_ra_mode': None, 'ipv6_address_mode': None, 'gateway_ip': '192.168.128.1', 'cidr': '192.168.128.0/28', 'allocation_pools': [{'start': '192.168.128.2', 'end': '192.168.128.14'}], 'host_routes': [], 'dns_nameservers': [], 'description': '', 'router:external': False, 'service_types': [], 'tags': [], 'created_at': '2025-05-08T17:22:16Z', 'updated_at': '2025-05-08T17:22:16Z', 'revision_number': 0, 'project_id': '45b65389c0c74509aebe2b4f201af495'}, Router: {'id': '8514026e-d519-4e13-b282-b80804f376aa', 'name': 'tempest-ServersWithSpecificFlavorTestJSON-63547295-router', 'tenant_id': '45b65389c0c74509aebe2b4f201af495', 'admin_state_up': True, 'status': 'ACTIVE', 'external_gateway_info': {'network_id': '2279bdd9-833e-4822-9c1f-8faa9c77aa61', 'external_fixed_ips': [{'subnet_id': 'aaf9cb87-ef8c-42fb-ba08-fd36b05477a5', 'ip_address': '10.180.180.189'}], 'enable_snat': True}, 'description': '', 'availability_zones': [], 'distributed': False, 'ha': False, 'availability_zone_hints': [], 'routes': [], 'flavor_id': None, 'tags': [], 'created_at': '2025-05-08T17:22:16Z', 'updated_at': '2025-05-08T17:22:16Z', 'revision_number': 2, 'project_id': '45b65389c0c74509aebe2b4f201af495'}
2025-05-08 17:22:18.639 70864 INFO tempest.lib.common.rest_client [req-0b29c422-6de7-4948-9e93-ee9427efd59f req-0b29c422-6de7-4948-9e93-ee9427efd59f ] Request (ServersWithSpecificFlavorTestJSON:setUpClass): 201 POST http://10.180.1.21/identity/v3/auth/tokens 0.103s
2025-05-08 17:22:18.753 70906 INFO tempest.lib.common.rest_client [req-22538496-bc1f-4166-941a-c63d80ab0b1b req-22538496-bc1f-4166-941a-c63d80ab0b1b ] Request (FloatingIPsAssociationTestJSON:setUpClass): 202 POST http://10.180.1.21/compute/v2.1/servers 3.161s
2025-05-08 17:22:18.762 70868 INFO tempest.lib.common.rest_client [req-a5cbb210-7f2f-47f8-8417-0537ca69cfdc req-a5cbb210-7f2f-47f8-8417-0537ca69cfdc ] Request (MigrationsAdminTest:test_list_migrations_in_flavor_resize_situation): 202 POST http://10.180.1.21/compute/v2.1/servers 3.127s
2025-05-08 17:22:18.770 70896 INFO tempest.lib.common.rest_client [req-a58a1230-c869-4c99-8406-bb7dd07fbd88 req-a58a1230-c869-4c99-8406-bb7dd07fbd88 ] Request (FlavorsV2TestJSON:test_list_flavors_detailed_filter_by_min_disk): 200 GET http://10.180.1.21/compute/v2.1/flavors/42 2.966s
2025-05-08 17:22:18.791 70882 INFO tempest.lib.common.rest_client [req-d8cce214-ac7d-413f-8269-16fbc2d5db72 req-d8cce214-ac7d-413f-8269-16fbc2d5db72 ] Request (KeyPairsV22TestJSON:_run_cleanups): 204 DELETE http://10.180.1.21/compute/v2.1/os-keypairs/tempest-keypair-1200727560 2.943s
2025-05-08 17:22:18.859 70884 INFO tempest.lib.common.rest_client [req-0099f9d0-3ea3-4975-a20e-2e51a8ae3db2 req-0099f9d0-3ea3-4975-a20e-2e51a8ae3db2 ] Request (ServersAdmin275Test:test_rebuild_update_server_275): 200 GET http://10.180.1.21/compute/v2.1/servers/0388e623-1848-4d69-9232-e995611c3c6a 3.061s
2025-05-08 17:22:18.914 70846 INFO tempest.lib.common.rest_client [req-ab9e34d6-5ae7-406b-b21d-3cd2f3677be6 req-ab9e34d6-5ae7-406b-b21d-3cd2f3677be6 ] Request (FlavorsAccessNegativeTestJSON:test_add_flavor_access_duplicate): 200 POST http://10.180.1.21/compute/v2.1/flavors 2.994s
2025-05-08 17:22:18.954 70850 INFO tempest.lib.common.rest_client [req-ccd46121-e258-4a71-b9b4-9eadd3b33e20 req-ccd46121-e258-4a71-b9b4-9eadd3b33e20 ] Request (InstanceActionsTestJSON:setUpClass): 200 GET http://10.180.1.21/compute/v2.1/servers/6a9371b1-43ce-43d3-ac39-c3ea9ba0fa7d 2.794s
2025-05-08 17:22:18.976 70858 INFO tempest.lib.common.rest_client [req-69bf921a-7943-480e-bc36-0179cc363d65 req-69bf921a-7943-480e-bc36-0179cc363d65 ] Request (AZAdminV2TestJSON:test_get_availability_zone_list_detail): 200 GET http://10.180.1.21/compute/v2.1/os-availability-zone/detail 2.660s
2025-05-08 17:22:18.978 70908 INFO tempest.lib.common.rest_client [req-00aba88a-31d5-4d11-bdef-dc3b1d8c96da req-00aba88a-31d5-4d11-bdef-dc3b1d8c96da ] Request (VolumesAssistedSnapshotsTest:setUpClass): 200 PUT http://10.180.1.21:9696/networking/v2.0/routers/b8361ec7-1283-4beb-a1a7-0bbe27b7c4b1/add_router_interface 1.267s
2025-05-08 17:22:18.979 70908 INFO tempest.lib.common.dynamic_creds [-] Created isolated network resources for: credentials: Credentials: {'domain_id': 'default', 'domain_name': 'Default', 'username': 'tempest-VolumesAssistedSnapshotsTest-76753864-project-admin', 'project_domain_id': 'default', 'project_domain_name': 'Default', 'project_id': '74598104caf041fe9e2bbe544ecfa90c', 'project_name': 'tempest-VolumesAssistedSnapshotsTest-76753864', 'tenant_id': '74598104caf041fe9e2bbe544ecfa90c', 'tenant_name': 'tempest-VolumesAssistedSnapshotsTest-76753864', 'user_domain_id': 'default', 'user_domain_name': 'Default', 'user_id': 'f90c82d0d4364433a33c89574bde26fb', 'system': None}, Network: {'id': '59c0bc32-bdf9-4b69-a517-d168dad0a337', 'name': 'tempest-VolumesAssistedSnapshotsTest-1769077848-network', 'tenant_id': '74598104caf041fe9e2bbe544ecfa90c', 'admin_state_up': True, 'mtu': 8950, 'status': 'ACTIVE', 'subnets': [], 'shared': False, 'project_id': '74598104caf041fe9e2bbe544ecfa90c', 'port_security_enabled': True, 'router:external': False, 'provider:network_type': 'vlan', 'provider:physical_network': 'default', 'provider:segmentation_id': 727, 'availability_zone_hints': [], 'availability_zones': [], 'ipv4_address_scope': None, 'ipv6_address_scope': None, 'description': '', 'tags': [], 'created_at': '2025-05-08T17:22:16Z', 'updated_at': '2025-05-08T17:22:16Z', 'revision_number': 1}, Subnet: {'id': 'eeba82b7-7575-4066-99f5-5b01460b1efb', 'name': 'tempest-VolumesAssistedSnapshotsTest-1769077848-subnet', 'tenant_id': '74598104caf041fe9e2bbe544ecfa90c', 'network_id': '59c0bc32-bdf9-4b69-a517-d168dad0a337', 'ip_version': 4, 'subnetpool_id': None, 'enable_dhcp': True, 'ipv6_ra_mode': None, 'ipv6_address_mode': None, 'gateway_ip': '192.168.128.1', 'cidr': '192.168.128.0/28', 'allocation_pools': [{'start': '192.168.128.2', 'end': '192.168.128.14'}], 'host_routes': [], 'dns_nameservers': [], 'description': '', 'router:external': False, 'service_types': [], 'tags': [], 'created_at': '2025-05-08T17:22:16Z', 'updated_at': '2025-05-08T17:22:16Z', 'revision_number': 0, 'project_id': '74598104caf041fe9e2bbe544ecfa90c'}, Router: {'id': 'b8361ec7-1283-4beb-a1a7-0bbe27b7c4b1', 'name': 'tempest-VolumesAssistedSnapshotsTest-1769077848-router', 'tenant_id': '74598104caf041fe9e2bbe544ecfa90c', 'admin_state_up': True, 'status': 'ACTIVE', 'external_gateway_info': {'network_id': '2279bdd9-833e-4822-9c1f-8faa9c77aa61', 'external_fixed_ips': [{'subnet_id': 'aaf9cb87-ef8c-42fb-ba08-fd36b05477a5', 'ip_address': '10.180.180.165'}], 'enable_snat': True}, 'description': '', 'availability_zones': [], 'distributed': False, 'ha': False, 'availability_zone_hints': [], 'routes': [], 'flavor_id': None, 'tags': [], 'created_at': '2025-05-08T17:22:16Z', 'updated_at': '2025-05-08T17:22:17Z', 'revision_number': 2, 'project_id': '74598104caf041fe9e2bbe544ecfa90c'}
2025-05-08 17:22:19.006 70900 INFO tempest.lib.common.rest_client [req-ba07ab4c-e449-4207-84cf-73ecdcd5ec25 req-ba07ab4c-e449-4207-84cf-73ecdcd5ec25 ] Request (NetworksTest:test_get_network): 200 GET http://10.180.1.21/compute/v2.1/os-networks/2279bdd9-833e-4822-9c1f-8faa9c77aa61 2.753s
2025-05-08 17:22:19.089 70908 INFO tempest.lib.common.rest_client [req-4ae78608-77f3-4547-8556-a6d2f277ed7f req-4ae78608-77f3-4547-8556-a6d2f277ed7f ] Request (VolumesAssistedSnapshotsTest:setUpClass): 201 POST http://10.180.1.21/identity/v3/auth/tokens 0.106s
2025-05-08 17:22:19.135 70908 INFO tempest.lib.common.rest_client [req-7a984d8e-13c9-4e11-9174-80016bf4f187 req-7a984d8e-13c9-4e11-9174-80016bf4f187 ] Request (VolumesAssistedSnapshotsTest:setUpClass): 201 POST http://10.180.1.21/identity/v3/projects 0.045s
2025-05-08 17:22:19.156 70856 INFO tempest.lib.common.rest_client [req-6d41c548-2cca-4e67-bf4b-750838e279d8 req-6d41c548-2cca-4e67-bf4b-750838e279d8 ] Request (QuotaClassesAdmin257Test:test_update_default_quotas): 200 PUT http://10.180.1.21/compute/v2.1/os-quota-class-sets/default 2.759s
2025-05-08 17:22:19.180 70858 INFO tempest.lib.common.rest_client [req-0f280f22-bfa4-4f09-a4d1-9ac2d09c36ce req-0f280f22-bfa4-4f09-a4d1-9ac2d09c36ce ] Request (AZAdminV2TestJSON:tearDownClass): 204 DELETE http://10.180.1.21/identity/v3/users/a1222511d52c4d84abf8a912731083ad 0.196s
2025-05-08 17:22:19.182 70894 INFO tempest.lib.common.rest_client [req-fc273f59-1437-4a92-a1b5-b3bdca945995 req-fc273f59-1437-4a92-a1b5-b3bdca945995 ] Request (FlavorsExtraSpecsTestJSON:test_flavor_non_admin_get_all_keys): 200 POST http://10.180.1.21/compute/v2.1/flavors/1505220471/os-extra_specs 2.694s
2025-05-08 17:22:19.210 70848 INFO tempest.lib.common.rest_client [req-88ad91f5-8bca-4fcd-be3c-3eb9ad4a6f9d req-88ad91f5-8bca-4fcd-be3c-3eb9ad4a6f9d ] Request (FlavorsAdminTestJSON:_run_cleanups): 200 GET http://10.180.1.21/compute/v2.1/flavors/detail 2.705s
2025-05-08 17:22:19.292 70908 INFO tempest.lib.common.rest_client [req-9d54e1d5-026b-4610-b33f-5670dd0c6e08 req-9d54e1d5-026b-4610-b33f-5670dd0c6e08 ] Request (VolumesAssistedSnapshotsTest:setUpClass): 201 POST http://10.180.1.21/identity/v3/users 0.156s
2025-05-08 17:22:19.341 70872 INFO tempest.lib.common.rest_client [req-0deb236c-39ce-4fba-91e3-d16a506a3bea req-0deb236c-39ce-4fba-91e3-d16a506a3bea ] Request (FlavorsAccessTestJSON:test_flavor_access_add_remove): 200 POST http://10.180.1.21/compute/v2.1/flavors/432460933/action 2.876s
2025-05-08 17:22:19.465 70858 INFO tempest.lib.common.rest_client [req-0e5a44db-1ecc-48f1-b4f8-fe2aeb955f77 req-0e5a44db-1ecc-48f1-b4f8-fe2aeb955f77 ] Request (AZAdminV2TestJSON:tearDownClass): 204 DELETE http://10.180.1.21/identity/v3/users/7f153778124b478ead5f284fc7d8ed13 0.284s
2025-05-08 17:22:19.465 70858 INFO tempest.lib.common.dynamic_creds [-] Deleting project and security group for project: 1e257b7913db4975b5157e51b5d6de0c
2025-05-08 17:22:19.537 70890 INFO tempest.lib.common.rest_client [req-6f1b28e5-ced1-4d4e-a48e-d0a102f59044 req-6f1b28e5-ced1-4d4e-a48e-d0a102f59044 ] Request (VolumesAdminNegativeTest:test_update_attached_volume_with_nonexistent_volume_in_body): 200 POST http://10.180.1.21/compute/v2.1/os-keypairs 3.011s
2025-05-08 17:22:19.552 70908 INFO tempest.lib.common.rest_client [req-0ba10018-380c-42ca-b13b-cb0441174fb5 req-0ba10018-380c-42ca-b13b-cb0441174fb5 ] Request (VolumesAssistedSnapshotsTest:setUpClass): 200 GET http://10.180.1.21/identity/v3/roles 0.260s
2025-05-08 17:22:19.552 70858 INFO tempest.lib.common.rest_client [req-36a12cda-5670-444a-9333-86fcac6035e9 req-36a12cda-5670-444a-9333-86fcac6035e9 ] Request (AZAdminV2TestJSON:tearDownClass): 201 POST http://10.180.1.21/identity/v3/auth/tokens 0.087s
2025-05-08 17:22:19.554 70852 INFO tempest.lib.common.rest_client [req-3835f065-661d-4cb0-b6ed-8fd16fb03d9e req-3835f065-661d-4cb0-b6ed-8fd16fb03d9e ] Request (TenantUsagesNegativeTestJSON:test_get_usage_tenant_with_invalid_date): 400 GET http://10.180.1.21/compute/v2.1/os-simple-tenant-usage/b88e8aa486e74335ba6e5f9ca7511ae4?start=2025-05-09T17%3A22%3A14.456245&end=2025-05-07T17%3A22%3A14.456245 2.905s
2025-05-08 17:22:19.582 70870 INFO tempest.lib.common.rest_client [req-247a4e8a-edbb-40ce-9c4e-014402753e50 req-247a4e8a-edbb-40ce-9c4e-014402753e50 ] Request (HypervisorAdminUnderV252Test:test_get_hypervisor_show_servers): 200 GET http://10.180.1.21/compute/v2.1/os-hypervisors/domain-c8.fc996f14-c53b-4953-92e3-bdfa48f5cc28/servers 2.955s
2025-05-08 17:22:19.605 70908 INFO tempest.lib.common.rest_client [req-173c86cc-b05e-447a-9856-3156ac2bfec0 req-173c86cc-b05e-447a-9856-3156ac2bfec0 ] Request (VolumesAssistedSnapshotsTest:setUpClass): 204 PUT http://10.180.1.21/identity/v3/projects/cd53ce0de3854fa28ae4e89f4c950780/users/652e4330e9a84edda3b16f9074fb5539/roles/4e36520474494b589607ea80e6f2ed4e 0.052s
2025-05-08 17:22:19.614 70876 INFO tempest.lib.common.rest_client [req-06fad7e5-5b92-4e1c-80c3-59abeee8cce8 req-06fad7e5-5b92-4e1c-80c3-59abeee8cce8 ] Request (HypervisorAdminV253TestBase:test_list_show_detail_hypervisors): 200 GET http://10.180.1.21/compute/v2.1/os-hypervisors?with_servers=True 2.786s
2025-05-08 17:22:19.710 70890 INFO tempest.lib.common.rest_client [req-6b74b041-5508-4584-a4ed-c161689ba240 req-6b74b041-5508-4584-a4ed-c161689ba240 ] Request (VolumesAdminNegativeTest:test_update_attached_volume_with_nonexistent_volume_in_body): 201 POST http://10.180.1.21:9696/networking/v2.0/security-groups 0.171s
2025-05-08 17:22:19.725 70888 INFO tempest.lib.common.rest_client [req-612c2b4f-7f56-4833-9940-db15a31d8d0a req-612c2b4f-7f56-4833-9940-db15a31d8d0a ] Request (FlavorsV255TestJSON:test_crud_flavor): 200 GET http://10.180.1.21/compute/v2.1/flavors/2143619272 2.974s
2025-05-08 17:22:19.762 70908 INFO tempest.lib.common.rest_client [req-fc02ffe3-517e-4276-9deb-5cb23a89f662 req-fc02ffe3-517e-4276-9deb-5cb23a89f662 ] Request (VolumesAssistedSnapshotsTest:setUpClass): 200 GET http://10.180.1.21/identity/v3/roles 0.156s
2025-05-08 17:22:19.766 70866 INFO tempest.lib.common.rest_client [req-9d784520-3ce3-467f-95b4-0a849cff359c req-9d784520-3ce3-467f-95b4-0a849cff359c ] Request (AggregatesAdminNegativeTestJSON:test_aggregate_add_existent_host): 200 POST http://10.180.1.21/compute/v2.1/os-aggregates 2.826s
2025-05-08 17:22:19.771 70892 INFO tempest.lib.common.rest_client [req-3214ff1d-2450-4750-b67b-806368350014 req-3214ff1d-2450-4750-b67b-806368350014 ] Request (HypervisorAdminNegativeTestJSON:test_get_hypervisor_list_with_non_admin_user): 403 GET http://10.180.1.21/compute/v2.1/os-hypervisors 2.751s
2025-05-08 17:22:19.776 70860 INFO tempest.lib.common.rest_client [req-69b36e19-db82-404d-b42e-acc36ecc32e6 req-69b36e19-db82-404d-b42e-acc36ecc32e6 ] Request (FlavorsExtraSpecsNegativeTestJSON:test_flavor_non_admin_set_keys): 403 POST http://10.180.1.21/compute/v2.1/flavors/1435489826/os-extra_specs 2.719s
2025-05-08 17:22:19.782 70908 INFO tempest.lib.common.rest_client [req-5d9e6ab3-66c4-4684-8050-9614a191c26c req-5d9e6ab3-66c4-4684-8050-9614a191c26c ] Request (VolumesAssistedSnapshotsTest:setUpClass): 204 PUT http://10.180.1.21/identity/v3/projects/cd53ce0de3854fa28ae4e89f4c950780/users/652e4330e9a84edda3b16f9074fb5539/roles/c017d29285a24b88b433420bb6a70ff9 0.019s
2025-05-08 17:22:19.783 70908 INFO tempest.lib.common.dynamic_creds [-] Dynamic test user 652e4330e9a84edda3b16f9074fb5539 is created with scope project and roles: ['service', 'admin']
2025-05-08 17:22:19.783 70908 INFO tempest.lib.common.dynamic_creds [-] Acquired dynamic creds: credentials: Credentials: {'domain_id': 'default', 'domain_name': 'Default', 'username': 'tempest-VolumesAssistedSnapshotsTest-865254559-project', 'project_domain_id': 'default', 'project_domain_name': 'Default', 'project_id': 'cd53ce0de3854fa28ae4e89f4c950780', 'project_name': 'tempest-VolumesAssistedSnapshotsTest-865254559', 'tenant_id': 'cd53ce0de3854fa28ae4e89f4c950780', 'tenant_name': 'tempest-VolumesAssistedSnapshotsTest-865254559', 'user_domain_id': 'default', 'user_domain_name': 'Default', 'user_id': '652e4330e9a84edda3b16f9074fb5539', 'system': None}, Network: None, Subnet: None, Router: None
2025-05-08 17:22:19.854 70886 INFO tempest.lib.common.rest_client [req-23d1a31a-9e47-40df-b9e1-0475dd25e365 req-23d1a31a-9e47-40df-b9e1-0475dd25e365 ] Request (ServerDiagnosticsTest:test_get_server_diagnostics): 200 GET http://10.180.1.21/compute/v2.1/servers/683944f0-defd-4b89-8276-7ed7ad804197 2.249s
2025-05-08 17:22:19.865 70890 INFO tempest.lib.common.rest_client [req-206863af-19b6-4d4c-abd2-69350e4cd5bb req-206863af-19b6-4d4c-abd2-69350e4cd5bb ] Request (VolumesAdminNegativeTest:test_update_attached_volume_with_nonexistent_volume_in_body): 201 POST http://10.180.1.21:9696/networking/v2.0/security-group-rules 0.155s
2025-05-08 17:22:19.884 70858 INFO tempest.lib.common.rest_client [req-86267d48-f5fc-464d-91b6-9cdfd454cceb req-86267d48-f5fc-464d-91b6-9cdfd454cceb ] Request (AZAdminV2TestJSON:tearDownClass): 200 GET http://10.180.1.21:9696/networking/v2.0/security-groups?tenant_id=1e257b7913db4975b5157e51b5d6de0c&name=default 0.332s
2025-05-08 17:22:19.895 70875 INFO tempest.lib.common.rest_client [req-02c7fe7e-3cad-446a-a031-abf15bb1c4e5 req-02c7fe7e-3cad-446a-a031-abf15bb1c4e5 ] Request (QuotasAdminNegativeTest:test_create_server_when_cpu_quota_is_full): 200 PUT http://10.180.1.21/compute/v2.1/os-quota-sets/5b411c722dd54b74867f289d15ba27eb 2.957s
2025-05-08 17:22:19.932 70905 INFO tempest.lib.common.rest_client [req-4f793754-c959-4582-9da6-513599a780d7 req-4f793754-c959-4582-9da6-513599a780d7 ] Request (ServerDiskConfigTestJSON:test_rebuild_server_with_auto_disk_config): 200 GET http://10.180.1.21/compute/v2.1/servers/5db10105-c39d-4d08-b423-0df14ac4250d 2.251s
2025-05-08 17:22:19.957 70875 INFO tempest.lib.common.rest_client [req-70894ebf-e103-4205-8dc3-4651bb4a5af3 req-70894ebf-e103-4205-8dc3-4651bb4a5af3 ] Request (QuotasAdminNegativeTest:test_create_server_when_cpu_quota_is_full): 201 POST http://10.180.1.21/identity/v3/auth/tokens 0.055s
2025-05-08 17:22:19.958 70875 INFO tempest.lib.common.fixed_network [-] (QuotasAdminNegativeTest:test_create_server_when_cpu_quota_is_full) Found network None available for tenant
2025-05-08 17:22:20.006 70862 INFO tempest.lib.common.rest_client [req-f1c8f127-c13d-4e27-8dd9-f9116f29498f req-f1c8f127-c13d-4e27-8dd9-f9116f29498f ] Request (TenantUsagesTestJSON:setUpClass): 200 GET http://10.180.1.21/compute/v2.1/servers/2f797a33-e18e-45f5-84e8-b1b80e3ad11b 1.894s
2025-05-08 17:22:20.042 70890 INFO tempest.lib.common.rest_client [req-d6f2da10-85b0-457d-85cc-4264618fddef req-d6f2da10-85b0-457d-85cc-4264618fddef ] Request (VolumesAdminNegativeTest:test_update_attached_volume_with_nonexistent_volume_in_body): 201 POST http://10.180.1.21:9696/networking/v2.0/security-group-rules 0.176s
2025-05-08 17:22:20.084 70858 INFO tempest.lib.common.rest_client [req-9fd3df24-cc0f-4446-b1a6-8571408fd152 req-9fd3df24-cc0f-4446-b1a6-8571408fd152 ] Request (AZAdminV2TestJSON:tearDownClass): 204 DELETE http://10.180.1.21:9696/networking/v2.0/security-groups/c2ea71f1-d25f-4a3a-8517-01f078a2bd3f 0.199s
2025-05-08 17:22:20.093 70878 INFO tempest.lib.common.rest_client [req-fa28ff3c-701e-4035-93d8-666b92c4fc5e req-fa28ff3c-701e-4035-93d8-666b92c4fc5e ] Request (SecurityGroupRulesTestJSON:test_security_group_rules_create): 200 POST http://10.180.1.21/compute/v2.1/os-security-group-rules 2.124s
2025-05-08 17:22:20.097 70898 INFO tempest.lib.common.rest_client [req-7b706f17-f079-4f14-9f71-fa2a194eb06e req-7b706f17-f079-4f14-9f71-fa2a194eb06e ] Request (DeleteServersAdminTestJSON:test_admin_delete_servers_of_others): 200 GET http://10.180.1.21/compute/v2.1/servers/a7404f22-2bdf-4c11-a015-adf07f82ab75 1.673s
2025-05-08 17:22:20.167 70906 INFO tempest.lib.common.rest_client [req-442f7bcf-ed35-4192-a873-8a342706b746 req-442f7bcf-ed35-4192-a873-8a342706b746 ] Request (FloatingIPsAssociationTestJSON:setUpClass): 200 GET http://10.180.1.21/compute/v2.1/servers/c90b8c2b-6a16-41e0-87a9-c0368fd34446 1.412s
2025-05-08 17:22:20.216 70864 INFO tempest.lib.common.rest_client [req-40f2b79b-5769-4896-89a7-620edb1a0de0 req-40f2b79b-5769-4896-89a7-620edb1a0de0 ] Request (ServersWithSpecificFlavorTestJSON:test_verify_created_server_ephemeral_disk): 200 GET http://10.180.1.21/compute/v2.1/flavors/42 1.575s
2025-05-08 17:22:20.217 70858 INFO tempest.lib.common.rest_client [req-dbb227f1-bbbd-4504-8717-280ca575beda req-dbb227f1-bbbd-4504-8717-280ca575beda ] Request (AZAdminV2TestJSON:tearDownClass): 204 DELETE http://10.180.1.21/identity/v3/projects/1e257b7913db4975b5157e51b5d6de0c 0.132s
2025-05-08 17:22:20.217 70858 INFO tempest.lib.common.dynamic_creds [-] Deleting project and security group for project: bf1a1167be224ffb8a6665f5f8643ab6
2025-05-08 17:22:20.226 70868 INFO tempest.lib.common.rest_client [req-129c7e3b-57ee-49f7-800f-058796127250 req-129c7e3b-57ee-49f7-800f-058796127250 ] Request (MigrationsAdminTest:test_list_migrations_in_flavor_resize_situation): 200 GET http://10.180.1.21/compute/v2.1/servers/ea9f773a-4f52-4819-9f4e-628db9b920f2 1.462s
2025-05-08 17:22:20.241 70908 INFO tempest.lib.common.rest_client [req-04fae484-c94e-4a8a-9ad0-89075a315b2f req-04fae484-c94e-4a8a-9ad0-89075a315b2f ] Request (VolumesAssistedSnapshotsTest:setUpClass): 201 POST http://10.180.1.21:9696/networking/v2.0/networks 0.458s
2025-05-08 17:22:20.254 70896 INFO tempest.lib.common.rest_client [req-abc2c478-ff73-4cfb-8e86-c25f7ea31fdf req-abc2c478-ff73-4cfb-8e86-c25f7ea31fdf ] Request (FlavorsV2TestJSON:test_list_flavors_detailed_filter_by_min_disk): 200 GET http://10.180.1.21/compute/v2.1/flavors/detail?minDisk=2 1.481s
2025-05-08 17:22:20.260 70882 INFO tempest.lib.common.rest_client [req-d3c76f44-d714-44a9-a305-c8a724fd532b req-d3c76f44-d714-44a9-a305-c8a724fd532b ] Request (KeyPairsV22TestJSON:test_keypair_create_with_pub_key): 201 POST http://10.180.1.21/compute/v2.1/os-keypairs 1.465s
2025-05-08 17:22:20.354 70846 INFO tempest.lib.common.rest_client [req-76875828-d813-4a02-913d-1ea6e60a2e6a req-76875828-d813-4a02-913d-1ea6e60a2e6a ] Request (FlavorsAccessNegativeTestJSON:test_add_flavor_access_duplicate): 200 POST http://10.180.1.21/compute/v2.1/flavors/925317255/action 1.434s
2025-05-08 17:22:20.366 70856 INFO tempest.lib.common.rest_client [req-278edcfb-5fd3-424d-ae19-c1f3527ce273 req-278edcfb-5fd3-424d-ae19-c1f3527ce273 ] Request (QuotaClassesAdmin257Test:test_update_default_quotas): 200 GET http://10.180.1.21/compute/v2.1/os-quota-class-sets/default 1.208s
2025-05-08 17:22:20.374 70900 INFO tempest.lib.common.rest_client [req-b786c32c-aed6-4059-bb2f-cc55090a25d0 req-b786c32c-aed6-4059-bb2f-cc55090a25d0 ] Request (NetworksTest:test_list_all_networks): 200 GET http://10.180.1.21/compute/v2.1/os-networks 1.354s
2025-05-08 17:22:20.402 70848 INFO tempest.lib.common.rest_client [req-8635b485-5909-4897-b523-0020f2e6d3dc req-8635b485-5909-4897-b523-0020f2e6d3dc ] Request (FlavorsAdminTestJSON:test_create_flavor_verify_entry_in_list_details): 200 POST http://10.180.1.21/compute/v2.1/flavors 1.177s
2025-05-08 17:22:20.429 70858 INFO tempest.lib.common.rest_client [req-f9faafd0-97ef-4559-bbce-5edccf7cd11f req-f9faafd0-97ef-4559-bbce-5edccf7cd11f ] Request (AZAdminV2TestJSON:tearDownClass): 200 GET http://10.180.1.21:9696/networking/v2.0/security-groups?tenant_id=bf1a1167be224ffb8a6665f5f8643ab6&name=default 0.212s
2025-05-08 17:22:20.449 70894 INFO tempest.lib.common.rest_client [req-527149c7-f7b0-445c-83e1-8ef5f1228bfa req-527149c7-f7b0-445c-83e1-8ef5f1228bfa ] Request (FlavorsExtraSpecsTestJSON:test_flavor_non_admin_get_all_keys): 200 GET http://10.180.1.21/compute/v2.1/flavors/1505220471/os-extra_specs 1.265s
2025-05-08 17:22:20.506 70900 INFO tempest.lib.common.rest_client [req-6d5c7602-655e-4758-9dd8-bf47a3fd5a39 req-6d5c7602-655e-4758-9dd8-bf47a3fd5a39 ] Request (NetworksTest:tearDownClass): 204 DELETE http://10.180.1.21/identity/v3/users/d7fa1374b32c48438ccafd6e7a37b5ae 0.131s
2025-05-08 17:22:20.534 70872 INFO tempest.lib.common.rest_client [req-7d850cc7-94c9-4ccb-9d50-1eb53aeaa33c req-7d850cc7-94c9-4ccb-9d50-1eb53aeaa33c ] Request (FlavorsAccessTestJSON:test_flavor_access_add_remove): 200 GET http://10.180.1.21/compute/v2.1/flavors/detail 1.191s
2025-05-08 17:22:20.534 70908 INFO tempest.lib.common.rest_client [req-2a28646e-90f6-4b7f-bcc1-80f512e0778c req-2a28646e-90f6-4b7f-bcc1-80f512e0778c ] Request (VolumesAssistedSnapshotsTest:setUpClass): 201 POST http://10.180.1.21:9696/networking/v2.0/subnets 0.292s
2025-05-08 17:22:20.554 70870 INFO tempest.lib.common.rest_client [req-d042c7d5-8064-4aa0-9d78-bfcc9b3ca957 req-d042c7d5-8064-4aa0-9d78-bfcc9b3ca957 ] Request (HypervisorAdminUnderV252Test:test_search_hypervisor): 200 GET http://10.180.1.21/compute/v2.1/os-hypervisors 0.962s
2025-05-08 17:22:20.559 70858 INFO tempest.lib.common.rest_client [req-d295e6f7-1f90-4c7d-b8c0-94ffde05edb8 req-d295e6f7-1f90-4c7d-b8c0-94ffde05edb8 ] Request (AZAdminV2TestJSON:tearDownClass): 204 DELETE http://10.180.1.21:9696/networking/v2.0/security-groups/eaed799e-f1da-4914-808b-109e977d16d8 0.129s
2025-05-08 17:22:20.582 70852 INFO tempest.lib.common.rest_client [req-ddb9914f-002f-4e47-881a-d8e693a66862 req-ddb9914f-002f-4e47-881a-d8e693a66862 ] Request (TenantUsagesNegativeTestJSON:test_list_usage_all_tenants_with_non_admin_user): 403 GET http://10.180.1.21/compute/v2.1/os-simple-tenant-usage?start=2025-05-07T17%3A22%3A14.456245&end=2025-05-09T17%3A22%3A14.456245&detailed=1 1.021s
2025-05-08 17:22:20.586 70876 INFO tempest.lib.common.rest_client [req-4c759f23-e069-4df4-9115-a09dd2f87e44 req-4c759f23-e069-4df4-9115-a09dd2f87e44 ] Request (HypervisorAdminV253TestBase:test_list_show_detail_hypervisors): 200 GET http://10.180.1.21/compute/v2.1/os-hypervisors/471551d3-0608-4bcf-a939-f4ec286b26ca 0.969s
2025-05-08 17:22:20.604 70900 INFO tempest.lib.common.rest_client [req-8980c1df-d371-41dd-b471-2cbe0bc58b33 req-8980c1df-d371-41dd-b471-2cbe0bc58b33 ] Request (NetworksTest:tearDownClass): 204 DELETE http://10.180.1.21/identity/v3/users/3fb6b90db1a54ed3ac69c1c18140d921 0.097s
2025-05-08 17:22:20.604 70900 INFO tempest.lib.common.dynamic_creds [-] Deleting project and security group for project: fc381efe0c694a6fbdbef0bf7f023a89
2025-05-08 17:22:20.626 70888 INFO tempest.lib.common.rest_client [req-3e14469b-7dd3-4ec4-8a46-c06cf38890c1 req-3e14469b-7dd3-4ec4-8a46-c06cf38890c1 ] Request (FlavorsV255TestJSON:test_crud_flavor): 200 PUT http://10.180.1.21/compute/v2.1/flavors/2143619272 0.899s
2025-05-08 17:22:20.635 70892 INFO tempest.lib.common.rest_client [req-5410e116-d21c-42a6-8d79-9d518e309b7b req-5410e116-d21c-42a6-8d79-9d518e309b7b ] Request (HypervisorAdminNegativeTestJSON:test_get_hypervisor_stats_with_non_admin_user): 403 GET http://10.180.1.21/compute/v2.1/os-hypervisors/statistics 0.862s
2025-05-08 17:22:20.667 70860 INFO tempest.lib.common.rest_client [req-5d1b3ffb-d0e6-45f2-823a-97655c246436 req-5d1b3ffb-d0e6-45f2-823a-97655c246436 ] Request (FlavorsExtraSpecsNegativeTestJSON:test_flavor_non_admin_unset_keys): 200 POST http://10.180.1.21/compute/v2.1/flavors/1435489826/os-extra_specs 0.888s
2025-05-08 17:22:20.683 70890 INFO tempest.lib.common.rest_client [req-6d4933bd-324a-4a15-b542-6aa4fe1ac08f req-6d4933bd-324a-4a15-b542-6aa4fe1ac08f ] Request (VolumesAdminNegativeTest:test_update_attached_volume_with_nonexistent_volume_in_body): 201 POST http://10.180.1.21:9696/networking/v2.0/floatingips 0.641s
2025-05-08 17:22:20.695 70858 INFO tempest.lib.common.rest_client [req-20c08105-2e21-433a-b4a6-df67e9cb9170 req-20c08105-2e21-433a-b4a6-df67e9cb9170 ] Request (AZAdminV2TestJSON:tearDownClass): 204 DELETE http://10.180.1.21/identity/v3/projects/bf1a1167be224ffb8a6665f5f8643ab6 0.135s
2025-05-08 17:22:20.700 70852 INFO tempest.lib.common.rest_client [req-a89267ae-cb51-447f-a93a-789421af504b req-a89267ae-cb51-447f-a93a-789421af504b ] Request (TenantUsagesNegativeTestJSON:tearDownClass): 204 DELETE http://10.180.1.21/identity/v3/users/37ebc75fc626420d84e74503ab23a03a 0.115s
2025-05-08 17:22:20.755 70900 INFO tempest.lib.common.rest_client [req-f285e630-32d5-441f-b872-b8ed1205454a req-f285e630-32d5-441f-b872-b8ed1205454a ] Request (NetworksTest:tearDownClass): 201 POST http://10.180.1.21/identity/v3/auth/tokens 0.150s
2025-05-08 17:22:20.796 70884 INFO tempest.lib.common.rest_client [req-7e023be8-3365-497b-bd91-f84f55a81722 req-7e023be8-3365-497b-bd91-f84f55a81722 ] Request (ServersAdmin275Test:test_rebuild_update_server_275): 200 GET http://10.180.1.21/compute/v2.1/servers/0388e623-1848-4d69-9232-e995611c3c6a 0.926s
2025-05-08 17:22:20.806 70884 INFO tempest.common.waiters [-] State transition "BUILD/networking" ==> "BUILD/spawning" after 2 second wait
2025-05-08 17:22:20.811 70890 INFO tempest.lib.common.rest_client [req-f379f756-e3e5-4bea-8af6-08dc754c949f req-f379f756-e3e5-4bea-8af6-08dc754c949f ] Request (VolumesAdminNegativeTest:test_update_attached_volume_with_nonexistent_volume_in_body): 201 POST http://10.180.1.21/identity/v3/auth/tokens 0.124s
2025-05-08 17:22:20.812 70890 INFO tempest.lib.common.fixed_network [-] (VolumesAdminNegativeTest:test_update_attached_volume_with_nonexistent_volume_in_body) Found network {'id': 'a2744a6b-e33a-4d4c-adaf-028e96cbc0f5', 'name': 'tempest-VolumesAdminNegativeTest-1009542333-network', 'tenant_id': '16d28b9d76f24c79b327a48b17cb113b', 'admin_state_up': True, 'mtu': 8950, 'status': 'ACTIVE', 'subnets': [], 'shared': False, 'project_id': '16d28b9d76f24c79b327a48b17cb113b', 'port_security_enabled': True, 'router:external': False, 'provider:network_type': 'vlan', 'provider:physical_network': 'default', 'provider:segmentation_id': 23, 'availability_zone_hints': [], 'availability_zones': [], 'ipv4_address_scope': None, 'ipv6_address_scope': None, 'description': '', 'tags': [], 'created_at': '2025-05-08T17:22:06Z', 'updated_at': '2025-05-08T17:22:06Z', 'revision_number': 1} available for tenant
2025-05-08 17:22:20.812 70876 INFO tempest.lib.common.rest_client [req-f8958e4f-5cf7-4bc0-b126-68fd4fd367e6 req-f8958e4f-5cf7-4bc0-b126-68fd4fd367e6 ] Request (HypervisorAdminV253TestBase:tearDownClass): 204 DELETE http://10.180.1.21/identity/v3/users/fec87fb495fc47ad982f44068614c1ef 0.214s
2025-05-08 17:22:20.869 70858 INFO tempest.lib.common.rest_client [req-e000bf20-8f75-462c-b613-86b3cc892ae7 req-e000bf20-8f75-462c-b613-86b3cc892ae7 ] Request (ImagesOneServerTestJSON:setUpClass): 201 POST http://10.180.1.21/identity/v3/auth/tokens 0.172s
2025-05-08 17:22:20.907 70852 INFO tempest.lib.common.rest_client [req-e84fd22a-c181-4469-911e-52380666f95f req-e84fd22a-c181-4469-911e-52380666f95f ] Request (TenantUsagesNegativeTestJSON:tearDownClass): 204 DELETE http://10.180.1.21/identity/v3/users/87b55724005c4415b04db5c15b4f8afe 0.207s
2025-05-08 17:22:20.907 70852 INFO tempest.lib.common.dynamic_creds [-] Deleting project and security group for project: 3dab170495604c25a18ebcc712cf29cd
2025-05-08 17:22:21.038 70876 INFO tempest.lib.common.rest_client [req-d26c8c47-d122-4a23-9104-88bfa3f7b590 req-d26c8c47-d122-4a23-9104-88bfa3f7b590 ] Request (HypervisorAdminV253TestBase:tearDownClass): 204 DELETE http://10.180.1.21/identity/v3/users/2670dc1d10b84f46a3e9847e2af2e631 0.225s
2025-05-08 17:22:21.038 70876 INFO tempest.lib.common.dynamic_creds [-] Deleting project and security group for project: dbd26d923d514fdcb0554fc9e96b1c16
2025-05-08 17:22:21.075 70858 INFO tempest.lib.common.rest_client [req-8ce614ca-9ebb-4e84-99d1-56cf775435e2 req-8ce614ca-9ebb-4e84-99d1-56cf775435e2 ] Request (ImagesOneServerTestJSON:setUpClass): 201 POST http://10.180.1.21/identity/v3/auth/tokens 0.203s
2025-05-08 17:22:21.096 70852 INFO tempest.lib.common.rest_client [req-d2db3d75-d396-4ab8-bb5e-e3b312c02cd0 req-d2db3d75-d396-4ab8-bb5e-e3b312c02cd0 ] Request (TenantUsagesNegativeTestJSON:tearDownClass): 201 POST http://10.180.1.21/identity/v3/auth/tokens 0.189s
2025-05-08 17:22:21.102 70876 INFO tempest.lib.common.rest_client [req-6f1b3124-05c8-4fbe-ad2a-1f02cf7d9957 req-6f1b3124-05c8-4fbe-ad2a-1f02cf7d9957 ] Request (HypervisorAdminV253TestBase:tearDownClass): 201 POST http://10.180.1.21/identity/v3/auth/tokens 0.063s
2025-05-08 17:22:21.119 70858 INFO tempest.lib.common.rest_client [req-9c8524de-da69-4c78-826e-b0684d1b109c req-9c8524de-da69-4c78-826e-b0684d1b109c ] Request (ImagesOneServerTestJSON:setUpClass): 200 GET http://10.180.1.21/identity/v3/domains?name=Default 0.043s
2025-05-08 17:22:21.133 70900 INFO tempest.lib.common.rest_client [req-2229530d-6ba3-4271-9c0e-bc31daf60e15 req-2229530d-6ba3-4271-9c0e-bc31daf60e15 ] Request (NetworksTest:tearDownClass): 200 GET http://10.180.1.21:9696/networking/v2.0/security-groups?tenant_id=fc381efe0c694a6fbdbef0bf7f023a89&name=default 0.377s
2025-05-08 17:22:21.196 70858 INFO tempest.lib.common.rest_client [req-22d35557-7ddc-440c-8a58-80183a2f0605 req-22d35557-7ddc-440c-8a58-80183a2f0605 ] Request (ImagesOneServerTestJSON:setUpClass): 201 POST http://10.180.1.21/identity/v3/projects 0.076s
2025-05-08 17:22:21.250 70858 INFO tempest.lib.common.rest_client [req-8502b83a-ae25-4c55-9d25-87c903a6118a req-8502b83a-ae25-4c55-9d25-87c903a6118a ] Request (ImagesOneServerTestJSON:setUpClass): 201 POST http://10.180.1.21/identity/v3/users 0.053s
2025-05-08 17:22:21.287 70858 INFO tempest.lib.common.rest_client [req-a576baab-1ac3-4337-a5f2-565237d1e902 req-a576baab-1ac3-4337-a5f2-565237d1e902 ] Request (ImagesOneServerTestJSON:setUpClass): 200 GET http://10.180.1.21/identity/v3/roles 0.037s
2025-05-08 17:22:21.289 70900 INFO tempest.lib.common.rest_client [req-52882113-1b31-4ccf-9027-1fcefccc1a45 req-52882113-1b31-4ccf-9027-1fcefccc1a45 ] Request (NetworksTest:tearDownClass): 204 DELETE http://10.180.1.21:9696/networking/v2.0/security-groups/65f55630-8801-4825-bebf-d5d5eb410c4c 0.155s
2025-05-08 17:22:21.290 70866 INFO tempest.lib.common.rest_client [req-504658a7-d86d-4d9c-bd1a-e3c80a8c07fc req-504658a7-d86d-4d9c-bd1a-e3c80a8c07fc ] Request (AggregatesAdminNegativeTestJSON:test_aggregate_add_existent_host): 200 POST http://10.180.1.21/compute/v2.1/os-aggregates/1/action 1.520s
2025-05-08 17:22:21.336 70858 INFO tempest.lib.common.rest_client [req-0eafa5a2-766f-46f2-951c-620297507126 req-0eafa5a2-766f-46f2-951c-620297507126 ] Request (ImagesOneServerTestJSON:setUpClass): 204 PUT http://10.180.1.21/identity/v3/projects/ec1043ceb8914936aa65ee2b68c3160d/users/fd2ede0d1dba43e7a9682dfe0ea1b231/roles/2512e6aed9584ac68f73467eb8044b9c 0.048s
2025-05-08 17:22:21.338 70858 INFO tempest.lib.common.dynamic_creds [-] Dynamic test user fd2ede0d1dba43e7a9682dfe0ea1b231 is created with scope project and roles: ['member']
2025-05-08 17:22:21.339 70858 INFO tempest.lib.common.dynamic_creds [-] Acquired dynamic creds: credentials: Credentials: {'domain_id': 'default', 'domain_name': 'Default', 'username': 'tempest-ImagesOneServerTestJSON-591360188-project-member', 'project_domain_id': 'default', 'project_domain_name': 'Default', 'project_id': 'ec1043ceb8914936aa65ee2b68c3160d', 'project_name': 'tempest-ImagesOneServerTestJSON-591360188', 'tenant_id': 'ec1043ceb8914936aa65ee2b68c3160d', 'tenant_name': 'tempest-ImagesOneServerTestJSON-591360188', 'user_domain_id': 'default', 'user_domain_name': 'Default', 'user_id': 'fd2ede0d1dba43e7a9682dfe0ea1b231', 'system': None}, Network: None, Subnet: None, Router: None
2025-05-08 17:22:21.360 70908 INFO tempest.lib.common.rest_client [req-f041cdc5-9a75-4e70-a0de-56046005693f req-f041cdc5-9a75-4e70-a0de-56046005693f ] Request (VolumesAssistedSnapshotsTest:setUpClass): 201 POST http://10.180.1.21:9696/networking/v2.0/routers 0.825s
2025-05-08 17:22:21.393 70900 INFO tempest.lib.common.rest_client [req-d0c79228-420f-473b-ae05-1fde981116ee req-d0c79228-420f-473b-ae05-1fde981116ee ] Request (NetworksTest:tearDownClass): 204 DELETE http://10.180.1.21/identity/v3/projects/fc381efe0c694a6fbdbef0bf7f023a89 0.103s
2025-05-08 17:22:21.393 70900 INFO tempest.lib.common.dynamic_creds [-] Deleting project and security group for project: fa4d8a268b0c406eb4456f9abd1c12f8
2025-05-08 17:22:21.394 70875 INFO tempest.lib.common.rest_client [req-5409be04-9451-4207-979c-c4df4abfcfc6 req-5409be04-9451-4207-979c-c4df4abfcfc6 ] Request (QuotasAdminNegativeTest:test_create_server_when_cpu_quota_is_full): 403 POST http://10.180.1.21/compute/v2.1/servers 1.435s
