2025-05-08 17:24:10.833 70875 INFO tempest.lib.common.rest_client [req-22589360-794f-4181-b6a7-e32ef1c5a051 req-22589360-794f-4181-b6a7-e32ef1c5a051 ] Request (ServerTagsTestJSON:tearDownClass): 200 GET http://10.180.1.21/compute/v2.1/servers/269d41c2-b7c9-4d6d-9671-3c31ac3b02ba 0.165s
2025-05-08 17:24:10.838 70905 INFO tempest.common.waiters [-] State transition "REBUILD/rebuilding" ==> "REBUILD/rebuild_spawning" after 2 second wait
2025-05-08 17:24:10.885 70898 INFO tempest.lib.common.rest_client [req-da841604-ee66-4405-882d-a1ce7067b152 req-da841604-ee66-4405-882d-a1ce7067b152 ] Request (DeleteServersAdminTestJSON:test_delete_server_while_in_error_state): 200 GET http://10.180.1.21/compute/v2.1/servers/572a409f-4b2a-421d-be2f-99a98bdc7367 0.204s
2025-05-08 17:24:10.890 70850 INFO tempest.lib.common.rest_client [req-182b9118-3bd9-4546-ad21-15428e544f58 req-182b9118-3bd9-4546-ad21-15428e544f58 ] Request (ServerMetadataNegativeTestJSON:setUpClass): 200 GET http://10.180.1.21/compute/v2.1/servers/4a285879-39e7-41c6-ae76-ca5a75c692c7 0.154s
2025-05-08 17:24:10.911 70890 INFO tempest.lib.common.rest_client [req-afd40dbc-2458-4c2f-90b8-c577f4455da0 req-afd40dbc-2458-4c2f-90b8-c577f4455da0 ] Request (VolumesAdminNegativeTest:_run_cleanups): 200 GET http://10.180.1.21/volume/v3/volumes/3f1d9a9b-05fa-4152-b5b8-cc476abf1672 0.158s
2025-05-08 17:24:10.946 70878 INFO tempest.lib.common.rest_client [req-142e07ff-177a-4f31-8ffb-4d9315ef078a req-142e07ff-177a-4f31-8ffb-4d9315ef078a ] Request (ServerShowV257Test:test_rebuild_server): 200 GET http://10.180.1.21/compute/v2.1/servers/2b7d550b-ee65-4f22-8984-9b88e08de4d1 0.198s
2025-05-08 17:24:10.949 70870 INFO tempest.lib.common.rest_client [req-ce499b34-a15d-40f8-a593-64c289c0abe8 req-ce499b34-a15d-40f8-a593-64c289c0abe8 ] Request (ServersTestFqdnHostnames:test_create_server_with_fqdn_name): 200 GET http://10.180.1.21/compute/v2.1/servers/b7cf3e13-690b-4624-aaec-e3cec1d62308 0.171s
2025-05-08 17:24:11.000 70880 INFO tempest.lib.common.rest_client [req-7ab67209-d3d1-421c-a2ff-72dd4f1bff00 req-7ab67209-d3d1-421c-a2ff-72dd4f1bff00 ] Request (DeleteServersTestJSON:test_delete_server_while_in_attached_volume): 200 GET http://10.180.1.21/compute/v2.1/servers/1878e6d7-681c-4aca-ae45-7bd001cff323 0.184s
2025-05-08 17:24:11.003 70852 INFO tempest.lib.common.rest_client [req-4cbd1bf9-425c-42a3-8ab8-093f8ba00b57 req-4cbd1bf9-425c-42a3-8ab8-093f8ba00b57 ] Request (ServersNegativeTestJSON:setUpClass): 200 GET http://10.180.1.21/compute/v2.1/servers/f9a77c4a-662f-484b-9d72-358d9298974b 0.163s
2025-05-08 17:24:11.056 70876 INFO tempest.lib.common.rest_client [req-7555f29d-9f45-4fd8-b476-a020e40de45c req-7555f29d-9f45-4fd8-b476-a020e40de45c ] Request (ImagesOneServerNegativeTestJSON:setUpClass): 200 GET http://10.180.1.21/compute/v2.1/servers/6efbb7e0-0666-461e-8411-b297928d4ef2 0.163s
2025-05-08 17:24:11.061 70884 INFO tempest.lib.common.rest_client [req-51b5e499-035e-4e6c-836f-56856610cc38 req-51b5e499-035e-4e6c-836f-56856610cc38 ] Request (FloatingIPsAssociationNegativeTestJSON:setUpClass): 200 GET http://10.180.1.21/compute/v2.1/servers/d77710c6-f1aa-45a5-9318-68bd49f93256 0.179s
2025-05-08 17:24:11.112 70848 INFO tempest.lib.common.rest_client [req-31bb5c31-2995-4608-816e-85d80b09296c req-31bb5c31-2995-4608-816e-85d80b09296c ] Request (ImagesNegativeTestJSON:test_create_image_from_deleted_server): 200 GET http://10.180.1.21/compute/v2.1/servers/8670e011-a1c3-4b73-9988-3db09378c347 0.165s
2025-05-08 17:24:11.181 70856 INFO tempest.lib.common.rest_client [req-d4575a3d-9457-489a-9956-01d6cedc341c req-d4575a3d-9457-489a-9956-01d6cedc341c ] Request (ServersAdminNegativeTestJSON:tearDownClass): 200 GET http://10.180.1.21/compute/v2.1/servers/da8faa86-f0f4-4376-8230-044988916d00 0.231s
2025-05-08 17:24:11.211 70890 INFO tempest.lib.common.rest_client [req-4da60c7a-f143-408a-8e44-15e26b2f3703 req-4da60c7a-f143-408a-8e44-15e26b2f3703 ] Request (VolumesAdminNegativeTest:_run_cleanups): 202 DELETE http://10.180.1.21/compute/v2.1/servers/11e8b16d-db07-4b22-9bb6-e73ea9a5e0f6/os-volume_attachments/3f1d9a9b-05fa-4152-b5b8-cc476abf1672 0.292s
2025-05-08 17:24:11.243 70872 WARNING tempest.lib.common.ssh [-] Failed to establish authenticated ssh connection to cirros@10.180.180.192 ([Errno None] Unable to connect to port 22 on 10.180.180.192). Number attempts: 5. Retry after 6 seconds.: paramiko.ssh_exception.NoValidConnectionsError: [Errno None] Unable to connect to port 22 on 10.180.180.192
2025-05-08 17:24:11.252 70858 INFO tempest.lib.common.rest_client [req-549725a9-4ae8-4ed3-bc64-ba3c7a740462 req-549725a9-4ae8-4ed3-bc64-ba3c7a740462 ] Request (ImagesOneServerTestJSON:tearDownClass): 200 GET http://10.180.1.21/compute/v2.1/servers/7d528f60-1928-4642-9764-ac7c776b85f6 0.246s
2025-05-08 17:24:11.280 70886 INFO tempest.lib.common.rest_client [req-6cba5a63-6094-4a64-9a94-9ab2342c557a req-6cba5a63-6094-4a64-9a94-9ab2342c557a ] Request (ServersAdminTestJSON:setUpClass): 200 GET http://10.180.1.21/compute/v2.1/servers/ee0ccce4-72c3-443c-821b-0d5ae9c9935d 0.266s
2025-05-08 17:24:11.320 70888 INFO tempest.lib.common.rest_client [req-dc466b39-a13b-47a8-9d2b-212a6a64be8a req-dc466b39-a13b-47a8-9d2b-212a6a64be8a ] Request (ServersAaction247Test:test_create_backup): 200 GET http://10.180.1.21/compute/v2.1/servers/585795f1-3a3c-4f0e-9c64-0b23876ab5b6 0.246s
2025-05-08 17:24:11.386 70862 INFO tempest.lib.common.rest_client [req-e56f9b47-8b80-4d5e-a677-9bf6f17c4af8 req-e56f9b47-8b80-4d5e-a677-9bf6f17c4af8 ] Request (ServerRescueTestJSONUnderV235:setUpClass): 200 GET http://10.180.1.21/compute/v2.1/servers/23137459-71e2-4681-9054-1bde06450f13 0.258s
2025-05-08 17:24:11.424 70890 INFO tempest.lib.common.rest_client [req-09457134-948b-4c1d-b427-9e7b9f9d2739 req-09457134-948b-4c1d-b427-9e7b9f9d2739 ] Request (VolumesAdminNegativeTest:_run_cleanups): 200 GET http://10.180.1.21/compute/v2.1/servers/11e8b16d-db07-4b22-9bb6-e73ea9a5e0f6/os-volume_attachments 0.212s
2025-05-08 17:24:11.425 70868 INFO tempest.lib.common.rest_client [req-61492b68-426c-4f71-bd07-915d76c382af req-61492b68-426c-4f71-bd07-915d76c382af ] Request (MigrationsAdminTest:test_list_migrations_in_flavor_resize_situation): 200 GET http://10.180.1.21/compute/v2.1/servers/ea9f773a-4f52-4819-9f4e-628db9b920f2 0.317s
2025-05-08 17:24:11.433 70868 INFO tempest.common.waiters [-] State transition "VERIFY_RESIZE/None" ==> "ACTIVE/None" after 39 second wait
2025-05-08 17:24:11.519 70906 INFO tempest.lib.common.rest_client [req-165ffbb6-0940-448b-a57c-3c319c9010fe req-165ffbb6-0940-448b-a57c-3c319c9010fe ] Request (FloatingIPsAssociationTestJSON:tearDownClass): 200 GET http://10.180.1.21/compute/v2.1/servers/17f84970-6de3-497d-b810-719b4964ef12 0.150s
2025-05-08 17:24:11.524 70846 INFO tempest.lib.common.rest_client [req-30cd63d6-f267-45dd-97f5-b1bea6c4e490 req-30cd63d6-f267-45dd-97f5-b1bea6c4e490 ] Request (ListImageFiltersTestJSON:setUpClass): 200 GET http://10.180.1.21/compute/v2.1/servers/c8f2bb6b-be01-4473-92f5-2a35a8eff5b0 0.142s
2025-05-08 17:24:11.594 70882 INFO tempest.lib.common.rest_client [req-88efc684-a10d-4b74-8a61-cfee7e1bb11d req-88efc684-a10d-4b74-8a61-cfee7e1bb11d ] Request (ListServersNegativeTestJSON:setUpClass): 200 GET http://10.180.1.21/compute/v2.1/servers/850f970e-3e0e-4328-a584-ddbe3e8a2c42 0.118s
2025-05-08 17:24:11.662 70868 INFO tempest.lib.common.rest_client [req-a0fc7792-b2e7-4882-a530-b630bbbc77a4 req-a0fc7792-b2e7-4882-a530-b630bbbc77a4 ] Request (MigrationsAdminTest:test_list_migrations_in_flavor_resize_situation): 200 GET http://10.180.1.21/compute/v2.1/servers/ea9f773a-4f52-4819-9f4e-628db9b920f2 0.229s
2025-05-08 17:24:11.668 70866 INFO tempest.lib.common.rest_client [req-198397dc-ef5a-426d-bf62-e983c2e98700 req-198397dc-ef5a-426d-bf62-e983c2e98700 ] Request (SecurityGroupsTestJSON:test_list_security_groups_by_server): 200 GET http://10.180.1.21/compute/v2.1/servers/ed20e07e-dca3-4e05-987d-254a2d8891a7 0.117s
2025-05-08 17:24:11.721 70854 INFO tempest.lib.common.rest_client [req-6c8c8b18-7c44-44c5-bdf9-46e54e530035 req-6c8c8b18-7c44-44c5-bdf9-46e54e530035 ] Request (ServerDiagnosticsNegativeTest:tearDownClass): 200 GET http://10.180.1.21/compute/v2.1/servers/1f2f9915-addb-4405-a32e-cfd7ac086321 0.106s
2025-05-08 17:24:11.722 70868 INFO tempest.lib.common.rest_client [req-4f3b945f-4777-4d21-b860-862573d408cf req-4f3b945f-4777-4d21-b860-862573d408cf ] Request (MigrationsAdminTest:test_list_migrations_in_flavor_resize_situation): 200 POST http://10.180.1.21/compute/v2.1/os-keypairs 0.046s
2025-05-08 17:24:11.849 70896 INFO tempest.lib.common.rest_client [req-af8e732b-de8e-4fdd-a414-5483b2be4c1c req-af8e732b-de8e-4fdd-a414-5483b2be4c1c ] Request (ServerGroupTestJSON:test_create_server_with_scheduler_hint_group): 200 GET http://10.180.1.21/compute/v2.1/servers/d407b27d-9688-4bcd-95a2-dd37a9faf53e 0.125s
2025-05-08 17:24:11.872 70868 INFO tempest.lib.common.rest_client [req-75620161-0230-41d2-87ab-216dc3bceac1 req-75620161-0230-41d2-87ab-216dc3bceac1 ] Request (MigrationsAdminTest:test_list_migrations_in_flavor_resize_situation): 201 POST http://10.180.1.21:9696/networking/v2.0/security-groups 0.145s
2025-05-08 17:24:11.909 70875 INFO tempest.lib.common.rest_client [req-fbd91337-7a8e-4e4d-9215-8a6d04515f78 req-fbd91337-7a8e-4e4d-9215-8a6d04515f78 ] Request (ServerTagsTestJSON:tearDownClass): 200 GET http://10.180.1.21/compute/v2.1/servers/269d41c2-b7c9-4d6d-9671-3c31ac3b02ba 0.062s
2025-05-08 17:24:11.972 70898 INFO tempest.lib.common.rest_client [req-3587177c-503e-4f08-b666-df64f39e5273 req-3587177c-503e-4f08-b666-df64f39e5273 ] Request (DeleteServersAdminTestJSON:test_delete_server_while_in_error_state): 200 GET http://10.180.1.21/compute/v2.1/servers/572a409f-4b2a-421d-be2f-99a98bdc7367 0.079s
2025-05-08 17:24:11.980 70905 INFO tempest.lib.common.rest_client [req-63977d6b-21bc-487b-b06e-9270489c54e4 req-63977d6b-21bc-487b-b06e-9270489c54e4 ] Request (ServerDiskConfigTestJSON:test_rebuild_server_with_manual_disk_config): 200 GET http://10.180.1.21/compute/v2.1/servers/04022efd-7a88-4dd7-b8a1-b6fd9c12eaa4 0.140s
2025-05-08 17:24:12.017 70868 INFO tempest.lib.common.rest_client [req-0d7e93b1-552b-4a79-b063-7111ce8309c3 req-0d7e93b1-552b-4a79-b063-7111ce8309c3 ] Request (MigrationsAdminTest:test_list_migrations_in_flavor_resize_situation): 201 POST http://10.180.1.21:9696/networking/v2.0/security-group-rules 0.145s
2025-05-08 17:24:12.036 70850 INFO tempest.lib.common.rest_client [req-fc2401fb-1b6b-4d81-8a8c-20cd5c469886 req-fc2401fb-1b6b-4d81-8a8c-20cd5c469886 ] Request (ServerMetadataNegativeTestJSON:setUpClass): 200 GET http://10.180.1.21/compute/v2.1/servers/4a285879-39e7-41c6-ae76-ca5a75c692c7 0.134s
2025-05-08 17:24:12.046 70878 INFO tempest.lib.common.rest_client [req-fef15de9-dbda-455f-a67e-b3bd7e120b18 req-fef15de9-dbda-455f-a67e-b3bd7e120b18 ] Request (ServerShowV257Test:test_rebuild_server): 200 GET http://10.180.1.21/compute/v2.1/servers/2b7d550b-ee65-4f22-8984-9b88e08de4d1 0.089s
2025-05-08 17:24:12.085 70870 INFO tempest.lib.common.rest_client [req-5eca7c93-e7a4-4eee-9837-e1d448d544ff req-5eca7c93-e7a4-4eee-9837-e1d448d544ff ] Request (ServersTestFqdnHostnames:test_create_server_with_fqdn_name): 200 GET http://10.180.1.21/compute/v2.1/servers/b7cf3e13-690b-4624-aaec-e3cec1d62308 0.128s
2025-05-08 17:24:12.107 70852 INFO tempest.lib.common.rest_client [req-dd1bb958-7d21-4627-b2fd-c3950acb4b84 req-dd1bb958-7d21-4627-b2fd-c3950acb4b84 ] Request (ServersNegativeTestJSON:setUpClass): 200 GET http://10.180.1.21/compute/v2.1/servers/f9a77c4a-662f-484b-9d72-358d9298974b 0.095s
2025-05-08 17:24:12.125 70868 INFO tempest.lib.common.rest_client [req-e15399be-5c1c-46a5-b8ff-2fb9a441145f req-e15399be-5c1c-46a5-b8ff-2fb9a441145f ] Request (MigrationsAdminTest:test_list_migrations_in_flavor_resize_situation): 201 POST http://10.180.1.21:9696/networking/v2.0/security-group-rules 0.107s
2025-05-08 17:24:12.135 70880 INFO tempest.lib.common.rest_client [req-f7235733-d09c-43b0-bf9c-c746d89fe219 req-f7235733-d09c-43b0-bf9c-c746d89fe219 ] Request (DeleteServersTestJSON:test_delete_server_while_in_attached_volume): 200 GET http://10.180.1.21/compute/v2.1/servers/1878e6d7-681c-4aca-ae45-7bd001cff323 0.120s
2025-05-08 17:24:12.167 70876 INFO tempest.lib.common.rest_client [req-39b60ce4-2d6b-467f-abdb-37c49a6cb9d2 req-39b60ce4-2d6b-467f-abdb-37c49a6cb9d2 ] Request (ImagesOneServerNegativeTestJSON:setUpClass): 200 GET http://10.180.1.21/compute/v2.1/servers/6efbb7e0-0666-461e-8411-b297928d4ef2 0.097s
2025-05-08 17:24:12.189 70884 INFO tempest.lib.common.rest_client [req-052874a6-ab67-43ad-9e4a-2bf85aa885f0 req-052874a6-ab67-43ad-9e4a-2bf85aa885f0 ] Request (FloatingIPsAssociationNegativeTestJSON:setUpClass): 200 GET http://10.180.1.21/compute/v2.1/servers/d77710c6-f1aa-45a5-9318-68bd49f93256 0.116s
2025-05-08 17:24:12.222 70848 INFO tempest.lib.common.rest_client [req-2d9083bb-d6e2-4040-bdf3-9739ee9d4a2f req-2d9083bb-d6e2-4040-bdf3-9739ee9d4a2f ] Request (ImagesNegativeTestJSON:test_create_image_from_deleted_server): 200 GET http://10.180.1.21/compute/v2.1/servers/8670e011-a1c3-4b73-9988-3db09378c347 0.101s
2025-05-08 17:24:12.259 70856 INFO tempest.lib.common.rest_client [req-195a4b0f-f069-4dfa-8cbc-7b184de36ac5 req-195a4b0f-f069-4dfa-8cbc-7b184de36ac5 ] Request (ServersAdminNegativeTestJSON:tearDownClass): 200 GET http://10.180.1.21/compute/v2.1/servers/da8faa86-f0f4-4376-8230-044988916d00 0.066s
2025-05-08 17:24:12.357 70858 INFO tempest.lib.common.rest_client [req-63bc54d4-f21d-4916-a8dd-0dd474436e8b req-63bc54d4-f21d-4916-a8dd-0dd474436e8b ] Request (ImagesOneServerTestJSON:tearDownClass): 200 GET http://10.180.1.21/compute/v2.1/servers/7d528f60-1928-4642-9764-ac7c776b85f6 0.091s
2025-05-08 17:24:12.433 70888 INFO tempest.lib.common.rest_client [req-a1bb377a-5250-4089-a94f-eb6bc3476fa0 req-a1bb377a-5250-4089-a94f-eb6bc3476fa0 ] Request (ServersAaction247Test:test_create_backup): 200 GET http://10.180.1.21/compute/v2.1/servers/585795f1-3a3c-4f0e-9c64-0b23876ab5b6 0.103s
2025-05-08 17:24:12.493 70862 INFO tempest.lib.common.rest_client [req-22b6e9e8-86f7-485f-8c10-c4e24e7aa1ee req-22b6e9e8-86f7-485f-8c10-c4e24e7aa1ee ] Request (ServerRescueTestJSONUnderV235:setUpClass): 200 GET http://10.180.1.21/compute/v2.1/servers/23137459-71e2-4681-9054-1bde06450f13 0.097s
2025-05-08 17:24:12.524 70890 INFO tempest.lib.common.rest_client [req-d5b355d7-0d12-4a1a-85d7-d1b3d69869ce req-d5b355d7-0d12-4a1a-85d7-d1b3d69869ce ] Request (VolumesAdminNegativeTest:_run_cleanups): 200 GET http://10.180.1.21/compute/v2.1/servers/11e8b16d-db07-4b22-9bb6-e73ea9a5e0f6/os-volume_attachments 0.096s
2025-05-08 17:24:12.545 70886 INFO tempest.lib.common.rest_client [req-e132f022-8083-40dd-91e8-137ccb976ac0 req-e132f022-8083-40dd-91e8-137ccb976ac0 ] Request (ServersAdminTestJSON:setUpClass): 200 GET http://10.180.1.21/compute/v2.1/servers/ee0ccce4-72c3-443c-821b-0d5ae9c9935d 0.258s
2025-05-08 17:24:12.605 70906 INFO tempest.lib.common.rest_client [req-b92945e4-8339-41ce-946b-9c709a08e0cd req-b92945e4-8339-41ce-946b-9c709a08e0cd ] Request (FloatingIPsAssociationTestJSON:tearDownClass): 200 GET http://10.180.1.21/compute/v2.1/servers/17f84970-6de3-497d-b810-719b4964ef12 0.075s
2025-05-08 17:24:12.629 70846 INFO tempest.lib.common.rest_client [req-8d79b9fb-2e1b-456f-8738-c77ba6b0c3ab req-8d79b9fb-2e1b-456f-8738-c77ba6b0c3ab ] Request (ListImageFiltersTestJSON:setUpClass): 200 GET http://10.180.1.21/compute/v2.1/servers/c8f2bb6b-be01-4473-92f5-2a35a8eff5b0 0.096s
2025-05-08 17:24:12.669 70882 INFO tempest.lib.common.rest_client [req-4fdff683-b8cb-4c47-b114-8723a1837462 req-4fdff683-b8cb-4c47-b114-8723a1837462 ] Request (ListServersNegativeTestJSON:setUpClass): 200 GET http://10.180.1.21/compute/v2.1/servers/850f970e-3e0e-4328-a584-ddbe3e8a2c42 0.065s
2025-05-08 17:24:12.745 70866 INFO tempest.lib.common.rest_client [req-fb1c69a7-2a57-459a-9f4c-421192c656b5 req-fb1c69a7-2a57-459a-9f4c-421192c656b5 ] Request (SecurityGroupsTestJSON:test_list_security_groups_by_server): 200 GET http://10.180.1.21/compute/v2.1/servers/ed20e07e-dca3-4e05-987d-254a2d8891a7 0.069s
2025-05-08 17:24:12.815 70854 INFO tempest.lib.common.rest_client [req-334e2b0e-708a-4f26-a56c-8f777529415c req-334e2b0e-708a-4f26-a56c-8f777529415c ] Request (ServerDiagnosticsNegativeTest:tearDownClass): 200 GET http://10.180.1.21/compute/v2.1/servers/1f2f9915-addb-4405-a32e-cfd7ac086321 0.077s
2025-05-08 17:24:12.823 70854 INFO tempest.common.waiters [-] State transition "ACTIVE/deleting" ==> "DELETED/None" after 3 second wait
2025-05-08 17:24:12.999 70875 INFO tempest.lib.common.rest_client [req-9ddba1dc-c3e1-456f-b30d-2b6d81d79855 req-9ddba1dc-c3e1-456f-b30d-2b6d81d79855 ] Request (ServerTagsTestJSON:tearDownClass): 200 GET http://10.180.1.21/compute/v2.1/servers/269d41c2-b7c9-4d6d-9671-3c31ac3b02ba 0.080s
2025-05-08 17:24:13.000 70896 INFO tempest.lib.common.rest_client [req-26701910-7cd4-457d-b0bc-de190bb93fad req-26701910-7cd4-457d-b0bc-de190bb93fad ] Request (ServerGroupTestJSON:test_create_server_with_scheduler_hint_group): 200 GET http://10.180.1.21/compute/v2.1/servers/d407b27d-9688-4bcd-95a2-dd37a9faf53e 0.143s
2025-05-08 17:24:13.026 70868 INFO tempest.lib.common.rest_client [req-8eee3b3e-5953-45e4-80b5-be20551bd8ca req-8eee3b3e-5953-45e4-80b5-be20551bd8ca ] Request (MigrationsAdminTest:test_list_migrations_in_flavor_resize_situation): 201 POST http://10.180.1.21:9696/networking/v2.0/floatingips 0.901s
2025-05-08 17:24:13.052 70898 INFO tempest.lib.common.rest_client [req-43946b43-8be6-43d7-9aac-0eb86b82ec9c req-43946b43-8be6-43d7-9aac-0eb86b82ec9c ] Request (DeleteServersAdminTestJSON:test_delete_server_while_in_error_state): 200 GET http://10.180.1.21/compute/v2.1/servers/572a409f-4b2a-421d-be2f-99a98bdc7367 0.071s
2025-05-08 17:24:13.067 70868 INFO tempest.lib.common.rest_client [req-cc4008b5-1c9b-4aba-839c-824258f3fee2 req-cc4008b5-1c9b-4aba-839c-824258f3fee2 ] Request (MigrationsAdminTest:test_list_migrations_in_flavor_resize_situation): 200 GET http://10.180.1.21/compute/v2.1/os-migrations 0.039s
2025-05-08 17:24:13.107 70905 INFO tempest.lib.common.rest_client [req-57b4aafa-3494-4eb5-a4eb-33814f84693e req-57b4aafa-3494-4eb5-a4eb-33814f84693e ] Request (ServerDiskConfigTestJSON:test_rebuild_server_with_manual_disk_config): 200 GET http://10.180.1.21/compute/v2.1/servers/04022efd-7a88-4dd7-b8a1-b6fd9c12eaa4 0.119s
2025-05-08 17:24:13.112 70850 INFO tempest.lib.common.rest_client [req-ebe956ea-e593-46ee-b25e-9dd70d70787a req-ebe956ea-e593-46ee-b25e-9dd70d70787a ] Request (ServerMetadataNegativeTestJSON:setUpClass): 200 GET http://10.180.1.21/compute/v2.1/servers/4a285879-39e7-41c6-ae76-ca5a75c692c7 0.068s
2025-05-08 17:24:13.124 70868 INFO tempest.lib.common.rest_client [req-6702c3d5-fec8-43fa-bbcc-2c08536e35ea req-6702c3d5-fec8-43fa-bbcc-2c08536e35ea ] Request (MigrationsAdminTest:test_resize_server_revert_deleted_flavor): 200 GET http://10.180.1.21/compute/v2.1/flavors/42 0.052s
2025-05-08 17:24:13.156 70878 INFO tempest.lib.common.rest_client [req-05e744df-b5d2-42e8-9d59-9e3c72b60ed8 req-05e744df-b5d2-42e8-9d59-9e3c72b60ed8 ] Request (ServerShowV257Test:test_rebuild_server): 200 GET http://10.180.1.21/compute/v2.1/servers/2b7d550b-ee65-4f22-8984-9b88e08de4d1 0.100s
2025-05-08 17:24:13.164 70878 INFO tempest.common.waiters [-] State transition "BUILD/spawning" ==> "ACTIVE/None" after 68 second wait
2025-05-08 17:24:13.170 70870 INFO tempest.lib.common.rest_client [req-06eeef68-d0bc-43db-9ed5-d4961b4c60c9 req-06eeef68-d0bc-43db-9ed5-d4961b4c60c9 ] Request (ServersTestFqdnHostnames:test_create_server_with_fqdn_name): 200 GET http://10.180.1.21/compute/v2.1/servers/b7cf3e13-690b-4624-aaec-e3cec1d62308 0.071s
2025-05-08 17:24:13.185 70868 INFO tempest.lib.common.rest_client [req-cad30a8e-33d5-4fed-a6a8-4a19957f6a08 req-cad30a8e-33d5-4fed-a6a8-4a19957f6a08 ] Request (MigrationsAdminTest:test_resize_server_revert_deleted_flavor): 200 POST http://10.180.1.21/compute/v2.1/flavors 0.059s
2025-05-08 17:24:13.205 70852 INFO tempest.lib.common.rest_client [req-50e0bf28-1b04-4add-9bed-90168e5c1f17 req-50e0bf28-1b04-4add-9bed-90168e5c1f17 ] Request (ServersNegativeTestJSON:setUpClass): 200 GET http://10.180.1.21/compute/v2.1/servers/f9a77c4a-662f-484b-9d72-358d9298974b 0.084s
2025-05-08 17:24:13.233 70880 INFO tempest.lib.common.rest_client [req-22661253-82e2-4154-95b8-0b8364c58015 req-22661253-82e2-4154-95b8-0b8364c58015 ] Request (DeleteServersTestJSON:test_delete_server_while_in_attached_volume): 200 GET http://10.180.1.21/compute/v2.1/servers/1878e6d7-681c-4aca-ae45-7bd001cff323 0.090s
2025-05-08 17:24:13.284 70876 INFO tempest.lib.common.rest_client [req-7669a180-471b-4897-909f-0809ab16b2bc req-7669a180-471b-4897-909f-0809ab16b2bc ] Request (ImagesOneServerNegativeTestJSON:setUpClass): 200 GET http://10.180.1.21/compute/v2.1/servers/6efbb7e0-0666-461e-8411-b297928d4ef2 0.109s
2025-05-08 17:24:13.294 70868 INFO tempest.lib.common.rest_client [req-2e20ced1-e85a-4e9c-9f77-e01e92c21d54 req-2e20ced1-e85a-4e9c-9f77-e01e92c21d54 ] Request (MigrationsAdminTest:test_resize_server_revert_deleted_flavor): 200 GET http://10.180.1.21/compute/v2.1/flavors/42/os-extra_specs 0.107s
2025-05-08 17:24:13.356 70884 INFO tempest.lib.common.rest_client [req-67cd0dcd-8fdf-4fd2-8be6-998697bcfe41 req-67cd0dcd-8fdf-4fd2-8be6-998697bcfe41 ] Request (FloatingIPsAssociationNegativeTestJSON:setUpClass): 200 GET http://10.180.1.21/compute/v2.1/servers/d77710c6-f1aa-45a5-9318-68bd49f93256 0.159s
2025-05-08 17:24:13.379 70878 INFO tempest.lib.common.rest_client [req-27801e28-05a7-47a7-95b2-c1d24f05a75d req-27801e28-05a7-47a7-95b2-c1d24f05a75d ] Request (ServerShowV257Test:test_rebuild_server): 202 POST http://10.180.1.21/compute/v2.1/servers/2b7d550b-ee65-4f22-8984-9b88e08de4d1/action 0.214s
2025-05-08 17:24:13.413 70848 INFO tempest.lib.common.rest_client [req-518b653e-353c-4843-abcf-fd84005e8c51 req-518b653e-353c-4843-abcf-fd84005e8c51 ] Request (ImagesNegativeTestJSON:test_create_image_from_deleted_server): 200 GET http://10.180.1.21/compute/v2.1/servers/8670e011-a1c3-4b73-9988-3db09378c347 0.181s
2025-05-08 17:24:13.431 70868 INFO tempest.lib.common.rest_client [req-bda29ef9-7de5-431b-8845-81275e7624a1 req-bda29ef9-7de5-431b-8845-81275e7624a1 ] Request (MigrationsAdminTest:test_resize_server_revert_deleted_flavor): 200 POST http://10.180.1.21/compute/v2.1/flavors/0a6765ff-500a-46c9-bbbb-68da8edcf863/os-extra_specs 0.135s
2025-05-08 17:24:13.451 70856 INFO tempest.lib.common.rest_client [req-712a1ed1-1499-4733-a45e-17fe9ca4f5b2 req-712a1ed1-1499-4733-a45e-17fe9ca4f5b2 ] Request (ServersAdminNegativeTestJSON:tearDownClass): 200 GET http://10.180.1.21/compute/v2.1/servers/da8faa86-f0f4-4376-8230-044988916d00 0.181s
2025-05-08 17:24:13.491 70858 INFO tempest.lib.common.rest_client [req-e5d578cd-2f91-4d23-aca1-7ca6445e1220 req-e5d578cd-2f91-4d23-aca1-7ca6445e1220 ] Request (ImagesOneServerTestJSON:tearDownClass): 200 GET http://10.180.1.21/compute/v2.1/servers/7d528f60-1928-4642-9764-ac7c776b85f6 0.126s
2025-05-08 17:24:13.497 70868 INFO tempest.lib.common.rest_client [req-460432a1-a151-4245-b12b-1528ceaeff3e req-460432a1-a151-4245-b12b-1528ceaeff3e ] Request (MigrationsAdminTest:test_resize_server_revert_deleted_flavor): 201 POST http://10.180.1.21/identity/v3/auth/tokens 0.063s
2025-05-08 17:24:13.497 70868 INFO tempest.lib.common.fixed_network [-] (MigrationsAdminTest:test_resize_server_revert_deleted_flavor) Found network None available for tenant
2025-05-08 17:24:13.506 70878 INFO tempest.lib.common.rest_client [req-b7ac1adb-3815-4b1e-8d00-6de4d999744b req-b7ac1adb-3815-4b1e-8d00-6de4d999744b ] Request (ServerShowV257Test:test_rebuild_server): 200 GET http://10.180.1.21/compute/v2.1/servers/2b7d550b-ee65-4f22-8984-9b88e08de4d1 0.116s
2025-05-08 17:24:13.542 70888 INFO tempest.lib.common.rest_client [req-04e8d034-b41d-493f-a21a-6505ec8169e0 req-04e8d034-b41d-493f-a21a-6505ec8169e0 ] Request (ServersAaction247Test:test_create_backup): 200 GET http://10.180.1.21/compute/v2.1/servers/585795f1-3a3c-4f0e-9c64-0b23876ab5b6 0.094s
2025-05-08 17:24:13.590 70862 INFO tempest.lib.common.rest_client [req-44cdc128-7417-46bb-9f1c-0ed0db7f0033 req-44cdc128-7417-46bb-9f1c-0ed0db7f0033 ] Request (ServerRescueTestJSONUnderV235:setUpClass): 200 GET http://10.180.1.21/compute/v2.1/servers/23137459-71e2-4681-9054-1bde06450f13 0.090s
2025-05-08 17:24:13.617 70890 INFO tempest.lib.common.rest_client [req-e7c5d1e0-68ed-4b69-9793-f50bbf7c30ca req-e7c5d1e0-68ed-4b69-9793-f50bbf7c30ca ] Request (VolumesAdminNegativeTest:_run_cleanups): 200 GET http://10.180.1.21/compute/v2.1/servers/11e8b16d-db07-4b22-9bb6-e73ea9a5e0f6/os-volume_attachments 0.091s
2025-05-08 17:24:13.666 70886 INFO tempest.lib.common.rest_client [req-3dfbe77f-d3cd-4ad7-ae32-e2582833cea2 req-3dfbe77f-d3cd-4ad7-ae32-e2582833cea2 ] Request (ServersAdminTestJSON:setUpClass): 200 GET http://10.180.1.21/compute/v2.1/servers/ee0ccce4-72c3-443c-821b-0d5ae9c9935d 0.107s
2025-05-08 17:24:13.724 70906 INFO tempest.lib.common.rest_client [req-285530d7-1dc5-474c-ba12-e82e12ee2c4f req-285530d7-1dc5-474c-ba12-e82e12ee2c4f ] Request (FloatingIPsAssociationTestJSON:tearDownClass): 200 GET http://10.180.1.21/compute/v2.1/servers/17f84970-6de3-497d-b810-719b4964ef12 0.111s
2025-05-08 17:24:13.782 70868 INFO tempest.lib.common.rest_client [req-13121bca-df4d-4b30-92b6-1a7a79eff4aa req-13121bca-df4d-4b30-92b6-1a7a79eff4aa ] Request (MigrationsAdminTest:test_resize_server_revert_deleted_flavor): 202 POST http://10.180.1.21/compute/v2.1/servers 0.284s
2025-05-08 17:24:13.823 70846 INFO tempest.lib.common.rest_client [req-c6354f0a-8995-4be4-b89c-a85513004b78 req-c6354f0a-8995-4be4-b89c-a85513004b78 ] Request (ListImageFiltersTestJSON:setUpClass): 200 GET http://10.180.1.21/compute/v2.1/servers/c8f2bb6b-be01-4473-92f5-2a35a8eff5b0 0.185s
2025-05-08 17:24:13.848 70882 INFO tempest.lib.common.rest_client [req-24876058-841f-4ffc-8458-c0447026ca0a req-24876058-841f-4ffc-8458-c0447026ca0a ] Request (ListServersNegativeTestJSON:setUpClass): 200 GET http://10.180.1.21/compute/v2.1/servers/850f970e-3e0e-4328-a584-ddbe3e8a2c42 0.171s
2025-05-08 17:24:13.892 70868 INFO tempest.lib.common.rest_client [req-622cd1f0-4c34-4425-a828-e92e59ce49ee req-622cd1f0-4c34-4425-a828-e92e59ce49ee ] Request (MigrationsAdminTest:test_resize_server_revert_deleted_flavor): 200 GET http://10.180.1.21/compute/v2.1/servers/cc87d385-12c6-43d2-af21-1d2737c5d451 0.108s
2025-05-08 17:24:13.901 70866 INFO tempest.lib.common.rest_client [req-fdef9ec2-7c07-4523-aeda-a8009cc64aca req-fdef9ec2-7c07-4523-aeda-a8009cc64aca ] Request (SecurityGroupsTestJSON:test_list_security_groups_by_server): 200 GET http://10.180.1.21/compute/v2.1/servers/ed20e07e-dca3-4e05-987d-254a2d8891a7 0.143s
2025-05-08 17:24:13.962 70854 INFO tempest.lib.common.rest_client [req-5eccd4df-2f88-4e3d-a512-6a5252e44370 req-5eccd4df-2f88-4e3d-a512-6a5252e44370 ] Request (ServerDiagnosticsNegativeTest:tearDownClass): 200 GET http://10.180.1.21/compute/v2.1/servers/1f2f9915-addb-4405-a32e-cfd7ac086321 0.137s
2025-05-08 17:24:14.088 70875 INFO tempest.lib.common.rest_client [req-42e2681a-1894-4f5f-9b40-1330b99a597c req-42e2681a-1894-4f5f-9b40-1330b99a597c ] Request (ServerTagsTestJSON:tearDownClass): 200 GET http://10.180.1.21/compute/v2.1/servers/269d41c2-b7c9-4d6d-9671-3c31ac3b02ba 0.077s
2025-05-08 17:24:14.145 70896 INFO tempest.lib.common.rest_client [req-a12d0ed3-7f4b-40ec-8b78-5c38832cdc98 req-a12d0ed3-7f4b-40ec-8b78-5c38832cdc98 ] Request (ServerGroupTestJSON:test_create_server_with_scheduler_hint_group): 200 GET http://10.180.1.21/compute/v2.1/servers/d407b27d-9688-4bcd-95a2-dd37a9faf53e 0.135s
2025-05-08 17:24:14.225 70898 INFO tempest.lib.common.rest_client [req-5db52fd2-0c9e-453a-b344-9fe5fb66da60 req-5db52fd2-0c9e-453a-b344-9fe5fb66da60 ] Request (DeleteServersAdminTestJSON:test_delete_server_while_in_error_state): 200 GET http://10.180.1.21/compute/v2.1/servers/572a409f-4b2a-421d-be2f-99a98bdc7367 0.165s
2025-05-08 17:24:14.235 70898 INFO tempest.common.waiters [-] State transition "BUILD/None" ==> "BUILD/networking" after 60 second wait
2025-05-08 17:24:14.255 70905 INFO tempest.lib.common.rest_client [req-f2627385-80e3-4f04-a695-7403e81dec31 req-f2627385-80e3-4f04-a695-7403e81dec31 ] Request (ServerDiskConfigTestJSON:test_rebuild_server_with_manual_disk_config): 200 GET http://10.180.1.21/compute/v2.1/servers/04022efd-7a88-4dd7-b8a1-b6fd9c12eaa4 0.139s
2025-05-08 17:24:14.283 70850 INFO tempest.lib.common.rest_client [req-0ae35bdf-d38f-4a15-9851-38fe071aa596 req-0ae35bdf-d38f-4a15-9851-38fe071aa596 ] Request (ServerMetadataNegativeTestJSON:setUpClass): 200 GET http://10.180.1.21/compute/v2.1/servers/4a285879-39e7-41c6-ae76-ca5a75c692c7 0.164s
2025-05-08 17:24:14.300 70908 WARNING tempest.lib.common.ssh [-] Failed to establish authenticated ssh connection to cirros@10.180.180.166 ([Errno None] Unable to connect to port 22 on 10.180.180.166). Number attempts: 8. Retry after 9 seconds.: paramiko.ssh_exception.NoValidConnectionsError: [Errno None] Unable to connect to port 22 on 10.180.180.166
2025-05-08 17:24:14.320 70870 INFO tempest.lib.common.rest_client [req-5c80f84d-914a-4e3c-844c-c25383c48818 req-5c80f84d-914a-4e3c-844c-c25383c48818 ] Request (ServersTestFqdnHostnames:test_create_server_with_fqdn_name): 200 GET http://10.180.1.21/compute/v2.1/servers/b7cf3e13-690b-4624-aaec-e3cec1d62308 0.142s
2025-05-08 17:24:14.340 70852 INFO tempest.lib.common.rest_client [req-20f5fb4a-aed4-4417-9952-592f498b994c req-20f5fb4a-aed4-4417-9952-592f498b994c ] Request (ServersNegativeTestJSON:setUpClass): 200 GET http://10.180.1.21/compute/v2.1/servers/f9a77c4a-662f-484b-9d72-358d9298974b 0.125s
2025-05-08 17:24:14.374 70880 INFO tempest.lib.common.rest_client [req-feb70465-e74f-4ad2-8a26-3cbeba1febbe req-feb70465-e74f-4ad2-8a26-3cbeba1febbe ] Request (DeleteServersTestJSON:test_delete_server_while_in_attached_volume): 200 GET http://10.180.1.21/compute/v2.1/servers/1878e6d7-681c-4aca-ae45-7bd001cff323 0.133s
2025-05-08 17:24:14.406 70876 INFO tempest.lib.common.rest_client [req-823460d1-f937-46e3-a422-408e61ff5bf2 req-823460d1-f937-46e3-a422-408e61ff5bf2 ] Request (ImagesOneServerNegativeTestJSON:setUpClass): 200 GET http://10.180.1.21/compute/v2.1/servers/6efbb7e0-0666-461e-8411-b297928d4ef2 0.114s
2025-05-08 17:24:14.438 70884 INFO tempest.lib.common.rest_client [req-37e0860e-4c47-42fd-883c-57b6c473e5f6 req-37e0860e-4c47-42fd-883c-57b6c473e5f6 ] Request (FloatingIPsAssociationNegativeTestJSON:setUpClass): 200 GET http://10.180.1.21/compute/v2.1/servers/d77710c6-f1aa-45a5-9318-68bd49f93256 0.074s
2025-05-08 17:24:14.481 70848 INFO tempest.lib.common.rest_client [req-dca88d37-028a-478c-9174-f8a38e395cd2 req-dca88d37-028a-478c-9174-f8a38e395cd2 ] Request (ImagesNegativeTestJSON:test_create_image_from_deleted_server): 200 GET http://10.180.1.21/compute/v2.1/servers/8670e011-a1c3-4b73-9988-3db09378c347 0.060s
2025-05-08 17:24:14.520 70856 INFO tempest.lib.common.rest_client [req-a878ad9e-1279-4b99-bd6b-8d801642237d req-a878ad9e-1279-4b99-bd6b-8d801642237d ] Request (ServersAdminNegativeTestJSON:tearDownClass): 200 GET http://10.180.1.21/compute/v2.1/servers/da8faa86-f0f4-4376-8230-044988916d00 0.062s
2025-05-08 17:24:14.566 70858 INFO tempest.lib.common.rest_client [req-a35078b6-91fe-4e46-8c87-94eab8313be5 req-a35078b6-91fe-4e46-8c87-94eab8313be5 ] Request (ImagesOneServerTestJSON:tearDownClass): 200 GET http://10.180.1.21/compute/v2.1/servers/7d528f60-1928-4642-9764-ac7c776b85f6 0.068s
2025-05-08 17:24:14.579 70878 INFO tempest.lib.common.rest_client [req-876d44e2-9d9a-48b4-9855-dae36684ffd3 req-876d44e2-9d9a-48b4-9855-dae36684ffd3 ] Request (ServerShowV257Test:test_rebuild_server): 200 GET http://10.180.1.21/compute/v2.1/servers/2b7d550b-ee65-4f22-8984-9b88e08de4d1 0.062s
2025-05-08 17:24:14.624 70888 INFO tempest.lib.common.rest_client [req-fb00c361-629f-41a7-bf13-b99a83ea3d3d req-fb00c361-629f-41a7-bf13-b99a83ea3d3d ] Request (ServersAaction247Test:test_create_backup): 200 GET http://10.180.1.21/compute/v2.1/servers/585795f1-3a3c-4f0e-9c64-0b23876ab5b6 0.072s
2025-05-08 17:24:14.647 70862 INFO tempest.lib.common.rest_client [req-e32ca527-5b8f-4c7f-861c-a60b46c2bc61 req-e32ca527-5b8f-4c7f-861c-a60b46c2bc61 ] Request (ServerRescueTestJSONUnderV235:setUpClass): 200 GET http://10.180.1.21/compute/v2.1/servers/23137459-71e2-4681-9054-1bde06450f13 0.049s
2025-05-08 17:24:14.651 70890 INFO tempest.lib.common.rest_client [req-e263cb51-dde3-45b6-bc41-7c9f81b5d608 req-e263cb51-dde3-45b6-bc41-7c9f81b5d608 ] Request (VolumesAdminNegativeTest:_run_cleanups): 200 GET http://10.180.1.21/compute/v2.1/servers/11e8b16d-db07-4b22-9bb6-e73ea9a5e0f6/os-volume_attachments 0.031s
2025-05-08 17:24:14.723 70886 INFO tempest.lib.common.rest_client [req-a4805e02-981e-47c2-af99-dd2e55935939 req-a4805e02-981e-47c2-af99-dd2e55935939 ] Request (ServersAdminTestJSON:setUpClass): 200 GET http://10.180.1.21/compute/v2.1/servers/ee0ccce4-72c3-443c-821b-0d5ae9c9935d 0.049s
2025-05-08 17:24:14.730 70886 INFO tempest.common.waiters [-] State transition "BUILD/scheduling" ==> "BUILD/None" after 49 second wait
2025-05-08 17:24:14.813 70906 INFO tempest.lib.common.rest_client [req-1426c628-19ff-4378-b823-6dd3bc290b49 req-1426c628-19ff-4378-b823-6dd3bc290b49 ] Request (FloatingIPsAssociationTestJSON:tearDownClass): 200 GET http://10.180.1.21/compute/v2.1/servers/17f84970-6de3-497d-b810-719b4964ef12 0.069s
2025-05-08 17:24:14.885 70846 INFO tempest.lib.common.rest_client [req-0d096b12-de32-417c-8ed2-7902f01080d1 req-0d096b12-de32-417c-8ed2-7902f01080d1 ] Request (ListImageFiltersTestJSON:setUpClass): 200 GET http://10.180.1.21/compute/v2.1/servers/c8f2bb6b-be01-4473-92f5-2a35a8eff5b0 0.049s
2025-05-08 17:24:14.918 70882 INFO tempest.lib.common.rest_client [req-a01c3b8f-f9e8-4258-8623-58d7a976e696 req-a01c3b8f-f9e8-4258-8623-58d7a976e696 ] Request (ListServersNegativeTestJSON:setUpClass): 200 GET http://10.180.1.21/compute/v2.1/servers/850f970e-3e0e-4328-a584-ddbe3e8a2c42 0.057s
2025-05-08 17:24:14.949 70868 INFO tempest.lib.common.rest_client [req-1dc60df8-d50a-4f5a-9f6b-892672f37544 req-1dc60df8-d50a-4f5a-9f6b-892672f37544 ] Request (MigrationsAdminTest:test_resize_server_revert_deleted_flavor): 200 GET http://10.180.1.21/compute/v2.1/servers/cc87d385-12c6-43d2-af21-1d2737c5d451 0.048s
2025-05-08 17:24:14.965 70866 INFO tempest.lib.common.rest_client [req-c22ceb2a-df6b-40ff-af47-4e9cc8c00e9e req-c22ceb2a-df6b-40ff-af47-4e9cc8c00e9e ] Request (SecurityGroupsTestJSON:test_list_security_groups_by_server): 200 GET http://10.180.1.21/compute/v2.1/servers/ed20e07e-dca3-4e05-987d-254a2d8891a7 0.055s
2025-05-08 17:24:15.028 70854 INFO tempest.lib.common.rest_client [req-30330dd8-be47-471d-833f-ef00c5db90d5 req-30330dd8-be47-471d-833f-ef00c5db90d5 ] Request (ServerDiagnosticsNegativeTest:tearDownClass): 200 GET http://10.180.1.21/compute/v2.1/servers/1f2f9915-addb-4405-a32e-cfd7ac086321 0.057s
2025-05-08 17:24:15.096 70900 WARNING tempest.lib.common.ssh [-] Failed to establish authenticated ssh connection to cirros@10.180.180.142 ([Errno None] Unable to connect to port 22 on 10.180.180.142). Number attempts: 4. Retry after 5 seconds.: paramiko.ssh_exception.NoValidConnectionsError: [Errno None] Unable to connect to port 22 on 10.180.180.142
2025-05-08 17:24:15.167 70875 INFO tempest.lib.common.rest_client [req-31a6098d-6b93-4531-97b8-47d26e6e9a60 req-31a6098d-6b93-4531-97b8-47d26e6e9a60 ] Request (ServerTagsTestJSON:tearDownClass): 200 GET http://10.180.1.21/compute/v2.1/servers/269d41c2-b7c9-4d6d-9671-3c31ac3b02ba 0.068s
2025-05-08 17:24:15.256 70896 INFO tempest.lib.common.rest_client [req-1073dfd8-776e-41b5-9618-d5f6a18949c4 req-1073dfd8-776e-41b5-9618-d5f6a18949c4 ] Request (ServerGroupTestJSON:test_create_server_with_scheduler_hint_group): 200 GET http://10.180.1.21/compute/v2.1/servers/d407b27d-9688-4bcd-95a2-dd37a9faf53e 0.102s
2025-05-08 17:24:15.336 70898 INFO tempest.lib.common.rest_client [req-f6b7b0f7-848c-4911-97cc-c4b98fbf9a53 req-f6b7b0f7-848c-4911-97cc-c4b98fbf9a53 ] Request (DeleteServersAdminTestJSON:test_delete_server_while_in_error_state): 200 GET http://10.180.1.21/compute/v2.1/servers/572a409f-4b2a-421d-be2f-99a98bdc7367 0.099s
2025-05-08 17:24:15.342 70898 INFO tempest.common.waiters [-] State transition "BUILD/networking" ==> "BUILD/spawning" after 61 second wait
2025-05-08 17:24:15.382 70850 INFO tempest.lib.common.rest_client [req-b67807ee-bce1-48d6-a6ff-60b023690081 req-b67807ee-bce1-48d6-a6ff-60b023690081 ] Request (ServerMetadataNegativeTestJSON:setUpClass): 200 GET http://10.180.1.21/compute/v2.1/servers/4a285879-39e7-41c6-ae76-ca5a75c692c7 0.092s
2025-05-08 17:24:15.397 70905 INFO tempest.lib.common.rest_client [req-f5620f41-85f7-4b4a-aa06-373118be6bdf req-f5620f41-85f7-4b4a-aa06-373118be6bdf ] Request (ServerDiskConfigTestJSON:test_rebuild_server_with_manual_disk_config): 200 GET http://10.180.1.21/compute/v2.1/servers/04022efd-7a88-4dd7-b8a1-b6fd9c12eaa4 0.127s
2025-05-08 17:24:15.440 70870 INFO tempest.lib.common.rest_client [req-693aae65-ef06-4098-9214-9c4ba95518d1 req-693aae65-ef06-4098-9214-9c4ba95518d1 ] Request (ServersTestFqdnHostnames:test_create_server_with_fqdn_name): 200 GET http://10.180.1.21/compute/v2.1/servers/b7cf3e13-690b-4624-aaec-e3cec1d62308 0.109s
2025-05-08 17:24:15.454 70852 INFO tempest.lib.common.rest_client [req-5a356bff-03fa-4c76-86bc-f69a296d2689 req-5a356bff-03fa-4c76-86bc-f69a296d2689 ] Request (ServersNegativeTestJSON:setUpClass): 200 GET http://10.180.1.21/compute/v2.1/servers/f9a77c4a-662f-484b-9d72-358d9298974b 0.101s
2025-05-08 17:24:15.499 70876 INFO tempest.lib.common.rest_client [req-9fbd6c5c-1d33-4449-aa48-d98ddc871e7f req-9fbd6c5c-1d33-4449-aa48-d98ddc871e7f ] Request (ImagesOneServerNegativeTestJSON:setUpClass): 200 GET http://10.180.1.21/compute/v2.1/servers/6efbb7e0-0666-461e-8411-b297928d4ef2 0.085s
2025-05-08 17:24:15.500 70880 INFO tempest.lib.common.rest_client [req-d9babbff-f75c-4a4f-bcb4-a6b418f63d9f req-d9babbff-f75c-4a4f-bcb4-a6b418f63d9f ] Request (DeleteServersTestJSON:test_delete_server_while_in_attached_volume): 200 GET http://10.180.1.21/compute/v2.1/servers/1878e6d7-681c-4aca-ae45-7bd001cff323 0.117s
2025-05-08 17:24:15.515 70864 WARNING tempest.lib.common.ssh [-] Failed to establish authenticated ssh connection to cirros@10.180.180.231 ([Errno None] Unable to connect to port 22 on 10.180.180.231). Number attempts: 8. Retry after 9 seconds.: paramiko.ssh_exception.NoValidConnectionsError: [Errno None] Unable to connect to port 22 on 10.180.180.231
2025-05-08 17:24:15.552 70884 INFO tempest.lib.common.rest_client [req-d2dac7b9-fbb5-4e23-a755-ee42932eba34 req-d2dac7b9-fbb5-4e23-a755-ee42932eba34 ] Request (FloatingIPsAssociationNegativeTestJSON:setUpClass): 200 GET http://10.180.1.21/compute/v2.1/servers/d77710c6-f1aa-45a5-9318-68bd49f93256 0.104s
2025-05-08 17:24:15.571 70848 INFO tempest.lib.common.rest_client [req-5e6931bd-d4bb-4056-ba67-1b33124aa49e req-5e6931bd-d4bb-4056-ba67-1b33124aa49e ] Request (ImagesNegativeTestJSON:test_create_image_from_deleted_server): 200 GET http://10.180.1.21/compute/v2.1/servers/8670e011-a1c3-4b73-9988-3db09378c347 0.081s
2025-05-08 17:24:15.613 70856 INFO tempest.lib.common.rest_client [req-831c4c18-7fda-4f17-a73d-0d780d31d35b req-831c4c18-7fda-4f17-a73d-0d780d31d35b ] Request (ServersAdminNegativeTestJSON:tearDownClass): 200 GET http://10.180.1.21/compute/v2.1/servers/da8faa86-f0f4-4376-8230-044988916d00 0.083s
2025-05-08 17:24:15.646 70858 INFO tempest.lib.common.rest_client [req-6cc20152-8b36-47a9-be97-50871430ee56 req-6cc20152-8b36-47a9-be97-50871430ee56 ] Request (ImagesOneServerTestJSON:tearDownClass): 200 GET http://10.180.1.21/compute/v2.1/servers/7d528f60-1928-4642-9764-ac7c776b85f6 0.073s
2025-05-08 17:24:15.667 70878 INFO tempest.lib.common.rest_client [req-124424fa-1274-497d-ace9-c5753a1e784f req-124424fa-1274-497d-ace9-c5753a1e784f ] Request (ServerShowV257Test:test_rebuild_server): 200 GET http://10.180.1.21/compute/v2.1/servers/2b7d550b-ee65-4f22-8984-9b88e08de4d1 0.074s
2025-05-08 17:24:15.696 70890 INFO tempest.lib.common.rest_client [req-fdbd009e-7eeb-4c28-a657-b76da1b491f5 req-fdbd009e-7eeb-4c28-a657-b76da1b491f5 ] Request (VolumesAdminNegativeTest:_run_cleanups): 200 GET http://10.180.1.21/compute/v2.1/servers/11e8b16d-db07-4b22-9bb6-e73ea9a5e0f6/os-volume_attachments 0.043s
2025-05-08 17:24:15.718 70888 INFO tempest.lib.common.rest_client [req-639a5bbb-5c08-4232-9113-d7821ac84b91 req-639a5bbb-5c08-4232-9113-d7821ac84b91 ] Request (ServersAaction247Test:test_create_backup): 200 GET http://10.180.1.21/compute/v2.1/servers/585795f1-3a3c-4f0e-9c64-0b23876ab5b6 0.084s
2025-05-08 17:24:15.732 70890 INFO tempest.lib.common.rest_client [req-eedeab4d-f643-4fd7-b713-96483caff1f0 req-eedeab4d-f643-4fd7-b713-96483caff1f0 ] Request (VolumesAdminNegativeTest:_run_cleanups): 200 GET http://10.180.1.21/volume/v3/volumes/3f1d9a9b-05fa-4152-b5b8-cc476abf1672 0.034s
2025-05-08 17:24:15.745 70890 INFO tempest.common.waiters [-] volume 3f1d9a9b-05fa-4152-b5b8-cc476abf1672 reached available after waiting for 0.745127 seconds
2025-05-08 17:24:15.755 70862 INFO tempest.lib.common.rest_client [req-abdf9916-e49e-4119-830d-9182b89f0ba2 req-abdf9916-e49e-4119-830d-9182b89f0ba2 ] Request (ServerRescueTestJSONUnderV235:setUpClass): 200 GET http://10.180.1.21/compute/v2.1/servers/23137459-71e2-4681-9054-1bde06450f13 0.100s
2025-05-08 17:24:15.805 70886 INFO tempest.lib.common.rest_client [req-f22838d9-211b-407f-ac5a-eaf2fc060e3b req-f22838d9-211b-407f-ac5a-eaf2fc060e3b ] Request (ServersAdminTestJSON:setUpClass): 200 GET http://10.180.1.21/compute/v2.1/servers/ee0ccce4-72c3-443c-821b-0d5ae9c9935d 0.074s
2025-05-08 17:24:15.830 70890 INFO tempest.lib.common.rest_client [req-6341d8dd-fb69-4a10-92ee-c8ceddcf6bc3 req-6341d8dd-fb69-4a10-92ee-c8ceddcf6bc3 ] Request (VolumesAdminNegativeTest:test_update_attached_volume_with_nonexistent_volume_in_uri): 201 POST http://10.180.1.21/identity/v3/auth/tokens 0.075s
2025-05-08 17:24:15.831 70890 INFO tempest.lib.common.fixed_network [-] (VolumesAdminNegativeTest:test_update_attached_volume_with_nonexistent_volume_in_uri) Found network {'id': 'a2744a6b-e33a-4d4c-adaf-028e96cbc0f5', 'name': 'tempest-VolumesAdminNegativeTest-1009542333-network', 'tenant_id': '16d28b9d76f24c79b327a48b17cb113b', 'admin_state_up': True, 'mtu': 8950, 'status': 'ACTIVE', 'subnets': [], 'shared': False, 'project_id': '16d28b9d76f24c79b327a48b17cb113b', 'port_security_enabled': True, 'router:external': False, 'provider:network_type': 'vlan', 'provider:physical_network': 'default', 'provider:segmentation_id': 23, 'availability_zone_hints': [], 'availability_zones': [], 'ipv4_address_scope': None, 'ipv6_address_scope': None, 'description': '', 'tags': [], 'created_at': '2025-05-08T17:22:06Z', 'updated_at': '2025-05-08T17:22:06Z', 'revision_number': 1} available for tenant
2025-05-08 17:24:15.889 70906 INFO tempest.lib.common.rest_client [req-17651d3b-c19e-4030-a005-6f91126d6cdb req-17651d3b-c19e-4030-a005-6f91126d6cdb ] Request (FloatingIPsAssociationTestJSON:tearDownClass): 200 GET http://10.180.1.21/compute/v2.1/servers/17f84970-6de3-497d-b810-719b4964ef12 0.068s
2025-05-08 17:24:15.948 70846 INFO tempest.lib.common.rest_client [req-712dc675-5cf3-4afc-bfae-295c157162d9 req-712dc675-5cf3-4afc-bfae-295c157162d9 ] Request (ListImageFiltersTestJSON:setUpClass): 200 GET http://10.180.1.21/compute/v2.1/servers/c8f2bb6b-be01-4473-92f5-2a35a8eff5b0 0.053s
2025-05-08 17:24:15.975 70882 INFO tempest.lib.common.rest_client [req-dc8181a7-df33-40f7-a6d4-8b785677eaf2 req-dc8181a7-df33-40f7-a6d4-8b785677eaf2 ] Request (ListServersNegativeTestJSON:setUpClass): 404 GET http://10.180.1.21/compute/v2.1/servers/850f970e-3e0e-4328-a584-ddbe3e8a2c42 0.047s
2025-05-08 17:24:16.027 70868 INFO tempest.lib.common.rest_client [req-8fb95c63-c82c-4372-8e8c-af60b1eab12f req-8fb95c63-c82c-4372-8e8c-af60b1eab12f ] Request (MigrationsAdminTest:test_resize_server_revert_deleted_flavor): 200 GET http://10.180.1.21/compute/v2.1/servers/cc87d385-12c6-43d2-af21-1d2737c5d451 0.070s
2025-05-08 17:24:16.075 70866 INFO tempest.lib.common.rest_client [req-167c0e96-c639-4365-addd-6316d4a67713 req-167c0e96-c639-4365-addd-6316d4a67713 ] Request (SecurityGroupsTestJSON:test_list_security_groups_by_server): 200 GET http://10.180.1.21/compute/v2.1/servers/ed20e07e-dca3-4e05-987d-254a2d8891a7 0.101s
2025-05-08 17:24:16.115 70890 INFO tempest.lib.common.rest_client [req-9551a018-d6e0-4ac1-b45a-efbee98acf2f req-9551a018-d6e0-4ac1-b45a-efbee98acf2f ] Request (VolumesAdminNegativeTest:test_update_attached_volume_with_nonexistent_volume_in_uri): 202 POST http://10.180.1.21/compute/v2.1/servers 0.284s
2025-05-08 17:24:16.130 70882 INFO tempest.lib.common.rest_client [req-9149164b-9b1a-4d63-81a0-208b8c8e98a9 req-9149164b-9b1a-4d63-81a0-208b8c8e98a9 ] Request (ListServersNegativeTestJSON:test_list_servers_by_changes_since_future_date): 200 GET http://10.180.1.21/compute/v2.1/servers?changes-since=2051-01-01T12%3A34%3A00Z&status=ACTIVE 0.153s
2025-05-08 17:24:16.168 70890 INFO tempest.lib.common.rest_client [req-a8365ef6-88e8-4191-b902-ec8806c6e545 req-a8365ef6-88e8-4191-b902-ec8806c6e545 ] Request (VolumesAdminNegativeTest:test_update_attached_volume_with_nonexistent_volume_in_uri): 200 GET http://10.180.1.21/compute/v2.1/servers/9945a305-bb71-4d5b-a06d-20ec0e17d457 0.051s
2025-05-08 17:24:16.172 70854 INFO tempest.lib.common.rest_client [req-47feec99-9b48-41ae-9de3-181160c51f86 req-47feec99-9b48-41ae-9de3-181160c51f86 ] Request (ServerDiagnosticsNegativeTest:tearDownClass): 200 GET http://10.180.1.21/compute/v2.1/servers/1f2f9915-addb-4405-a32e-cfd7ac086321 0.136s
2025-05-08 17:24:16.174 70882 INFO tempest.lib.common.rest_client [req-d29b66f5-09b3-40ab-b3fd-74e91c2065e1 req-d29b66f5-09b3-40ab-b3fd-74e91c2065e1 ] Request (ListServersNegativeTestJSON:test_list_servers_by_changes_since_invalid_date): 400 GET http://10.180.1.21/compute/v2.1/servers?changes-since=2011%2F01%2F01 0.040s
2025-05-08 17:24:16.221 70882 INFO tempest.lib.common.rest_client [req-3886ea57-4547-44fa-ab22-f42ca8e24496 req-3886ea57-4547-44fa-ab22-f42ca8e24496 ] Request (ListServersNegativeTestJSON:test_list_servers_by_limits_greater_than_actual_count): 200 GET http://10.180.1.21/compute/v2.1/servers 0.046s
2025-05-08 17:24:16.243 70875 INFO tempest.lib.common.rest_client [req-d9642d0e-7602-4be2-aaa7-894e394c9fb8 req-d9642d0e-7602-4be2-aaa7-894e394c9fb8 ] Request (ServerTagsTestJSON:tearDownClass): 200 GET http://10.180.1.21/compute/v2.1/servers/269d41c2-b7c9-4d6d-9671-3c31ac3b02ba 0.064s
2025-05-08 17:24:16.275 70882 INFO tempest.lib.common.rest_client [req-625acbb9-3db4-4465-95f6-61482e83b4fe req-625acbb9-3db4-4465-95f6-61482e83b4fe ] Request (ListServersNegativeTestJSON:test_list_servers_by_limits_greater_than_actual_count): 200 GET http://10.180.1.21/compute/v2.1/servers?limit=102 0.052s
2025-05-08 17:24:16.286 70882 INFO tempest.lib.common.rest_client [req-751a2a8a-7c0f-4e1e-9f9c-a07145c4a936 req-751a2a8a-7c0f-4e1e-9f9c-a07145c4a936 ] Request (ListServersNegativeTestJSON:test_list_servers_by_limits_pass_negative_value): 400 GET http://10.180.1.21/compute/v2.1/servers?limit=-1 0.007s
2025-05-08 17:24:16.297 70882 INFO tempest.lib.common.rest_client [req-845c4ad0-e7dd-4fc6-80c5-1b6c93b275e4 req-845c4ad0-e7dd-4fc6-80c5-1b6c93b275e4 ] Request (ListServersNegativeTestJSON:test_list_servers_by_limits_pass_string): 400 GET http://10.180.1.21/compute/v2.1/servers?limit=testing 0.009s
2025-05-08 17:24:16.317 70882 INFO tempest.lib.common.rest_client [req-62e5d41f-a578-4c71-a245-669336a35308 req-62e5d41f-a578-4c71-a245-669336a35308 ] Request (ListServersNegativeTestJSON:test_list_servers_by_non_existing_flavor): 200 GET http://10.180.1.21/compute/v2.1/servers?flavor=non_existing_flavor 0.017s
2025-05-08 17:24:16.375 70882 INFO tempest.lib.common.rest_client [req-a3efa7c3-7474-454a-9e5c-406f289538d3 req-a3efa7c3-7474-454a-9e5c-406f289538d3 ] Request (ListServersNegativeTestJSON:test_list_servers_by_non_existing_image): 200 GET http://10.180.1.21/compute/v2.1/servers?image=non_existing_image 0.054s
2025-05-08 17:24:16.420 70896 INFO tempest.lib.common.rest_client [req-0a8d5e39-2b33-45fa-9a4e-95b7fec0de38 req-0a8d5e39-2b33-45fa-9a4e-95b7fec0de38 ] Request (ServerGroupTestJSON:test_create_server_with_scheduler_hint_group): 200 GET http://10.180.1.21/compute/v2.1/servers/d407b27d-9688-4bcd-95a2-dd37a9faf53e 0.156s
2025-05-08 17:24:16.481 70882 INFO tempest.lib.common.rest_client [req-388d8c81-5a6c-4641-a663-f292657a318b req-388d8c81-5a6c-4641-a663-f292657a318b ] Request (ListServersNegativeTestJSON:test_list_servers_by_non_existing_server_name): 200 GET http://10.180.1.21/compute/v2.1/servers?name=non_existing_server_name 0.101s
2025-05-08 17:24:16.528 70898 INFO tempest.lib.common.rest_client [req-417e4455-ec86-422a-886d-2c3009c0f370 req-417e4455-ec86-422a-886d-2c3009c0f370 ] Request (DeleteServersAdminTestJSON:test_delete_server_while_in_error_state): 200 GET http://10.180.1.21/compute/v2.1/servers/572a409f-4b2a-421d-be2f-99a98bdc7367 0.185s
2025-05-08 17:24:16.542 70850 INFO tempest.lib.common.rest_client [req-0662a312-9aa6-4d3b-9761-712994acb8c5 req-0662a312-9aa6-4d3b-9761-712994acb8c5 ] Request (ServerMetadataNegativeTestJSON:setUpClass): 200 GET http://10.180.1.21/compute/v2.1/servers/4a285879-39e7-41c6-ae76-ca5a75c692c7 0.150s
2025-05-08 17:24:16.598 70870 INFO tempest.lib.common.rest_client [req-dfc05a1d-0b26-4fec-84fc-301e8e41db87 req-dfc05a1d-0b26-4fec-84fc-301e8e41db87 ] Request (ServersTestFqdnHostnames:test_create_server_with_fqdn_name): 200 GET http://10.180.1.21/compute/v2.1/servers/b7cf3e13-690b-4624-aaec-e3cec1d62308 0.150s
