2025-05-08 17:22:36.811 70856 INFO tempest.lib.common.rest_client [req-d09f260c-2916-4f42-ba71-1e5435ff406b req-d09f260c-2916-4f42-ba71-1e5435ff406b ] Request (ServersAdminNegativeTestJSON:setUpClass): 200 GET http://10.180.1.21/compute/v2.1/servers/a8990c35-0ff5-42a2-a236-871039dc979a 0.842s
2025-05-08 17:22:36.857 70860 INFO tempest.lib.common.rest_client [req-a19dccbd-2093-4a84-8981-a18fce60c8ab req-a19dccbd-2093-4a84-8981-a18fce60c8ab ] Request (HypervisorAdminV228Test:tearDownClass): 204 DELETE http://10.180.1.21/identity/v3/users/42382e34245449f6b1ef7b4d34da9316 0.170s
2025-05-08 17:22:36.857 70860 INFO tempest.lib.common.dynamic_creds [-] Deleting project and security group for project: 55d70269c7fb4151bc517e1c7ea74dbe
2025-05-08 17:22:36.902 70900 INFO tempest.lib.common.rest_client [req-52a8e1e8-379a-471c-92b7-54de8c5f116d req-52a8e1e8-379a-471c-92b7-54de8c5f116d ] Request (SecurityGroupsTestAdminJSON:_run_cleanups): 202 DELETE http://10.180.1.21/compute/v2.1/os-security-groups/fb83a775-b0b0-4922-b20f-cd99ec33ae85 0.989s
2025-05-08 17:22:36.917 70875 INFO tempest.lib.common.rest_client [req-8b59b7d3-4b61-4486-91bb-6280ae1c5383 req-8b59b7d3-4b61-4486-91bb-6280ae1c5383 ] Request (QuotasAdminNegativeTest:test_update_quota_normal_user): 403 PUT http://10.180.1.21/compute/v2.1/os-quota-sets/5b411c722dd54b74867f289d15ba27eb 0.783s
2025-05-08 17:22:36.933 70902 INFO tempest.lib.common.rest_client [req-e1f6d800-e7de-42ad-ba4f-48bb5730bdab req-e1f6d800-e7de-42ad-ba4f-48bb5730bdab ] Request (QuotasAdminTestJSON:test_get_updated_quotas): 201 POST http://10.180.1.21/identity/v3/projects 0.145s
2025-05-08 17:22:36.972 70886 INFO tempest.lib.common.rest_client [req-92987465-67b9-4980-9737-e8c768e167e1 req-92987465-67b9-4980-9737-e8c768e167e1 ] Request (ServerDiagnosticsTest:test_get_server_diagnostics): 200 GET http://10.180.1.21/compute/v2.1/servers/683944f0-defd-4b89-8276-7ed7ad804197 0.949s
2025-05-08 17:22:36.989 70860 INFO tempest.lib.common.rest_client [req-5cb5faf1-d361-4a58-951b-c424d8a2123e req-5cb5faf1-d361-4a58-951b-c424d8a2123e ] Request (HypervisorAdminV228Test:tearDownClass): 201 POST http://10.180.1.21/identity/v3/auth/tokens 0.132s
2025-05-08 17:22:37.084 70875 INFO tempest.lib.common.rest_client [req-b98d74d8-dfe8-4c1f-9596-9e6200552d75 req-b98d74d8-dfe8-4c1f-9596-9e6200552d75 ] Request (QuotasAdminNegativeTest:tearDownClass): 204 DELETE http://10.180.1.21/identity/v3/users/80e3033a733b401b8c1392fc574a2ed8 0.164s
2025-05-08 17:22:37.096 70902 INFO tempest.lib.common.rest_client [req-d9875b21-7bbc-4039-a550-059726b8d1f5 req-d9875b21-7bbc-4039-a550-059726b8d1f5 ] Request (QuotasAdminTestJSON:test_get_updated_quotas): 200 GET http://10.180.1.21/identity/v3/domains?name=Default 0.163s
2025-05-08 17:22:37.104 70880 INFO tempest.lib.common.rest_client [req-ea0bba45-f0f8-401a-9db1-bd30936c4aad req-ea0bba45-f0f8-401a-9db1-bd30936c4aad ] Request (DeleteServersTestJSON:setUpClass): 200 PUT http://10.180.1.21:9696/networking/v2.0/routers/e8e9f5d3-aa28-47f5-8d0e-8628ce1d21a4/add_router_interface 1.268s
2025-05-08 17:22:37.104 70880 INFO tempest.lib.common.dynamic_creds [-] Created isolated network resources for: credentials: Credentials: {'domain_id': 'default', 'domain_name': 'Default', 'username': 'tempest-DeleteServersTestJSON-1399047283-project-member', 'project_domain_id': 'default', 'project_domain_name': 'Default', 'project_id': '79060d06877149fb8970e454e0927e61', 'project_name': 'tempest-DeleteServersTestJSON-1399047283', 'tenant_id': '79060d06877149fb8970e454e0927e61', 'tenant_name': 'tempest-DeleteServersTestJSON-1399047283', 'user_domain_id': 'default', 'user_domain_name': 'Default', 'user_id': '816d635341be462e9456b9ff47ee35e1', 'system': None}, Network: {'id': '0b72ef80-5e63-4bac-b3dd-4a63ff7abe74', 'name': 'tempest-DeleteServersTestJSON-571665589-network', 'tenant_id': '79060d06877149fb8970e454e0927e61', 'admin_state_up': True, 'mtu': 8950, 'status': 'ACTIVE', 'subnets': [], 'shared': False, 'project_id': '79060d06877149fb8970e454e0927e61', 'port_security_enabled': True, 'router:external': False, 'provider:network_type': 'vlan', 'provider:physical_network': 'default', 'provider:segmentation_id': 493, 'availability_zone_hints': [], 'availability_zones': [], 'ipv4_address_scope': None, 'ipv6_address_scope': None, 'description': '', 'tags': [], 'created_at': '2025-05-08T17:22:34Z', 'updated_at': '2025-05-08T17:22:34Z', 'revision_number': 1}, Subnet: {'id': '6240322e-fa39-418c-810d-585cf04b75ce', 'name': 'tempest-DeleteServersTestJSON-571665589-subnet', 'tenant_id': '79060d06877149fb8970e454e0927e61', 'network_id': '0b72ef80-5e63-4bac-b3dd-4a63ff7abe74', 'ip_version': 4, 'subnetpool_id': None, 'enable_dhcp': True, 'ipv6_ra_mode': None, 'ipv6_address_mode': None, 'gateway_ip': '192.168.128.1', 'cidr': '192.168.128.0/28', 'allocation_pools': [{'start': '192.168.128.2', 'end': '192.168.128.14'}], 'host_routes': [], 'dns_nameservers': [], 'description': '', 'router:external': False, 'service_types': [], 'tags': [], 'created_at': '2025-05-08T17:22:34Z', 'updated_at': '2025-05-08T17:22:34Z', 'revision_number': 0, 'project_id': '79060d06877149fb8970e454e0927e61'}, Router: {'id': 'e8e9f5d3-aa28-47f5-8d0e-8628ce1d21a4', 'name': 'tempest-DeleteServersTestJSON-571665589-router', 'tenant_id': '79060d06877149fb8970e454e0927e61', 'admin_state_up': True, 'status': 'ACTIVE', 'external_gateway_info': {'network_id': '2279bdd9-833e-4822-9c1f-8faa9c77aa61', 'external_fixed_ips': [{'subnet_id': 'aaf9cb87-ef8c-42fb-ba08-fd36b05477a5', 'ip_address': '10.180.180.235'}], 'enable_snat': True}, 'description': '', 'availability_zones': [], 'distributed': False, 'ha': False, 'availability_zone_hints': [], 'routes': [], 'flavor_id': None, 'tags': [], 'created_at': '2025-05-08T17:22:34Z', 'updated_at': '2025-05-08T17:22:35Z', 'revision_number': 2, 'project_id': '79060d06877149fb8970e454e0927e61'}
2025-05-08 17:22:37.193 70852 INFO tempest.lib.common.rest_client [req-7038394c-86d0-47c7-b176-12be0b719a99 req-7038394c-86d0-47c7-b176-12be0b719a99 ] Request (FloatingIPsNegativeTestJSON:tearDownClass): 204 DELETE http://10.180.1.21:9696/networking/v2.0/networks/cab458e3-ac41-4a6e-9e59-ab2ddc908852 0.424s
2025-05-08 17:22:37.240 70875 INFO tempest.lib.common.rest_client [req-cd2ed45c-fd07-430c-87af-f45b11a62d60 req-cd2ed45c-fd07-430c-87af-f45b11a62d60 ] Request (QuotasAdminNegativeTest:tearDownClass): 204 DELETE http://10.180.1.21/identity/v3/users/cbdaf15a6a8348b6960206cb063d21af 0.155s
2025-05-08 17:22:37.241 70905 INFO tempest.lib.common.rest_client [req-a787ae08-e1a6-4519-bf45-ad6c6de0fc92 req-a787ae08-e1a6-4519-bf45-ad6c6de0fc92 ] Request (ServerDiskConfigTestJSON:test_rebuild_server_with_auto_disk_config): 200 GET http://10.180.1.21/compute/v2.1/servers/5db10105-c39d-4d08-b423-0df14ac4250d 1.080s
2025-05-08 17:22:37.241 70875 INFO tempest.lib.common.dynamic_creds [-] Deleting project and security group for project: 41e7aa54ac0d4f2f8a7fdd279048f9ae
2025-05-08 17:22:37.289 70906 INFO tempest.lib.common.rest_client [req-e89193ec-b5ef-4c76-ba05-ff85b1e4c3d2 req-e89193ec-b5ef-4c76-ba05-ff85b1e4c3d2 ] Request (FloatingIPsAssociationTestJSON:setUpClass): 200 GET http://10.180.1.21/compute/v2.1/servers/c90b8c2b-6a16-41e0-87a9-c0368fd34446 1.141s
2025-05-08 17:22:37.290 70894 INFO tempest.lib.common.rest_client [req-bfa64f83-8d62-4cec-9a15-bd906792748e req-bfa64f83-8d62-4cec-9a15-bd906792748e ] Request (FlavorsExtraSpecsTestJSON:tearDownClass): 200 GET http://10.180.1.21:9696/networking/v2.0/security-groups?tenant_id=5d8f29ed13284a6ca4659e0faf6ee1c9&name=default 0.535s
2025-05-08 17:22:37.297 70866 INFO tempest.lib.common.rest_client [req-964f08be-5610-4931-9827-b8b6268fabe8 req-964f08be-5610-4931-9827-b8b6268fabe8 ] Request (AggregatesAdminNegativeTestJSON:test_aggregate_create_aggregate_name_length_less_than_1): 400 POST http://10.180.1.21/compute/v2.1/os-aggregates 1.121s
2025-05-08 17:22:37.378 70880 INFO tempest.lib.common.rest_client [req-aba149b9-40b5-45f7-a7e6-7af46a09e9dc req-aba149b9-40b5-45f7-a7e6-7af46a09e9dc ] Request (DeleteServersTestJSON:setUpClass): 201 POST http://10.180.1.21/identity/v3/auth/tokens 0.269s
2025-05-08 17:22:37.382 70896 INFO tempest.lib.common.rest_client [req-b3914370-26f2-4120-8c08-9a7c76403751 req-b3914370-26f2-4120-8c08-9a7c76403751 ] Request (FlavorsV2TestJSON:test_list_flavors_using_marker): 200 GET http://10.180.1.21/compute/v2.1/flavors?marker=42 1.191s
2025-05-08 17:22:37.428 70875 INFO tempest.lib.common.rest_client [req-d583a03a-4c9c-4a10-a272-f4fce9d69d30 req-d583a03a-4c9c-4a10-a272-f4fce9d69d30 ] Request (QuotasAdminNegativeTest:tearDownClass): 201 POST http://10.180.1.21/identity/v3/auth/tokens 0.185s
2025-05-08 17:22:37.479 70860 INFO tempest.lib.common.rest_client [req-21d0cbf7-721d-43fd-8d9d-df7560428f87 req-21d0cbf7-721d-43fd-8d9d-df7560428f87 ] Request (HypervisorAdminV228Test:tearDownClass): 200 GET http://10.180.1.21:9696/networking/v2.0/security-groups?tenant_id=55d70269c7fb4151bc517e1c7ea74dbe&name=default 0.489s
2025-05-08 17:22:37.500 70864 INFO tempest.lib.common.rest_client [req-ce22aa3a-e6ac-43fc-8de1-e6d4991ddb74 req-ce22aa3a-e6ac-43fc-8de1-e6d4991ddb74 ] Request (ServersWithSpecificFlavorTestJSON:test_verify_created_server_ephemeral_disk): 200 GET http://10.180.1.21/compute/v2.1/servers/3f4349d7-2095-4377-9036-5edcf415c18c 1.290s
2025-05-08 17:22:37.550 70850 INFO tempest.lib.common.rest_client [req-11e2e496-3844-4971-97aa-b8726b5c5140 req-11e2e496-3844-4971-97aa-b8726b5c5140 ] Request (InstanceActionsTestJSON:test_list_instance_actions): 202 POST http://10.180.1.21/compute/v2.1/servers/6a9371b1-43ce-43d3-ac39-c3ea9ba0fa7d/action 1.377s
2025-05-08 17:22:37.556 70882 INFO tempest.lib.common.rest_client [req-c3813a65-aa96-4bdc-a51a-36e579dec3f2 req-c3813a65-aa96-4bdc-a51a-36e579dec3f2 ] Request (KeyPairsV22TestJSON:_run_cleanups): 204 DELETE http://10.180.1.21/compute/v2.1/os-keypairs/tempest-keypair-1183083882 1.342s
2025-05-08 17:22:37.634 70852 INFO tempest.lib.common.rest_client [req-7ddcbb33-c639-4c95-83aa-120181aff360 req-7ddcbb33-c639-4c95-83aa-120181aff360 ] Request (FloatingIPsNegativeTestJSON:tearDownClass): 204 DELETE http://10.180.1.21/identity/v3/users/8ba1e22db83a417c82ca11c7e5be98f3 0.441s
2025-05-08 17:22:37.635 70852 INFO tempest.lib.common.dynamic_creds [-] Deleting project and security group for project: f12b43a162ec48429b71129b3ab7dec8
2025-05-08 17:22:37.663 70894 INFO tempest.lib.common.rest_client [req-68586c10-7dfa-4bec-9214-8c86c3bc2ba9 req-68586c10-7dfa-4bec-9214-8c86c3bc2ba9 ] Request (FlavorsExtraSpecsTestJSON:tearDownClass): 204 DELETE http://10.180.1.21:9696/networking/v2.0/security-groups/4010fa5b-c5e9-4c22-8b62-be2076d01a2c 0.373s
2025-05-08 17:22:37.670 70860 INFO tempest.lib.common.rest_client [req-c223201b-fad7-479f-885a-72185382e21b req-c223201b-fad7-479f-885a-72185382e21b ] Request (HypervisorAdminV228Test:tearDownClass): 204 DELETE http://10.180.1.21:9696/networking/v2.0/security-groups/99105fb1-26a4-443a-acab-43efbc5032b8 0.191s
2025-05-08 17:22:37.690 70852 INFO tempest.lib.common.rest_client [req-a0e7377f-6382-4f5e-8994-c16aed19ae80 req-a0e7377f-6382-4f5e-8994-c16aed19ae80 ] Request (FloatingIPsNegativeTestJSON:tearDownClass): 200 GET http://10.180.1.21:9696/networking/v2.0/security-groups?tenant_id=f12b43a162ec48429b71129b3ab7dec8&name=default 0.054s
2025-05-08 17:22:37.699 70880 INFO tempest.lib.common.rest_client [req-06b238e2-1297-44a9-91b2-e716108c64f0 req-06b238e2-1297-44a9-91b2-e716108c64f0 ] Request (DeleteServersTestJSON:test_delete_active_server): 201 POST http://10.180.1.21/identity/v3/auth/tokens 0.314s
2025-05-08 17:22:37.700 70880 INFO tempest.lib.common.fixed_network [-] (DeleteServersTestJSON:test_delete_active_server) Found network {'id': '0b72ef80-5e63-4bac-b3dd-4a63ff7abe74', 'name': 'tempest-DeleteServersTestJSON-571665589-network', 'tenant_id': '79060d06877149fb8970e454e0927e61', 'admin_state_up': True, 'mtu': 8950, 'status': 'ACTIVE', 'subnets': [], 'shared': False, 'project_id': '79060d06877149fb8970e454e0927e61', 'port_security_enabled': True, 'router:external': False, 'provider:network_type': 'vlan', 'provider:physical_network': 'default', 'provider:segmentation_id': 493, 'availability_zone_hints': [], 'availability_zones': [], 'ipv4_address_scope': None, 'ipv6_address_scope': None, 'description': '', 'tags': [], 'created_at': '2025-05-08T17:22:34Z', 'updated_at': '2025-05-08T17:22:34Z', 'revision_number': 1} available for tenant
2025-05-08 17:22:37.777 70862 INFO tempest.lib.common.rest_client [req-1c32c496-6727-4b93-bb2f-6594d2955bee req-1c32c496-6727-4b93-bb2f-6594d2955bee ] Request (TenantUsagesTestJSON:setUpClass): 200 GET http://10.180.1.21/compute/v2.1/servers/2f797a33-e18e-45f5-84e8-b1b80e3ad11b 1.389s
2025-05-08 17:22:37.802 70848 INFO tempest.lib.common.rest_client [req-ff8d0f38-2394-4e79-9679-0da4fc489ff9 req-ff8d0f38-2394-4e79-9679-0da4fc489ff9 ] Request (FlavorsAdminTestJSON:_run_cleanups): 200 GET http://10.180.1.21/compute/v2.1/flavors/detail 1.383s
2025-05-08 17:22:37.823 70888 INFO tempest.lib.common.rest_client [req-44ef2431-a772-42d6-8a41-f76360501692 req-44ef2431-a772-42d6-8a41-f76360501692 ] Request (HostsAdminTestJSON:test_show_host_detail): 200 GET http://10.180.1.21/compute/v2.1/os-hosts 1.379s
2025-05-08 17:22:37.837 70878 INFO tempest.lib.common.rest_client [req-08ab6b4a-0890-4cf4-81d3-c6b2fc483b66 req-08ab6b4a-0890-4cf4-81d3-c6b2fc483b66 ] Request (SecurityGroupRulesTestJSON:test_security_group_rules_list): 200 POST http://10.180.1.21/compute/v2.1/os-security-groups 1.557s
2025-05-08 17:22:37.843 70892 INFO tempest.lib.common.rest_client [req-068241ce-811e-4094-b748-0efaf7c62525 req-068241ce-811e-4094-b748-0efaf7c62525 ] Request (HypervisorAdminNegativeUnderV252Test:test_show_servers_with_non_admin_user): 403 GET http://10.180.1.21/compute/v2.1/os-hypervisors/1/servers 1.359s
2025-05-08 17:22:37.844 70846 INFO tempest.lib.common.rest_client [req-c1ecbd44-d68b-4650-80a3-dc89e2c1f6e3 req-c1ecbd44-d68b-4650-80a3-dc89e2c1f6e3 ] Request (FlavorsAccessNegativeTestJSON:_run_cleanups): 200 GET http://10.180.1.21/compute/v2.1/flavors/detail 1.386s
2025-05-08 17:22:37.875 70872 INFO tempest.lib.common.rest_client [req-6f3b90ed-7dce-4812-bded-6a41739cc6d4 req-6f3b90ed-7dce-4812-bded-6a41739cc6d4 ] Request (HypervisorAdminTestJSON:test_get_hypervisor_show_details): 200 GET http://10.180.1.21/compute/v2.1/os-hypervisors 1.304s
2025-05-08 17:22:37.876 70860 INFO tempest.lib.common.rest_client [req-2c51b9a7-6a2c-471b-8571-14b42bbfedbb req-2c51b9a7-6a2c-471b-8571-14b42bbfedbb ] Request (HypervisorAdminV228Test:tearDownClass): 204 DELETE http://10.180.1.21/identity/v3/projects/55d70269c7fb4151bc517e1c7ea74dbe 0.205s
2025-05-08 17:22:37.876 70860 INFO tempest.lib.common.dynamic_creds [-] Deleting project and security group for project: 6e082e47596f45de839c23d7fe3787f0
2025-05-08 17:22:37.881 70852 INFO tempest.lib.common.rest_client [req-0d7717ca-9b1f-4ab6-9c56-ffbd3ddf5927 req-0d7717ca-9b1f-4ab6-9c56-ffbd3ddf5927 ] Request (FloatingIPsNegativeTestJSON:tearDownClass): 204 DELETE http://10.180.1.21:9696/networking/v2.0/security-groups/9e2e2e56-35e0-4ce8-9a1b-0f081b3952bc 0.189s
2025-05-08 17:22:37.882 70894 INFO tempest.lib.common.rest_client [req-96c482eb-5e15-479d-8906-b85b455dded6 req-96c482eb-5e15-479d-8906-b85b455dded6 ] Request (FlavorsExtraSpecsTestJSON:tearDownClass): 204 DELETE http://10.180.1.21/identity/v3/projects/5d8f29ed13284a6ca4659e0faf6ee1c9 0.218s
2025-05-08 17:22:37.882 70894 INFO tempest.lib.common.dynamic_creds [-] Deleting project and security group for project: 1c35925c08f54911b11432790f2692dd
2025-05-08 17:22:37.953 70858 INFO tempest.lib.common.rest_client [req-fdb6df13-48c2-414e-89fc-df2c55c08501 req-fdb6df13-48c2-414e-89fc-df2c55c08501 ] Request (ImagesOneServerTestJSON:setUpClass): 200 GET http://10.180.1.21/compute/v2.1/servers/7d528f60-1928-4642-9764-ac7c776b85f6 1.192s
2025-05-08 17:22:37.990 70852 INFO tempest.lib.common.rest_client [req-eedbd36e-3ab8-4cc0-b39e-aa3c35933e35 req-eedbd36e-3ab8-4cc0-b39e-aa3c35933e35 ] Request (FloatingIPsNegativeTestJSON:tearDownClass): 204 DELETE http://10.180.1.21/identity/v3/projects/f12b43a162ec48429b71129b3ab7dec8 0.109s
2025-05-08 17:22:38.038 70900 INFO tempest.lib.common.rest_client [req-a1c40f57-19f8-42d8-9671-42c192a2614a req-a1c40f57-19f8-42d8-9671-42c192a2614a ] Request (SecurityGroupsTestAdminJSON:_run_cleanups): 202 DELETE http://10.180.1.21/compute/v2.1/os-security-groups/2f12b7b0-da51-44b4-8873-d0aa2736a184 1.135s
2025-05-08 17:22:38.053 70860 INFO tempest.lib.common.rest_client [req-415f02d6-92d5-427b-ae2f-d8b792b074cd req-415f02d6-92d5-427b-ae2f-d8b792b074cd ] Request (HypervisorAdminV228Test:tearDownClass): 200 GET http://10.180.1.21:9696/networking/v2.0/security-groups?tenant_id=6e082e47596f45de839c23d7fe3787f0&name=default 0.176s
2025-05-08 17:22:38.087 70852 INFO tempest.lib.common.rest_client [req-1eec4d89-8648-4bff-a391-4d835c561156 req-1eec4d89-8648-4bff-a391-4d835c561156 ] Request (KeyPairsV2TestJSON:setUpClass): 201 POST http://10.180.1.21/identity/v3/auth/tokens 0.095s
2025-05-08 17:22:38.128 70870 INFO tempest.lib.common.rest_client [req-6bc11129-225a-4816-aa59-ff282c088541 req-6bc11129-225a-4816-aa59-ff282c088541 ] Request (ServerDiagnosticsV248Test:test_get_server_diagnostics): 200 GET http://10.180.1.21/compute/v2.1/servers/99388db0-92e9-43d3-810a-5854edf7739a 1.107s
2025-05-08 17:22:38.142 70852 INFO tempest.lib.common.rest_client [req-d29c8f7c-e2af-4207-9f76-94b4b51d1efa req-d29c8f7c-e2af-4207-9f76-94b4b51d1efa ] Request (KeyPairsV2TestJSON:setUpClass): 201 POST http://10.180.1.21/identity/v3/auth/tokens 0.052s
2025-05-08 17:22:38.183 70852 INFO tempest.lib.common.rest_client [req-2577480d-5355-4988-b6a4-ca49e54906bb req-2577480d-5355-4988-b6a4-ca49e54906bb ] Request (KeyPairsV2TestJSON:setUpClass): 200 GET http://10.180.1.21/identity/v3/domains?name=Default 0.041s
2025-05-08 17:22:38.203 70860 INFO tempest.lib.common.rest_client [req-a3aaa532-05dc-40b3-aec7-16b49a51d13c req-a3aaa532-05dc-40b3-aec7-16b49a51d13c ] Request (HypervisorAdminV228Test:tearDownClass): 204 DELETE http://10.180.1.21:9696/networking/v2.0/security-groups/25096b81-2e53-495e-8d7f-bf8ebc6692a8 0.149s
2025-05-08 17:22:38.217 70875 INFO tempest.lib.common.rest_client [req-2468bc3f-5a08-4ea5-bab6-e6837acc698e req-2468bc3f-5a08-4ea5-bab6-e6837acc698e ] Request (QuotasAdminNegativeTest:tearDownClass): 200 GET http://10.180.1.21:9696/networking/v2.0/security-groups?tenant_id=41e7aa54ac0d4f2f8a7fdd279048f9ae&name=default 0.787s
2025-05-08 17:22:38.236 70852 INFO tempest.lib.common.rest_client [req-ad903e4c-c4b2-40da-9643-57b5bf20cebc req-ad903e4c-c4b2-40da-9643-57b5bf20cebc ] Request (KeyPairsV2TestJSON:setUpClass): 201 POST http://10.180.1.21/identity/v3/projects 0.052s
2025-05-08 17:22:38.276 70898 INFO tempest.lib.common.rest_client [req-90a98934-3de6-4329-a7ff-1d2b068deece req-90a98934-3de6-4329-a7ff-1d2b068deece ] Request (DeleteServersAdminTestJSON:test_admin_delete_servers_of_others): 200 GET http://10.180.1.21/compute/v2.1/servers/a7404f22-2bdf-4c11-a015-adf07f82ab75 1.319s
2025-05-08 17:22:38.308 70875 INFO tempest.lib.common.rest_client [req-26b07f07-7605-4da7-8892-193e51529143 req-26b07f07-7605-4da7-8892-193e51529143 ] Request (QuotasAdminNegativeTest:tearDownClass): 204 DELETE http://10.180.1.21:9696/networking/v2.0/security-groups/40931d42-b342-4c0f-9cb1-4b8ba3c151f4 0.090s
2025-05-08 17:22:38.344 70894 INFO tempest.lib.common.rest_client [req-933bf997-205c-44ca-a2d7-392fc29f8c91 req-933bf997-205c-44ca-a2d7-392fc29f8c91 ] Request (FlavorsExtraSpecsTestJSON:tearDownClass): 200 GET http://10.180.1.21:9696/networking/v2.0/security-groups?tenant_id=1c35925c08f54911b11432790f2692dd&name=default 0.461s
2025-05-08 17:22:38.361 70860 INFO tempest.lib.common.rest_client [req-e76ff5bc-c72c-4712-acc2-e5078f29e445 req-e76ff5bc-c72c-4712-acc2-e5078f29e445 ] Request (HypervisorAdminV228Test:tearDownClass): 204 DELETE http://10.180.1.21/identity/v3/projects/6e082e47596f45de839c23d7fe3787f0 0.157s
2025-05-08 17:22:38.379 70902 INFO tempest.lib.common.rest_client [req-f4fc4911-1784-44a2-bdcf-2b4c9f5c5120 req-f4fc4911-1784-44a2-bdcf-2b4c9f5c5120 ] Request (QuotasAdminTestJSON:test_get_updated_quotas): 200 PUT http://10.180.1.21/compute/v2.1/os-quota-sets/d23ef85ddc3a44ee9d0d0d6dbc551cb8 1.283s
2025-05-08 17:22:38.387 70852 INFO tempest.lib.common.rest_client [req-f5f3a60b-66a5-4cd7-af68-e01ae89e4f6e req-f5f3a60b-66a5-4cd7-af68-e01ae89e4f6e ] Request (KeyPairsV2TestJSON:setUpClass): 201 POST http://10.180.1.21/identity/v3/users 0.151s
2025-05-08 17:22:38.435 70875 INFO tempest.lib.common.rest_client [req-92fe4b3a-8db7-468b-9d71-5eafc1da8b15 req-92fe4b3a-8db7-468b-9d71-5eafc1da8b15 ] Request (QuotasAdminNegativeTest:tearDownClass): 204 DELETE http://10.180.1.21/identity/v3/projects/41e7aa54ac0d4f2f8a7fdd279048f9ae 0.126s
2025-05-08 17:22:38.436 70875 INFO tempest.lib.common.dynamic_creds [-] Deleting project and security group for project: 5b411c722dd54b74867f289d15ba27eb
2025-05-08 17:22:38.489 70860 INFO tempest.lib.common.rest_client [req-28d070d5-f811-4dc5-a07b-65d78d189566 req-28d070d5-f811-4dc5-a07b-65d78d189566 ] Request (ServerExternalEventsTest:setUpClass): 201 POST http://10.180.1.21/identity/v3/auth/tokens 0.126s
2025-05-08 17:22:38.495 70868 INFO tempest.lib.common.rest_client [req-a0a143a8-64be-4aed-a48b-fad123d9c6a9 req-a0a143a8-64be-4aed-a48b-fad123d9c6a9 ] Request (MigrationsAdminTest:test_list_migrations_in_flavor_resize_situation): 200 GET http://10.180.1.21/compute/v2.1/servers/ea9f773a-4f52-4819-9f4e-628db9b920f2 1.383s
2025-05-08 17:22:38.499 70852 INFO tempest.lib.common.rest_client [req-ffc8cd3a-d25d-4fd5-8541-c7b0c5a2e3ed req-ffc8cd3a-d25d-4fd5-8541-c7b0c5a2e3ed ] Request (KeyPairsV2TestJSON:setUpClass): 200 GET http://10.180.1.21/identity/v3/roles 0.112s
2025-05-08 17:22:38.507 70868 INFO tempest.common.waiters [-] State transition "BUILD/networking" ==> "BUILD/spawning" after 18 second wait
2025-05-08 17:22:38.511 70894 INFO tempest.lib.common.rest_client [req-6e888038-19a8-4e3d-997c-ced20b60beea req-6e888038-19a8-4e3d-997c-ced20b60beea ] Request (FlavorsExtraSpecsTestJSON:tearDownClass): 204 DELETE http://10.180.1.21:9696/networking/v2.0/security-groups/e81c810d-302d-4366-a042-0fa96be84b94 0.167s
2025-05-08 17:22:38.511 70884 INFO tempest.lib.common.rest_client [req-77bd328c-2724-4c1f-8b04-0c4f49722e1d req-77bd328c-2724-4c1f-8b04-0c4f49722e1d ] Request (ServersAdmin275Test:test_rebuild_update_server_275): 200 GET http://10.180.1.21/compute/v2.1/servers/0388e623-1848-4d69-9232-e995611c3c6a 1.298s
2025-05-08 17:22:38.514 70866 INFO tempest.lib.common.rest_client [req-8359fd92-0a5d-431f-b461-8e4c5de0db90 req-8359fd92-0a5d-431f-b461-8e4c5de0db90 ] Request (AggregatesAdminNegativeTestJSON:test_aggregate_create_as_user): 403 POST http://10.180.1.21/compute/v2.1/os-aggregates 1.214s
2025-05-08 17:22:38.530 70852 INFO tempest.lib.common.rest_client [req-e24c3145-d984-4d3c-b1cc-870183f4a6cf req-e24c3145-d984-4d3c-b1cc-870183f4a6cf ] Request (KeyPairsV2TestJSON:setUpClass): 204 PUT http://10.180.1.21/identity/v3/projects/b2f1b531a5984670a1b2f59ac8222954/users/5f308372ad3b4a5b910d7d3396c90c2e/roles/2512e6aed9584ac68f73467eb8044b9c 0.029s
2025-05-08 17:22:38.530 70852 INFO tempest.lib.common.dynamic_creds [-] Dynamic test user 5f308372ad3b4a5b910d7d3396c90c2e is created with scope project and roles: ['member']
2025-05-08 17:22:38.530 70852 INFO tempest.lib.common.dynamic_creds [-] Acquired dynamic creds: credentials: Credentials: {'domain_id': 'default', 'domain_name': 'Default', 'username': 'tempest-KeyPairsV2TestJSON-1175624661-project-member', 'project_domain_id': 'default', 'project_domain_name': 'Default', 'project_id': 'b2f1b531a5984670a1b2f59ac8222954', 'project_name': 'tempest-KeyPairsV2TestJSON-1175624661', 'tenant_id': 'b2f1b531a5984670a1b2f59ac8222954', 'tenant_name': 'tempest-KeyPairsV2TestJSON-1175624661', 'user_domain_id': 'default', 'user_domain_name': 'Default', 'user_id': '5f308372ad3b4a5b910d7d3396c90c2e', 'system': None}, Network: None, Subnet: None, Router: None
2025-05-08 17:22:38.530 70852 INFO tempest.lib.common.dynamic_creds [-] Created isolated network resources for: credentials: Credentials: {'domain_id': 'default', 'domain_name': 'Default', 'username': 'tempest-KeyPairsV2TestJSON-1175624661-project-member', 'project_domain_id': 'default', 'project_domain_name': 'Default', 'project_id': 'b2f1b531a5984670a1b2f59ac8222954', 'project_name': 'tempest-KeyPairsV2TestJSON-1175624661', 'tenant_id': 'b2f1b531a5984670a1b2f59ac8222954', 'tenant_name': 'tempest-KeyPairsV2TestJSON-1175624661', 'user_domain_id': 'default', 'user_domain_name': 'Default', 'user_id': '5f308372ad3b4a5b910d7d3396c90c2e', 'system': None}, Network: None, Subnet: None, Router: None
2025-05-08 17:22:38.554 70896 INFO tempest.lib.common.rest_client [req-b7f188e9-f3b8-49cd-b460-e72da7ac99cc req-b7f188e9-f3b8-49cd-b460-e72da7ac99cc ] Request (FlavorsV2TestJSON:test_list_flavors_with_detail): 200 GET http://10.180.1.21/compute/v2.1/flavors/detail 1.167s
2025-05-08 17:22:38.594 70860 INFO tempest.lib.common.rest_client [req-bdf46837-8bac-407e-929c-ee08499bccc8 req-bdf46837-8bac-407e-929c-ee08499bccc8 ] Request (ServerExternalEventsTest:setUpClass): 201 POST http://10.180.1.21/identity/v3/auth/tokens 0.102s
2025-05-08 17:22:38.659 70894 INFO tempest.lib.common.rest_client [req-b2083df1-8c78-489c-a549-ab5b21f8361d req-b2083df1-8c78-489c-a549-ab5b21f8361d ] Request (FlavorsExtraSpecsTestJSON:tearDownClass): 204 DELETE http://10.180.1.21/identity/v3/projects/1c35925c08f54911b11432790f2692dd 0.147s
2025-05-08 17:22:38.710 70852 INFO tempest.lib.common.rest_client [req-20ffdf50-ee0f-4544-890a-51c6edccf683 req-20ffdf50-ee0f-4544-890a-51c6edccf683 ] Request (KeyPairsV2TestJSON:setUpClass): 201 POST http://10.180.1.21/identity/v3/auth/tokens 0.176s
2025-05-08 17:22:38.731 70860 INFO tempest.lib.common.rest_client [req-20894d53-7d77-4092-aac5-facdbf5cb3df req-20894d53-7d77-4092-aac5-facdbf5cb3df ] Request (ServerExternalEventsTest:setUpClass): 200 GET http://10.180.1.21/identity/v3/domains?name=Default 0.136s
2025-05-08 17:22:38.749 70894 INFO tempest.lib.common.rest_client [req-0c5b18ca-ee5a-44a1-a0e5-1a7d04465884 req-0c5b18ca-ee5a-44a1-a0e5-1a7d04465884 ] Request (HostsAdminNegativeTestJSON:setUpClass): 201 POST http://10.180.1.21/identity/v3/auth/tokens 0.088s
2025-05-08 17:22:38.768 70860 INFO tempest.lib.common.rest_client [req-27eeadac-232e-4bfe-8f07-13afc802e8c2 req-27eeadac-232e-4bfe-8f07-13afc802e8c2 ] Request (ServerExternalEventsTest:setUpClass): 201 POST http://10.180.1.21/identity/v3/projects 0.036s
2025-05-08 17:22:38.780 70875 INFO tempest.lib.common.rest_client [req-5ff7c547-3def-492b-8b8b-1dea08bcf560 req-5ff7c547-3def-492b-8b8b-1dea08bcf560 ] Request (QuotasAdminNegativeTest:tearDownClass): 200 GET http://10.180.1.21:9696/networking/v2.0/security-groups?tenant_id=5b411c722dd54b74867f289d15ba27eb&name=default 0.344s
2025-05-08 17:22:38.836 70860 INFO tempest.lib.common.rest_client [req-66976b3e-8e59-4174-866a-ce627b2e306f req-66976b3e-8e59-4174-866a-ce627b2e306f ] Request (ServerExternalEventsTest:setUpClass): 201 POST http://10.180.1.21/identity/v3/users 0.068s
2025-05-08 17:22:38.856 70860 INFO tempest.lib.common.rest_client [req-4c64cf4e-7b3d-4fa3-9413-6795d156b628 req-4c64cf4e-7b3d-4fa3-9413-6795d156b628 ] Request (ServerExternalEventsTest:setUpClass): 200 GET http://10.180.1.21/identity/v3/roles 0.019s
2025-05-08 17:22:38.857 70850 INFO tempest.lib.common.rest_client [req-9958c43f-ecd4-408c-bc1e-f23a09187c15 req-9958c43f-ecd4-408c-bc1e-f23a09187c15 ] Request (InstanceActionsTestJSON:test_list_instance_actions): 200 GET http://10.180.1.21/compute/v2.1/servers/6a9371b1-43ce-43d3-ac39-c3ea9ba0fa7d 1.304s
2025-05-08 17:22:38.859 70894 INFO tempest.lib.common.rest_client [req-e433b6cc-ea0f-475e-a7c3-75e0d45037b4 req-e433b6cc-ea0f-475e-a7c3-75e0d45037b4 ] Request (HostsAdminNegativeTestJSON:setUpClass): 201 POST http://10.180.1.21/identity/v3/auth/tokens 0.107s
2025-05-08 17:22:38.891 70894 INFO tempest.lib.common.rest_client [req-317a1a84-f2c3-4b14-b6e1-ba7b3e3258fe req-317a1a84-f2c3-4b14-b6e1-ba7b3e3258fe ] Request (HostsAdminNegativeTestJSON:setUpClass): 200 GET http://10.180.1.21/identity/v3/domains?name=Default 0.031s
2025-05-08 17:22:38.897 70860 INFO tempest.lib.common.rest_client [req-aafef6cf-9267-4836-be68-c6aabfe8a903 req-aafef6cf-9267-4836-be68-c6aabfe8a903 ] Request (ServerExternalEventsTest:setUpClass): 204 PUT http://10.180.1.21/identity/v3/projects/85cd560e258646a5af912c4ad90c865c/users/1d0b25417d88474bbfaca4f4c691e0f2/roles/2512e6aed9584ac68f73467eb8044b9c 0.040s
2025-05-08 17:22:38.897 70860 INFO tempest.lib.common.dynamic_creds [-] Dynamic test user 1d0b25417d88474bbfaca4f4c691e0f2 is created with scope project and roles: ['member']
2025-05-08 17:22:38.898 70860 INFO tempest.lib.common.dynamic_creds [-] Acquired dynamic creds: credentials: Credentials: {'domain_id': 'default', 'domain_name': 'Default', 'username': 'tempest-ServerExternalEventsTest-548408651-project-member', 'project_domain_id': 'default', 'project_domain_name': 'Default', 'project_id': '85cd560e258646a5af912c4ad90c865c', 'project_name': 'tempest-ServerExternalEventsTest-548408651', 'tenant_id': '85cd560e258646a5af912c4ad90c865c', 'tenant_name': 'tempest-ServerExternalEventsTest-548408651', 'user_domain_id': 'default', 'user_domain_name': 'Default', 'user_id': '1d0b25417d88474bbfaca4f4c691e0f2', 'system': None}, Network: None, Subnet: None, Router: None
2025-05-08 17:22:38.898 70860 INFO tempest.lib.common.dynamic_creds [-] Created isolated network resources for: credentials: Credentials: {'domain_id': 'default', 'domain_name': 'Default', 'username': 'tempest-ServerExternalEventsTest-548408651-project-member', 'project_domain_id': 'default', 'project_domain_name': 'Default', 'project_id': '85cd560e258646a5af912c4ad90c865c', 'project_name': 'tempest-ServerExternalEventsTest-548408651', 'tenant_id': '85cd560e258646a5af912c4ad90c865c', 'tenant_name': 'tempest-ServerExternalEventsTest-548408651', 'user_domain_id': 'default', 'user_domain_name': 'Default', 'user_id': '1d0b25417d88474bbfaca4f4c691e0f2', 'system': None}, Network: None, Subnet: None, Router: None
2025-05-08 17:22:38.933 70882 INFO tempest.lib.common.rest_client [req-84968167-22bd-4a3d-b8fc-c5adefddac08 req-84968167-22bd-4a3d-b8fc-c5adefddac08 ] Request (KeyPairsV22TestJSON:test_keypairsv22_create_list_show_with_type): 201 POST http://10.180.1.21/compute/v2.1/os-keypairs 1.375s
2025-05-08 17:22:38.968 70894 INFO tempest.lib.common.rest_client [req-529eec33-d8a7-4cd4-b5cf-e6fd3e6f047c req-529eec33-d8a7-4cd4-b5cf-e6fd3e6f047c ] Request (HostsAdminNegativeTestJSON:setUpClass): 201 POST http://10.180.1.21/identity/v3/projects 0.077s
2025-05-08 17:22:38.975 70860 INFO tempest.lib.common.rest_client [req-3c11ff04-59ca-4fd3-b074-5f63bca8d1c9 req-3c11ff04-59ca-4fd3-b074-5f63bca8d1c9 ] Request (ServerExternalEventsTest:setUpClass): 201 POST http://10.180.1.21/identity/v3/auth/tokens 0.075s
2025-05-08 17:22:39.003 70908 INFO tempest.lib.common.rest_client [req-7294b8d4-c4fa-449e-a0ec-e827c18607f1 req-7294b8d4-c4fa-449e-a0ec-e827c18607f1 ] Request (VolumesAssistedSnapshotsTest:test_volume_assisted_snapshot_create_delete): 200 GET http://10.180.1.21/compute/v2.1/servers/9ad6dd25-d461-4c1a-a084-28ad37c432fc 1.351s
2025-05-08 17:22:39.007 70875 INFO tempest.lib.common.rest_client [req-0c2cbbb5-38ae-48dd-8bc0-4086061c7d3f req-0c2cbbb5-38ae-48dd-8bc0-4086061c7d3f ] Request (QuotasAdminNegativeTest:tearDownClass): 204 DELETE http://10.180.1.21:9696/networking/v2.0/security-groups/f71d61db-5a46-42fb-9602-7c0fbb6e3058 0.225s
2025-05-08 17:22:39.036 70860 INFO tempest.lib.common.rest_client [req-0d2755b1-977b-4253-be75-38368164e796 req-0d2755b1-977b-4253-be75-38368164e796 ] Request (ServerExternalEventsTest:setUpClass): 201 POST http://10.180.1.21/identity/v3/projects 0.060s
2025-05-08 17:22:39.037 70894 INFO tempest.lib.common.rest_client [req-e440f342-dd37-4103-9776-f8e381b02dbb req-e440f342-dd37-4103-9776-f8e381b02dbb ] Request (HostsAdminNegativeTestJSON:setUpClass): 201 POST http://10.180.1.21/identity/v3/users 0.068s
2025-05-08 17:22:39.089 70890 INFO tempest.lib.common.rest_client [req-27e9c3ac-a90e-4aca-ba29-99c13d188d66 req-27e9c3ac-a90e-4aca-ba29-99c13d188d66 ] Request (VolumesAdminNegativeTest:test_update_attached_volume_with_nonexistent_volume_in_body): 200 GET http://10.180.1.21/compute/v2.1/servers/11e8b16d-db07-4b22-9bb6-e73ea9a5e0f6 1.536s
2025-05-08 17:22:39.100 70890 INFO tempest.common.waiters [-] State transition "BUILD/None" ==> "BUILD/block_device_mapping" after 16 second wait
2025-05-08 17:22:39.117 70848 INFO tempest.lib.common.rest_client [req-c4b4e2af-f903-47f3-8a5b-b62c6e51184b req-c4b4e2af-f903-47f3-8a5b-b62c6e51184b ] Request (FlavorsAdminTestJSON:test_create_list_flavor_without_extra_data): 200 POST http://10.180.1.21/compute/v2.1/flavors 1.309s
2025-05-08 17:22:39.142 70875 INFO tempest.lib.common.rest_client [req-006f61b7-7960-4bd8-8c6b-4ff293ba2359 req-006f61b7-7960-4bd8-8c6b-4ff293ba2359 ] Request (QuotasAdminNegativeTest:tearDownClass): 204 DELETE http://10.180.1.21/identity/v3/projects/5b411c722dd54b74867f289d15ba27eb 0.135s
2025-05-08 17:22:39.143 70875 INFO tempest.test [-] raised in UpdateMultiattachVolumeNegativeTest.setUpClass. Invoking tearDownClass.
2025-05-08 17:22:39.187 70856 INFO tempest.lib.common.rest_client [req-55d7a2c1-28cd-4e14-a980-eeb40a55e0c3 req-55d7a2c1-28cd-4e14-a980-eeb40a55e0c3 ] Request (ServersAdminNegativeTestJSON:setUpClass): 200 GET http://10.180.1.21/compute/v2.1/servers/a8990c35-0ff5-42a2-a236-871039dc979a 1.363s
2025-05-08 17:22:39.198 70860 INFO tempest.lib.common.rest_client [req-985940c0-7546-49b8-a0c6-8246a7db0c4e req-985940c0-7546-49b8-a0c6-8246a7db0c4e ] Request (ServerExternalEventsTest:setUpClass): 201 POST http://10.180.1.21/identity/v3/users 0.161s
2025-05-08 17:22:39.207 70894 INFO tempest.lib.common.rest_client [req-00a6add4-026f-413f-ae57-4afc230f49c7 req-00a6add4-026f-413f-ae57-4afc230f49c7 ] Request (HostsAdminNegativeTestJSON:setUpClass): 200 GET http://10.180.1.21/identity/v3/roles 0.169s
2025-05-08 17:22:39.226 70875 INFO tempest.lib.common.rest_client [req-0068c7dc-96dc-48b6-8808-aac0b190cf8a req-0068c7dc-96dc-48b6-8808-aac0b190cf8a ] Request (FloatingIPDetailsNegativeTestJSON:setUpClass): 201 POST http://10.180.1.21/identity/v3/auth/tokens 0.079s
2025-05-08 17:22:39.236 70860 INFO tempest.lib.common.rest_client [req-7b03dc55-92bb-4ba5-85a6-875b426b25df req-7b03dc55-92bb-4ba5-85a6-875b426b25df ] Request (ServerExternalEventsTest:setUpClass): 200 GET http://10.180.1.21/identity/v3/roles 0.038s
2025-05-08 17:22:39.239 70888 INFO tempest.lib.common.rest_client [req-d1ccf79c-40b6-415e-ba5c-6e3bb80a4750 req-d1ccf79c-40b6-415e-ba5c-6e3bb80a4750 ] Request (HostsAdminTestJSON:test_show_host_detail): 200 GET http://10.180.1.21/compute/v2.1/os-hosts/cpu-1 1.415s
2025-05-08 17:22:39.257 70894 INFO tempest.lib.common.rest_client [req-469c1608-9b8a-40a1-9ae9-fce837ff6b1a req-469c1608-9b8a-40a1-9ae9-fce837ff6b1a ] Request (HostsAdminNegativeTestJSON:setUpClass): 204 PUT http://10.180.1.21/identity/v3/projects/aa2de33979cb48149d1b4126423749c0/users/92dc702ffcb34494a5f70b4afb2634c1/roles/2512e6aed9584ac68f73467eb8044b9c 0.049s
2025-05-08 17:22:39.258 70894 INFO tempest.lib.common.dynamic_creds [-] Dynamic test user 92dc702ffcb34494a5f70b4afb2634c1 is created with scope project and roles: ['member']
2025-05-08 17:22:39.259 70894 INFO tempest.lib.common.dynamic_creds [-] Acquired dynamic creds: credentials: Credentials: {'domain_id': 'default', 'domain_name': 'Default', 'username': 'tempest-HostsAdminNegativeTestJSON-1387950606-project-member', 'project_domain_id': 'default', 'project_domain_name': 'Default', 'project_id': 'aa2de33979cb48149d1b4126423749c0', 'project_name': 'tempest-HostsAdminNegativeTestJSON-1387950606', 'tenant_id': 'aa2de33979cb48149d1b4126423749c0', 'tenant_name': 'tempest-HostsAdminNegativeTestJSON-1387950606', 'user_domain_id': 'default', 'user_domain_name': 'Default', 'user_id': '92dc702ffcb34494a5f70b4afb2634c1', 'system': None}, Network: None, Subnet: None, Router: None
2025-05-08 17:22:39.259 70894 INFO tempest.lib.common.dynamic_creds [-] Created isolated network resources for: credentials: Credentials: {'domain_id': 'default', 'domain_name': 'Default', 'username': 'tempest-HostsAdminNegativeTestJSON-1387950606-project-member', 'project_domain_id': 'default', 'project_domain_name': 'Default', 'project_id': 'aa2de33979cb48149d1b4126423749c0', 'project_name': 'tempest-HostsAdminNegativeTestJSON-1387950606', 'tenant_id': 'aa2de33979cb48149d1b4126423749c0', 'tenant_name': 'tempest-HostsAdminNegativeTestJSON-1387950606', 'user_domain_id': 'default', 'user_domain_name': 'Default', 'user_id': '92dc702ffcb34494a5f70b4afb2634c1', 'system': None}, Network: None, Subnet: None, Router: None
2025-05-08 17:22:39.323 70875 INFO tempest.lib.common.rest_client [req-bd057372-b599-4e34-adf0-b799c32b2348 req-bd057372-b599-4e34-adf0-b799c32b2348 ] Request (FloatingIPDetailsNegativeTestJSON:setUpClass): 201 POST http://10.180.1.21/identity/v3/auth/tokens 0.094s
2025-05-08 17:22:39.349 70860 INFO tempest.lib.common.rest_client [req-e98997c8-3dd1-4902-ac04-f912cf77e3ec req-e98997c8-3dd1-4902-ac04-f912cf77e3ec ] Request (ServerExternalEventsTest:setUpClass): 204 PUT http://10.180.1.21/identity/v3/projects/ef1183e4fdb3423db8b98de4ff6062a9/users/e57cb5498377439bbed09fde8854990f/roles/c017d29285a24b88b433420bb6a70ff9 0.112s
2025-05-08 17:22:39.433 70878 INFO tempest.lib.common.rest_client [req-c2f498ac-a7e4-4492-a869-fc575a9df9aa req-c2f498ac-a7e4-4492-a869-fc575a9df9aa ] Request (SecurityGroupRulesTestJSON:test_security_group_rules_list): 200 POST http://10.180.1.21/compute/v2.1/os-security-group-rules 1.593s
2025-05-08 17:22:39.450 70894 INFO tempest.lib.common.rest_client [req-c378aa5a-2394-411b-a983-3b2a21d8b6a9 req-c378aa5a-2394-411b-a983-3b2a21d8b6a9 ] Request (HostsAdminNegativeTestJSON:setUpClass): 201 POST http://10.180.1.21/identity/v3/auth/tokens 0.185s
2025-05-08 17:22:39.454 70892 INFO tempest.lib.common.rest_client [req-a547bdb3-317b-4cae-9f4f-e3083729f4ed req-a547bdb3-317b-4cae-9f4f-e3083729f4ed ] Request (HypervisorAdminNegativeUnderV252Test:test_show_servers_with_nonexistent_hypervisor): 404 GET http://10.180.1.21/compute/v2.1/os-hypervisors/c0bd347d-18e3-4ac8-9b25-622698561a23/servers 1.609s
2025-05-08 17:22:39.457 70888 INFO tempest.lib.common.rest_client [req-664d7fef-c91f-4027-b484-9921aa140638 req-664d7fef-c91f-4027-b484-9921aa140638 ] Request (HostsAdminTestJSON:tearDownClass): 204 DELETE http://10.180.1.21/identity/v3/users/5e584b63395c48c9a8cc28b93e82f97c 0.213s
2025-05-08 17:22:39.478 70846 INFO tempest.lib.common.rest_client [req-9a48201a-f593-41d0-a7b7-abb49280c86e req-9a48201a-f593-41d0-a7b7-abb49280c86e ] Request (FlavorsAccessNegativeTestJSON:test_flavor_non_admin_remove): 200 POST http://10.180.1.21/compute/v2.1/flavors 1.627s
2025-05-08 17:22:39.517 70872 INFO tempest.lib.common.rest_client [req-f3cf7327-4d54-46ff-ab5b-8026ea72c1d4 req-f3cf7327-4d54-46ff-ab5b-8026ea72c1d4 ] Request (HypervisorAdminTestJSON:test_get_hypervisor_show_details): 200 GET http://10.180.1.21/compute/v2.1/os-hypervisors/1 1.641s
2025-05-08 17:22:39.535 70860 INFO tempest.lib.common.rest_client [req-983b51dd-3d5c-46a9-9b70-069ed7038ccd req-983b51dd-3d5c-46a9-9b70-069ed7038ccd ] Request (ServerExternalEventsTest:setUpClass): 200 GET http://10.180.1.21/identity/v3/roles 0.185s
2025-05-08 17:22:39.555 70875 INFO tempest.lib.common.rest_client [req-fad96fb9-af52-4df2-8749-718f83e83bc8 req-fad96fb9-af52-4df2-8749-718f83e83bc8 ] Request (FloatingIPDetailsNegativeTestJSON:setUpClass): 200 GET http://10.180.1.21/identity/v3/domains?name=Default 0.232s
2025-05-08 17:22:39.588 70894 INFO tempest.lib.common.rest_client [req-ce9afc1c-badf-4b1b-b4ae-340c75aeb21c req-ce9afc1c-badf-4b1b-b4ae-340c75aeb21c ] Request (HostsAdminNegativeTestJSON:setUpClass): 201 POST http://10.180.1.21/identity/v3/projects 0.137s
2025-05-08 17:22:39.624 70892 INFO tempest.lib.common.rest_client [req-4be2063d-92e1-4135-b1c2-ec7b79108508 req-4be2063d-92e1-4135-b1c2-ec7b79108508 ] Request (HypervisorAdminNegativeUnderV252Test:tearDownClass): 204 DELETE http://10.180.1.21/identity/v3/users/8762b9f06db34058b198a1d8cf74aeac 0.169s
2025-05-08 17:22:39.647 70886 INFO tempest.lib.common.rest_client [req-22ffc166-a90c-448d-baa1-d8e57fa10f29 req-22ffc166-a90c-448d-baa1-d8e57fa10f29 ] Request (ServerDiagnosticsTest:test_get_server_diagnostics): 200 GET http://10.180.1.21/compute/v2.1/servers/683944f0-defd-4b89-8276-7ed7ad804197 1.665s
2025-05-08 17:22:39.692 70860 INFO tempest.lib.common.rest_client [req-a8ff7758-990b-4a24-8f59-2f4efeba16c8 req-a8ff7758-990b-4a24-8f59-2f4efeba16c8 ] Request (ServerExternalEventsTest:setUpClass): 204 PUT http://10.180.1.21/identity/v3/projects/ef1183e4fdb3423db8b98de4ff6062a9/users/e57cb5498377439bbed09fde8854990f/roles/c017d29285a24b88b433420bb6a70ff9 0.156s
2025-05-08 17:22:39.693 70860 INFO tempest.lib.common.dynamic_creds [-] Dynamic test user e57cb5498377439bbed09fde8854990f is created with scope project and roles: ['admin']
2025-05-08 17:22:39.693 70860 INFO tempest.lib.common.dynamic_creds [-] Acquired dynamic creds: credentials: Credentials: {'domain_id': 'default', 'domain_name': 'Default', 'username': 'tempest-ServerExternalEventsTest-1129842184-project-admin', 'project_domain_id': 'default', 'project_domain_name': 'Default', 'project_id': 'ef1183e4fdb3423db8b98de4ff6062a9', 'project_name': 'tempest-ServerExternalEventsTest-1129842184', 'tenant_id': 'ef1183e4fdb3423db8b98de4ff6062a9', 'tenant_name': 'tempest-ServerExternalEventsTest-1129842184', 'user_domain_id': 'default', 'user_domain_name': 'Default', 'user_id': 'e57cb5498377439bbed09fde8854990f', 'system': None}, Network: None, Subnet: None, Router: None
2025-05-08 17:22:39.693 70860 INFO tempest.lib.common.dynamic_creds [-] Created isolated network resources for: credentials: Credentials: {'domain_id': 'default', 'domain_name': 'Default', 'username': 'tempest-ServerExternalEventsTest-1129842184-project-admin', 'project_domain_id': 'default', 'project_domain_name': 'Default', 'project_id': 'ef1183e4fdb3423db8b98de4ff6062a9', 'project_name': 'tempest-ServerExternalEventsTest-1129842184', 'tenant_id': 'ef1183e4fdb3423db8b98de4ff6062a9', 'tenant_name': 'tempest-ServerExternalEventsTest-1129842184', 'user_domain_id': 'default', 'user_domain_name': 'Default', 'user_id': 'e57cb5498377439bbed09fde8854990f', 'system': None}, Network: None, Subnet: None, Router: None
2025-05-08 17:22:39.737 70888 INFO tempest.lib.common.rest_client [req-048758b4-75ed-46b6-b9b6-b9700c0a88ea req-048758b4-75ed-46b6-b9b6-b9700c0a88ea ] Request (HostsAdminTestJSON:tearDownClass): 204 DELETE http://10.180.1.21/identity/v3/users/5f28ae5df11547efbd05a241232d81ad 0.279s
2025-05-08 17:22:39.737 70888 INFO tempest.lib.common.dynamic_creds [-] Deleting project and security group for project: dc5fc7b623124ea4abc07ae9c590fbf9
2025-05-08 17:22:39.768 70900 INFO tempest.lib.common.rest_client [req-c9b2891a-42be-47b1-9151-48c46230510f req-c9b2891a-42be-47b1-9151-48c46230510f ] Request (SecurityGroupsTestAdminJSON:_run_cleanups): 202 DELETE http://10.180.1.21/compute/v2.1/os-security-groups/60c496a9-b8f7-4b1f-b8fa-da80ba553929 1.729s
2025-05-08 17:22:39.802 70875 INFO tempest.lib.common.rest_client [req-40350b46-1dc0-4c28-826b-26ac82b02387 req-40350b46-1dc0-4c28-826b-26ac82b02387 ] Request (FloatingIPDetailsNegativeTestJSON:setUpClass): 201 POST http://10.180.1.21/identity/v3/projects 0.246s
2025-05-08 17:22:39.811 70894 INFO tempest.lib.common.rest_client [req-04e9415e-72bd-4415-a775-d900eeaa5c08 req-04e9415e-72bd-4415-a775-d900eeaa5c08 ] Request (HostsAdminNegativeTestJSON:setUpClass): 201 POST http://10.180.1.21/identity/v3/users 0.223s
2025-05-08 17:22:39.867 70880 INFO tempest.lib.common.rest_client [req-3a8e58e4-c26a-49fb-a6ca-5a1041cb5c28 req-3a8e58e4-c26a-49fb-a6ca-5a1041cb5c28 ] Request (DeleteServersTestJSON:test_delete_active_server): 202 POST http://10.180.1.21/compute/v2.1/servers 2.165s
2025-05-08 17:22:39.899 70860 INFO tempest.lib.common.rest_client [req-2951e085-07a2-4690-baf6-c26867db98e8 req-2951e085-07a2-4690-baf6-c26867db98e8 ] Request (ServerExternalEventsTest:setUpClass): 201 POST http://10.180.1.21/identity/v3/auth/tokens 0.203s
2025-05-08 17:22:39.909 70892 INFO tempest.lib.common.rest_client [req-313e633d-85e9-4538-95fc-e709f316dc3c req-313e633d-85e9-4538-95fc-e709f316dc3c ] Request (HypervisorAdminNegativeUnderV252Test:tearDownClass): 204 DELETE http://10.180.1.21/identity/v3/users/34e7c6c30d5b4e949003866f8100d9cf 0.284s
2025-05-08 17:22:39.909 70892 INFO tempest.lib.common.dynamic_creds [-] Deleting project and security group for project: c91cf01d75bb40978b8d554dedbbc962
2025-05-08 17:22:39.930 70905 INFO tempest.lib.common.rest_client [req-d3b2d853-e8ce-4baf-99cb-7f75b0d69be4 req-d3b2d853-e8ce-4baf-99cb-7f75b0d69be4 ] Request (ServerDiskConfigTestJSON:test_rebuild_server_with_auto_disk_config): 200 GET http://10.180.1.21/compute/v2.1/servers/5db10105-c39d-4d08-b423-0df14ac4250d 1.672s
2025-05-08 17:22:39.960 70888 INFO tempest.lib.common.rest_client [req-1d8b671c-f645-4c10-96b2-fd84d4815915 req-1d8b671c-f645-4c10-96b2-fd84d4815915 ] Request (HostsAdminTestJSON:tearDownClass): 201 POST http://10.180.1.21/identity/v3/auth/tokens 0.222s
2025-05-08 17:22:39.982 70894 INFO tempest.lib.common.rest_client [req-1e2ec3b6-10d6-4dcd-a4c6-1ef8564d7390 req-1e2ec3b6-10d6-4dcd-a4c6-1ef8564d7390 ] Request (HostsAdminNegativeTestJSON:setUpClass): 200 GET http://10.180.1.21/identity/v3/roles 0.170s
2025-05-08 17:22:39.985 70875 INFO tempest.lib.common.rest_client [req-f64fd336-a65b-4e7c-b349-da0eb81488a3 req-f64fd336-a65b-4e7c-b349-da0eb81488a3 ] Request (FloatingIPDetailsNegativeTestJSON:setUpClass): 201 POST http://10.180.1.21/identity/v3/users 0.182s
2025-05-08 17:22:40.003 70906 INFO tempest.lib.common.rest_client [req-18807c75-10cd-4b5c-bbc2-918294a45103 req-18807c75-10cd-4b5c-bbc2-918294a45103 ] Request (FloatingIPsAssociationTestJSON:setUpClass): 200 GET http://10.180.1.21/compute/v2.1/servers/c90b8c2b-6a16-41e0-87a9-c0368fd34446 1.698s
2025-05-08 17:22:40.015 70892 INFO tempest.lib.common.rest_client [req-6da8946d-13a8-4f1b-b6df-6b182579fe24 req-6da8946d-13a8-4f1b-b6df-6b182579fe24 ] Request (HypervisorAdminNegativeUnderV252Test:tearDownClass): 201 POST http://10.180.1.21/identity/v3/auth/tokens 0.106s
2025-05-08 17:22:40.017 70860 INFO tempest.lib.common.rest_client [req-f4e2d82f-511c-445d-9f46-616884390cf5 req-f4e2d82f-511c-445d-9f46-616884390cf5 ] Request (ServerExternalEventsTest:setUpClass): 201 POST http://10.180.1.21/identity/v3/projects 0.118s
2025-05-08 17:22:40.062 70864 INFO tempest.lib.common.rest_client [req-0086c557-06dd-49c3-b09c-655a2a76d33d req-0086c557-06dd-49c3-b09c-655a2a76d33d ] Request (ServersWithSpecificFlavorTestJSON:test_verify_created_server_ephemeral_disk): 200 GET http://10.180.1.21/compute/v2.1/servers/3f4349d7-2095-4377-9036-5edcf415c18c 1.553s
2025-05-08 17:22:40.080 70894 INFO tempest.lib.common.rest_client [req-57cbebd2-5e5e-4a85-8bd6-d172765c45f4 req-57cbebd2-5e5e-4a85-8bd6-d172765c45f4 ] Request (HostsAdminNegativeTestJSON:setUpClass): 204 PUT http://10.180.1.21/identity/v3/projects/ada297984835400a8bb75c9a0cdfcf2c/users/58e06da633154ac69ac03b1896b889ad/roles/c017d29285a24b88b433420bb6a70ff9 0.097s
2025-05-08 17:22:40.087 70866 INFO tempest.lib.common.rest_client [req-3f336285-85f3-42c1-8309-75a7aae0979e req-3f336285-85f3-42c1-8309-75a7aae0979e ] Request (AggregatesAdminNegativeTestJSON:test_aggregate_create_with_existent_aggregate_name): 200 POST http://10.180.1.21/compute/v2.1/os-aggregates 1.572s
2025-05-08 17:22:40.090 70875 INFO tempest.lib.common.rest_client [req-521d9efb-52fb-4339-9239-19c1c1fe7865 req-521d9efb-52fb-4339-9239-19c1c1fe7865 ] Request (FloatingIPDetailsNegativeTestJSON:setUpClass): 200 GET http://10.180.1.21/identity/v3/roles 0.105s
2025-05-08 17:22:40.105 70896 INFO tempest.lib.common.rest_client [req-3cc14f6a-68de-4988-b5e4-228fa9ddf4bd req-3cc14f6a-68de-4988-b5e4-228fa9ddf4bd ] Request (FlavorsV2TestJSON:test_list_flavors_with_detail): 200 GET http://10.180.1.21/compute/v2.1/flavors/42 1.538s
2025-05-08 17:22:40.154 70860 INFO tempest.lib.common.rest_client [req-ec815cb1-7473-4b84-8a5b-3f07533d1816 req-ec815cb1-7473-4b84-8a5b-3f07533d1816 ] Request (ServerExternalEventsTest:setUpClass): 201 POST http://10.180.1.21/identity/v3/users 0.136s
2025-05-08 17:22:40.194 70888 INFO tempest.lib.common.rest_client [req-260aa78d-b1f6-47d0-aa83-a97e7730b05c req-260aa78d-b1f6-47d0-aa83-a97e7730b05c ] Request (HostsAdminTestJSON:tearDownClass): 200 GET http://10.180.1.21:9696/networking/v2.0/security-groups?tenant_id=dc5fc7b623124ea4abc07ae9c590fbf9&name=default 0.234s
2025-05-08 17:22:40.196 70894 INFO tempest.lib.common.rest_client [req-be8f91bc-6561-4d2d-b7ce-ef091c02a0d1 req-be8f91bc-6561-4d2d-b7ce-ef091c02a0d1 ] Request (HostsAdminNegativeTestJSON:setUpClass): 200 GET http://10.180.1.21/identity/v3/roles 0.116s
2025-05-08 17:22:40.208 70902 INFO tempest.lib.common.rest_client [req-d61f2a55-f0ce-4a1d-9cdc-b44ba6c53681 req-d61f2a55-f0ce-4a1d-9cdc-b44ba6c53681 ] Request (QuotasAdminTestJSON:test_get_updated_quotas): 200 GET http://10.180.1.21/compute/v2.1/os-quota-sets/d23ef85ddc3a44ee9d0d0d6dbc551cb8/detail 1.827s
2025-05-08 17:22:40.221 70875 INFO tempest.lib.common.rest_client [req-3563759c-15da-4a45-ae0c-f7e2539d246b req-3563759c-15da-4a45-ae0c-f7e2539d246b ] Request (FloatingIPDetailsNegativeTestJSON:setUpClass): 204 PUT http://10.180.1.21/identity/v3/projects/3b9b2c79e0fe44cc8579eff03d31d584/users/d53aa273a0c84981af89c1706c3eb031/roles/2512e6aed9584ac68f73467eb8044b9c 0.130s
