2025-05-08 17:23:22.214 70848 INFO tempest.lib.common.dynamic_creds [-] Created isolated network resources for: credentials: Credentials: {'domain_id': 'default', 'domain_name': 'Default', 'username': 'tempest-ImagesNegativeTestJSON-1152294652-project-member', 'project_domain_id': 'default', 'project_domain_name': 'Default', 'project_id': 'afd2d098aaf141dd8777d62628bdd7c6', 'project_name': 'tempest-ImagesNegativeTestJSON-1152294652', 'tenant_id': 'afd2d098aaf141dd8777d62628bdd7c6', 'tenant_name': 'tempest-ImagesNegativeTestJSON-1152294652', 'user_domain_id': 'default', 'user_domain_name': 'Default', 'user_id': 'f5cb02a2426741a3b75ff309a895bfa0', 'system': None}, Network: {'id': 'a57b9398-b222-409c-ae5c-faea5436f281', 'name': 'tempest-ImagesNegativeTestJSON-155281304-network', 'tenant_id': 'afd2d098aaf141dd8777d62628bdd7c6', 'admin_state_up': True, 'mtu': 8950, 'status': 'ACTIVE', 'subnets': [], 'shared': False, 'project_id': 'afd2d098aaf141dd8777d62628bdd7c6', 'port_security_enabled': True, 'router:external': False, 'provider:network_type': 'vlan', 'provider:physical_network': 'default', 'provider:segmentation_id': 335, 'availability_zone_hints': [], 'availability_zones': [], 'ipv4_address_scope': None, 'ipv6_address_scope': None, 'description': '', 'tags': [], 'created_at': '2025-05-08T17:23:19Z', 'updated_at': '2025-05-08T17:23:19Z', 'revision_number': 1}, Subnet: {'id': 'b25c6e5c-b308-4448-8baa-d8b483833cb8', 'name': 'tempest-ImagesNegativeTestJSON-155281304-subnet', 'tenant_id': 'afd2d098aaf141dd8777d62628bdd7c6', 'network_id': 'a57b9398-b222-409c-ae5c-faea5436f281', 'ip_version': 4, 'subnetpool_id': None, 'enable_dhcp': True, 'ipv6_ra_mode': None, 'ipv6_address_mode': None, 'gateway_ip': '192.168.128.1', 'cidr': '192.168.128.0/28', 'allocation_pools': [{'start': '192.168.128.2', 'end': '192.168.128.14'}], 'host_routes': [], 'dns_nameservers': [], 'description': '', 'router:external': False, 'service_types': [], 'tags': [], 'created_at': '2025-05-08T17:23:19Z', 'updated_at': '2025-05-08T17:23:19Z', 'revision_number': 0, 'project_id': 'afd2d098aaf141dd8777d62628bdd7c6'}, Router: {'id': '4b5dc8e4-5160-46ce-804d-3a4766bd3748', 'name': 'tempest-ImagesNegativeTestJSON-155281304-router', 'tenant_id': 'afd2d098aaf141dd8777d62628bdd7c6', 'admin_state_up': True, 'status': 'ACTIVE', 'external_gateway_info': {'network_id': '2279bdd9-833e-4822-9c1f-8faa9c77aa61', 'external_fixed_ips': [{'subnet_id': 'aaf9cb87-ef8c-42fb-ba08-fd36b05477a5', 'ip_address': '10.180.180.130'}], 'enable_snat': True}, 'description': '', 'availability_zones': [], 'distributed': False, 'ha': False, 'availability_zone_hints': [], 'routes': [], 'flavor_id': None, 'tags': [], 'created_at': '2025-05-08T17:23:19Z', 'updated_at': '2025-05-08T17:23:20Z', 'revision_number': 2, 'project_id': 'afd2d098aaf141dd8777d62628bdd7c6'}
2025-05-08 17:23:22.305 70848 INFO tempest.lib.common.rest_client [req-ad224d85-401a-4f02-b773-f30dac9543f5 req-ad224d85-401a-4f02-b773-f30dac9543f5 ] Request (ImagesNegativeTestJSON:setUpClass): 201 POST http://10.180.1.21/identity/v3/auth/tokens 0.087s
2025-05-08 17:23:22.338 70848 INFO tempest.lib.common.rest_client [req-bed58c0f-e9c6-4b41-9c4b-c12a80a6e517 req-bed58c0f-e9c6-4b41-9c4b-c12a80a6e517 ] Request (ImagesNegativeTestJSON:test_create_image_from_deleted_server): 201 POST http://10.180.1.21/identity/v3/auth/tokens 0.027s
2025-05-08 17:23:22.338 70848 INFO tempest.lib.common.fixed_network [-] (ImagesNegativeTestJSON:test_create_image_from_deleted_server) Found network {'id': 'a57b9398-b222-409c-ae5c-faea5436f281', 'name': 'tempest-ImagesNegativeTestJSON-155281304-network', 'tenant_id': 'afd2d098aaf141dd8777d62628bdd7c6', 'admin_state_up': True, 'mtu': 8950, 'status': 'ACTIVE', 'subnets': [], 'shared': False, 'project_id': 'afd2d098aaf141dd8777d62628bdd7c6', 'port_security_enabled': True, 'router:external': False, 'provider:network_type': 'vlan', 'provider:physical_network': 'default', 'provider:segmentation_id': 335, 'availability_zone_hints': [], 'availability_zones': [], 'ipv4_address_scope': None, 'ipv6_address_scope': None, 'description': '', 'tags': [], 'created_at': '2025-05-08T17:23:19Z', 'updated_at': '2025-05-08T17:23:19Z', 'revision_number': 1} available for tenant
2025-05-08 17:23:22.366 70846 INFO tempest.lib.common.rest_client [req-d6c22d20-a7ef-48bd-a8ac-53267e1227ee req-d6c22d20-a7ef-48bd-a8ac-53267e1227ee ] Request (ListImageFiltersTestJSON:setUpClass): 202 POST http://10.180.1.21/compute/v2.1/servers 1.745s
2025-05-08 17:23:22.442 70888 INFO tempest.lib.common.rest_client [req-39e2eebb-8d31-4674-afe9-ad54d7563890 req-39e2eebb-8d31-4674-afe9-ad54d7563890 ] Request (AttachInterfacesV270Test:test_create_get_list_interfaces): 400 POST http://10.180.1.21/compute/v2.1/servers/3a8a9038-76f1-43e2-bb08-fb2cc51a3e58/os-interface 3.377s
2025-05-08 17:23:22.525 70878 INFO tempest.lib.common.rest_client [req-66ecc7c8-d9ca-42d4-8109-8ffe418858f3 req-66ecc7c8-d9ca-42d4-8109-8ffe418858f3 ] Request (ServerShowV257Test:test_rebuild_server): 200 GET http://10.180.1.21/compute/v2.1/servers/2b7d550b-ee65-4f22-8984-9b88e08de4d1 1.849s
2025-05-08 17:23:22.587 70898 INFO tempest.lib.common.rest_client [req-87f5614b-dabe-4be3-a641-59fef9f7bf75 req-87f5614b-dabe-4be3-a641-59fef9f7bf75 ] Request (DeleteServersAdminTestJSON:test_delete_server_while_in_error_state): 200 GET http://10.180.1.21/compute/v2.1/servers/572a409f-4b2a-421d-be2f-99a98bdc7367 1.835s
2025-05-08 17:23:22.645 70852 INFO tempest.lib.common.rest_client [req-80e39a34-fa28-482c-818a-b9cfcc1fe014 req-80e39a34-fa28-482c-818a-b9cfcc1fe014 ] Request (ServersNegativeTestJSON:setUpClass): 200 GET http://10.180.1.21/compute/v2.1/servers/f9a77c4a-662f-484b-9d72-358d9298974b 1.771s
2025-05-08 17:23:22.699 70876 INFO tempest.lib.common.rest_client [req-e7fe5945-82e8-4c82-a183-7aadf6f92a62 req-e7fe5945-82e8-4c82-a183-7aadf6f92a62 ] Request (ImagesOneServerNegativeTestJSON:setUpClass): 200 GET http://10.180.1.21/compute/v2.1/servers/6efbb7e0-0666-461e-8411-b297928d4ef2 1.743s
2025-05-08 17:23:22.822 70868 INFO tempest.lib.common.rest_client [req-37b6298d-16a6-412e-9545-163ed2a6e07f req-37b6298d-16a6-412e-9545-163ed2a6e07f ] Request (MigrationsAdminTest:test_list_migrations_in_flavor_resize_situation): 200 GET http://10.180.1.21/compute/v2.1/servers/ea9f773a-4f52-4819-9f4e-628db9b920f2 1.729s
2025-05-08 17:23:22.891 70870 INFO tempest.lib.common.rest_client [req-52c34b75-fbf1-4e53-93c1-c9a7b4680506 req-52c34b75-fbf1-4e53-93c1-c9a7b4680506 ] Request (ServerDiagnosticsV248Test:tearDownClass): 200 GET http://10.180.1.21/compute/v2.1/servers/99388db0-92e9-43d3-810a-5854edf7739a 1.712s
2025-05-08 17:23:22.954 70880 INFO tempest.lib.common.rest_client [req-06282785-1483-46ab-a284-1ed01b164417 req-06282785-1483-46ab-a284-1ed01b164417 ] Request (DeleteServersTestJSON:test_delete_active_server): 200 GET http://10.180.1.21/compute/v2.1/servers/6506c3e1-dc99-49be-a878-8a4d167658aa 1.341s
2025-05-08 17:23:23.021 70856 INFO tempest.lib.common.rest_client [req-49f8dffe-5fce-4218-a234-c0793c58e6a6 req-49f8dffe-5fce-4218-a234-c0793c58e6a6 ] Request (ServersAdminNegativeTestJSON:test_migrate_server_invalid_state): 200 GET http://10.180.1.21/compute/v2.1/servers/da8faa86-f0f4-4376-8230-044988916d00 1.337s
2025-05-08 17:23:23.097 70900 INFO tempest.lib.common.rest_client [req-ebf4886f-264b-44dd-ae1e-54ccb9b811fb req-ebf4886f-264b-44dd-ae1e-54ccb9b811fb ] Request (ServersTestJSON:setUpClass): 200 GET http://10.180.1.21/compute/v2.1/servers/e0f5066e-917e-4e4a-9b1c-b2e9eef96296 1.353s
2025-05-08 17:23:23.143 70886 INFO tempest.lib.common.rest_client [req-d65e95df-9d02-4b34-b3fd-143b24e683e8 req-d65e95df-9d02-4b34-b3fd-143b24e683e8 ] Request (ServersAdminTestJSON:setUpClass): 202 POST http://10.180.1.21/compute/v2.1/servers 2.496s
2025-05-08 17:23:23.200 70886 INFO tempest.lib.common.rest_client [req-5ca0d721-5841-489c-9695-a39b9a074a2a req-5ca0d721-5841-489c-9695-a39b9a074a2a ] Request (ServersAdminTestJSON:setUpClass): 201 POST http://10.180.1.21/identity/v3/auth/tokens 0.053s
2025-05-08 17:23:23.201 70886 INFO tempest.lib.common.fixed_network [-] (ServersAdminTestJSON:setUpClass) Found network {'id': 'c1fcdf3c-56d1-45c2-978c-afafea91fef9', 'name': 'tempest-ServersAdminTestJSON-129278594-network', 'tenant_id': '2ed4db1eb0ba4f2fa60c393507b4b8fc', 'admin_state_up': True, 'mtu': 8950, 'status': 'ACTIVE', 'subnets': [], 'shared': False, 'project_id': '2ed4db1eb0ba4f2fa60c393507b4b8fc', 'port_security_enabled': True, 'router:external': False, 'provider:network_type': 'vlan', 'provider:physical_network': 'default', 'provider:segmentation_id': 318, 'availability_zone_hints': [], 'availability_zones': [], 'ipv4_address_scope': None, 'ipv6_address_scope': None, 'description': '', 'tags': [], 'created_at': '2025-05-08T17:23:13Z', 'updated_at': '2025-05-08T17:23:13Z', 'revision_number': 1} available for tenant
2025-05-08 17:23:23.219 70866 INFO tempest.lib.common.rest_client [req-d9c0cf8e-d981-4487-9cc9-87d76e232834 req-d9c0cf8e-d981-4487-9cc9-87d76e232834 ] Request (SecurityGroupsTestJSON:setUpClass): 201 POST http://10.180.1.21:9696/networking/v2.0/routers 1.587s
2025-05-08 17:23:23.223 70905 INFO tempest.lib.common.rest_client [req-c6fbbb53-8419-4957-aaf6-f2ede9681002 req-c6fbbb53-8419-4957-aaf6-f2ede9681002 ] Request (ServerDiskConfigTestJSON:test_rebuild_server_with_manual_disk_config): 200 GET http://10.180.1.21/compute/v2.1/servers/04022efd-7a88-4dd7-b8a1-b6fd9c12eaa4 1.278s
2025-05-08 17:23:23.226 70862 INFO tempest.lib.common.rest_client [req-9c320b33-27ac-4ca2-8214-ce4b5bac272e req-9c320b33-27ac-4ca2-8214-ce4b5bac272e ] Request (ServerRescueTestJSONUnderV235:setUpClass): 201 POST http://10.180.1.21:9696/networking/v2.0/routers 1.620s
2025-05-08 17:23:23.303 70854 INFO tempest.lib.common.rest_client [req-81bd1663-a48f-4295-9c11-f68408080f4a req-81bd1663-a48f-4295-9c11-f68408080f4a ] Request (ServerDiagnosticsNegativeTest:test_get_server_diagnostics_by_non_admin): 200 GET http://10.180.1.21/compute/v2.1/servers/1f2f9915-addb-4405-a32e-cfd7ac086321 1.280s
2025-05-08 17:23:23.345 70858 INFO tempest.lib.common.rest_client [req-e6dfb9b2-24a0-4839-bc5d-e0da2c43ea26 req-e6dfb9b2-24a0-4839-bc5d-e0da2c43ea26 ] Request (ImagesOneServerTestJSON:test_create_delete_image): 200 GET http://10.180.1.21/compute/v2.1/servers/7d528f60-1928-4642-9764-ac7c776b85f6 1.464s
2025-05-08 17:23:23.358 70858 INFO tempest.common.waiters [-] State transition "ACTIVE/image_uploading" ==> "ACTIVE/None" after 3 second wait
2025-05-08 17:23:23.415 70860 INFO tempest.lib.common.rest_client [req-3c3163ce-9fe3-4bd9-b102-63c2f10ea715 req-3c3163ce-9fe3-4bd9-b102-63c2f10ea715 ] Request (ServerExternalEventsTest:tearDownClass): 200 GET http://10.180.1.21/compute/v2.1/servers/5d2b9cdf-5e26-456d-b47f-29183dee3966 1.328s
2025-05-08 17:23:23.436 70906 INFO tempest.lib.common.rest_client [req-6d614462-a12a-4258-bd95-e3e7a4c3879d req-6d614462-a12a-4258-bd95-e3e7a4c3879d ] Request (FloatingIPsAssociationTestJSON:test_associate_already_associated_floating_ip): 200 GET http://10.180.1.21/compute/v2.1/servers/17f84970-6de3-497d-b810-719b4964ef12 1.273s
2025-05-08 17:23:23.487 70882 INFO tempest.lib.common.rest_client [req-80dc004b-72bf-4434-a106-d56a55a4e985 req-80dc004b-72bf-4434-a106-d56a55a4e985 ] Request (ListServersNegativeTestJSON:setUpClass): 200 GET http://10.180.1.21/compute/v2.1/servers/2f725879-41a4-443d-8bfa-718f70ef1a64 1.254s
2025-05-08 17:23:23.585 70884 INFO tempest.lib.common.rest_client [req-1663e229-d4e2-460e-b9e3-f3ef8e61374c req-1663e229-d4e2-460e-b9e3-f3ef8e61374c ] Request (ServersAdmin275Test:tearDownClass): 200 GET http://10.180.1.21/compute/v2.1/servers/0388e623-1848-4d69-9232-e995611c3c6a 1.232s
2025-05-08 17:23:23.661 70846 INFO tempest.lib.common.rest_client [req-e84e9bbc-7d0e-404a-bd52-075a2b3a38e5 req-e84e9bbc-7d0e-404a-bd52-075a2b3a38e5 ] Request (ListImageFiltersTestJSON:setUpClass): 200 GET http://10.180.1.21/compute/v2.1/servers/c8f2bb6b-be01-4473-92f5-2a35a8eff5b0 1.294s
2025-05-08 17:23:23.723 70872 INFO tempest.lib.common.rest_client [req-39e44a5c-3c7c-4bc2-9c6a-d4cf465fb4fd req-39e44a5c-3c7c-4bc2-9c6a-d4cf465fb4fd ] Request (ServerActionsTestOtherB:setUpClass): 200 GET http://10.180.1.21/compute/v2.1/servers/680e9855-2905-4c0d-adc7-e45781fd1e4e 1.293s
2025-05-08 17:23:23.823 70888 INFO tempest.lib.common.rest_client [req-726e38cf-1f25-4075-bf5c-16cfb375b938 req-726e38cf-1f25-4075-bf5c-16cfb375b938 ] Request (AttachInterfacesV270Test:tearDownClass): 204 DELETE http://10.180.1.21/compute/v2.1/servers/3a8a9038-76f1-43e2-bb08-fb2cc51a3e58 1.378s
2025-05-08 17:23:23.908 70875 INFO tempest.lib.common.rest_client [req-f5b65930-6cba-452e-b5f9-6bd2dd12805c req-f5b65930-6cba-452e-b5f9-6bd2dd12805c ] Request (ServerTagsTestJSON:setUpClass): 200 GET http://10.180.1.21/compute/v2.1/servers/269d41c2-b7c9-4d6d-9671-3c31ac3b02ba 1.385s
2025-05-08 17:23:23.990 70896 INFO tempest.lib.common.rest_client [req-218f61e5-4bed-4df7-801a-21863ba72c0a req-218f61e5-4bed-4df7-801a-21863ba72c0a ] Request (ServerGroupTestJSON:test_create_server_with_scheduler_hint_group): 200 GET http://10.180.1.21/compute/v2.1/servers/d407b27d-9688-4bcd-95a2-dd37a9faf53e 1.387s
2025-05-08 17:23:24.014 70848 INFO tempest.lib.common.rest_client [req-83c3b0ea-63bc-4a8a-a37f-334fe1c075a7 req-83c3b0ea-63bc-4a8a-a37f-334fe1c075a7 ] Request (ImagesNegativeTestJSON:test_create_image_from_deleted_server): 202 POST http://10.180.1.21/compute/v2.1/servers 1.675s
2025-05-08 17:23:24.084 70850 INFO tempest.lib.common.rest_client [req-32ffcd92-a151-46ed-b18d-914d66abd21c req-32ffcd92-a151-46ed-b18d-914d66abd21c ] Request (ServerMetadataNegativeTestJSON:setUpClass): 200 GET http://10.180.1.21/compute/v2.1/servers/4a285879-39e7-41c6-ae76-ca5a75c692c7 1.413s
2025-05-08 17:23:24.158 70858 INFO tempest.lib.common.rest_client [req-f58cf538-774f-4816-b34d-4aceff4f92d4 req-f58cf538-774f-4816-b34d-4aceff4f92d4 ] Request (ImagesOneServerTestJSON:test_create_delete_image): 200 GET http://10.180.1.21/compute/v2.1/images/ceb476e5-c20f-4967-be78-b77393a04dc2 0.800s
2025-05-08 17:23:24.242 70878 INFO tempest.lib.common.rest_client [req-0b951fa2-7393-4277-a410-090ca5a7d63e req-0b951fa2-7393-4277-a410-090ca5a7d63e ] Request (ServerShowV257Test:test_rebuild_server): 200 GET http://10.180.1.21/compute/v2.1/servers/2b7d550b-ee65-4f22-8984-9b88e08de4d1 0.706s
2025-05-08 17:23:24.302 70898 INFO tempest.lib.common.rest_client [req-14fc9113-e7e0-4ab1-9a62-653770f873e8 req-14fc9113-e7e0-4ab1-9a62-653770f873e8 ] Request (DeleteServersAdminTestJSON:test_delete_server_while_in_error_state): 200 GET http://10.180.1.21/compute/v2.1/servers/572a409f-4b2a-421d-be2f-99a98bdc7367 0.705s
2025-05-08 17:23:24.373 70852 INFO tempest.lib.common.rest_client [req-29511e2c-7998-45e4-80c9-1d54f85b769a req-29511e2c-7998-45e4-80c9-1d54f85b769a ] Request (ServersNegativeTestJSON:setUpClass): 200 GET http://10.180.1.21/compute/v2.1/servers/f9a77c4a-662f-484b-9d72-358d9298974b 0.714s
2025-05-08 17:23:24.450 70876 INFO tempest.lib.common.rest_client [req-24de3c61-6727-4ce0-ba17-0810df0961c7 req-24de3c61-6727-4ce0-ba17-0810df0961c7 ] Request (ImagesOneServerNegativeTestJSON:setUpClass): 200 GET http://10.180.1.21/compute/v2.1/servers/6efbb7e0-0666-461e-8411-b297928d4ef2 0.743s
2025-05-08 17:23:24.560 70866 INFO tempest.lib.common.rest_client [req-0ee72242-9296-414f-a6ae-fea7bd271fad req-0ee72242-9296-414f-a6ae-fea7bd271fad ] Request (SecurityGroupsTestJSON:setUpClass): 200 PUT http://10.180.1.21:9696/networking/v2.0/routers/27ef4f0f-ea09-4e2e-acd0-c7a25e50428d/add_router_interface 1.341s
2025-05-08 17:23:24.561 70866 INFO tempest.lib.common.dynamic_creds [-] Created isolated network resources for: credentials: Credentials: {'domain_id': 'default', 'domain_name': 'Default', 'username': 'tempest-SecurityGroupsTestJSON-1363219810-project-member', 'project_domain_id': 'default', 'project_domain_name': 'Default', 'project_id': '1176e5bf85f64f1891cf75ea833dbd99', 'project_name': 'tempest-SecurityGroupsTestJSON-1363219810', 'tenant_id': '1176e5bf85f64f1891cf75ea833dbd99', 'tenant_name': 'tempest-SecurityGroupsTestJSON-1363219810', 'user_domain_id': 'default', 'user_domain_name': 'Default', 'user_id': 'abaa417910fd41b39bfae2242e420824', 'system': None}, Network: {'id': '8303d943-98fa-4e14-baeb-15cc2bede18a', 'name': 'tempest-SecurityGroupsTestJSON-474575567-network', 'tenant_id': '1176e5bf85f64f1891cf75ea833dbd99', 'admin_state_up': True, 'mtu': 8950, 'status': 'ACTIVE', 'subnets': [], 'shared': False, 'project_id': '1176e5bf85f64f1891cf75ea833dbd99', 'port_security_enabled': True, 'router:external': False, 'provider:network_type': 'vlan', 'provider:physical_network': 'default', 'provider:segmentation_id': 653, 'availability_zone_hints': [], 'availability_zones': [], 'ipv4_address_scope': None, 'ipv6_address_scope': None, 'description': '', 'tags': [], 'created_at': '2025-05-08T17:23:20Z', 'updated_at': '2025-05-08T17:23:21Z', 'revision_number': 1}, Subnet: {'id': '4ce93f91-8c05-4145-9e53-841bdf6e5fbc', 'name': 'tempest-SecurityGroupsTestJSON-474575567-subnet', 'tenant_id': '1176e5bf85f64f1891cf75ea833dbd99', 'network_id': '8303d943-98fa-4e14-baeb-15cc2bede18a', 'ip_version': 4, 'subnetpool_id': None, 'enable_dhcp': True, 'ipv6_ra_mode': None, 'ipv6_address_mode': None, 'gateway_ip': '192.168.128.1', 'cidr': '192.168.128.0/28', 'allocation_pools': [{'start': '192.168.128.2', 'end': '192.168.128.14'}], 'host_routes': [], 'dns_nameservers': [], 'description': '', 'router:external': False, 'service_types': [], 'tags': [], 'created_at': '2025-05-08T17:23:21Z', 'updated_at': '2025-05-08T17:23:21Z', 'revision_number': 0, 'project_id': '1176e5bf85f64f1891cf75ea833dbd99'}, Router: {'id': '27ef4f0f-ea09-4e2e-acd0-c7a25e50428d', 'name': 'tempest-SecurityGroupsTestJSON-474575567-router', 'tenant_id': '1176e5bf85f64f1891cf75ea833dbd99', 'admin_state_up': True, 'status': 'ACTIVE', 'external_gateway_info': {'network_id': '2279bdd9-833e-4822-9c1f-8faa9c77aa61', 'external_fixed_ips': [{'subnet_id': 'aaf9cb87-ef8c-42fb-ba08-fd36b05477a5', 'ip_address': '10.180.180.242'}], 'enable_snat': True}, 'description': '', 'availability_zones': [], 'distributed': False, 'ha': False, 'availability_zone_hints': [], 'routes': [], 'flavor_id': None, 'tags': [], 'created_at': '2025-05-08T17:23:21Z', 'updated_at': '2025-05-08T17:23:22Z', 'revision_number': 2, 'project_id': '1176e5bf85f64f1891cf75ea833dbd99'}
2025-05-08 17:23:24.594 70886 INFO tempest.lib.common.rest_client [req-b99f9cd6-6ed0-4ef6-8834-f9dfbd238d93 req-b99f9cd6-6ed0-4ef6-8834-f9dfbd238d93 ] Request (ServersAdminTestJSON:setUpClass): 202 POST http://10.180.1.21/compute/v2.1/servers 1.393s
2025-05-08 17:23:24.644 70888 INFO tempest.lib.common.rest_client [req-98b8bcbf-b8cb-4e38-8f1d-e0f344288479 req-98b8bcbf-b8cb-4e38-8f1d-e0f344288479 ] Request (AttachInterfacesV270Test:tearDownClass): 200 GET http://10.180.1.21/compute/v2.1/servers/3a8a9038-76f1-43e2-bb08-fb2cc51a3e58 0.820s
2025-05-08 17:23:24.679 70866 INFO tempest.lib.common.rest_client [req-14175a72-4c95-4fc5-90d0-24aa13d3cac6 req-14175a72-4c95-4fc5-90d0-24aa13d3cac6 ] Request (SecurityGroupsTestJSON:setUpClass): 201 POST http://10.180.1.21/identity/v3/auth/tokens 0.115s
2025-05-08 17:23:24.736 70870 INFO tempest.lib.common.rest_client [req-83ab89e5-213b-4f5f-bb1a-113ffba5e1ce req-83ab89e5-213b-4f5f-bb1a-113ffba5e1ce ] Request (ServerDiagnosticsV248Test:tearDownClass): 200 GET http://10.180.1.21/compute/v2.1/servers/99388db0-92e9-43d3-810a-5854edf7739a 0.834s
2025-05-08 17:23:24.759 70868 INFO tempest.lib.common.rest_client [req-eb786146-12e0-49d9-9d82-c12206a61a1a req-eb786146-12e0-49d9-9d82-c12206a61a1a ] Request (MigrationsAdminTest:test_list_migrations_in_flavor_resize_situation): 200 GET http://10.180.1.21/compute/v2.1/servers/ea9f773a-4f52-4819-9f4e-628db9b920f2 0.929s
2025-05-08 17:23:24.804 70880 INFO tempest.lib.common.rest_client [req-6a78011b-6945-4dd8-9ab0-39591c8a62fe req-6a78011b-6945-4dd8-9ab0-39591c8a62fe ] Request (DeleteServersTestJSON:test_delete_active_server): 200 GET http://10.180.1.21/compute/v2.1/servers/6506c3e1-dc99-49be-a878-8a4d167658aa 0.838s
2025-05-08 17:23:24.845 70848 INFO tempest.lib.common.rest_client [req-71a6e6d0-b520-470c-a559-fd36c00d6147 req-71a6e6d0-b520-470c-a559-fd36c00d6147 ] Request (ImagesNegativeTestJSON:test_create_image_from_deleted_server): 200 GET http://10.180.1.21/compute/v2.1/servers/8670e011-a1c3-4b73-9988-3db09378c347 0.828s
2025-05-08 17:23:24.885 70862 INFO tempest.lib.common.rest_client [req-0b078bdd-92d2-4c3f-a0ea-a4333fccd8e7 req-0b078bdd-92d2-4c3f-a0ea-a4333fccd8e7 ] Request (ServerRescueTestJSONUnderV235:setUpClass): 200 PUT http://10.180.1.21:9696/networking/v2.0/routers/48a8337e-814d-4478-9092-986de963328a/add_router_interface 1.658s
2025-05-08 17:23:24.885 70862 INFO tempest.lib.common.dynamic_creds [-] Created isolated network resources for: credentials: Credentials: {'domain_id': 'default', 'domain_name': 'Default', 'username': 'tempest-ServerRescueTestJSONUnderV235-1054354334-project-member', 'project_domain_id': 'default', 'project_domain_name': 'Default', 'project_id': 'c29918d78d494261b9b8460f1a3cf7c8', 'project_name': 'tempest-ServerRescueTestJSONUnderV235-1054354334', 'tenant_id': 'c29918d78d494261b9b8460f1a3cf7c8', 'tenant_name': 'tempest-ServerRescueTestJSONUnderV235-1054354334', 'user_domain_id': 'default', 'user_domain_name': 'Default', 'user_id': 'f87785b04bcb4cbdb71be5d7f4be39fe', 'system': None}, Network: {'id': '0e78a331-e2b0-4025-bc59-b68542c3fcc1', 'name': 'tempest-ServerRescueTestJSONUnderV235-1694808725-network', 'tenant_id': 'c29918d78d494261b9b8460f1a3cf7c8', 'admin_state_up': True, 'mtu': 8950, 'status': 'ACTIVE', 'subnets': [], 'shared': False, 'project_id': 'c29918d78d494261b9b8460f1a3cf7c8', 'port_security_enabled': True, 'router:external': False, 'provider:network_type': 'vlan', 'provider:physical_network': 'default', 'provider:segmentation_id': 758, 'availability_zone_hints': [], 'availability_zones': [], 'ipv4_address_scope': None, 'ipv6_address_scope': None, 'description': '', 'tags': [], 'created_at': '2025-05-08T17:23:21Z', 'updated_at': '2025-05-08T17:23:21Z', 'revision_number': 1}, Subnet: {'id': 'bd1f61d1-41f2-42b8-a0b1-aacad62cd19f', 'name': 'tempest-ServerRescueTestJSONUnderV235-1694808725-subnet', 'tenant_id': 'c29918d78d494261b9b8460f1a3cf7c8', 'network_id': '0e78a331-e2b0-4025-bc59-b68542c3fcc1', 'ip_version': 4, 'subnetpool_id': None, 'enable_dhcp': False, 'ipv6_ra_mode': None, 'ipv6_address_mode': None, 'gateway_ip': '192.168.128.1', 'cidr': '192.168.128.0/28', 'allocation_pools': [{'start': '192.168.128.2', 'end': '192.168.128.14'}], 'host_routes': [], 'dns_nameservers': [], 'description': '', 'router:external': False, 'service_types': [], 'tags': [], 'created_at': '2025-05-08T17:23:21Z', 'updated_at': '2025-05-08T17:23:21Z', 'revision_number': 0, 'project_id': 'c29918d78d494261b9b8460f1a3cf7c8'}, Router: {'id': '48a8337e-814d-4478-9092-986de963328a', 'name': 'tempest-ServerRescueTestJSONUnderV235-1694808725-router', 'tenant_id': 'c29918d78d494261b9b8460f1a3cf7c8', 'admin_state_up': True, 'status': 'ACTIVE', 'external_gateway_info': {'network_id': '2279bdd9-833e-4822-9c1f-8faa9c77aa61', 'external_fixed_ips': [{'subnet_id': 'aaf9cb87-ef8c-42fb-ba08-fd36b05477a5', 'ip_address': '10.180.180.254'}], 'enable_snat': True}, 'description': '', 'availability_zones': [], 'distributed': False, 'ha': False, 'availability_zone_hints': [], 'routes': [], 'flavor_id': None, 'tags': [], 'created_at': '2025-05-08T17:23:21Z', 'updated_at': '2025-05-08T17:23:22Z', 'revision_number': 2, 'project_id': 'c29918d78d494261b9b8460f1a3cf7c8'}
2025-05-08 17:23:24.887 70856 INFO tempest.lib.common.rest_client [req-4b68639e-c403-4f7d-a911-fb1a365a8297 req-4b68639e-c403-4f7d-a911-fb1a365a8297 ] Request (ServersAdminNegativeTestJSON:test_migrate_server_invalid_state): 200 GET http://10.180.1.21/compute/v2.1/servers/da8faa86-f0f4-4376-8230-044988916d00 0.852s
2025-05-08 17:23:24.909 70858 INFO tempest.lib.common.rest_client [req-4848f8ef-f0f8-49d4-ada3-9d07f829c574 req-4848f8ef-f0f8-49d4-ada3-9d07f829c574 ] Request (ImagesOneServerTestJSON:test_create_delete_image): 200 GET http://10.180.1.21/compute/v2.1/flavors/42 0.744s
2025-05-08 17:23:24.931 70900 INFO tempest.lib.common.rest_client [req-91cb0657-7461-4c66-bcdf-a245bc49f3d4 req-91cb0657-7461-4c66-bcdf-a245bc49f3d4 ] Request (ServersTestJSON:setUpClass): 200 GET http://10.180.1.21/compute/v2.1/servers/e0f5066e-917e-4e4a-9b1c-b2e9eef96296 0.825s
2025-05-08 17:23:24.969 70862 INFO tempest.lib.common.rest_client [req-d1cc8df5-901d-4ac2-819b-71f9e014b8d4 req-d1cc8df5-901d-4ac2-819b-71f9e014b8d4 ] Request (ServerRescueTestJSONUnderV235:setUpClass): 201 POST http://10.180.1.21/identity/v3/auth/tokens 0.080s
2025-05-08 17:23:24.972 70905 INFO tempest.lib.common.rest_client [req-83caed7f-9489-488f-9d30-2dfcd5649b9a req-83caed7f-9489-488f-9d30-2dfcd5649b9a ] Request (ServerDiskConfigTestJSON:test_rebuild_server_with_manual_disk_config): 200 GET http://10.180.1.21/compute/v2.1/servers/04022efd-7a88-4dd7-b8a1-b6fd9c12eaa4 0.730s
2025-05-08 17:23:25.002 70854 INFO tempest.lib.common.rest_client [req-1924070f-6781-4b91-bd71-fdf23772f52a req-1924070f-6781-4b91-bd71-fdf23772f52a ] Request (ServerDiagnosticsNegativeTest:test_get_server_diagnostics_by_non_admin): 200 GET http://10.180.1.21/compute/v2.1/servers/1f2f9915-addb-4405-a32e-cfd7ac086321 0.688s
2025-05-08 17:23:25.016 70862 INFO tempest.lib.common.rest_client [req-63c1067c-bed3-4c09-8a1b-d71bf55c1d37 req-63c1067c-bed3-4c09-8a1b-d71bf55c1d37 ] Request (ServerRescueTestJSONUnderV235:setUpClass): 201 POST http://10.180.1.21/identity/v3/auth/tokens 0.044s
2025-05-08 17:23:25.017 70862 INFO tempest.lib.common.fixed_network [-] (ServerRescueTestJSONUnderV235:setUpClass) Found network {'id': '0e78a331-e2b0-4025-bc59-b68542c3fcc1', 'name': 'tempest-ServerRescueTestJSONUnderV235-1694808725-network', 'tenant_id': 'c29918d78d494261b9b8460f1a3cf7c8', 'admin_state_up': True, 'mtu': 8950, 'status': 'ACTIVE', 'subnets': [], 'shared': False, 'project_id': 'c29918d78d494261b9b8460f1a3cf7c8', 'port_security_enabled': True, 'router:external': False, 'provider:network_type': 'vlan', 'provider:physical_network': 'default', 'provider:segmentation_id': 758, 'availability_zone_hints': [], 'availability_zones': [], 'ipv4_address_scope': None, 'ipv6_address_scope': None, 'description': '', 'tags': [], 'created_at': '2025-05-08T17:23:21Z', 'updated_at': '2025-05-08T17:23:21Z', 'revision_number': 1} available for tenant
2025-05-08 17:23:25.042 70860 INFO tempest.lib.common.rest_client [req-7f27318a-1e66-4750-83c4-c7e98fc0eaf7 req-7f27318a-1e66-4750-83c4-c7e98fc0eaf7 ] Request (ServerExternalEventsTest:tearDownClass): 200 GET http://10.180.1.21/compute/v2.1/servers/5d2b9cdf-5e26-456d-b47f-29183dee3966 0.618s
2025-05-08 17:23:25.059 70906 INFO tempest.lib.common.rest_client [req-087b5303-923d-4135-b543-554aeefc56ca req-087b5303-923d-4135-b543-554aeefc56ca ] Request (FloatingIPsAssociationTestJSON:test_associate_already_associated_floating_ip): 200 GET http://10.180.1.21/compute/v2.1/servers/17f84970-6de3-497d-b810-719b4964ef12 0.613s
2025-05-08 17:23:25.102 70882 INFO tempest.lib.common.rest_client [req-a5b49a0d-e986-4bad-9880-c2bece7115db req-a5b49a0d-e986-4bad-9880-c2bece7115db ] Request (ListServersNegativeTestJSON:setUpClass): 200 GET http://10.180.1.21/compute/v2.1/servers/2f725879-41a4-443d-8bfa-718f70ef1a64 0.602s
2025-05-08 17:23:25.106 70886 INFO tempest.lib.common.rest_client [req-ac07e1ec-a34a-4771-9523-10ea2ac38246 req-ac07e1ec-a34a-4771-9523-10ea2ac38246 ] Request (ServersAdminTestJSON:setUpClass): 200 GET http://10.180.1.21/compute/v2.1/servers/ee0ccce4-72c3-443c-821b-0d5ae9c9935d 0.510s
2025-05-08 17:23:25.163 70846 INFO tempest.lib.common.rest_client [req-f7ebaba3-9b66-4665-953a-328728c8ea63 req-f7ebaba3-9b66-4665-953a-328728c8ea63 ] Request (ListImageFiltersTestJSON:setUpClass): 200 GET http://10.180.1.21/compute/v2.1/servers/c8f2bb6b-be01-4473-92f5-2a35a8eff5b0 0.488s
2025-05-08 17:23:25.179 70884 INFO tempest.lib.common.rest_client [req-0499f2ab-0b8e-4a58-a16a-5aced3f696ff req-0499f2ab-0b8e-4a58-a16a-5aced3f696ff ] Request (ServersAdmin275Test:tearDownClass): 200 GET http://10.180.1.21/compute/v2.1/servers/0388e623-1848-4d69-9232-e995611c3c6a 0.577s
2025-05-08 17:23:25.340 70866 INFO tempest.lib.common.rest_client [req-dd35de40-268e-4693-a429-72132189e699 req-dd35de40-268e-4693-a429-72132189e699 ] Request (SecurityGroupsTestJSON:test_list_security_groups_by_server): 200 POST http://10.180.1.21/compute/v2.1/os-security-groups 0.659s
2025-05-08 17:23:25.494 70872 INFO tempest.lib.common.rest_client [req-3ab8057f-e94c-4dfe-95d7-9cfa428809bb req-3ab8057f-e94c-4dfe-95d7-9cfa428809bb ] Request (ServerActionsTestOtherB:setUpClass): 200 GET http://10.180.1.21/compute/v2.1/servers/680e9855-2905-4c0d-adc7-e45781fd1e4e 0.761s
2025-05-08 17:23:25.498 70858 INFO tempest.lib.common.rest_client [req-e7aa3661-1c24-4328-8d5f-150c62f35b5b req-e7aa3661-1c24-4328-8d5f-150c62f35b5b ] Request (ImagesOneServerTestJSON:test_create_delete_image): 204 DELETE http://10.180.1.21/compute/v2.1/images/dddc2262-f928-46c2-b392-2ad480dd3306 0.587s
2025-05-08 17:23:25.580 70875 INFO tempest.lib.common.rest_client [req-7d252405-2c7f-4ea3-b941-5aabe7e667f7 req-7d252405-2c7f-4ea3-b941-5aabe7e667f7 ] Request (ServerTagsTestJSON:setUpClass): 200 GET http://10.180.1.21/compute/v2.1/servers/269d41c2-b7c9-4d6d-9671-3c31ac3b02ba 0.659s
2025-05-08 17:23:25.585 70896 INFO tempest.lib.common.rest_client [req-31784bec-7c79-4c28-ad9d-4657fc5bd38b req-31784bec-7c79-4c28-ad9d-4657fc5bd38b ] Request (ServerGroupTestJSON:test_create_server_with_scheduler_hint_group): 200 GET http://10.180.1.21/compute/v2.1/servers/d407b27d-9688-4bcd-95a2-dd37a9faf53e 0.583s
2025-05-08 17:23:25.645 70850 INFO tempest.lib.common.rest_client [req-80eaf724-5f46-4e83-ba49-2bf9fb1d3a34 req-80eaf724-5f46-4e83-ba49-2bf9fb1d3a34 ] Request (ServerMetadataNegativeTestJSON:setUpClass): 200 GET http://10.180.1.21/compute/v2.1/servers/4a285879-39e7-41c6-ae76-ca5a75c692c7 0.549s
2025-05-08 17:23:25.707 70878 INFO tempest.lib.common.rest_client [req-dbf82712-58c1-4596-ab38-4063e7ad8bf4 req-dbf82712-58c1-4596-ab38-4063e7ad8bf4 ] Request (ServerShowV257Test:test_rebuild_server): 200 GET http://10.180.1.21/compute/v2.1/servers/2b7d550b-ee65-4f22-8984-9b88e08de4d1 0.449s
2025-05-08 17:23:25.757 70898 INFO tempest.lib.common.rest_client [req-5b05579c-62f0-4da8-b674-10d4d90826db req-5b05579c-62f0-4da8-b674-10d4d90826db ] Request (DeleteServersAdminTestJSON:test_delete_server_while_in_error_state): 200 GET http://10.180.1.21/compute/v2.1/servers/572a409f-4b2a-421d-be2f-99a98bdc7367 0.442s
2025-05-08 17:23:25.905 70866 INFO tempest.lib.common.rest_client [req-6cdf1d32-b05f-4e0c-bc3a-00e63ea23d45 req-6cdf1d32-b05f-4e0c-bc3a-00e63ea23d45 ] Request (SecurityGroupsTestJSON:test_list_security_groups_by_server): 200 POST http://10.180.1.21/compute/v2.1/os-security-groups 0.559s
2025-05-08 17:23:25.947 70866 INFO tempest.lib.common.rest_client [req-5fbb3e98-8481-4a0f-8264-41b5e232095c req-5fbb3e98-8481-4a0f-8264-41b5e232095c ] Request (SecurityGroupsTestJSON:test_list_security_groups_by_server): 201 POST http://10.180.1.21/identity/v3/auth/tokens 0.036s
2025-05-08 17:23:25.947 70866 INFO tempest.lib.common.fixed_network [-] (SecurityGroupsTestJSON:test_list_security_groups_by_server) Found network {'id': '8303d943-98fa-4e14-baeb-15cc2bede18a', 'name': 'tempest-SecurityGroupsTestJSON-474575567-network', 'tenant_id': '1176e5bf85f64f1891cf75ea833dbd99', 'admin_state_up': True, 'mtu': 8950, 'status': 'ACTIVE', 'subnets': [], 'shared': False, 'project_id': '1176e5bf85f64f1891cf75ea833dbd99', 'port_security_enabled': True, 'router:external': False, 'provider:network_type': 'vlan', 'provider:physical_network': 'default', 'provider:segmentation_id': 653, 'availability_zone_hints': [], 'availability_zones': [], 'ipv4_address_scope': None, 'ipv6_address_scope': None, 'description': '', 'tags': [], 'created_at': '2025-05-08T17:23:20Z', 'updated_at': '2025-05-08T17:23:21Z', 'revision_number': 1} available for tenant
2025-05-08 17:23:25.976 70852 INFO tempest.lib.common.rest_client [req-004288c0-931c-43e1-9b76-0c45e5f01d7c req-004288c0-931c-43e1-9b76-0c45e5f01d7c ] Request (ServersNegativeTestJSON:setUpClass): 200 GET http://10.180.1.21/compute/v2.1/servers/f9a77c4a-662f-484b-9d72-358d9298974b 0.591s
2025-05-08 17:23:26.041 70862 INFO tempest.lib.common.rest_client [req-558c5534-5163-4cd1-b812-62adf6fce762 req-558c5534-5163-4cd1-b812-62adf6fce762 ] Request (ServerRescueTestJSONUnderV235:setUpClass): 202 POST http://10.180.1.21/compute/v2.1/servers 1.024s
2025-05-08 17:23:26.048 70876 INFO tempest.lib.common.rest_client [req-c1037148-1556-4864-a3f1-b9f952c53545 req-c1037148-1556-4864-a3f1-b9f952c53545 ] Request (ImagesOneServerNegativeTestJSON:setUpClass): 200 GET http://10.180.1.21/compute/v2.1/servers/6efbb7e0-0666-461e-8411-b297928d4ef2 0.586s
2025-05-08 17:23:26.070 70858 INFO tempest.lib.common.rest_client [req-e4d19874-4e8f-4b9d-81a0-8ea864c24e6f req-e4d19874-4e8f-4b9d-81a0-8ea864c24e6f ] Request (ImagesOneServerTestJSON:test_create_delete_image): 404 GET http://10.180.1.21/compute/v2.1/images/dddc2262-f928-46c2-b392-2ad480dd3306 0.571s
2025-05-08 17:23:26.172 70870 INFO tempest.lib.common.rest_client [req-d10c409d-6b21-4443-9818-88127b5012d9 req-d10c409d-6b21-4443-9818-88127b5012d9 ] Request (ServerDiagnosticsV248Test:tearDownClass): 200 GET http://10.180.1.21/compute/v2.1/servers/99388db0-92e9-43d3-810a-5854edf7739a 0.427s
2025-05-08 17:23:26.215 70888 INFO tempest.lib.common.rest_client [req-89bec933-d590-4ba1-be67-9265400fd0ce req-89bec933-d590-4ba1-be67-9265400fd0ce ] Request (AttachInterfacesV270Test:tearDownClass): 200 GET http://10.180.1.21/compute/v2.1/servers/3a8a9038-76f1-43e2-bb08-fb2cc51a3e58 0.557s
2025-05-08 17:23:26.289 70880 INFO tempest.lib.common.rest_client [req-d2848a5b-d538-4690-b298-074397a815c9 req-d2848a5b-d538-4690-b298-074397a815c9 ] Request (DeleteServersTestJSON:test_delete_active_server): 200 GET http://10.180.1.21/compute/v2.1/servers/6506c3e1-dc99-49be-a878-8a4d167658aa 0.475s
2025-05-08 17:23:26.351 70868 INFO tempest.lib.common.rest_client [req-07441bee-f67d-4d37-a772-f21592ba2661 req-07441bee-f67d-4d37-a772-f21592ba2661 ] Request (MigrationsAdminTest:test_list_migrations_in_flavor_resize_situation): 200 GET http://10.180.1.21/compute/v2.1/servers/ea9f773a-4f52-4819-9f4e-628db9b920f2 0.581s
2025-05-08 17:23:26.358 70848 INFO tempest.lib.common.rest_client [req-3d8491b0-4469-4278-9e40-2831b2c7cec3 req-3d8491b0-4469-4278-9e40-2831b2c7cec3 ] Request (ImagesNegativeTestJSON:test_create_image_from_deleted_server): 200 GET http://10.180.1.21/compute/v2.1/servers/8670e011-a1c3-4b73-9988-3db09378c347 0.496s
2025-05-08 17:23:26.361 70868 INFO tempest.common.waiters [-] State transition "RESIZE/resize_migrating" ==> "RESIZE/resize_migrated" after 31 second wait
2025-05-08 17:23:26.364 70908 WARNING tempest.lib.common.ssh [-] Failed to establish authenticated ssh connection to cirros@10.180.180.166 ([Errno None] Unable to connect to port 22 on 10.180.180.166). Number attempts: 3. Retry after 4 seconds.: paramiko.ssh_exception.NoValidConnectionsError: [Errno None] Unable to connect to port 22 on 10.180.180.166
2025-05-08 17:23:26.416 70856 INFO tempest.lib.common.rest_client [req-5d56b380-abe4-4a38-8d38-2aaf29b1c66e req-5d56b380-abe4-4a38-8d38-2aaf29b1c66e ] Request (ServersAdminNegativeTestJSON:test_migrate_server_invalid_state): 200 GET http://10.180.1.21/compute/v2.1/servers/da8faa86-f0f4-4376-8230-044988916d00 0.519s
2025-05-08 17:23:26.431 70900 INFO tempest.lib.common.rest_client [req-5c375cdb-7a22-47e0-8757-3d41fb3a879a req-5c375cdb-7a22-47e0-8757-3d41fb3a879a ] Request (ServersTestJSON:setUpClass): 200 GET http://10.180.1.21/compute/v2.1/servers/e0f5066e-917e-4e4a-9b1c-b2e9eef96296 0.487s
2025-05-08 17:23:26.491 70905 INFO tempest.lib.common.rest_client [req-81c713bb-8c08-4c64-a4f7-ff34cdc93ad5 req-81c713bb-8c08-4c64-a4f7-ff34cdc93ad5 ] Request (ServerDiskConfigTestJSON:test_rebuild_server_with_manual_disk_config): 200 GET http://10.180.1.21/compute/v2.1/servers/04022efd-7a88-4dd7-b8a1-b6fd9c12eaa4 0.506s
2025-05-08 17:23:26.542 70854 INFO tempest.lib.common.rest_client [req-94b82936-e669-44ef-ba88-a106888a14fe req-94b82936-e669-44ef-ba88-a106888a14fe ] Request (ServerDiagnosticsNegativeTest:test_get_server_diagnostics_by_non_admin): 200 GET http://10.180.1.21/compute/v2.1/servers/1f2f9915-addb-4405-a32e-cfd7ac086321 0.531s
2025-05-08 17:23:26.590 70862 INFO tempest.lib.common.rest_client [req-b630994c-6b35-4cce-bbb8-1818f4cf0d0f req-b630994c-6b35-4cce-bbb8-1818f4cf0d0f ] Request (ServerRescueTestJSONUnderV235:setUpClass): 200 GET http://10.180.1.21/compute/v2.1/servers/23137459-71e2-4681-9054-1bde06450f13 0.547s
2025-05-08 17:23:26.654 70860 INFO tempest.lib.common.rest_client [req-fee41039-cae1-45ee-841b-c1f68fb1fa80 req-fee41039-cae1-45ee-841b-c1f68fb1fa80 ] Request (ServerExternalEventsTest:tearDownClass): 200 GET http://10.180.1.21/compute/v2.1/servers/5d2b9cdf-5e26-456d-b47f-29183dee3966 0.599s
2025-05-08 17:23:26.705 70906 INFO tempest.lib.common.rest_client [req-7e05596e-ca49-49c2-aeed-8f226aca6000 req-7e05596e-ca49-49c2-aeed-8f226aca6000 ] Request (FloatingIPsAssociationTestJSON:test_associate_already_associated_floating_ip): 200 GET http://10.180.1.21/compute/v2.1/servers/17f84970-6de3-497d-b810-719b4964ef12 0.634s
2025-05-08 17:23:26.720 70866 INFO tempest.lib.common.rest_client [req-d0cb7640-552e-447d-aa2a-7d002389f7a0 req-d0cb7640-552e-447d-aa2a-7d002389f7a0 ] Request (SecurityGroupsTestJSON:test_list_security_groups_by_server): 202 POST http://10.180.1.21/compute/v2.1/servers 0.772s
2025-05-08 17:23:26.808 70882 INFO tempest.lib.common.rest_client [req-c171f0fa-ff7c-4cf3-88d1-737646cc7c6e req-c171f0fa-ff7c-4cf3-88d1-737646cc7c6e ] Request (ListServersNegativeTestJSON:setUpClass): 200 GET http://10.180.1.21/compute/v2.1/servers/2f725879-41a4-443d-8bfa-718f70ef1a64 0.698s
2025-05-08 17:23:26.815 70882 INFO tempest.common.waiters [-] State transition "BUILD/None" ==> "BUILD/block_device_mapping" after 27 second wait
2025-05-08 17:23:26.853 70886 INFO tempest.lib.common.rest_client [req-ffa409e2-ade1-49ea-a16d-1ce292614094 req-ffa409e2-ade1-49ea-a16d-1ce292614094 ] Request (ServersAdminTestJSON:setUpClass): 200 GET http://10.180.1.21/compute/v2.1/servers/ee0ccce4-72c3-443c-821b-0d5ae9c9935d 0.735s
2025-05-08 17:23:26.923 70846 INFO tempest.lib.common.rest_client [req-02ba4207-053c-43a2-8cd4-7ccccba13796 req-02ba4207-053c-43a2-8cd4-7ccccba13796 ] Request (ListImageFiltersTestJSON:setUpClass): 200 GET http://10.180.1.21/compute/v2.1/servers/c8f2bb6b-be01-4473-92f5-2a35a8eff5b0 0.751s
2025-05-08 17:23:26.987 70884 INFO tempest.lib.common.rest_client [req-cb3a0bea-d3d4-4395-a726-7c319b912179 req-cb3a0bea-d3d4-4395-a726-7c319b912179 ] Request (ServersAdmin275Test:tearDownClass): 200 GET http://10.180.1.21/compute/v2.1/servers/0388e623-1848-4d69-9232-e995611c3c6a 0.790s
2025-05-08 17:23:27.042 70872 INFO tempest.lib.common.rest_client [req-f430aa59-69ef-47fe-bf2a-fede4f4b0211 req-f430aa59-69ef-47fe-bf2a-fede4f4b0211 ] Request (ServerActionsTestOtherB:setUpClass): 200 GET http://10.180.1.21/compute/v2.1/servers/680e9855-2905-4c0d-adc7-e45781fd1e4e 0.537s
2025-05-08 17:23:27.100 70858 INFO tempest.lib.common.rest_client [req-6b633536-ab4d-477d-900a-022fd6ac08be req-6b633536-ab4d-477d-900a-022fd6ac08be ] Request (ImagesOneServerTestJSON:test_create_image_specify_multibyte_character_image_name): 202 POST http://10.180.1.21/compute/v2.1/servers/7d528f60-1928-4642-9764-ac7c776b85f6/action 1.027s
2025-05-08 17:23:27.143 70875 INFO tempest.lib.common.rest_client [req-abfb2fb4-d691-4b13-90fb-caf98ab71cc8 req-abfb2fb4-d691-4b13-90fb-caf98ab71cc8 ] Request (ServerTagsTestJSON:setUpClass): 200 GET http://10.180.1.21/compute/v2.1/servers/269d41c2-b7c9-4d6d-9671-3c31ac3b02ba 0.549s
2025-05-08 17:23:27.178 70896 INFO tempest.lib.common.rest_client [req-73e63f34-9d4f-49f7-83bb-4e41f169e625 req-73e63f34-9d4f-49f7-83bb-4e41f169e625 ] Request (ServerGroupTestJSON:test_create_server_with_scheduler_hint_group): 200 GET http://10.180.1.21/compute/v2.1/servers/d407b27d-9688-4bcd-95a2-dd37a9faf53e 0.583s
2025-05-08 17:23:27.196 70850 INFO tempest.lib.common.rest_client [req-a0dc159f-a9bd-4664-8420-b2352245fb66 req-a0dc159f-a9bd-4664-8420-b2352245fb66 ] Request (ServerMetadataNegativeTestJSON:setUpClass): 200 GET http://10.180.1.21/compute/v2.1/servers/4a285879-39e7-41c6-ae76-ca5a75c692c7 0.541s
2025-05-08 17:23:27.198 70890 WARNING tempest.lib.common.ssh [-] Failed to establish authenticated ssh connection to cirros@10.180.180.243 ([Errno None] Unable to connect to port 22 on 10.180.180.243). Number attempts: 5. Retry after 6 seconds.: paramiko.ssh_exception.NoValidConnectionsError: [Errno None] Unable to connect to port 22 on 10.180.180.243
2025-05-08 17:23:27.237 70866 INFO tempest.lib.common.rest_client [req-06070936-9670-4e22-8754-09e7ce844aeb req-06070936-9670-4e22-8754-09e7ce844aeb ] Request (SecurityGroupsTestJSON:test_list_security_groups_by_server): 200 GET http://10.180.1.21/compute/v2.1/servers/ed20e07e-dca3-4e05-987d-254a2d8891a7 0.515s
2025-05-08 17:23:27.239 70878 INFO tempest.lib.common.rest_client [req-faec002e-ced1-4508-9fc4-8e3ec2f57642 req-faec002e-ced1-4508-9fc4-8e3ec2f57642 ] Request (ServerShowV257Test:test_rebuild_server): 200 GET http://10.180.1.21/compute/v2.1/servers/2b7d550b-ee65-4f22-8984-9b88e08de4d1 0.521s
2025-05-08 17:23:27.291 70852 INFO tempest.lib.common.rest_client [req-027f0ae4-7065-4cd7-85b1-c49d5d2381d1 req-027f0ae4-7065-4cd7-85b1-c49d5d2381d1 ] Request (ServersNegativeTestJSON:setUpClass): 200 GET http://10.180.1.21/compute/v2.1/servers/f9a77c4a-662f-484b-9d72-358d9298974b 0.307s
2025-05-08 17:23:27.295 70898 INFO tempest.lib.common.rest_client [req-f9876114-3b7f-4f84-bd2f-82696676f15d req-f9876114-3b7f-4f84-bd2f-82696676f15d ] Request (DeleteServersAdminTestJSON:test_delete_server_while_in_error_state): 200 GET http://10.180.1.21/compute/v2.1/servers/572a409f-4b2a-421d-be2f-99a98bdc7367 0.528s
2025-05-08 17:23:27.334 70858 INFO tempest.lib.common.rest_client [req-64d3f822-269c-4e86-a102-51d2ce9cf6ee req-64d3f822-269c-4e86-a102-51d2ce9cf6ee ] Request (ImagesOneServerTestJSON:test_create_image_specify_multibyte_character_image_name): 200 GET http://10.180.1.21/compute/v2.1/images/6d610ec5-b350-4ef6-986d-93bc64386f1c 0.233s
2025-05-08 17:23:27.350 70876 INFO tempest.lib.common.rest_client [req-3a0ac7dd-d8cd-43fb-8dcb-39ae161b3cad req-3a0ac7dd-d8cd-43fb-8dcb-39ae161b3cad ] Request (ImagesOneServerNegativeTestJSON:setUpClass): 200 GET http://10.180.1.21/compute/v2.1/servers/6efbb7e0-0666-461e-8411-b297928d4ef2 0.288s
2025-05-08 17:23:27.429 70888 INFO tempest.lib.common.rest_client [req-442a1514-eaa6-4c1c-8319-85c26e981f27 req-442a1514-eaa6-4c1c-8319-85c26e981f27 ] Request (AttachInterfacesV270Test:tearDownClass): 200 GET http://10.180.1.21/compute/v2.1/servers/3a8a9038-76f1-43e2-bb08-fb2cc51a3e58 0.202s
2025-05-08 17:23:27.444 70870 INFO tempest.lib.common.rest_client [req-a30f07f6-2adf-498c-aa7f-1dfa5ad7e6aa req-a30f07f6-2adf-498c-aa7f-1dfa5ad7e6aa ] Request (ServerDiagnosticsV248Test:tearDownClass): 200 GET http://10.180.1.21/compute/v2.1/servers/99388db0-92e9-43d3-810a-5854edf7739a 0.256s
2025-05-08 17:23:27.492 70880 INFO tempest.lib.common.rest_client [req-a369ece7-29ed-42ac-b0f5-b8a577dbdb86 req-a369ece7-29ed-42ac-b0f5-b8a577dbdb86 ] Request (DeleteServersTestJSON:test_delete_active_server): 200 GET http://10.180.1.21/compute/v2.1/servers/6506c3e1-dc99-49be-a878-8a4d167658aa 0.189s
2025-05-08 17:23:27.551 70848 INFO tempest.lib.common.rest_client [req-198b7881-8e43-40e5-8c86-ded1074391a0 req-198b7881-8e43-40e5-8c86-ded1074391a0 ] Request (ImagesNegativeTestJSON:test_create_image_from_deleted_server): 200 GET http://10.180.1.21/compute/v2.1/servers/8670e011-a1c3-4b73-9988-3db09378c347 0.181s
2025-05-08 17:23:27.577 70868 INFO tempest.lib.common.rest_client [req-d29c2fd6-15e6-4111-ae8d-f2f7cdafe13b req-d29c2fd6-15e6-4111-ae8d-f2f7cdafe13b ] Request (MigrationsAdminTest:test_list_migrations_in_flavor_resize_situation): 200 GET http://10.180.1.21/compute/v2.1/servers/ea9f773a-4f52-4819-9f4e-628db9b920f2 0.215s
2025-05-08 17:23:27.607 70856 INFO tempest.lib.common.rest_client [req-fcc68f0a-4fcc-47e8-bd9d-84265fc9787c req-fcc68f0a-4fcc-47e8-bd9d-84265fc9787c ] Request (ServersAdminNegativeTestJSON:test_migrate_server_invalid_state): 200 GET http://10.180.1.21/compute/v2.1/servers/da8faa86-f0f4-4376-8230-044988916d00 0.178s
2025-05-08 17:23:27.643 70864 WARNING tempest.lib.common.ssh [-] Failed to establish authenticated ssh connection to cirros@10.180.180.231 ([Errno None] Unable to connect to port 22 on 10.180.180.231). Number attempts: 3. Retry after 4 seconds.: paramiko.ssh_exception.NoValidConnectionsError: [Errno None] Unable to connect to port 22 on 10.180.180.231
2025-05-08 17:23:27.647 70900 INFO tempest.lib.common.rest_client [req-347e90f8-8814-4224-9a4d-44577a5a8697 req-347e90f8-8814-4224-9a4d-44577a5a8697 ] Request (ServersTestJSON:setUpClass): 200 GET http://10.180.1.21/compute/v2.1/servers/e0f5066e-917e-4e4a-9b1c-b2e9eef96296 0.207s
2025-05-08 17:23:27.664 70905 INFO tempest.lib.common.rest_client [req-6fb662ce-abef-41ea-a93c-c390cda33016 req-6fb662ce-abef-41ea-a93c-c390cda33016 ] Request (ServerDiskConfigTestJSON:test_rebuild_server_with_manual_disk_config): 200 GET http://10.180.1.21/compute/v2.1/servers/04022efd-7a88-4dd7-b8a1-b6fd9c12eaa4 0.162s
2025-05-08 17:23:27.710 70854 INFO tempest.lib.common.rest_client [req-8dea262e-0b84-457d-9696-583e421029ff req-8dea262e-0b84-457d-9696-583e421029ff ] Request (ServerDiagnosticsNegativeTest:test_get_server_diagnostics_by_non_admin): 200 GET http://10.180.1.21/compute/v2.1/servers/1f2f9915-addb-4405-a32e-cfd7ac086321 0.158s
2025-05-08 17:23:27.731 70862 INFO tempest.lib.common.rest_client [req-04cbf107-0688-42bf-abca-648e6928c5e7 req-04cbf107-0688-42bf-abca-648e6928c5e7 ] Request (ServerRescueTestJSONUnderV235:setUpClass): 200 GET http://10.180.1.21/compute/v2.1/servers/23137459-71e2-4681-9054-1bde06450f13 0.131s
2025-05-08 17:23:27.788 70860 INFO tempest.lib.common.rest_client [req-d34d0cc8-e81c-48fa-a806-9c728662c03d req-d34d0cc8-e81c-48fa-a806-9c728662c03d ] Request (ServerExternalEventsTest:tearDownClass): 200 GET http://10.180.1.21/compute/v2.1/servers/5d2b9cdf-5e26-456d-b47f-29183dee3966 0.126s
2025-05-08 17:23:27.797 70906 INFO tempest.lib.common.rest_client [req-30af6e46-e64a-4d84-b151-213664a29720 req-30af6e46-e64a-4d84-b151-213664a29720 ] Request (FloatingIPsAssociationTestJSON:test_associate_already_associated_floating_ip): 200 GET http://10.180.1.21/compute/v2.1/servers/17f84970-6de3-497d-b810-719b4964ef12 0.081s
2025-05-08 17:23:27.936 70886 INFO tempest.lib.common.rest_client [req-ce68efbb-9a9c-4d70-81d9-89b090c83974 req-ce68efbb-9a9c-4d70-81d9-89b090c83974 ] Request (ServersAdminTestJSON:setUpClass): 200 GET http://10.180.1.21/compute/v2.1/servers/ee0ccce4-72c3-443c-821b-0d5ae9c9935d 0.073s
2025-05-08 17:23:27.995 70882 INFO tempest.lib.common.rest_client [req-04b9e274-6f8b-4ded-9311-7d852f25e82b req-04b9e274-6f8b-4ded-9311-7d852f25e82b ] Request (ListServersNegativeTestJSON:setUpClass): 200 GET http://10.180.1.21/compute/v2.1/servers/2f725879-41a4-443d-8bfa-718f70ef1a64 0.179s
2025-05-08 17:23:28.007 70882 INFO tempest.common.waiters [-] State transition "BUILD/block_device_mapping" ==> "BUILD/spawning" after 29 second wait
2025-05-08 17:23:28.010 70846 INFO tempest.lib.common.rest_client [req-097983c0-fbab-425f-be6d-0e9f33671b9f req-097983c0-fbab-425f-be6d-0e9f33671b9f ] Request (ListImageFiltersTestJSON:setUpClass): 200 GET http://10.180.1.21/compute/v2.1/servers/c8f2bb6b-be01-4473-92f5-2a35a8eff5b0 0.080s
2025-05-08 17:23:28.114 70872 INFO tempest.lib.common.rest_client [req-c2d95787-a891-4703-91bc-9c3e02c44d6f req-c2d95787-a891-4703-91bc-9c3e02c44d6f ] Request (ServerActionsTestOtherB:setUpClass): 200 GET http://10.180.1.21/compute/v2.1/servers/680e9855-2905-4c0d-adc7-e45781fd1e4e 0.064s
2025-05-08 17:23:28.135 70884 INFO tempest.lib.common.rest_client [req-9b77978e-51fe-4152-84ad-235cbce652d0 req-9b77978e-51fe-4152-84ad-235cbce652d0 ] Request (ServersAdmin275Test:tearDownClass): 200 GET http://10.180.1.21/compute/v2.1/servers/0388e623-1848-4d69-9232-e995611c3c6a 0.137s
2025-05-08 17:23:28.212 70875 INFO tempest.lib.common.rest_client [req-3b7e0df0-22e8-41f3-9dc3-b19833b69770 req-3b7e0df0-22e8-41f3-9dc3-b19833b69770 ] Request (ServerTagsTestJSON:setUpClass): 200 GET http://10.180.1.21/compute/v2.1/servers/269d41c2-b7c9-4d6d-9671-3c31ac3b02ba 0.058s
2025-05-08 17:23:28.258 70896 INFO tempest.lib.common.rest_client [req-8ab11a5f-53f1-49d2-a7ea-accb7c226293 req-8ab11a5f-53f1-49d2-a7ea-accb7c226293 ] Request (ServerGroupTestJSON:test_create_server_with_scheduler_hint_group): 200 GET http://10.180.1.21/compute/v2.1/servers/d407b27d-9688-4bcd-95a2-dd37a9faf53e 0.070s
2025-05-08 17:23:28.262 70850 INFO tempest.lib.common.rest_client [req-3155a2e3-41e1-434f-8816-71b0f8f3f025 req-3155a2e3-41e1-434f-8816-71b0f8f3f025 ] Request (ServerMetadataNegativeTestJSON:setUpClass): 200 GET http://10.180.1.21/compute/v2.1/servers/4a285879-39e7-41c6-ae76-ca5a75c692c7 0.058s
2025-05-08 17:23:28.323 70866 INFO tempest.lib.common.rest_client [req-4b261af6-e418-4864-b852-c3128471e872 req-4b261af6-e418-4864-b852-c3128471e872 ] Request (SecurityGroupsTestJSON:test_list_security_groups_by_server): 200 GET http://10.180.1.21/compute/v2.1/servers/ed20e07e-dca3-4e05-987d-254a2d8891a7 0.077s
2025-05-08 17:23:28.324 70878 INFO tempest.lib.common.rest_client [req-20528ac5-10bd-4145-9f63-96098e223a84 req-20528ac5-10bd-4145-9f63-96098e223a84 ] Request (ServerShowV257Test:test_rebuild_server): 200 GET http://10.180.1.21/compute/v2.1/servers/2b7d550b-ee65-4f22-8984-9b88e08de4d1 0.059s
