2025-05-08 23:47:25.050 69657 INFO tempest.lib.common.rest_client [req-43f2ac35-6c08-40a8-a980-6c7575a0c421 req-43f2ac35-6c08-40a8-a980-6c7575a0c421 ] Request (ServerDiskConfigTestJSON:test_rebuild_server_with_manual_disk_config): 200 GET http://10.180.1.21/compute/v2.1/servers/61373d45-6df4-4cc8-bf4a-89f28f0a918b 0.994s
2025-05-08 23:47:25.077 69615 INFO tempest.lib.common.rest_client [req-d5339837-6e83-455c-82df-eb5dfbb8304b req-d5339837-6e83-455c-82df-eb5dfbb8304b ] Request (ListServerFiltersTestJSON:setUpClass): 201 POST http://10.180.1.21:9696/networking/v2.0/subnets 0.372s
2025-05-08 23:47:25.078 69615 INFO tempest.lib.common.dynamic_creds [-] Created isolated network resources for: credentials: Credentials: {'domain_id': 'default', 'domain_name': 'Default', 'username': 'tempest-ListServerFiltersTestJSON-1290336512-project-member', 'project_domain_id': 'default', 'project_domain_name': 'Default', 'project_id': '3a4ee80bb8224f98831090e6c8282090', 'project_name': 'tempest-ListServerFiltersTestJSON-1290336512', 'tenant_id': '3a4ee80bb8224f98831090e6c8282090', 'tenant_name': 'tempest-ListServerFiltersTestJSON-1290336512', 'user_domain_id': 'default', 'user_domain_name': 'Default', 'user_id': 'a294cfc7555d4a238de88d228117a825', 'system': None}, Network: {'id': 'a81d8834-33e9-4f00-bf52-a88544ef1bae', 'name': 'tempest-ListServerFiltersTestJSON-1193798865-network', 'tenant_id': '3a4ee80bb8224f98831090e6c8282090', 'admin_state_up': True, 'mtu': 8950, 'status': 'ACTIVE', 'subnets': [], 'shared': False, 'project_id': '3a4ee80bb8224f98831090e6c8282090', 'port_security_enabled': True, 'router:external': False, 'provider:network_type': 'vlan', 'provider:physical_network': 'default', 'provider:segmentation_id': 828, 'availability_zone_hints': [], 'availability_zones': [], 'ipv4_address_scope': None, 'ipv6_address_scope': None, 'description': '', 'tags': [], 'created_at': '2025-05-08T23:47:24Z', 'updated_at': '2025-05-08T23:47:24Z', 'revision_number': 1}, Subnet: {'id': '4a79bc8b-01ec-40ca-906d-68786f114a0a', 'name': 'tempest-ListServerFiltersTestJSON-1193798865-subnet', 'tenant_id': '3a4ee80bb8224f98831090e6c8282090', 'network_id': 'a81d8834-33e9-4f00-bf52-a88544ef1bae', 'ip_version': 4, 'subnetpool_id': None, 'enable_dhcp': True, 'ipv6_ra_mode': None, 'ipv6_address_mode': None, 'gateway_ip': '192.168.128.1', 'cidr': '192.168.128.0/28', 'allocation_pools': [{'start': '192.168.128.2', 'end': '192.168.128.14'}], 'host_routes': [], 'dns_nameservers': [], 'description': '', 'router:external': False, 'service_types': [], 'tags': [], 'created_at': '2025-05-08T23:47:24Z', 'updated_at': '2025-05-08T23:47:24Z', 'revision_number': 0, 'project_id': '3a4ee80bb8224f98831090e6c8282090'}, Router: None
2025-05-08 23:47:25.116 69637 INFO tempest.lib.common.rest_client [req-9b43938b-e1b5-438b-9e21-6a82ea962a4a req-9b43938b-e1b5-438b-9e21-6a82ea962a4a ] Request (VolumesAdminNegativeTest:test_update_attached_volume_with_nonexistent_volume_in_uri): 200 GET http://10.180.1.21/compute/v2.1/servers/3f6112ba-f475-4bdb-add6-8bed09ed54f6 0.945s
2025-05-08 23:47:25.178 69615 INFO tempest.lib.common.rest_client [req-8bebb79f-3e73-4c73-b428-27531ce87c93 req-8bebb79f-3e73-4c73-b428-27531ce87c93 ] Request (ListServerFiltersTestJSON:setUpClass): 201 POST http://10.180.1.21/identity/v3/auth/tokens 0.096s
2025-05-08 23:47:25.179 69625 INFO tempest.lib.common.rest_client [req-7fa8fc48-1837-46e4-8822-d47f4235ec1f req-7fa8fc48-1837-46e4-8822-d47f4235ec1f ] Request (ImagesOneServerNegativeTestJSON:_run_cleanups): 200 GET http://10.180.1.21/compute/v2.1/servers/9eb97aaa-ca10-455f-8714-12090e3c9341 0.930s
2025-05-08 23:47:25.215 69615 INFO tempest.lib.common.rest_client [req-5d432dc8-84b0-444e-9920-3ac140794e59 req-5d432dc8-84b0-444e-9920-3ac140794e59 ] Request (ListServerFiltersTestJSON:setUpClass): 201 POST http://10.180.1.21/identity/v3/auth/tokens 0.032s
2025-05-08 23:47:25.215 69615 INFO tempest.lib.common.fixed_network [-] (ListServerFiltersTestJSON:setUpClass) Found network {'id': 'a81d8834-33e9-4f00-bf52-a88544ef1bae', 'name': 'tempest-ListServerFiltersTestJSON-1193798865-network', 'tenant_id': '3a4ee80bb8224f98831090e6c8282090', 'admin_state_up': True, 'mtu': 8950, 'status': 'ACTIVE', 'subnets': [], 'shared': False, 'project_id': '3a4ee80bb8224f98831090e6c8282090', 'port_security_enabled': True, 'router:external': False, 'provider:network_type': 'vlan', 'provider:physical_network': 'default', 'provider:segmentation_id': 828, 'availability_zone_hints': [], 'availability_zones': [], 'ipv4_address_scope': None, 'ipv6_address_scope': None, 'description': '', 'tags': [], 'created_at': '2025-05-08T23:47:24Z', 'updated_at': '2025-05-08T23:47:24Z', 'revision_number': 1} available for tenant
2025-05-08 23:47:25.235 69651 INFO tempest.lib.common.rest_client [req-441b174a-6c04-4ab9-9db3-4c3ec0aea58a req-441b174a-6c04-4ab9-9db3-4c3ec0aea58a ] Request (ServersAdminTestJSON:test_inject_network_info): 200 GET http://10.180.1.21/compute/v2.1/servers/49037718-4f32-4227-94e3-1e63a2f605d5 0.918s
2025-05-08 23:47:25.248 69615 INFO tempest.lib.common.rest_client [req-b1a7e1a8-b714-4c74-96fe-59a09917139a req-b1a7e1a8-b714-4c74-96fe-59a09917139a ] Request (ListServerFiltersTestJSON:setUpClass): 201 POST http://10.180.1.21/identity/v3/auth/tokens 0.030s
2025-05-08 23:47:25.249 69615 INFO tempest.lib.common.fixed_network [-] (ListServerFiltersTestJSON:setUpClass) Found network {'id': 'a81d8834-33e9-4f00-bf52-a88544ef1bae', 'name': 'tempest-ListServerFiltersTestJSON-1193798865-network', 'tenant_id': '3a4ee80bb8224f98831090e6c8282090', 'admin_state_up': True, 'mtu': 8950, 'status': 'ACTIVE', 'subnets': [], 'shared': False, 'project_id': '3a4ee80bb8224f98831090e6c8282090', 'port_security_enabled': True, 'router:external': False, 'provider:network_type': 'vlan', 'provider:physical_network': 'default', 'provider:segmentation_id': 828, 'availability_zone_hints': [], 'availability_zones': [], 'ipv4_address_scope': None, 'ipv6_address_scope': None, 'description': '', 'tags': [], 'created_at': '2025-05-08T23:47:24Z', 'updated_at': '2025-05-08T23:47:24Z', 'revision_number': 1} available for tenant
2025-05-08 23:47:25.294 69605 INFO tempest.lib.common.rest_client [req-bd845a09-69b7-4db4-990e-53be7c034ffe req-bd845a09-69b7-4db4-990e-53be7c034ffe ] Request (ServerActionsTestOtherA:setUpClass): 200 GET http://10.180.1.21/compute/v2.1/servers/1ee96550-ffee-4b07-b48e-7f5978d12145 0.912s
2025-05-08 23:47:25.345 69645 INFO tempest.lib.common.rest_client [req-0b9f324c-d9fe-40d4-935a-d2b6a4a674b1 req-0b9f324c-d9fe-40d4-935a-d2b6a4a674b1 ] Request (AttachVolumeNegativeTest:test_attach_attached_volume_to_different_server): 200 GET http://10.180.1.21/compute/v2.1/servers/1611f9a2-3f7d-4f02-b5ea-0f321af9d2a3 0.910s
2025-05-08 23:47:25.405 69653 INFO tempest.lib.common.rest_client [req-bf71a4f2-e7f7-4478-999e-20eee276d674 req-bf71a4f2-e7f7-4478-999e-20eee276d674 ] Request (FloatingIPsAssociationTestJSON:tearDownClass): 200 GET http://10.180.1.21/compute/v2.1/servers/9b385495-33e8-463b-bdfd-b2a714b2df1e 0.946s
2025-05-08 23:47:25.465 69661 INFO tempest.lib.common.rest_client [req-bb442820-b06f-44b4-b0bf-a038e0b94ae0 req-bb442820-b06f-44b4-b0bf-a038e0b94ae0 ] Request (ImagesOneServerTestJSON:tearDownClass): 200 GET http://10.180.1.21/compute/v2.1/servers/c90da694-873b-4591-9e00-69168834ff52 0.933s
2025-05-08 23:47:25.518 69609 INFO tempest.lib.common.rest_client [req-046a27cd-2573-46f8-a787-332fde45d247 req-046a27cd-2573-46f8-a787-332fde45d247 ] Request (ServerTagsTestJSON:setUpClass): 200 GET http://10.180.1.21/compute/v2.1/servers/e7e97dba-8cc9-4ba9-8756-6168d248cb89 0.905s
2025-05-08 23:47:25.582 69617 INFO tempest.lib.common.rest_client [req-f9ac6720-29e0-4d9f-a1f7-b3d359fe81c8 req-f9ac6720-29e0-4d9f-a1f7-b3d359fe81c8 ] Request (ServersNegativeTestJSON:setUpClass): 200 GET http://10.180.1.21/compute/v2.1/servers/3ca583ea-9082-48ed-a0ae-204754a1677e 0.907s
2025-05-08 23:47:25.644 69621 INFO tempest.lib.common.rest_client [req-12ffade8-31e2-408a-a654-2f9b37f0a091 req-12ffade8-31e2-408a-a654-2f9b37f0a091 ] Request (ServersTestJSON:test_create_server_with_ipv6_addr_only): 200 GET http://10.180.1.21/compute/v2.1/servers/f7295443-8a3f-4fbe-af03-abf4419e4c9a 0.890s
2025-05-08 23:47:25.711 69649 INFO tempest.lib.common.rest_client [req-108b4552-6c0d-48c1-81c4-d1630a872b20 req-108b4552-6c0d-48c1-81c4-d1630a872b20 ] Request (ServersTestFqdnHostnames:tearDownClass): 200 GET http://10.180.1.21/compute/v2.1/servers/97b91f56-f04d-4dc7-973e-94a987ac1b1c 0.894s
2025-05-08 23:47:25.728 69601 INFO tempest.lib.common.rest_client [req-9a843b54-c847-4cab-bec3-42951569f494 req-9a843b54-c847-4cab-bec3-42951569f494 ] Request (FloatingIPsAssociationNegativeTestJSON:test_associate_ip_to_server_with_floating_ip): 202 POST http://10.180.1.21/compute/v2.1/servers/281910ae-d358-41aa-9bc9-493b307c03f2/action 1.892s
2025-05-08 23:47:25.766 69599 INFO tempest.lib.common.rest_client [req-dab6d6e2-c2e9-46f7-99f3-e83a6859000c req-dab6d6e2-c2e9-46f7-99f3-e83a6859000c ] Request (AttachInterfacesUnderV243Test:test_add_remove_fixed_ip): 200 GET http://10.180.1.21/compute/v2.1/servers/91e4ae0e-21b4-43ae-a491-b1d5032f39f5 0.882s
2025-05-08 23:47:25.785 69627 INFO tempest.lib.common.rest_client [req-9d316c5d-6d00-43b0-b7b6-009843f978ed req-9d316c5d-6d00-43b0-b7b6-009843f978ed ] Request (ServersTestManualDisk:setUpClass): 200 GET http://10.180.1.21/compute/v2.1/servers/ed4b9a79-0775-41d7-81c1-cf8f733cb80d 0.865s
2025-05-08 23:47:25.831 69643 INFO tempest.lib.common.rest_client [req-195d44cc-9c66-49f0-a880-dce17c739b91 req-195d44cc-9c66-49f0-a880-dce17c739b91 ] Request (ServerDiagnosticsV248Test:test_get_server_diagnostics): 200 GET http://10.180.1.21/compute/v2.1/servers/ef3e2a26-da12-4180-aee6-40f3bebca9c4 0.867s
2025-05-08 23:47:25.844 69623 INFO tempest.lib.common.rest_client [req-40e001cb-991d-4e26-9735-f6a7c7cb21c4 req-40e001cb-991d-4e26-9735-f6a7c7cb21c4 ] Request (SecurityGroupsTestJSON:test_server_security_groups): 200 GET http://10.180.1.21/compute/v2.1/servers/f9a0134d-8333-4348-bfd9-be2ad13ed7d3 0.860s
2025-05-08 23:47:25.846 69643 INFO tempest.common.waiters [-] State transition "BUILD/networking" ==> "BUILD/spawning" after 85 second wait
2025-05-08 23:47:25.899 69607 INFO tempest.lib.common.rest_client [req-7f4e4446-6bc1-4cba-ae01-d01515c5a23d req-7f4e4446-6bc1-4cba-ae01-d01515c5a23d ] Request (ServersNegativeTestMultiTenantJSON:setUpClass): 200 GET http://10.180.1.21/compute/v2.1/servers/2d0613c8-f62b-4e39-adcc-da89d1264653 0.873s
2025-05-08 23:47:25.916 69633 INFO tempest.lib.common.rest_client [req-a49b355c-43e7-4080-9267-0a9b396f268e req-a49b355c-43e7-4080-9267-0a9b396f268e ] Request (ServerExternalEventsTest:tearDownClass): 200 GET http://10.180.1.21/compute/v2.1/servers/1a40f5d0-eec9-4fa5-9e68-e9cba991e061 0.862s
2025-05-08 23:47:25.965 69603 INFO tempest.lib.common.rest_client [req-b87d9493-82d5-4d25-bcfb-efe3ad7be86c req-b87d9493-82d5-4d25-bcfb-efe3ad7be86c ] Request (ServersAdminNegativeTestJSON:test_migrate_server_invalid_state): 200 GET http://10.180.1.21/compute/v2.1/servers/ba397f72-74e9-4816-be99-8228b5e33809 0.849s
2025-05-08 23:47:26.038 69611 INFO tempest.lib.common.rest_client [req-d83d6b08-58ad-407b-924b-df16353de4d9 req-d83d6b08-58ad-407b-924b-df16353de4d9 ] Request (ServersTestJSON:setUpClass): 200 GET http://10.180.1.21/compute/v2.1/servers/ef277bf0-8b0b-4e8d-bbee-13cb4ff68263 0.695s
2025-05-08 23:47:26.122 69647 INFO tempest.lib.common.rest_client [req-1f907a13-2921-4e64-b656-aab8e954a812 req-1f907a13-2921-4e64-b656-aab8e954a812 ] Request (DeleteServersAdminTestJSON:test_delete_server_while_in_error_state): 200 GET http://10.180.1.21/compute/v2.1/servers/2d71fa70-71a7-4db9-a52e-86f668a8af0f 0.714s
2025-05-08 23:47:26.207 69635 INFO tempest.lib.common.rest_client [req-912a48d4-e280-4e32-9c62-3af981e4c19b req-912a48d4-e280-4e32-9c62-3af981e4c19b ] Request (ServerDiagnosticsTest:tearDownClass): 200 GET http://10.180.1.21/compute/v2.1/servers/ed77329b-1485-4662-8f59-91430507348e 0.688s
2025-05-08 23:47:26.244 69631 INFO tempest.lib.common.rest_client [req-5e98e360-5c35-4c1a-b3e3-4e2541ff5a6c req-5e98e360-5c35-4c1a-b3e3-4e2541ff5a6c ] Request (ListImageFiltersTestJSON:setUpClass): 200 GET http://10.180.1.21/compute/v2.1/images/f7c2b1cc-397f-47e7-9e1a-807a4e2449b9 0.679s
2025-05-08 23:47:26.354 69629 INFO tempest.lib.common.rest_client [req-ec4e78a4-1092-46c9-8878-36ab8b82a52a req-ec4e78a4-1092-46c9-8878-36ab8b82a52a ] Request (MigrationsAdminTest:test_list_migrations_in_flavor_resize_situation): 200 GET http://10.180.1.21/compute/v2.1/servers/31701380-3998-4510-be64-ec5271cf985f 0.750s
2025-05-08 23:47:26.357 69615 INFO tempest.lib.common.rest_client [req-bd7558c0-80ac-40c9-bc97-c281ef9ba001 req-bd7558c0-80ac-40c9-bc97-c281ef9ba001 ] Request (ListServerFiltersTestJSON:setUpClass): 202 POST http://10.180.1.21/compute/v2.1/servers 1.107s
2025-05-08 23:47:26.395 69615 INFO tempest.lib.common.rest_client [req-4383c096-7a53-49fe-8ca4-9973c10b3f02 req-4383c096-7a53-49fe-8ca4-9973c10b3f02 ] Request (ListServerFiltersTestJSON:setUpClass): 201 POST http://10.180.1.21/identity/v3/auth/tokens 0.032s
2025-05-08 23:47:26.395 69615 INFO tempest.lib.common.fixed_network [-] (ListServerFiltersTestJSON:setUpClass) Found network {'id': 'a81d8834-33e9-4f00-bf52-a88544ef1bae', 'name': 'tempest-ListServerFiltersTestJSON-1193798865-network', 'tenant_id': '3a4ee80bb8224f98831090e6c8282090', 'admin_state_up': True, 'mtu': 8950, 'status': 'ACTIVE', 'subnets': [], 'shared': False, 'project_id': '3a4ee80bb8224f98831090e6c8282090', 'port_security_enabled': True, 'router:external': False, 'provider:network_type': 'vlan', 'provider:physical_network': 'default', 'provider:segmentation_id': 828, 'availability_zone_hints': [], 'availability_zones': [], 'ipv4_address_scope': None, 'ipv6_address_scope': None, 'description': '', 'tags': [], 'created_at': '2025-05-08T23:47:24Z', 'updated_at': '2025-05-08T23:47:24Z', 'revision_number': 1} available for tenant
2025-05-08 23:47:26.411 69619 INFO tempest.lib.common.rest_client [req-d644fe3d-d68c-4fc8-b72f-049db4d37c2b req-d644fe3d-d68c-4fc8-b72f-049db4d37c2b ] Request (ServersWithSpecificFlavorTestJSON:test_verify_created_server_ephemeral_disk): 200 GET http://10.180.1.21/compute/v2.1/servers/94545097-35b6-483f-b933-6e3e9d592f7e 0.727s
2025-05-08 23:47:26.508 69639 INFO tempest.lib.common.rest_client [req-e7fd253b-5350-41e6-bf79-0ca79059ed16 req-e7fd253b-5350-41e6-bf79-0ca79059ed16 ] Request (ServerMetadataTestJSON:setUpClass): 200 GET http://10.180.1.21/compute/v2.1/servers/a01a7276-72ac-4014-b6b5-13b6cba60959 0.593s
2025-05-08 23:47:26.560 69641 INFO tempest.lib.common.rest_client [req-d43a97b1-ca17-4813-ba08-5f798f9c5130 req-d43a97b1-ca17-4813-ba08-5f798f9c5130 ] Request (ServerActionsTestOtherB:setUpClass): 200 GET http://10.180.1.21/compute/v2.1/servers/066aadf2-88b6-4015-a933-f110946dbf3e 0.569s
2025-05-08 23:47:26.613 69657 INFO tempest.lib.common.rest_client [req-ac8a2e64-bb4e-4c89-9ce7-4f76a771aa1c req-ac8a2e64-bb4e-4c89-9ce7-4f76a771aa1c ] Request (ServerDiskConfigTestJSON:test_rebuild_server_with_manual_disk_config): 200 GET http://10.180.1.21/compute/v2.1/servers/61373d45-6df4-4cc8-bf4a-89f28f0a918b 0.551s
2025-05-08 23:47:26.668 69637 INFO tempest.lib.common.rest_client [req-aa85a3a7-e256-48b4-94cb-30ed25db1ce8 req-aa85a3a7-e256-48b4-94cb-30ed25db1ce8 ] Request (VolumesAdminNegativeTest:test_update_attached_volume_with_nonexistent_volume_in_uri): 200 GET http://10.180.1.21/compute/v2.1/servers/3f6112ba-f475-4bdb-add6-8bed09ed54f6 0.542s
2025-05-08 23:47:26.742 69625 INFO tempest.lib.common.rest_client [req-a1677630-36a7-4ae5-9253-de825d9bfb0e req-a1677630-36a7-4ae5-9253-de825d9bfb0e ] Request (ImagesOneServerNegativeTestJSON:_run_cleanups): 200 GET http://10.180.1.21/compute/v2.1/servers/9eb97aaa-ca10-455f-8714-12090e3c9341 0.555s
2025-05-08 23:47:26.801 69651 INFO tempest.lib.common.rest_client [req-bb0c8357-3a8a-40db-8810-b98da4fdb447 req-bb0c8357-3a8a-40db-8810-b98da4fdb447 ] Request (ServersAdminTestJSON:test_inject_network_info): 200 GET http://10.180.1.21/compute/v2.1/servers/49037718-4f32-4227-94e3-1e63a2f605d5 0.551s
2025-05-08 23:47:26.850 69605 INFO tempest.lib.common.rest_client [req-db8a38cb-974d-4391-9ab6-d01d3d5cf092 req-db8a38cb-974d-4391-9ab6-d01d3d5cf092 ] Request (ServerActionsTestOtherA:setUpClass): 200 GET http://10.180.1.21/compute/v2.1/servers/1ee96550-ffee-4b07-b48e-7f5978d12145 0.549s
2025-05-08 23:47:26.903 69645 INFO tempest.lib.common.rest_client [req-e0e99cc4-461d-4a79-9e5d-2cc5f2153c67 req-e0e99cc4-461d-4a79-9e5d-2cc5f2153c67 ] Request (AttachVolumeNegativeTest:test_attach_attached_volume_to_different_server): 200 GET http://10.180.1.21/compute/v2.1/servers/1611f9a2-3f7d-4f02-b5ea-0f321af9d2a3 0.550s
2025-05-08 23:47:26.904 69601 INFO tempest.lib.common.rest_client [req-8deece3f-e4d9-462b-999a-4d6cc277e08e req-8deece3f-e4d9-462b-999a-4d6cc277e08e ] Request (FloatingIPsAssociationNegativeTestJSON:test_associate_ip_to_server_with_floating_ip): 200 POST http://10.180.1.21/compute/v2.1/os-floating-ips 1.175s
2025-05-08 23:47:26.964 69653 INFO tempest.lib.common.rest_client [req-9a266f96-c0e1-40ec-a9bb-602933a0a240 req-9a266f96-c0e1-40ec-a9bb-602933a0a240 ] Request (FloatingIPsAssociationTestJSON:tearDownClass): 200 GET http://10.180.1.21/compute/v2.1/servers/9b385495-33e8-463b-bdfd-b2a714b2df1e 0.551s
2025-05-08 23:47:27.026 69661 INFO tempest.lib.common.rest_client [req-2953bc12-8db3-4636-b913-dfd51c672ab5 req-2953bc12-8db3-4636-b913-dfd51c672ab5 ] Request (ImagesOneServerTestJSON:tearDownClass): 200 GET http://10.180.1.21/compute/v2.1/servers/c90da694-873b-4591-9e00-69168834ff52 0.553s
2025-05-08 23:47:27.076 69609 INFO tempest.lib.common.rest_client [req-551b762e-f9ef-487f-a964-19c357a53836 req-551b762e-f9ef-487f-a964-19c357a53836 ] Request (ServerTagsTestJSON:setUpClass): 200 GET http://10.180.1.21/compute/v2.1/servers/e7e97dba-8cc9-4ba9-8756-6168d248cb89 0.547s
2025-05-08 23:47:27.135 69617 INFO tempest.lib.common.rest_client [req-de5e7b04-3584-4e8b-88c2-0f9252f44bd0 req-de5e7b04-3584-4e8b-88c2-0f9252f44bd0 ] Request (ServersNegativeTestJSON:setUpClass): 200 GET http://10.180.1.21/compute/v2.1/servers/3ca583ea-9082-48ed-a0ae-204754a1677e 0.543s
2025-05-08 23:47:27.183 69615 INFO tempest.lib.common.rest_client [req-055fae95-1846-401b-aeed-ae8e5bd2f132 req-055fae95-1846-401b-aeed-ae8e5bd2f132 ] Request (ListServerFiltersTestJSON:setUpClass): 202 POST http://10.180.1.21/compute/v2.1/servers 0.787s
2025-05-08 23:47:27.188 69621 INFO tempest.lib.common.rest_client [req-10599a58-73cd-42b3-937e-cffbba732694 req-10599a58-73cd-42b3-937e-cffbba732694 ] Request (ServersTestJSON:test_create_server_with_ipv6_addr_only): 200 GET http://10.180.1.21/compute/v2.1/servers/f7295443-8a3f-4fbe-af03-abf4419e4c9a 0.536s
2025-05-08 23:47:27.227 69615 INFO tempest.lib.common.rest_client [req-058428e2-05b8-4be2-ad7a-fe80297591e6 req-058428e2-05b8-4be2-ad7a-fe80297591e6 ] Request (ListServerFiltersTestJSON:setUpClass): 201 POST http://10.180.1.21/identity/v3/auth/tokens 0.039s
2025-05-08 23:47:27.228 69615 INFO tempest.lib.common.fixed_network [-] (ListServerFiltersTestJSON:setUpClass) Found network {'id': 'a81d8834-33e9-4f00-bf52-a88544ef1bae', 'name': 'tempest-ListServerFiltersTestJSON-1193798865-network', 'tenant_id': '3a4ee80bb8224f98831090e6c8282090', 'admin_state_up': True, 'mtu': 8950, 'status': 'ACTIVE', 'subnets': [], 'shared': False, 'project_id': '3a4ee80bb8224f98831090e6c8282090', 'port_security_enabled': True, 'router:external': False, 'provider:network_type': 'vlan', 'provider:physical_network': 'default', 'provider:segmentation_id': 828, 'availability_zone_hints': [], 'availability_zones': [], 'ipv4_address_scope': None, 'ipv6_address_scope': None, 'description': '', 'tags': [], 'created_at': '2025-05-08T23:47:24Z', 'updated_at': '2025-05-08T23:47:24Z', 'revision_number': 1} available for tenant
2025-05-08 23:47:27.247 69599 INFO tempest.lib.common.rest_client [req-2247246c-f6ed-4dc8-9f3d-7c7dbc67dbd1 req-2247246c-f6ed-4dc8-9f3d-7c7dbc67dbd1 ] Request (AttachInterfacesUnderV243Test:test_add_remove_fixed_ip): 200 GET http://10.180.1.21/compute/v2.1/servers/91e4ae0e-21b4-43ae-a491-b1d5032f39f5 0.472s
2025-05-08 23:47:27.264 69649 INFO tempest.lib.common.rest_client [req-46717ce5-9aed-49a3-95b8-e08afd9f338c req-46717ce5-9aed-49a3-95b8-e08afd9f338c ] Request (ServersTestFqdnHostnames:tearDownClass): 200 GET http://10.180.1.21/compute/v2.1/servers/97b91f56-f04d-4dc7-973e-94a987ac1b1c 0.544s
2025-05-08 23:47:27.304 69627 INFO tempest.lib.common.rest_client [req-97aa8507-4a9b-48fe-9e69-e383c52ffc95 req-97aa8507-4a9b-48fe-9e69-e383c52ffc95 ] Request (ServersTestManualDisk:setUpClass): 200 GET http://10.180.1.21/compute/v2.1/servers/ed4b9a79-0775-41d7-81c1-cf8f733cb80d 0.506s
2025-05-08 23:47:27.327 69643 INFO tempest.lib.common.rest_client [req-254050cb-7d0f-4db7-a4fa-305e5bbac349 req-254050cb-7d0f-4db7-a4fa-305e5bbac349 ] Request (ServerDiagnosticsV248Test:test_get_server_diagnostics): 200 GET http://10.180.1.21/compute/v2.1/servers/ef3e2a26-da12-4180-aee6-40f3bebca9c4 0.480s
2025-05-08 23:47:27.354 69623 INFO tempest.lib.common.rest_client [req-c97d6531-764a-44bf-9ef9-0646d22470e7 req-c97d6531-764a-44bf-9ef9-0646d22470e7 ] Request (SecurityGroupsTestJSON:test_server_security_groups): 200 GET http://10.180.1.21/compute/v2.1/servers/f9a0134d-8333-4348-bfd9-be2ad13ed7d3 0.500s
2025-05-08 23:47:27.401 69607 INFO tempest.lib.common.rest_client [req-5eef88cc-bd9f-4073-b02d-b8b679c9f3d0 req-5eef88cc-bd9f-4073-b02d-b8b679c9f3d0 ] Request (ServersNegativeTestMultiTenantJSON:setUpClass): 200 GET http://10.180.1.21/compute/v2.1/servers/2d0613c8-f62b-4e39-adcc-da89d1264653 0.493s
2025-05-08 23:47:27.422 69633 INFO tempest.lib.common.rest_client [req-0e73570c-51d3-4a2c-8644-75b248e260da req-0e73570c-51d3-4a2c-8644-75b248e260da ] Request (ServerExternalEventsTest:tearDownClass): 404 GET http://10.180.1.21/compute/v2.1/servers/1a40f5d0-eec9-4fa5-9e68-e9cba991e061 0.495s
2025-05-08 23:47:27.475 69603 INFO tempest.lib.common.rest_client [req-bb2baf2c-2241-4f76-9800-9078ad05b30f req-bb2baf2c-2241-4f76-9800-9078ad05b30f ] Request (ServersAdminNegativeTestJSON:test_migrate_server_invalid_state): 200 GET http://10.180.1.21/compute/v2.1/servers/ba397f72-74e9-4816-be99-8228b5e33809 0.502s
2025-05-08 23:47:27.496 69633 INFO tempest.lib.common.rest_client [req-6cc44cb7-88f5-4a19-b7a8-9b7813458c12 req-6cc44cb7-88f5-4a19-b7a8-9b7813458c12 ] Request (ServerExternalEventsTest:tearDownClass): 204 DELETE http://10.180.1.21/identity/v3/users/f6ded4828ba7419f8977c211d6f5438d 0.073s
2025-05-08 23:47:27.543 69611 INFO tempest.lib.common.rest_client [req-b3038470-3abb-4211-9c1c-7e605b0cbdbf req-b3038470-3abb-4211-9c1c-7e605b0cbdbf ] Request (ServersTestJSON:setUpClass): 200 GET http://10.180.1.21/compute/v2.1/servers/ef277bf0-8b0b-4e8d-bbee-13cb4ff68263 0.495s
2025-05-08 23:47:27.602 69647 INFO tempest.lib.common.rest_client [req-9b4a2921-9b0a-4b8b-9642-17a7c2d3c6d5 req-9b4a2921-9b0a-4b8b-9642-17a7c2d3c6d5 ] Request (DeleteServersAdminTestJSON:test_delete_server_while_in_error_state): 200 GET http://10.180.1.21/compute/v2.1/servers/2d71fa70-71a7-4db9-a52e-86f668a8af0f 0.467s
2025-05-08 23:47:27.636 69633 INFO tempest.lib.common.rest_client [req-78b67bc3-e4c3-4049-9f54-7e4433309ef6 req-78b67bc3-e4c3-4049-9f54-7e4433309ef6 ] Request (ServerExternalEventsTest:tearDownClass): 204 DELETE http://10.180.1.21/identity/v3/users/e80df88c25ff4b4ca12303ddc5bc7fdb 0.140s
2025-05-08 23:47:27.656 69635 INFO tempest.lib.common.rest_client [req-4ebba4e6-5cc4-4191-b2aa-b9881671b450 req-4ebba4e6-5cc4-4191-b2aa-b9881671b450 ] Request (ServerDiagnosticsTest:tearDownClass): 200 GET http://10.180.1.21/compute/v2.1/servers/ed77329b-1485-4662-8f59-91430507348e 0.441s
2025-05-08 23:47:27.665 69601 INFO tempest.lib.common.rest_client [req-f978066d-2e38-47f3-af85-9a9e47f0cfd3 req-f978066d-2e38-47f3-af85-9a9e47f0cfd3 ] Request (FloatingIPsAssociationNegativeTestJSON:test_associate_ip_to_server_with_floating_ip): 400 POST http://10.180.1.21/compute/v2.1/servers/281910ae-d358-41aa-9bc9-493b307c03f2/action 0.759s
2025-05-08 23:47:27.711 69631 INFO tempest.lib.common.rest_client [req-32282784-06fa-4650-b81d-d8e2e1b32034 req-32282784-06fa-4650-b81d-d8e2e1b32034 ] Request (ListImageFiltersTestJSON:setUpClass): 200 GET http://10.180.1.21/compute/v2.1/images/f7c2b1cc-397f-47e7-9e1a-807a4e2449b9 0.460s
2025-05-08 23:47:27.762 69633 INFO tempest.lib.common.rest_client [req-3542cd1b-afd3-4dfe-a852-139f791ad202 req-3542cd1b-afd3-4dfe-a852-139f791ad202 ] Request (ServerExternalEventsTest:tearDownClass): 204 DELETE http://10.180.1.21/identity/v3/users/5be48b49a61d4905bb46cc66202a13e7 0.126s
2025-05-08 23:47:27.763 69633 INFO tempest.lib.common.dynamic_creds [-] Deleting project and security group for project: 33f2ffe8f58e4eb4a36f1c268d00e01d
2025-05-08 23:47:27.823 69629 INFO tempest.lib.common.rest_client [req-377ea395-4d29-4e90-ab5b-65ecc758e894 req-377ea395-4d29-4e90-ab5b-65ecc758e894 ] Request (MigrationsAdminTest:test_list_migrations_in_flavor_resize_situation): 200 GET http://10.180.1.21/compute/v2.1/servers/31701380-3998-4510-be64-ec5271cf985f 0.461s
2025-05-08 23:47:27.840 69633 INFO tempest.lib.common.rest_client [req-341dfaf3-5c83-497f-8b7e-b95fac89d8f6 req-341dfaf3-5c83-497f-8b7e-b95fac89d8f6 ] Request (ServerExternalEventsTest:tearDownClass): 201 POST http://10.180.1.21/identity/v3/auth/tokens 0.076s
2025-05-08 23:47:27.880 69619 INFO tempest.lib.common.rest_client [req-a1ad482b-027b-4ebe-9041-b64c302219c1 req-a1ad482b-027b-4ebe-9041-b64c302219c1 ] Request (ServersWithSpecificFlavorTestJSON:test_verify_created_server_ephemeral_disk): 200 GET http://10.180.1.21/compute/v2.1/servers/94545097-35b6-483f-b933-6e3e9d592f7e 0.459s
2025-05-08 23:47:27.944 69633 INFO tempest.lib.common.rest_client [req-0e0f24cf-31d4-48c9-818a-5cb25daf9321 req-0e0f24cf-31d4-48c9-818a-5cb25daf9321 ] Request (ServerExternalEventsTest:tearDownClass): 200 GET http://10.180.1.21:9696/networking/v2.0/security-groups?tenant_id=33f2ffe8f58e4eb4a36f1c268d00e01d&name=default 0.104s
2025-05-08 23:47:27.948 69615 INFO tempest.lib.common.rest_client [req-842628b2-cce0-4b3e-8f81-c0af630cea62 req-842628b2-cce0-4b3e-8f81-c0af630cea62 ] Request (ListServerFiltersTestJSON:setUpClass): 202 POST http://10.180.1.21/compute/v2.1/servers 0.719s
2025-05-08 23:47:28.001 69641 INFO tempest.lib.common.rest_client [req-ed350f98-fa64-447c-99a8-f41ff0423c3d req-ed350f98-fa64-447c-99a8-f41ff0423c3d ] Request (ServerActionsTestOtherB:setUpClass): 200 GET http://10.180.1.21/compute/v2.1/servers/066aadf2-88b6-4015-a933-f110946dbf3e 0.434s
2025-05-08 23:47:28.014 69639 INFO tempest.lib.common.rest_client [req-72a923c7-3b1f-4541-b9ea-a061589fe007 req-72a923c7-3b1f-4541-b9ea-a061589fe007 ] Request (ServerMetadataTestJSON:setUpClass): 200 GET http://10.180.1.21/compute/v2.1/servers/a01a7276-72ac-4014-b6b5-13b6cba60959 0.495s
2025-05-08 23:47:28.025 69660 WARNING tempest.lib.common.ssh [-] Failed to establish authenticated ssh connection to cirros@10.180.180.249 ([Errno None] Unable to connect to port 22 on 10.180.180.249). Number attempts: 9. Retry after 10 seconds.: paramiko.ssh_exception.NoValidConnectionsError: [Errno None] Unable to connect to port 22 on 10.180.180.249
2025-05-08 23:47:28.059 69657 INFO tempest.lib.common.rest_client [req-a9b5cd75-36f3-4c1e-a2e1-ffa41f7c6cc3 req-a9b5cd75-36f3-4c1e-a2e1-ffa41f7c6cc3 ] Request (ServerDiskConfigTestJSON:test_rebuild_server_with_manual_disk_config): 200 GET http://10.180.1.21/compute/v2.1/servers/61373d45-6df4-4cc8-bf4a-89f28f0a918b 0.436s
2025-05-08 23:47:28.107 69633 INFO tempest.lib.common.rest_client [req-0266784f-d663-41a8-bce7-f32e527ec039 req-0266784f-d663-41a8-bce7-f32e527ec039 ] Request (ServerExternalEventsTest:tearDownClass): 204 DELETE http://10.180.1.21:9696/networking/v2.0/security-groups/fc5a9f41-bc61-4f34-bdf3-c1505e3c83ee 0.162s
2025-05-08 23:47:28.129 69637 INFO tempest.lib.common.rest_client [req-a22e2e67-f67e-4826-885d-9eafbd849e81 req-a22e2e67-f67e-4826-885d-9eafbd849e81 ] Request (VolumesAdminNegativeTest:test_update_attached_volume_with_nonexistent_volume_in_uri): 200 GET http://10.180.1.21/compute/v2.1/servers/3f6112ba-f475-4bdb-add6-8bed09ed54f6 0.451s
2025-05-08 23:47:28.200 69625 INFO tempest.lib.common.rest_client [req-c6b4b326-7e7e-4b19-97d2-a2f7654db71b req-c6b4b326-7e7e-4b19-97d2-a2f7654db71b ] Request (ImagesOneServerNegativeTestJSON:_run_cleanups): 200 GET http://10.180.1.21/compute/v2.1/servers/9eb97aaa-ca10-455f-8714-12090e3c9341 0.449s
2025-05-08 23:47:28.226 69633 INFO tempest.lib.common.rest_client [req-7e9318a1-d095-4419-b4f6-b0c81ecf07ea req-7e9318a1-d095-4419-b4f6-b0c81ecf07ea ] Request (ServerExternalEventsTest:tearDownClass): 204 DELETE http://10.180.1.21/identity/v3/projects/33f2ffe8f58e4eb4a36f1c268d00e01d 0.118s
2025-05-08 23:47:28.226 69633 INFO tempest.lib.common.dynamic_creds [-] Deleting project and security group for project: 9d524662ab7d47f6acc8dec89357a4d1
2025-05-08 23:47:28.268 69651 INFO tempest.lib.common.rest_client [req-8537d40d-038b-47e1-b335-b6e57eafd311 req-8537d40d-038b-47e1-b335-b6e57eafd311 ] Request (ServersAdminTestJSON:test_inject_network_info): 200 GET http://10.180.1.21/compute/v2.1/servers/49037718-4f32-4227-94e3-1e63a2f605d5 0.458s
2025-05-08 23:47:28.345 69605 INFO tempest.lib.common.rest_client [req-d9256fb0-4134-41c0-b9c8-db4030ea40a9 req-d9256fb0-4134-41c0-b9c8-db4030ea40a9 ] Request (ServerActionsTestOtherA:setUpClass): 200 GET http://10.180.1.21/compute/v2.1/servers/1ee96550-ffee-4b07-b48e-7f5978d12145 0.487s
2025-05-08 23:47:28.376 69633 INFO tempest.lib.common.rest_client [req-f377beb3-5f71-4009-b9a6-948330b64521 req-f377beb3-5f71-4009-b9a6-948330b64521 ] Request (ServerExternalEventsTest:tearDownClass): 200 GET http://10.180.1.21:9696/networking/v2.0/security-groups?tenant_id=9d524662ab7d47f6acc8dec89357a4d1&name=default 0.150s
2025-05-08 23:47:28.405 69645 INFO tempest.lib.common.rest_client [req-3455a7c6-c14b-45f5-a5a9-edc9fd8aca52 req-3455a7c6-c14b-45f5-a5a9-edc9fd8aca52 ] Request (AttachVolumeNegativeTest:test_attach_attached_volume_to_different_server): 200 GET http://10.180.1.21/compute/v2.1/servers/1611f9a2-3f7d-4f02-b5ea-0f321af9d2a3 0.492s
2025-05-08 23:47:28.413 69613 WARNING tempest.lib.common.ssh [-] Failed to establish authenticated ssh connection to cirros@10.180.180.243 ([Errno None] Unable to connect to port 22 on 10.180.180.243). Number attempts: 1. Retry after 2 seconds.: paramiko.ssh_exception.NoValidConnectionsError: [Errno None] Unable to connect to port 22 on 10.180.180.243
2025-05-08 23:47:28.445 69615 INFO tempest.lib.common.rest_client [req-475f52e6-dd9f-4365-92c0-ff682cd7947f req-475f52e6-dd9f-4365-92c0-ff682cd7947f ] Request (ListServerFiltersTestJSON:setUpClass): 200 GET http://10.180.1.21/compute/v2.1/servers/08a765e1-c6ce-459a-9543-f017aa8202ba 0.494s
2025-05-08 23:47:28.490 69601 INFO tempest.lib.common.rest_client [req-c78e5f3b-a87a-46ec-a89c-e2f47fb2a3dd req-c78e5f3b-a87a-46ec-a89c-e2f47fb2a3dd ] Request (FloatingIPsAssociationNegativeTestJSON:_run_cleanups): 202 DELETE http://10.180.1.21/compute/v2.1/os-floating-ips/1d443114-1abe-4e28-b2a6-4c42edba5d14 0.825s
2025-05-08 23:47:28.507 69633 INFO tempest.lib.common.rest_client [req-4207f0df-283e-4490-97cc-9a07d28e1919 req-4207f0df-283e-4490-97cc-9a07d28e1919 ] Request (ServerExternalEventsTest:tearDownClass): 204 DELETE http://10.180.1.21:9696/networking/v2.0/security-groups/c832e667-e0e5-46ec-9717-e2360eff7a48 0.130s
2025-05-08 23:47:28.511 69653 INFO tempest.lib.common.rest_client [req-f6875686-c515-4cd3-8ad1-e7d0a0fc18a7 req-f6875686-c515-4cd3-8ad1-e7d0a0fc18a7 ] Request (FloatingIPsAssociationTestJSON:tearDownClass): 200 GET http://10.180.1.21/compute/v2.1/servers/9b385495-33e8-463b-bdfd-b2a714b2df1e 0.539s
2025-05-08 23:47:28.517 69661 INFO tempest.lib.common.rest_client [req-3466eb68-63da-473a-8919-8f7a5452e412 req-3466eb68-63da-473a-8919-8f7a5452e412 ] Request (ImagesOneServerTestJSON:tearDownClass): 404 GET http://10.180.1.21/compute/v2.1/servers/c90da694-873b-4591-9e00-69168834ff52 0.482s
2025-05-08 23:47:28.569 69617 INFO tempest.lib.common.rest_client [req-46625a57-75f0-4059-89ad-2c079c866460 req-46625a57-75f0-4059-89ad-2c079c866460 ] Request (ServersNegativeTestJSON:setUpClass): 200 GET http://10.180.1.21/compute/v2.1/servers/3ca583ea-9082-48ed-a0ae-204754a1677e 0.425s
2025-05-08 23:47:28.579 69609 INFO tempest.lib.common.rest_client [req-63f797ff-1404-4c23-93e8-ed721e69e617 req-63f797ff-1404-4c23-93e8-ed721e69e617 ] Request (ServerTagsTestJSON:setUpClass): 200 GET http://10.180.1.21/compute/v2.1/servers/e7e97dba-8cc9-4ba9-8756-6168d248cb89 0.494s
2025-05-08 23:47:28.616 69633 INFO tempest.lib.common.rest_client [req-6b115d5e-a100-47ac-af73-f9386ed7d9b1 req-6b115d5e-a100-47ac-af73-f9386ed7d9b1 ] Request (ServerExternalEventsTest:tearDownClass): 204 DELETE http://10.180.1.21/identity/v3/projects/9d524662ab7d47f6acc8dec89357a4d1 0.108s
2025-05-08 23:47:28.616 69633 INFO tempest.lib.common.dynamic_creds [-] Deleting project and security group for project: 5ac4301bfffc45059832a7efc59a9133
2025-05-08 23:47:28.624 69621 INFO tempest.lib.common.rest_client [req-ac4d34f1-5ca9-43f9-ab0d-3482d41a264f req-ac4d34f1-5ca9-43f9-ab0d-3482d41a264f ] Request (ServersTestJSON:test_create_server_with_ipv6_addr_only): 200 GET http://10.180.1.21/compute/v2.1/servers/f7295443-8a3f-4fbe-af03-abf4419e4c9a 0.426s
2025-05-08 23:47:28.635 69599 INFO tempest.lib.common.rest_client [req-4a49f0bf-10cc-42a1-a2b9-60e310966d75 req-4a49f0bf-10cc-42a1-a2b9-60e310966d75 ] Request (AttachInterfacesUnderV243Test:test_add_remove_fixed_ip): 200 GET http://10.180.1.21/compute/v2.1/servers/91e4ae0e-21b4-43ae-a491-b1d5032f39f5 0.378s
2025-05-08 23:47:28.692 69627 INFO tempest.lib.common.rest_client [req-130029bd-8856-42ba-ace0-b8221fa0dc82 req-130029bd-8856-42ba-ace0-b8221fa0dc82 ] Request (ServersTestManualDisk:setUpClass): 200 GET http://10.180.1.21/compute/v2.1/servers/ed4b9a79-0775-41d7-81c1-cf8f733cb80d 0.380s
2025-05-08 23:47:28.695 69649 INFO tempest.lib.common.rest_client [req-cebdf01a-5865-4c2d-8def-9322b5fbed8c req-cebdf01a-5865-4c2d-8def-9322b5fbed8c ] Request (ServersTestFqdnHostnames:tearDownClass): 200 GET http://10.180.1.21/compute/v2.1/servers/97b91f56-f04d-4dc7-973e-94a987ac1b1c 0.423s
2025-05-08 23:47:28.745 69633 INFO tempest.lib.common.rest_client [req-fa03cc2e-cd75-478c-b57b-37712f2d6c1c req-fa03cc2e-cd75-478c-b57b-37712f2d6c1c ] Request (ServerExternalEventsTest:tearDownClass): 200 GET http://10.180.1.21:9696/networking/v2.0/security-groups?tenant_id=5ac4301bfffc45059832a7efc59a9133&name=default 0.128s
2025-05-08 23:47:28.749 69623 INFO tempest.lib.common.rest_client [req-522226ae-b7cb-4a33-bfc4-67f68055f9cd req-522226ae-b7cb-4a33-bfc4-67f68055f9cd ] Request (SecurityGroupsTestJSON:test_server_security_groups): 200 GET http://10.180.1.21/compute/v2.1/servers/f9a0134d-8333-4348-bfd9-be2ad13ed7d3 0.387s
2025-05-08 23:47:28.774 69643 INFO tempest.lib.common.rest_client [req-1ef263c9-dbda-4992-922b-8ec6bf0fc5f7 req-1ef263c9-dbda-4992-922b-8ec6bf0fc5f7 ] Request (ServerDiagnosticsV248Test:test_get_server_diagnostics): 200 GET http://10.180.1.21/compute/v2.1/servers/ef3e2a26-da12-4180-aee6-40f3bebca9c4 0.435s
2025-05-08 23:47:28.820 69607 INFO tempest.lib.common.rest_client [req-ab0c75f4-1569-4c5b-91da-3c92d855aa7c req-ab0c75f4-1569-4c5b-91da-3c92d855aa7c ] Request (ServersNegativeTestMultiTenantJSON:setUpClass): 200 GET http://10.180.1.21/compute/v2.1/servers/2d0613c8-f62b-4e39-adcc-da89d1264653 0.410s
2025-05-08 23:47:28.839 69603 INFO tempest.lib.common.rest_client [req-891d61b0-f83d-419f-861d-c0b960dffd3d req-891d61b0-f83d-419f-861d-c0b960dffd3d ] Request (ServersAdminNegativeTestJSON:test_migrate_server_invalid_state): 200 GET http://10.180.1.21/compute/v2.1/servers/ba397f72-74e9-4816-be99-8228b5e33809 0.351s
2025-05-08 23:47:28.863 69633 INFO tempest.lib.common.rest_client [req-13964aaa-3b13-4bd0-8eca-c52900d119a1 req-13964aaa-3b13-4bd0-8eca-c52900d119a1 ] Request (ServerExternalEventsTest:tearDownClass): 204 DELETE http://10.180.1.21:9696/networking/v2.0/security-groups/35424351-ee03-4ec4-8e4c-83543e541bb9 0.117s
2025-05-08 23:47:28.895 69611 INFO tempest.lib.common.rest_client [req-54b20982-d1d5-4fb1-9acf-dde1fbe1931b req-54b20982-d1d5-4fb1-9acf-dde1fbe1931b ] Request (ServersTestJSON:setUpClass): 200 GET http://10.180.1.21/compute/v2.1/servers/ef277bf0-8b0b-4e8d-bbee-13cb4ff68263 0.344s
2025-05-08 23:47:28.961 69647 INFO tempest.lib.common.rest_client [req-e937a594-195a-4c63-baab-e3a14cf241bf req-e937a594-195a-4c63-baab-e3a14cf241bf ] Request (DeleteServersAdminTestJSON:test_delete_server_while_in_error_state): 200 GET http://10.180.1.21/compute/v2.1/servers/2d71fa70-71a7-4db9-a52e-86f668a8af0f 0.349s
2025-05-08 23:47:28.981 69633 INFO tempest.lib.common.rest_client [req-ff14483d-2b85-4738-8221-f6e57d62a068 req-ff14483d-2b85-4738-8221-f6e57d62a068 ] Request (ServerExternalEventsTest:tearDownClass): 204 DELETE http://10.180.1.21/identity/v3/projects/5ac4301bfffc45059832a7efc59a9133 0.117s
2025-05-08 23:47:29.045 69635 INFO tempest.lib.common.rest_client [req-d55273ad-9a70-4232-b59b-a1f3ac9cff9e req-d55273ad-9a70-4232-b59b-a1f3ac9cff9e ] Request (ServerDiagnosticsTest:tearDownClass): 200 GET http://10.180.1.21/compute/v2.1/servers/ed77329b-1485-4662-8f59-91430507348e 0.381s
2025-05-08 23:47:29.050 69633 INFO tempest.lib.common.rest_client [req-8d48c64e-eced-496e-85a3-c4e5a6092b6a req-8d48c64e-eced-496e-85a3-c4e5a6092b6a ] Request (ImagesTestJSON:setUpClass): 201 POST http://10.180.1.21/identity/v3/auth/tokens 0.067s
2025-05-08 23:47:29.088 69631 INFO tempest.lib.common.rest_client [req-eed26718-ee15-4fd4-874d-3f9f78343a79 req-eed26718-ee15-4fd4-874d-3f9f78343a79 ] Request (ListImageFiltersTestJSON:setUpClass): 200 GET http://10.180.1.21/compute/v2.1/images/f7c2b1cc-397f-47e7-9e1a-807a4e2449b9 0.374s
2025-05-08 23:47:29.092 69633 INFO tempest.lib.common.rest_client [req-3bbb0226-1a9f-48ce-a5fc-696277e3847b req-3bbb0226-1a9f-48ce-a5fc-696277e3847b ] Request (ImagesTestJSON:setUpClass): 201 POST http://10.180.1.21/identity/v3/auth/tokens 0.039s
2025-05-08 23:47:29.122 69633 INFO tempest.lib.common.rest_client [req-e7873588-dfa2-4720-8615-37d74339a313 req-e7873588-dfa2-4720-8615-37d74339a313 ] Request (ImagesTestJSON:setUpClass): 200 GET http://10.180.1.21/identity/v3/domains?name=Default 0.029s
2025-05-08 23:47:29.158 69633 INFO tempest.lib.common.rest_client [req-9920185d-9fcd-4720-8876-3e94270f5f14 req-9920185d-9fcd-4720-8876-3e94270f5f14 ] Request (ImagesTestJSON:setUpClass): 201 POST http://10.180.1.21/identity/v3/projects 0.035s
2025-05-08 23:47:29.240 69633 INFO tempest.lib.common.rest_client [req-94a01516-3745-4047-939f-452d6b0d00d0 req-94a01516-3745-4047-939f-452d6b0d00d0 ] Request (ImagesTestJSON:setUpClass): 201 POST http://10.180.1.21/identity/v3/users 0.081s
2025-05-08 23:47:29.261 69633 INFO tempest.lib.common.rest_client [req-72c51686-999f-47b8-81ac-34fcf986b58b req-72c51686-999f-47b8-81ac-34fcf986b58b ] Request (ImagesTestJSON:setUpClass): 200 GET http://10.180.1.21/identity/v3/roles 0.021s
2025-05-08 23:47:29.297 69629 INFO tempest.lib.common.rest_client [req-1cefc654-e517-48cf-b99c-3c7a2bde850c req-1cefc654-e517-48cf-b99c-3c7a2bde850c ] Request (MigrationsAdminTest:test_list_migrations_in_flavor_resize_situation): 200 GET http://10.180.1.21/compute/v2.1/servers/31701380-3998-4510-be64-ec5271cf985f 0.466s
2025-05-08 23:47:29.306 69633 INFO tempest.lib.common.rest_client [req-6e0d5f3c-a877-4b73-a52a-aecd45ef95e0 req-6e0d5f3c-a877-4b73-a52a-aecd45ef95e0 ] Request (ImagesTestJSON:setUpClass): 204 PUT http://10.180.1.21/identity/v3/projects/45d85cb5a5514e9f81e5e335672b15a2/users/bc94a3874181480d8966d83741f9fc7f/roles/ea4ece8441754c4aa95e655a5fd0061a 0.044s
2025-05-08 23:47:29.306 69633 INFO tempest.lib.common.dynamic_creds [-] Dynamic test user bc94a3874181480d8966d83741f9fc7f is created with scope project and roles: ['member']
2025-05-08 23:47:29.306 69633 INFO tempest.lib.common.dynamic_creds [-] Acquired dynamic creds: credentials: Credentials: {'domain_id': 'default', 'domain_name': 'Default', 'username': 'tempest-ImagesTestJSON-1117667709-project-member', 'project_domain_id': 'default', 'project_domain_name': 'Default', 'project_id': '45d85cb5a5514e9f81e5e335672b15a2', 'project_name': 'tempest-ImagesTestJSON-1117667709', 'tenant_id': '45d85cb5a5514e9f81e5e335672b15a2', 'tenant_name': 'tempest-ImagesTestJSON-1117667709', 'user_domain_id': 'default', 'user_domain_name': 'Default', 'user_id': 'bc94a3874181480d8966d83741f9fc7f', 'system': None}, Network: None, Subnet: None, Router: None
2025-05-08 23:47:29.380 69633 INFO tempest.lib.common.rest_client [req-5b5473c0-bf11-4575-a68b-d531b9ef570b req-5b5473c0-bf11-4575-a68b-d531b9ef570b ] Request (ImagesTestJSON:setUpClass): 201 POST http://10.180.1.21/identity/v3/auth/tokens 0.073s
2025-05-08 23:47:29.391 69619 INFO tempest.lib.common.rest_client [req-59280e43-b4df-4676-8a2f-8e1c1f4ea370 req-59280e43-b4df-4676-8a2f-8e1c1f4ea370 ] Request (ServersWithSpecificFlavorTestJSON:test_verify_created_server_ephemeral_disk): 200 GET http://10.180.1.21/compute/v2.1/servers/94545097-35b6-483f-b933-6e3e9d592f7e 0.499s
2025-05-08 23:47:29.421 69661 INFO tempest.lib.common.rest_client [req-fb1a9996-c17b-42b9-bdc4-e0bcfafe8a60 req-fb1a9996-c17b-42b9-bdc4-e0bcfafe8a60 ] Request (ImagesOneServerTestJSON:tearDownClass): 200 PUT http://10.180.1.21:9696/networking/v2.0/routers/098fea73-f974-4700-aa68-3f4b081365fc/remove_router_interface 0.903s
2025-05-08 23:47:29.466 69641 INFO tempest.lib.common.rest_client [req-6bc7b4f8-21b3-47f2-bc55-5068fe137edc req-6bc7b4f8-21b3-47f2-bc55-5068fe137edc ] Request (ServerActionsTestOtherB:setUpClass): 200 GET http://10.180.1.21/compute/v2.1/servers/066aadf2-88b6-4015-a933-f110946dbf3e 0.457s
2025-05-08 23:47:29.637 69639 INFO tempest.lib.common.rest_client [req-7e249e3d-beec-44d0-b383-81bd209c0a54 req-7e249e3d-beec-44d0-b383-81bd209c0a54 ] Request (ServerMetadataTestJSON:setUpClass): 200 GET http://10.180.1.21/compute/v2.1/servers/a01a7276-72ac-4014-b6b5-13b6cba60959 0.609s
2025-05-08 23:47:29.703 69657 INFO tempest.lib.common.rest_client [req-31bae08f-9c2d-4a92-b95d-5beec1123357 req-31bae08f-9c2d-4a92-b95d-5beec1123357 ] Request (ServerDiskConfigTestJSON:test_rebuild_server_with_manual_disk_config): 200 GET http://10.180.1.21/compute/v2.1/servers/61373d45-6df4-4cc8-bf4a-89f28f0a918b 0.635s
2025-05-08 23:47:29.729 69601 INFO tempest.lib.common.rest_client [req-2578c6ec-9b02-4400-a707-70c30fb374be req-2578c6ec-9b02-4400-a707-70c30fb374be ] Request (FloatingIPsAssociationNegativeTestJSON:_run_cleanups): 202 POST http://10.180.1.21/compute/v2.1/servers/281910ae-d358-41aa-9bc9-493b307c03f2/action 1.238s
2025-05-08 23:47:29.736 69631 INFO tempest.lib.common.rest_client [req-4a8e53af-1b70-431d-9493-79d7c59b280b req-4a8e53af-1b70-431d-9493-79d7c59b280b ] Request (ListImageFiltersTestJSON:setUpClass): 200 GET http://10.180.1.21/compute/v2.1/images/f7c2b1cc-397f-47e7-9e1a-807a4e2449b9 0.644s
2025-05-08 23:47:29.799 69625 INFO tempest.lib.common.rest_client [req-2125560a-2132-4f67-97ba-6fd96867e457 req-2125560a-2132-4f67-97ba-6fd96867e457 ] Request (ImagesOneServerNegativeTestJSON:_run_cleanups): 200 GET http://10.180.1.21/compute/v2.1/servers/9eb97aaa-ca10-455f-8714-12090e3c9341 0.585s
2025-05-08 23:47:29.809 69633 INFO tempest.lib.common.rest_client [req-5db5dbfd-6ec4-44f0-bc8b-79899be61a1f req-5db5dbfd-6ec4-44f0-bc8b-79899be61a1f ] Request (ImagesTestJSON:setUpClass): 201 POST http://10.180.1.21:9696/networking/v2.0/networks 0.429s
2025-05-08 23:47:29.810 69637 INFO tempest.lib.common.rest_client [req-55d49277-edf0-4ef2-a733-a04610f78bee req-55d49277-edf0-4ef2-a733-a04610f78bee ] Request (VolumesAdminNegativeTest:test_update_attached_volume_with_nonexistent_volume_in_uri): 200 GET http://10.180.1.21/compute/v2.1/servers/3f6112ba-f475-4bdb-add6-8bed09ed54f6 0.670s
2025-05-08 23:47:29.858 69651 INFO tempest.lib.common.rest_client [req-d7404dc4-2dd3-4d52-b3e8-463085ba8091 req-d7404dc4-2dd3-4d52-b3e8-463085ba8091 ] Request (ServersAdminTestJSON:test_inject_network_info): 200 GET http://10.180.1.21/compute/v2.1/servers/49037718-4f32-4227-94e3-1e63a2f605d5 0.581s
2025-05-08 23:47:29.881 69605 INFO tempest.lib.common.rest_client [req-0428d958-20e4-45f5-abd2-f6d6a27028a9 req-0428d958-20e4-45f5-abd2-f6d6a27028a9 ] Request (ServerActionsTestOtherA:setUpClass): 200 GET http://10.180.1.21/compute/v2.1/servers/1ee96550-ffee-4b07-b48e-7f5978d12145 0.527s
2025-05-08 23:47:29.939 69615 INFO tempest.lib.common.rest_client [req-b5d1c709-82bd-46ca-8085-2189eb6da4f8 req-b5d1c709-82bd-46ca-8085-2189eb6da4f8 ] Request (ListServerFiltersTestJSON:setUpClass): 200 GET http://10.180.1.21/compute/v2.1/servers/08a765e1-c6ce-459a-9543-f017aa8202ba 0.486s
2025-05-08 23:47:29.941 69661 INFO tempest.lib.common.rest_client [req-379e3dea-c96f-4813-bf55-b5b8915e1ca3 req-379e3dea-c96f-4813-bf55-b5b8915e1ca3 ] Request (ImagesOneServerTestJSON:tearDownClass): 204 DELETE http://10.180.1.21:9696/networking/v2.0/routers/098fea73-f974-4700-aa68-3f4b081365fc 0.520s
2025-05-08 23:47:29.944 69645 INFO tempest.lib.common.rest_client [req-432a168b-c6a3-4031-9334-a10c1acc52c1 req-432a168b-c6a3-4031-9334-a10c1acc52c1 ] Request (AttachVolumeNegativeTest:test_attach_attached_volume_to_different_server): 200 GET http://10.180.1.21/compute/v2.1/servers/1611f9a2-3f7d-4f02-b5ea-0f321af9d2a3 0.529s
2025-05-08 23:47:29.999 69617 INFO tempest.lib.common.rest_client [req-d2614b1e-b149-464d-9a43-3ec14636d86c req-d2614b1e-b149-464d-9a43-3ec14636d86c ] Request (ServersNegativeTestJSON:setUpClass): 200 GET http://10.180.1.21/compute/v2.1/servers/3ca583ea-9082-48ed-a0ae-204754a1677e 0.422s
2025-05-08 23:47:30.007 69653 INFO tempest.lib.common.rest_client [req-c3ea3bb2-4420-4568-aaf3-a3cc7739f034 req-c3ea3bb2-4420-4568-aaf3-a3cc7739f034 ] Request (FloatingIPsAssociationTestJSON:tearDownClass): 200 GET http://10.180.1.21/compute/v2.1/servers/9b385495-33e8-463b-bdfd-b2a714b2df1e 0.487s
2025-05-08 23:47:30.029 69633 INFO tempest.lib.common.rest_client [req-ff1a951a-5f69-46f2-a855-73d61485a0f1 req-ff1a951a-5f69-46f2-a855-73d61485a0f1 ] Request (ImagesTestJSON:setUpClass): 201 POST http://10.180.1.21:9696/networking/v2.0/subnets 0.220s
2025-05-08 23:47:30.058 69609 INFO tempest.lib.common.rest_client [req-85b42df5-00e6-4ca8-a300-ab73c3ec7b41 req-85b42df5-00e6-4ca8-a300-ab73c3ec7b41 ] Request (ServerTagsTestJSON:setUpClass): 200 GET http://10.180.1.21/compute/v2.1/servers/e7e97dba-8cc9-4ba9-8756-6168d248cb89 0.470s
2025-05-08 23:47:30.070 69621 INFO tempest.lib.common.rest_client [req-d9a77afe-a45c-4bb1-808e-138d7a302fbc req-d9a77afe-a45c-4bb1-808e-138d7a302fbc ] Request (ServersTestJSON:test_create_server_with_ipv6_addr_only): 200 GET http://10.180.1.21/compute/v2.1/servers/f7295443-8a3f-4fbe-af03-abf4419e4c9a 0.431s
2025-05-08 23:47:30.116 69599 INFO tempest.lib.common.rest_client [req-cdcae337-eb84-4117-8ac1-c19b7f9689a5 req-cdcae337-eb84-4117-8ac1-c19b7f9689a5 ] Request (AttachInterfacesUnderV243Test:test_add_remove_fixed_ip): 200 GET http://10.180.1.21/compute/v2.1/servers/91e4ae0e-21b4-43ae-a491-b1d5032f39f5 0.472s
2025-05-08 23:47:30.138 69627 INFO tempest.lib.common.rest_client [req-d70719e2-9968-4331-89a4-de1c6c4d5f45 req-d70719e2-9968-4331-89a4-de1c6c4d5f45 ] Request (ServersTestManualDisk:setUpClass): 200 GET http://10.180.1.21/compute/v2.1/servers/ed4b9a79-0775-41d7-81c1-cf8f733cb80d 0.437s
2025-05-08 23:47:30.200 69649 INFO tempest.lib.common.rest_client [req-3a61621c-2e45-4195-a304-6cdf47c018bf req-3a61621c-2e45-4195-a304-6cdf47c018bf ] Request (ServersTestFqdnHostnames:tearDownClass): 200 GET http://10.180.1.21/compute/v2.1/servers/97b91f56-f04d-4dc7-973e-94a987ac1b1c 0.493s
2025-05-08 23:47:30.213 69661 INFO tempest.lib.common.rest_client [req-2b1421c2-e523-46a8-aaf9-35d8569c0f8a req-2b1421c2-e523-46a8-aaf9-35d8569c0f8a ] Request (ImagesOneServerTestJSON:tearDownClass): 204 DELETE http://10.180.1.21:9696/networking/v2.0/subnets/22d53096-c5d7-47cf-ab54-ee9b2b4913f8 0.272s
2025-05-08 23:47:30.375 69631 INFO tempest.lib.common.rest_client [req-c3680c54-5f67-4964-a1f2-ac417ea854b6 req-c3680c54-5f67-4964-a1f2-ac417ea854b6 ] Request (ListImageFiltersTestJSON:setUpClass): 200 GET http://10.180.1.21/compute/v2.1/servers/0848d304-f73c-4833-8143-9e0d1988d17b 0.635s
2025-05-08 23:47:30.440 69623 INFO tempest.lib.common.rest_client [req-7a04cca6-2460-413e-a3bc-c0809164592a req-7a04cca6-2460-413e-a3bc-c0809164592a ] Request (SecurityGroupsTestJSON:test_server_security_groups): 200 GET http://10.180.1.21/compute/v2.1/servers/f9a0134d-8333-4348-bfd9-be2ad13ed7d3 0.682s
2025-05-08 23:47:30.509 69643 INFO tempest.lib.common.rest_client [req-76936104-2b56-4cee-884b-ae19e3fa6f6c req-76936104-2b56-4cee-884b-ae19e3fa6f6c ] Request (ServerDiagnosticsV248Test:test_get_server_diagnostics): 200 GET http://10.180.1.21/compute/v2.1/servers/ef3e2a26-da12-4180-aee6-40f3bebca9c4 0.726s
2025-05-08 23:47:30.569 69607 INFO tempest.lib.common.rest_client [req-12c271e6-228a-4d64-8d6e-a0a3f778ea1c req-12c271e6-228a-4d64-8d6e-a0a3f778ea1c ] Request (ServersNegativeTestMultiTenantJSON:setUpClass): 200 GET http://10.180.1.21/compute/v2.1/servers/2d0613c8-f62b-4e39-adcc-da89d1264653 0.740s
2025-05-08 23:47:30.645 69603 INFO tempest.lib.common.rest_client [req-5b7f51a3-8128-4259-97b2-fdfd208d6e7a req-5b7f51a3-8128-4259-97b2-fdfd208d6e7a ] Request (ServersAdminNegativeTestJSON:test_migrate_server_invalid_state): 200 GET http://10.180.1.21/compute/v2.1/servers/ba397f72-74e9-4816-be99-8228b5e33809 0.798s
2025-05-08 23:47:30.668 69661 INFO tempest.lib.common.rest_client [req-ddbcbcb5-593b-44c2-ac95-7d0db488fe8f req-ddbcbcb5-593b-44c2-ac95-7d0db488fe8f ] Request (ImagesOneServerTestJSON:tearDownClass): 204 DELETE http://10.180.1.21:9696/networking/v2.0/networks/cab1b498-18c5-4eea-b5ac-af25459be169 0.455s
