2025-05-08 23:45:37.141 69599 INFO tempest.lib.common.dynamic_creds [-] Acquired dynamic creds: credentials: Credentials: {'domain_id': 'default', 'domain_name': 'Default', 'username': 'tempest-QuotaClassesAdmin257Test-1052491742-project-member', 'project_domain_id': 'default', 'project_domain_name': 'Default', 'project_id': 'bd247f15818a486cb9e628f5f9b0fd2f', 'project_name': 'tempest-QuotaClassesAdmin257Test-1052491742', 'tenant_id': 'bd247f15818a486cb9e628f5f9b0fd2f', 'tenant_name': 'tempest-QuotaClassesAdmin257Test-1052491742', 'user_domain_id': 'default', 'user_domain_name': 'Default', 'user_id': '5de4cf1ec1554cf0ac3c4daa3fc95f3a', 'system': None}, Network: None, Subnet: None, Router: None
2025-05-08 23:45:37.141 69599 INFO tempest.lib.common.dynamic_creds [-] Created isolated network resources for: credentials: Credentials: {'domain_id': 'default', 'domain_name': 'Default', 'username': 'tempest-QuotaClassesAdmin257Test-1052491742-project-member', 'project_domain_id': 'default', 'project_domain_name': 'Default', 'project_id': 'bd247f15818a486cb9e628f5f9b0fd2f', 'project_name': 'tempest-QuotaClassesAdmin257Test-1052491742', 'tenant_id': 'bd247f15818a486cb9e628f5f9b0fd2f', 'tenant_name': 'tempest-QuotaClassesAdmin257Test-1052491742', 'user_domain_id': 'default', 'user_domain_name': 'Default', 'user_id': '5de4cf1ec1554cf0ac3c4daa3fc95f3a', 'system': None}, Network: None, Subnet: None, Router: None
2025-05-08 23:45:37.238 69621 INFO tempest.lib.common.rest_client [req-26475039-3020-401c-b9f0-54c242ae2c8f req-26475039-3020-401c-b9f0-54c242ae2c8f ] Request (FlavorsV2TestJSON:tearDownClass): 200 GET http://10.180.1.21:9696/networking/v2.0/security-groups?tenant_id=e562ca37cd194b6d8290f1788eb5edb2&name=default 0.261s
2025-05-08 23:45:37.262 69599 INFO tempest.lib.common.rest_client [req-eb463e7b-6b0c-4140-bd02-b23bb7fec62a req-eb463e7b-6b0c-4140-bd02-b23bb7fec62a ] Request (QuotaClassesAdmin257Test:setUpClass): 201 POST http://10.180.1.21/identity/v3/auth/tokens 0.113s
2025-05-08 23:45:37.303 69639 INFO tempest.lib.common.rest_client [req-d73027ff-4b6a-4563-b33e-84fe1ca33bb0 req-d73027ff-4b6a-4563-b33e-84fe1ca33bb0 ] Request (QuotasAdminNegativeTest:test_create_server_when_memory_quota_is_full): 200 PUT http://10.180.1.21/compute/v2.1/os-quota-sets/567ef802178e48b2a930c456bc508095 1.796s
2025-05-08 23:45:37.362 69599 INFO tempest.lib.common.rest_client [req-39837117-4165-47eb-a82f-59d4af7d0be6 req-39837117-4165-47eb-a82f-59d4af7d0be6 ] Request (QuotaClassesAdmin257Test:setUpClass): 201 POST http://10.180.1.21/identity/v3/projects 0.100s
2025-05-08 23:45:37.377 69621 INFO tempest.lib.common.rest_client [req-d2f28c81-6a55-43c6-b49c-9b92a42846d7 req-d2f28c81-6a55-43c6-b49c-9b92a42846d7 ] Request (FlavorsV2TestJSON:tearDownClass): 204 DELETE http://10.180.1.21:9696/networking/v2.0/security-groups/c89e8432-fe64-4d81-a0a1-5edf77617697 0.138s
2025-05-08 23:45:37.385 69661 INFO tempest.lib.common.rest_client [req-a054097a-8736-48ac-a403-dda99ebe8469 req-a054097a-8736-48ac-a403-dda99ebe8469 ] Request (ImagesOneServerTestJSON:setUpClass): 200 GET http://10.180.1.21/compute/v2.1/servers/c90da694-873b-4591-9e00-69168834ff52 1.802s
2025-05-08 23:45:37.391 69639 INFO tempest.lib.common.rest_client [req-cc8cac42-2822-440a-b84f-b615ddf02a94 req-cc8cac42-2822-440a-b84f-b615ddf02a94 ] Request (QuotasAdminNegativeTest:test_create_server_when_memory_quota_is_full): 201 POST http://10.180.1.21/identity/v3/auth/tokens 0.078s
2025-05-08 23:45:37.391 69639 INFO tempest.lib.common.fixed_network [-] (QuotasAdminNegativeTest:test_create_server_when_memory_quota_is_full) Found network None available for tenant
2025-05-08 23:45:37.393 69661 INFO tempest.common.waiters [-] State transition "BUILD/scheduling" ==> "BUILD/None" after 10 second wait
2025-05-08 23:45:37.449 69599 INFO tempest.lib.common.rest_client [req-60924684-d871-40f5-97fc-72fc03536dfd req-60924684-d871-40f5-97fc-72fc03536dfd ] Request (QuotaClassesAdmin257Test:setUpClass): 201 POST http://10.180.1.21/identity/v3/users 0.086s
2025-05-08 23:45:37.452 69603 INFO tempest.lib.common.rest_client [req-b3ef23a7-5a24-45d3-a128-c916dd74ac69 req-b3ef23a7-5a24-45d3-a128-c916dd74ac69 ] Request (ServersAdminNegativeTestJSON:setUpClass): 200 GET http://10.180.1.21/compute/v2.1/servers/5ee27608-e963-45bd-b947-ffa3a38a0594 1.737s
2025-05-08 23:45:37.461 69603 INFO tempest.common.waiters [-] State transition "BUILD/scheduling" ==> "BUILD/None" after 13 second wait
2025-05-08 23:45:37.483 69653 INFO tempest.lib.common.rest_client [req-8c6e67fb-cc63-44e0-8210-7d7aa5f649a9 req-8c6e67fb-cc63-44e0-8210-7d7aa5f649a9 ] Request (FloatingIPsAssociationTestJSON:setUpClass): 200 POST http://10.180.1.21/compute/v2.1/os-floating-ips 2.212s
2025-05-08 23:45:37.490 69599 INFO tempest.lib.common.rest_client [req-156a264b-6ea9-4c7d-a49a-c700e9b7c3cd req-156a264b-6ea9-4c7d-a49a-c700e9b7c3cd ] Request (QuotaClassesAdmin257Test:setUpClass): 200 GET http://10.180.1.21/identity/v3/roles 0.041s
2025-05-08 23:45:37.516 69615 INFO tempest.lib.common.rest_client [req-e65c00f8-32c2-4312-a76a-fc0d8dc361eb req-e65c00f8-32c2-4312-a76a-fc0d8dc361eb ] Request (ImagesNegativeTestJSON:test_create_image_from_deleted_server): 200 GET http://10.180.1.21/compute/v2.1/servers/40b8538b-9cb8-44e8-b67a-699f762daeda 1.729s
2025-05-08 23:45:37.524 69621 INFO tempest.lib.common.rest_client [req-32085c45-d5bb-4435-95dc-b28e2285951e req-32085c45-d5bb-4435-95dc-b28e2285951e ] Request (FlavorsV2TestJSON:tearDownClass): 204 DELETE http://10.180.1.21/identity/v3/projects/e562ca37cd194b6d8290f1788eb5edb2 0.146s
2025-05-08 23:45:37.582 69653 INFO tempest.lib.common.rest_client [req-371706d5-3a46-43bf-a0e6-9d954b06d0c6 req-371706d5-3a46-43bf-a0e6-9d954b06d0c6 ] Request (FloatingIPsAssociationTestJSON:test_associate_already_associated_floating_ip): 201 POST http://10.180.1.21/identity/v3/auth/tokens 0.093s
2025-05-08 23:45:37.582 69653 INFO tempest.lib.common.fixed_network [-] (FloatingIPsAssociationTestJSON:test_associate_already_associated_floating_ip) Found network {'id': '383964a2-d419-4286-8cb1-418e085c9127', 'name': 'tempest-FloatingIPsAssociationTestJSON-1423627149-network', 'tenant_id': 'a0713449f6594ff3b19553e837d6df6c', 'admin_state_up': True, 'mtu': 8950, 'status': 'ACTIVE', 'subnets': [], 'shared': False, 'project_id': 'a0713449f6594ff3b19553e837d6df6c', 'port_security_enabled': True, 'router:external': False, 'provider:network_type': 'vlan', 'provider:physical_network': 'default', 'provider:segmentation_id': 62, 'availability_zone_hints': [], 'availability_zones': [], 'ipv4_address_scope': None, 'ipv6_address_scope': None, 'description': '', 'tags': [], 'created_at': '2025-05-08T23:44:48Z', 'updated_at': '2025-05-08T23:44:48Z', 'revision_number': 1} available for tenant
2025-05-08 23:45:37.591 69629 INFO tempest.lib.common.rest_client [req-3d77a298-5f4d-40c8-b512-54a84c5d7a27 req-3d77a298-5f4d-40c8-b512-54a84c5d7a27 ] Request (MigrationsAdminTest:test_list_migrations_in_flavor_resize_situation): 200 GET http://10.180.1.21/compute/v2.1/servers/31701380-3998-4510-be64-ec5271cf985f 1.715s
2025-05-08 23:45:37.602 69599 INFO tempest.lib.common.rest_client [req-eadd57d5-13c5-49c4-a47c-b234838efa82 req-eadd57d5-13c5-49c4-a47c-b234838efa82 ] Request (QuotaClassesAdmin257Test:setUpClass): 204 PUT http://10.180.1.21/identity/v3/projects/d977ef2562fa48fd854238e9014451ba/users/8313ff83ec4c46c699e00ce89e2a84c2/roles/6bff21dc81244565bd066518adfa5bf1 0.111s
2025-05-08 23:45:37.606 69629 INFO tempest.common.waiters [-] State transition "BUILD/scheduling" ==> "BUILD/None" after 10 second wait
2025-05-08 23:45:37.657 69599 INFO tempest.lib.common.rest_client [req-740cf802-c7bf-42e7-8619-b33ffbbc4462 req-740cf802-c7bf-42e7-8619-b33ffbbc4462 ] Request (QuotaClassesAdmin257Test:setUpClass): 200 GET http://10.180.1.21/identity/v3/roles 0.054s
2025-05-08 23:45:37.666 69621 INFO tempest.lib.common.rest_client [req-979956aa-c72c-4195-940c-3f60362fed87 req-979956aa-c72c-4195-940c-3f60362fed87 ] Request (ServersTestJSON:setUpClass): 201 POST http://10.180.1.21/identity/v3/auth/tokens 0.141s
2025-05-08 23:45:37.676 69599 INFO tempest.lib.common.rest_client [req-0964385e-2789-4147-a4cd-ae5808640c3c req-0964385e-2789-4147-a4cd-ae5808640c3c ] Request (QuotaClassesAdmin257Test:setUpClass): 204 PUT http://10.180.1.21/identity/v3/projects/d977ef2562fa48fd854238e9014451ba/users/8313ff83ec4c46c699e00ce89e2a84c2/roles/6bff21dc81244565bd066518adfa5bf1 0.018s
2025-05-08 23:45:37.676 69599 INFO tempest.lib.common.dynamic_creds [-] Dynamic test user 8313ff83ec4c46c699e00ce89e2a84c2 is created with scope project and roles: ['admin']
2025-05-08 23:45:37.676 69599 INFO tempest.lib.common.dynamic_creds [-] Acquired dynamic creds: credentials: Credentials: {'domain_id': 'default', 'domain_name': 'Default', 'username': 'tempest-QuotaClassesAdmin257Test-1592844871-project-admin', 'project_domain_id': 'default', 'project_domain_name': 'Default', 'project_id': 'd977ef2562fa48fd854238e9014451ba', 'project_name': 'tempest-QuotaClassesAdmin257Test-1592844871', 'tenant_id': 'd977ef2562fa48fd854238e9014451ba', 'tenant_name': 'tempest-QuotaClassesAdmin257Test-1592844871', 'user_domain_id': 'default', 'user_domain_name': 'Default', 'user_id': '8313ff83ec4c46c699e00ce89e2a84c2', 'system': None}, Network: None, Subnet: None, Router: None
2025-05-08 23:45:37.676 69599 INFO tempest.lib.common.dynamic_creds [-] Created isolated network resources for: credentials: Credentials: {'domain_id': 'default', 'domain_name': 'Default', 'username': 'tempest-QuotaClassesAdmin257Test-1592844871-project-admin', 'project_domain_id': 'default', 'project_domain_name': 'Default', 'project_id': 'd977ef2562fa48fd854238e9014451ba', 'project_name': 'tempest-QuotaClassesAdmin257Test-1592844871', 'tenant_id': 'd977ef2562fa48fd854238e9014451ba', 'tenant_name': 'tempest-QuotaClassesAdmin257Test-1592844871', 'user_domain_id': 'default', 'user_domain_name': 'Default', 'user_id': '8313ff83ec4c46c699e00ce89e2a84c2', 'system': None}, Network: None, Subnet: None, Router: None
2025-05-08 23:45:37.756 69599 INFO tempest.lib.common.rest_client [req-5d014bbd-29ae-4ed0-8c57-d917708998f7 req-5d014bbd-29ae-4ed0-8c57-d917708998f7 ] Request (QuotaClassesAdmin257Test:setUpClass): 201 POST http://10.180.1.21/identity/v3/auth/tokens 0.073s
2025-05-08 23:45:37.761 69621 INFO tempest.lib.common.rest_client [req-954e8558-016a-4ed7-9ab1-171f31d07ac4 req-954e8558-016a-4ed7-9ab1-171f31d07ac4 ] Request (ServersTestJSON:setUpClass): 201 POST http://10.180.1.21/identity/v3/auth/tokens 0.092s
2025-05-08 23:45:37.784 69655 INFO tempest.lib.common.rest_client [req-13a5cc13-d37f-46d0-ba08-092d0d361d9c req-13a5cc13-d37f-46d0-ba08-092d0d361d9c ] Request (InstanceActionsTestJSON:test_list_instance_actions): 200 GET http://10.180.1.21/compute/v2.1/servers/b1832876-6076-4108-aef5-ccf5fda6f4c4 1.798s
2025-05-08 23:45:37.788 69621 INFO tempest.lib.common.rest_client [req-1b2ab200-f341-4f81-be41-d934c78e4593 req-1b2ab200-f341-4f81-be41-d934c78e4593 ] Request (ServersTestJSON:setUpClass): 200 GET http://10.180.1.21/identity/v3/domains?name=Default 0.027s
2025-05-08 23:45:37.791 69655 INFO tempest.common.waiters [-] State transition "HARD_REBOOT/reboot_pending_hard" ==> "ACTIVE/None" after 5 second wait
2025-05-08 23:45:37.818 69633 INFO tempest.lib.common.rest_client [req-a8f0b4af-cdb3-4a36-a819-3c8839e8f2ae req-a8f0b4af-cdb3-4a36-a819-3c8839e8f2ae ] Request (ServerExternalEventsTest:test_create_server_external_events): 200 GET http://10.180.1.21/compute/v2.1/servers/1a40f5d0-eec9-4fa5-9e68-e9cba991e061 1.943s
2025-05-08 23:45:37.830 69621 INFO tempest.lib.common.rest_client [req-e38f6967-3b65-46b5-be9c-0f5d86595a2a req-e38f6967-3b65-46b5-be9c-0f5d86595a2a ] Request (ServersTestJSON:setUpClass): 201 POST http://10.180.1.21/identity/v3/projects 0.041s
2025-05-08 23:45:37.840 69631 INFO tempest.lib.common.rest_client [req-a81acda1-c88e-4ce0-9744-0f78f052e038 req-a81acda1-c88e-4ce0-9744-0f78f052e038 ] Request (ListImageFiltersTestJSON:setUpClass): 200 GET http://10.180.1.21/compute/v2.1/servers/1bc0ed5f-b9ba-4863-af81-fd769e2a28dd 1.805s
2025-05-08 23:45:37.887 69619 INFO tempest.lib.common.rest_client [req-505abcfb-cfaf-4c2b-8d87-637ee28054c3 req-505abcfb-cfaf-4c2b-8d87-637ee28054c3 ] Request (ServersWithSpecificFlavorTestJSON:test_verify_created_server_ephemeral_disk): 200 GET http://10.180.1.21/compute/v2.1/servers/3947c3c2-3934-4d22-99d3-777681b1b5d1 1.815s
2025-05-08 23:45:37.894 69660 INFO tempest.lib.common.rest_client [req-274f0840-8f41-4127-a833-9a82247aeb63 req-274f0840-8f41-4127-a833-9a82247aeb63 ] Request (VolumesAssistedSnapshotsTest:test_volume_assisted_snapshot_create_delete): 200 GET http://10.180.1.21/compute/v2.1/servers/f31bf3ac-2618-4f2e-8f12-99de5620e16d 1.758s
2025-05-08 23:45:37.910 69621 INFO tempest.lib.common.rest_client [req-498e58b7-b019-4015-a0e1-4bdd9145852f req-498e58b7-b019-4015-a0e1-4bdd9145852f ] Request (ServersTestJSON:setUpClass): 201 POST http://10.180.1.21/identity/v3/users 0.080s
2025-05-08 23:45:37.923 69625 INFO tempest.lib.common.rest_client [req-82d57c4c-d228-4c28-b88a-432f0d6016dd req-82d57c4c-d228-4c28-b88a-432f0d6016dd ] Request (ImagesOneServerNegativeTestJSON:test_create_second_image_when_first_image_is_being_saved): 409 POST http://10.180.1.21/compute/v2.1/servers/7a4895cc-2dfe-4d2b-90c3-8006be1d17cb/action 1.628s
2025-05-08 23:45:37.940 69643 INFO tempest.lib.common.rest_client [req-f891b652-60a7-4e1d-98f0-2253df61c747 req-f891b652-60a7-4e1d-98f0-2253df61c747 ] Request (FlavorsAdminTestJSON:test_is_public_string_variations): 200 GET http://10.180.1.21/compute/v2.1/flavors/detail?is_public=f 1.623s
2025-05-08 23:45:37.943 69621 INFO tempest.lib.common.rest_client [req-8c72e0cf-a5a2-46ad-92d9-255f0bfa4b3f req-8c72e0cf-a5a2-46ad-92d9-255f0bfa4b3f ] Request (ServersTestJSON:setUpClass): 200 GET http://10.180.1.21/identity/v3/roles 0.032s
2025-05-08 23:45:37.961 69611 INFO tempest.lib.common.rest_client [req-1dd1663c-9f9c-42d5-864d-1cd3e3236f32 req-1dd1663c-9f9c-42d5-864d-1cd3e3236f32 ] Request (ServersAdmin275Test:test_rebuild_update_server_275): 200 GET http://10.180.1.21/compute/v2.1/servers/2dac6ecd-7ec6-4b8b-86db-16fbdd42ad2f 1.657s
2025-05-08 23:45:37.974 69611 INFO tempest.common.waiters [-] State transition "BUILD/None" ==> "BUILD/spawning" after 18 second wait
2025-05-08 23:45:37.979 69621 INFO tempest.lib.common.rest_client [req-5239ec1d-1a08-465c-89c1-442eaa9f5f5c req-5239ec1d-1a08-465c-89c1-442eaa9f5f5c ] Request (ServersTestJSON:setUpClass): 204 PUT http://10.180.1.21/identity/v3/projects/d40cb11180f8420ea8bce4cbc727227d/users/45185903eea74d6fb17517eb3550ee5e/roles/ea4ece8441754c4aa95e655a5fd0061a 0.036s
2025-05-08 23:45:37.980 69621 INFO tempest.lib.common.dynamic_creds [-] Dynamic test user 45185903eea74d6fb17517eb3550ee5e is created with scope project and roles: ['member']
2025-05-08 23:45:37.981 69621 INFO tempest.lib.common.dynamic_creds [-] Acquired dynamic creds: credentials: Credentials: {'domain_id': 'default', 'domain_name': 'Default', 'username': 'tempest-ServersTestJSON-525982737-project-member', 'project_domain_id': 'default', 'project_domain_name': 'Default', 'project_id': 'd40cb11180f8420ea8bce4cbc727227d', 'project_name': 'tempest-ServersTestJSON-525982737', 'tenant_id': 'd40cb11180f8420ea8bce4cbc727227d', 'tenant_name': 'tempest-ServersTestJSON-525982737', 'user_domain_id': 'default', 'user_domain_name': 'Default', 'user_id': '45185903eea74d6fb17517eb3550ee5e', 'system': None}, Network: None, Subnet: None, Router: None
2025-05-08 23:45:38.045 69601 INFO tempest.lib.common.rest_client [req-a5de98bc-5965-4981-b314-eeaad3b30bc1 req-a5de98bc-5965-4981-b314-eeaad3b30bc1 ] Request (TenantUsagesTestJSON:tearDownClass): 200 GET http://10.180.1.21/compute/v2.1/servers/8648d926-63b1-4e97-ad22-06319a6f9c56 1.687s
2025-05-08 23:45:38.051 69613 INFO tempest.lib.common.rest_client [req-55929d3c-70a9-4f85-a898-9035062961e2 req-55929d3c-70a9-4f85-a898-9035062961e2 ] Request (ServerActionsV293TestJSON:setUpClass): 200 GET http://10.180.1.21/volume/v3/volumes/133ab1f8-a171-4c7e-ae68-eed4df1a232a 0.032s
2025-05-08 23:45:38.058 69621 INFO tempest.lib.common.rest_client [req-7633869e-2164-4417-8bac-4d8f73af1aa8 req-7633869e-2164-4417-8bac-4d8f73af1aa8 ] Request (ServersTestJSON:setUpClass): 201 POST http://10.180.1.21/identity/v3/auth/tokens 0.077s
2025-05-08 23:45:38.157 69627 INFO tempest.lib.common.rest_client [req-3e8b5229-825a-4288-89ba-b5e2b4992abb req-3e8b5229-825a-4288-89ba-b5e2b4992abb ] Request (ServerDiagnosticsNegativeTest:test_get_server_diagnostics_by_non_admin): 200 GET http://10.180.1.21/compute/v2.1/servers/0fdefcd8-a54d-4e80-a3ae-caca44ab351f 1.624s
2025-05-08 23:45:38.253 69635 INFO tempest.lib.common.rest_client [req-14efacdd-08c7-4589-92bd-ed0371380459 req-14efacdd-08c7-4589-92bd-ed0371380459 ] Request (SecurityGroupsTestAdminJSON:_run_cleanups): 202 DELETE http://10.180.1.21/compute/v2.1/os-security-groups/08cf182b-f154-4aad-b82c-d842b5b31e66 1.680s
2025-05-08 23:45:38.320 69645 INFO tempest.lib.common.rest_client [req-8ad33c69-0165-4819-b8dd-27cfc622d6cf req-8ad33c69-0165-4819-b8dd-27cfc622d6cf ] Request (AttachInterfacesV270Test:test_create_get_list_interfaces): 200 GET http://10.180.1.21/compute/v2.1/servers/97ea6ec5-bfdf-49af-9e66-a3cb1d29040d 1.724s
2025-05-08 23:45:38.376 69605 INFO tempest.lib.common.rest_client [req-5c918b55-0f83-4c52-bfe0-95cb6cc6ebbb req-5c918b55-0f83-4c52-bfe0-95cb6cc6ebbb ] Request (KeyPairsV22TestJSON:test_keypairsv22_create_list_show): 201 POST http://10.180.1.21/compute/v2.1/os-keypairs 1.779s
2025-05-08 23:45:38.386 69641 INFO tempest.lib.common.rest_client [req-e5c57a9d-8421-4b1d-aad4-b8725acb9a05 req-e5c57a9d-8421-4b1d-aad4-b8725acb9a05 ] Request (AggregatesAdminNegativeTestJSON:test_aggregate_list_as_user): 403 GET http://10.180.1.21/compute/v2.1/os-aggregates 1.645s
2025-05-08 23:45:38.461 69651 INFO tempest.lib.common.rest_client [req-e719832a-5337-4e01-8aca-7702f26516db req-e719832a-5337-4e01-8aca-7702f26516db ] Request (ServersAdminTestJSON:test_create_server_with_scheduling_hint): 202 POST http://10.180.1.21/compute/v2.1/servers 1.964s
2025-05-08 23:45:38.476 69623 INFO tempest.lib.common.rest_client [req-ab6caa5f-3812-4eb6-b9b3-e6af4d032cc8 req-ab6caa5f-3812-4eb6-b9b3-e6af4d032cc8 ] Request (SecurityGroupsTestJSON:setUpClass): 201 POST http://10.180.1.21:9696/networking/v2.0/routers 1.449s
2025-05-08 23:45:38.503 69609 INFO tempest.lib.common.rest_client [req-fe84f43a-aaab-474c-a022-d58bea038679 req-fe84f43a-aaab-474c-a022-d58bea038679 ] Request (ServerPasswordTestJSON:setUpClass): 200 GET http://10.180.1.21/compute/v2.1/servers/67549cf6-793a-4173-b502-db43f8676308 1.398s
2025-05-08 23:45:38.506 69621 INFO tempest.lib.common.rest_client [req-e7a45706-1df1-47d8-ac6b-36ada01c38e5 req-e7a45706-1df1-47d8-ac6b-36ada01c38e5 ] Request (ServersTestJSON:setUpClass): 201 POST http://10.180.1.21:9696/networking/v2.0/networks 0.448s
2025-05-08 23:45:38.564 69647 INFO tempest.lib.common.rest_client [req-007b9fee-5fd8-4b67-8ae8-f16627617891 req-007b9fee-5fd8-4b67-8ae8-f16627617891 ] Request (DeleteServersAdminTestJSON:test_admin_delete_servers_of_others): 200 GET http://10.180.1.21/compute/v2.1/servers/1d8a3599-3789-474c-ac22-a7abfbd20b89 1.340s
2025-05-08 23:45:38.695 69639 INFO tempest.lib.common.rest_client [req-e0a8121a-6c20-4522-bbab-d720d5f1f874 req-e0a8121a-6c20-4522-bbab-d720d5f1f874 ] Request (QuotasAdminNegativeTest:test_create_server_when_memory_quota_is_full): 403 POST http://10.180.1.21/compute/v2.1/servers 1.303s
2025-05-08 23:45:38.753 69637 INFO tempest.lib.common.rest_client [req-c912d1d5-78d9-4f03-a898-c836116d766c req-c912d1d5-78d9-4f03-a898-c836116d766c ] Request (VolumesAdminNegativeTest:test_update_attached_volume_with_nonexistent_volume_in_body): 200 GET http://10.180.1.21/compute/v2.1/servers/f936b4ff-b128-46b1-ae08-e22f0030c5ea 1.173s
2025-05-08 23:45:38.976 69657 INFO tempest.lib.common.rest_client [req-2a99dce0-4d8f-4ca5-bc9b-c98d2c8d1c82 req-2a99dce0-4d8f-4ca5-bc9b-c98d2c8d1c82 ] Request (ServerDiskConfigTestJSON:test_rebuild_server_with_auto_disk_config): 200 GET http://10.180.1.21/compute/v2.1/servers/9332e878-5c4e-4be7-965f-de2dbc319321 1.236s
2025-05-08 23:45:39.032 69621 INFO tempest.lib.common.rest_client [req-e1890a7c-7d66-4396-81f7-ec1ec6db4111 req-e1890a7c-7d66-4396-81f7-ec1ec6db4111 ] Request (ServersTestJSON:setUpClass): 201 POST http://10.180.1.21:9696/networking/v2.0/subnets 0.525s
2025-05-08 23:45:39.120 69613 INFO tempest.lib.common.rest_client [req-85c0ef0f-de6a-4cce-b428-a97ac0f88518 req-85c0ef0f-de6a-4cce-b428-a97ac0f88518 ] Request (ServerActionsV293TestJSON:setUpClass): 200 GET http://10.180.1.21/volume/v3/volumes/133ab1f8-a171-4c7e-ae68-eed4df1a232a 0.057s
2025-05-08 23:45:39.161 69653 INFO tempest.lib.common.rest_client [req-c0c56363-dbbb-4a45-965e-addef6a4161d req-c0c56363-dbbb-4a45-965e-addef6a4161d ] Request (FloatingIPsAssociationTestJSON:test_associate_already_associated_floating_ip): 202 POST http://10.180.1.21/compute/v2.1/servers 1.578s
2025-05-08 23:45:39.194 69599 INFO tempest.lib.common.rest_client [req-b51ff358-a2cb-41a5-9d56-544349d1b23d req-b51ff358-a2cb-41a5-9d56-544349d1b23d ] Request (QuotaClassesAdmin257Test:test_update_default_quotas): 200 GET http://10.180.1.21/compute/v2.1/os-quota-class-sets/default 1.437s
2025-05-08 23:45:39.199 69655 INFO tempest.lib.common.rest_client [req-77b186af-596a-473d-adae-58cb3bfef674 req-77b186af-596a-473d-adae-58cb3bfef674 ] Request (InstanceActionsTestJSON:test_list_instance_actions): 200 GET http://10.180.1.21/compute/v2.1/servers/b1832876-6076-4108-aef5-ccf5fda6f4c4/os-instance-actions 1.408s
2025-05-08 23:45:39.321 69625 INFO tempest.lib.common.rest_client [req-8bfd5850-a61a-4066-b039-1c3deb7b9ba5 req-8bfd5850-a61a-4066-b039-1c3deb7b9ba5 ] Request (ImagesOneServerNegativeTestJSON:test_create_second_image_when_first_image_is_being_saved): 204 DELETE http://10.180.1.21/compute/v2.1/images/3eaaaa5e-1e55-433d-832e-22697c84ca68 1.397s
2025-05-08 23:45:39.337 69607 INFO tempest.lib.common.rest_client [req-f11cadb6-932a-40e0-bd45-b5e8e826ded7 req-f11cadb6-932a-40e0-bd45-b5e8e826ded7 ] Request (ListServersNegativeTestJSON:setUpClass): 200 GET http://10.180.1.21/compute/v2.1/servers/7f70d78f-2bcc-47d5-956c-cd873e25f241 1.485s
2025-05-08 23:45:39.355 69643 INFO tempest.lib.common.rest_client [req-a122b481-3e22-449c-866b-ac40db47a983 req-a122b481-3e22-449c-866b-ac40db47a983 ] Request (FlavorsAdminTestJSON:test_is_public_string_variations): 200 GET http://10.180.1.21/compute/v2.1/flavors/detail?is_public=false 1.412s
2025-05-08 23:45:39.404 69649 INFO tempest.lib.common.rest_client [req-4665369c-abc6-4c3f-9d43-adfaf88ae912 req-4665369c-abc6-4c3f-9d43-adfaf88ae912 ] Request (ServersTestFqdnHostnames:test_create_server_with_fqdn_name): 200 GET http://10.180.1.21/compute/v2.1/servers/97b91f56-f04d-4dc7-973e-94a987ac1b1c 1.475s
2025-05-08 23:45:39.456 69617 INFO tempest.lib.common.rest_client [req-632cfda2-5915-4f5c-856a-90b852ddca36 req-632cfda2-5915-4f5c-856a-90b852ddca36 ] Request (ServersNegativeTestJSON:setUpClass): 200 GET http://10.180.1.21/compute/v2.1/servers/2a052560-2c5d-4da4-8ecd-a0ba0e78a17d 1.471s
2025-05-08 23:45:39.469 69605 INFO tempest.lib.common.rest_client [req-6f562fff-5ea9-4e90-92fe-b85136019240 req-6f562fff-5ea9-4e90-92fe-b85136019240 ] Request (KeyPairsV22TestJSON:test_keypairsv22_create_list_show): 200 GET http://10.180.1.21/compute/v2.1/os-keypairs/tempest-keypair-1864455476 1.090s
2025-05-08 23:45:39.502 69641 INFO tempest.lib.common.rest_client [req-64f1f44e-c0c3-4f4f-916b-68bbdb8a1d7c req-64f1f44e-c0c3-4f4f-916b-68bbdb8a1d7c ] Request (AggregatesAdminNegativeTestJSON:test_aggregate_remove_host_as_user): 200 POST http://10.180.1.21/compute/v2.1/os-aggregates 1.114s
2025-05-08 23:45:39.589 69661 INFO tempest.lib.common.rest_client [req-7f69bcd0-73b1-4ba0-b272-10ecbc467ef5 req-7f69bcd0-73b1-4ba0-b272-10ecbc467ef5 ] Request (ImagesOneServerTestJSON:setUpClass): 200 GET http://10.180.1.21/compute/v2.1/servers/c90da694-873b-4591-9e00-69168834ff52 1.195s
2025-05-08 23:45:39.619 69635 INFO tempest.lib.common.rest_client [req-619b9782-1a25-4bdc-9681-43fc328a33cb req-619b9782-1a25-4bdc-9681-43fc328a33cb ] Request (SecurityGroupsTestAdminJSON:_run_cleanups): 202 DELETE http://10.180.1.21/compute/v2.1/os-security-groups/674ec503-e679-4adf-af04-8894f9c59e83 1.365s
2025-05-08 23:45:39.674 69603 INFO tempest.lib.common.rest_client [req-666cb279-d18d-49ce-9418-effb08785c91 req-666cb279-d18d-49ce-9418-effb08785c91 ] Request (ServersAdminNegativeTestJSON:setUpClass): 200 GET http://10.180.1.21/compute/v2.1/servers/5ee27608-e963-45bd-b947-ffa3a38a0594 1.212s
2025-05-08 23:45:39.710 69651 INFO tempest.lib.common.rest_client [req-f0462709-281e-4475-ae75-de0a5c78be20 req-f0462709-281e-4475-ae75-de0a5c78be20 ] Request (ServersAdminTestJSON:test_create_server_with_scheduling_hint): 200 GET http://10.180.1.21/compute/v2.1/servers/9b30894a-b414-4c4c-b92e-b33d4fbb40cb 1.247s
2025-05-08 23:45:39.746 69615 INFO tempest.lib.common.rest_client [req-006031ec-d654-4118-855f-9f72c45bf53a req-006031ec-d654-4118-855f-9f72c45bf53a ] Request (ImagesNegativeTestJSON:test_create_image_from_deleted_server): 200 GET http://10.180.1.21/compute/v2.1/servers/40b8538b-9cb8-44e8-b67a-699f762daeda 1.215s
2025-05-08 23:45:39.811 69629 INFO tempest.lib.common.rest_client [req-bbcc8597-6ef0-4aa5-8fd1-1754b29d0f1b req-bbcc8597-6ef0-4aa5-8fd1-1754b29d0f1b ] Request (MigrationsAdminTest:test_list_migrations_in_flavor_resize_situation): 200 GET http://10.180.1.21/compute/v2.1/servers/31701380-3998-4510-be64-ec5271cf985f 1.203s
2025-05-08 23:45:39.878 69633 INFO tempest.lib.common.rest_client [req-1cf529f7-1818-4fcb-9c0e-190dc385abc3 req-1cf529f7-1818-4fcb-9c0e-190dc385abc3 ] Request (ServerExternalEventsTest:test_create_server_external_events): 200 GET http://10.180.1.21/compute/v2.1/servers/1a40f5d0-eec9-4fa5-9e68-e9cba991e061 1.051s
2025-05-08 23:45:39.952 69639 INFO tempest.lib.common.rest_client [req-a85e7984-06cc-43c0-a000-ca5f4d6e1b2d req-a85e7984-06cc-43c0-a000-ca5f4d6e1b2d ] Request (QuotasAdminNegativeTest:_run_cleanups): 200 PUT http://10.180.1.21/compute/v2.1/os-quota-sets/567ef802178e48b2a930c456bc508095 1.257s
2025-05-08 23:45:39.974 69631 INFO tempest.lib.common.rest_client [req-3528db2b-114a-4bf5-b927-32aba717f601 req-3528db2b-114a-4bf5-b927-32aba717f601 ] Request (ListImageFiltersTestJSON:setUpClass): 200 GET http://10.180.1.21/compute/v2.1/servers/1bc0ed5f-b9ba-4863-af81-fd769e2a28dd 1.122s
2025-05-08 23:45:40.081 69660 INFO tempest.lib.common.rest_client [req-3db25963-955a-4b47-b4ff-223702719e64 req-3db25963-955a-4b47-b4ff-223702719e64 ] Request (VolumesAssistedSnapshotsTest:test_volume_assisted_snapshot_create_delete): 200 GET http://10.180.1.21/compute/v2.1/servers/f31bf3ac-2618-4f2e-8f12-99de5620e16d 1.173s
2025-05-08 23:45:40.167 69613 INFO tempest.lib.common.rest_client [req-db4b64ee-6190-481b-8174-50dfd0aba17e req-db4b64ee-6190-481b-8174-50dfd0aba17e ] Request (ServerActionsV293TestJSON:setUpClass): 200 GET http://10.180.1.21/volume/v3/volumes/133ab1f8-a171-4c7e-ae68-eed4df1a232a 0.036s
2025-05-08 23:45:40.181 69611 INFO tempest.lib.common.rest_client [req-5c3c9437-6e02-4d2a-8015-879c6ca93b7f req-5c3c9437-6e02-4d2a-8015-879c6ca93b7f ] Request (ServersAdmin275Test:test_rebuild_update_server_275): 200 GET http://10.180.1.21/compute/v2.1/servers/2dac6ecd-7ec6-4b8b-86db-16fbdd42ad2f 1.206s
2025-05-08 23:45:40.254 69601 INFO tempest.lib.common.rest_client [req-f264f0c3-a0bb-433b-b099-85760a7b825b req-f264f0c3-a0bb-433b-b099-85760a7b825b ] Request (TenantUsagesTestJSON:tearDownClass): 200 GET http://10.180.1.21/compute/v2.1/servers/8648d926-63b1-4e97-ad22-06319a6f9c56 1.200s
2025-05-08 23:45:40.285 69619 INFO tempest.lib.common.rest_client [req-9ec4592a-938a-415c-ac1d-73c8017016ab req-9ec4592a-938a-415c-ac1d-73c8017016ab ] Request (ServersWithSpecificFlavorTestJSON:test_verify_created_server_ephemeral_disk): 200 GET http://10.180.1.21/compute/v2.1/servers/3947c3c2-3934-4d22-99d3-777681b1b5d1 1.389s
2025-05-08 23:45:40.296 69619 INFO tempest.common.waiters [-] State transition "BUILD/None" ==> "BUILD/block_device_mapping" after 19 second wait
2025-05-08 23:45:40.326 69653 INFO tempest.lib.common.rest_client [req-069c0b97-0089-4953-81b3-21c45e0aafe0 req-069c0b97-0089-4953-81b3-21c45e0aafe0 ] Request (FloatingIPsAssociationTestJSON:test_associate_already_associated_floating_ip): 200 GET http://10.180.1.21/compute/v2.1/servers/9b385495-33e8-463b-bdfd-b2a714b2df1e 1.164s
2025-05-08 23:45:40.385 69599 INFO tempest.lib.common.rest_client [req-235ce86f-3caf-4e52-9487-4b6a25132d78 req-235ce86f-3caf-4e52-9487-4b6a25132d78 ] Request (QuotaClassesAdmin257Test:test_update_default_quotas): 200 PUT http://10.180.1.21/compute/v2.1/os-quota-class-sets/default 1.189s
2025-05-08 23:45:40.463 69655 INFO tempest.lib.common.rest_client [req-8134107f-2c2d-4651-94bb-1beb87283d7d req-8134107f-2c2d-4651-94bb-1beb87283d7d ] Request (InstanceActionsTestJSON:tearDownClass): 204 DELETE http://10.180.1.21/compute/v2.1/servers/b1832876-6076-4108-aef5-ccf5fda6f4c4 1.258s
2025-05-08 23:45:40.517 69627 INFO tempest.lib.common.rest_client [req-ea3cd389-2e7b-4634-b84c-814b57d19928 req-ea3cd389-2e7b-4634-b84c-814b57d19928 ] Request (ServerDiagnosticsNegativeTest:test_get_server_diagnostics_by_non_admin): 200 GET http://10.180.1.21/compute/v2.1/servers/0fdefcd8-a54d-4e80-a3ae-caca44ab351f 1.351s
2025-05-08 23:45:40.546 69623 INFO tempest.lib.common.rest_client [req-91989cc3-081d-4c23-bf92-72b8f8658446 req-91989cc3-081d-4c23-bf92-72b8f8658446 ] Request (SecurityGroupsTestJSON:setUpClass): 200 PUT http://10.180.1.21:9696/networking/v2.0/routers/ad6cd0bc-9a9f-4e8e-a1fa-28212cc0f939/add_router_interface 2.070s
2025-05-08 23:45:40.547 69623 INFO tempest.lib.common.dynamic_creds [-] Created isolated network resources for: credentials: Credentials: {'domain_id': 'default', 'domain_name': 'Default', 'username': 'tempest-SecurityGroupsTestJSON-1282415650-project-member', 'project_domain_id': 'default', 'project_domain_name': 'Default', 'project_id': '7e2ab12b31ed4c9782e792c2c623e0d5', 'project_name': 'tempest-SecurityGroupsTestJSON-1282415650', 'tenant_id': '7e2ab12b31ed4c9782e792c2c623e0d5', 'tenant_name': 'tempest-SecurityGroupsTestJSON-1282415650', 'user_domain_id': 'default', 'user_domain_name': 'Default', 'user_id': '951420598cb24174a0c7e59ad249de29', 'system': None}, Network: {'id': '719fa763-82e1-4fa5-87bc-22b0a8ef9a5d', 'name': 'tempest-SecurityGroupsTestJSON-1392171705-network', 'tenant_id': '7e2ab12b31ed4c9782e792c2c623e0d5', 'admin_state_up': True, 'mtu': 8950, 'status': 'ACTIVE', 'subnets': [], 'shared': False, 'project_id': '7e2ab12b31ed4c9782e792c2c623e0d5', 'port_security_enabled': True, 'router:external': False, 'provider:network_type': 'vlan', 'provider:physical_network': 'default', 'provider:segmentation_id': 167, 'availability_zone_hints': [], 'availability_zones': [], 'ipv4_address_scope': None, 'ipv6_address_scope': None, 'description': '', 'tags': [], 'created_at': '2025-05-08T23:45:36Z', 'updated_at': '2025-05-08T23:45:36Z', 'revision_number': 1}, Subnet: {'id': '0b604148-740d-44f5-8a90-7982a0e625ab', 'name': 'tempest-SecurityGroupsTestJSON-1392171705-subnet', 'tenant_id': '7e2ab12b31ed4c9782e792c2c623e0d5', 'network_id': '719fa763-82e1-4fa5-87bc-22b0a8ef9a5d', 'ip_version': 4, 'subnetpool_id': None, 'enable_dhcp': True, 'ipv6_ra_mode': None, 'ipv6_address_mode': None, 'gateway_ip': '192.168.128.1', 'cidr': '192.168.128.0/28', 'allocation_pools': [{'start': '192.168.128.2', 'end': '192.168.128.14'}], 'host_routes': [], 'dns_nameservers': [], 'description': '', 'router:external': False, 'service_types': [], 'tags': [], 'created_at': '2025-05-08T23:45:36Z', 'updated_at': '2025-05-08T23:45:36Z', 'revision_number': 0, 'project_id': '7e2ab12b31ed4c9782e792c2c623e0d5'}, Router: {'id': 'ad6cd0bc-9a9f-4e8e-a1fa-28212cc0f939', 'name': 'tempest-SecurityGroupsTestJSON-1392171705-router', 'tenant_id': '7e2ab12b31ed4c9782e792c2c623e0d5', 'admin_state_up': True, 'status': 'ACTIVE', 'external_gateway_info': {'network_id': '06e272b6-9b46-4998-8ce8-a5c6865d82c2', 'external_fixed_ips': [{'subnet_id': '7701dd84-3a2f-44e8-9e7e-20ac0de0844f', 'ip_address': '10.180.180.195'}], 'enable_snat': True}, 'description': '', 'availability_zones': [], 'distributed': False, 'ha': False, 'availability_zone_hints': [], 'routes': [], 'flavor_id': None, 'tags': [], 'created_at': '2025-05-08T23:45:37Z', 'updated_at': '2025-05-08T23:45:37Z', 'revision_number': 2, 'project_id': '7e2ab12b31ed4c9782e792c2c623e0d5'}
2025-05-08 23:45:40.601 69625 INFO tempest.lib.common.rest_client [req-f1804d7b-0b22-4974-8764-8264bd737d97 req-f1804d7b-0b22-4974-8764-8264bd737d97 ] Request (ImagesOneServerNegativeTestJSON:tearDown): 200 GET http://10.180.1.21/compute/v2.1/servers/7a4895cc-2dfe-4d2b-90c3-8006be1d17cb 1.280s
2025-05-08 23:45:40.602 69645 INFO tempest.lib.common.rest_client [req-b170a459-7a65-45be-a3e7-b4a717c3e243 req-b170a459-7a65-45be-a3e7-b4a717c3e243 ] Request (AttachInterfacesV270Test:test_create_get_list_interfaces): 200 GET http://10.180.1.21/compute/v2.1/servers/97ea6ec5-bfdf-49af-9e66-a3cb1d29040d 1.268s
2025-05-08 23:45:40.615 69605 INFO tempest.lib.common.rest_client [req-252b1675-4288-4c90-b239-cc5fca5ecdf7 req-252b1675-4288-4c90-b239-cc5fca5ecdf7 ] Request (KeyPairsV22TestJSON:test_keypairsv22_create_list_show): 200 GET http://10.180.1.21/compute/v2.1/os-keypairs 1.141s
2025-05-08 23:45:40.622 69643 INFO tempest.lib.common.rest_client [req-20ea4fcb-6e3e-4f81-b3d7-a20a6de7de78 req-20ea4fcb-6e3e-4f81-b3d7-a20a6de7de78 ] Request (FlavorsAdminTestJSON:test_is_public_string_variations): 200 GET http://10.180.1.21/compute/v2.1/flavors/detail?is_public=no 1.262s
2025-05-08 23:45:40.629 69621 INFO tempest.lib.common.rest_client [req-ba295ff5-76fa-4b7d-88b1-375add2723c2 req-ba295ff5-76fa-4b7d-88b1-375add2723c2 ] Request (ServersTestJSON:setUpClass): 201 POST http://10.180.1.21:9696/networking/v2.0/routers 1.597s
2025-05-08 23:45:40.633 69623 INFO tempest.lib.common.rest_client [req-5cb2c8ea-03a2-4989-a008-417b41a7e0f8 req-5cb2c8ea-03a2-4989-a008-417b41a7e0f8 ] Request (SecurityGroupsTestJSON:setUpClass): 201 POST http://10.180.1.21/identity/v3/auth/tokens 0.081s
2025-05-08 23:45:40.750 69641 INFO tempest.lib.common.rest_client [req-cd07274b-bc86-4c55-8e06-c504d94e63b5 req-cd07274b-bc86-4c55-8e06-c504d94e63b5 ] Request (AggregatesAdminNegativeTestJSON:test_aggregate_remove_host_as_user): 200 POST http://10.180.1.21/compute/v2.1/os-aggregates/7/action 1.246s
2025-05-08 23:45:40.827 69647 INFO tempest.lib.common.rest_client [req-e92b30d5-3567-4ba3-99dc-ee80eaa5a365 req-e92b30d5-3567-4ba3-99dc-ee80eaa5a365 ] Request (DeleteServersAdminTestJSON:test_admin_delete_servers_of_others): 200 GET http://10.180.1.21/compute/v2.1/servers/1d8a3599-3789-474c-ac22-a7abfbd20b89 1.252s
2025-05-08 23:45:40.960 69635 INFO tempest.lib.common.rest_client [req-ed894ea3-05ad-4ddf-b65c-a0cf896659e0 req-ed894ea3-05ad-4ddf-b65c-a0cf896659e0 ] Request (SecurityGroupsTestAdminJSON:_run_cleanups): 202 DELETE http://10.180.1.21/compute/v2.1/os-security-groups/59b4954f-52a6-4f78-a671-c18f51d225a1 1.341s
2025-05-08 23:45:41.033 69609 INFO tempest.lib.common.rest_client [req-164c2c50-d75a-448e-9cef-8314393854ac req-164c2c50-d75a-448e-9cef-8314393854ac ] Request (ServerPasswordTestJSON:setUpClass): 200 GET http://10.180.1.21/compute/v2.1/servers/67549cf6-793a-4173-b502-db43f8676308 1.515s
2025-05-08 23:45:41.046 69639 INFO tempest.lib.common.rest_client [req-16ba95ba-024a-4cf9-976f-c01a67e33a3b req-16ba95ba-024a-4cf9-976f-c01a67e33a3b ] Request (QuotasAdminNegativeTest:test_update_quota_normal_user): 403 PUT http://10.180.1.21/compute/v2.1/os-quota-sets/567ef802178e48b2a930c456bc508095 1.088s
2025-05-08 23:45:41.088 69635 INFO tempest.lib.common.rest_client [req-d08bbc24-0e3e-43a6-b5ce-dc3f08db2432 req-d08bbc24-0e3e-43a6-b5ce-dc3f08db2432 ] Request (SecurityGroupsTestAdminJSON:tearDownClass): 204 DELETE http://10.180.1.21/identity/v3/users/bd5599faa8294d878598f901515f6ceb 0.126s
2025-05-08 23:45:41.220 69613 INFO tempest.lib.common.rest_client [req-7171ec9f-1abc-40f1-8502-2c16c8e86be1 req-7171ec9f-1abc-40f1-8502-2c16c8e86be1 ] Request (ServerActionsV293TestJSON:setUpClass): 200 GET http://10.180.1.21/volume/v3/volumes/133ab1f8-a171-4c7e-ae68-eed4df1a232a 0.038s
2025-05-08 23:45:41.235 69639 INFO tempest.lib.common.rest_client [req-af9fb6b3-1651-4ab3-8ffb-b4343035a605 req-af9fb6b3-1651-4ab3-8ffb-b4343035a605 ] Request (QuotasAdminNegativeTest:tearDownClass): 204 DELETE http://10.180.1.21/identity/v3/users/dd2a758aa509403292799542275a2972 0.188s
2025-05-08 23:45:41.236 69635 INFO tempest.lib.common.rest_client [req-9d8110ea-15d7-40b3-b059-ff38163c38a7 req-9d8110ea-15d7-40b3-b059-ff38163c38a7 ] Request (SecurityGroupsTestAdminJSON:tearDownClass): 204 DELETE http://10.180.1.21/identity/v3/users/39ae80f8a8474e0aa748d3db144d97bd 0.148s
2025-05-08 23:45:41.236 69635 INFO tempest.lib.common.dynamic_creds [-] Deleting project and security group for project: d3bbe34ad40d462fb3c112755779c771
2025-05-08 23:45:41.303 69657 INFO tempest.lib.common.rest_client [req-64db8237-dc0f-42be-bde8-7830ffe49ad8 req-64db8237-dc0f-42be-bde8-7830ffe49ad8 ] Request (ServerDiskConfigTestJSON:test_rebuild_server_with_auto_disk_config): 200 GET http://10.180.1.21/compute/v2.1/servers/9332e878-5c4e-4be7-965f-de2dbc319321 1.308s
2025-05-08 23:45:41.348 69635 INFO tempest.lib.common.rest_client [req-cdbbf0e0-2ab0-49fd-9c48-326965b400c1 req-cdbbf0e0-2ab0-49fd-9c48-326965b400c1 ] Request (SecurityGroupsTestAdminJSON:tearDownClass): 201 POST http://10.180.1.21/identity/v3/auth/tokens 0.112s
2025-05-08 23:45:41.392 69607 INFO tempest.lib.common.rest_client [req-377b3461-fa4e-4b1d-9c8a-94d0fc1377fe req-377b3461-fa4e-4b1d-9c8a-94d0fc1377fe ] Request (ListServersNegativeTestJSON:setUpClass): 200 GET http://10.180.1.21/compute/v2.1/servers/7f70d78f-2bcc-47d5-956c-cd873e25f241 1.046s
2025-05-08 23:45:41.395 69637 INFO tempest.lib.common.rest_client [req-92e70640-294e-42c2-9e63-79276414f27c req-92e70640-294e-42c2-9e63-79276414f27c ] Request (VolumesAdminNegativeTest:test_update_attached_volume_with_nonexistent_volume_in_body): 200 GET http://10.180.1.21/compute/v2.1/servers/f936b4ff-b128-46b1-ae08-e22f0030c5ea 1.634s
2025-05-08 23:45:41.410 69637 INFO tempest.common.waiters [-] State transition "BUILD/spawning" ==> "ACTIVE/None" after 33 second wait
2025-05-08 23:45:41.412 69599 INFO tempest.lib.common.rest_client [req-3da84a7c-f201-4733-9fe6-bddea1b2666c req-3da84a7c-f201-4733-9fe6-bddea1b2666c ] Request (QuotaClassesAdmin257Test:test_update_default_quotas): 200 GET http://10.180.1.21/compute/v2.1/os-quota-class-sets/default 1.026s
2025-05-08 23:45:41.421 69639 INFO tempest.lib.common.rest_client [req-04e1d114-2c80-438f-8b36-4881ea3b6f08 req-04e1d114-2c80-438f-8b36-4881ea3b6f08 ] Request (QuotasAdminNegativeTest:tearDownClass): 204 DELETE http://10.180.1.21/identity/v3/users/92614024f65f48f3abe289de0fdce2c2 0.186s
2025-05-08 23:45:41.422 69639 INFO tempest.lib.common.dynamic_creds [-] Deleting project and security group for project: 8a4d5de129024fa29b433e316ac56c25
2025-05-08 23:45:41.479 69649 INFO tempest.lib.common.rest_client [req-47125897-fb22-47c0-918a-2e0b8f2fd4d2 req-47125897-fb22-47c0-918a-2e0b8f2fd4d2 ] Request (ServersTestFqdnHostnames:test_create_server_with_fqdn_name): 200 GET http://10.180.1.21/compute/v2.1/servers/97b91f56-f04d-4dc7-973e-94a987ac1b1c 1.064s
2025-05-08 23:45:41.490 69639 INFO tempest.lib.common.rest_client [req-e4f4aa5a-daf6-4637-bcc2-9fffbd027d43 req-e4f4aa5a-daf6-4637-bcc2-9fffbd027d43 ] Request (QuotasAdminNegativeTest:tearDownClass): 201 POST http://10.180.1.21/identity/v3/auth/tokens 0.068s
2025-05-08 23:45:41.540 69617 INFO tempest.lib.common.rest_client [req-844ec883-d6d0-40b7-8def-53da1f44824a req-844ec883-d6d0-40b7-8def-53da1f44824a ] Request (ServersNegativeTestJSON:setUpClass): 200 GET http://10.180.1.21/compute/v2.1/servers/2a052560-2c5d-4da4-8ecd-a0ba0e78a17d 1.062s
2025-05-08 23:45:41.597 69661 INFO tempest.lib.common.rest_client [req-c41c8a48-5dec-46da-8423-ffb8a4b5c368 req-c41c8a48-5dec-46da-8423-ffb8a4b5c368 ] Request (ImagesOneServerTestJSON:setUpClass): 200 GET http://10.180.1.21/compute/v2.1/servers/c90da694-873b-4591-9e00-69168834ff52 0.999s
2025-05-08 23:45:41.618 69605 INFO tempest.lib.common.rest_client [req-cce0d212-e1ef-459e-9b45-2112a855afaa req-cce0d212-e1ef-459e-9b45-2112a855afaa ] Request (KeyPairsV22TestJSON:_run_cleanups): 204 DELETE http://10.180.1.21/compute/v2.1/os-keypairs/tempest-keypair-1864455476 1.001s
2025-05-08 23:45:41.632 69655 INFO tempest.lib.common.rest_client [req-f9b66129-24bc-45e0-943b-982c460c914d req-f9b66129-24bc-45e0-943b-982c460c914d ] Request (InstanceActionsTestJSON:tearDownClass): 200 GET http://10.180.1.21/compute/v2.1/servers/b1832876-6076-4108-aef5-ccf5fda6f4c4 1.169s
2025-05-08 23:45:41.643 69643 INFO tempest.lib.common.rest_client [req-2360fbad-8f2d-49e6-bd71-4f52beb102fb req-2360fbad-8f2d-49e6-bd71-4f52beb102fb ] Request (FlavorsAdminTestJSON:test_is_public_string_variations): 200 GET http://10.180.1.21/compute/v2.1/flavors/detail?is_public=0 1.017s
2025-05-08 23:45:41.672 69635 INFO tempest.lib.common.rest_client [req-e120f719-0614-4585-8160-f0c40bc1c8d7 req-e120f719-0614-4585-8160-f0c40bc1c8d7 ] Request (SecurityGroupsTestAdminJSON:tearDownClass): 200 GET http://10.180.1.21:9696/networking/v2.0/security-groups?tenant_id=d3bbe34ad40d462fb3c112755779c771&name=default 0.323s
2025-05-08 23:45:41.723 69603 INFO tempest.lib.common.rest_client [req-926397ea-60c9-4223-b77b-5db042cfc74b req-926397ea-60c9-4223-b77b-5db042cfc74b ] Request (ServersAdminNegativeTestJSON:setUpClass): 200 GET http://10.180.1.21/compute/v2.1/servers/5ee27608-e963-45bd-b947-ffa3a38a0594 1.038s
2025-05-08 23:45:41.798 69651 INFO tempest.lib.common.rest_client [req-eede0b7d-dc70-40a6-b194-e0dc0b15c1cb req-eede0b7d-dc70-40a6-b194-e0dc0b15c1cb ] Request (ServersAdminTestJSON:test_create_server_with_scheduling_hint): 200 GET http://10.180.1.21/compute/v2.1/servers/9b30894a-b414-4c4c-b92e-b33d4fbb40cb 1.079s
2025-05-08 23:45:41.812 69641 INFO tempest.lib.common.rest_client [req-c55b0441-03fe-47df-aeab-ba46015abafa req-c55b0441-03fe-47df-aeab-ba46015abafa ] Request (AggregatesAdminNegativeTestJSON:test_aggregate_remove_host_as_user): 403 POST http://10.180.1.21/compute/v2.1/os-aggregates/7/action 1.056s
2025-05-08 23:45:41.827 69635 INFO tempest.lib.common.rest_client [req-6a810b5c-8e0f-4898-ae16-062194bce510 req-6a810b5c-8e0f-4898-ae16-062194bce510 ] Request (SecurityGroupsTestAdminJSON:tearDownClass): 204 DELETE http://10.180.1.21:9696/networking/v2.0/security-groups/153d2355-e84f-4ec7-9076-6631364a85d7 0.155s
2025-05-08 23:45:41.872 69615 INFO tempest.lib.common.rest_client [req-78d84b69-4cba-4d81-84a7-9202eb042fb2 req-78d84b69-4cba-4d81-84a7-9202eb042fb2 ] Request (ImagesNegativeTestJSON:test_create_image_from_deleted_server): 200 GET http://10.180.1.21/compute/v2.1/servers/40b8538b-9cb8-44e8-b67a-699f762daeda 1.113s
2025-05-08 23:45:41.910 69635 INFO tempest.lib.common.rest_client [req-8cea649d-e9f7-45d7-a598-7ab2c1ed3b86 req-8cea649d-e9f7-45d7-a598-7ab2c1ed3b86 ] Request (SecurityGroupsTestAdminJSON:tearDownClass): 204 DELETE http://10.180.1.21/identity/v3/projects/d3bbe34ad40d462fb3c112755779c771 0.082s
2025-05-08 23:45:41.911 69635 INFO tempest.lib.common.dynamic_creds [-] Deleting project and security group for project: b870806c9f2b4893a43a6f3ef8f3b174
2025-05-08 23:45:41.931 69629 INFO tempest.lib.common.rest_client [req-994baa47-89b2-450d-893e-c4e580530a85 req-994baa47-89b2-450d-893e-c4e580530a85 ] Request (MigrationsAdminTest:test_list_migrations_in_flavor_resize_situation): 200 GET http://10.180.1.21/compute/v2.1/servers/31701380-3998-4510-be64-ec5271cf985f 1.108s
2025-05-08 23:45:41.943 69635 INFO tempest.lib.common.rest_client [req-179ee4ea-6523-46ea-a466-936730cf08a4 req-179ee4ea-6523-46ea-a466-936730cf08a4 ] Request (SecurityGroupsTestAdminJSON:tearDownClass): 200 GET http://10.180.1.21:9696/networking/v2.0/security-groups?tenant_id=b870806c9f2b4893a43a6f3ef8f3b174&name=default 0.032s
2025-05-08 23:45:41.998 69633 INFO tempest.lib.common.rest_client [req-5391ce5f-0ffe-4f71-ba66-06f32db626b8 req-5391ce5f-0ffe-4f71-ba66-06f32db626b8 ] Request (ServerExternalEventsTest:test_create_server_external_events): 200 GET http://10.180.1.21/compute/v2.1/servers/1a40f5d0-eec9-4fa5-9e68-e9cba991e061 1.110s
2025-05-08 23:45:42.014 69639 INFO tempest.lib.common.rest_client [req-bdedade1-2e1c-4fcc-bce6-7982cf6a9334 req-bdedade1-2e1c-4fcc-bce6-7982cf6a9334 ] Request (QuotasAdminNegativeTest:tearDownClass): 200 GET http://10.180.1.21:9696/networking/v2.0/security-groups?tenant_id=8a4d5de129024fa29b433e316ac56c25&name=default 0.523s
2025-05-08 23:45:42.082 69631 INFO tempest.lib.common.rest_client [req-9d397e77-f87d-4015-87a9-306077c0b818 req-9d397e77-f87d-4015-87a9-306077c0b818 ] Request (ListImageFiltersTestJSON:setUpClass): 200 GET http://10.180.1.21/compute/v2.1/servers/1bc0ed5f-b9ba-4863-af81-fd769e2a28dd 1.089s
2025-05-08 23:45:42.160 69635 INFO tempest.lib.common.rest_client [req-088747f5-b677-4063-801d-9b5e27bcc0c1 req-088747f5-b677-4063-801d-9b5e27bcc0c1 ] Request (SecurityGroupsTestAdminJSON:tearDownClass): 204 DELETE http://10.180.1.21:9696/networking/v2.0/security-groups/e3c5fbc7-7c2e-4317-8ab5-e46eb51144a0 0.216s
2025-05-08 23:45:42.178 69660 INFO tempest.lib.common.rest_client [req-747cc888-011f-4fad-9c42-3c5a57031bd1 req-747cc888-011f-4fad-9c42-3c5a57031bd1 ] Request (VolumesAssistedSnapshotsTest:test_volume_assisted_snapshot_create_delete): 200 GET http://10.180.1.21/compute/v2.1/servers/f31bf3ac-2618-4f2e-8f12-99de5620e16d 1.083s
2025-05-08 23:45:42.188 69639 INFO tempest.lib.common.rest_client [req-81b011e7-185b-44a0-b795-3ce089853f9c req-81b011e7-185b-44a0-b795-3ce089853f9c ] Request (QuotasAdminNegativeTest:tearDownClass): 204 DELETE http://10.180.1.21:9696/networking/v2.0/security-groups/3668682c-4b2a-4955-942e-760b9946923c 0.172s
2025-05-08 23:45:42.192 69660 INFO tempest.common.waiters [-] State transition "BUILD/scheduling" ==> "BUILD/None" after 14 second wait
2025-05-08 23:45:42.266 69623 INFO tempest.lib.common.rest_client [req-6f4be233-ff9d-4574-92b4-ee450a558924 req-6f4be233-ff9d-4574-92b4-ee450a558924 ] Request (SecurityGroupsTestJSON:test_list_security_groups_by_server): 200 POST http://10.180.1.21/compute/v2.1/os-security-groups 1.631s
2025-05-08 23:45:42.268 69611 INFO tempest.lib.common.rest_client [req-d9782d73-766f-4d34-bbc3-9a2226571d1a req-d9782d73-766f-4d34-bbc3-9a2226571d1a ] Request (ServersAdmin275Test:test_rebuild_update_server_275): 200 GET http://10.180.1.21/compute/v2.1/servers/2dac6ecd-7ec6-4b8b-86db-16fbdd42ad2f 1.076s
2025-05-08 23:45:42.296 69613 INFO tempest.lib.common.rest_client [req-fb361272-ba34-4f95-aba3-d54b9995ef12 req-fb361272-ba34-4f95-aba3-d54b9995ef12 ] Request (ServerActionsV293TestJSON:setUpClass): 200 GET http://10.180.1.21/volume/v3/volumes/133ab1f8-a171-4c7e-ae68-eed4df1a232a 0.064s
2025-05-08 23:45:42.331 69639 INFO tempest.lib.common.rest_client [req-f5327544-ca16-40e8-98a8-27d04f82ec23 req-f5327544-ca16-40e8-98a8-27d04f82ec23 ] Request (QuotasAdminNegativeTest:tearDownClass): 204 DELETE http://10.180.1.21/identity/v3/projects/8a4d5de129024fa29b433e316ac56c25 0.143s
2025-05-08 23:45:42.331 69635 INFO tempest.lib.common.rest_client [req-fc4e36a0-abd7-4e95-a91f-27b9cbb4438d req-fc4e36a0-abd7-4e95-a91f-27b9cbb4438d ] Request (SecurityGroupsTestAdminJSON:tearDownClass): 204 DELETE http://10.180.1.21/identity/v3/projects/b870806c9f2b4893a43a6f3ef8f3b174 0.171s
2025-05-08 23:45:42.331 69639 INFO tempest.lib.common.dynamic_creds [-] Deleting project and security group for project: 567ef802178e48b2a930c456bc508095
2025-05-08 23:45:42.400 69601 INFO tempest.lib.common.rest_client [req-482c600f-025b-43f9-9051-f9088de23478 req-482c600f-025b-43f9-9051-f9088de23478 ] Request (TenantUsagesTestJSON:tearDownClass): 200 GET http://10.180.1.21/compute/v2.1/servers/8648d926-63b1-4e97-ad22-06319a6f9c56 1.133s
2025-05-08 23:45:42.410 69635 INFO tempest.lib.common.rest_client [req-ead41b60-7993-4cc5-9d06-936485b16c92 req-ead41b60-7993-4cc5-9d06-936485b16c92 ] Request (ServerDiagnosticsTest:setUpClass): 201 POST http://10.180.1.21/identity/v3/auth/tokens 0.077s
2025-05-08 23:45:42.460 69619 INFO tempest.lib.common.rest_client [req-6e65989f-edbb-4aa3-98e8-224db98e33af req-6e65989f-edbb-4aa3-98e8-224db98e33af ] Request (ServersWithSpecificFlavorTestJSON:test_verify_created_server_ephemeral_disk): 200 GET http://10.180.1.21/compute/v2.1/servers/3947c3c2-3934-4d22-99d3-777681b1b5d1 1.162s
2025-05-08 23:45:42.465 69635 INFO tempest.lib.common.rest_client [req-094070a5-a6a7-4507-ac35-f421468e536d req-094070a5-a6a7-4507-ac35-f421468e536d ] Request (ServerDiagnosticsTest:setUpClass): 201 POST http://10.180.1.21/identity/v3/auth/tokens 0.051s
2025-05-08 23:45:42.468 69619 INFO tempest.common.waiters [-] State transition "BUILD/block_device_mapping" ==> "BUILD/spawning" after 21 second wait
2025-05-08 23:45:42.483 69653 INFO tempest.lib.common.rest_client [req-3e10ca5e-1eed-45aa-ad90-05816acb7179 req-3e10ca5e-1eed-45aa-ad90-05816acb7179 ] Request (FloatingIPsAssociationTestJSON:test_associate_already_associated_floating_ip): 200 GET http://10.180.1.21/compute/v2.1/servers/9b385495-33e8-463b-bdfd-b2a714b2df1e 1.143s
2025-05-08 23:45:42.499 69635 INFO tempest.lib.common.rest_client [req-a9e9c7d7-dc68-418a-b3cf-d52225351497 req-a9e9c7d7-dc68-418a-b3cf-d52225351497 ] Request (ServerDiagnosticsTest:setUpClass): 200 GET http://10.180.1.21/identity/v3/domains?name=Default 0.034s
