2025-05-08 23:45:17.211 69629 INFO tempest.lib.common.rest_client [req-a8b30f1d-f1c8-4947-b914-3ad948226f7b req-a8b30f1d-f1c8-4947-b914-3ad948226f7b ] Request (FlavorsExtraSpecsTestJSON:tearDownClass): 200 GET http://10.180.1.21/compute/v2.1/flavors/detail 1.899s
2025-05-08 23:45:17.222 69613 INFO tempest.lib.common.rest_client [req-409f57bc-9014-4cbe-88c5-85dee1523ea3 req-409f57bc-9014-4cbe-88c5-85dee1523ea3 ] Request (ServerActionsV293TestJSON:setUpClass): 201 POST http://10.180.1.21:9696/networking/v2.0/networks 1.532s
2025-05-08 23:45:17.276 69617 INFO tempest.lib.common.rest_client [req-34d56313-cee8-4718-bbb5-822e4f5293d7 req-34d56313-cee8-4718-bbb5-822e4f5293d7 ] Request (KeyPairsNegativeTestJSON:tearDownClass): 204 DELETE http://10.180.1.21/identity/v3/projects/8eed404fbee147e6affea02584e1da3f 0.358s
2025-05-08 23:45:17.277 69617 INFO tempest.test [-] raised in ServerPersonalityTestJSON.setUpClass. Invoking tearDownClass.
2025-05-08 23:45:17.296 69633 INFO tempest.lib.common.rest_client [req-a6a93d37-2180-41b9-b3d9-3db82319a1cb req-a6a93d37-2180-41b9-b3d9-3db82319a1cb ] Request (KeyPairsV210TestJSON:setUpClass): 204 PUT http://10.180.1.21/identity/v3/projects/74e1a72b1de445908abec6141a0cccf9/users/21003e956d01407bb2cfdbe1e0451dde/roles/ea4ece8441754c4aa95e655a5fd0061a 0.194s
2025-05-08 23:45:17.296 69633 INFO tempest.lib.common.dynamic_creds [-] Dynamic test user 21003e956d01407bb2cfdbe1e0451dde is created with scope project and roles: ['member']
2025-05-08 23:45:17.297 69633 INFO tempest.lib.common.dynamic_creds [-] Acquired dynamic creds: credentials: Credentials: {'domain_id': 'default', 'domain_name': 'Default', 'username': 'tempest-KeyPairsV210TestJSON-1731198246-project-member', 'project_domain_id': 'default', 'project_domain_name': 'Default', 'project_id': '74e1a72b1de445908abec6141a0cccf9', 'project_name': 'tempest-KeyPairsV210TestJSON-1731198246', 'tenant_id': '74e1a72b1de445908abec6141a0cccf9', 'tenant_name': 'tempest-KeyPairsV210TestJSON-1731198246', 'user_domain_id': 'default', 'user_domain_name': 'Default', 'user_id': '21003e956d01407bb2cfdbe1e0451dde', 'system': None}, Network: None, Subnet: None, Router: None
2025-05-08 23:45:17.297 69633 INFO tempest.lib.common.dynamic_creds [-] Created isolated network resources for: credentials: Credentials: {'domain_id': 'default', 'domain_name': 'Default', 'username': 'tempest-KeyPairsV210TestJSON-1731198246-project-member', 'project_domain_id': 'default', 'project_domain_name': 'Default', 'project_id': '74e1a72b1de445908abec6141a0cccf9', 'project_name': 'tempest-KeyPairsV210TestJSON-1731198246', 'tenant_id': '74e1a72b1de445908abec6141a0cccf9', 'tenant_name': 'tempest-KeyPairsV210TestJSON-1731198246', 'user_domain_id': 'default', 'user_domain_name': 'Default', 'user_id': '21003e956d01407bb2cfdbe1e0451dde', 'system': None}, Network: None, Subnet: None, Router: None
2025-05-08 23:45:17.311 69637 INFO tempest.lib.common.rest_client [req-f671b8c5-0d8c-4800-bfa1-bc5cf70c4756 req-f671b8c5-0d8c-4800-bfa1-bc5cf70c4756 ] Request (VolumesAdminNegativeTest:test_update_attached_volume_with_nonexistent_volume_in_body): 200 GET http://10.180.1.21/compute/v2.1/servers/f936b4ff-b128-46b1-ae08-e22f0030c5ea 1.992s
2025-05-08 23:45:17.355 69619 INFO tempest.lib.common.rest_client [req-2eebcd51-a1bd-40b7-9fc6-a306a37f5c77 req-2eebcd51-a1bd-40b7-9fc6-a306a37f5c77 ] Request (ServersWithSpecificFlavorTestJSON:test_verify_created_server_ephemeral_disk): 201 POST http://10.180.1.21/identity/v3/auth/tokens 0.199s
2025-05-08 23:45:17.355 69619 INFO tempest.lib.common.fixed_network [-] (ServersWithSpecificFlavorTestJSON:test_verify_created_server_ephemeral_disk) Found network {'id': '98e0c99d-7dda-44d4-b377-40d534b83b2b', 'name': 'tempest-ServersWithSpecificFlavorTestJSON-1376939360-network', 'tenant_id': '703a47e913354591ae4465d2fa7c1816', 'admin_state_up': True, 'mtu': 8950, 'status': 'ACTIVE', 'subnets': [], 'shared': False, 'project_id': '703a47e913354591ae4465d2fa7c1816', 'port_security_enabled': True, 'router:external': False, 'provider:network_type': 'vlan', 'provider:physical_network': 'default', 'provider:segmentation_id': 197, 'availability_zone_hints': [], 'availability_zones': [], 'ipv4_address_scope': None, 'ipv6_address_scope': None, 'description': '', 'tags': [], 'created_at': '2025-05-08T23:44:48Z', 'updated_at': '2025-05-08T23:44:48Z', 'revision_number': 1} available for tenant
2025-05-08 23:45:17.387 69603 INFO tempest.lib.common.rest_client [req-59663068-1709-4206-86bc-717a3a9ac81d req-59663068-1709-4206-86bc-717a3a9ac81d ] Request (ServersAdminNegativeTestJSON:setUpClass): 204 PUT http://10.180.1.21/identity/v3/projects/66e2e81bc1c2495e8a634973989bb4cf/users/08292eced3fb49c4995d05a3227b96c0/roles/ea4ece8441754c4aa95e655a5fd0061a 0.256s
2025-05-08 23:45:17.388 69603 INFO tempest.lib.common.dynamic_creds [-] Dynamic test user 08292eced3fb49c4995d05a3227b96c0 is created with scope project and roles: ['member']
2025-05-08 23:45:17.388 69603 INFO tempest.lib.common.dynamic_creds [-] Acquired dynamic creds: credentials: Credentials: {'domain_id': 'default', 'domain_name': 'Default', 'username': 'tempest-ServersAdminNegativeTestJSON-1537378782-project-member', 'project_domain_id': 'default', 'project_domain_name': 'Default', 'project_id': '66e2e81bc1c2495e8a634973989bb4cf', 'project_name': 'tempest-ServersAdminNegativeTestJSON-1537378782', 'tenant_id': '66e2e81bc1c2495e8a634973989bb4cf', 'tenant_name': 'tempest-ServersAdminNegativeTestJSON-1537378782', 'user_domain_id': 'default', 'user_domain_name': 'Default', 'user_id': '08292eced3fb49c4995d05a3227b96c0', 'system': None}, Network: None, Subnet: None, Router: None
2025-05-08 23:45:17.388 69603 INFO tempest.lib.common.dynamic_creds [-] Created isolated network resources for: credentials: Credentials: {'domain_id': 'default', 'domain_name': 'Default', 'username': 'tempest-ServersAdminNegativeTestJSON-1537378782-project-member', 'project_domain_id': 'default', 'project_domain_name': 'Default', 'project_id': '66e2e81bc1c2495e8a634973989bb4cf', 'project_name': 'tempest-ServersAdminNegativeTestJSON-1537378782', 'tenant_id': '66e2e81bc1c2495e8a634973989bb4cf', 'tenant_name': 'tempest-ServersAdminNegativeTestJSON-1537378782', 'user_domain_id': 'default', 'user_domain_name': 'Default', 'user_id': '08292eced3fb49c4995d05a3227b96c0', 'system': None}, Network: None, Subnet: None, Router: None
2025-05-08 23:45:17.407 69657 INFO tempest.lib.common.rest_client [req-15d25e68-6b4b-4ad3-990e-c3a185956b88 req-15d25e68-6b4b-4ad3-990e-c3a185956b88 ] Request (ServerDiskConfigTestJSON:test_rebuild_server_with_auto_disk_config): 200 GET http://10.180.1.21/compute/v2.1/servers/9332e878-5c4e-4be7-965f-de2dbc319321 1.946s
2025-05-08 23:45:17.450 69623 INFO tempest.lib.common.rest_client [req-19001974-a8cb-460f-8f0e-7b19274b2fba req-19001974-a8cb-460f-8f0e-7b19274b2fba ] Request (ImagesMetadataNegativeTestJSON:setUpClass): 200 GET http://10.180.1.21/identity/v3/roles 0.275s
2025-05-08 23:45:17.459 69631 INFO tempest.lib.common.rest_client [req-f34837cb-1247-448e-af39-978b4be5b6cf req-f34837cb-1247-448e-af39-978b4be5b6cf ] Request (ListImageFiltersTestJSON:setUpClass): 200 GET http://10.180.1.21/compute/v2.1/images/0ab79f38-95e2-4d88-bcfa-0bb711cabee6 1.987s
2025-05-08 23:45:17.492 69643 INFO tempest.lib.common.rest_client [req-5675c3eb-8c86-4204-a241-4d742a6d540b req-5675c3eb-8c86-4204-a241-4d742a6d540b ] Request (FlavorsAdminTestJSON:_run_cleanups): 202 DELETE http://10.180.1.21/compute/v2.1/flavors/b07708ca-e186-4f45-868c-05d92898f888 1.589s
2025-05-08 23:45:17.561 69629 INFO tempest.lib.common.rest_client [req-995b0411-22e5-473c-bcd3-1924aa14733d req-995b0411-22e5-473c-bcd3-1924aa14733d ] Request (FlavorsExtraSpecsTestJSON:tearDownClass): 204 DELETE http://10.180.1.21/identity/v3/users/d4838b9d4b684e4da218cd88e6fff172 0.338s
2025-05-08 23:45:17.574 69617 INFO tempest.lib.common.rest_client [req-4a8e175e-eea2-4dfa-a527-d3cbd45e00df req-4a8e175e-eea2-4dfa-a527-d3cbd45e00df ] Request (ServersNegativeTestJSON:setUpClass): 201 POST http://10.180.1.21/identity/v3/auth/tokens 0.294s
2025-05-08 23:45:17.612 69625 INFO tempest.lib.common.rest_client [req-75bf5ebf-deba-4177-80c0-1253fc03712b req-75bf5ebf-deba-4177-80c0-1253fc03712b ] Request (ImagesOneServerNegativeTestJSON:setUpClass): 200 GET http://10.180.1.21/compute/v2.1/servers/7a4895cc-2dfe-4d2b-90c3-8006be1d17cb 2.750s
2025-05-08 23:45:17.627 69611 INFO tempest.lib.common.rest_client [req-1d22779e-20b6-4bbb-a964-1462f615f14a req-1d22779e-20b6-4bbb-a964-1462f615f14a ] Request (ServersAdmin275Test:test_rebuild_update_server_275): 200 PUT http://10.180.1.21/compute/v2.1/servers/2dac6ecd-7ec6-4b8b-86db-16fbdd42ad2f 1.647s
2025-05-08 23:45:17.639 69625 INFO tempest.common.waiters [-] State transition "BUILD/spawning" ==> "ACTIVE/None" after 23 second wait
2025-05-08 23:45:17.658 69603 INFO tempest.lib.common.rest_client [req-40efbc82-6c97-4f4f-b541-b2e1e4ea23c1 req-40efbc82-6c97-4f4f-b541-b2e1e4ea23c1 ] Request (ServersAdminNegativeTestJSON:setUpClass): 201 POST http://10.180.1.21/identity/v3/auth/tokens 0.264s
2025-05-08 23:45:17.655 69633 INFO tempest.lib.common.rest_client [req-b6ed1529-9777-4a28-9125-4754ebe84e05 req-b6ed1529-9777-4a28-9125-4754ebe84e05 ] Request (KeyPairsV210TestJSON:setUpClass): 201 POST http://10.180.1.21/identity/v3/auth/tokens 0.354s
2025-05-08 23:45:17.678 69660 INFO tempest.lib.common.rest_client [req-a4b63560-3ca9-4638-8827-9ddc633e61fa req-a4b63560-3ca9-4638-8827-9ddc633e61fa ] Request (VolumesAssistedSnapshotsTest:test_volume_assisted_snapshot_create_delete): 200 GET http://10.180.1.21/volume/v3/volumes/1ad38161-f786-4d7b-af61-eac606ef6a1e 0.090s
2025-05-08 23:45:17.690 69660 INFO tempest.common.waiters [-] volume 1ad38161-f786-4d7b-af61-eac606ef6a1e reached available after waiting for 1.690175 seconds
2025-05-08 23:45:17.734 69623 INFO tempest.lib.common.rest_client [req-954b9bc5-2d12-406c-b648-d542c271f8fc req-954b9bc5-2d12-406c-b648-d542c271f8fc ] Request (ImagesMetadataNegativeTestJSON:setUpClass): 204 PUT http://10.180.1.21/identity/v3/projects/29d8bc0ba9d8441987c692cab3e07953/users/d79748a41e5f435fa173493435ca8aec/roles/ea4ece8441754c4aa95e655a5fd0061a 0.283s
2025-05-08 23:45:17.734 69623 INFO tempest.lib.common.dynamic_creds [-] Dynamic test user d79748a41e5f435fa173493435ca8aec is created with scope project and roles: ['member']
2025-05-08 23:45:17.735 69623 INFO tempest.lib.common.dynamic_creds [-] Acquired dynamic creds: credentials: Credentials: {'domain_id': 'default', 'domain_name': 'Default', 'username': 'tempest-ImagesMetadataNegativeTestJSON-2121717027-project-member', 'project_domain_id': 'default', 'project_domain_name': 'Default', 'project_id': '29d8bc0ba9d8441987c692cab3e07953', 'project_name': 'tempest-ImagesMetadataNegativeTestJSON-2121717027', 'tenant_id': '29d8bc0ba9d8441987c692cab3e07953', 'tenant_name': 'tempest-ImagesMetadataNegativeTestJSON-2121717027', 'user_domain_id': 'default', 'user_domain_name': 'Default', 'user_id': 'd79748a41e5f435fa173493435ca8aec', 'system': None}, Network: None, Subnet: None, Router: None
2025-05-08 23:45:17.735 69623 INFO tempest.lib.common.dynamic_creds [-] Created isolated network resources for: credentials: Credentials: {'domain_id': 'default', 'domain_name': 'Default', 'username': 'tempest-ImagesMetadataNegativeTestJSON-2121717027-project-member', 'project_domain_id': 'default', 'project_domain_name': 'Default', 'project_id': '29d8bc0ba9d8441987c692cab3e07953', 'project_name': 'tempest-ImagesMetadataNegativeTestJSON-2121717027', 'tenant_id': '29d8bc0ba9d8441987c692cab3e07953', 'tenant_name': 'tempest-ImagesMetadataNegativeTestJSON-2121717027', 'user_domain_id': 'default', 'user_domain_name': 'Default', 'user_id': 'd79748a41e5f435fa173493435ca8aec', 'system': None}, Network: None, Subnet: None, Router: None
2025-05-08 23:45:17.764 69651 INFO tempest.lib.common.rest_client [req-25c6c239-3995-4243-a8f0-8203cf44b12d req-25c6c239-3995-4243-a8f0-8203cf44b12d ] Request (ServersAdminTestJSON:setUpClass): 200 GET http://10.180.1.21/compute/v2.1/servers/bf429377-67c2-48d3-acb9-1a497e262682 1.334s
2025-05-08 23:45:17.782 69605 INFO tempest.lib.common.rest_client [req-8a6b697e-4486-4a24-a0ab-ecb3d0a41e70 req-8a6b697e-4486-4a24-a0ab-ecb3d0a41e70 ] Request (KeyPairsV22TestJSON:test_get_keypair_detail): 200 GET http://10.180.1.21/compute/v2.1/os-keypairs/tempest-keypair-1098413772 0.956s
2025-05-08 23:45:17.827 69617 INFO tempest.lib.common.rest_client [req-c942440f-ceed-49fa-96cd-fd7c6751da64 req-c942440f-ceed-49fa-96cd-fd7c6751da64 ] Request (ServersNegativeTestJSON:setUpClass): 201 POST http://10.180.1.21/identity/v3/auth/tokens 0.251s
2025-05-08 23:45:17.862 69629 INFO tempest.lib.common.rest_client [req-b5ce6492-706b-4564-aca2-8bbe3a77da1e req-b5ce6492-706b-4564-aca2-8bbe3a77da1e ] Request (FlavorsExtraSpecsTestJSON:tearDownClass): 204 DELETE http://10.180.1.21/identity/v3/users/58de6f777d874843acc44292df2c7370 0.301s
2025-05-08 23:45:17.863 69629 INFO tempest.lib.common.dynamic_creds [-] Deleting project and security group for project: 31fcdef6d0e3468098f22b13bfa8ce02
2025-05-08 23:45:17.905 69603 INFO tempest.lib.common.rest_client [req-79542a10-4fa1-4bc6-adae-f14592647a72 req-79542a10-4fa1-4bc6-adae-f14592647a72 ] Request (ServersAdminNegativeTestJSON:setUpClass): 201 POST http://10.180.1.21/identity/v3/projects 0.246s
2025-05-08 23:45:17.916 69613 INFO tempest.lib.common.rest_client [req-21cd315f-2fc3-484c-95de-489fbfa2dd9b req-21cd315f-2fc3-484c-95de-489fbfa2dd9b ] Request (ServerActionsV293TestJSON:setUpClass): 201 POST http://10.180.1.21:9696/networking/v2.0/subnets 0.693s
2025-05-08 23:45:17.983 69633 INFO tempest.lib.common.rest_client [req-9e98dcb5-d4a2-4e58-a4f2-315b0e9c85a5 req-9e98dcb5-d4a2-4e58-a4f2-315b0e9c85a5 ] Request (KeyPairsV210TestJSON:setUpClass): 201 POST http://10.180.1.21/identity/v3/projects 0.323s
2025-05-08 23:45:18.032 69639 INFO tempest.lib.common.rest_client [req-07dd7e3b-4164-4f12-94f2-369220ef7632 req-07dd7e3b-4164-4f12-94f2-369220ef7632 ] Request (QuotasAdminTestV257:tearDownClass): 200 GET http://10.180.1.21:9696/networking/v2.0/security-groups?tenant_id=ffc54336043940d39d0250e937a11cd4&name=default 0.973s
2025-05-08 23:45:18.046 69607 INFO tempest.lib.common.rest_client [req-4203c3d2-77eb-410c-a1f9-c49ab68f2797 req-4203c3d2-77eb-410c-a1f9-c49ab68f2797 ] Request (ListServersNegativeTestJSON:setUpClass): 200 GET http://10.180.1.21/compute/v2.1/servers/7f70d78f-2bcc-47d5-956c-cd873e25f241 1.157s
2025-05-08 23:45:18.060 69617 INFO tempest.lib.common.rest_client [req-b237fbfd-16c8-4c8d-b576-90b37128703c req-b237fbfd-16c8-4c8d-b576-90b37128703c ] Request (ServersNegativeTestJSON:setUpClass): 200 GET http://10.180.1.21/identity/v3/domains?name=Default 0.233s
2025-05-08 23:45:18.071 69623 INFO tempest.lib.common.rest_client [req-e8ece8f7-bf92-488a-9686-c3fce1a0cba5 req-e8ece8f7-bf92-488a-9686-c3fce1a0cba5 ] Request (ImagesMetadataNegativeTestJSON:setUpClass): 201 POST http://10.180.1.21/identity/v3/auth/tokens 0.331s
2025-05-08 23:45:18.085 69621 INFO tempest.lib.common.rest_client [req-195d7e2a-a23b-45b5-b1a7-fa3006de758e req-195d7e2a-a23b-45b5-b1a7-fa3006de758e ] Request (FlavorsV2TestJSON:test_list_flavors_detailed_filter_by_min_ram): 200 GET http://10.180.1.21/compute/v2.1/flavors/detail?minRam=193 1.147s
2025-05-08 23:45:18.095 69629 INFO tempest.lib.common.rest_client [req-27299414-6c55-4a9e-bdfd-ae3653eefe48 req-27299414-6c55-4a9e-bdfd-ae3653eefe48 ] Request (FlavorsExtraSpecsTestJSON:tearDownClass): 201 POST http://10.180.1.21/identity/v3/auth/tokens 0.232s
2025-05-08 23:45:18.115 69599 INFO tempest.lib.common.rest_client [req-90b9d262-83d6-4f77-921f-260095c2e18a req-90b9d262-83d6-4f77-921f-260095c2e18a ] Request (FlavorsAccessNegativeTestJSON:_run_cleanups): 200 GET http://10.180.1.21/compute/v2.1/flavors/detail 0.962s
2025-05-08 23:45:18.127 69641 INFO tempest.lib.common.rest_client [req-28f12185-2aa8-4c0f-8c3f-7ca6a0f9ffd7 req-28f12185-2aa8-4c0f-8c3f-7ca6a0f9ffd7 ] Request (AggregatesAdminNegativeTestJSON:test_aggregate_create_aggregate_name_length_less_than_1): 400 POST http://10.180.1.21/compute/v2.1/os-aggregates 0.963s
2025-05-08 23:45:18.146 69635 INFO tempest.lib.common.rest_client [req-1737ff23-13e6-45d4-83a0-5cb205442166 req-1737ff23-13e6-45d4-83a0-5cb205442166 ] Request (HostsAdminNegativeTestJSON:test_update_nonexistent_host): 404 PUT http://10.180.1.21/compute/v2.1/os-hosts/nonexistent_hostname 0.975s
2025-05-08 23:45:18.147 69633 INFO tempest.lib.common.rest_client [req-636b9794-e8ce-41fa-8e89-10a5a9c8d8f5 req-636b9794-e8ce-41fa-8e89-10a5a9c8d8f5 ] Request (KeyPairsV210TestJSON:setUpClass): 201 POST http://10.180.1.21/identity/v3/users 0.163s
2025-05-08 23:45:18.150 69603 INFO tempest.lib.common.rest_client [req-780406a4-65a5-481f-8d29-4154b16b8790 req-780406a4-65a5-481f-8d29-4154b16b8790 ] Request (ServersAdminNegativeTestJSON:setUpClass): 201 POST http://10.180.1.21/identity/v3/users 0.244s
2025-05-08 23:45:18.183 69617 INFO tempest.lib.common.rest_client [req-9661373f-4888-40d3-baf9-f7517a133ef5 req-9661373f-4888-40d3-baf9-f7517a133ef5 ] Request (ServersNegativeTestJSON:setUpClass): 201 POST http://10.180.1.21/identity/v3/projects 0.121s
2025-05-08 23:45:18.310 69633 INFO tempest.lib.common.rest_client [req-94c12434-2ed0-47f3-9001-bb777c87fc17 req-94c12434-2ed0-47f3-9001-bb777c87fc17 ] Request (KeyPairsV210TestJSON:setUpClass): 200 GET http://10.180.1.21/identity/v3/roles 0.163s
2025-05-08 23:45:18.361 69635 INFO tempest.lib.common.rest_client [req-dce374ab-dfa8-4d4b-a761-d3d929af1682 req-dce374ab-dfa8-4d4b-a761-d3d929af1682 ] Request (HostsAdminNegativeTestJSON:tearDownClass): 204 DELETE http://10.180.1.21/identity/v3/users/f03935e8d90b4ae786769af82bc5a021 0.213s
2025-05-08 23:45:18.382 69603 INFO tempest.lib.common.rest_client [req-ac2dbcbb-7aae-47bc-ad89-bf417dbe3760 req-ac2dbcbb-7aae-47bc-ad89-bf417dbe3760 ] Request (ServersAdminNegativeTestJSON:setUpClass): 200 GET http://10.180.1.21/identity/v3/roles 0.230s
2025-05-08 23:45:18.436 69601 INFO tempest.lib.common.rest_client [req-67c4c16c-f1ce-4153-9e31-b127642b6040 req-67c4c16c-f1ce-4153-9e31-b127642b6040 ] Request (TenantUsagesTestJSON:setUpClass): 200 GET http://10.180.1.21/compute/v2.1/servers/8648d926-63b1-4e97-ad22-06319a6f9c56 2.411s
2025-05-08 23:45:18.446 69617 INFO tempest.lib.common.rest_client [req-b620432b-221a-4474-9240-9fbd438b4cef req-b620432b-221a-4474-9240-9fbd438b4cef ] Request (ServersNegativeTestJSON:setUpClass): 201 POST http://10.180.1.21/identity/v3/users 0.263s
2025-05-08 23:45:18.449 69601 INFO tempest.common.waiters [-] State transition "BUILD/spawning" ==> "ACTIVE/None" after 21 second wait
2025-05-08 23:45:18.465 69615 INFO tempest.lib.common.rest_client [req-16f8efcf-ff3a-4738-9080-f88d416a7c0b req-16f8efcf-ff3a-4738-9080-f88d416a7c0b ] Request (ImagesNegativeTestJSON:setUpClass): 201 POST http://10.180.1.21:9696/networking/v2.0/networks 1.252s
2025-05-08 23:45:18.501 69633 INFO tempest.lib.common.rest_client [req-a4e2239f-6f5c-49bf-9a3f-1b9bca32c4d4 req-a4e2239f-6f5c-49bf-9a3f-1b9bca32c4d4 ] Request (KeyPairsV210TestJSON:setUpClass): 204 PUT http://10.180.1.21/identity/v3/projects/fb77cbaf8c1541e0bf1ee889320545d4/users/db7b6ff3763943a681054eec6f1d455e/roles/6bff21dc81244565bd066518adfa5bf1 0.190s
2025-05-08 23:45:18.552 69639 INFO tempest.lib.common.rest_client [req-3008ff66-e247-4da4-bf86-85607201b52d req-3008ff66-e247-4da4-bf86-85607201b52d ] Request (QuotasAdminTestV257:tearDownClass): 204 DELETE http://10.180.1.21:9696/networking/v2.0/security-groups/eacb89ff-8e3d-4138-acc3-dde4764219f5 0.519s
2025-05-08 23:45:18.563 69631 INFO tempest.lib.common.rest_client [req-aca6088f-2f2b-48b4-aa4c-9c1f453a1c5f req-aca6088f-2f2b-48b4-aa4c-9c1f453a1c5f ] Request (ListImageFiltersTestJSON:setUpClass): 201 POST http://10.180.1.21/image/v2/images 1.096s
2025-05-08 23:45:18.626 69603 INFO tempest.lib.common.rest_client [req-a3df6e44-32db-4ad9-9938-a041f6094cdb req-a3df6e44-32db-4ad9-9938-a041f6094cdb ] Request (ServersAdminNegativeTestJSON:setUpClass): 204 PUT http://10.180.1.21/identity/v3/projects/495566016cd341e18f11a4ee4e7475c3/users/534642427bd249458f0caef30ab8500d/roles/6bff21dc81244565bd066518adfa5bf1 0.243s
2025-05-08 23:45:18.688 69647 INFO tempest.lib.common.rest_client [req-bcf97ae9-e6a8-4a22-bbb8-07f41b0eb8fb req-bcf97ae9-e6a8-4a22-bbb8-07f41b0eb8fb ] Request (DeleteServersAdminTestJSON:test_admin_delete_servers_of_others): 200 GET http://10.180.1.21/compute/v2.1/servers/1d8a3599-3789-474c-ac22-a7abfbd20b89 1.381s
2025-05-08 23:45:18.688 69635 INFO tempest.lib.common.rest_client [req-62f4b8b4-03bd-4f44-801e-6dd0676ec96a req-62f4b8b4-03bd-4f44-801e-6dd0676ec96a ] Request (HostsAdminNegativeTestJSON:tearDownClass): 204 DELETE http://10.180.1.21/identity/v3/users/160aaabb83cc429899fd10ff8cef8bde 0.327s
2025-05-08 23:45:18.689 69635 INFO tempest.lib.common.dynamic_creds [-] Deleting project and security group for project: d45e94c156864d78a9310876ee48dd68
2025-05-08 23:45:18.697 69647 INFO tempest.common.waiters [-] State transition "BUILD/spawning" ==> "ACTIVE/None" after 25 second wait
2025-05-08 23:45:18.722 69649 INFO tempest.lib.common.rest_client [req-b8315183-01d7-4206-ae80-16946807229f req-b8315183-01d7-4206-ae80-16946807229f ] Request (ServersTestFqdnHostnames:test_create_server_with_fqdn_name): 201 POST http://10.180.1.21:9696/networking/v2.0/floatingips 2.372s
2025-05-08 23:45:18.756 69633 INFO tempest.lib.common.rest_client [req-2fade9ca-9da7-4b21-8627-a5962a3b5fab req-2fade9ca-9da7-4b21-8627-a5962a3b5fab ] Request (KeyPairsV210TestJSON:setUpClass): 200 GET http://10.180.1.21/identity/v3/roles 0.255s
2025-05-08 23:45:18.769 69617 INFO tempest.lib.common.rest_client [req-a63015bb-15c5-4d0e-b5b7-f1ad2965ce09 req-a63015bb-15c5-4d0e-b5b7-f1ad2965ce09 ] Request (ServersNegativeTestJSON:setUpClass): 200 GET http://10.180.1.21/identity/v3/roles 0.323s
2025-05-08 23:45:18.797 69603 INFO tempest.lib.common.rest_client [req-29578d4d-91d7-44b6-9b94-3a01285c2608 req-29578d4d-91d7-44b6-9b94-3a01285c2608 ] Request (ServersAdminNegativeTestJSON:setUpClass): 200 GET http://10.180.1.21/identity/v3/roles 0.171s
2025-05-08 23:45:18.854 69639 INFO tempest.lib.common.rest_client [req-325dbd3a-c6a1-40fc-9822-614a133794ef req-325dbd3a-c6a1-40fc-9822-614a133794ef ] Request (QuotasAdminTestV257:tearDownClass): 204 DELETE http://10.180.1.21/identity/v3/projects/ffc54336043940d39d0250e937a11cd4 0.302s
2025-05-08 23:45:18.868 69645 INFO tempest.lib.common.rest_client [req-3d192503-ef75-4bcd-a9e5-3dd400931c8c req-3d192503-ef75-4bcd-a9e5-3dd400931c8c ] Request (AttachInterfacesV270Test:setUpClass): 201 POST http://10.180.1.21:9696/networking/v2.0/networks 1.965s
2025-05-08 23:45:18.894 69635 INFO tempest.lib.common.rest_client [req-b836d26c-06e4-4926-b84c-37108dfb1732 req-b836d26c-06e4-4926-b84c-37108dfb1732 ] Request (HostsAdminNegativeTestJSON:tearDownClass): 201 POST http://10.180.1.21/identity/v3/auth/tokens 0.204s
2025-05-08 23:45:18.914 69633 INFO tempest.lib.common.rest_client [req-31e18c51-e50c-4387-ad76-313d323220fe req-31e18c51-e50c-4387-ad76-313d323220fe ] Request (KeyPairsV210TestJSON:setUpClass): 204 PUT http://10.180.1.21/identity/v3/projects/fb77cbaf8c1541e0bf1ee889320545d4/users/db7b6ff3763943a681054eec6f1d455e/roles/6bff21dc81244565bd066518adfa5bf1 0.157s
2025-05-08 23:45:18.914 69633 INFO tempest.lib.common.dynamic_creds [-] Dynamic test user db7b6ff3763943a681054eec6f1d455e is created with scope project and roles: ['admin']
2025-05-08 23:45:18.915 69633 INFO tempest.lib.common.dynamic_creds [-] Acquired dynamic creds: credentials: Credentials: {'domain_id': 'default', 'domain_name': 'Default', 'username': 'tempest-KeyPairsV210TestJSON-761026994-project-admin', 'project_domain_id': 'default', 'project_domain_name': 'Default', 'project_id': 'fb77cbaf8c1541e0bf1ee889320545d4', 'project_name': 'tempest-KeyPairsV210TestJSON-761026994', 'tenant_id': 'fb77cbaf8c1541e0bf1ee889320545d4', 'tenant_name': 'tempest-KeyPairsV210TestJSON-761026994', 'user_domain_id': 'default', 'user_domain_name': 'Default', 'user_id': 'db7b6ff3763943a681054eec6f1d455e', 'system': None}, Network: None, Subnet: None, Router: None
2025-05-08 23:45:18.915 69633 INFO tempest.lib.common.dynamic_creds [-] Created isolated network resources for: credentials: Credentials: {'domain_id': 'default', 'domain_name': 'Default', 'username': 'tempest-KeyPairsV210TestJSON-761026994-project-admin', 'project_domain_id': 'default', 'project_domain_name': 'Default', 'project_id': 'fb77cbaf8c1541e0bf1ee889320545d4', 'project_name': 'tempest-KeyPairsV210TestJSON-761026994', 'tenant_id': 'fb77cbaf8c1541e0bf1ee889320545d4', 'tenant_name': 'tempest-KeyPairsV210TestJSON-761026994', 'user_domain_id': 'default', 'user_domain_name': 'Default', 'user_id': 'db7b6ff3763943a681054eec6f1d455e', 'system': None}, Network: None, Subnet: None, Router: None
2025-05-08 23:45:18.922 69649 INFO tempest.lib.common.rest_client [req-1445c540-f9b5-476f-bf23-1572f407076d req-1445c540-f9b5-476f-bf23-1572f407076d ] Request (ServersTestFqdnHostnames:test_create_server_with_fqdn_name): 201 POST http://10.180.1.21/identity/v3/auth/tokens 0.196s
2025-05-08 23:45:18.924 69649 INFO tempest.lib.common.fixed_network [-] (ServersTestFqdnHostnames:test_create_server_with_fqdn_name) Found network {'id': '890f03f7-50c9-49ce-865b-c731c5850d68', 'name': 'tempest-ServersTestFqdnHostnames-1421335288-network', 'tenant_id': '5195f136b7b84e8abd564d16d5ee1349', 'admin_state_up': True, 'mtu': 8950, 'status': 'ACTIVE', 'subnets': [], 'shared': False, 'project_id': '5195f136b7b84e8abd564d16d5ee1349', 'port_security_enabled': True, 'router:external': False, 'provider:network_type': 'vlan', 'provider:physical_network': 'default', 'provider:segmentation_id': 91, 'availability_zone_hints': [], 'availability_zones': [], 'ipv4_address_scope': None, 'ipv6_address_scope': None, 'description': '', 'tags': [], 'created_at': '2025-05-08T23:45:02Z', 'updated_at': '2025-05-08T23:45:03Z', 'revision_number': 1} available for tenant
2025-05-08 23:45:18.941 69629 INFO tempest.lib.common.rest_client [req-e10a1d0c-5a6d-4d55-9362-8424da7ad4d2 req-e10a1d0c-5a6d-4d55-9362-8424da7ad4d2 ] Request (FlavorsExtraSpecsTestJSON:tearDownClass): 200 GET http://10.180.1.21:9696/networking/v2.0/security-groups?tenant_id=31fcdef6d0e3468098f22b13bfa8ce02&name=default 0.845s
2025-05-08 23:45:18.950 69653 INFO tempest.lib.common.rest_client [req-5b040dd7-0a2f-42a5-b0b8-f4277eb2a14a req-5b040dd7-0a2f-42a5-b0b8-f4277eb2a14a ] Request (FloatingIPsAssociationTestJSON:setUpClass): 200 GET http://10.180.1.21/compute/v2.1/servers/3e8581b9-ab8e-4a33-acc4-0de1debb5dfd 1.461s
2025-05-08 23:45:18.990 69643 INFO tempest.lib.common.rest_client [req-a677b74b-8282-43fc-b8fe-58ff163803a0 req-a677b74b-8282-43fc-b8fe-58ff163803a0 ] Request (FlavorsAdminTestJSON:_run_cleanups): 200 GET http://10.180.1.21/compute/v2.1/flavors/detail 1.497s
2025-05-08 23:45:18.998 69617 INFO tempest.lib.common.rest_client [req-d66b68f8-59ee-43fd-a021-a1207f0ff4e7 req-d66b68f8-59ee-43fd-a021-a1207f0ff4e7 ] Request (ServersNegativeTestJSON:setUpClass): 204 PUT http://10.180.1.21/identity/v3/projects/91536c432d85454e87333733cc5a9b0c/users/ff992147f32d411abbe847a8406e6b37/roles/ea4ece8441754c4aa95e655a5fd0061a 0.228s
2025-05-08 23:45:18.998 69617 INFO tempest.lib.common.dynamic_creds [-] Dynamic test user ff992147f32d411abbe847a8406e6b37 is created with scope project and roles: ['member']
2025-05-08 23:45:18.999 69617 INFO tempest.lib.common.dynamic_creds [-] Acquired dynamic creds: credentials: Credentials: {'domain_id': 'default', 'domain_name': 'Default', 'username': 'tempest-ServersNegativeTestJSON-1840850554-project-member', 'project_domain_id': 'default', 'project_domain_name': 'Default', 'project_id': '91536c432d85454e87333733cc5a9b0c', 'project_name': 'tempest-ServersNegativeTestJSON-1840850554', 'tenant_id': '91536c432d85454e87333733cc5a9b0c', 'tenant_name': 'tempest-ServersNegativeTestJSON-1840850554', 'user_domain_id': 'default', 'user_domain_name': 'Default', 'user_id': 'ff992147f32d411abbe847a8406e6b37', 'system': None}, Network: None, Subnet: None, Router: None
2025-05-08 23:45:19.002 69603 INFO tempest.lib.common.rest_client [req-8e1e3927-4ba5-4b3b-bd3a-55724b53efa5 req-8e1e3927-4ba5-4b3b-bd3a-55724b53efa5 ] Request (ServersAdminNegativeTestJSON:setUpClass): 204 PUT http://10.180.1.21/identity/v3/projects/495566016cd341e18f11a4ee4e7475c3/users/534642427bd249458f0caef30ab8500d/roles/6bff21dc81244565bd066518adfa5bf1 0.204s
2025-05-08 23:45:19.003 69603 INFO tempest.lib.common.dynamic_creds [-] Dynamic test user 534642427bd249458f0caef30ab8500d is created with scope project and roles: ['admin']
2025-05-08 23:45:19.003 69603 INFO tempest.lib.common.dynamic_creds [-] Acquired dynamic creds: credentials: Credentials: {'domain_id': 'default', 'domain_name': 'Default', 'username': 'tempest-ServersAdminNegativeTestJSON-1170575584-project-admin', 'project_domain_id': 'default', 'project_domain_name': 'Default', 'project_id': '495566016cd341e18f11a4ee4e7475c3', 'project_name': 'tempest-ServersAdminNegativeTestJSON-1170575584', 'tenant_id': '495566016cd341e18f11a4ee4e7475c3', 'tenant_name': 'tempest-ServersAdminNegativeTestJSON-1170575584', 'user_domain_id': 'default', 'user_domain_name': 'Default', 'user_id': '534642427bd249458f0caef30ab8500d', 'system': None}, Network: None, Subnet: None, Router: None
2025-05-08 23:45:19.003 69603 INFO tempest.lib.common.dynamic_creds [-] Created isolated network resources for: credentials: Credentials: {'domain_id': 'default', 'domain_name': 'Default', 'username': 'tempest-ServersAdminNegativeTestJSON-1170575584-project-admin', 'project_domain_id': 'default', 'project_domain_name': 'Default', 'project_id': '495566016cd341e18f11a4ee4e7475c3', 'project_name': 'tempest-ServersAdminNegativeTestJSON-1170575584', 'tenant_id': '495566016cd341e18f11a4ee4e7475c3', 'tenant_name': 'tempest-ServersAdminNegativeTestJSON-1170575584', 'user_domain_id': 'default', 'user_domain_name': 'Default', 'user_id': '534642427bd249458f0caef30ab8500d', 'system': None}, Network: None, Subnet: None, Router: None
2025-05-08 23:45:19.084 69639 INFO tempest.lib.common.rest_client [req-e09b4325-9cd4-43b8-b488-c0617ca77fc2 req-e09b4325-9cd4-43b8-b488-c0617ca77fc2 ] Request (QuotasAdminNegativeTest:setUpClass): 201 POST http://10.180.1.21/identity/v3/auth/tokens 0.228s
2025-05-08 23:45:19.093 69633 INFO tempest.lib.common.rest_client [req-83489ad4-2949-40b3-ae99-fc1f41b149f0 req-83489ad4-2949-40b3-ae99-fc1f41b149f0 ] Request (KeyPairsV210TestJSON:setUpClass): 201 POST http://10.180.1.21/identity/v3/auth/tokens 0.175s
2025-05-08 23:45:19.124 69617 INFO tempest.lib.common.rest_client [req-fa1d4f8f-4501-43b8-81f3-19d0c5c9bac4 req-fa1d4f8f-4501-43b8-81f3-19d0c5c9bac4 ] Request (ServersNegativeTestJSON:setUpClass): 201 POST http://10.180.1.21/identity/v3/auth/tokens 0.124s
2025-05-08 23:45:19.180 69639 INFO tempest.lib.common.rest_client [req-7c8ecd7c-13b6-4c73-be66-2444402a9f6e req-7c8ecd7c-13b6-4c73-be66-2444402a9f6e ] Request (QuotasAdminNegativeTest:setUpClass): 201 POST http://10.180.1.21/identity/v3/auth/tokens 0.093s
2025-05-08 23:45:19.215 69603 INFO tempest.lib.common.rest_client [req-5421cad4-1110-4fdd-b3a8-d6f5aee103c1 req-5421cad4-1110-4fdd-b3a8-d6f5aee103c1 ] Request (ServersAdminNegativeTestJSON:setUpClass): 201 POST http://10.180.1.21/identity/v3/auth/tokens 0.205s
2025-05-08 23:45:19.215 69603 WARNING tempest.lib.common.rest_client [-] Deprecated: "tenant_id" property is deprecated for removal, use "project_id" instead
2025-05-08 23:45:19.227 69639 INFO tempest.lib.common.rest_client [req-36f3e1b0-2bfd-42f6-a6b9-4274ebc0b67e req-36f3e1b0-2bfd-42f6-a6b9-4274ebc0b67e ] Request (QuotasAdminNegativeTest:setUpClass): 200 GET http://10.180.1.21/identity/v3/domains?name=Default 0.046s
2025-05-08 23:45:19.257 69639 INFO tempest.lib.common.rest_client [req-c7fe427b-a39f-4da0-81f4-400bb06bd9f8 req-c7fe427b-a39f-4da0-81f4-400bb06bd9f8 ] Request (QuotasAdminNegativeTest:setUpClass): 201 POST http://10.180.1.21/identity/v3/projects 0.030s
2025-05-08 23:45:19.289 69603 INFO tempest.lib.common.rest_client [req-4c926a76-05b4-4959-ae11-6a5bababcb88 req-4c926a76-05b4-4959-ae11-6a5bababcb88 ] Request (ServersAdminNegativeTestJSON:setUpClass): 201 POST http://10.180.1.21/identity/v3/auth/tokens 0.067s
2025-05-08 23:45:19.292 69603 INFO tempest.lib.common.fixed_network [-] (ServersAdminNegativeTestJSON:setUpClass) Found network None available for tenant
2025-05-08 23:45:19.304 69629 INFO tempest.lib.common.rest_client [req-4e5fd588-fc72-47e2-90fa-9f5aa930be93 req-4e5fd588-fc72-47e2-90fa-9f5aa930be93 ] Request (FlavorsExtraSpecsTestJSON:tearDownClass): 204 DELETE http://10.180.1.21:9696/networking/v2.0/security-groups/82fc7a57-e70f-4862-a1f6-a8c14d86f52b 0.363s
2025-05-08 23:45:19.326 69639 INFO tempest.lib.common.rest_client [req-37c0a71a-1904-464b-90ef-ab7d6e8c001a req-37c0a71a-1904-464b-90ef-ab7d6e8c001a ] Request (QuotasAdminNegativeTest:setUpClass): 201 POST http://10.180.1.21/identity/v3/users 0.068s
2025-05-08 23:45:19.352 69639 INFO tempest.lib.common.rest_client [req-be74f417-1d74-418a-94f4-02af69aca522 req-be74f417-1d74-418a-94f4-02af69aca522 ] Request (QuotasAdminNegativeTest:setUpClass): 200 GET http://10.180.1.21/identity/v3/roles 0.025s
2025-05-08 23:45:19.371 69625 INFO tempest.lib.common.rest_client [req-cee42c76-b53b-4692-b638-e39727819b56 req-cee42c76-b53b-4692-b638-e39727819b56 ] Request (ImagesOneServerNegativeTestJSON:setUp): 200 GET http://10.180.1.21/compute/v2.1/servers/7a4895cc-2dfe-4d2b-90c3-8006be1d17cb 1.732s
2025-05-08 23:45:19.395 69629 INFO tempest.lib.common.rest_client [req-86d3b04e-b474-4dec-a18b-03a852fc07e3 req-86d3b04e-b474-4dec-a18b-03a852fc07e3 ] Request (FlavorsExtraSpecsTestJSON:tearDownClass): 204 DELETE http://10.180.1.21/identity/v3/projects/31fcdef6d0e3468098f22b13bfa8ce02 0.091s
2025-05-08 23:45:19.396 69629 INFO tempest.lib.common.dynamic_creds [-] Deleting project and security group for project: 340e1cacdd8d4a76b26d98892f754c10
2025-05-08 23:45:19.437 69639 INFO tempest.lib.common.rest_client [req-8413fafb-ff67-42e6-8d5a-6617b7dbf056 req-8413fafb-ff67-42e6-8d5a-6617b7dbf056 ] Request (QuotasAdminNegativeTest:setUpClass): 204 PUT http://10.180.1.21/identity/v3/projects/567ef802178e48b2a930c456bc508095/users/dd2a758aa509403292799542275a2972/roles/ea4ece8441754c4aa95e655a5fd0061a 0.084s
2025-05-08 23:45:19.437 69639 INFO tempest.lib.common.dynamic_creds [-] Dynamic test user dd2a758aa509403292799542275a2972 is created with scope project and roles: ['member']
2025-05-08 23:45:19.437 69639 INFO tempest.lib.common.dynamic_creds [-] Acquired dynamic creds: credentials: Credentials: {'domain_id': 'default', 'domain_name': 'Default', 'username': 'tempest-QuotasAdminNegativeTest-751463335-project-member', 'project_domain_id': 'default', 'project_domain_name': 'Default', 'project_id': '567ef802178e48b2a930c456bc508095', 'project_name': 'tempest-QuotasAdminNegativeTest-751463335', 'tenant_id': '567ef802178e48b2a930c456bc508095', 'tenant_name': 'tempest-QuotasAdminNegativeTest-751463335', 'user_domain_id': 'default', 'user_domain_name': 'Default', 'user_id': 'dd2a758aa509403292799542275a2972', 'system': None}, Network: None, Subnet: None, Router: None
2025-05-08 23:45:19.438 69639 INFO tempest.lib.common.dynamic_creds [-] Created isolated network resources for: credentials: Credentials: {'domain_id': 'default', 'domain_name': 'Default', 'username': 'tempest-QuotasAdminNegativeTest-751463335-project-member', 'project_domain_id': 'default', 'project_domain_name': 'Default', 'project_id': '567ef802178e48b2a930c456bc508095', 'project_name': 'tempest-QuotasAdminNegativeTest-751463335', 'tenant_id': '567ef802178e48b2a930c456bc508095', 'tenant_name': 'tempest-QuotasAdminNegativeTest-751463335', 'user_domain_id': 'default', 'user_domain_name': 'Default', 'user_id': 'dd2a758aa509403292799542275a2972', 'system': None}, Network: None, Subnet: None, Router: None
2025-05-08 23:45:19.477 69615 INFO tempest.lib.common.rest_client [req-d46cb9dd-1a0e-4dcd-a25f-0f0dcd48e852 req-d46cb9dd-1a0e-4dcd-a25f-0f0dcd48e852 ] Request (ImagesNegativeTestJSON:setUpClass): 201 POST http://10.180.1.21:9696/networking/v2.0/subnets 1.010s
2025-05-08 23:45:19.497 69611 INFO tempest.lib.common.rest_client [req-181f5d8c-f12a-415c-b8e3-d1e1f550fea2 req-181f5d8c-f12a-415c-b8e3-d1e1f550fea2 ] Request (ServersAdmin275Test:test_rebuild_update_server_275): 200 GET http://10.180.1.21/compute/v2.1/servers/2dac6ecd-7ec6-4b8b-86db-16fbdd42ad2f 1.838s
2025-05-08 23:45:19.531 69639 INFO tempest.lib.common.rest_client [req-4cb5c822-57e6-4d8e-ab55-7eb9262d361c req-4cb5c822-57e6-4d8e-ab55-7eb9262d361c ] Request (QuotasAdminNegativeTest:setUpClass): 201 POST http://10.180.1.21/identity/v3/auth/tokens 0.089s
2025-05-08 23:45:19.561 69619 INFO tempest.lib.common.rest_client [req-600a6e9a-346d-4a84-b50a-3717f2a21750 req-600a6e9a-346d-4a84-b50a-3717f2a21750 ] Request (ServersWithSpecificFlavorTestJSON:test_verify_created_server_ephemeral_disk): 202 POST http://10.180.1.21/compute/v2.1/servers 2.205s
2025-05-08 23:45:19.587 69605 INFO tempest.lib.common.rest_client [req-b6f43a70-9828-4cf1-8744-6b0d545f4a38 req-b6f43a70-9828-4cf1-8744-6b0d545f4a38 ] Request (KeyPairsV22TestJSON:_run_cleanups): 204 DELETE http://10.180.1.21/compute/v2.1/os-keypairs/tempest-keypair-1098413772 1.799s
2025-05-08 23:45:19.610 69645 INFO tempest.lib.common.rest_client [req-d1686132-e05a-4dc3-8093-7de78b3fabde req-d1686132-e05a-4dc3-8093-7de78b3fabde ] Request (AttachInterfacesV270Test:setUpClass): 201 POST http://10.180.1.21:9696/networking/v2.0/subnets 0.741s
2025-05-08 23:45:19.615 69635 INFO tempest.lib.common.rest_client [req-8cdb1cdc-32d5-4f56-8111-d3cc708e8ac4 req-8cdb1cdc-32d5-4f56-8111-d3cc708e8ac4 ] Request (HostsAdminNegativeTestJSON:tearDownClass): 200 GET http://10.180.1.21:9696/networking/v2.0/security-groups?tenant_id=d45e94c156864d78a9310876ee48dd68&name=default 0.720s
2025-05-08 23:45:19.625 69639 INFO tempest.lib.common.rest_client [req-58db71fa-994b-49cd-97ea-d1310a47c8ef req-58db71fa-994b-49cd-97ea-d1310a47c8ef ] Request (QuotasAdminNegativeTest:setUpClass): 201 POST http://10.180.1.21/identity/v3/projects 0.094s
2025-05-08 23:45:19.642 69660 INFO tempest.lib.common.rest_client [req-f90214b7-42cf-4e7b-af2d-558bec54c23b req-f90214b7-42cf-4e7b-af2d-558bec54c23b ] Request (VolumesAssistedSnapshotsTest:test_volume_assisted_snapshot_create_delete): 200 POST http://10.180.1.21/compute/v2.1/os-keypairs 1.951s
2025-05-08 23:45:19.693 69639 INFO tempest.lib.common.rest_client [req-cfd251bb-3f87-44a8-ad76-b49c7d0cdfca req-cfd251bb-3f87-44a8-ad76-b49c7d0cdfca ] Request (QuotasAdminNegativeTest:setUpClass): 201 POST http://10.180.1.21/identity/v3/users 0.067s
2025-05-08 23:45:19.702 69627 INFO tempest.lib.common.rest_client [req-d5093799-cd48-43e0-96a9-84136f2da4c9 req-d5093799-cd48-43e0-96a9-84136f2da4c9 ] Request (ServerDiagnosticsNegativeTest:test_get_server_diagnostics_by_non_admin): 200 GET http://10.180.1.21/compute/v2.1/servers/0fdefcd8-a54d-4e80-a3ae-caca44ab351f 1.778s
2025-05-08 23:45:19.712 69627 INFO tempest.common.waiters [-] State transition "BUILD/scheduling" ==> "BUILD/None" after 9 second wait
2025-05-08 23:45:19.720 69639 INFO tempest.lib.common.rest_client [req-23955b05-9472-4803-a500-cd24720b19fd req-23955b05-9472-4803-a500-cd24720b19fd ] Request (QuotasAdminNegativeTest:setUpClass): 200 GET http://10.180.1.21/identity/v3/roles 0.027s
2025-05-08 23:45:19.766 69629 INFO tempest.lib.common.rest_client [req-d312ec33-36f8-49ee-892d-54b68aaf4394 req-d312ec33-36f8-49ee-892d-54b68aaf4394 ] Request (FlavorsExtraSpecsTestJSON:tearDownClass): 200 GET http://10.180.1.21:9696/networking/v2.0/security-groups?tenant_id=340e1cacdd8d4a76b26d98892f754c10&name=default 0.370s
2025-05-08 23:45:19.829 69639 INFO tempest.lib.common.rest_client [req-d007e708-30ea-4215-926e-47d0a929a8d9 req-d007e708-30ea-4215-926e-47d0a929a8d9 ] Request (QuotasAdminNegativeTest:setUpClass): 204 PUT http://10.180.1.21/identity/v3/projects/8a4d5de129024fa29b433e316ac56c25/users/92614024f65f48f3abe289de0fdce2c2/roles/6bff21dc81244565bd066518adfa5bf1 0.108s
2025-05-08 23:45:19.866 69623 INFO tempest.lib.common.rest_client [req-c53cb545-9ef9-4f32-ae8f-36bb22636544 req-c53cb545-9ef9-4f32-ae8f-36bb22636544 ] Request (ImagesMetadataNegativeTestJSON:test_delete_nonexistent_image_metadata_item): 404 DELETE http://10.180.1.21/compute/v2.1/images/cb8b6a3d-4bd2-414d-83d2-13fc4a52a48c/metadata/os_distro 1.794s
2025-05-08 23:45:19.885 69621 INFO tempest.lib.common.rest_client [req-dd6054a6-36cb-479f-921b-735cca44b998 req-dd6054a6-36cb-479f-921b-735cca44b998 ] Request (FlavorsV2TestJSON:test_list_flavors_detailed_limit_results): 200 GET http://10.180.1.21/compute/v2.1/flavors/detail?limit=1 1.786s
2025-05-08 23:45:19.892 69641 INFO tempest.lib.common.rest_client [req-e0c9444b-ec92-43c1-9a2a-c519fb156b42 req-e0c9444b-ec92-43c1-9a2a-c519fb156b42 ] Request (AggregatesAdminNegativeTestJSON:test_aggregate_create_as_user): 403 POST http://10.180.1.21/compute/v2.1/os-aggregates 1.763s
2025-05-08 23:45:19.916 69639 INFO tempest.lib.common.rest_client [req-c50adc96-055a-426d-9da6-13ec348391ef req-c50adc96-055a-426d-9da6-13ec348391ef ] Request (QuotasAdminNegativeTest:setUpClass): 200 GET http://10.180.1.21/identity/v3/roles 0.086s
2025-05-08 23:45:19.920 69599 INFO tempest.lib.common.rest_client [req-3566f7cd-e96c-4692-8607-abbc6ec92859 req-3566f7cd-e96c-4692-8607-abbc6ec92859 ] Request (FlavorsAccessNegativeTestJSON:test_flavor_non_admin_remove): 200 POST http://10.180.1.21/compute/v2.1/flavors 1.788s
2025-05-08 23:45:19.942 69639 INFO tempest.lib.common.rest_client [req-c2bc7a1f-bf6a-4a55-a463-97d10c194869 req-c2bc7a1f-bf6a-4a55-a463-97d10c194869 ] Request (QuotasAdminNegativeTest:setUpClass): 204 PUT http://10.180.1.21/identity/v3/projects/8a4d5de129024fa29b433e316ac56c25/users/92614024f65f48f3abe289de0fdce2c2/roles/6bff21dc81244565bd066518adfa5bf1 0.024s
2025-05-08 23:45:19.942 69639 INFO tempest.lib.common.dynamic_creds [-] Dynamic test user 92614024f65f48f3abe289de0fdce2c2 is created with scope project and roles: ['admin']
2025-05-08 23:45:19.942 69639 INFO tempest.lib.common.dynamic_creds [-] Acquired dynamic creds: credentials: Credentials: {'domain_id': 'default', 'domain_name': 'Default', 'username': 'tempest-QuotasAdminNegativeTest-48323534-project-admin', 'project_domain_id': 'default', 'project_domain_name': 'Default', 'project_id': '8a4d5de129024fa29b433e316ac56c25', 'project_name': 'tempest-QuotasAdminNegativeTest-48323534', 'tenant_id': '8a4d5de129024fa29b433e316ac56c25', 'tenant_name': 'tempest-QuotasAdminNegativeTest-48323534', 'user_domain_id': 'default', 'user_domain_name': 'Default', 'user_id': '92614024f65f48f3abe289de0fdce2c2', 'system': None}, Network: None, Subnet: None, Router: None
2025-05-08 23:45:19.942 69639 INFO tempest.lib.common.dynamic_creds [-] Created isolated network resources for: credentials: Credentials: {'domain_id': 'default', 'domain_name': 'Default', 'username': 'tempest-QuotasAdminNegativeTest-48323534-project-admin', 'project_domain_id': 'default', 'project_domain_name': 'Default', 'project_id': '8a4d5de129024fa29b433e316ac56c25', 'project_name': 'tempest-QuotasAdminNegativeTest-48323534', 'tenant_id': '8a4d5de129024fa29b433e316ac56c25', 'tenant_name': 'tempest-QuotasAdminNegativeTest-48323534', 'user_domain_id': 'default', 'user_domain_name': 'Default', 'user_id': '92614024f65f48f3abe289de0fdce2c2', 'system': None}, Network: None, Subnet: None, Router: None
2025-05-08 23:45:20.044 69609 INFO tempest.lib.common.rest_client [req-d5a882e2-b79a-4afc-9c16-e931d1a8a74d req-d5a882e2-b79a-4afc-9c16-e931d1a8a74d ] Request (ServerPasswordTestJSON:setUpClass): 200 GET http://10.180.1.21/compute/v2.1/servers/67549cf6-793a-4173-b502-db43f8676308 1.909s
2025-05-08 23:45:20.069 69639 INFO tempest.lib.common.rest_client [req-4499dd4d-83bd-4221-b6df-ddb2a39b8c7f req-4499dd4d-83bd-4221-b6df-ddb2a39b8c7f ] Request (QuotasAdminNegativeTest:setUpClass): 201 POST http://10.180.1.21/identity/v3/auth/tokens 0.124s
2025-05-08 23:45:20.087 69617 INFO tempest.lib.common.rest_client [req-cdb1eaea-b328-4366-8beb-06a3a6197055 req-cdb1eaea-b328-4366-8beb-06a3a6197055 ] Request (ServersNegativeTestJSON:setUpClass): 201 POST http://10.180.1.21:9696/networking/v2.0/networks 0.963s
2025-05-08 23:45:20.161 69655 INFO tempest.lib.common.rest_client [req-c5309750-950d-452d-af3a-52d3395cff30 req-c5309750-950d-452d-af3a-52d3395cff30 ] Request (InstanceActionsTestJSON:setUpClass): 200 GET http://10.180.1.21/compute/v2.1/servers/b1832876-6076-4108-aef5-ccf5fda6f4c4 2.161s
2025-05-08 23:45:20.165 69637 INFO tempest.lib.common.rest_client [req-f48cbaaf-9e52-4654-81e1-d02eb711b79f req-f48cbaaf-9e52-4654-81e1-d02eb711b79f ] Request (VolumesAdminNegativeTest:test_update_attached_volume_with_nonexistent_volume_in_body): 200 GET http://10.180.1.21/compute/v2.1/servers/f936b4ff-b128-46b1-ae08-e22f0030c5ea 1.847s
2025-05-08 23:45:20.178 69629 INFO tempest.lib.common.rest_client [req-9761ea0e-7bc9-4ce8-9a4f-8e1815ed1831 req-9761ea0e-7bc9-4ce8-9a4f-8e1815ed1831 ] Request (FlavorsExtraSpecsTestJSON:tearDownClass): 204 DELETE http://10.180.1.21:9696/networking/v2.0/security-groups/361ecc03-4cf2-45bb-a9af-c77e8c8bcc30 0.412s
2025-05-08 23:45:20.180 69637 INFO tempest.common.waiters [-] State transition "BUILD/scheduling" ==> "BUILD/None" after 12 second wait
2025-05-08 23:45:20.261 69635 INFO tempest.lib.common.rest_client [req-c4c9dcbb-0934-4962-a02a-a1708a3cff34 req-c4c9dcbb-0934-4962-a02a-a1708a3cff34 ] Request (HostsAdminNegativeTestJSON:tearDownClass): 204 DELETE http://10.180.1.21:9696/networking/v2.0/security-groups/29936a44-4971-4b91-a9f6-efee2f048bc7 0.646s
2025-05-08 23:45:20.278 69657 INFO tempest.lib.common.rest_client [req-1f773ebd-62a7-4eeb-b40e-459ff1b7bbcc req-1f773ebd-62a7-4eeb-b40e-459ff1b7bbcc ] Request (ServerDiskConfigTestJSON:test_rebuild_server_with_auto_disk_config): 200 GET http://10.180.1.21/compute/v2.1/servers/9332e878-5c4e-4be7-965f-de2dbc319321 1.864s
2025-05-08 23:45:20.290 69657 INFO tempest.common.waiters [-] State transition "BUILD/scheduling" ==> "BUILD/None" after 6 second wait
2025-05-08 23:45:20.315 69629 INFO tempest.lib.common.rest_client [req-3eac9deb-0475-4128-9344-398531f4e5a9 req-3eac9deb-0475-4128-9344-398531f4e5a9 ] Request (FlavorsExtraSpecsTestJSON:tearDownClass): 204 DELETE http://10.180.1.21/identity/v3/projects/340e1cacdd8d4a76b26d98892f754c10 0.136s
2025-05-08 23:45:20.324 69601 INFO tempest.lib.common.rest_client [req-3d21aa45-2ead-4927-b245-72c126970800 req-3d21aa45-2ead-4927-b245-72c126970800 ] Request (TenantUsagesTestJSON:test_get_usage_tenant): 200 GET http://10.180.1.21/compute/v2.1/os-simple-tenant-usage/80cb0c58be1d4bc7b2ccd10a251d3256?start=2025-05-07T23%3A45%3A18.449515&end=2025-05-09T23%3A45%3A18.449515 1.874s
2025-05-08 23:45:20.423 69635 INFO tempest.lib.common.rest_client [req-8dd34c5a-14b9-414e-ae23-ad030fd9cee7 req-8dd34c5a-14b9-414e-ae23-ad030fd9cee7 ] Request (HostsAdminNegativeTestJSON:tearDownClass): 204 DELETE http://10.180.1.21/identity/v3/projects/d45e94c156864d78a9310876ee48dd68 0.161s
2025-05-08 23:45:20.423 69635 INFO tempest.lib.common.dynamic_creds [-] Deleting project and security group for project: 0bfbf0bd91904d73ab6d0f760f3f673f
2025-05-08 23:45:20.445 69660 INFO tempest.lib.common.rest_client [req-5be1da16-9247-49a7-84c7-17856c0750b7 req-5be1da16-9247-49a7-84c7-17856c0750b7 ] Request (VolumesAssistedSnapshotsTest:test_volume_assisted_snapshot_create_delete): 201 POST http://10.180.1.21:9696/networking/v2.0/security-groups 0.801s
2025-05-08 23:45:20.489 69629 INFO tempest.lib.common.rest_client [req-7a41b5e3-3ae1-483c-805e-974dc68ea74c req-7a41b5e3-3ae1-483c-805e-974dc68ea74c ] Request (MigrationsAdminTest:setUpClass): 201 POST http://10.180.1.21/identity/v3/auth/tokens 0.171s
2025-05-08 23:45:20.525 69629 INFO tempest.lib.common.rest_client [req-d81b0ea2-b2c1-4a3a-bca7-948c907f4b75 req-d81b0ea2-b2c1-4a3a-bca7-948c907f4b75 ] Request (MigrationsAdminTest:setUpClass): 201 POST http://10.180.1.21/identity/v3/auth/tokens 0.032s
2025-05-08 23:45:20.565 69629 INFO tempest.lib.common.rest_client [req-f594a755-76a7-42c8-8192-f5e7f50e7736 req-f594a755-76a7-42c8-8192-f5e7f50e7736 ] Request (MigrationsAdminTest:setUpClass): 200 GET http://10.180.1.21/identity/v3/domains?name=Default 0.038s
2025-05-08 23:45:20.584 69647 INFO tempest.lib.common.rest_client [req-2af01341-a51a-4d73-9776-2c1fc3df08c4 req-2af01341-a51a-4d73-9776-2c1fc3df08c4 ] Request (DeleteServersAdminTestJSON:test_admin_delete_servers_of_others): 204 DELETE http://10.180.1.21/compute/v2.1/servers/1d8a3599-3789-474c-ac22-a7abfbd20b89 1.886s
2025-05-08 23:45:20.584 69631 INFO tempest.lib.common.rest_client [req-c9a30ee2-169a-453d-b732-5d70b4c29847 req-c9a30ee2-169a-453d-b732-5d70b4c29847 ] Request (ListImageFiltersTestJSON:setUpClass): 204 PUT http://10.180.1.21/image/v2/images/b6b24531-e8f4-4e78-a0ef-a18b9ac817ca/file 1.016s
2025-05-08 23:45:20.599 69629 INFO tempest.lib.common.rest_client [req-62a6bcf1-8397-45ac-bba4-4ce83baa21ef req-62a6bcf1-8397-45ac-bba4-4ce83baa21ef ] Request (MigrationsAdminTest:setUpClass): 201 POST http://10.180.1.21/identity/v3/projects 0.033s
2025-05-08 23:45:20.668 69629 INFO tempest.lib.common.rest_client [req-d20c30ab-40b2-4e03-b40b-687554a09398 req-d20c30ab-40b2-4e03-b40b-687554a09398 ] Request (MigrationsAdminTest:setUpClass): 201 POST http://10.180.1.21/identity/v3/users 0.068s
2025-05-08 23:45:20.697 69629 INFO tempest.lib.common.rest_client [req-70c6a595-7779-4522-bddf-2dc3ebb562ca req-70c6a595-7779-4522-bddf-2dc3ebb562ca ] Request (MigrationsAdminTest:setUpClass): 200 GET http://10.180.1.21/identity/v3/roles 0.028s
