2025-05-09 10:32:47.805 70264 INFO tempest.lib.common.rest_client [req-d5f022db-9a83-445a-98c7-285a82ac6609 req-d5f022db-9a83-445a-98c7-285a82ac6609 ] Request (TenantUsagesNegativeTestJSON:setUpClass): 201 POST http://10.180.1.21/identity/v3/auth/tokens 0.032s
2025-05-09 10:32:47.830 70320 INFO tempest.lib.common.rest_client [req-85efe76b-46dc-41da-a3b1-e94435aa4380 req-85efe76b-46dc-41da-a3b1-e94435aa4380 ] Request (ServerRescueNegativeTestJSON:setUpClass): 200 GET http://10.180.1.21/identity/v3/domains?name=Default 0.026s
2025-05-09 10:32:47.840 70264 INFO tempest.lib.common.rest_client [req-174783c6-bee6-4cd5-ac0c-c862d6c72262 req-174783c6-bee6-4cd5-ac0c-c862d6c72262 ] Request (TenantUsagesNegativeTestJSON:setUpClass): 200 GET http://10.180.1.21/identity/v3/domains?name=Default 0.035s
2025-05-09 10:32:47.868 70280 INFO tempest.lib.common.rest_client [req-91733bff-5605-4f95-a442-1af923d816ec req-91733bff-5605-4f95-a442-1af923d816ec ] Request (ServersAdmin275Test:test_rebuild_update_server_275): 200 GET http://10.180.1.21/compute/v2.1/servers/cde4d3c3-98c8-41f3-b88f-918f09d7cfb5 2.143s
2025-05-09 10:32:47.872 70264 INFO tempest.lib.common.rest_client [req-1d860540-bb62-4fa0-a9fd-20b152d45744 req-1d860540-bb62-4fa0-a9fd-20b152d45744 ] Request (TenantUsagesNegativeTestJSON:setUpClass): 201 POST http://10.180.1.21/identity/v3/projects 0.031s
2025-05-09 10:32:47.873 70320 INFO tempest.lib.common.rest_client [req-b1c72252-2988-4062-9cbc-34573312356d req-b1c72252-2988-4062-9cbc-34573312356d ] Request (ServerRescueNegativeTestJSON:setUpClass): 201 POST http://10.180.1.21/identity/v3/projects 0.042s
2025-05-09 10:32:47.902 70302 INFO tempest.lib.common.rest_client [req-a60f3ea8-f59b-422d-85d8-86a910ce7d3e req-a60f3ea8-f59b-422d-85d8-86a910ce7d3e ] Request (DeleteServersAdminTestJSON:test_admin_delete_servers_of_others): 200 GET http://10.180.1.21/compute/v2.1/servers/e3d4ce77-889d-4662-9d6d-6aabee1caa48 2.309s
2025-05-09 10:32:47.935 70292 INFO tempest.lib.common.rest_client [req-d04adbd7-5e6d-4581-9595-e30fe95ea3f5 req-d04adbd7-5e6d-4581-9595-e30fe95ea3f5 ] Request (SecurityGroupsTestJSON:test_security_groups_create_list_delete): 404 GET http://10.180.1.21/compute/v2.1/os-security-groups/0adb7d60-5a58-4186-bde3-bb347ff6a018 1.780s
2025-05-09 10:32:47.945 70282 INFO tempest.lib.common.rest_client [req-1c0ded9c-16f3-4b05-9b39-09d20d0a0f30 req-1c0ded9c-16f3-4b05-9b39-09d20d0a0f30 ] Request (QuotasAdminTestV257:tearDownClass): 204 DELETE http://10.180.1.21:9696/networking/v2.0/security-groups/8e99b261-16df-4d30-9024-d32639f02be0 0.548s
2025-05-09 10:32:47.994 70264 INFO tempest.lib.common.rest_client [req-fe2538f3-d288-48e7-bac8-845bb027bfd7 req-fe2538f3-d288-48e7-bac8-845bb027bfd7 ] Request (TenantUsagesNegativeTestJSON:setUpClass): 201 POST http://10.180.1.21/identity/v3/users 0.120s
2025-05-09 10:32:48.025 70320 INFO tempest.lib.common.rest_client [req-7dfc2ec4-b269-4ffe-b993-b3e0571d5eeb req-7dfc2ec4-b269-4ffe-b993-b3e0571d5eeb ] Request (ServerRescueNegativeTestJSON:setUpClass): 201 POST http://10.180.1.21/identity/v3/users 0.152s
2025-05-09 10:32:48.051 70264 INFO tempest.lib.common.rest_client [req-779af8b6-7d27-4b60-875f-25985531697e req-779af8b6-7d27-4b60-875f-25985531697e ] Request (TenantUsagesNegativeTestJSON:setUpClass): 200 GET http://10.180.1.21/identity/v3/roles 0.056s
2025-05-09 10:32:48.119 70282 INFO tempest.lib.common.rest_client [req-cbcf87d5-25f5-4647-a6cd-a341a268d6f6 req-cbcf87d5-25f5-4647-a6cd-a341a268d6f6 ] Request (QuotasAdminTestV257:tearDownClass): 204 DELETE http://10.180.1.21/identity/v3/projects/93df8e678ed4488b8a28df8432b2bf48 0.173s
2025-05-09 10:32:48.143 70320 INFO tempest.lib.common.rest_client [req-bb1ed713-0b1b-431d-be7a-d27e8da4a21a req-bb1ed713-0b1b-431d-be7a-d27e8da4a21a ] Request (ServerRescueNegativeTestJSON:setUpClass): 200 GET http://10.180.1.21/identity/v3/roles 0.117s
2025-05-09 10:32:48.190 70282 INFO tempest.lib.common.rest_client [req-c09106a3-45b6-4470-bf45-1d6ee41d7154 req-c09106a3-45b6-4470-bf45-1d6ee41d7154 ] Request (ListImagesTestJSON:setUpClass): 201 POST http://10.180.1.21/identity/v3/auth/tokens 0.069s
2025-05-09 10:32:48.211 70264 INFO tempest.lib.common.rest_client [req-89cf4bf2-f4c1-4f51-862d-be452a0c5c87 req-89cf4bf2-f4c1-4f51-862d-be452a0c5c87 ] Request (TenantUsagesNegativeTestJSON:setUpClass): 204 PUT http://10.180.1.21/identity/v3/projects/a1e620d726184f2bab167e811fae9f7b/users/d21296d50a9a401f94d842a1bfe8da8e/roles/389611adb3984f19aa0b72b1615486fd 0.159s
2025-05-09 10:32:48.211 70264 INFO tempest.lib.common.dynamic_creds [-] Dynamic test user d21296d50a9a401f94d842a1bfe8da8e is created with scope project and roles: ['member']
2025-05-09 10:32:48.211 70264 INFO tempest.lib.common.dynamic_creds [-] Acquired dynamic creds: credentials: Credentials: {'domain_id': 'default', 'domain_name': 'Default', 'username': 'tempest-TenantUsagesNegativeTestJSON-1468972607-project-member', 'project_domain_id': 'default', 'project_domain_name': 'Default', 'project_id': 'a1e620d726184f2bab167e811fae9f7b', 'project_name': 'tempest-TenantUsagesNegativeTestJSON-1468972607', 'tenant_id': 'a1e620d726184f2bab167e811fae9f7b', 'tenant_name': 'tempest-TenantUsagesNegativeTestJSON-1468972607', 'user_domain_id': 'default', 'user_domain_name': 'Default', 'user_id': 'd21296d50a9a401f94d842a1bfe8da8e', 'system': None}, Network: None, Subnet: None, Router: None
2025-05-09 10:32:48.211 70264 INFO tempest.lib.common.dynamic_creds [-] Created isolated network resources for: credentials: Credentials: {'domain_id': 'default', 'domain_name': 'Default', 'username': 'tempest-TenantUsagesNegativeTestJSON-1468972607-project-member', 'project_domain_id': 'default', 'project_domain_name': 'Default', 'project_id': 'a1e620d726184f2bab167e811fae9f7b', 'project_name': 'tempest-TenantUsagesNegativeTestJSON-1468972607', 'tenant_id': 'a1e620d726184f2bab167e811fae9f7b', 'tenant_name': 'tempest-TenantUsagesNegativeTestJSON-1468972607', 'user_domain_id': 'default', 'user_domain_name': 'Default', 'user_id': 'd21296d50a9a401f94d842a1bfe8da8e', 'system': None}, Network: None, Subnet: None, Router: None
2025-05-09 10:32:48.229 70320 INFO tempest.lib.common.rest_client [req-b6897356-d122-492c-8ec9-e83c3875dde9 req-b6897356-d122-492c-8ec9-e83c3875dde9 ] Request (ServerRescueNegativeTestJSON:setUpClass): 204 PUT http://10.180.1.21/identity/v3/projects/0a4c997072774c0a8d5be13902dd6133/users/d6193be96d774a939b9f5195bccedddf/roles/389611adb3984f19aa0b72b1615486fd 0.085s
2025-05-09 10:32:48.229 70320 INFO tempest.lib.common.dynamic_creds [-] Dynamic test user d6193be96d774a939b9f5195bccedddf is created with scope project and roles: ['member']
2025-05-09 10:32:48.229 70320 INFO tempest.lib.common.dynamic_creds [-] Acquired dynamic creds: credentials: Credentials: {'domain_id': 'default', 'domain_name': 'Default', 'username': 'tempest-ServerRescueNegativeTestJSON-1143767890-project-member', 'project_domain_id': 'default', 'project_domain_name': 'Default', 'project_id': '0a4c997072774c0a8d5be13902dd6133', 'project_name': 'tempest-ServerRescueNegativeTestJSON-1143767890', 'tenant_id': '0a4c997072774c0a8d5be13902dd6133', 'tenant_name': 'tempest-ServerRescueNegativeTestJSON-1143767890', 'user_domain_id': 'default', 'user_domain_name': 'Default', 'user_id': 'd6193be96d774a939b9f5195bccedddf', 'system': None}, Network: None, Subnet: None, Router: None
2025-05-09 10:32:48.285 70294 INFO tempest.lib.common.rest_client [req-e2402d9c-4269-4aca-9d29-944e1e58e0f5 req-e2402d9c-4269-4aca-9d29-944e1e58e0f5 ] Request (ServersTestManualDisk:setUpClass): 200 GET http://10.180.1.21/compute/v2.1/servers/495437b5-1f82-4ad7-8a2c-4acf4641bfad 2.098s
2025-05-09 10:32:48.324 70282 INFO tempest.lib.common.rest_client [req-5825002d-ec4c-4576-bb16-7aa941c55120 req-5825002d-ec4c-4576-bb16-7aa941c55120 ] Request (ListImagesTestJSON:setUpClass): 201 POST http://10.180.1.21/identity/v3/auth/tokens 0.131s
2025-05-09 10:32:48.342 70264 INFO tempest.lib.common.rest_client [req-25d5ed52-eec3-48f8-ad56-80a079b163e5 req-25d5ed52-eec3-48f8-ad56-80a079b163e5 ] Request (TenantUsagesNegativeTestJSON:setUpClass): 201 POST http://10.180.1.21/identity/v3/auth/tokens 0.125s
2025-05-09 10:32:48.366 70320 INFO tempest.lib.common.rest_client [req-3c27fb8c-b951-46b8-93f4-798d04166355 req-3c27fb8c-b951-46b8-93f4-798d04166355 ] Request (ServerRescueNegativeTestJSON:setUpClass): 201 POST http://10.180.1.21/identity/v3/auth/tokens 0.136s
2025-05-09 10:32:48.391 70282 INFO tempest.lib.common.rest_client [req-10645b1c-9901-4f3a-9457-f5ad0af8ddc0 req-10645b1c-9901-4f3a-9457-f5ad0af8ddc0 ] Request (ListImagesTestJSON:setUpClass): 200 GET http://10.180.1.21/identity/v3/domains?name=Default 0.067s
2025-05-09 10:32:48.446 70264 INFO tempest.lib.common.rest_client [req-743eae7e-b832-43f7-b7bd-6ede72b3f47f req-743eae7e-b832-43f7-b7bd-6ede72b3f47f ] Request (TenantUsagesNegativeTestJSON:setUpClass): 201 POST http://10.180.1.21/identity/v3/projects 0.104s
2025-05-09 10:32:48.512 70290 INFO tempest.lib.common.rest_client [req-5e099432-54d0-4d99-b998-1d432b589e0b req-5e099432-54d0-4d99-b998-1d432b589e0b ] Request (ServersAdminNegativeTestJSON:test_migrate_non_existent_server): 404 POST http://10.180.1.21/compute/v2.1/servers/8de7d885-265e-42df-9784-4e87bed678cf/action 2.235s
2025-05-09 10:32:48.522 70282 INFO tempest.lib.common.rest_client [req-059859f0-8516-44a5-8025-0d07e7d01aa6 req-059859f0-8516-44a5-8025-0d07e7d01aa6 ] Request (ListImagesTestJSON:setUpClass): 201 POST http://10.180.1.21/identity/v3/projects 0.130s
2025-05-09 10:32:48.612 70264 INFO tempest.lib.common.rest_client [req-3b4880b4-527e-478f-a158-1582f35bc387 req-3b4880b4-527e-478f-a158-1582f35bc387 ] Request (TenantUsagesNegativeTestJSON:setUpClass): 201 POST http://10.180.1.21/identity/v3/users 0.164s
2025-05-09 10:32:48.640 70282 INFO tempest.lib.common.rest_client [req-0582393c-433c-458b-b13e-1500c2251151 req-0582393c-433c-458b-b13e-1500c2251151 ] Request (ListImagesTestJSON:setUpClass): 201 POST http://10.180.1.21/identity/v3/users 0.117s
2025-05-09 10:32:48.662 70264 INFO tempest.lib.common.rest_client [req-9f9ce542-9c6f-41ee-9d63-5da0b69ff23d req-9f9ce542-9c6f-41ee-9d63-5da0b69ff23d ] Request (TenantUsagesNegativeTestJSON:setUpClass): 200 GET http://10.180.1.21/identity/v3/roles 0.050s
2025-05-09 10:32:48.672 70306 INFO tempest.lib.common.rest_client [req-55fa3cb0-f887-4a55-8026-049423d0d509 req-55fa3cb0-f887-4a55-8026-049423d0d509 ] Request (InstanceActionsNegativeTestJSON:tearDownClass): 200 GET http://10.180.1.21/compute/v2.1/servers/2fb545ea-b590-43d0-963a-8ce5281a770e 2.359s
2025-05-09 10:32:48.674 70290 INFO tempest.lib.common.rest_client [req-08a2370c-1f86-43c4-8354-379115039293 req-08a2370c-1f86-43c4-8354-379115039293 ] Request (ServersAdminNegativeTestJSON:test_migrate_server_invalid_state): 201 POST http://10.180.1.21/identity/v3/auth/tokens 0.158s
2025-05-09 10:32:48.675 70290 INFO tempest.lib.common.fixed_network [-] (ServersAdminNegativeTestJSON:test_migrate_server_invalid_state) Found network None available for tenant
2025-05-09 10:32:48.681 70282 INFO tempest.lib.common.rest_client [req-c2cb4e60-644b-41a9-8df6-352b37dc9170 req-c2cb4e60-644b-41a9-8df6-352b37dc9170 ] Request (ListImagesTestJSON:setUpClass): 200 GET http://10.180.1.21/identity/v3/roles 0.040s
2025-05-09 10:32:48.704 70264 INFO tempest.lib.common.rest_client [req-5062cc41-1a77-42ad-8730-4ba057f0c0f2 req-5062cc41-1a77-42ad-8730-4ba057f0c0f2 ] Request (TenantUsagesNegativeTestJSON:setUpClass): 204 PUT http://10.180.1.21/identity/v3/projects/cbc631256045407d816bd8f19adb44f6/users/7245272d5187413da4677aa8bb3ae92f/roles/27bb5df3d33d4a7ebaebc2c2bb75f7b4 0.041s
2025-05-09 10:32:48.716 70282 INFO tempest.lib.common.rest_client [req-0dc0a7c4-f8df-4315-8e6c-8838566cde8d req-0dc0a7c4-f8df-4315-8e6c-8838566cde8d ] Request (ListImagesTestJSON:setUpClass): 204 PUT http://10.180.1.21/identity/v3/projects/29ca21a8a86b4222890b66afee9675bd/users/408f522944dd4338a0dae7479127b587/roles/389611adb3984f19aa0b72b1615486fd 0.033s
2025-05-09 10:32:48.716 70282 INFO tempest.lib.common.dynamic_creds [-] Dynamic test user 408f522944dd4338a0dae7479127b587 is created with scope project and roles: ['member']
2025-05-09 10:32:48.717 70282 INFO tempest.lib.common.dynamic_creds [-] Acquired dynamic creds: credentials: Credentials: {'domain_id': 'default', 'domain_name': 'Default', 'username': 'tempest-ListImagesTestJSON-955664611-project-member', 'project_domain_id': 'default', 'project_domain_name': 'Default', 'project_id': '29ca21a8a86b4222890b66afee9675bd', 'project_name': 'tempest-ListImagesTestJSON-955664611', 'tenant_id': '29ca21a8a86b4222890b66afee9675bd', 'tenant_name': 'tempest-ListImagesTestJSON-955664611', 'user_domain_id': 'default', 'user_domain_name': 'Default', 'user_id': '408f522944dd4338a0dae7479127b587', 'system': None}, Network: None, Subnet: None, Router: None
2025-05-09 10:32:48.717 70282 INFO tempest.lib.common.dynamic_creds [-] Created isolated network resources for: credentials: Credentials: {'domain_id': 'default', 'domain_name': 'Default', 'username': 'tempest-ListImagesTestJSON-955664611-project-member', 'project_domain_id': 'default', 'project_domain_name': 'Default', 'project_id': '29ca21a8a86b4222890b66afee9675bd', 'project_name': 'tempest-ListImagesTestJSON-955664611', 'tenant_id': '29ca21a8a86b4222890b66afee9675bd', 'tenant_name': 'tempest-ListImagesTestJSON-955664611', 'user_domain_id': 'default', 'user_domain_name': 'Default', 'user_id': '408f522944dd4338a0dae7479127b587', 'system': None}, Network: None, Subnet: None, Router: None
2025-05-09 10:32:48.770 70288 INFO tempest.lib.common.rest_client [req-65ea80ab-fffc-4470-a037-0165d5472074 req-65ea80ab-fffc-4470-a037-0165d5472074 ] Request (ServersTestJSON:test_create_server_specify_multibyte_character_name): 202 POST http://10.180.1.21/compute/v2.1/servers 2.825s
2025-05-09 10:32:48.791 70274 INFO tempest.lib.common.rest_client [req-a6884689-9bc4-4360-8f47-7905f8cb9d14 req-a6884689-9bc4-4360-8f47-7905f8cb9d14 ] Request (FloatingIPsTestJSON:setUpClass): 200 PUT http://10.180.1.21:9696/networking/v2.0/routers/d66cbd23-cdbb-4efb-a3ec-91b7a47c5379/add_router_interface 3.746s
2025-05-09 10:32:48.791 70274 INFO tempest.lib.common.dynamic_creds [-] Created isolated network resources for: credentials: Credentials: {'domain_id': 'default', 'domain_name': 'Default', 'username': 'tempest-FloatingIPsTestJSON-1166711692-project-member', 'project_domain_id': 'default', 'project_domain_name': 'Default', 'project_id': '53fee5066f274b9f93f9ce3653718c83', 'project_name': 'tempest-FloatingIPsTestJSON-1166711692', 'tenant_id': '53fee5066f274b9f93f9ce3653718c83', 'tenant_name': 'tempest-FloatingIPsTestJSON-1166711692', 'user_domain_id': 'default', 'user_domain_name': 'Default', 'user_id': '3cffd7cf28b641f9b1ea288d38bad7c6', 'system': None}, Network: {'id': '1cefc20a-6faa-4735-910a-c34eddef566f', 'name': 'tempest-FloatingIPsTestJSON-575439909-network', 'tenant_id': '53fee5066f274b9f93f9ce3653718c83', 'admin_state_up': True, 'mtu': 8950, 'status': 'ACTIVE', 'subnets': [], 'shared': False, 'project_id': '53fee5066f274b9f93f9ce3653718c83', 'port_security_enabled': True, 'router:external': False, 'provider:network_type': 'vlan', 'provider:physical_network': 'default', 'provider:segmentation_id': 310, 'availability_zone_hints': [], 'availability_zones': [], 'ipv4_address_scope': None, 'ipv6_address_scope': None, 'description': '', 'tags': [], 'created_at': '2025-05-09T10:32:40Z', 'updated_at': '2025-05-09T10:32:40Z', 'revision_number': 1}, Subnet: {'id': 'd8d8d365-b1c2-42d3-91bc-8fd7ada36f27', 'name': 'tempest-FloatingIPsTestJSON-575439909-subnet', 'tenant_id': '53fee5066f274b9f93f9ce3653718c83', 'network_id': '1cefc20a-6faa-4735-910a-c34eddef566f', 'ip_version': 4, 'subnetpool_id': None, 'enable_dhcp': True, 'ipv6_ra_mode': None, 'ipv6_address_mode': None, 'gateway_ip': '192.168.128.1', 'cidr': '192.168.128.0/28', 'allocation_pools': [{'start': '192.168.128.2', 'end': '192.168.128.14'}], 'host_routes': [], 'dns_nameservers': [], 'description': '', 'router:external': False, 'service_types': [], 'tags': [], 'created_at': '2025-05-09T10:32:40Z', 'updated_at': '2025-05-09T10:32:40Z', 'revision_number': 0, 'project_id': '53fee5066f274b9f93f9ce3653718c83'}, Router: {'id': 'd66cbd23-cdbb-4efb-a3ec-91b7a47c5379', 'name': 'tempest-FloatingIPsTestJSON-575439909-router', 'tenant_id': '53fee5066f274b9f93f9ce3653718c83', 'admin_state_up': True, 'status': 'ACTIVE', 'external_gateway_info': {'network_id': 'f7819dd8-9355-4813-a6f8-f4c2dd3b7739', 'external_fixed_ips': [{'subnet_id': '3668d552-8dcd-4c39-a1b9-f0121f4f97dc', 'ip_address': '10.180.180.222'}], 'enable_snat': True}, 'description': '', 'availability_zones': [], 'distributed': False, 'ha': False, 'availability_zone_hints': [], 'routes': [], 'flavor_id': None, 'tags': [], 'created_at': '2025-05-09T10:32:41Z', 'updated_at': '2025-05-09T10:32:43Z', 'revision_number': 2, 'project_id': '53fee5066f274b9f93f9ce3653718c83'}
2025-05-09 10:32:48.817 70282 INFO tempest.lib.common.rest_client [req-7f12c936-f2c9-4c7b-a01c-76fb0263b6a9 req-7f12c936-f2c9-4c7b-a01c-76fb0263b6a9 ] Request (ListImagesTestJSON:setUpClass): 201 POST http://10.180.1.21/identity/v3/auth/tokens 0.092s
2025-05-09 10:32:48.824 70268 INFO tempest.lib.common.rest_client [req-e929e3db-f11c-4c44-8aa8-3c1c5a1aa672 req-e929e3db-f11c-4c44-8aa8-3c1c5a1aa672 ] Request (ListImageFiltersTestJSON:setUpClass): 200 GET http://10.180.1.21/compute/v2.1/images/dac196bc-0e0f-41eb-be15-7c7a4155cdad 2.267s
2025-05-09 10:32:48.824 70264 INFO tempest.lib.common.rest_client [req-535e913f-b3e4-4d0b-85c0-5cc56fb2f4a6 req-535e913f-b3e4-4d0b-85c0-5cc56fb2f4a6 ] Request (TenantUsagesNegativeTestJSON:setUpClass): 200 GET http://10.180.1.21/identity/v3/roles 0.120s
2025-05-09 10:32:48.838 70314 INFO tempest.lib.common.rest_client [req-8de95562-96b3-4d08-afe3-5b4188898c00 req-8de95562-96b3-4d08-afe3-5b4188898c00 ] Request (ImagesNegativeTestJSON:test_create_image_from_deleted_server): 200 GET http://10.180.1.21/compute/v2.1/servers/6c164062-6dbb-4803-a5df-4e330b0a211c 2.323s
2025-05-09 10:32:48.855 70314 INFO tempest.common.waiters [-] State transition "BUILD/scheduling" ==> "BUILD/None" after 18 second wait
2025-05-09 10:32:48.859 70264 INFO tempest.lib.common.rest_client [req-6bf157b6-8f58-4bee-ba4c-49e729ca892e req-6bf157b6-8f58-4bee-ba4c-49e729ca892e ] Request (TenantUsagesNegativeTestJSON:setUpClass): 204 PUT http://10.180.1.21/identity/v3/projects/cbc631256045407d816bd8f19adb44f6/users/7245272d5187413da4677aa8bb3ae92f/roles/27bb5df3d33d4a7ebaebc2c2bb75f7b4 0.034s
2025-05-09 10:32:48.860 70264 INFO tempest.lib.common.dynamic_creds [-] Dynamic test user 7245272d5187413da4677aa8bb3ae92f is created with scope project and roles: ['admin']
2025-05-09 10:32:48.860 70264 INFO tempest.lib.common.dynamic_creds [-] Acquired dynamic creds: credentials: Credentials: {'domain_id': 'default', 'domain_name': 'Default', 'username': 'tempest-TenantUsagesNegativeTestJSON-932521401-project-admin', 'project_domain_id': 'default', 'project_domain_name': 'Default', 'project_id': 'cbc631256045407d816bd8f19adb44f6', 'project_name': 'tempest-TenantUsagesNegativeTestJSON-932521401', 'tenant_id': 'cbc631256045407d816bd8f19adb44f6', 'tenant_name': 'tempest-TenantUsagesNegativeTestJSON-932521401', 'user_domain_id': 'default', 'user_domain_name': 'Default', 'user_id': '7245272d5187413da4677aa8bb3ae92f', 'system': None}, Network: None, Subnet: None, Router: None
2025-05-09 10:32:48.860 70264 INFO tempest.lib.common.dynamic_creds [-] Created isolated network resources for: credentials: Credentials: {'domain_id': 'default', 'domain_name': 'Default', 'username': 'tempest-TenantUsagesNegativeTestJSON-932521401-project-admin', 'project_domain_id': 'default', 'project_domain_name': 'Default', 'project_id': 'cbc631256045407d816bd8f19adb44f6', 'project_name': 'tempest-TenantUsagesNegativeTestJSON-932521401', 'tenant_id': 'cbc631256045407d816bd8f19adb44f6', 'tenant_name': 'tempest-TenantUsagesNegativeTestJSON-932521401', 'user_domain_id': 'default', 'user_domain_name': 'Default', 'user_id': '7245272d5187413da4677aa8bb3ae92f', 'system': None}, Network: None, Subnet: None, Router: None
2025-05-09 10:32:48.915 70274 INFO tempest.lib.common.rest_client [req-48af8628-b901-4154-bc2b-22085808864b req-48af8628-b901-4154-bc2b-22085808864b ] Request (FloatingIPsTestJSON:setUpClass): 201 POST http://10.180.1.21/identity/v3/auth/tokens 0.120s
2025-05-09 10:32:48.961 70264 INFO tempest.lib.common.rest_client [req-bee8f525-bf90-4e3c-84f8-668367017ade req-bee8f525-bf90-4e3c-84f8-668367017ade ] Request (TenantUsagesNegativeTestJSON:setUpClass): 201 POST http://10.180.1.21/identity/v3/auth/tokens 0.095s
2025-05-09 10:32:48.965 70262 INFO tempest.lib.common.rest_client [req-65e9a18a-67aa-4afe-966c-6f5ee78803aa req-65e9a18a-67aa-4afe-966c-6f5ee78803aa ] Request (ServersV294TestFqdnHostnames:setUpClass): 200 GET http://10.180.1.21/compute/v2.1/servers/927564a9-da00-4eea-9547-4f9195659ea7 2.367s
2025-05-09 10:32:48.978 70308 INFO tempest.lib.common.rest_client [req-a1408c48-38dc-4d96-b17e-804804f4f92d req-a1408c48-38dc-4d96-b17e-804804f4f92d ] Request (FloatingIPsAssociationTestJSON:setUpClass): 200 GET http://10.180.1.21/compute/v2.1/servers/eea8c53a-dd34-418d-b7ae-1cfafb122d6a 2.249s
2025-05-09 10:32:48.994 70270 INFO tempest.lib.common.rest_client [req-a6d5b766-dc82-4ede-9054-46f8e7d7c73b req-a6d5b766-dc82-4ede-9054-46f8e7d7c73b ] Request (ServerDiagnosticsTest:tearDownClass): 404 GET http://10.180.1.21/compute/v2.1/servers/40e7ba74-3851-4ab7-bb0c-13628afe8dbb 2.210s
2025-05-09 10:32:49.027 70298 INFO tempest.lib.common.rest_client [req-1dbdad53-98ab-479b-982f-e5a90d7b4bd6 req-1dbdad53-98ab-479b-982f-e5a90d7b4bd6 ] Request (FlavorsAdminTestJSON:test_is_public_string_variations): 200 GET http://10.180.1.21/compute/v2.1/flavors/detail?is_public=1 1.609s
2025-05-09 10:32:49.085 70284 INFO tempest.lib.common.rest_client [req-75d2c44c-d7ef-4e15-b5c1-dac83a4c7af3 req-75d2c44c-d7ef-4e15-b5c1-dac83a4c7af3 ] Request (ServersAdminTestJSON:setUpClass): 200 GET http://10.180.1.21/compute/v2.1/servers/3150ea52-5efd-4f64-af55-c42822bae56c 1.681s
2025-05-09 10:32:49.149 70320 INFO tempest.lib.common.rest_client [req-14193467-c754-408e-84d2-35c08de568fe req-14193467-c754-408e-84d2-35c08de568fe ] Request (ServerRescueNegativeTestJSON:setUpClass): 201 POST http://10.180.1.21:9696/networking/v2.0/networks 0.782s
2025-05-09 10:32:49.162 70270 INFO tempest.lib.common.rest_client [req-1924dc12-2b07-4a23-9400-fccc206af5aa req-1924dc12-2b07-4a23-9400-fccc206af5aa ] Request (ServerDiagnosticsTest:tearDownClass): 204 DELETE http://10.180.1.21/identity/v3/users/7d6553ff25834dba9627de3cc2ecd651 0.166s
2025-05-09 10:32:49.166 70322 INFO tempest.lib.common.rest_client [req-7a17ed95-53a6-4756-b101-3c0e2077f0cc req-7a17ed95-53a6-4756-b101-3c0e2077f0cc ] Request (DeleteServersTestJSON:test_delete_active_server): 200 GET http://10.180.1.21/compute/v2.1/servers/e7505b8e-fa4e-4662-a7a2-3ae95551961b 1.713s
2025-05-09 10:32:49.251 70272 INFO tempest.lib.common.rest_client [req-d59459d1-8665-4251-843c-30df48ea4182 req-d59459d1-8665-4251-843c-30df48ea4182 ] Request (VolumesAdminNegativeTest:test_update_attached_volume_with_nonexistent_volume_in_body): 200 GET http://10.180.1.21/compute/v2.1/servers/c634ecbc-24a3-4509-9639-efa6d2ad78c1 1.708s
2025-05-09 10:32:49.312 70270 INFO tempest.lib.common.rest_client [req-eb97b622-3d5e-4e2c-aee9-0ed39f5bd41f req-eb97b622-3d5e-4e2c-aee9-0ed39f5bd41f ] Request (ServerDiagnosticsTest:tearDownClass): 204 DELETE http://10.180.1.21/identity/v3/users/ee881b3abd2c4cf1af467ee9b236ccaf 0.150s
2025-05-09 10:32:49.312 70270 INFO tempest.lib.common.dynamic_creds [-] Deleting project and security group for project: 86414213011046878b4b2494fc9ac073
2025-05-09 10:32:49.345 70276 INFO tempest.lib.common.rest_client [req-33b86a92-d968-4b56-b929-d13a43eaa119 req-33b86a92-d968-4b56-b929-d13a43eaa119 ] Request (MigrationsAdminTest:test_list_migrations_in_flavor_resize_situation): 200 GET http://10.180.1.21/compute/v2.1/servers/7b734fe9-f3fd-4230-a28d-6152e33ec400 1.913s
2025-05-09 10:32:49.355 70276 INFO tempest.common.waiters [-] State transition "RESIZE/resize_migrating" ==> "RESIZE/resize_migrated" after 30 second wait
2025-05-09 10:32:49.377 70266 INFO tempest.lib.common.rest_client [req-7b5cb615-2a3c-44f4-b87f-dd7de7b16ec3 req-7b5cb615-2a3c-44f4-b87f-dd7de7b16ec3 ] Request (ListServerFiltersTestJSON:test_list_servers_filter_by_shutoff_status): 202 POST http://10.180.1.21/compute/v2.1/servers/f16ddc12-6dc3-49ae-ad5e-f35fd0c8d24d/action 1.760s
2025-05-09 10:32:49.401 70278 INFO tempest.lib.common.rest_client [req-1bdbc093-3b61-4080-bfd0-7afa881ad446 req-1bdbc093-3b61-4080-bfd0-7afa881ad446 ] Request (AggregatesAdminNegativeTestJSON:_run_cleanups): 200 DELETE http://10.180.1.21/compute/v2.1/os-aggregates/8 1.749s
2025-05-09 10:32:49.442 70270 INFO tempest.lib.common.rest_client [req-4908ea69-5d17-4fdc-b05c-965044297a93 req-4908ea69-5d17-4fdc-b05c-965044297a93 ] Request (ServerDiagnosticsTest:tearDownClass): 201 POST http://10.180.1.21/identity/v3/auth/tokens 0.130s
2025-05-09 10:32:49.504 70300 INFO tempest.lib.common.rest_client [req-c85c6f7b-638c-497a-bab7-f89119908a9b req-c85c6f7b-638c-497a-bab7-f89119908a9b ] Request (ServerDiskConfigTestJSON:test_rebuild_server_with_auto_disk_config): 200 GET http://10.180.1.21/compute/v2.1/servers/72249b92-83ad-45b1-93a0-f99c97e4154a 1.678s
2025-05-09 10:32:49.597 70278 INFO tempest.lib.common.rest_client [req-2ea0c868-8de7-4e0a-92ed-00007135a86b req-2ea0c868-8de7-4e0a-92ed-00007135a86b ] Request (AggregatesAdminNegativeTestJSON:tearDownClass): 204 DELETE http://10.180.1.21/identity/v3/users/51a7e4cb6ee640729ceddd9527235dfa 0.195s
2025-05-09 10:32:49.648 70310 INFO tempest.lib.common.rest_client [req-2a34c53b-fe88-4b67-ab30-c71c7cfce560 req-2a34c53b-fe88-4b67-ab30-c71c7cfce560 ] Request (ImagesOneServerTestJSON:setUpClass): 200 PUT http://10.180.1.21:9696/networking/v2.0/routers/1df727b4-5416-4396-9693-85ff3ac092c2/add_router_interface 2.435s
2025-05-09 10:32:49.648 70310 INFO tempest.lib.common.dynamic_creds [-] Created isolated network resources for: credentials: Credentials: {'domain_id': 'default', 'domain_name': 'Default', 'username': 'tempest-ImagesOneServerTestJSON-398416983-project-member', 'project_domain_id': 'default', 'project_domain_name': 'Default', 'project_id': 'fc3cd79660994d02aa98022e08117e65', 'project_name': 'tempest-ImagesOneServerTestJSON-398416983', 'tenant_id': 'fc3cd79660994d02aa98022e08117e65', 'tenant_name': 'tempest-ImagesOneServerTestJSON-398416983', 'user_domain_id': 'default', 'user_domain_name': 'Default', 'user_id': 'd1e7eb6cc2d44262a9cc3d299a219697', 'system': None}, Network: {'id': '68d2ba97-7bc4-4ac4-a881-66bc5feb51ff', 'name': 'tempest-ImagesOneServerTestJSON-1679586937-network', 'tenant_id': 'fc3cd79660994d02aa98022e08117e65', 'admin_state_up': True, 'mtu': 8950, 'status': 'ACTIVE', 'subnets': [], 'shared': False, 'project_id': 'fc3cd79660994d02aa98022e08117e65', 'port_security_enabled': True, 'router:external': False, 'provider:network_type': 'vlan', 'provider:physical_network': 'default', 'provider:segmentation_id': 701, 'availability_zone_hints': [], 'availability_zones': [], 'ipv4_address_scope': None, 'ipv6_address_scope': None, 'description': '', 'tags': [], 'created_at': '2025-05-09T10:32:43Z', 'updated_at': '2025-05-09T10:32:44Z', 'revision_number': 1}, Subnet: {'id': '517f7f5d-21c2-4946-a31c-333a4d8f7f87', 'name': 'tempest-ImagesOneServerTestJSON-1679586937-subnet', 'tenant_id': 'fc3cd79660994d02aa98022e08117e65', 'network_id': '68d2ba97-7bc4-4ac4-a881-66bc5feb51ff', 'ip_version': 4, 'subnetpool_id': None, 'enable_dhcp': True, 'ipv6_ra_mode': None, 'ipv6_address_mode': None, 'gateway_ip': '192.168.128.1', 'cidr': '192.168.128.0/28', 'allocation_pools': [{'start': '192.168.128.2', 'end': '192.168.128.14'}], 'host_routes': [], 'dns_nameservers': [], 'description': '', 'router:external': False, 'service_types': [], 'tags': [], 'created_at': '2025-05-09T10:32:44Z', 'updated_at': '2025-05-09T10:32:44Z', 'revision_number': 0, 'project_id': 'fc3cd79660994d02aa98022e08117e65'}, Router: {'id': '1df727b4-5416-4396-9693-85ff3ac092c2', 'name': 'tempest-ImagesOneServerTestJSON-1679586937-router', 'tenant_id': 'fc3cd79660994d02aa98022e08117e65', 'admin_state_up': True, 'status': 'ACTIVE', 'external_gateway_info': {'network_id': 'f7819dd8-9355-4813-a6f8-f4c2dd3b7739', 'external_fixed_ips': [{'subnet_id': '3668d552-8dcd-4c39-a1b9-f0121f4f97dc', 'ip_address': '10.180.180.211'}], 'enable_snat': True}, 'description': '', 'availability_zones': [], 'distributed': False, 'ha': False, 'availability_zone_hints': [], 'routes': [], 'flavor_id': None, 'tags': [], 'created_at': '2025-05-09T10:32:45Z', 'updated_at': '2025-05-09T10:32:46Z', 'revision_number': 2, 'project_id': 'fc3cd79660994d02aa98022e08117e65'}
2025-05-09 10:32:49.670 70320 INFO tempest.lib.common.rest_client [req-68844b25-d001-4e97-969a-d1338b631191 req-68844b25-d001-4e97-969a-d1338b631191 ] Request (ServerRescueNegativeTestJSON:setUpClass): 201 POST http://10.180.1.21:9696/networking/v2.0/subnets 0.521s
2025-05-09 10:32:49.695 70296 INFO tempest.lib.common.rest_client [req-dae70558-e8bd-4ad9-81ac-5ab7e9ae54fc req-dae70558-e8bd-4ad9-81ac-5ab7e9ae54fc ] Request (ServerMetadataTestJSON:setUpClass): 200 GET http://10.180.1.21/compute/v2.1/servers/c07e7d92-970d-4c27-bf62-e7516fea5bfa 1.983s
2025-05-09 10:32:49.757 70292 INFO tempest.lib.common.rest_client [req-b86396fa-4e03-4378-9c1c-2fc00a42c420 req-b86396fa-4e03-4378-9c1c-2fc00a42c420 ] Request (SecurityGroupsTestJSON:test_security_groups_create_list_delete): 202 DELETE http://10.180.1.21/compute/v2.1/os-security-groups/cad4cbfd-8516-4282-b601-93d24ac9afd1 1.821s
2025-05-09 10:32:49.762 70270 INFO tempest.lib.common.rest_client [req-a0d77b11-55be-432d-9471-651f0fa062b3 req-a0d77b11-55be-432d-9471-651f0fa062b3 ] Request (ServerDiagnosticsTest:tearDownClass): 200 GET http://10.180.1.21:9696/networking/v2.0/security-groups?tenant_id=86414213011046878b4b2494fc9ac073&name=default 0.319s
2025-05-09 10:32:49.762 70310 INFO tempest.lib.common.rest_client [req-19e5504c-6b2e-4415-b07f-3209e193d21f req-19e5504c-6b2e-4415-b07f-3209e193d21f ] Request (ImagesOneServerTestJSON:setUpClass): 201 POST http://10.180.1.21/identity/v3/auth/tokens 0.109s
2025-05-09 10:32:49.797 70278 INFO tempest.lib.common.rest_client [req-3229385e-886b-4192-9dfb-f8bdf72e7c5b req-3229385e-886b-4192-9dfb-f8bdf72e7c5b ] Request (AggregatesAdminNegativeTestJSON:tearDownClass): 204 DELETE http://10.180.1.21/identity/v3/users/49fa160f5f5f4281a9a6fafcb008026b 0.199s
2025-05-09 10:32:49.797 70278 INFO tempest.lib.common.dynamic_creds [-] Deleting project and security group for project: a1c556ea0f6a48718ff8f3a5c405a35b
2025-05-09 10:32:49.815 70312 INFO tempest.lib.common.rest_client [req-3cc74f8d-70b6-4032-a260-d38e7a261174 req-3cc74f8d-70b6-4032-a260-d38e7a261174 ] Request (AttachInterfacesV270Test:test_create_get_list_interfaces): 200 GET http://10.180.1.21/compute/v2.1/servers/44167ce1-d6e6-4227-ac28-db123bc36a17 1.832s
2025-05-09 10:32:49.842 70310 INFO tempest.lib.common.rest_client [req-ceabb997-f0fa-4925-ae19-faaaf1425fac req-ceabb997-f0fa-4925-ae19-faaaf1425fac ] Request (ImagesOneServerTestJSON:setUpClass): 201 POST http://10.180.1.21/identity/v3/auth/tokens 0.075s
2025-05-09 10:32:49.842 70310 INFO tempest.lib.common.fixed_network [-] (ImagesOneServerTestJSON:setUpClass) Found network {'id': '68d2ba97-7bc4-4ac4-a881-66bc5feb51ff', 'name': 'tempest-ImagesOneServerTestJSON-1679586937-network', 'tenant_id': 'fc3cd79660994d02aa98022e08117e65', 'admin_state_up': True, 'mtu': 8950, 'status': 'ACTIVE', 'subnets': [], 'shared': False, 'project_id': 'fc3cd79660994d02aa98022e08117e65', 'port_security_enabled': True, 'router:external': False, 'provider:network_type': 'vlan', 'provider:physical_network': 'default', 'provider:segmentation_id': 701, 'availability_zone_hints': [], 'availability_zones': [], 'ipv4_address_scope': None, 'ipv6_address_scope': None, 'description': '', 'tags': [], 'created_at': '2025-05-09T10:32:43Z', 'updated_at': '2025-05-09T10:32:44Z', 'revision_number': 1} available for tenant
2025-05-09 10:32:49.872 70278 INFO tempest.lib.common.rest_client [req-28ee193a-b97c-462e-ba4a-bd864e58d713 req-28ee193a-b97c-462e-ba4a-bd864e58d713 ] Request (AggregatesAdminNegativeTestJSON:tearDownClass): 201 POST http://10.180.1.21/identity/v3/auth/tokens 0.074s
2025-05-09 10:32:49.916 70304 INFO tempest.lib.common.rest_client [req-506e364f-ac0a-42d5-b5bc-e0ed947310a1 req-506e364f-ac0a-42d5-b5bc-e0ed947310a1 ] Request (ServerDiagnosticsV248Test:test_get_server_diagnostics): 200 GET http://10.180.1.21/compute/v2.1/servers/57bc4d65-6353-4e73-aef5-ded2041b48b7 1.314s
2025-05-09 10:32:49.916 70270 INFO tempest.lib.common.rest_client [req-62f3a6e1-b0da-49c1-a7e7-4470e4e2887c req-62f3a6e1-b0da-49c1-a7e7-4470e4e2887c ] Request (ServerDiagnosticsTest:tearDownClass): 204 DELETE http://10.180.1.21:9696/networking/v2.0/security-groups/b907ee0d-6631-4556-a990-11937635bc4a 0.153s
2025-05-09 10:32:49.925 70304 INFO tempest.common.waiters [-] State transition "BUILD/None" ==> "BUILD/block_device_mapping" after 34 second wait
2025-05-09 10:32:49.931 70318 INFO tempest.lib.common.rest_client [req-aa606180-41e5-4beb-baf5-dd290e71f2a6 req-aa606180-41e5-4beb-baf5-dd290e71f2a6 ] Request (ServerExternalEventsTest:test_create_server_external_events): 200 GET http://10.180.1.21/compute/v2.1/servers/4b6bc3dc-294c-4c53-ba07-0edf8f2f44c7 1.548s
2025-05-09 10:32:49.952 70318 INFO tempest.common.waiters [-] State transition "BUILD/spawning" ==> "ACTIVE/None" after 38 second wait
2025-05-09 10:32:50.023 70288 INFO tempest.lib.common.rest_client [req-6701ce1a-46c9-4ac5-b144-cc26fb525835 req-6701ce1a-46c9-4ac5-b144-cc26fb525835 ] Request (ServersTestJSON:test_create_server_specify_multibyte_character_name): 200 GET http://10.180.1.21/compute/v2.1/servers/ea38b005-2876-436c-8043-c4a03a946c36 1.250s
2025-05-09 10:32:50.036 70270 INFO tempest.lib.common.rest_client [req-afe43d5e-f524-4e01-80b6-e2d77d839a99 req-afe43d5e-f524-4e01-80b6-e2d77d839a99 ] Request (ServerDiagnosticsTest:tearDownClass): 204 DELETE http://10.180.1.21/identity/v3/projects/86414213011046878b4b2494fc9ac073 0.120s
2025-05-09 10:32:50.037 70270 INFO tempest.lib.common.dynamic_creds [-] Deleting project and security group for project: bb2b4216a0284fbda15feec04e253912
2025-05-09 10:32:50.115 70278 INFO tempest.lib.common.rest_client [req-2b243fb8-aeb7-49d0-9247-efbecf39d39e req-2b243fb8-aeb7-49d0-9247-efbecf39d39e ] Request (AggregatesAdminNegativeTestJSON:tearDownClass): 200 GET http://10.180.1.21:9696/networking/v2.0/security-groups?tenant_id=a1c556ea0f6a48718ff8f3a5c405a35b&name=default 0.242s
2025-05-09 10:32:50.152 70270 INFO tempest.lib.common.rest_client [req-9c8f5fb1-6852-4ea5-af3b-3a4303cb9d43 req-9c8f5fb1-6852-4ea5-af3b-3a4303cb9d43 ] Request (ServerDiagnosticsTest:tearDownClass): 200 GET http://10.180.1.21:9696/networking/v2.0/security-groups?tenant_id=bb2b4216a0284fbda15feec04e253912&name=default 0.115s
2025-05-09 10:32:50.159 70316 INFO tempest.lib.common.rest_client [req-70880373-ef45-4e55-af61-f04bf0a1acbe req-70880373-ef45-4e55-af61-f04bf0a1acbe ] Request (InstanceActionsV221TestJSON:setUpClass): 200 PUT http://10.180.1.21:9696/networking/v2.0/routers/c1c0f980-2a2f-4c76-aa58-69e38fd5f1b7/add_router_interface 3.450s
2025-05-09 10:32:50.160 70316 INFO tempest.lib.common.dynamic_creds [-] Created isolated network resources for: credentials: Credentials: {'domain_id': 'default', 'domain_name': 'Default', 'username': 'tempest-InstanceActionsV221TestJSON-976272228-project-member', 'project_domain_id': 'default', 'project_domain_name': 'Default', 'project_id': '301571bda1684a1c883f7b8a6a322f05', 'project_name': 'tempest-InstanceActionsV221TestJSON-976272228', 'tenant_id': '301571bda1684a1c883f7b8a6a322f05', 'tenant_name': 'tempest-InstanceActionsV221TestJSON-976272228', 'user_domain_id': 'default', 'user_domain_name': 'Default', 'user_id': '6fe5595fd12a4f3c973e01703cae9731', 'system': None}, Network: {'id': '8cdc776a-0923-4f8c-8afe-5cc04c6f841b', 'name': 'tempest-InstanceActionsV221TestJSON-1821032067-network', 'tenant_id': '301571bda1684a1c883f7b8a6a322f05', 'admin_state_up': True, 'mtu': 8950, 'status': 'ACTIVE', 'subnets': [], 'shared': False, 'project_id': '301571bda1684a1c883f7b8a6a322f05', 'port_security_enabled': True, 'router:external': False, 'provider:network_type': 'vlan', 'provider:physical_network': 'default', 'provider:segmentation_id': 960, 'availability_zone_hints': [], 'availability_zones': [], 'ipv4_address_scope': None, 'ipv6_address_scope': None, 'description': '', 'tags': [], 'created_at': '2025-05-09T10:32:41Z', 'updated_at': '2025-05-09T10:32:41Z', 'revision_number': 1}, Subnet: {'id': '0e3f2065-a008-436c-a539-75d582a713f7', 'name': 'tempest-InstanceActionsV221TestJSON-1821032067-subnet', 'tenant_id': '301571bda1684a1c883f7b8a6a322f05', 'network_id': '8cdc776a-0923-4f8c-8afe-5cc04c6f841b', 'ip_version': 4, 'subnetpool_id': None, 'enable_dhcp': True, 'ipv6_ra_mode': None, 'ipv6_address_mode': None, 'gateway_ip': '192.168.128.1', 'cidr': '192.168.128.0/28', 'allocation_pools': [{'start': '192.168.128.2', 'end': '192.168.128.14'}], 'host_routes': [], 'dns_nameservers': [], 'description': '', 'router:external': False, 'service_types': [], 'tags': [], 'created_at': '2025-05-09T10:32:42Z', 'updated_at': '2025-05-09T10:32:42Z', 'revision_number': 0, 'project_id': '301571bda1684a1c883f7b8a6a322f05'}, Router: {'id': 'c1c0f980-2a2f-4c76-aa58-69e38fd5f1b7', 'name': 'tempest-InstanceActionsV221TestJSON-1821032067-router', 'tenant_id': '301571bda1684a1c883f7b8a6a322f05', 'admin_state_up': True, 'status': 'ACTIVE', 'external_gateway_info': {'network_id': 'f7819dd8-9355-4813-a6f8-f4c2dd3b7739', 'external_fixed_ips': [{'subnet_id': '3668d552-8dcd-4c39-a1b9-f0121f4f97dc', 'ip_address': '10.180.180.204'}], 'enable_snat': True}, 'description': '', 'availability_zones': [], 'distributed': False, 'ha': False, 'availability_zone_hints': [], 'routes': [], 'flavor_id': None, 'tags': [], 'created_at': '2025-05-09T10:32:43Z', 'updated_at': '2025-05-09T10:32:44Z', 'revision_number': 2, 'project_id': '301571bda1684a1c883f7b8a6a322f05'}
2025-05-09 10:32:50.200 70278 INFO tempest.lib.common.rest_client [req-81710ba1-8d3a-459d-b766-c1f54b35baef req-81710ba1-8d3a-459d-b766-c1f54b35baef ] Request (AggregatesAdminNegativeTestJSON:tearDownClass): 204 DELETE http://10.180.1.21:9696/networking/v2.0/security-groups/27ee6f59-5e97-4923-82d8-9ee407350eaf 0.085s
2025-05-09 10:32:50.207 70282 INFO tempest.lib.common.rest_client [req-37cd43b8-315a-4c4a-8260-28a98292d40b req-37cd43b8-315a-4c4a-8260-28a98292d40b ] Request (ListImagesTestJSON:test_get_image): 200 GET http://10.180.1.21/compute/v2.1/images/3737f81e-bcfd-4d89-8861-4926741c1887 1.382s
2025-05-09 10:32:50.258 70316 INFO tempest.lib.common.rest_client [req-554eea00-0f3d-4d64-987e-7cac2d2b5ca9 req-554eea00-0f3d-4d64-987e-7cac2d2b5ca9 ] Request (InstanceActionsV221TestJSON:setUpClass): 201 POST http://10.180.1.21/identity/v3/auth/tokens 0.095s
2025-05-09 10:32:50.321 70280 INFO tempest.lib.common.rest_client [req-4dac3c75-8adf-41ce-9de7-3a2f3f5b310d req-4dac3c75-8adf-41ce-9de7-3a2f3f5b310d ] Request (ServersAdmin275Test:test_rebuild_update_server_275): 200 GET http://10.180.1.21/compute/v2.1/servers/cde4d3c3-98c8-41f3-b88f-918f09d7cfb5 1.438s
2025-05-09 10:32:50.330 70278 INFO tempest.lib.common.rest_client [req-a6003e5e-2450-41cb-aed4-04214f4f3931 req-a6003e5e-2450-41cb-aed4-04214f4f3931 ] Request (AggregatesAdminNegativeTestJSON:tearDownClass): 204 DELETE http://10.180.1.21/identity/v3/projects/a1c556ea0f6a48718ff8f3a5c405a35b 0.130s
2025-05-09 10:32:50.331 70278 INFO tempest.lib.common.dynamic_creds [-] Deleting project and security group for project: cd9b0c84bd12473d8c87d7b3fce26098
2025-05-09 10:32:50.352 70316 INFO tempest.lib.common.rest_client [req-9dd4b2ce-0955-4067-a7bd-d2bc0f9ec143 req-9dd4b2ce-0955-4067-a7bd-d2bc0f9ec143 ] Request (InstanceActionsV221TestJSON:test_get_list_deleted_instance_actions): 201 POST http://10.180.1.21/identity/v3/auth/tokens 0.088s
2025-05-09 10:32:50.352 70316 INFO tempest.lib.common.fixed_network [-] (InstanceActionsV221TestJSON:test_get_list_deleted_instance_actions) Found network {'id': '8cdc776a-0923-4f8c-8afe-5cc04c6f841b', 'name': 'tempest-InstanceActionsV221TestJSON-1821032067-network', 'tenant_id': '301571bda1684a1c883f7b8a6a322f05', 'admin_state_up': True, 'mtu': 8950, 'status': 'ACTIVE', 'subnets': [], 'shared': False, 'project_id': '301571bda1684a1c883f7b8a6a322f05', 'port_security_enabled': True, 'router:external': False, 'provider:network_type': 'vlan', 'provider:physical_network': 'default', 'provider:segmentation_id': 960, 'availability_zone_hints': [], 'availability_zones': [], 'ipv4_address_scope': None, 'ipv6_address_scope': None, 'description': '', 'tags': [], 'created_at': '2025-05-09T10:32:41Z', 'updated_at': '2025-05-09T10:32:41Z', 'revision_number': 1} available for tenant
2025-05-09 10:32:50.419 70290 INFO tempest.lib.common.rest_client [req-82218954-2356-4715-b071-08a5c14ac5ad req-82218954-2356-4715-b071-08a5c14ac5ad ] Request (ServersAdminNegativeTestJSON:test_migrate_server_invalid_state): 202 POST http://10.180.1.21/compute/v2.1/servers 1.744s
2025-05-09 10:32:50.460 70270 INFO tempest.lib.common.rest_client [req-f1adae54-ec1b-4c13-9c86-9bd9bc1bf67c req-f1adae54-ec1b-4c13-9c86-9bd9bc1bf67c ] Request (ServerDiagnosticsTest:tearDownClass): 204 DELETE http://10.180.1.21:9696/networking/v2.0/security-groups/bfc0f383-cba9-4950-8954-bb05f4e038d3 0.307s
2025-05-09 10:32:50.491 70302 INFO tempest.lib.common.rest_client [req-28af4553-bfaf-4d45-89ce-ea2428e7667e req-28af4553-bfaf-4d45-89ce-ea2428e7667e ] Request (DeleteServersAdminTestJSON:test_admin_delete_servers_of_others): 200 GET http://10.180.1.21/compute/v2.1/servers/e3d4ce77-889d-4662-9d6d-6aabee1caa48 1.579s
2025-05-09 10:32:50.587 70278 INFO tempest.lib.common.rest_client [req-e66b4b76-8937-4f7e-a630-a8af04534951 req-e66b4b76-8937-4f7e-a630-a8af04534951 ] Request (AggregatesAdminNegativeTestJSON:tearDownClass): 200 GET http://10.180.1.21:9696/networking/v2.0/security-groups?tenant_id=cd9b0c84bd12473d8c87d7b3fce26098&name=default 0.255s
2025-05-09 10:32:50.620 70270 INFO tempest.lib.common.rest_client [req-f0fbe0ab-0ec1-4e9c-8d10-d4b2edc7a939 req-f0fbe0ab-0ec1-4e9c-8d10-d4b2edc7a939 ] Request (ServerDiagnosticsTest:tearDownClass): 204 DELETE http://10.180.1.21/identity/v3/projects/bb2b4216a0284fbda15feec04e253912 0.159s
2025-05-09 10:32:50.638 70264 INFO tempest.lib.common.rest_client [req-780ac4cc-bfac-4014-b93d-6e9030148601 req-780ac4cc-bfac-4014-b93d-6e9030148601 ] Request (TenantUsagesNegativeTestJSON:test_get_usage_tenant_with_empty_tenant_id): 404 GET http://10.180.1.21/compute/v2.1/os-simple-tenant-usage/?start=2025-05-08T10%3A32%3A48.962622&end=2025-05-10T10%3A32%3A48.962622 1.675s
2025-05-09 10:32:50.674 70298 INFO tempest.lib.common.rest_client [req-a3e3da85-4864-43e3-b48d-cc7e1a3739f2 req-a3e3da85-4864-43e3-b48d-cc7e1a3739f2 ] Request (FlavorsAdminTestJSON:_run_cleanups): 202 DELETE http://10.180.1.21/compute/v2.1/flavors/591354969 1.640s
2025-05-09 10:32:50.708 70270 INFO tempest.lib.common.rest_client [req-bb1665e4-1c57-49c0-a226-237a6f767d1e req-bb1665e4-1c57-49c0-a226-237a6f767d1e ] Request (ServicesAdminNegativeV253TestJSON:setUpClass): 201 POST http://10.180.1.21/identity/v3/auth/tokens 0.086s
2025-05-09 10:32:50.754 70278 INFO tempest.lib.common.rest_client [req-6d4ca42b-9f64-4722-8ade-950df765304f req-6d4ca42b-9f64-4722-8ade-950df765304f ] Request (AggregatesAdminNegativeTestJSON:tearDownClass): 204 DELETE http://10.180.1.21:9696/networking/v2.0/security-groups/a13b9232-9280-488f-9b26-852d8f4a6fb1 0.166s
2025-05-09 10:32:50.764 70270 INFO tempest.lib.common.rest_client [req-a7dd17a5-5d79-41e4-980a-5baff6f2a155 req-a7dd17a5-5d79-41e4-980a-5baff6f2a155 ] Request (ServicesAdminNegativeV253TestJSON:setUpClass): 201 POST http://10.180.1.21/identity/v3/auth/tokens 0.053s
2025-05-09 10:32:50.833 70278 INFO tempest.lib.common.rest_client [req-f8f014d2-8e42-46d2-8d41-099771621113 req-f8f014d2-8e42-46d2-8d41-099771621113 ] Request (AggregatesAdminNegativeTestJSON:tearDownClass): 204 DELETE http://10.180.1.21/identity/v3/projects/cd9b0c84bd12473d8c87d7b3fce26098 0.079s
2025-05-09 10:32:50.895 70270 INFO tempest.lib.common.rest_client [req-f0855e61-65f2-4d95-896a-052cb5e16ee4 req-f0855e61-65f2-4d95-896a-052cb5e16ee4 ] Request (ServicesAdminNegativeV253TestJSON:setUpClass): 200 GET http://10.180.1.21/identity/v3/domains?name=Default 0.131s
2025-05-09 10:32:50.907 70278 INFO tempest.lib.common.rest_client [req-9b216d00-6a30-48fe-8e86-c3f6e8d2aaa2 req-9b216d00-6a30-48fe-8e86-c3f6e8d2aaa2 ] Request (ServersWithSpecificFlavorTestJSON:setUpClass): 201 POST http://10.180.1.21/identity/v3/auth/tokens 0.072s
2025-05-09 10:32:50.935 70270 INFO tempest.lib.common.rest_client [req-2e24dc90-75e7-401b-8ce6-fdb4c8168f4e req-2e24dc90-75e7-401b-8ce6-fdb4c8168f4e ] Request (ServicesAdminNegativeV253TestJSON:setUpClass): 201 POST http://10.180.1.21/identity/v3/projects 0.039s
2025-05-09 10:32:51.014 70278 INFO tempest.lib.common.rest_client [req-d7ff98e6-3c00-439c-8edc-61adc57853ef req-d7ff98e6-3c00-439c-8edc-61adc57853ef ] Request (ServersWithSpecificFlavorTestJSON:setUpClass): 201 POST http://10.180.1.21/identity/v3/auth/tokens 0.099s
2025-05-09 10:32:51.052 70270 INFO tempest.lib.common.rest_client [req-dc3d651d-70a5-405a-bcc0-b979b848a02b req-dc3d651d-70a5-405a-bcc0-b979b848a02b ] Request (ServicesAdminNegativeV253TestJSON:setUpClass): 201 POST http://10.180.1.21/identity/v3/users 0.116s
2025-05-09 10:32:51.055 70278 INFO tempest.lib.common.rest_client [req-bd0928fe-75eb-4919-b41d-f830dc1100e9 req-bd0928fe-75eb-4919-b41d-f830dc1100e9 ] Request (ServersWithSpecificFlavorTestJSON:setUpClass): 200 GET http://10.180.1.21/identity/v3/domains?name=Default 0.040s
2025-05-09 10:32:51.083 70270 INFO tempest.lib.common.rest_client [req-d72c3ade-ae2e-44b1-8560-9a07713ea359 req-d72c3ade-ae2e-44b1-8560-9a07713ea359 ] Request (ServicesAdminNegativeV253TestJSON:setUpClass): 200 GET http://10.180.1.21/identity/v3/roles 0.030s
2025-05-09 10:32:51.121 70278 INFO tempest.lib.common.rest_client [req-4b7c2d61-5258-4080-80c0-e5c704d82a9c req-4b7c2d61-5258-4080-80c0-e5c704d82a9c ] Request (ServersWithSpecificFlavorTestJSON:setUpClass): 201 POST http://10.180.1.21/identity/v3/projects 0.065s
2025-05-09 10:32:51.142 70294 INFO tempest.lib.common.rest_client [req-6ef8975d-4fa9-4931-8189-d60bdb11bb78 req-6ef8975d-4fa9-4931-8189-d60bdb11bb78 ] Request (ServersTestManualDisk:setUpClass): 200 GET http://10.180.1.21/compute/v2.1/servers/495437b5-1f82-4ad7-8a2c-4acf4641bfad 1.846s
2025-05-09 10:32:51.161 70270 INFO tempest.lib.common.rest_client [req-6ebffa18-9ca7-4c2a-a252-ebc4da7661f8 req-6ebffa18-9ca7-4c2a-a252-ebc4da7661f8 ] Request (ServicesAdminNegativeV253TestJSON:setUpClass): 204 PUT http://10.180.1.21/identity/v3/projects/eadd1ce0b21f4b37b4cb10a404886eaf/users/9a1aa3ea333f405883b9262aa8ecf20a/roles/389611adb3984f19aa0b72b1615486fd 0.078s
2025-05-09 10:32:51.162 70270 INFO tempest.lib.common.dynamic_creds [-] Dynamic test user 9a1aa3ea333f405883b9262aa8ecf20a is created with scope project and roles: ['member']
2025-05-09 10:32:51.162 70270 INFO tempest.lib.common.dynamic_creds [-] Acquired dynamic creds: credentials: Credentials: {'domain_id': 'default', 'domain_name': 'Default', 'username': 'tempest-ServicesAdminNegativeV253TestJSON-642488019-project-member', 'project_domain_id': 'default', 'project_domain_name': 'Default', 'project_id': 'eadd1ce0b21f4b37b4cb10a404886eaf', 'project_name': 'tempest-ServicesAdminNegativeV253TestJSON-642488019', 'tenant_id': 'eadd1ce0b21f4b37b4cb10a404886eaf', 'tenant_name': 'tempest-ServicesAdminNegativeV253TestJSON-642488019', 'user_domain_id': 'default', 'user_domain_name': 'Default', 'user_id': '9a1aa3ea333f405883b9262aa8ecf20a', 'system': None}, Network: None, Subnet: None, Router: None
2025-05-09 10:32:51.162 70270 INFO tempest.lib.common.dynamic_creds [-] Created isolated network resources for: credentials: Credentials: {'domain_id': 'default', 'domain_name': 'Default', 'username': 'tempest-ServicesAdminNegativeV253TestJSON-642488019-project-member', 'project_domain_id': 'default', 'project_domain_name': 'Default', 'project_id': 'eadd1ce0b21f4b37b4cb10a404886eaf', 'project_name': 'tempest-ServicesAdminNegativeV253TestJSON-642488019', 'tenant_id': 'eadd1ce0b21f4b37b4cb10a404886eaf', 'tenant_name': 'tempest-ServicesAdminNegativeV253TestJSON-642488019', 'user_domain_id': 'default', 'user_domain_name': 'Default', 'user_id': '9a1aa3ea333f405883b9262aa8ecf20a', 'system': None}, Network: None, Subnet: None, Router: None
2025-05-09 10:32:51.252 70278 INFO tempest.lib.common.rest_client [req-0a498a6b-2630-491c-8e47-823d286b25b5 req-0a498a6b-2630-491c-8e47-823d286b25b5 ] Request (ServersWithSpecificFlavorTestJSON:setUpClass): 201 POST http://10.180.1.21/identity/v3/users 0.130s
2025-05-09 10:32:51.297 70270 INFO tempest.lib.common.rest_client [req-29898ef2-6b21-4368-b89c-28a40df31c7a req-29898ef2-6b21-4368-b89c-28a40df31c7a ] Request (ServicesAdminNegativeV253TestJSON:setUpClass): 201 POST http://10.180.1.21/identity/v3/auth/tokens 0.132s
2025-05-09 10:32:51.315 70278 INFO tempest.lib.common.rest_client [req-4bee4fc3-143d-4fc5-9597-8b8494522178 req-4bee4fc3-143d-4fc5-9597-8b8494522178 ] Request (ServersWithSpecificFlavorTestJSON:setUpClass): 200 GET http://10.180.1.21/identity/v3/roles 0.062s
2025-05-09 10:32:51.329 70266 INFO tempest.lib.common.rest_client [req-68720562-dac0-4a16-95d9-216cfd355603 req-68720562-dac0-4a16-95d9-216cfd355603 ] Request (ListServerFiltersTestJSON:test_list_servers_filter_by_shutoff_status): 200 GET http://10.180.1.21/compute/v2.1/servers/f16ddc12-6dc3-49ae-ad5e-f35fd0c8d24d 1.951s
