2025-05-09 10:31:50.620 70294 INFO tempest.lib.common.rest_client [req-bbc5027b-5a42-4bf7-a6f9-4c2888989a9e req-bbc5027b-5a42-4bf7-a6f9-4c2888989a9e ] Request (InstanceUsageAuditLogTestJSON:setUpClass): 200 GET http://10.180.1.21/identity/v3/roles 0.052s
2025-05-09 10:31:50.635 70266 INFO tempest.lib.common.rest_client [req-23a0295b-f295-4696-9910-f86c197076d8 req-23a0295b-f295-4696-9910-f86c197076d8 ] Request (ListServerFiltersTestJSON:setUpClass): 201 POST http://10.180.1.21/identity/v3/auth/tokens 0.066s
2025-05-09 10:31:50.655 70294 INFO tempest.lib.common.rest_client [req-cf6aa377-622e-4458-830a-547fda1526e2 req-cf6aa377-622e-4458-830a-547fda1526e2 ] Request (InstanceUsageAuditLogTestJSON:setUpClass): 204 PUT http://10.180.1.21/identity/v3/projects/39ca6ee282394f7188f3828d7cda6ec4/users/174e28cede9446f7a13b43149600d669/roles/27bb5df3d33d4a7ebaebc2c2bb75f7b4 0.034s
2025-05-09 10:31:50.662 70270 INFO tempest.lib.common.rest_client [req-1025de5e-38e7-4d5f-9007-8cb0d5afd591 req-1025de5e-38e7-4d5f-9007-8cb0d5afd591 ] Request (ServerDiagnosticsTest:test_get_server_diagnostics): 202 POST http://10.180.1.21/compute/v2.1/servers 2.674s
2025-05-09 10:31:50.682 70312 INFO tempest.lib.common.rest_client [req-aff566b4-9afa-4ed6-aa58-4e4d5ba7a09e req-aff566b4-9afa-4ed6-aa58-4e4d5ba7a09e ] Request (AbsoluteLimitsNegativeTestJSON:tearDownClass): 204 DELETE http://10.180.1.21/identity/v3/projects/bee255495b77478a9c9f871522868230 0.111s
2025-05-09 10:31:50.735 70294 INFO tempest.lib.common.rest_client [req-7523293b-29ff-49da-956c-252696cc5e70 req-7523293b-29ff-49da-956c-252696cc5e70 ] Request (InstanceUsageAuditLogTestJSON:setUpClass): 200 GET http://10.180.1.21/identity/v3/roles 0.079s
2025-05-09 10:31:50.758 70312 INFO tempest.lib.common.rest_client [req-b87c5e1b-1034-4a2c-859f-4e817c06fece req-b87c5e1b-1034-4a2c-859f-4e817c06fece ] Request (SecurityGroupRulesNegativeTestJSON:setUpClass): 201 POST http://10.180.1.21/identity/v3/auth/tokens 0.074s
2025-05-09 10:31:50.788 70292 INFO tempest.lib.common.rest_client [req-1a074344-6504-47d4-a0e6-36f3685a860e req-1a074344-6504-47d4-a0e6-36f3685a860e ] Request (SecurityGroupsTestJSON:test_list_security_groups_by_server): 200 POST http://10.180.1.21/compute/v2.1/os-security-groups 2.642s
2025-05-09 10:31:50.827 70294 INFO tempest.lib.common.rest_client [req-313d6873-497e-4930-8c8d-aea0a9d1ac5b req-313d6873-497e-4930-8c8d-aea0a9d1ac5b ] Request (InstanceUsageAuditLogTestJSON:setUpClass): 204 PUT http://10.180.1.21/identity/v3/projects/39ca6ee282394f7188f3828d7cda6ec4/users/174e28cede9446f7a13b43149600d669/roles/27bb5df3d33d4a7ebaebc2c2bb75f7b4 0.091s
2025-05-09 10:31:50.827 70294 INFO tempest.lib.common.dynamic_creds [-] Dynamic test user 174e28cede9446f7a13b43149600d669 is created with scope project and roles: ['admin']
2025-05-09 10:31:50.827 70294 INFO tempest.lib.common.dynamic_creds [-] Acquired dynamic creds: credentials: Credentials: {'domain_id': 'default', 'domain_name': 'Default', 'username': 'tempest-InstanceUsageAuditLogTestJSON-329233692-project-admin', 'project_domain_id': 'default', 'project_domain_name': 'Default', 'project_id': '39ca6ee282394f7188f3828d7cda6ec4', 'project_name': 'tempest-InstanceUsageAuditLogTestJSON-329233692', 'tenant_id': '39ca6ee282394f7188f3828d7cda6ec4', 'tenant_name': 'tempest-InstanceUsageAuditLogTestJSON-329233692', 'user_domain_id': 'default', 'user_domain_name': 'Default', 'user_id': '174e28cede9446f7a13b43149600d669', 'system': None}, Network: None, Subnet: None, Router: None
2025-05-09 10:31:50.827 70294 INFO tempest.lib.common.dynamic_creds [-] Created isolated network resources for: credentials: Credentials: {'domain_id': 'default', 'domain_name': 'Default', 'username': 'tempest-InstanceUsageAuditLogTestJSON-329233692-project-admin', 'project_domain_id': 'default', 'project_domain_name': 'Default', 'project_id': '39ca6ee282394f7188f3828d7cda6ec4', 'project_name': 'tempest-InstanceUsageAuditLogTestJSON-329233692', 'tenant_id': '39ca6ee282394f7188f3828d7cda6ec4', 'tenant_name': 'tempest-InstanceUsageAuditLogTestJSON-329233692', 'user_domain_id': 'default', 'user_domain_name': 'Default', 'user_id': '174e28cede9446f7a13b43149600d669', 'system': None}, Network: None, Subnet: None, Router: None
2025-05-09 10:31:50.861 70296 INFO tempest.lib.common.rest_client [req-ad2c8288-921f-48fa-9fa0-ad0f34f35d7a req-ad2c8288-921f-48fa-9fa0-ad0f34f35d7a ] Request (HypervisorAdminNegativeUnderV252Test:test_search_hypervisor_with_non_admin_user): 200 GET http://10.180.1.21/compute/v2.1/os-hypervisors 2.587s
2025-05-09 10:31:50.881 70312 INFO tempest.lib.common.rest_client [req-234b94dc-40b2-4f6f-927a-79066e07cac1 req-234b94dc-40b2-4f6f-927a-79066e07cac1 ] Request (SecurityGroupRulesNegativeTestJSON:setUpClass): 201 POST http://10.180.1.21/identity/v3/auth/tokens 0.121s
2025-05-09 10:31:50.944 70298 INFO tempest.lib.common.rest_client [req-3c7042ef-69cd-43d8-ba8b-b07922edd431 req-3c7042ef-69cd-43d8-ba8b-b07922edd431 ] Request (FlavorsAdminTestJSON:test_create_flavor_using_string_ram): 200 POST http://10.180.1.21/compute/v2.1/flavors 2.669s
2025-05-09 10:31:50.964 70294 INFO tempest.lib.common.rest_client [req-a3af56be-beb7-47a3-a448-fe8877ea1289 req-a3af56be-beb7-47a3-a448-fe8877ea1289 ] Request (InstanceUsageAuditLogTestJSON:setUpClass): 201 POST http://10.180.1.21/identity/v3/auth/tokens 0.135s
2025-05-09 10:31:50.975 70266 INFO tempest.lib.common.rest_client [req-e4ee20b4-121c-4a85-a550-e160e12ef7bc req-e4ee20b4-121c-4a85-a550-e160e12ef7bc ] Request (ListServerFiltersTestJSON:setUpClass): 201 POST http://10.180.1.21:9696/networking/v2.0/networks 0.340s
2025-05-09 10:31:51.000 70312 INFO tempest.lib.common.rest_client [req-2e9d2f2b-0640-4357-8e76-7477f8533eec req-2e9d2f2b-0640-4357-8e76-7477f8533eec ] Request (SecurityGroupRulesNegativeTestJSON:setUpClass): 200 GET http://10.180.1.21/identity/v3/domains?name=Default 0.118s
2025-05-09 10:31:51.038 70312 INFO tempest.lib.common.rest_client [req-93778a52-9a84-4956-8be3-6dc26ad88602 req-93778a52-9a84-4956-8be3-6dc26ad88602 ] Request (SecurityGroupRulesNegativeTestJSON:setUpClass): 201 POST http://10.180.1.21/identity/v3/projects 0.038s
2025-05-09 10:31:51.102 70312 INFO tempest.lib.common.rest_client [req-e96db417-03ed-431f-b41d-b081c472cae2 req-e96db417-03ed-431f-b41d-b081c472cae2 ] Request (SecurityGroupRulesNegativeTestJSON:setUpClass): 201 POST http://10.180.1.21/identity/v3/users 0.063s
2025-05-09 10:31:51.123 70312 INFO tempest.lib.common.rest_client [req-85cade0b-7364-4b1b-839a-243930332211 req-85cade0b-7364-4b1b-839a-243930332211 ] Request (SecurityGroupRulesNegativeTestJSON:setUpClass): 200 GET http://10.180.1.21/identity/v3/roles 0.020s
2025-05-09 10:31:51.136 70272 INFO tempest.lib.common.rest_client [req-cb9283a8-597a-46d5-ad42-ce686e9fb53d req-cb9283a8-597a-46d5-ad42-ce686e9fb53d ] Request (HypervisorAdminV253TestBase:test_list_show_detail_hypervisors): 200 GET http://10.180.1.21/compute/v2.1/os-hypervisors/detail?with_servers=True 2.697s
2025-05-09 10:31:51.157 70312 INFO tempest.lib.common.rest_client [req-f3484270-2b4c-41d2-ba3d-2e81de9374f1 req-f3484270-2b4c-41d2-ba3d-2e81de9374f1 ] Request (SecurityGroupRulesNegativeTestJSON:setUpClass): 204 PUT http://10.180.1.21/identity/v3/projects/ba418ad598dc4d1c866f227fb6e58e81/users/a4921f2752654580ab59697412fecdeb/roles/389611adb3984f19aa0b72b1615486fd 0.034s
2025-05-09 10:31:51.158 70312 INFO tempest.lib.common.dynamic_creds [-] Dynamic test user a4921f2752654580ab59697412fecdeb is created with scope project and roles: ['member']
2025-05-09 10:31:51.158 70312 INFO tempest.lib.common.dynamic_creds [-] Acquired dynamic creds: credentials: Credentials: {'domain_id': 'default', 'domain_name': 'Default', 'username': 'tempest-SecurityGroupRulesNegativeTestJSON-2056839589-project-member', 'project_domain_id': 'default', 'project_domain_name': 'Default', 'project_id': 'ba418ad598dc4d1c866f227fb6e58e81', 'project_name': 'tempest-SecurityGroupRulesNegativeTestJSON-2056839589', 'tenant_id': 'ba418ad598dc4d1c866f227fb6e58e81', 'tenant_name': 'tempest-SecurityGroupRulesNegativeTestJSON-2056839589', 'user_domain_id': 'default', 'user_domain_name': 'Default', 'user_id': 'a4921f2752654580ab59697412fecdeb', 'system': None}, Network: None, Subnet: None, Router: None
2025-05-09 10:31:51.170 70316 INFO tempest.lib.common.rest_client [req-b751d51b-def7-47a1-8c03-e01f4742a443 req-b751d51b-def7-47a1-8c03-e01f4742a443 ] Request (SecurityGroupRulesTestJSON:test_security_group_rules_create): 200 POST http://10.180.1.21/compute/v2.1/os-security-groups 2.821s
2025-05-09 10:31:51.224 70312 INFO tempest.lib.common.rest_client [req-eb131edb-18da-4241-a206-e36fb2292a90 req-eb131edb-18da-4241-a206-e36fb2292a90 ] Request (SecurityGroupRulesNegativeTestJSON:setUpClass): 201 POST http://10.180.1.21/identity/v3/auth/tokens 0.066s
2025-05-09 10:31:51.249 70266 INFO tempest.lib.common.rest_client [req-bd4c0559-2a21-4dc6-aa8f-e5b854ca1f2d req-bd4c0559-2a21-4dc6-aa8f-e5b854ca1f2d ] Request (ListServerFiltersTestJSON:setUpClass): 201 POST http://10.180.1.21:9696/networking/v2.0/subnets 0.273s
2025-05-09 10:31:51.249 70266 INFO tempest.lib.common.dynamic_creds [-] Created isolated network resources for: credentials: Credentials: {'domain_id': 'default', 'domain_name': 'Default', 'username': 'tempest-ListServerFiltersTestJSON-532875823-project-member', 'project_domain_id': 'default', 'project_domain_name': 'Default', 'project_id': 'b861186c6bbc4eda9db4610adbb54fad', 'project_name': 'tempest-ListServerFiltersTestJSON-532875823', 'tenant_id': 'b861186c6bbc4eda9db4610adbb54fad', 'tenant_name': 'tempest-ListServerFiltersTestJSON-532875823', 'user_domain_id': 'default', 'user_domain_name': 'Default', 'user_id': 'f4653e70a9b84b05bedc0a0e934bf23f', 'system': None}, Network: {'id': 'f2fbd993-3387-42df-89dd-2bdefaa70853', 'name': 'tempest-ListServerFiltersTestJSON-1460301095-network', 'tenant_id': 'b861186c6bbc4eda9db4610adbb54fad', 'admin_state_up': True, 'mtu': 8950, 'status': 'ACTIVE', 'subnets': [], 'shared': False, 'project_id': 'b861186c6bbc4eda9db4610adbb54fad', 'port_security_enabled': True, 'router:external': False, 'provider:network_type': 'vlan', 'provider:physical_network': 'default', 'provider:segmentation_id': 556, 'availability_zone_hints': [], 'availability_zones': [], 'ipv4_address_scope': None, 'ipv6_address_scope': None, 'description': '', 'tags': [], 'created_at': '2025-05-09T10:31:50Z', 'updated_at': '2025-05-09T10:31:50Z', 'revision_number': 1}, Subnet: {'id': 'effbeb7f-c7c6-40db-9fdc-ab655a93db73', 'name': 'tempest-ListServerFiltersTestJSON-1460301095-subnet', 'tenant_id': 'b861186c6bbc4eda9db4610adbb54fad', 'network_id': 'f2fbd993-3387-42df-89dd-2bdefaa70853', 'ip_version': 4, 'subnetpool_id': None, 'enable_dhcp': True, 'ipv6_ra_mode': None, 'ipv6_address_mode': None, 'gateway_ip': '192.168.128.1', 'cidr': '192.168.128.0/28', 'allocation_pools': [{'start': '192.168.128.2', 'end': '192.168.128.14'}], 'host_routes': [], 'dns_nameservers': [], 'description': '', 'router:external': False, 'service_types': [], 'tags': [], 'created_at': '2025-05-09T10:31:51Z', 'updated_at': '2025-05-09T10:31:51Z', 'revision_number': 0, 'project_id': 'b861186c6bbc4eda9db4610adbb54fad'}, Router: None
2025-05-09 10:31:51.302 70320 INFO tempest.lib.common.rest_client [req-14bbc48f-ab3b-46d7-a6e5-dd093dab06c8 req-14bbc48f-ab3b-46d7-a6e5-dd093dab06c8 ] Request (FlavorsExtraSpecsNegativeTestJSON:setUpClass): 200 POST http://10.180.1.21/compute/v2.1/flavors 2.833s
2025-05-09 10:31:51.307 70278 INFO tempest.lib.common.rest_client [req-89f54078-6fdd-4990-982a-29a6de31afbf req-89f54078-6fdd-4990-982a-29a6de31afbf ] Request (AggregatesAdminNegativeTestJSON:setUpClass): 200 GET http://10.180.1.21/compute/v2.1/os-services?binary=nova-compute 2.729s
2025-05-09 10:31:51.338 70268 INFO tempest.lib.common.rest_client [req-be4251c6-3ac2-4ebd-b298-957019f6b5d1 req-be4251c6-3ac2-4ebd-b298-957019f6b5d1 ] Request (ListImageFiltersTestJSON:setUpClass): 200 GET http://10.180.1.21/compute/v2.1/images/49b675ce-9cde-4e67-93d6-ef35720187c1 2.749s
2025-05-09 10:31:51.354 70266 INFO tempest.lib.common.rest_client [req-497fbac9-25fb-4905-b11b-c0e632a1acfe req-497fbac9-25fb-4905-b11b-c0e632a1acfe ] Request (ListServerFiltersTestJSON:setUpClass): 201 POST http://10.180.1.21/identity/v3/auth/tokens 0.101s
2025-05-09 10:31:51.393 70324 INFO tempest.lib.common.rest_client [req-6fd07463-8fe1-4005-bec8-4d23e85e9752 req-6fd07463-8fe1-4005-bec8-4d23e85e9752 ] Request (FlavorMetadataValidation:test_flavor_update_with_custom_namespace): 200 POST http://10.180.1.21/compute/v2.1/flavors 2.743s
2025-05-09 10:31:51.400 70266 INFO tempest.lib.common.rest_client [req-dbc7ccff-36ae-4abf-906c-80f4a57b42a2 req-dbc7ccff-36ae-4abf-906c-80f4a57b42a2 ] Request (ListServerFiltersTestJSON:setUpClass): 201 POST http://10.180.1.21/identity/v3/auth/tokens 0.042s
2025-05-09 10:31:51.401 70266 INFO tempest.lib.common.fixed_network [-] (ListServerFiltersTestJSON:setUpClass) Found network {'id': 'f2fbd993-3387-42df-89dd-2bdefaa70853', 'name': 'tempest-ListServerFiltersTestJSON-1460301095-network', 'tenant_id': 'b861186c6bbc4eda9db4610adbb54fad', 'admin_state_up': True, 'mtu': 8950, 'status': 'ACTIVE', 'subnets': [], 'shared': False, 'project_id': 'b861186c6bbc4eda9db4610adbb54fad', 'port_security_enabled': True, 'router:external': False, 'provider:network_type': 'vlan', 'provider:physical_network': 'default', 'provider:segmentation_id': 556, 'availability_zone_hints': [], 'availability_zones': [], 'ipv4_address_scope': None, 'ipv6_address_scope': None, 'description': '', 'tags': [], 'created_at': '2025-05-09T10:31:50Z', 'updated_at': '2025-05-09T10:31:50Z', 'revision_number': 1} available for tenant
2025-05-09 10:31:51.422 70318 INFO tempest.lib.common.rest_client [req-88cf7fdd-95f7-47e4-ab6b-8dc597645dd4 req-88cf7fdd-95f7-47e4-ab6b-8dc597645dd4 ] Request (FlavorsV255TestJSON:test_crud_flavor): 200 POST http://10.180.1.21/compute/v2.1/flavors 2.759s
2025-05-09 10:31:51.434 70266 INFO tempest.lib.common.rest_client [req-6b061b26-1359-4f7e-a363-d0bc0f8275d5 req-6b061b26-1359-4f7e-a363-d0bc0f8275d5 ] Request (ListServerFiltersTestJSON:setUpClass): 201 POST http://10.180.1.21/identity/v3/auth/tokens 0.027s
2025-05-09 10:31:51.435 70266 INFO tempest.lib.common.fixed_network [-] (ListServerFiltersTestJSON:setUpClass) Found network {'id': 'f2fbd993-3387-42df-89dd-2bdefaa70853', 'name': 'tempest-ListServerFiltersTestJSON-1460301095-network', 'tenant_id': 'b861186c6bbc4eda9db4610adbb54fad', 'admin_state_up': True, 'mtu': 8950, 'status': 'ACTIVE', 'subnets': [], 'shared': False, 'project_id': 'b861186c6bbc4eda9db4610adbb54fad', 'port_security_enabled': True, 'router:external': False, 'provider:network_type': 'vlan', 'provider:physical_network': 'default', 'provider:segmentation_id': 556, 'availability_zone_hints': [], 'availability_zones': [], 'ipv4_address_scope': None, 'ipv6_address_scope': None, 'description': '', 'tags': [], 'created_at': '2025-05-09T10:31:50Z', 'updated_at': '2025-05-09T10:31:50Z', 'revision_number': 1} available for tenant
2025-05-09 10:31:51.478 70288 INFO tempest.lib.common.rest_client [req-de226ff6-8ce2-4c90-ab45-324f1300b5af req-de226ff6-8ce2-4c90-ab45-324f1300b5af ] Request (AZAdminV2TestJSON:test_get_availability_zone_list): 200 GET http://10.180.1.21/compute/v2.1/os-availability-zone 2.756s
2025-05-09 10:31:51.491 70302 INFO tempest.lib.common.rest_client [req-ef31e274-3913-48b2-8ba8-6568ac10f8b6 req-ef31e274-3913-48b2-8ba8-6568ac10f8b6 ] Request (AZAdminNegativeTestJSON:test_get_availability_zone_list_detail_with_non_admin_user): 403 GET http://10.180.1.21/compute/v2.1/os-availability-zone/detail 2.765s
2025-05-09 10:31:51.518 70312 INFO tempest.lib.common.rest_client [req-9ca2b513-a730-461e-b513-1c9828100332 req-9ca2b513-a730-461e-b513-1c9828100332 ] Request (SecurityGroupRulesNegativeTestJSON:setUpClass): 201 POST http://10.180.1.21:9696/networking/v2.0/networks 0.294s
2025-05-09 10:31:51.549 70286 INFO tempest.lib.common.rest_client [req-5f5a8dd5-ed4d-4ed9-adf2-4b1fa9f6b110 req-5f5a8dd5-ed4d-4ed9-adf2-4b1fa9f6b110 ] Request (VolumesAssistedSnapshotsTest:setUpClass): 200 PUT http://10.180.1.21:9696/networking/v2.0/routers/3142641d-f7a1-4d86-a5f1-4f994b55ecac/add_router_interface 0.993s
2025-05-09 10:31:51.550 70286 INFO tempest.lib.common.dynamic_creds [-] Created isolated network resources for: credentials: Credentials: {'domain_id': 'default', 'domain_name': 'Default', 'username': 'tempest-VolumesAssistedSnapshotsTest-1976444134-project-admin', 'project_domain_id': 'default', 'project_domain_name': 'Default', 'project_id': '299e215923cc490f941aeccdfe01f03d', 'project_name': 'tempest-VolumesAssistedSnapshotsTest-1976444134', 'tenant_id': '299e215923cc490f941aeccdfe01f03d', 'tenant_name': 'tempest-VolumesAssistedSnapshotsTest-1976444134', 'user_domain_id': 'default', 'user_domain_name': 'Default', 'user_id': '63192c23709e4df2983ed41b38caadf2', 'system': None}, Network: {'id': '0c80cf26-737a-41b7-a97b-4be4f92270b1', 'name': 'tempest-VolumesAssistedSnapshotsTest-1266277906-network', 'tenant_id': '299e215923cc490f941aeccdfe01f03d', 'admin_state_up': True, 'mtu': 8950, 'status': 'ACTIVE', 'subnets': [], 'shared': False, 'project_id': '299e215923cc490f941aeccdfe01f03d', 'port_security_enabled': True, 'router:external': False, 'provider:network_type': 'vlan', 'provider:physical_network': 'default', 'provider:segmentation_id': 469, 'availability_zone_hints': [], 'availability_zones': [], 'ipv4_address_scope': None, 'ipv6_address_scope': None, 'description': '', 'tags': [], 'created_at': '2025-05-09T10:31:49Z', 'updated_at': '2025-05-09T10:31:49Z', 'revision_number': 1}, Subnet: {'id': '450c3d4c-3e26-4130-b53e-4c3f0ea93035', 'name': 'tempest-VolumesAssistedSnapshotsTest-1266277906-subnet', 'tenant_id': '299e215923cc490f941aeccdfe01f03d', 'network_id': '0c80cf26-737a-41b7-a97b-4be4f92270b1', 'ip_version': 4, 'subnetpool_id': None, 'enable_dhcp': True, 'ipv6_ra_mode': None, 'ipv6_address_mode': None, 'gateway_ip': '192.168.128.1', 'cidr': '192.168.128.0/28', 'allocation_pools': [{'start': '192.168.128.2', 'end': '192.168.128.14'}], 'host_routes': [], 'dns_nameservers': [], 'description': '', 'router:external': False, 'service_types': [], 'tags': [], 'created_at': '2025-05-09T10:31:49Z', 'updated_at': '2025-05-09T10:31:49Z', 'revision_number': 0, 'project_id': '299e215923cc490f941aeccdfe01f03d'}, Router: {'id': '3142641d-f7a1-4d86-a5f1-4f994b55ecac', 'name': 'tempest-VolumesAssistedSnapshotsTest-1266277906-router', 'tenant_id': '299e215923cc490f941aeccdfe01f03d', 'admin_state_up': True, 'status': 'ACTIVE', 'external_gateway_info': {'network_id': 'f7819dd8-9355-4813-a6f8-f4c2dd3b7739', 'external_fixed_ips': [{'subnet_id': '3668d552-8dcd-4c39-a1b9-f0121f4f97dc', 'ip_address': '10.180.180.225'}], 'enable_snat': True}, 'description': '', 'availability_zones': [], 'distributed': False, 'ha': False, 'availability_zone_hints': [], 'routes': [], 'flavor_id': None, 'tags': [], 'created_at': '2025-05-09T10:31:49Z', 'updated_at': '2025-05-09T10:31:50Z', 'revision_number': 2, 'project_id': '299e215923cc490f941aeccdfe01f03d'}
2025-05-09 10:31:51.560 70304 INFO tempest.lib.common.rest_client [req-2082e6db-6b0d-429e-91d9-a4dfb1339b63 req-2082e6db-6b0d-429e-91d9-a4dfb1339b63 ] Request (FlavorsAccessTestJSON:test_flavor_access_add_remove): 200 POST http://10.180.1.21/compute/v2.1/flavors 2.767s
2025-05-09 10:31:51.576 70302 INFO tempest.lib.common.rest_client [req-1b6c2094-96ea-4922-ad6a-3d0fcf6868db req-1b6c2094-96ea-4922-ad6a-3d0fcf6868db ] Request (AZAdminNegativeTestJSON:tearDownClass): 204 DELETE http://10.180.1.21/identity/v3/users/d4154bbf1033449e9ef3fbc46f121c05 0.079s
2025-05-09 10:31:51.645 70286 INFO tempest.lib.common.rest_client [req-2b793f26-cca9-4b65-ba45-1d9e732ba75e req-2b793f26-cca9-4b65-ba45-1d9e732ba75e ] Request (VolumesAssistedSnapshotsTest:setUpClass): 201 POST http://10.180.1.21/identity/v3/auth/tokens 0.092s
2025-05-09 10:31:51.682 70312 INFO tempest.lib.common.rest_client [req-ce1b44e1-fcd2-40ff-bd6c-59da57de185b req-ce1b44e1-fcd2-40ff-bd6c-59da57de185b ] Request (SecurityGroupRulesNegativeTestJSON:setUpClass): 201 POST http://10.180.1.21:9696/networking/v2.0/subnets 0.163s
2025-05-09 10:31:51.730 70308 INFO tempest.lib.common.rest_client [req-35e8425d-4458-4ffe-8300-5265d0c07ef3 req-35e8425d-4458-4ffe-8300-5265d0c07ef3 ] Request (QuotasAdminNegativeTest:test_create_server_when_cpu_quota_is_full): 200 PUT http://10.180.1.21/compute/v2.1/os-quota-sets/e8e3f7d107cf4bae8ff6ae13d83af5e5 2.747s
2025-05-09 10:31:51.755 70282 INFO tempest.lib.common.rest_client [req-c86279ae-063f-49d2-b317-70ff2fb1cd7e req-c86279ae-063f-49d2-b317-70ff2fb1cd7e ] Request (FlavorsExtraSpecsTestJSON:test_flavor_non_admin_get_all_keys): 200 POST http://10.180.1.21/compute/v2.1/flavors/1917662970/os-extra_specs 2.505s
2025-05-09 10:31:51.778 70284 INFO tempest.lib.common.rest_client [req-0f7504b3-aae6-4dad-9bae-e168fafbaba2 req-0f7504b3-aae6-4dad-9bae-e168fafbaba2 ] Request (HostsAdminNegativeTestJSON:test_reboot_nonexistent_host): 404 GET http://10.180.1.21/compute/v2.1/os-hosts/nonexistent_hostname/reboot 2.524s
2025-05-09 10:31:51.794 70302 INFO tempest.lib.common.rest_client [req-c4bfc41d-d682-4e1c-9f98-0f50638b32aa req-c4bfc41d-d682-4e1c-9f98-0f50638b32aa ] Request (AZAdminNegativeTestJSON:tearDownClass): 204 DELETE http://10.180.1.21/identity/v3/users/499eca1c4b32486ead7d3feffda2bf43 0.217s
2025-05-09 10:31:51.794 70302 INFO tempest.lib.common.dynamic_creds [-] Deleting project and security group for project: 56d232db009e4b4aadfe0ad18d579af9
2025-05-09 10:31:51.823 70286 INFO tempest.lib.common.rest_client [req-0d7d8cc9-0aef-44cc-9a0d-493d93d43590 req-0d7d8cc9-0aef-44cc-9a0d-493d93d43590 ] Request (VolumesAssistedSnapshotsTest:setUpClass): 201 POST http://10.180.1.21/identity/v3/projects 0.177s
2025-05-09 10:31:51.850 70308 INFO tempest.lib.common.rest_client [req-778f9f08-e8c7-4fe3-ab7c-9a7ad54e74c3 req-778f9f08-e8c7-4fe3-ab7c-9a7ad54e74c3 ] Request (QuotasAdminNegativeTest:test_create_server_when_cpu_quota_is_full): 201 POST http://10.180.1.21/identity/v3/auth/tokens 0.114s
2025-05-09 10:31:51.850 70308 INFO tempest.lib.common.fixed_network [-] (QuotasAdminNegativeTest:test_create_server_when_cpu_quota_is_full) Found network None available for tenant
2025-05-09 10:31:51.876 70302 INFO tempest.lib.common.rest_client [req-a5b665ff-fa26-48c4-b5ee-2fcf81ee5f15 req-a5b665ff-fa26-48c4-b5ee-2fcf81ee5f15 ] Request (AZAdminNegativeTestJSON:tearDownClass): 201 POST http://10.180.1.21/identity/v3/auth/tokens 0.082s
2025-05-09 10:31:51.916 70286 INFO tempest.lib.common.rest_client [req-cadfa2fc-7b39-4043-8b6c-6d863fe5a93a req-cadfa2fc-7b39-4043-8b6c-6d863fe5a93a ] Request (VolumesAssistedSnapshotsTest:setUpClass): 201 POST http://10.180.1.21/identity/v3/users 0.093s
2025-05-09 10:31:51.947 70286 INFO tempest.lib.common.rest_client [req-96144023-84ad-40ce-aea5-615c6027af36 req-96144023-84ad-40ce-aea5-615c6027af36 ] Request (VolumesAssistedSnapshotsTest:setUpClass): 200 GET http://10.180.1.21/identity/v3/roles 0.029s
2025-05-09 10:31:51.953 70306 INFO tempest.lib.common.rest_client [req-aa4e482c-f7bb-43c2-a10c-c1c1dc8db5a9 req-aa4e482c-f7bb-43c2-a10c-c1c1dc8db5a9 ] Request (HypervisorAdminTestJSON:test_get_hypervisor_stats): 200 GET http://10.180.1.21/compute/v2.1/os-hypervisors/statistics 2.511s
2025-05-09 10:31:51.994 70286 INFO tempest.lib.common.rest_client [req-f65ada6b-303e-4143-8cfd-b28bc2dcd90b req-f65ada6b-303e-4143-8cfd-b28bc2dcd90b ] Request (VolumesAssistedSnapshotsTest:setUpClass): 204 PUT http://10.180.1.21/identity/v3/projects/65f9d57d1633473d893f543ac0203f86/users/e3ae8779ff0e42dcb1d250b01ef87a7c/roles/27bb5df3d33d4a7ebaebc2c2bb75f7b4 0.047s
2025-05-09 10:31:52.030 70310 INFO tempest.lib.common.rest_client [req-ba508947-4d0e-49b2-99a7-01f7efcff17e req-ba508947-4d0e-49b2-99a7-01f7efcff17e ] Request (ServerDiagnosticsNegativeTest:test_get_server_diagnostics_by_non_admin): 202 POST http://10.180.1.21/compute/v2.1/servers 2.919s
2025-05-09 10:31:52.077 70290 INFO tempest.lib.common.rest_client [req-4fe12826-f414-4373-92f4-de7d7b3a370a req-4fe12826-f414-4373-92f4-de7d7b3a370a ] Request (KeyPairsV210TestJSON:test_admin_manage_keypairs_for_other_users): 201 POST http://10.180.1.21/compute/v2.1/os-keypairs 2.135s
2025-05-09 10:31:52.083 70302 INFO tempest.lib.common.rest_client [req-8ff68979-227b-4893-b282-82e900a4c281 req-8ff68979-227b-4893-b282-82e900a4c281 ] Request (AZAdminNegativeTestJSON:tearDownClass): 200 GET http://10.180.1.21:9696/networking/v2.0/security-groups?tenant_id=56d232db009e4b4aadfe0ad18d579af9&name=default 0.207s
2025-05-09 10:31:52.096 70286 INFO tempest.lib.common.rest_client [req-c1358642-83c4-4141-bcfa-84f35a7f394e req-c1358642-83c4-4141-bcfa-84f35a7f394e ] Request (VolumesAssistedSnapshotsTest:setUpClass): 200 GET http://10.180.1.21/identity/v3/roles 0.101s
2025-05-09 10:31:52.105 70264 INFO tempest.lib.common.rest_client [req-aa7bbb85-7d3a-41d7-a302-6706ac08208c req-aa7bbb85-7d3a-41d7-a302-6706ac08208c ] Request (FlavorsAccessNegativeTestJSON:test_add_flavor_access_duplicate): 200 POST http://10.180.1.21/compute/v2.1/flavors 2.429s
2025-05-09 10:31:52.111 70300 INFO tempest.lib.common.rest_client [req-73bd2d09-44b9-451e-8b5e-d27d3754216b req-73bd2d09-44b9-451e-8b5e-d27d3754216b ] Request (ImagesMetadataTestJSON:setUpClass): 200 GET http://10.180.1.21/compute/v2.1/images/dd24b18a-3936-43a5-803e-a626312f17ea 1.965s
2025-05-09 10:31:52.118 70286 INFO tempest.lib.common.rest_client [req-e90ff8e2-6ae6-4d18-8481-5574d83005b8 req-e90ff8e2-6ae6-4d18-8481-5574d83005b8 ] Request (VolumesAssistedSnapshotsTest:setUpClass): 204 PUT http://10.180.1.21/identity/v3/projects/65f9d57d1633473d893f543ac0203f86/users/e3ae8779ff0e42dcb1d250b01ef87a7c/roles/ac02adf1ac624866922044bc9d8ec8ce 0.021s
2025-05-09 10:31:52.118 70286 INFO tempest.lib.common.dynamic_creds [-] Dynamic test user e3ae8779ff0e42dcb1d250b01ef87a7c is created with scope project and roles: ['admin', 'service']
2025-05-09 10:31:52.118 70286 INFO tempest.lib.common.dynamic_creds [-] Acquired dynamic creds: credentials: Credentials: {'domain_id': 'default', 'domain_name': 'Default', 'username': 'tempest-VolumesAssistedSnapshotsTest-982823019-project', 'project_domain_id': 'default', 'project_domain_name': 'Default', 'project_id': '65f9d57d1633473d893f543ac0203f86', 'project_name': 'tempest-VolumesAssistedSnapshotsTest-982823019', 'tenant_id': '65f9d57d1633473d893f543ac0203f86', 'tenant_name': 'tempest-VolumesAssistedSnapshotsTest-982823019', 'user_domain_id': 'default', 'user_domain_name': 'Default', 'user_id': 'e3ae8779ff0e42dcb1d250b01ef87a7c', 'system': None}, Network: None, Subnet: None, Router: None
2025-05-09 10:31:52.151 70306 INFO tempest.lib.common.rest_client [req-ecf00e08-882a-415d-8af6-1b86606fccce req-ecf00e08-882a-415d-8af6-1b86606fccce ] Request (HypervisorAdminTestJSON:tearDownClass): 204 DELETE http://10.180.1.21/identity/v3/users/91cd91c4ed584a29ba2ecc96275c8de1 0.193s
2025-05-09 10:31:52.183 70262 INFO tempest.lib.common.rest_client [req-0aef1317-850f-4241-b595-51ca3a19f92c req-0aef1317-850f-4241-b595-51ca3a19f92c ] Request (NetworksTest:test_get_network): 200 GET http://10.180.1.21/compute/v2.1/os-networks/f7819dd8-9355-4813-a6f8-f4c2dd3b7739 2.025s
2025-05-09 10:31:52.214 70274 INFO tempest.lib.common.rest_client [req-20853d06-f205-427d-8664-98638e2fe8d2 req-20853d06-f205-427d-8664-98638e2fe8d2 ] Request (HypervisorAdminV228Test:test_get_list_hypervisor_details): 200 GET http://10.180.1.21/compute/v2.1/os-hypervisors/1 1.809s
2025-05-09 10:31:52.257 70302 INFO tempest.lib.common.rest_client [req-235bec27-ab35-4f65-9bc4-ffe5daf0ae91 req-235bec27-ab35-4f65-9bc4-ffe5daf0ae91 ] Request (AZAdminNegativeTestJSON:tearDownClass): 204 DELETE http://10.180.1.21:9696/networking/v2.0/security-groups/c3e882cd-30cd-4f45-a199-be880f28aef2 0.173s
2025-05-09 10:31:52.296 70306 INFO tempest.lib.common.rest_client [req-7d235dd1-5616-42b2-90a8-bb43d470ab68 req-7d235dd1-5616-42b2-90a8-bb43d470ab68 ] Request (HypervisorAdminTestJSON:tearDownClass): 204 DELETE http://10.180.1.21/identity/v3/users/2395f9a5786b4e71893139a1b09a4b16 0.144s
2025-05-09 10:31:52.296 70306 INFO tempest.lib.common.dynamic_creds [-] Deleting project and security group for project: 01005c1128c04b9daa68f835b5a653f0
2025-05-09 10:31:52.397 70274 INFO tempest.lib.common.rest_client [req-6aeff312-b114-4d16-9f2d-88d43602000f req-6aeff312-b114-4d16-9f2d-88d43602000f ] Request (HypervisorAdminV228Test:tearDownClass): 204 DELETE http://10.180.1.21/identity/v3/users/e8e13af227cb410f8cac0342d7c0ab8a 0.174s
2025-05-09 10:31:52.407 70302 INFO tempest.lib.common.rest_client [req-390abfba-26a0-4929-b7b1-135e13970d81 req-390abfba-26a0-4929-b7b1-135e13970d81 ] Request (AZAdminNegativeTestJSON:tearDownClass): 204 DELETE http://10.180.1.21/identity/v3/projects/56d232db009e4b4aadfe0ad18d579af9 0.150s
2025-05-09 10:31:52.408 70302 INFO tempest.lib.common.dynamic_creds [-] Deleting project and security group for project: 312fdc87943a45ab8c6b6c1937245d12
2025-05-09 10:31:52.409 70286 INFO tempest.lib.common.rest_client [req-a12cb331-2d15-4704-b421-f2d1daf83687 req-a12cb331-2d15-4704-b421-f2d1daf83687 ] Request (VolumesAssistedSnapshotsTest:setUpClass): 201 POST http://10.180.1.21:9696/networking/v2.0/networks 0.290s
2025-05-09 10:31:52.452 70306 INFO tempest.lib.common.rest_client [req-953f3c29-5b1e-4b70-841e-3e16ba737e44 req-953f3c29-5b1e-4b70-841e-3e16ba737e44 ] Request (HypervisorAdminTestJSON:tearDownClass): 201 POST http://10.180.1.21/identity/v3/auth/tokens 0.155s
2025-05-09 10:31:52.506 70274 INFO tempest.lib.common.rest_client [req-351f7b34-3a04-4bf3-9d2b-ed223319dffb req-351f7b34-3a04-4bf3-9d2b-ed223319dffb ] Request (HypervisorAdminV228Test:tearDownClass): 204 DELETE http://10.180.1.21/identity/v3/users/5e8ae945d2c044e2a80c8aa17d41be02 0.108s
2025-05-09 10:31:52.506 70274 INFO tempest.lib.common.dynamic_creds [-] Deleting project and security group for project: a36a6c1ffc0a41e9a394bd70e7476276
2025-05-09 10:31:52.597 70276 INFO tempest.lib.common.rest_client [req-ef2d099f-ca01-43c6-8ee0-6887b4b8869d req-ef2d099f-ca01-43c6-8ee0-6887b4b8869d ] Request (MigrationsAdminTest:test_list_migrations_in_flavor_resize_situation): 202 POST http://10.180.1.21/compute/v2.1/servers 2.186s
2025-05-09 10:31:52.601 70274 INFO tempest.lib.common.rest_client [req-becc64bc-2bea-4de2-be74-6ba8f304f866 req-becc64bc-2bea-4de2-be74-6ba8f304f866 ] Request (HypervisorAdminV228Test:tearDownClass): 201 POST http://10.180.1.21/identity/v3/auth/tokens 0.094s
2025-05-09 10:31:52.621 70322 INFO tempest.lib.common.rest_client [req-727e9c69-ec05-4ffc-bffc-2ead8cf12cb9 req-727e9c69-ec05-4ffc-bffc-2ead8cf12cb9 ] Request (QuotasAdminTestV236:test_get_updated_quotas): 200 PUT http://10.180.1.21/compute/v2.1/os-quota-sets/712086a41c124e9ca71dc2e7bf2dde50 2.308s
2025-05-09 10:31:52.622 70312 INFO tempest.lib.common.rest_client [req-a7eec3ee-5559-4311-9b1c-3c9968fd4256 req-a7eec3ee-5559-4311-9b1c-3c9968fd4256 ] Request (SecurityGroupRulesNegativeTestJSON:setUpClass): 201 POST http://10.180.1.21:9696/networking/v2.0/routers 0.940s
2025-05-09 10:31:52.625 70302 INFO tempest.lib.common.rest_client [req-73ab3ea2-e8b7-40fa-8c1c-1850051a781a req-73ab3ea2-e8b7-40fa-8c1c-1850051a781a ] Request (AZAdminNegativeTestJSON:tearDownClass): 200 GET http://10.180.1.21:9696/networking/v2.0/security-groups?tenant_id=312fdc87943a45ab8c6b6c1937245d12&name=default 0.217s
2025-05-09 10:31:52.725 70270 INFO tempest.lib.common.rest_client [req-44b1ba93-215e-46f7-a180-967ff0262714 req-44b1ba93-215e-46f7-a180-967ff0262714 ] Request (ServerDiagnosticsTest:test_get_server_diagnostics): 200 GET http://10.180.1.21/compute/v2.1/servers/40e7ba74-3851-4ab7-bb0c-13628afe8dbb 2.062s
2025-05-09 10:31:52.773 70306 INFO tempest.lib.common.rest_client [req-8ba42a70-fb15-416b-8486-c5b2467077f9 req-8ba42a70-fb15-416b-8486-c5b2467077f9 ] Request (HypervisorAdminTestJSON:tearDownClass): 200 GET http://10.180.1.21:9696/networking/v2.0/security-groups?tenant_id=01005c1128c04b9daa68f835b5a653f0&name=default 0.321s
2025-05-09 10:31:52.812 70286 INFO tempest.lib.common.rest_client [req-412eb4f8-e7ad-46ad-a49b-c4ef0c9b38f1 req-412eb4f8-e7ad-46ad-a49b-c4ef0c9b38f1 ] Request (VolumesAssistedSnapshotsTest:setUpClass): 201 POST http://10.180.1.21:9696/networking/v2.0/subnets 0.403s
2025-05-09 10:31:52.851 70296 INFO tempest.lib.common.rest_client [req-fd62f5a2-6df0-4140-a856-1094626300fe req-fd62f5a2-6df0-4140-a856-1094626300fe ] Request (HypervisorAdminNegativeUnderV252Test:test_search_hypervisor_with_non_admin_user): 403 GET http://10.180.1.21/compute/v2.1/os-hypervisors/domain-c8.fc996f14-c53b-4953-92e3-bdfa48f5cc28/search 1.985s
2025-05-09 10:31:52.876 70298 INFO tempest.lib.common.rest_client [req-93c629b4-9e15-4009-9380-88337981ceb9 req-93c629b4-9e15-4009-9380-88337981ceb9 ] Request (FlavorsAdminTestJSON:_run_cleanups): 202 DELETE http://10.180.1.21/compute/v2.1/flavors/1172739469 1.929s
2025-05-09 10:31:52.911 70306 INFO tempest.lib.common.rest_client [req-e4383541-b33e-4647-9981-a84c0c1ca803 req-e4383541-b33e-4647-9981-a84c0c1ca803 ] Request (HypervisorAdminTestJSON:tearDownClass): 204 DELETE http://10.180.1.21:9696/networking/v2.0/security-groups/eeda28b3-df24-461f-bb9c-7678007f8b4a 0.137s
2025-05-09 10:31:52.934 70302 INFO tempest.lib.common.rest_client [req-2421527a-a614-452d-b3fd-bd17281728ea req-2421527a-a614-452d-b3fd-bd17281728ea ] Request (AZAdminNegativeTestJSON:tearDownClass): 204 DELETE http://10.180.1.21:9696/networking/v2.0/security-groups/ad31ab87-0b1b-485c-bce6-735b63c22a57 0.307s
2025-05-09 10:31:52.954 70292 INFO tempest.lib.common.rest_client [req-804d412f-63f9-4fd2-a759-12bcb7b042d3 req-804d412f-63f9-4fd2-a759-12bcb7b042d3 ] Request (SecurityGroupsTestJSON:test_list_security_groups_by_server): 200 POST http://10.180.1.21/compute/v2.1/os-security-groups 2.159s
2025-05-09 10:31:52.975 70294 INFO tempest.lib.common.rest_client [req-f6b531ad-d9e9-4ab3-bba6-13bcde6b6e8b req-f6b531ad-d9e9-4ab3-bba6-13bcde6b6e8b ] Request (InstanceUsageAuditLogTestJSON:test_get_instance_usage_audit_log): 200 GET http://10.180.1.21/compute/v2.1/os-instance_usage_audit_log/2025-05-09%2010%3A31%3A50 2.010s
2025-05-09 10:31:52.978 70274 INFO tempest.lib.common.rest_client [req-77ad9f2e-5162-41cf-b03e-99663991f70b req-77ad9f2e-5162-41cf-b03e-99663991f70b ] Request (HypervisorAdminV228Test:tearDownClass): 200 GET http://10.180.1.21:9696/networking/v2.0/security-groups?tenant_id=a36a6c1ffc0a41e9a394bd70e7476276&name=default 0.377s
2025-05-09 10:31:53.013 70272 INFO tempest.lib.common.rest_client [req-b4809f43-1538-4475-92af-26eddff0519f req-b4809f43-1538-4475-92af-26eddff0519f ] Request (HypervisorAdminV253TestBase:test_list_show_detail_hypervisors): 200 GET http://10.180.1.21/compute/v2.1/os-hypervisors?with_servers=True 1.870s
2025-05-09 10:31:53.026 70306 INFO tempest.lib.common.rest_client [req-fe90af29-82b5-45ed-b70c-0c04e970e009 req-fe90af29-82b5-45ed-b70c-0c04e970e009 ] Request (HypervisorAdminTestJSON:tearDownClass): 204 DELETE http://10.180.1.21/identity/v3/projects/01005c1128c04b9daa68f835b5a653f0 0.114s
2025-05-09 10:31:53.026 70306 INFO tempest.lib.common.dynamic_creds [-] Deleting project and security group for project: 2ee3511aff46468dac7f9131d96e8350
2025-05-09 10:31:53.028 70302 INFO tempest.lib.common.rest_client [req-7c53006b-2ada-44f4-939d-84741f3cea9d req-7c53006b-2ada-44f4-939d-84741f3cea9d ] Request (AZAdminNegativeTestJSON:tearDownClass): 204 DELETE http://10.180.1.21/identity/v3/projects/312fdc87943a45ab8c6b6c1937245d12 0.093s
2025-05-09 10:31:53.087 70292 INFO tempest.lib.common.rest_client [req-f222cbe2-73f3-47cf-b2bb-eb18cc59c0ba req-f222cbe2-73f3-47cf-b2bb-eb18cc59c0ba ] Request (SecurityGroupsTestJSON:test_list_security_groups_by_server): 201 POST http://10.180.1.21/identity/v3/auth/tokens 0.124s
2025-05-09 10:31:53.087 70292 INFO tempest.lib.common.fixed_network [-] (SecurityGroupsTestJSON:test_list_security_groups_by_server) Found network {'id': '4fa0b5f6-d551-43f6-96b5-70f6869ef926', 'name': 'tempest-SecurityGroupsTestJSON-1927136801-network', 'tenant_id': 'dee8ea3e0f214d25988707c6d9d968de', 'admin_state_up': True, 'mtu': 8950, 'status': 'ACTIVE', 'subnets': [], 'shared': False, 'project_id': 'dee8ea3e0f214d25988707c6d9d968de', 'port_security_enabled': True, 'router:external': False, 'provider:network_type': 'vlan', 'provider:physical_network': 'default', 'provider:segmentation_id': 410, 'availability_zone_hints': [], 'availability_zones': [], 'ipv4_address_scope': None, 'ipv6_address_scope': None, 'description': '', 'tags': [], 'created_at': '2025-05-09T10:31:44Z', 'updated_at': '2025-05-09T10:31:44Z', 'revision_number': 1} available for tenant
2025-05-09 10:31:53.123 70274 INFO tempest.lib.common.rest_client [req-e14ab6a8-2421-4d27-9a6b-c18d4d601285 req-e14ab6a8-2421-4d27-9a6b-c18d4d601285 ] Request (HypervisorAdminV228Test:tearDownClass): 204 DELETE http://10.180.1.21:9696/networking/v2.0/security-groups/810940f3-7bcb-4124-b7e8-a5c09b67aa0e 0.144s
2025-05-09 10:31:53.130 70320 INFO tempest.lib.common.rest_client [req-f1220604-a1f4-4f77-b6ec-e2640b775f25 req-f1220604-a1f4-4f77-b6ec-e2640b775f25 ] Request (FlavorsExtraSpecsNegativeTestJSON:test_flavor_get_nonexistent_key): 404 GET http://10.180.1.21/compute/v2.1/flavors/1772226713/os-extra_specs/hw:cpu_thread_policy 1.822s
2025-05-09 10:31:53.178 70302 INFO tempest.lib.common.rest_client [req-5403236f-768b-4d22-9410-594689284f41 req-5403236f-768b-4d22-9410-594689284f41 ] Request (DeleteServersAdminTestJSON:setUpClass): 201 POST http://10.180.1.21/identity/v3/auth/tokens 0.147s
2025-05-09 10:31:53.178 70278 INFO tempest.lib.common.rest_client [req-1959b218-7707-4ed0-8ec6-5df787dd93f4 req-1959b218-7707-4ed0-8ec6-5df787dd93f4 ] Request (AggregatesAdminNegativeTestJSON:test_aggregate_add_existent_host): 200 POST http://10.180.1.21/compute/v2.1/os-aggregates 1.867s
2025-05-09 10:31:53.179 70316 INFO tempest.lib.common.rest_client [req-6220f0d1-a6f7-40c1-8ce5-3b60647f76ed req-6220f0d1-a6f7-40c1-8ce5-3b60647f76ed ] Request (SecurityGroupRulesTestJSON:test_security_group_rules_create): 200 POST http://10.180.1.21/compute/v2.1/os-security-group-rules 2.005s
2025-05-09 10:31:53.220 70302 INFO tempest.lib.common.rest_client [req-e44ac516-aa56-4484-a2a6-1fd4ff2e3b7e req-e44ac516-aa56-4484-a2a6-1fd4ff2e3b7e ] Request (DeleteServersAdminTestJSON:setUpClass): 201 POST http://10.180.1.21/identity/v3/auth/tokens 0.038s
2025-05-09 10:31:53.234 70268 INFO tempest.lib.common.rest_client [req-5cc812b9-1060-4572-ba32-aa04c0bd85a5 req-5cc812b9-1060-4572-ba32-aa04c0bd85a5 ] Request (ListImageFiltersTestJSON:setUpClass): 200 GET http://10.180.1.21/compute/v2.1/images/49b675ce-9cde-4e67-93d6-ef35720187c1 1.893s
2025-05-09 10:31:53.250 70306 INFO tempest.lib.common.rest_client [req-c5e5d2ab-167f-4df7-a27f-68927c052bc1 req-c5e5d2ab-167f-4df7-a27f-68927c052bc1 ] Request (HypervisorAdminTestJSON:tearDownClass): 200 GET http://10.180.1.21:9696/networking/v2.0/security-groups?tenant_id=2ee3511aff46468dac7f9131d96e8350&name=default 0.223s
2025-05-09 10:31:53.263 70302 INFO tempest.lib.common.rest_client [req-854d81df-15cb-4449-ad5f-c2686d82f901 req-854d81df-15cb-4449-ad5f-c2686d82f901 ] Request (DeleteServersAdminTestJSON:setUpClass): 200 GET http://10.180.1.21/identity/v3/domains?name=Default 0.042s
2025-05-09 10:31:53.293 70274 INFO tempest.lib.common.rest_client [req-3fd069fe-dbdf-4e63-83e8-3c81313f12b7 req-3fd069fe-dbdf-4e63-83e8-3c81313f12b7 ] Request (HypervisorAdminV228Test:tearDownClass): 204 DELETE http://10.180.1.21/identity/v3/projects/a36a6c1ffc0a41e9a394bd70e7476276 0.167s
2025-05-09 10:31:53.293 70274 INFO tempest.lib.common.dynamic_creds [-] Deleting project and security group for project: e6f91911ffab45d99c4cdb2a6d79e58e
2025-05-09 10:31:53.322 70324 INFO tempest.lib.common.rest_client [req-a324b86d-124a-43bd-b430-3108681f83e7 req-a324b86d-124a-43bd-b430-3108681f83e7 ] Request (FlavorMetadataValidation:test_flavor_update_with_custom_namespace): 200 POST http://10.180.1.21/compute/v2.1/flavors/296284143/os-extra_specs 1.925s
2025-05-09 10:31:53.396 70318 INFO tempest.lib.common.rest_client [req-eaa43464-1262-4fa7-ab5c-2dbb03215c4a req-eaa43464-1262-4fa7-ab5c-2dbb03215c4a ] Request (FlavorsV255TestJSON:test_crud_flavor): 200 GET http://10.180.1.21/compute/v2.1/flavors/1391367185 1.969s
2025-05-09 10:31:53.412 70302 INFO tempest.lib.common.rest_client [req-d0913409-d170-452b-a680-bd2ba3c93ceb req-d0913409-d170-452b-a680-bd2ba3c93ceb ] Request (DeleteServersAdminTestJSON:setUpClass): 201 POST http://10.180.1.21/identity/v3/projects 0.147s
2025-05-09 10:31:53.422 70288 INFO tempest.lib.common.rest_client [req-571ac972-fa94-4c9f-83fb-bdae55f61cc3 req-571ac972-fa94-4c9f-83fb-bdae55f61cc3 ] Request (AZAdminV2TestJSON:test_get_availability_zone_list_detail): 200 GET http://10.180.1.21/compute/v2.1/os-availability-zone/detail 1.935s
2025-05-09 10:31:53.455 70306 INFO tempest.lib.common.rest_client [req-c205f963-7c84-42e7-a2c7-a73b7fe9648b req-c205f963-7c84-42e7-a2c7-a73b7fe9648b ] Request (HypervisorAdminTestJSON:tearDownClass): 204 DELETE http://10.180.1.21:9696/networking/v2.0/security-groups/96921863-0909-428c-8720-24cc609f9bbe 0.205s
2025-05-09 10:31:53.490 70274 INFO tempest.lib.common.rest_client [req-5b27ee9c-ccdb-4a1d-a536-969e89f5e2a8 req-5b27ee9c-ccdb-4a1d-a536-969e89f5e2a8 ] Request (HypervisorAdminV228Test:tearDownClass): 200 GET http://10.180.1.21:9696/networking/v2.0/security-groups?tenant_id=e6f91911ffab45d99c4cdb2a6d79e58e&name=default 0.197s
2025-05-09 10:31:53.537 70302 INFO tempest.lib.common.rest_client [req-1c0f6753-1a42-4423-a8e1-c2abc0a78bc5 req-1c0f6753-1a42-4423-a8e1-c2abc0a78bc5 ] Request (DeleteServersAdminTestJSON:setUpClass): 201 POST http://10.180.1.21/identity/v3/users 0.125s
2025-05-09 10:31:53.599 70306 INFO tempest.lib.common.rest_client [req-ca428ae1-b6fb-45a9-8b87-01f8db4b7a27 req-ca428ae1-b6fb-45a9-8b87-01f8db4b7a27 ] Request (HypervisorAdminTestJSON:tearDownClass): 204 DELETE http://10.180.1.21/identity/v3/projects/2ee3511aff46468dac7f9131d96e8350 0.144s
2025-05-09 10:31:53.600 70306 INFO tempest.test [-] raised in TestMultiAttachVolumeSwap.setUpClass. Invoking tearDownClass.
2025-05-09 10:31:53.612 70288 INFO tempest.lib.common.rest_client [req-ffb892cf-eae9-4b1a-8e9f-c2f364fe0138 req-ffb892cf-eae9-4b1a-8e9f-c2f364fe0138 ] Request (AZAdminV2TestJSON:tearDownClass): 204 DELETE http://10.180.1.21/identity/v3/users/8b4d5e9da62b4b278c73ebeda73136ac 0.184s
2025-05-09 10:31:53.719 70302 INFO tempest.lib.common.rest_client [req-309738f1-a02c-4bae-bb50-6c1fee7311ca req-309738f1-a02c-4bae-bb50-6c1fee7311ca ] Request (DeleteServersAdminTestJSON:setUpClass): 200 GET http://10.180.1.21/identity/v3/roles 0.181s
2025-05-09 10:31:53.733 70304 INFO tempest.lib.common.rest_client [req-30a97e29-e9e9-416e-8ca5-c660bc6f2699 req-30a97e29-e9e9-416e-8ca5-c660bc6f2699 ] Request (FlavorsAccessTestJSON:test_flavor_access_add_remove): 200 POST http://10.180.1.21/compute/v2.1/flavors/504676997/action 2.168s
2025-05-09 10:31:53.748 70306 INFO tempest.lib.common.rest_client [req-14e095e8-269a-4902-8fe7-d2432b270cc0 req-14e095e8-269a-4902-8fe7-d2432b270cc0 ] Request (InstanceActionsNegativeTestJSON:setUpClass): 201 POST http://10.180.1.21/identity/v3/auth/tokens 0.143s
2025-05-09 10:31:53.775 70288 INFO tempest.lib.common.rest_client [req-49d406cf-3c0d-431a-8d74-18e77c7e8883 req-49d406cf-3c0d-431a-8d74-18e77c7e8883 ] Request (AZAdminV2TestJSON:tearDownClass): 204 DELETE http://10.180.1.21/identity/v3/users/526e7336b5554275abff9cc03476da1d 0.162s
2025-05-09 10:31:53.775 70288 INFO tempest.lib.common.dynamic_creds [-] Deleting project and security group for project: b68d094de03d47478741f57df1a1db6c
2025-05-09 10:31:53.780 70274 INFO tempest.lib.common.rest_client [req-63d5ac68-2978-45df-a032-2733a8c0321e req-63d5ac68-2978-45df-a032-2733a8c0321e ] Request (HypervisorAdminV228Test:tearDownClass): 204 DELETE http://10.180.1.21:9696/networking/v2.0/security-groups/deca0f60-031b-4245-8335-130efc63227b 0.289s
2025-05-09 10:31:53.835 70302 INFO tempest.lib.common.rest_client [req-926d2e8e-5437-428d-8700-7d05bbb81924 req-926d2e8e-5437-428d-8700-7d05bbb81924 ] Request (DeleteServersAdminTestJSON:setUpClass): 204 PUT http://10.180.1.21/identity/v3/projects/35f3520bb679467089236948ff64f36c/users/4b12cc59b373491ba48a6bbc97eca833/roles/389611adb3984f19aa0b72b1615486fd 0.115s
2025-05-09 10:31:53.835 70302 INFO tempest.lib.common.dynamic_creds [-] Dynamic test user 4b12cc59b373491ba48a6bbc97eca833 is created with scope project and roles: ['member']
2025-05-09 10:31:53.835 70302 INFO tempest.lib.common.dynamic_creds [-] Acquired dynamic creds: credentials: Credentials: {'domain_id': 'default', 'domain_name': 'Default', 'username': 'tempest-DeleteServersAdminTestJSON-23861225-project-member', 'project_domain_id': 'default', 'project_domain_name': 'Default', 'project_id': '35f3520bb679467089236948ff64f36c', 'project_name': 'tempest-DeleteServersAdminTestJSON-23861225', 'tenant_id': '35f3520bb679467089236948ff64f36c', 'tenant_name': 'tempest-DeleteServersAdminTestJSON-23861225', 'user_domain_id': 'default', 'user_domain_name': 'Default', 'user_id': '4b12cc59b373491ba48a6bbc97eca833', 'system': None}, Network: None, Subnet: None, Router: None
2025-05-09 10:31:53.835 70302 INFO tempest.lib.common.dynamic_creds [-] Created isolated network resources for: credentials: Credentials: {'domain_id': 'default', 'domain_name': 'Default', 'username': 'tempest-DeleteServersAdminTestJSON-23861225-project-member', 'project_domain_id': 'default', 'project_domain_name': 'Default', 'project_id': '35f3520bb679467089236948ff64f36c', 'project_name': 'tempest-DeleteServersAdminTestJSON-23861225', 'tenant_id': '35f3520bb679467089236948ff64f36c', 'tenant_name': 'tempest-DeleteServersAdminTestJSON-23861225', 'user_domain_id': 'default', 'user_domain_name': 'Default', 'user_id': '4b12cc59b373491ba48a6bbc97eca833', 'system': None}, Network: None, Subnet: None, Router: None
2025-05-09 10:31:53.900 70286 INFO tempest.lib.common.rest_client [req-eddc123d-d7d3-49f1-aab1-55c963cf48dc req-eddc123d-d7d3-49f1-aab1-55c963cf48dc ] Request (VolumesAssistedSnapshotsTest:setUpClass): 201 POST http://10.180.1.21:9696/networking/v2.0/routers 1.087s
2025-05-09 10:31:53.907 70312 INFO tempest.lib.common.rest_client [req-3c3cc534-6141-4a04-ada0-654c8e410512 req-3c3cc534-6141-4a04-ada0-654c8e410512 ] Request (SecurityGroupRulesNegativeTestJSON:setUpClass): 200 PUT http://10.180.1.21:9696/networking/v2.0/routers/2ed0e82f-470a-4c0a-a3f8-69d3a0f11ab5/add_router_interface 1.284s
2025-05-09 10:31:53.907 70312 INFO tempest.lib.common.dynamic_creds [-] Created isolated network resources for: credentials: Credentials: {'domain_id': 'default', 'domain_name': 'Default', 'username': 'tempest-SecurityGroupRulesNegativeTestJSON-2056839589-project-member', 'project_domain_id': 'default', 'project_domain_name': 'Default', 'project_id': 'ba418ad598dc4d1c866f227fb6e58e81', 'project_name': 'tempest-SecurityGroupRulesNegativeTestJSON-2056839589', 'tenant_id': 'ba418ad598dc4d1c866f227fb6e58e81', 'tenant_name': 'tempest-SecurityGroupRulesNegativeTestJSON-2056839589', 'user_domain_id': 'default', 'user_domain_name': 'Default', 'user_id': 'a4921f2752654580ab59697412fecdeb', 'system': None}, Network: {'id': 'a47b1eb2-9fdf-4a98-aaa8-05928fc00130', 'name': 'tempest-SecurityGroupRulesNegativeTestJSON-614783613-network', 'tenant_id': 'ba418ad598dc4d1c866f227fb6e58e81', 'admin_state_up': True, 'mtu': 8950, 'status': 'ACTIVE', 'subnets': [], 'shared': False, 'project_id': 'ba418ad598dc4d1c866f227fb6e58e81', 'port_security_enabled': True, 'router:external': False, 'provider:network_type': 'vlan', 'provider:physical_network': 'default', 'provider:segmentation_id': 873, 'availability_zone_hints': [], 'availability_zones': [], 'ipv4_address_scope': None, 'ipv6_address_scope': None, 'description': '', 'tags': [], 'created_at': '2025-05-09T10:31:51Z', 'updated_at': '2025-05-09T10:31:51Z', 'revision_number': 1}, Subnet: {'id': '450d49c6-9dad-44b2-b9ff-fcca6bac7202', 'name': 'tempest-SecurityGroupRulesNegativeTestJSON-614783613-subnet', 'tenant_id': 'ba418ad598dc4d1c866f227fb6e58e81', 'network_id': 'a47b1eb2-9fdf-4a98-aaa8-05928fc00130', 'ip_version': 4, 'subnetpool_id': None, 'enable_dhcp': True, 'ipv6_ra_mode': None, 'ipv6_address_mode': None, 'gateway_ip': '192.168.128.1', 'cidr': '192.168.128.0/28', 'allocation_pools': [{'start': '192.168.128.2', 'end': '192.168.128.14'}], 'host_routes': [], 'dns_nameservers': [], 'description': '', 'router:external': False, 'service_types': [], 'tags': [], 'created_at': '2025-05-09T10:31:51Z', 'updated_at': '2025-05-09T10:31:51Z', 'revision_number': 0, 'project_id': 'ba418ad598dc4d1c866f227fb6e58e81'}, Router: {'id': '2ed0e82f-470a-4c0a-a3f8-69d3a0f11ab5', 'name': 'tempest-SecurityGroupRulesNegativeTestJSON-614783613-router', 'tenant_id': 'ba418ad598dc4d1c866f227fb6e58e81', 'admin_state_up': True, 'status': 'ACTIVE', 'external_gateway_info': {'network_id': 'f7819dd8-9355-4813-a6f8-f4c2dd3b7739', 'external_fixed_ips': [{'subnet_id': '3668d552-8dcd-4c39-a1b9-f0121f4f97dc', 'ip_address': '10.180.180.165'}], 'enable_snat': True}, 'description': '', 'availability_zones': [], 'distributed': False, 'ha': False, 'availability_zone_hints': [], 'routes': [], 'flavor_id': None, 'tags': [], 'created_at': '2025-05-09T10:31:51Z', 'updated_at': '2025-05-09T10:31:52Z', 'revision_number': 2, 'project_id': 'ba418ad598dc4d1c866f227fb6e58e81'}
2025-05-09 10:31:53.908 70306 INFO tempest.lib.common.rest_client [req-aaeb0e87-498d-48b9-88c4-02aec1060406 req-aaeb0e87-498d-48b9-88c4-02aec1060406 ] Request (InstanceActionsNegativeTestJSON:setUpClass): 201 POST http://10.180.1.21/identity/v3/auth/tokens 0.158s
