2025-05-09 10:33:57.398 70296 INFO tempest.lib.common.dynamic_creds [-] Created isolated network resources for: credentials: Credentials: {'domain_id': 'default', 'domain_name': 'Default', 'username': 'tempest-ServerRescueTestJSON-2117671957-project-member', 'project_domain_id': 'default', 'project_domain_name': 'Default', 'project_id': '51531e00559441d79520861f8ad64de4', 'project_name': 'tempest-ServerRescueTestJSON-2117671957', 'tenant_id': '51531e00559441d79520861f8ad64de4', 'tenant_name': 'tempest-ServerRescueTestJSON-2117671957', 'user_domain_id': 'default', 'user_domain_name': 'Default', 'user_id': '6365620b8f274069b83f41dc644b34b4', 'system': None}, Network: {'id': '421a3707-1de2-408c-ad49-f189b0613b6d', 'name': 'tempest-ServerRescueTestJSON-1387743678-network', 'tenant_id': '51531e00559441d79520861f8ad64de4', 'admin_state_up': True, 'mtu': 8950, 'status': 'ACTIVE', 'subnets': [], 'shared': False, 'project_id': '51531e00559441d79520861f8ad64de4', 'port_security_enabled': True, 'router:external': False, 'provider:network_type': 'vlan', 'provider:physical_network': 'default', 'provider:segmentation_id': 934, 'availability_zone_hints': [], 'availability_zones': [], 'ipv4_address_scope': None, 'ipv6_address_scope': None, 'description': '', 'tags': [], 'created_at': '2025-05-09T10:33:54Z', 'updated_at': '2025-05-09T10:33:54Z', 'revision_number': 1}, Subnet: {'id': '66e5e1f5-ac81-4d78-ab29-03570184d6f7', 'name': 'tempest-ServerRescueTestJSON-1387743678-subnet', 'tenant_id': '51531e00559441d79520861f8ad64de4', 'network_id': '421a3707-1de2-408c-ad49-f189b0613b6d', 'ip_version': 4, 'subnetpool_id': None, 'enable_dhcp': False, 'ipv6_ra_mode': None, 'ipv6_address_mode': None, 'gateway_ip': '192.168.128.1', 'cidr': '192.168.128.0/28', 'allocation_pools': [{'start': '192.168.128.2', 'end': '192.168.128.14'}], 'host_routes': [], 'dns_nameservers': [], 'description': '', 'router:external': False, 'service_types': [], 'tags': [], 'created_at': '2025-05-09T10:33:54Z', 'updated_at': '2025-05-09T10:33:54Z', 'revision_number': 0, 'project_id': '51531e00559441d79520861f8ad64de4'}, Router: {'id': 'c13cefd2-3281-43e3-a61f-fa56c72332b7', 'name': 'tempest-ServerRescueTestJSON-1387743678-router', 'tenant_id': '51531e00559441d79520861f8ad64de4', 'admin_state_up': True, 'status': 'ACTIVE', 'external_gateway_info': {'network_id': 'f7819dd8-9355-4813-a6f8-f4c2dd3b7739', 'external_fixed_ips': [{'subnet_id': '3668d552-8dcd-4c39-a1b9-f0121f4f97dc', 'ip_address': '10.180.180.132'}], 'enable_snat': True}, 'description': '', 'availability_zones': [], 'distributed': False, 'ha': False, 'availability_zone_hints': [], 'routes': [], 'flavor_id': None, 'tags': [], 'created_at': '2025-05-09T10:33:54Z', 'updated_at': '2025-05-09T10:33:55Z', 'revision_number': 2, 'project_id': '51531e00559441d79520861f8ad64de4'}
2025-05-09 10:33:57.409 70308 INFO tempest.lib.common.rest_client [req-e819aab5-ce36-4b44-89a2-26daf4640e2f req-e819aab5-ce36-4b44-89a2-26daf4640e2f ] Request (FloatingIPsAssociationTestJSON:test_associate_already_associated_floating_ip): 200 GET http://10.180.1.21/compute/v2.1/servers/8966e0fd-93cf-4a1f-aac7-883d017a6b6a 0.163s
2025-05-09 10:33:57.441 70290 INFO tempest.lib.common.rest_client [req-a22f0643-dba8-4f51-9a1a-318a3ab1fc1b req-a22f0643-dba8-4f51-9a1a-318a3ab1fc1b ] Request (ServersAdminNegativeTestJSON:test_migrate_server_invalid_state): 200 GET http://10.180.1.21/compute/v2.1/servers/7d31a8d5-85f3-430e-85d2-cc69cce4c936 0.206s
2025-05-09 10:33:57.451 70290 INFO tempest.common.waiters [-] State transition "BUILD/spawning" ==> "ACTIVE/None" after 65 second wait
2025-05-09 10:33:57.468 70320 INFO tempest.lib.common.rest_client [req-a77a565a-0472-4bf3-bd64-d2c276b75cf5 req-a77a565a-0472-4bf3-bd64-d2c276b75cf5 ] Request (ServerRescueNegativeTestJSON:setUpClass): 200 GET http://10.180.1.21/compute/v2.1/servers/b4bb86cb-c79b-4305-995a-9abaf8e5beb3 0.160s
2025-05-09 10:33:57.502 70296 INFO tempest.lib.common.rest_client [req-5fbf9e65-5e8f-46fe-baa2-ad12ab1f4abf req-5fbf9e65-5e8f-46fe-baa2-ad12ab1f4abf ] Request (ServerRescueTestJSON:setUpClass): 201 POST http://10.180.1.21/identity/v3/auth/tokens 0.100s
2025-05-09 10:33:57.509 70312 INFO tempest.lib.common.rest_client [req-11d84438-1a36-40f0-b361-ad50d8c10297 req-11d84438-1a36-40f0-b361-ad50d8c10297 ] Request (AttachInterfacesV270Test:tearDownClass): 200 GET http://10.180.1.21/compute/v2.1/servers/44167ce1-d6e6-4227-ac28-db123bc36a17 0.181s
2025-05-09 10:33:57.516 70264 INFO tempest.lib.common.rest_client [req-7ad64fcc-428f-4f8a-b97e-ab5ccb233765 req-7ad64fcc-428f-4f8a-b97e-ab5ccb233765 ] Request (AttachVolumeShelveTestJSON:test_attach_volume_shelved_or_offload_server): 200 GET http://10.180.1.21/compute/v2.1/servers/6610d030-9550-43f8-a8b2-703d222d842e 0.121s
2025-05-09 10:33:57.518 70312 INFO tempest.common.waiters [-] State transition "ACTIVE/deleting" ==> "DELETED/None" after 4 second wait
2025-05-09 10:33:57.533 70296 INFO tempest.lib.common.rest_client [req-76c44566-ed4a-43b5-9e9b-faf225362d3a req-76c44566-ed4a-43b5-9e9b-faf225362d3a ] Request (ServerRescueTestJSON:setUpClass): 201 POST http://10.180.1.21/identity/v3/auth/tokens 0.028s
2025-05-09 10:33:57.534 70296 INFO tempest.lib.common.fixed_network [-] (ServerRescueTestJSON:setUpClass) Found network {'id': '421a3707-1de2-408c-ad49-f189b0613b6d', 'name': 'tempest-ServerRescueTestJSON-1387743678-network', 'tenant_id': '51531e00559441d79520861f8ad64de4', 'admin_state_up': True, 'mtu': 8950, 'status': 'ACTIVE', 'subnets': [], 'shared': False, 'project_id': '51531e00559441d79520861f8ad64de4', 'port_security_enabled': True, 'router:external': False, 'provider:network_type': 'vlan', 'provider:physical_network': 'default', 'provider:segmentation_id': 934, 'availability_zone_hints': [], 'availability_zones': [], 'ipv4_address_scope': None, 'ipv6_address_scope': None, 'description': '', 'tags': [], 'created_at': '2025-05-09T10:33:54Z', 'updated_at': '2025-05-09T10:33:54Z', 'revision_number': 1} available for tenant
2025-05-09 10:33:57.573 70318 INFO tempest.lib.common.rest_client [req-a0ebb25b-4198-4b45-ab96-689ebe35165c req-a0ebb25b-4198-4b45-ab96-689ebe35165c ] Request (ServerAddressesNegativeTestJSON:setUpClass): 200 GET http://10.180.1.21/compute/v2.1/servers/8c99ef9e-5b2d-4091-a20a-42c288533995 0.112s
2025-05-09 10:33:57.615 70290 INFO tempest.lib.common.rest_client [req-80a3ab2f-6fc0-4f2c-a931-a6a849d2f7a9 req-80a3ab2f-6fc0-4f2c-a931-a6a849d2f7a9 ] Request (ServersAdminNegativeTestJSON:test_migrate_server_invalid_state): 202 POST http://10.180.1.21/compute/v2.1/servers/7d31a8d5-85f3-430e-85d2-cc69cce4c936/action 0.164s
2025-05-09 10:33:57.698 70268 INFO tempest.lib.common.rest_client [req-8830ea56-effc-4669-8b93-6e290000c7b9 req-8830ea56-effc-4669-8b93-6e290000c7b9 ] Request (ListImageFiltersTestJSON:tearDownClass): 200 GET http://10.180.1.21/compute/v2.1/servers/427f2158-7d1b-4cdf-81ee-1373ecc412fc 0.150s
2025-05-09 10:33:57.750 70288 INFO tempest.lib.common.rest_client [req-49b6a371-d0c8-48ce-a674-aa30965dd44b req-49b6a371-d0c8-48ce-a674-aa30965dd44b ] Request (ServersTestJSON:test_create_server_with_ipv6_addr_only): 200 GET http://10.180.1.21/compute/v2.1/servers/23d9d3bc-4ff4-410c-8e6d-c1914fb2fb24 0.146s
2025-05-09 10:33:57.946 70290 INFO tempest.lib.common.rest_client [req-d8ed4899-be6e-43bc-930f-8cb745e3dbe1 req-d8ed4899-be6e-43bc-930f-8cb745e3dbe1 ] Request (ServersAdminNegativeTestJSON:test_migrate_server_invalid_state): 200 GET http://10.180.1.21/compute/v2.1/servers/7d31a8d5-85f3-430e-85d2-cc69cce4c936 0.331s
2025-05-09 10:33:57.957 70296 INFO tempest.lib.common.rest_client [req-b926c9f8-feb8-40ad-920b-355f2fb5815f req-b926c9f8-feb8-40ad-920b-355f2fb5815f ] Request (ServerRescueTestJSON:setUpClass): 202 POST http://10.180.1.21/compute/v2.1/servers 0.422s
2025-05-09 10:33:57.983 70286 INFO tempest.lib.common.rest_client [req-e85ca1e0-f609-40b5-8854-f3e164a4fa06 req-e85ca1e0-f609-40b5-8854-f3e164a4fa06 ] Request (VolumesAssistedSnapshotsTest:_run_cleanups): 200 GET http://10.180.1.21/compute/v2.1/servers/c54c4c6e-ef12-4922-9e1d-96bbb1b544bf/os-volume_attachments 0.356s
2025-05-09 10:33:57.997 70276 INFO tempest.lib.common.rest_client [req-77810bfa-3947-427e-ae27-7d5f02ac1af6 req-77810bfa-3947-427e-ae27-7d5f02ac1af6 ] Request (MigrationsAdminTest:test_resize_server_revert_deleted_flavor): 200 GET http://10.180.1.21/compute/v2.1/servers/e11d78ab-13ec-4ee5-8ec8-bbb8d1400ed4 0.378s
2025-05-09 10:33:58.014 70286 INFO tempest.lib.common.rest_client [req-cdf98e06-e86e-4806-b36d-6472b5ba0dd4 req-cdf98e06-e86e-4806-b36d-6472b5ba0dd4 ] Request (VolumesAssistedSnapshotsTest:_run_cleanups): 200 GET http://10.180.1.21/volume/v3/volumes/897e050c-14bc-4186-9e5a-1652426661e3 0.029s
2025-05-09 10:33:58.024 70286 INFO tempest.common.waiters [-] volume 897e050c-14bc-4186-9e5a-1652426661e3 reached available after waiting for 0.024326 seconds
2025-05-09 10:33:58.051 70314 INFO tempest.lib.common.rest_client [req-71055fd9-d1d3-4e25-b032-8840f8cc83b2 req-71055fd9-d1d3-4e25-b032-8840f8cc83b2 ] Request (ImagesNegativeTestJSON:test_create_image_from_deleted_server): 200 GET http://10.180.1.21/compute/v2.1/servers/6c164062-6dbb-4803-a5df-4e330b0a211c 0.357s
2025-05-09 10:33:58.072 70322 INFO tempest.lib.common.rest_client [req-922f98dd-4b55-4e9f-8803-0f2527376e0d req-922f98dd-4b55-4e9f-8803-0f2527376e0d ] Request (DeleteServersTestJSON:test_delete_active_server): 200 GET http://10.180.1.21/compute/v2.1/servers/e7505b8e-fa4e-4662-a7a2-3ae95551961b 0.372s
2025-05-09 10:33:58.077 70286 INFO tempest.lib.common.rest_client [req-e5d94d3a-c5af-416b-96d9-fa31f683853b req-e5d94d3a-c5af-416b-96d9-fa31f683853b ] Request (VolumesAssistedSnapshotsTest:_run_cleanups): 202 DELETE http://10.180.1.21/volume/v3/volumes/897e050c-14bc-4186-9e5a-1652426661e3 0.052s
2025-05-09 10:33:58.116 70278 INFO tempest.lib.common.rest_client [req-a0090fae-7e7e-4f47-99b6-452046703f6a req-a0090fae-7e7e-4f47-99b6-452046703f6a ] Request (ServersWithSpecificFlavorTestJSON:test_verify_created_server_ephemeral_disk): 200 GET http://10.180.1.21/compute/v2.1/servers/98cbd308-5f38-4b3a-a8cd-bb500cece6fc 0.354s
2025-05-09 10:33:58.134 70286 INFO tempest.lib.common.rest_client [req-75c88188-ea1c-4815-b0e6-408a43683d16 req-75c88188-ea1c-4815-b0e6-408a43683d16 ] Request (VolumesAssistedSnapshotsTest:_run_cleanups): 200 GET http://10.180.1.21/volume/v3/volumes/897e050c-14bc-4186-9e5a-1652426661e3 0.056s
2025-05-09 10:33:58.143 70302 INFO tempest.lib.common.rest_client [req-a95e7009-9c3d-40ed-9856-dbf723b53045 req-a95e7009-9c3d-40ed-9856-dbf723b53045 ] Request (DeleteServersAdminTestJSON:test_delete_server_while_in_error_state): 200 GET http://10.180.1.21/compute/v2.1/servers/b36fdb89-69f6-47f5-8f5f-a8d0f51515c4 0.360s
2025-05-09 10:33:58.186 70270 INFO tempest.lib.common.rest_client [req-52c1547f-9205-4d24-9771-61d079725cfd req-52c1547f-9205-4d24-9771-61d079725cfd ] Request (ServerActionsTestOtherB:setUpClass): 200 GET http://10.180.1.21/compute/v2.1/servers/886d6345-a38f-40dc-b6c3-e50f3a9bf72c 0.364s
2025-05-09 10:33:58.221 70304 INFO tempest.lib.common.rest_client [req-e3174717-be30-4f28-bd70-238a76f35679 req-e3174717-be30-4f28-bd70-238a76f35679 ] Request (ServersAaction247Test:test_create_backup): 200 GET http://10.180.1.21/compute/v2.1/servers/23de6c8c-9515-44a8-8e1b-d268275c3513 0.389s
2025-05-09 10:33:58.248 70284 INFO tempest.lib.common.rest_client [req-c8f38594-cf6c-4f73-bd16-5dd48ccdaab0 req-c8f38594-cf6c-4f73-bd16-5dd48ccdaab0 ] Request (ServersAdminTestJSON:test_create_server_with_scheduling_hint): 200 GET http://10.180.1.21/compute/v2.1/servers/320bc199-1361-4dce-8888-0b8e1b81588e 0.369s
2025-05-09 10:33:58.275 70300 INFO tempest.lib.common.rest_client [req-e145e33a-10de-45b0-995f-235a65a5fc8b req-e145e33a-10de-45b0-995f-235a65a5fc8b ] Request (ServerDiskConfigTestJSON:test_rebuild_server_with_manual_disk_config): 200 GET http://10.180.1.21/compute/v2.1/servers/54bfdfc8-5e05-4f3e-87b8-44383d1d3ba5 0.323s
2025-05-09 10:33:58.291 70296 INFO tempest.lib.common.rest_client [req-b92d3cae-a5ee-469d-a7b9-56902424e49b req-b92d3cae-a5ee-469d-a7b9-56902424e49b ] Request (ServerRescueTestJSON:setUpClass): 200 GET http://10.180.1.21/compute/v2.1/servers/e97d0fb5-dfa6-4c8e-9401-d5e062187aed 0.333s
2025-05-09 10:33:58.371 70294 INFO tempest.lib.common.rest_client [req-823ecfc7-457e-4579-95ff-e6fa0feffba6 req-823ecfc7-457e-4579-95ff-e6fa0feffba6 ] Request (ServersTestManualDisk:tearDownClass): 200 GET http://10.180.1.21/compute/v2.1/servers/495437b5-1f82-4ad7-8a2c-4acf4641bfad 0.265s
2025-05-09 10:33:58.387 70310 INFO tempest.lib.common.rest_client [req-58dec53f-497f-47f2-9541-3465bd8d8649 req-58dec53f-497f-47f2-9541-3465bd8d8649 ] Request (ImagesOneServerTestJSON:setUpClass): 200 GET http://10.180.1.21/compute/v2.1/servers/88680cae-3279-4a16-997a-d39504aa920a 0.362s
2025-05-09 10:33:58.441 70316 INFO tempest.lib.common.rest_client [req-c0ff0d45-9c3c-4f79-9c52-9ca694dabe36 req-c0ff0d45-9c3c-4f79-9c52-9ca694dabe36 ] Request (InstanceActionsV221TestJSON:test_get_list_deleted_instance_actions): 200 GET http://10.180.1.21/compute/v2.1/servers/6f79348a-64cf-4104-a96b-5022e39e331e 0.335s
2025-05-09 10:33:58.448 70298 INFO tempest.lib.common.rest_client [req-0d27e55e-02ac-48b3-aecc-37a60ccd293e req-0d27e55e-02ac-48b3-aecc-37a60ccd293e ] Request (FloatingIPsAssociationNegativeTestJSON:setUpClass): 200 GET http://10.180.1.21/compute/v2.1/servers/2c9fc03a-de34-4328-b616-b66758604ebf 0.280s
2025-05-09 10:33:58.515 70280 INFO tempest.lib.common.rest_client [req-b8832346-5287-4929-8961-05fc5c27e491 req-b8832346-5287-4929-8961-05fc5c27e491 ] Request (ServersAdmin275Test:tearDownClass): 200 GET http://10.180.1.21/compute/v2.1/servers/cde4d3c3-98c8-41f3-b88f-918f09d7cfb5 0.308s
2025-05-09 10:33:58.564 70306 INFO tempest.lib.common.rest_client [req-3169624c-f180-4e06-b804-891c0ba9c090 req-3169624c-f180-4e06-b804-891c0ba9c090 ] Request (ListServersNegativeTestJSON:setUpClass): 200 GET http://10.180.1.21/compute/v2.1/servers/1fd55807-996b-4591-9709-f7508bda3b29 0.244s
2025-05-09 10:33:58.666 70266 INFO tempest.lib.common.rest_client [req-ccb3d28d-9ab8-4a3f-8f39-c205566e6b10 req-ccb3d28d-9ab8-4a3f-8f39-c205566e6b10 ] Request (ListServerFiltersTestJSON:tearDownClass): 200 GET http://10.180.1.21/compute/v2.1/servers/65509fc6-da67-4b2f-b054-ad70f32b14e8 0.320s
2025-05-09 10:33:58.721 70308 INFO tempest.lib.common.rest_client [req-16d26230-2b99-45ca-9b8f-8073f7111770 req-16d26230-2b99-45ca-9b8f-8073f7111770 ] Request (FloatingIPsAssociationTestJSON:test_associate_already_associated_floating_ip): 200 GET http://10.180.1.21/compute/v2.1/servers/8966e0fd-93cf-4a1f-aac7-883d017a6b6a 0.303s
2025-05-09 10:33:58.725 70262 WARNING tempest.lib.common.ssh [-] Failed to establish authenticated ssh connection to cirros@10.180.180.194 ([Errno None] Unable to connect to port 22 on 10.180.180.194). Number attempts: 6. Retry after 7 seconds.: paramiko.ssh_exception.NoValidConnectionsError: [Errno None] Unable to connect to port 22 on 10.180.180.194
2025-05-09 10:33:58.758 70292 INFO tempest.lib.common.rest_client [req-bcc9c460-c515-45f2-9ed3-175fb4625212 req-bcc9c460-c515-45f2-9ed3-175fb4625212 ] Request (SecurityGroupsTestJSON:test_server_security_groups): 200 GET http://10.180.1.21/compute/v2.1/servers/d7499ec6-365f-4bfe-88c3-5fb2b6c3a12b 0.500s
2025-05-09 10:33:58.777 70320 INFO tempest.lib.common.rest_client [req-94dd433a-1b30-4b27-94df-63914b6beafe req-94dd433a-1b30-4b27-94df-63914b6beafe ] Request (ServerRescueNegativeTestJSON:setUpClass): 200 GET http://10.180.1.21/compute/v2.1/servers/b4bb86cb-c79b-4305-995a-9abaf8e5beb3 0.298s
2025-05-09 10:33:58.819 70312 INFO tempest.lib.common.rest_client [req-3b3ae818-1202-4d16-bfc7-648d87244d5d req-3b3ae818-1202-4d16-bfc7-648d87244d5d ] Request (AttachInterfacesV270Test:tearDownClass): 200 GET http://10.180.1.21/compute/v2.1/servers/44167ce1-d6e6-4227-ac28-db123bc36a17 0.300s
2025-05-09 10:33:58.829 70264 INFO tempest.lib.common.rest_client [req-abd7c7bd-e7e7-461a-b265-f702ec58ad70 req-abd7c7bd-e7e7-461a-b265-f702ec58ad70 ] Request (AttachVolumeShelveTestJSON:test_attach_volume_shelved_or_offload_server): 200 GET http://10.180.1.21/compute/v2.1/servers/6610d030-9550-43f8-a8b2-703d222d842e 0.304s
2025-05-09 10:33:58.872 70318 INFO tempest.lib.common.rest_client [req-d109b567-3f75-42b3-a38c-f510302c8792 req-d109b567-3f75-42b3-a38c-f510302c8792 ] Request (ServerAddressesNegativeTestJSON:setUpClass): 200 GET http://10.180.1.21/compute/v2.1/servers/8c99ef9e-5b2d-4091-a20a-42c288533995 0.291s
2025-05-09 10:33:58.903 70268 INFO tempest.lib.common.rest_client [req-a7d8ddb3-1fc2-494d-9b92-efa6ddeab83b req-a7d8ddb3-1fc2-494d-9b92-efa6ddeab83b ] Request (ListImageFiltersTestJSON:tearDownClass): 200 GET http://10.180.1.21/compute/v2.1/servers/427f2158-7d1b-4cdf-81ee-1373ecc412fc 0.196s
2025-05-09 10:33:58.921 70288 INFO tempest.lib.common.rest_client [req-b0610c4e-bd31-4988-a060-11c5e1ff4671 req-b0610c4e-bd31-4988-a060-11c5e1ff4671 ] Request (ServersTestJSON:test_create_server_with_ipv6_addr_only): 200 GET http://10.180.1.21/compute/v2.1/servers/23d9d3bc-4ff4-410c-8e6d-c1914fb2fb24 0.162s
2025-05-09 10:33:59.054 70276 INFO tempest.lib.common.rest_client [req-75ff1404-5a64-4121-bcf2-7662c8dee656 req-75ff1404-5a64-4121-bcf2-7662c8dee656 ] Request (MigrationsAdminTest:test_resize_server_revert_deleted_flavor): 200 GET http://10.180.1.21/compute/v2.1/servers/e11d78ab-13ec-4ee5-8ec8-bbb8d1400ed4 0.048s
2025-05-09 10:33:59.084 70290 INFO tempest.lib.common.rest_client [req-d7757a56-7bf6-4927-8395-3984afa0e9b8 req-d7757a56-7bf6-4927-8395-3984afa0e9b8 ] Request (ServersAdminNegativeTestJSON:test_migrate_server_invalid_state): 200 GET http://10.180.1.21/compute/v2.1/servers/7d31a8d5-85f3-430e-85d2-cc69cce4c936 0.130s
2025-05-09 10:33:59.125 70314 INFO tempest.lib.common.rest_client [req-eebc745e-f59c-4213-9fd2-98425eed65b2 req-eebc745e-f59c-4213-9fd2-98425eed65b2 ] Request (ImagesNegativeTestJSON:test_create_image_from_deleted_server): 200 GET http://10.180.1.21/compute/v2.1/servers/6c164062-6dbb-4803-a5df-4e330b0a211c 0.058s
2025-05-09 10:33:59.147 70322 INFO tempest.lib.common.rest_client [req-a3cfb2d7-5143-48ea-a34b-3c3ab9be4214 req-a3cfb2d7-5143-48ea-a34b-3c3ab9be4214 ] Request (DeleteServersTestJSON:test_delete_active_server): 200 GET http://10.180.1.21/compute/v2.1/servers/e7505b8e-fa4e-4662-a7a2-3ae95551961b 0.064s
2025-05-09 10:33:59.175 70286 INFO tempest.lib.common.rest_client [req-c5fc68af-bb49-4b58-8633-47ce42ea9e76 req-c5fc68af-bb49-4b58-8633-47ce42ea9e76 ] Request (VolumesAssistedSnapshotsTest:_run_cleanups): 200 GET http://10.180.1.21/volume/v3/volumes/897e050c-14bc-4186-9e5a-1652426661e3 0.030s
2025-05-09 10:33:59.194 70278 INFO tempest.lib.common.rest_client [req-ff3dd4f9-8813-49aa-a2b8-461c91f9150c req-ff3dd4f9-8813-49aa-a2b8-461c91f9150c ] Request (ServersWithSpecificFlavorTestJSON:test_verify_created_server_ephemeral_disk): 200 GET http://10.180.1.21/compute/v2.1/servers/98cbd308-5f38-4b3a-a8cd-bb500cece6fc 0.061s
2025-05-09 10:33:59.218 70302 INFO tempest.lib.common.rest_client [req-5364ba24-e179-4dda-bd22-1b10009c9344 req-5364ba24-e179-4dda-bd22-1b10009c9344 ] Request (DeleteServersAdminTestJSON:test_delete_server_while_in_error_state): 200 GET http://10.180.1.21/compute/v2.1/servers/b36fdb89-69f6-47f5-8f5f-a8d0f51515c4 0.067s
2025-05-09 10:33:59.251 70270 INFO tempest.lib.common.rest_client [req-9675597c-25a0-4345-a6fd-dd3b887688f0 req-9675597c-25a0-4345-a6fd-dd3b887688f0 ] Request (ServerActionsTestOtherB:setUpClass): 200 GET http://10.180.1.21/compute/v2.1/servers/886d6345-a38f-40dc-b6c3-e50f3a9bf72c 0.055s
2025-05-09 10:33:59.300 70304 INFO tempest.lib.common.rest_client [req-d6045a39-f370-450e-8b10-815e057e92ff req-d6045a39-f370-450e-8b10-815e057e92ff ] Request (ServersAaction247Test:test_create_backup): 200 GET http://10.180.1.21/compute/v2.1/servers/23de6c8c-9515-44a8-8e1b-d268275c3513 0.069s
2025-05-09 10:33:59.307 70284 INFO tempest.lib.common.rest_client [req-fb5b2fcc-7e1f-489e-9d93-8f0726b42264 req-fb5b2fcc-7e1f-489e-9d93-8f0726b42264 ] Request (ServersAdminTestJSON:test_create_server_with_scheduling_hint): 200 GET http://10.180.1.21/compute/v2.1/servers/320bc199-1361-4dce-8888-0b8e1b81588e 0.051s
2025-05-09 10:33:59.366 70300 INFO tempest.lib.common.rest_client [req-0509ec5f-5a73-400f-aa98-8bed73fccd56 req-0509ec5f-5a73-400f-aa98-8bed73fccd56 ] Request (ServerDiskConfigTestJSON:test_rebuild_server_with_manual_disk_config): 200 GET http://10.180.1.21/compute/v2.1/servers/54bfdfc8-5e05-4f3e-87b8-44383d1d3ba5 0.083s
2025-05-09 10:33:59.372 70296 INFO tempest.lib.common.rest_client [req-e3f3b441-c1ef-44e6-a0da-3aa2f255eb9e req-e3f3b441-c1ef-44e6-a0da-3aa2f255eb9e ] Request (ServerRescueTestJSON:setUpClass): 200 GET http://10.180.1.21/compute/v2.1/servers/e97d0fb5-dfa6-4c8e-9401-d5e062187aed 0.066s
2025-05-09 10:33:59.458 70294 INFO tempest.lib.common.rest_client [req-beaacda2-c68d-466f-9bf3-f67d19f2add4 req-beaacda2-c68d-466f-9bf3-f67d19f2add4 ] Request (ServersTestManualDisk:tearDownClass): 200 GET http://10.180.1.21/compute/v2.1/servers/495437b5-1f82-4ad7-8a2c-4acf4641bfad 0.077s
2025-05-09 10:33:59.519 70310 INFO tempest.lib.common.rest_client [req-bafc2bba-c3fc-4266-96ca-94bc1c744f6f req-bafc2bba-c3fc-4266-96ca-94bc1c744f6f ] Request (ImagesOneServerTestJSON:setUpClass): 200 GET http://10.180.1.21/compute/v2.1/servers/88680cae-3279-4a16-997a-d39504aa920a 0.122s
2025-05-09 10:33:59.534 70316 INFO tempest.lib.common.rest_client [req-fa0e128e-4e42-46d3-9c67-ebfa2e50150f req-fa0e128e-4e42-46d3-9c67-ebfa2e50150f ] Request (InstanceActionsV221TestJSON:test_get_list_deleted_instance_actions): 200 GET http://10.180.1.21/compute/v2.1/servers/6f79348a-64cf-4104-a96b-5022e39e331e 0.083s
2025-05-09 10:33:59.546 70316 INFO tempest.common.waiters [-] State transition "BUILD/None" ==> "BUILD/networking" after 65 second wait
2025-05-09 10:33:59.579 70298 INFO tempest.lib.common.rest_client [req-51dcc478-4767-4322-95fc-326ea4d5b1df req-51dcc478-4767-4322-95fc-326ea4d5b1df ] Request (FloatingIPsAssociationNegativeTestJSON:setUpClass): 200 GET http://10.180.1.21/compute/v2.1/servers/2c9fc03a-de34-4328-b616-b66758604ebf 0.123s
2025-05-09 10:33:59.613 70280 INFO tempest.lib.common.rest_client [req-08cd79d1-78f5-4f80-8397-1f43fa0b9c9c req-08cd79d1-78f5-4f80-8397-1f43fa0b9c9c ] Request (ServersAdmin275Test:tearDownClass): 200 GET http://10.180.1.21/compute/v2.1/servers/cde4d3c3-98c8-41f3-b88f-918f09d7cfb5 0.086s
2025-05-09 10:33:59.636 70306 INFO tempest.lib.common.rest_client [req-d5f8348d-96bd-4487-923d-201cf44f0580 req-d5f8348d-96bd-4487-923d-201cf44f0580 ] Request (ListServersNegativeTestJSON:setUpClass): 200 GET http://10.180.1.21/compute/v2.1/servers/1fd55807-996b-4591-9709-f7508bda3b29 0.063s
2025-05-09 10:33:59.747 70266 INFO tempest.lib.common.rest_client [req-fc62798c-c362-4f20-96f1-22c16fe810d6 req-fc62798c-c362-4f20-96f1-22c16fe810d6 ] Request (ListServerFiltersTestJSON:tearDownClass): 200 GET http://10.180.1.21/compute/v2.1/servers/65509fc6-da67-4b2f-b054-ad70f32b14e8 0.073s
2025-05-09 10:33:59.787 70308 INFO tempest.lib.common.rest_client [req-5ed10bf5-4346-4c33-b492-2d0fb18c8aa3 req-5ed10bf5-4346-4c33-b492-2d0fb18c8aa3 ] Request (FloatingIPsAssociationTestJSON:test_associate_already_associated_floating_ip): 200 GET http://10.180.1.21/compute/v2.1/servers/8966e0fd-93cf-4a1f-aac7-883d017a6b6a 0.055s
2025-05-09 10:33:59.823 70292 INFO tempest.lib.common.rest_client [req-0761aa4a-8eaa-4889-9287-44d3fff68c17 req-0761aa4a-8eaa-4889-9287-44d3fff68c17 ] Request (SecurityGroupsTestJSON:test_server_security_groups): 200 GET http://10.180.1.21/compute/v2.1/servers/d7499ec6-365f-4bfe-88c3-5fb2b6c3a12b 0.056s
2025-05-09 10:33:59.834 70320 INFO tempest.lib.common.rest_client [req-84bb28a8-91f0-46aa-abc6-e1f21633ed74 req-84bb28a8-91f0-46aa-abc6-e1f21633ed74 ] Request (ServerRescueNegativeTestJSON:setUpClass): 200 GET http://10.180.1.21/compute/v2.1/servers/b4bb86cb-c79b-4305-995a-9abaf8e5beb3 0.049s
2025-05-09 10:33:59.895 70264 INFO tempest.lib.common.rest_client [req-37124443-b8d2-40d8-959a-4b98dbf9f815 req-37124443-b8d2-40d8-959a-4b98dbf9f815 ] Request (AttachVolumeShelveTestJSON:test_attach_volume_shelved_or_offload_server): 200 GET http://10.180.1.21/compute/v2.1/servers/6610d030-9550-43f8-a8b2-703d222d842e 0.056s
2025-05-09 10:33:59.895 70312 INFO tempest.lib.common.rest_client [req-98af0df7-8ab0-49a6-a81c-408be15d8c1a req-98af0df7-8ab0-49a6-a81c-408be15d8c1a ] Request (AttachInterfacesV270Test:tearDownClass): 200 GET http://10.180.1.21/compute/v2.1/servers/44167ce1-d6e6-4227-ac28-db123bc36a17 0.066s
2025-05-09 10:33:59.949 70318 INFO tempest.lib.common.rest_client [req-fa241153-0d77-42a7-b907-1aef63bb022d req-fa241153-0d77-42a7-b907-1aef63bb022d ] Request (ServerAddressesNegativeTestJSON:setUpClass): 200 GET http://10.180.1.21/compute/v2.1/servers/8c99ef9e-5b2d-4091-a20a-42c288533995 0.067s
2025-05-09 10:33:59.970 70268 INFO tempest.lib.common.rest_client [req-44c06903-264d-48ed-9435-aa4067536900 req-44c06903-264d-48ed-9435-aa4067536900 ] Request (ListImageFiltersTestJSON:tearDownClass): 200 GET http://10.180.1.21/compute/v2.1/servers/427f2158-7d1b-4cdf-81ee-1373ecc412fc 0.058s
2025-05-09 10:33:59.994 70288 INFO tempest.lib.common.rest_client [req-9de2330b-fe5b-4d11-b300-c733fcb5b21a req-9de2330b-fe5b-4d11-b300-c733fcb5b21a ] Request (ServersTestJSON:test_create_server_with_ipv6_addr_only): 200 GET http://10.180.1.21/compute/v2.1/servers/23d9d3bc-4ff4-410c-8e6d-c1914fb2fb24 0.064s
2025-05-09 10:34:00.116 70276 INFO tempest.lib.common.rest_client [req-310bb080-3a4d-4ba6-b007-913bcc8fd6e1 req-310bb080-3a4d-4ba6-b007-913bcc8fd6e1 ] Request (MigrationsAdminTest:test_resize_server_revert_deleted_flavor): 200 GET http://10.180.1.21/compute/v2.1/servers/e11d78ab-13ec-4ee5-8ec8-bbb8d1400ed4 0.052s
2025-05-09 10:34:00.189 70290 INFO tempest.lib.common.rest_client [req-14e55db7-87cf-478a-854f-0149403da762 req-14e55db7-87cf-478a-854f-0149403da762 ] Request (ServersAdminNegativeTestJSON:test_migrate_server_invalid_state): 200 GET http://10.180.1.21/compute/v2.1/servers/7d31a8d5-85f3-430e-85d2-cc69cce4c936 0.096s
2025-05-09 10:34:00.196 70290 INFO tempest.common.waiters [-] State transition "ACTIVE/suspending" ==> "SUSPENDED/None" after 3 second wait
2025-05-09 10:34:00.203 70314 INFO tempest.lib.common.rest_client [req-e1567cc1-9828-463a-8bb3-a84fe6b7d66f req-e1567cc1-9828-463a-8bb3-a84fe6b7d66f ] Request (ImagesNegativeTestJSON:test_create_image_from_deleted_server): 200 GET http://10.180.1.21/compute/v2.1/servers/6c164062-6dbb-4803-a5df-4e330b0a211c 0.065s
2025-05-09 10:34:00.216 70286 INFO tempest.lib.common.rest_client [req-e19d676b-82fa-4287-ab14-75263bbce6a4 req-e19d676b-82fa-4287-ab14-75263bbce6a4 ] Request (VolumesAssistedSnapshotsTest:_run_cleanups): 200 GET http://10.180.1.21/volume/v3/volumes/897e050c-14bc-4186-9e5a-1652426661e3 0.034s
2025-05-09 10:34:00.255 70322 INFO tempest.lib.common.rest_client [req-1138c2db-9abb-49b2-89d8-b8ef541c2c3c req-1138c2db-9abb-49b2-89d8-b8ef541c2c3c ] Request (DeleteServersTestJSON:test_delete_active_server): 200 GET http://10.180.1.21/compute/v2.1/servers/e7505b8e-fa4e-4662-a7a2-3ae95551961b 0.100s
2025-05-09 10:34:00.270 70290 INFO tempest.lib.common.rest_client [req-abd3f2ae-5232-4075-83c4-e409a7085413 req-abd3f2ae-5232-4075-83c4-e409a7085413 ] Request (ServersAdminNegativeTestJSON:test_migrate_server_invalid_state): 409 POST http://10.180.1.21/compute/v2.1/servers/7d31a8d5-85f3-430e-85d2-cc69cce4c936/action 0.074s
2025-05-09 10:34:00.301 70278 INFO tempest.lib.common.rest_client [req-265e7dd6-fd30-454f-b7d2-fee612379de0 req-265e7dd6-fd30-454f-b7d2-fee612379de0 ] Request (ServersWithSpecificFlavorTestJSON:test_verify_created_server_ephemeral_disk): 200 GET http://10.180.1.21/compute/v2.1/servers/98cbd308-5f38-4b3a-a8cd-bb500cece6fc 0.097s
2025-05-09 10:34:00.318 70302 INFO tempest.lib.common.rest_client [req-49a105ee-37e4-4090-b69b-52bad02e18b5 req-49a105ee-37e4-4090-b69b-52bad02e18b5 ] Request (DeleteServersAdminTestJSON:test_delete_server_while_in_error_state): 200 GET http://10.180.1.21/compute/v2.1/servers/b36fdb89-69f6-47f5-8f5f-a8d0f51515c4 0.091s
2025-05-09 10:34:00.326 70290 INFO tempest.lib.common.rest_client [req-688ffc80-7838-4bbc-8625-5a261c75e052 req-688ffc80-7838-4bbc-8625-5a261c75e052 ] Request (ServersAdminNegativeTestJSON:test_reset_state_server_invalid_state): 400 POST http://10.180.1.21/compute/v2.1/servers/cace175e-fd8b-41fe-a559-e0f30066a26b/action 0.054s
2025-05-09 10:34:00.355 70270 INFO tempest.lib.common.rest_client [req-ceddccf3-d316-41e9-85b2-a20ad317b9fb req-ceddccf3-d316-41e9-85b2-a20ad317b9fb ] Request (ServerActionsTestOtherB:setUpClass): 200 GET http://10.180.1.21/compute/v2.1/servers/886d6345-a38f-40dc-b6c3-e50f3a9bf72c 0.095s
2025-05-09 10:34:00.390 70304 INFO tempest.lib.common.rest_client [req-e89a3c7c-75a3-4301-b1cb-4f95b7e1bb87 req-e89a3c7c-75a3-4301-b1cb-4f95b7e1bb87 ] Request (ServersAaction247Test:test_create_backup): 200 GET http://10.180.1.21/compute/v2.1/servers/23de6c8c-9515-44a8-8e1b-d268275c3513 0.077s
2025-05-09 10:34:00.396 70290 INFO tempest.lib.common.rest_client [req-2c22c037-2896-45ed-90cd-2c58bb008805 req-2c22c037-2896-45ed-90cd-2c58bb008805 ] Request (ServersAdminNegativeTestJSON:test_reset_state_server_invalid_type): 400 POST http://10.180.1.21/compute/v2.1/servers/cace175e-fd8b-41fe-a559-e0f30066a26b/action 0.067s
2025-05-09 10:34:00.407 70284 INFO tempest.lib.common.rest_client [req-26b6eeba-957e-4d39-9b63-9bee626a87fa req-26b6eeba-957e-4d39-9b63-9bee626a87fa ] Request (ServersAdminTestJSON:test_create_server_with_scheduling_hint): 200 GET http://10.180.1.21/compute/v2.1/servers/320bc199-1361-4dce-8888-0b8e1b81588e 0.086s
2025-05-09 10:34:00.442 70300 INFO tempest.lib.common.rest_client [req-c2c55040-a9a1-4314-a926-7c131d46e4f1 req-c2c55040-a9a1-4314-a926-7c131d46e4f1 ] Request (ServerDiskConfigTestJSON:test_rebuild_server_with_manual_disk_config): 200 GET http://10.180.1.21/compute/v2.1/servers/54bfdfc8-5e05-4f3e-87b8-44383d1d3ba5 0.062s
2025-05-09 10:34:00.447 70290 INFO tempest.lib.common.rest_client [req-075196de-5097-485a-8353-c11a802daf2e req-075196de-5097-485a-8353-c11a802daf2e ] Request (ServersAdminNegativeTestJSON:test_reset_state_server_nonexistent_server): 404 POST http://10.180.1.21/compute/v2.1/servers/999/action 0.049s
2025-05-09 10:34:00.453 70296 INFO tempest.lib.common.rest_client [req-58e4b62f-0590-4f5f-b8e1-c3d3e62bcddb req-58e4b62f-0590-4f5f-b8e1-c3d3e62bcddb ] Request (ServerRescueTestJSON:setUpClass): 200 GET http://10.180.1.21/compute/v2.1/servers/e97d0fb5-dfa6-4c8e-9401-d5e062187aed 0.072s
2025-05-09 10:34:00.525 70294 INFO tempest.lib.common.rest_client [req-324c133a-c0d8-4db1-8144-14eff7bac114 req-324c133a-c0d8-4db1-8144-14eff7bac114 ] Request (ServersTestManualDisk:tearDownClass): 200 GET http://10.180.1.21/compute/v2.1/servers/495437b5-1f82-4ad7-8a2c-4acf4641bfad 0.057s
2025-05-09 10:34:00.538 70290 INFO tempest.lib.common.rest_client [req-7de2445e-0a8b-4e98-889b-8b6ab7555cfb req-7de2445e-0a8b-4e98-889b-8b6ab7555cfb ] Request (ServersAdminNegativeTestJSON:test_resize_server_using_overlimit_ram): 200 GET http://10.180.1.21/compute/v2.1/os-quota-sets/0c1296a83dd64b489a62e819e6bedfca 0.089s
2025-05-09 10:34:00.560 70290 INFO tempest.lib.common.rest_client [req-0f12e4cc-57ea-48e4-9c80-79ef95a3e8b6 req-0f12e4cc-57ea-48e4-9c80-79ef95a3e8b6 ] Request (ServersAdminNegativeTestJSON:test_resize_server_using_overlimit_ram): 200 POST http://10.180.1.21/compute/v2.1/flavors 0.020s
2025-05-09 10:34:00.653 70316 INFO tempest.lib.common.rest_client [req-da68ae43-9f36-4b33-81f6-3fbf8f9fbed0 req-da68ae43-9f36-4b33-81f6-3fbf8f9fbed0 ] Request (InstanceActionsV221TestJSON:test_get_list_deleted_instance_actions): 200 GET http://10.180.1.21/compute/v2.1/servers/6f79348a-64cf-4104-a96b-5022e39e331e 0.106s
2025-05-09 10:34:00.657 70310 INFO tempest.lib.common.rest_client [req-0737c53f-efdb-4f1c-b3b5-625465ef1acc req-0737c53f-efdb-4f1c-b3b5-625465ef1acc ] Request (ImagesOneServerTestJSON:setUpClass): 200 GET http://10.180.1.21/compute/v2.1/servers/88680cae-3279-4a16-997a-d39504aa920a 0.129s
2025-05-09 10:34:00.666 70316 INFO tempest.common.waiters [-] State transition "BUILD/networking" ==> "BUILD/spawning" after 66 second wait
2025-05-09 10:34:00.712 70298 INFO tempest.lib.common.rest_client [req-06488b9a-0a0a-4aa5-bf8b-c0c595adad91 req-06488b9a-0a0a-4aa5-bf8b-c0c595adad91 ] Request (FloatingIPsAssociationNegativeTestJSON:setUpClass): 200 GET http://10.180.1.21/compute/v2.1/servers/2c9fc03a-de34-4328-b616-b66758604ebf 0.122s
2025-05-09 10:34:00.779 70290 INFO tempest.lib.common.rest_client [req-75daedec-ce72-411f-8f9d-71680aed89a3 req-75daedec-ce72-411f-8f9d-71680aed89a3 ] Request (ServersAdminNegativeTestJSON:test_resize_server_using_overlimit_ram): 403 POST http://10.180.1.21/compute/v2.1/servers/cace175e-fd8b-41fe-a559-e0f30066a26b/action 0.217s
2025-05-09 10:34:00.788 70280 INFO tempest.lib.common.rest_client [req-ebceed4a-1ba9-422c-a584-aeb65dc36186 req-ebceed4a-1ba9-422c-a584-aeb65dc36186 ] Request (ServersAdmin275Test:tearDownClass): 200 GET http://10.180.1.21/compute/v2.1/servers/cde4d3c3-98c8-41f3-b88f-918f09d7cfb5 0.163s
2025-05-09 10:34:00.842 70306 INFO tempest.lib.common.rest_client [req-ef5557f4-e750-4ec3-a09f-4b11fa330b05 req-ef5557f4-e750-4ec3-a09f-4b11fa330b05 ] Request (ListServersNegativeTestJSON:setUpClass): 200 GET http://10.180.1.21/compute/v2.1/servers/1fd55807-996b-4591-9709-f7508bda3b29 0.198s
2025-05-09 10:34:00.852 70266 INFO tempest.lib.common.rest_client [req-030608d0-25ca-41b9-9d44-f5bc7ff8470d req-030608d0-25ca-41b9-9d44-f5bc7ff8470d ] Request (ListServerFiltersTestJSON:tearDownClass): 200 GET http://10.180.1.21/compute/v2.1/servers/65509fc6-da67-4b2f-b054-ad70f32b14e8 0.096s
2025-05-09 10:34:00.857 70290 INFO tempest.lib.common.rest_client [req-382f6a07-54bb-44cf-a1a1-7858dca8ef71 req-382f6a07-54bb-44cf-a1a1-7858dca8ef71 ] Request (ServersAdminNegativeTestJSON:_run_cleanups): 202 DELETE http://10.180.1.21/compute/v2.1/flavors/1702981282 0.077s
2025-05-09 10:34:00.859 70266 INFO tempest.common.waiters [-] State transition "ACTIVE/deleting" ==> "DELETED/None" after 3 second wait
2025-05-09 10:34:00.902 70308 INFO tempest.lib.common.rest_client [req-78808e6d-a159-4416-a3c3-b26cd2db913a req-78808e6d-a159-4416-a3c3-b26cd2db913a ] Request (FloatingIPsAssociationTestJSON:test_associate_already_associated_floating_ip): 200 GET http://10.180.1.21/compute/v2.1/servers/8966e0fd-93cf-4a1f-aac7-883d017a6b6a 0.103s
2025-05-09 10:34:00.910 70292 INFO tempest.lib.common.rest_client [req-d1ead983-42d5-4278-b084-a864514d4c85 req-d1ead983-42d5-4278-b084-a864514d4c85 ] Request (SecurityGroupsTestJSON:test_server_security_groups): 200 GET http://10.180.1.21/compute/v2.1/servers/d7499ec6-365f-4bfe-88c3-5fb2b6c3a12b 0.080s
2025-05-09 10:34:00.938 70290 INFO tempest.lib.common.rest_client [req-89769040-c088-4b19-b969-0c708bee975f req-89769040-c088-4b19-b969-0c708bee975f ] Request (ServersAdminNegativeTestJSON:_run_cleanups): 200 GET http://10.180.1.21/compute/v2.1/flavors/detail 0.080s
2025-05-09 10:34:00.952 70320 INFO tempest.lib.common.rest_client [req-530fb056-3c46-414f-bce8-e9e14758b7f8 req-530fb056-3c46-414f-bce8-e9e14758b7f8 ] Request (ServerRescueNegativeTestJSON:setUpClass): 200 GET http://10.180.1.21/compute/v2.1/servers/b4bb86cb-c79b-4305-995a-9abaf8e5beb3 0.110s
2025-05-09 10:34:00.987 70264 INFO tempest.lib.common.rest_client [req-a0231702-6103-4459-9d54-1fa9220049f6 req-a0231702-6103-4459-9d54-1fa9220049f6 ] Request (AttachVolumeShelveTestJSON:test_attach_volume_shelved_or_offload_server): 200 GET http://10.180.1.21/compute/v2.1/servers/6610d030-9550-43f8-a8b2-703d222d842e 0.082s
2025-05-09 10:34:01.007 70312 INFO tempest.lib.common.rest_client [req-adba21bb-4f54-4921-ba2b-be15c5ad3970 req-adba21bb-4f54-4921-ba2b-be15c5ad3970 ] Request (AttachInterfacesV270Test:tearDownClass): 200 GET http://10.180.1.21/compute/v2.1/servers/44167ce1-d6e6-4227-ac28-db123bc36a17 0.097s
2025-05-09 10:34:01.020 70290 INFO tempest.lib.common.rest_client [req-1d1a4481-2e62-4a2c-9928-06f1ac9a0b07 req-1d1a4481-2e62-4a2c-9928-06f1ac9a0b07 ] Request (ServersAdminNegativeTestJSON:test_resize_server_using_overlimit_vcpus): 200 GET http://10.180.1.21/compute/v2.1/os-quota-sets/0c1296a83dd64b489a62e819e6bedfca 0.076s
2025-05-09 10:34:01.060 70318 INFO tempest.lib.common.rest_client [req-c1efca34-5849-491c-8a96-cb5b035d9b9c req-c1efca34-5849-491c-8a96-cb5b035d9b9c ] Request (ServerAddressesNegativeTestJSON:setUpClass): 200 GET http://10.180.1.21/compute/v2.1/servers/8c99ef9e-5b2d-4091-a20a-42c288533995 0.104s
2025-05-09 10:34:01.081 70268 INFO tempest.lib.common.rest_client [req-927251ef-3a23-4e0b-ad7b-e7bfbbc91a30 req-927251ef-3a23-4e0b-ad7b-e7bfbbc91a30 ] Request (ListImageFiltersTestJSON:tearDownClass): 200 GET http://10.180.1.21/compute/v2.1/servers/427f2158-7d1b-4cdf-81ee-1373ecc412fc 0.103s
2025-05-09 10:34:01.097 70290 INFO tempest.lib.common.rest_client [req-e5a486a2-ffe9-4026-a76d-03ec71c1266c req-e5a486a2-ffe9-4026-a76d-03ec71c1266c ] Request (ServersAdminNegativeTestJSON:test_resize_server_using_overlimit_vcpus): 200 POST http://10.180.1.21/compute/v2.1/flavors 0.075s
2025-05-09 10:34:01.112 70288 INFO tempest.lib.common.rest_client [req-514e3197-9a5b-471f-b8b2-294b5c870491 req-514e3197-9a5b-471f-b8b2-294b5c870491 ] Request (ServersTestJSON:test_create_server_with_ipv6_addr_only): 200 GET http://10.180.1.21/compute/v2.1/servers/23d9d3bc-4ff4-410c-8e6d-c1914fb2fb24 0.110s
2025-05-09 10:34:01.175 70276 INFO tempest.lib.common.rest_client [req-4c703520-d862-4446-8bcc-43835f22fb76 req-4c703520-d862-4446-8bcc-43835f22fb76 ] Request (MigrationsAdminTest:test_resize_server_revert_deleted_flavor): 200 GET http://10.180.1.21/compute/v2.1/servers/e11d78ab-13ec-4ee5-8ec8-bbb8d1400ed4 0.051s
2025-05-09 10:34:01.175 70290 INFO tempest.lib.common.rest_client [req-4cc6b7a1-3747-41b3-8429-f713c6e20775 req-4cc6b7a1-3747-41b3-8429-f713c6e20775 ] Request (ServersAdminNegativeTestJSON:test_resize_server_using_overlimit_vcpus): 403 POST http://10.180.1.21/compute/v2.1/servers/cace175e-fd8b-41fe-a559-e0f30066a26b/action 0.075s
2025-05-09 10:34:01.191 70290 INFO tempest.lib.common.rest_client [req-3cdc8707-1f87-4db8-ae54-e19707bdee66 req-3cdc8707-1f87-4db8-ae54-e19707bdee66 ] Request (ServersAdminNegativeTestJSON:_run_cleanups): 202 DELETE http://10.180.1.21/compute/v2.1/flavors/1860789934 0.015s
2025-05-09 10:34:01.217 70290 INFO tempest.lib.common.rest_client [req-d27bdc3c-0d07-4aa8-ba56-5041bd365642 req-d27bdc3c-0d07-4aa8-ba56-5041bd365642 ] Request (ServersAdminNegativeTestJSON:_run_cleanups): 200 GET http://10.180.1.21/compute/v2.1/flavors/detail 0.025s
2025-05-09 10:34:01.242 70286 INFO tempest.lib.common.rest_client [req-c871a889-1da2-494e-9133-4966177bfdd5 req-c871a889-1da2-494e-9133-4966177bfdd5 ] Request (VolumesAssistedSnapshotsTest:_run_cleanups): 404 GET http://10.180.1.21/volume/v3/volumes/897e050c-14bc-4186-9e5a-1652426661e3 0.017s
2025-05-09 10:34:01.251 70290 INFO tempest.lib.common.rest_client [req-3a9dc829-b8f9-4cde-9c4e-47382c29295b req-3a9dc829-b8f9-4cde-9c4e-47382c29295b ] Request (ServersAdminNegativeTestJSON:test_restore_server_invalid_state): 409 POST http://10.180.1.21/compute/v2.1/servers/cace175e-fd8b-41fe-a559-e0f30066a26b/action 0.029s
2025-05-09 10:34:01.274 70314 INFO tempest.lib.common.rest_client [req-d18159f4-c6bd-4b19-8490-26f16ce7ec23 req-d18159f4-c6bd-4b19-8490-26f16ce7ec23 ] Request (ImagesNegativeTestJSON:test_create_image_from_deleted_server): 200 GET http://10.180.1.21/compute/v2.1/servers/6c164062-6dbb-4803-a5df-4e330b0a211c 0.060s
2025-05-09 10:34:01.319 70286 INFO tempest.lib.common.rest_client [req-6693b33a-ded4-4b83-a359-5d84dbe38743 req-6693b33a-ded4-4b83-a359-5d84dbe38743 ] Request (VolumesAssistedSnapshotsTest:tearDownClass): 204 DELETE http://10.180.1.21/compute/v2.1/servers/c54c4c6e-ef12-4922-9e1d-96bbb1b544bf 0.070s
2025-05-09 10:34:01.345 70290 INFO tempest.lib.common.rest_client [req-f4763e95-1ba3-4757-a1f2-12702dd5503f req-f4763e95-1ba3-4757-a1f2-12702dd5503f ] Request (ServersAdminNegativeTestJSON:tearDownClass): 204 DELETE http://10.180.1.21/compute/v2.1/servers/7d31a8d5-85f3-430e-85d2-cc69cce4c936 0.093s
2025-05-09 10:34:01.394 70322 INFO tempest.lib.common.rest_client [req-662e0ff0-b0d2-4431-9558-465265cadfab req-662e0ff0-b0d2-4431-9558-465265cadfab ] Request (DeleteServersTestJSON:test_delete_active_server): 200 GET http://10.180.1.21/compute/v2.1/servers/e7505b8e-fa4e-4662-a7a2-3ae95551961b 0.132s
2025-05-09 10:34:01.397 70278 INFO tempest.lib.common.rest_client [req-f1612c8e-edf9-4e37-9dfb-ebd0b0de9ec1 req-f1612c8e-edf9-4e37-9dfb-ebd0b0de9ec1 ] Request (ServersWithSpecificFlavorTestJSON:test_verify_created_server_ephemeral_disk): 200 GET http://10.180.1.21/compute/v2.1/servers/98cbd308-5f38-4b3a-a8cd-bb500cece6fc 0.089s
2025-05-09 10:34:01.445 70302 INFO tempest.lib.common.rest_client [req-bfd108f2-b46c-47dc-8cfc-0a39456a6306 req-bfd108f2-b46c-47dc-8cfc-0a39456a6306 ] Request (DeleteServersAdminTestJSON:test_delete_server_while_in_error_state): 200 GET http://10.180.1.21/compute/v2.1/servers/b36fdb89-69f6-47f5-8f5f-a8d0f51515c4 0.118s
2025-05-09 10:34:01.525 70286 INFO tempest.lib.common.rest_client [req-902c44ab-2e3c-467a-ae5b-4739955b99a9 req-902c44ab-2e3c-467a-ae5b-4739955b99a9 ] Request (VolumesAssistedSnapshotsTest:tearDownClass): 200 GET http://10.180.1.21/compute/v2.1/servers/c54c4c6e-ef12-4922-9e1d-96bbb1b544bf 0.206s
2025-05-09 10:34:01.560 70290 INFO tempest.lib.common.rest_client [req-b896b0fa-d7c8-4d9c-862b-a53912138994 req-b896b0fa-d7c8-4d9c-862b-a53912138994 ] Request (ServersAdminNegativeTestJSON:tearDownClass): 200 GET http://10.180.1.21/compute/v2.1/servers/7d31a8d5-85f3-430e-85d2-cc69cce4c936 0.215s
2025-05-09 10:34:01.569 70270 INFO tempest.lib.common.rest_client [req-a455feb5-6201-4a0c-a1ad-d5a96faa2d2b req-a455feb5-6201-4a0c-a1ad-d5a96faa2d2b ] Request (ServerActionsTestOtherB:setUpClass): 200 GET http://10.180.1.21/compute/v2.1/servers/886d6345-a38f-40dc-b6c3-e50f3a9bf72c 0.206s
2025-05-09 10:34:01.609 70304 INFO tempest.lib.common.rest_client [req-50d02731-f296-4ffb-a193-7f244500c3c6 req-50d02731-f296-4ffb-a193-7f244500c3c6 ] Request (ServersAaction247Test:test_create_backup): 200 GET http://10.180.1.21/compute/v2.1/servers/23de6c8c-9515-44a8-8e1b-d268275c3513 0.208s
2025-05-09 10:34:01.614 70284 INFO tempest.lib.common.rest_client [req-ff4ddc25-5eda-4606-afcb-a662cefdfb6c req-ff4ddc25-5eda-4606-afcb-a662cefdfb6c ] Request (ServersAdminTestJSON:test_create_server_with_scheduling_hint): 200 GET http://10.180.1.21/compute/v2.1/servers/320bc199-1361-4dce-8888-0b8e1b81588e 0.199s
2025-05-09 10:34:01.654 70300 INFO tempest.lib.common.rest_client [req-ebdd7552-44b7-4975-95e8-488b3a961b27 req-ebdd7552-44b7-4975-95e8-488b3a961b27 ] Request (ServerDiskConfigTestJSON:test_rebuild_server_with_manual_disk_config): 200 GET http://10.180.1.21/compute/v2.1/servers/54bfdfc8-5e05-4f3e-87b8-44383d1d3ba5 0.205s
2025-05-09 10:34:01.657 70296 INFO tempest.lib.common.rest_client [req-8036ec9b-0ff7-49e4-8742-729a1432ac75 req-8036ec9b-0ff7-49e4-8742-729a1432ac75 ] Request (ServerRescueTestJSON:setUpClass): 200 GET http://10.180.1.21/compute/v2.1/servers/e97d0fb5-dfa6-4c8e-9401-d5e062187aed 0.196s
2025-05-09 10:34:01.705 70294 INFO tempest.lib.common.rest_client [req-0c7cf461-102d-42ea-90d9-30a30a0ef6ad req-0c7cf461-102d-42ea-90d9-30a30a0ef6ad ] Request (ServersTestManualDisk:tearDownClass): 200 GET http://10.180.1.21/compute/v2.1/servers/495437b5-1f82-4ad7-8a2c-4acf4641bfad 0.167s
2025-05-09 10:34:01.757 70310 INFO tempest.lib.common.rest_client [req-b2271a53-eead-46f5-ab71-c5e9dc2deccb req-b2271a53-eead-46f5-ab71-c5e9dc2deccb ] Request (ImagesOneServerTestJSON:setUpClass): 200 GET http://10.180.1.21/compute/v2.1/servers/88680cae-3279-4a16-997a-d39504aa920a 0.092s
2025-05-09 10:34:01.764 70310 INFO tempest.common.waiters [-] State transition "BUILD/spawning" ==> "ACTIVE/None" after 68 second wait
2025-05-09 10:34:01.803 70298 INFO tempest.lib.common.rest_client [req-869364da-77bb-4a41-80ff-aa15b3a7fbdd req-869364da-77bb-4a41-80ff-aa15b3a7fbdd ] Request (FloatingIPsAssociationNegativeTestJSON:setUpClass): 200 GET http://10.180.1.21/compute/v2.1/servers/2c9fc03a-de34-4328-b616-b66758604ebf 0.083s
2025-05-09 10:34:01.813 70316 INFO tempest.lib.common.rest_client [req-89f5fa49-ba14-444d-b323-ff586aeffcbd req-89f5fa49-ba14-444d-b323-ff586aeffcbd ] Request (InstanceActionsV221TestJSON:test_get_list_deleted_instance_actions): 200 GET http://10.180.1.21/compute/v2.1/servers/6f79348a-64cf-4104-a96b-5022e39e331e 0.145s
2025-05-09 10:34:01.873 70280 INFO tempest.lib.common.rest_client [req-21581654-476d-41bb-894f-35ae55d8cfac req-21581654-476d-41bb-894f-35ae55d8cfac ] Request (ServersAdmin275Test:tearDownClass): 200 GET http://10.180.1.21/compute/v2.1/servers/cde4d3c3-98c8-41f3-b88f-918f09d7cfb5 0.072s
2025-05-09 10:34:01.921 70306 INFO tempest.lib.common.rest_client [req-721d8c45-1174-472d-9514-84333c879ef7 req-721d8c45-1174-472d-9514-84333c879ef7 ] Request (ListServersNegativeTestJSON:setUpClass): 200 GET http://10.180.1.21/compute/v2.1/servers/1fd55807-996b-4591-9709-f7508bda3b29 0.072s
2025-05-09 10:34:01.986 70266 INFO tempest.lib.common.rest_client [req-b75fd3a1-006f-4d44-bf93-143d453addd9 req-b75fd3a1-006f-4d44-bf93-143d453addd9 ] Request (ListServerFiltersTestJSON:tearDownClass): 200 GET http://10.180.1.21/compute/v2.1/servers/65509fc6-da67-4b2f-b054-ad70f32b14e8 0.127s
2025-05-09 10:34:02.040 70308 INFO tempest.lib.common.rest_client [req-ce4dc77c-68bf-427b-807e-0d373b34141c req-ce4dc77c-68bf-427b-807e-0d373b34141c ] Request (FloatingIPsAssociationTestJSON:test_associate_already_associated_floating_ip): 200 GET http://10.180.1.21/compute/v2.1/servers/8966e0fd-93cf-4a1f-aac7-883d017a6b6a 0.130s
2025-05-09 10:34:02.099 70292 INFO tempest.lib.common.rest_client [req-5160cd9d-b727-4c19-9e0c-2ecacac3e08c req-5160cd9d-b727-4c19-9e0c-2ecacac3e08c ] Request (SecurityGroupsTestJSON:test_server_security_groups): 200 GET http://10.180.1.21/compute/v2.1/servers/d7499ec6-365f-4bfe-88c3-5fb2b6c3a12b 0.177s
2025-05-09 10:34:02.158 70320 INFO tempest.lib.common.rest_client [req-53c16708-0e26-42be-9ed3-5e9cf8e1f8ec req-53c16708-0e26-42be-9ed3-5e9cf8e1f8ec ] Request (ServerRescueNegativeTestJSON:setUpClass): 200 GET http://10.180.1.21/compute/v2.1/servers/b4bb86cb-c79b-4305-995a-9abaf8e5beb3 0.195s
2025-05-09 10:34:02.207 70264 INFO tempest.lib.common.rest_client [req-7dd023fe-bf72-4ef8-81c5-c493e9217357 req-7dd023fe-bf72-4ef8-81c5-c493e9217357 ] Request (AttachVolumeShelveTestJSON:test_attach_volume_shelved_or_offload_server): 200 GET http://10.180.1.21/compute/v2.1/servers/6610d030-9550-43f8-a8b2-703d222d842e 0.211s
2025-05-09 10:34:02.229 70310 INFO tempest.lib.common.rest_client [req-2817e822-d8fd-43b4-a6ef-19f54080d1e1 req-2817e822-d8fd-43b4-a6ef-19f54080d1e1 ] Request (ImagesOneServerTestJSON:test_create_delete_image): 202 POST http://10.180.1.21/compute/v2.1/servers/88680cae-3279-4a16-997a-d39504aa920a/action 0.465s
2025-05-09 10:34:02.278 70312 INFO tempest.lib.common.rest_client [req-1b93496f-c941-4458-bdbb-f0c40162f428 req-1b93496f-c941-4458-bdbb-f0c40162f428 ] Request (AttachInterfacesV270Test:tearDownClass): 200 GET http://10.180.1.21/compute/v2.1/servers/44167ce1-d6e6-4227-ac28-db123bc36a17 0.259s
2025-05-09 10:34:02.283 70318 INFO tempest.lib.common.rest_client [req-13128789-4c6a-4636-aeaa-c40a8f6fa51b req-13128789-4c6a-4636-aeaa-c40a8f6fa51b ] Request (ServerAddressesNegativeTestJSON:setUpClass): 200 GET http://10.180.1.21/compute/v2.1/servers/8c99ef9e-5b2d-4091-a20a-42c288533995 0.215s
2025-05-09 10:34:02.330 70288 INFO tempest.lib.common.rest_client [req-0178c030-d5c4-4cb8-8e11-76eb55fc0fcc req-0178c030-d5c4-4cb8-8e11-76eb55fc0fcc ] Request (ServersTestJSON:test_create_server_with_ipv6_addr_only): 200 GET http://10.180.1.21/compute/v2.1/servers/23d9d3bc-4ff4-410c-8e6d-c1914fb2fb24 0.209s
2025-05-09 10:34:02.332 70268 INFO tempest.lib.common.rest_client [req-76fb5162-2ecc-4f90-9065-44df29281342 req-76fb5162-2ecc-4f90-9065-44df29281342 ] Request (ListImageFiltersTestJSON:tearDownClass): 200 GET http://10.180.1.21/compute/v2.1/servers/427f2158-7d1b-4cdf-81ee-1373ecc412fc 0.241s
2025-05-09 10:34:02.364 70310 INFO tempest.lib.common.rest_client [req-cb404d09-4677-4044-9845-847958c5fe0c req-cb404d09-4677-4044-9845-847958c5fe0c ] Request (ImagesOneServerTestJSON:test_create_delete_image): 200 GET http://10.180.1.21/compute/v2.1/images/3baef95f-656b-40e2-a299-0b5431146287 0.133s
2025-05-09 10:34:02.384 70276 INFO tempest.lib.common.rest_client [req-4c857b29-54fa-4c9c-afcd-719637cd966b req-4c857b29-54fa-4c9c-afcd-719637cd966b ] Request (MigrationsAdminTest:test_resize_server_revert_deleted_flavor): 200 GET http://10.180.1.21/compute/v2.1/servers/e11d78ab-13ec-4ee5-8ec8-bbb8d1400ed4 0.201s
2025-05-09 10:34:02.431 70314 INFO tempest.lib.common.rest_client [req-c2d03084-d760-41f9-abe7-5de7992262cd req-c2d03084-d760-41f9-abe7-5de7992262cd ] Request (ImagesNegativeTestJSON:test_create_image_from_deleted_server): 200 GET http://10.180.1.21/compute/v2.1/servers/6c164062-6dbb-4803-a5df-4e330b0a211c 0.148s
2025-05-09 10:34:02.486 70278 INFO tempest.lib.common.rest_client [req-ba3c2440-71f4-402f-965b-7c35a597a5cc req-ba3c2440-71f4-402f-965b-7c35a597a5cc ] Request (ServersWithSpecificFlavorTestJSON:test_verify_created_server_ephemeral_disk): 200 GET http://10.180.1.21/compute/v2.1/servers/98cbd308-5f38-4b3a-a8cd-bb500cece6fc 0.081s
2025-05-09 10:34:02.538 70302 INFO tempest.lib.common.rest_client [req-d9bbfc74-0a35-411e-a177-0fb4ce2ff278 req-d9bbfc74-0a35-411e-a177-0fb4ce2ff278 ] Request (DeleteServersAdminTestJSON:test_delete_server_while_in_error_state): 200 GET http://10.180.1.21/compute/v2.1/servers/b36fdb89-69f6-47f5-8f5f-a8d0f51515c4 0.086s
