2025-05-09 10:31:53.935 70288 INFO tempest.lib.common.rest_client [req-445c35ca-2cf1-4507-8822-1ae497ddb8d7 req-445c35ca-2cf1-4507-8822-1ae497ddb8d7 ] Request (AZAdminV2TestJSON:tearDownClass): 201 POST http://10.180.1.21/identity/v3/auth/tokens 0.159s
2025-05-09 10:31:53.935 70282 INFO tempest.lib.common.rest_client [req-a50b1184-be9e-4556-8661-8dd4381363be req-a50b1184-be9e-4556-8661-8dd4381363be ] Request (FlavorsExtraSpecsTestJSON:test_flavor_non_admin_get_all_keys): 200 GET http://10.180.1.21/compute/v2.1/flavors/1917662970/os-extra_specs 2.178s
2025-05-09 10:31:53.948 70284 INFO tempest.lib.common.rest_client [req-a3e3b1cd-f753-46b9-843e-91e2300acb25 req-a3e3b1cd-f753-46b9-843e-91e2300acb25 ] Request (HostsAdminNegativeTestJSON:test_show_host_detail_with_non_admin_user): 403 GET http://10.180.1.21/compute/v2.1/os-hosts/devstack 2.169s
2025-05-09 10:31:53.969 70274 INFO tempest.lib.common.rest_client [req-2ffa3394-cd98-4618-93b1-a4d0b0ae4046 req-2ffa3394-cd98-4618-93b1-a4d0b0ae4046 ] Request (HypervisorAdminV228Test:tearDownClass): 204 DELETE http://10.180.1.21/identity/v3/projects/e6f91911ffab45d99c4cdb2a6d79e58e 0.189s
2025-05-09 10:31:54.011 70302 INFO tempest.lib.common.rest_client [req-5fb8db61-6a69-4d11-a6ff-674ec175cc52 req-5fb8db61-6a69-4d11-a6ff-674ec175cc52 ] Request (DeleteServersAdminTestJSON:setUpClass): 201 POST http://10.180.1.21/identity/v3/auth/tokens 0.168s
2025-05-09 10:31:54.065 70268 INFO tempest.lib.common.rest_client [req-3cd3251c-fc06-46c0-a2ae-b27e336e8122 req-3cd3251c-fc06-46c0-a2ae-b27e336e8122 ] Request (ListImageFiltersTestJSON:setUpClass): 201 POST http://10.180.1.21/image/v2/images 0.823s
2025-05-09 10:31:54.080 70306 INFO tempest.lib.common.rest_client [req-99ac4d88-b7f4-4da2-b17a-4d250848a9b0 req-99ac4d88-b7f4-4da2-b17a-4d250848a9b0 ] Request (InstanceActionsNegativeTestJSON:setUpClass): 200 GET http://10.180.1.21/identity/v3/domains?name=Default 0.172s
2025-05-09 10:31:54.101 70312 INFO tempest.lib.common.rest_client [req-d8ecaff9-e316-44d2-b81b-a8f29923e041 req-d8ecaff9-e316-44d2-b81b-a8f29923e041 ] Request (SecurityGroupRulesNegativeTestJSON:setUpClass): 201 POST http://10.180.1.21/identity/v3/auth/tokens 0.190s
2025-05-09 10:31:54.181 70274 INFO tempest.lib.common.rest_client [req-daa558aa-7421-4e58-bb80-c7025abfe10e req-daa558aa-7421-4e58-bb80-c7025abfe10e ] Request (QuotasAdminTestJSON:setUpClass): 201 POST http://10.180.1.21/identity/v3/auth/tokens 0.210s
2025-05-09 10:31:54.226 70302 INFO tempest.lib.common.rest_client [req-44d8be9f-e539-40a8-94ef-41b7c5a230c4 req-44d8be9f-e539-40a8-94ef-41b7c5a230c4 ] Request (DeleteServersAdminTestJSON:setUpClass): 201 POST http://10.180.1.21/identity/v3/projects 0.214s
2025-05-09 10:31:54.232 70306 INFO tempest.lib.common.rest_client [req-62aac420-f06d-4e58-b02e-1b8889510266 req-62aac420-f06d-4e58-b02e-1b8889510266 ] Request (InstanceActionsNegativeTestJSON:setUpClass): 201 POST http://10.180.1.21/identity/v3/projects 0.151s
2025-05-09 10:31:54.278 70288 INFO tempest.lib.common.rest_client [req-e28d875c-c66c-413f-9e59-96e49e9c1d09 req-e28d875c-c66c-413f-9e59-96e49e9c1d09 ] Request (AZAdminV2TestJSON:tearDownClass): 200 GET http://10.180.1.21:9696/networking/v2.0/security-groups?tenant_id=b68d094de03d47478741f57df1a1db6c&name=default 0.342s
2025-05-09 10:31:54.306 70274 INFO tempest.lib.common.rest_client [req-976fccf4-a790-46cd-8ee3-335472261d0a req-976fccf4-a790-46cd-8ee3-335472261d0a ] Request (QuotasAdminTestJSON:setUpClass): 201 POST http://10.180.1.21/identity/v3/auth/tokens 0.121s
2025-05-09 10:31:54.329 70302 INFO tempest.lib.common.rest_client [req-af333000-d8e0-4dd5-9826-6da8e5527303 req-af333000-d8e0-4dd5-9826-6da8e5527303 ] Request (DeleteServersAdminTestJSON:setUpClass): 201 POST http://10.180.1.21/identity/v3/users 0.102s
2025-05-09 10:31:54.350 70306 INFO tempest.lib.common.rest_client [req-14a71379-e290-4163-b411-cb6988e2545d req-14a71379-e290-4163-b411-cb6988e2545d ] Request (InstanceActionsNegativeTestJSON:setUpClass): 201 POST http://10.180.1.21/identity/v3/users 0.117s
2025-05-09 10:31:54.375 70274 INFO tempest.lib.common.rest_client [req-61a01a1a-af8b-456c-b253-05d3e6cf6916 req-61a01a1a-af8b-456c-b253-05d3e6cf6916 ] Request (QuotasAdminTestJSON:setUpClass): 200 GET http://10.180.1.21/identity/v3/domains?name=Default 0.069s
2025-05-09 10:31:54.392 70306 INFO tempest.lib.common.rest_client [req-05c81c50-c400-4978-9af8-1f335378174c req-05c81c50-c400-4978-9af8-1f335378174c ] Request (InstanceActionsNegativeTestJSON:setUpClass): 200 GET http://10.180.1.21/identity/v3/roles 0.042s
2025-05-09 10:31:54.399 70302 INFO tempest.lib.common.rest_client [req-bec59543-b45d-49cb-b469-0d08fa481746 req-bec59543-b45d-49cb-b469-0d08fa481746 ] Request (DeleteServersAdminTestJSON:setUpClass): 200 GET http://10.180.1.21/identity/v3/roles 0.070s
2025-05-09 10:31:54.421 70274 INFO tempest.lib.common.rest_client [req-07c8c112-fe3b-45ce-859f-2c49ce2ece3a req-07c8c112-fe3b-45ce-859f-2c49ce2ece3a ] Request (QuotasAdminTestJSON:setUpClass): 201 POST http://10.180.1.21/identity/v3/projects 0.045s
2025-05-09 10:31:54.427 70308 INFO tempest.lib.common.rest_client [req-12893c3f-fc53-415d-a22f-b9ed4f891d77 req-12893c3f-fc53-415d-a22f-b9ed4f891d77 ] Request (QuotasAdminNegativeTest:test_create_server_when_cpu_quota_is_full): 403 POST http://10.180.1.21/compute/v2.1/servers 2.576s
2025-05-09 10:31:54.428 70288 INFO tempest.lib.common.rest_client [req-9156706a-1a75-4583-b3b7-e56299c10715 req-9156706a-1a75-4583-b3b7-e56299c10715 ] Request (AZAdminV2TestJSON:tearDownClass): 204 DELETE http://10.180.1.21:9696/networking/v2.0/security-groups/7fc06a7e-3902-4199-81b8-1dacdbebad12 0.149s
2025-05-09 10:31:54.433 70306 INFO tempest.lib.common.rest_client [req-93e66ebf-3282-4bc0-89cf-36738eba6050 req-93e66ebf-3282-4bc0-89cf-36738eba6050 ] Request (InstanceActionsNegativeTestJSON:setUpClass): 204 PUT http://10.180.1.21/identity/v3/projects/a4eff11a606f49c39d7749911b66028b/users/5f3d3efa0a474f23addb335d5aa10876/roles/389611adb3984f19aa0b72b1615486fd 0.040s
2025-05-09 10:31:54.434 70306 INFO tempest.lib.common.dynamic_creds [-] Dynamic test user 5f3d3efa0a474f23addb335d5aa10876 is created with scope project and roles: ['member']
2025-05-09 10:31:54.434 70306 INFO tempest.lib.common.dynamic_creds [-] Acquired dynamic creds: credentials: Credentials: {'domain_id': 'default', 'domain_name': 'Default', 'username': 'tempest-InstanceActionsNegativeTestJSON-1021238109-project-member', 'project_domain_id': 'default', 'project_domain_name': 'Default', 'project_id': 'a4eff11a606f49c39d7749911b66028b', 'project_name': 'tempest-InstanceActionsNegativeTestJSON-1021238109', 'tenant_id': 'a4eff11a606f49c39d7749911b66028b', 'tenant_name': 'tempest-InstanceActionsNegativeTestJSON-1021238109', 'user_domain_id': 'default', 'user_domain_name': 'Default', 'user_id': '5f3d3efa0a474f23addb335d5aa10876', 'system': None}, Network: None, Subnet: None, Router: None
2025-05-09 10:31:54.496 70274 INFO tempest.lib.common.rest_client [req-6ed40ed6-85d4-4605-86c0-05b92ae348f1 req-6ed40ed6-85d4-4605-86c0-05b92ae348f1 ] Request (QuotasAdminTestJSON:setUpClass): 201 POST http://10.180.1.21/identity/v3/users 0.074s
2025-05-09 10:31:54.528 70302 INFO tempest.lib.common.rest_client [req-336d8922-7b75-4f80-aee0-df354aa38a7e req-336d8922-7b75-4f80-aee0-df354aa38a7e ] Request (DeleteServersAdminTestJSON:setUpClass): 204 PUT http://10.180.1.21/identity/v3/projects/1347548a926245ed8b5004df88cf76a6/users/310684032d5547ec92b2c1288d30d35c/roles/27bb5df3d33d4a7ebaebc2c2bb75f7b4 0.129s
2025-05-09 10:31:54.537 70310 INFO tempest.lib.common.rest_client [req-de7e3022-39d2-46a1-842e-8f093391d27e req-de7e3022-39d2-46a1-842e-8f093391d27e ] Request (ServerDiagnosticsNegativeTest:test_get_server_diagnostics_by_non_admin): 200 GET http://10.180.1.21/compute/v2.1/servers/81cf6545-c302-4478-8d84-9f0d0914a2a8 2.505s
2025-05-09 10:31:54.549 70290 INFO tempest.lib.common.rest_client [req-e65a47a0-c28f-4a7f-a78c-457a5f4c7434 req-e65a47a0-c28f-4a7f-a78c-457a5f4c7434 ] Request (KeyPairsV210TestJSON:test_admin_manage_keypairs_for_other_users): 200 GET http://10.180.1.21/compute/v2.1/os-keypairs/tempest-keypair-387903685?user_id=b5094c0835e7446f825b3fc05887b815 2.470s
2025-05-09 10:31:54.589 70288 INFO tempest.lib.common.rest_client [req-4d7a6148-291d-4227-b226-9f7813c60f5f req-4d7a6148-291d-4227-b226-9f7813c60f5f ] Request (AZAdminV2TestJSON:tearDownClass): 204 DELETE http://10.180.1.21/identity/v3/projects/b68d094de03d47478741f57df1a1db6c 0.160s
2025-05-09 10:31:54.590 70288 INFO tempest.lib.common.dynamic_creds [-] Deleting project and security group for project: 74166655b0f5458ca5052a84ba2a66be
2025-05-09 10:31:54.595 70306 INFO tempest.lib.common.rest_client [req-23cb5517-2f87-4569-acc3-f0c53b395fb3 req-23cb5517-2f87-4569-acc3-f0c53b395fb3 ] Request (InstanceActionsNegativeTestJSON:setUpClass): 201 POST http://10.180.1.21/identity/v3/auth/tokens 0.161s
2025-05-09 10:31:54.599 70266 INFO tempest.lib.common.rest_client [req-07a929b8-7c50-49a7-b4b5-f3134a4431db req-07a929b8-7c50-49a7-b4b5-f3134a4431db ] Request (ListServerFiltersTestJSON:setUpClass): 202 POST http://10.180.1.21/compute/v2.1/servers 3.163s
2025-05-09 10:31:54.616 70274 INFO tempest.lib.common.rest_client [req-1e777e02-ef7f-445e-a248-97e4feeff727 req-1e777e02-ef7f-445e-a248-97e4feeff727 ] Request (QuotasAdminTestJSON:setUpClass): 200 GET http://10.180.1.21/identity/v3/roles 0.119s
2025-05-09 10:31:54.627 70302 INFO tempest.lib.common.rest_client [req-7a184e49-e531-4dd4-a88e-5f79d7ecd9c7 req-7a184e49-e531-4dd4-a88e-5f79d7ecd9c7 ] Request (DeleteServersAdminTestJSON:setUpClass): 200 GET http://10.180.1.21/identity/v3/roles 0.098s
2025-05-09 10:31:54.685 70266 INFO tempest.lib.common.rest_client [req-0efd77ac-7db7-4ac4-b530-58c648221397 req-0efd77ac-7db7-4ac4-b530-58c648221397 ] Request (ListServerFiltersTestJSON:setUpClass): 201 POST http://10.180.1.21/identity/v3/auth/tokens 0.081s
2025-05-09 10:31:54.685 70266 INFO tempest.lib.common.fixed_network [-] (ListServerFiltersTestJSON:setUpClass) Found network {'id': 'f2fbd993-3387-42df-89dd-2bdefaa70853', 'name': 'tempest-ListServerFiltersTestJSON-1460301095-network', 'tenant_id': 'b861186c6bbc4eda9db4610adbb54fad', 'admin_state_up': True, 'mtu': 8950, 'status': 'ACTIVE', 'subnets': [], 'shared': False, 'project_id': 'b861186c6bbc4eda9db4610adbb54fad', 'port_security_enabled': True, 'router:external': False, 'provider:network_type': 'vlan', 'provider:physical_network': 'default', 'provider:segmentation_id': 556, 'availability_zone_hints': [], 'availability_zones': [], 'ipv4_address_scope': None, 'ipv6_address_scope': None, 'description': '', 'tags': [], 'created_at': '2025-05-09T10:31:50Z', 'updated_at': '2025-05-09T10:31:50Z', 'revision_number': 1} available for tenant
2025-05-09 10:31:54.706 70274 INFO tempest.lib.common.rest_client [req-720d4668-02b8-4247-aa0a-5402bd3c06ad req-720d4668-02b8-4247-aa0a-5402bd3c06ad ] Request (QuotasAdminTestJSON:setUpClass): 204 PUT http://10.180.1.21/identity/v3/projects/c6b345fe29104727b7595b57346436cd/users/c453d760a36b49c8add1017ca8632829/roles/389611adb3984f19aa0b72b1615486fd 0.090s
2025-05-09 10:31:54.707 70274 INFO tempest.lib.common.dynamic_creds [-] Dynamic test user c453d760a36b49c8add1017ca8632829 is created with scope project and roles: ['member']
2025-05-09 10:31:54.707 70274 INFO tempest.lib.common.dynamic_creds [-] Acquired dynamic creds: credentials: Credentials: {'domain_id': 'default', 'domain_name': 'Default', 'username': 'tempest-QuotasAdminTestJSON-2025592117-project-member', 'project_domain_id': 'default', 'project_domain_name': 'Default', 'project_id': 'c6b345fe29104727b7595b57346436cd', 'project_name': 'tempest-QuotasAdminTestJSON-2025592117', 'tenant_id': 'c6b345fe29104727b7595b57346436cd', 'tenant_name': 'tempest-QuotasAdminTestJSON-2025592117', 'user_domain_id': 'default', 'user_domain_name': 'Default', 'user_id': 'c453d760a36b49c8add1017ca8632829', 'system': None}, Network: None, Subnet: None, Router: None
2025-05-09 10:31:54.707 70274 INFO tempest.lib.common.dynamic_creds [-] Created isolated network resources for: credentials: Credentials: {'domain_id': 'default', 'domain_name': 'Default', 'username': 'tempest-QuotasAdminTestJSON-2025592117-project-member', 'project_domain_id': 'default', 'project_domain_name': 'Default', 'project_id': 'c6b345fe29104727b7595b57346436cd', 'project_name': 'tempest-QuotasAdminTestJSON-2025592117', 'tenant_id': 'c6b345fe29104727b7595b57346436cd', 'tenant_name': 'tempest-QuotasAdminTestJSON-2025592117', 'user_domain_id': 'default', 'user_domain_name': 'Default', 'user_id': 'c453d760a36b49c8add1017ca8632829', 'system': None}, Network: None, Subnet: None, Router: None
2025-05-09 10:31:54.752 70302 INFO tempest.lib.common.rest_client [req-e5a0b80e-cd5a-40c5-b2ef-ee973f5c932a req-e5a0b80e-cd5a-40c5-b2ef-ee973f5c932a ] Request (DeleteServersAdminTestJSON:setUpClass): 204 PUT http://10.180.1.21/identity/v3/projects/1347548a926245ed8b5004df88cf76a6/users/310684032d5547ec92b2c1288d30d35c/roles/27bb5df3d33d4a7ebaebc2c2bb75f7b4 0.124s
2025-05-09 10:31:54.752 70302 INFO tempest.lib.common.dynamic_creds [-] Dynamic test user 310684032d5547ec92b2c1288d30d35c is created with scope project and roles: ['admin']
2025-05-09 10:31:54.752 70302 INFO tempest.lib.common.dynamic_creds [-] Acquired dynamic creds: credentials: Credentials: {'domain_id': 'default', 'domain_name': 'Default', 'username': 'tempest-DeleteServersAdminTestJSON-1577048396-project-admin', 'project_domain_id': 'default', 'project_domain_name': 'Default', 'project_id': '1347548a926245ed8b5004df88cf76a6', 'project_name': 'tempest-DeleteServersAdminTestJSON-1577048396', 'tenant_id': '1347548a926245ed8b5004df88cf76a6', 'tenant_name': 'tempest-DeleteServersAdminTestJSON-1577048396', 'user_domain_id': 'default', 'user_domain_name': 'Default', 'user_id': '310684032d5547ec92b2c1288d30d35c', 'system': None}, Network: None, Subnet: None, Router: None
2025-05-09 10:31:54.752 70302 INFO tempest.lib.common.dynamic_creds [-] Created isolated network resources for: credentials: Credentials: {'domain_id': 'default', 'domain_name': 'Default', 'username': 'tempest-DeleteServersAdminTestJSON-1577048396-project-admin', 'project_domain_id': 'default', 'project_domain_name': 'Default', 'project_id': '1347548a926245ed8b5004df88cf76a6', 'project_name': 'tempest-DeleteServersAdminTestJSON-1577048396', 'tenant_id': '1347548a926245ed8b5004df88cf76a6', 'tenant_name': 'tempest-DeleteServersAdminTestJSON-1577048396', 'user_domain_id': 'default', 'user_domain_name': 'Default', 'user_id': '310684032d5547ec92b2c1288d30d35c', 'system': None}, Network: None, Subnet: None, Router: None
2025-05-09 10:31:54.807 70288 INFO tempest.lib.common.rest_client [req-365b43ba-453b-4368-8497-f52422d611c6 req-365b43ba-453b-4368-8497-f52422d611c6 ] Request (AZAdminV2TestJSON:tearDownClass): 200 GET http://10.180.1.21:9696/networking/v2.0/security-groups?tenant_id=74166655b0f5458ca5052a84ba2a66be&name=default 0.217s
2025-05-09 10:31:54.828 70274 INFO tempest.lib.common.rest_client [req-341e5440-ef14-4b05-b124-1c621e537f3b req-341e5440-ef14-4b05-b124-1c621e537f3b ] Request (QuotasAdminTestJSON:setUpClass): 201 POST http://10.180.1.21/identity/v3/auth/tokens 0.114s
2025-05-09 10:31:54.869 70264 INFO tempest.lib.common.rest_client [req-e857d838-12b9-4dfa-91b2-470238219dc7 req-e857d838-12b9-4dfa-91b2-470238219dc7 ] Request (FlavorsAccessNegativeTestJSON:test_add_flavor_access_duplicate): 200 POST http://10.180.1.21/compute/v2.1/flavors/364356494/action 2.760s
2025-05-09 10:31:54.879 70300 INFO tempest.lib.common.rest_client [req-3685cf32-b3d7-4a8e-8f42-6cb53121d66c req-3685cf32-b3d7-4a8e-8f42-6cb53121d66c ] Request (ImagesMetadataTestJSON:setUp): 200 PUT http://10.180.1.21/compute/v2.1/images/dd24b18a-3936-43a5-803e-a626312f17ea/metadata 2.762s
2025-05-09 10:31:54.885 70286 INFO tempest.lib.common.rest_client [req-8701b25f-697b-4387-80b4-b8cb34779191 req-8701b25f-697b-4387-80b4-b8cb34779191 ] Request (VolumesAssistedSnapshotsTest:setUpClass): 200 PUT http://10.180.1.21:9696/networking/v2.0/routers/8c91f2a0-7049-4b6f-8b63-d950bc1ffc90/add_router_interface 0.985s
2025-05-09 10:31:54.885 70286 INFO tempest.lib.common.dynamic_creds [-] Created isolated network resources for: credentials: Credentials: {'domain_id': 'default', 'domain_name': 'Default', 'username': 'tempest-VolumesAssistedSnapshotsTest-982823019-project', 'project_domain_id': 'default', 'project_domain_name': 'Default', 'project_id': '65f9d57d1633473d893f543ac0203f86', 'project_name': 'tempest-VolumesAssistedSnapshotsTest-982823019', 'tenant_id': '65f9d57d1633473d893f543ac0203f86', 'tenant_name': 'tempest-VolumesAssistedSnapshotsTest-982823019', 'user_domain_id': 'default', 'user_domain_name': 'Default', 'user_id': 'e3ae8779ff0e42dcb1d250b01ef87a7c', 'system': None}, Network: {'id': '1a0f4fc3-d2bb-4f4b-831e-29b2f2cb1ceb', 'name': 'tempest-VolumesAssistedSnapshotsTest-1050203660-network', 'tenant_id': '65f9d57d1633473d893f543ac0203f86', 'admin_state_up': True, 'mtu': 8950, 'status': 'ACTIVE', 'subnets': [], 'shared': False, 'project_id': '65f9d57d1633473d893f543ac0203f86', 'port_security_enabled': True, 'router:external': False, 'provider:network_type': 'vlan', 'provider:physical_network': 'default', 'provider:segmentation_id': 561, 'availability_zone_hints': [], 'availability_zones': [], 'ipv4_address_scope': None, 'ipv6_address_scope': None, 'description': '', 'tags': [], 'created_at': '2025-05-09T10:31:52Z', 'updated_at': '2025-05-09T10:31:52Z', 'revision_number': 1}, Subnet: {'id': 'c6bccd69-2702-4a0d-b126-57b098a33456', 'name': 'tempest-VolumesAssistedSnapshotsTest-1050203660-subnet', 'tenant_id': '65f9d57d1633473d893f543ac0203f86', 'network_id': '1a0f4fc3-d2bb-4f4b-831e-29b2f2cb1ceb', 'ip_version': 4, 'subnetpool_id': None, 'enable_dhcp': True, 'ipv6_ra_mode': None, 'ipv6_address_mode': None, 'gateway_ip': '192.168.128.1', 'cidr': '192.168.128.0/28', 'allocation_pools': [{'start': '192.168.128.2', 'end': '192.168.128.14'}], 'host_routes': [], 'dns_nameservers': [], 'description': '', 'router:external': False, 'service_types': [], 'tags': [], 'created_at': '2025-05-09T10:31:52Z', 'updated_at': '2025-05-09T10:31:52Z', 'revision_number': 0, 'project_id': '65f9d57d1633473d893f543ac0203f86'}, Router: {'id': '8c91f2a0-7049-4b6f-8b63-d950bc1ffc90', 'name': 'tempest-VolumesAssistedSnapshotsTest-1050203660-router', 'tenant_id': '65f9d57d1633473d893f543ac0203f86', 'admin_state_up': True, 'status': 'ACTIVE', 'external_gateway_info': {'network_id': 'f7819dd8-9355-4813-a6f8-f4c2dd3b7739', 'external_fixed_ips': [{'subnet_id': '3668d552-8dcd-4c39-a1b9-f0121f4f97dc', 'ip_address': '10.180.180.217'}], 'enable_snat': True}, 'description': '', 'availability_zones': [], 'distributed': False, 'ha': False, 'availability_zone_hints': [], 'routes': [], 'flavor_id': None, 'tags': [], 'created_at': '2025-05-09T10:31:52Z', 'updated_at': '2025-05-09T10:31:53Z', 'revision_number': 2, 'project_id': '65f9d57d1633473d893f543ac0203f86'}
2025-05-09 10:31:54.903 70302 INFO tempest.lib.common.rest_client [req-69b40916-5dba-443c-9a55-c5d0a53e29a3 req-69b40916-5dba-443c-9a55-c5d0a53e29a3 ] Request (DeleteServersAdminTestJSON:setUpClass): 201 POST http://10.180.1.21/identity/v3/auth/tokens 0.148s
2025-05-09 10:31:54.929 70274 INFO tempest.lib.common.rest_client [req-b60093c8-727a-4746-9446-d106df4b5562 req-b60093c8-727a-4746-9446-d106df4b5562 ] Request (QuotasAdminTestJSON:setUpClass): 201 POST http://10.180.1.21/identity/v3/projects 0.101s
2025-05-09 10:31:54.943 70276 INFO tempest.lib.common.rest_client [req-fd334d4c-89c9-4cb1-85f9-2a5bdb49d44d req-fd334d4c-89c9-4cb1-85f9-2a5bdb49d44d ] Request (MigrationsAdminTest:test_list_migrations_in_flavor_resize_situation): 200 GET http://10.180.1.21/compute/v2.1/servers/7b734fe9-f3fd-4230-a28d-6152e33ec400 2.345s
2025-05-09 10:31:54.975 70286 INFO tempest.lib.common.rest_client [req-8720df3a-53c6-4c85-9cad-503b12ea99cc req-8720df3a-53c6-4c85-9cad-503b12ea99cc ] Request (VolumesAssistedSnapshotsTest:setUpClass): 201 POST http://10.180.1.21/identity/v3/auth/tokens 0.086s
2025-05-09 10:31:54.981 70302 INFO tempest.lib.common.rest_client [req-11b11a33-a1d5-4a51-a063-39fd83bbcde2 req-11b11a33-a1d5-4a51-a063-39fd83bbcde2 ] Request (DeleteServersAdminTestJSON:test_admin_delete_servers_of_others): 201 POST http://10.180.1.21/identity/v3/auth/tokens 0.074s
2025-05-09 10:31:54.982 70302 INFO tempest.lib.common.fixed_network [-] (DeleteServersAdminTestJSON:test_admin_delete_servers_of_others) Found network None available for tenant
2025-05-09 10:31:55.005 70262 INFO tempest.lib.common.rest_client [req-1afef077-eb20-4400-a644-9f82aca63e7f req-1afef077-eb20-4400-a644-9f82aca63e7f ] Request (NetworksTest:test_list_all_networks): 200 GET http://10.180.1.21/compute/v2.1/os-networks 2.815s
2025-05-09 10:31:55.018 70288 INFO tempest.lib.common.rest_client [req-69e91d13-b8a5-4d17-a433-3f31cc12ba59 req-69e91d13-b8a5-4d17-a433-3f31cc12ba59 ] Request (AZAdminV2TestJSON:tearDownClass): 204 DELETE http://10.180.1.21:9696/networking/v2.0/security-groups/a11861cc-15fb-4a83-9f2b-90ce860d30bb 0.210s
2025-05-09 10:31:55.023 70296 INFO tempest.lib.common.rest_client [req-60787557-1abd-45c3-a559-c9782b80181f req-60787557-1abd-45c3-a559-c9782b80181f ] Request (HypervisorAdminNegativeUnderV252Test:test_search_nonexistent_hypervisor): 404 GET http://10.180.1.21/compute/v2.1/os-hypervisors/nonexistent_hypervisor_name/search 2.165s
2025-05-09 10:31:55.032 70274 INFO tempest.lib.common.rest_client [req-0774111d-0bae-4cde-9e86-a2ecb90f6da8 req-0774111d-0bae-4cde-9e86-a2ecb90f6da8 ] Request (QuotasAdminTestJSON:setUpClass): 201 POST http://10.180.1.21/identity/v3/users 0.103s
2025-05-09 10:31:55.049 70306 INFO tempest.lib.common.rest_client [req-87e29bea-28ca-4481-8343-ff378bacc8fa req-87e29bea-28ca-4481-8343-ff378bacc8fa ] Request (InstanceActionsNegativeTestJSON:setUpClass): 201 POST http://10.180.1.21:9696/networking/v2.0/networks 0.453s
2025-05-09 10:31:55.052 70298 INFO tempest.lib.common.rest_client [req-0e587363-4d20-489b-bb3c-e20e9e866e21 req-0e587363-4d20-489b-bb3c-e20e9e866e21 ] Request (FlavorsAdminTestJSON:_run_cleanups): 200 GET http://10.180.1.21/compute/v2.1/flavors/detail 2.175s
2025-05-09 10:31:55.072 70294 INFO tempest.lib.common.rest_client [req-5af7f7b1-01ea-43cf-b873-85ce3b53a332 req-5af7f7b1-01ea-43cf-b873-85ce3b53a332 ] Request (InstanceUsageAuditLogTestJSON:test_list_instance_usage_audit_logs): 200 GET http://10.180.1.21/compute/v2.1/os-instance_usage_audit_log 2.088s
2025-05-09 10:31:55.104 70272 INFO tempest.lib.common.rest_client [req-6186f2f8-aad6-4260-bcf4-f226e9722a2f req-6186f2f8-aad6-4260-bcf4-f226e9722a2f ] Request (HypervisorAdminV253TestBase:test_list_show_detail_hypervisors): 200 GET http://10.180.1.21/compute/v2.1/os-hypervisors/6d9d83be-7d3c-4acd-92b5-0ebf47ddad45 2.089s
2025-05-09 10:31:55.121 70322 INFO tempest.lib.common.rest_client [req-a7279c70-faac-400f-bf38-1e396e673102 req-a7279c70-faac-400f-bf38-1e396e673102 ] Request (QuotasAdminTestV236:test_get_updated_quotas): 200 GET http://10.180.1.21/compute/v2.1/os-quota-sets/712086a41c124e9ca71dc2e7bf2dde50/detail 2.498s
2025-05-09 10:31:55.124 70320 INFO tempest.lib.common.rest_client [req-e425b319-701c-4475-b18b-c8fd94ef5b3c req-e425b319-701c-4475-b18b-c8fd94ef5b3c ] Request (FlavorsExtraSpecsNegativeTestJSON:test_flavor_non_admin_set_keys): 403 POST http://10.180.1.21/compute/v2.1/flavors/1772226713/os-extra_specs 1.983s
2025-05-09 10:31:55.197 70262 INFO tempest.lib.common.rest_client [req-e922acfb-7908-4dce-a715-3b90f5d0bc89 req-e922acfb-7908-4dce-a715-3b90f5d0bc89 ] Request (NetworksTest:tearDownClass): 204 DELETE http://10.180.1.21/identity/v3/users/2e6e0b07c5bd47b48bcc0caf34f355e5 0.190s
2025-05-09 10:31:55.223 70288 INFO tempest.lib.common.rest_client [req-ac792bc6-a73d-4623-ad75-018bb48096f7 req-ac792bc6-a73d-4623-ad75-018bb48096f7 ] Request (AZAdminV2TestJSON:tearDownClass): 204 DELETE http://10.180.1.21/identity/v3/projects/74166655b0f5458ca5052a84ba2a66be 0.205s
2025-05-09 10:31:55.254 70306 INFO tempest.lib.common.rest_client [req-1d489eb4-3f86-465b-a956-333d74356d80 req-1d489eb4-3f86-465b-a956-333d74356d80 ] Request (InstanceActionsNegativeTestJSON:setUpClass): 201 POST http://10.180.1.21:9696/networking/v2.0/subnets 0.204s
2025-05-09 10:31:55.298 70274 INFO tempest.lib.common.rest_client [req-f6360c79-3f4c-442c-8a3b-b114129318d2 req-f6360c79-3f4c-442c-8a3b-b114129318d2 ] Request (QuotasAdminTestJSON:setUpClass): 200 GET http://10.180.1.21/identity/v3/roles 0.265s
2025-05-09 10:31:55.374 70294 INFO tempest.lib.common.rest_client [req-59bac9cb-a487-4513-bd69-cb0699baa5de req-59bac9cb-a487-4513-bd69-cb0699baa5de ] Request (InstanceUsageAuditLogTestJSON:tearDownClass): 204 DELETE http://10.180.1.21/identity/v3/users/ee39570e133a45f5aa0c9d2616d08c79 0.297s
2025-05-09 10:31:55.453 70272 INFO tempest.lib.common.rest_client [req-4e0029d1-0a71-41dc-ae48-4be1dd6d85c6 req-4e0029d1-0a71-41dc-ae48-4be1dd6d85c6 ] Request (HypervisorAdminV253TestBase:tearDownClass): 204 DELETE http://10.180.1.21/identity/v3/users/22dc323d92574c1d9cbd9f73dc8ee36b 0.340s
2025-05-09 10:31:55.460 70286 INFO tempest.lib.common.rest_client [req-e3cde1d3-11c1-4fae-9643-46f57fe253be req-e3cde1d3-11c1-4fae-9643-46f57fe253be ] Request (VolumesAssistedSnapshotsTest:test_volume_assisted_snapshot_create_delete): 202 POST http://10.180.1.21/volume/v3/volumes 0.484s
2025-05-09 10:31:55.518 70322 INFO tempest.lib.common.rest_client [req-4087111a-bfa3-4f9d-b0ca-ae14a18fdc82 req-4087111a-bfa3-4f9d-b0ca-ae14a18fdc82 ] Request (QuotasAdminTestV236:test_get_updated_quotas): 200 GET http://10.180.1.21/identity/v3/domains?name=Default 0.392s
2025-05-09 10:31:55.540 70286 INFO tempest.lib.common.rest_client [req-946da0aa-d046-4b50-a166-87d9e767ff8c req-946da0aa-d046-4b50-a166-87d9e767ff8c ] Request (VolumesAssistedSnapshotsTest:test_volume_assisted_snapshot_create_delete): 200 GET http://10.180.1.21/volume/v3/volumes/897e050c-14bc-4186-9e5a-1652426661e3 0.071s
2025-05-09 10:31:55.566 70262 INFO tempest.lib.common.rest_client [req-15e8a6f2-a02c-4ae4-ab49-481337b27144 req-15e8a6f2-a02c-4ae4-ab49-481337b27144 ] Request (NetworksTest:tearDownClass): 204 DELETE http://10.180.1.21/identity/v3/users/df98530cc80e448ea692372a1c9f0c5a 0.369s
2025-05-09 10:31:55.567 70262 INFO tempest.lib.common.dynamic_creds [-] Deleting project and security group for project: e7995cdf18564504aa61249711ca6d68
2025-05-09 10:31:55.576 70288 INFO tempest.lib.common.rest_client [req-4c4fbf48-0e71-40e3-a254-f6d69ed63b18 req-4c4fbf48-0e71-40e3-a254-f6d69ed63b18 ] Request (InstanceUsageAuditLogNegativeTestJSON:setUpClass): 201 POST http://10.180.1.21/identity/v3/auth/tokens 0.348s
2025-05-09 10:31:55.624 70274 INFO tempest.lib.common.rest_client [req-e7422abb-1682-4916-98f7-b1b2306900db req-e7422abb-1682-4916-98f7-b1b2306900db ] Request (QuotasAdminTestJSON:setUpClass): 204 PUT http://10.180.1.21/identity/v3/projects/7aa3290c272b48dda00185fe5e15e1fe/users/f6e139c4c7364bd5bf242affd4f3b06c/roles/27bb5df3d33d4a7ebaebc2c2bb75f7b4 0.326s
2025-05-09 10:31:55.726 70294 INFO tempest.lib.common.rest_client [req-82386c21-804a-421a-a434-4eeb5b5d8164 req-82386c21-804a-421a-a434-4eeb5b5d8164 ] Request (InstanceUsageAuditLogTestJSON:tearDownClass): 204 DELETE http://10.180.1.21/identity/v3/users/174e28cede9446f7a13b43149600d669 0.351s
2025-05-09 10:31:55.726 70294 INFO tempest.lib.common.dynamic_creds [-] Deleting project and security group for project: 39ca6ee282394f7188f3828d7cda6ec4
2025-05-09 10:31:55.809 70272 INFO tempest.lib.common.rest_client [req-05946656-4864-49ce-920c-bb340bdf6dfa req-05946656-4864-49ce-920c-bb340bdf6dfa ] Request (HypervisorAdminV253TestBase:tearDownClass): 204 DELETE http://10.180.1.21/identity/v3/users/2a56f5cb972f47acbacf9108392b67da 0.355s
2025-05-09 10:31:55.809 70272 INFO tempest.lib.common.dynamic_creds [-] Deleting project and security group for project: e3c524c1afd84faa9bfe045212c2fb55
2025-05-09 10:31:55.878 70322 INFO tempest.lib.common.rest_client [req-09020c0a-952f-4333-be9a-218bb8321dce req-09020c0a-952f-4333-be9a-218bb8321dce ] Request (QuotasAdminTestV236:test_get_updated_quotas): 201 POST http://10.180.1.21/identity/v3/users 0.359s
2025-05-09 10:31:55.898 70262 INFO tempest.lib.common.rest_client [req-83fffe21-748e-4c0c-b86e-c26fc6ad652d req-83fffe21-748e-4c0c-b86e-c26fc6ad652d ] Request (NetworksTest:tearDownClass): 201 POST http://10.180.1.21/identity/v3/auth/tokens 0.331s
2025-05-09 10:31:55.901 70288 INFO tempest.lib.common.rest_client [req-5ad6f868-44aa-4f13-83cb-813da807823c req-5ad6f868-44aa-4f13-83cb-813da807823c ] Request (InstanceUsageAuditLogNegativeTestJSON:setUpClass): 201 POST http://10.180.1.21/identity/v3/auth/tokens 0.323s
2025-05-09 10:31:55.918 70274 INFO tempest.lib.common.rest_client [req-bf813d46-95a9-432d-a50c-f3924dde7de8 req-bf813d46-95a9-432d-a50c-f3924dde7de8 ] Request (QuotasAdminTestJSON:setUpClass): 200 GET http://10.180.1.21/identity/v3/roles 0.293s
2025-05-09 10:31:56.018 70294 INFO tempest.lib.common.rest_client [req-1e2d7b5b-0c22-44e6-968d-4c03fd763931 req-1e2d7b5b-0c22-44e6-968d-4c03fd763931 ] Request (InstanceUsageAuditLogTestJSON:tearDownClass): 201 POST http://10.180.1.21/identity/v3/auth/tokens 0.292s
2025-05-09 10:31:56.020 70306 INFO tempest.lib.common.rest_client [req-e70ab1fb-00e9-4e6d-b7ad-dd9b6c908bf9 req-e70ab1fb-00e9-4e6d-b7ad-dd9b6c908bf9 ] Request (InstanceActionsNegativeTestJSON:setUpClass): 201 POST http://10.180.1.21:9696/networking/v2.0/routers 0.765s
2025-05-09 10:31:56.039 70322 INFO tempest.lib.common.rest_client [req-46e6dc79-2f7f-4c35-b2b5-c219a6abe1f7 req-46e6dc79-2f7f-4c35-b2b5-c219a6abe1f7 ] Request (QuotasAdminTestV236:test_get_updated_quotas): 200 GET http://10.180.1.21/identity/v3/domains?name=Default 0.160s
2025-05-09 10:31:56.039 70272 INFO tempest.lib.common.rest_client [req-ed083a96-0aab-4baf-af4b-ef359163f903 req-ed083a96-0aab-4baf-af4b-ef359163f903 ] Request (HypervisorAdminV253TestBase:tearDownClass): 201 POST http://10.180.1.21/identity/v3/auth/tokens 0.229s
2025-05-09 10:31:56.064 70288 INFO tempest.lib.common.rest_client [req-8bbf9750-fb1b-4a9e-a29e-2c39e5cf3da3 req-8bbf9750-fb1b-4a9e-a29e-2c39e5cf3da3 ] Request (InstanceUsageAuditLogNegativeTestJSON:setUpClass): 200 GET http://10.180.1.21/identity/v3/domains?name=Default 0.162s
2025-05-09 10:31:56.066 70274 INFO tempest.lib.common.rest_client [req-4efd691e-3a97-4010-8a0e-15c544170735 req-4efd691e-3a97-4010-8a0e-15c544170735 ] Request (QuotasAdminTestJSON:setUpClass): 204 PUT http://10.180.1.21/identity/v3/projects/7aa3290c272b48dda00185fe5e15e1fe/users/f6e139c4c7364bd5bf242affd4f3b06c/roles/27bb5df3d33d4a7ebaebc2c2bb75f7b4 0.147s
2025-05-09 10:31:56.067 70274 INFO tempest.lib.common.dynamic_creds [-] Dynamic test user f6e139c4c7364bd5bf242affd4f3b06c is created with scope project and roles: ['admin']
2025-05-09 10:31:56.067 70274 INFO tempest.lib.common.dynamic_creds [-] Acquired dynamic creds: credentials: Credentials: {'domain_id': 'default', 'domain_name': 'Default', 'username': 'tempest-QuotasAdminTestJSON-133198066-project-admin', 'project_domain_id': 'default', 'project_domain_name': 'Default', 'project_id': '7aa3290c272b48dda00185fe5e15e1fe', 'project_name': 'tempest-QuotasAdminTestJSON-133198066', 'tenant_id': '7aa3290c272b48dda00185fe5e15e1fe', 'tenant_name': 'tempest-QuotasAdminTestJSON-133198066', 'user_domain_id': 'default', 'user_domain_name': 'Default', 'user_id': 'f6e139c4c7364bd5bf242affd4f3b06c', 'system': None}, Network: None, Subnet: None, Router: None
2025-05-09 10:31:56.067 70274 INFO tempest.lib.common.dynamic_creds [-] Created isolated network resources for: credentials: Credentials: {'domain_id': 'default', 'domain_name': 'Default', 'username': 'tempest-QuotasAdminTestJSON-133198066-project-admin', 'project_domain_id': 'default', 'project_domain_name': 'Default', 'project_id': '7aa3290c272b48dda00185fe5e15e1fe', 'project_name': 'tempest-QuotasAdminTestJSON-133198066', 'tenant_id': '7aa3290c272b48dda00185fe5e15e1fe', 'tenant_name': 'tempest-QuotasAdminTestJSON-133198066', 'user_domain_id': 'default', 'user_domain_name': 'Default', 'user_id': 'f6e139c4c7364bd5bf242affd4f3b06c', 'system': None}, Network: None, Subnet: None, Router: None
2025-05-09 10:31:56.228 70288 INFO tempest.lib.common.rest_client [req-d0176be3-b979-4e07-b54c-0e85a93fe58e req-d0176be3-b979-4e07-b54c-0e85a93fe58e ] Request (InstanceUsageAuditLogNegativeTestJSON:setUpClass): 201 POST http://10.180.1.21/identity/v3/projects 0.163s
2025-05-09 10:31:56.278 70274 INFO tempest.lib.common.rest_client [req-95619c3d-c8d8-4f82-8c08-2062c7325903 req-95619c3d-c8d8-4f82-8c08-2062c7325903 ] Request (QuotasAdminTestJSON:setUpClass): 201 POST http://10.180.1.21/identity/v3/auth/tokens 0.208s
2025-05-09 10:31:56.278 70274 WARNING tempest.lib.common.rest_client [-] Deprecated: "tenant_id" property is deprecated for removal, use "project_id" instead
2025-05-09 10:31:56.365 70294 INFO tempest.lib.common.rest_client [req-e0d8a3c9-44ff-4188-8593-e97b762ff83b req-e0d8a3c9-44ff-4188-8593-e97b762ff83b ] Request (InstanceUsageAuditLogTestJSON:tearDownClass): 200 GET http://10.180.1.21:9696/networking/v2.0/security-groups?tenant_id=39ca6ee282394f7188f3828d7cda6ec4&name=default 0.347s
2025-05-09 10:31:56.396 70292 INFO tempest.lib.common.rest_client [req-d5d437f0-65ca-4624-b13f-a091c53c9687 req-d5d437f0-65ca-4624-b13f-a091c53c9687 ] Request (SecurityGroupsTestJSON:test_list_security_groups_by_server): 202 POST http://10.180.1.21/compute/v2.1/servers 3.308s
2025-05-09 10:31:56.401 70288 INFO tempest.lib.common.rest_client [req-b302ae42-3a7a-40b5-bc05-e3504cfed5cf req-b302ae42-3a7a-40b5-bc05-e3504cfed5cf ] Request (InstanceUsageAuditLogNegativeTestJSON:setUpClass): 201 POST http://10.180.1.21/identity/v3/users 0.172s
2025-05-09 10:31:56.423 70288 INFO tempest.lib.common.rest_client [req-cf1dc632-269b-47b9-8629-f85f8cfdbda9 req-cf1dc632-269b-47b9-8629-f85f8cfdbda9 ] Request (InstanceUsageAuditLogNegativeTestJSON:setUpClass): 200 GET http://10.180.1.21/identity/v3/roles 0.021s
2025-05-09 10:31:56.443 70278 INFO tempest.lib.common.rest_client [req-ffae7806-c22f-48b6-961e-ce0a04de687c req-ffae7806-c22f-48b6-961e-ce0a04de687c ] Request (AggregatesAdminNegativeTestJSON:test_aggregate_add_existent_host): 200 POST http://10.180.1.21/compute/v2.1/os-aggregates/1/action 3.260s
2025-05-09 10:31:56.448 70288 INFO tempest.lib.common.rest_client [req-0c5a9bf1-4880-4dfc-87b7-80efcb1980a8 req-0c5a9bf1-4880-4dfc-87b7-80efcb1980a8 ] Request (InstanceUsageAuditLogNegativeTestJSON:setUpClass): 204 PUT http://10.180.1.21/identity/v3/projects/f474084bb0ed4d2184beb10ea46f29dc/users/9c4dfe487a224b57b3af1233ad72e3af/roles/389611adb3984f19aa0b72b1615486fd 0.024s
2025-05-09 10:31:56.448 70288 INFO tempest.lib.common.dynamic_creds [-] Dynamic test user 9c4dfe487a224b57b3af1233ad72e3af is created with scope project and roles: ['member']
2025-05-09 10:31:56.448 70288 INFO tempest.lib.common.dynamic_creds [-] Acquired dynamic creds: credentials: Credentials: {'domain_id': 'default', 'domain_name': 'Default', 'username': 'tempest-InstanceUsageAuditLogNegativeTestJSON-989160436-project-member', 'project_domain_id': 'default', 'project_domain_name': 'Default', 'project_id': 'f474084bb0ed4d2184beb10ea46f29dc', 'project_name': 'tempest-InstanceUsageAuditLogNegativeTestJSON-989160436', 'tenant_id': 'f474084bb0ed4d2184beb10ea46f29dc', 'tenant_name': 'tempest-InstanceUsageAuditLogNegativeTestJSON-989160436', 'user_domain_id': 'default', 'user_domain_name': 'Default', 'user_id': '9c4dfe487a224b57b3af1233ad72e3af', 'system': None}, Network: None, Subnet: None, Router: None
2025-05-09 10:31:56.448 70288 INFO tempest.lib.common.dynamic_creds [-] Created isolated network resources for: credentials: Credentials: {'domain_id': 'default', 'domain_name': 'Default', 'username': 'tempest-InstanceUsageAuditLogNegativeTestJSON-989160436-project-member', 'project_domain_id': 'default', 'project_domain_name': 'Default', 'project_id': 'f474084bb0ed4d2184beb10ea46f29dc', 'project_name': 'tempest-InstanceUsageAuditLogNegativeTestJSON-989160436', 'tenant_id': 'f474084bb0ed4d2184beb10ea46f29dc', 'tenant_name': 'tempest-InstanceUsageAuditLogNegativeTestJSON-989160436', 'user_domain_id': 'default', 'user_domain_name': 'Default', 'user_id': '9c4dfe487a224b57b3af1233ad72e3af', 'system': None}, Network: None, Subnet: None, Router: None
2025-05-09 10:31:56.483 70324 INFO tempest.lib.common.rest_client [req-78e1b75c-0dcc-40ec-a2e0-78270f877a39 req-78e1b75c-0dcc-40ec-a2e0-78270f877a39 ] Request (FlavorMetadataValidation:_run_cleanups): 202 DELETE http://10.180.1.21/compute/v2.1/flavors/296284143 3.157s
2025-05-09 10:31:56.485 70262 INFO tempest.lib.common.rest_client [req-975639ad-9f72-4fa8-a108-905a935d7ab9 req-975639ad-9f72-4fa8-a108-905a935d7ab9 ] Request (NetworksTest:tearDownClass): 200 GET http://10.180.1.21:9696/networking/v2.0/security-groups?tenant_id=e7995cdf18564504aa61249711ca6d68&name=default 0.586s
2025-05-09 10:31:56.509 70272 INFO tempest.lib.common.rest_client [req-3311e0e6-32c7-4f88-8f24-fc62bfe753cd req-3311e0e6-32c7-4f88-8f24-fc62bfe753cd ] Request (HypervisorAdminV253TestBase:tearDownClass): 200 GET http://10.180.1.21:9696/networking/v2.0/security-groups?tenant_id=e3c524c1afd84faa9bfe045212c2fb55&name=default 0.469s
2025-05-09 10:31:56.520 70318 INFO tempest.lib.common.rest_client [req-ec8f8c78-7a92-4b18-b285-780416ce1074 req-ec8f8c78-7a92-4b18-b285-780416ce1074 ] Request (FlavorsV255TestJSON:test_crud_flavor): 200 PUT http://10.180.1.21/compute/v2.1/flavors/1391367185 3.121s
2025-05-09 10:31:56.523 70288 INFO tempest.lib.common.rest_client [req-0b5fbc06-9bbc-4012-9dc2-a0c144058756 req-0b5fbc06-9bbc-4012-9dc2-a0c144058756 ] Request (InstanceUsageAuditLogNegativeTestJSON:setUpClass): 201 POST http://10.180.1.21/identity/v3/auth/tokens 0.071s
2025-05-09 10:31:56.600 70294 INFO tempest.lib.common.rest_client [req-9446213c-b96d-4e2f-bae1-a5826d39bcec req-9446213c-b96d-4e2f-bae1-a5826d39bcec ] Request (InstanceUsageAuditLogTestJSON:tearDownClass): 204 DELETE http://10.180.1.21:9696/networking/v2.0/security-groups/e9e570ae-ec88-4dfb-b262-089de8f11529 0.234s
2025-05-09 10:31:56.605 70286 INFO tempest.lib.common.rest_client [req-dab12bbe-1277-4ae8-940e-89173e5e41fb req-dab12bbe-1277-4ae8-940e-89173e5e41fb ] Request (VolumesAssistedSnapshotsTest:test_volume_assisted_snapshot_create_delete): 200 GET http://10.180.1.21/volume/v3/volumes/897e050c-14bc-4186-9e5a-1652426661e3 0.054s
2025-05-09 10:31:56.618 70286 INFO tempest.common.waiters [-] volume 897e050c-14bc-4186-9e5a-1652426661e3 reached available after waiting for 1.618549 seconds
2025-05-09 10:31:56.630 70288 INFO tempest.lib.common.rest_client [req-08b22341-2d32-40d6-82ff-7c7f5e584116 req-08b22341-2d32-40d6-82ff-7c7f5e584116 ] Request (InstanceUsageAuditLogNegativeTestJSON:setUpClass): 201 POST http://10.180.1.21/identity/v3/projects 0.106s
2025-05-09 10:31:56.639 70272 INFO tempest.lib.common.rest_client [req-5878ee58-4047-4248-a111-7fc643fdb155 req-5878ee58-4047-4248-a111-7fc643fdb155 ] Request (HypervisorAdminV253TestBase:tearDownClass): 204 DELETE http://10.180.1.21:9696/networking/v2.0/security-groups/15df88b9-e9c4-493b-8927-1527f0a8c26a 0.128s
2025-05-09 10:31:56.655 70304 INFO tempest.lib.common.rest_client [req-d481b466-3df6-43ae-aad2-45f2cff2f3d6 req-d481b466-3df6-43ae-aad2-45f2cff2f3d6 ] Request (FlavorsAccessTestJSON:test_flavor_access_add_remove): 200 GET http://10.180.1.21/compute/v2.1/flavors/detail 2.921s
2025-05-09 10:31:56.697 70288 INFO tempest.lib.common.rest_client [req-5d545803-14a7-431d-828d-2daf05ad1ab0 req-5d545803-14a7-431d-828d-2daf05ad1ab0 ] Request (InstanceUsageAuditLogNegativeTestJSON:setUpClass): 201 POST http://10.180.1.21/identity/v3/users 0.066s
2025-05-09 10:31:56.732 70268 INFO tempest.lib.common.rest_client [req-74aa8362-1387-4a8f-8f4f-479d7b653770 req-74aa8362-1387-4a8f-8f4f-479d7b653770 ] Request (ListImageFiltersTestJSON:setUpClass): 204 PUT http://10.180.1.21/image/v2/images/f6c5acba-f57b-4669-a1b7-e052285a2576/file 1.666s
2025-05-09 10:31:56.754 70270 INFO tempest.lib.common.rest_client [req-a83caf9f-35c0-4bb0-8039-4c1f5718f045 req-a83caf9f-35c0-4bb0-8039-4c1f5718f045 ] Request (ServerDiagnosticsTest:test_get_server_diagnostics): 200 GET http://10.180.1.21/compute/v2.1/servers/40e7ba74-3851-4ab7-bb0c-13628afe8dbb 3.019s
2025-05-09 10:31:56.760 70294 INFO tempest.lib.common.rest_client [req-f7b851bc-4b2a-473a-a2f5-5d1ccd68d3e8 req-f7b851bc-4b2a-473a-a2f5-5d1ccd68d3e8 ] Request (InstanceUsageAuditLogTestJSON:tearDownClass): 204 DELETE http://10.180.1.21/identity/v3/projects/39ca6ee282394f7188f3828d7cda6ec4 0.159s
2025-05-09 10:31:56.760 70294 INFO tempest.lib.common.dynamic_creds [-] Deleting project and security group for project: 836d25541a744259886f4557ba95dddf
2025-05-09 10:31:56.768 70270 INFO tempest.common.waiters [-] State transition "BUILD/None" ==> "BUILD/spawning" after 4 second wait
2025-05-09 10:31:56.778 70316 INFO tempest.lib.common.rest_client [req-40b2177d-5d64-4224-b8a1-9bcd674a7668 req-40b2177d-5d64-4224-b8a1-9bcd674a7668 ] Request (SecurityGroupRulesTestJSON:test_security_group_rules_create_with_optional_cidr): 200 POST http://10.180.1.21/compute/v2.1/os-security-groups 3.593s
2025-05-09 10:31:56.791 70282 INFO tempest.lib.common.rest_client [req-fb3f6b20-7ef9-43c1-aa6f-0156d6b4d1e0 req-fb3f6b20-7ef9-43c1-aa6f-0156d6b4d1e0 ] Request (FlavorsExtraSpecsTestJSON:test_flavor_non_admin_get_specific_key): 200 POST http://10.180.1.21/compute/v2.1/flavors/1917662970/os-extra_specs 2.846s
2025-05-09 10:31:56.800 70272 INFO tempest.lib.common.rest_client [req-9ac98468-11c2-4d5a-ae8b-721a172d4257 req-9ac98468-11c2-4d5a-ae8b-721a172d4257 ] Request (HypervisorAdminV253TestBase:tearDownClass): 204 DELETE http://10.180.1.21/identity/v3/projects/e3c524c1afd84faa9bfe045212c2fb55 0.161s
2025-05-09 10:31:56.800 70272 INFO tempest.lib.common.dynamic_creds [-] Deleting project and security group for project: bf892bdd4b4642b7b04efe58a803e9f0
2025-05-09 10:31:56.802 70284 INFO tempest.lib.common.rest_client [req-01c88cfe-3bb7-428f-ab6c-f32230440b92 req-01c88cfe-3bb7-428f-ab6c-f32230440b92 ] Request (HostsAdminNegativeTestJSON:test_show_host_detail_with_nonexistent_hostname): 404 GET http://10.180.1.21/compute/v2.1/os-hosts/nonexistent_hostname 2.852s
2025-05-09 10:31:56.821 70262 INFO tempest.lib.common.rest_client [req-793cbd52-94ef-43e5-897f-06fbe4824f3f req-793cbd52-94ef-43e5-897f-06fbe4824f3f ] Request (NetworksTest:tearDownClass): 204 DELETE http://10.180.1.21:9696/networking/v2.0/security-groups/acd6b4ce-3213-4139-a783-6753881ccc4c 0.335s
2025-05-09 10:31:56.844 70288 INFO tempest.lib.common.rest_client [req-ff8e80f5-ebfb-47da-a50d-c03d52fe453d req-ff8e80f5-ebfb-47da-a50d-c03d52fe453d ] Request (InstanceUsageAuditLogNegativeTestJSON:setUpClass): 200 GET http://10.180.1.21/identity/v3/roles 0.143s
2025-05-09 10:31:56.929 70288 INFO tempest.lib.common.rest_client [req-92595106-b57a-4579-aa2d-bae91985d3cd req-92595106-b57a-4579-aa2d-bae91985d3cd ] Request (InstanceUsageAuditLogNegativeTestJSON:setUpClass): 204 PUT http://10.180.1.21/identity/v3/projects/3582ce58e05b48f48296fad5fcbb75f2/users/e5fb4a47616546d0942e881275e6f2dd/roles/27bb5df3d33d4a7ebaebc2c2bb75f7b4 0.085s
2025-05-09 10:31:56.944 70262 INFO tempest.lib.common.rest_client [req-40b86f04-15d1-44fb-ba10-e97346b52f6a req-40b86f04-15d1-44fb-ba10-e97346b52f6a ] Request (NetworksTest:tearDownClass): 204 DELETE http://10.180.1.21/identity/v3/projects/e7995cdf18564504aa61249711ca6d68 0.123s
2025-05-09 10:31:56.944 70262 INFO tempest.lib.common.dynamic_creds [-] Deleting project and security group for project: d4e15204904b46c3be2e315d218598f3
2025-05-09 10:31:57.053 70288 INFO tempest.lib.common.rest_client [req-50a9d665-bee3-4d6f-8658-dce3334cc692 req-50a9d665-bee3-4d6f-8658-dce3334cc692 ] Request (InstanceUsageAuditLogNegativeTestJSON:setUpClass): 200 GET http://10.180.1.21/identity/v3/roles 0.123s
2025-05-09 10:31:57.059 70308 INFO tempest.lib.common.rest_client [req-fcf2ee49-7b9f-49e4-9b5c-d5674f56fb73 req-fcf2ee49-7b9f-49e4-9b5c-d5674f56fb73 ] Request (QuotasAdminNegativeTest:_run_cleanups): 200 PUT http://10.180.1.21/compute/v2.1/os-quota-sets/e8e3f7d107cf4bae8ff6ae13d83af5e5 2.631s
2025-05-09 10:31:57.078 70288 INFO tempest.lib.common.rest_client [req-95b003ed-4f3c-4ef0-bf9e-5773d347a35c req-95b003ed-4f3c-4ef0-bf9e-5773d347a35c ] Request (InstanceUsageAuditLogNegativeTestJSON:setUpClass): 204 PUT http://10.180.1.21/identity/v3/projects/3582ce58e05b48f48296fad5fcbb75f2/users/e5fb4a47616546d0942e881275e6f2dd/roles/27bb5df3d33d4a7ebaebc2c2bb75f7b4 0.025s
2025-05-09 10:31:57.079 70288 INFO tempest.lib.common.dynamic_creds [-] Dynamic test user e5fb4a47616546d0942e881275e6f2dd is created with scope project and roles: ['admin']
2025-05-09 10:31:57.079 70288 INFO tempest.lib.common.dynamic_creds [-] Acquired dynamic creds: credentials: Credentials: {'domain_id': 'default', 'domain_name': 'Default', 'username': 'tempest-InstanceUsageAuditLogNegativeTestJSON-368430999-project-admin', 'project_domain_id': 'default', 'project_domain_name': 'Default', 'project_id': '3582ce58e05b48f48296fad5fcbb75f2', 'project_name': 'tempest-InstanceUsageAuditLogNegativeTestJSON-368430999', 'tenant_id': '3582ce58e05b48f48296fad5fcbb75f2', 'tenant_name': 'tempest-InstanceUsageAuditLogNegativeTestJSON-368430999', 'user_domain_id': 'default', 'user_domain_name': 'Default', 'user_id': 'e5fb4a47616546d0942e881275e6f2dd', 'system': None}, Network: None, Subnet: None, Router: None
2025-05-09 10:31:57.079 70288 INFO tempest.lib.common.dynamic_creds [-] Created isolated network resources for: credentials: Credentials: {'domain_id': 'default', 'domain_name': 'Default', 'username': 'tempest-InstanceUsageAuditLogNegativeTestJSON-368430999-project-admin', 'project_domain_id': 'default', 'project_domain_name': 'Default', 'project_id': '3582ce58e05b48f48296fad5fcbb75f2', 'project_name': 'tempest-InstanceUsageAuditLogNegativeTestJSON-368430999', 'tenant_id': '3582ce58e05b48f48296fad5fcbb75f2', 'tenant_name': 'tempest-InstanceUsageAuditLogNegativeTestJSON-368430999', 'user_domain_id': 'default', 'user_domain_name': 'Default', 'user_id': 'e5fb4a47616546d0942e881275e6f2dd', 'system': None}, Network: None, Subnet: None, Router: None
2025-05-09 10:31:57.092 70290 INFO tempest.lib.common.rest_client [req-c897c0c2-0147-4b35-b3aa-f0b48c185d89 req-c897c0c2-0147-4b35-b3aa-f0b48c185d89 ] Request (KeyPairsV210TestJSON:test_admin_manage_keypairs_for_other_users): 201 POST http://10.180.1.21/compute/v2.1/os-keypairs 2.540s
2025-05-09 10:31:57.109 70294 INFO tempest.lib.common.rest_client [req-358b37a1-4db3-47d0-aa53-c26cbb680905 req-358b37a1-4db3-47d0-aa53-c26cbb680905 ] Request (InstanceUsageAuditLogTestJSON:tearDownClass): 200 GET http://10.180.1.21:9696/networking/v2.0/security-groups?tenant_id=836d25541a744259886f4557ba95dddf&name=default 0.349s
2025-05-09 10:31:57.119 70312 INFO tempest.lib.common.rest_client [req-b53aa312-b069-44ee-ac95-bcf10e2ab178 req-b53aa312-b069-44ee-ac95-bcf10e2ab178 ] Request (SecurityGroupRulesNegativeTestJSON:test_create_security_group_rule_duplicate): 200 POST http://10.180.1.21/compute/v2.1/os-security-groups 3.016s
2025-05-09 10:31:57.122 70272 INFO tempest.lib.common.rest_client [req-e2730710-c233-449f-b876-5db60abe5315 req-e2730710-c233-449f-b876-5db60abe5315 ] Request (HypervisorAdminV253TestBase:tearDownClass): 200 GET http://10.180.1.21:9696/networking/v2.0/security-groups?tenant_id=bf892bdd4b4642b7b04efe58a803e9f0&name=default 0.321s
2025-05-09 10:31:57.150 70288 INFO tempest.lib.common.rest_client [req-385454da-3477-4c61-a7a5-6021ea367bab req-385454da-3477-4c61-a7a5-6021ea367bab ] Request (InstanceUsageAuditLogNegativeTestJSON:setUpClass): 201 POST http://10.180.1.21/identity/v3/auth/tokens 0.068s
2025-05-09 10:31:57.233 70264 INFO tempest.lib.common.rest_client [req-916a8e70-9acf-4f93-aa0e-8965c117e862 req-916a8e70-9acf-4f93-aa0e-8965c117e862 ] Request (FlavorsAccessNegativeTestJSON:test_add_flavor_access_duplicate): 409 POST http://10.180.1.21/compute/v2.1/flavors/364356494/action 2.363s
2025-05-09 10:31:57.238 70306 INFO tempest.lib.common.rest_client [req-938fd8c4-7798-4c84-92b8-91034c0af3c8 req-938fd8c4-7798-4c84-92b8-91034c0af3c8 ] Request (InstanceActionsNegativeTestJSON:setUpClass): 200 PUT http://10.180.1.21:9696/networking/v2.0/routers/589ee049-1d65-4bf2-b8f9-ed74afb56cc4/add_router_interface 1.218s
