2025-05-14 13:52:33.121 69685 INFO tempest.lib.common.rest_client [req-494bb72b-1cca-4ec6-9a27-5c3c83acdb3d req-494bb72b-1cca-4ec6-9a27-5c3c83acdb3d ] Request (ServersAdminTestJSON:test_inject_network_info): 200 GET http://10.180.1.21/compute/v2.1/servers/e402b5ae-8d98-4790-8c53-0e6d6559cd2a 0.410s
2025-05-14 13:52:33.198 69687 INFO tempest.lib.common.rest_client [req-4f968269-f7f3-4389-a33c-d58b92bf078b req-4f968269-f7f3-4389-a33c-d58b92bf078b ] Request (MigrationsAdminTest:test_list_migrations_in_flavor_resize_situation): 200 GET http://10.180.1.21/compute/v2.1/servers/933cc7d7-1160-4539-ba0d-002de1461d17 0.546s
2025-05-14 13:52:33.267 69705 INFO tempest.lib.common.rest_client [req-953f8df2-1b11-4d6e-be96-06922d51a6ed req-953f8df2-1b11-4d6e-be96-06922d51a6ed ] Request (ServerActionsTestOtherA:setUpClass): 200 GET http://10.180.1.21/compute/v2.1/servers/d8dab389-b197-4774-8f88-295552bb57dc 0.396s
2025-05-14 13:52:33.316 69691 INFO tempest.lib.common.rest_client [req-9d099509-f4fe-4cb0-b012-d013c744a4b1 req-9d099509-f4fe-4cb0-b012-d013c744a4b1 ] Request (ServersAdminNegativeTestJSON:test_migrate_server_invalid_state): 200 GET http://10.180.1.21/compute/v2.1/servers/a1a7b57a-d499-4145-bf63-dbce0bc2acc6 0.489s
2025-05-14 13:52:33.326 69691 INFO tempest.common.waiters [-] State transition "BUILD/spawning" ==> "ACTIVE/None" after 43 second wait
2025-05-14 13:52:33.331 69723 INFO tempest.lib.common.rest_client [req-6468275b-e33d-484f-a324-59446334ef14 req-6468275b-e33d-484f-a324-59446334ef14 ] Request (ServerDiagnosticsV248Test:tearDownClass): 200 GET http://10.180.1.21/compute/v2.1/servers/88c0250f-4a18-4be5-85fd-9701fc9c84be 0.390s
2025-05-14 13:52:33.333 69713 INFO tempest.lib.common.rest_client [req-d4eb67a0-8e8f-4b3d-b255-783a9ff13405 req-d4eb67a0-8e8f-4b3d-b255-783a9ff13405 ] Request (ImagesOneServerNegativeTestJSON:test_create_image_specify_invalid_metadata): 400 POST http://10.180.1.21/compute/v2.1/servers/012edabe-4abd-408a-bccd-8b79c1e223e6/action 0.359s
2025-05-14 13:52:33.398 69709 INFO tempest.lib.common.rest_client [req-ab9ac395-2a75-4f30-b9ce-64b93e495cfb req-ab9ac395-2a75-4f30-b9ce-64b93e495cfb ] Request (FloatingIPsAssociationNegativeTestJSON:setUpClass): 200 GET http://10.180.1.21/compute/v2.1/servers/e0fe2d2a-c719-4ab8-bd50-7f439229322a 0.409s
2025-05-14 13:52:33.462 69731 INFO tempest.lib.common.rest_client [req-3ac52fa1-20c0-4d27-87a5-5a091754a695 req-3ac52fa1-20c0-4d27-87a5-5a091754a695 ] Request (TenantUsagesTestJSON:setUpClass): 200 GET http://10.180.1.21/compute/v2.1/servers/bfdd2857-91af-4408-9d80-2e096518fe39 0.421s
2025-05-14 13:52:33.485 69727 INFO tempest.lib.common.rest_client [req-e67a8905-1588-424b-98a7-9175c6dda5a7 req-e67a8905-1588-424b-98a7-9175c6dda5a7 ] Request (ServersListShow296Test:test_list_show_update_rebuild_server_296): 200 GET http://10.180.1.21/compute/v2.1/servers/2f7a6ea4-7afd-498a-a918-9a4ab0a2d52f 0.374s
2025-05-14 13:52:33.554 69697 INFO tempest.lib.common.rest_client [req-bf038f09-6fde-48a0-b565-c3ada87e46ae req-bf038f09-6fde-48a0-b565-c3ada87e46ae ] Request (VolumesAssistedSnapshotsTest:test_volume_assisted_snapshot_create_delete): 200 GET http://10.180.1.21/volume/v3/volumes/3345a752-5583-489e-9543-29561c1da778 0.039s
2025-05-14 13:52:33.683 69739 INFO tempest.lib.common.rest_client [req-963e3e9f-b8d1-4c07-8a3e-0a70948960ca req-963e3e9f-b8d1-4c07-8a3e-0a70948960ca ] Request (ServerDiagnosticsTest:test_get_server_diagnostics): 200 GET http://10.180.1.21/compute/v2.1/servers/33b2f0d9-d895-461a-ae4c-6601fc747f8a 0.469s
2025-05-14 13:52:33.791 69699 INFO tempest.lib.common.rest_client [req-b56d8e63-68fd-4999-9d5e-7640325c0db1 req-b56d8e63-68fd-4999-9d5e-7640325c0db1 ] Request (ServerShowV257Test:test_rebuild_server): 200 GET http://10.180.1.21/compute/v2.1/servers/43fa3c7f-7341-418c-8773-4e3649056090 0.513s
2025-05-14 13:52:33.818 69691 INFO tempest.lib.common.rest_client [req-a02ae92d-0c3c-4ccf-aadf-e4c8ccb0501b req-a02ae92d-0c3c-4ccf-aadf-e4c8ccb0501b ] Request (ServersAdminNegativeTestJSON:test_migrate_server_invalid_state): 202 POST http://10.180.1.21/compute/v2.1/servers/a1a7b57a-d499-4145-bf63-dbce0bc2acc6/action 0.488s
2025-05-14 13:52:33.854 69715 INFO tempest.lib.common.rest_client [req-0fa2c621-3632-4961-86a1-f66264f1667e req-0fa2c621-3632-4961-86a1-f66264f1667e ] Request (SecurityGroupsTestJSON:test_server_security_groups): 200 GET http://10.180.1.21/compute/v2.1/servers/fd7a3a67-ae9f-4954-85c7-49f9bc252105 0.524s
2025-05-14 13:52:33.907 69711 INFO tempest.lib.common.rest_client [req-f2863cd3-6a23-4e2f-a9a0-9fa45bf9fa90 req-f2863cd3-6a23-4e2f-a9a0-9fa45bf9fa90 ] Request (DeleteServersTestJSON:test_delete_active_server): 200 GET http://10.180.1.21/compute/v2.1/servers/90a0754f-c615-4acf-9787-55c3a8649161 0.507s
2025-05-14 13:52:33.933 69713 INFO tempest.lib.common.rest_client [req-21db34d9-ef40-427c-9adc-4532a35af855 req-21db34d9-ef40-427c-9adc-4532a35af855 ] Request (ImagesOneServerNegativeTestJSON:tearDown): 200 GET http://10.180.1.21/compute/v2.1/servers/012edabe-4abd-408a-bccd-8b79c1e223e6 0.599s
2025-05-14 13:52:33.958 69701 INFO tempest.lib.common.rest_client [req-67c3931c-31be-4ffc-ae91-2b34a30c87d8 req-67c3931c-31be-4ffc-ae91-2b34a30c87d8 ] Request (ServerShowV247Test:test_update_rebuild_list_server): 200 GET http://10.180.1.21/compute/v2.1/servers/1519ed08-cf97-4bc5-9e26-4a62cb36ec6c 0.422s
2025-05-14 13:52:33.987 69717 INFO tempest.lib.common.rest_client [req-0c5b5725-3635-4c7d-af98-bbe807cba334 req-0c5b5725-3635-4c7d-af98-bbe807cba334 ] Request (ServerAddressesNegativeTestJSON:setUpClass): 200 GET http://10.180.1.21/compute/v2.1/servers/475e02eb-0de9-4425-af51-e906aa067f6d 0.403s
2025-05-14 13:52:33.995 69717 INFO tempest.common.waiters [-] State transition "BUILD/scheduling" ==> "BUILD/None" after 22 second wait
2025-05-14 13:52:34.007 69695 INFO tempest.lib.common.rest_client [req-da861b9b-dfda-4620-825b-57852daa6ac8 req-da861b9b-dfda-4620-825b-57852daa6ac8 ] Request (InstanceActionsNegativeTestJSON:setUpClass): 200 GET http://10.180.1.21/compute/v2.1/servers/4c6620a0-9a33-4f6d-9919-b59dfcb5d7a5 0.375s
2025-05-14 13:52:34.071 69707 WARNING tempest.lib.common.ssh [-] Failed to establish authenticated ssh connection to cirros@10.180.180.183 ([Errno None] Unable to connect to port 22 on 10.180.180.183). Number attempts: 5. Retry after 6 seconds.: paramiko.ssh_exception.NoValidConnectionsError: [Errno None] Unable to connect to port 22 on 10.180.180.183
2025-05-14 13:52:34.072 69681 INFO tempest.lib.common.rest_client [req-a982448f-3c43-448e-ba32-eff96533c979 req-a982448f-3c43-448e-ba32-eff96533c979 ] Request (ServersTestFqdnHostnames:tearDownClass): 200 GET http://10.180.1.21/compute/v2.1/servers/1e4ea406-6581-4b1c-908b-18cf9d36a1e1 0.379s
2025-05-14 13:52:34.080 69681 INFO tempest.common.waiters [-] State transition "ACTIVE/deleting" ==> "DELETED/None" after 6 second wait
2025-05-14 13:52:34.132 69741 INFO tempest.lib.common.rest_client [req-c7924155-4ad9-4b0b-855a-7a252d54d2e7 req-c7924155-4ad9-4b0b-855a-7a252d54d2e7 ] Request (MultipleCreateTestJSON:test_multiple_create_with_reservation_return): 200 GET http://10.180.1.21/compute/v2.1/servers/0817093b-657e-4ff7-9536-f2357c21d74b 0.394s
2025-05-14 13:52:34.168 69719 INFO tempest.lib.common.rest_client [req-94d96d2f-fdc2-4793-a2c1-df6fc9210f09 req-94d96d2f-fdc2-4793-a2c1-df6fc9210f09 ] Request (DeleteServersAdminTestJSON:test_delete_server_while_in_error_state): 200 GET http://10.180.1.21/compute/v2.1/servers/1ba11df2-a9d1-4d31-ba73-f84c957dd5d1 0.518s
2025-05-14 13:52:34.249 69735 INFO tempest.lib.common.rest_client [req-cd7e8435-6e26-419d-8889-40b2c2f2eb10 req-cd7e8435-6e26-419d-8889-40b2c2f2eb10 ] Request (AttachInterfacesTestJSON:test_create_list_show_delete_interfaces_by_fixed_ip): 200 GET http://10.180.1.21/compute/v2.1/servers/7f7a4dea-6bd6-41e1-9b70-c5c0034f3358 0.460s
2025-05-14 13:52:34.255 69735 INFO tempest.common.waiters [-] State transition "BUILD/networking" ==> "BUILD/spawning" after 35 second wait
2025-05-14 13:52:34.314 69683 INFO tempest.lib.common.rest_client [req-d0be752b-752b-4a63-a57b-942323ad86fc req-d0be752b-752b-4a63-a57b-942323ad86fc ] Request (AttachInterfacesV270Test:tearDownClass): 200 GET http://10.180.1.21/compute/v2.1/servers/38e44f28-3083-467e-8f8b-3685f6b180a2 0.467s
2025-05-14 13:52:34.398 69691 INFO tempest.lib.common.rest_client [req-ec27e53a-db21-4741-89a8-57025bf70985 req-ec27e53a-db21-4741-89a8-57025bf70985 ] Request (ServersAdminNegativeTestJSON:test_migrate_server_invalid_state): 200 GET http://10.180.1.21/compute/v2.1/servers/a1a7b57a-d499-4145-bf63-dbce0bc2acc6 0.580s
2025-05-14 13:52:34.472 69703 INFO tempest.lib.common.rest_client [req-b35ae0e6-7078-4537-862b-7e2db2b2f7f4 req-b35ae0e6-7078-4537-862b-7e2db2b2f7f4 ] Request (AttachInterfacesUnderV243Test:test_add_remove_fixed_ip): 200 GET http://10.180.1.21/compute/v2.1/servers/e3ac01c4-ed2f-4f0f-9480-6a8af03eedf9 0.439s
2025-05-14 13:52:34.474 69713 INFO tempest.lib.common.rest_client [req-1c6456ac-0a81-4e33-b536-e67efcdca49b req-1c6456ac-0a81-4e33-b536-e67efcdca49b ] Request (ImagesOneServerNegativeTestJSON:setUp): 200 GET http://10.180.1.21/compute/v2.1/servers/012edabe-4abd-408a-bccd-8b79c1e223e6 0.533s
2025-05-14 13:52:34.535 69685 INFO tempest.lib.common.rest_client [req-a765f1b9-27bc-42f6-84df-49339aed32c9 req-a765f1b9-27bc-42f6-84df-49339aed32c9 ] Request (ServersAdminTestJSON:test_inject_network_info): 200 GET http://10.180.1.21/compute/v2.1/servers/e402b5ae-8d98-4790-8c53-0e6d6559cd2a 0.399s
2025-05-14 13:52:34.574 69725 INFO tempest.lib.common.rest_client [req-ec73c989-4744-49ab-a2b4-e36883024520 req-ec73c989-4744-49ab-a2b4-e36883024520 ] Request (ServerRescueTestJSON:setUpClass): 200 GET http://10.180.1.21/compute/v2.1/servers/3c97cef7-29d5-4c3c-ad60-6e8ad320241b 0.515s
2025-05-14 13:52:34.598 69697 INFO tempest.lib.common.rest_client [req-25593c80-7e5a-4a63-8a8f-e3c4753840ce req-25593c80-7e5a-4a63-8a8f-e3c4753840ce ] Request (VolumesAssistedSnapshotsTest:test_volume_assisted_snapshot_create_delete): 200 GET http://10.180.1.21/volume/v3/volumes/3345a752-5583-489e-9543-29561c1da778 0.034s
2025-05-14 13:52:34.636 69687 INFO tempest.lib.common.rest_client [req-2ef03a6c-5b50-496a-912c-746304a8f811 req-2ef03a6c-5b50-496a-912c-746304a8f811 ] Request (MigrationsAdminTest:test_list_migrations_in_flavor_resize_situation): 200 GET http://10.180.1.21/compute/v2.1/servers/933cc7d7-1160-4539-ba0d-002de1461d17 0.427s
2025-05-14 13:52:34.642 69705 INFO tempest.lib.common.rest_client [req-e9aff1de-e875-4e38-9701-9eff458e6288 req-e9aff1de-e875-4e38-9701-9eff458e6288 ] Request (ServerActionsTestOtherA:setUpClass): 200 GET http://10.180.1.21/compute/v2.1/servers/d8dab389-b197-4774-8f88-295552bb57dc 0.362s
2025-05-14 13:52:34.924 69723 INFO tempest.lib.common.rest_client [req-7412f867-86c1-4c8f-8f37-bd2dd83d2878 req-7412f867-86c1-4c8f-8f37-bd2dd83d2878 ] Request (ServerDiagnosticsV248Test:tearDownClass): 200 GET http://10.180.1.21/compute/v2.1/servers/88c0250f-4a18-4be5-85fd-9701fc9c84be 0.579s
2025-05-14 13:52:34.951 69709 INFO tempest.lib.common.rest_client [req-fa55b785-aa41-425f-b9ba-c72db102309e req-fa55b785-aa41-425f-b9ba-c72db102309e ] Request (FloatingIPsAssociationNegativeTestJSON:setUpClass): 200 GET http://10.180.1.21/compute/v2.1/servers/e0fe2d2a-c719-4ab8-bd50-7f439229322a 0.537s
2025-05-14 13:52:34.954 69713 INFO tempest.lib.common.rest_client [req-a9b73a33-abb0-4e7a-9e59-56d9a601a207 req-a9b73a33-abb0-4e7a-9e59-56d9a601a207 ] Request (ImagesOneServerNegativeTestJSON:test_create_image_specify_metadata_over_limits): 400 POST http://10.180.1.21/compute/v2.1/servers/012edabe-4abd-408a-bccd-8b79c1e223e6/action 0.470s
2025-05-14 13:52:34.961 69709 INFO tempest.common.waiters [-] State transition "BUILD/scheduling" ==> "BUILD/None" after 21 second wait
2025-05-14 13:52:34.969 69689 WARNING tempest.lib.common.ssh [-] Failed to establish authenticated ssh connection to cirros@10.180.180.237 ([Errno None] Unable to connect to port 22 on 10.180.180.237). Number attempts: 4. Retry after 5 seconds.: paramiko.ssh_exception.NoValidConnectionsError: [Errno None] Unable to connect to port 22 on 10.180.180.237
2025-05-14 13:52:34.984 69731 INFO tempest.lib.common.rest_client [req-1fb7e6ce-43ee-4238-82a7-bf4e712eded1 req-1fb7e6ce-43ee-4238-82a7-bf4e712eded1 ] Request (TenantUsagesTestJSON:setUpClass): 200 GET http://10.180.1.21/compute/v2.1/servers/bfdd2857-91af-4408-9d80-2e096518fe39 0.504s
2025-05-14 13:52:35.022 69727 INFO tempest.lib.common.rest_client [req-9396fad1-1503-4f5b-8f97-e9aa82de900f req-9396fad1-1503-4f5b-8f97-e9aa82de900f ] Request (ServersListShow296Test:test_list_show_update_rebuild_server_296): 200 GET http://10.180.1.21/compute/v2.1/servers/2f7a6ea4-7afd-498a-a918-9a4ab0a2d52f 0.518s
2025-05-14 13:52:35.085 69739 INFO tempest.lib.common.rest_client [req-21c2c172-04a3-4711-b96b-4cf0a51f4273 req-21c2c172-04a3-4711-b96b-4cf0a51f4273 ] Request (ServerDiagnosticsTest:test_get_server_diagnostics): 200 GET http://10.180.1.21/compute/v2.1/servers/33b2f0d9-d895-461a-ae4c-6601fc747f8a 0.387s
2025-05-14 13:52:35.093 69699 INFO tempest.lib.common.rest_client [req-91e3aa67-fb15-40a7-862d-90f10e0096de req-91e3aa67-fb15-40a7-862d-90f10e0096de ] Request (ServerShowV257Test:test_rebuild_server): 200 GET http://10.180.1.21/compute/v2.1/servers/43fa3c7f-7341-418c-8773-4e3649056090 0.293s
2025-05-14 13:52:35.144 69715 INFO tempest.lib.common.rest_client [req-9f653362-b33b-4c36-aff2-d60872940c23 req-9f653362-b33b-4c36-aff2-d60872940c23 ] Request (SecurityGroupsTestJSON:test_server_security_groups): 200 GET http://10.180.1.21/compute/v2.1/servers/fd7a3a67-ae9f-4954-85c7-49f9bc252105 0.253s
2025-05-14 13:52:35.153 69711 INFO tempest.lib.common.rest_client [req-79f30f74-4b8f-45e8-b264-4c6fe2a18f3d req-79f30f74-4b8f-45e8-b264-4c6fe2a18f3d ] Request (DeleteServersTestJSON:test_delete_active_server): 200 GET http://10.180.1.21/compute/v2.1/servers/90a0754f-c615-4acf-9787-55c3a8649161 0.237s
2025-05-14 13:52:35.211 69701 INFO tempest.lib.common.rest_client [req-99d6d492-126f-4b5b-9eae-690389ab851a req-99d6d492-126f-4b5b-9eae-690389ab851a ] Request (ServerShowV247Test:test_update_rebuild_list_server): 200 GET http://10.180.1.21/compute/v2.1/servers/1519ed08-cf97-4bc5-9e26-4a62cb36ec6c 0.242s
2025-05-14 13:52:35.236 69713 INFO tempest.lib.common.rest_client [req-b2152470-6362-4aaa-94d5-bfc5c7e82522 req-b2152470-6362-4aaa-94d5-bfc5c7e82522 ] Request (ImagesOneServerNegativeTestJSON:tearDown): 200 GET http://10.180.1.21/compute/v2.1/servers/012edabe-4abd-408a-bccd-8b79c1e223e6 0.281s
2025-05-14 13:52:35.269 69717 INFO tempest.lib.common.rest_client [req-9d704b4c-026f-4773-9315-114a301cca28 req-9d704b4c-026f-4773-9315-114a301cca28 ] Request (ServerAddressesNegativeTestJSON:setUpClass): 200 GET http://10.180.1.21/compute/v2.1/servers/475e02eb-0de9-4425-af51-e906aa067f6d 0.273s
2025-05-14 13:52:35.286 69695 INFO tempest.lib.common.rest_client [req-9069a331-e856-4865-85eb-000abe904ba5 req-9069a331-e856-4865-85eb-000abe904ba5 ] Request (InstanceActionsNegativeTestJSON:setUpClass): 200 GET http://10.180.1.21/compute/v2.1/servers/4c6620a0-9a33-4f6d-9919-b59dfcb5d7a5 0.269s
2025-05-14 13:52:35.341 69741 INFO tempest.lib.common.rest_client [req-2ad83a3f-042f-4af8-b00a-e723dbd23913 req-2ad83a3f-042f-4af8-b00a-e723dbd23913 ] Request (MultipleCreateTestJSON:test_multiple_create_with_reservation_return): 200 GET http://10.180.1.21/compute/v2.1/servers/0817093b-657e-4ff7-9536-f2357c21d74b 0.199s
2025-05-14 13:52:35.347 69681 INFO tempest.lib.common.rest_client [req-ebed44ad-75e5-451b-8f15-1a4f0c151ecf req-ebed44ad-75e5-451b-8f15-1a4f0c151ecf ] Request (ServersTestFqdnHostnames:tearDownClass): 200 GET http://10.180.1.21/compute/v2.1/servers/1e4ea406-6581-4b1c-908b-18cf9d36a1e1 0.267s
2025-05-14 13:52:35.435 69719 INFO tempest.lib.common.rest_client [req-60185b0e-bfc7-4cce-9157-4f88bee230f9 req-60185b0e-bfc7-4cce-9157-4f88bee230f9 ] Request (DeleteServersAdminTestJSON:test_delete_server_while_in_error_state): 200 GET http://10.180.1.21/compute/v2.1/servers/1ba11df2-a9d1-4d31-ba73-f84c957dd5d1 0.258s
2025-05-14 13:52:35.458 69713 INFO tempest.lib.common.rest_client [req-cb21a9ba-cc76-4e25-aba7-d197968eeb52 req-cb21a9ba-cc76-4e25-aba7-d197968eeb52 ] Request (ImagesOneServerNegativeTestJSON:setUp): 200 GET http://10.180.1.21/compute/v2.1/servers/012edabe-4abd-408a-bccd-8b79c1e223e6 0.213s
2025-05-14 13:52:35.526 69683 INFO tempest.lib.common.rest_client [req-fc21dd1c-53ff-4098-8169-b9bc0cde356e req-fc21dd1c-53ff-4098-8169-b9bc0cde356e ] Request (AttachInterfacesV270Test:tearDownClass): 200 GET http://10.180.1.21/compute/v2.1/servers/38e44f28-3083-467e-8f8b-3685f6b180a2 0.197s
2025-05-14 13:52:35.551 69735 INFO tempest.lib.common.rest_client [req-12d03330-e39f-4b3e-9868-bc45a5948150 req-12d03330-e39f-4b3e-9868-bc45a5948150 ] Request (AttachInterfacesTestJSON:test_create_list_show_delete_interfaces_by_fixed_ip): 200 GET http://10.180.1.21/compute/v2.1/servers/7f7a4dea-6bd6-41e1-9b70-c5c0034f3358 0.295s
2025-05-14 13:52:35.559 69713 INFO tempest.lib.common.rest_client [req-33ec1c9b-f53a-4662-bbc1-3706dcec2ba7 req-33ec1c9b-f53a-4662-bbc1-3706dcec2ba7 ] Request (ImagesOneServerNegativeTestJSON:test_create_image_specify_name_over_character_limit): 400 POST http://10.180.1.21/compute/v2.1/servers/012edabe-4abd-408a-bccd-8b79c1e223e6/action 0.092s
2025-05-14 13:52:35.601 69733 WARNING tempest.lib.common.ssh [-] Failed to establish authenticated ssh connection to cirros@10.180.180.177 ([Errno None] Unable to connect to port 22 on 10.180.180.177). Number attempts: 6. Retry after 7 seconds.: paramiko.ssh_exception.NoValidConnectionsError: [Errno None] Unable to connect to port 22 on 10.180.180.177
2025-05-14 13:52:35.603 69703 INFO tempest.lib.common.rest_client [req-01481153-3a8f-43f9-b35b-3688de7ecaf4 req-01481153-3a8f-43f9-b35b-3688de7ecaf4 ] Request (AttachInterfacesUnderV243Test:test_add_remove_fixed_ip): 200 GET http://10.180.1.21/compute/v2.1/servers/e3ac01c4-ed2f-4f0f-9480-6a8af03eedf9 0.121s
2025-05-14 13:52:35.637 69697 INFO tempest.lib.common.rest_client [req-15b83814-c123-4183-8806-e5a16ed11678 req-15b83814-c123-4183-8806-e5a16ed11678 ] Request (VolumesAssistedSnapshotsTest:test_volume_assisted_snapshot_create_delete): 200 GET http://10.180.1.21/volume/v3/volumes/3345a752-5583-489e-9543-29561c1da778 0.032s
2025-05-14 13:52:35.643 69691 INFO tempest.lib.common.rest_client [req-f25aaa6d-417e-4f43-935e-8ebd6b4fc559 req-f25aaa6d-417e-4f43-935e-8ebd6b4fc559 ] Request (ServersAdminNegativeTestJSON:test_migrate_server_invalid_state): 200 GET http://10.180.1.21/compute/v2.1/servers/a1a7b57a-d499-4145-bf63-dbce0bc2acc6 0.234s
2025-05-14 13:52:35.655 69685 INFO tempest.lib.common.rest_client [req-2dfb08b0-7698-4768-9ae7-99bf55f38a0f req-2dfb08b0-7698-4768-9ae7-99bf55f38a0f ] Request (ServersAdminTestJSON:test_inject_network_info): 200 GET http://10.180.1.21/compute/v2.1/servers/e402b5ae-8d98-4790-8c53-0e6d6559cd2a 0.112s
2025-05-14 13:52:35.759 69713 INFO tempest.lib.common.rest_client [req-0321e9c9-1873-4441-9e2f-d066f0aafffe req-0321e9c9-1873-4441-9e2f-d066f0aafffe ] Request (ImagesOneServerNegativeTestJSON:tearDown): 200 GET http://10.180.1.21/compute/v2.1/servers/012edabe-4abd-408a-bccd-8b79c1e223e6 0.200s
2025-05-14 13:52:35.782 69725 INFO tempest.lib.common.rest_client [req-04f89340-be31-4f77-8d77-2093230d0019 req-04f89340-be31-4f77-8d77-2093230d0019 ] Request (ServerRescueTestJSON:setUpClass): 200 GET http://10.180.1.21/compute/v2.1/servers/3c97cef7-29d5-4c3c-ad60-6e8ad320241b 0.199s
2025-05-14 13:52:35.835 69705 INFO tempest.lib.common.rest_client [req-bc839e7a-f551-4a45-b831-264f5dcc74e2 req-bc839e7a-f551-4a45-b831-264f5dcc74e2 ] Request (ServerActionsTestOtherA:setUpClass): 200 GET http://10.180.1.21/compute/v2.1/servers/d8dab389-b197-4774-8f88-295552bb57dc 0.183s
2025-05-14 13:52:35.877 69687 INFO tempest.lib.common.rest_client [req-7797437a-c6cc-4af4-9405-7603f0513ef8 req-7797437a-c6cc-4af4-9405-7603f0513ef8 ] Request (MigrationsAdminTest:test_list_migrations_in_flavor_resize_situation): 200 GET http://10.180.1.21/compute/v2.1/servers/933cc7d7-1160-4539-ba0d-002de1461d17 0.233s
2025-05-14 13:52:36.015 69723 INFO tempest.lib.common.rest_client [req-5b074e21-ffa8-44da-abf5-d2b0b03da36f req-5b074e21-ffa8-44da-abf5-d2b0b03da36f ] Request (ServerDiagnosticsV248Test:tearDownClass): 200 GET http://10.180.1.21/compute/v2.1/servers/88c0250f-4a18-4be5-85fd-9701fc9c84be 0.079s
2025-05-14 13:52:36.026 69713 INFO tempest.lib.common.rest_client [req-2d3ce960-7011-4a60-b6c2-3e3d903e2a6c req-2d3ce960-7011-4a60-b6c2-3e3d903e2a6c ] Request (ImagesOneServerNegativeTestJSON:setUp): 200 GET http://10.180.1.21/compute/v2.1/servers/012edabe-4abd-408a-bccd-8b79c1e223e6 0.257s
2025-05-14 13:52:36.069 69709 INFO tempest.lib.common.rest_client [req-ea9de4cd-f3a5-47d5-8f2f-e3a934e06af6 req-ea9de4cd-f3a5-47d5-8f2f-e3a934e06af6 ] Request (FloatingIPsAssociationNegativeTestJSON:setUpClass): 200 GET http://10.180.1.21/compute/v2.1/servers/e0fe2d2a-c719-4ab8-bd50-7f439229322a 0.108s
2025-05-14 13:52:36.092 69731 INFO tempest.lib.common.rest_client [req-7183547e-fdbe-4aae-894f-32d6c848af65 req-7183547e-fdbe-4aae-894f-32d6c848af65 ] Request (TenantUsagesTestJSON:setUpClass): 200 GET http://10.180.1.21/compute/v2.1/servers/bfdd2857-91af-4408-9d80-2e096518fe39 0.100s
2025-05-14 13:52:36.136 69727 INFO tempest.lib.common.rest_client [req-48d96ed1-2509-4815-9d5d-3ab90bcaae3d req-48d96ed1-2509-4815-9d5d-3ab90bcaae3d ] Request (ServersListShow296Test:test_list_show_update_rebuild_server_296): 200 GET http://10.180.1.21/compute/v2.1/servers/2f7a6ea4-7afd-498a-a918-9a4ab0a2d52f 0.103s
2025-05-14 13:52:36.259 69739 INFO tempest.lib.common.rest_client [req-109597ea-6270-49d5-a94e-a356ac0af87a req-109597ea-6270-49d5-a94e-a356ac0af87a ] Request (ServerDiagnosticsTest:test_get_server_diagnostics): 200 GET http://10.180.1.21/compute/v2.1/servers/33b2f0d9-d895-461a-ae4c-6601fc747f8a 0.163s
2025-05-14 13:52:36.312 69699 INFO tempest.lib.common.rest_client [req-bbf04439-7caf-4f78-84b6-0f1378578d2c req-bbf04439-7caf-4f78-84b6-0f1378578d2c ] Request (ServerShowV257Test:test_rebuild_server): 200 GET http://10.180.1.21/compute/v2.1/servers/43fa3c7f-7341-418c-8773-4e3649056090 0.207s
2025-05-14 13:52:36.322 69699 INFO tempest.common.waiters [-] State transition "BUILD/None" ==> "BUILD/block_device_mapping" after 37 second wait
2025-05-14 13:52:36.365 69715 INFO tempest.lib.common.rest_client [req-0830d21b-9aef-4527-a0c8-feb6267fed77 req-0830d21b-9aef-4527-a0c8-feb6267fed77 ] Request (SecurityGroupsTestJSON:test_server_security_groups): 200 GET http://10.180.1.21/compute/v2.1/servers/fd7a3a67-ae9f-4954-85c7-49f9bc252105 0.212s
2025-05-14 13:52:36.418 69711 INFO tempest.lib.common.rest_client [req-f0a4eea2-1cca-4e5d-8783-98502468f9a8 req-f0a4eea2-1cca-4e5d-8783-98502468f9a8 ] Request (DeleteServersTestJSON:test_delete_active_server): 200 GET http://10.180.1.21/compute/v2.1/servers/90a0754f-c615-4acf-9787-55c3a8649161 0.255s
2025-05-14 13:52:36.471 69701 INFO tempest.lib.common.rest_client [req-afef0493-2e1a-42aa-8ee3-6e8c946767a3 req-afef0493-2e1a-42aa-8ee3-6e8c946767a3 ] Request (ServerShowV247Test:test_update_rebuild_list_server): 200 GET http://10.180.1.21/compute/v2.1/servers/1519ed08-cf97-4bc5-9e26-4a62cb36ec6c 0.248s
2025-05-14 13:52:36.516 69717 INFO tempest.lib.common.rest_client [req-7d1fd5cd-1614-4b6d-981b-52041bf6fd0a req-7d1fd5cd-1614-4b6d-981b-52041bf6fd0a ] Request (ServerAddressesNegativeTestJSON:setUpClass): 200 GET http://10.180.1.21/compute/v2.1/servers/475e02eb-0de9-4425-af51-e906aa067f6d 0.237s
2025-05-14 13:52:36.563 69695 INFO tempest.lib.common.rest_client [req-04b76fd0-635d-41ba-aed7-5a81b6bd6077 req-04b76fd0-635d-41ba-aed7-5a81b6bd6077 ] Request (InstanceActionsNegativeTestJSON:setUpClass): 200 GET http://10.180.1.21/compute/v2.1/servers/4c6620a0-9a33-4f6d-9919-b59dfcb5d7a5 0.269s
2025-05-14 13:52:36.777 69741 INFO tempest.lib.common.rest_client [req-c82efa46-16bf-4cc1-ba94-27d4623fdd8c req-c82efa46-16bf-4cc1-ba94-27d4623fdd8c ] Request (MultipleCreateTestJSON:test_multiple_create_with_reservation_return): 200 GET http://10.180.1.21/compute/v2.1/servers/0817093b-657e-4ff7-9536-f2357c21d74b 0.423s
2025-05-14 13:52:36.800 69697 INFO tempest.lib.common.rest_client [req-56f0e7c5-7226-4837-8cc7-efed59d7becf req-56f0e7c5-7226-4837-8cc7-efed59d7becf ] Request (VolumesAssistedSnapshotsTest:test_volume_assisted_snapshot_create_delete): 200 GET http://10.180.1.21/volume/v3/volumes/3345a752-5583-489e-9543-29561c1da778 0.038s
2025-05-14 13:52:36.843 69681 INFO tempest.lib.common.rest_client [req-d42a4c91-eac9-402d-93a2-b7fec6374e47 req-d42a4c91-eac9-402d-93a2-b7fec6374e47 ] Request (ServersTestFqdnHostnames:tearDownClass): 200 GET http://10.180.1.21/compute/v2.1/servers/1e4ea406-6581-4b1c-908b-18cf9d36a1e1 0.488s
2025-05-14 13:52:36.882 69713 INFO tempest.lib.common.rest_client [req-79fff5a6-204d-44a6-8274-de0e0cdc52da req-79fff5a6-204d-44a6-8274-de0e0cdc52da ] Request (ImagesOneServerNegativeTestJSON:test_create_second_image_when_first_image_is_being_saved): 202 POST http://10.180.1.21/compute/v2.1/servers/012edabe-4abd-408a-bccd-8b79c1e223e6/action 0.848s
2025-05-14 13:52:36.947 69683 INFO tempest.lib.common.rest_client [req-f14ce62e-e97a-4e67-b534-1728cd25eb24 req-f14ce62e-e97a-4e67-b534-1728cd25eb24 ] Request (AttachInterfacesV270Test:tearDownClass): 200 GET http://10.180.1.21/compute/v2.1/servers/38e44f28-3083-467e-8f8b-3685f6b180a2 0.410s
2025-05-14 13:52:36.952 69719 INFO tempest.lib.common.rest_client [req-3b980833-0e6c-4302-b910-938ff1f618d7 req-3b980833-0e6c-4302-b910-938ff1f618d7 ] Request (DeleteServersAdminTestJSON:test_delete_server_while_in_error_state): 200 GET http://10.180.1.21/compute/v2.1/servers/1ba11df2-a9d1-4d31-ba73-f84c957dd5d1 0.507s
2025-05-14 13:52:36.999 69703 INFO tempest.lib.common.rest_client [req-ff04384d-3232-4eb7-9605-51afb69894dc req-ff04384d-3232-4eb7-9605-51afb69894dc ] Request (AttachInterfacesUnderV243Test:test_add_remove_fixed_ip): 200 GET http://10.180.1.21/compute/v2.1/servers/e3ac01c4-ed2f-4f0f-9480-6a8af03eedf9 0.385s
2025-05-14 13:52:37.041 69691 INFO tempest.lib.common.rest_client [req-23be2a02-2b70-40cf-9b28-8b6ca4a191b8 req-23be2a02-2b70-40cf-9b28-8b6ca4a191b8 ] Request (ServersAdminNegativeTestJSON:test_migrate_server_invalid_state): 200 GET http://10.180.1.21/compute/v2.1/servers/a1a7b57a-d499-4145-bf63-dbce0bc2acc6 0.389s
2025-05-14 13:52:37.047 69685 INFO tempest.lib.common.rest_client [req-f3df903d-f5fb-4db7-97eb-82f1a54cf7ef req-f3df903d-f5fb-4db7-97eb-82f1a54cf7ef ] Request (ServersAdminTestJSON:test_inject_network_info): 200 GET http://10.180.1.21/compute/v2.1/servers/e402b5ae-8d98-4790-8c53-0e6d6559cd2a 0.287s
2025-05-14 13:52:37.048 69691 INFO tempest.common.waiters [-] State transition "ACTIVE/suspending" ==> "SUSPENDED/None" after 3 second wait
2025-05-14 13:52:37.129 69735 INFO tempest.lib.common.rest_client [req-dc63427d-797b-432c-8e7b-7015c98107f6 req-dc63427d-797b-432c-8e7b-7015c98107f6 ] Request (AttachInterfacesTestJSON:test_create_list_show_delete_interfaces_by_fixed_ip): 200 GET http://10.180.1.21/compute/v2.1/servers/7f7a4dea-6bd6-41e1-9b70-c5c0034f3358 0.367s
2025-05-14 13:52:37.161 69725 INFO tempest.lib.common.rest_client [req-630023df-7089-4106-a41d-434cc73dd763 req-630023df-7089-4106-a41d-434cc73dd763 ] Request (ServerRescueTestJSON:setUpClass): 200 GET http://10.180.1.21/compute/v2.1/servers/3c97cef7-29d5-4c3c-ad60-6e8ad320241b 0.371s
2025-05-14 13:52:37.183 69705 INFO tempest.lib.common.rest_client [req-3560013f-0fd8-4a21-9223-93e5dc2f4ab7 req-3560013f-0fd8-4a21-9223-93e5dc2f4ab7 ] Request (ServerActionsTestOtherA:setUpClass): 200 GET http://10.180.1.21/compute/v2.1/servers/d8dab389-b197-4774-8f88-295552bb57dc 0.336s
2025-05-14 13:52:37.190 69713 INFO tempest.lib.common.rest_client [req-e0fd8440-ce95-4dcc-b045-c77546bed91c req-e0fd8440-ce95-4dcc-b045-c77546bed91c ] Request (ImagesOneServerNegativeTestJSON:test_create_second_image_when_first_image_is_being_saved): 409 POST http://10.180.1.21/compute/v2.1/servers/012edabe-4abd-408a-bccd-8b79c1e223e6/action 0.306s
2025-05-14 13:52:37.248 69723 INFO tempest.lib.common.rest_client [req-a614d2e8-20e6-4dca-a24f-43d02785a204 req-a614d2e8-20e6-4dca-a24f-43d02785a204 ] Request (ServerDiagnosticsV248Test:tearDownClass): 200 GET http://10.180.1.21/compute/v2.1/servers/88c0250f-4a18-4be5-85fd-9701fc9c84be 0.220s
2025-05-14 13:52:37.276 69687 INFO tempest.lib.common.rest_client [req-b3ca4e77-d481-437b-9214-ce5231c1af78 req-b3ca4e77-d481-437b-9214-ce5231c1af78 ] Request (MigrationsAdminTest:test_list_migrations_in_flavor_resize_situation): 200 GET http://10.180.1.21/compute/v2.1/servers/933cc7d7-1160-4539-ba0d-002de1461d17 0.391s
2025-05-14 13:52:37.310 69691 INFO tempest.lib.common.rest_client [req-7785daaf-2d62-4493-b756-3e77c4819513 req-7785daaf-2d62-4493-b756-3e77c4819513 ] Request (ServersAdminNegativeTestJSON:test_migrate_server_invalid_state): 409 POST http://10.180.1.21/compute/v2.1/servers/a1a7b57a-d499-4145-bf63-dbce0bc2acc6/action 0.261s
2025-05-14 13:52:37.324 69709 INFO tempest.lib.common.rest_client [req-0f034854-c1e9-471a-ae8d-4cb5b4aba91b req-0f034854-c1e9-471a-ae8d-4cb5b4aba91b ] Request (FloatingIPsAssociationNegativeTestJSON:setUpClass): 200 GET http://10.180.1.21/compute/v2.1/servers/e0fe2d2a-c719-4ab8-bd50-7f439229322a 0.243s
2025-05-14 13:52:37.359 69731 INFO tempest.lib.common.rest_client [req-02f3b8a7-e3af-4944-9c30-e755b9a9ac70 req-02f3b8a7-e3af-4944-9c30-e755b9a9ac70 ] Request (TenantUsagesTestJSON:setUpClass): 200 GET http://10.180.1.21/compute/v2.1/servers/bfdd2857-91af-4408-9d80-2e096518fe39 0.255s
2025-05-14 13:52:37.397 69727 INFO tempest.lib.common.rest_client [req-bff1e0bf-78a1-4bd3-a74b-35d245ff2572 req-bff1e0bf-78a1-4bd3-a74b-35d245ff2572 ] Request (ServersListShow296Test:test_list_show_update_rebuild_server_296): 200 GET http://10.180.1.21/compute/v2.1/servers/2f7a6ea4-7afd-498a-a918-9a4ab0a2d52f 0.250s
2025-05-14 13:52:37.460 69713 INFO tempest.lib.common.rest_client [req-43129c59-b360-4789-af44-2720cf6c2685 req-43129c59-b360-4789-af44-2720cf6c2685 ] Request (ImagesOneServerNegativeTestJSON:test_create_second_image_when_first_image_is_being_saved): 204 DELETE http://10.180.1.21/compute/v2.1/images/89e8a577-61d7-49ab-a3ff-2468bbd8517b 0.269s
2025-05-14 13:52:37.502 69691 INFO tempest.lib.common.rest_client [req-b1838748-16a2-4234-bf2a-501ab672ca71 req-b1838748-16a2-4234-bf2a-501ab672ca71 ] Request (ServersAdminNegativeTestJSON:test_reset_state_server_invalid_state): 400 POST http://10.180.1.21/compute/v2.1/servers/5338dc92-c619-4a06-ad2f-6a3821bd9507/action 0.190s
2025-05-14 13:52:37.531 69739 INFO tempest.lib.common.rest_client [req-43f7c4c1-ef0a-4ea5-a452-8215d5c97371 req-43f7c4c1-ef0a-4ea5-a452-8215d5c97371 ] Request (ServerDiagnosticsTest:test_get_server_diagnostics): 200 GET http://10.180.1.21/compute/v2.1/servers/33b2f0d9-d895-461a-ae4c-6601fc747f8a 0.264s
2025-05-14 13:52:37.561 69699 INFO tempest.lib.common.rest_client [req-f5a8198c-b4bb-47c4-ae70-2f7ceca009ed req-f5a8198c-b4bb-47c4-ae70-2f7ceca009ed ] Request (ServerShowV257Test:test_rebuild_server): 200 GET http://10.180.1.21/compute/v2.1/servers/43fa3c7f-7341-418c-8773-4e3649056090 0.238s
2025-05-14 13:52:37.571 69699 INFO tempest.common.waiters [-] State transition "BUILD/block_device_mapping" ==> "BUILD/spawning" after 38 second wait
2025-05-14 13:52:37.584 69715 INFO tempest.lib.common.rest_client [req-48e29eaa-310b-4160-a79c-f0157abe27c3 req-48e29eaa-310b-4160-a79c-f0157abe27c3 ] Request (SecurityGroupsTestJSON:test_server_security_groups): 200 GET http://10.180.1.21/compute/v2.1/servers/fd7a3a67-ae9f-4954-85c7-49f9bc252105 0.210s
2025-05-14 13:52:37.626 69711 INFO tempest.lib.common.rest_client [req-11a670a8-17aa-466b-8dc8-2c747d0676c6 req-11a670a8-17aa-466b-8dc8-2c747d0676c6 ] Request (DeleteServersTestJSON:test_delete_active_server): 200 GET http://10.180.1.21/compute/v2.1/servers/90a0754f-c615-4acf-9787-55c3a8649161 0.201s
2025-05-14 13:52:37.679 69713 INFO tempest.lib.common.rest_client [req-997b3e87-338a-40ba-94b2-e0001b543d32 req-997b3e87-338a-40ba-94b2-e0001b543d32 ] Request (ImagesOneServerNegativeTestJSON:tearDown): 200 GET http://10.180.1.21/compute/v2.1/servers/012edabe-4abd-408a-bccd-8b79c1e223e6 0.219s
2025-05-14 13:52:37.683 69701 INFO tempest.lib.common.rest_client [req-90cb9142-3638-483a-bd2c-948f557357f9 req-90cb9142-3638-483a-bd2c-948f557357f9 ] Request (ServerShowV247Test:test_update_rebuild_list_server): 200 GET http://10.180.1.21/compute/v2.1/servers/1519ed08-cf97-4bc5-9e26-4a62cb36ec6c 0.202s
2025-05-14 13:52:37.691 69691 INFO tempest.lib.common.rest_client [req-7af0ae04-8685-4b33-8a3c-f07f43742641 req-7af0ae04-8685-4b33-8a3c-f07f43742641 ] Request (ServersAdminNegativeTestJSON:test_reset_state_server_invalid_type): 400 POST http://10.180.1.21/compute/v2.1/servers/5338dc92-c619-4a06-ad2f-6a3821bd9507/action 0.187s
2025-05-14 13:52:37.742 69717 INFO tempest.lib.common.rest_client [req-637e7039-e60c-4af3-ac26-aae13775cc67 req-637e7039-e60c-4af3-ac26-aae13775cc67 ] Request (ServerAddressesNegativeTestJSON:setUpClass): 200 GET http://10.180.1.21/compute/v2.1/servers/475e02eb-0de9-4425-af51-e906aa067f6d 0.216s
2025-05-14 13:52:37.747 69695 INFO tempest.lib.common.rest_client [req-0529781a-dd8f-483a-bc00-f44018a95162 req-0529781a-dd8f-483a-bc00-f44018a95162 ] Request (InstanceActionsNegativeTestJSON:setUpClass): 200 GET http://10.180.1.21/compute/v2.1/servers/4c6620a0-9a33-4f6d-9919-b59dfcb5d7a5 0.177s
2025-05-14 13:52:37.749 69691 INFO tempest.lib.common.rest_client [req-dfce11df-2799-4362-8ae6-4a33889af904 req-dfce11df-2799-4362-8ae6-4a33889af904 ] Request (ServersAdminNegativeTestJSON:test_reset_state_server_nonexistent_server): 404 POST http://10.180.1.21/compute/v2.1/servers/999/action 0.054s
2025-05-14 13:52:37.834 69697 INFO tempest.lib.common.rest_client [req-46296a9b-8720-4e51-b8b5-870987c5c7e1 req-46296a9b-8720-4e51-b8b5-870987c5c7e1 ] Request (VolumesAssistedSnapshotsTest:test_volume_assisted_snapshot_create_delete): 200 GET http://10.180.1.21/volume/v3/volumes/3345a752-5583-489e-9543-29561c1da778 0.027s
2025-05-14 13:52:37.849 69691 INFO tempest.lib.common.rest_client [req-ac7aff59-4067-4538-8547-b3157d1d18a6 req-ac7aff59-4067-4538-8547-b3157d1d18a6 ] Request (ServersAdminNegativeTestJSON:test_resize_server_using_overlimit_ram): 200 GET http://10.180.1.21/compute/v2.1/os-quota-sets/8150c5d2a7a448caa502c114b564b6b9 0.098s
2025-05-14 13:52:37.855 69741 INFO tempest.lib.common.rest_client [req-95e2af18-1539-4cc0-8735-b0ded6de2ed3 req-95e2af18-1539-4cc0-8735-b0ded6de2ed3 ] Request (MultipleCreateTestJSON:test_multiple_create_with_reservation_return): 200 GET http://10.180.1.21/compute/v2.1/servers/0817093b-657e-4ff7-9536-f2357c21d74b 0.068s
2025-05-14 13:52:37.871 69691 INFO tempest.lib.common.rest_client [req-512779bd-a76d-49de-a3fb-d414b653ba42 req-512779bd-a76d-49de-a3fb-d414b653ba42 ] Request (ServersAdminNegativeTestJSON:test_resize_server_using_overlimit_ram): 200 POST http://10.180.1.21/compute/v2.1/flavors 0.020s
2025-05-14 13:52:37.919 69681 INFO tempest.lib.common.rest_client [req-3dd25f97-2349-41da-8dfc-e235ae56a0bb req-3dd25f97-2349-41da-8dfc-e235ae56a0bb ] Request (ServersTestFqdnHostnames:tearDownClass): 200 GET http://10.180.1.21/compute/v2.1/servers/1e4ea406-6581-4b1c-908b-18cf9d36a1e1 0.066s
2025-05-14 13:52:37.981 69691 INFO tempest.lib.common.rest_client [req-4097c075-0484-47a9-b560-0715f4298fe0 req-4097c075-0484-47a9-b560-0715f4298fe0 ] Request (ServersAdminNegativeTestJSON:test_resize_server_using_overlimit_ram): 403 POST http://10.180.1.21/compute/v2.1/servers/5338dc92-c619-4a06-ad2f-6a3821bd9507/action 0.107s
2025-05-14 13:52:38.023 69683 INFO tempest.lib.common.rest_client [req-6d86898c-8145-449c-8a90-3a58bff0fe70 req-6d86898c-8145-449c-8a90-3a58bff0fe70 ] Request (AttachInterfacesV270Test:tearDownClass): 200 GET http://10.180.1.21/compute/v2.1/servers/38e44f28-3083-467e-8f8b-3685f6b180a2 0.066s
2025-05-14 13:52:38.040 69691 INFO tempest.lib.common.rest_client [req-c4626987-b545-452a-b089-01707e0d8644 req-c4626987-b545-452a-b089-01707e0d8644 ] Request (ServersAdminNegativeTestJSON:_run_cleanups): 202 DELETE http://10.180.1.21/compute/v2.1/flavors/2136816794 0.058s
2025-05-14 13:52:38.097 69703 INFO tempest.lib.common.rest_client [req-a9fd4908-41eb-41b3-8380-c6b396e50e75 req-a9fd4908-41eb-41b3-8380-c6b396e50e75 ] Request (AttachInterfacesUnderV243Test:test_add_remove_fixed_ip): 200 GET http://10.180.1.21/compute/v2.1/servers/e3ac01c4-ed2f-4f0f-9480-6a8af03eedf9 0.089s
2025-05-14 13:52:38.105 69719 INFO tempest.lib.common.rest_client [req-1916aef3-0363-4f02-a093-14239cc193b2 req-1916aef3-0363-4f02-a093-14239cc193b2 ] Request (DeleteServersAdminTestJSON:test_delete_server_while_in_error_state): 200 GET http://10.180.1.21/compute/v2.1/servers/1ba11df2-a9d1-4d31-ba73-f84c957dd5d1 0.145s
2025-05-14 13:52:38.121 69691 INFO tempest.lib.common.rest_client [req-a5d72852-8f11-43cd-a051-6701a73adc9d req-a5d72852-8f11-43cd-a051-6701a73adc9d ] Request (ServersAdminNegativeTestJSON:_run_cleanups): 200 GET http://10.180.1.21/compute/v2.1/flavors/detail 0.081s
2025-05-14 13:52:38.162 69685 INFO tempest.lib.common.rest_client [req-ee796886-52c4-467e-a49f-7769d7c0fdb7 req-ee796886-52c4-467e-a49f-7769d7c0fdb7 ] Request (ServersAdminTestJSON:test_inject_network_info): 200 GET http://10.180.1.21/compute/v2.1/servers/e402b5ae-8d98-4790-8c53-0e6d6559cd2a 0.102s
2025-05-14 13:52:38.166 69691 INFO tempest.lib.common.rest_client [req-a77fb664-17fd-4abe-b0ae-f99d7816c13c req-a77fb664-17fd-4abe-b0ae-f99d7816c13c ] Request (ServersAdminNegativeTestJSON:test_resize_server_using_overlimit_vcpus): 200 GET http://10.180.1.21/compute/v2.1/os-quota-sets/8150c5d2a7a448caa502c114b564b6b9 0.039s
2025-05-14 13:52:38.262 69735 INFO tempest.lib.common.rest_client [req-410e2e79-e597-49f6-a685-0f1b0af09f16 req-410e2e79-e597-49f6-a685-0f1b0af09f16 ] Request (AttachInterfacesTestJSON:test_create_list_show_delete_interfaces_by_fixed_ip): 200 GET http://10.180.1.21/compute/v2.1/servers/7f7a4dea-6bd6-41e1-9b70-c5c0034f3358 0.125s
2025-05-14 13:52:38.262 69725 INFO tempest.lib.common.rest_client [req-0432f94d-0030-407e-a11e-49b73ee4ae33 req-0432f94d-0030-407e-a11e-49b73ee4ae33 ] Request (ServerRescueTestJSON:setUpClass): 200 GET http://10.180.1.21/compute/v2.1/servers/3c97cef7-29d5-4c3c-ad60-6e8ad320241b 0.094s
2025-05-14 13:52:38.270 69725 INFO tempest.common.waiters [-] State transition "BUILD/spawning" ==> "ACTIVE/None" after 44 second wait
2025-05-14 13:52:38.280 69691 INFO tempest.lib.common.rest_client [req-2b73c851-7250-40c7-8430-1ff5859ee502 req-2b73c851-7250-40c7-8430-1ff5859ee502 ] Request (ServersAdminNegativeTestJSON:test_resize_server_using_overlimit_vcpus): 200 POST http://10.180.1.21/compute/v2.1/flavors 0.111s
2025-05-14 13:52:38.299 69723 INFO tempest.lib.common.rest_client [req-ce678455-1081-40ce-960b-78382f098ac7 req-ce678455-1081-40ce-960b-78382f098ac7 ] Request (ServerDiagnosticsV248Test:tearDownClass): 404 GET http://10.180.1.21/compute/v2.1/servers/88c0250f-4a18-4be5-85fd-9701fc9c84be 0.042s
2025-05-14 13:52:38.312 69705 INFO tempest.lib.common.rest_client [req-8baa4303-72bb-490b-ad32-943b792807fa req-8baa4303-72bb-490b-ad32-943b792807fa ] Request (ServerActionsTestOtherA:setUpClass): 200 GET http://10.180.1.21/compute/v2.1/servers/d8dab389-b197-4774-8f88-295552bb57dc 0.122s
2025-05-14 13:52:38.389 69725 INFO tempest.lib.common.rest_client [req-bfcbc1f0-26cc-477f-82b7-a104f2e8c064 req-bfcbc1f0-26cc-477f-82b7-a104f2e8c064 ] Request (ServerRescueTestJSON:setUpClass): 200 POST http://10.180.1.21/compute/v2.1/servers/3c97cef7-29d5-4c3c-ad60-6e8ad320241b/action 0.119s
2025-05-14 13:52:38.412 69723 INFO tempest.lib.common.rest_client [req-dd3c6c8e-26c9-484e-9af3-8cebcc61bffd req-dd3c6c8e-26c9-484e-9af3-8cebcc61bffd ] Request (ServerDiagnosticsV248Test:tearDownClass): 204 DELETE http://10.180.1.21/identity/v3/users/04b95c77c2e24fb9b5cba06337f15694 0.113s
2025-05-14 13:52:38.424 69691 INFO tempest.lib.common.rest_client [req-05494304-5fc8-4cd9-b79a-3b0f3bbdb2fb req-05494304-5fc8-4cd9-b79a-3b0f3bbdb2fb ] Request (ServersAdminNegativeTestJSON:test_resize_server_using_overlimit_vcpus): 403 POST http://10.180.1.21/compute/v2.1/servers/5338dc92-c619-4a06-ad2f-6a3821bd9507/action 0.142s
2025-05-14 13:52:38.485 69709 INFO tempest.lib.common.rest_client [req-1fd0b828-835b-460b-8840-0bb826402365 req-1fd0b828-835b-460b-8840-0bb826402365 ] Request (FloatingIPsAssociationNegativeTestJSON:setUpClass): 200 GET http://10.180.1.21/compute/v2.1/servers/e0fe2d2a-c719-4ab8-bd50-7f439229322a 0.152s
2025-05-14 13:52:38.532 69723 INFO tempest.lib.common.rest_client [req-4c5abd4f-9bc0-4b6d-8339-7e4789ad81f3 req-4c5abd4f-9bc0-4b6d-8339-7e4789ad81f3 ] Request (ServerDiagnosticsV248Test:tearDownClass): 204 DELETE http://10.180.1.21/identity/v3/users/f72e3f2ae5684e1a9cb764949accf8e3 0.119s
2025-05-14 13:52:38.532 69723 INFO tempest.lib.common.dynamic_creds [-] Deleting project and security group for project: cfd87b2603334475a8015e8c079d9da8
2025-05-14 13:52:38.534 69687 INFO tempest.lib.common.rest_client [req-39e4320a-9274-4056-9f85-d97f6f572885 req-39e4320a-9274-4056-9f85-d97f6f572885 ] Request (MigrationsAdminTest:test_list_migrations_in_flavor_resize_situation): 200 GET http://10.180.1.21/compute/v2.1/servers/933cc7d7-1160-4539-ba0d-002de1461d17 0.249s
2025-05-14 13:52:38.548 69731 INFO tempest.lib.common.rest_client [req-3e028122-ccaa-458f-9cb8-8a82990024a7 req-3e028122-ccaa-458f-9cb8-8a82990024a7 ] Request (TenantUsagesTestJSON:setUpClass): 200 GET http://10.180.1.21/compute/v2.1/servers/bfdd2857-91af-4408-9d80-2e096518fe39 0.180s
2025-05-14 13:52:38.598 69723 INFO tempest.lib.common.rest_client [req-dc0baa3f-b174-4890-a017-04df14ad5890 req-dc0baa3f-b174-4890-a017-04df14ad5890 ] Request (ServerDiagnosticsV248Test:tearDownClass): 201 POST http://10.180.1.21/identity/v3/auth/tokens 0.065s
2025-05-14 13:52:38.610 69727 INFO tempest.lib.common.rest_client [req-c71847ae-99c0-472a-be4a-58f37b4e0ce0 req-c71847ae-99c0-472a-be4a-58f37b4e0ce0 ] Request (ServersListShow296Test:test_list_show_update_rebuild_server_296): 200 GET http://10.180.1.21/compute/v2.1/servers/2f7a6ea4-7afd-498a-a918-9a4ab0a2d52f 0.202s
2025-05-14 13:52:38.626 69691 INFO tempest.lib.common.rest_client [req-016b5588-8a2e-4e71-84d6-271feef47049 req-016b5588-8a2e-4e71-84d6-271feef47049 ] Request (ServersAdminNegativeTestJSON:_run_cleanups): 202 DELETE http://10.180.1.21/compute/v2.1/flavors/976031275 0.201s
2025-05-14 13:52:38.658 69725 INFO tempest.lib.common.rest_client [req-5141202a-13ff-47e5-9093-98f02ce7818e req-5141202a-13ff-47e5-9093-98f02ce7818e ] Request (ServerRescueTestJSON:setUpClass): 200 GET http://10.180.1.21/compute/v2.1/servers/3c97cef7-29d5-4c3c-ad60-6e8ad320241b 0.268s
2025-05-14 13:52:38.711 69699 INFO tempest.lib.common.rest_client [req-a7bd7478-ce18-4fc0-9db1-3fd45f68c59c req-a7bd7478-ce18-4fc0-9db1-3fd45f68c59c ] Request (ServerShowV257Test:test_rebuild_server): 200 GET http://10.180.1.21/compute/v2.1/servers/43fa3c7f-7341-418c-8773-4e3649056090 0.138s
2025-05-14 13:52:38.758 69715 INFO tempest.lib.common.rest_client [req-2e463fc1-2003-40a7-9916-d4f9f8b0b66d req-2e463fc1-2003-40a7-9916-d4f9f8b0b66d ] Request (SecurityGroupsTestJSON:test_server_security_groups): 200 GET http://10.180.1.21/compute/v2.1/servers/fd7a3a67-ae9f-4954-85c7-49f9bc252105 0.167s
2025-05-14 13:52:38.787 69691 INFO tempest.lib.common.rest_client [req-fd47c730-d7fd-48ba-885b-3ce243a70036 req-fd47c730-d7fd-48ba-885b-3ce243a70036 ] Request (ServersAdminNegativeTestJSON:_run_cleanups): 200 GET http://10.180.1.21/compute/v2.1/flavors/detail 0.160s
2025-05-14 13:52:38.814 69739 INFO tempest.lib.common.rest_client [req-daad84f1-2de1-494f-9124-5823a955b44c req-daad84f1-2de1-494f-9124-5823a955b44c ] Request (ServerDiagnosticsTest:test_get_server_diagnostics): 200 GET http://10.180.1.21/compute/v2.1/servers/33b2f0d9-d895-461a-ae4c-6601fc747f8a 0.268s
2025-05-14 13:52:38.829 69739 INFO tempest.common.waiters [-] State transition "BUILD/spawning" ==> "ACTIVE/None" after 43 second wait
2025-05-14 13:52:38.867 69711 INFO tempest.lib.common.rest_client [req-05ccd0d0-110f-46fd-9c4a-09e2b5bbbb25 req-05ccd0d0-110f-46fd-9c4a-09e2b5bbbb25 ] Request (DeleteServersTestJSON:test_delete_active_server): 200 GET http://10.180.1.21/compute/v2.1/servers/90a0754f-c615-4acf-9787-55c3a8649161 0.232s
2025-05-14 13:52:38.885 69697 INFO tempest.lib.common.rest_client [req-8c2e6a8f-98db-47d1-a3df-1f6b660a7180 req-8c2e6a8f-98db-47d1-a3df-1f6b660a7180 ] Request (VolumesAssistedSnapshotsTest:test_volume_assisted_snapshot_create_delete): 200 GET http://10.180.1.21/volume/v3/volumes/3345a752-5583-489e-9543-29561c1da778 0.043s
2025-05-14 13:52:38.893 69723 INFO tempest.lib.common.rest_client [req-4ef7012e-f1df-46d8-8f25-5db6497039cd req-4ef7012e-f1df-46d8-8f25-5db6497039cd ] Request (ServerDiagnosticsV248Test:tearDownClass): 200 GET http://10.180.1.21:9696/networking/v2.0/security-groups?tenant_id=cfd87b2603334475a8015e8c079d9da8&name=default 0.294s
2025-05-14 13:52:38.951 69701 INFO tempest.lib.common.rest_client [req-384ad43f-8271-45a0-971a-1d73a54a6980 req-384ad43f-8271-45a0-971a-1d73a54a6980 ] Request (ServerShowV247Test:test_update_rebuild_list_server): 200 GET http://10.180.1.21/compute/v2.1/servers/1519ed08-cf97-4bc5-9e26-4a62cb36ec6c 0.258s
2025-05-14 13:52:38.959 69713 INFO tempest.lib.common.rest_client [req-9b9337af-6607-41c6-8c5a-658139a50d1b req-9b9337af-6607-41c6-8c5a-658139a50d1b ] Request (ImagesOneServerNegativeTestJSON:tearDown): 200 GET http://10.180.1.21/compute/v2.1/servers/012edabe-4abd-408a-bccd-8b79c1e223e6 0.269s
2025-05-14 13:52:38.971 69713 INFO tempest.common.waiters [-] State transition "ACTIVE/image_snapshot" ==> "ACTIVE/image_pending_upload" after 1 second wait
2025-05-14 13:52:39.012 69695 INFO tempest.lib.common.rest_client [req-0bb01293-ecb6-425b-8a9f-6b9049400c63 req-0bb01293-ecb6-425b-8a9f-6b9049400c63 ] Request (InstanceActionsNegativeTestJSON:setUpClass): 200 GET http://10.180.1.21/compute/v2.1/servers/4c6620a0-9a33-4f6d-9919-b59dfcb5d7a5 0.256s
2025-05-14 13:52:39.032 69717 INFO tempest.lib.common.rest_client [req-39bc0adb-bf55-41ec-8c38-91f277e59caa req-39bc0adb-bf55-41ec-8c38-91f277e59caa ] Request (ServerAddressesNegativeTestJSON:setUpClass): 200 GET http://10.180.1.21/compute/v2.1/servers/475e02eb-0de9-4425-af51-e906aa067f6d 0.279s
2025-05-14 13:52:39.049 69691 INFO tempest.lib.common.rest_client [req-3ddffac6-1256-4316-92dc-50c2c3ee139b req-3ddffac6-1256-4316-92dc-50c2c3ee139b ] Request (ServersAdminNegativeTestJSON:test_restore_server_invalid_state): 409 POST http://10.180.1.21/compute/v2.1/servers/5338dc92-c619-4a06-ad2f-6a3821bd9507/action 0.252s
2025-05-14 13:52:39.075 69723 INFO tempest.lib.common.rest_client [req-aaa07dce-38de-4066-ae67-53c6ce04b6f6 req-aaa07dce-38de-4066-ae67-53c6ce04b6f6 ] Request (ServerDiagnosticsV248Test:tearDownClass): 204 DELETE http://10.180.1.21:9696/networking/v2.0/security-groups/b5f66ec2-8af4-41da-a4b9-f2cd3c4c9d35 0.182s
2025-05-14 13:52:39.115 69741 INFO tempest.lib.common.rest_client [req-e08a70b8-582c-4698-b04e-3f95e04ef8cf req-e08a70b8-582c-4698-b04e-3f95e04ef8cf ] Request (MultipleCreateTestJSON:test_multiple_create_with_reservation_return): 200 GET http://10.180.1.21/compute/v2.1/servers/0817093b-657e-4ff7-9536-f2357c21d74b 0.251s
2025-05-14 13:52:39.175 69723 INFO tempest.lib.common.rest_client [req-4f2edd93-2bbb-475c-b704-4c928e3d115c req-4f2edd93-2bbb-475c-b704-4c928e3d115c ] Request (ServerDiagnosticsV248Test:tearDownClass): 204 DELETE http://10.180.1.21/identity/v3/projects/cfd87b2603334475a8015e8c079d9da8 0.099s
2025-05-14 13:52:39.176 69723 INFO tempest.lib.common.dynamic_creds [-] Deleting project and security group for project: bd673955688a450b80a91c90fa1820cd
2025-05-14 13:52:39.178 69681 INFO tempest.lib.common.rest_client [req-2b822710-db55-462b-88bb-f1bea4b09695 req-2b822710-db55-462b-88bb-f1bea4b09695 ] Request (ServersTestFqdnHostnames:tearDownClass): 200 GET http://10.180.1.21/compute/v2.1/servers/1e4ea406-6581-4b1c-908b-18cf9d36a1e1 0.248s
2025-05-14 13:52:39.245 69683 INFO tempest.lib.common.rest_client [req-26b524d2-5240-4365-a5b3-c3f7c97e19e2 req-26b524d2-5240-4365-a5b3-c3f7c97e19e2 ] Request (AttachInterfacesV270Test:tearDownClass): 200 GET http://10.180.1.21/compute/v2.1/servers/38e44f28-3083-467e-8f8b-3685f6b180a2 0.211s
2025-05-14 13:52:39.281 69723 INFO tempest.lib.common.rest_client [req-ccf667ed-79cb-46e8-b5f3-19f38f0569e0 req-ccf667ed-79cb-46e8-b5f3-19f38f0569e0 ] Request (ServerDiagnosticsV248Test:tearDownClass): 200 GET http://10.180.1.21:9696/networking/v2.0/security-groups?tenant_id=bd673955688a450b80a91c90fa1820cd&name=default 0.103s
2025-05-14 13:52:39.326 69691 INFO tempest.lib.common.rest_client [req-597c6710-4094-4bbe-9f6a-c80531b655b6 req-597c6710-4094-4bbe-9f6a-c80531b655b6 ] Request (ServersAdminNegativeTestJSON:tearDownClass): 204 DELETE http://10.180.1.21/compute/v2.1/servers/a1a7b57a-d499-4145-bf63-dbce0bc2acc6 0.276s
2025-05-14 13:52:39.360 69723 INFO tempest.lib.common.rest_client [req-37579622-385d-4e93-9524-27fbd353c38a req-37579622-385d-4e93-9524-27fbd353c38a ] Request (ServerDiagnosticsV248Test:tearDownClass): 204 DELETE http://10.180.1.21:9696/networking/v2.0/security-groups/12f66eaa-368f-41b2-a3ac-1da78cc1931f 0.078s
2025-05-14 13:52:39.387 69703 INFO tempest.lib.common.rest_client [req-678defb8-ba99-4105-bfd4-b35b77554ed7 req-678defb8-ba99-4105-bfd4-b35b77554ed7 ] Request (AttachInterfacesUnderV243Test:test_add_remove_fixed_ip): 200 GET http://10.180.1.21/compute/v2.1/servers/e3ac01c4-ed2f-4f0f-9480-6a8af03eedf9 0.282s
2025-05-14 13:52:39.479 69723 INFO tempest.lib.common.rest_client [req-e9272862-cd0c-461a-be14-d6a5744ea6fd req-e9272862-cd0c-461a-be14-d6a5744ea6fd ] Request (ServerDiagnosticsV248Test:tearDownClass): 204 DELETE http://10.180.1.21/identity/v3/projects/bd673955688a450b80a91c90fa1820cd 0.119s
