2025-05-14 13:53:56.309 69733 INFO tempest.lib.common.rest_client [req-b1dd22d0-0be3-4bd3-b0fe-b7d8124f4e04 req-b1dd22d0-0be3-4bd3-b0fe-b7d8124f4e04 ] Request (ServersWithSpecificFlavorTestJSON:test_verify_created_server_ephemeral_disk): 200 GET http://10.180.1.21/compute/v2.1/servers/86ede26b-bb10-412c-ae55-c8463428219b 0.725s
2025-05-14 13:53:56.382 69713 INFO tempest.lib.common.rest_client [req-07f7dd9d-f9c6-48b1-9592-af6424b5c8e7 req-07f7dd9d-f9c6-48b1-9592-af6424b5c8e7 ] Request (ImagesOneServerNegativeTestJSON:_run_cleanups): 200 GET http://10.180.1.21/compute/v2.1/servers/4dbab034-07d4-43ce-a4b3-67861b9cd3e4 0.714s
2025-05-14 13:53:56.389 69713 INFO tempest.common.waiters [-] State transition "BUILD/scheduling" ==> "BUILD/None" after 22 second wait
2025-05-14 13:53:56.428 69741 INFO tempest.lib.common.rest_client [req-0f781292-6f92-4738-bde4-1bfcace3c676 req-0f781292-6f92-4738-bde4-1bfcace3c676 ] Request (ServerTagsTestJSON:setUpClass): 200 GET http://10.180.1.21/compute/v2.1/servers/92110e91-6719-41a1-8579-0876ba2015b9 0.721s
2025-05-14 13:53:56.504 69687 INFO tempest.lib.common.rest_client [req-b61be2f3-8bb6-44ed-8c78-a30d886f70b6 req-b61be2f3-8bb6-44ed-8c78-a30d886f70b6 ] Request (MigrationsAdminTest:test_resize_server_revert_deleted_flavor): 200 GET http://10.180.1.21/compute/v2.1/servers/f3bbdae0-ba72-459f-8d6b-59ec6b8a4705 0.764s
2025-05-14 13:53:56.558 69711 INFO tempest.lib.common.rest_client [req-46cf7a3d-f153-4b00-b303-cf5377c2aa9e req-46cf7a3d-f153-4b00-b303-cf5377c2aa9e ] Request (DeleteServersTestJSON:test_delete_server_while_in_attached_volume): 200 GET http://10.180.1.21/compute/v2.1/servers/fecb77e3-7516-46ec-8c82-fca2de9c61bc 0.785s
2025-05-14 13:53:56.572 69691 INFO tempest.lib.common.rest_client [req-699669ef-23dc-40f4-abdf-03e693613699 req-699669ef-23dc-40f4-abdf-03e693613699 ] Request (FloatingIPsAssociationTestJSON:setUpClass): 201 POST http://10.180.1.21:9696/networking/v2.0/routers 1.267s
2025-05-14 13:53:56.606 69719 INFO tempest.lib.common.rest_client [req-ea26529f-7d04-4e15-a9b9-bc281819fc5a req-ea26529f-7d04-4e15-a9b9-bc281819fc5a ] Request (ImagesNegativeTestJSON:test_create_image_from_deleted_server): 200 GET http://10.180.1.21/compute/v2.1/servers/877f50f0-e181-44b8-a27c-2a52cfd6b2c8 0.936s
2025-05-14 13:53:56.632 69709 INFO tempest.lib.common.rest_client [req-d4b680e4-ab4a-4765-bcf1-21a522543b1b req-d4b680e4-ab4a-4765-bcf1-21a522543b1b ] Request (FloatingIPsAssociationNegativeTestJSON:tearDownClass): 200 GET http://10.180.1.21/compute/v2.1/servers/e0fe2d2a-c719-4ab8-bd50-7f439229322a 0.764s
2025-05-14 13:53:56.830 69707 INFO tempest.lib.common.rest_client [req-92c31503-35c4-4d9b-9b25-2c23b56b71d4 req-92c31503-35c4-4d9b-9b25-2c23b56b71d4 ] Request (AttachVolumeShelveTestJSON:test_attach_volume_shelved_or_offload_server): 200 GET http://10.180.1.21/compute/v2.1/servers/7a15f252-27dd-4d08-b403-e28163cbd102 0.903s
2025-05-14 13:53:56.890 69717 INFO tempest.lib.common.rest_client [req-4f159247-c5eb-4fba-85f9-02320a70c911 req-4f159247-c5eb-4fba-85f9-02320a70c911 ] Request (ServerAddressesNegativeTestJSON:tearDownClass): 204 DELETE http://10.180.1.21:9696/networking/v2.0/networks/757b2ab6-2b7b-4abf-a58b-0ee3f50d226b 0.842s
2025-05-14 13:53:56.905 69685 INFO tempest.lib.common.rest_client [req-7e9cbb44-9942-4068-b247-948efa739abd req-7e9cbb44-9942-4068-b247-948efa739abd ] Request (ServersAdminTestJSON:test_rebuild_server_in_error_state): 200 GET http://10.180.1.21/compute/v2.1/servers/4aedfef3-d4b5-4492-bfcb-0dfb9e4e032d 0.989s
2025-05-14 13:53:56.916 69695 INFO tempest.lib.common.rest_client [req-91ff1b0a-7d83-44c0-89da-e44ad0660eb3 req-91ff1b0a-7d83-44c0-89da-e44ad0660eb3 ] Request (InstanceActionsNegativeTestJSON:tearDownClass): 200 GET http://10.180.1.21/compute/v2.1/servers/4c6620a0-9a33-4f6d-9919-b59dfcb5d7a5 0.919s
2025-05-14 13:53:57.016 69717 INFO tempest.lib.common.rest_client [req-cb787bc2-17af-4703-994e-c19a1e24d02e req-cb787bc2-17af-4703-994e-c19a1e24d02e ] Request (ServerAddressesNegativeTestJSON:tearDownClass): 204 DELETE http://10.180.1.21/identity/v3/users/b9f99d0a973a44b2a5ab7ec12d1cedaa 0.125s
2025-05-14 13:53:57.016 69717 INFO tempest.lib.common.dynamic_creds [-] Deleting project and security group for project: 8799d9b7bd7147f7ba93e1546dbbc924
2025-05-14 13:53:57.041 69735 INFO tempest.lib.common.rest_client [req-3e737021-d14e-42a3-a9b8-9f252f181a26 req-3e737021-d14e-42a3-a9b8-9f252f181a26 ] Request (AttachInterfacesTestJSON:_run_cleanups): 204 DELETE http://10.180.1.21/compute/v2.1/servers/7f7a4dea-6bd6-41e1-9b70-c5c0034f3358 0.944s
2025-05-14 13:53:57.076 69717 INFO tempest.lib.common.rest_client [req-48459501-9f10-4f4d-a272-3a19d5366021 req-48459501-9f10-4f4d-a272-3a19d5366021 ] Request (ServerAddressesNegativeTestJSON:tearDownClass): 200 GET http://10.180.1.21:9696/networking/v2.0/security-groups?tenant_id=8799d9b7bd7147f7ba93e1546dbbc924&name=default 0.059s
2025-05-14 13:53:57.264 69723 INFO tempest.lib.common.rest_client [req-b41ee551-8681-4b68-ac9d-deae4203c5ff req-b41ee551-8681-4b68-ac9d-deae4203c5ff ] Request (ServerAddressesTestJSON:setUpClass): 200 GET http://10.180.1.21/compute/v2.1/servers/dd42ede8-77ba-4781-95c2-5ed45f9b93ab 0.861s
2025-05-14 13:53:57.296 69717 INFO tempest.lib.common.rest_client [req-1b32c697-44f8-4458-b6dc-22216a7efee7 req-1b32c697-44f8-4458-b6dc-22216a7efee7 ] Request (ServerAddressesNegativeTestJSON:tearDownClass): 204 DELETE http://10.180.1.21:9696/networking/v2.0/security-groups/193b59c8-d498-494a-9dfe-d3babfd0943b 0.219s
2025-05-14 13:53:57.419 69717 INFO tempest.lib.common.rest_client [req-aa6e8236-272b-4321-a19f-027bc030f683 req-aa6e8236-272b-4321-a19f-027bc030f683 ] Request (ServerAddressesNegativeTestJSON:tearDownClass): 204 DELETE http://10.180.1.21/identity/v3/projects/8799d9b7bd7147f7ba93e1546dbbc924 0.123s
2025-05-14 13:53:57.428 69725 INFO tempest.lib.common.rest_client [req-0a388a70-6702-4839-875c-3d42c02a8523 req-0a388a70-6702-4839-875c-3d42c02a8523 ] Request (ServerRescueTestJSON:test_rescue_unrescue_instance): 200 GET http://10.180.1.21/compute/v2.1/servers/a2e799b7-d685-48ea-b21d-9327af272871 0.825s
2025-05-14 13:53:57.508 69717 INFO tempest.lib.common.rest_client [req-58928ecb-8851-4542-bd68-191000ad3fbd req-58928ecb-8851-4542-bd68-191000ad3fbd ] Request (ServersNegativeTestJSON:setUpClass): 201 POST http://10.180.1.21/identity/v3/auth/tokens 0.087s
2025-05-14 13:53:57.513 69739 INFO tempest.lib.common.rest_client [req-625993b9-f48b-4ff7-9241-fb6888a24859 req-625993b9-f48b-4ff7-9241-fb6888a24859 ] Request (ServersV294TestFqdnHostnames:setUpClass): 200 GET http://10.180.1.21/compute/v2.1/servers/3a6fd246-be33-4c93-8d1a-2a99fe59dd69 0.839s
2025-05-14 13:53:57.547 69717 INFO tempest.lib.common.rest_client [req-04bbe673-9353-4ed8-b6f6-48b498aafe94 req-04bbe673-9353-4ed8-b6f6-48b498aafe94 ] Request (ServersNegativeTestJSON:setUpClass): 201 POST http://10.180.1.21/identity/v3/auth/tokens 0.036s
2025-05-14 13:53:57.581 69717 INFO tempest.lib.common.rest_client [req-29d576fc-6238-421b-bc98-458adaa07285 req-29d576fc-6238-421b-bc98-458adaa07285 ] Request (ServersNegativeTestJSON:setUpClass): 200 GET http://10.180.1.21/identity/v3/domains?name=Default 0.033s
2025-05-14 13:53:57.606 69701 INFO tempest.lib.common.rest_client [req-e3df8a9e-9a3f-4197-b8ba-7460cbbeab68 req-e3df8a9e-9a3f-4197-b8ba-7460cbbeab68 ] Request (ServerShowV247Test:test_update_rebuild_list_server): 200 GET http://10.180.1.21/compute/v2.1/servers/1519ed08-cf97-4bc5-9e26-4a62cb36ec6c 0.878s
2025-05-14 13:53:57.615 69717 INFO tempest.lib.common.rest_client [req-8b89cef3-a611-47eb-af58-30ecccfc3429 req-8b89cef3-a611-47eb-af58-30ecccfc3429 ] Request (ServersNegativeTestJSON:setUpClass): 201 POST http://10.180.1.21/identity/v3/projects 0.033s
2025-05-14 13:53:57.618 69701 INFO tempest.common.waiters [-] State transition "REBUILD/rebuild_spawning" ==> "ACTIVE/None" after 11 second wait
2025-05-14 13:53:57.629 69715 INFO tempest.lib.common.rest_client [req-097abd51-dddb-43d5-afd8-0bb12e2f6541 req-097abd51-dddb-43d5-afd8-0bb12e2f6541 ] Request (SecurityGroupsTestJSON:test_server_security_groups): 202 POST http://10.180.1.21/compute/v2.1/servers/fd7a3a67-ae9f-4954-85c7-49f9bc252105/action 1.384s
2025-05-14 13:53:57.700 69717 INFO tempest.lib.common.rest_client [req-48b598d7-0944-4bd1-b2df-0cf3d8f1db81 req-48b598d7-0944-4bd1-b2df-0cf3d8f1db81 ] Request (ServersNegativeTestJSON:setUpClass): 201 POST http://10.180.1.21/identity/v3/users 0.085s
2025-05-14 13:53:57.707 69697 INFO tempest.lib.common.rest_client [req-59a204ab-7108-444d-86b4-cc6a3cc5e0d9 req-59a204ab-7108-444d-86b4-cc6a3cc5e0d9 ] Request (ListImageFiltersTestJSON:setUpClass): 200 GET http://10.180.1.21/compute/v2.1/servers/b7f8dbe2-c9a5-4a86-a5bc-57f36e35bc95 0.910s
2025-05-14 13:53:57.742 69689 INFO tempest.lib.common.rest_client [req-f38979d3-1f7e-4b49-a3cc-87ddbebf3cad req-f38979d3-1f7e-4b49-a3cc-87ddbebf3cad ] Request (ServersTestJSON:tearDownClass): 200 GET http://10.180.1.21/compute/v2.1/servers/649feb1b-250b-4d3f-be9c-89dc5cb17488 0.859s
2025-05-14 13:53:57.753 69717 INFO tempest.lib.common.rest_client [req-9bc42523-1f85-4e19-997e-22a1bb01779a req-9bc42523-1f85-4e19-997e-22a1bb01779a ] Request (ServersNegativeTestJSON:setUpClass): 200 GET http://10.180.1.21/identity/v3/roles 0.052s
2025-05-14 13:53:57.795 69717 INFO tempest.lib.common.rest_client [req-1f6e875a-a975-4c15-bb38-8ff6dc4023a7 req-1f6e875a-a975-4c15-bb38-8ff6dc4023a7 ] Request (ServersNegativeTestJSON:setUpClass): 204 PUT http://10.180.1.21/identity/v3/projects/79367a802d1c446993054208fdc42056/users/14946c127a1c483f951e8721d96864c7/roles/10b2039d70ba4ce4915dc36c3fca073e 0.042s
2025-05-14 13:53:57.796 69717 INFO tempest.lib.common.dynamic_creds [-] Dynamic test user 14946c127a1c483f951e8721d96864c7 is created with scope project and roles: ['member']
2025-05-14 13:53:57.796 69717 INFO tempest.lib.common.dynamic_creds [-] Acquired dynamic creds: credentials: Credentials: {'domain_id': 'default', 'domain_name': 'Default', 'username': 'tempest-ServersNegativeTestJSON-814899616-project-member', 'project_domain_id': 'default', 'project_domain_name': 'Default', 'project_id': '79367a802d1c446993054208fdc42056', 'project_name': 'tempest-ServersNegativeTestJSON-814899616', 'tenant_id': '79367a802d1c446993054208fdc42056', 'tenant_name': 'tempest-ServersNegativeTestJSON-814899616', 'user_domain_id': 'default', 'user_domain_name': 'Default', 'user_id': '14946c127a1c483f951e8721d96864c7', 'system': None}, Network: None, Subnet: None, Router: None
2025-05-14 13:53:57.808 69681 INFO tempest.lib.common.rest_client [req-ca4e173f-dbef-4cf5-b6fd-c71b0fc2860d req-ca4e173f-dbef-4cf5-b6fd-c71b0fc2860d ] Request (ListServersNegativeTestJSON:setUpClass): 200 GET http://10.180.1.21/compute/v2.1/servers/43bb73c9-a011-4251-b7ab-1088da7ad5fb 0.815s
2025-05-14 13:53:57.852 69727 INFO tempest.lib.common.rest_client [req-5a49bd3b-15fa-4333-9e21-e8f955c4eaad req-5a49bd3b-15fa-4333-9e21-e8f955c4eaad ] Request (ServersListShow296Test:tearDownClass): 200 GET http://10.180.1.21/compute/v2.1/servers/2f7a6ea4-7afd-498a-a918-9a4ab0a2d52f 0.859s
2025-05-14 13:53:57.902 69717 INFO tempest.lib.common.rest_client [req-17537c92-6364-4bbb-a598-f3c2d16abc9b req-17537c92-6364-4bbb-a598-f3c2d16abc9b ] Request (ServersNegativeTestJSON:setUpClass): 201 POST http://10.180.1.21/identity/v3/auth/tokens 0.104s
2025-05-14 13:53:58.120 69735 INFO tempest.lib.common.rest_client [req-84a6932a-2424-413d-8513-dfa14ed5f83e req-84a6932a-2424-413d-8513-dfa14ed5f83e ] Request (AttachInterfacesTestJSON:_run_cleanups): 200 GET http://10.180.1.21/compute/v2.1/servers/7f7a4dea-6bd6-41e1-9b70-c5c0034f3358 1.077s
2025-05-14 13:53:58.306 69691 INFO tempest.lib.common.rest_client [req-7c821ae0-9838-4c11-a1ec-fccf3216a961 req-7c821ae0-9838-4c11-a1ec-fccf3216a961 ] Request (FloatingIPsAssociationTestJSON:setUpClass): 200 PUT http://10.180.1.21:9696/networking/v2.0/routers/1a2e1cb0-2b78-4776-9206-8994e8666cbf/add_router_interface 1.734s
2025-05-14 13:53:58.307 69691 INFO tempest.lib.common.dynamic_creds [-] Created isolated network resources for: credentials: Credentials: {'domain_id': 'default', 'domain_name': 'Default', 'username': 'tempest-FloatingIPsAssociationTestJSON-45960377-project-member', 'project_domain_id': 'default', 'project_domain_name': 'Default', 'project_id': '7230d5a9e5dc4a2b93a08fb4d5263414', 'project_name': 'tempest-FloatingIPsAssociationTestJSON-45960377', 'tenant_id': '7230d5a9e5dc4a2b93a08fb4d5263414', 'tenant_name': 'tempest-FloatingIPsAssociationTestJSON-45960377', 'user_domain_id': 'default', 'user_domain_name': 'Default', 'user_id': '9c8812c01d5e4b6f9828782f5a6b7197', 'system': None}, Network: {'id': '5744b9ea-8cc2-4ff3-8dc3-c7334f78f72e', 'name': 'tempest-FloatingIPsAssociationTestJSON-325174939-network', 'tenant_id': '7230d5a9e5dc4a2b93a08fb4d5263414', 'admin_state_up': True, 'mtu': 8950, 'status': 'ACTIVE', 'subnets': [], 'shared': False, 'project_id': '7230d5a9e5dc4a2b93a08fb4d5263414', 'port_security_enabled': True, 'router:external': False, 'provider:network_type': 'vlan', 'provider:physical_network': 'default', 'provider:segmentation_id': 342, 'availability_zone_hints': [], 'availability_zones': [], 'ipv4_address_scope': None, 'ipv6_address_scope': None, 'description': '', 'tags': [], 'created_at': '2025-05-14T13:53:54Z', 'updated_at': '2025-05-14T13:53:54Z', 'revision_number': 1}, Subnet: {'id': '6b18ed02-f926-4951-9213-48f5c97bb0ef', 'name': 'tempest-FloatingIPsAssociationTestJSON-325174939-subnet', 'tenant_id': '7230d5a9e5dc4a2b93a08fb4d5263414', 'network_id': '5744b9ea-8cc2-4ff3-8dc3-c7334f78f72e', 'ip_version': 4, 'subnetpool_id': None, 'enable_dhcp': True, 'ipv6_ra_mode': None, 'ipv6_address_mode': None, 'gateway_ip': '192.168.128.1', 'cidr': '192.168.128.0/28', 'allocation_pools': [{'start': '192.168.128.2', 'end': '192.168.128.14'}], 'host_routes': [], 'dns_nameservers': [], 'description': '', 'router:external': False, 'service_types': [], 'tags': [], 'created_at': '2025-05-14T13:53:54Z', 'updated_at': '2025-05-14T13:53:54Z', 'revision_number': 0, 'project_id': '7230d5a9e5dc4a2b93a08fb4d5263414'}, Router: {'id': '1a2e1cb0-2b78-4776-9206-8994e8666cbf', 'name': 'tempest-FloatingIPsAssociationTestJSON-325174939-router', 'tenant_id': '7230d5a9e5dc4a2b93a08fb4d5263414', 'admin_state_up': True, 'status': 'ACTIVE', 'external_gateway_info': {'network_id': '9ce48b36-6bf2-4754-97c3-6b884b5e3491', 'external_fixed_ips': [{'subnet_id': '6d183ffc-5798-4f34-8c2a-ee1921edcde2', 'ip_address': '10.180.180.209'}], 'enable_snat': True}, 'description': '', 'availability_zones': [], 'distributed': False, 'ha': False, 'availability_zone_hints': [], 'routes': [], 'flavor_id': None, 'tags': [], 'created_at': '2025-05-14T13:53:55Z', 'updated_at': '2025-05-14T13:53:56Z', 'revision_number': 2, 'project_id': '7230d5a9e5dc4a2b93a08fb4d5263414'}
2025-05-14 13:53:58.310 69733 INFO tempest.lib.common.rest_client [req-86487e42-2319-473c-a74f-136def1850fc req-86487e42-2319-473c-a74f-136def1850fc ] Request (ServersWithSpecificFlavorTestJSON:test_verify_created_server_ephemeral_disk): 200 GET http://10.180.1.21/compute/v2.1/servers/86ede26b-bb10-412c-ae55-c8463428219b 0.981s
2025-05-14 13:53:58.324 69703 WARNING tempest.lib.common.ssh [-] Failed to establish authenticated ssh connection to cirros@10.180.180.174 ([Errno None] Unable to connect to port 22 on 10.180.180.174). Number attempts: 5. Retry after 6 seconds.: paramiko.ssh_exception.NoValidConnectionsError: [Errno None] Unable to connect to port 22 on 10.180.180.174
2025-05-14 13:53:58.396 69713 INFO tempest.lib.common.rest_client [req-aef52712-91b9-4862-bd4a-f984b5993040 req-aef52712-91b9-4862-bd4a-f984b5993040 ] Request (ImagesOneServerNegativeTestJSON:_run_cleanups): 200 GET http://10.180.1.21/compute/v2.1/servers/4dbab034-07d4-43ce-a4b3-67861b9cd3e4 1.005s
2025-05-14 13:53:58.403 69683 INFO tempest.lib.common.rest_client [req-7b1f6b47-583d-4db5-ad51-33fc2a1204b7 req-7b1f6b47-583d-4db5-ad51-33fc2a1204b7 ] Request (InstanceActionsTestJSON:setUpClass): 200 GET http://10.180.1.21/compute/v2.1/servers/b1195a85-a1b3-4415-a4d8-3b8c910409a5 1.075s
2025-05-14 13:53:58.412 69691 INFO tempest.lib.common.rest_client [req-e0d528df-6ea3-4ad5-99ae-157dd18f1e25 req-e0d528df-6ea3-4ad5-99ae-157dd18f1e25 ] Request (FloatingIPsAssociationTestJSON:setUpClass): 201 POST http://10.180.1.21/identity/v3/auth/tokens 0.102s
2025-05-14 13:53:58.416 69683 INFO tempest.common.waiters [-] State transition "BUILD/None" ==> "BUILD/spawning" after 66 second wait
2025-05-14 13:53:58.461 69691 INFO tempest.lib.common.rest_client [req-9e88057d-350b-4852-8185-c3b11957ea54 req-9e88057d-350b-4852-8185-c3b11957ea54 ] Request (FloatingIPsAssociationTestJSON:setUpClass): 201 POST http://10.180.1.21/identity/v3/auth/tokens 0.044s
2025-05-14 13:53:58.461 69691 INFO tempest.lib.common.fixed_network [-] (FloatingIPsAssociationTestJSON:setUpClass) Found network {'id': '5744b9ea-8cc2-4ff3-8dc3-c7334f78f72e', 'name': 'tempest-FloatingIPsAssociationTestJSON-325174939-network', 'tenant_id': '7230d5a9e5dc4a2b93a08fb4d5263414', 'admin_state_up': True, 'mtu': 8950, 'status': 'ACTIVE', 'subnets': [], 'shared': False, 'project_id': '7230d5a9e5dc4a2b93a08fb4d5263414', 'port_security_enabled': True, 'router:external': False, 'provider:network_type': 'vlan', 'provider:physical_network': 'default', 'provider:segmentation_id': 342, 'availability_zone_hints': [], 'availability_zones': [], 'ipv4_address_scope': None, 'ipv6_address_scope': None, 'description': '', 'tags': [], 'created_at': '2025-05-14T13:53:54Z', 'updated_at': '2025-05-14T13:53:54Z', 'revision_number': 1} available for tenant
2025-05-14 13:53:58.481 69741 INFO tempest.lib.common.rest_client [req-1955a573-d2d8-40d9-b719-84ba76a01349 req-1955a573-d2d8-40d9-b719-84ba76a01349 ] Request (ServerTagsTestJSON:setUpClass): 200 GET http://10.180.1.21/compute/v2.1/servers/92110e91-6719-41a1-8579-0876ba2015b9 1.039s
2025-05-14 13:53:58.484 69687 INFO tempest.lib.common.rest_client [req-6d5c50d6-77f4-4584-96c8-5841d1abb3f7 req-6d5c50d6-77f4-4584-96c8-5841d1abb3f7 ] Request (MigrationsAdminTest:test_resize_server_revert_deleted_flavor): 200 GET http://10.180.1.21/compute/v2.1/servers/f3bbdae0-ba72-459f-8d6b-59ec6b8a4705 0.968s
2025-05-14 13:53:58.552 69717 INFO tempest.lib.common.rest_client [req-d9f196bd-b049-4eaf-95b1-3b7a2b83d8f6 req-d9f196bd-b049-4eaf-95b1-3b7a2b83d8f6 ] Request (ServersNegativeTestJSON:setUpClass): 201 POST http://10.180.1.21:9696/networking/v2.0/networks 0.649s
2025-05-14 13:53:58.581 69711 INFO tempest.lib.common.rest_client [req-6f853e98-530d-4399-bf10-921416672952 req-6f853e98-530d-4399-bf10-921416672952 ] Request (DeleteServersTestJSON:test_delete_server_while_in_attached_volume): 200 GET http://10.180.1.21/compute/v2.1/servers/fecb77e3-7516-46ec-8c82-fca2de9c61bc 1.012s
2025-05-14 13:53:58.646 69719 INFO tempest.lib.common.rest_client [req-81ae807f-88c2-4790-894a-2bacbde4f183 req-81ae807f-88c2-4790-894a-2bacbde4f183 ] Request (ImagesNegativeTestJSON:test_create_image_from_deleted_server): 200 GET http://10.180.1.21/compute/v2.1/servers/877f50f0-e181-44b8-a27c-2a52cfd6b2c8 1.024s
2025-05-14 13:53:58.732 69715 INFO tempest.lib.common.rest_client [req-ebfb3835-d4e5-4055-a3c0-0ae95391ce05 req-ebfb3835-d4e5-4055-a3c0-0ae95391ce05 ] Request (SecurityGroupsTestJSON:test_server_security_groups): 400 DELETE http://10.180.1.21/compute/v2.1/os-security-groups/c65be464-09bf-460a-92f1-39277c687ead 1.102s
2025-05-14 13:53:58.784 69717 INFO tempest.lib.common.rest_client [req-96b067ee-ebeb-4e18-b99a-780b377dea98 req-96b067ee-ebeb-4e18-b99a-780b377dea98 ] Request (ServersNegativeTestJSON:setUpClass): 201 POST http://10.180.1.21:9696/networking/v2.0/subnets 0.232s
2025-05-14 13:53:58.813 69709 INFO tempest.lib.common.rest_client [req-d0ee063f-c9e9-4a3d-92de-ef53c24e6d9e req-d0ee063f-c9e9-4a3d-92de-ef53c24e6d9e ] Request (FloatingIPsAssociationNegativeTestJSON:tearDownClass): 200 GET http://10.180.1.21/compute/v2.1/servers/e0fe2d2a-c719-4ab8-bd50-7f439229322a 1.167s
2025-05-14 13:53:58.971 69707 INFO tempest.lib.common.rest_client [req-d3626b5c-f263-4497-a5f0-07bdd818b980 req-d3626b5c-f263-4497-a5f0-07bdd818b980 ] Request (AttachVolumeShelveTestJSON:test_attach_volume_shelved_or_offload_server): 200 GET http://10.180.1.21/compute/v2.1/servers/7a15f252-27dd-4d08-b403-e28163cbd102 1.127s
2025-05-14 13:53:58.986 69701 INFO tempest.lib.common.rest_client [req-8d385f56-1a81-42cd-91e0-265f3b42d1b0 req-8d385f56-1a81-42cd-91e0-265f3b42d1b0 ] Request (ServerShowV247Test:test_update_rebuild_list_server): 200 GET http://10.180.1.21/compute/v2.1/servers/detail 1.367s
2025-05-14 13:53:59.052 69695 INFO tempest.lib.common.rest_client [req-2bb2b67a-c940-4d86-a662-d6b2d36112b0 req-2bb2b67a-c940-4d86-a662-d6b2d36112b0 ] Request (InstanceActionsNegativeTestJSON:tearDownClass): 200 GET http://10.180.1.21/compute/v2.1/servers/4c6620a0-9a33-4f6d-9919-b59dfcb5d7a5 1.123s
2025-05-14 13:53:59.108 69685 INFO tempest.lib.common.rest_client [req-d8727a85-f071-45b4-984b-5f185d9333e9 req-d8727a85-f071-45b4-984b-5f185d9333e9 ] Request (ServersAdminTestJSON:test_rebuild_server_in_error_state): 200 GET http://10.180.1.21/compute/v2.1/servers/4aedfef3-d4b5-4492-bfcb-0dfb9e4e032d 1.190s
2025-05-14 13:53:59.115 69685 INFO tempest.common.waiters [-] State transition "REBUILD/rebuilding" ==> "REBUILD/rebuild_block_device_mapping" after 3 second wait
2025-05-14 13:53:59.231 69723 INFO tempest.lib.common.rest_client [req-3586161e-3709-45a8-a480-60d23b0d8899 req-3586161e-3709-45a8-a480-60d23b0d8899 ] Request (ServerAddressesTestJSON:setUpClass): 200 GET http://10.180.1.21/compute/v2.1/servers/dd42ede8-77ba-4781-95c2-5ed45f9b93ab 0.958s
2025-05-14 13:53:59.238 69723 INFO tempest.common.waiters [-] State transition "BUILD/spawning" ==> "ACTIVE/None" after 76 second wait
2025-05-14 13:53:59.364 69725 INFO tempest.lib.common.rest_client [req-0aac1c96-a1e6-43c2-8c0d-48794a8bce57 req-0aac1c96-a1e6-43c2-8c0d-48794a8bce57 ] Request (ServerRescueTestJSON:test_rescue_unrescue_instance): 200 GET http://10.180.1.21/compute/v2.1/servers/a2e799b7-d685-48ea-b21d-9327af272871 0.929s
2025-05-14 13:53:59.456 69739 INFO tempest.lib.common.rest_client [req-10d493a5-1fc4-44aa-a0fc-fc11c385aeeb req-10d493a5-1fc4-44aa-a0fc-fc11c385aeeb ] Request (ServersV294TestFqdnHostnames:setUpClass): 200 GET http://10.180.1.21/compute/v2.1/servers/3a6fd246-be33-4c93-8d1a-2a99fe59dd69 0.928s
2025-05-14 13:53:59.539 69697 INFO tempest.lib.common.rest_client [req-e8d1de6d-d47e-4ac5-8e74-6000f8cec756 req-e8d1de6d-d47e-4ac5-8e74-6000f8cec756 ] Request (ListImageFiltersTestJSON:setUpClass): 200 GET http://10.180.1.21/compute/v2.1/servers/b7f8dbe2-c9a5-4a86-a5bc-57f36e35bc95 0.822s
2025-05-14 13:53:59.612 69715 INFO tempest.lib.common.rest_client [req-91275787-204c-4fb3-b7b4-8fd3be5b91ec req-91275787-204c-4fb3-b7b4-8fd3be5b91ec ] Request (SecurityGroupsTestJSON:test_server_security_groups): 202 POST http://10.180.1.21/compute/v2.1/servers/fd7a3a67-ae9f-4954-85c7-49f9bc252105/action 0.880s
2025-05-14 13:53:59.637 69689 INFO tempest.lib.common.rest_client [req-1978c724-20b9-474c-8701-28649f248b6b req-1978c724-20b9-474c-8701-28649f248b6b ] Request (ServersTestJSON:tearDownClass): 404 GET http://10.180.1.21/compute/v2.1/servers/649feb1b-250b-4d3f-be9c-89dc5cb17488 0.882s
2025-05-14 13:53:59.696 69681 INFO tempest.lib.common.rest_client [req-9b12a22a-66da-461e-9aa1-53d40d17ba41 req-9b12a22a-66da-461e-9aa1-53d40d17ba41 ] Request (ListServersNegativeTestJSON:setUpClass): 200 GET http://10.180.1.21/compute/v2.1/servers/43bb73c9-a011-4251-b7ab-1088da7ad5fb 0.878s
2025-05-14 13:53:59.752 69717 INFO tempest.lib.common.rest_client [req-d1d335c1-c80f-40f8-a24f-714ea37b4380 req-d1d335c1-c80f-40f8-a24f-714ea37b4380 ] Request (ServersNegativeTestJSON:setUpClass): 201 POST http://10.180.1.21:9696/networking/v2.0/routers 0.967s
2025-05-14 13:53:59.768 69705 WARNING tempest.lib.common.ssh [-] Failed to establish authenticated ssh connection to cirros@10.180.180.167 ([Errno None] Unable to connect to port 22 on 10.180.180.167). Number attempts: 5. Retry after 6 seconds.: paramiko.ssh_exception.NoValidConnectionsError: [Errno None] Unable to connect to port 22 on 10.180.180.167
2025-05-14 13:53:59.780 69691 INFO tempest.lib.common.rest_client [req-26899cd2-b706-439a-9670-b4d26f6245d1 req-26899cd2-b706-439a-9670-b4d26f6245d1 ] Request (FloatingIPsAssociationTestJSON:setUpClass): 202 POST http://10.180.1.21/compute/v2.1/servers 1.318s
2025-05-14 13:53:59.792 69727 INFO tempest.lib.common.rest_client [req-6bcbfb09-9c21-4fc8-9d6e-5e8f128bdf4e req-6bcbfb09-9c21-4fc8-9d6e-5e8f128bdf4e ] Request (ServersListShow296Test:tearDownClass): 200 GET http://10.180.1.21/compute/v2.1/servers/2f7a6ea4-7afd-498a-a918-9a4ab0a2d52f 0.926s
2025-05-14 13:53:59.883 69735 INFO tempest.lib.common.rest_client [req-d488a857-667e-4fd3-a6a1-325d14bad50a req-d488a857-667e-4fd3-a6a1-325d14bad50a ] Request (AttachInterfacesTestJSON:_run_cleanups): 200 GET http://10.180.1.21/compute/v2.1/servers/7f7a4dea-6bd6-41e1-9b70-c5c0034f3358 0.747s
2025-05-14 13:53:59.915 69723 INFO tempest.lib.common.rest_client [req-bbe1f89d-2f16-410f-8d7c-2757e1758f5c req-bbe1f89d-2f16-410f-8d7c-2757e1758f5c ] Request (ServerAddressesTestJSON:test_list_server_addresses): 200 GET http://10.180.1.21/compute/v2.1/servers/dd42ede8-77ba-4781-95c2-5ed45f9b93ab/ips 0.676s
2025-05-14 13:53:59.936 69701 INFO tempest.lib.common.rest_client [req-c847a78e-eba4-42a4-86f7-34ab92f867ca req-c847a78e-eba4-42a4-86f7-34ab92f867ca ] Request (ServerShowV247Test:tearDownClass): 204 DELETE http://10.180.1.21/compute/v2.1/servers/1519ed08-cf97-4bc5-9e26-4a62cb36ec6c 0.931s
2025-05-14 13:54:00.013 69713 INFO tempest.lib.common.rest_client [req-9e92582e-d294-4612-a613-c5dc5ec4355c req-9e92582e-d294-4612-a613-c5dc5ec4355c ] Request (ImagesOneServerNegativeTestJSON:_run_cleanups): 200 GET http://10.180.1.21/compute/v2.1/servers/4dbab034-07d4-43ce-a4b3-67861b9cd3e4 0.605s
2025-05-14 13:54:00.163 69683 INFO tempest.lib.common.rest_client [req-db6c024a-9ae8-46e0-9a9f-79785dcf0f5e req-db6c024a-9ae8-46e0-9a9f-79785dcf0f5e ] Request (InstanceActionsTestJSON:setUpClass): 200 GET http://10.180.1.21/compute/v2.1/servers/b1195a85-a1b3-4415-a4d8-3b8c910409a5 0.746s
2025-05-14 13:54:00.163 69733 INFO tempest.lib.common.rest_client [req-cff0e81a-4288-411f-b602-5ea14afaee58 req-cff0e81a-4288-411f-b602-5ea14afaee58 ] Request (ServersWithSpecificFlavorTestJSON:test_verify_created_server_ephemeral_disk): 200 GET http://10.180.1.21/compute/v2.1/servers/86ede26b-bb10-412c-ae55-c8463428219b 0.844s
2025-05-14 13:54:00.232 69687 INFO tempest.lib.common.rest_client [req-ae5f21f8-caea-4a03-8e7e-84c697247c45 req-ae5f21f8-caea-4a03-8e7e-84c697247c45 ] Request (MigrationsAdminTest:test_resize_server_revert_deleted_flavor): 200 GET http://10.180.1.21/compute/v2.1/servers/f3bbdae0-ba72-459f-8d6b-59ec6b8a4705 0.734s
2025-05-14 13:54:00.244 69741 INFO tempest.lib.common.rest_client [req-2cffa47e-5b4c-437d-993f-af03af189f9f req-2cffa47e-5b4c-437d-993f-af03af189f9f ] Request (ServerTagsTestJSON:setUpClass): 200 GET http://10.180.1.21/compute/v2.1/servers/92110e91-6719-41a1-8579-0876ba2015b9 0.751s
2025-05-14 13:54:00.299 69711 INFO tempest.lib.common.rest_client [req-85184b6f-ddab-4945-966c-23a1ebcc8937 req-85184b6f-ddab-4945-966c-23a1ebcc8937 ] Request (DeleteServersTestJSON:test_delete_server_while_in_attached_volume): 200 GET http://10.180.1.21/compute/v2.1/servers/fecb77e3-7516-46ec-8c82-fca2de9c61bc 0.706s
2025-05-14 13:54:00.326 69689 INFO tempest.lib.common.rest_client [req-415c0287-96c2-47ba-8944-ef21ced1dc99 req-415c0287-96c2-47ba-8944-ef21ced1dc99 ] Request (ServersTestJSON:tearDownClass): 202 DELETE http://10.180.1.21/compute/v2.1/os-keypairs/tempest-keypair-1119353948 0.689s
2025-05-14 13:54:00.379 69715 INFO tempest.lib.common.rest_client [req-9b6dff5a-ba88-48e1-ab18-334e0f75f1d2 req-9b6dff5a-ba88-48e1-ab18-334e0f75f1d2 ] Request (SecurityGroupsTestJSON:test_server_security_groups): 200 GET http://10.180.1.21/compute/v2.1/servers/fd7a3a67-ae9f-4954-85c7-49f9bc252105 0.766s
2025-05-14 13:54:00.437 69719 INFO tempest.lib.common.rest_client [req-5837ac0a-0c94-4a29-972e-5679d0d0bb32 req-5837ac0a-0c94-4a29-972e-5679d0d0bb32 ] Request (ImagesNegativeTestJSON:test_create_image_from_deleted_server): 200 GET http://10.180.1.21/compute/v2.1/servers/877f50f0-e181-44b8-a27c-2a52cfd6b2c8 0.782s
2025-05-14 13:54:00.452 69691 INFO tempest.lib.common.rest_client [req-8a030ed7-adb2-4139-bd0f-9652db4ac3d0 req-8a030ed7-adb2-4139-bd0f-9652db4ac3d0 ] Request (FloatingIPsAssociationTestJSON:setUpClass): 200 GET http://10.180.1.21/compute/v2.1/servers/c5f4ec59-c1b4-4c53-9f23-d76248cdcdb6 0.671s
2025-05-14 13:54:00.495 69723 INFO tempest.lib.common.rest_client [req-2d006f94-ea46-421d-82a5-dfa88fa7aaa8 req-2d006f94-ea46-421d-82a5-dfa88fa7aaa8 ] Request (ServerAddressesTestJSON:test_list_server_addresses_by_network): 200 GET http://10.180.1.21/compute/v2.1/servers/dd42ede8-77ba-4781-95c2-5ed45f9b93ab/ips 0.571s
2025-05-14 13:54:00.541 69709 INFO tempest.lib.common.rest_client [req-d8b9de57-dcc1-4da6-90d4-7531c27c3260 req-d8b9de57-dcc1-4da6-90d4-7531c27c3260 ] Request (FloatingIPsAssociationNegativeTestJSON:tearDownClass): 200 GET http://10.180.1.21/compute/v2.1/servers/e0fe2d2a-c719-4ab8-bd50-7f439229322a 0.715s
2025-05-14 13:54:00.578 69701 INFO tempest.lib.common.rest_client [req-e93cfc57-1d86-45a8-aa3e-038c93349c35 req-e93cfc57-1d86-45a8-aa3e-038c93349c35 ] Request (ServerShowV247Test:tearDownClass): 200 GET http://10.180.1.21/compute/v2.1/servers/1519ed08-cf97-4bc5-9e26-4a62cb36ec6c 0.641s
2025-05-14 13:54:00.598 69689 INFO tempest.lib.common.rest_client [req-53343e9d-1ca1-4656-90af-489bfafec0a1 req-53343e9d-1ca1-4656-90af-489bfafec0a1 ] Request (ServersTestJSON:tearDownClass): 204 DELETE http://10.180.1.21:9696/networking/v2.0/security-groups/fc83992c-258f-4908-a0ee-f421d5b307a0 0.271s
2025-05-14 13:54:00.630 69689 INFO tempest.lib.common.rest_client [req-eb2c7e17-b9c3-40d3-b4be-362a50683f05 req-eb2c7e17-b9c3-40d3-b4be-362a50683f05 ] Request (ServersTestJSON:tearDownClass): 404 GET http://10.180.1.21:9696/networking/v2.0/security-groups/fc83992c-258f-4908-a0ee-f421d5b307a0 0.032s
2025-05-14 13:54:00.655 69695 INFO tempest.lib.common.rest_client [req-4a8a9801-9875-459f-8055-c1f8ec9c19ea req-4a8a9801-9875-459f-8055-c1f8ec9c19ea ] Request (InstanceActionsNegativeTestJSON:tearDownClass): 200 GET http://10.180.1.21/compute/v2.1/servers/4c6620a0-9a33-4f6d-9919-b59dfcb5d7a5 0.595s
2025-05-14 13:54:00.747 69707 INFO tempest.lib.common.rest_client [req-cda36059-d25f-488a-b380-b405a6109cee req-cda36059-d25f-488a-b380-b405a6109cee ] Request (AttachVolumeShelveTestJSON:test_attach_volume_shelved_or_offload_server): 200 GET http://10.180.1.21/compute/v2.1/servers/7a15f252-27dd-4d08-b403-e28163cbd102 0.763s
2025-05-14 13:54:00.848 69685 INFO tempest.lib.common.rest_client [req-d0788b69-5b87-48e0-b9f7-e38c2ae6cada req-d0788b69-5b87-48e0-b9f7-e38c2ae6cada ] Request (ServersAdminTestJSON:test_rebuild_server_in_error_state): 200 GET http://10.180.1.21/compute/v2.1/servers/4aedfef3-d4b5-4492-bfcb-0dfb9e4e032d 0.731s
2025-05-14 13:54:00.856 69685 INFO tempest.common.waiters [-] State transition "REBUILD/rebuild_block_device_mapping" ==> "REBUILD/rebuild_spawning" after 4 second wait
2025-05-14 13:54:00.920 69739 INFO tempest.lib.common.rest_client [req-131a7ec4-d2a1-458a-a6ad-7ae8ff11b301 req-131a7ec4-d2a1-458a-a6ad-7ae8ff11b301 ] Request (ServersV294TestFqdnHostnames:setUpClass): 200 GET http://10.180.1.21/compute/v2.1/servers/3a6fd246-be33-4c93-8d1a-2a99fe59dd69 0.450s
2025-05-14 13:54:00.922 69725 INFO tempest.lib.common.rest_client [req-8c7ee60b-a2c1-4e2f-90ca-52cb6d291695 req-8c7ee60b-a2c1-4e2f-90ca-52cb6d291695 ] Request (ServerRescueTestJSON:test_rescue_unrescue_instance): 200 GET http://10.180.1.21/compute/v2.1/servers/a2e799b7-d685-48ea-b21d-9327af272871 0.546s
2025-05-14 13:54:00.949 69723 INFO tempest.lib.common.rest_client [req-d6e74515-319c-4fad-bd59-a33b6b76ad04 req-d6e74515-319c-4fad-bd59-a33b6b76ad04 ] Request (ServerAddressesTestJSON:test_list_server_addresses_by_network): 200 GET http://10.180.1.21/compute/v2.1/servers/dd42ede8-77ba-4781-95c2-5ed45f9b93ab/ips/tempest-ServerAddressesTestJSON-65373341-network 0.451s
2025-05-14 13:54:00.982 69717 INFO tempest.lib.common.rest_client [req-73fb1240-dee9-47a2-853f-f7add6af9b62 req-73fb1240-dee9-47a2-853f-f7add6af9b62 ] Request (ServersNegativeTestJSON:setUpClass): 200 PUT http://10.180.1.21:9696/networking/v2.0/routers/b6403106-f7c4-4f76-970d-7fa5be943cc9/add_router_interface 1.227s
2025-05-14 13:54:00.982 69717 INFO tempest.lib.common.dynamic_creds [-] Created isolated network resources for: credentials: Credentials: {'domain_id': 'default', 'domain_name': 'Default', 'username': 'tempest-ServersNegativeTestJSON-814899616-project-member', 'project_domain_id': 'default', 'project_domain_name': 'Default', 'project_id': '79367a802d1c446993054208fdc42056', 'project_name': 'tempest-ServersNegativeTestJSON-814899616', 'tenant_id': '79367a802d1c446993054208fdc42056', 'tenant_name': 'tempest-ServersNegativeTestJSON-814899616', 'user_domain_id': 'default', 'user_domain_name': 'Default', 'user_id': '14946c127a1c483f951e8721d96864c7', 'system': None}, Network: {'id': '44829c63-375b-44e6-804c-b863d112073d', 'name': 'tempest-ServersNegativeTestJSON-1556380309-network', 'tenant_id': '79367a802d1c446993054208fdc42056', 'admin_state_up': True, 'mtu': 8950, 'status': 'ACTIVE', 'subnets': [], 'shared': False, 'project_id': '79367a802d1c446993054208fdc42056', 'port_security_enabled': True, 'router:external': False, 'provider:network_type': 'vlan', 'provider:physical_network': 'default', 'provider:segmentation_id': 543, 'availability_zone_hints': [], 'availability_zones': [], 'ipv4_address_scope': None, 'ipv6_address_scope': None, 'description': '', 'tags': [], 'created_at': '2025-05-14T13:53:58Z', 'updated_at': '2025-05-14T13:53:58Z', 'revision_number': 1}, Subnet: {'id': '1768a072-f5c7-43c9-a2da-90c4ce0d55f0', 'name': 'tempest-ServersNegativeTestJSON-1556380309-subnet', 'tenant_id': '79367a802d1c446993054208fdc42056', 'network_id': '44829c63-375b-44e6-804c-b863d112073d', 'ip_version': 4, 'subnetpool_id': None, 'enable_dhcp': True, 'ipv6_ra_mode': None, 'ipv6_address_mode': None, 'gateway_ip': '192.168.128.1', 'cidr': '192.168.128.0/28', 'allocation_pools': [{'start': '192.168.128.2', 'end': '192.168.128.14'}], 'host_routes': [], 'dns_nameservers': [], 'description': '', 'router:external': False, 'service_types': [], 'tags': [], 'created_at': '2025-05-14T13:53:58Z', 'updated_at': '2025-05-14T13:53:58Z', 'revision_number': 0, 'project_id': '79367a802d1c446993054208fdc42056'}, Router: {'id': 'b6403106-f7c4-4f76-970d-7fa5be943cc9', 'name': 'tempest-ServersNegativeTestJSON-1556380309-router', 'tenant_id': '79367a802d1c446993054208fdc42056', 'admin_state_up': True, 'status': 'ACTIVE', 'external_gateway_info': {'network_id': '9ce48b36-6bf2-4754-97c3-6b884b5e3491', 'external_fixed_ips': [{'subnet_id': '6d183ffc-5798-4f34-8c2a-ee1921edcde2', 'ip_address': '10.180.180.252'}], 'enable_snat': True}, 'description': '', 'availability_zones': [], 'distributed': False, 'ha': False, 'availability_zone_hints': [], 'routes': [], 'flavor_id': None, 'tags': [], 'created_at': '2025-05-14T13:53:58Z', 'updated_at': '2025-05-14T13:53:59Z', 'revision_number': 2, 'project_id': '79367a802d1c446993054208fdc42056'}
2025-05-14 13:54:00.994 69697 INFO tempest.lib.common.rest_client [req-f0ec9d68-dc39-48af-993b-242f38c58478 req-f0ec9d68-dc39-48af-993b-242f38c58478 ] Request (ListImageFiltersTestJSON:setUpClass): 200 GET http://10.180.1.21/compute/v2.1/servers/b7f8dbe2-c9a5-4a86-a5bc-57f36e35bc95 0.446s
2025-05-14 13:54:01.013 69681 INFO tempest.lib.common.rest_client [req-ec30192d-38ff-42c0-8be0-77d93b6db752 req-ec30192d-38ff-42c0-8be0-77d93b6db752 ] Request (ListServersNegativeTestJSON:setUpClass): 200 GET http://10.180.1.21/compute/v2.1/servers/43bb73c9-a011-4251-b7ab-1088da7ad5fb 0.308s
2025-05-14 13:54:01.092 69735 INFO tempest.lib.common.rest_client [req-e4d93234-6332-4014-b851-ad5e5d0522a4 req-e4d93234-6332-4014-b851-ad5e5d0522a4 ] Request (AttachInterfacesTestJSON:_run_cleanups): 200 GET http://10.180.1.21/compute/v2.1/servers/7f7a4dea-6bd6-41e1-9b70-c5c0034f3358 0.198s
2025-05-14 13:54:01.097 69689 INFO tempest.lib.common.rest_client [req-0dde6447-09a5-4b17-b8bf-38d3e148b17b req-0dde6447-09a5-4b17-b8bf-38d3e148b17b ] Request (ServersTestJSON:tearDownClass): 204 DELETE http://10.180.1.21:9696/networking/v2.0/floatingips/c33cfe65-1a0d-471f-ba18-c75166b0f427 0.466s
2025-05-14 13:54:01.115 69717 INFO tempest.lib.common.rest_client [req-92ea0f76-2515-4223-829e-583a63ec00de req-92ea0f76-2515-4223-829e-583a63ec00de ] Request (ServersNegativeTestJSON:setUpClass): 201 POST http://10.180.1.21/identity/v3/auth/tokens 0.128s
2025-05-14 13:54:01.123 69727 INFO tempest.lib.common.rest_client [req-d89962a3-490e-43fd-bcd1-78147970eefd req-d89962a3-490e-43fd-bcd1-78147970eefd ] Request (ServersListShow296Test:tearDownClass): 200 GET http://10.180.1.21/compute/v2.1/servers/2f7a6ea4-7afd-498a-a918-9a4ab0a2d52f 0.316s
2025-05-14 13:54:01.167 69717 INFO tempest.lib.common.rest_client [req-035af695-ec13-4a80-a16b-c6c32a237ddd req-035af695-ec13-4a80-a16b-c6c32a237ddd ] Request (ServersNegativeTestJSON:setUpClass): 201 POST http://10.180.1.21/identity/v3/auth/tokens 0.045s
2025-05-14 13:54:01.167 69717 INFO tempest.lib.common.fixed_network [-] (ServersNegativeTestJSON:setUpClass) Found network {'id': '44829c63-375b-44e6-804c-b863d112073d', 'name': 'tempest-ServersNegativeTestJSON-1556380309-network', 'tenant_id': '79367a802d1c446993054208fdc42056', 'admin_state_up': True, 'mtu': 8950, 'status': 'ACTIVE', 'subnets': [], 'shared': False, 'project_id': '79367a802d1c446993054208fdc42056', 'port_security_enabled': True, 'router:external': False, 'provider:network_type': 'vlan', 'provider:physical_network': 'default', 'provider:segmentation_id': 543, 'availability_zone_hints': [], 'availability_zones': [], 'ipv4_address_scope': None, 'ipv6_address_scope': None, 'description': '', 'tags': [], 'created_at': '2025-05-14T13:53:58Z', 'updated_at': '2025-05-14T13:53:58Z', 'revision_number': 1} available for tenant
2025-05-14 13:54:01.221 69723 INFO tempest.lib.common.rest_client [req-be71bfff-e7b9-4a4b-99ba-7b4d0e89e64d req-be71bfff-e7b9-4a4b-99ba-7b4d0e89e64d ] Request (ServerAddressesTestJSON:tearDownClass): 204 DELETE http://10.180.1.21/compute/v2.1/servers/dd42ede8-77ba-4781-95c2-5ed45f9b93ab 0.269s
2025-05-14 13:54:01.221 69713 INFO tempest.lib.common.rest_client [req-a086dca3-1de7-4441-b0cd-5390039e5396 req-a086dca3-1de7-4441-b0cd-5390039e5396 ] Request (ImagesOneServerNegativeTestJSON:_run_cleanups): 200 GET http://10.180.1.21/compute/v2.1/servers/4dbab034-07d4-43ce-a4b3-67861b9cd3e4 0.200s
2025-05-14 13:54:01.675 69717 INFO tempest.lib.common.rest_client [req-9e67fe04-b1e0-4967-accb-46371cb1c551 req-9e67fe04-b1e0-4967-accb-46371cb1c551 ] Request (ServersNegativeTestJSON:setUpClass): 202 POST http://10.180.1.21/compute/v2.1/servers 0.506s
2025-05-14 13:54:01.793 69733 INFO tempest.lib.common.rest_client [req-19b8dcdf-b557-4f68-aef8-f7c00506dff7 req-19b8dcdf-b557-4f68-aef8-f7c00506dff7 ] Request (ServersWithSpecificFlavorTestJSON:test_verify_created_server_ephemeral_disk): 200 GET http://10.180.1.21/compute/v2.1/servers/86ede26b-bb10-412c-ae55-c8463428219b 0.620s
2025-05-14 13:54:01.850 69683 INFO tempest.lib.common.rest_client [req-3162d386-789d-4a96-bffc-e890b7a14467 req-3162d386-789d-4a96-bffc-e890b7a14467 ] Request (InstanceActionsTestJSON:setUpClass): 200 GET http://10.180.1.21/compute/v2.1/servers/b1195a85-a1b3-4415-a4d8-3b8c910409a5 0.678s
2025-05-14 13:54:01.933 69723 INFO tempest.lib.common.rest_client [req-b8548ec7-1e00-4a0e-8873-9cae3dacfc46 req-b8548ec7-1e00-4a0e-8873-9cae3dacfc46 ] Request (ServerAddressesTestJSON:tearDownClass): 200 GET http://10.180.1.21/compute/v2.1/servers/dd42ede8-77ba-4781-95c2-5ed45f9b93ab 0.711s
2025-05-14 13:54:01.957 69687 INFO tempest.lib.common.rest_client [req-b17fcb61-50a3-4e6d-b40b-c7afb2becf69 req-b17fcb61-50a3-4e6d-b40b-c7afb2becf69 ] Request (MigrationsAdminTest:test_resize_server_revert_deleted_flavor): 200 GET http://10.180.1.21/compute/v2.1/servers/f3bbdae0-ba72-459f-8d6b-59ec6b8a4705 0.712s
2025-05-14 13:54:01.964 69687 INFO tempest.common.waiters [-] State transition "BUILD/scheduling" ==> "BUILD/None" after 12 second wait
2025-05-14 13:54:02.008 69741 INFO tempest.lib.common.rest_client [req-b7d1b919-22f5-47fc-8080-3a2a5672fdec req-b7d1b919-22f5-47fc-8080-3a2a5672fdec ] Request (ServerTagsTestJSON:setUpClass): 200 GET http://10.180.1.21/compute/v2.1/servers/92110e91-6719-41a1-8579-0876ba2015b9 0.747s
2025-05-14 13:54:02.034 69711 INFO tempest.lib.common.rest_client [req-39b034b6-3d10-4449-9206-761a4d0be010 req-39b034b6-3d10-4449-9206-761a4d0be010 ] Request (DeleteServersTestJSON:test_delete_server_while_in_attached_volume): 200 GET http://10.180.1.21/compute/v2.1/servers/fecb77e3-7516-46ec-8c82-fca2de9c61bc 0.727s
2025-05-14 13:54:02.104 69719 INFO tempest.lib.common.rest_client [req-2bf5738a-a217-42da-805e-2576d8614a96 req-2bf5738a-a217-42da-805e-2576d8614a96 ] Request (ImagesNegativeTestJSON:test_create_image_from_deleted_server): 200 GET http://10.180.1.21/compute/v2.1/servers/877f50f0-e181-44b8-a27c-2a52cfd6b2c8 0.651s
2025-05-14 13:54:02.167 69691 INFO tempest.lib.common.rest_client [req-a350f840-8806-4901-95ee-083bec89844f req-a350f840-8806-4901-95ee-083bec89844f ] Request (FloatingIPsAssociationTestJSON:setUpClass): 200 GET http://10.180.1.21/compute/v2.1/servers/c5f4ec59-c1b4-4c53-9f23-d76248cdcdb6 0.701s
2025-05-14 13:54:02.187 69715 INFO tempest.lib.common.rest_client [req-7d33cdfc-c828-49be-9e0f-41a280e987f6 req-7d33cdfc-c828-49be-9e0f-41a280e987f6 ] Request (SecurityGroupsTestJSON:test_server_security_groups): 200 GET http://10.180.1.21/compute/v2.1/servers/fd7a3a67-ae9f-4954-85c7-49f9bc252105 0.798s
2025-05-14 13:54:02.250 69709 INFO tempest.lib.common.rest_client [req-db1540b2-9231-484e-9ca8-93004859e371 req-db1540b2-9231-484e-9ca8-93004859e371 ] Request (FloatingIPsAssociationNegativeTestJSON:tearDownClass): 200 GET http://10.180.1.21/compute/v2.1/servers/e0fe2d2a-c719-4ab8-bd50-7f439229322a 0.698s
2025-05-14 13:54:02.258 69701 INFO tempest.lib.common.rest_client [req-654665b4-ec4c-4fb6-92c9-9284cbba22be req-654665b4-ec4c-4fb6-92c9-9284cbba22be ] Request (ServerShowV247Test:tearDownClass): 200 GET http://10.180.1.21/compute/v2.1/servers/1519ed08-cf97-4bc5-9e26-4a62cb36ec6c 0.666s
2025-05-14 13:54:02.271 69695 INFO tempest.lib.common.rest_client [req-58c7f6ca-91ad-4f3b-ad35-abf1a8b0a2d8 req-58c7f6ca-91ad-4f3b-ad35-abf1a8b0a2d8 ] Request (InstanceActionsNegativeTestJSON:tearDownClass): 404 GET http://10.180.1.21/compute/v2.1/servers/4c6620a0-9a33-4f6d-9919-b59dfcb5d7a5 0.603s
2025-05-14 13:54:02.364 69717 INFO tempest.lib.common.rest_client [req-6582fa9a-0d5e-4528-9a36-32f68f5d3011 req-6582fa9a-0d5e-4528-9a36-32f68f5d3011 ] Request (ServersNegativeTestJSON:setUpClass): 200 GET http://10.180.1.21/compute/v2.1/servers/8d23c06e-283e-4d2c-965e-2cb32d4b4605 0.687s
2025-05-14 13:54:02.422 69707 INFO tempest.lib.common.rest_client [req-05fbcccc-5c75-4dd3-9e4c-df7e06692c2d req-05fbcccc-5c75-4dd3-9e4c-df7e06692c2d ] Request (AttachVolumeShelveTestJSON:test_attach_volume_shelved_or_offload_server): 200 GET http://10.180.1.21/compute/v2.1/servers/7a15f252-27dd-4d08-b403-e28163cbd102 0.658s
2025-05-14 13:54:02.496 69739 INFO tempest.lib.common.rest_client [req-eb8ee3ea-d974-402a-8429-4903ec6c9355 req-eb8ee3ea-d974-402a-8429-4903ec6c9355 ] Request (ServersV294TestFqdnHostnames:setUpClass): 200 GET http://10.180.1.21/compute/v2.1/servers/3a6fd246-be33-4c93-8d1a-2a99fe59dd69 0.564s
2025-05-14 13:54:02.581 69685 INFO tempest.lib.common.rest_client [req-a47c6e60-e73b-461d-9342-094b138a9ba5 req-a47c6e60-e73b-461d-9342-094b138a9ba5 ] Request (ServersAdminTestJSON:test_rebuild_server_in_error_state): 200 GET http://10.180.1.21/compute/v2.1/servers/4aedfef3-d4b5-4492-bfcb-0dfb9e4e032d 0.723s
2025-05-14 13:54:02.621 69725 INFO tempest.lib.common.rest_client [req-4964e623-e5c3-4b81-a3a9-c62e79a59f5e req-4964e623-e5c3-4b81-a3a9-c62e79a59f5e ] Request (ServerRescueTestJSON:test_rescue_unrescue_instance): 200 GET http://10.180.1.21/compute/v2.1/servers/a2e799b7-d685-48ea-b21d-9327af272871 0.689s
2025-05-14 13:54:02.651 69697 INFO tempest.lib.common.rest_client [req-87b697e4-859e-4d6b-85b5-9cab472ec08f req-87b697e4-859e-4d6b-85b5-9cab472ec08f ] Request (ListImageFiltersTestJSON:setUpClass): 200 GET http://10.180.1.21/compute/v2.1/servers/b7f8dbe2-c9a5-4a86-a5bc-57f36e35bc95 0.645s
2025-05-14 13:54:02.687 69681 INFO tempest.lib.common.rest_client [req-1aee174d-43f8-4957-b154-b6149a229572 req-1aee174d-43f8-4957-b154-b6149a229572 ] Request (ListServersNegativeTestJSON:setUpClass): 200 GET http://10.180.1.21/compute/v2.1/servers/43bb73c9-a011-4251-b7ab-1088da7ad5fb 0.660s
2025-05-14 13:54:02.744 69735 INFO tempest.lib.common.rest_client [req-6674b2c7-f7c0-4e60-b2a4-e7295a676be4 req-6674b2c7-f7c0-4e60-b2a4-e7295a676be4 ] Request (AttachInterfacesTestJSON:_run_cleanups): 200 GET http://10.180.1.21/compute/v2.1/servers/7f7a4dea-6bd6-41e1-9b70-c5c0034f3358 0.636s
2025-05-14 13:54:02.752 69735 INFO tempest.common.waiters [-] State transition "ACTIVE/deleting" ==> "DELETED/None" after 4 second wait
2025-05-14 13:54:02.781 69727 INFO tempest.lib.common.rest_client [req-972101e9-7fa7-438e-be89-506b3acf51f9 req-972101e9-7fa7-438e-be89-506b3acf51f9 ] Request (ServersListShow296Test:tearDownClass): 200 GET http://10.180.1.21/compute/v2.1/servers/2f7a6ea4-7afd-498a-a918-9a4ab0a2d52f 0.646s
2025-05-14 13:54:02.816 69713 INFO tempest.lib.common.rest_client [req-fb03ea1a-1eff-490a-9c7a-fea0cc857bd7 req-fb03ea1a-1eff-490a-9c7a-fea0cc857bd7 ] Request (ImagesOneServerNegativeTestJSON:_run_cleanups): 200 GET http://10.180.1.21/compute/v2.1/servers/4dbab034-07d4-43ce-a4b3-67861b9cd3e4 0.584s
2025-05-14 13:54:02.887 69689 INFO tempest.lib.common.rest_client [req-8be91f75-11da-48a2-922d-5b6008e98f6b req-8be91f75-11da-48a2-922d-5b6008e98f6b ] Request (ServersTestJSON:tearDownClass): 200 PUT http://10.180.1.21:9696/networking/v2.0/routers/d9458e0c-0814-4ea6-acfe-11b5fedc861f/remove_router_interface 1.790s
2025-05-14 13:54:03.020 69683 INFO tempest.lib.common.rest_client [req-b65db4c7-8a3d-4543-92f8-0525875e5571 req-b65db4c7-8a3d-4543-92f8-0525875e5571 ] Request (InstanceActionsTestJSON:setUpClass): 200 GET http://10.180.1.21/compute/v2.1/servers/b1195a85-a1b3-4415-a4d8-3b8c910409a5 0.154s
2025-05-14 13:54:03.033 69733 INFO tempest.lib.common.rest_client [req-6b9a54fb-b3f4-4d47-86ef-c5d7a7ea4cdf req-6b9a54fb-b3f4-4d47-86ef-c5d7a7ea4cdf ] Request (ServersWithSpecificFlavorTestJSON:test_verify_created_server_ephemeral_disk): 200 GET http://10.180.1.21/compute/v2.1/servers/86ede26b-bb10-412c-ae55-c8463428219b 0.231s
2025-05-14 13:54:03.116 69687 INFO tempest.lib.common.rest_client [req-dc6b063a-54be-4c6e-9454-ead98132baef req-dc6b063a-54be-4c6e-9454-ead98132baef ] Request (MigrationsAdminTest:test_resize_server_revert_deleted_flavor): 200 GET http://10.180.1.21/compute/v2.1/servers/f3bbdae0-ba72-459f-8d6b-59ec6b8a4705 0.150s
2025-05-14 13:54:03.166 69723 INFO tempest.lib.common.rest_client [req-ae0d6af8-71c6-4a09-afb1-cc0ebc8cd7af req-ae0d6af8-71c6-4a09-afb1-cc0ebc8cd7af ] Request (ServerAddressesTestJSON:tearDownClass): 200 GET http://10.180.1.21/compute/v2.1/servers/dd42ede8-77ba-4781-95c2-5ed45f9b93ab 0.224s
2025-05-14 13:54:03.214 69741 INFO tempest.lib.common.rest_client [req-bf57dee6-7c5d-443e-9680-46de51b3ccba req-bf57dee6-7c5d-443e-9680-46de51b3ccba ] Request (ServerTagsTestJSON:setUpClass): 200 GET http://10.180.1.21/compute/v2.1/servers/92110e91-6719-41a1-8579-0876ba2015b9 0.193s
2025-05-14 13:54:03.225 69711 INFO tempest.lib.common.rest_client [req-681c3cff-fc22-4571-81ed-5b445d6686ab req-681c3cff-fc22-4571-81ed-5b445d6686ab ] Request (DeleteServersTestJSON:test_delete_server_while_in_attached_volume): 200 GET http://10.180.1.21/compute/v2.1/servers/fecb77e3-7516-46ec-8c82-fca2de9c61bc 0.182s
2025-05-14 13:54:03.292 69691 INFO tempest.lib.common.rest_client [req-1dba6985-bbab-4c16-8d3e-cb47357bed90 req-1dba6985-bbab-4c16-8d3e-cb47357bed90 ] Request (FloatingIPsAssociationTestJSON:setUpClass): 200 GET http://10.180.1.21/compute/v2.1/servers/c5f4ec59-c1b4-4c53-9f23-d76248cdcdb6 0.113s
2025-05-14 13:54:03.304 69695 INFO tempest.lib.common.rest_client [req-d04df903-550e-44be-b2a5-c13edc449af8 req-d04df903-550e-44be-b2a5-c13edc449af8 ] Request (InstanceActionsNegativeTestJSON:tearDownClass): 200 PUT http://10.180.1.21:9696/networking/v2.0/routers/197499d8-1627-4dba-b8aa-88b2567fba1a/remove_router_interface 1.032s
2025-05-14 13:54:03.308 69719 INFO tempest.lib.common.rest_client [req-2c858e35-4ec4-4aa1-a16e-260269dc5371 req-2c858e35-4ec4-4aa1-a16e-260269dc5371 ] Request (ImagesNegativeTestJSON:test_create_image_from_deleted_server): 200 GET http://10.180.1.21/compute/v2.1/servers/877f50f0-e181-44b8-a27c-2a52cfd6b2c8 0.196s
2025-05-14 13:54:03.417 69709 INFO tempest.lib.common.rest_client [req-7a39c427-d57b-4e7f-8ac8-7d96f0b3db12 req-7a39c427-d57b-4e7f-8ac8-7d96f0b3db12 ] Request (FloatingIPsAssociationNegativeTestJSON:tearDownClass): 200 GET http://10.180.1.21/compute/v2.1/servers/e0fe2d2a-c719-4ab8-bd50-7f439229322a 0.155s
2025-05-14 13:54:03.450 69715 INFO tempest.lib.common.rest_client [req-2e1f218e-1426-4240-8fce-ec9f2a70051b req-2e1f218e-1426-4240-8fce-ec9f2a70051b ] Request (SecurityGroupsTestJSON:test_server_security_groups): 200 GET http://10.180.1.21/compute/v2.1/servers/fd7a3a67-ae9f-4954-85c7-49f9bc252105 0.254s
2025-05-14 13:54:03.458 69715 INFO tempest.common.waiters [-] State transition "HARD_REBOOT/rebooting_hard" ==> "HARD_REBOOT/reboot_pending_hard" after 3 second wait
