2025-05-14 13:51:03.974 69701 INFO tempest.lib.common.rest_client [req-275bd3c2-6158-4719-9889-d2be7b4d6d80 req-275bd3c2-6158-4719-9889-d2be7b4d6d80 ] Request (FloatingIPsTestJSON:setUpClass): 201 POST http://10.180.1.21/identity/v3/auth/tokens 0.898s
2025-05-14 13:51:03.975 69741 INFO tempest.lib.common.rest_client [req-d8541339-8532-44bb-902d-3f6f524031c7 req-d8541339-8532-44bb-902d-3f6f524031c7 ] Request (MultipleCreateTestJSON:setUpClass): 201 POST http://10.180.1.21/identity/v3/auth/tokens 0.826s
2025-05-14 13:51:04.032 69685 INFO tempest.lib.common.rest_client [req-23c18a5a-0e2d-4f89-907f-7d25a2b0a458 req-23c18a5a-0e2d-4f89-907f-7d25a2b0a458 ] Request (ServersAdminTestJSON:setUpClass): 204 PUT http://10.180.1.21/identity/v3/projects/0e8dce7e3eb24fdca60b9702e5148478/users/1bfdfee7451e4073981ae0e8c7a5c3e0/roles/5df7a86b761d4c5c9c86bedb96d24214 0.776s
2025-05-14 13:51:04.032 69685 INFO tempest.lib.common.dynamic_creds [-] Dynamic test user 1bfdfee7451e4073981ae0e8c7a5c3e0 is created with scope project and roles: ['admin']
2025-05-14 13:51:04.032 69685 INFO tempest.lib.common.dynamic_creds [-] Acquired dynamic creds: credentials: Credentials: {'domain_id': 'default', 'domain_name': 'Default', 'username': 'tempest-ServersAdminTestJSON-902706053-project-admin', 'project_domain_id': 'default', 'project_domain_name': 'Default', 'project_id': '0e8dce7e3eb24fdca60b9702e5148478', 'project_name': 'tempest-ServersAdminTestJSON-902706053', 'tenant_id': '0e8dce7e3eb24fdca60b9702e5148478', 'tenant_name': 'tempest-ServersAdminTestJSON-902706053', 'user_domain_id': 'default', 'user_domain_name': 'Default', 'user_id': '1bfdfee7451e4073981ae0e8c7a5c3e0', 'system': None}, Network: None, Subnet: None, Router: None
2025-05-14 13:51:04.046 69697 INFO tempest.lib.common.rest_client [req-4a16c6e9-c375-42db-9ada-439f949e9577 req-4a16c6e9-c375-42db-9ada-439f949e9577 ] Request (VolumesAssistedSnapshotsTest:setUpClass): 201 POST http://10.180.1.21/identity/v3/auth/tokens 0.852s
2025-05-14 13:51:04.055 69737 INFO tempest.lib.common.rest_client [req-a0ea7e27-7339-441c-b1ba-bc9ec2072cf6 req-a0ea7e27-7339-441c-b1ba-bc9ec2072cf6 ] Request (FloatingIPDetailsNegativeTestJSON:tearDownClass): 200 PUT http://10.180.1.21:9696/networking/v2.0/routers/65ec02a3-a2ac-4f5b-9790-6f6e6f2b3e27/remove_router_interface 1.359s
2025-05-14 13:51:04.114 69739 INFO tempest.lib.common.rest_client [req-b1c72662-42a8-4d46-92cf-463b1b060574 req-b1c72662-42a8-4d46-92cf-463b1b060574 ] Request (FlavorsAccessNegativeTestJSON:setUpClass): 201 POST http://10.180.1.21/identity/v3/projects 0.611s
2025-05-14 13:51:04.167 69681 INFO tempest.lib.common.rest_client [req-61909f1e-260e-4a62-bb1f-754489b69863 req-61909f1e-260e-4a62-bb1f-754489b69863 ] Request (HypervisorAdminUnderV252Test:tearDownClass): 204 DELETE http://10.180.1.21/identity/v3/users/f8fb92a207984fcdb80df6c7ac6a8104 0.733s
2025-05-14 13:51:04.167 69681 INFO tempest.lib.common.dynamic_creds [-] Deleting project and security group for project: ffa5b59ce53c41f7ad95e92f4bdaba50
2025-05-14 13:51:04.239 69733 INFO tempest.lib.common.rest_client [req-5b713e1f-72b1-4346-9106-5035a4308ac6 req-5b713e1f-72b1-4346-9106-5035a4308ac6 ] Request (ServersWithSpecificFlavorTestJSON:setUpClass): 201 POST http://10.180.1.21/identity/v3/auth/tokens 0.716s
2025-05-14 13:51:04.241 69731 INFO tempest.lib.common.rest_client [req-aec07b7c-8282-4723-9288-7ef16b74050a req-aec07b7c-8282-4723-9288-7ef16b74050a ] Request (QuotaClassesAdmin257Test:tearDownClass): 204 DELETE http://10.180.1.21/identity/v3/projects/64984abffb4643c99ccedb64f43e6570 0.720s
2025-05-14 13:51:04.323 69729 INFO tempest.lib.common.rest_client [req-fba8f067-11ad-48a6-908e-c6c043b55fd6 req-fba8f067-11ad-48a6-908e-c6c043b55fd6 ] Request (QuotasAdminTestJSON:test_delete_quota): 201 POST http://10.180.1.21/identity/v3/projects 0.752s
2025-05-14 13:51:04.348 69685 INFO tempest.lib.common.rest_client [req-7fd225f9-00d1-46b6-94dd-1988ced05070 req-7fd225f9-00d1-46b6-94dd-1988ced05070 ] Request (ServersAdminTestJSON:setUpClass): 201 POST http://10.180.1.21:9696/networking/v2.0/networks 0.314s
2025-05-14 13:51:04.399 69711 INFO tempest.lib.common.rest_client [req-bfe4dec5-3b7f-40ca-9f47-39cc071f84c4 req-bfe4dec5-3b7f-40ca-9f47-39cc071f84c4 ] Request (SecurityGroupsNegativeTestJSON:setUpClass): 201 POST http://10.180.1.21/identity/v3/auth/tokens 0.698s
2025-05-14 13:51:04.427 69693 INFO tempest.lib.common.rest_client [req-abf58436-3365-4d11-9ea3-d29f47d51511 req-abf58436-3365-4d11-9ea3-d29f47d51511 ] Request (VolumesAdminNegativeTest:setUpClass): 200 GET http://10.180.1.21/identity/v3/roles 0.528s
2025-05-14 13:51:04.463 69689 INFO tempest.lib.common.rest_client [req-44ebbef0-46a7-4966-9286-6cb5fb4d9341 req-44ebbef0-46a7-4966-9286-6cb5fb4d9341 ] Request (ImagesMetadataNegativeTestJSON:setUpClass): 201 POST http://10.180.1.21/identity/v3/projects 0.565s
2025-05-14 13:51:04.490 69725 INFO tempest.lib.common.rest_client [req-39c81035-7690-4e7b-8388-32da6cb2b04a req-39c81035-7690-4e7b-8388-32da6cb2b04a ] Request (HypervisorAdminV253TestBase:test_list_show_detail_hypervisors): 200 GET http://10.180.1.21/compute/v2.1/os-hypervisors/detail?with_servers=True 1.764s
2025-05-14 13:51:04.533 69741 INFO tempest.lib.common.rest_client [req-f248ac44-36a2-4989-b315-287606f7207a req-f248ac44-36a2-4989-b315-287606f7207a ] Request (MultipleCreateTestJSON:test_multiple_create): 201 POST http://10.180.1.21/identity/v3/auth/tokens 0.549s
2025-05-14 13:51:04.534 69741 INFO tempest.lib.common.fixed_network [-] (MultipleCreateTestJSON:test_multiple_create) Found network {'id': '22a0d7a5-43a6-49a8-ba98-d4f9e8182b03', 'name': 'tempest-MultipleCreateTestJSON-1390683538-network', 'tenant_id': '49c285d95e784239aba3872e5bdd9668', 'admin_state_up': True, 'mtu': 8950, 'status': 'ACTIVE', 'subnets': [], 'shared': False, 'project_id': '49c285d95e784239aba3872e5bdd9668', 'port_security_enabled': True, 'router:external': False, 'provider:network_type': 'vlan', 'provider:physical_network': 'default', 'provider:segmentation_id': 839, 'availability_zone_hints': [], 'availability_zones': [], 'ipv4_address_scope': None, 'ipv6_address_scope': None, 'description': '', 'tags': [], 'created_at': '2025-05-14T13:50:59Z', 'updated_at': '2025-05-14T13:50:59Z', 'revision_number': 1} available for tenant
2025-05-14 13:51:04.577 69679 INFO tempest.lib.common.rest_client [req-d0a6a4d7-949b-4bb6-a94a-e14e2233ae38 req-d0a6a4d7-949b-4bb6-a94a-e14e2233ae38 ] Request (FlavorsV255TestJSON:test_crud_flavor): 200 POST http://10.180.1.21/compute/v2.1/flavors 1.599s
2025-05-14 13:51:04.582 69685 INFO tempest.lib.common.rest_client [req-5f5c2065-aabe-483f-a901-43ea17153d0b req-5f5c2065-aabe-483f-a901-43ea17153d0b ] Request (ServersAdminTestJSON:setUpClass): 201 POST http://10.180.1.21:9696/networking/v2.0/subnets 0.234s
2025-05-14 13:51:04.606 69697 INFO tempest.lib.common.rest_client [req-344a797f-6f90-42ab-9d8f-b1ac6354c04e req-344a797f-6f90-42ab-9d8f-b1ac6354c04e ] Request (VolumesAssistedSnapshotsTest:setUpClass): 201 POST http://10.180.1.21/identity/v3/projects 0.559s
2025-05-14 13:51:04.636 69739 INFO tempest.lib.common.rest_client [req-1798d17f-beb6-4edc-9071-bbb762d9ef83 req-1798d17f-beb6-4edc-9071-bbb762d9ef83 ] Request (FlavorsAccessNegativeTestJSON:setUpClass): 201 POST http://10.180.1.21/identity/v3/users 0.520s
2025-05-14 13:51:04.665 69737 INFO tempest.lib.common.rest_client [req-5bcc153d-533b-4348-b898-0006d896ae7c req-5bcc153d-533b-4348-b898-0006d896ae7c ] Request (FloatingIPDetailsNegativeTestJSON:tearDownClass): 204 DELETE http://10.180.1.21:9696/networking/v2.0/routers/65ec02a3-a2ac-4f5b-9790-6f6e6f2b3e27 0.610s
2025-05-14 13:51:04.666 69681 INFO tempest.lib.common.rest_client [req-b6eaf628-8cbd-438d-b347-70b220011e18 req-b6eaf628-8cbd-438d-b347-70b220011e18 ] Request (HypervisorAdminUnderV252Test:tearDownClass): 201 POST http://10.180.1.21/identity/v3/auth/tokens 0.499s
2025-05-14 13:51:04.692 69733 INFO tempest.lib.common.rest_client [req-1fedd6f1-f924-42b0-b1c7-6d5a707a010d req-1fedd6f1-f924-42b0-b1c7-6d5a707a010d ] Request (ServersWithSpecificFlavorTestJSON:setUpClass): 201 POST http://10.180.1.21/identity/v3/projects 0.453s
2025-05-14 13:51:04.739 69729 INFO tempest.lib.common.rest_client [req-778c3986-149d-446a-8fc0-4f35427f78e8 req-778c3986-149d-446a-8fc0-4f35427f78e8 ] Request (QuotasAdminTestJSON:test_delete_quota): 200 GET http://10.180.1.21/identity/v3/domains?name=Default 0.415s
2025-05-14 13:51:04.744 69731 INFO tempest.lib.common.rest_client [req-e0df1e9f-341f-4196-872e-02f9ef6aaaf3 req-e0df1e9f-341f-4196-872e-02f9ef6aaaf3 ] Request (ServerDiagnosticsNegativeTest:setUpClass): 201 POST http://10.180.1.21/identity/v3/auth/tokens 0.498s
2025-05-14 13:51:04.754 69693 INFO tempest.lib.common.rest_client [req-6f60caa9-9f67-4c31-81ec-f87a86fd50d3 req-6f60caa9-9f67-4c31-81ec-f87a86fd50d3 ] Request (VolumesAdminNegativeTest:setUpClass): 204 PUT http://10.180.1.21/identity/v3/projects/dce5a63964b9461b927ae0a33e195eeb/users/560f0e072f3840f1a0d2d113bfaf6297/roles/5df7a86b761d4c5c9c86bedb96d24214 0.327s
2025-05-14 13:51:04.754 69693 INFO tempest.lib.common.dynamic_creds [-] Dynamic test user 560f0e072f3840f1a0d2d113bfaf6297 is created with scope project and roles: ['admin']
2025-05-14 13:51:04.754 69693 INFO tempest.lib.common.dynamic_creds [-] Acquired dynamic creds: credentials: Credentials: {'domain_id': 'default', 'domain_name': 'Default', 'username': 'tempest-VolumesAdminNegativeTest-1261676660-project-admin', 'project_domain_id': 'default', 'project_domain_name': 'Default', 'project_id': 'dce5a63964b9461b927ae0a33e195eeb', 'project_name': 'tempest-VolumesAdminNegativeTest-1261676660', 'tenant_id': 'dce5a63964b9461b927ae0a33e195eeb', 'tenant_name': 'tempest-VolumesAdminNegativeTest-1261676660', 'user_domain_id': 'default', 'user_domain_name': 'Default', 'user_id': '560f0e072f3840f1a0d2d113bfaf6297', 'system': None}, Network: None, Subnet: None, Router: None
2025-05-14 13:51:04.794 69711 INFO tempest.lib.common.rest_client [req-f8040995-63ed-43a3-bc16-1b0849e1c847 req-f8040995-63ed-43a3-bc16-1b0849e1c847 ] Request (SecurityGroupsNegativeTestJSON:setUpClass): 201 POST http://10.180.1.21/identity/v3/auth/tokens 0.392s
2025-05-14 13:51:04.803 69689 INFO tempest.lib.common.rest_client [req-dd735a07-c383-4f5a-986c-f5a1737c07e2 req-dd735a07-c383-4f5a-986c-f5a1737c07e2 ] Request (ImagesMetadataNegativeTestJSON:setUpClass): 201 POST http://10.180.1.21/identity/v3/users 0.339s
2025-05-14 13:51:04.892 69723 INFO tempest.lib.common.rest_client [req-34fd51e7-ccdb-48e1-bb30-5534af4f46e3 req-34fd51e7-ccdb-48e1-bb30-5534af4f46e3 ] Request (HypervisorAdminNegativeTestJSON:test_get_hypervisor_list_details_with_non_admin_user): 403 GET http://10.180.1.21/compute/v2.1/os-hypervisors/detail 1.839s
2025-05-14 13:51:04.922 69691 INFO tempest.lib.common.rest_client [req-af94b15e-38bd-47e8-a0fd-a81df9c86d07 req-af94b15e-38bd-47e8-a0fd-a81df9c86d07 ] Request (InstanceUsageAuditLogTestJSON:test_get_instance_usage_audit_log): 200 GET http://10.180.1.21/compute/v2.1/os-instance_usage_audit_log/2025-05-14%2013%3A51%3A03 1.829s
2025-05-14 13:51:04.928 69737 INFO tempest.lib.common.rest_client [req-bf891345-50b6-48d3-9ce6-8da3b65e2290 req-bf891345-50b6-48d3-9ce6-8da3b65e2290 ] Request (FloatingIPDetailsNegativeTestJSON:tearDownClass): 204 DELETE http://10.180.1.21:9696/networking/v2.0/subnets/d5c2622f-76ac-4101-a765-0dcdc706caab 0.262s
2025-05-14 13:51:04.932 69697 INFO tempest.lib.common.rest_client [req-6e91a5d0-687a-4caa-b862-f0b99df0448e req-6e91a5d0-687a-4caa-b862-f0b99df0448e ] Request (VolumesAssistedSnapshotsTest:setUpClass): 201 POST http://10.180.1.21/identity/v3/users 0.326s
2025-05-14 13:51:04.952 69739 INFO tempest.lib.common.rest_client [req-9bfe7d40-bea4-46ff-a350-b25fc2979bb9 req-9bfe7d40-bea4-46ff-a350-b25fc2979bb9 ] Request (FlavorsAccessNegativeTestJSON:setUpClass): 200 GET http://10.180.1.21/identity/v3/roles 0.316s
2025-05-14 13:51:04.960 69733 INFO tempest.lib.common.rest_client [req-cfc092cb-d479-4e6c-8490-10d2be21f86e req-cfc092cb-d479-4e6c-8490-10d2be21f86e ] Request (ServersWithSpecificFlavorTestJSON:setUpClass): 201 POST http://10.180.1.21/identity/v3/users 0.265s
2025-05-14 13:51:04.975 69731 INFO tempest.lib.common.rest_client [req-65412db3-e5a4-441a-a688-3b2ab1363465 req-65412db3-e5a4-441a-a688-3b2ab1363465 ] Request (ServerDiagnosticsNegativeTest:setUpClass): 201 POST http://10.180.1.21/identity/v3/auth/tokens 0.229s
2025-05-14 13:51:04.998 69711 INFO tempest.lib.common.rest_client [req-eb76eed8-3053-4632-8aec-ab3b95136f1a req-eb76eed8-3053-4632-8aec-ab3b95136f1a ] Request (SecurityGroupsNegativeTestJSON:setUpClass): 200 GET http://10.180.1.21/identity/v3/domains?name=Default 0.204s
2025-05-14 13:51:05.019 69689 INFO tempest.lib.common.rest_client [req-62b50f69-8abc-451d-84e9-bcde7fb2d48e req-62b50f69-8abc-451d-84e9-bcde7fb2d48e ] Request (ImagesMetadataNegativeTestJSON:setUpClass): 200 GET http://10.180.1.21/identity/v3/roles 0.215s
2025-05-14 13:51:05.075 69697 INFO tempest.lib.common.rest_client [req-8a6e54cd-1ce6-4a2a-9edc-2d8e94217e78 req-8a6e54cd-1ce6-4a2a-9edc-2d8e94217e78 ] Request (VolumesAssistedSnapshotsTest:setUpClass): 200 GET http://10.180.1.21/identity/v3/roles 0.141s
2025-05-14 13:51:05.093 69699 INFO tempest.lib.common.rest_client [req-8c5e68af-80f5-44d4-bc58-8c7ef79162b5 req-8c5e68af-80f5-44d4-bc58-8c7ef79162b5 ] Request (HypervisorAdminNegativeUnderV252Test:test_search_hypervisor_with_non_admin_user): 200 GET http://10.180.1.21/compute/v2.1/os-hypervisors 1.918s
2025-05-14 13:51:05.094 69733 INFO tempest.lib.common.rest_client [req-4e5ec818-5552-4aa5-b670-9edad69e1085 req-4e5ec818-5552-4aa5-b670-9edad69e1085 ] Request (ServersWithSpecificFlavorTestJSON:setUpClass): 200 GET http://10.180.1.21/identity/v3/roles 0.133s
2025-05-14 13:51:05.104 69739 INFO tempest.lib.common.rest_client [req-645900d1-4034-4c29-90e4-88682f2b7d78 req-645900d1-4034-4c29-90e4-88682f2b7d78 ] Request (FlavorsAccessNegativeTestJSON:setUpClass): 204 PUT http://10.180.1.21/identity/v3/projects/54055152c577439fa47386388895db58/users/f59f01a79a55464c9d88328958efc511/roles/10b2039d70ba4ce4915dc36c3fca073e 0.151s
2025-05-14 13:51:05.104 69739 INFO tempest.lib.common.dynamic_creds [-] Dynamic test user f59f01a79a55464c9d88328958efc511 is created with scope project and roles: ['member']
2025-05-14 13:51:05.105 69739 INFO tempest.lib.common.dynamic_creds [-] Acquired dynamic creds: credentials: Credentials: {'domain_id': 'default', 'domain_name': 'Default', 'username': 'tempest-FlavorsAccessNegativeTestJSON-130415445-project-member', 'project_domain_id': 'default', 'project_domain_name': 'Default', 'project_id': '54055152c577439fa47386388895db58', 'project_name': 'tempest-FlavorsAccessNegativeTestJSON-130415445', 'tenant_id': '54055152c577439fa47386388895db58', 'tenant_name': 'tempest-FlavorsAccessNegativeTestJSON-130415445', 'user_domain_id': 'default', 'user_domain_name': 'Default', 'user_id': 'f59f01a79a55464c9d88328958efc511', 'system': None}, Network: None, Subnet: None, Router: None
2025-05-14 13:51:05.105 69739 INFO tempest.lib.common.dynamic_creds [-] Created isolated network resources for: credentials: Credentials: {'domain_id': 'default', 'domain_name': 'Default', 'username': 'tempest-FlavorsAccessNegativeTestJSON-130415445-project-member', 'project_domain_id': 'default', 'project_domain_name': 'Default', 'project_id': '54055152c577439fa47386388895db58', 'project_name': 'tempest-FlavorsAccessNegativeTestJSON-130415445', 'tenant_id': '54055152c577439fa47386388895db58', 'tenant_name': 'tempest-FlavorsAccessNegativeTestJSON-130415445', 'user_domain_id': 'default', 'user_domain_name': 'Default', 'user_id': 'f59f01a79a55464c9d88328958efc511', 'system': None}, Network: None, Subnet: None, Router: None
2025-05-14 13:51:05.138 69693 INFO tempest.lib.common.rest_client [req-b506ae9f-6fb9-4c0c-b64a-b30014e9a618 req-b506ae9f-6fb9-4c0c-b64a-b30014e9a618 ] Request (VolumesAdminNegativeTest:setUpClass): 201 POST http://10.180.1.21:9696/networking/v2.0/networks 0.384s
2025-05-14 13:51:05.145 69731 INFO tempest.lib.common.rest_client [req-66e093ea-96f7-4471-89d7-63c0aa209474 req-66e093ea-96f7-4471-89d7-63c0aa209474 ] Request (ServerDiagnosticsNegativeTest:setUpClass): 200 GET http://10.180.1.21/identity/v3/domains?name=Default 0.169s
2025-05-14 13:51:05.162 69711 INFO tempest.lib.common.rest_client [req-def0b03c-e84c-4aeb-858f-7d0f1d945116 req-def0b03c-e84c-4aeb-858f-7d0f1d945116 ] Request (SecurityGroupsNegativeTestJSON:setUpClass): 201 POST http://10.180.1.21/identity/v3/projects 0.163s
2025-05-14 13:51:05.172 69689 INFO tempest.lib.common.rest_client [req-6343967b-9202-4428-9523-b768488754c3 req-6343967b-9202-4428-9523-b768488754c3 ] Request (ImagesMetadataNegativeTestJSON:setUpClass): 204 PUT http://10.180.1.21/identity/v3/projects/0101f4c7910d4192a8d1217970c2d583/users/a1cbf956036f458285372d95a28b82a3/roles/10b2039d70ba4ce4915dc36c3fca073e 0.153s
2025-05-14 13:51:05.173 69689 INFO tempest.lib.common.dynamic_creds [-] Dynamic test user a1cbf956036f458285372d95a28b82a3 is created with scope project and roles: ['member']
2025-05-14 13:51:05.173 69689 INFO tempest.lib.common.dynamic_creds [-] Acquired dynamic creds: credentials: Credentials: {'domain_id': 'default', 'domain_name': 'Default', 'username': 'tempest-ImagesMetadataNegativeTestJSON-309390499-project-member', 'project_domain_id': 'default', 'project_domain_name': 'Default', 'project_id': '0101f4c7910d4192a8d1217970c2d583', 'project_name': 'tempest-ImagesMetadataNegativeTestJSON-309390499', 'tenant_id': '0101f4c7910d4192a8d1217970c2d583', 'tenant_name': 'tempest-ImagesMetadataNegativeTestJSON-309390499', 'user_domain_id': 'default', 'user_domain_name': 'Default', 'user_id': 'a1cbf956036f458285372d95a28b82a3', 'system': None}, Network: None, Subnet: None, Router: None
2025-05-14 13:51:05.173 69689 INFO tempest.lib.common.dynamic_creds [-] Created isolated network resources for: credentials: Credentials: {'domain_id': 'default', 'domain_name': 'Default', 'username': 'tempest-ImagesMetadataNegativeTestJSON-309390499-project-member', 'project_domain_id': 'default', 'project_domain_name': 'Default', 'project_id': '0101f4c7910d4192a8d1217970c2d583', 'project_name': 'tempest-ImagesMetadataNegativeTestJSON-309390499', 'tenant_id': '0101f4c7910d4192a8d1217970c2d583', 'tenant_name': 'tempest-ImagesMetadataNegativeTestJSON-309390499', 'user_domain_id': 'default', 'user_domain_name': 'Default', 'user_id': 'a1cbf956036f458285372d95a28b82a3', 'system': None}, Network: None, Subnet: None, Router: None
2025-05-14 13:51:05.179 69681 INFO tempest.lib.common.rest_client [req-91a70908-af73-42dd-a421-29772234a4cf req-91a70908-af73-42dd-a421-29772234a4cf ] Request (HypervisorAdminUnderV252Test:tearDownClass): 200 GET http://10.180.1.21:9696/networking/v2.0/security-groups?tenant_id=ffa5b59ce53c41f7ad95e92f4bdaba50&name=default 0.512s
2025-05-14 13:51:05.256 69697 INFO tempest.lib.common.rest_client [req-572d1180-f0be-4ebd-9c9d-2ceb0298cfee req-572d1180-f0be-4ebd-9c9d-2ceb0298cfee ] Request (VolumesAssistedSnapshotsTest:setUpClass): 204 PUT http://10.180.1.21/identity/v3/projects/97246ed2e0264ddeb5130f9bf5d3a293/users/f379f1a2c8394ecbbc59dee3a305a29a/roles/5df7a86b761d4c5c9c86bedb96d24214 0.181s
2025-05-14 13:51:05.291 69735 INFO tempest.lib.common.rest_client [req-21d58118-7962-40f6-bcdb-352efdebe5e9 req-21d58118-7962-40f6-bcdb-352efdebe5e9 ] Request (HostsAdminTestJSON:test_list_hosts): 200 GET http://10.180.1.21/compute/v2.1/os-hosts 2.053s
2025-05-14 13:51:05.321 69733 INFO tempest.lib.common.rest_client [req-c02c3e8b-a4ad-4c55-9404-f2b32647e20b req-c02c3e8b-a4ad-4c55-9404-f2b32647e20b ] Request (ServersWithSpecificFlavorTestJSON:setUpClass): 204 PUT http://10.180.1.21/identity/v3/projects/f8ca2d9cdfad4badb0fb9d5f4a60a618/users/5d7278af29fe45a7ad3368efa8dcb3b1/roles/5df7a86b761d4c5c9c86bedb96d24214 0.227s
2025-05-14 13:51:05.346 69739 INFO tempest.lib.common.rest_client [req-50cb8849-7d2f-4620-b2a4-d06e1e656f22 req-50cb8849-7d2f-4620-b2a4-d06e1e656f22 ] Request (FlavorsAccessNegativeTestJSON:setUpClass): 201 POST http://10.180.1.21/identity/v3/auth/tokens 0.235s
2025-05-14 13:51:05.347 69739 WARNING tempest.lib.common.rest_client [-] Deprecated: "tenant_id" property is deprecated for removal, use "project_id" instead
2025-05-14 13:51:05.376 69737 INFO tempest.lib.common.rest_client [req-cd7a34f1-cc58-4d46-aef7-0a6de5f326dc req-cd7a34f1-cc58-4d46-aef7-0a6de5f326dc ] Request (FloatingIPDetailsNegativeTestJSON:tearDownClass): 204 DELETE http://10.180.1.21:9696/networking/v2.0/networks/168bdfd7-83a0-4909-861d-0dc61deb2e78 0.448s
2025-05-14 13:51:05.382 69731 INFO tempest.lib.common.rest_client [req-47e89661-9a07-4814-ae67-c60d61b0b84c req-47e89661-9a07-4814-ae67-c60d61b0b84c ] Request (ServerDiagnosticsNegativeTest:setUpClass): 201 POST http://10.180.1.21/identity/v3/projects 0.237s
2025-05-14 13:51:05.393 69681 INFO tempest.lib.common.rest_client [req-0379d82b-cdf1-47ad-aa6a-223a323720ac req-0379d82b-cdf1-47ad-aa6a-223a323720ac ] Request (HypervisorAdminUnderV252Test:tearDownClass): 204 DELETE http://10.180.1.21:9696/networking/v2.0/security-groups/711f7118-0263-43b1-ac79-028e42e94838 0.214s
2025-05-14 13:51:05.417 69711 INFO tempest.lib.common.rest_client [req-7631e7e4-da04-43b4-9167-75888f053149 req-7631e7e4-da04-43b4-9167-75888f053149 ] Request (SecurityGroupsNegativeTestJSON:setUpClass): 201 POST http://10.180.1.21/identity/v3/users 0.255s
2025-05-14 13:51:05.465 69693 INFO tempest.lib.common.rest_client [req-97799ac9-5782-48ac-8516-1627384c3c0d req-97799ac9-5782-48ac-8516-1627384c3c0d ] Request (VolumesAdminNegativeTest:setUpClass): 201 POST http://10.180.1.21:9696/networking/v2.0/subnets 0.326s
2025-05-14 13:51:05.480 69705 INFO tempest.lib.common.rest_client [req-bcdac1de-1c2b-4213-bf86-bf55cec14c7c req-bcdac1de-1c2b-4213-bf86-bf55cec14c7c ] Request (QuotasAdminNegativeTest:test_create_server_when_cpu_quota_is_full): 200 GET http://10.180.1.21/compute/v2.1/os-quota-sets/6ed77b2c2a534af3b170cb2dcedc83f7 2.304s
2025-05-14 13:51:05.491 69689 INFO tempest.lib.common.rest_client [req-88f13032-639e-47b0-9e7a-e4890cf0b78f req-88f13032-639e-47b0-9e7a-e4890cf0b78f ] Request (ImagesMetadataNegativeTestJSON:setUpClass): 201 POST http://10.180.1.21/identity/v3/auth/tokens 0.314s
2025-05-14 13:51:05.510 69685 INFO tempest.lib.common.rest_client [req-964ba8a3-5086-4450-9fa3-50456fcf223b req-964ba8a3-5086-4450-9fa3-50456fcf223b ] Request (ServersAdminTestJSON:setUpClass): 201 POST http://10.180.1.21:9696/networking/v2.0/routers 0.926s
2025-05-14 13:51:05.524 69697 INFO tempest.lib.common.rest_client [req-88eed6e2-d3f0-4da2-b183-56ecd86d2e5f req-88eed6e2-d3f0-4da2-b183-56ecd86d2e5f ] Request (VolumesAssistedSnapshotsTest:setUpClass): 200 GET http://10.180.1.21/identity/v3/roles 0.267s
2025-05-14 13:51:05.541 69733 INFO tempest.lib.common.rest_client [req-00d6e0e4-1110-46fc-b3a2-66000fe4e57b req-00d6e0e4-1110-46fc-b3a2-66000fe4e57b ] Request (ServersWithSpecificFlavorTestJSON:setUpClass): 200 GET http://10.180.1.21/identity/v3/roles 0.219s
2025-05-14 13:51:05.563 69695 INFO tempest.lib.common.rest_client [req-95ee9225-1cfc-4dbf-a037-9c07fc93615b req-95ee9225-1cfc-4dbf-a037-9c07fc93615b ] Request (FlavorsAdminTestJSON:test_create_flavor_using_string_ram): 200 POST http://10.180.1.21/compute/v2.1/flavors 2.317s
2025-05-14 13:51:05.570 69731 INFO tempest.lib.common.rest_client [req-ae299da5-0cec-45c2-b3df-91d6ed9556ee req-ae299da5-0cec-45c2-b3df-91d6ed9556ee ] Request (ServerDiagnosticsNegativeTest:setUpClass): 201 POST http://10.180.1.21/identity/v3/users 0.188s
2025-05-14 13:51:05.608 69737 INFO tempest.lib.common.rest_client [req-770b6cc0-f4eb-4aaa-9e0f-c4f32adb0abf req-770b6cc0-f4eb-4aaa-9e0f-c4f32adb0abf ] Request (FloatingIPDetailsNegativeTestJSON:tearDownClass): 204 DELETE http://10.180.1.21/identity/v3/users/880e7a9760c24ab3b04d260a41cdf215 0.231s
2025-05-14 13:51:05.608 69737 INFO tempest.lib.common.dynamic_creds [-] Deleting project and security group for project: b25656e1508547be87db2a2824563421
2025-05-14 13:51:05.630 69681 INFO tempest.lib.common.rest_client [req-e81c7688-e89b-4cef-8f5a-d835f7cba95e req-e81c7688-e89b-4cef-8f5a-d835f7cba95e ] Request (HypervisorAdminUnderV252Test:tearDownClass): 204 DELETE http://10.180.1.21/identity/v3/projects/ffa5b59ce53c41f7ad95e92f4bdaba50 0.236s
2025-05-14 13:51:05.631 69681 INFO tempest.lib.common.dynamic_creds [-] Deleting project and security group for project: 9cb4332e27c4476c8002c7bd14cfc005
2025-05-14 13:51:05.642 69737 INFO tempest.lib.common.rest_client [req-979df9c8-e2ec-4950-8576-f7dc47e541b9 req-979df9c8-e2ec-4950-8576-f7dc47e541b9 ] Request (FloatingIPDetailsNegativeTestJSON:tearDownClass): 200 GET http://10.180.1.21:9696/networking/v2.0/security-groups?tenant_id=b25656e1508547be87db2a2824563421&name=default 0.033s
2025-05-14 13:51:05.663 69711 INFO tempest.lib.common.rest_client [req-867e5b9d-3b1a-439d-979b-1c05204c9b6d req-867e5b9d-3b1a-439d-979b-1c05204c9b6d ] Request (SecurityGroupsNegativeTestJSON:setUpClass): 200 GET http://10.180.1.21/identity/v3/roles 0.244s
2025-05-14 13:51:05.684 69697 INFO tempest.lib.common.rest_client [req-f162d7b5-38da-4655-97e7-3a70751ad43f req-f162d7b5-38da-4655-97e7-3a70751ad43f ] Request (VolumesAssistedSnapshotsTest:setUpClass): 204 PUT http://10.180.1.21/identity/v3/projects/97246ed2e0264ddeb5130f9bf5d3a293/users/f379f1a2c8394ecbbc59dee3a305a29a/roles/5df7a86b761d4c5c9c86bedb96d24214 0.159s
2025-05-14 13:51:05.684 69697 INFO tempest.lib.common.dynamic_creds [-] Dynamic test user f379f1a2c8394ecbbc59dee3a305a29a is created with scope project and roles: ['admin']
2025-05-14 13:51:05.684 69697 INFO tempest.lib.common.dynamic_creds [-] Acquired dynamic creds: credentials: Credentials: {'domain_id': 'default', 'domain_name': 'Default', 'username': 'tempest-VolumesAssistedSnapshotsTest-194159202-project-admin', 'project_domain_id': 'default', 'project_domain_name': 'Default', 'project_id': '97246ed2e0264ddeb5130f9bf5d3a293', 'project_name': 'tempest-VolumesAssistedSnapshotsTest-194159202', 'tenant_id': '97246ed2e0264ddeb5130f9bf5d3a293', 'tenant_name': 'tempest-VolumesAssistedSnapshotsTest-194159202', 'user_domain_id': 'default', 'user_domain_name': 'Default', 'user_id': 'f379f1a2c8394ecbbc59dee3a305a29a', 'system': None}, Network: None, Subnet: None, Router: None
2025-05-14 13:51:05.742 69733 INFO tempest.lib.common.rest_client [req-98e3ab42-b8ef-4499-925e-a38195ad65c4 req-98e3ab42-b8ef-4499-925e-a38195ad65c4 ] Request (ServersWithSpecificFlavorTestJSON:setUpClass): 204 PUT http://10.180.1.21/identity/v3/projects/f8ca2d9cdfad4badb0fb9d5f4a60a618/users/5d7278af29fe45a7ad3368efa8dcb3b1/roles/5df7a86b761d4c5c9c86bedb96d24214 0.200s
2025-05-14 13:51:05.742 69733 INFO tempest.lib.common.dynamic_creds [-] Dynamic test user 5d7278af29fe45a7ad3368efa8dcb3b1 is created with scope project and roles: ['admin']
2025-05-14 13:51:05.742 69733 INFO tempest.lib.common.dynamic_creds [-] Acquired dynamic creds: credentials: Credentials: {'domain_id': 'default', 'domain_name': 'Default', 'username': 'tempest-ServersWithSpecificFlavorTestJSON-769352950-project-admin', 'project_domain_id': 'default', 'project_domain_name': 'Default', 'project_id': 'f8ca2d9cdfad4badb0fb9d5f4a60a618', 'project_name': 'tempest-ServersWithSpecificFlavorTestJSON-769352950', 'tenant_id': 'f8ca2d9cdfad4badb0fb9d5f4a60a618', 'tenant_name': 'tempest-ServersWithSpecificFlavorTestJSON-769352950', 'user_domain_id': 'default', 'user_domain_name': 'Default', 'user_id': '5d7278af29fe45a7ad3368efa8dcb3b1', 'system': None}, Network: None, Subnet: None, Router: None
2025-05-14 13:51:05.782 69717 INFO tempest.lib.common.rest_client [req-c188aa3e-1ffd-43f0-a2bf-c3769955d4d4 req-c188aa3e-1ffd-43f0-a2bf-c3769955d4d4 ] Request (FlavorsAccessTestJSON:test_flavor_access_add_remove): 200 POST http://10.180.1.21/compute/v2.1/flavors 2.457s
2025-05-14 13:51:05.787 69737 INFO tempest.lib.common.rest_client [req-dc8c2100-73f4-4991-8b6e-67785b770d28 req-dc8c2100-73f4-4991-8b6e-67785b770d28 ] Request (FloatingIPDetailsNegativeTestJSON:tearDownClass): 204 DELETE http://10.180.1.21:9696/networking/v2.0/security-groups/25099118-7cd3-4340-b9f1-75cce506aeb7 0.144s
2025-05-14 13:51:05.860 69731 INFO tempest.lib.common.rest_client [req-d92f201a-a88e-493b-8d8a-641166563f4b req-d92f201a-a88e-493b-8d8a-641166563f4b ] Request (ServerDiagnosticsNegativeTest:setUpClass): 200 GET http://10.180.1.21/identity/v3/roles 0.289s
2025-05-14 13:51:05.867 69707 INFO tempest.lib.common.rest_client [req-12472db9-6b81-4a06-92eb-b4642f26e91e req-12472db9-6b81-4a06-92eb-b4642f26e91e ] Request (AZAdminNegativeTestJSON:test_get_availability_zone_list_detail_with_non_admin_user): 403 GET http://10.180.1.21/compute/v2.1/os-availability-zone/detail 2.479s
2025-05-14 13:51:05.899 69711 INFO tempest.lib.common.rest_client [req-a5205dd9-b561-4956-974f-09c82c75d295 req-a5205dd9-b561-4956-974f-09c82c75d295 ] Request (SecurityGroupsNegativeTestJSON:setUpClass): 204 PUT http://10.180.1.21/identity/v3/projects/b0533d24ca0046739d50bf4fc51ce619/users/affe2c1cb0294c02a0da4806e21c7e4c/roles/10b2039d70ba4ce4915dc36c3fca073e 0.235s
2025-05-14 13:51:05.899 69711 INFO tempest.lib.common.dynamic_creds [-] Dynamic test user affe2c1cb0294c02a0da4806e21c7e4c is created with scope project and roles: ['member']
2025-05-14 13:51:05.899 69711 INFO tempest.lib.common.dynamic_creds [-] Acquired dynamic creds: credentials: Credentials: {'domain_id': 'default', 'domain_name': 'Default', 'username': 'tempest-SecurityGroupsNegativeTestJSON-598468573-project-member', 'project_domain_id': 'default', 'project_domain_name': 'Default', 'project_id': 'b0533d24ca0046739d50bf4fc51ce619', 'project_name': 'tempest-SecurityGroupsNegativeTestJSON-598468573', 'tenant_id': 'b0533d24ca0046739d50bf4fc51ce619', 'tenant_name': 'tempest-SecurityGroupsNegativeTestJSON-598468573', 'user_domain_id': 'default', 'user_domain_name': 'Default', 'user_id': 'affe2c1cb0294c02a0da4806e21c7e4c', 'system': None}, Network: None, Subnet: None, Router: None
2025-05-14 13:51:05.923 69715 INFO tempest.lib.common.rest_client [req-8807eb6e-f3b9-48be-8e08-61980443b6c8 req-8807eb6e-f3b9-48be-8e08-61980443b6c8 ] Request (FlavorsV261TestJSON:test_crud_flavor): 200 GET http://10.180.1.21/compute/v2.1/flavors/1641423869 2.354s
2025-05-14 13:51:05.984 69731 INFO tempest.lib.common.rest_client [req-edd20819-1746-4157-83cb-e9bb4b6fd211 req-edd20819-1746-4157-83cb-e9bb4b6fd211 ] Request (ServerDiagnosticsNegativeTest:setUpClass): 204 PUT http://10.180.1.21/identity/v3/projects/05823159fa2c495290022d785fa77257/users/e5da8b133de34b9e9c1c51ac1c629f73/roles/10b2039d70ba4ce4915dc36c3fca073e 0.123s
2025-05-14 13:51:05.984 69731 INFO tempest.lib.common.dynamic_creds [-] Dynamic test user e5da8b133de34b9e9c1c51ac1c629f73 is created with scope project and roles: ['member']
2025-05-14 13:51:05.984 69731 INFO tempest.lib.common.dynamic_creds [-] Acquired dynamic creds: credentials: Credentials: {'domain_id': 'default', 'domain_name': 'Default', 'username': 'tempest-ServerDiagnosticsNegativeTest-503426299-project-member', 'project_domain_id': 'default', 'project_domain_name': 'Default', 'project_id': '05823159fa2c495290022d785fa77257', 'project_name': 'tempest-ServerDiagnosticsNegativeTest-503426299', 'tenant_id': '05823159fa2c495290022d785fa77257', 'tenant_name': 'tempest-ServerDiagnosticsNegativeTest-503426299', 'user_domain_id': 'default', 'user_domain_name': 'Default', 'user_id': 'e5da8b133de34b9e9c1c51ac1c629f73', 'system': None}, Network: None, Subnet: None, Router: None
2025-05-14 13:51:05.984 69731 INFO tempest.lib.common.dynamic_creds [-] Created isolated network resources for: credentials: Credentials: {'domain_id': 'default', 'domain_name': 'Default', 'username': 'tempest-ServerDiagnosticsNegativeTest-503426299-project-member', 'project_domain_id': 'default', 'project_domain_name': 'Default', 'project_id': '05823159fa2c495290022d785fa77257', 'project_name': 'tempest-ServerDiagnosticsNegativeTest-503426299', 'tenant_id': '05823159fa2c495290022d785fa77257', 'tenant_name': 'tempest-ServerDiagnosticsNegativeTest-503426299', 'user_domain_id': 'default', 'user_domain_name': 'Default', 'user_id': 'e5da8b133de34b9e9c1c51ac1c629f73', 'system': None}, Network: None, Subnet: None, Router: None
2025-05-14 13:51:05.994 69737 INFO tempest.lib.common.rest_client [req-79369d45-e28f-468e-8ac6-633c515d83fb req-79369d45-e28f-468e-8ac6-633c515d83fb ] Request (FloatingIPDetailsNegativeTestJSON:tearDownClass): 204 DELETE http://10.180.1.21/identity/v3/projects/b25656e1508547be87db2a2824563421 0.207s
2025-05-14 13:51:06.001 69681 INFO tempest.lib.common.rest_client [req-6688c79a-9c17-4a6f-b542-eb303313a998 req-6688c79a-9c17-4a6f-b542-eb303313a998 ] Request (HypervisorAdminUnderV252Test:tearDownClass): 200 GET http://10.180.1.21:9696/networking/v2.0/security-groups?tenant_id=9cb4332e27c4476c8002c7bd14cfc005&name=default 0.370s
2025-05-14 13:51:06.004 69697 INFO tempest.lib.common.rest_client [req-f2a45175-e395-49e4-aecf-44cf92dd1983 req-f2a45175-e395-49e4-aecf-44cf92dd1983 ] Request (VolumesAssistedSnapshotsTest:setUpClass): 201 POST http://10.180.1.21:9696/networking/v2.0/networks 0.319s
2025-05-14 13:51:06.071 69733 INFO tempest.lib.common.rest_client [req-6bb888ac-69cd-44d3-9700-b122fad9de17 req-6bb888ac-69cd-44d3-9700-b122fad9de17 ] Request (ServersWithSpecificFlavorTestJSON:setUpClass): 201 POST http://10.180.1.21:9696/networking/v2.0/networks 0.329s
2025-05-14 13:51:06.087 69721 INFO tempest.lib.common.rest_client [req-0ad3791a-14dc-4947-ba8f-aba10b352287 req-0ad3791a-14dc-4947-ba8f-aba10b352287 ] Request (TenantUsagesNegativeTestJSON:test_get_usage_tenant_with_empty_tenant_id): 404 GET http://10.180.1.21/compute/v2.1/os-simple-tenant-usage/?start=2025-05-13T13%3A51%3A03.653335&end=2025-05-15T13%3A51%3A03.653335 2.434s
2025-05-14 13:51:06.095 69721 WARNING tempest.lib.common.rest_client [-] Deprecated: "tenant_id" property is deprecated for removal, use "project_id" instead
2025-05-14 13:51:06.104 69711 INFO tempest.lib.common.rest_client [req-bb58549e-dc35-4f89-be27-9216dc48a9a1 req-bb58549e-dc35-4f89-be27-9216dc48a9a1 ] Request (SecurityGroupsNegativeTestJSON:setUpClass): 201 POST http://10.180.1.21/identity/v3/auth/tokens 0.204s
2025-05-14 13:51:06.137 69681 INFO tempest.lib.common.rest_client [req-97032a35-efa8-4607-998e-f46af4904d04 req-97032a35-efa8-4607-998e-f46af4904d04 ] Request (HypervisorAdminUnderV252Test:tearDownClass): 204 DELETE http://10.180.1.21:9696/networking/v2.0/security-groups/ef34f25e-208d-4e1b-91b3-d5cff40f5782 0.135s
2025-05-14 13:51:06.140 69707 INFO tempest.lib.common.rest_client [req-6d1d9b6a-3f66-4f5a-959b-ae6d51dde64d req-6d1d9b6a-3f66-4f5a-959b-ae6d51dde64d ] Request (AZAdminNegativeTestJSON:tearDownClass): 204 DELETE http://10.180.1.21/identity/v3/users/00d02fab7c12444aa44bb7589a831556 0.266s
2025-05-14 13:51:06.217 69731 INFO tempest.lib.common.rest_client [req-dc1d2661-d1a4-4f19-ae4f-af811de06df4 req-dc1d2661-d1a4-4f19-ae4f-af811de06df4 ] Request (ServerDiagnosticsNegativeTest:setUpClass): 201 POST http://10.180.1.21/identity/v3/auth/tokens 0.227s
2025-05-14 13:51:06.232 69727 INFO tempest.lib.common.rest_client [req-d16644bf-ffcc-4d95-8005-45ba59f098a3 req-d16644bf-ffcc-4d95-8005-45ba59f098a3 ] Request (AZAdminV2TestJSON:test_get_availability_zone_list): 200 GET http://10.180.1.21/compute/v2.1/os-availability-zone 2.502s
2025-05-14 13:51:06.250 69733 INFO tempest.lib.common.rest_client [req-9a3f15b8-0a52-4524-8706-206a8d9a95a7 req-9a3f15b8-0a52-4524-8706-206a8d9a95a7 ] Request (ServersWithSpecificFlavorTestJSON:setUpClass): 201 POST http://10.180.1.21:9696/networking/v2.0/subnets 0.178s
2025-05-14 13:51:06.277 69709 INFO tempest.lib.common.rest_client [req-75af9fd0-f256-4a79-9d85-f3578b5cfa4b req-75af9fd0-f256-4a79-9d85-f3578b5cfa4b ] Request (AggregatesAdminNegativeTestJSON:test_aggregate_add_existent_host): 200 POST http://10.180.1.21/compute/v2.1/os-aggregates 2.397s
2025-05-14 13:51:06.284 69683 INFO tempest.lib.common.rest_client [req-e68d05cc-9d01-49c6-8f94-7e456fb90a1d req-e68d05cc-9d01-49c6-8f94-7e456fb90a1d ] Request (FlavorsExtraSpecsNegativeTestJSON:test_flavor_non_admin_unset_keys): 403 DELETE http://10.180.1.21/compute/v2.1/flavors/631347864/os-extra_specs/hw:numa_nodes 2.381s
2025-05-14 13:51:06.286 69737 INFO tempest.lib.common.rest_client [req-4160ac12-39d8-42a3-9bf8-310b1a9a1916 req-4160ac12-39d8-42a3-9bf8-310b1a9a1916 ] Request (ListImagesTestJSON:setUpClass): 201 POST http://10.180.1.21/identity/v3/auth/tokens 0.288s
2025-05-14 13:51:06.304 69687 INFO tempest.lib.common.rest_client [req-9fe5a5a1-414e-47f4-bcc0-daee01d3a478 req-9fe5a5a1-414e-47f4-bcc0-daee01d3a478 ] Request (HostsAdminNegativeTestJSON:test_reboot_nonexistent_host): 404 GET http://10.180.1.21/compute/v2.1/os-hosts/nonexistent_hostname/reboot 2.395s
2025-05-14 13:51:06.377 69681 INFO tempest.lib.common.rest_client [req-e02ccced-cec3-4bfb-84aa-94c10cc531de req-e02ccced-cec3-4bfb-84aa-94c10cc531de ] Request (HypervisorAdminUnderV252Test:tearDownClass): 204 DELETE http://10.180.1.21/identity/v3/projects/9cb4332e27c4476c8002c7bd14cfc005 0.239s
2025-05-14 13:51:06.378 69681 INFO tempest.test [-] raised in TestMultiAttachVolumeSwap.setUpClass. Invoking tearDownClass.
2025-05-14 13:51:06.431 69707 INFO tempest.lib.common.rest_client [req-50321b14-4ad0-42f8-a84a-9c372de754ee req-50321b14-4ad0-42f8-a84a-9c372de754ee ] Request (AZAdminNegativeTestJSON:tearDownClass): 204 DELETE http://10.180.1.21/identity/v3/users/7eea94e1ec8b486f82728fa62b4621c1 0.291s
2025-05-14 13:51:06.432 69707 INFO tempest.lib.common.dynamic_creds [-] Deleting project and security group for project: a91b04cfb437481bae2b2609a85aeae3
2025-05-14 13:51:06.470 69731 INFO tempest.lib.common.rest_client [req-8ab7b0ad-8fb0-4cad-9830-d47ba31f45ce req-8ab7b0ad-8fb0-4cad-9830-d47ba31f45ce ] Request (ServerDiagnosticsNegativeTest:setUpClass): 201 POST http://10.180.1.21/identity/v3/projects 0.252s
2025-05-14 13:51:06.486 69737 INFO tempest.lib.common.rest_client [req-a4bb931d-7f5b-4cb0-9a5a-5a2740280ef2 req-a4bb931d-7f5b-4cb0-9a5a-5a2740280ef2 ] Request (ListImagesTestJSON:setUpClass): 201 POST http://10.180.1.21/identity/v3/auth/tokens 0.196s
2025-05-14 13:51:06.493 69697 INFO tempest.lib.common.rest_client [req-f2f2a8a4-77f3-4679-ad05-b7964f5e0bb9 req-f2f2a8a4-77f3-4679-ad05-b7964f5e0bb9 ] Request (VolumesAssistedSnapshotsTest:setUpClass): 201 POST http://10.180.1.21:9696/networking/v2.0/subnets 0.488s
2025-05-14 13:51:06.548 69681 INFO tempest.lib.common.rest_client [req-d5cee4f6-ddb9-4a7c-8c8d-3cf3985185aa req-d5cee4f6-ddb9-4a7c-8c8d-3cf3985185aa ] Request (ServersTestFqdnHostnames:setUpClass): 201 POST http://10.180.1.21/identity/v3/auth/tokens 0.165s
2025-05-14 13:51:06.582 69707 INFO tempest.lib.common.rest_client [req-33503249-711d-4c38-ba21-f82f348b6615 req-33503249-711d-4c38-ba21-f82f348b6615 ] Request (AZAdminNegativeTestJSON:tearDownClass): 201 POST http://10.180.1.21/identity/v3/auth/tokens 0.150s
2025-05-14 13:51:06.595 69731 INFO tempest.lib.common.rest_client [req-3de292a2-bacd-4ec8-b23d-a366e2d4d8bb req-3de292a2-bacd-4ec8-b23d-a366e2d4d8bb ] Request (ServerDiagnosticsNegativeTest:setUpClass): 201 POST http://10.180.1.21/identity/v3/users 0.124s
2025-05-14 13:51:06.613 69737 INFO tempest.lib.common.rest_client [req-8785467c-c0e9-4cab-b5f9-613a3b4c4d85 req-8785467c-c0e9-4cab-b5f9-613a3b4c4d85 ] Request (ListImagesTestJSON:setUpClass): 200 GET http://10.180.1.21/identity/v3/domains?name=Default 0.126s
2025-05-14 13:51:06.636 69731 INFO tempest.lib.common.rest_client [req-665da010-4f19-4de5-9a51-0fa6e17e56c2 req-665da010-4f19-4de5-9a51-0fa6e17e56c2 ] Request (ServerDiagnosticsNegativeTest:setUpClass): 200 GET http://10.180.1.21/identity/v3/roles 0.040s
2025-05-14 13:51:06.640 69681 INFO tempest.lib.common.rest_client [req-5e93ebe3-d13f-4dac-aeea-50d1a5167469 req-5e93ebe3-d13f-4dac-aeea-50d1a5167469 ] Request (ServersTestFqdnHostnames:setUpClass): 201 POST http://10.180.1.21/identity/v3/auth/tokens 0.089s
2025-05-14 13:51:06.674 69737 INFO tempest.lib.common.rest_client [req-694cbb25-f3b3-4059-be3a-295ecc175cbf req-694cbb25-f3b3-4059-be3a-295ecc175cbf ] Request (ListImagesTestJSON:setUpClass): 201 POST http://10.180.1.21/identity/v3/projects 0.060s
2025-05-14 13:51:06.739 69731 INFO tempest.lib.common.rest_client [req-fe861ba8-b4e3-4374-9ab7-6a52e83b0b34 req-fe861ba8-b4e3-4374-9ab7-6a52e83b0b34 ] Request (ServerDiagnosticsNegativeTest:setUpClass): 204 PUT http://10.180.1.21/identity/v3/projects/40ae87b9eef245c5a13379cb07cef640/users/101f357cd8ba4c698b1639ae4e1ff9b2/roles/5df7a86b761d4c5c9c86bedb96d24214 0.103s
2025-05-14 13:51:06.741 69719 INFO tempest.lib.common.rest_client [req-99136fe6-a83a-4019-88f4-de80eab99c5c req-99136fe6-a83a-4019-88f4-de80eab99c5c ] Request (DeleteServersAdminTestJSON:test_admin_delete_servers_of_others): 202 POST http://10.180.1.21/compute/v2.1/servers 2.986s
2025-05-14 13:51:06.805 69737 INFO tempest.lib.common.rest_client [req-96464bbb-4552-405e-9e75-4e7bd64546aa req-96464bbb-4552-405e-9e75-4e7bd64546aa ] Request (ListImagesTestJSON:setUpClass): 201 POST http://10.180.1.21/identity/v3/users 0.131s
2025-05-14 13:51:06.818 69681 INFO tempest.lib.common.rest_client [req-b5668a50-d6b4-49c7-8a63-f1f5e732d7ea req-b5668a50-d6b4-49c7-8a63-f1f5e732d7ea ] Request (ServersTestFqdnHostnames:setUpClass): 200 GET http://10.180.1.21/identity/v3/domains?name=Default 0.178s
2025-05-14 13:51:06.826 69731 INFO tempest.lib.common.rest_client [req-92384000-ec63-40ae-8e09-59918c349838 req-92384000-ec63-40ae-8e09-59918c349838 ] Request (ServerDiagnosticsNegativeTest:setUpClass): 200 GET http://10.180.1.21/identity/v3/roles 0.087s
2025-05-14 13:51:06.843 69737 INFO tempest.lib.common.rest_client [req-bd2bcd7d-b1a8-4895-ba17-ebcde4b1418a req-bd2bcd7d-b1a8-4895-ba17-ebcde4b1418a ] Request (ListImagesTestJSON:setUpClass): 200 GET http://10.180.1.21/identity/v3/roles 0.037s
2025-05-14 13:51:06.855 69681 INFO tempest.lib.common.rest_client [req-a7b1fe6c-a40d-4ece-bb5f-a85c0d5ec9fd req-a7b1fe6c-a40d-4ece-bb5f-a85c0d5ec9fd ] Request (ServersTestFqdnHostnames:setUpClass): 201 POST http://10.180.1.21/identity/v3/projects 0.036s
2025-05-14 13:51:06.866 69731 INFO tempest.lib.common.rest_client [req-dcc41cf1-8a30-448b-9d17-4832d2c526bf req-dcc41cf1-8a30-448b-9d17-4832d2c526bf ] Request (ServerDiagnosticsNegativeTest:setUpClass): 204 PUT http://10.180.1.21/identity/v3/projects/40ae87b9eef245c5a13379cb07cef640/users/101f357cd8ba4c698b1639ae4e1ff9b2/roles/5df7a86b761d4c5c9c86bedb96d24214 0.039s
2025-05-14 13:51:06.866 69731 INFO tempest.lib.common.dynamic_creds [-] Dynamic test user 101f357cd8ba4c698b1639ae4e1ff9b2 is created with scope project and roles: ['admin']
2025-05-14 13:51:06.866 69731 INFO tempest.lib.common.dynamic_creds [-] Acquired dynamic creds: credentials: Credentials: {'domain_id': 'default', 'domain_name': 'Default', 'username': 'tempest-ServerDiagnosticsNegativeTest-1553633268-project-admin', 'project_domain_id': 'default', 'project_domain_name': 'Default', 'project_id': '40ae87b9eef245c5a13379cb07cef640', 'project_name': 'tempest-ServerDiagnosticsNegativeTest-1553633268', 'tenant_id': '40ae87b9eef245c5a13379cb07cef640', 'tenant_name': 'tempest-ServerDiagnosticsNegativeTest-1553633268', 'user_domain_id': 'default', 'user_domain_name': 'Default', 'user_id': '101f357cd8ba4c698b1639ae4e1ff9b2', 'system': None}, Network: None, Subnet: None, Router: None
2025-05-14 13:51:06.866 69731 INFO tempest.lib.common.dynamic_creds [-] Created isolated network resources for: credentials: Credentials: {'domain_id': 'default', 'domain_name': 'Default', 'username': 'tempest-ServerDiagnosticsNegativeTest-1553633268-project-admin', 'project_domain_id': 'default', 'project_domain_name': 'Default', 'project_id': '40ae87b9eef245c5a13379cb07cef640', 'project_name': 'tempest-ServerDiagnosticsNegativeTest-1553633268', 'tenant_id': '40ae87b9eef245c5a13379cb07cef640', 'tenant_name': 'tempest-ServerDiagnosticsNegativeTest-1553633268', 'user_domain_id': 'default', 'user_domain_name': 'Default', 'user_id': '101f357cd8ba4c698b1639ae4e1ff9b2', 'system': None}, Network: None, Subnet: None, Router: None
2025-05-14 13:51:06.913 69703 INFO tempest.lib.common.rest_client [req-fb2e85de-d665-4857-a0ee-9df89594e53b req-fb2e85de-d665-4857-a0ee-9df89594e53b ] Request (ServersAdmin275Test:test_rebuild_update_server_275): 200 GET http://10.180.1.21/compute/v2.1/servers/6bf9dffb-0c6c-4e8d-83e2-145fadb99b5d 2.927s
2025-05-14 13:51:06.924 69703 INFO tempest.common.waiters [-] State transition "BUILD/block_device_mapping" ==> "BUILD/spawning" after 10 second wait
2025-05-14 13:51:06.956 69725 INFO tempest.lib.common.rest_client [req-13be6913-6511-4dbc-8e6c-bae7a99fcbd4 req-13be6913-6511-4dbc-8e6c-bae7a99fcbd4 ] Request (HypervisorAdminV253TestBase:test_list_show_detail_hypervisors): 200 GET http://10.180.1.21/compute/v2.1/os-hypervisors?with_servers=True 2.458s
2025-05-14 13:51:06.969 69681 INFO tempest.lib.common.rest_client [req-41f0753d-0dc2-42e1-8c31-8f459c5a2c87 req-41f0753d-0dc2-42e1-8c31-8f459c5a2c87 ] Request (ServersTestFqdnHostnames:setUpClass): 201 POST http://10.180.1.21/identity/v3/users 0.113s
2025-05-14 13:51:07.030 69737 INFO tempest.lib.common.rest_client [req-a1a0f5f9-610f-48e7-9ed7-079242641e26 req-a1a0f5f9-610f-48e7-9ed7-079242641e26 ] Request (ListImagesTestJSON:setUpClass): 204 PUT http://10.180.1.21/identity/v3/projects/eaa451df9c134e92ac7479d32227b854/users/d94bc7905c1644eea039ee356b8273bc/roles/10b2039d70ba4ce4915dc36c3fca073e 0.186s
2025-05-14 13:51:07.031 69737 INFO tempest.lib.common.dynamic_creds [-] Dynamic test user d94bc7905c1644eea039ee356b8273bc is created with scope project and roles: ['member']
2025-05-14 13:51:07.031 69737 INFO tempest.lib.common.dynamic_creds [-] Acquired dynamic creds: credentials: Credentials: {'domain_id': 'default', 'domain_name': 'Default', 'username': 'tempest-ListImagesTestJSON-1385045949-project-member', 'project_domain_id': 'default', 'project_domain_name': 'Default', 'project_id': 'eaa451df9c134e92ac7479d32227b854', 'project_name': 'tempest-ListImagesTestJSON-1385045949', 'tenant_id': 'eaa451df9c134e92ac7479d32227b854', 'tenant_name': 'tempest-ListImagesTestJSON-1385045949', 'user_domain_id': 'default', 'user_domain_name': 'Default', 'user_id': 'd94bc7905c1644eea039ee356b8273bc', 'system': None}, Network: None, Subnet: None, Router: None
2025-05-14 13:51:07.031 69737 INFO tempest.lib.common.dynamic_creds [-] Created isolated network resources for: credentials: Credentials: {'domain_id': 'default', 'domain_name': 'Default', 'username': 'tempest-ListImagesTestJSON-1385045949-project-member', 'project_domain_id': 'default', 'project_domain_name': 'Default', 'project_id': 'eaa451df9c134e92ac7479d32227b854', 'project_name': 'tempest-ListImagesTestJSON-1385045949', 'tenant_id': 'eaa451df9c134e92ac7479d32227b854', 'tenant_name': 'tempest-ListImagesTestJSON-1385045949', 'user_domain_id': 'default', 'user_domain_name': 'Default', 'user_id': 'd94bc7905c1644eea039ee356b8273bc', 'system': None}, Network: None, Subnet: None, Router: None
2025-05-14 13:51:07.067 69707 INFO tempest.lib.common.rest_client [req-323b3a49-30ff-4a93-99ef-0b23764caae3 req-323b3a49-30ff-4a93-99ef-0b23764caae3 ] Request (AZAdminNegativeTestJSON:tearDownClass): 200 GET http://10.180.1.21:9696/networking/v2.0/security-groups?tenant_id=a91b04cfb437481bae2b2609a85aeae3&name=default 0.485s
2025-05-14 13:51:07.084 69731 INFO tempest.lib.common.rest_client [req-3d917665-94fe-49e5-9747-60f5ccbf45d8 req-3d917665-94fe-49e5-9747-60f5ccbf45d8 ] Request (ServerDiagnosticsNegativeTest:setUpClass): 201 POST http://10.180.1.21/identity/v3/auth/tokens 0.211s
2025-05-14 13:51:07.142 69711 INFO tempest.lib.common.rest_client [req-0f8cd2e2-39f4-4254-9b93-a3b9f9417fdd req-0f8cd2e2-39f4-4254-9b93-a3b9f9417fdd ] Request (SecurityGroupsNegativeTestJSON:setUpClass): 201 POST http://10.180.1.21:9696/networking/v2.0/networks 1.038s
2025-05-14 13:51:07.179 69681 INFO tempest.lib.common.rest_client [req-c54f351d-333c-440b-a4f2-f14e77e3a579 req-c54f351d-333c-440b-a4f2-f14e77e3a579 ] Request (ServersTestFqdnHostnames:setUpClass): 200 GET http://10.180.1.21/identity/v3/roles 0.210s
2025-05-14 13:51:07.274 69731 INFO tempest.lib.common.rest_client [req-c45ee13f-d1b4-4152-b678-61a9331dcbe2 req-c45ee13f-d1b4-4152-b678-61a9331dcbe2 ] Request (ServerDiagnosticsNegativeTest:test_get_server_diagnostics_by_non_admin): 201 POST http://10.180.1.21/identity/v3/auth/tokens 0.183s
2025-05-14 13:51:07.274 69731 INFO tempest.lib.common.fixed_network [-] (ServerDiagnosticsNegativeTest:test_get_server_diagnostics_by_non_admin) Found network None available for tenant
2025-05-14 13:51:07.301 69737 INFO tempest.lib.common.rest_client [req-c619d396-13bc-4198-9e6b-ac346ae09e49 req-c619d396-13bc-4198-9e6b-ac346ae09e49 ] Request (ListImagesTestJSON:setUpClass): 201 POST http://10.180.1.21/identity/v3/auth/tokens 0.267s
2025-05-14 13:51:07.322 69681 INFO tempest.lib.common.rest_client [req-c5fc91bb-f6f0-43a9-a973-345348e4730c req-c5fc91bb-f6f0-43a9-a973-345348e4730c ] Request (ServersTestFqdnHostnames:setUpClass): 204 PUT http://10.180.1.21/identity/v3/projects/eb4912e6ee3f4fb3b8c7a1baec5890e7/users/a408406aaeff49fdab23ffb9a6a1b538/roles/10b2039d70ba4ce4915dc36c3fca073e 0.142s
2025-05-14 13:51:07.322 69681 INFO tempest.lib.common.dynamic_creds [-] Dynamic test user a408406aaeff49fdab23ffb9a6a1b538 is created with scope project and roles: ['member']
