2025-05-14 11:21:12.403 69536 INFO tempest.lib.common.dynamic_creds [-] Acquired dynamic creds: credentials: Credentials: {'domain_id': 'default', 'domain_name': 'Default', 'username': 'tempest-ServersAdminTestJSON-2143393640-project-member', 'project_domain_id': 'default', 'project_domain_name': 'Default', 'project_id': '2e96bf13d903403dbe7dbe134263eeb7', 'project_name': 'tempest-ServersAdminTestJSON-2143393640', 'tenant_id': '2e96bf13d903403dbe7dbe134263eeb7', 'tenant_name': 'tempest-ServersAdminTestJSON-2143393640', 'user_domain_id': 'default', 'user_domain_name': 'Default', 'user_id': '26366db576ad4e70a196291d5a2ba336', 'system': None}, Network: None, Subnet: None, Router: None
2025-05-14 11:21:12.433 69570 INFO tempest.lib.common.rest_client [req-912ed962-8723-4b8f-a0d8-cd501e29ba6a req-912ed962-8723-4b8f-a0d8-cd501e29ba6a ] Request (DeleteServersAdminTestJSON:test_delete_server_while_in_error_state): 200 GET http://10.180.1.21/compute/v2.1/servers/0545ab25-1b1b-4de6-bab9-0c9bac9a91fa 0.765s
2025-05-14 11:21:12.433 69526 INFO tempest.lib.common.rest_client [req-280b182b-3215-488a-ba2b-c72cf2d8a672 req-280b182b-3215-488a-ba2b-c72cf2d8a672 ] Request (ServerDiskConfigTestJSON:test_rebuild_server_with_manual_disk_config): 200 GET http://10.180.1.21/compute/v2.1/servers/5ff5aba4-ccde-404b-bd87-717006e1b362 0.659s
2025-05-14 11:21:12.489 69576 WARNING tempest.lib.common.ssh [-] Failed to establish authenticated ssh connection to cirros@10.180.180.180 ([Errno None] Unable to connect to port 22 on 10.180.180.180). Number attempts: 3. Retry after 4 seconds.: paramiko.ssh_exception.NoValidConnectionsError: [Errno None] Unable to connect to port 22 on 10.180.180.180
2025-05-14 11:21:12.491 69554 INFO tempest.lib.common.rest_client [req-893f6ff1-c8c3-4b1c-b450-36977c018aab req-893f6ff1-c8c3-4b1c-b450-36977c018aab ] Request (MigrationsAdminTest:test_resize_server_revert_deleted_flavor): 200 GET http://10.180.1.21/compute/v2.1/servers/17e9b47b-1f79-4b53-93a0-b9258d846e97 0.584s
2025-05-14 11:21:12.495 69536 INFO tempest.lib.common.rest_client [req-fcd349fe-1de0-4ec0-8c95-88832c4fc9bb req-fcd349fe-1de0-4ec0-8c95-88832c4fc9bb ] Request (ServersAdminTestJSON:setUpClass): 201 POST http://10.180.1.21/identity/v3/auth/tokens 0.091s
2025-05-14 11:21:12.558 69530 INFO tempest.lib.common.rest_client [req-e090f96a-6250-45bd-8247-cb0936b687fe req-e090f96a-6250-45bd-8247-cb0936b687fe ] Request (AttachInterfacesV270Test:tearDownClass): 204 DELETE http://10.180.1.21/identity/v3/users/4c8ee781066d46628d824e4c2114fd3f 0.198s
2025-05-14 11:21:12.558 69530 INFO tempest.lib.common.dynamic_creds [-] Deleting project and security group for project: 0cd18a2f4f3c4708ad30ba74145ad926
2025-05-14 11:21:12.570 69558 INFO tempest.lib.common.rest_client [req-cbbc8d5b-54be-458f-bec5-9f64bd63ae4d req-cbbc8d5b-54be-458f-bec5-9f64bd63ae4d ] Request (ServerGroupTestJSON:test_create_server_with_scheduler_hint_group): 200 GET http://10.180.1.21/compute/v2.1/servers/ab6db5cd-6631-420e-b822-199107ecbeb2 0.765s
2025-05-14 11:21:12.580 69558 INFO tempest.common.waiters [-] State transition "BUILD/spawning" ==> "ACTIVE/None" after 55 second wait
2025-05-14 11:21:12.600 69530 INFO tempest.lib.common.rest_client [req-46b2ec57-0e3e-4475-9ee7-309682205293 req-46b2ec57-0e3e-4475-9ee7-309682205293 ] Request (AttachInterfacesV270Test:tearDownClass): 200 GET http://10.180.1.21:9696/networking/v2.0/security-groups?tenant_id=0cd18a2f4f3c4708ad30ba74145ad926&name=default 0.042s
2025-05-14 11:21:12.709 69574 INFO tempest.lib.common.rest_client [req-62b41345-8b87-496e-8470-a57ccf9c1765 req-62b41345-8b87-496e-8470-a57ccf9c1765 ] Request (ServersTestBootFromVolume:setUpClass): 200 GET http://10.180.1.21/compute/v2.1/servers/b4ad9083-f525-471e-94cc-0f888acc8d6c 0.598s
2025-05-14 11:21:12.717 69574 INFO tempest.common.waiters [-] State transition "BUILD/spawning" ==> "ACTIVE/None" after 58 second wait
2025-05-14 11:21:12.722 69568 INFO tempest.lib.common.rest_client [req-d2627a21-e9af-41b0-bf96-20361c10eb48 req-d2627a21-e9af-41b0-bf96-20361c10eb48 ] Request (VolumesAssistedSnapshotsTest:test_volume_assisted_snapshot_create_delete): 200 POST http://10.180.1.21/compute/v2.1/os-assisted-volume-snapshots 0.806s
2025-05-14 11:21:12.744 69530 INFO tempest.lib.common.rest_client [req-8e84db71-b115-48ea-ae04-488a172c3b17 req-8e84db71-b115-48ea-ae04-488a172c3b17 ] Request (AttachInterfacesV270Test:tearDownClass): 204 DELETE http://10.180.1.21:9696/networking/v2.0/security-groups/9863f261-b349-427a-acad-78b2e3cc35a0 0.143s
2025-05-14 11:21:12.804 69567 INFO tempest.lib.common.rest_client [req-02158c00-1fd7-4e23-b540-329ea50fa1e4 req-02158c00-1fd7-4e23-b540-329ea50fa1e4 ] Request (DeleteServersTestJSON:setUpClass): 201 POST http://10.180.1.21:9696/networking/v2.0/routers 1.071s
2025-05-14 11:21:12.889 69534 INFO tempest.lib.common.rest_client [req-4a2bafb8-a080-4bbf-a8ff-a2c280043ada req-4a2bafb8-a080-4bbf-a8ff-a2c280043ada ] Request (ServerDiagnosticsNegativeTest:tearDownClass): 200 GET http://10.180.1.21/compute/v2.1/servers/e6f173d6-ddef-4073-9874-536a01b4db6c 0.679s
2025-05-14 11:21:12.941 69528 INFO tempest.lib.common.rest_client [req-d67e03d7-ae94-4d82-ada7-125f7b2eb6ba req-d67e03d7-ae94-4d82-ada7-125f7b2eb6ba ] Request (QuotaClassesAdmin257Test:test_update_default_quotas): 200 PUT http://10.180.1.21/compute/v2.1/os-quota-class-sets/default 0.723s
2025-05-14 11:21:12.942 69530 INFO tempest.lib.common.rest_client [req-508f7e34-2369-4f3f-89bb-baf29d75a7d0 req-508f7e34-2369-4f3f-89bb-baf29d75a7d0 ] Request (AttachInterfacesV270Test:tearDownClass): 204 DELETE http://10.180.1.21/identity/v3/projects/0cd18a2f4f3c4708ad30ba74145ad926 0.197s
2025-05-14 11:21:12.968 69538 INFO tempest.lib.common.rest_client [req-b03f2cc9-ecf7-4fee-bb8f-c14c8e3bf61d req-b03f2cc9-ecf7-4fee-bb8f-c14c8e3bf61d ] Request (ImagesOneServerNegativeTestJSON:setUpClass): 200 GET http://10.180.1.21/compute/v2.1/servers/23f2f0e9-4f56-4ef6-bbdb-d6c47ae77f73 0.721s
2025-05-14 11:21:13.029 69524 INFO tempest.lib.common.rest_client [req-751f5c3b-8b87-4a37-9bce-d83ed8722cfa req-751f5c3b-8b87-4a37-9bce-d83ed8722cfa ] Request (ServerAddressesNegativeTestJSON:setUpClass): 200 GET http://10.180.1.21/compute/v2.1/servers/d0c05bb8-9367-4c45-bda5-3134f26dc8a9 0.741s
2025-05-14 11:21:13.057 69530 INFO tempest.lib.common.rest_client [req-8e5e4626-4d85-4a9b-bd4c-b85bf4bcd724 req-8e5e4626-4d85-4a9b-bd4c-b85bf4bcd724 ] Request (ServerActionsTestJSON:setUpClass): 201 POST http://10.180.1.21/identity/v3/auth/tokens 0.113s
2025-05-14 11:21:13.087 69580 INFO tempest.lib.common.rest_client [req-e148b853-da23-4f06-9e36-5833e9ed0ddd req-e148b853-da23-4f06-9e36-5833e9ed0ddd ] Request (AttachInterfacesTestJSON:test_create_list_show_delete_interfaces_by_fixed_ip): 200 GET http://10.180.1.21/compute/v2.1/servers/f9e5a98f-f995-44e1-b204-ff950ad68d22/os-interface/54facc54-7f1a-4936-b27d-6fcd40a2e5a1 0.764s
2025-05-14 11:21:13.097 69530 INFO tempest.lib.common.rest_client [req-8893eab8-a18e-4d7c-a218-3bbc10fef2b8 req-8893eab8-a18e-4d7c-a218-3bbc10fef2b8 ] Request (ServerActionsTestJSON:setUpClass): 201 POST http://10.180.1.21/identity/v3/auth/tokens 0.036s
2025-05-14 11:21:13.124 69540 INFO tempest.lib.common.rest_client [req-f71a383f-dbbb-4b49-acd7-e0dd74a1ee5d req-f71a383f-dbbb-4b49-acd7-e0dd74a1ee5d ] Request (ServerTagsTestJSON:tearDownClass): 200 GET http://10.180.1.21/compute/v2.1/servers/b087c3c9-77b1-4534-a0d6-f0c669420227 0.787s
2025-05-14 11:21:13.132 69530 INFO tempest.lib.common.rest_client [req-8d52658c-ff2b-410a-a046-0baff06b4c84 req-8d52658c-ff2b-410a-a046-0baff06b4c84 ] Request (ServerActionsTestJSON:setUpClass): 200 GET http://10.180.1.21/identity/v3/domains?name=Default 0.035s
2025-05-14 11:21:13.174 69522 INFO tempest.lib.common.rest_client [req-b396d260-9755-4fb5-accf-dbbfdcc083c1 req-b396d260-9755-4fb5-accf-dbbfdcc083c1 ] Request (ServersTestManualDisk:setUpClass): 200 GET http://10.180.1.21/compute/v2.1/servers/5ea8eb9a-e4d7-47c4-aabb-da32f030f589 0.798s
2025-05-14 11:21:13.183 69530 INFO tempest.lib.common.rest_client [req-6f416861-fa78-4648-a7c7-7e2b395ec5f1 req-6f416861-fa78-4648-a7c7-7e2b395ec5f1 ] Request (ServerActionsTestJSON:setUpClass): 201 POST http://10.180.1.21/identity/v3/projects 0.050s
2025-05-14 11:21:13.200 69536 INFO tempest.lib.common.rest_client [req-4ec1cbd6-a2c7-4528-a10b-82aaee0166d0 req-4ec1cbd6-a2c7-4528-a10b-82aaee0166d0 ] Request (ServersAdminTestJSON:setUpClass): 201 POST http://10.180.1.21:9696/networking/v2.0/networks 0.704s
2025-05-14 11:21:13.228 69532 INFO tempest.lib.common.rest_client [req-4627e042-0b4e-4f8b-9716-47dfd6a7770d req-4627e042-0b4e-4f8b-9716-47dfd6a7770d ] Request (ServersListShow298Test:test_list_show_update_rebuild_server_298): 200 GET http://10.180.1.21/compute/v2.1/servers/35fad621-9dd6-46af-9899-0e7a2a24e9ad 0.771s
2025-05-14 11:21:13.269 69578 INFO tempest.lib.common.rest_client [req-d3f279c2-4274-40ef-a973-e5fd4524cf36 req-d3f279c2-4274-40ef-a973-e5fd4524cf36 ] Request (ServersTestMultiNic:test_verify_duplicate_network_nics): 200 GET http://10.180.1.21/compute/v2.1/servers/0f31eea7-52f4-4daf-bec4-74de2ff02b86 0.740s
2025-05-14 11:21:13.270 69530 INFO tempest.lib.common.rest_client [req-c7491c5e-e193-47a0-9019-706996014a02 req-c7491c5e-e193-47a0-9019-706996014a02 ] Request (ServerActionsTestJSON:setUpClass): 201 POST http://10.180.1.21/identity/v3/users 0.086s
2025-05-14 11:21:13.275 69558 INFO tempest.lib.common.rest_client [req-c0771482-a410-4aa3-9272-965f45ea4fc8 req-c0771482-a410-4aa3-9272-965f45ea4fc8 ] Request (ServerGroupTestJSON:test_create_server_with_scheduler_hint_group): 200 GET http://10.180.1.21/compute/v2.1/os-server-groups/042ff423-cbb9-49da-9417-ecb58a4f6fe4 0.691s
2025-05-14 11:21:13.288 69542 INFO tempest.lib.common.rest_client [req-dd356842-8150-4fbe-9bc3-366a23f5f312 req-dd356842-8150-4fbe-9bc3-366a23f5f312 ] Request (ServerRescueNegativeTestJSON:test_rescued_vm_attach_volume): 200 GET http://10.180.1.21/volume/v3/volumes/a9b462ca-1603-4336-a568-c6490b14e1ac 0.045s
2025-05-14 11:21:13.297 69530 INFO tempest.lib.common.rest_client [req-2cf97157-9c79-4e4a-affa-c94e05782439 req-2cf97157-9c79-4e4a-affa-c94e05782439 ] Request (ServerActionsTestJSON:setUpClass): 200 GET http://10.180.1.21/identity/v3/roles 0.026s
2025-05-14 11:21:13.299 69542 INFO tempest.common.waiters [-] volume a9b462ca-1603-4336-a568-c6490b14e1ac reached available after waiting for 1.299917 seconds
2025-05-14 11:21:13.307 69568 INFO tempest.lib.common.rest_client [req-d2e7f6b2-6426-415f-a6f3-4f95bcba92e1 req-d2e7f6b2-6426-415f-a6f3-4f95bcba92e1 ] Request (VolumesAssistedSnapshotsTest:test_volume_assisted_snapshot_create_delete): 204 DELETE http://10.180.1.21/compute/v2.1/os-assisted-volume-snapshots/None?delete_info=%7B%22volume_id%22%3A+%22d9e6215e-2f85-4977-81fa-e5e1be6eb875%22%7D 0.584s
2025-05-14 11:21:13.336 69530 INFO tempest.lib.common.rest_client [req-8e88179d-2f4a-40f9-8c0d-d2e1f26b2cd5 req-8e88179d-2f4a-40f9-8c0d-d2e1f26b2cd5 ] Request (ServerActionsTestJSON:setUpClass): 204 PUT http://10.180.1.21/identity/v3/projects/ea27c2fbed6c406b958e526d1a36416d/users/2b20a75059f74960b9d6cbf596be8a27/roles/dbe078d05ff74ac3836de225a5dc409e 0.038s
2025-05-14 11:21:13.336 69530 INFO tempest.lib.common.dynamic_creds [-] Dynamic test user 2b20a75059f74960b9d6cbf596be8a27 is created with scope project and roles: ['member']
2025-05-14 11:21:13.336 69530 INFO tempest.lib.common.dynamic_creds [-] Acquired dynamic creds: credentials: Credentials: {'domain_id': 'default', 'domain_name': 'Default', 'username': 'tempest-ServerActionsTestJSON-973196373-project-member', 'project_domain_id': 'default', 'project_domain_name': 'Default', 'project_id': 'ea27c2fbed6c406b958e526d1a36416d', 'project_name': 'tempest-ServerActionsTestJSON-973196373', 'tenant_id': 'ea27c2fbed6c406b958e526d1a36416d', 'tenant_name': 'tempest-ServerActionsTestJSON-973196373', 'user_domain_id': 'default', 'user_domain_name': 'Default', 'user_id': '2b20a75059f74960b9d6cbf596be8a27', 'system': None}, Network: None, Subnet: None, Router: None
2025-05-14 11:21:13.360 69568 INFO tempest.lib.common.rest_client [req-1389a849-f435-4143-92b2-a1b16c24c065 req-1389a849-f435-4143-92b2-a1b16c24c065 ] Request (VolumesAssistedSnapshotsTest:_run_cleanups): 200 GET http://10.180.1.21/volume/v3/volumes/d9e6215e-2f85-4977-81fa-e5e1be6eb875 0.052s
2025-05-14 11:21:13.384 69544 WARNING tempest.lib.common.ssh [-] Failed to establish authenticated ssh connection to cirros@10.180.180.228 ([Errno None] Unable to connect to port 22 on 10.180.180.228). Number attempts: 8. Retry after 9 seconds.: paramiko.ssh_exception.NoValidConnectionsError: [Errno None] Unable to connect to port 22 on 10.180.180.228
2025-05-14 11:21:13.409 69574 INFO tempest.lib.common.rest_client [req-e21102e4-9c28-41c9-8277-d13acd3c4bb9 req-e21102e4-9c28-41c9-8277-d13acd3c4bb9 ] Request (ServersTestBootFromVolume:setUpClass): 200 GET http://10.180.1.21/compute/v2.1/servers/b4ad9083-f525-471e-94cc-0f888acc8d6c/os-interface 0.690s
2025-05-14 11:21:13.409 69530 INFO tempest.lib.common.rest_client [req-9d3b008b-5351-4678-862c-bbf13c1433dd req-9d3b008b-5351-4678-862c-bbf13c1433dd ] Request (ServerActionsTestJSON:setUpClass): 201 POST http://10.180.1.21/identity/v3/auth/tokens 0.072s
2025-05-14 11:21:13.428 69528 INFO tempest.lib.common.rest_client [req-3a79cb3f-bacb-4384-b90e-0050e600a258 req-3a79cb3f-bacb-4384-b90e-0050e600a258 ] Request (QuotaClassesAdmin257Test:test_update_default_quotas): 200 GET http://10.180.1.21/compute/v2.1/os-quota-class-sets/default 0.484s
2025-05-14 11:21:13.623 69536 INFO tempest.lib.common.rest_client [req-142bb71c-76a3-419f-8bea-a38f0e8ab070 req-142bb71c-76a3-419f-8bea-a38f0e8ab070 ] Request (ServersAdminTestJSON:setUpClass): 201 POST http://10.180.1.21:9696/networking/v2.0/subnets 0.422s
2025-05-14 11:21:13.846 69530 INFO tempest.lib.common.rest_client [req-aa0099bd-a337-4457-a861-87b4c00c22e9 req-aa0099bd-a337-4457-a861-87b4c00c22e9 ] Request (ServerActionsTestJSON:setUpClass): 201 POST http://10.180.1.21:9696/networking/v2.0/networks 0.437s
2025-05-14 11:21:13.855 69518 INFO tempest.lib.common.rest_client [req-a68979e7-933e-4952-9ca5-8e45a125c4d7 req-a68979e7-933e-4952-9ca5-8e45a125c4d7 ] Request (TenantUsagesTestJSON:tearDownClass): 200 GET http://10.180.1.21/compute/v2.1/servers/a26f3479-bdce-4304-85b5-a152a01e8e18 1.045s
2025-05-14 11:21:13.977 69520 INFO tempest.lib.common.rest_client [req-e7b46715-1100-4a61-9942-ab5fce9ef667 req-e7b46715-1100-4a61-9942-ab5fce9ef667 ] Request (ImagesTestJSON:test_create_image_from_stopped_server): 200 GET http://10.180.1.21/compute/v2.1/servers/852b6ac9-90c7-4b98-a443-993274dcaa55 0.966s
2025-05-14 11:21:13.983 69562 INFO tempest.lib.common.rest_client [req-ba4094e1-073e-4c16-9ea7-0c3b686a073f req-ba4094e1-073e-4c16-9ea7-0c3b686a073f ] Request (FloatingIPsAssociationTestJSON:tearDownClass): 200 GET http://10.180.1.21/compute/v2.1/servers/78d8fda0-154d-4522-9536-a53205b767b5 0.940s
2025-05-14 11:21:13.985 69520 INFO tempest.common.waiters [-] State transition "BUILD/spawning" ==> "ACTIVE/None" after 52 second wait
2025-05-14 11:21:14.043 69580 INFO tempest.lib.common.rest_client [req-7efc0573-dc81-4cd8-bce1-249a930e4429 req-7efc0573-dc81-4cd8-bce1-249a930e4429 ] Request (AttachInterfacesTestJSON:test_create_list_show_delete_interfaces_by_fixed_ip): 202 DELETE http://10.180.1.21/compute/v2.1/servers/f9e5a98f-f995-44e1-b204-ff950ad68d22/os-interface/c834f9ad-b258-48c4-8c83-2fd75e2e7a2b 0.953s
2025-05-14 11:21:14.081 69552 INFO tempest.lib.common.rest_client [req-6d3337fe-9102-44d4-8be4-6b0c69e10b18 req-6d3337fe-9102-44d4-8be4-6b0c69e10b18 ] Request (ServersAdminNegativeTestJSON:setUpClass): 200 GET http://10.180.1.21/compute/v2.1/servers/3d7dced2-cc90-4c32-b559-cbf4fe9e85e9 0.990s
2025-05-14 11:21:14.083 69548 INFO tempest.lib.common.rest_client [req-88e7c149-70e6-47e7-93d9-37a113b1bb07 req-88e7c149-70e6-47e7-93d9-37a113b1bb07 ] Request (ImagesOneServerTestJSON:test_create_image_specify_multibyte_character_image_name): 200 GET http://10.180.1.21/compute/v2.1/images/7ad7bcbd-092f-4498-ad6f-3c0bb60de22d 0.945s
2025-05-14 11:21:14.088 69552 INFO tempest.common.waiters [-] State transition "BUILD/None" ==> "BUILD/spawning" after 45 second wait
2025-05-14 11:21:14.131 69572 INFO tempest.lib.common.rest_client [req-aea8a31d-00cf-48fd-9f03-45bf6f776ed8 req-aea8a31d-00cf-48fd-9f03-45bf6f776ed8 ] Request (ListImageFiltersTestJSON:setUpClass): 200 GET http://10.180.1.21/compute/v2.1/images/280c956a-9f88-4b24-ad3e-85465d256df3 0.934s
2025-05-14 11:21:14.132 69530 INFO tempest.lib.common.rest_client [req-75ca38a4-86e6-493e-a14e-aaa431d7e156 req-75ca38a4-86e6-493e-a14e-aaa431d7e156 ] Request (ServerActionsTestJSON:setUpClass): 201 POST http://10.180.1.21:9696/networking/v2.0/subnets 0.285s
2025-05-14 11:21:14.199 69558 INFO tempest.lib.common.rest_client [req-dc5b9b4a-7270-4ec8-a6eb-3d2ddebc2516 req-dc5b9b4a-7270-4ec8-a6eb-3d2ddebc2516 ] Request (ServerGroupTestJSON:_run_cleanups): 204 DELETE http://10.180.1.21/compute/v2.1/servers/ab6db5cd-6631-420e-b822-199107ecbeb2 0.922s
2025-05-14 11:21:14.255 69542 INFO tempest.lib.common.rest_client [req-40adcad2-eafb-4287-8b35-bc99df46f985 req-40adcad2-eafb-4287-8b35-bc99df46f985 ] Request (ServerRescueNegativeTestJSON:test_rescued_vm_attach_volume): 200 POST http://10.180.1.21/compute/v2.1/servers/089dfd42-473d-4b6c-9037-064299a91856/action 0.955s
2025-05-14 11:21:14.320 69550 INFO tempest.lib.common.rest_client [req-f3ec53cb-f033-473e-bcb7-841035d2b2bb req-f3ec53cb-f033-473e-bcb7-841035d2b2bb ] Request (ServersNegativeTestMultiTenantJSON:tearDownClass): 200 GET http://10.180.1.21/compute/v2.1/servers/b917fe0d-6fb1-43bf-8d95-7e4ff9bbf11b 0.984s
2025-05-14 11:21:14.371 69528 INFO tempest.lib.common.rest_client [req-0fe03dae-c922-4b59-933e-f85c770b9497 req-0fe03dae-c922-4b59-933e-f85c770b9497 ] Request (QuotaClassesAdmin257Test:_run_cleanups): 200 PUT http://10.180.1.21/compute/v2.1/os-quota-class-sets/default 0.940s
2025-05-14 11:21:14.461 69526 INFO tempest.lib.common.rest_client [req-157b11df-5293-45a1-ad88-788fb27e179f req-157b11df-5293-45a1-ad88-788fb27e179f ] Request (ServerDiskConfigTestJSON:test_rebuild_server_with_manual_disk_config): 200 GET http://10.180.1.21/compute/v2.1/servers/5ff5aba4-ccde-404b-bd87-717006e1b362 1.016s
2025-05-14 11:21:14.462 69568 INFO tempest.lib.common.rest_client [req-836f74ff-4961-45d5-a311-9f6293f9b3a1 req-836f74ff-4961-45d5-a311-9f6293f9b3a1 ] Request (VolumesAssistedSnapshotsTest:_run_cleanups): 202 DELETE http://10.180.1.21/compute/v2.1/servers/0f53bec7-17c9-4c77-87d4-01437280768e/os-volume_attachments/d9e6215e-2f85-4977-81fa-e5e1be6eb875 1.090s
2025-05-14 11:21:14.514 69528 INFO tempest.lib.common.rest_client [req-a0c10a76-5916-4a11-8086-d9d638101cde req-a0c10a76-5916-4a11-8086-d9d638101cde ] Request (QuotaClassesAdmin257Test:tearDownClass): 204 DELETE http://10.180.1.21/identity/v3/users/c96afcbbab6f49898012caf4ff5ee5bb 0.136s
2025-05-14 11:21:14.572 69554 INFO tempest.lib.common.rest_client [req-1c625c8d-7d1f-4b46-a19a-3c421a391f36 req-1c625c8d-7d1f-4b46-a19a-3c421a391f36 ] Request (MigrationsAdminTest:test_resize_server_revert_deleted_flavor): 200 GET http://10.180.1.21/compute/v2.1/servers/17e9b47b-1f79-4b53-93a0-b9258d846e97 1.074s
2025-05-14 11:21:14.574 69570 INFO tempest.lib.common.rest_client [req-cd9b7b13-5d50-45ee-a73a-67e0043578dc req-cd9b7b13-5d50-45ee-a73a-67e0043578dc ] Request (DeleteServersAdminTestJSON:test_delete_server_while_in_error_state): 200 GET http://10.180.1.21/compute/v2.1/servers/0545ab25-1b1b-4de6-bab9-0c9bac9a91fa 1.126s
2025-05-14 11:21:14.584 69554 INFO tempest.common.waiters [-] State transition "BUILD/scheduling" ==> "BUILD/None" after 2 second wait
2025-05-14 11:21:14.639 69528 INFO tempest.lib.common.rest_client [req-bcc98482-6f01-4ff0-b24c-e3b15f1a45c1 req-bcc98482-6f01-4ff0-b24c-e3b15f1a45c1 ] Request (QuotaClassesAdmin257Test:tearDownClass): 204 DELETE http://10.180.1.21/identity/v3/users/d5e2dc2b2db540f6bef26f9b463019a6 0.124s
2025-05-14 11:21:14.639 69528 INFO tempest.lib.common.dynamic_creds [-] Deleting project and security group for project: 689a5f13e8574d95b53bf4a09891cd7e
2025-05-14 11:21:14.671 69534 INFO tempest.lib.common.rest_client [req-4506f3cb-fa0b-4a81-a7cd-ef7c41a36a6a req-4506f3cb-fa0b-4a81-a7cd-ef7c41a36a6a ] Request (ServerDiagnosticsNegativeTest:tearDownClass): 200 GET http://10.180.1.21/compute/v2.1/servers/e6f173d6-ddef-4073-9874-536a01b4db6c 0.768s
2025-05-14 11:21:14.691 69538 INFO tempest.lib.common.rest_client [req-0d8db286-88dd-4a32-b55d-8e010dc93f38 req-0d8db286-88dd-4a32-b55d-8e010dc93f38 ] Request (ImagesOneServerNegativeTestJSON:setUpClass): 200 GET http://10.180.1.21/compute/v2.1/servers/23f2f0e9-4f56-4ef6-bbdb-d6c47ae77f73 0.711s
2025-05-14 11:21:14.738 69528 INFO tempest.lib.common.rest_client [req-d1c7b23f-e751-4c93-a73d-482e5351e70f req-d1c7b23f-e751-4c93-a73d-482e5351e70f ] Request (QuotaClassesAdmin257Test:tearDownClass): 201 POST http://10.180.1.21/identity/v3/auth/tokens 0.099s
2025-05-14 11:21:14.750 69520 INFO tempest.lib.common.rest_client [req-8c0d83f0-0645-4806-8369-2c0610ba0949 req-8c0d83f0-0645-4806-8369-2c0610ba0949 ] Request (ImagesTestJSON:test_create_image_from_stopped_server): 202 POST http://10.180.1.21/compute/v2.1/servers/852b6ac9-90c7-4b98-a443-993274dcaa55/action 0.765s
2025-05-14 11:21:14.785 69580 INFO tempest.lib.common.rest_client [req-2a2d1dc5-ba19-4946-93ca-e0b851117642 req-2a2d1dc5-ba19-4946-93ca-e0b851117642 ] Request (AttachInterfacesTestJSON:test_create_list_show_delete_interfaces_by_fixed_ip): 200 GET http://10.180.1.21/compute/v2.1/servers/f9e5a98f-f995-44e1-b204-ff950ad68d22/os-interface 0.741s
2025-05-14 11:21:14.837 69524 INFO tempest.lib.common.rest_client [req-d1afcce0-f04e-4262-8a72-3bf1fd97f477 req-d1afcce0-f04e-4262-8a72-3bf1fd97f477 ] Request (ServerAddressesNegativeTestJSON:setUpClass): 200 GET http://10.180.1.21/compute/v2.1/servers/d0c05bb8-9367-4c45-bda5-3134f26dc8a9 0.794s
2025-05-14 11:21:14.875 69540 INFO tempest.lib.common.rest_client [req-b12c7e0b-4e9b-47f6-841d-116aee8ea951 req-b12c7e0b-4e9b-47f6-841d-116aee8ea951 ] Request (ServerTagsTestJSON:tearDownClass): 200 GET http://10.180.1.21/compute/v2.1/servers/b087c3c9-77b1-4534-a0d6-f0c669420227 0.733s
2025-05-14 11:21:14.906 69522 INFO tempest.lib.common.rest_client [req-7a999068-f2df-43a3-9ba3-5e49fed3b6c5 req-7a999068-f2df-43a3-9ba3-5e49fed3b6c5 ] Request (ServersTestManualDisk:setUpClass): 200 GET http://10.180.1.21/compute/v2.1/servers/5ea8eb9a-e4d7-47c4-aabb-da32f030f589 0.720s
2025-05-14 11:21:15.028 69532 INFO tempest.lib.common.rest_client [req-4365984e-ad24-45d4-bddd-b2286719350e req-4365984e-ad24-45d4-bddd-b2286719350e ] Request (ServersListShow298Test:test_list_show_update_rebuild_server_298): 200 GET http://10.180.1.21/compute/v2.1/servers/35fad621-9dd6-46af-9899-0e7a2a24e9ad 0.787s
2025-05-14 11:21:15.119 69558 INFO tempest.lib.common.rest_client [req-46a24670-d5cd-4219-940e-01cb32f5c90d req-46a24670-d5cd-4219-940e-01cb32f5c90d ] Request (ServerGroupTestJSON:_run_cleanups): 200 GET http://10.180.1.21/compute/v2.1/servers/ab6db5cd-6631-420e-b822-199107ecbeb2 0.919s
2025-05-14 11:21:15.226 69560 WARNING tempest.lib.common.ssh [-] Failed to establish authenticated ssh connection to cirros@10.180.180.160 ([Errno None] Unable to connect to port 22 on 10.180.180.160). Number attempts: 3. Retry after 4 seconds.: paramiko.ssh_exception.NoValidConnectionsError: [Errno None] Unable to connect to port 22 on 10.180.180.160
2025-05-14 11:21:15.232 69578 INFO tempest.lib.common.rest_client [req-580c3889-e6f5-4bf8-90b2-11a153f1ebe5 req-580c3889-e6f5-4bf8-90b2-11a153f1ebe5 ] Request (ServersTestMultiNic:test_verify_duplicate_network_nics): 200 GET http://10.180.1.21/compute/v2.1/servers/0f31eea7-52f4-4daf-bec4-74de2ff02b86 0.944s
2025-05-14 11:21:15.288 69568 INFO tempest.lib.common.rest_client [req-11931b11-6b93-4ddf-96db-091300c8035a req-11931b11-6b93-4ddf-96db-091300c8035a ] Request (VolumesAssistedSnapshotsTest:_run_cleanups): 200 GET http://10.180.1.21/compute/v2.1/servers/0f53bec7-17c9-4c77-87d4-01437280768e/os-volume_attachments 0.825s
2025-05-14 11:21:15.300 69574 INFO tempest.lib.common.rest_client [req-9930f766-152c-497a-a63a-f9619eabb0fe req-9930f766-152c-497a-a63a-f9619eabb0fe ] Request (ServersTestBootFromVolume:setUpClass): 200 PUT http://10.180.1.21:9696/networking/v2.0/floatingips/688ddd0d-44b9-48d4-a7b2-093e386acaab 1.889s
2025-05-14 11:21:15.323 69536 INFO tempest.lib.common.rest_client [req-d82a4c6d-9c82-4310-a51b-a471b115c816 req-d82a4c6d-9c82-4310-a51b-a471b115c816 ] Request (ServersAdminTestJSON:setUpClass): 201 POST http://10.180.1.21:9696/networking/v2.0/routers 1.699s
2025-05-14 11:21:15.361 69528 INFO tempest.lib.common.rest_client [req-b80146b2-6a4d-49ca-91bd-b21bd49f2f91 req-b80146b2-6a4d-49ca-91bd-b21bd49f2f91 ] Request (QuotaClassesAdmin257Test:tearDownClass): 200 GET http://10.180.1.21:9696/networking/v2.0/security-groups?tenant_id=689a5f13e8574d95b53bf4a09891cd7e&name=default 0.622s
2025-05-14 11:21:15.448 69542 INFO tempest.lib.common.rest_client [req-7786bd61-92ad-4672-8508-d655b1bce390 req-7786bd61-92ad-4672-8508-d655b1bce390 ] Request (ServerRescueNegativeTestJSON:test_rescued_vm_attach_volume): 200 GET http://10.180.1.21/compute/v2.1/servers/089dfd42-473d-4b6c-9037-064299a91856 1.192s
2025-05-14 11:21:15.572 69518 INFO tempest.lib.common.rest_client [req-364b8283-98fe-4754-aaa1-43913ceb8b0f req-364b8283-98fe-4754-aaa1-43913ceb8b0f ] Request (TenantUsagesTestJSON:tearDownClass): 200 GET http://10.180.1.21/compute/v2.1/servers/a26f3479-bdce-4304-85b5-a152a01e8e18 0.705s
2025-05-14 11:21:15.579 69518 INFO tempest.common.waiters [-] State transition "ACTIVE/deleting" ==> "DELETED/None" after 4 second wait
2025-05-14 11:21:15.608 69528 INFO tempest.lib.common.rest_client [req-ce62449e-06aa-42b4-8b3f-f41896911e63 req-ce62449e-06aa-42b4-8b3f-f41896911e63 ] Request (QuotaClassesAdmin257Test:tearDownClass): 204 DELETE http://10.180.1.21:9696/networking/v2.0/security-groups/c7fa3930-47dd-420c-9746-eb99c402b62b 0.247s
2025-05-14 11:21:15.660 69562 INFO tempest.lib.common.rest_client [req-38ab01b5-9dbb-4494-8cc7-5df7eb1a862e req-38ab01b5-9dbb-4494-8cc7-5df7eb1a862e ] Request (FloatingIPsAssociationTestJSON:tearDownClass): 200 GET http://10.180.1.21/compute/v2.1/servers/78d8fda0-154d-4522-9536-a53205b767b5 0.668s
2025-05-14 11:21:15.682 69520 INFO tempest.lib.common.rest_client [req-7a940b4d-9a8f-4532-b454-99ed6ab43998 req-7a940b4d-9a8f-4532-b454-99ed6ab43998 ] Request (ImagesTestJSON:test_create_image_from_stopped_server): 200 GET http://10.180.1.21/compute/v2.1/servers/852b6ac9-90c7-4b98-a443-993274dcaa55 0.932s
2025-05-14 11:21:15.720 69528 INFO tempest.lib.common.rest_client [req-d3ae46ae-560b-4050-b26d-82422db59b0e req-d3ae46ae-560b-4050-b26d-82422db59b0e ] Request (QuotaClassesAdmin257Test:tearDownClass): 204 DELETE http://10.180.1.21/identity/v3/projects/689a5f13e8574d95b53bf4a09891cd7e 0.111s
2025-05-14 11:21:15.720 69528 INFO tempest.lib.common.dynamic_creds [-] Deleting project and security group for project: b2bb42e6488b44099c500f7dbdfe96c8
2025-05-14 11:21:15.726 69548 INFO tempest.lib.common.rest_client [req-cc6fdb37-61ec-4dd9-9547-5dc0385e4f71 req-cc6fdb37-61ec-4dd9-9547-5dc0385e4f71 ] Request (ImagesOneServerTestJSON:test_create_image_specify_multibyte_character_image_name): 200 GET http://10.180.1.21/compute/v2.1/images/7ad7bcbd-092f-4498-ad6f-3c0bb60de22d 0.638s
2025-05-14 11:21:15.781 69572 INFO tempest.lib.common.rest_client [req-6dde0307-2ed4-4ac2-87a9-dbd3a37cb637 req-6dde0307-2ed4-4ac2-87a9-dbd3a37cb637 ] Request (ListImageFiltersTestJSON:setUpClass): 200 GET http://10.180.1.21/compute/v2.1/images/280c956a-9f88-4b24-ad3e-85465d256df3 0.643s
2025-05-14 11:21:15.929 69530 INFO tempest.lib.common.rest_client [req-e08abf19-b73f-4d66-8c67-74f391e9be9f req-e08abf19-b73f-4d66-8c67-74f391e9be9f ] Request (ServerActionsTestJSON:setUpClass): 201 POST http://10.180.1.21:9696/networking/v2.0/routers 1.795s
2025-05-14 11:21:15.944 69552 INFO tempest.lib.common.rest_client [req-db00ae92-18f6-471d-bde3-fe40326b0222 req-db00ae92-18f6-471d-bde3-fe40326b0222 ] Request (ServersAdminNegativeTestJSON:setUpClass): 200 GET http://10.180.1.21/compute/v2.1/servers/3d7dced2-cc90-4c32-b559-cbf4fe9e85e9 0.855s
2025-05-14 11:21:16.031 69550 INFO tempest.lib.common.rest_client [req-e1cec70c-165a-4758-8d73-df2e6d7a510c req-e1cec70c-165a-4758-8d73-df2e6d7a510c ] Request (ServersNegativeTestMultiTenantJSON:tearDownClass): 200 GET http://10.180.1.21/compute/v2.1/servers/b917fe0d-6fb1-43bf-8d95-7e4ff9bbf11b 0.696s
2025-05-14 11:21:16.070 69574 INFO tempest.lib.common.rest_client [req-33f39d43-f13b-4a41-a203-a62ac9d0fa5b req-33f39d43-f13b-4a41-a203-a62ac9d0fa5b ] Request (ServersTestBootFromVolume:setUpClass): 200 GET http://10.180.1.21/compute/v2.1/servers/b4ad9083-f525-471e-94cc-0f888acc8d6c 0.770s
2025-05-14 11:21:16.082 69574 INFO tempest.lib.common.ssh [-] Creating ssh connection to '10.180.180.240:22' as 'cirros' with public key authentication
2025-05-14 11:21:16.111 69567 INFO tempest.lib.common.rest_client [req-758dc0b1-3880-4851-892a-5ca60318fda9 req-758dc0b1-3880-4851-892a-5ca60318fda9 ] Request (DeleteServersTestJSON:setUpClass): 200 PUT http://10.180.1.21:9696/networking/v2.0/routers/86aa753e-b8cd-46c9-a57d-626167d2d555/add_router_interface 3.307s
2025-05-14 11:21:16.112 69567 INFO tempest.lib.common.dynamic_creds [-] Created isolated network resources for: credentials: Credentials: {'domain_id': 'default', 'domain_name': 'Default', 'username': 'tempest-DeleteServersTestJSON-830271628-project-member', 'project_domain_id': 'default', 'project_domain_name': 'Default', 'project_id': '97f1d9bc976d43eb8d39008acbdf6c95', 'project_name': 'tempest-DeleteServersTestJSON-830271628', 'tenant_id': '97f1d9bc976d43eb8d39008acbdf6c95', 'tenant_name': 'tempest-DeleteServersTestJSON-830271628', 'user_domain_id': 'default', 'user_domain_name': 'Default', 'user_id': 'ae68b17b45b94aeeb14a0f31dbda289a', 'system': None}, Network: {'id': 'd346f88c-2205-44db-a2bf-d30f44609a28', 'name': 'tempest-DeleteServersTestJSON-1354400252-network', 'tenant_id': '97f1d9bc976d43eb8d39008acbdf6c95', 'admin_state_up': True, 'mtu': 8950, 'status': 'ACTIVE', 'subnets': [], 'shared': False, 'project_id': '97f1d9bc976d43eb8d39008acbdf6c95', 'port_security_enabled': True, 'router:external': False, 'provider:network_type': 'vlan', 'provider:physical_network': 'default', 'provider:segmentation_id': 279, 'availability_zone_hints': [], 'availability_zones': [], 'ipv4_address_scope': None, 'ipv6_address_scope': None, 'description': '', 'tags': [], 'created_at': '2025-05-14T11:21:11Z', 'updated_at': '2025-05-14T11:21:11Z', 'revision_number': 1}, Subnet: {'id': '663ca36a-8140-41b4-98b7-3b378072e0bb', 'name': 'tempest-DeleteServersTestJSON-1354400252-subnet', 'tenant_id': '97f1d9bc976d43eb8d39008acbdf6c95', 'network_id': 'd346f88c-2205-44db-a2bf-d30f44609a28', 'ip_version': 4, 'subnetpool_id': None, 'enable_dhcp': True, 'ipv6_ra_mode': None, 'ipv6_address_mode': None, 'gateway_ip': '192.168.128.1', 'cidr': '192.168.128.0/28', 'allocation_pools': [{'start': '192.168.128.2', 'end': '192.168.128.14'}], 'host_routes': [], 'dns_nameservers': [], 'description': '', 'router:external': False, 'service_types': [], 'tags': [], 'created_at': '2025-05-14T11:21:11Z', 'updated_at': '2025-05-14T11:21:11Z', 'revision_number': 0, 'project_id': '97f1d9bc976d43eb8d39008acbdf6c95'}, Router: {'id': '86aa753e-b8cd-46c9-a57d-626167d2d555', 'name': 'tempest-DeleteServersTestJSON-1354400252-router', 'tenant_id': '97f1d9bc976d43eb8d39008acbdf6c95', 'admin_state_up': True, 'status': 'ACTIVE', 'external_gateway_info': {'network_id': 'a16a3a52-9cc4-4796-8f9c-f6f9025d8d22', 'external_fixed_ips': [{'subnet_id': 'd95ed1eb-29ce-4e41-b267-fed6060dfae6', 'ip_address': '10.180.180.173'}], 'enable_snat': True}, 'description': '', 'availability_zones': [], 'distributed': False, 'ha': False, 'availability_zone_hints': [], 'routes': [], 'flavor_id': None, 'tags': [], 'created_at': '2025-05-14T11:21:11Z', 'updated_at': '2025-05-14T11:21:12Z', 'revision_number': 2, 'project_id': '97f1d9bc976d43eb8d39008acbdf6c95'}
2025-05-14 11:21:16.129 69526 INFO tempest.lib.common.rest_client [req-220033a3-c39e-4d18-a923-e7000ebb0e47 req-220033a3-c39e-4d18-a923-e7000ebb0e47 ] Request (ServerDiskConfigTestJSON:test_rebuild_server_with_manual_disk_config): 200 GET http://10.180.1.21/compute/v2.1/servers/5ff5aba4-ccde-404b-bd87-717006e1b362 0.655s
2025-05-14 11:21:16.150 69528 INFO tempest.lib.common.rest_client [req-7ab1f822-b35b-4293-8207-ee0aff16e1eb req-7ab1f822-b35b-4293-8207-ee0aff16e1eb ] Request (QuotaClassesAdmin257Test:tearDownClass): 200 GET http://10.180.1.21:9696/networking/v2.0/security-groups?tenant_id=b2bb42e6488b44099c500f7dbdfe96c8&name=default 0.429s
2025-05-14 11:21:16.169 69570 INFO tempest.lib.common.rest_client [req-4796b067-59a2-4cc3-836a-f32787433c53 req-4796b067-59a2-4cc3-836a-f32787433c53 ] Request (DeleteServersAdminTestJSON:test_delete_server_while_in_error_state): 200 GET http://10.180.1.21/compute/v2.1/servers/0545ab25-1b1b-4de6-bab9-0c9bac9a91fa 0.582s
2025-05-14 11:21:16.224 69554 INFO tempest.lib.common.rest_client [req-ff7046d9-80a7-46f9-a3d3-cc4983746e10 req-ff7046d9-80a7-46f9-a3d3-cc4983746e10 ] Request (MigrationsAdminTest:test_resize_server_revert_deleted_flavor): 200 GET http://10.180.1.21/compute/v2.1/servers/17e9b47b-1f79-4b53-93a0-b9258d846e97 0.638s
2025-05-14 11:21:16.257 69567 INFO tempest.lib.common.rest_client [req-b616ec07-6fd9-4d63-b03e-cb54823244e3 req-b616ec07-6fd9-4d63-b03e-cb54823244e3 ] Request (DeleteServersTestJSON:setUpClass): 201 POST http://10.180.1.21/identity/v3/auth/tokens 0.140s
2025-05-14 11:21:16.300 69567 INFO tempest.lib.common.rest_client [req-47af3654-4028-4f39-8197-0680b6a508d1 req-47af3654-4028-4f39-8197-0680b6a508d1 ] Request (DeleteServersTestJSON:test_delete_active_server): 201 POST http://10.180.1.21/identity/v3/auth/tokens 0.039s
2025-05-14 11:21:16.301 69567 INFO tempest.lib.common.fixed_network [-] (DeleteServersTestJSON:test_delete_active_server) Found network {'id': 'd346f88c-2205-44db-a2bf-d30f44609a28', 'name': 'tempest-DeleteServersTestJSON-1354400252-network', 'tenant_id': '97f1d9bc976d43eb8d39008acbdf6c95', 'admin_state_up': True, 'mtu': 8950, 'status': 'ACTIVE', 'subnets': [], 'shared': False, 'project_id': '97f1d9bc976d43eb8d39008acbdf6c95', 'port_security_enabled': True, 'router:external': False, 'provider:network_type': 'vlan', 'provider:physical_network': 'default', 'provider:segmentation_id': 279, 'availability_zone_hints': [], 'availability_zones': [], 'ipv4_address_scope': None, 'ipv6_address_scope': None, 'description': '', 'tags': [], 'created_at': '2025-05-14T11:21:11Z', 'updated_at': '2025-05-14T11:21:11Z', 'revision_number': 1} available for tenant
2025-05-14 11:21:16.325 69538 INFO tempest.lib.common.rest_client [req-ed9a5e4d-f7cd-4f3b-8276-7a269ed63242 req-ed9a5e4d-f7cd-4f3b-8276-7a269ed63242 ] Request (ImagesOneServerNegativeTestJSON:setUpClass): 200 GET http://10.180.1.21/compute/v2.1/servers/23f2f0e9-4f56-4ef6-bbdb-d6c47ae77f73 0.617s
2025-05-14 11:21:16.328 69534 INFO tempest.lib.common.rest_client [req-764e6d6f-d282-42cd-baac-ba33e43722be req-764e6d6f-d282-42cd-baac-ba33e43722be ] Request (ServerDiagnosticsNegativeTest:tearDownClass): 200 GET http://10.180.1.21/compute/v2.1/servers/e6f173d6-ddef-4073-9874-536a01b4db6c 0.643s
2025-05-14 11:21:16.341 69528 INFO tempest.lib.common.rest_client [req-7915cfd8-5f90-4051-b52f-c6eb1b254029 req-7915cfd8-5f90-4051-b52f-c6eb1b254029 ] Request (QuotaClassesAdmin257Test:tearDownClass): 204 DELETE http://10.180.1.21:9696/networking/v2.0/security-groups/3bd415f8-fa0a-46da-9dd2-dcfca7468fdc 0.190s
2025-05-14 11:21:16.374 69548 INFO tempest.lib.common.rest_client [req-4f42da95-1b39-4378-840c-55719bf00744 req-4f42da95-1b39-4378-840c-55719bf00744 ] Request (ImagesOneServerTestJSON:test_create_image_specify_multibyte_character_image_name): 200 GET http://10.180.1.21/compute/v2.1/images/7ad7bcbd-092f-4498-ad6f-3c0bb60de22d 0.639s
2025-05-14 11:21:16.461 69524 INFO tempest.lib.common.rest_client [req-871ce374-f987-4d4e-b856-b26db2335702 req-871ce374-f987-4d4e-b856-b26db2335702 ] Request (ServerAddressesNegativeTestJSON:setUpClass): 200 GET http://10.180.1.21/compute/v2.1/servers/d0c05bb8-9367-4c45-bda5-3134f26dc8a9 0.614s
2025-05-14 11:21:16.492 69528 INFO tempest.lib.common.rest_client [req-6ccea097-db59-4fe5-8134-94dc946a9d2d req-6ccea097-db59-4fe5-8134-94dc946a9d2d ] Request (QuotaClassesAdmin257Test:tearDownClass): 204 DELETE http://10.180.1.21/identity/v3/projects/b2bb42e6488b44099c500f7dbdfe96c8 0.150s
2025-05-14 11:21:16.555 69580 INFO tempest.lib.common.rest_client [req-140a7691-6395-4bf4-85c1-99b690a80741 req-140a7691-6395-4bf4-85c1-99b690a80741 ] Request (AttachInterfacesTestJSON:test_create_list_show_delete_interfaces_by_fixed_ip): 200 GET http://10.180.1.21/compute/v2.1/servers/f9e5a98f-f995-44e1-b204-ff950ad68d22/os-interface 0.768s
2025-05-14 11:21:16.570 69528 INFO tempest.lib.common.rest_client [req-a3e7ac66-2951-4dfb-918c-bb6fd7ad538f req-a3e7ac66-2951-4dfb-918c-bb6fd7ad538f ] Request (SecurityGroupsTestJSON:setUpClass): 201 POST http://10.180.1.21/identity/v3/auth/tokens 0.076s
2025-05-14 11:21:16.574 69540 INFO tempest.lib.common.rest_client [req-f02856f9-5e2c-499d-98c2-931b0047897f req-f02856f9-5e2c-499d-98c2-931b0047897f ] Request (ServerTagsTestJSON:tearDownClass): 200 GET http://10.180.1.21/compute/v2.1/servers/b087c3c9-77b1-4534-a0d6-f0c669420227 0.686s
2025-05-14 11:21:16.611 69528 INFO tempest.lib.common.rest_client [req-02522187-ed82-4006-832d-6d0902d07656 req-02522187-ed82-4006-832d-6d0902d07656 ] Request (SecurityGroupsTestJSON:setUpClass): 201 POST http://10.180.1.21/identity/v3/auth/tokens 0.035s
2025-05-14 11:21:16.638 69528 INFO tempest.lib.common.rest_client [req-013d847a-2fa7-4c5f-8200-a5a90f6ec0d1 req-013d847a-2fa7-4c5f-8200-a5a90f6ec0d1 ] Request (SecurityGroupsTestJSON:setUpClass): 200 GET http://10.180.1.21/identity/v3/domains?name=Default 0.026s
2025-05-14 11:21:16.666 69528 INFO tempest.lib.common.rest_client [req-7686aa3a-6968-4963-a33e-2fdee677076a req-7686aa3a-6968-4963-a33e-2fdee677076a ] Request (SecurityGroupsTestJSON:setUpClass): 201 POST http://10.180.1.21/identity/v3/projects 0.028s
2025-05-14 11:21:16.724 69528 INFO tempest.lib.common.rest_client [req-28346f63-9c79-48a6-8e25-5925c9d917fd req-28346f63-9c79-48a6-8e25-5925c9d917fd ] Request (SecurityGroupsTestJSON:setUpClass): 201 POST http://10.180.1.21/identity/v3/users 0.057s
2025-05-14 11:21:16.753 69528 INFO tempest.lib.common.rest_client [req-35d3995c-6eea-4c4e-ba0f-e01510956232 req-35d3995c-6eea-4c4e-ba0f-e01510956232 ] Request (SecurityGroupsTestJSON:setUpClass): 200 GET http://10.180.1.21/identity/v3/roles 0.028s
2025-05-14 11:21:16.792 69528 INFO tempest.lib.common.rest_client [req-cb5e23ec-7c0c-4441-ab36-be7aaf2f33ca req-cb5e23ec-7c0c-4441-ab36-be7aaf2f33ca ] Request (SecurityGroupsTestJSON:setUpClass): 204 PUT http://10.180.1.21/identity/v3/projects/3bc097a85e81435a9afa6e063d0b4764/users/d84fc527fd824acebbb043c7cc0145cd/roles/dbe078d05ff74ac3836de225a5dc409e 0.038s
2025-05-14 11:21:16.792 69528 INFO tempest.lib.common.dynamic_creds [-] Dynamic test user d84fc527fd824acebbb043c7cc0145cd is created with scope project and roles: ['member']
2025-05-14 11:21:16.793 69528 INFO tempest.lib.common.dynamic_creds [-] Acquired dynamic creds: credentials: Credentials: {'domain_id': 'default', 'domain_name': 'Default', 'username': 'tempest-SecurityGroupsTestJSON-1763653160-project-member', 'project_domain_id': 'default', 'project_domain_name': 'Default', 'project_id': '3bc097a85e81435a9afa6e063d0b4764', 'project_name': 'tempest-SecurityGroupsTestJSON-1763653160', 'tenant_id': '3bc097a85e81435a9afa6e063d0b4764', 'tenant_name': 'tempest-SecurityGroupsTestJSON-1763653160', 'user_domain_id': 'default', 'user_domain_name': 'Default', 'user_id': 'd84fc527fd824acebbb043c7cc0145cd', 'system': None}, Network: None, Subnet: None, Router: None
2025-05-14 11:21:16.880 69528 INFO tempest.lib.common.rest_client [req-8abe9101-e7cd-4bed-9f62-ab7838f2a8f2 req-8abe9101-e7cd-4bed-9f62-ab7838f2a8f2 ] Request (SecurityGroupsTestJSON:setUpClass): 201 POST http://10.180.1.21/identity/v3/auth/tokens 0.087s
2025-05-14 11:21:17.061 69522 INFO tempest.lib.common.rest_client [req-2586296b-193a-46cb-88ce-ef44367e1d2d req-2586296b-193a-46cb-88ce-ef44367e1d2d ] Request (ServersTestManualDisk:setUpClass): 200 GET http://10.180.1.21/compute/v2.1/servers/5ea8eb9a-e4d7-47c4-aabb-da32f030f589 1.142s
2025-05-14 11:21:17.074 69532 INFO tempest.lib.common.rest_client [req-eba5d909-0eff-4d6e-b16c-2857b2e50f23 req-eba5d909-0eff-4d6e-b16c-2857b2e50f23 ] Request (ServersListShow298Test:test_list_show_update_rebuild_server_298): 200 GET http://10.180.1.21/compute/v2.1/servers/35fad621-9dd6-46af-9899-0e7a2a24e9ad 1.034s
2025-05-14 11:21:17.088 69532 INFO tempest.common.waiters [-] State transition "BUILD/None" ==> "BUILD/networking" after 36 second wait
2025-05-14 11:21:17.203 69578 INFO tempest.lib.common.rest_client [req-17541ae2-9d5c-4b38-aab7-117f7745407d req-17541ae2-9d5c-4b38-aab7-117f7745407d ] Request (ServersTestMultiNic:test_verify_duplicate_network_nics): 200 GET http://10.180.1.21/compute/v2.1/servers/0f31eea7-52f4-4daf-bec4-74de2ff02b86 0.957s
2025-05-14 11:21:17.204 69558 INFO tempest.lib.common.rest_client [req-ac1b3aa6-1975-4f66-a117-8d4c9b3f9c9e req-ac1b3aa6-1975-4f66-a117-8d4c9b3f9c9e ] Request (ServerGroupTestJSON:_run_cleanups): 200 GET http://10.180.1.21/compute/v2.1/servers/ab6db5cd-6631-420e-b822-199107ecbeb2 1.064s
2025-05-14 11:21:17.261 69568 INFO tempest.lib.common.rest_client [req-b9726861-2e1e-4b54-97e9-f1463cc48c72 req-b9726861-2e1e-4b54-97e9-f1463cc48c72 ] Request (VolumesAssistedSnapshotsTest:_run_cleanups): 200 GET http://10.180.1.21/compute/v2.1/servers/0f53bec7-17c9-4c77-87d4-01437280768e/os-volume_attachments 0.969s
2025-05-14 11:21:17.539 69528 INFO tempest.lib.common.rest_client [req-dde0aa1d-fff2-4e59-9065-0e6813a67535 req-dde0aa1d-fff2-4e59-9065-0e6813a67535 ] Request (SecurityGroupsTestJSON:setUpClass): 201 POST http://10.180.1.21:9696/networking/v2.0/networks 0.659s
2025-05-14 11:21:17.549 69548 INFO tempest.lib.common.rest_client [req-462ccce5-7983-45ad-8442-cab0d61a44a4 req-462ccce5-7983-45ad-8442-cab0d61a44a4 ] Request (ImagesOneServerTestJSON:test_create_image_specify_multibyte_character_image_name): 200 GET http://10.180.1.21/compute/v2.1/servers/ed0afb64-4bad-4309-88db-855477dadc8d 1.169s
2025-05-14 11:21:17.759 69542 INFO tempest.lib.common.rest_client [req-9e1bc449-55fb-488c-9b91-791a05c88856 req-9e1bc449-55fb-488c-9b91-791a05c88856 ] Request (ServerRescueNegativeTestJSON:test_rescued_vm_attach_volume): 200 GET http://10.180.1.21/compute/v2.1/servers/089dfd42-473d-4b6c-9037-064299a91856 1.297s
2025-05-14 11:21:17.835 69528 INFO tempest.lib.common.rest_client [req-246838c2-aa49-4933-a9bc-1336a98102d6 req-246838c2-aa49-4933-a9bc-1336a98102d6 ] Request (SecurityGroupsTestJSON:setUpClass): 201 POST http://10.180.1.21:9696/networking/v2.0/subnets 0.295s
2025-05-14 11:21:17.855 69518 INFO tempest.lib.common.rest_client [req-f3849194-7bbc-4042-9ede-073fc1f1f84a req-f3849194-7bbc-4042-9ede-073fc1f1f84a ] Request (TenantUsagesTestJSON:tearDownClass): 200 GET http://10.180.1.21/compute/v2.1/servers/a26f3479-bdce-4304-85b5-a152a01e8e18 1.275s
2025-05-14 11:21:17.912 69530 INFO tempest.lib.common.rest_client [req-256926a2-3b56-452b-bfc9-24bf4b21f457 req-256926a2-3b56-452b-bfc9-24bf4b21f457 ] Request (ServerActionsTestJSON:setUpClass): 200 PUT http://10.180.1.21:9696/networking/v2.0/routers/896114dd-331c-47f9-a13d-9a0803308831/add_router_interface 1.983s
2025-05-14 11:21:17.912 69530 INFO tempest.lib.common.dynamic_creds [-] Created isolated network resources for: credentials: Credentials: {'domain_id': 'default', 'domain_name': 'Default', 'username': 'tempest-ServerActionsTestJSON-973196373-project-member', 'project_domain_id': 'default', 'project_domain_name': 'Default', 'project_id': 'ea27c2fbed6c406b958e526d1a36416d', 'project_name': 'tempest-ServerActionsTestJSON-973196373', 'tenant_id': 'ea27c2fbed6c406b958e526d1a36416d', 'tenant_name': 'tempest-ServerActionsTestJSON-973196373', 'user_domain_id': 'default', 'user_domain_name': 'Default', 'user_id': '2b20a75059f74960b9d6cbf596be8a27', 'system': None}, Network: {'id': 'f3db0689-25a0-427e-b967-02884d9ee239', 'name': 'tempest-ServerActionsTestJSON-1364784888-network', 'tenant_id': 'ea27c2fbed6c406b958e526d1a36416d', 'admin_state_up': True, 'mtu': 8950, 'status': 'ACTIVE', 'subnets': [], 'shared': False, 'project_id': 'ea27c2fbed6c406b958e526d1a36416d', 'port_security_enabled': True, 'router:external': False, 'provider:network_type': 'vlan', 'provider:physical_network': 'default', 'provider:segmentation_id': 892, 'availability_zone_hints': [], 'availability_zones': [], 'ipv4_address_scope': None, 'ipv6_address_scope': None, 'description': '', 'tags': [], 'created_at': '2025-05-14T11:21:13Z', 'updated_at': '2025-05-14T11:21:13Z', 'revision_number': 1}, Subnet: {'id': 'ab24a310-c235-45a7-9ab6-b77f189efcc6', 'name': 'tempest-ServerActionsTestJSON-1364784888-subnet', 'tenant_id': 'ea27c2fbed6c406b958e526d1a36416d', 'network_id': 'f3db0689-25a0-427e-b967-02884d9ee239', 'ip_version': 4, 'subnetpool_id': None, 'enable_dhcp': True, 'ipv6_ra_mode': None, 'ipv6_address_mode': None, 'gateway_ip': '192.168.128.1', 'cidr': '192.168.128.0/28', 'allocation_pools': [{'start': '192.168.128.2', 'end': '192.168.128.14'}], 'host_routes': [], 'dns_nameservers': [], 'description': '', 'router:external': False, 'service_types': [], 'tags': [], 'created_at': '2025-05-14T11:21:13Z', 'updated_at': '2025-05-14T11:21:13Z', 'revision_number': 0, 'project_id': 'ea27c2fbed6c406b958e526d1a36416d'}, Router: {'id': '896114dd-331c-47f9-a13d-9a0803308831', 'name': 'tempest-ServerActionsTestJSON-1364784888-router', 'tenant_id': 'ea27c2fbed6c406b958e526d1a36416d', 'admin_state_up': True, 'status': 'ACTIVE', 'external_gateway_info': {'network_id': 'a16a3a52-9cc4-4796-8f9c-f6f9025d8d22', 'external_fixed_ips': [{'subnet_id': 'd95ed1eb-29ce-4e41-b267-fed6060dfae6', 'ip_address': '10.180.180.250'}], 'enable_snat': True}, 'description': '', 'availability_zones': [], 'distributed': False, 'ha': False, 'availability_zone_hints': [], 'routes': [], 'flavor_id': None, 'tags': [], 'created_at': '2025-05-14T11:21:14Z', 'updated_at': '2025-05-14T11:21:15Z', 'revision_number': 2, 'project_id': 'ea27c2fbed6c406b958e526d1a36416d'}
2025-05-14 11:21:17.969 69562 INFO tempest.lib.common.rest_client [req-fe51e242-0f78-45d3-bf5f-bb71180c43f7 req-fe51e242-0f78-45d3-bf5f-bb71180c43f7 ] Request (FloatingIPsAssociationTestJSON:tearDownClass): 200 GET http://10.180.1.21/compute/v2.1/servers/78d8fda0-154d-4522-9536-a53205b767b5 1.298s
2025-05-14 11:21:18.046 69530 INFO tempest.lib.common.rest_client [req-f2492b3c-0b80-43c7-bc58-5a0e309e16f3 req-f2492b3c-0b80-43c7-bc58-5a0e309e16f3 ] Request (ServerActionsTestJSON:setUpClass): 201 POST http://10.180.1.21/identity/v3/auth/tokens 0.129s
2025-05-14 11:21:18.057 69536 INFO tempest.lib.common.rest_client [req-34ad305f-3983-405c-8790-b89897ee2123 req-34ad305f-3983-405c-8790-b89897ee2123 ] Request (ServersAdminTestJSON:setUpClass): 200 PUT http://10.180.1.21:9696/networking/v2.0/routers/f99e8f7c-3bd3-4e8d-a855-e2ef7b99ab0f/add_router_interface 2.734s
