2025-05-14 11:20:00.461 69528 INFO tempest.lib.common.rest_client [req-68abe3cf-625a-4593-a716-c97aa638ba18 req-68abe3cf-625a-4593-a716-c97aa638ba18 ] Request (FlavorsAdminTestJSON:test_create_server_with_non_public_flavor): 400 POST http://10.180.1.21/compute/v2.1/servers 2.654s
2025-05-14 11:20:00.488 69534 INFO tempest.lib.common.rest_client [req-2809c6a4-09a0-4c16-b145-aed5a0c8924f req-2809c6a4-09a0-4c16-b145-aed5a0c8924f ] Request (ServerDiagnosticsNegativeTest:setUpClass): 200 GET http://10.180.1.21/identity/v3/roles 0.045s
2025-05-14 11:20:00.521 69534 INFO tempest.lib.common.rest_client [req-2cc2987e-23c2-41ec-9742-27de8793ef2d req-2cc2987e-23c2-41ec-9742-27de8793ef2d ] Request (ServerDiagnosticsNegativeTest:setUpClass): 204 PUT http://10.180.1.21/identity/v3/projects/5d40316fe43a43958fe23f56e9e0d0fc/users/f0efbea667314cbe90b46c68694dd46d/roles/2afcf9b0d9c442878439415351d1ac32 0.032s
2025-05-14 11:20:00.591 69534 INFO tempest.lib.common.rest_client [req-3ec45cf4-19dc-4c3a-9bae-37d92090beb8 req-3ec45cf4-19dc-4c3a-9bae-37d92090beb8 ] Request (ServerDiagnosticsNegativeTest:setUpClass): 200 GET http://10.180.1.21/identity/v3/roles 0.070s
2025-05-14 11:20:00.617 69534 INFO tempest.lib.common.rest_client [req-e617e399-4773-46a7-82a2-f43fe5cdfc6a req-e617e399-4773-46a7-82a2-f43fe5cdfc6a ] Request (ServerDiagnosticsNegativeTest:setUpClass): 204 PUT http://10.180.1.21/identity/v3/projects/5d40316fe43a43958fe23f56e9e0d0fc/users/f0efbea667314cbe90b46c68694dd46d/roles/2afcf9b0d9c442878439415351d1ac32 0.024s
2025-05-14 11:20:00.617 69534 INFO tempest.lib.common.dynamic_creds [-] Dynamic test user f0efbea667314cbe90b46c68694dd46d is created with scope project and roles: ['admin']
2025-05-14 11:20:00.617 69534 INFO tempest.lib.common.dynamic_creds [-] Acquired dynamic creds: credentials: Credentials: {'domain_id': 'default', 'domain_name': 'Default', 'username': 'tempest-ServerDiagnosticsNegativeTest-530440294-project-admin', 'project_domain_id': 'default', 'project_domain_name': 'Default', 'project_id': '5d40316fe43a43958fe23f56e9e0d0fc', 'project_name': 'tempest-ServerDiagnosticsNegativeTest-530440294', 'tenant_id': '5d40316fe43a43958fe23f56e9e0d0fc', 'tenant_name': 'tempest-ServerDiagnosticsNegativeTest-530440294', 'user_domain_id': 'default', 'user_domain_name': 'Default', 'user_id': 'f0efbea667314cbe90b46c68694dd46d', 'system': None}, Network: None, Subnet: None, Router: None
2025-05-14 11:20:00.617 69534 INFO tempest.lib.common.dynamic_creds [-] Created isolated network resources for: credentials: Credentials: {'domain_id': 'default', 'domain_name': 'Default', 'username': 'tempest-ServerDiagnosticsNegativeTest-530440294-project-admin', 'project_domain_id': 'default', 'project_domain_name': 'Default', 'project_id': '5d40316fe43a43958fe23f56e9e0d0fc', 'project_name': 'tempest-ServerDiagnosticsNegativeTest-530440294', 'tenant_id': '5d40316fe43a43958fe23f56e9e0d0fc', 'tenant_name': 'tempest-ServerDiagnosticsNegativeTest-530440294', 'user_domain_id': 'default', 'user_domain_name': 'Default', 'user_id': 'f0efbea667314cbe90b46c68694dd46d', 'system': None}, Network: None, Subnet: None, Router: None
2025-05-14 11:20:00.704 69534 INFO tempest.lib.common.rest_client [req-d505736e-8a6f-4ac3-b661-3c1fb516c022 req-d505736e-8a6f-4ac3-b661-3c1fb516c022 ] Request (ServerDiagnosticsNegativeTest:setUpClass): 201 POST http://10.180.1.21/identity/v3/auth/tokens 0.084s
2025-05-14 11:20:00.721 69524 INFO tempest.lib.common.rest_client [req-12cfb5ce-75f3-4000-872d-74fc420abdd3 req-12cfb5ce-75f3-4000-872d-74fc420abdd3 ] Request (SecurityGroupRulesTestJSON:test_security_group_rules_create_with_optional_cidr): 200 POST http://10.180.1.21/compute/v2.1/os-security-group-rules 2.950s
2025-05-14 11:20:00.791 69534 INFO tempest.lib.common.rest_client [req-91b8f141-7ae1-45d9-ad9b-c5457edb75f5 req-91b8f141-7ae1-45d9-ad9b-c5457edb75f5 ] Request (ServerDiagnosticsNegativeTest:test_get_server_diagnostics_by_non_admin): 201 POST http://10.180.1.21/identity/v3/auth/tokens 0.082s
2025-05-14 11:20:00.792 69534 INFO tempest.lib.common.fixed_network [-] (ServerDiagnosticsNegativeTest:test_get_server_diagnostics_by_non_admin) Found network None available for tenant
2025-05-14 11:20:00.810 69574 INFO tempest.lib.common.rest_client [req-c6e9c3cf-6f02-4665-87ed-b750538b4c05 req-c6e9c3cf-6f02-4665-87ed-b750538b4c05 ] Request (ServersTestBootFromVolume:setUpClass): 200 GET http://10.180.1.21/volume/v3/volumes/97f43986-5024-4fa5-b1a5-04c8eeacbd84 0.052s
2025-05-14 11:20:01.176 69570 INFO tempest.lib.common.rest_client [req-1e51bef1-b16b-430e-b1f3-1070e908a30c req-1e51bef1-b16b-430e-b1f3-1070e908a30c ] Request (DeleteServersAdminTestJSON:test_delete_server_while_in_error_state): 202 POST http://10.180.1.21/compute/v2.1/servers 2.787s
2025-05-14 11:20:01.201 69576 INFO tempest.lib.common.rest_client [req-93e4806b-d415-433c-a083-e31c19f0b891 req-93e4806b-d415-433c-a083-e31c19f0b891 ] Request (ValidationResourcesFixture:setUp): 201 POST http://10.180.1.21:9696/networking/v2.0/floatingips 0.932s
2025-05-14 11:20:01.313 69552 INFO tempest.lib.common.rest_client [req-86c42d0f-52e7-4dbb-ab17-168b5ab9792e req-86c42d0f-52e7-4dbb-ab17-168b5ab9792e ] Request (ServerDiagnosticsV248Test:tearDownClass): 200 GET http://10.180.1.21/compute/v2.1/servers/0c9e5fde-b283-4af2-9472-03f044e277a4 2.879s
2025-05-14 11:20:01.325 69576 INFO tempest.lib.common.rest_client [req-a87dbd67-220e-47d9-8059-65d5f88cce52 req-a87dbd67-220e-47d9-8059-65d5f88cce52 ] Request (AttachInterfacesUnderV243Test:test_add_remove_fixed_ip): 201 POST http://10.180.1.21/identity/v3/auth/tokens 0.117s
2025-05-14 11:20:01.326 69576 INFO tempest.lib.common.fixed_network [-] (AttachInterfacesUnderV243Test:test_add_remove_fixed_ip) Found network {'id': 'edbb084d-0ff7-4943-9f8e-d771eb67b686', 'name': 'tempest-AttachInterfacesUnderV243Test-613487030-network', 'tenant_id': 'a5b082fb41c5467bb522bf38e2797f94', 'admin_state_up': True, 'mtu': 8950, 'status': 'ACTIVE', 'subnets': [], 'shared': False, 'project_id': 'a5b082fb41c5467bb522bf38e2797f94', 'port_security_enabled': True, 'router:external': False, 'provider:network_type': 'vlan', 'provider:physical_network': 'default', 'provider:segmentation_id': 240, 'availability_zone_hints': [], 'availability_zones': [], 'ipv4_address_scope': None, 'ipv6_address_scope': None, 'description': '', 'tags': [], 'created_at': '2025-05-14T11:19:46Z', 'updated_at': '2025-05-14T11:19:46Z', 'revision_number': 1} available for tenant
2025-05-14 11:20:01.495 69572 INFO tempest.lib.common.rest_client [req-09211fbc-1be7-44bf-9e84-d7ce90811127 req-09211fbc-1be7-44bf-9e84-d7ce90811127 ] Request (ListImageFiltersTestJSON:setUpClass): 200 GET http://10.180.1.21/compute/v2.1/servers/0de81a48-7b01-49e0-be33-d05a9ef10ed8 3.034s
2025-05-14 11:20:01.512 69572 INFO tempest.common.waiters [-] State transition "BUILD/networking" ==> "BUILD/spawning" after 14 second wait
2025-05-14 11:20:01.643 69518 INFO tempest.lib.common.rest_client [req-52ef691d-cbfa-4058-850a-629dc3957122 req-52ef691d-cbfa-4058-850a-629dc3957122 ] Request (FlavorsAccessNegativeTestJSON:test_remove_flavor_access_not_found): 404 POST http://10.180.1.21/compute/v2.1/flavors/1523239437/action 3.053s
2025-05-14 11:20:01.739 69558 INFO tempest.lib.common.rest_client [req-340c397f-a546-420a-8ea2-eaf6a1c205cc req-340c397f-a546-420a-8ea2-eaf6a1c205cc ] Request (ServerGroupTestJSON:test_create_delete_server_group_with_affinity_policy): 200 POST http://10.180.1.21/compute/v2.1/os-server-groups 3.123s
2025-05-14 11:20:01.768 69564 INFO tempest.lib.common.rest_client [req-cb4197d3-80fa-4410-a02f-69f7e5c4b996 req-cb4197d3-80fa-4410-a02f-69f7e5c4b996 ] Request (AggregatesAdminNegativeTestJSON:test_aggregate_get_details_as_user): 200 POST http://10.180.1.21/compute/v2.1/os-aggregates 3.138s
2025-05-14 11:20:01.800 69520 INFO tempest.lib.common.rest_client [req-151b7ecd-0d37-4437-b825-d12a9bf2101a req-151b7ecd-0d37-4437-b825-d12a9bf2101a ] Request (ServicesAdminNegativeV253TestJSON:test_get_service_with_valid_service_and_invalid_host): 200 GET http://10.180.1.21/compute/v2.1/os-services?host=xxx&binary=nova-scheduler 3.069s
2025-05-14 11:20:01.858 69574 INFO tempest.lib.common.rest_client [req-561eb27d-8fa4-4185-8c0e-4b6706659574 req-561eb27d-8fa4-4185-8c0e-4b6706659574 ] Request (ServersTestBootFromVolume:setUpClass): 200 GET http://10.180.1.21/volume/v3/volumes/97f43986-5024-4fa5-b1a5-04c8eeacbd84 0.040s
2025-05-14 11:20:02.098 69567 INFO tempest.lib.common.rest_client [req-8f3e94cf-7b54-41ab-afaa-c8d753c8bf21 req-8f3e94cf-7b54-41ab-afaa-c8d753c8bf21 ] Request (FloatingIPsAssociationNegativeTestJSON:test_associate_ip_to_server_with_floating_ip): 200 POST http://10.180.1.21/compute/v2.1/os-floating-ips 3.896s
2025-05-14 11:20:02.133 69556 INFO tempest.lib.common.rest_client [req-49f5b3bf-9ddd-437c-826a-34c2646b6d73 req-49f5b3bf-9ddd-437c-826a-34c2646b6d73 ] Request (ServersTestJSON:setUpClass): 200 GET http://10.180.1.21/compute/v2.1/servers/a8b3f7de-560b-4b00-ab3b-19d6b7b60330 3.373s
2025-05-14 11:20:02.142 69556 INFO tempest.common.waiters [-] State transition "BUILD/spawning" ==> "ACTIVE/None" after 37 second wait
2025-05-14 11:20:02.267 69522 INFO tempest.lib.common.rest_client [req-bea83fc1-14fa-45d1-b174-ea53c9c4ed65 req-bea83fc1-14fa-45d1-b174-ea53c9c4ed65 ] Request (ServerExternalEventsTest:test_create_server_external_events): 200 POST http://10.180.1.21/compute/v2.1/os-server-external-events 3.478s
2025-05-14 11:20:02.353 69578 INFO tempest.lib.common.rest_client [req-e336a1e1-e1f0-4948-bd49-b20053f1b365 req-e336a1e1-e1f0-4948-bd49-b20053f1b365 ] Request (SecurityGroupRulesNegativeTestJSON:test_create_security_group_rule_duplicate): 200 POST http://10.180.1.21/compute/v2.1/os-security-group-rules 3.267s
2025-05-14 11:20:02.424 69548 INFO tempest.lib.common.rest_client [req-1742f4cb-7f34-4634-ab8c-742d7489782e req-1742f4cb-7f34-4634-ab8c-742d7489782e ] Request (ImagesOneServerTestJSON:setUpClass): 200 GET http://10.180.1.21/compute/v2.1/servers/ed0afb64-4bad-4309-88db-855477dadc8d 2.854s
2025-05-14 11:20:02.443 69554 INFO tempest.lib.common.rest_client [req-72173e49-23ad-4c48-ac56-1dcf861b8c12 req-72173e49-23ad-4c48-ac56-1dcf861b8c12 ] Request (MigrationsAdminTest:test_list_migrations_in_flavor_resize_situation): 200 GET http://10.180.1.21/compute/v2.1/servers/170cb828-e7a7-43fe-9dd8-80a676543da8 3.234s
2025-05-14 11:20:02.460 69550 INFO tempest.lib.common.rest_client [req-3d73ce2f-50a7-4535-91c0-96ec9c9ad7e6 req-3d73ce2f-50a7-4535-91c0-96ec9c9ad7e6 ] Request (ServersNegativeTestMultiTenantJSON:setUpClass): 200 PUT http://10.180.1.21:9696/networking/v2.0/routers/fa5a965f-1ba8-485b-8e98-9b7a163032ee/add_router_interface 2.015s
2025-05-14 11:20:02.460 69550 INFO tempest.lib.common.dynamic_creds [-] Created isolated network resources for: credentials: Credentials: {'domain_id': 'default', 'domain_name': 'Default', 'username': 'tempest-ServersNegativeTestMultiTenantJSON-2099473530-project-member', 'project_domain_id': 'default', 'project_domain_name': 'Default', 'project_id': '9661d93b93b4468987367ffffd9fdc9d', 'project_name': 'tempest-ServersNegativeTestMultiTenantJSON-2099473530', 'tenant_id': '9661d93b93b4468987367ffffd9fdc9d', 'tenant_name': 'tempest-ServersNegativeTestMultiTenantJSON-2099473530', 'user_domain_id': 'default', 'user_domain_name': 'Default', 'user_id': '3752b7a4e1ae4799a72acd5d0ac43c12', 'system': None}, Network: {'id': 'dfcbb060-275b-453a-93ee-35a1a40a5e05', 'name': 'tempest-ServersNegativeTestMultiTenantJSON-419512137-network', 'tenant_id': '9661d93b93b4468987367ffffd9fdc9d', 'admin_state_up': True, 'mtu': 8950, 'status': 'ACTIVE', 'subnets': [], 'shared': False, 'project_id': '9661d93b93b4468987367ffffd9fdc9d', 'port_security_enabled': True, 'router:external': False, 'provider:network_type': 'vlan', 'provider:physical_network': 'default', 'provider:segmentation_id': 980, 'availability_zone_hints': [], 'availability_zones': [], 'ipv4_address_scope': None, 'ipv6_address_scope': None, 'description': '', 'tags': [], 'created_at': '2025-05-14T11:19:57Z', 'updated_at': '2025-05-14T11:19:57Z', 'revision_number': 1}, Subnet: {'id': 'cf3518fd-78b4-4c7d-83a7-1d9b0e9dce0b', 'name': 'tempest-ServersNegativeTestMultiTenantJSON-419512137-subnet', 'tenant_id': '9661d93b93b4468987367ffffd9fdc9d', 'network_id': 'dfcbb060-275b-453a-93ee-35a1a40a5e05', 'ip_version': 4, 'subnetpool_id': None, 'enable_dhcp': True, 'ipv6_ra_mode': None, 'ipv6_address_mode': None, 'gateway_ip': '192.168.128.1', 'cidr': '192.168.128.0/28', 'allocation_pools': [{'start': '192.168.128.2', 'end': '192.168.128.14'}], 'host_routes': [], 'dns_nameservers': [], 'description': '', 'router:external': False, 'service_types': [], 'tags': [], 'created_at': '2025-05-14T11:19:57Z', 'updated_at': '2025-05-14T11:19:57Z', 'revision_number': 0, 'project_id': '9661d93b93b4468987367ffffd9fdc9d'}, Router: {'id': 'fa5a965f-1ba8-485b-8e98-9b7a163032ee', 'name': 'tempest-ServersNegativeTestMultiTenantJSON-419512137-router', 'tenant_id': '9661d93b93b4468987367ffffd9fdc9d', 'admin_state_up': True, 'status': 'ACTIVE', 'external_gateway_info': {'network_id': 'a16a3a52-9cc4-4796-8f9c-f6f9025d8d22', 'external_fixed_ips': [{'subnet_id': 'd95ed1eb-29ce-4e41-b267-fed6060dfae6', 'ip_address': '10.180.180.145'}], 'enable_snat': True}, 'description': '', 'availability_zones': [], 'distributed': False, 'ha': False, 'availability_zone_hints': [], 'routes': [], 'flavor_id': None, 'tags': [], 'created_at': '2025-05-14T11:19:58Z', 'updated_at': '2025-05-14T11:19:59Z', 'revision_number': 2, 'project_id': '9661d93b93b4468987367ffffd9fdc9d'}
2025-05-14 11:20:02.529 69536 INFO tempest.lib.common.rest_client [req-92d923e6-5eb9-4569-8237-c99f84b7af33 req-92d923e6-5eb9-4569-8237-c99f84b7af33 ] Request (ServersAdmin275Test:test_rebuild_update_server_275): 200 GET http://10.180.1.21/compute/v2.1/servers/02fcbb97-0a43-4a8d-acf8-d773de6f039a 2.923s
2025-05-14 11:20:02.558 69544 INFO tempest.lib.common.rest_client [req-4a5e2dfc-3c35-4ac5-b4ea-bdd96cf72758 req-4a5e2dfc-3c35-4ac5-b4ea-bdd96cf72758 ] Request (ServersWithSpecificFlavorTestJSON:test_verify_created_server_ephemeral_disk): 200 GET http://10.180.1.21/compute/v2.1/servers/2b91336b-a564-4e32-9469-0703346a7c65 2.966s
2025-05-14 11:20:02.574 69550 INFO tempest.lib.common.rest_client [req-84590dc1-6308-44df-ad04-7741a155fd04 req-84590dc1-6308-44df-ad04-7741a155fd04 ] Request (ServersNegativeTestMultiTenantJSON:setUpClass): 201 POST http://10.180.1.21/identity/v3/auth/tokens 0.111s
2025-05-14 11:20:02.587 69580 INFO tempest.lib.common.rest_client [req-7fe8c4a6-d3ac-44ce-9a8a-b5f40b30f8a6 req-7fe8c4a6-d3ac-44ce-9a8a-b5f40b30f8a6 ] Request (AttachInterfacesTestJSON:test_create_list_show_delete_interfaces_by_fixed_ip): 200 GET http://10.180.1.21/compute/v2.1/servers/f9e5a98f-f995-44e1-b204-ff950ad68d22 2.876s
2025-05-14 11:20:02.610 69580 INFO tempest.common.waiters [-] State transition "BUILD/None" ==> "BUILD/networking" after 13 second wait
2025-05-14 11:20:02.648 69540 INFO tempest.lib.common.rest_client [req-aaba5b54-3e16-4507-bd2c-904c4260c239 req-aaba5b54-3e16-4507-bd2c-904c4260c239 ] Request (ServerTagsTestJSON:setUpClass): 200 GET http://10.180.1.21/compute/v2.1/servers/b087c3c9-77b1-4534-a0d6-f0c669420227 2.812s
2025-05-14 11:20:02.649 69550 INFO tempest.lib.common.rest_client [req-f4394d74-67b1-46ea-8cec-f0f959ed1898 req-f4394d74-67b1-46ea-8cec-f0f959ed1898 ] Request (ServersNegativeTestMultiTenantJSON:setUpClass): 201 POST http://10.180.1.21/identity/v3/auth/tokens 0.070s
2025-05-14 11:20:02.649 69550 INFO tempest.lib.common.fixed_network [-] (ServersNegativeTestMultiTenantJSON:setUpClass) Found network {'id': '48ad3115-16b8-4498-8da4-a89a00005260', 'name': 'tempest-ServersNegativeTestMultiTenantJSON-1329689730-network', 'tenant_id': 'e4236a9ee5f64743b55eb5376137fdd3', 'admin_state_up': True, 'mtu': 8950, 'status': 'ACTIVE', 'subnets': [], 'shared': False, 'project_id': 'e4236a9ee5f64743b55eb5376137fdd3', 'port_security_enabled': True, 'router:external': False, 'provider:network_type': 'vlan', 'provider:physical_network': 'default', 'provider:segmentation_id': 44, 'availability_zone_hints': [], 'availability_zones': [], 'ipv4_address_scope': None, 'ipv6_address_scope': None, 'description': '', 'tags': [], 'created_at': '2025-05-14T11:19:48Z', 'updated_at': '2025-05-14T11:19:48Z', 'revision_number': 1} available for tenant
2025-05-14 11:20:02.700 69560 INFO tempest.lib.common.rest_client [req-96e4da9c-b9f8-433a-ab68-e50127272443 req-96e4da9c-b9f8-433a-ab68-e50127272443 ] Request (VolumesAdminNegativeTest:test_update_attached_volume_with_nonexistent_volume_in_body): 200 POST http://10.180.1.21/compute/v2.1/os-keypairs 2.890s
2025-05-14 11:20:02.706 69542 INFO tempest.lib.common.rest_client [req-51cb993d-20b0-41eb-b799-4353c3dd546e req-51cb993d-20b0-41eb-b799-4353c3dd546e ] Request (ServerRescueNegativeTestJSON:setUpClass): 200 GET http://10.180.1.21/compute/v2.1/servers/089dfd42-473d-4b6c-9037-064299a91856 2.845s
2025-05-14 11:20:02.805 69542 INFO tempest.lib.common.rest_client [req-0d74ecdb-f17d-4787-bf2f-00b6e45c7f41 req-0d74ecdb-f17d-4787-bf2f-00b6e45c7f41 ] Request (ServerRescueNegativeTestJSON:setUpClass): 201 POST http://10.180.1.21/identity/v3/auth/tokens 0.085s
2025-05-14 11:20:02.805 69542 INFO tempest.lib.common.fixed_network [-] (ServerRescueNegativeTestJSON:setUpClass) Found network {'id': '02e00355-b992-4420-8966-602a9e55dd4d', 'name': 'tempest-ServerRescueNegativeTestJSON-1776515448-network', 'tenant_id': '494c7acff5bb44cea9d4b8dc16133590', 'admin_state_up': True, 'mtu': 8950, 'status': 'ACTIVE', 'subnets': [], 'shared': False, 'project_id': '494c7acff5bb44cea9d4b8dc16133590', 'port_security_enabled': True, 'router:external': False, 'provider:network_type': 'vlan', 'provider:physical_network': 'default', 'provider:segmentation_id': 887, 'availability_zone_hints': [], 'availability_zones': [], 'ipv4_address_scope': None, 'ipv6_address_scope': None, 'description': '', 'tags': [], 'created_at': '2025-05-14T11:19:50Z', 'updated_at': '2025-05-14T11:19:50Z', 'revision_number': 1} available for tenant
2025-05-14 11:20:02.812 69538 INFO tempest.lib.common.rest_client [req-4c2dcd39-6eb8-4b1b-a4da-03ed9d5253ab req-4c2dcd39-6eb8-4b1b-a4da-03ed9d5253ab ] Request (ServerDiagnosticsTest:tearDownClass): 200 GET http://10.180.1.21/compute/v2.1/servers/92a8a8bc-2d46-4984-a510-67c5a73730b9 2.757s
2025-05-14 11:20:02.886 69526 INFO tempest.lib.common.rest_client [req-cda29473-581e-4a09-9d9c-550a9559f491 req-cda29473-581e-4a09-9d9c-550a9559f491 ] Request (ServerDiskConfigTestJSON:test_rebuild_server_with_auto_disk_config): 200 GET http://10.180.1.21/compute/v2.1/servers/fc474a2e-4354-4b6c-a3de-b26c4004eb6f 2.590s
2025-05-14 11:20:02.899 69574 INFO tempest.lib.common.rest_client [req-2258cca8-28b7-4a82-9f8d-f3adb4147a88 req-2258cca8-28b7-4a82-9f8d-f3adb4147a88 ] Request (ServersTestBootFromVolume:setUpClass): 200 GET http://10.180.1.21/volume/v3/volumes/97f43986-5024-4fa5-b1a5-04c8eeacbd84 0.029s
2025-05-14 11:20:02.952 69560 INFO tempest.lib.common.rest_client [req-149940eb-afac-4578-9e6c-cd2e8f23a7cd req-149940eb-afac-4578-9e6c-cd2e8f23a7cd ] Request (VolumesAdminNegativeTest:test_update_attached_volume_with_nonexistent_volume_in_body): 201 POST http://10.180.1.21:9696/networking/v2.0/security-groups 0.250s
2025-05-14 11:20:02.955 69568 INFO tempest.lib.common.rest_client [req-33564202-c892-46f3-b30a-f545f53fe137 req-33564202-c892-46f3-b30a-f545f53fe137 ] Request (VolumesAssistedSnapshotsTest:test_volume_assisted_snapshot_create_delete): 200 GET http://10.180.1.21/compute/v2.1/servers/0f53bec7-17c9-4c77-87d4-01437280768e 2.964s
2025-05-14 11:20:02.955 69562 INFO tempest.lib.common.rest_client [req-8367bf64-d2a2-4a8c-bb67-160ed446ec6f req-8367bf64-d2a2-4a8c-bb67-160ed446ec6f ] Request (FloatingIPsAssociationTestJSON:test_associate_already_associated_floating_ip): 200 GET http://10.180.1.21/compute/v2.1/servers/78d8fda0-154d-4522-9536-a53205b767b5 2.639s
2025-05-14 11:20:02.966 69568 INFO tempest.common.waiters [-] State transition "BUILD/spawning" ==> "ACTIVE/None" after 30 second wait
2025-05-14 11:20:02.985 69528 INFO tempest.lib.common.rest_client [req-09763bc6-b187-40cd-be70-1a14044692e1 req-09763bc6-b187-40cd-be70-1a14044692e1 ] Request (FlavorsAdminTestJSON:_run_cleanups): 202 DELETE http://10.180.1.21/compute/v2.1/flavors/433124811 2.524s
2025-05-14 11:20:03.048 69532 INFO tempest.lib.common.rest_client [req-7715087b-8abf-4d80-87d3-a164e106e123 req-7715087b-8abf-4d80-87d3-a164e106e123 ] Request (HypervisorAdminNegativeUnderV252Test:test_search_hypervisor_with_non_admin_user): 403 GET http://10.180.1.21/compute/v2.1/os-hypervisors/domain-c8.fc996f14-c53b-4953-92e3-bdfa48f5cc28/search 2.715s
2025-05-14 11:20:03.112 69560 INFO tempest.lib.common.rest_client [req-1e65df15-4b13-4b24-b283-2bf74662e651 req-1e65df15-4b13-4b24-b283-2bf74662e651 ] Request (VolumesAdminNegativeTest:test_update_attached_volume_with_nonexistent_volume_in_body): 201 POST http://10.180.1.21:9696/networking/v2.0/security-group-rules 0.160s
2025-05-14 11:20:03.172 69524 INFO tempest.lib.common.rest_client [req-9febb286-478f-4ed0-ae88-19d146a441fd req-9febb286-478f-4ed0-ae88-19d146a441fd ] Request (SecurityGroupRulesTestJSON:test_security_group_rules_create_with_optional_group_id): 200 POST http://10.180.1.21/compute/v2.1/os-security-groups 2.444s
2025-05-14 11:20:03.256 69570 INFO tempest.lib.common.rest_client [req-9c163017-24ae-4620-ba37-4a9924d6754e req-9c163017-24ae-4620-ba37-4a9924d6754e ] Request (DeleteServersAdminTestJSON:test_delete_server_while_in_error_state): 200 GET http://10.180.1.21/compute/v2.1/servers/0545ab25-1b1b-4de6-bab9-0c9bac9a91fa 2.078s
2025-05-14 11:20:03.310 69560 INFO tempest.lib.common.rest_client [req-ed1fdbe5-b218-48c7-adc3-b1501691027a req-ed1fdbe5-b218-48c7-adc3-b1501691027a ] Request (VolumesAdminNegativeTest:test_update_attached_volume_with_nonexistent_volume_in_body): 201 POST http://10.180.1.21:9696/networking/v2.0/security-group-rules 0.197s
2025-05-14 11:20:03.397 69534 INFO tempest.lib.common.rest_client [req-75b6bab0-210f-4729-a8dc-5c2e4baab97a req-75b6bab0-210f-4729-a8dc-5c2e4baab97a ] Request (ServerDiagnosticsNegativeTest:test_get_server_diagnostics_by_non_admin): 202 POST http://10.180.1.21/compute/v2.1/servers 2.604s
2025-05-14 11:20:03.476 69530 INFO tempest.lib.common.rest_client [req-e3c78b8d-64c5-4004-b35a-778dc72e42bd req-e3c78b8d-64c5-4004-b35a-778dc72e42bd ] Request (AttachInterfacesV270Test:test_create_get_list_interfaces): 200 GET http://10.180.1.21/compute/v2.1/servers/a45f0012-e8da-45c5-9eb4-7550564fd275 2.019s
2025-05-14 11:20:03.497 69518 INFO tempest.lib.common.rest_client [req-318484b9-e4c7-41f4-9605-45474d2cc747 req-318484b9-e4c7-41f4-9605-45474d2cc747 ] Request (FlavorsAccessNegativeTestJSON:_run_cleanups): 202 DELETE http://10.180.1.21/compute/v2.1/flavors/1523239437 1.853s
2025-05-14 11:20:03.524 69558 INFO tempest.lib.common.rest_client [req-fe99c50d-f34f-49fa-b1b2-57f56af0c310 req-fe99c50d-f34f-49fa-b1b2-57f56af0c310 ] Request (ServerGroupTestJSON:test_create_delete_server_group_with_affinity_policy): 204 DELETE http://10.180.1.21/compute/v2.1/os-server-groups/c8772eb1-da6b-4b51-86f6-404c42c6e99b 1.783s
2025-05-14 11:20:03.534 69564 INFO tempest.lib.common.rest_client [req-ca5c16a7-ad14-4e72-a8d8-c743181d77d6 req-ca5c16a7-ad14-4e72-a8d8-c743181d77d6 ] Request (AggregatesAdminNegativeTestJSON:test_aggregate_get_details_as_user): 403 GET http://10.180.1.21/compute/v2.1/os-aggregates/6 1.763s
2025-05-14 11:20:03.626 69520 INFO tempest.lib.common.rest_client [req-8d4cb23c-e7fe-4750-adbf-fd19c47c1da7 req-8d4cb23c-e7fe-4750-adbf-fd19c47c1da7 ] Request (ServicesAdminNegativeV253TestJSON:test_list_services_with_non_admin_user): 403 GET http://10.180.1.21/compute/v2.1/os-services 1.821s
2025-05-14 11:20:03.697 69576 INFO tempest.lib.common.rest_client [req-43cc2671-692a-4fcf-8abc-e3f98a1191f6 req-43cc2671-692a-4fcf-8abc-e3f98a1191f6 ] Request (AttachInterfacesUnderV243Test:test_add_remove_fixed_ip): 202 POST http://10.180.1.21/compute/v2.1/servers 2.370s
2025-05-14 11:20:03.793 69520 INFO tempest.lib.common.rest_client [req-e3dd76c0-8882-4681-a43c-d2accf45d7e4 req-e3dd76c0-8882-4681-a43c-d2accf45d7e4 ] Request (ServicesAdminNegativeV253TestJSON:tearDownClass): 204 DELETE http://10.180.1.21/identity/v3/users/4f75c0bf245b4069906eb6968a2039d8 0.166s
2025-05-14 11:20:03.885 69520 INFO tempest.lib.common.rest_client [req-6ea85a1a-e466-4114-8c79-e5d95f2e5487 req-6ea85a1a-e466-4114-8c79-e5d95f2e5487 ] Request (ServicesAdminNegativeV253TestJSON:tearDownClass): 204 DELETE http://10.180.1.21/identity/v3/users/602e062a247e498ab9a1040b95298b9f 0.091s
2025-05-14 11:20:03.885 69520 INFO tempest.lib.common.dynamic_creds [-] Deleting project and security group for project: 5e976bbb22434caf8e45470f6286b28b
2025-05-14 11:20:03.917 69556 INFO tempest.lib.common.rest_client [req-731064f7-6ab0-46d2-90c5-c5104e5b44c1 req-731064f7-6ab0-46d2-90c5-c5104e5b44c1 ] Request (ServersTestJSON:setUpClass): 200 GET http://10.180.1.21/compute/v2.1/servers/a8b3f7de-560b-4b00-ab3b-19d6b7b60330/os-interface 1.774s
2025-05-14 11:20:03.952 69574 INFO tempest.lib.common.rest_client [req-93d1363a-d11c-4b5c-bf80-116563ba6622 req-93d1363a-d11c-4b5c-bf80-116563ba6622 ] Request (ServersTestBootFromVolume:setUpClass): 200 GET http://10.180.1.21/volume/v3/volumes/97f43986-5024-4fa5-b1a5-04c8eeacbd84 0.044s
2025-05-14 11:20:03.972 69520 INFO tempest.lib.common.rest_client [req-81e5fd48-0bc8-4ada-aa90-1cb871758105 req-81e5fd48-0bc8-4ada-aa90-1cb871758105 ] Request (ServicesAdminNegativeV253TestJSON:tearDownClass): 201 POST http://10.180.1.21/identity/v3/auth/tokens 0.087s
2025-05-14 11:20:04.012 69522 INFO tempest.lib.common.rest_client [req-319f2b1a-a3f2-4cd5-8410-e21b98ab8c3a req-319f2b1a-a3f2-4cd5-8410-e21b98ab8c3a ] Request (ServerExternalEventsTest:tearDownClass): 204 DELETE http://10.180.1.21/compute/v2.1/servers/0df38957-90e2-4ac3-a5cb-e960148bc42a 1.736s
2025-05-14 11:20:04.110 69552 INFO tempest.lib.common.rest_client [req-527274af-a00a-49ae-becd-d98bd3e761b4 req-527274af-a00a-49ae-becd-d98bd3e761b4 ] Request (ServerDiagnosticsV248Test:tearDownClass): 200 GET http://10.180.1.21/compute/v2.1/servers/0c9e5fde-b283-4af2-9472-03f044e277a4 1.778s
2025-05-14 11:20:04.113 69560 INFO tempest.lib.common.rest_client [req-b0ce6379-47db-4f32-a0e0-36f0d311cde2 req-b0ce6379-47db-4f32-a0e0-36f0d311cde2 ] Request (VolumesAdminNegativeTest:test_update_attached_volume_with_nonexistent_volume_in_body): 201 POST http://10.180.1.21:9696/networking/v2.0/floatingips 0.803s
2025-05-14 11:20:04.125 69552 INFO tempest.common.waiters [-] State transition "ACTIVE/deleting" ==> "DELETED/None" after 3 second wait
2025-05-14 11:20:04.218 69560 INFO tempest.lib.common.rest_client [req-a638af62-efb5-43f1-9b55-3c12f9378541 req-a638af62-efb5-43f1-9b55-3c12f9378541 ] Request (VolumesAdminNegativeTest:test_update_attached_volume_with_nonexistent_volume_in_body): 201 POST http://10.180.1.21/identity/v3/auth/tokens 0.098s
2025-05-14 11:20:04.219 69560 INFO tempest.lib.common.fixed_network [-] (VolumesAdminNegativeTest:test_update_attached_volume_with_nonexistent_volume_in_body) Found network {'id': '760c1384-a67b-4757-8b85-8d3df5d2a76d', 'name': 'tempest-VolumesAdminNegativeTest-2019046388-network', 'tenant_id': '426726ad221b46279a27c0d80a385585', 'admin_state_up': True, 'mtu': 8950, 'status': 'ACTIVE', 'subnets': [], 'shared': False, 'project_id': '426726ad221b46279a27c0d80a385585', 'port_security_enabled': True, 'router:external': False, 'provider:network_type': 'vlan', 'provider:physical_network': 'default', 'provider:segmentation_id': 246, 'availability_zone_hints': [], 'availability_zones': [], 'ipv4_address_scope': None, 'ipv6_address_scope': None, 'description': '', 'tags': [], 'created_at': '2025-05-14T11:19:44Z', 'updated_at': '2025-05-14T11:19:44Z', 'revision_number': 1} available for tenant
2025-05-14 11:20:04.238 69578 INFO tempest.lib.common.rest_client [req-c6cf9d22-4a22-4f3e-9fb2-f7be63d87805 req-c6cf9d22-4a22-4f3e-9fb2-f7be63d87805 ] Request (SecurityGroupRulesNegativeTestJSON:test_create_security_group_rule_duplicate): 400 POST http://10.180.1.21/compute/v2.1/os-security-group-rules 1.882s
2025-05-14 11:20:04.420 69520 INFO tempest.lib.common.rest_client [req-5c655b26-3fe5-4e54-82ae-b9cc9b0a50e4 req-5c655b26-3fe5-4e54-82ae-b9cc9b0a50e4 ] Request (ServicesAdminNegativeV253TestJSON:tearDownClass): 200 GET http://10.180.1.21:9696/networking/v2.0/security-groups?tenant_id=5e976bbb22434caf8e45470f6286b28b&name=default 0.447s
2025-05-14 11:20:04.812 69572 INFO tempest.lib.common.rest_client [req-7860f0db-35bd-4605-80a5-881fb9b98e37 req-7860f0db-35bd-4605-80a5-881fb9b98e37 ] Request (ListImageFiltersTestJSON:setUpClass): 200 GET http://10.180.1.21/compute/v2.1/servers/0de81a48-7b01-49e0-be33-d05a9ef10ed8 2.299s
2025-05-14 11:20:04.854 69520 INFO tempest.lib.common.rest_client [req-0f0e66de-1079-4d32-900e-df8d144107d5 req-0f0e66de-1079-4d32-900e-df8d144107d5 ] Request (ServicesAdminNegativeV253TestJSON:tearDownClass): 204 DELETE http://10.180.1.21:9696/networking/v2.0/security-groups/17387e59-b4ac-4fe2-a0c7-2921d32dab97 0.433s
2025-05-14 11:20:04.930 69556 INFO tempest.lib.common.rest_client [req-68e02289-4192-4c62-9b41-88578864a56a req-68e02289-4192-4c62-9b41-88578864a56a ] Request (ServersTestJSON:setUpClass): 200 PUT http://10.180.1.21:9696/networking/v2.0/floatingips/fb5d34bc-bef6-4682-80da-7ec202c6e50a 1.011s
2025-05-14 11:20:04.940 69520 INFO tempest.lib.common.rest_client [req-48ef7082-489d-4539-b67d-8754e7b1b828 req-48ef7082-489d-4539-b67d-8754e7b1b828 ] Request (ServicesAdminNegativeV253TestJSON:tearDownClass): 204 DELETE http://10.180.1.21/identity/v3/projects/5e976bbb22434caf8e45470f6286b28b 0.085s
2025-05-14 11:20:04.940 69520 INFO tempest.lib.common.dynamic_creds [-] Deleting project and security group for project: 4098345bc6e64f24b19805b66b9e75d0
2025-05-14 11:20:04.990 69574 INFO tempest.lib.common.rest_client [req-b7397404-bade-4298-899d-cd9e42afd24c req-b7397404-bade-4298-899d-cd9e42afd24c ] Request (ServersTestBootFromVolume:setUpClass): 200 GET http://10.180.1.21/volume/v3/volumes/97f43986-5024-4fa5-b1a5-04c8eeacbd84 0.031s
2025-05-14 11:20:05.133 69520 INFO tempest.lib.common.rest_client [req-dddfe21c-dba2-4d6a-9457-6cde65d7ca47 req-dddfe21c-dba2-4d6a-9457-6cde65d7ca47 ] Request (ServicesAdminNegativeV253TestJSON:tearDownClass): 200 GET http://10.180.1.21:9696/networking/v2.0/security-groups?tenant_id=4098345bc6e64f24b19805b66b9e75d0&name=default 0.192s
2025-05-14 11:20:05.414 69520 INFO tempest.lib.common.rest_client [req-bfa078ad-33b2-44ba-86fa-d6d5c63794e9 req-bfa078ad-33b2-44ba-86fa-d6d5c63794e9 ] Request (ServicesAdminNegativeV253TestJSON:tearDownClass): 204 DELETE http://10.180.1.21:9696/networking/v2.0/security-groups/d77f6921-7ea8-48c7-9711-6aed8cb1daaf 0.281s
2025-05-14 11:20:05.551 69567 INFO tempest.lib.common.rest_client [req-f31d85fc-203c-42f3-b318-2de9a5313b60 req-f31d85fc-203c-42f3-b318-2de9a5313b60 ] Request (FloatingIPsAssociationNegativeTestJSON:test_associate_ip_to_server_with_floating_ip): 202 POST http://10.180.1.21/compute/v2.1/servers/ba75cdda-3f68-487b-8d99-5e1f1adf6b92/action 3.451s
2025-05-14 11:20:05.555 69550 INFO tempest.lib.common.rest_client [req-9082c573-7d62-404f-921f-1b044cff4c01 req-9082c573-7d62-404f-921f-1b044cff4c01 ] Request (ServersNegativeTestMultiTenantJSON:setUpClass): 202 POST http://10.180.1.21/compute/v2.1/servers 2.905s
2025-05-14 11:20:05.584 69520 INFO tempest.lib.common.rest_client [req-22826ef8-090e-4261-a121-b054d93da80b req-22826ef8-090e-4261-a121-b054d93da80b ] Request (ServicesAdminNegativeV253TestJSON:tearDownClass): 204 DELETE http://10.180.1.21/identity/v3/projects/4098345bc6e64f24b19805b66b9e75d0 0.169s
2025-05-14 11:20:05.698 69520 INFO tempest.lib.common.rest_client [req-4db2f404-70bd-4aea-99b9-c4c020aa61ef req-4db2f404-70bd-4aea-99b9-c4c020aa61ef ] Request (TenantUsagesNegativeTestJSON:setUpClass): 201 POST http://10.180.1.21/identity/v3/auth/tokens 0.112s
2025-05-14 11:20:05.718 69568 INFO tempest.lib.common.rest_client [req-7b298df8-bb21-44e9-90ea-27fb6215f1cb req-7b298df8-bb21-44e9-90ea-27fb6215f1cb ] Request (VolumesAssistedSnapshotsTest:test_volume_assisted_snapshot_create_delete): 200 GET http://10.180.1.21/compute/v2.1/servers/0f53bec7-17c9-4c77-87d4-01437280768e/os-interface 2.751s
2025-05-14 11:20:05.740 69520 INFO tempest.lib.common.rest_client [req-c0635fc8-6959-40b2-97c1-7ed517ba8193 req-c0635fc8-6959-40b2-97c1-7ed517ba8193 ] Request (TenantUsagesNegativeTestJSON:setUpClass): 201 POST http://10.180.1.21/identity/v3/auth/tokens 0.037s
2025-05-14 11:20:05.742 69528 INFO tempest.lib.common.rest_client [req-5807f956-daa0-49a5-939c-312bfbde1e00 req-5807f956-daa0-49a5-939c-312bfbde1e00 ] Request (FlavorsAdminTestJSON:_run_cleanups): 200 GET http://10.180.1.21/compute/v2.1/flavors/detail 2.756s
2025-05-14 11:20:05.756 69532 INFO tempest.lib.common.rest_client [req-4392c35f-511a-416f-9bf0-7b37fd4f4a10 req-4392c35f-511a-416f-9bf0-7b37fd4f4a10 ] Request (HypervisorAdminNegativeUnderV252Test:test_search_nonexistent_hypervisor): 404 GET http://10.180.1.21/compute/v2.1/os-hypervisors/nonexistent_hypervisor_name/search 2.704s
2025-05-14 11:20:05.777 69520 INFO tempest.lib.common.rest_client [req-f9d9bd02-562f-4c84-a5da-5ca51c766ea3 req-f9d9bd02-562f-4c84-a5da-5ca51c766ea3 ] Request (TenantUsagesNegativeTestJSON:setUpClass): 200 GET http://10.180.1.21/identity/v3/domains?name=Default 0.037s
2025-05-14 11:20:05.820 69520 INFO tempest.lib.common.rest_client [req-10c85440-2dcf-4efc-8590-4d76a7c713b2 req-10c85440-2dcf-4efc-8590-4d76a7c713b2 ] Request (TenantUsagesNegativeTestJSON:setUpClass): 201 POST http://10.180.1.21/identity/v3/projects 0.041s
2025-05-14 11:20:05.908 69520 INFO tempest.lib.common.rest_client [req-79cf1843-3296-45d6-839a-ff6a64316107 req-79cf1843-3296-45d6-839a-ff6a64316107 ] Request (TenantUsagesNegativeTestJSON:setUpClass): 201 POST http://10.180.1.21/identity/v3/users 0.088s
2025-05-14 11:20:05.940 69520 INFO tempest.lib.common.rest_client [req-a67552e3-d66f-4ce7-89ab-dea40203ccd6 req-a67552e3-d66f-4ce7-89ab-dea40203ccd6 ] Request (TenantUsagesNegativeTestJSON:setUpClass): 200 GET http://10.180.1.21/identity/v3/roles 0.031s
2025-05-14 11:20:05.975 69520 INFO tempest.lib.common.rest_client [req-13e62a3b-ef25-4878-9e22-e83c6a5412ea req-13e62a3b-ef25-4878-9e22-e83c6a5412ea ] Request (TenantUsagesNegativeTestJSON:setUpClass): 204 PUT http://10.180.1.21/identity/v3/projects/865aeb29a37a498582953f97208c3b57/users/15f48859aeed407f8eeb6f2d6addcb03/roles/dbe078d05ff74ac3836de225a5dc409e 0.034s
2025-05-14 11:20:05.975 69520 INFO tempest.lib.common.dynamic_creds [-] Dynamic test user 15f48859aeed407f8eeb6f2d6addcb03 is created with scope project and roles: ['member']
2025-05-14 11:20:05.976 69520 INFO tempest.lib.common.dynamic_creds [-] Acquired dynamic creds: credentials: Credentials: {'domain_id': 'default', 'domain_name': 'Default', 'username': 'tempest-TenantUsagesNegativeTestJSON-350663769-project-member', 'project_domain_id': 'default', 'project_domain_name': 'Default', 'project_id': '865aeb29a37a498582953f97208c3b57', 'project_name': 'tempest-TenantUsagesNegativeTestJSON-350663769', 'tenant_id': '865aeb29a37a498582953f97208c3b57', 'tenant_name': 'tempest-TenantUsagesNegativeTestJSON-350663769', 'user_domain_id': 'default', 'user_domain_name': 'Default', 'user_id': '15f48859aeed407f8eeb6f2d6addcb03', 'system': None}, Network: None, Subnet: None, Router: None
2025-05-14 11:20:05.976 69520 INFO tempest.lib.common.dynamic_creds [-] Created isolated network resources for: credentials: Credentials: {'domain_id': 'default', 'domain_name': 'Default', 'username': 'tempest-TenantUsagesNegativeTestJSON-350663769-project-member', 'project_domain_id': 'default', 'project_domain_name': 'Default', 'project_id': '865aeb29a37a498582953f97208c3b57', 'project_name': 'tempest-TenantUsagesNegativeTestJSON-350663769', 'tenant_id': '865aeb29a37a498582953f97208c3b57', 'tenant_name': 'tempest-TenantUsagesNegativeTestJSON-350663769', 'user_domain_id': 'default', 'user_domain_name': 'Default', 'user_id': '15f48859aeed407f8eeb6f2d6addcb03', 'system': None}, Network: None, Subnet: None, Router: None
2025-05-14 11:20:06.044 69574 INFO tempest.lib.common.rest_client [req-a29c62cf-b632-4f08-af42-91735e88a9a8 req-a29c62cf-b632-4f08-af42-91735e88a9a8 ] Request (ServersTestBootFromVolume:setUpClass): 200 GET http://10.180.1.21/volume/v3/volumes/97f43986-5024-4fa5-b1a5-04c8eeacbd84 0.046s
2025-05-14 11:20:06.067 69524 INFO tempest.lib.common.rest_client [req-8242225b-8c4c-4202-9f72-15de77c915d8 req-8242225b-8c4c-4202-9f72-15de77c915d8 ] Request (SecurityGroupRulesTestJSON:test_security_group_rules_create_with_optional_group_id): 200 POST http://10.180.1.21/compute/v2.1/os-security-groups 2.888s
2025-05-14 11:20:06.102 69520 INFO tempest.lib.common.rest_client [req-8ef4d03a-49fe-4ae3-9b81-88a32a8cc9f2 req-8ef4d03a-49fe-4ae3-9b81-88a32a8cc9f2 ] Request (TenantUsagesNegativeTestJSON:setUpClass): 201 POST http://10.180.1.21/identity/v3/auth/tokens 0.122s
2025-05-14 11:20:06.169 69534 INFO tempest.lib.common.rest_client [req-e5d8e0cb-1608-4724-a2ec-63eeee9669c7 req-e5d8e0cb-1608-4724-a2ec-63eeee9669c7 ] Request (ServerDiagnosticsNegativeTest:test_get_server_diagnostics_by_non_admin): 200 GET http://10.180.1.21/compute/v2.1/servers/e6f173d6-ddef-4073-9874-536a01b4db6c 2.769s
2025-05-14 11:20:06.248 69542 INFO tempest.lib.common.rest_client [req-81205431-5241-4915-b0c8-4ba891a3615e req-81205431-5241-4915-b0c8-4ba891a3615e ] Request (ServerRescueNegativeTestJSON:setUpClass): 202 POST http://10.180.1.21/compute/v2.1/servers 3.442s
2025-05-14 11:20:06.251 69520 INFO tempest.lib.common.rest_client [req-fb94bfae-b275-44ed-9c63-981577eaedc7 req-fb94bfae-b275-44ed-9c63-981577eaedc7 ] Request (TenantUsagesNegativeTestJSON:setUpClass): 201 POST http://10.180.1.21/identity/v3/projects 0.148s
2025-05-14 11:20:06.286 69548 INFO tempest.lib.common.rest_client [req-16a1feb6-df59-48b6-bb36-2e4d2d56f2da req-16a1feb6-df59-48b6-bb36-2e4d2d56f2da ] Request (ImagesOneServerTestJSON:setUpClass): 200 GET http://10.180.1.21/compute/v2.1/servers/ed0afb64-4bad-4309-88db-855477dadc8d 2.846s
2025-05-14 11:20:06.325 69518 INFO tempest.lib.common.rest_client [req-14b86f8c-2e50-4589-8808-7fafa937b3f8 req-14b86f8c-2e50-4589-8808-7fafa937b3f8 ] Request (FlavorsAccessNegativeTestJSON:_run_cleanups): 200 GET http://10.180.1.21/compute/v2.1/flavors/detail 2.827s
2025-05-14 11:20:06.348 69558 INFO tempest.lib.common.rest_client [req-cac1ba11-7522-44de-ae33-84f44987e110 req-cac1ba11-7522-44de-ae33-84f44987e110 ] Request (ServerGroupTestJSON:test_create_delete_server_group_with_affinity_policy): 200 GET http://10.180.1.21/compute/v2.1/os-server-groups 2.823s
2025-05-14 11:20:06.363 69520 INFO tempest.lib.common.rest_client [req-5f642918-df78-4818-9947-58cd54a4c1cf req-5f642918-df78-4818-9947-58cd54a4c1cf ] Request (TenantUsagesNegativeTestJSON:setUpClass): 201 POST http://10.180.1.21/identity/v3/users 0.111s
2025-05-14 11:20:06.378 69564 INFO tempest.lib.common.rest_client [req-f696c34d-60ad-4389-9bf1-85b71f95f866 req-f696c34d-60ad-4389-9bf1-85b71f95f866 ] Request (AggregatesAdminNegativeTestJSON:_run_cleanups): 200 DELETE http://10.180.1.21/compute/v2.1/os-aggregates/6 2.844s
2025-05-14 11:20:06.392 69520 INFO tempest.lib.common.rest_client [req-30e2ecbe-7c0b-466a-80f3-65bd008ba56d req-30e2ecbe-7c0b-466a-80f3-65bd008ba56d ] Request (TenantUsagesNegativeTestJSON:setUpClass): 200 GET http://10.180.1.21/identity/v3/roles 0.028s
2025-05-14 11:20:06.425 69520 INFO tempest.lib.common.rest_client [req-d5dd0e5a-ef5b-4223-8a3b-b646d4042b3f req-d5dd0e5a-ef5b-4223-8a3b-b646d4042b3f ] Request (TenantUsagesNegativeTestJSON:setUpClass): 204 PUT http://10.180.1.21/identity/v3/projects/fd0989b8669749b4b73d75a06ee89f22/users/fcf43d22e8b348d48e1833acd179651b/roles/2afcf9b0d9c442878439415351d1ac32 0.032s
2025-05-14 11:20:06.463 69518 INFO tempest.lib.common.rest_client [req-1478ee69-d50a-40e1-8e8e-2de17c95e380 req-1478ee69-d50a-40e1-8e8e-2de17c95e380 ] Request (FlavorsAccessNegativeTestJSON:tearDownClass): 204 DELETE http://10.180.1.21/identity/v3/users/c94b2e51c87b4ab1accdfa81ef4bf127 0.126s
2025-05-14 11:20:06.478 69536 INFO tempest.lib.common.rest_client [req-80e9c0e2-6cc2-4acf-8e01-8574c86b6ccf req-80e9c0e2-6cc2-4acf-8e01-8574c86b6ccf ] Request (ServersAdmin275Test:test_rebuild_update_server_275): 200 GET http://10.180.1.21/compute/v2.1/servers/02fcbb97-0a43-4a8d-acf8-d773de6f039a 2.931s
2025-05-14 11:20:06.497 69536 INFO tempest.common.waiters [-] State transition "REBUILD/rebuild_block_device_mapping" ==> "REBUILD/rebuild_spawning" after 4 second wait
2025-05-14 11:20:06.522 69554 INFO tempest.lib.common.rest_client [req-87aa561e-be2b-4238-828f-863f9b0bf477 req-87aa561e-be2b-4238-828f-863f9b0bf477 ] Request (MigrationsAdminTest:test_list_migrations_in_flavor_resize_situation): 200 GET http://10.180.1.21/compute/v2.1/servers/170cb828-e7a7-43fe-9dd8-80a676543da8 3.068s
2025-05-14 11:20:06.531 69554 INFO tempest.common.waiters [-] State transition "RESIZE/resize_prep" ==> "RESIZE/resize_migrating" after 18 second wait
2025-05-14 11:20:06.535 69520 INFO tempest.lib.common.rest_client [req-7a9f26bb-b1f7-41b2-8ccc-156529a6873b req-7a9f26bb-b1f7-41b2-8ccc-156529a6873b ] Request (TenantUsagesNegativeTestJSON:setUpClass): 200 GET http://10.180.1.21/identity/v3/roles 0.110s
2025-05-14 11:20:06.561 69520 INFO tempest.lib.common.rest_client [req-ab2ce41a-c837-4e5f-b470-9bdf9c51b9de req-ab2ce41a-c837-4e5f-b470-9bdf9c51b9de ] Request (TenantUsagesNegativeTestJSON:setUpClass): 204 PUT http://10.180.1.21/identity/v3/projects/fd0989b8669749b4b73d75a06ee89f22/users/fcf43d22e8b348d48e1833acd179651b/roles/2afcf9b0d9c442878439415351d1ac32 0.025s
2025-05-14 11:20:06.561 69520 INFO tempest.lib.common.dynamic_creds [-] Dynamic test user fcf43d22e8b348d48e1833acd179651b is created with scope project and roles: ['admin']
2025-05-14 11:20:06.561 69520 INFO tempest.lib.common.dynamic_creds [-] Acquired dynamic creds: credentials: Credentials: {'domain_id': 'default', 'domain_name': 'Default', 'username': 'tempest-TenantUsagesNegativeTestJSON-209421675-project-admin', 'project_domain_id': 'default', 'project_domain_name': 'Default', 'project_id': 'fd0989b8669749b4b73d75a06ee89f22', 'project_name': 'tempest-TenantUsagesNegativeTestJSON-209421675', 'tenant_id': 'fd0989b8669749b4b73d75a06ee89f22', 'tenant_name': 'tempest-TenantUsagesNegativeTestJSON-209421675', 'user_domain_id': 'default', 'user_domain_name': 'Default', 'user_id': 'fcf43d22e8b348d48e1833acd179651b', 'system': None}, Network: None, Subnet: None, Router: None
2025-05-14 11:20:06.561 69520 INFO tempest.lib.common.dynamic_creds [-] Created isolated network resources for: credentials: Credentials: {'domain_id': 'default', 'domain_name': 'Default', 'username': 'tempest-TenantUsagesNegativeTestJSON-209421675-project-admin', 'project_domain_id': 'default', 'project_domain_name': 'Default', 'project_id': 'fd0989b8669749b4b73d75a06ee89f22', 'project_name': 'tempest-TenantUsagesNegativeTestJSON-209421675', 'tenant_id': 'fd0989b8669749b4b73d75a06ee89f22', 'tenant_name': 'tempest-TenantUsagesNegativeTestJSON-209421675', 'user_domain_id': 'default', 'user_domain_name': 'Default', 'user_id': 'fcf43d22e8b348d48e1833acd179651b', 'system': None}, Network: None, Subnet: None, Router: None
2025-05-14 11:20:06.644 69518 INFO tempest.lib.common.rest_client [req-46457152-8182-47b6-85ca-f93ce61cf44e req-46457152-8182-47b6-85ca-f93ce61cf44e ] Request (FlavorsAccessNegativeTestJSON:tearDownClass): 204 DELETE http://10.180.1.21/identity/v3/users/46dfdd8f31854c828aa202b5cd71c7af 0.181s
2025-05-14 11:20:06.649 69520 INFO tempest.lib.common.rest_client [req-0fc8b694-cbca-4991-8798-4ba8ae4c29ad req-0fc8b694-cbca-4991-8798-4ba8ae4c29ad ] Request (TenantUsagesNegativeTestJSON:setUpClass): 201 POST http://10.180.1.21/identity/v3/auth/tokens 0.085s
2025-05-14 11:20:06.768 69518 INFO tempest.lib.common.rest_client [req-2e8a79f1-7ffe-44f4-bfde-8b50fc1c839b req-2e8a79f1-7ffe-44f4-bfde-8b50fc1c839b ] Request (FlavorsAccessNegativeTestJSON:tearDownClass): 204 DELETE http://10.180.1.21/identity/v3/users/f77d08bcdfbe450c8b580c145425b41b 0.123s
2025-05-14 11:20:06.768 69518 INFO tempest.lib.common.dynamic_creds [-] Deleting project and security group for project: a71dc7c1d26645e990aacb10e39ced22
2025-05-14 11:20:06.842 69518 INFO tempest.lib.common.rest_client [req-aae1ea05-db3a-45be-8ed1-c1951fdf7819 req-aae1ea05-db3a-45be-8ed1-c1951fdf7819 ] Request (FlavorsAccessNegativeTestJSON:tearDownClass): 201 POST http://10.180.1.21/identity/v3/auth/tokens 0.074s
2025-05-14 11:20:07.080 69518 INFO tempest.lib.common.rest_client [req-b1ae65ec-9533-49ea-8ac1-f6de6cf3e691 req-b1ae65ec-9533-49ea-8ac1-f6de6cf3e691 ] Request (FlavorsAccessNegativeTestJSON:tearDownClass): 200 GET http://10.180.1.21:9696/networking/v2.0/security-groups?tenant_id=a71dc7c1d26645e990aacb10e39ced22&name=default 0.237s
2025-05-14 11:20:07.096 69574 INFO tempest.lib.common.rest_client [req-56a1ad0f-69c2-44e0-aa29-bc627050c9f1 req-56a1ad0f-69c2-44e0-aa29-bc627050c9f1 ] Request (ServersTestBootFromVolume:setUpClass): 200 GET http://10.180.1.21/volume/v3/volumes/97f43986-5024-4fa5-b1a5-04c8eeacbd84 0.043s
2025-05-14 11:20:07.175 69544 INFO tempest.lib.common.rest_client [req-e588aace-5a1c-4497-95ee-a07ccc450bc9 req-e588aace-5a1c-4497-95ee-a07ccc450bc9 ] Request (ServersWithSpecificFlavorTestJSON:test_verify_created_server_ephemeral_disk): 200 GET http://10.180.1.21/compute/v2.1/servers/2b91336b-a564-4e32-9469-0703346a7c65 3.607s
2025-05-14 11:20:07.186 69544 INFO tempest.common.waiters [-] State transition "BUILD/spawning" ==> "ACTIVE/None" after 29 second wait
2025-05-14 11:20:07.236 69580 INFO tempest.lib.common.rest_client [req-a0c7c7dc-59f1-40b9-a0a6-1c47415aecca req-a0c7c7dc-59f1-40b9-a0a6-1c47415aecca ] Request (AttachInterfacesTestJSON:test_create_list_show_delete_interfaces_by_fixed_ip): 200 GET http://10.180.1.21/compute/v2.1/servers/f9e5a98f-f995-44e1-b204-ff950ad68d22 3.626s
2025-05-14 11:20:07.245 69580 INFO tempest.common.waiters [-] State transition "BUILD/networking" ==> "BUILD/spawning" after 18 second wait
2025-05-14 11:20:07.257 69518 INFO tempest.lib.common.rest_client [req-640f8413-e478-4e51-8b6e-402d98d7749a req-640f8413-e478-4e51-8b6e-402d98d7749a ] Request (FlavorsAccessNegativeTestJSON:tearDownClass): 204 DELETE http://10.180.1.21:9696/networking/v2.0/security-groups/89c126a8-cfaa-4cb4-9b70-e972dc5b7d13 0.176s
2025-05-14 11:20:07.345 69518 INFO tempest.lib.common.rest_client [req-697879a4-9e57-4d0b-83ad-2dc0c57614f1 req-697879a4-9e57-4d0b-83ad-2dc0c57614f1 ] Request (FlavorsAccessNegativeTestJSON:tearDownClass): 204 DELETE http://10.180.1.21/identity/v3/projects/a71dc7c1d26645e990aacb10e39ced22 0.087s
2025-05-14 11:20:07.345 69518 INFO tempest.lib.common.dynamic_creds [-] Deleting project and security group for project: 64b3ec16d5884bf9be588ba138a13105
2025-05-14 11:20:07.356 69576 INFO tempest.lib.common.rest_client [req-2cc5e484-9466-4998-8707-8fb3638d4a80 req-2cc5e484-9466-4998-8707-8fb3638d4a80 ] Request (AttachInterfacesUnderV243Test:test_add_remove_fixed_ip): 200 GET http://10.180.1.21/compute/v2.1/servers/845085dd-a45c-4a47-ae4a-825d9b8bb313 3.656s
2025-05-14 11:20:07.469 69538 INFO tempest.lib.common.rest_client [req-a4e5944d-e655-418e-b530-49820e0e2844 req-a4e5944d-e655-418e-b530-49820e0e2844 ] Request (ServerDiagnosticsTest:tearDownClass): 200 GET http://10.180.1.21/compute/v2.1/servers/92a8a8bc-2d46-4984-a510-67c5a73730b9 3.639s
2025-05-14 11:20:07.479 69538 INFO tempest.common.waiters [-] State transition "ACTIVE/deleting" ==> "DELETED/None" after 5 second wait
2025-05-14 11:20:07.516 69518 INFO tempest.lib.common.rest_client [req-67250355-fe4a-47ea-9689-562541011198 req-67250355-fe4a-47ea-9689-562541011198 ] Request (FlavorsAccessNegativeTestJSON:tearDownClass): 200 GET http://10.180.1.21:9696/networking/v2.0/security-groups?tenant_id=64b3ec16d5884bf9be588ba138a13105&name=default 0.171s
2025-05-14 11:20:07.585 69526 INFO tempest.lib.common.rest_client [req-8c89e1aa-59f8-4127-af2b-e36fa6acc700 req-8c89e1aa-59f8-4127-af2b-e36fa6acc700 ] Request (ServerDiskConfigTestJSON:test_rebuild_server_with_auto_disk_config): 200 GET http://10.180.1.21/compute/v2.1/servers/fc474a2e-4354-4b6c-a3de-b26c4004eb6f 3.689s
2025-05-14 11:20:07.604 69568 INFO tempest.lib.common.rest_client [req-d8605b53-7139-4ba3-9e35-5b09b1c73689 req-d8605b53-7139-4ba3-9e35-5b09b1c73689 ] Request (VolumesAssistedSnapshotsTest:test_volume_assisted_snapshot_create_delete): 200 PUT http://10.180.1.21:9696/networking/v2.0/floatingips/45f2f4a9-cfe3-4eed-a8b2-976e6071360b 1.882s
2025-05-14 11:20:07.606 69568 INFO tempest.lib.common.ssh [-] Creating ssh connection to '10.180.180.172:22' as 'cirros' with public key authentication
2025-05-14 11:20:07.619 69540 INFO tempest.lib.common.rest_client [req-acf9da18-8d34-472e-99f2-1428e63e50f5 req-acf9da18-8d34-472e-99f2-1428e63e50f5 ] Request (ServerTagsTestJSON:setUpClass): 200 GET http://10.180.1.21/compute/v2.1/servers/b087c3c9-77b1-4534-a0d6-f0c669420227 3.956s
2025-05-14 11:20:07.629 69540 INFO tempest.common.waiters [-] State transition "BUILD/None" ==> "BUILD/spawning" after 13 second wait
2025-05-14 11:20:07.640 69518 INFO tempest.lib.common.rest_client [req-90ef4cbb-033e-4f68-a8a0-6161ba9785fe req-90ef4cbb-033e-4f68-a8a0-6161ba9785fe ] Request (FlavorsAccessNegativeTestJSON:tearDownClass): 204 DELETE http://10.180.1.21:9696/networking/v2.0/security-groups/6bdbb3f1-b20e-49ae-ad96-a756feef98e4 0.124s
