2025-05-14 11:20:14.415 69532 INFO tempest.lib.common.dynamic_creds [-] Created isolated network resources for: credentials: Credentials: {'domain_id': 'default', 'domain_name': 'Default', 'username': 'tempest-SecurityGroupsTestAdminJSON-2086458373-project-admin', 'project_domain_id': 'default', 'project_domain_name': 'Default', 'project_id': '55e6ec2f86564f29932f6ebeaf1c5e1e', 'project_name': 'tempest-SecurityGroupsTestAdminJSON-2086458373', 'tenant_id': '55e6ec2f86564f29932f6ebeaf1c5e1e', 'tenant_name': 'tempest-SecurityGroupsTestAdminJSON-2086458373', 'user_domain_id': 'default', 'user_domain_name': 'Default', 'user_id': '4d5c62126d244b3889b826464b29e735', 'system': None}, Network: None, Subnet: None, Router: None
2025-05-14 11:20:14.433 69520 INFO tempest.lib.common.rest_client [req-4d8a617b-4d59-4992-a420-3baa809ae5ef req-4d8a617b-4d59-4992-a420-3baa809ae5ef ] Request (TenantUsagesNegativeTestJSON:tearDownClass): 200 GET http://10.180.1.21:9696/networking/v2.0/security-groups?tenant_id=865aeb29a37a498582953f97208c3b57&name=default 0.110s
2025-05-14 11:20:14.476 69536 INFO tempest.lib.common.rest_client [req-db3e8c84-b0c1-4e81-9383-736924de6cfb req-db3e8c84-b0c1-4e81-9383-736924de6cfb ] Request (ServersAdmin275Test:test_rebuild_update_server_275): 202 POST http://10.180.1.21/compute/v2.1/servers/02fcbb97-0a43-4a8d-acf8-d773de6f039a/action 2.341s
2025-05-14 11:20:14.488 69552 INFO tempest.lib.common.rest_client [req-d4b2e64b-23fb-4b52-9444-07d2595c0dde req-d4b2e64b-23fb-4b52-9444-07d2595c0dde ] Request (ServerDiagnosticsV248Test:tearDownClass): 200 GET http://10.180.1.21/compute/v2.1/servers/0c9e5fde-b283-4af2-9472-03f044e277a4 1.874s
2025-05-14 11:20:14.500 69532 INFO tempest.lib.common.rest_client [req-5597aa55-b07a-4906-8947-b3993f705988 req-5597aa55-b07a-4906-8947-b3993f705988 ] Request (SecurityGroupsTestAdminJSON:setUpClass): 201 POST http://10.180.1.21/identity/v3/auth/tokens 0.082s
2025-05-14 11:20:14.519 69520 INFO tempest.lib.common.rest_client [req-d5f1cd22-c5d8-4b07-ac1e-ad4bcbd5e6a4 req-d5f1cd22-c5d8-4b07-ac1e-ad4bcbd5e6a4 ] Request (TenantUsagesNegativeTestJSON:tearDownClass): 204 DELETE http://10.180.1.21:9696/networking/v2.0/security-groups/7d7a5c1e-3fab-4758-ac85-6beb01ed44e8 0.085s
2025-05-14 11:20:14.539 69550 INFO tempest.lib.common.rest_client [req-cfc9e0a4-68db-44e7-b355-0e761e2976c1 req-cfc9e0a4-68db-44e7-b355-0e761e2976c1 ] Request (ServersNegativeTestMultiTenantJSON:setUpClass): 200 GET http://10.180.1.21/compute/v2.1/servers/b917fe0d-6fb1-43bf-8d95-7e4ff9bbf11b 1.822s
2025-05-14 11:20:14.546 69542 INFO tempest.lib.common.rest_client [req-798b9a36-e2bd-4c34-a8f4-0537a499bbea req-798b9a36-e2bd-4c34-a8f4-0537a499bbea ] Request (ServerRescueNegativeTestJSON:setUpClass): 200 GET http://10.180.1.21/compute/v2.1/servers/4474a896-3a2b-4514-914b-9475f5e59b1d 1.529s
2025-05-14 11:20:14.601 69574 INFO tempest.lib.common.rest_client [req-230204c5-aa15-4ccd-951a-f081368e8720 req-230204c5-aa15-4ccd-951a-f081368e8720 ] Request (ServersTestBootFromVolume:setUpClass): 200 GET http://10.180.1.21/compute/v2.1/servers/b4ad9083-f525-471e-94cc-0f888acc8d6c 1.560s
2025-05-14 11:20:14.617 69534 INFO tempest.lib.common.rest_client [req-c41e0c46-c167-48ed-9722-027cedbef634 req-c41e0c46-c167-48ed-9722-027cedbef634 ] Request (ServerDiagnosticsNegativeTest:test_get_server_diagnostics_by_non_admin): 200 GET http://10.180.1.21/compute/v2.1/servers/e6f173d6-ddef-4073-9874-536a01b4db6c 1.566s
2025-05-14 11:20:14.631 69520 INFO tempest.lib.common.rest_client [req-26968903-8b08-4157-a53c-8e6772fe3119 req-26968903-8b08-4157-a53c-8e6772fe3119 ] Request (TenantUsagesNegativeTestJSON:tearDownClass): 204 DELETE http://10.180.1.21/identity/v3/projects/865aeb29a37a498582953f97208c3b57 0.112s
2025-05-14 11:20:14.717 69520 INFO tempest.lib.common.rest_client [req-098d0867-80e0-41d3-92e5-9a88ae636f68 req-098d0867-80e0-41d3-92e5-9a88ae636f68 ] Request (ImagesTestJSON:setUpClass): 201 POST http://10.180.1.21/identity/v3/auth/tokens 0.084s
2025-05-14 11:20:14.739 69548 INFO tempest.lib.common.rest_client [req-d30a587f-7ac0-45b7-b70c-144cc2e7496b req-d30a587f-7ac0-45b7-b70c-144cc2e7496b ] Request (ImagesOneServerTestJSON:setUpClass): 200 GET http://10.180.1.21/compute/v2.1/servers/ed0afb64-4bad-4309-88db-855477dadc8d 1.570s
2025-05-14 11:20:14.758 69564 INFO tempest.lib.common.rest_client [req-c5d6b29c-a039-4954-9caa-1681da5a371c req-c5d6b29c-a039-4954-9caa-1681da5a371c ] Request (AggregatesAdminNegativeTestJSON:test_aggregate_remove_host_as_user): 200 POST http://10.180.1.21/compute/v2.1/os-aggregates/7/action 1.592s
2025-05-14 11:20:14.760 69568 WARNING tempest.lib.common.ssh [-] Failed to establish authenticated ssh connection to cirros@10.180.180.172 ([Errno None] Unable to connect to port 22 on 10.180.180.172). Number attempts: 2. Retry after 3 seconds.: paramiko.ssh_exception.NoValidConnectionsError: [Errno None] Unable to connect to port 22 on 10.180.180.172
2025-05-14 11:20:14.765 69520 INFO tempest.lib.common.rest_client [req-7dc26881-e37e-4cfa-99df-e7d433ad8f07 req-7dc26881-e37e-4cfa-99df-e7d433ad8f07 ] Request (ImagesTestJSON:setUpClass): 201 POST http://10.180.1.21/identity/v3/auth/tokens 0.045s
2025-05-14 11:20:14.803 69520 INFO tempest.lib.common.rest_client [req-eeeca48e-7754-455a-a5b4-38cf714ec51c req-eeeca48e-7754-455a-a5b4-38cf714ec51c ] Request (ImagesTestJSON:setUpClass): 200 GET http://10.180.1.21/identity/v3/domains?name=Default 0.037s
2025-05-14 11:20:14.834 69520 INFO tempest.lib.common.rest_client [req-24f33b48-3b4c-42f5-b444-2dce96a9cb83 req-24f33b48-3b4c-42f5-b444-2dce96a9cb83 ] Request (ImagesTestJSON:setUpClass): 201 POST http://10.180.1.21/identity/v3/projects 0.030s
2025-05-14 11:20:14.908 69520 INFO tempest.lib.common.rest_client [req-538c2a2e-f894-4fe1-92b0-2855260aeb8d req-538c2a2e-f894-4fe1-92b0-2855260aeb8d ] Request (ImagesTestJSON:setUpClass): 201 POST http://10.180.1.21/identity/v3/users 0.074s
2025-05-14 11:20:14.938 69520 INFO tempest.lib.common.rest_client [req-f56ce139-90fa-4a8d-a326-bc6a6e6581b4 req-f56ce139-90fa-4a8d-a326-bc6a6e6581b4 ] Request (ImagesTestJSON:setUpClass): 200 GET http://10.180.1.21/identity/v3/roles 0.029s
2025-05-14 11:20:14.977 69520 INFO tempest.lib.common.rest_client [req-98292999-251c-456a-91df-7efd68ce5406 req-98292999-251c-456a-91df-7efd68ce5406 ] Request (ImagesTestJSON:setUpClass): 204 PUT http://10.180.1.21/identity/v3/projects/c26f4ab7abc14bac8ee32dd4b4c80d10/users/7104790afe104d359bbfde12024c94ed/roles/dbe078d05ff74ac3836de225a5dc409e 0.038s
2025-05-14 11:20:14.977 69520 INFO tempest.lib.common.dynamic_creds [-] Dynamic test user 7104790afe104d359bbfde12024c94ed is created with scope project and roles: ['member']
2025-05-14 11:20:14.978 69520 INFO tempest.lib.common.dynamic_creds [-] Acquired dynamic creds: credentials: Credentials: {'domain_id': 'default', 'domain_name': 'Default', 'username': 'tempest-ImagesTestJSON-1245210724-project-member', 'project_domain_id': 'default', 'project_domain_name': 'Default', 'project_id': 'c26f4ab7abc14bac8ee32dd4b4c80d10', 'project_name': 'tempest-ImagesTestJSON-1245210724', 'tenant_id': 'c26f4ab7abc14bac8ee32dd4b4c80d10', 'tenant_name': 'tempest-ImagesTestJSON-1245210724', 'user_domain_id': 'default', 'user_domain_name': 'Default', 'user_id': '7104790afe104d359bbfde12024c94ed', 'system': None}, Network: None, Subnet: None, Router: None
2025-05-14 11:20:15.049 69524 INFO tempest.lib.common.rest_client [req-1006d490-5697-49cf-90f0-899fc71c6bb0 req-1006d490-5697-49cf-90f0-899fc71c6bb0 ] Request (SecurityGroupRulesTestJSON:test_security_group_rules_delete_when_peer_group_deleted): 200 POST http://10.180.1.21/compute/v2.1/os-security-group-rules 1.745s
2025-05-14 11:20:15.055 69520 INFO tempest.lib.common.rest_client [req-433d4893-0a64-4270-bd1c-88305e8cb2fd req-433d4893-0a64-4270-bd1c-88305e8cb2fd ] Request (ImagesTestJSON:setUpClass): 201 POST http://10.180.1.21/identity/v3/auth/tokens 0.077s
2025-05-14 11:20:15.214 69554 INFO tempest.lib.common.rest_client [req-4e69b07e-a787-4c91-b4c8-dc689bd37dfa req-4e69b07e-a787-4c91-b4c8-dc689bd37dfa ] Request (MigrationsAdminTest:test_list_migrations_in_flavor_resize_situation): 200 GET http://10.180.1.21/compute/v2.1/servers/170cb828-e7a7-43fe-9dd8-80a676543da8 1.862s
2025-05-14 11:20:15.226 69554 INFO tempest.common.waiters [-] State transition "RESIZE/resize_migrated" ==> "RESIZE/resize_finish" after 27 second wait
2025-05-14 11:20:15.291 69558 INFO tempest.lib.common.rest_client [req-e82692b5-3027-4daa-888a-a009a8f3592d req-e82692b5-3027-4daa-888a-a009a8f3592d ] Request (ServerGroupTestJSON:test_create_server_with_scheduler_hint_group): 202 POST http://10.180.1.21/compute/v2.1/servers 2.074s
2025-05-14 11:20:15.370 69578 INFO tempest.lib.common.rest_client [req-9e49073d-27d1-41bb-b448-a422676848ca req-9e49073d-27d1-41bb-b448-a422676848ca ] Request (SecurityGroupRulesNegativeTestJSON:test_create_security_group_rule_with_invalid_ip_protocol): 200 POST http://10.180.1.21/compute/v2.1/os-security-groups 1.948s
2025-05-14 11:20:15.458 69520 INFO tempest.lib.common.rest_client [req-c854e1c8-3a29-45e1-aa03-9d94f4dba08f req-c854e1c8-3a29-45e1-aa03-9d94f4dba08f ] Request (ImagesTestJSON:setUpClass): 201 POST http://10.180.1.21:9696/networking/v2.0/networks 0.402s
2025-05-14 11:20:15.654 69576 INFO tempest.lib.common.rest_client [req-9bdfa002-a0bf-49c8-93a0-b2f339525b15 req-9bdfa002-a0bf-49c8-93a0-b2f339525b15 ] Request (AttachInterfacesUnderV243Test:test_add_remove_fixed_ip): 200 GET http://10.180.1.21/compute/v2.1/servers/845085dd-a45c-4a47-ae4a-825d9b8bb313 1.905s
2025-05-14 11:20:15.686 69520 INFO tempest.lib.common.rest_client [req-d638e98a-1ebe-41a0-85fb-34f492533166 req-d638e98a-1ebe-41a0-85fb-34f492533166 ] Request (ImagesTestJSON:setUpClass): 201 POST http://10.180.1.21:9696/networking/v2.0/subnets 0.228s
2025-05-14 11:20:15.767 69580 INFO tempest.lib.common.rest_client [req-d1e154e4-b380-473b-9509-2c90b27203b3 req-d1e154e4-b380-473b-9509-2c90b27203b3 ] Request (AttachInterfacesTestJSON:test_create_list_show_delete_interfaces_by_fixed_ip): 200 GET http://10.180.1.21/compute/v2.1/servers/f9e5a98f-f995-44e1-b204-ff950ad68d22 1.807s
2025-05-14 11:20:15.779 69580 INFO tempest.common.waiters [-] State transition "BUILD/spawning" ==> "ACTIVE/None" after 26 second wait
2025-05-14 11:20:15.792 69544 WARNING tempest.lib.common.ssh [-] Failed to establish authenticated ssh connection to cirros@10.180.180.228 ([Errno None] Unable to connect to port 22 on 10.180.180.228). Number attempts: 1. Retry after 2 seconds.: paramiko.ssh_exception.NoValidConnectionsError: [Errno None] Unable to connect to port 22 on 10.180.180.228
2025-05-14 11:20:15.872 69538 INFO tempest.lib.common.rest_client [req-617d6a0d-a31a-476a-b36c-560ff742f47e req-617d6a0d-a31a-476a-b36c-560ff742f47e ] Request (ServerDiagnosticsTest:tearDownClass): 200 GET http://10.180.1.21/compute/v2.1/servers/92a8a8bc-2d46-4984-a510-67c5a73730b9 1.833s
2025-05-14 11:20:15.874 69572 INFO tempest.lib.common.rest_client [req-54f892e3-5e5c-42a2-8122-2c194a7d4528 req-54f892e3-5e5c-42a2-8122-2c194a7d4528 ] Request (ListImageFiltersTestJSON:setUpClass): 202 POST http://10.180.1.21/compute/v2.1/servers/75ded7ab-ca91-4934-9e94-43701beec4f4/action 2.425s
2025-05-14 11:20:15.956 69518 INFO tempest.lib.common.rest_client [req-5617263e-506a-4efe-b832-de8f9fb45b9d req-5617263e-506a-4efe-b832-de8f9fb45b9d ] Request (TenantUsagesTestJSON:setUpClass): 200 GET http://10.180.1.21/compute/v2.1/servers/a26f3479-bdce-4304-85b5-a152a01e8e18 1.836s
2025-05-14 11:20:16.099 69526 INFO tempest.lib.common.rest_client [req-f405859a-68d1-4610-aa8c-4837e7e60e74 req-f405859a-68d1-4610-aa8c-4837e7e60e74 ] Request (ServerDiskConfigTestJSON:test_rebuild_server_with_auto_disk_config): 200 GET http://10.180.1.21/compute/v2.1/servers/fc474a2e-4354-4b6c-a3de-b26c4004eb6f 2.005s
2025-05-14 11:20:16.116 69526 INFO tempest.common.waiters [-] State transition "BUILD/networking" ==> "BUILD/spawning" after 17 second wait
2025-05-14 11:20:16.129 69528 INFO tempest.lib.common.rest_client [req-c673a6a2-d4f0-4e53-ba4e-be5f7bccf959 req-c673a6a2-d4f0-4e53-ba4e-be5f7bccf959 ] Request (FlavorsAdminTestJSON:test_is_public_string_variations): 200 GET http://10.180.1.21/compute/v2.1/flavors/detail?is_public=no 1.906s
2025-05-14 11:20:16.208 69560 INFO tempest.lib.common.rest_client [req-7f68c967-688c-4928-baca-c1995e76719d req-7f68c967-688c-4928-baca-c1995e76719d ] Request (VolumesAdminNegativeTest:test_update_attached_volume_with_nonexistent_volume_in_body): 200 GET http://10.180.1.21/compute/v2.1/servers/f0ae9bc5-8fc7-4c58-89e9-4791269d7fc5 1.848s
2025-05-14 11:20:16.293 69562 INFO tempest.lib.common.rest_client [req-d39c966e-cd56-4f8a-82e1-d55715448c26 req-d39c966e-cd56-4f8a-82e1-d55715448c26 ] Request (FloatingIPsAssociationTestJSON:test_associate_already_associated_floating_ip): 200 GET http://10.180.1.21/compute/v2.1/servers/78d8fda0-154d-4522-9536-a53205b767b5 1.866s
2025-05-14 11:20:16.426 69536 INFO tempest.lib.common.rest_client [req-12d5bbed-60a9-4216-b7e9-ecf548e02acf req-12d5bbed-60a9-4216-b7e9-ecf548e02acf ] Request (ServersAdmin275Test:_run_cleanups): 200 GET http://10.180.1.21/compute/v2.1/servers/02fcbb97-0a43-4a8d-acf8-d773de6f039a 1.937s
2025-05-14 11:20:16.946 69520 INFO tempest.lib.common.rest_client [req-cb3cb097-c357-4eea-a91f-a3ae6bca3a6b req-cb3cb097-c357-4eea-a91f-a3ae6bca3a6b ] Request (ImagesTestJSON:setUpClass): 201 POST http://10.180.1.21:9696/networking/v2.0/routers 1.259s
2025-05-14 11:20:17.000 69532 INFO tempest.lib.common.rest_client [req-2fc65f64-2452-44fb-ae30-6eea764ce977 req-2fc65f64-2452-44fb-ae30-6eea764ce977 ] Request (SecurityGroupsTestAdminJSON:test_list_security_groups_list_all_tenants_filter): 200 POST http://10.180.1.21/compute/v2.1/os-security-groups 2.498s
2025-05-14 11:20:17.095 69522 INFO tempest.lib.common.rest_client [req-c53f6c21-a191-4e17-89af-29007c973e34 req-c53f6c21-a191-4e17-89af-29007c973e34 ] Request (ServerExternalEventsTest:tearDownClass): 200 GET http://10.180.1.21/compute/v2.1/servers/0df38957-90e2-4ac3-a5cb-e960148bc42a 2.556s
2025-05-14 11:20:17.108 69564 INFO tempest.lib.common.rest_client [req-5a838094-34a5-4fbb-997c-222627b3f69e req-5a838094-34a5-4fbb-997c-222627b3f69e ] Request (AggregatesAdminNegativeTestJSON:test_aggregate_remove_host_as_user): 403 POST http://10.180.1.21/compute/v2.1/os-aggregates/7/action 2.348s
2025-05-14 11:20:17.128 69556 WARNING tempest.lib.common.ssh [-] Failed to establish authenticated ssh connection to cirros@10.180.180.234 ([Errno None] Unable to connect to port 22 on 10.180.180.234). Number attempts: 2. Retry after 3 seconds.: paramiko.ssh_exception.NoValidConnectionsError: [Errno None] Unable to connect to port 22 on 10.180.180.234
2025-05-14 11:20:17.277 69540 INFO tempest.lib.common.rest_client [req-59480fda-6314-4cee-a4d7-332b8877403b req-59480fda-6314-4cee-a4d7-332b8877403b ] Request (ServerTagsTestJSON:setUpClass): 200 GET http://10.180.1.21/compute/v2.1/servers/b087c3c9-77b1-4534-a0d6-f0c669420227 2.342s
2025-05-14 11:20:17.292 69540 INFO tempest.common.waiters [-] State transition "BUILD/spawning" ==> "ACTIVE/None" after 23 second wait
2025-05-14 11:20:17.337 69570 INFO tempest.lib.common.rest_client [req-61413899-fa34-4247-9cba-3bf5201542d9 req-61413899-fa34-4247-9cba-3bf5201542d9 ] Request (DeleteServersAdminTestJSON:test_delete_server_while_in_error_state): 200 GET http://10.180.1.21/compute/v2.1/servers/0545ab25-1b1b-4de6-bab9-0c9bac9a91fa 2.334s
2025-05-14 11:20:17.339 69567 INFO tempest.lib.common.rest_client [req-398badfc-a67a-4721-b7af-e32755d20e2c req-398badfc-a67a-4721-b7af-e32755d20e2c ] Request (FloatingIPsAssociationNegativeTestJSON:_run_cleanups): 202 POST http://10.180.1.21/compute/v2.1/servers/ba75cdda-3f68-487b-8d99-5e1f1adf6b92/action 3.144s
2025-05-14 11:20:17.419 69558 INFO tempest.lib.common.rest_client [req-8357a6bd-a9d1-44c9-ad4a-6c7f9ea466a6 req-8357a6bd-a9d1-44c9-ad4a-6c7f9ea466a6 ] Request (ServerGroupTestJSON:test_create_server_with_scheduler_hint_group): 200 GET http://10.180.1.21/compute/v2.1/servers/ab6db5cd-6631-420e-b822-199107ecbeb2 2.126s
2025-05-14 11:20:17.471 69578 INFO tempest.lib.common.rest_client [req-c3de2af3-af89-4c4f-864b-96256e96b86c req-c3de2af3-af89-4c4f-864b-96256e96b86c ] Request (SecurityGroupRulesNegativeTestJSON:test_create_security_group_rule_with_invalid_ip_protocol): 400 POST http://10.180.1.21/compute/v2.1/os-security-group-rules 2.096s
2025-05-14 11:20:17.508 69524 INFO tempest.lib.common.rest_client [req-3fed4192-9734-4cb6-a426-f4be30d61ac2 req-3fed4192-9734-4cb6-a426-f4be30d61ac2 ] Request (SecurityGroupRulesTestJSON:test_security_group_rules_delete_when_peer_group_deleted): 202 DELETE http://10.180.1.21/compute/v2.1/os-security-groups/5834cc3b-69e3-4188-82bc-82a2c2501244 2.456s
2025-05-14 11:20:17.600 69552 INFO tempest.lib.common.rest_client [req-84ffeabf-89a1-4776-877f-c69578519beb req-84ffeabf-89a1-4776-877f-c69578519beb ] Request (ServerDiagnosticsV248Test:tearDownClass): 200 GET http://10.180.1.21/compute/v2.1/servers/0c9e5fde-b283-4af2-9472-03f044e277a4 2.100s
2025-05-14 11:20:17.604 69530 INFO tempest.lib.common.rest_client [req-ab89d3c7-4f1d-4fa2-b627-feff38068c9c req-ab89d3c7-4f1d-4fa2-b627-feff38068c9c ] Request (AttachInterfacesV270Test:test_create_get_list_interfaces): 200 GET http://10.180.1.21/compute/v2.1/servers/a45f0012-e8da-45c5-9eb4-7550564fd275 2.192s
2025-05-14 11:20:17.690 69550 INFO tempest.lib.common.rest_client [req-c7174ce2-7acf-4ec2-88f6-77645706cafb req-c7174ce2-7acf-4ec2-88f6-77645706cafb ] Request (ServersNegativeTestMultiTenantJSON:setUpClass): 200 GET http://10.180.1.21/compute/v2.1/servers/b917fe0d-6fb1-43bf-8d95-7e4ff9bbf11b 2.141s
2025-05-14 11:20:17.693 69542 INFO tempest.lib.common.rest_client [req-5af3880f-0d0a-4633-98b6-cb269f6257eb req-5af3880f-0d0a-4633-98b6-cb269f6257eb ] Request (ServerRescueNegativeTestJSON:setUpClass): 200 GET http://10.180.1.21/compute/v2.1/servers/4474a896-3a2b-4514-914b-9475f5e59b1d 2.138s
2025-05-14 11:20:17.698 69550 INFO tempest.common.waiters [-] State transition "BUILD/scheduling" ==> "BUILD/None" after 9 second wait
2025-05-14 11:20:17.702 69542 INFO tempest.common.waiters [-] State transition "BUILD/scheduling" ==> "BUILD/None" after 8 second wait
2025-05-14 11:20:17.762 69534 INFO tempest.lib.common.rest_client [req-5bf696a8-6812-4cf8-ac32-87c0118f0b62 req-5bf696a8-6812-4cf8-ac32-87c0118f0b62 ] Request (ServerDiagnosticsNegativeTest:test_get_server_diagnostics_by_non_admin): 200 GET http://10.180.1.21/compute/v2.1/servers/e6f173d6-ddef-4073-9874-536a01b4db6c 2.136s
2025-05-14 11:20:17.786 69574 INFO tempest.lib.common.rest_client [req-85a2a6b4-edf7-414a-875e-34ed7efcd91e req-85a2a6b4-edf7-414a-875e-34ed7efcd91e ] Request (ServersTestBootFromVolume:setUpClass): 200 GET http://10.180.1.21/compute/v2.1/servers/b4ad9083-f525-471e-94cc-0f888acc8d6c 2.175s
2025-05-14 11:20:17.867 69580 INFO tempest.lib.common.rest_client [req-16c69f48-10b3-4c8c-b2ca-6a4146d86873 req-16c69f48-10b3-4c8c-b2ca-6a4146d86873 ] Request (AttachInterfacesTestJSON:test_create_list_show_delete_interfaces_by_fixed_ip): 200 GET http://10.180.1.21/compute/v2.1/servers/f9e5a98f-f995-44e1-b204-ff950ad68d22/os-interface 2.088s
2025-05-14 11:20:17.923 69572 INFO tempest.lib.common.rest_client [req-c30cd849-dd2c-41a9-9959-91068efab87e req-c30cd849-dd2c-41a9-9959-91068efab87e ] Request (ListImageFiltersTestJSON:setUpClass): 200 GET http://10.180.1.21/compute/v2.1/images/f6adc16a-929d-464a-bc47-86fd7f066c73 2.048s
2025-05-14 11:20:17.935 69548 INFO tempest.lib.common.rest_client [req-4e9835a6-0bba-4f6d-995f-1362ee945bdc req-4e9835a6-0bba-4f6d-995f-1362ee945bdc ] Request (ImagesOneServerTestJSON:setUpClass): 200 GET http://10.180.1.21/compute/v2.1/servers/ed0afb64-4bad-4309-88db-855477dadc8d 2.186s
2025-05-14 11:20:17.942 69520 INFO tempest.lib.common.rest_client [req-5338adbe-d4d1-486e-9164-872a31597028 req-5338adbe-d4d1-486e-9164-872a31597028 ] Request (ImagesTestJSON:setUpClass): 200 PUT http://10.180.1.21:9696/networking/v2.0/routers/4a4979cf-f31d-4b5a-a756-d06578ef4595/add_router_interface 0.995s
2025-05-14 11:20:17.943 69520 INFO tempest.lib.common.dynamic_creds [-] Created isolated network resources for: credentials: Credentials: {'domain_id': 'default', 'domain_name': 'Default', 'username': 'tempest-ImagesTestJSON-1245210724-project-member', 'project_domain_id': 'default', 'project_domain_name': 'Default', 'project_id': 'c26f4ab7abc14bac8ee32dd4b4c80d10', 'project_name': 'tempest-ImagesTestJSON-1245210724', 'tenant_id': 'c26f4ab7abc14bac8ee32dd4b4c80d10', 'tenant_name': 'tempest-ImagesTestJSON-1245210724', 'user_domain_id': 'default', 'user_domain_name': 'Default', 'user_id': '7104790afe104d359bbfde12024c94ed', 'system': None}, Network: {'id': '21d46fe8-ac4c-4908-972a-4c74f40057ea', 'name': 'tempest-ImagesTestJSON-1918860150-network', 'tenant_id': 'c26f4ab7abc14bac8ee32dd4b4c80d10', 'admin_state_up': True, 'mtu': 8950, 'status': 'ACTIVE', 'subnets': [], 'shared': False, 'project_id': 'c26f4ab7abc14bac8ee32dd4b4c80d10', 'port_security_enabled': True, 'router:external': False, 'provider:network_type': 'vlan', 'provider:physical_network': 'default', 'provider:segmentation_id': 674, 'availability_zone_hints': [], 'availability_zones': [], 'ipv4_address_scope': None, 'ipv6_address_scope': None, 'description': '', 'tags': [], 'created_at': '2025-05-14T11:20:15Z', 'updated_at': '2025-05-14T11:20:15Z', 'revision_number': 1}, Subnet: {'id': '1dcf74f6-74d4-4164-a7c8-95669074e4ce', 'name': 'tempest-ImagesTestJSON-1918860150-subnet', 'tenant_id': 'c26f4ab7abc14bac8ee32dd4b4c80d10', 'network_id': '21d46fe8-ac4c-4908-972a-4c74f40057ea', 'ip_version': 4, 'subnetpool_id': None, 'enable_dhcp': True, 'ipv6_ra_mode': None, 'ipv6_address_mode': None, 'gateway_ip': '192.168.128.1', 'cidr': '192.168.128.0/28', 'allocation_pools': [{'start': '192.168.128.2', 'end': '192.168.128.14'}], 'host_routes': [], 'dns_nameservers': [], 'description': '', 'router:external': False, 'service_types': [], 'tags': [], 'created_at': '2025-05-14T11:20:15Z', 'updated_at': '2025-05-14T11:20:15Z', 'revision_number': 0, 'project_id': 'c26f4ab7abc14bac8ee32dd4b4c80d10'}, Router: {'id': '4a4979cf-f31d-4b5a-a756-d06578ef4595', 'name': 'tempest-ImagesTestJSON-1918860150-router', 'tenant_id': 'c26f4ab7abc14bac8ee32dd4b4c80d10', 'admin_state_up': True, 'status': 'ACTIVE', 'external_gateway_info': {'network_id': 'a16a3a52-9cc4-4796-8f9c-f6f9025d8d22', 'external_fixed_ips': [{'subnet_id': 'd95ed1eb-29ce-4e41-b267-fed6060dfae6', 'ip_address': '10.180.180.149'}], 'enable_snat': True}, 'description': '', 'availability_zones': [], 'distributed': False, 'ha': False, 'availability_zone_hints': [], 'routes': [], 'flavor_id': None, 'tags': [], 'created_at': '2025-05-14T11:20:15Z', 'updated_at': '2025-05-14T11:20:16Z', 'revision_number': 2, 'project_id': 'c26f4ab7abc14bac8ee32dd4b4c80d10'}
2025-05-14 11:20:17.956 69528 INFO tempest.lib.common.rest_client [req-390786e1-7400-4ffb-b5d1-d51b8a3d3da8 req-390786e1-7400-4ffb-b5d1-d51b8a3d3da8 ] Request (FlavorsAdminTestJSON:test_is_public_string_variations): 200 GET http://10.180.1.21/compute/v2.1/flavors/detail?is_public=0 1.820s
2025-05-14 11:20:18.050 69576 INFO tempest.lib.common.rest_client [req-94fdc8e0-f81f-4bdc-a2ee-8e8ad038540f req-94fdc8e0-f81f-4bdc-a2ee-8e8ad038540f ] Request (AttachInterfacesUnderV243Test:test_add_remove_fixed_ip): 200 GET http://10.180.1.21/compute/v2.1/servers/845085dd-a45c-4a47-ae4a-825d9b8bb313 1.384s
2025-05-14 11:20:18.056 69520 INFO tempest.lib.common.rest_client [req-9412f04b-942c-4093-a3fb-67449a7fa4d7 req-9412f04b-942c-4093-a3fb-67449a7fa4d7 ] Request (ImagesTestJSON:setUpClass): 201 POST http://10.180.1.21/identity/v3/auth/tokens 0.109s
2025-05-14 11:20:18.060 69554 INFO tempest.lib.common.rest_client [req-ab6847a9-ac9b-4568-8fbf-3b174e9d5856 req-ab6847a9-ac9b-4568-8fbf-3b174e9d5856 ] Request (MigrationsAdminTest:test_list_migrations_in_flavor_resize_situation): 200 GET http://10.180.1.21/compute/v2.1/servers/170cb828-e7a7-43fe-9dd8-80a676543da8 1.833s
2025-05-14 11:20:18.070 69554 INFO tempest.common.waiters [-] State transition "RESIZE/resize_finish" ==> "VERIFY_RESIZE/None" after 30 second wait
2025-05-14 11:20:18.099 69520 INFO tempest.lib.common.rest_client [req-afc4835b-c9b4-4d55-942d-a993dd508aff req-afc4835b-c9b4-4d55-942d-a993dd508aff ] Request (ImagesTestJSON:test_create_image_from_stopped_server): 201 POST http://10.180.1.21/identity/v3/auth/tokens 0.037s
2025-05-14 11:20:18.099 69520 INFO tempest.lib.common.fixed_network [-] (ImagesTestJSON:test_create_image_from_stopped_server) Found network {'id': '21d46fe8-ac4c-4908-972a-4c74f40057ea', 'name': 'tempest-ImagesTestJSON-1918860150-network', 'tenant_id': 'c26f4ab7abc14bac8ee32dd4b4c80d10', 'admin_state_up': True, 'mtu': 8950, 'status': 'ACTIVE', 'subnets': [], 'shared': False, 'project_id': 'c26f4ab7abc14bac8ee32dd4b4c80d10', 'port_security_enabled': True, 'router:external': False, 'provider:network_type': 'vlan', 'provider:physical_network': 'default', 'provider:segmentation_id': 674, 'availability_zone_hints': [], 'availability_zones': [], 'ipv4_address_scope': None, 'ipv6_address_scope': None, 'description': '', 'tags': [], 'created_at': '2025-05-14T11:20:15Z', 'updated_at': '2025-05-14T11:20:15Z', 'revision_number': 1} available for tenant
2025-05-14 11:20:18.122 69538 INFO tempest.lib.common.rest_client [req-84917ca2-181f-4443-ac1c-1eac4ff78fe0 req-84917ca2-181f-4443-ac1c-1eac4ff78fe0 ] Request (ServerDiagnosticsTest:tearDownClass): 200 GET http://10.180.1.21/compute/v2.1/servers/92a8a8bc-2d46-4984-a510-67c5a73730b9 1.237s
2025-05-14 11:20:18.141 69518 INFO tempest.lib.common.rest_client [req-e19e98f6-1c5b-45ee-9ef1-ea97e817bbed req-e19e98f6-1c5b-45ee-9ef1-ea97e817bbed ] Request (TenantUsagesTestJSON:setUpClass): 200 GET http://10.180.1.21/compute/v2.1/servers/a26f3479-bdce-4304-85b5-a152a01e8e18 1.171s
2025-05-14 11:20:18.256 69532 INFO tempest.lib.common.rest_client [req-fcd2f0c3-f23f-44f6-aa27-0748fdecd62b req-fcd2f0c3-f23f-44f6-aa27-0748fdecd62b ] Request (SecurityGroupsTestAdminJSON:test_list_security_groups_list_all_tenants_filter): 200 POST http://10.180.1.21/compute/v2.1/os-security-groups 1.249s
2025-05-14 11:20:18.379 69526 INFO tempest.lib.common.rest_client [req-ee1a6de3-7b11-43a6-87e1-ab083466c879 req-ee1a6de3-7b11-43a6-87e1-ab083466c879 ] Request (ServerDiskConfigTestJSON:test_rebuild_server_with_auto_disk_config): 200 GET http://10.180.1.21/compute/v2.1/servers/fc474a2e-4354-4b6c-a3de-b26c4004eb6f 1.263s
2025-05-14 11:20:18.437 69560 INFO tempest.lib.common.rest_client [req-3ce86fe8-fe97-4f60-be8f-ffcaec598b54 req-3ce86fe8-fe97-4f60-be8f-ffcaec598b54 ] Request (VolumesAdminNegativeTest:test_update_attached_volume_with_nonexistent_volume_in_body): 200 GET http://10.180.1.21/compute/v2.1/servers/f0ae9bc5-8fc7-4c58-89e9-4791269d7fc5 1.219s
2025-05-14 11:20:18.453 69564 INFO tempest.lib.common.rest_client [req-603d62a4-0bc8-46ba-9630-f3e2bde03fa2 req-603d62a4-0bc8-46ba-9630-f3e2bde03fa2 ] Request (AggregatesAdminNegativeTestJSON:_run_cleanups): 200 POST http://10.180.1.21/compute/v2.1/os-aggregates/7/action 1.344s
2025-05-14 11:20:18.507 69562 INFO tempest.lib.common.rest_client [req-fdd8daa6-3d51-46fc-82a7-cc798da06bd4 req-fdd8daa6-3d51-46fc-82a7-cc798da06bd4 ] Request (FloatingIPsAssociationTestJSON:test_associate_already_associated_floating_ip): 200 GET http://10.180.1.21/compute/v2.1/servers/78d8fda0-154d-4522-9536-a53205b767b5 1.203s
2025-05-14 11:20:18.516 69562 INFO tempest.common.waiters [-] State transition "BUILD/None" ==> "BUILD/networking" after 16 second wait
2025-05-14 11:20:18.532 69540 INFO tempest.lib.common.rest_client [req-afd2eb32-e327-42a1-81b6-226168f8a63b req-afd2eb32-e327-42a1-81b6-226168f8a63b ] Request (ServerTagsTestJSON:test_check_tag_existence): 201 PUT http://10.180.1.21/compute/v2.1/servers/b087c3c9-77b1-4534-a0d6-f0c669420227/tags/tempest-tag-191988403 1.239s
2025-05-14 11:20:18.622 69536 INFO tempest.lib.common.rest_client [req-7fbd166c-97ee-47d7-8acb-e5471d1261a2 req-7fbd166c-97ee-47d7-8acb-e5471d1261a2 ] Request (ServersAdmin275Test:_run_cleanups): 200 GET http://10.180.1.21/compute/v2.1/servers/02fcbb97-0a43-4a8d-acf8-d773de6f039a 1.178s
2025-05-14 11:20:18.632 69536 INFO tempest.common.waiters [-] State transition "REBUILD/rebuilding" ==> "REBUILD/rebuild_spawning" after 2 second wait
2025-05-14 11:20:18.856 69544 WARNING tempest.lib.common.ssh [-] Failed to establish authenticated ssh connection to cirros@10.180.180.228 ([Errno None] Unable to connect to port 22 on 10.180.180.228). Number attempts: 2. Retry after 3 seconds.: paramiko.ssh_exception.NoValidConnectionsError: [Errno None] Unable to connect to port 22 on 10.180.180.228
2025-05-14 11:20:18.945 69578 INFO tempest.lib.common.rest_client [req-a447a7dd-2959-4da2-b6c4-fb34ed67d6d4 req-a447a7dd-2959-4da2-b6c4-fb34ed67d6d4 ] Request (SecurityGroupRulesNegativeTestJSON:test_create_security_group_rule_with_invalid_port_range): 200 POST http://10.180.1.21/compute/v2.1/os-security-groups 1.473s
2025-05-14 11:20:19.011 69524 INFO tempest.lib.common.rest_client [req-a8320c80-76fe-4f74-b81f-fe0fa243d143 req-a8320c80-76fe-4f74-b81f-fe0fa243d143 ] Request (SecurityGroupRulesTestJSON:test_security_group_rules_delete_when_peer_group_deleted): 200 GET http://10.180.1.21/compute/v2.1/os-security-groups/674ae9fa-0f35-4003-93ed-641de5719ade 1.502s
2025-05-14 11:20:19.074 69528 INFO tempest.lib.common.rest_client [req-f29ec8a7-4ece-44df-8d5b-78487fdd6753 req-f29ec8a7-4ece-44df-8d5b-78487fdd6753 ] Request (FlavorsAdminTestJSON:test_is_public_string_variations): 200 GET http://10.180.1.21/compute/v2.1/flavors/detail?is_public=t 1.110s
2025-05-14 11:20:19.148 69580 INFO tempest.lib.common.rest_client [req-bb806bb6-9616-47ed-aec6-7231af4faca8 req-bb806bb6-9616-47ed-aec6-7231af4faca8 ] Request (AttachInterfacesTestJSON:test_create_list_show_delete_interfaces_by_fixed_ip): 200 PUT http://10.180.1.21:9696/networking/v2.0/floatingips/8f14c5b8-49c1-438c-a3b7-e08325b0f1f6 1.278s
2025-05-14 11:20:19.152 69554 INFO tempest.lib.common.rest_client [req-9d797d08-2500-4547-8a55-b32a5496ccc5 req-9d797d08-2500-4547-8a55-b32a5496ccc5 ] Request (MigrationsAdminTest:test_list_migrations_in_flavor_resize_situation): 204 POST http://10.180.1.21/compute/v2.1/servers/170cb828-e7a7-43fe-9dd8-80a676543da8/action 1.081s
2025-05-14 11:20:19.241 69567 INFO tempest.lib.common.rest_client [req-a5deb88f-828b-4a51-a747-10c6d89ef5fd req-a5deb88f-828b-4a51-a747-10c6d89ef5fd ] Request (FloatingIPsAssociationNegativeTestJSON:_run_cleanups): 202 DELETE http://10.180.1.21/compute/v2.1/os-floating-ips/8c8edc3b-848c-464c-bf71-c7a25eafa099 1.901s
2025-05-14 11:20:19.345 69522 INFO tempest.lib.common.rest_client [req-28345836-10e8-4512-b321-8604b8779a05 req-28345836-10e8-4512-b321-8604b8779a05 ] Request (ServerExternalEventsTest:tearDownClass): 200 GET http://10.180.1.21/compute/v2.1/servers/0df38957-90e2-4ac3-a5cb-e960148bc42a 1.238s
2025-05-14 11:20:19.720 69520 INFO tempest.lib.common.rest_client [req-4fd44208-343b-4966-83bc-c5a63cee7a06 req-4fd44208-343b-4966-83bc-c5a63cee7a06 ] Request (ImagesTestJSON:test_create_image_from_stopped_server): 202 POST http://10.180.1.21/compute/v2.1/servers 1.620s
2025-05-14 11:20:19.797 69570 INFO tempest.lib.common.rest_client [req-756bb788-ce2f-4e41-914f-f04b3e4dbd86 req-756bb788-ce2f-4e41-914f-f04b3e4dbd86 ] Request (DeleteServersAdminTestJSON:test_delete_server_while_in_error_state): 200 GET http://10.180.1.21/compute/v2.1/servers/0545ab25-1b1b-4de6-bab9-0c9bac9a91fa 1.449s
2025-05-14 11:20:19.829 69532 INFO tempest.lib.common.rest_client [req-d520d937-b6e9-4aaa-a461-ac70a97458be req-d520d937-b6e9-4aaa-a461-ac70a97458be ] Request (SecurityGroupsTestAdminJSON:test_list_security_groups_list_all_tenants_filter): 200 POST http://10.180.1.21/compute/v2.1/os-security-groups 1.565s
2025-05-14 11:20:19.851 69564 INFO tempest.lib.common.rest_client [req-bcd0d737-e44e-4171-9928-56b31ee273c3 req-bcd0d737-e44e-4171-9928-56b31ee273c3 ] Request (AggregatesAdminNegativeTestJSON:_run_cleanups): 200 DELETE http://10.180.1.21/compute/v2.1/os-aggregates/7 1.395s
2025-05-14 11:20:19.877 69540 INFO tempest.lib.common.rest_client [req-f19fbd67-882c-41e9-a586-4891ca9b1b8e req-f19fbd67-882c-41e9-a586-4891ca9b1b8e ] Request (ServerTagsTestJSON:test_check_tag_existence): 204 GET http://10.180.1.21/compute/v2.1/servers/b087c3c9-77b1-4534-a0d6-f0c669420227/tags/tempest-tag-191988403 1.344s
2025-05-14 11:20:19.882 69558 INFO tempest.lib.common.rest_client [req-818ed83a-3d2e-4d3c-b3ff-575900a761a9 req-818ed83a-3d2e-4d3c-b3ff-575900a761a9 ] Request (ServerGroupTestJSON:test_create_server_with_scheduler_hint_group): 200 GET http://10.180.1.21/compute/v2.1/servers/ab6db5cd-6631-420e-b822-199107ecbeb2 1.449s
2025-05-14 11:20:19.964 69552 INFO tempest.lib.common.rest_client [req-049d3bb5-c7c1-4705-aa9f-e7399a6fbda8 req-049d3bb5-c7c1-4705-aa9f-e7399a6fbda8 ] Request (ServerDiagnosticsV248Test:tearDownClass): 200 GET http://10.180.1.21/compute/v2.1/servers/0c9e5fde-b283-4af2-9472-03f044e277a4 1.346s
2025-05-14 11:20:20.024 69550 INFO tempest.lib.common.rest_client [req-c30ab5f6-358b-40fb-ad82-3e90d6cac849 req-c30ab5f6-358b-40fb-ad82-3e90d6cac849 ] Request (ServersNegativeTestMultiTenantJSON:setUpClass): 200 GET http://10.180.1.21/compute/v2.1/servers/b917fe0d-6fb1-43bf-8d95-7e4ff9bbf11b 1.325s
2025-05-14 11:20:20.047 69530 INFO tempest.lib.common.rest_client [req-737b18ca-43c5-4d92-81e0-0c1a633b6c70 req-737b18ca-43c5-4d92-81e0-0c1a633b6c70 ] Request (AttachInterfacesV270Test:test_create_get_list_interfaces): 200 GET http://10.180.1.21/compute/v2.1/servers/a45f0012-e8da-45c5-9eb4-7550564fd275 1.432s
2025-05-14 11:20:20.076 69542 INFO tempest.lib.common.rest_client [req-439af9c6-cd84-431d-a5fd-2c3aa23adedb req-439af9c6-cd84-431d-a5fd-2c3aa23adedb ] Request (ServerRescueNegativeTestJSON:setUpClass): 200 GET http://10.180.1.21/compute/v2.1/servers/4474a896-3a2b-4514-914b-9475f5e59b1d 1.372s
2025-05-14 11:20:20.122 69534 INFO tempest.lib.common.rest_client [req-94994faf-5474-4777-899d-406920908a5f req-94994faf-5474-4777-899d-406920908a5f ] Request (ServerDiagnosticsNegativeTest:test_get_server_diagnostics_by_non_admin): 200 GET http://10.180.1.21/compute/v2.1/servers/e6f173d6-ddef-4073-9874-536a01b4db6c 1.350s
2025-05-14 11:20:20.152 69574 INFO tempest.lib.common.rest_client [req-6d459069-ec3c-42bc-8b39-63826db33e85 req-6d459069-ec3c-42bc-8b39-63826db33e85 ] Request (ServersTestBootFromVolume:setUpClass): 200 GET http://10.180.1.21/compute/v2.1/servers/b4ad9083-f525-471e-94cc-0f888acc8d6c 1.354s
2025-05-14 11:20:20.155 69572 INFO tempest.lib.common.rest_client [req-22a6d5b9-a662-4851-9eb8-2d4937f298ce req-22a6d5b9-a662-4851-9eb8-2d4937f298ce ] Request (ListImageFiltersTestJSON:setUpClass): 200 GET http://10.180.1.21/compute/v2.1/images/f6adc16a-929d-464a-bc47-86fd7f066c73 1.223s
2025-05-14 11:20:20.191 69578 INFO tempest.lib.common.rest_client [req-07bdff80-3c55-4d62-a181-bd3cc9c35248 req-07bdff80-3c55-4d62-a181-bd3cc9c35248 ] Request (SecurityGroupRulesNegativeTestJSON:test_create_security_group_rule_with_invalid_port_range): 400 POST http://10.180.1.21/compute/v2.1/os-security-group-rules 1.239s
2025-05-14 11:20:20.388 69548 INFO tempest.lib.common.rest_client [req-d2daf3bd-d39f-44fc-a4ae-92af9b393076 req-d2daf3bd-d39f-44fc-a4ae-92af9b393076 ] Request (ImagesOneServerTestJSON:setUpClass): 200 GET http://10.180.1.21/compute/v2.1/servers/ed0afb64-4bad-4309-88db-855477dadc8d 1.441s
2025-05-14 11:20:20.477 69576 INFO tempest.lib.common.rest_client [req-c4aa1bf4-480c-4c06-8848-5522ff4bf5a7 req-c4aa1bf4-480c-4c06-8848-5522ff4bf5a7 ] Request (AttachInterfacesUnderV243Test:test_add_remove_fixed_ip): 200 GET http://10.180.1.21/compute/v2.1/servers/845085dd-a45c-4a47-ae4a-825d9b8bb313 1.411s
2025-05-14 11:20:20.504 69524 INFO tempest.lib.common.rest_client [req-bacd0104-c389-4e74-b9b8-af85a0e0632d req-bacd0104-c389-4e74-b9b8-af85a0e0632d ] Request (SecurityGroupRulesTestJSON:test_security_group_rules_list): 200 POST http://10.180.1.21/compute/v2.1/os-security-groups 1.488s
2025-05-14 11:20:20.510 69528 INFO tempest.lib.common.rest_client [req-82d2836f-171c-473c-a5ba-ec79c65db10b req-82d2836f-171c-473c-a5ba-ec79c65db10b ] Request (FlavorsAdminTestJSON:test_is_public_string_variations): 200 GET http://10.180.1.21/compute/v2.1/flavors/detail?is_public=true 1.431s
2025-05-14 11:20:20.592 69538 INFO tempest.lib.common.rest_client [req-cd55b1f9-d0d4-4b47-b0db-82d0183e8be2 req-cd55b1f9-d0d4-4b47-b0db-82d0183e8be2 ] Request (ServerDiagnosticsTest:tearDownClass): 200 GET http://10.180.1.21/compute/v2.1/servers/92a8a8bc-2d46-4984-a510-67c5a73730b9 1.454s
2025-05-14 11:20:20.660 69518 INFO tempest.lib.common.rest_client [req-4f42f771-ac77-4706-a689-8254108b8c47 req-4f42f771-ac77-4706-a689-8254108b8c47 ] Request (TenantUsagesTestJSON:setUpClass): 200 GET http://10.180.1.21/compute/v2.1/servers/a26f3479-bdce-4304-85b5-a152a01e8e18 1.508s
2025-05-14 11:20:20.723 69580 INFO tempest.lib.common.rest_client [req-7c2188cc-85a8-4333-952d-9f9997fde838 req-7c2188cc-85a8-4333-952d-9f9997fde838 ] Request (AttachInterfacesTestJSON:test_create_list_show_delete_interfaces_by_fixed_ip): 200 GET http://10.180.1.21/compute/v2.1/servers/f9e5a98f-f995-44e1-b204-ff950ad68d22 1.574s
2025-05-14 11:20:20.735 69580 INFO tempest.lib.common.ssh [-] Creating ssh connection to '10.180.180.148:22' as 'cirros' with public key authentication
2025-05-14 11:20:20.736 69567 INFO tempest.lib.common.rest_client [req-54a30da4-b310-4471-8ab0-400446ce9605 req-54a30da4-b310-4471-8ab0-400446ce9605 ] Request (FloatingIPsAssociationNegativeTestJSON:test_associate_ip_to_server_without_passing_floating_ip): 400 POST http://10.180.1.21/compute/v2.1/servers/ba75cdda-3f68-487b-8d99-5e1f1adf6b92/action 1.486s
2025-05-14 11:20:20.829 69554 INFO tempest.lib.common.rest_client [req-c2564a12-bc4a-4fa1-81c5-8c23c5071534 req-c2564a12-bc4a-4fa1-81c5-8c23c5071534 ] Request (MigrationsAdminTest:test_list_migrations_in_flavor_resize_situation): 200 GET http://10.180.1.21/compute/v2.1/servers/170cb828-e7a7-43fe-9dd8-80a676543da8 1.677s
2025-05-14 11:20:20.863 69526 INFO tempest.lib.common.rest_client [req-490294de-0365-412b-be9c-772813c12476 req-490294de-0365-412b-be9c-772813c12476 ] Request (ServerDiskConfigTestJSON:test_rebuild_server_with_auto_disk_config): 200 GET http://10.180.1.21/compute/v2.1/servers/fc474a2e-4354-4b6c-a3de-b26c4004eb6f 1.475s
2025-05-14 11:20:20.892 69560 INFO tempest.lib.common.rest_client [req-e7259671-a6a8-4d75-a02c-9a42541fa5d3 req-e7259671-a6a8-4d75-a02c-9a42541fa5d3 ] Request (VolumesAdminNegativeTest:test_update_attached_volume_with_nonexistent_volume_in_body): 200 GET http://10.180.1.21/compute/v2.1/servers/f0ae9bc5-8fc7-4c58-89e9-4791269d7fc5 1.446s
2025-05-14 11:20:20.990 69536 INFO tempest.lib.common.rest_client [req-a5af066f-2a2b-4fbf-9734-2c35f838f390 req-a5af066f-2a2b-4fbf-9734-2c35f838f390 ] Request (ServersAdmin275Test:_run_cleanups): 200 GET http://10.180.1.21/compute/v2.1/servers/02fcbb97-0a43-4a8d-acf8-d773de6f039a 1.357s
2025-05-14 11:20:20.995 69562 INFO tempest.lib.common.rest_client [req-b9587ad9-7ba8-4c74-989d-f15b7897044f req-b9587ad9-7ba8-4c74-989d-f15b7897044f ] Request (FloatingIPsAssociationTestJSON:test_associate_already_associated_floating_ip): 200 GET http://10.180.1.21/compute/v2.1/servers/78d8fda0-154d-4522-9536-a53205b767b5 1.478s
2025-05-14 11:20:21.002 69562 INFO tempest.common.waiters [-] State transition "BUILD/networking" ==> "BUILD/spawning" after 19 second wait
2025-05-14 11:20:21.055 69520 INFO tempest.lib.common.rest_client [req-13532491-9769-4098-86f9-bce5ef76aa02 req-13532491-9769-4098-86f9-bce5ef76aa02 ] Request (ImagesTestJSON:test_create_image_from_stopped_server): 200 GET http://10.180.1.21/compute/v2.1/servers/852b6ac9-90c7-4b98-a443-993274dcaa55 1.332s
2025-05-14 11:20:21.081 69564 INFO tempest.lib.common.rest_client [req-7e052ed7-59bb-4f77-aa58-c9db5591382d req-7e052ed7-59bb-4f77-aa58-c9db5591382d ] Request (AggregatesAdminNegativeTestJSON:test_aggregate_remove_nonexistent_host): 200 POST http://10.180.1.21/compute/v2.1/os-aggregates 1.228s
2025-05-14 11:20:21.162 69540 INFO tempest.lib.common.rest_client [req-171a05de-8a94-4d1e-827a-ed88f75d96d9 req-171a05de-8a94-4d1e-827a-ed88f75d96d9 ] Request (ServerTagsTestJSON:_run_cleanups): 204 DELETE http://10.180.1.21/compute/v2.1/servers/b087c3c9-77b1-4534-a0d6-f0c669420227/tags 1.284s
2025-05-14 11:20:21.186 69532 INFO tempest.lib.common.rest_client [req-aaf0a3aa-2802-4285-8c03-d05b8c8aa239 req-aaf0a3aa-2802-4285-8c03-d05b8c8aa239 ] Request (SecurityGroupsTestAdminJSON:test_list_security_groups_list_all_tenants_filter): 200 POST http://10.180.1.21/compute/v2.1/os-security-groups 1.351s
2025-05-14 11:20:21.282 69522 INFO tempest.lib.common.rest_client [req-b81f3fe2-de3b-41be-9b44-f330ad003e30 req-b81f3fe2-de3b-41be-9b44-f330ad003e30 ] Request (ServerExternalEventsTest:tearDownClass): 200 GET http://10.180.1.21/compute/v2.1/servers/0df38957-90e2-4ac3-a5cb-e960148bc42a 0.925s
2025-05-14 11:20:21.352 69568 WARNING tempest.lib.common.ssh [-] Failed to establish authenticated ssh connection to cirros@10.180.180.172 ([Errno None] Unable to connect to port 22 on 10.180.180.172). Number attempts: 3. Retry after 4 seconds.: paramiko.ssh_exception.NoValidConnectionsError: [Errno None] Unable to connect to port 22 on 10.180.180.172
2025-05-14 11:20:21.452 69578 INFO tempest.lib.common.rest_client [req-cf89222c-0e5a-4866-ad67-4e94f034bba6 req-cf89222c-0e5a-4866-ad67-4e94f034bba6 ] Request (SecurityGroupRulesNegativeTestJSON:test_create_security_group_rule_with_invalid_to_port): 200 POST http://10.180.1.21/compute/v2.1/os-security-groups 1.259s
2025-05-14 11:20:21.494 69528 INFO tempest.lib.common.rest_client [req-93cf8519-241a-463d-9256-d9163e841ec3 req-93cf8519-241a-463d-9256-d9163e841ec3 ] Request (FlavorsAdminTestJSON:test_is_public_string_variations): 200 GET http://10.180.1.21/compute/v2.1/flavors/detail?is_public=yes 0.979s
2025-05-14 11:20:21.696 69524 INFO tempest.lib.common.rest_client [req-df0f9965-0df6-4b41-be68-97f8fda5658c req-df0f9965-0df6-4b41-be68-97f8fda5658c ] Request (SecurityGroupRulesTestJSON:test_security_group_rules_list): 200 POST http://10.180.1.21/compute/v2.1/os-security-group-rules 1.190s
2025-05-14 11:20:21.980 69567 INFO tempest.lib.common.rest_client [req-d47375af-4b5f-4a00-b195-47860626a175 req-d47375af-4b5f-4a00-b195-47860626a175 ] Request (FloatingIPsAssociationNegativeTestJSON:test_associate_nonexistent_floating_ip): 404 POST http://10.180.1.21/compute/v2.1/servers/ba75cdda-3f68-487b-8d99-5e1f1adf6b92/action 1.242s
2025-05-14 11:20:21.993 69570 INFO tempest.lib.common.rest_client [req-d2e9cf6a-9edf-4006-ad17-93aa1e7d7c51 req-d2e9cf6a-9edf-4006-ad17-93aa1e7d7c51 ] Request (DeleteServersAdminTestJSON:test_delete_server_while_in_error_state): 200 GET http://10.180.1.21/compute/v2.1/servers/0545ab25-1b1b-4de6-bab9-0c9bac9a91fa 1.180s
2025-05-14 11:20:22.010 69552 INFO tempest.lib.common.rest_client [req-c77c0798-efc5-4937-a066-901d566fed40 req-c77c0798-efc5-4937-a066-901d566fed40 ] Request (ServerDiagnosticsV248Test:tearDownClass): 404 GET http://10.180.1.21/compute/v2.1/servers/0c9e5fde-b283-4af2-9472-03f044e277a4 1.034s
2025-05-14 11:20:22.039 69558 INFO tempest.lib.common.rest_client [req-d216e221-a7a6-4583-b11e-086f05f44193 req-d216e221-a7a6-4583-b11e-086f05f44193 ] Request (ServerGroupTestJSON:test_create_server_with_scheduler_hint_group): 200 GET http://10.180.1.21/compute/v2.1/servers/ab6db5cd-6631-420e-b822-199107ecbeb2 1.145s
2025-05-14 11:20:22.078 69550 INFO tempest.lib.common.rest_client [req-d794f15a-2662-4bae-a593-c43fd3d25ea8 req-d794f15a-2662-4bae-a593-c43fd3d25ea8 ] Request (ServersNegativeTestMultiTenantJSON:setUpClass): 200 GET http://10.180.1.21/compute/v2.1/servers/b917fe0d-6fb1-43bf-8d95-7e4ff9bbf11b 1.044s
2025-05-14 11:20:22.114 69564 INFO tempest.lib.common.rest_client [req-09a13451-9ffc-49c9-909f-fd17d001bb6f req-09a13451-9ffc-49c9-909f-fd17d001bb6f ] Request (AggregatesAdminNegativeTestJSON:test_aggregate_remove_nonexistent_host): 404 POST http://10.180.1.21/compute/v2.1/os-aggregates/8/action 1.031s
2025-05-14 11:20:22.126 69552 INFO tempest.lib.common.rest_client [req-e07f178b-57dc-423f-a61d-58bebf624055 req-e07f178b-57dc-423f-a61d-58bebf624055 ] Request (ServerDiagnosticsV248Test:tearDownClass): 204 DELETE http://10.180.1.21/identity/v3/users/8d4914a8eab1486c884f4afd6693b428 0.115s
2025-05-14 11:20:22.198 69542 INFO tempest.lib.common.rest_client [req-e2af931a-0c03-43d1-812d-5202a66d1a78 req-e2af931a-0c03-43d1-812d-5202a66d1a78 ] Request (ServerRescueNegativeTestJSON:setUpClass): 200 GET http://10.180.1.21/compute/v2.1/servers/4474a896-3a2b-4514-914b-9475f5e59b1d 1.111s
2025-05-14 11:20:22.271 69552 INFO tempest.lib.common.rest_client [req-04db3e8c-9599-4794-80e8-a3e60bfb1f87 req-04db3e8c-9599-4794-80e8-a3e60bfb1f87 ] Request (ServerDiagnosticsV248Test:tearDownClass): 204 DELETE http://10.180.1.21/identity/v3/users/df44f3ab88564df5910258bd3d869dba 0.145s
2025-05-14 11:20:22.271 69552 INFO tempest.lib.common.dynamic_creds [-] Deleting project and security group for project: 1984099d9af549e8b1436d45f0601aa3
2025-05-14 11:20:22.279 69534 INFO tempest.lib.common.rest_client [req-f69ca483-72da-42dc-8f9c-df29850d1adc req-f69ca483-72da-42dc-8f9c-df29850d1adc ] Request (ServerDiagnosticsNegativeTest:test_get_server_diagnostics_by_non_admin): 200 GET http://10.180.1.21/compute/v2.1/servers/e6f173d6-ddef-4073-9874-536a01b4db6c 1.149s
2025-05-14 11:20:22.285 69530 INFO tempest.lib.common.rest_client [req-1c965f0e-c230-4f30-9eaf-42ddbe0fbfb4 req-1c965f0e-c230-4f30-9eaf-42ddbe0fbfb4 ] Request (AttachInterfacesV270Test:test_create_get_list_interfaces): 200 GET http://10.180.1.21/compute/v2.1/servers/a45f0012-e8da-45c5-9eb4-7550564fd275 1.226s
2025-05-14 11:20:22.296 69530 INFO tempest.common.waiters [-] State transition "BUILD/spawning" ==> "ACTIVE/None" after 26 second wait
2025-05-14 11:20:22.318 69572 INFO tempest.lib.common.rest_client [req-27285671-7bf1-4a93-965d-6117725d8e60 req-27285671-7bf1-4a93-965d-6117725d8e60 ] Request (ListImageFiltersTestJSON:setUpClass): 200 GET http://10.180.1.21/compute/v2.1/images/f6adc16a-929d-464a-bc47-86fd7f066c73 1.157s
2025-05-14 11:20:22.334 69540 INFO tempest.lib.common.rest_client [req-227f8fe4-b914-497e-b958-67c539a4b357 req-227f8fe4-b914-497e-b958-67c539a4b357 ] Request (ServerTagsTestJSON:test_create_delete_tag): 200 GET http://10.180.1.21/compute/v2.1/servers/b087c3c9-77b1-4534-a0d6-f0c669420227/tags 1.170s
2025-05-14 11:20:22.351 69574 INFO tempest.lib.common.rest_client [req-372e088a-24cb-4d0d-849a-6c3290e6957e req-372e088a-24cb-4d0d-849a-6c3290e6957e ] Request (ServersTestBootFromVolume:setUpClass): 200 GET http://10.180.1.21/compute/v2.1/servers/b4ad9083-f525-471e-94cc-0f888acc8d6c 1.189s
2025-05-14 11:20:22.353 69552 INFO tempest.lib.common.rest_client [req-e153e067-29ca-47f5-a0f4-2e8ea77a0b92 req-e153e067-29ca-47f5-a0f4-2e8ea77a0b92 ] Request (ServerDiagnosticsV248Test:tearDownClass): 201 POST http://10.180.1.21/identity/v3/auth/tokens 0.081s
2025-05-14 11:20:22.548 69552 INFO tempest.lib.common.rest_client [req-2b842a06-cc9f-4d0f-9bac-edba15db0e4c req-2b842a06-cc9f-4d0f-9bac-edba15db0e4c ] Request (ServerDiagnosticsV248Test:tearDownClass): 200 GET http://10.180.1.21:9696/networking/v2.0/security-groups?tenant_id=1984099d9af549e8b1436d45f0601aa3&name=default 0.195s
2025-05-14 11:20:22.560 69548 INFO tempest.lib.common.rest_client [req-0f50a0a5-3a6b-481b-961c-53b50b29dde9 req-0f50a0a5-3a6b-481b-961c-53b50b29dde9 ] Request (ImagesOneServerTestJSON:setUpClass): 200 GET http://10.180.1.21/compute/v2.1/servers/ed0afb64-4bad-4309-88db-855477dadc8d 1.162s
2025-05-14 11:20:22.567 69548 INFO tempest.common.waiters [-] State transition "BUILD/spawning" ==> "ACTIVE/None" after 24 second wait
2025-05-14 11:20:22.601 69578 INFO tempest.lib.common.rest_client [req-80c28672-dd34-4a15-82ed-81276f5837a2 req-80c28672-dd34-4a15-82ed-81276f5837a2 ] Request (SecurityGroupRulesNegativeTestJSON:test_create_security_group_rule_with_invalid_to_port): 400 POST http://10.180.1.21/compute/v2.1/os-security-group-rules 1.144s
2025-05-14 11:20:22.640 69552 INFO tempest.lib.common.rest_client [req-503071ee-1209-461b-ac00-9bbd28c0cb2c req-503071ee-1209-461b-ac00-9bbd28c0cb2c ] Request (ServerDiagnosticsV248Test:tearDownClass): 204 DELETE http://10.180.1.21:9696/networking/v2.0/security-groups/4d68dd67-ecd4-4894-9ef8-eb82bc800cbc 0.092s
2025-05-14 11:20:22.676 69576 INFO tempest.lib.common.rest_client [req-0f5d6d83-942d-4144-b3af-438c16cc447e req-0f5d6d83-942d-4144-b3af-438c16cc447e ] Request (AttachInterfacesUnderV243Test:test_add_remove_fixed_ip): 200 GET http://10.180.1.21/compute/v2.1/servers/845085dd-a45c-4a47-ae4a-825d9b8bb313 1.190s
2025-05-14 11:20:22.709 69528 INFO tempest.lib.common.rest_client [req-68a45de9-919a-482f-81f3-68496ffa4680 req-68a45de9-919a-482f-81f3-68496ffa4680 ] Request (FlavorsAdminTestJSON:test_is_public_string_variations): 200 GET http://10.180.1.21/compute/v2.1/flavors/detail?is_public=1 1.200s
2025-05-14 11:20:22.721 69552 INFO tempest.lib.common.rest_client [req-55789a91-c447-4177-84ee-841f6c504da7 req-55789a91-c447-4177-84ee-841f6c504da7 ] Request (ServerDiagnosticsV248Test:tearDownClass): 204 DELETE http://10.180.1.21/identity/v3/projects/1984099d9af549e8b1436d45f0601aa3 0.080s
2025-05-14 11:20:22.721 69552 INFO tempest.lib.common.dynamic_creds [-] Deleting project and security group for project: db022b4749344632a68395d62d31929d
2025-05-14 11:20:22.730 69538 INFO tempest.lib.common.rest_client [req-15d56389-9d69-4b5b-b1d2-e8c0839fc215 req-15d56389-9d69-4b5b-b1d2-e8c0839fc215 ] Request (ServerDiagnosticsTest:tearDownClass): 404 GET http://10.180.1.21/compute/v2.1/servers/92a8a8bc-2d46-4984-a510-67c5a73730b9 1.130s
