2025-05-14 11:20:22.804 69518 INFO tempest.lib.common.rest_client [req-3e64edc5-959f-4447-a121-46edbe47f2ee req-3e64edc5-959f-4447-a121-46edbe47f2ee ] Request (TenantUsagesTestJSON:setUpClass): 200 GET http://10.180.1.21/compute/v2.1/servers/a26f3479-bdce-4304-85b5-a152a01e8e18 1.135s
2025-05-14 11:20:22.814 69518 INFO tempest.common.waiters [-] State transition "BUILD/scheduling" ==> "BUILD/None" after 9 second wait
2025-05-14 11:20:22.858 69552 INFO tempest.lib.common.rest_client [req-5a255f06-0fee-45b8-8a64-ca6ac7ae5c8b req-5a255f06-0fee-45b8-8a64-ca6ac7ae5c8b ] Request (ServerDiagnosticsV248Test:tearDownClass): 200 GET http://10.180.1.21:9696/networking/v2.0/security-groups?tenant_id=db022b4749344632a68395d62d31929d&name=default 0.136s
2025-05-14 11:20:22.863 69538 INFO tempest.lib.common.rest_client [req-197b3694-3ff4-43ca-a8fb-15c90bd97640 req-197b3694-3ff4-43ca-a8fb-15c90bd97640 ] Request (ServerDiagnosticsTest:tearDownClass): 204 DELETE http://10.180.1.21/identity/v3/users/96b8b40d6ede490989c94e8155bdb4d9 0.132s
2025-05-14 11:20:22.945 69552 INFO tempest.lib.common.rest_client [req-6a26dccc-2d11-4bdd-91b5-adbf0e3c15ca req-6a26dccc-2d11-4bdd-91b5-adbf0e3c15ca ] Request (ServerDiagnosticsV248Test:tearDownClass): 204 DELETE http://10.180.1.21:9696/networking/v2.0/security-groups/548794b9-42df-4cd9-9d0c-322eddb592cb 0.087s
2025-05-14 11:20:22.980 69538 INFO tempest.lib.common.rest_client [req-d43ffc60-0186-4efd-9bcf-66c494701a52 req-d43ffc60-0186-4efd-9bcf-66c494701a52 ] Request (ServerDiagnosticsTest:tearDownClass): 204 DELETE http://10.180.1.21/identity/v3/users/2b86bb10c4d34c858c1e21996add4ab7 0.116s
2025-05-14 11:20:22.980 69538 INFO tempest.lib.common.dynamic_creds [-] Deleting project and security group for project: 27b8edae81a7442c831152ef453bfd0c
2025-05-14 11:20:23.047 69552 INFO tempest.lib.common.rest_client [req-de53b982-b103-45b4-94c6-15eb3ebdef92 req-de53b982-b103-45b4-94c6-15eb3ebdef92 ] Request (ServerDiagnosticsV248Test:tearDownClass): 204 DELETE http://10.180.1.21/identity/v3/projects/db022b4749344632a68395d62d31929d 0.101s
2025-05-14 11:20:23.048 69538 INFO tempest.lib.common.rest_client [req-424e6149-7119-41b2-94ef-90a7e8fffb0c req-424e6149-7119-41b2-94ef-90a7e8fffb0c ] Request (ServerDiagnosticsTest:tearDownClass): 201 POST http://10.180.1.21/identity/v3/auth/tokens 0.068s
2025-05-14 11:20:23.090 69524 INFO tempest.lib.common.rest_client [req-5d3e6747-95f5-4c6d-a286-954c1622d33f req-5d3e6747-95f5-4c6d-a286-954c1622d33f ] Request (SecurityGroupRulesTestJSON:test_security_group_rules_list): 200 POST http://10.180.1.21/compute/v2.1/os-security-group-rules 1.391s
2025-05-14 11:20:23.116 69552 INFO tempest.lib.common.rest_client [req-1e60d39b-8ff8-4502-a444-f8fce55c1cba req-1e60d39b-8ff8-4502-a444-f8fce55c1cba ] Request (ServersAdminNegativeTestJSON:setUpClass): 201 POST http://10.180.1.21/identity/v3/auth/tokens 0.067s
2025-05-14 11:20:23.149 69552 INFO tempest.lib.common.rest_client [req-d7c316a3-4ba7-4330-b223-13ceaf785fdd req-d7c316a3-4ba7-4330-b223-13ceaf785fdd ] Request (ServersAdminNegativeTestJSON:setUpClass): 201 POST http://10.180.1.21/identity/v3/auth/tokens 0.029s
2025-05-14 11:20:23.177 69552 INFO tempest.lib.common.rest_client [req-5e5458c8-c700-4512-b3d2-4bdc76258a1d req-5e5458c8-c700-4512-b3d2-4bdc76258a1d ] Request (ServersAdminNegativeTestJSON:setUpClass): 200 GET http://10.180.1.21/identity/v3/domains?name=Default 0.028s
2025-05-14 11:20:23.218 69552 INFO tempest.lib.common.rest_client [req-51d4f6cf-d6d6-4e28-b0fc-b43f8f2b1917 req-51d4f6cf-d6d6-4e28-b0fc-b43f8f2b1917 ] Request (ServersAdminNegativeTestJSON:setUpClass): 201 POST http://10.180.1.21/identity/v3/projects 0.040s
2025-05-14 11:20:23.240 69538 INFO tempest.lib.common.rest_client [req-724db0b8-866a-419f-a796-3c8c66b4273c req-724db0b8-866a-419f-a796-3c8c66b4273c ] Request (ServerDiagnosticsTest:tearDownClass): 200 GET http://10.180.1.21:9696/networking/v2.0/security-groups?tenant_id=27b8edae81a7442c831152ef453bfd0c&name=default 0.191s
2025-05-14 11:20:23.288 69554 INFO tempest.lib.common.rest_client [req-6481e43f-9de9-45e3-b4c6-5d2a1fec7255 req-6481e43f-9de9-45e3-b4c6-5d2a1fec7255 ] Request (MigrationsAdminTest:test_list_migrations_in_flavor_resize_situation): 200 GET http://10.180.1.21/compute/v2.1/servers/170cb828-e7a7-43fe-9dd8-80a676543da8 1.449s
2025-05-14 11:20:23.311 69552 INFO tempest.lib.common.rest_client [req-4799b9e1-87a4-4f51-a687-ffc3bc235524 req-4799b9e1-87a4-4f51-a687-ffc3bc235524 ] Request (ServersAdminNegativeTestJSON:setUpClass): 201 POST http://10.180.1.21/identity/v3/users 0.091s
2025-05-14 11:20:23.337 69552 INFO tempest.lib.common.rest_client [req-660c6fcf-c4e7-4d5b-b63c-7efcff5c129a req-660c6fcf-c4e7-4d5b-b63c-7efcff5c129a ] Request (ServersAdminNegativeTestJSON:setUpClass): 200 GET http://10.180.1.21/identity/v3/roles 0.025s
2025-05-14 11:20:23.356 69538 INFO tempest.lib.common.rest_client [req-678cc5ec-4c50-4e54-ab0d-50caa0912b3c req-678cc5ec-4c50-4e54-ab0d-50caa0912b3c ] Request (ServerDiagnosticsTest:tearDownClass): 204 DELETE http://10.180.1.21:9696/networking/v2.0/security-groups/aa535b82-e1cd-4d4a-9994-f97b75b51d5e 0.115s
2025-05-14 11:20:23.384 69552 INFO tempest.lib.common.rest_client [req-990621d6-9911-486f-b563-8d600b2b05d8 req-990621d6-9911-486f-b563-8d600b2b05d8 ] Request (ServersAdminNegativeTestJSON:setUpClass): 204 PUT http://10.180.1.21/identity/v3/projects/da8b421f47994c8489d0829b086e3449/users/e887726e85cf440a8799665ac5b4d110/roles/dbe078d05ff74ac3836de225a5dc409e 0.047s
2025-05-14 11:20:23.384 69552 INFO tempest.lib.common.dynamic_creds [-] Dynamic test user e887726e85cf440a8799665ac5b4d110 is created with scope project and roles: ['member']
2025-05-14 11:20:23.384 69552 INFO tempest.lib.common.dynamic_creds [-] Acquired dynamic creds: credentials: Credentials: {'domain_id': 'default', 'domain_name': 'Default', 'username': 'tempest-ServersAdminNegativeTestJSON-879816592-project-member', 'project_domain_id': 'default', 'project_domain_name': 'Default', 'project_id': 'da8b421f47994c8489d0829b086e3449', 'project_name': 'tempest-ServersAdminNegativeTestJSON-879816592', 'tenant_id': 'da8b421f47994c8489d0829b086e3449', 'tenant_name': 'tempest-ServersAdminNegativeTestJSON-879816592', 'user_domain_id': 'default', 'user_domain_name': 'Default', 'user_id': 'e887726e85cf440a8799665ac5b4d110', 'system': None}, Network: None, Subnet: None, Router: None
2025-05-14 11:20:23.385 69552 INFO tempest.lib.common.dynamic_creds [-] Created isolated network resources for: credentials: Credentials: {'domain_id': 'default', 'domain_name': 'Default', 'username': 'tempest-ServersAdminNegativeTestJSON-879816592-project-member', 'project_domain_id': 'default', 'project_domain_name': 'Default', 'project_id': 'da8b421f47994c8489d0829b086e3449', 'project_name': 'tempest-ServersAdminNegativeTestJSON-879816592', 'tenant_id': 'da8b421f47994c8489d0829b086e3449', 'tenant_name': 'tempest-ServersAdminNegativeTestJSON-879816592', 'user_domain_id': 'default', 'user_domain_name': 'Default', 'user_id': 'e887726e85cf440a8799665ac5b4d110', 'system': None}, Network: None, Subnet: None, Router: None
2025-05-14 11:20:23.447 69538 INFO tempest.lib.common.rest_client [req-45818394-0474-4849-ac05-69a1d1622ce8 req-45818394-0474-4849-ac05-69a1d1622ce8 ] Request (ServerDiagnosticsTest:tearDownClass): 204 DELETE http://10.180.1.21/identity/v3/projects/27b8edae81a7442c831152ef453bfd0c 0.090s
2025-05-14 11:20:23.447 69538 INFO tempest.lib.common.dynamic_creds [-] Deleting project and security group for project: 649cf8edf93e49a588c6902a84f7ae24
2025-05-14 11:20:23.506 69552 INFO tempest.lib.common.rest_client [req-58bc3fc0-0599-4376-a40a-1294ff0d077a req-58bc3fc0-0599-4376-a40a-1294ff0d077a ] Request (ServersAdminNegativeTestJSON:setUpClass): 201 POST http://10.180.1.21/identity/v3/auth/tokens 0.114s
2025-05-14 11:20:23.583 69538 INFO tempest.lib.common.rest_client [req-9d339708-0263-463d-91e9-0c7552d7212b req-9d339708-0263-463d-91e9-0c7552d7212b ] Request (ServerDiagnosticsTest:tearDownClass): 200 GET http://10.180.1.21:9696/networking/v2.0/security-groups?tenant_id=649cf8edf93e49a588c6902a84f7ae24&name=default 0.135s
2025-05-14 11:20:23.608 69526 INFO tempest.lib.common.rest_client [req-b89b1410-1e28-4e20-a4a8-1278410246b1 req-b89b1410-1e28-4e20-a4a8-1278410246b1 ] Request (ServerDiskConfigTestJSON:test_rebuild_server_with_auto_disk_config): 200 GET http://10.180.1.21/compute/v2.1/servers/fc474a2e-4354-4b6c-a3de-b26c4004eb6f 1.737s
2025-05-14 11:20:23.609 69552 INFO tempest.lib.common.rest_client [req-e4f310f9-d1bd-493a-b520-f3a5f4a5146b req-e4f310f9-d1bd-493a-b520-f3a5f4a5146b ] Request (ServersAdminNegativeTestJSON:setUpClass): 201 POST http://10.180.1.21/identity/v3/projects 0.103s
2025-05-14 11:20:23.694 69538 INFO tempest.lib.common.rest_client [req-0c42ed0a-9b80-43c9-b116-2353b60d5e98 req-0c42ed0a-9b80-43c9-b116-2353b60d5e98 ] Request (ServerDiagnosticsTest:tearDownClass): 204 DELETE http://10.180.1.21:9696/networking/v2.0/security-groups/8168369d-908f-4930-83a4-647514ebf12b 0.111s
2025-05-14 11:20:23.697 69552 INFO tempest.lib.common.rest_client [req-dca868db-771c-4c43-b8d5-e49ab4aa2ee2 req-dca868db-771c-4c43-b8d5-e49ab4aa2ee2 ] Request (ServersAdminNegativeTestJSON:setUpClass): 201 POST http://10.180.1.21/identity/v3/users 0.087s
2025-05-14 11:20:23.717 69560 INFO tempest.lib.common.rest_client [req-6c094e13-bf53-4a74-a051-2a154a9b3f23 req-6c094e13-bf53-4a74-a051-2a154a9b3f23 ] Request (VolumesAdminNegativeTest:test_update_attached_volume_with_nonexistent_volume_in_body): 200 GET http://10.180.1.21/compute/v2.1/servers/f0ae9bc5-8fc7-4c58-89e9-4791269d7fc5 1.818s
2025-05-14 11:20:23.721 69556 WARNING tempest.lib.common.ssh [-] Failed to establish authenticated ssh connection to cirros@10.180.180.234 ([Errno None] Unable to connect to port 22 on 10.180.180.234). Number attempts: 3. Retry after 4 seconds.: paramiko.ssh_exception.NoValidConnectionsError: [Errno None] Unable to connect to port 22 on 10.180.180.234
2025-05-14 11:20:23.725 69560 INFO tempest.common.waiters [-] State transition "BUILD/scheduling" ==> "BUILD/None" after 13 second wait
2025-05-14 11:20:23.727 69552 INFO tempest.lib.common.rest_client [req-b008b635-4b45-49ff-8c7c-6fe20e8eff6d req-b008b635-4b45-49ff-8c7c-6fe20e8eff6d ] Request (ServersAdminNegativeTestJSON:setUpClass): 200 GET http://10.180.1.21/identity/v3/roles 0.029s
2025-05-14 11:20:23.765 69552 INFO tempest.lib.common.rest_client [req-97ebc4d1-78c2-4314-a3d7-c3d322887f1f req-97ebc4d1-78c2-4314-a3d7-c3d322887f1f ] Request (ServersAdminNegativeTestJSON:setUpClass): 204 PUT http://10.180.1.21/identity/v3/projects/417829718a80465cadff6787b3b907b2/users/89a0777bddeb424c94566d16ad893cb4/roles/2afcf9b0d9c442878439415351d1ac32 0.038s
2025-05-14 11:20:23.774 69567 INFO tempest.lib.common.rest_client [req-70bda3aa-85e6-4dae-bde3-504f123b37df req-70bda3aa-85e6-4dae-bde3-504f123b37df ] Request (FloatingIPsAssociationNegativeTestJSON:test_dissociate_nonexistent_floating_ip): 404 POST http://10.180.1.21/compute/v2.1/servers/ba75cdda-3f68-487b-8d99-5e1f1adf6b92/action 1.792s
2025-05-14 11:20:23.795 69538 INFO tempest.lib.common.rest_client [req-deb57b46-9150-4417-969b-366fe994df52 req-deb57b46-9150-4417-969b-366fe994df52 ] Request (ServerDiagnosticsTest:tearDownClass): 204 DELETE http://10.180.1.21/identity/v3/projects/649cf8edf93e49a588c6902a84f7ae24 0.100s
2025-05-14 11:20:23.886 69538 INFO tempest.lib.common.rest_client [req-31730b22-4367-4516-8d4b-348e0c29fa92 req-31730b22-4367-4516-8d4b-348e0c29fa92 ] Request (FloatingIPsTestJSON:setUpClass): 201 POST http://10.180.1.21/identity/v3/auth/tokens 0.088s
2025-05-14 11:20:23.895 69552 INFO tempest.lib.common.rest_client [req-d0dd5a70-3341-4711-a7f3-38a742b28fa4 req-d0dd5a70-3341-4711-a7f3-38a742b28fa4 ] Request (ServersAdminNegativeTestJSON:setUpClass): 200 GET http://10.180.1.21/identity/v3/roles 0.129s
2025-05-14 11:20:23.921 69580 WARNING tempest.lib.common.ssh [-] Failed to establish authenticated ssh connection to cirros@10.180.180.148 ([Errno None] Unable to connect to port 22 on 10.180.180.148). Number attempts: 1. Retry after 2 seconds.: paramiko.ssh_exception.NoValidConnectionsError: [Errno None] Unable to connect to port 22 on 10.180.180.148
2025-05-14 11:20:23.923 69538 INFO tempest.lib.common.rest_client [req-3a2de058-db96-43c1-8924-ef66230a41d3 req-3a2de058-db96-43c1-8924-ef66230a41d3 ] Request (FloatingIPsTestJSON:setUpClass): 201 POST http://10.180.1.21/identity/v3/auth/tokens 0.035s
2025-05-14 11:20:23.960 69552 INFO tempest.lib.common.rest_client [req-a673f057-a6cd-4f53-bf4a-3d5d8a6e72e5 req-a673f057-a6cd-4f53-bf4a-3d5d8a6e72e5 ] Request (ServersAdminNegativeTestJSON:setUpClass): 204 PUT http://10.180.1.21/identity/v3/projects/417829718a80465cadff6787b3b907b2/users/89a0777bddeb424c94566d16ad893cb4/roles/2afcf9b0d9c442878439415351d1ac32 0.064s
2025-05-14 11:20:23.960 69552 INFO tempest.lib.common.dynamic_creds [-] Dynamic test user 89a0777bddeb424c94566d16ad893cb4 is created with scope project and roles: ['admin']
2025-05-14 11:20:23.961 69552 INFO tempest.lib.common.dynamic_creds [-] Acquired dynamic creds: credentials: Credentials: {'domain_id': 'default', 'domain_name': 'Default', 'username': 'tempest-ServersAdminNegativeTestJSON-1104388576-project-admin', 'project_domain_id': 'default', 'project_domain_name': 'Default', 'project_id': '417829718a80465cadff6787b3b907b2', 'project_name': 'tempest-ServersAdminNegativeTestJSON-1104388576', 'tenant_id': '417829718a80465cadff6787b3b907b2', 'tenant_name': 'tempest-ServersAdminNegativeTestJSON-1104388576', 'user_domain_id': 'default', 'user_domain_name': 'Default', 'user_id': '89a0777bddeb424c94566d16ad893cb4', 'system': None}, Network: None, Subnet: None, Router: None
2025-05-14 11:20:23.961 69552 INFO tempest.lib.common.dynamic_creds [-] Created isolated network resources for: credentials: Credentials: {'domain_id': 'default', 'domain_name': 'Default', 'username': 'tempest-ServersAdminNegativeTestJSON-1104388576-project-admin', 'project_domain_id': 'default', 'project_domain_name': 'Default', 'project_id': '417829718a80465cadff6787b3b907b2', 'project_name': 'tempest-ServersAdminNegativeTestJSON-1104388576', 'tenant_id': '417829718a80465cadff6787b3b907b2', 'tenant_name': 'tempest-ServersAdminNegativeTestJSON-1104388576', 'user_domain_id': 'default', 'user_domain_name': 'Default', 'user_id': '89a0777bddeb424c94566d16ad893cb4', 'system': None}, Network: None, Subnet: None, Router: None
2025-05-14 11:20:23.984 69562 INFO tempest.lib.common.rest_client [req-2889fdd6-3ee6-49fc-9182-73110097bb7e req-2889fdd6-3ee6-49fc-9182-73110097bb7e ] Request (FloatingIPsAssociationTestJSON:test_associate_already_associated_floating_ip): 200 GET http://10.180.1.21/compute/v2.1/servers/78d8fda0-154d-4522-9536-a53205b767b5 1.982s
2025-05-14 11:20:24.039 69538 INFO tempest.lib.common.rest_client [req-55a85a51-42eb-481f-a125-1379127f6174 req-55a85a51-42eb-481f-a125-1379127f6174 ] Request (FloatingIPsTestJSON:setUpClass): 200 GET http://10.180.1.21/identity/v3/domains?name=Default 0.115s
2025-05-14 11:20:24.055 69552 INFO tempest.lib.common.rest_client [req-0bab6047-6626-4e17-841d-d98051daf87b req-0bab6047-6626-4e17-841d-d98051daf87b ] Request (ServersAdminNegativeTestJSON:setUpClass): 201 POST http://10.180.1.21/identity/v3/auth/tokens 0.087s
2025-05-14 11:20:24.056 69552 WARNING tempest.lib.common.rest_client [-] Deprecated: "tenant_id" property is deprecated for removal, use "project_id" instead
2025-05-14 11:20:24.080 69536 INFO tempest.lib.common.rest_client [req-06387abd-58f8-4e91-9405-3bc53601f665 req-06387abd-58f8-4e91-9405-3bc53601f665 ] Request (ServersAdmin275Test:_run_cleanups): 200 GET http://10.180.1.21/compute/v2.1/servers/02fcbb97-0a43-4a8d-acf8-d773de6f039a 2.074s
2025-05-14 11:20:24.095 69538 INFO tempest.lib.common.rest_client [req-3db85fe7-afb2-419c-bf2d-8116c505c38c req-3db85fe7-afb2-419c-bf2d-8116c505c38c ] Request (FloatingIPsTestJSON:setUpClass): 201 POST http://10.180.1.21/identity/v3/projects 0.054s
2025-05-14 11:20:24.150 69520 INFO tempest.lib.common.rest_client [req-5c8e4e89-4f6c-485b-9fbe-e3e85c011c73 req-5c8e4e89-4f6c-485b-9fbe-e3e85c011c73 ] Request (ImagesTestJSON:test_create_image_from_stopped_server): 200 GET http://10.180.1.21/compute/v2.1/servers/852b6ac9-90c7-4b98-a443-993274dcaa55 2.082s
2025-05-14 11:20:24.151 69552 INFO tempest.lib.common.rest_client [req-7cf71d07-b4cc-4738-b123-ff5d5e27b002 req-7cf71d07-b4cc-4738-b123-ff5d5e27b002 ] Request (ServersAdminNegativeTestJSON:setUpClass): 201 POST http://10.180.1.21/identity/v3/auth/tokens 0.091s
2025-05-14 11:20:24.151 69552 INFO tempest.lib.common.fixed_network [-] (ServersAdminNegativeTestJSON:setUpClass) Found network None available for tenant
2025-05-14 11:20:24.173 69564 INFO tempest.lib.common.rest_client [req-c90e0af5-930d-407e-8987-40b9e135cbb8 req-c90e0af5-930d-407e-8987-40b9e135cbb8 ] Request (AggregatesAdminNegativeTestJSON:_run_cleanups): 200 DELETE http://10.180.1.21/compute/v2.1/os-aggregates/8 2.058s
2025-05-14 11:20:24.181 69538 INFO tempest.lib.common.rest_client [req-55b8f52a-0b9f-4886-b4ae-0c2470e1adae req-55b8f52a-0b9f-4886-b4ae-0c2470e1adae ] Request (FloatingIPsTestJSON:setUpClass): 201 POST http://10.180.1.21/identity/v3/users 0.085s
2025-05-14 11:20:24.239 69538 INFO tempest.lib.common.rest_client [req-fae0abd2-0ca2-44d7-8a74-caca559642d4 req-fae0abd2-0ca2-44d7-8a74-caca559642d4 ] Request (FloatingIPsTestJSON:setUpClass): 200 GET http://10.180.1.21/identity/v3/roles 0.057s
2025-05-14 11:20:24.247 69522 INFO tempest.lib.common.rest_client [req-f66e5bb4-8bd9-475c-909b-5e1e5161ce96 req-f66e5bb4-8bd9-475c-909b-5e1e5161ce96 ] Request (ServerExternalEventsTest:tearDownClass): 200 GET http://10.180.1.21/compute/v2.1/servers/0df38957-90e2-4ac3-a5cb-e960148bc42a 1.955s
2025-05-14 11:20:24.260 69564 INFO tempest.lib.common.rest_client [req-1e7fa78d-b426-4027-97bc-cebf0d5cd528 req-1e7fa78d-b426-4027-97bc-cebf0d5cd528 ] Request (AggregatesAdminNegativeTestJSON:tearDownClass): 204 DELETE http://10.180.1.21/identity/v3/users/9b0eb8edc6b34daf815ab62107a22ad9 0.086s
2025-05-14 11:20:24.351 69538 INFO tempest.lib.common.rest_client [req-6ccadf07-19bd-438a-a74b-4347f6a25f2e req-6ccadf07-19bd-438a-a74b-4347f6a25f2e ] Request (FloatingIPsTestJSON:setUpClass): 204 PUT http://10.180.1.21/identity/v3/projects/60b301c24716487da128fe5eac6a443f/users/f98370458a2b4382ba404a72f0f19c62/roles/dbe078d05ff74ac3836de225a5dc409e 0.111s
2025-05-14 11:20:24.351 69538 INFO tempest.lib.common.dynamic_creds [-] Dynamic test user f98370458a2b4382ba404a72f0f19c62 is created with scope project and roles: ['member']
2025-05-14 11:20:24.351 69538 INFO tempest.lib.common.dynamic_creds [-] Acquired dynamic creds: credentials: Credentials: {'domain_id': 'default', 'domain_name': 'Default', 'username': 'tempest-FloatingIPsTestJSON-1859749201-project-member', 'project_domain_id': 'default', 'project_domain_name': 'Default', 'project_id': '60b301c24716487da128fe5eac6a443f', 'project_name': 'tempest-FloatingIPsTestJSON-1859749201', 'tenant_id': '60b301c24716487da128fe5eac6a443f', 'tenant_name': 'tempest-FloatingIPsTestJSON-1859749201', 'user_domain_id': 'default', 'user_domain_name': 'Default', 'user_id': 'f98370458a2b4382ba404a72f0f19c62', 'system': None}, Network: None, Subnet: None, Router: None
2025-05-14 11:20:24.422 69538 INFO tempest.lib.common.rest_client [req-191938da-5570-4441-ab3a-d46815dd76cd req-191938da-5570-4441-ab3a-d46815dd76cd ] Request (FloatingIPsTestJSON:setUpClass): 201 POST http://10.180.1.21/identity/v3/auth/tokens 0.070s
2025-05-14 11:20:24.467 69564 INFO tempest.lib.common.rest_client [req-0fbf7aa7-0662-4a1c-bcfa-e0d87d7e026a req-0fbf7aa7-0662-4a1c-bcfa-e0d87d7e026a ] Request (AggregatesAdminNegativeTestJSON:tearDownClass): 204 DELETE http://10.180.1.21/identity/v3/users/5469791bed4246808d51242dc0842a0f 0.206s
2025-05-14 11:20:24.467 69564 INFO tempest.lib.common.dynamic_creds [-] Deleting project and security group for project: 40837694dc8d45f7a7d6433a2e8ef039
2025-05-14 11:20:24.558 69564 INFO tempest.lib.common.rest_client [req-de9e95de-ee7c-4181-9866-b32caedbad47 req-de9e95de-ee7c-4181-9866-b32caedbad47 ] Request (AggregatesAdminNegativeTestJSON:tearDownClass): 201 POST http://10.180.1.21/identity/v3/auth/tokens 0.090s
2025-05-14 11:20:24.755 69564 INFO tempest.lib.common.rest_client [req-d5db8012-7ab2-4f91-bc8d-2b452aed310d req-d5db8012-7ab2-4f91-bc8d-2b452aed310d ] Request (AggregatesAdminNegativeTestJSON:tearDownClass): 200 GET http://10.180.1.21:9696/networking/v2.0/security-groups?tenant_id=40837694dc8d45f7a7d6433a2e8ef039&name=default 0.196s
2025-05-14 11:20:24.771 69538 INFO tempest.lib.common.rest_client [req-e121dd9d-3081-4518-adab-bd7733e57cca req-e121dd9d-3081-4518-adab-bd7733e57cca ] Request (FloatingIPsTestJSON:setUpClass): 201 POST http://10.180.1.21:9696/networking/v2.0/networks 0.348s
2025-05-14 11:20:24.904 69564 INFO tempest.lib.common.rest_client [req-6eba1c95-8682-486a-83d5-dd21da0e4e85 req-6eba1c95-8682-486a-83d5-dd21da0e4e85 ] Request (AggregatesAdminNegativeTestJSON:tearDownClass): 204 DELETE http://10.180.1.21:9696/networking/v2.0/security-groups/e4e05fb7-1f70-48ab-8950-16bd84127fed 0.149s
2025-05-14 11:20:24.970 69538 INFO tempest.lib.common.rest_client [req-69c45f96-d083-455a-9802-2ad593e6f00d req-69c45f96-d083-455a-9802-2ad593e6f00d ] Request (FloatingIPsTestJSON:setUpClass): 201 POST http://10.180.1.21:9696/networking/v2.0/subnets 0.198s
2025-05-14 11:20:25.006 69564 INFO tempest.lib.common.rest_client [req-90d47725-7580-41af-ba38-4f62e7d7956a req-90d47725-7580-41af-ba38-4f62e7d7956a ] Request (AggregatesAdminNegativeTestJSON:tearDownClass): 204 DELETE http://10.180.1.21/identity/v3/projects/40837694dc8d45f7a7d6433a2e8ef039 0.101s
2025-05-14 11:20:25.006 69564 INFO tempest.lib.common.dynamic_creds [-] Deleting project and security group for project: 9fb0a7701cf6481583f3e1b885dde3da
2025-05-14 11:20:25.114 69564 INFO tempest.lib.common.rest_client [req-f102e245-4e4e-4f87-ae7a-736b868b2c90 req-f102e245-4e4e-4f87-ae7a-736b868b2c90 ] Request (AggregatesAdminNegativeTestJSON:tearDownClass): 200 GET http://10.180.1.21:9696/networking/v2.0/security-groups?tenant_id=9fb0a7701cf6481583f3e1b885dde3da&name=default 0.108s
2025-05-14 11:20:25.272 69564 INFO tempest.lib.common.rest_client [req-ec7b266e-0998-4a10-9c78-3c3c63efb5a7 req-ec7b266e-0998-4a10-9c78-3c3c63efb5a7 ] Request (AggregatesAdminNegativeTestJSON:tearDownClass): 204 DELETE http://10.180.1.21:9696/networking/v2.0/security-groups/da43fa54-181a-488e-978b-f963c6055e98 0.157s
2025-05-14 11:20:25.448 69544 WARNING tempest.lib.common.ssh [-] Failed to establish authenticated ssh connection to cirros@10.180.180.228 ([Errno None] Unable to connect to port 22 on 10.180.180.228). Number attempts: 3. Retry after 4 seconds.: paramiko.ssh_exception.NoValidConnectionsError: [Errno None] Unable to connect to port 22 on 10.180.180.228
2025-05-14 11:20:25.468 69564 INFO tempest.lib.common.rest_client [req-b6f29929-5c6a-4182-9171-92c38b13ef70 req-b6f29929-5c6a-4182-9171-92c38b13ef70 ] Request (AggregatesAdminNegativeTestJSON:tearDownClass): 204 DELETE http://10.180.1.21/identity/v3/projects/9fb0a7701cf6481583f3e1b885dde3da 0.196s
2025-05-14 11:20:25.469 69564 INFO tempest.test [-] raised in LiveMigrationNegativeTest.setUpClass. Invoking tearDownClass.
2025-05-14 11:20:25.541 69564 INFO tempest.lib.common.rest_client [req-1fe5324c-092c-4df5-91d5-8233aba3f3dc req-1fe5324c-092c-4df5-91d5-8233aba3f3dc ] Request (ImagesMetadataTestJSON:setUpClass): 201 POST http://10.180.1.21/identity/v3/auth/tokens 0.067s
2025-05-14 11:20:25.574 69564 INFO tempest.lib.common.rest_client [req-098d6127-6381-4ef8-8207-51b823fed576 req-098d6127-6381-4ef8-8207-51b823fed576 ] Request (ImagesMetadataTestJSON:setUpClass): 201 POST http://10.180.1.21/identity/v3/auth/tokens 0.029s
2025-05-14 11:20:25.605 69564 INFO tempest.lib.common.rest_client [req-e5799d23-d780-4ef6-b82c-61cd2dfe778c req-e5799d23-d780-4ef6-b82c-61cd2dfe778c ] Request (ImagesMetadataTestJSON:setUpClass): 200 GET http://10.180.1.21/identity/v3/domains?name=Default 0.030s
2025-05-14 11:20:25.643 69564 INFO tempest.lib.common.rest_client [req-c6653c8a-ade7-4fd1-aef2-f877ac40a49d req-c6653c8a-ade7-4fd1-aef2-f877ac40a49d ] Request (ImagesMetadataTestJSON:setUpClass): 201 POST http://10.180.1.21/identity/v3/projects 0.037s
2025-05-14 11:20:25.710 69564 INFO tempest.lib.common.rest_client [req-e2e34876-1fbc-446a-bcb9-e46c545983d2 req-e2e34876-1fbc-446a-bcb9-e46c545983d2 ] Request (ImagesMetadataTestJSON:setUpClass): 201 POST http://10.180.1.21/identity/v3/users 0.067s
2025-05-14 11:20:25.731 69532 INFO tempest.lib.common.rest_client [req-9c4cfa4f-94c5-44da-b67e-20722eb448cc req-9c4cfa4f-94c5-44da-b67e-20722eb448cc ] Request (SecurityGroupsTestAdminJSON:test_list_security_groups_list_all_tenants_filter): 200 GET http://10.180.1.21/compute/v2.1/os-security-groups?all_tenants=true 4.539s
2025-05-14 11:20:25.735 69564 INFO tempest.lib.common.rest_client [req-3380d740-ec48-47d6-ae4b-40ff6c9ef8f4 req-3380d740-ec48-47d6-ae4b-40ff6c9ef8f4 ] Request (ImagesMetadataTestJSON:setUpClass): 200 GET http://10.180.1.21/identity/v3/roles 0.024s
2025-05-14 11:20:25.771 69564 INFO tempest.lib.common.rest_client [req-f9417841-b01e-4b67-bef9-43f421ee1dbd req-f9417841-b01e-4b67-bef9-43f421ee1dbd ] Request (ImagesMetadataTestJSON:setUpClass): 204 PUT http://10.180.1.21/identity/v3/projects/785c5eab6d1c41d6b5d274b202e0121f/users/6a4cfbb62e6e4ca8a0db5df6faf64cff/roles/dbe078d05ff74ac3836de225a5dc409e 0.035s
2025-05-14 11:20:25.772 69564 INFO tempest.lib.common.dynamic_creds [-] Dynamic test user 6a4cfbb62e6e4ca8a0db5df6faf64cff is created with scope project and roles: ['member']
2025-05-14 11:20:25.772 69564 INFO tempest.lib.common.dynamic_creds [-] Acquired dynamic creds: credentials: Credentials: {'domain_id': 'default', 'domain_name': 'Default', 'username': 'tempest-ImagesMetadataTestJSON-1427705264-project-member', 'project_domain_id': 'default', 'project_domain_name': 'Default', 'project_id': '785c5eab6d1c41d6b5d274b202e0121f', 'project_name': 'tempest-ImagesMetadataTestJSON-1427705264', 'tenant_id': '785c5eab6d1c41d6b5d274b202e0121f', 'tenant_name': 'tempest-ImagesMetadataTestJSON-1427705264', 'user_domain_id': 'default', 'user_domain_name': 'Default', 'user_id': '6a4cfbb62e6e4ca8a0db5df6faf64cff', 'system': None}, Network: None, Subnet: None, Router: None
2025-05-14 11:20:25.772 69564 INFO tempest.lib.common.dynamic_creds [-] Created isolated network resources for: credentials: Credentials: {'domain_id': 'default', 'domain_name': 'Default', 'username': 'tempest-ImagesMetadataTestJSON-1427705264-project-member', 'project_domain_id': 'default', 'project_domain_name': 'Default', 'project_id': '785c5eab6d1c41d6b5d274b202e0121f', 'project_name': 'tempest-ImagesMetadataTestJSON-1427705264', 'tenant_id': '785c5eab6d1c41d6b5d274b202e0121f', 'tenant_name': 'tempest-ImagesMetadataTestJSON-1427705264', 'user_domain_id': 'default', 'user_domain_name': 'Default', 'user_id': '6a4cfbb62e6e4ca8a0db5df6faf64cff', 'system': None}, Network: None, Subnet: None, Router: None
2025-05-14 11:20:25.800 69540 INFO tempest.lib.common.rest_client [req-75d95a91-c83a-4b03-815f-fdd8b2a864ee req-75d95a91-c83a-4b03-815f-fdd8b2a864ee ] Request (ServerTagsTestJSON:test_create_delete_tag): 201 PUT http://10.180.1.21/compute/v2.1/servers/b087c3c9-77b1-4534-a0d6-f0c669420227/tags/tempest-tag-1023367729 3.465s
2025-05-14 11:20:25.841 69564 INFO tempest.lib.common.rest_client [req-da61fef7-4465-45e4-b147-0282704fe2f9 req-da61fef7-4465-45e4-b147-0282704fe2f9 ] Request (ImagesMetadataTestJSON:setUpClass): 201 POST http://10.180.1.21/identity/v3/auth/tokens 0.066s
2025-05-14 11:20:26.229 69538 INFO tempest.lib.common.rest_client [req-4f4bcf97-5454-4917-991e-c67817a5773f req-4f4bcf97-5454-4917-991e-c67817a5773f ] Request (FloatingIPsTestJSON:setUpClass): 201 POST http://10.180.1.21:9696/networking/v2.0/routers 1.257s
2025-05-14 11:20:26.343 69564 INFO tempest.lib.common.rest_client [req-cc1e7b99-544c-47f5-9ce4-29b737148b64 req-cc1e7b99-544c-47f5-9ce4-29b737148b64 ] Request (ImagesMetadataTestJSON:setUpClass): 201 POST http://10.180.1.21/image/v2/images 0.500s
2025-05-14 11:20:26.993 69564 INFO tempest.lib.common.rest_client [req-054ecc3d-af6d-49e8-ad01-3b24f1b234d8 req-054ecc3d-af6d-49e8-ad01-3b24f1b234d8 ] Request (ImagesMetadataTestJSON:setUpClass): 204 PUT http://10.180.1.21/image/v2/images/ce023567-0623-451a-b2ee-3dfc72230ccb/file 0.650s
2025-05-14 11:20:27.083 69538 INFO tempest.lib.common.rest_client [req-db264311-ffd7-4280-8492-56b1148413eb req-db264311-ffd7-4280-8492-56b1148413eb ] Request (FloatingIPsTestJSON:setUpClass): 200 PUT http://10.180.1.21:9696/networking/v2.0/routers/8a819c86-9d65-48d0-811d-602c57847efe/add_router_interface 0.854s
2025-05-14 11:20:27.084 69538 INFO tempest.lib.common.dynamic_creds [-] Created isolated network resources for: credentials: Credentials: {'domain_id': 'default', 'domain_name': 'Default', 'username': 'tempest-FloatingIPsTestJSON-1859749201-project-member', 'project_domain_id': 'default', 'project_domain_name': 'Default', 'project_id': '60b301c24716487da128fe5eac6a443f', 'project_name': 'tempest-FloatingIPsTestJSON-1859749201', 'tenant_id': '60b301c24716487da128fe5eac6a443f', 'tenant_name': 'tempest-FloatingIPsTestJSON-1859749201', 'user_domain_id': 'default', 'user_domain_name': 'Default', 'user_id': 'f98370458a2b4382ba404a72f0f19c62', 'system': None}, Network: {'id': '72df9d1c-4e23-4d39-90a7-7db483ea1ad7', 'name': 'tempest-FloatingIPsTestJSON-970272560-network', 'tenant_id': '60b301c24716487da128fe5eac6a443f', 'admin_state_up': True, 'mtu': 8950, 'status': 'ACTIVE', 'subnets': [], 'shared': False, 'project_id': '60b301c24716487da128fe5eac6a443f', 'port_security_enabled': True, 'router:external': False, 'provider:network_type': 'vlan', 'provider:physical_network': 'default', 'provider:segmentation_id': 778, 'availability_zone_hints': [], 'availability_zones': [], 'ipv4_address_scope': None, 'ipv6_address_scope': None, 'description': '', 'tags': [], 'created_at': '2025-05-14T11:20:24Z', 'updated_at': '2025-05-14T11:20:24Z', 'revision_number': 1}, Subnet: {'id': '3684aedc-0a3e-4a39-96df-3ebacc43776c', 'name': 'tempest-FloatingIPsTestJSON-970272560-subnet', 'tenant_id': '60b301c24716487da128fe5eac6a443f', 'network_id': '72df9d1c-4e23-4d39-90a7-7db483ea1ad7', 'ip_version': 4, 'subnetpool_id': None, 'enable_dhcp': True, 'ipv6_ra_mode': None, 'ipv6_address_mode': None, 'gateway_ip': '192.168.128.1', 'cidr': '192.168.128.0/28', 'allocation_pools': [{'start': '192.168.128.2', 'end': '192.168.128.14'}], 'host_routes': [], 'dns_nameservers': [], 'description': '', 'router:external': False, 'service_types': [], 'tags': [], 'created_at': '2025-05-14T11:20:24Z', 'updated_at': '2025-05-14T11:20:24Z', 'revision_number': 0, 'project_id': '60b301c24716487da128fe5eac6a443f'}, Router: {'id': '8a819c86-9d65-48d0-811d-602c57847efe', 'name': 'tempest-FloatingIPsTestJSON-970272560-router', 'tenant_id': '60b301c24716487da128fe5eac6a443f', 'admin_state_up': True, 'status': 'ACTIVE', 'external_gateway_info': {'network_id': 'a16a3a52-9cc4-4796-8f9c-f6f9025d8d22', 'external_fixed_ips': [{'subnet_id': 'd95ed1eb-29ce-4e41-b267-fed6060dfae6', 'ip_address': '10.180.180.238'}], 'enable_snat': True}, 'description': '', 'availability_zones': [], 'distributed': False, 'ha': False, 'availability_zone_hints': [], 'routes': [], 'flavor_id': None, 'tags': [], 'created_at': '2025-05-14T11:20:25Z', 'updated_at': '2025-05-14T11:20:25Z', 'revision_number': 2, 'project_id': '60b301c24716487da128fe5eac6a443f'}
2025-05-14 11:20:27.179 69538 INFO tempest.lib.common.rest_client [req-f92aa2d3-e207-4f4d-bf76-6937bfc349f7 req-f92aa2d3-e207-4f4d-bf76-6937bfc349f7 ] Request (FloatingIPsTestJSON:setUpClass): 201 POST http://10.180.1.21/identity/v3/auth/tokens 0.092s
2025-05-14 11:20:27.311 69530 INFO tempest.lib.common.rest_client [req-08785520-6c49-4c5d-b877-ff2cc0e23499 req-08785520-6c49-4c5d-b877-ff2cc0e23499 ] Request (AttachInterfacesV270Test:test_create_get_list_interfaces): 400 POST http://10.180.1.21/compute/v2.1/servers/a45f0012-e8da-45c5-9eb4-7550564fd275/os-interface 5.015s
2025-05-14 11:20:27.339 69578 INFO tempest.lib.common.rest_client [req-5eea7919-343d-440e-a17d-bfaffafe0985 req-5eea7919-343d-440e-a17d-bfaffafe0985 ] Request (SecurityGroupRulesNegativeTestJSON:test_create_security_group_rule_with_non_existent_id): 404 POST http://10.180.1.21/compute/v2.1/os-security-group-rules 4.737s
2025-05-14 11:20:27.364 69528 INFO tempest.lib.common.rest_client [req-e22e02e4-a237-417c-8f0d-965ef8e4d21e req-e22e02e4-a237-417c-8f0d-965ef8e4d21e ] Request (FlavorsAdminTestJSON:_run_cleanups): 202 DELETE http://10.180.1.21/compute/v2.1/flavors/1238144110 4.649s
2025-05-14 11:20:27.400 69548 INFO tempest.lib.common.rest_client [req-baffcb8f-b98c-4f14-90ff-0ba06a182e24 req-baffcb8f-b98c-4f14-90ff-0ba06a182e24 ] Request (ImagesOneServerTestJSON:test_create_delete_image): 202 POST http://10.180.1.21/compute/v2.1/servers/ed0afb64-4bad-4309-88db-855477dadc8d/action 4.832s
2025-05-14 11:20:27.476 69558 INFO tempest.lib.common.rest_client [req-22817c49-4e50-4afd-a649-ce9c29e1f561 req-22817c49-4e50-4afd-a649-ce9c29e1f561 ] Request (ServerGroupTestJSON:test_create_server_with_scheduler_hint_group): 200 GET http://10.180.1.21/compute/v2.1/servers/ab6db5cd-6631-420e-b822-199107ecbeb2 4.421s
2025-05-14 11:20:27.573 69550 INFO tempest.lib.common.rest_client [req-465a2554-1e4a-491b-9aa3-f33ec6bfa100 req-465a2554-1e4a-491b-9aa3-f33ec6bfa100 ] Request (ServersNegativeTestMultiTenantJSON:setUpClass): 200 GET http://10.180.1.21/compute/v2.1/servers/b917fe0d-6fb1-43bf-8d95-7e4ff9bbf11b 4.481s
2025-05-14 11:20:27.619 69570 INFO tempest.lib.common.rest_client [req-805148a5-264b-46f9-8e70-d22215632fc4 req-805148a5-264b-46f9-8e70-d22215632fc4 ] Request (DeleteServersAdminTestJSON:test_delete_server_while_in_error_state): 200 GET http://10.180.1.21/compute/v2.1/servers/0545ab25-1b1b-4de6-bab9-0c9bac9a91fa 4.617s
2025-05-14 11:20:27.627 69570 INFO tempest.common.waiters [-] State transition "BUILD/None" ==> "BUILD/networking" after 24 second wait
2025-05-14 11:20:27.641 69524 INFO tempest.lib.common.rest_client [req-95a3f69a-63ad-4019-9a70-e3ebce1478ff req-95a3f69a-63ad-4019-9a70-e3ebce1478ff ] Request (SecurityGroupRulesTestJSON:test_security_group_rules_list): 200 GET http://10.180.1.21/compute/v2.1/os-security-groups/fefdd383-3f1a-4540-a3cf-1f8b9a6a0eb1 4.546s
2025-05-14 11:20:27.681 69542 INFO tempest.lib.common.rest_client [req-b06356fc-fba8-4626-bedc-6be8b339cff9 req-b06356fc-fba8-4626-bedc-6be8b339cff9 ] Request (ServerRescueNegativeTestJSON:setUpClass): 200 GET http://10.180.1.21/compute/v2.1/servers/4474a896-3a2b-4514-914b-9475f5e59b1d 4.474s
2025-05-14 11:20:27.707 69534 INFO tempest.lib.common.rest_client [req-17da27c9-550d-4a57-bb5e-f64b2bd39bc1 req-17da27c9-550d-4a57-bb5e-f64b2bd39bc1 ] Request (ServerDiagnosticsNegativeTest:test_get_server_diagnostics_by_non_admin): 200 GET http://10.180.1.21/compute/v2.1/servers/e6f173d6-ddef-4073-9874-536a01b4db6c 4.417s
2025-05-14 11:20:27.729 69572 INFO tempest.lib.common.rest_client [req-b0568598-98f1-41e6-ae53-4333ca7d6219 req-b0568598-98f1-41e6-ae53-4333ca7d6219 ] Request (ListImageFiltersTestJSON:setUpClass): 200 GET http://10.180.1.21/compute/v2.1/images/f6adc16a-929d-464a-bc47-86fd7f066c73 4.407s
2025-05-14 11:20:27.782 69574 INFO tempest.lib.common.rest_client [req-e93a45a9-bfe8-4477-93fe-4d5df579d948 req-e93a45a9-bfe8-4477-93fe-4d5df579d948 ] Request (ServersTestBootFromVolume:setUpClass): 200 GET http://10.180.1.21/compute/v2.1/servers/b4ad9083-f525-471e-94cc-0f888acc8d6c 4.421s
2025-05-14 11:20:27.791 69574 INFO tempest.common.waiters [-] State transition "BUILD/scheduling" ==> "BUILD/None" after 13 second wait
2025-05-14 11:20:27.805 69576 INFO tempest.lib.common.rest_client [req-01c2ec73-8570-4411-923e-927081ff052a req-01c2ec73-8570-4411-923e-927081ff052a ] Request (AttachInterfacesUnderV243Test:test_add_remove_fixed_ip): 200 GET http://10.180.1.21/compute/v2.1/servers/845085dd-a45c-4a47-ae4a-825d9b8bb313 4.120s
2025-05-14 11:20:27.874 69518 INFO tempest.lib.common.rest_client [req-4d27e0c3-079d-47ef-901f-ef7f7cf5d64d req-4d27e0c3-079d-47ef-901f-ef7f7cf5d64d ] Request (TenantUsagesTestJSON:setUpClass): 200 GET http://10.180.1.21/compute/v2.1/servers/a26f3479-bdce-4304-85b5-a152a01e8e18 4.060s
2025-05-14 11:20:27.917 69567 INFO tempest.lib.common.rest_client [req-5e3ac712-5419-4e92-824e-655f5460de28 req-5e3ac712-5419-4e92-824e-655f5460de28 ] Request (FloatingIPsAssociationNegativeTestJSON:tearDownClass): 204 DELETE http://10.180.1.21/compute/v2.1/servers/ba75cdda-3f68-487b-8d99-5e1f1adf6b92 4.140s
2025-05-14 11:20:28.267 69554 INFO tempest.lib.common.rest_client [req-c5aee2aa-b1d2-4c30-9fee-758c40a54b14 req-c5aee2aa-b1d2-4c30-9fee-758c40a54b14 ] Request (MigrationsAdminTest:test_list_migrations_in_flavor_resize_situation): 200 GET http://10.180.1.21/compute/v2.1/servers/170cb828-e7a7-43fe-9dd8-80a676543da8 3.970s
2025-05-14 11:20:28.413 69552 INFO tempest.lib.common.rest_client [req-07b5101d-8130-4322-bbd4-57605f1589e0 req-07b5101d-8130-4322-bbd4-57605f1589e0 ] Request (ServersAdminNegativeTestJSON:setUpClass): 202 POST http://10.180.1.21/compute/v2.1/servers 4.261s
2025-05-14 11:20:28.413 69526 INFO tempest.lib.common.rest_client [req-6a627a70-b204-4e0b-9cb9-18ec6562a25d req-6a627a70-b204-4e0b-9cb9-18ec6562a25d ] Request (ServerDiskConfigTestJSON:test_rebuild_server_with_auto_disk_config): 200 GET http://10.180.1.21/compute/v2.1/servers/fc474a2e-4354-4b6c-a3de-b26c4004eb6f 3.791s
2025-05-14 11:20:28.421 69526 INFO tempest.common.waiters [-] State transition "BUILD/spawning" ==> "ACTIVE/None" after 29 second wait
2025-05-14 11:20:28.481 69560 INFO tempest.lib.common.rest_client [req-f79c8efa-55f6-41a5-a442-483ef32d5beb req-f79c8efa-55f6-41a5-a442-483ef32d5beb ] Request (VolumesAdminNegativeTest:test_update_attached_volume_with_nonexistent_volume_in_body): 200 GET http://10.180.1.21/compute/v2.1/servers/f0ae9bc5-8fc7-4c58-89e9-4791269d7fc5 3.754s
2025-05-14 11:20:28.565 69536 INFO tempest.lib.common.rest_client [req-638c26da-870f-4e26-9006-712596ab206b req-638c26da-870f-4e26-9006-712596ab206b ] Request (ServersAdmin275Test:_run_cleanups): 200 GET http://10.180.1.21/compute/v2.1/servers/02fcbb97-0a43-4a8d-acf8-d773de6f039a 3.471s
2025-05-14 11:20:28.572 69562 INFO tempest.lib.common.rest_client [req-3f58a7ec-118a-4d05-84a4-309f1629442a req-3f58a7ec-118a-4d05-84a4-309f1629442a ] Request (FloatingIPsAssociationTestJSON:test_associate_already_associated_floating_ip): 200 GET http://10.180.1.21/compute/v2.1/servers/78d8fda0-154d-4522-9536-a53205b767b5 3.577s
2025-05-14 11:20:28.581 69536 INFO tempest.common.waiters [-] State transition "REBUILD/rebuild_spawning" ==> "ACTIVE/None" after 12 second wait
2025-05-14 11:20:28.620 69520 INFO tempest.lib.common.rest_client [req-aa157bea-2c58-4133-baf1-0d5ec398362e req-aa157bea-2c58-4133-baf1-0d5ec398362e ] Request (ImagesTestJSON:test_create_image_from_stopped_server): 200 GET http://10.180.1.21/compute/v2.1/servers/852b6ac9-90c7-4b98-a443-993274dcaa55 3.459s
2025-05-14 11:20:28.646 69522 INFO tempest.lib.common.rest_client [req-bdd59e5c-7a39-4851-9147-3e742479b7f0 req-bdd59e5c-7a39-4851-9147-3e742479b7f0 ] Request (ServerExternalEventsTest:tearDownClass): 200 GET http://10.180.1.21/compute/v2.1/servers/0df38957-90e2-4ac3-a5cb-e960148bc42a 3.391s
2025-05-14 11:20:28.665 69540 INFO tempest.lib.common.rest_client [req-284c7d7d-2398-4046-a261-5eb5147d7b50 req-284c7d7d-2398-4046-a261-5eb5147d7b50 ] Request (ServerTagsTestJSON:test_create_delete_tag): 200 GET http://10.180.1.21/compute/v2.1/servers/b087c3c9-77b1-4534-a0d6-f0c669420227/tags 2.864s
2025-05-14 11:20:28.702 69564 INFO tempest.lib.common.rest_client [req-65a8afcb-7844-4e74-b488-7bca934f43fe req-65a8afcb-7844-4e74-b488-7bca934f43fe ] Request (ImagesMetadataTestJSON:setUpClass): 200 GET http://10.180.1.21/compute/v2.1/images/ce023567-0623-451a-b2ee-3dfc72230ccb 1.708s
2025-05-14 11:20:28.747 69532 INFO tempest.lib.common.rest_client [req-d4285184-2702-4270-a452-4c025cfa0b52 req-d4285184-2702-4270-a452-4c025cfa0b52 ] Request (SecurityGroupsTestAdminJSON:test_list_security_groups_list_all_tenants_filter): 200 GET http://10.180.1.21/compute/v2.1/os-security-groups?all_tenants=true 2.995s
2025-05-14 11:20:28.843 69530 INFO tempest.lib.common.rest_client [req-1412c519-6fea-419f-877a-07a388cc8e0f req-1412c519-6fea-419f-877a-07a388cc8e0f ] Request (AttachInterfacesV270Test:tearDownClass): 204 DELETE http://10.180.1.21/compute/v2.1/servers/a45f0012-e8da-45c5-9eb4-7550564fd275 1.529s
2025-05-14 11:20:28.885 69578 INFO tempest.lib.common.rest_client [req-5cc23d29-1c10-4b21-9fb5-0eb1bf5fbe0d req-5cc23d29-1c10-4b21-9fb5-0eb1bf5fbe0d ] Request (SecurityGroupRulesNegativeTestJSON:test_delete_security_group_rule_with_non_existent_id): 404 DELETE http://10.180.1.21/compute/v2.1/os-security-group-rules/36e28d9a-fdd9-4a22-8d60-a28c51d94c44 1.544s
2025-05-14 11:20:28.916 69528 INFO tempest.lib.common.rest_client [req-89f073f5-3193-402e-9ebd-caf23cbf7f74 req-89f073f5-3193-402e-9ebd-caf23cbf7f74 ] Request (FlavorsAdminTestJSON:_run_cleanups): 200 GET http://10.180.1.21/compute/v2.1/flavors/detail 1.551s
2025-05-14 11:20:28.952 69548 INFO tempest.lib.common.rest_client [req-af2778a5-0ed2-42d6-aab1-8a5fbbe0dddc req-af2778a5-0ed2-42d6-aab1-8a5fbbe0dddc ] Request (ImagesOneServerTestJSON:test_create_delete_image): 200 GET http://10.180.1.21/compute/v2.1/images/13e24f14-6bcb-4583-ac9d-468274220581 1.551s
2025-05-14 11:20:28.968 69568 WARNING tempest.lib.common.ssh [-] Failed to establish authenticated ssh connection to cirros@10.180.180.172 ([Errno None] Unable to connect to port 22 on 10.180.180.172). Number attempts: 4. Retry after 5 seconds.: paramiko.ssh_exception.NoValidConnectionsError: [Errno None] Unable to connect to port 22 on 10.180.180.172
2025-05-14 11:20:29.326 69524 INFO tempest.lib.common.rest_client [req-5fb8a19d-aba8-495d-9c37-5fa41f949018 req-5fb8a19d-aba8-495d-9c37-5fa41f949018 ] Request (SecurityGroupRulesTestJSON:_run_cleanups): 202 DELETE http://10.180.1.21/compute/v2.1/os-security-group-rules/304ee45d-f14d-42d4-91e0-3d56ae403ff2 1.682s
2025-05-14 11:20:29.482 69580 WARNING tempest.lib.common.ssh [-] Failed to establish authenticated ssh connection to cirros@10.180.180.148 ([Errno None] Unable to connect to port 22 on 10.180.180.148). Number attempts: 2. Retry after 3 seconds.: paramiko.ssh_exception.NoValidConnectionsError: [Errno None] Unable to connect to port 22 on 10.180.180.148
2025-05-14 11:20:29.576 69567 INFO tempest.lib.common.rest_client [req-5f6c250b-d153-415e-b03d-3bc6b027404f req-5f6c250b-d153-415e-b03d-3bc6b027404f ] Request (FloatingIPsAssociationNegativeTestJSON:tearDownClass): 200 GET http://10.180.1.21/compute/v2.1/servers/ba75cdda-3f68-487b-8d99-5e1f1adf6b92 1.659s
2025-05-14 11:20:29.642 69552 INFO tempest.lib.common.rest_client [req-9cad72bb-e61f-4e85-aacf-569cd543c07d req-9cad72bb-e61f-4e85-aacf-569cd543c07d ] Request (ServersAdminNegativeTestJSON:setUpClass): 200 GET http://10.180.1.21/compute/v2.1/servers/3d7dced2-cc90-4c32-b559-cbf4fe9e85e9 1.227s
2025-05-14 11:20:29.845 69526 INFO tempest.lib.common.rest_client [req-520130b9-f514-4e6f-8bc1-ed89fb53c67f req-520130b9-f514-4e6f-8bc1-ed89fb53c67f ] Request (ServerDiskConfigTestJSON:test_rebuild_server_with_auto_disk_config): 200 GET http://10.180.1.21/compute/v2.1/servers/fc474a2e-4354-4b6c-a3de-b26c4004eb6f 1.424s
2025-05-14 11:20:29.862 69538 INFO tempest.lib.common.rest_client [req-1a12e985-68fd-4e7b-a36a-1d4f3fd9fa10 req-1a12e985-68fd-4e7b-a36a-1d4f3fd9fa10 ] Request (FloatingIPsTestJSON:test_allocate_floating_ip): 200 POST http://10.180.1.21/compute/v2.1/os-floating-ips 2.682s
2025-05-14 11:20:29.903 69558 INFO tempest.lib.common.rest_client [req-503ee073-3d81-480b-b66d-303d19aaf200 req-503ee073-3d81-480b-b66d-303d19aaf200 ] Request (ServerGroupTestJSON:test_create_server_with_scheduler_hint_group): 200 GET http://10.180.1.21/compute/v2.1/servers/ab6db5cd-6631-420e-b822-199107ecbeb2 1.419s
2025-05-14 11:20:29.915 69558 INFO tempest.common.waiters [-] State transition "BUILD/scheduling" ==> "BUILD/None" after 12 second wait
2025-05-14 11:20:29.957 69536 INFO tempest.lib.common.rest_client [req-70250984-ebb7-4208-9fb9-5174236b84c1 req-70250984-ebb7-4208-9fb9-5174236b84c1 ] Request (ServersAdmin275Test:tearDownClass): 204 DELETE http://10.180.1.21/compute/v2.1/servers/02fcbb97-0a43-4a8d-acf8-d773de6f039a 1.375s
2025-05-14 11:20:29.960 69550 INFO tempest.lib.common.rest_client [req-c71d50a8-d887-4d13-9656-55abc0a1bc43 req-c71d50a8-d887-4d13-9656-55abc0a1bc43 ] Request (ServersNegativeTestMultiTenantJSON:setUpClass): 200 GET http://10.180.1.21/compute/v2.1/servers/b917fe0d-6fb1-43bf-8d95-7e4ff9bbf11b 1.373s
2025-05-14 11:20:30.020 69540 INFO tempest.lib.common.rest_client [req-9001a520-c192-447b-b5dd-41b66eb2b93d req-9001a520-c192-447b-b5dd-41b66eb2b93d ] Request (ServerTagsTestJSON:test_create_delete_tag): 204 DELETE http://10.180.1.21/compute/v2.1/servers/b087c3c9-77b1-4534-a0d6-f0c669420227/tags/tempest-tag-1023367729 1.354s
2025-05-14 11:20:30.099 69542 INFO tempest.lib.common.rest_client [req-4d1210bc-2cfe-49e1-a0fb-4e600870db89 req-4d1210bc-2cfe-49e1-a0fb-4e600870db89 ] Request (ServerRescueNegativeTestJSON:setUpClass): 200 GET http://10.180.1.21/compute/v2.1/servers/4474a896-3a2b-4514-914b-9475f5e59b1d 1.407s
2025-05-14 11:20:30.108 69570 INFO tempest.lib.common.rest_client [req-edb649af-2ef8-479c-935b-03d231dafd34 req-edb649af-2ef8-479c-935b-03d231dafd34 ] Request (DeleteServersAdminTestJSON:test_delete_server_while_in_error_state): 200 GET http://10.180.1.21/compute/v2.1/servers/0545ab25-1b1b-4de6-bab9-0c9bac9a91fa 1.479s
2025-05-14 11:20:30.117 69570 INFO tempest.common.waiters [-] State transition "BUILD/networking" ==> "BUILD/spawning" after 27 second wait
2025-05-14 11:20:30.170 69534 INFO tempest.lib.common.rest_client [req-5a0c8b22-8ec3-4be9-b4e9-3c694cb25d90 req-5a0c8b22-8ec3-4be9-b4e9-3c694cb25d90 ] Request (ServerDiagnosticsNegativeTest:test_get_server_diagnostics_by_non_admin): 200 GET http://10.180.1.21/compute/v2.1/servers/e6f173d6-ddef-4073-9874-536a01b4db6c 1.449s
2025-05-14 11:20:30.212 69572 INFO tempest.lib.common.rest_client [req-2e028026-bc95-43b7-961c-3c3c94030564 req-2e028026-bc95-43b7-961c-3c3c94030564 ] Request (ListImageFiltersTestJSON:setUpClass): 200 GET http://10.180.1.21/compute/v2.1/images/f6adc16a-929d-464a-bc47-86fd7f066c73 1.480s
2025-05-14 11:20:30.383 69564 INFO tempest.lib.common.rest_client [req-87c3d669-5f9f-43ab-b1cc-2301bff26d71 req-87c3d669-5f9f-43ab-b1cc-2301bff26d71 ] Request (ImagesMetadataTestJSON:setUp): 200 PUT http://10.180.1.21/compute/v2.1/images/ce023567-0623-451a-b2ee-3dfc72230ccb/metadata 1.675s
2025-05-14 11:20:30.386 69532 INFO tempest.lib.common.rest_client [req-bd1fe8b3-3770-4456-8d32-cff5ec0c2322 req-bd1fe8b3-3770-4456-8d32-cff5ec0c2322 ] Request (SecurityGroupsTestAdminJSON:_run_cleanups): 202 DELETE http://10.180.1.21/compute/v2.1/os-security-groups/fa194580-9fef-4fc5-9305-5b98e25fe160 1.630s
2025-05-14 11:20:30.476 69574 INFO tempest.lib.common.rest_client [req-57e4a1d3-f9a3-4502-8380-2c953d7c7a83 req-57e4a1d3-f9a3-4502-8380-2c953d7c7a83 ] Request (ServersTestBootFromVolume:setUpClass): 200 GET http://10.180.1.21/compute/v2.1/servers/b4ad9083-f525-471e-94cc-0f888acc8d6c 1.684s
2025-05-14 11:20:30.480 69576 INFO tempest.lib.common.rest_client [req-f95402ce-22e9-4e5a-995b-47399e573932 req-f95402ce-22e9-4e5a-995b-47399e573932 ] Request (AttachInterfacesUnderV243Test:test_add_remove_fixed_ip): 200 GET http://10.180.1.21/compute/v2.1/servers/845085dd-a45c-4a47-ae4a-825d9b8bb313 1.665s
2025-05-14 11:20:30.623 69578 INFO tempest.lib.common.rest_client [req-1e7df5c9-7cb5-420d-a86c-f74db26d7402 req-1e7df5c9-7cb5-420d-a86c-f74db26d7402 ] Request (SecurityGroupRulesNegativeTestJSON:tearDownClass): 202 DELETE http://10.180.1.21/compute/v2.1/os-security-groups/a9729f06-accf-4f60-937a-ba2ef89d58ee 1.737s
2025-05-14 11:20:30.641 69530 INFO tempest.lib.common.rest_client [req-2556c181-f54f-42cb-a1a3-5c0dc7b212f7 req-2556c181-f54f-42cb-a1a3-5c0dc7b212f7 ] Request (AttachInterfacesV270Test:tearDownClass): 200 GET http://10.180.1.21/compute/v2.1/servers/a45f0012-e8da-45c5-9eb4-7550564fd275 1.798s
2025-05-14 11:20:30.658 69528 INFO tempest.lib.common.rest_client [req-16b8bcd6-3f51-41fb-aca1-01964eda663d req-16b8bcd6-3f51-41fb-aca1-01964eda663d ] Request (FlavorsAdminTestJSON:_run_cleanups): 202 DELETE http://10.180.1.21/compute/v2.1/flavors/1696858660 1.734s
2025-05-14 11:20:30.671 69518 INFO tempest.lib.common.rest_client [req-e2d37baf-2493-4309-86ff-279604b3d189 req-e2d37baf-2493-4309-86ff-279604b3d189 ] Request (TenantUsagesTestJSON:setUpClass): 200 GET http://10.180.1.21/compute/v2.1/servers/a26f3479-bdce-4304-85b5-a152a01e8e18 1.785s
2025-05-14 11:20:30.820 69554 INFO tempest.lib.common.rest_client [req-1ee8bf34-9f17-4fba-84cd-a7767c9e92db req-1ee8bf34-9f17-4fba-84cd-a7767c9e92db ] Request (MigrationsAdminTest:test_list_migrations_in_flavor_resize_situation): 200 GET http://10.180.1.21/compute/v2.1/servers/170cb828-e7a7-43fe-9dd8-80a676543da8 1.544s
2025-05-14 11:20:30.894 69560 INFO tempest.lib.common.rest_client [req-1e40a0c5-1753-4d0d-b3bc-64c586a523b6 req-1e40a0c5-1753-4d0d-b3bc-64c586a523b6 ] Request (VolumesAdminNegativeTest:test_update_attached_volume_with_nonexistent_volume_in_body): 200 GET http://10.180.1.21/compute/v2.1/servers/f0ae9bc5-8fc7-4c58-89e9-4791269d7fc5 1.404s
2025-05-14 11:20:30.896 69524 INFO tempest.lib.common.rest_client [req-2654d4cc-d918-4907-ad44-ed18160cf58a req-2654d4cc-d918-4907-ad44-ed18160cf58a ] Request (SecurityGroupRulesTestJSON:tearDownClass): 202 DELETE http://10.180.1.21/compute/v2.1/os-security-groups/fefdd383-3f1a-4540-a3cf-1f8b9a6a0eb1 1.568s
