2025-05-14 11:22:21.471 69548 INFO tempest.lib.common.rest_client [req-59bf89e0-f6ce-4544-8ea4-9dee3bbaa2ae req-59bf89e0-f6ce-4544-8ea4-9dee3bbaa2ae ] Request (InstanceActionsTestJSON:setUpClass): 200 GET http://10.180.1.21/compute/v2.1/servers/93026fc6-b7eb-4904-bc3b-3fea162449c3 0.097s
2025-05-14 11:22:21.475 69567 INFO tempest.lib.common.rest_client [req-4506b544-de05-42fb-a045-e550a86e4b1f req-4506b544-de05-42fb-a045-e550a86e4b1f ] Request (DeleteServersTestJSON:test_delete_active_server): 200 GET http://10.180.1.21/compute/v2.1/servers/a1e2318d-73ad-4490-9892-94d6dbc6ddc4 0.314s
2025-05-14 11:22:21.542 69540 INFO tempest.lib.common.rest_client [req-4649afb3-5853-4b82-ba02-fa811832b277 req-4649afb3-5853-4b82-ba02-fa811832b277 ] Request (ServerShowV257Test:test_rebuild_server): 200 GET http://10.180.1.21/compute/v2.1/servers/356511fa-a83d-4211-adb5-4c3f143e698d 0.090s
2025-05-14 11:22:21.557 69556 WARNING tempest.lib.common.ssh [-] Failed to establish authenticated ssh connection to cirros@10.180.180.234 ([Errno None] Unable to connect to port 22 on 10.180.180.234). Number attempts: 13. Retry after 14 seconds.: paramiko.ssh_exception.NoValidConnectionsError: [Errno None] Unable to connect to port 22 on 10.180.180.234
2025-05-14 11:22:21.569 69570 INFO tempest.lib.common.rest_client [req-a218338f-bdac-4e44-b6c2-bdf424ee7a33 req-a218338f-bdac-4e44-b6c2-bdf424ee7a33 ] Request (ServersListShow2100Test:test_list_show_rebuild_update_server_2100): 200 PUT http://10.180.1.21/compute/v2.1/servers/dd080268-3c0a-4f43-8089-9ad63e468121 0.159s
2025-05-14 11:22:21.646 69524 INFO tempest.lib.common.rest_client [req-c7772952-a001-4734-84e9-417f514388d4 req-c7772952-a001-4734-84e9-417f514388d4 ] Request (ServerAddressesNegativeTestJSON:tearDownClass): 200 GET http://10.180.1.21/compute/v2.1/servers/d0c05bb8-9367-4c45-bda5-3134f26dc8a9 0.100s
2025-05-14 11:22:21.663 69570 INFO tempest.lib.common.rest_client [req-b8df476a-bb84-4359-8bb7-669727c47c41 req-b8df476a-bb84-4359-8bb7-669727c47c41 ] Request (ServersListShow2100Test:test_list_show_rebuild_update_server_2100): 200 GET http://10.180.1.21/compute/v2.1/servers/dd080268-3c0a-4f43-8089-9ad63e468121 0.079s
2025-05-14 11:22:21.774 69554 INFO tempest.lib.common.rest_client [req-1237bd06-9686-4ddb-961c-fb8d68b4f372 req-1237bd06-9686-4ddb-961c-fb8d68b4f372 ] Request (MigrationsAdminTest:test_resize_server_revert_deleted_flavor): 200 GET http://10.180.1.21/compute/v2.1/servers/17e9b47b-1f79-4b53-93a0-b9258d846e97 0.114s
2025-05-14 11:22:21.831 69542 INFO tempest.lib.common.rest_client [req-e1449613-83db-4e41-9dbc-bede6c27a907 req-e1449613-83db-4e41-9dbc-bede6c27a907 ] Request (ServerRescueNegativeTestJSON:test_rescued_vm_detach_volume): 200 GET http://10.180.1.21/compute/v2.1/servers/868d8686-b21b-4c8f-94ea-191c1b662640 0.126s
2025-05-14 11:22:21.881 69560 INFO tempest.lib.common.rest_client [req-fdccbda3-fb06-4c3a-9d39-2740eb9f8260 req-fdccbda3-fb06-4c3a-9d39-2740eb9f8260 ] Request (VolumesAdminNegativeTest:test_update_attached_volume_with_nonexistent_volume_in_uri): 200 GET http://10.180.1.21/compute/v2.1/servers/47f2c6c0-4efb-4e06-b771-4f8f4c5ca27b 0.154s
2025-05-14 11:22:21.918 69570 INFO tempest.lib.common.rest_client [req-a47df016-0335-453c-be38-54fd5b12cff2 req-a47df016-0335-453c-be38-54fd5b12cff2 ] Request (ServersListShow2100Test:test_list_show_rebuild_update_server_2100): 202 POST http://10.180.1.21/compute/v2.1/servers/dd080268-3c0a-4f43-8089-9ad63e468121/action 0.234s
2025-05-14 11:22:21.929 69552 INFO tempest.lib.common.rest_client [req-204955d1-eaef-4aa9-a331-f08ea997bd3a req-204955d1-eaef-4aa9-a331-f08ea997bd3a ] Request (ServersAdminNegativeTestJSON:test_migrate_server_invalid_state): 200 GET http://10.180.1.21/compute/v2.1/servers/43410ca1-1bf9-4332-93e5-be325167d292 0.164s
2025-05-14 11:22:21.986 69538 INFO tempest.lib.common.rest_client [req-9babac96-d81d-4655-b54b-b4e2eaca34e4 req-9babac96-d81d-4655-b54b-b4e2eaca34e4 ] Request (ImagesOneServerNegativeTestJSON:_run_cleanups): 200 GET http://10.180.1.21/compute/v2.1/servers/23f2f0e9-4f56-4ef6-bbdb-d6c47ae77f73 0.189s
2025-05-14 11:22:21.992 69580 INFO tempest.lib.common.rest_client [req-14927b7a-5f60-4275-8e44-38e5e347f259 req-14927b7a-5f60-4275-8e44-38e5e347f259 ] Request (AttachInterfacesTestJSON:test_create_list_show_delete_interfaces_by_network_port): 200 GET http://10.180.1.21/compute/v2.1/servers/1e575dc2-3d1b-4ca6-b3d3-31385f6209ec 0.177s
2025-05-14 11:22:22.044 69562 INFO tempest.lib.common.rest_client [req-3f8f376f-0966-4bb6-b96b-a879a1303f38 req-3f8f376f-0966-4bb6-b96b-a879a1303f38 ] Request (ImagesNegativeTestJSON:test_create_image_from_deleted_server): 200 GET http://10.180.1.21/compute/v2.1/servers/062a3642-4172-4012-96a7-1ace304146aa 0.177s
2025-05-14 11:22:22.063 69572 INFO tempest.lib.common.rest_client [req-8031ffaf-0f4e-4388-83d8-19ec3266b681 req-8031ffaf-0f4e-4388-83d8-19ec3266b681 ] Request (ListImageFiltersTestJSON:tearDownClass): 200 GET http://10.180.1.21/compute/v2.1/servers/75ded7ab-ca91-4934-9e94-43701beec4f4 0.188s
2025-05-14 11:22:22.113 69570 INFO tempest.lib.common.rest_client [req-440eaf72-9cbc-4d6b-9ebd-28e7fc5804a4 req-440eaf72-9cbc-4d6b-9ebd-28e7fc5804a4 ] Request (ServersListShow2100Test:test_list_show_rebuild_update_server_2100): 200 GET http://10.180.1.21/compute/v2.1/servers/dd080268-3c0a-4f43-8089-9ad63e468121 0.182s
2025-05-14 11:22:22.186 69528 INFO tempest.lib.common.rest_client [req-cc54e14a-ecc0-4574-bdf6-dab20621d988 req-cc54e14a-ecc0-4574-bdf6-dab20621d988 ] Request (SecurityGroupsTestJSON:test_list_security_groups_by_server): 200 GET http://10.180.1.21/compute/v2.1/servers/a20a473d-c061-4bc7-8d44-32d26d10cfe9 0.179s
2025-05-14 11:22:22.203 69520 INFO tempest.lib.common.rest_client [req-d0e97ed2-917c-455b-994d-97705a8bd432 req-d0e97ed2-917c-455b-994d-97705a8bd432 ] Request (ImagesTestJSON:test_create_image_from_suspended_server): 200 GET http://10.180.1.21/compute/v2.1/servers/54e30768-6647-4d29-a6b0-fb3c4fe9235b 0.070s
2025-05-14 11:22:22.269 69578 INFO tempest.lib.common.rest_client [req-c8c8a8a7-4a3e-43c8-ae33-1ac6b3b60252 req-c8c8a8a7-4a3e-43c8-ae33-1ac6b3b60252 ] Request (ServersTestMultiNic:_run_cleanups): 200 GET http://10.180.1.21/compute/v2.1/servers/0f31eea7-52f4-4daf-bec4-74de2ff02b86 0.127s
2025-05-14 11:22:22.289 69550 INFO tempest.lib.common.rest_client [req-d9104017-8d39-4bb5-9c0a-00fd03405048 req-d9104017-8d39-4bb5-9c0a-00fd03405048 ] Request (AttachVolumeShelveTestJSON:test_attach_volume_shelved_or_offload_server): 200 GET http://10.180.1.21/compute/v2.1/servers/ed453e1a-e257-4e7f-9cab-7fb5f17dda4c 0.064s
2025-05-14 11:22:22.328 69576 INFO tempest.lib.common.rest_client [req-4936b3d9-78b8-493d-86b1-c08886715d4e req-4936b3d9-78b8-493d-86b1-c08886715d4e ] Request (AttachInterfacesUnderV243Test:_run_cleanups): 200 GET http://10.180.1.21/compute/v2.1/servers/845085dd-a45c-4a47-ae4a-825d9b8bb313 0.101s
2025-05-14 11:22:22.368 69558 INFO tempest.lib.common.rest_client [req-ad39ff29-9b2c-4315-b2af-6418fa25ea19 req-ad39ff29-9b2c-4315-b2af-6418fa25ea19 ] Request (ServersTestJSON:test_create_server_specify_multibyte_character_name): 200 GET http://10.180.1.21/compute/v2.1/servers/7274cc79-d1e6-4d72-8555-f8d84300a8cf 0.063s
2025-05-14 11:22:22.380 69536 INFO tempest.lib.common.rest_client [req-0dc61b03-f865-43f6-8df5-1a3ad93df09e req-0dc61b03-f865-43f6-8df5-1a3ad93df09e ] Request (ServersAdminTestJSON:setUpClass): 200 GET http://10.180.1.21/compute/v2.1/servers/d12c516a-0927-432d-9c09-bd80581aef86 0.057s
2025-05-14 11:22:22.462 69526 INFO tempest.lib.common.rest_client [req-4521f428-e5bf-4534-9ad7-1794aa8400ff req-4521f428-e5bf-4534-9ad7-1794aa8400ff ] Request (ServerDiskConfigTestJSON:test_resize_server_from_auto_to_manual): 200 GET http://10.180.1.21/compute/v2.1/servers/1c5e3340-3f00-480d-a7db-9d7a0ea07636 0.052s
2025-05-14 11:22:22.463 69568 INFO tempest.lib.common.rest_client [req-855e44c8-ab70-4934-8778-03e745f7b462 req-855e44c8-ab70-4934-8778-03e745f7b462 ] Request (VolumesAssistedSnapshotsTest:tearDownClass): 200 PUT http://10.180.1.21:9696/networking/v2.0/routers/5bc43da2-0379-474d-8a5e-0439619fb30e/remove_router_interface 1.131s
2025-05-14 11:22:22.539 69548 INFO tempest.lib.common.rest_client [req-4adaf974-da91-4c72-8e97-7f2eedd3d7c2 req-4adaf974-da91-4c72-8e97-7f2eedd3d7c2 ] Request (InstanceActionsTestJSON:setUpClass): 200 GET http://10.180.1.21/compute/v2.1/servers/93026fc6-b7eb-4904-bc3b-3fea162449c3 0.058s
2025-05-14 11:22:22.555 69567 INFO tempest.lib.common.rest_client [req-76a2be4f-b30a-44ed-9830-c11c4f882163 req-76a2be4f-b30a-44ed-9830-c11c4f882163 ] Request (DeleteServersTestJSON:test_delete_active_server): 200 GET http://10.180.1.21/compute/v2.1/servers/a1e2318d-73ad-4490-9892-94d6dbc6ddc4 0.070s
2025-05-14 11:22:22.606 69540 INFO tempest.lib.common.rest_client [req-c5c34a35-6afe-4f8f-9a1f-d649a311d696 req-c5c34a35-6afe-4f8f-9a1f-d649a311d696 ] Request (ServerShowV257Test:test_rebuild_server): 200 GET http://10.180.1.21/compute/v2.1/servers/356511fa-a83d-4211-adb5-4c3f143e698d 0.053s
2025-05-14 11:22:22.715 69524 INFO tempest.lib.common.rest_client [req-d05c97c5-5924-4835-88b5-17723ef15c9f req-d05c97c5-5924-4835-88b5-17723ef15c9f ] Request (ServerAddressesNegativeTestJSON:tearDownClass): 200 GET http://10.180.1.21/compute/v2.1/servers/d0c05bb8-9367-4c45-bda5-3134f26dc8a9 0.059s
2025-05-14 11:22:22.831 69568 INFO tempest.lib.common.rest_client [req-d79f1743-0dc1-4a58-9bf7-10afd61952b9 req-d79f1743-0dc1-4a58-9bf7-10afd61952b9 ] Request (VolumesAssistedSnapshotsTest:tearDownClass): 204 DELETE http://10.180.1.21:9696/networking/v2.0/routers/5bc43da2-0379-474d-8a5e-0439619fb30e 0.368s
2025-05-14 11:22:22.904 69542 INFO tempest.lib.common.rest_client [req-0f3fec5e-d251-43d7-b9f1-9443c54589ec req-0f3fec5e-d251-43d7-b9f1-9443c54589ec ] Request (ServerRescueNegativeTestJSON:test_rescued_vm_detach_volume): 200 GET http://10.180.1.21/compute/v2.1/servers/868d8686-b21b-4c8f-94ea-191c1b662640 0.064s
2025-05-14 11:22:22.905 69554 INFO tempest.lib.common.rest_client [req-c76fbb18-13e9-4eea-8a0f-05bdc6590a31 req-c76fbb18-13e9-4eea-8a0f-05bdc6590a31 ] Request (MigrationsAdminTest:test_resize_server_revert_deleted_flavor): 200 GET http://10.180.1.21/compute/v2.1/servers/17e9b47b-1f79-4b53-93a0-b9258d846e97 0.122s
2025-05-14 11:22:22.943 69568 INFO tempest.lib.common.rest_client [req-df9d2ee2-efce-4936-9fda-5ca2fcffe607 req-df9d2ee2-efce-4936-9fda-5ca2fcffe607 ] Request (VolumesAssistedSnapshotsTest:tearDownClass): 204 DELETE http://10.180.1.21:9696/networking/v2.0/subnets/cbd74253-9240-47ef-9624-0f2e66c57efd 0.112s
2025-05-14 11:22:22.957 69560 INFO tempest.lib.common.rest_client [req-81f45152-85ae-4d35-8caa-c2dbb1f7b8bf req-81f45152-85ae-4d35-8caa-c2dbb1f7b8bf ] Request (VolumesAdminNegativeTest:test_update_attached_volume_with_nonexistent_volume_in_uri): 200 GET http://10.180.1.21/compute/v2.1/servers/47f2c6c0-4efb-4e06-b771-4f8f4c5ca27b 0.065s
2025-05-14 11:22:22.987 69552 INFO tempest.lib.common.rest_client [req-ff44b047-f8b2-4f99-95ae-d1e9a0b6dcb7 req-ff44b047-f8b2-4f99-95ae-d1e9a0b6dcb7 ] Request (ServersAdminNegativeTestJSON:test_migrate_server_invalid_state): 200 GET http://10.180.1.21/compute/v2.1/servers/43410ca1-1bf9-4332-93e5-be325167d292 0.050s
2025-05-14 11:22:23.071 69538 INFO tempest.lib.common.rest_client [req-0fce1d02-4221-4a41-a396-00a4344b0d3a req-0fce1d02-4221-4a41-a396-00a4344b0d3a ] Request (ImagesOneServerNegativeTestJSON:_run_cleanups): 200 GET http://10.180.1.21/compute/v2.1/servers/23f2f0e9-4f56-4ef6-bbdb-d6c47ae77f73 0.077s
2025-05-14 11:22:23.086 69580 INFO tempest.lib.common.rest_client [req-b7351998-6117-4b89-94b6-6331d02e6980 req-b7351998-6117-4b89-94b6-6331d02e6980 ] Request (AttachInterfacesTestJSON:test_create_list_show_delete_interfaces_by_network_port): 200 GET http://10.180.1.21/compute/v2.1/servers/1e575dc2-3d1b-4ca6-b3d3-31385f6209ec 0.085s
2025-05-14 11:22:23.103 69522 WARNING tempest.lib.common.ssh [-] Failed to establish authenticated ssh connection to cirros@10.180.180.132 ([Errno None] Unable to connect to port 22 on 10.180.180.132). Number attempts: 5. Retry after 6 seconds.: paramiko.ssh_exception.NoValidConnectionsError: [Errno None] Unable to connect to port 22 on 10.180.180.132
2025-05-14 11:22:23.147 69562 INFO tempest.lib.common.rest_client [req-348837ea-90b9-46c1-9394-fb5035346455 req-348837ea-90b9-46c1-9394-fb5035346455 ] Request (ImagesNegativeTestJSON:test_create_image_from_deleted_server): 200 GET http://10.180.1.21/compute/v2.1/servers/062a3642-4172-4012-96a7-1ace304146aa 0.092s
2025-05-14 11:22:23.158 69572 INFO tempest.lib.common.rest_client [req-121f19be-4ee1-43ed-ae76-0c5f8fc81f1d req-121f19be-4ee1-43ed-ae76-0c5f8fc81f1d ] Request (ListImageFiltersTestJSON:tearDownClass): 200 GET http://10.180.1.21/compute/v2.1/servers/75ded7ab-ca91-4934-9e94-43701beec4f4 0.084s
2025-05-14 11:22:23.225 69568 INFO tempest.lib.common.rest_client [req-5b05dfc4-2f8b-47a7-bf64-17d1f49107dc req-5b05dfc4-2f8b-47a7-bf64-17d1f49107dc ] Request (VolumesAssistedSnapshotsTest:tearDownClass): 204 DELETE http://10.180.1.21:9696/networking/v2.0/networks/afc6d982-fb53-42a6-84d0-338e59782e82 0.281s
2025-05-14 11:22:23.228 69570 INFO tempest.lib.common.rest_client [req-2ac5943f-dc0e-4c2a-a8ca-7ebd69466b40 req-2ac5943f-dc0e-4c2a-a8ca-7ebd69466b40 ] Request (ServersListShow2100Test:test_list_show_rebuild_update_server_2100): 200 GET http://10.180.1.21/compute/v2.1/servers/dd080268-3c0a-4f43-8089-9ad63e468121 0.097s
2025-05-14 11:22:23.296 69520 INFO tempest.lib.common.rest_client [req-9a167535-9891-4478-b8a5-f9db26560e23 req-9a167535-9891-4478-b8a5-f9db26560e23 ] Request (ImagesTestJSON:test_create_image_from_suspended_server): 200 GET http://10.180.1.21/compute/v2.1/servers/54e30768-6647-4d29-a6b0-fb3c4fe9235b 0.083s
2025-05-14 11:22:23.349 69528 INFO tempest.lib.common.rest_client [req-44f64901-ae51-4283-9b37-f48b8103174c req-44f64901-ae51-4283-9b37-f48b8103174c ] Request (SecurityGroupsTestJSON:test_list_security_groups_by_server): 200 GET http://10.180.1.21/compute/v2.1/servers/a20a473d-c061-4bc7-8d44-32d26d10cfe9 0.151s
2025-05-14 11:22:23.363 69578 INFO tempest.lib.common.rest_client [req-2fe8d9ec-5da0-452c-a05f-09841413e00a req-2fe8d9ec-5da0-452c-a05f-09841413e00a ] Request (ServersTestMultiNic:_run_cleanups): 200 GET http://10.180.1.21/compute/v2.1/servers/0f31eea7-52f4-4daf-bec4-74de2ff02b86 0.086s
2025-05-14 11:22:23.382 69568 INFO tempest.lib.common.rest_client [req-9b63f06b-d366-4a8a-bf6a-56e5cecf6eeb req-9b63f06b-d366-4a8a-bf6a-56e5cecf6eeb ] Request (VolumesAssistedSnapshotsTest:tearDownClass): 204 DELETE http://10.180.1.21/identity/v3/users/e4083138f1424530a06509d7dcb7c177 0.157s
2025-05-14 11:22:23.413 69550 INFO tempest.lib.common.rest_client [req-f6725e76-ba69-4434-b765-e1f2855c94aa req-f6725e76-ba69-4434-b765-e1f2855c94aa ] Request (AttachVolumeShelveTestJSON:test_attach_volume_shelved_or_offload_server): 200 GET http://10.180.1.21/compute/v2.1/servers/ed453e1a-e257-4e7f-9cab-7fb5f17dda4c 0.106s
2025-05-14 11:22:23.432 69576 INFO tempest.lib.common.rest_client [req-fb70b028-7ea7-46bb-bd5a-5f7ce079bfe4 req-fb70b028-7ea7-46bb-bd5a-5f7ce079bfe4 ] Request (AttachInterfacesUnderV243Test:_run_cleanups): 200 GET http://10.180.1.21/compute/v2.1/servers/845085dd-a45c-4a47-ae4a-825d9b8bb313 0.094s
2025-05-14 11:22:23.464 69558 INFO tempest.lib.common.rest_client [req-61f23f18-fe41-4cde-a871-4ba174e55e6e req-61f23f18-fe41-4cde-a871-4ba174e55e6e ] Request (ServersTestJSON:test_create_server_specify_multibyte_character_name): 200 GET http://10.180.1.21/compute/v2.1/servers/7274cc79-d1e6-4d72-8555-f8d84300a8cf 0.088s
2025-05-14 11:22:23.478 69536 INFO tempest.lib.common.rest_client [req-5766956b-b6d3-48a7-841c-9117df30f2cb req-5766956b-b6d3-48a7-841c-9117df30f2cb ] Request (ServersAdminTestJSON:setUpClass): 200 GET http://10.180.1.21/compute/v2.1/servers/d12c516a-0927-432d-9c09-bd80581aef86 0.088s
2025-05-14 11:22:23.485 69536 INFO tempest.common.waiters [-] State transition "BUILD/None" ==> "BUILD/networking" after 57 second wait
2025-05-14 11:22:23.487 69568 INFO tempest.lib.common.rest_client [req-6b7e38bc-0456-48c7-902c-daa5b48d6626 req-6b7e38bc-0456-48c7-902c-daa5b48d6626 ] Request (VolumesAssistedSnapshotsTest:tearDownClass): 204 DELETE http://10.180.1.21/identity/v3/users/bb97d17b19fe4c4199165096cf71e647 0.104s
2025-05-14 11:22:23.524 69526 INFO tempest.lib.common.rest_client [req-4c267091-764f-416e-8d4b-8d0600750bf2 req-4c267091-764f-416e-8d4b-8d0600750bf2 ] Request (ServerDiskConfigTestJSON:test_resize_server_from_auto_to_manual): 200 GET http://10.180.1.21/compute/v2.1/servers/1c5e3340-3f00-480d-a7db-9d7a0ea07636 0.054s
2025-05-14 11:22:23.606 69568 INFO tempest.lib.common.rest_client [req-7e845ea7-5734-4258-8548-fe01ac24211d req-7e845ea7-5734-4258-8548-fe01ac24211d ] Request (VolumesAssistedSnapshotsTest:tearDownClass): 204 DELETE http://10.180.1.21/identity/v3/users/35e8c9b6b2e0429fac0d08973622e58c 0.118s
2025-05-14 11:22:23.606 69568 INFO tempest.lib.common.dynamic_creds [-] Deleting project and security group for project: 314bf81e16e94ea58693d1a0b8171256
2025-05-14 11:22:23.619 69548 INFO tempest.lib.common.rest_client [req-afbbb1c2-bc63-4cb3-9804-3d466dffeea8 req-afbbb1c2-bc63-4cb3-9804-3d466dffeea8 ] Request (InstanceActionsTestJSON:setUpClass): 200 GET http://10.180.1.21/compute/v2.1/servers/93026fc6-b7eb-4904-bc3b-3fea162449c3 0.067s
2025-05-14 11:22:23.650 69568 INFO tempest.lib.common.rest_client [req-47139e7b-c28f-471a-984a-8342fec74932 req-47139e7b-c28f-471a-984a-8342fec74932 ] Request (VolumesAssistedSnapshotsTest:tearDownClass): 200 GET http://10.180.1.21:9696/networking/v2.0/security-groups?tenant_id=314bf81e16e94ea58693d1a0b8171256&name=default 0.044s
2025-05-14 11:22:23.656 69567 INFO tempest.lib.common.rest_client [req-027df138-a048-4c79-ac37-2499914cd34e req-027df138-a048-4c79-ac37-2499914cd34e ] Request (DeleteServersTestJSON:test_delete_active_server): 200 GET http://10.180.1.21/compute/v2.1/servers/a1e2318d-73ad-4490-9892-94d6dbc6ddc4 0.089s
2025-05-14 11:22:23.695 69540 INFO tempest.lib.common.rest_client [req-869e0ae2-a389-4043-8c9a-8b3a579e0fc6 req-869e0ae2-a389-4043-8c9a-8b3a579e0fc6 ] Request (ServerShowV257Test:test_rebuild_server): 200 GET http://10.180.1.21/compute/v2.1/servers/356511fa-a83d-4211-adb5-4c3f143e698d 0.080s
2025-05-14 11:22:23.798 69568 INFO tempest.lib.common.rest_client [req-9f8b293e-73c3-4bd7-bcc6-a2854b085cec req-9f8b293e-73c3-4bd7-bcc6-a2854b085cec ] Request (VolumesAssistedSnapshotsTest:tearDownClass): 204 DELETE http://10.180.1.21:9696/networking/v2.0/security-groups/e2a1a96e-fafb-4130-9ace-d3304187cfea 0.147s
2025-05-14 11:22:23.809 69524 INFO tempest.lib.common.rest_client [req-bb50a113-68e9-4379-906f-4ed57baa6e1a req-bb50a113-68e9-4379-906f-4ed57baa6e1a ] Request (ServerAddressesNegativeTestJSON:tearDownClass): 200 GET http://10.180.1.21/compute/v2.1/servers/d0c05bb8-9367-4c45-bda5-3134f26dc8a9 0.086s
2025-05-14 11:22:23.956 69568 INFO tempest.lib.common.rest_client [req-a77a1b3b-4ffc-4a34-95a7-a6988a80a56d req-a77a1b3b-4ffc-4a34-95a7-a6988a80a56d ] Request (VolumesAssistedSnapshotsTest:tearDownClass): 204 DELETE http://10.180.1.21/identity/v3/projects/314bf81e16e94ea58693d1a0b8171256 0.158s
2025-05-14 11:22:23.957 69568 INFO tempest.lib.common.dynamic_creds [-] Deleting project and security group for project: 5c7856c757b748ea9a16b439353450d8
2025-05-14 11:22:23.996 69568 INFO tempest.lib.common.rest_client [req-6aabed38-c075-47a9-9c18-a798cc180939 req-6aabed38-c075-47a9-9c18-a798cc180939 ] Request (VolumesAssistedSnapshotsTest:tearDownClass): 200 GET http://10.180.1.21:9696/networking/v2.0/security-groups?tenant_id=5c7856c757b748ea9a16b439353450d8&name=default 0.038s
2025-05-14 11:22:23.996 69542 INFO tempest.lib.common.rest_client [req-0cd1932b-db2f-46c4-8475-2270e54eb0eb req-0cd1932b-db2f-46c4-8475-2270e54eb0eb ] Request (ServerRescueNegativeTestJSON:test_rescued_vm_detach_volume): 200 GET http://10.180.1.21/compute/v2.1/servers/868d8686-b21b-4c8f-94ea-191c1b662640 0.082s
2025-05-14 11:22:24.098 69560 INFO tempest.lib.common.rest_client [req-75733645-d136-4bd2-ad90-200d0e1af13d req-75733645-d136-4bd2-ad90-200d0e1af13d ] Request (VolumesAdminNegativeTest:test_update_attached_volume_with_nonexistent_volume_in_uri): 200 GET http://10.180.1.21/compute/v2.1/servers/47f2c6c0-4efb-4e06-b771-4f8f4c5ca27b 0.133s
2025-05-14 11:22:24.107 69554 INFO tempest.lib.common.rest_client [req-c1677ff8-c52a-44e5-a3c6-1dec741ac1dc req-c1677ff8-c52a-44e5-a3c6-1dec741ac1dc ] Request (MigrationsAdminTest:test_resize_server_revert_deleted_flavor): 200 GET http://10.180.1.21/compute/v2.1/servers/17e9b47b-1f79-4b53-93a0-b9258d846e97 0.192s
2025-05-14 11:22:24.150 69568 INFO tempest.lib.common.rest_client [req-2a2d564d-946e-4ef3-9db4-a18514ddd86b req-2a2d564d-946e-4ef3-9db4-a18514ddd86b ] Request (VolumesAssistedSnapshotsTest:tearDownClass): 204 DELETE http://10.180.1.21:9696/networking/v2.0/security-groups/b90861a2-5bf9-4f08-bdd4-0f79ec570b34 0.153s
2025-05-14 11:22:24.156 69552 INFO tempest.lib.common.rest_client [req-1f42dc5f-c90e-40b1-ae73-c765e4cc5b48 req-1f42dc5f-c90e-40b1-ae73-c765e4cc5b48 ] Request (ServersAdminNegativeTestJSON:test_migrate_server_invalid_state): 200 GET http://10.180.1.21/compute/v2.1/servers/43410ca1-1bf9-4332-93e5-be325167d292 0.159s
2025-05-14 11:22:24.174 69538 INFO tempest.lib.common.rest_client [req-2ecd69bd-4066-4be2-aa37-ca247ea1b869 req-2ecd69bd-4066-4be2-aa37-ca247ea1b869 ] Request (ImagesOneServerNegativeTestJSON:_run_cleanups): 200 GET http://10.180.1.21/compute/v2.1/servers/23f2f0e9-4f56-4ef6-bbdb-d6c47ae77f73 0.091s
2025-05-14 11:22:24.228 69562 INFO tempest.lib.common.rest_client [req-564c33d8-3d28-48e4-9a34-24112f01581f req-564c33d8-3d28-48e4-9a34-24112f01581f ] Request (ImagesNegativeTestJSON:test_create_image_from_deleted_server): 200 GET http://10.180.1.21/compute/v2.1/servers/062a3642-4172-4012-96a7-1ace304146aa 0.071s
2025-05-14 11:22:24.228 69580 INFO tempest.lib.common.rest_client [req-e8072a81-5322-49c6-bcf2-2214d49a0e27 req-e8072a81-5322-49c6-bcf2-2214d49a0e27 ] Request (AttachInterfacesTestJSON:test_create_list_show_delete_interfaces_by_network_port): 200 GET http://10.180.1.21/compute/v2.1/servers/1e575dc2-3d1b-4ca6-b3d3-31385f6209ec 0.133s
2025-05-14 11:22:24.276 69568 INFO tempest.lib.common.rest_client [req-da41fd4d-f8d1-4d54-8bfe-88ecc02a39a2 req-da41fd4d-f8d1-4d54-8bfe-88ecc02a39a2 ] Request (VolumesAssistedSnapshotsTest:tearDownClass): 204 DELETE http://10.180.1.21/identity/v3/projects/5c7856c757b748ea9a16b439353450d8 0.126s
2025-05-14 11:22:24.276 69568 INFO tempest.lib.common.dynamic_creds [-] Deleting project and security group for project: 2404116d0bfd422d9d2fd7192733d2e2
2025-05-14 11:22:24.293 69572 INFO tempest.lib.common.rest_client [req-7bf504b0-a820-4c3e-a102-5115fe464194 req-7bf504b0-a820-4c3e-a102-5115fe464194 ] Request (ListImageFiltersTestJSON:tearDownClass): 200 GET http://10.180.1.21/compute/v2.1/servers/75ded7ab-ca91-4934-9e94-43701beec4f4 0.127s
2025-05-14 11:22:24.313 69568 INFO tempest.lib.common.rest_client [req-332bd1a2-68a5-4f26-a19f-2b5515256147 req-332bd1a2-68a5-4f26-a19f-2b5515256147 ] Request (VolumesAssistedSnapshotsTest:tearDownClass): 200 GET http://10.180.1.21:9696/networking/v2.0/security-groups?tenant_id=2404116d0bfd422d9d2fd7192733d2e2&name=default 0.037s
2025-05-14 11:22:24.320 69570 INFO tempest.lib.common.rest_client [req-ca9f3261-e3d9-49e2-84bb-8b555d0e2fac req-ca9f3261-e3d9-49e2-84bb-8b555d0e2fac ] Request (ServersListShow2100Test:test_list_show_rebuild_update_server_2100): 200 GET http://10.180.1.21/compute/v2.1/servers/dd080268-3c0a-4f43-8089-9ad63e468121 0.079s
2025-05-14 11:22:24.358 69520 INFO tempest.lib.common.rest_client [req-fbd0737a-c3b5-4564-ac98-26a8801c9373 req-fbd0737a-c3b5-4564-ac98-26a8801c9373 ] Request (ImagesTestJSON:test_create_image_from_suspended_server): 200 GET http://10.180.1.21/compute/v2.1/servers/54e30768-6647-4d29-a6b0-fb3c4fe9235b 0.050s
2025-05-14 11:22:24.400 69568 INFO tempest.lib.common.rest_client [req-723898b7-af1c-4a23-8774-c9f198150883 req-723898b7-af1c-4a23-8774-c9f198150883 ] Request (VolumesAssistedSnapshotsTest:tearDownClass): 204 DELETE http://10.180.1.21:9696/networking/v2.0/security-groups/efe10dba-2aef-4a65-9ab8-26022605d51d 0.086s
2025-05-14 11:22:24.432 69578 INFO tempest.lib.common.rest_client [req-0088759b-4d2e-4c43-83b3-6c0a601d9204 req-0088759b-4d2e-4c43-83b3-6c0a601d9204 ] Request (ServersTestMultiNic:_run_cleanups): 200 GET http://10.180.1.21/compute/v2.1/servers/0f31eea7-52f4-4daf-bec4-74de2ff02b86 0.062s
2025-05-14 11:22:24.483 69550 INFO tempest.lib.common.rest_client [req-88f86177-0a49-4c3a-881b-b19a6ad994ae req-88f86177-0a49-4c3a-881b-b19a6ad994ae ] Request (AttachVolumeShelveTestJSON:test_attach_volume_shelved_or_offload_server): 200 GET http://10.180.1.21/compute/v2.1/servers/ed453e1a-e257-4e7f-9cab-7fb5f17dda4c 0.061s
2025-05-14 11:22:24.486 69528 INFO tempest.lib.common.rest_client [req-8685fb4e-0607-4afc-81d5-5dbcd66c7b5a req-8685fb4e-0607-4afc-81d5-5dbcd66c7b5a ] Request (SecurityGroupsTestJSON:test_list_security_groups_by_server): 200 GET http://10.180.1.21/compute/v2.1/servers/a20a473d-c061-4bc7-8d44-32d26d10cfe9 0.128s
2025-05-14 11:22:24.498 69568 INFO tempest.lib.common.rest_client [req-ff90fb72-b957-4dad-ad4a-9c5ab5bfdb16 req-ff90fb72-b957-4dad-ad4a-9c5ab5bfdb16 ] Request (VolumesAssistedSnapshotsTest:tearDownClass): 204 DELETE http://10.180.1.21/identity/v3/projects/2404116d0bfd422d9d2fd7192733d2e2 0.097s
2025-05-14 11:22:24.537 69558 INFO tempest.lib.common.rest_client [req-f35c05a7-bada-4bf8-8ebe-49991d710ea4 req-f35c05a7-bada-4bf8-8ebe-49991d710ea4 ] Request (ServersTestJSON:test_create_server_specify_multibyte_character_name): 200 GET http://10.180.1.21/compute/v2.1/servers/7274cc79-d1e6-4d72-8555-f8d84300a8cf 0.064s
2025-05-14 11:22:24.545 69576 INFO tempest.lib.common.rest_client [req-edc40ddc-3049-4c68-b7d7-e0a460f0d330 req-edc40ddc-3049-4c68-b7d7-e0a460f0d330 ] Request (AttachInterfacesUnderV243Test:_run_cleanups): 200 GET http://10.180.1.21/compute/v2.1/servers/845085dd-a45c-4a47-ae4a-825d9b8bb313 0.103s
2025-05-14 11:22:24.554 69568 INFO tempest.lib.common.rest_client [req-2d7283e9-54ad-4fda-a127-f64bd4df165c req-2d7283e9-54ad-4fda-a127-f64bd4df165c ] Request (QuotaClassesAdminTestJSON:setUpClass): 201 POST http://10.180.1.21/identity/v3/auth/tokens 0.055s
2025-05-14 11:22:24.595 69568 INFO tempest.lib.common.rest_client [req-7b72d1cd-c01e-47b1-84ed-21a04c64bb44 req-7b72d1cd-c01e-47b1-84ed-21a04c64bb44 ] Request (QuotaClassesAdminTestJSON:setUpClass): 201 POST http://10.180.1.21/identity/v3/auth/tokens 0.037s
2025-05-14 11:22:24.612 69526 INFO tempest.lib.common.rest_client [req-69e99390-68a0-4f72-a5c3-7ee2ec60f87f req-69e99390-68a0-4f72-a5c3-7ee2ec60f87f ] Request (ServerDiskConfigTestJSON:test_resize_server_from_auto_to_manual): 200 GET http://10.180.1.21/compute/v2.1/servers/1c5e3340-3f00-480d-a7db-9d7a0ea07636 0.080s
2025-05-14 11:22:24.628 69568 INFO tempest.lib.common.rest_client [req-b0592bd8-eb2c-4ca3-899f-4fc61d74d6d1 req-b0592bd8-eb2c-4ca3-899f-4fc61d74d6d1 ] Request (QuotaClassesAdminTestJSON:setUpClass): 200 GET http://10.180.1.21/identity/v3/domains?name=Default 0.033s
2025-05-14 11:22:24.661 69568 INFO tempest.lib.common.rest_client [req-708b552b-e03f-4fd2-8029-f422a9ac5d1f req-708b552b-e03f-4fd2-8029-f422a9ac5d1f ] Request (QuotaClassesAdminTestJSON:setUpClass): 201 POST http://10.180.1.21/identity/v3/projects 0.032s
2025-05-14 11:22:24.698 69548 INFO tempest.lib.common.rest_client [req-0ac1ce2f-4ff0-4caa-9558-3af9199838ab req-0ac1ce2f-4ff0-4caa-9558-3af9199838ab ] Request (InstanceActionsTestJSON:setUpClass): 200 GET http://10.180.1.21/compute/v2.1/servers/93026fc6-b7eb-4904-bc3b-3fea162449c3 0.065s
2025-05-14 11:22:24.707 69536 INFO tempest.lib.common.rest_client [req-3c6b62d6-36bd-4caa-84bf-5d02f30b17f1 req-3c6b62d6-36bd-4caa-84bf-5d02f30b17f1 ] Request (ServersAdminTestJSON:setUpClass): 200 GET http://10.180.1.21/compute/v2.1/servers/d12c516a-0927-432d-9c09-bd80581aef86 0.221s
2025-05-14 11:22:24.715 69536 INFO tempest.common.waiters [-] State transition "BUILD/networking" ==> "BUILD/spawning" after 58 second wait
2025-05-14 11:22:24.725 69568 INFO tempest.lib.common.rest_client [req-f1f9de0e-e969-4131-86e2-ae66299789bb req-f1f9de0e-e969-4131-86e2-ae66299789bb ] Request (QuotaClassesAdminTestJSON:setUpClass): 201 POST http://10.180.1.21/identity/v3/users 0.063s
2025-05-14 11:22:24.747 69568 INFO tempest.lib.common.rest_client [req-db559c9e-58aa-4670-abc4-121600178549 req-db559c9e-58aa-4670-abc4-121600178549 ] Request (QuotaClassesAdminTestJSON:setUpClass): 200 GET http://10.180.1.21/identity/v3/roles 0.022s
2025-05-14 11:22:24.762 69567 INFO tempest.lib.common.rest_client [req-9017fb98-5d5c-4e70-beaa-569eb7d7b505 req-9017fb98-5d5c-4e70-beaa-569eb7d7b505 ] Request (DeleteServersTestJSON:test_delete_active_server): 200 GET http://10.180.1.21/compute/v2.1/servers/a1e2318d-73ad-4490-9892-94d6dbc6ddc4 0.094s
2025-05-14 11:22:24.771 69540 INFO tempest.lib.common.rest_client [req-0c31bf9b-411c-4b7e-bc3c-33c9a68bd2ff req-0c31bf9b-411c-4b7e-bc3c-33c9a68bd2ff ] Request (ServerShowV257Test:test_rebuild_server): 200 GET http://10.180.1.21/compute/v2.1/servers/356511fa-a83d-4211-adb5-4c3f143e698d 0.065s
2025-05-14 11:22:24.774 69568 INFO tempest.lib.common.rest_client [req-f9a83d29-4f8e-4c80-85ca-e307ea00de94 req-f9a83d29-4f8e-4c80-85ca-e307ea00de94 ] Request (QuotaClassesAdminTestJSON:setUpClass): 204 PUT http://10.180.1.21/identity/v3/projects/cd49601fee5b4a61876de5463561a064/users/52d6d8fa90284fca88e58ef90f79687e/roles/dbe078d05ff74ac3836de225a5dc409e 0.026s
2025-05-14 11:22:24.775 69568 INFO tempest.lib.common.dynamic_creds [-] Dynamic test user 52d6d8fa90284fca88e58ef90f79687e is created with scope project and roles: ['member']
2025-05-14 11:22:24.775 69568 INFO tempest.lib.common.dynamic_creds [-] Acquired dynamic creds: credentials: Credentials: {'domain_id': 'default', 'domain_name': 'Default', 'username': 'tempest-QuotaClassesAdminTestJSON-835853647-project-member', 'project_domain_id': 'default', 'project_domain_name': 'Default', 'project_id': 'cd49601fee5b4a61876de5463561a064', 'project_name': 'tempest-QuotaClassesAdminTestJSON-835853647', 'tenant_id': 'cd49601fee5b4a61876de5463561a064', 'tenant_name': 'tempest-QuotaClassesAdminTestJSON-835853647', 'user_domain_id': 'default', 'user_domain_name': 'Default', 'user_id': '52d6d8fa90284fca88e58ef90f79687e', 'system': None}, Network: None, Subnet: None, Router: None
2025-05-14 11:22:24.775 69568 INFO tempest.lib.common.dynamic_creds [-] Created isolated network resources for: credentials: Credentials: {'domain_id': 'default', 'domain_name': 'Default', 'username': 'tempest-QuotaClassesAdminTestJSON-835853647-project-member', 'project_domain_id': 'default', 'project_domain_name': 'Default', 'project_id': 'cd49601fee5b4a61876de5463561a064', 'project_name': 'tempest-QuotaClassesAdminTestJSON-835853647', 'tenant_id': 'cd49601fee5b4a61876de5463561a064', 'tenant_name': 'tempest-QuotaClassesAdminTestJSON-835853647', 'user_domain_id': 'default', 'user_domain_name': 'Default', 'user_id': '52d6d8fa90284fca88e58ef90f79687e', 'system': None}, Network: None, Subnet: None, Router: None
2025-05-14 11:22:24.842 69568 INFO tempest.lib.common.rest_client [req-c90c38df-e477-488d-8d1a-644217f9e0b3 req-c90c38df-e477-488d-8d1a-644217f9e0b3 ] Request (QuotaClassesAdminTestJSON:setUpClass): 201 POST http://10.180.1.21/identity/v3/auth/tokens 0.064s
2025-05-14 11:22:24.879 69524 INFO tempest.lib.common.rest_client [req-fd080087-165b-44b4-bc58-f976d72af563 req-fd080087-165b-44b4-bc58-f976d72af563 ] Request (ServerAddressesNegativeTestJSON:tearDownClass): 200 GET http://10.180.1.21/compute/v2.1/servers/d0c05bb8-9367-4c45-bda5-3134f26dc8a9 0.060s
2025-05-14 11:22:24.901 69568 INFO tempest.lib.common.rest_client [req-23af1f0e-07e3-43c4-be3c-715354d0df44 req-23af1f0e-07e3-43c4-be3c-715354d0df44 ] Request (QuotaClassesAdminTestJSON:setUpClass): 201 POST http://10.180.1.21/identity/v3/projects 0.058s
2025-05-14 11:22:24.955 69568 INFO tempest.lib.common.rest_client [req-f377a4fe-b7f2-4250-b6c6-db7c81e44645 req-f377a4fe-b7f2-4250-b6c6-db7c81e44645 ] Request (QuotaClassesAdminTestJSON:setUpClass): 201 POST http://10.180.1.21/identity/v3/users 0.053s
2025-05-14 11:22:24.982 69568 INFO tempest.lib.common.rest_client [req-b24d0653-cfc2-41b4-a5e5-211cf429e232 req-b24d0653-cfc2-41b4-a5e5-211cf429e232 ] Request (QuotaClassesAdminTestJSON:setUpClass): 200 GET http://10.180.1.21/identity/v3/roles 0.026s
2025-05-14 11:22:25.010 69568 INFO tempest.lib.common.rest_client [req-e3ab6955-c045-43f4-a88c-bed75571f17e req-e3ab6955-c045-43f4-a88c-bed75571f17e ] Request (QuotaClassesAdminTestJSON:setUpClass): 204 PUT http://10.180.1.21/identity/v3/projects/63eb46f920aa431289c408fc4fd33cf6/users/465c579ab678464291ff127e1cea05ec/roles/2afcf9b0d9c442878439415351d1ac32 0.027s
2025-05-14 11:22:25.071 69542 INFO tempest.lib.common.rest_client [req-c8cdd776-e8f4-4956-9299-5ed8591dbe15 req-c8cdd776-e8f4-4956-9299-5ed8591dbe15 ] Request (ServerRescueNegativeTestJSON:test_rescued_vm_detach_volume): 200 GET http://10.180.1.21/compute/v2.1/servers/868d8686-b21b-4c8f-94ea-191c1b662640 0.067s
2025-05-14 11:22:25.079 69568 INFO tempest.lib.common.rest_client [req-733db85c-6629-4f6e-8ebf-02160e3ff480 req-733db85c-6629-4f6e-8ebf-02160e3ff480 ] Request (QuotaClassesAdminTestJSON:setUpClass): 200 GET http://10.180.1.21/identity/v3/roles 0.069s
2025-05-14 11:22:25.097 69568 INFO tempest.lib.common.rest_client [req-fd0d2c82-ec35-40a7-a80f-204edf2d9a4c req-fd0d2c82-ec35-40a7-a80f-204edf2d9a4c ] Request (QuotaClassesAdminTestJSON:setUpClass): 204 PUT http://10.180.1.21/identity/v3/projects/63eb46f920aa431289c408fc4fd33cf6/users/465c579ab678464291ff127e1cea05ec/roles/2afcf9b0d9c442878439415351d1ac32 0.018s
2025-05-14 11:22:25.097 69568 INFO tempest.lib.common.dynamic_creds [-] Dynamic test user 465c579ab678464291ff127e1cea05ec is created with scope project and roles: ['admin']
2025-05-14 11:22:25.097 69568 INFO tempest.lib.common.dynamic_creds [-] Acquired dynamic creds: credentials: Credentials: {'domain_id': 'default', 'domain_name': 'Default', 'username': 'tempest-QuotaClassesAdminTestJSON-470629289-project-admin', 'project_domain_id': 'default', 'project_domain_name': 'Default', 'project_id': '63eb46f920aa431289c408fc4fd33cf6', 'project_name': 'tempest-QuotaClassesAdminTestJSON-470629289', 'tenant_id': '63eb46f920aa431289c408fc4fd33cf6', 'tenant_name': 'tempest-QuotaClassesAdminTestJSON-470629289', 'user_domain_id': 'default', 'user_domain_name': 'Default', 'user_id': '465c579ab678464291ff127e1cea05ec', 'system': None}, Network: None, Subnet: None, Router: None
2025-05-14 11:22:25.098 69568 INFO tempest.lib.common.dynamic_creds [-] Created isolated network resources for: credentials: Credentials: {'domain_id': 'default', 'domain_name': 'Default', 'username': 'tempest-QuotaClassesAdminTestJSON-470629289-project-admin', 'project_domain_id': 'default', 'project_domain_name': 'Default', 'project_id': '63eb46f920aa431289c408fc4fd33cf6', 'project_name': 'tempest-QuotaClassesAdminTestJSON-470629289', 'tenant_id': '63eb46f920aa431289c408fc4fd33cf6', 'tenant_name': 'tempest-QuotaClassesAdminTestJSON-470629289', 'user_domain_id': 'default', 'user_domain_name': 'Default', 'user_id': '465c579ab678464291ff127e1cea05ec', 'system': None}, Network: None, Subnet: None, Router: None
2025-05-14 11:22:25.172 69560 INFO tempest.lib.common.rest_client [req-546f8820-daed-4777-8551-3b1ddf312a44 req-546f8820-daed-4777-8551-3b1ddf312a44 ] Request (VolumesAdminNegativeTest:test_update_attached_volume_with_nonexistent_volume_in_uri): 200 GET http://10.180.1.21/compute/v2.1/servers/47f2c6c0-4efb-4e06-b771-4f8f4c5ca27b 0.063s
2025-05-14 11:22:25.199 69568 INFO tempest.lib.common.rest_client [req-56bc3cbc-4140-409b-a66f-c7f5ec4c673d req-56bc3cbc-4140-409b-a66f-c7f5ec4c673d ] Request (QuotaClassesAdminTestJSON:setUpClass): 201 POST http://10.180.1.21/identity/v3/auth/tokens 0.098s
2025-05-14 11:22:25.245 69552 INFO tempest.lib.common.rest_client [req-385bbd8d-4142-4dc3-aa06-c694c0ad5ac9 req-385bbd8d-4142-4dc3-aa06-c694c0ad5ac9 ] Request (ServersAdminNegativeTestJSON:test_migrate_server_invalid_state): 200 GET http://10.180.1.21/compute/v2.1/servers/43410ca1-1bf9-4332-93e5-be325167d292 0.080s
2025-05-14 11:22:25.248 69554 INFO tempest.lib.common.rest_client [req-4ab881ff-9145-4ff1-9499-91d5cbdbc936 req-4ab881ff-9145-4ff1-9499-91d5cbdbc936 ] Request (MigrationsAdminTest:test_resize_server_revert_deleted_flavor): 200 GET http://10.180.1.21/compute/v2.1/servers/17e9b47b-1f79-4b53-93a0-b9258d846e97 0.130s
2025-05-14 11:22:25.304 69538 INFO tempest.lib.common.rest_client [req-0b506792-1b4d-4e04-9799-e0076f5b6236 req-0b506792-1b4d-4e04-9799-e0076f5b6236 ] Request (ImagesOneServerNegativeTestJSON:_run_cleanups): 200 GET http://10.180.1.21/compute/v2.1/servers/23f2f0e9-4f56-4ef6-bbdb-d6c47ae77f73 0.122s
2025-05-14 11:22:25.326 69568 INFO tempest.lib.common.rest_client [req-ba9825fa-3bab-4856-9e51-9ccdf5aa6c74 req-ba9825fa-3bab-4856-9e51-9ccdf5aa6c74 ] Request (QuotaClassesAdminTestJSON:test_update_default_quotas): 200 GET http://10.180.1.21/compute/v2.1/os-quota-class-sets/default 0.125s
2025-05-14 11:22:25.350 69562 INFO tempest.lib.common.rest_client [req-1ec649c1-352c-472c-a8a7-c6f3a5335c8f req-1ec649c1-352c-472c-a8a7-c6f3a5335c8f ] Request (ImagesNegativeTestJSON:test_create_image_from_deleted_server): 200 GET http://10.180.1.21/compute/v2.1/servers/062a3642-4172-4012-96a7-1ace304146aa 0.114s
2025-05-14 11:22:25.370 69580 INFO tempest.lib.common.rest_client [req-3d04696a-493a-409d-a69b-2a181a3eaa36 req-3d04696a-493a-409d-a69b-2a181a3eaa36 ] Request (AttachInterfacesTestJSON:test_create_list_show_delete_interfaces_by_network_port): 200 GET http://10.180.1.21/compute/v2.1/servers/1e575dc2-3d1b-4ca6-b3d3-31385f6209ec 0.135s
2025-05-14 11:22:25.404 69572 INFO tempest.lib.common.rest_client [req-1a0116a6-e28c-4d7a-a20f-3c9e3aae7ea9 req-1a0116a6-e28c-4d7a-a20f-3c9e3aae7ea9 ] Request (ListImageFiltersTestJSON:tearDownClass): 200 GET http://10.180.1.21/compute/v2.1/servers/75ded7ab-ca91-4934-9e94-43701beec4f4 0.104s
2025-05-14 11:22:25.472 69570 INFO tempest.lib.common.rest_client [req-0bbca981-f888-4580-a0f6-e4f5fa77996e req-0bbca981-f888-4580-a0f6-e4f5fa77996e ] Request (ServersListShow2100Test:test_list_show_rebuild_update_server_2100): 200 GET http://10.180.1.21/compute/v2.1/servers/dd080268-3c0a-4f43-8089-9ad63e468121 0.138s
2025-05-14 11:22:25.480 69568 INFO tempest.lib.common.rest_client [req-7d185415-882a-4fa2-a122-41a04ac4f42c req-7d185415-882a-4fa2-a122-41a04ac4f42c ] Request (QuotaClassesAdminTestJSON:test_update_default_quotas): 200 PUT http://10.180.1.21/compute/v2.1/os-quota-class-sets/default 0.152s
2025-05-14 11:22:25.487 69570 INFO tempest.common.waiters [-] State transition "REBUILD/rebuilding" ==> "REBUILD/rebuild_spawning" after 3 second wait
2025-05-14 11:22:25.497 69578 INFO tempest.lib.common.rest_client [req-19db39da-0d08-4dc5-9b0b-758c763c243d req-19db39da-0d08-4dc5-9b0b-758c763c243d ] Request (ServersTestMultiNic:_run_cleanups): 404 GET http://10.180.1.21/compute/v2.1/servers/0f31eea7-52f4-4daf-bec4-74de2ff02b86 0.056s
2025-05-14 11:22:25.506 69568 INFO tempest.lib.common.rest_client [req-5f40157e-dda9-42e6-b509-35dcd94cb6fe req-5f40157e-dda9-42e6-b509-35dcd94cb6fe ] Request (QuotaClassesAdminTestJSON:test_update_default_quotas): 200 GET http://10.180.1.21/compute/v2.1/os-quota-class-sets/default 0.024s
2025-05-14 11:22:25.530 69520 INFO tempest.lib.common.rest_client [req-52262ebb-ea1e-40bc-aa09-de9daa4ddfb0 req-52262ebb-ea1e-40bc-aa09-de9daa4ddfb0 ] Request (ImagesTestJSON:test_create_image_from_suspended_server): 200 GET http://10.180.1.21/compute/v2.1/servers/54e30768-6647-4d29-a6b0-fb3c4fe9235b 0.163s
2025-05-14 11:22:25.565 69550 INFO tempest.lib.common.rest_client [req-d1f79ca5-de27-4073-b834-026fe983d81c req-d1f79ca5-de27-4073-b834-026fe983d81c ] Request (AttachVolumeShelveTestJSON:test_attach_volume_shelved_or_offload_server): 200 GET http://10.180.1.21/compute/v2.1/servers/ed453e1a-e257-4e7f-9cab-7fb5f17dda4c 0.073s
2025-05-14 11:22:25.619 69568 INFO tempest.lib.common.rest_client [req-bc848414-2617-4b30-af2b-76da181fd9d9 req-bc848414-2617-4b30-af2b-76da181fd9d9 ] Request (QuotaClassesAdminTestJSON:_run_cleanups): 200 PUT http://10.180.1.21/compute/v2.1/os-quota-class-sets/default 0.111s
2025-05-14 11:22:25.683 69558 INFO tempest.lib.common.rest_client [req-cbbae1fc-5051-4f21-8611-3d5a2a2b30fa req-cbbae1fc-5051-4f21-8611-3d5a2a2b30fa ] Request (ServersTestJSON:test_create_server_specify_multibyte_character_name): 200 GET http://10.180.1.21/compute/v2.1/servers/7274cc79-d1e6-4d72-8555-f8d84300a8cf 0.138s
2025-05-14 11:22:25.747 69578 INFO tempest.lib.common.rest_client [req-65da3d4a-0200-4af1-8ee0-8e250e72c338 req-65da3d4a-0200-4af1-8ee0-8e250e72c338 ] Request (ServersTestMultiNic:_run_cleanups): 204 DELETE http://10.180.1.21:9696/networking/v2.0/subnets/0c28877a-f46c-4e81-ba55-ced1c5993f5b 0.250s
2025-05-14 11:22:25.749 69528 INFO tempest.lib.common.rest_client [req-42a03ff8-d046-4056-8006-a7c65521e750 req-42a03ff8-d046-4056-8006-a7c65521e750 ] Request (SecurityGroupsTestJSON:test_list_security_groups_by_server): 200 GET http://10.180.1.21/compute/v2.1/servers/a20a473d-c061-4bc7-8d44-32d26d10cfe9 0.255s
2025-05-14 11:22:25.764 69576 INFO tempest.lib.common.rest_client [req-af24214f-4f2b-4e41-98c6-759f66d8b5b7 req-af24214f-4f2b-4e41-98c6-759f66d8b5b7 ] Request (AttachInterfacesUnderV243Test:_run_cleanups): 200 GET http://10.180.1.21/compute/v2.1/servers/845085dd-a45c-4a47-ae4a-825d9b8bb313 0.210s
2025-05-14 11:22:25.768 69568 INFO tempest.lib.common.rest_client [req-dfe25b66-f699-4d87-89e6-993837782be8 req-dfe25b66-f699-4d87-89e6-993837782be8 ] Request (QuotaClassesAdminTestJSON:tearDownClass): 204 DELETE http://10.180.1.21/identity/v3/users/52d6d8fa90284fca88e58ef90f79687e 0.145s
2025-05-14 11:22:25.787 69544 WARNING tempest.lib.common.ssh [-] Failed to establish authenticated ssh connection to cirros@10.180.180.228 ([Errno None] Unable to connect to port 22 on 10.180.180.228). Number attempts: 13. Retry after 14 seconds.: paramiko.ssh_exception.NoValidConnectionsError: [Errno None] Unable to connect to port 22 on 10.180.180.228
2025-05-14 11:22:25.823 69526 INFO tempest.lib.common.rest_client [req-a378482f-dec9-4a3a-8fb5-260cdb11b9f9 req-a378482f-dec9-4a3a-8fb5-260cdb11b9f9 ] Request (ServerDiskConfigTestJSON:test_resize_server_from_auto_to_manual): 200 GET http://10.180.1.21/compute/v2.1/servers/1c5e3340-3f00-480d-a7db-9d7a0ea07636 0.202s
2025-05-14 11:22:25.830 69548 INFO tempest.lib.common.rest_client [req-07971dcd-885e-47a9-8251-1ff13ccd31eb req-07971dcd-885e-47a9-8251-1ff13ccd31eb ] Request (InstanceActionsTestJSON:setUpClass): 200 GET http://10.180.1.21/compute/v2.1/servers/93026fc6-b7eb-4904-bc3b-3fea162449c3 0.124s
2025-05-14 11:22:25.875 69568 INFO tempest.lib.common.rest_client [req-e98e6130-103c-4fef-955e-899c0b8b522c req-e98e6130-103c-4fef-955e-899c0b8b522c ] Request (QuotaClassesAdminTestJSON:tearDownClass): 204 DELETE http://10.180.1.21/identity/v3/users/465c579ab678464291ff127e1cea05ec 0.107s
2025-05-14 11:22:25.875 69568 INFO tempest.lib.common.dynamic_creds [-] Deleting project and security group for project: cd49601fee5b4a61876de5463561a064
2025-05-14 11:22:25.911 69567 INFO tempest.lib.common.rest_client [req-1a249231-0635-4503-b48c-3e8adce6112e req-1a249231-0635-4503-b48c-3e8adce6112e ] Request (DeleteServersTestJSON:test_delete_active_server): 200 GET http://10.180.1.21/compute/v2.1/servers/a1e2318d-73ad-4490-9892-94d6dbc6ddc4 0.141s
2025-05-14 11:22:25.953 69536 INFO tempest.lib.common.rest_client [req-1df8d1c1-0c57-4220-a97a-919ed82aa232 req-1df8d1c1-0c57-4220-a97a-919ed82aa232 ] Request (ServersAdminTestJSON:setUpClass): 200 GET http://10.180.1.21/compute/v2.1/servers/d12c516a-0927-432d-9c09-bd80581aef86 0.236s
2025-05-14 11:22:25.959 69568 INFO tempest.lib.common.rest_client [req-a550615e-6be9-453a-942d-f08bbaa7af0c req-a550615e-6be9-453a-942d-f08bbaa7af0c ] Request (QuotaClassesAdminTestJSON:tearDownClass): 201 POST http://10.180.1.21/identity/v3/auth/tokens 0.083s
2025-05-14 11:22:25.979 69540 INFO tempest.lib.common.rest_client [req-e7b82f19-143a-406c-aa2e-1045fd9aa072 req-e7b82f19-143a-406c-aa2e-1045fd9aa072 ] Request (ServerShowV257Test:test_rebuild_server): 200 GET http://10.180.1.21/compute/v2.1/servers/356511fa-a83d-4211-adb5-4c3f143e698d 0.199s
2025-05-14 11:22:26.033 69524 INFO tempest.lib.common.rest_client [req-422903d2-d204-438e-a933-8f50d714e41d req-422903d2-d204-438e-a933-8f50d714e41d ] Request (ServerAddressesNegativeTestJSON:tearDownClass): 200 GET http://10.180.1.21/compute/v2.1/servers/d0c05bb8-9367-4c45-bda5-3134f26dc8a9 0.145s
2025-05-14 11:22:26.158 69542 INFO tempest.lib.common.rest_client [req-8126ff7f-1148-4f88-9ccd-0aceb5826d80 req-8126ff7f-1148-4f88-9ccd-0aceb5826d80 ] Request (ServerRescueNegativeTestJSON:test_rescued_vm_detach_volume): 200 GET http://10.180.1.21/compute/v2.1/servers/868d8686-b21b-4c8f-94ea-191c1b662640 0.078s
2025-05-14 11:22:26.185 69578 INFO tempest.lib.common.rest_client [req-66982645-92c6-4a11-b30a-1412fe57762d req-66982645-92c6-4a11-b30a-1412fe57762d ] Request (ServersTestMultiNic:_run_cleanups): 204 DELETE http://10.180.1.21:9696/networking/v2.0/networks/11f15994-d67f-411a-8216-a8799a84812a 0.437s
2025-05-14 11:22:26.218 69530 WARNING tempest.lib.common.ssh [-] Failed to establish authenticated ssh connection to cirros@10.180.180.142 ([Errno None] Unable to connect to port 22 on 10.180.180.142). Number attempts: 1. Retry after 2 seconds.: paramiko.ssh_exception.NoValidConnectionsError: [Errno None] Unable to connect to port 22 on 10.180.180.142
2025-05-14 11:22:26.280 69560 INFO tempest.lib.common.rest_client [req-db2475c9-c446-4081-a651-50dbb944c1b0 req-db2475c9-c446-4081-a651-50dbb944c1b0 ] Request (VolumesAdminNegativeTest:test_update_attached_volume_with_nonexistent_volume_in_uri): 200 GET http://10.180.1.21/compute/v2.1/servers/47f2c6c0-4efb-4e06-b771-4f8f4c5ca27b 0.093s
2025-05-14 11:22:26.289 69568 INFO tempest.lib.common.rest_client [req-fd4718ce-efc1-4563-b6ce-ff231ccb752b req-fd4718ce-efc1-4563-b6ce-ff231ccb752b ] Request (QuotaClassesAdminTestJSON:tearDownClass): 200 GET http://10.180.1.21:9696/networking/v2.0/security-groups?tenant_id=cd49601fee5b4a61876de5463561a064&name=default 0.330s
2025-05-14 11:22:26.359 69552 INFO tempest.lib.common.rest_client [req-71aab32b-ba27-45f1-a6eb-3916ac517eef req-71aab32b-ba27-45f1-a6eb-3916ac517eef ] Request (ServersAdminNegativeTestJSON:test_migrate_server_invalid_state): 200 GET http://10.180.1.21/compute/v2.1/servers/43410ca1-1bf9-4332-93e5-be325167d292 0.103s
2025-05-14 11:22:26.370 69552 INFO tempest.common.waiters [-] State transition "BUILD/None" ==> "BUILD/networking" after 58 second wait
2025-05-14 11:22:26.422 69568 INFO tempest.lib.common.rest_client [req-d65b4ccb-5550-4f41-b4ef-5cb4ce56357b req-d65b4ccb-5550-4f41-b4ef-5cb4ce56357b ] Request (QuotaClassesAdminTestJSON:tearDownClass): 204 DELETE http://10.180.1.21:9696/networking/v2.0/security-groups/283c3da2-28e2-40fc-a068-19003fd88135 0.132s
2025-05-14 11:22:26.458 69538 INFO tempest.lib.common.rest_client [req-36d6b85a-79fb-4d28-9f4d-9b5a0b445bd8 req-36d6b85a-79fb-4d28-9f4d-9b5a0b445bd8 ] Request (ImagesOneServerNegativeTestJSON:_run_cleanups): 200 GET http://10.180.1.21/compute/v2.1/servers/23f2f0e9-4f56-4ef6-bbdb-d6c47ae77f73 0.146s
2025-05-14 11:22:26.484 69578 INFO tempest.lib.common.rest_client [req-18f1a091-a9ef-4ec9-8439-4912da9cff0a req-18f1a091-a9ef-4ec9-8439-4912da9cff0a ] Request (ServersTestMultiNic:_run_cleanups): 204 DELETE http://10.180.1.21:9696/networking/v2.0/subnets/7ebff105-9629-40c7-b6ed-654e1577e7f7 0.298s
2025-05-14 11:22:26.512 69568 INFO tempest.lib.common.rest_client [req-f2824717-b9a2-4275-87c6-c4d542d3fb04 req-f2824717-b9a2-4275-87c6-c4d542d3fb04 ] Request (QuotaClassesAdminTestJSON:tearDownClass): 204 DELETE http://10.180.1.21/identity/v3/projects/cd49601fee5b4a61876de5463561a064 0.090s
2025-05-14 11:22:26.512 69568 INFO tempest.lib.common.dynamic_creds [-] Deleting project and security group for project: 63eb46f920aa431289c408fc4fd33cf6
2025-05-14 11:22:26.546 69562 INFO tempest.lib.common.rest_client [req-181db552-7632-4979-b777-1883935c60fd req-181db552-7632-4979-b777-1883935c60fd ] Request (ImagesNegativeTestJSON:test_create_image_from_deleted_server): 200 GET http://10.180.1.21/compute/v2.1/servers/062a3642-4172-4012-96a7-1ace304146aa 0.188s
2025-05-14 11:22:26.548 69554 INFO tempest.lib.common.rest_client [req-63bd6589-425c-44df-9b70-0eceae5ef413 req-63bd6589-425c-44df-9b70-0eceae5ef413 ] Request (MigrationsAdminTest:test_resize_server_revert_deleted_flavor): 200 GET http://10.180.1.21/compute/v2.1/servers/17e9b47b-1f79-4b53-93a0-b9258d846e97 0.290s
2025-05-14 11:22:26.617 69580 INFO tempest.lib.common.rest_client [req-d656f421-8bab-4c3d-a0dc-0deb92e5be7a req-d656f421-8bab-4c3d-a0dc-0deb92e5be7a ] Request (AttachInterfacesTestJSON:test_create_list_show_delete_interfaces_by_network_port): 200 GET http://10.180.1.21/compute/v2.1/servers/1e575dc2-3d1b-4ca6-b3d3-31385f6209ec 0.239s
2025-05-14 11:22:26.620 69572 INFO tempest.lib.common.rest_client [req-09813b74-36a5-4dbb-afe5-fc3bc8f6fbca req-09813b74-36a5-4dbb-afe5-fc3bc8f6fbca ] Request (ListImageFiltersTestJSON:tearDownClass): 200 GET http://10.180.1.21/compute/v2.1/servers/75ded7ab-ca91-4934-9e94-43701beec4f4 0.207s
2025-05-14 11:22:26.680 69520 INFO tempest.lib.common.rest_client [req-7d07da41-e7a3-468a-b04e-91d976f44c33 req-7d07da41-e7a3-468a-b04e-91d976f44c33 ] Request (ImagesTestJSON:test_create_image_from_suspended_server): 200 GET http://10.180.1.21/compute/v2.1/servers/54e30768-6647-4d29-a6b0-fb3c4fe9235b 0.142s
