2025-05-16 14:28:20.128 70057 INFO tempest.lib.common.rest_client [req-2e638c75-a535-4dd2-9a44-ed0e3d7b7ed2 req-2e638c75-a535-4dd2-9a44-ed0e3d7b7ed2 ] Request (MultipleCreateTestJSON:test_multiple_create): 200 GET http://10.180.1.21/compute/v2.1/servers/12c48e81-863b-4591-b3c5-fa4e26d655b9 0.872s
2025-05-16 14:28:20.210 70041 INFO tempest.lib.common.rest_client [req-1f21949e-7fb2-403c-86a3-8acede6a0aab req-1f21949e-7fb2-403c-86a3-8acede6a0aab ] Request (ServersAdminNegativeTestJSON:tearDownClass): 200 GET http://10.180.1.21/compute/v2.1/servers/2a395bfb-2b03-418e-92b5-df650a6b8f10 0.946s
2025-05-16 14:28:20.904 70073 INFO tempest.lib.common.rest_client [req-e20f7864-9272-44fc-b682-de3402fb8348 req-e20f7864-9272-44fc-b682-de3402fb8348 ] Request (AttachVolumeNegativeTest:test_attach_attached_volume_to_different_server): 202 POST http://10.180.1.21/compute/v2.1/servers 1.530s
2025-05-16 14:28:21.000 70089 INFO tempest.lib.common.rest_client [req-6adc584f-df99-459d-92a1-91462a13e068 req-6adc584f-df99-459d-92a1-91462a13e068 ] Request (FloatingIPsAssociationNegativeTestJSON:_run_cleanups): 202 POST http://10.180.1.21/compute/v2.1/servers/d5770133-2f67-4afd-ba07-778defd8c692/action 2.046s
2025-05-16 14:28:21.058 70079 INFO tempest.lib.common.rest_client [req-3908ead8-a255-4743-8d82-464de73d37e5 req-3908ead8-a255-4743-8d82-464de73d37e5 ] Request (VolumesAdminNegativeTest:test_update_attached_volume_with_nonexistent_volume_in_uri): 200 GET http://10.180.1.21/compute/v2.1/servers/ad04223c-147a-435f-a2cd-d3c73ea1ca63 1.442s
2025-05-16 14:28:21.071 70037 INFO tempest.lib.common.rest_client [req-b33943ab-80bf-4b1a-9d88-7e4b0ee5d7da req-b33943ab-80bf-4b1a-9d88-7e4b0ee5d7da ] Request (ImagesTestJSON:test_create_image_from_stopped_server): 200 GET http://10.180.1.21/compute/v2.1/servers/ffc62ddd-ffe2-478d-9227-239904c4411b 1.552s
2025-05-16 14:28:21.122 70071 INFO tempest.lib.common.rest_client [req-dbd11187-e13c-41f9-9391-5c97835222a2 req-dbd11187-e13c-41f9-9391-5c97835222a2 ] Request (InstanceActionsV221TestJSON:test_get_list_deleted_instance_actions): 200 GET http://10.180.1.21/compute/v2.1/servers/735cd9c8-ca9a-4b99-a653-333b31d07751 1.415s
2025-05-16 14:28:21.137 70063 INFO tempest.lib.common.rest_client [req-277ff4ac-fbea-4c3f-ad22-49c02d95b2e5 req-277ff4ac-fbea-4c3f-ad22-49c02d95b2e5 ] Request (ServerRescueNegativeTestJSON:test_rescued_vm_detach_volume): 200 GET http://10.180.1.21/compute/v2.1/servers/01618ff9-d8e5-41b5-899c-81279eb69806 1.383s
2025-05-16 14:28:21.183 70077 INFO tempest.lib.common.rest_client [req-2228b252-4064-4141-8c53-bcf6a301cf07 req-2228b252-4064-4141-8c53-bcf6a301cf07 ] Request (MigrationsAdminTest:test_resize_server_revert_deleted_flavor): 200 GET http://10.180.1.21/compute/v2.1/servers/4458a759-c025-4325-8553-64c4fd7ebbde 1.388s
2025-05-16 14:28:21.205 70049 INFO tempest.lib.common.rest_client [req-a2a8d387-7de4-4bb3-90db-9ea8c1a12ae0 req-a2a8d387-7de4-4bb3-90db-9ea8c1a12ae0 ] Request (ServerAddressesTestJSON:tearDownClass): 200 GET http://10.180.1.21/compute/v2.1/servers/c7bb5994-7c54-43a7-9d47-ad7ecb0465f6 1.327s
2025-05-16 14:28:21.263 70083 INFO tempest.lib.common.rest_client [req-3dadcf86-dadf-409f-a761-d9e570293fed req-3dadcf86-dadf-409f-a761-d9e570293fed ] Request (ServerRescueTestJSONUnderV235:setUpClass): 200 GET http://10.180.1.21/compute/v2.1/servers/6acc83d1-4c05-4375-946b-7b326bb650e5 1.169s
2025-05-16 14:28:21.264 70039 INFO tempest.lib.common.rest_client [req-6b1be4c6-a906-43b4-97f8-f398b60d3a4b req-6b1be4c6-a906-43b4-97f8-f398b60d3a4b ] Request (ServersTestMultiNic:_run_cleanups): 200 GET http://10.180.1.21/compute/v2.1/servers/06b5782b-4336-4d29-b2d6-ada4688875bf 1.311s
2025-05-16 14:28:21.342 70047 INFO tempest.lib.common.rest_client [req-98e79882-e080-4106-8c0d-4bcb20096ca5 req-98e79882-e080-4106-8c0d-4bcb20096ca5 ] Request (ServersAdminTestJSON:setUpClass): 200 GET http://10.180.1.21/compute/v2.1/servers/8f0fd12a-ac4a-4d6b-8778-e3c5dacb7204 1.193s
2025-05-16 14:28:21.369 70061 INFO tempest.lib.common.rest_client [req-87acea01-fd3d-4cb3-bd32-74d63fefe68b req-87acea01-fd3d-4cb3-bd32-74d63fefe68b ] Request (ListServerFiltersTestJSON:setUpClass): 200 GET http://10.180.1.21/compute/v2.1/servers/32a3b6d5-3798-43f8-8864-c7e643de0aa4 1.272s
2025-05-16 14:28:21.425 70033 INFO tempest.lib.common.rest_client [req-6b984eaf-b34b-4298-86b9-a05e9c531398 req-6b984eaf-b34b-4298-86b9-a05e9c531398 ] Request (ServerDiskConfigTestJSON:test_rebuild_server_with_manual_disk_config): 200 GET http://10.180.1.21/compute/v2.1/servers/58199a59-81d5-4320-af6f-06a89b7091fe 1.270s
2025-05-16 14:28:21.433 70035 INFO tempest.lib.common.rest_client [req-ff0fcefd-bea5-439d-af49-1ecdb4840baf req-ff0fcefd-bea5-439d-af49-1ecdb4840baf ] Request (ServerRescueTestJSON:setUpClass): 200 GET http://10.180.1.21/compute/v2.1/servers/407887d5-5e6b-4e1a-bd96-0d2f469e9d05 1.235s
2025-05-16 14:28:21.498 70045 INFO tempest.lib.common.rest_client [req-2c7ee81d-fc75-45f3-b867-f45c0dc66ce5 req-2c7ee81d-fc75-45f3-b867-f45c0dc66ce5 ] Request (ServersTestManualDisk:setUpClass): 200 GET http://10.180.1.21/compute/v2.1/servers/95df5a66-c49d-4435-835b-82d0ba35b4ce 1.169s
2025-05-16 14:28:21.571 70067 INFO tempest.lib.common.rest_client [req-78b25782-cf36-46d7-a052-d957be8627ef req-78b25782-cf36-46d7-a052-d957be8627ef ] Request (AttachInterfacesTestJSON:test_create_list_show_delete_interfaces_by_network_port): 200 GET http://10.180.1.21/compute/v2.1/servers/13f548d5-3ca4-47c8-b01e-11d7d8e0ae82 1.183s
2025-05-16 14:28:21.577 70051 INFO tempest.lib.common.rest_client [req-3a320033-edf9-4d78-9b2f-7b589fb24d59 req-3a320033-edf9-4d78-9b2f-7b589fb24d59 ] Request (ServerActionsTestOtherB:setUpClass): 200 GET http://10.180.1.21/compute/v2.1/servers/18bfddfc-8ba9-41c3-bde7-a09ed7c153b4 1.315s
2025-05-16 14:28:21.584 70051 INFO tempest.common.waiters [-] State transition "BUILD/networking" ==> "BUILD/spawning" after 74 second wait
2025-05-16 14:28:21.628 70027 INFO tempest.lib.common.rest_client [req-2345ef58-2a0e-43e3-9aeb-261cfcd8dcab req-2345ef58-2a0e-43e3-9aeb-261cfcd8dcab ] Request (ImagesOneServerNegativeTestJSON:_run_cleanups): 200 GET http://10.180.1.21/compute/v2.1/servers/99d93c01-4212-4c76-955f-b2dcfdbdca17 1.174s
2025-05-16 14:28:21.662 70069 INFO tempest.lib.common.rest_client [req-748fec74-5c87-4f4a-ab26-f9e1ca7387d3 req-748fec74-5c87-4f4a-ab26-f9e1ca7387d3 ] Request (ServersWithSpecificFlavorTestJSON:test_verify_created_server_ephemeral_disk): 200 GET http://10.180.1.21/compute/v2.1/servers/8dc903b3-a705-4733-a6d2-14dcb9fd104a 1.125s
2025-05-16 14:28:21.700 70053 INFO tempest.lib.common.rest_client [req-e971e239-78a8-4de8-9880-919b56ed9519 req-e971e239-78a8-4de8-9880-919b56ed9519 ] Request (ServerAddressesNegativeTestJSON:tearDownClass): 200 GET http://10.180.1.21/compute/v2.1/servers/003dd320-3467-49c5-aabe-080ecde7dcc2 1.086s
2025-05-16 14:28:21.726 70073 INFO tempest.lib.common.rest_client [req-3d973365-544f-4404-b9b8-1d5dc8cc7854 req-3d973365-544f-4404-b9b8-1d5dc8cc7854 ] Request (AttachVolumeNegativeTest:test_attach_attached_volume_to_different_server): 200 GET http://10.180.1.21/compute/v2.1/servers/b3942bc6-49d3-4260-bd82-4f6224bab80c 0.819s
2025-05-16 14:28:21.755 70043 INFO tempest.lib.common.rest_client [req-098d599d-775f-45d9-be78-b9e441599584 req-098d599d-775f-45d9-be78-b9e441599584 ] Request (ServersTestJSON:tearDownClass): 200 GET http://10.180.1.21/compute/v2.1/servers/17df4088-f859-480c-9010-4acf00f34c12 0.843s
2025-05-16 14:28:21.802 70087 INFO tempest.lib.common.rest_client [req-4d30d419-c3f0-455f-a10b-04792c0eb43a req-4d30d419-c3f0-455f-a10b-04792c0eb43a ] Request (FloatingIPsAssociationTestJSON:test_associate_already_associated_floating_ip): 200 GET http://10.180.1.21/compute/v2.1/servers/fbf78283-a645-4b46-a501-57fd0979bd10 0.823s
2025-05-16 14:28:21.878 70029 INFO tempest.lib.common.rest_client [req-c7af84eb-99fb-401f-ab60-1549a4cabcb3 req-c7af84eb-99fb-401f-ab60-1549a4cabcb3 ] Request (ServerShowV254Test:test_rebuild_server): 200 GET http://10.180.1.21/compute/v2.1/servers/6de6a293-0fc9-4b20-8f52-cbd0b644c0c0 0.829s
2025-05-16 14:28:21.888 70029 INFO tempest.common.waiters [-] State transition "BUILD/None" ==> "BUILD/networking" after 67 second wait
2025-05-16 14:28:21.948 70057 INFO tempest.lib.common.rest_client [req-b7c3deb9-f43f-4a88-83d5-5c7487b3ede4 req-b7c3deb9-f43f-4a88-83d5-5c7487b3ede4 ] Request (MultipleCreateTestJSON:test_multiple_create): 200 GET http://10.180.1.21/compute/v2.1/servers/12c48e81-863b-4591-b3c5-fa4e26d655b9 0.809s
2025-05-16 14:28:22.027 70041 INFO tempest.lib.common.rest_client [req-de3a5139-cec1-45e5-99c4-4836594fe513 req-de3a5139-cec1-45e5-99c4-4836594fe513 ] Request (ServersAdminNegativeTestJSON:tearDownClass): 200 GET http://10.180.1.21/compute/v2.1/servers/2a395bfb-2b03-418e-92b5-df650a6b8f10 0.810s
2025-05-16 14:28:22.139 70079 INFO tempest.lib.common.rest_client [req-7604880e-a85d-4657-9936-8494c005ead8 req-7604880e-a85d-4657-9936-8494c005ead8 ] Request (VolumesAdminNegativeTest:test_update_attached_volume_with_nonexistent_volume_in_uri): 200 GET http://10.180.1.21/compute/v2.1/servers/ad04223c-147a-435f-a2cd-d3c73ea1ca63 0.074s
2025-05-16 14:28:22.256 70089 INFO tempest.lib.common.rest_client [req-fe8511e8-452a-499c-be69-92b47dd5a92d req-fe8511e8-452a-499c-be69-92b47dd5a92d ] Request (FloatingIPsAssociationNegativeTestJSON:_run_cleanups): 202 DELETE http://10.180.1.21/compute/v2.1/os-floating-ips/1fccfd93-2b7f-4f3a-a110-24cac83a408a 1.255s
2025-05-16 14:28:22.282 70037 INFO tempest.lib.common.rest_client [req-4562ce68-b32a-4309-affd-d2405e0466a6 req-4562ce68-b32a-4309-affd-d2405e0466a6 ] Request (ImagesTestJSON:test_create_image_from_stopped_server): 200 GET http://10.180.1.21/compute/v2.1/servers/ffc62ddd-ffe2-478d-9227-239904c4411b 0.199s
2025-05-16 14:28:22.319 70071 INFO tempest.lib.common.rest_client [req-a241925e-87e4-4434-8c7d-06de4960a3cb req-a241925e-87e4-4434-8c7d-06de4960a3cb ] Request (InstanceActionsV221TestJSON:test_get_list_deleted_instance_actions): 200 GET http://10.180.1.21/compute/v2.1/servers/735cd9c8-ca9a-4b99-a653-333b31d07751 0.182s
2025-05-16 14:28:22.343 70063 INFO tempest.lib.common.rest_client [req-45f3a58f-517e-487d-85ea-a985d22c940f req-45f3a58f-517e-487d-85ea-a985d22c940f ] Request (ServerRescueNegativeTestJSON:test_rescued_vm_detach_volume): 200 GET http://10.180.1.21/compute/v2.1/servers/01618ff9-d8e5-41b5-899c-81279eb69806 0.196s
2025-05-16 14:28:22.381 70077 INFO tempest.lib.common.rest_client [req-6c1ca621-5507-4dd3-b308-5f6e71c949b6 req-6c1ca621-5507-4dd3-b308-5f6e71c949b6 ] Request (MigrationsAdminTest:test_resize_server_revert_deleted_flavor): 200 GET http://10.180.1.21/compute/v2.1/servers/4458a759-c025-4325-8553-64c4fd7ebbde 0.190s
2025-05-16 14:28:22.389 70089 INFO tempest.lib.common.rest_client [req-3a3fa815-5823-4b4a-a415-b0961cd0c825 req-3a3fa815-5823-4b4a-a415-b0961cd0c825 ] Request (FloatingIPsAssociationNegativeTestJSON:test_associate_ip_to_server_without_passing_floating_ip): 400 POST http://10.180.1.21/compute/v2.1/servers/d5770133-2f67-4afd-ba07-778defd8c692/action 0.132s
2025-05-16 14:28:22.407 70049 INFO tempest.lib.common.rest_client [req-4b2e3129-3de5-4825-b2f8-cfb4af4b135d req-4b2e3129-3de5-4825-b2f8-cfb4af4b135d ] Request (ServerAddressesTestJSON:tearDownClass): 200 GET http://10.180.1.21/compute/v2.1/servers/c7bb5994-7c54-43a7-9d47-ad7ecb0465f6 0.192s
2025-05-16 14:28:22.440 70083 INFO tempest.lib.common.rest_client [req-8482e09b-0d0a-4943-b24e-bb6efb159f00 req-8482e09b-0d0a-4943-b24e-bb6efb159f00 ] Request (ServerRescueTestJSONUnderV235:setUpClass): 200 GET http://10.180.1.21/compute/v2.1/servers/6acc83d1-4c05-4375-946b-7b326bb650e5 0.168s
2025-05-16 14:28:22.468 70039 INFO tempest.lib.common.rest_client [req-db170f7a-f2b2-4e91-a188-638d26d847b7 req-db170f7a-f2b2-4e91-a188-638d26d847b7 ] Request (ServersTestMultiNic:_run_cleanups): 200 GET http://10.180.1.21/compute/v2.1/servers/06b5782b-4336-4d29-b2d6-ada4688875bf 0.192s
2025-05-16 14:28:22.489 70047 INFO tempest.lib.common.rest_client [req-49683cac-b51d-43c7-a546-66b3ada48ba2 req-49683cac-b51d-43c7-a546-66b3ada48ba2 ] Request (ServersAdminTestJSON:setUpClass): 200 GET http://10.180.1.21/compute/v2.1/servers/8f0fd12a-ac4a-4d6b-8778-e3c5dacb7204 0.133s
2025-05-16 14:28:22.588 70061 INFO tempest.lib.common.rest_client [req-7a9ce6c6-315f-4c95-8d21-6fb761bd535f req-7a9ce6c6-315f-4c95-8d21-6fb761bd535f ] Request (ListServerFiltersTestJSON:setUpClass): 200 GET http://10.180.1.21/compute/v2.1/servers/32a3b6d5-3798-43f8-8864-c7e643de0aa4 0.208s
2025-05-16 14:28:22.630 70089 INFO tempest.lib.common.rest_client [req-512988fe-e038-4076-9bf3-7e424e9033a9 req-512988fe-e038-4076-9bf3-7e424e9033a9 ] Request (FloatingIPsAssociationNegativeTestJSON:test_associate_nonexistent_floating_ip): 404 POST http://10.180.1.21/compute/v2.1/servers/d5770133-2f67-4afd-ba07-778defd8c692/action 0.240s
2025-05-16 14:28:22.649 70033 INFO tempest.lib.common.rest_client [req-f64c4bbe-244a-411b-b3f4-00063541984e req-f64c4bbe-244a-411b-b3f4-00063541984e ] Request (ServerDiskConfigTestJSON:test_rebuild_server_with_manual_disk_config): 200 GET http://10.180.1.21/compute/v2.1/servers/58199a59-81d5-4320-af6f-06a89b7091fe 0.210s
2025-05-16 14:28:22.706 70035 INFO tempest.lib.common.rest_client [req-68e9f95c-3f48-4954-bc8c-4960ba68c188 req-68e9f95c-3f48-4954-bc8c-4960ba68c188 ] Request (ServerRescueTestJSON:setUpClass): 200 GET http://10.180.1.21/compute/v2.1/servers/407887d5-5e6b-4e1a-bd96-0d2f469e9d05 0.258s
2025-05-16 14:28:22.722 70045 INFO tempest.lib.common.rest_client [req-894e9683-b096-4490-a1d3-85548e148184 req-894e9683-b096-4490-a1d3-85548e148184 ] Request (ServersTestManualDisk:setUpClass): 200 GET http://10.180.1.21/compute/v2.1/servers/95df5a66-c49d-4435-835b-82d0ba35b4ce 0.215s
2025-05-16 14:28:22.757 70067 INFO tempest.lib.common.rest_client [req-c31c07c0-c41d-48b3-b03e-625a9d14703e req-c31c07c0-c41d-48b3-b03e-625a9d14703e ] Request (AttachInterfacesTestJSON:test_create_list_show_delete_interfaces_by_network_port): 200 GET http://10.180.1.21/compute/v2.1/servers/13f548d5-3ca4-47c8-b01e-11d7d8e0ae82 0.177s
2025-05-16 14:28:22.789 70089 INFO tempest.lib.common.rest_client [req-69f9217a-af91-4c11-a39d-ef2671bd7acd req-69f9217a-af91-4c11-a39d-ef2671bd7acd ] Request (FloatingIPsAssociationNegativeTestJSON:test_dissociate_nonexistent_floating_ip): 404 POST http://10.180.1.21/compute/v2.1/servers/d5770133-2f67-4afd-ba07-778defd8c692/action 0.156s
2025-05-16 14:28:22.827 70051 INFO tempest.lib.common.rest_client [req-6bbe1f7a-4678-4a60-b79b-0fe20aa7f034 req-6bbe1f7a-4678-4a60-b79b-0fe20aa7f034 ] Request (ServerActionsTestOtherB:setUpClass): 200 GET http://10.180.1.21/compute/v2.1/servers/18bfddfc-8ba9-41c3-bde7-a09ed7c153b4 0.241s
2025-05-16 14:28:22.849 70027 INFO tempest.lib.common.rest_client [req-d0c57434-7a17-4af9-afe0-2b1748105892 req-d0c57434-7a17-4af9-afe0-2b1748105892 ] Request (ImagesOneServerNegativeTestJSON:_run_cleanups): 200 GET http://10.180.1.21/compute/v2.1/servers/99d93c01-4212-4c76-955f-b2dcfdbdca17 0.210s
2025-05-16 14:28:22.877 70069 INFO tempest.lib.common.rest_client [req-94312468-8690-4e3b-8917-6e2451aadf89 req-94312468-8690-4e3b-8917-6e2451aadf89 ] Request (ServersWithSpecificFlavorTestJSON:test_verify_created_server_ephemeral_disk): 200 GET http://10.180.1.21/compute/v2.1/servers/8dc903b3-a705-4733-a6d2-14dcb9fd104a 0.206s
2025-05-16 14:28:22.919 70053 INFO tempest.lib.common.rest_client [req-163452e4-afc2-4f1d-9195-14486711c3f9 req-163452e4-afc2-4f1d-9195-14486711c3f9 ] Request (ServerAddressesNegativeTestJSON:tearDownClass): 200 GET http://10.180.1.21/compute/v2.1/servers/003dd320-3467-49c5-aabe-080ecde7dcc2 0.210s
2025-05-16 14:28:22.929 70073 INFO tempest.lib.common.rest_client [req-c90572b4-3c7f-4fef-9221-41062ce1b86e req-c90572b4-3c7f-4fef-9221-41062ce1b86e ] Request (AttachVolumeNegativeTest:test_attach_attached_volume_to_different_server): 200 GET http://10.180.1.21/compute/v2.1/servers/b3942bc6-49d3-4260-bd82-4f6224bab80c 0.191s
2025-05-16 14:28:22.977 70043 INFO tempest.lib.common.rest_client [req-3389e895-75bb-4529-b64c-f256373f7da7 req-3389e895-75bb-4529-b64c-f256373f7da7 ] Request (ServersTestJSON:tearDownClass): 200 GET http://10.180.1.21/compute/v2.1/servers/17df4088-f859-480c-9010-4acf00f34c12 0.211s
2025-05-16 14:28:23.003 70089 INFO tempest.lib.common.rest_client [req-9616f512-cc21-41c6-83a8-014ec2b58c34 req-9616f512-cc21-41c6-83a8-014ec2b58c34 ] Request (FloatingIPsAssociationNegativeTestJSON:tearDownClass): 204 DELETE http://10.180.1.21/compute/v2.1/servers/d5770133-2f67-4afd-ba07-778defd8c692 0.213s
2025-05-16 14:28:23.031 70087 INFO tempest.lib.common.rest_client [req-8c159f03-1739-4639-bde5-dc6aec29e1f3 req-8c159f03-1739-4639-bde5-dc6aec29e1f3 ] Request (FloatingIPsAssociationTestJSON:test_associate_already_associated_floating_ip): 200 GET http://10.180.1.21/compute/v2.1/servers/fbf78283-a645-4b46-a501-57fd0979bd10 0.220s
2025-05-16 14:28:23.058 70029 INFO tempest.lib.common.rest_client [req-6363845f-91e0-4a25-9c00-f8081044a416 req-6363845f-91e0-4a25-9c00-f8081044a416 ] Request (ServerShowV254Test:test_rebuild_server): 200 GET http://10.180.1.21/compute/v2.1/servers/6de6a293-0fc9-4b20-8f52-cbd0b644c0c0 0.168s
2025-05-16 14:28:23.072 70029 INFO tempest.common.waiters [-] State transition "BUILD/networking" ==> "BUILD/spawning" after 69 second wait
2025-05-16 14:28:23.086 70057 INFO tempest.lib.common.rest_client [req-34d7b6da-58b2-4fee-8319-68ae6fffb13d req-34d7b6da-58b2-4fee-8319-68ae6fffb13d ] Request (MultipleCreateTestJSON:test_multiple_create): 200 GET http://10.180.1.21/compute/v2.1/servers/12c48e81-863b-4591-b3c5-fa4e26d655b9 0.126s
2025-05-16 14:28:23.160 70041 INFO tempest.lib.common.rest_client [req-c05d32f6-c38c-48eb-a7b2-e31df665d2ff req-c05d32f6-c38c-48eb-a7b2-e31df665d2ff ] Request (ServersAdminNegativeTestJSON:tearDownClass): 200 GET http://10.180.1.21/compute/v2.1/servers/2a395bfb-2b03-418e-92b5-df650a6b8f10 0.124s
2025-05-16 14:28:23.183 70089 INFO tempest.lib.common.rest_client [req-2e4b50bd-200c-43d7-8810-b26fbbf12753 req-2e4b50bd-200c-43d7-8810-b26fbbf12753 ] Request (FloatingIPsAssociationNegativeTestJSON:tearDownClass): 200 GET http://10.180.1.21/compute/v2.1/servers/d5770133-2f67-4afd-ba07-778defd8c692 0.179s
2025-05-16 14:28:23.217 70079 INFO tempest.lib.common.rest_client [req-6c1fe546-285b-4279-853a-f2fa2c43c765 req-6c1fe546-285b-4279-853a-f2fa2c43c765 ] Request (VolumesAdminNegativeTest:test_update_attached_volume_with_nonexistent_volume_in_uri): 200 GET http://10.180.1.21/compute/v2.1/servers/ad04223c-147a-435f-a2cd-d3c73ea1ca63 0.069s
2025-05-16 14:28:23.390 70071 INFO tempest.lib.common.rest_client [req-c91cf17b-1e28-4f55-ba71-bee5090073b6 req-c91cf17b-1e28-4f55-ba71-bee5090073b6 ] Request (InstanceActionsV221TestJSON:test_get_list_deleted_instance_actions): 200 GET http://10.180.1.21/compute/v2.1/servers/735cd9c8-ca9a-4b99-a653-333b31d07751 0.059s
2025-05-16 14:28:23.405 70037 INFO tempest.lib.common.rest_client [req-5c111f24-9fcc-4ec3-9908-bcd87aa334c1 req-5c111f24-9fcc-4ec3-9908-bcd87aa334c1 ] Request (ImagesTestJSON:test_create_image_from_stopped_server): 200 GET http://10.180.1.21/compute/v2.1/servers/ffc62ddd-ffe2-478d-9227-239904c4411b 0.114s
2025-05-16 14:28:23.441 70063 INFO tempest.lib.common.rest_client [req-4badb659-3ad8-4c1b-b955-07431986f403 req-4badb659-3ad8-4c1b-b955-07431986f403 ] Request (ServerRescueNegativeTestJSON:test_rescued_vm_detach_volume): 200 GET http://10.180.1.21/compute/v2.1/servers/01618ff9-d8e5-41b5-899c-81279eb69806 0.088s
2025-05-16 14:28:23.456 70077 INFO tempest.lib.common.rest_client [req-ff98230d-7f2f-457e-ad5c-91e66cf816f5 req-ff98230d-7f2f-457e-ad5c-91e66cf816f5 ] Request (MigrationsAdminTest:test_resize_server_revert_deleted_flavor): 200 GET http://10.180.1.21/compute/v2.1/servers/4458a759-c025-4325-8553-64c4fd7ebbde 0.062s
2025-05-16 14:28:23.508 70049 INFO tempest.lib.common.rest_client [req-76127914-8aea-4f32-8544-28d8df120498 req-76127914-8aea-4f32-8544-28d8df120498 ] Request (ServerAddressesTestJSON:tearDownClass): 200 GET http://10.180.1.21/compute/v2.1/servers/c7bb5994-7c54-43a7-9d47-ad7ecb0465f6 0.090s
2025-05-16 14:28:23.517 70083 INFO tempest.lib.common.rest_client [req-4fb8d9a0-415c-4d79-817d-9f8980f4babf req-4fb8d9a0-415c-4d79-817d-9f8980f4babf ] Request (ServerRescueTestJSONUnderV235:setUpClass): 200 GET http://10.180.1.21/compute/v2.1/servers/6acc83d1-4c05-4375-946b-7b326bb650e5 0.068s
2025-05-16 14:28:23.580 70047 INFO tempest.lib.common.rest_client [req-5bda8100-0fbe-40cd-b121-ef691972843b req-5bda8100-0fbe-40cd-b121-ef691972843b ] Request (ServersAdminTestJSON:setUpClass): 200 GET http://10.180.1.21/compute/v2.1/servers/8f0fd12a-ac4a-4d6b-8778-e3c5dacb7204 0.083s
2025-05-16 14:28:23.588 70039 INFO tempest.lib.common.rest_client [req-55b9674e-e97d-42b8-bfec-eaf6aaf2e634 req-55b9674e-e97d-42b8-bfec-eaf6aaf2e634 ] Request (ServersTestMultiNic:_run_cleanups): 200 GET http://10.180.1.21/compute/v2.1/servers/06b5782b-4336-4d29-b2d6-ada4688875bf 0.112s
2025-05-16 14:28:23.708 70061 INFO tempest.lib.common.rest_client [req-833a4f6d-4e3b-430b-890a-93c308ad458f req-833a4f6d-4e3b-430b-890a-93c308ad458f ] Request (ListServerFiltersTestJSON:setUpClass): 200 GET http://10.180.1.21/compute/v2.1/servers/32a3b6d5-3798-43f8-8864-c7e643de0aa4 0.110s
2025-05-16 14:28:23.715 70033 INFO tempest.lib.common.rest_client [req-df142844-fa2b-4144-a956-6841f64d667d req-df142844-fa2b-4144-a956-6841f64d667d ] Request (ServerDiskConfigTestJSON:test_rebuild_server_with_manual_disk_config): 200 GET http://10.180.1.21/compute/v2.1/servers/58199a59-81d5-4320-af6f-06a89b7091fe 0.057s
2025-05-16 14:28:23.802 70035 INFO tempest.lib.common.rest_client [req-a1a64b02-6cb9-4e86-b809-1b5251258bb1 req-a1a64b02-6cb9-4e86-b809-1b5251258bb1 ] Request (ServerRescueTestJSON:setUpClass): 200 GET http://10.180.1.21/compute/v2.1/servers/407887d5-5e6b-4e1a-bd96-0d2f469e9d05 0.083s
2025-05-16 14:28:23.813 70045 INFO tempest.lib.common.rest_client [req-fd9ab30f-25d9-450e-9ac7-e6bc43d13145 req-fd9ab30f-25d9-450e-9ac7-e6bc43d13145 ] Request (ServersTestManualDisk:setUpClass): 200 GET http://10.180.1.21/compute/v2.1/servers/95df5a66-c49d-4435-835b-82d0ba35b4ce 0.082s
2025-05-16 14:28:23.866 70067 INFO tempest.lib.common.rest_client [req-1be06e08-6026-49bb-91a1-ba40e4e0db66 req-1be06e08-6026-49bb-91a1-ba40e4e0db66 ] Request (AttachInterfacesTestJSON:test_create_list_show_delete_interfaces_by_network_port): 200 GET http://10.180.1.21/compute/v2.1/servers/13f548d5-3ca4-47c8-b01e-11d7d8e0ae82 0.098s
2025-05-16 14:28:23.945 70027 INFO tempest.lib.common.rest_client [req-e74a06da-6b65-4896-8c9a-5ea428e1f336 req-e74a06da-6b65-4896-8c9a-5ea428e1f336 ] Request (ImagesOneServerNegativeTestJSON:_run_cleanups): 200 GET http://10.180.1.21/compute/v2.1/servers/99d93c01-4212-4c76-955f-b2dcfdbdca17 0.086s
2025-05-16 14:28:23.977 70051 INFO tempest.lib.common.rest_client [req-ff815650-6e7d-4ba0-bb94-aece420185a0 req-ff815650-6e7d-4ba0-bb94-aece420185a0 ] Request (ServerActionsTestOtherB:setUpClass): 200 GET http://10.180.1.21/compute/v2.1/servers/18bfddfc-8ba9-41c3-bde7-a09ed7c153b4 0.142s
2025-05-16 14:28:23.994 70069 INFO tempest.lib.common.rest_client [req-6ea8c5ed-82ff-4513-89b2-43804b014306 req-6ea8c5ed-82ff-4513-89b2-43804b014306 ] Request (ServersWithSpecificFlavorTestJSON:test_verify_created_server_ephemeral_disk): 200 GET http://10.180.1.21/compute/v2.1/servers/8dc903b3-a705-4733-a6d2-14dcb9fd104a 0.107s
2025-05-16 14:28:24.038 70053 INFO tempest.lib.common.rest_client [req-bc22cb98-e5e8-4161-bdc5-904c800f8aee req-bc22cb98-e5e8-4161-bdc5-904c800f8aee ] Request (ServerAddressesNegativeTestJSON:tearDownClass): 200 GET http://10.180.1.21/compute/v2.1/servers/003dd320-3467-49c5-aabe-080ecde7dcc2 0.110s
2025-05-16 14:28:24.046 70073 INFO tempest.lib.common.rest_client [req-9a07260f-0f4f-4625-88cd-06adcea99825 req-9a07260f-0f4f-4625-88cd-06adcea99825 ] Request (AttachVolumeNegativeTest:test_attach_attached_volume_to_different_server): 200 GET http://10.180.1.21/compute/v2.1/servers/b3942bc6-49d3-4260-bd82-4f6224bab80c 0.103s
2025-05-16 14:28:24.106 70087 INFO tempest.lib.common.rest_client [req-f5f760f6-ecb8-49d0-aac1-aeebf3e79e60 req-f5f760f6-ecb8-49d0-aac1-aeebf3e79e60 ] Request (FloatingIPsAssociationTestJSON:test_associate_already_associated_floating_ip): 200 GET http://10.180.1.21/compute/v2.1/servers/fbf78283-a645-4b46-a501-57fd0979bd10 0.068s
2025-05-16 14:28:24.107 70043 INFO tempest.lib.common.rest_client [req-366f7354-8456-4d0d-b919-dc81343b5925 req-366f7354-8456-4d0d-b919-dc81343b5925 ] Request (ServersTestJSON:tearDownClass): 200 GET http://10.180.1.21/compute/v2.1/servers/17df4088-f859-480c-9010-4acf00f34c12 0.122s
2025-05-16 14:28:24.116 70043 INFO tempest.common.waiters [-] State transition "ACTIVE/deleting" ==> "DELETED/None" after 5 second wait
2025-05-16 14:28:24.163 70057 INFO tempest.lib.common.rest_client [req-ba772e57-7e72-475f-aeb6-c83461548822 req-ba772e57-7e72-475f-aeb6-c83461548822 ] Request (MultipleCreateTestJSON:test_multiple_create): 200 GET http://10.180.1.21/compute/v2.1/servers/12c48e81-863b-4591-b3c5-fa4e26d655b9 0.068s
2025-05-16 14:28:24.170 70029 INFO tempest.lib.common.rest_client [req-f1b3b83a-967f-48f2-af47-bddfb6bbe4fd req-f1b3b83a-967f-48f2-af47-bddfb6bbe4fd ] Request (ServerShowV254Test:test_rebuild_server): 200 GET http://10.180.1.21/compute/v2.1/servers/6de6a293-0fc9-4b20-8f52-cbd0b644c0c0 0.097s
2025-05-16 14:28:24.229 70041 INFO tempest.lib.common.rest_client [req-ec7aa476-6292-4c34-910a-7d0b863d166d req-ec7aa476-6292-4c34-910a-7d0b863d166d ] Request (ServersAdminNegativeTestJSON:tearDownClass): 200 GET http://10.180.1.21/compute/v2.1/servers/2a395bfb-2b03-418e-92b5-df650a6b8f10 0.060s
2025-05-16 14:28:24.282 70079 INFO tempest.lib.common.rest_client [req-b11ca6e8-404d-4983-be9d-472aca10f5ee req-b11ca6e8-404d-4983-be9d-472aca10f5ee ] Request (VolumesAdminNegativeTest:test_update_attached_volume_with_nonexistent_volume_in_uri): 200 GET http://10.180.1.21/compute/v2.1/servers/ad04223c-147a-435f-a2cd-d3c73ea1ca63 0.057s
2025-05-16 14:28:24.296 70089 INFO tempest.lib.common.rest_client [req-0159c848-5532-4445-9b62-0edc2afcbb6d req-0159c848-5532-4445-9b62-0edc2afcbb6d ] Request (FloatingIPsAssociationNegativeTestJSON:tearDownClass): 200 GET http://10.180.1.21/compute/v2.1/servers/d5770133-2f67-4afd-ba07-778defd8c692 0.106s
2025-05-16 14:28:24.460 70071 INFO tempest.lib.common.rest_client [req-84c97e38-b161-4496-a74c-04715006e781 req-84c97e38-b161-4496-a74c-04715006e781 ] Request (InstanceActionsV221TestJSON:test_get_list_deleted_instance_actions): 200 GET http://10.180.1.21/compute/v2.1/servers/735cd9c8-ca9a-4b99-a653-333b31d07751 0.060s
2025-05-16 14:28:24.517 70063 INFO tempest.lib.common.rest_client [req-8a6d9759-02ca-4c1b-a8e9-70fe58b5d442 req-8a6d9759-02ca-4c1b-a8e9-70fe58b5d442 ] Request (ServerRescueNegativeTestJSON:test_rescued_vm_detach_volume): 200 GET http://10.180.1.21/compute/v2.1/servers/01618ff9-d8e5-41b5-899c-81279eb69806 0.068s
2025-05-16 14:28:24.539 70037 INFO tempest.lib.common.rest_client [req-2b4df6f0-c6cf-4059-b8f0-aaf2962e44fb req-2b4df6f0-c6cf-4059-b8f0-aaf2962e44fb ] Request (ImagesTestJSON:test_create_image_from_stopped_server): 200 GET http://10.180.1.21/compute/v2.1/servers/ffc62ddd-ffe2-478d-9227-239904c4411b 0.127s
2025-05-16 14:28:24.569 70077 INFO tempest.lib.common.rest_client [req-588efd30-0069-466b-8f59-b415500e300c req-588efd30-0069-466b-8f59-b415500e300c ] Request (MigrationsAdminTest:test_resize_server_revert_deleted_flavor): 200 GET http://10.180.1.21/compute/v2.1/servers/4458a759-c025-4325-8553-64c4fd7ebbde 0.104s
2025-05-16 14:28:24.599 70049 INFO tempest.lib.common.rest_client [req-9c851823-8ab3-477e-84f4-0d53ccf1e75f req-9c851823-8ab3-477e-84f4-0d53ccf1e75f ] Request (ServerAddressesTestJSON:tearDownClass): 200 GET http://10.180.1.21/compute/v2.1/servers/c7bb5994-7c54-43a7-9d47-ad7ecb0465f6 0.082s
2025-05-16 14:28:24.623 70083 INFO tempest.lib.common.rest_client [req-a57172a6-f28e-414b-86a6-a8c7872a3232 req-a57172a6-f28e-414b-86a6-a8c7872a3232 ] Request (ServerRescueTestJSONUnderV235:setUpClass): 200 GET http://10.180.1.21/compute/v2.1/servers/6acc83d1-4c05-4375-946b-7b326bb650e5 0.095s
2025-05-16 14:28:24.653 70047 INFO tempest.lib.common.rest_client [req-6ea5f17d-5ffe-42d0-92ec-f87f886d7b8e req-6ea5f17d-5ffe-42d0-92ec-f87f886d7b8e ] Request (ServersAdminTestJSON:setUpClass): 200 GET http://10.180.1.21/compute/v2.1/servers/8f0fd12a-ac4a-4d6b-8778-e3c5dacb7204 0.064s
2025-05-16 14:28:24.682 70039 INFO tempest.lib.common.rest_client [req-9818d8db-90d3-4652-943d-a65b5f9bfb04 req-9818d8db-90d3-4652-943d-a65b5f9bfb04 ] Request (ServersTestMultiNic:_run_cleanups): 200 GET http://10.180.1.21/compute/v2.1/servers/06b5782b-4336-4d29-b2d6-ada4688875bf 0.087s
2025-05-16 14:28:24.789 70033 INFO tempest.lib.common.rest_client [req-9f31d614-b019-4964-ad04-5956d8aa9c52 req-9f31d614-b019-4964-ad04-5956d8aa9c52 ] Request (ServerDiskConfigTestJSON:test_rebuild_server_with_manual_disk_config): 200 GET http://10.180.1.21/compute/v2.1/servers/58199a59-81d5-4320-af6f-06a89b7091fe 0.066s
2025-05-16 14:28:24.866 70035 INFO tempest.lib.common.rest_client [req-8cc1d4fa-4f5d-470e-a033-4f240afb9f6e req-8cc1d4fa-4f5d-470e-a033-4f240afb9f6e ] Request (ServerRescueTestJSON:setUpClass): 200 GET http://10.180.1.21/compute/v2.1/servers/407887d5-5e6b-4e1a-bd96-0d2f469e9d05 0.055s
2025-05-16 14:28:24.869 70061 INFO tempest.lib.common.rest_client [req-f9a21b8b-6742-4b51-824c-256ceb390e55 req-f9a21b8b-6742-4b51-824c-256ceb390e55 ] Request (ListServerFiltersTestJSON:setUpClass): 200 GET http://10.180.1.21/compute/v2.1/servers/32a3b6d5-3798-43f8-8864-c7e643de0aa4 0.152s
2025-05-16 14:28:24.923 70045 INFO tempest.lib.common.rest_client [req-e54c12ad-da30-4bb3-b004-c6844c3b0dbe req-e54c12ad-da30-4bb3-b004-c6844c3b0dbe ] Request (ServersTestManualDisk:setUpClass): 200 GET http://10.180.1.21/compute/v2.1/servers/95df5a66-c49d-4435-835b-82d0ba35b4ce 0.100s
2025-05-16 14:28:24.931 70067 INFO tempest.lib.common.rest_client [req-3dfb1ae4-f472-4a15-924b-7cb170fa55b1 req-3dfb1ae4-f472-4a15-924b-7cb170fa55b1 ] Request (AttachInterfacesTestJSON:test_create_list_show_delete_interfaces_by_network_port): 200 GET http://10.180.1.21/compute/v2.1/servers/13f548d5-3ca4-47c8-b01e-11d7d8e0ae82 0.055s
2025-05-16 14:28:25.007 70027 INFO tempest.lib.common.rest_client [req-48e9acc4-c728-4624-9020-8ed96a586567 req-48e9acc4-c728-4624-9020-8ed96a586567 ] Request (ImagesOneServerNegativeTestJSON:_run_cleanups): 200 GET http://10.180.1.21/compute/v2.1/servers/99d93c01-4212-4c76-955f-b2dcfdbdca17 0.054s
2025-05-16 14:28:25.058 70069 INFO tempest.lib.common.rest_client [req-03336061-0cec-45af-b5d4-7beea44ab428 req-03336061-0cec-45af-b5d4-7beea44ab428 ] Request (ServersWithSpecificFlavorTestJSON:test_verify_created_server_ephemeral_disk): 200 GET http://10.180.1.21/compute/v2.1/servers/8dc903b3-a705-4733-a6d2-14dcb9fd104a 0.055s
2025-05-16 14:28:25.092 70051 INFO tempest.lib.common.rest_client [req-afbe58f0-c21d-4284-94a1-83f7ce94c103 req-afbe58f0-c21d-4284-94a1-83f7ce94c103 ] Request (ServerActionsTestOtherB:setUpClass): 200 GET http://10.180.1.21/compute/v2.1/servers/18bfddfc-8ba9-41c3-bde7-a09ed7c153b4 0.107s
2025-05-16 14:28:25.113 70053 INFO tempest.lib.common.rest_client [req-9b7781c5-20f0-44a6-9964-b7e753444269 req-9b7781c5-20f0-44a6-9964-b7e753444269 ] Request (ServerAddressesNegativeTestJSON:tearDownClass): 200 GET http://10.180.1.21/compute/v2.1/servers/003dd320-3467-49c5-aabe-080ecde7dcc2 0.065s
2025-05-16 14:28:25.147 70073 INFO tempest.lib.common.rest_client [req-6f7fad94-5616-4d8f-8522-74768bd15129 req-6f7fad94-5616-4d8f-8522-74768bd15129 ] Request (AttachVolumeNegativeTest:test_attach_attached_volume_to_different_server): 200 GET http://10.180.1.21/compute/v2.1/servers/b3942bc6-49d3-4260-bd82-4f6224bab80c 0.092s
2025-05-16 14:28:25.169 70087 INFO tempest.lib.common.rest_client [req-90d84f76-bf29-412a-b194-56ac9e9fe989 req-90d84f76-bf29-412a-b194-56ac9e9fe989 ] Request (FloatingIPsAssociationTestJSON:test_associate_already_associated_floating_ip): 200 GET http://10.180.1.21/compute/v2.1/servers/fbf78283-a645-4b46-a501-57fd0979bd10 0.054s
2025-05-16 14:28:25.205 70043 INFO tempest.lib.common.rest_client [req-ddbb07d5-1692-4fbb-be0c-f80578546809 req-ddbb07d5-1692-4fbb-be0c-f80578546809 ] Request (ServersTestJSON:tearDownClass): 200 GET http://10.180.1.21/compute/v2.1/servers/17df4088-f859-480c-9010-4acf00f34c12 0.088s
2025-05-16 14:28:25.226 70057 INFO tempest.lib.common.rest_client [req-6ad8da08-3e89-46c9-b325-5488cd550845 req-6ad8da08-3e89-46c9-b325-5488cd550845 ] Request (MultipleCreateTestJSON:test_multiple_create): 200 GET http://10.180.1.21/compute/v2.1/servers/12c48e81-863b-4591-b3c5-fa4e26d655b9 0.054s
2025-05-16 14:28:25.263 70029 INFO tempest.lib.common.rest_client [req-54ca0593-2650-4f67-9190-dff4f3b210c3 req-54ca0593-2650-4f67-9190-dff4f3b210c3 ] Request (ServerShowV254Test:test_rebuild_server): 200 GET http://10.180.1.21/compute/v2.1/servers/6de6a293-0fc9-4b20-8f52-cbd0b644c0c0 0.082s
2025-05-16 14:28:25.301 70041 INFO tempest.lib.common.rest_client [req-2dc8ffdf-1f15-42b4-87c4-c937b33ce45b req-2dc8ffdf-1f15-42b4-87c4-c937b33ce45b ] Request (ServersAdminNegativeTestJSON:tearDownClass): 200 GET http://10.180.1.21/compute/v2.1/servers/2a395bfb-2b03-418e-92b5-df650a6b8f10 0.065s
2025-05-16 14:28:25.345 70079 INFO tempest.lib.common.rest_client [req-511b2d68-5996-498f-b222-decc7cfac738 req-511b2d68-5996-498f-b222-decc7cfac738 ] Request (VolumesAdminNegativeTest:test_update_attached_volume_with_nonexistent_volume_in_uri): 200 GET http://10.180.1.21/compute/v2.1/servers/ad04223c-147a-435f-a2cd-d3c73ea1ca63 0.053s
2025-05-16 14:28:25.402 70089 INFO tempest.lib.common.rest_client [req-90f6739c-4a81-412b-80ff-8d00b8287e77 req-90f6739c-4a81-412b-80ff-8d00b8287e77 ] Request (FloatingIPsAssociationNegativeTestJSON:tearDownClass): 200 GET http://10.180.1.21/compute/v2.1/servers/d5770133-2f67-4afd-ba07-778defd8c692 0.096s
2025-05-16 14:28:25.523 70071 INFO tempest.lib.common.rest_client [req-a0fab6bc-0c65-46d4-8373-2214b509aa05 req-a0fab6bc-0c65-46d4-8373-2214b509aa05 ] Request (InstanceActionsV221TestJSON:test_get_list_deleted_instance_actions): 200 GET http://10.180.1.21/compute/v2.1/servers/735cd9c8-ca9a-4b99-a653-333b31d07751 0.054s
2025-05-16 14:28:25.583 70063 INFO tempest.lib.common.rest_client [req-391d6869-7c92-44ee-8595-a9c68984c9d8 req-391d6869-7c92-44ee-8595-a9c68984c9d8 ] Request (ServerRescueNegativeTestJSON:test_rescued_vm_detach_volume): 200 GET http://10.180.1.21/compute/v2.1/servers/01618ff9-d8e5-41b5-899c-81279eb69806 0.057s
2025-05-16 14:28:25.644 70077 INFO tempest.lib.common.rest_client [req-00eb38ef-c148-494b-aa06-976a2422c8da req-00eb38ef-c148-494b-aa06-976a2422c8da ] Request (MigrationsAdminTest:test_resize_server_revert_deleted_flavor): 200 GET http://10.180.1.21/compute/v2.1/servers/4458a759-c025-4325-8553-64c4fd7ebbde 0.067s
2025-05-16 14:28:25.664 70037 INFO tempest.lib.common.rest_client [req-3a8aea1a-21db-4e0d-aefd-ee68505e2193 req-3a8aea1a-21db-4e0d-aefd-ee68505e2193 ] Request (ImagesTestJSON:test_create_image_from_stopped_server): 200 GET http://10.180.1.21/compute/v2.1/servers/ffc62ddd-ffe2-478d-9227-239904c4411b 0.116s
2025-05-16 14:28:25.713 70049 INFO tempest.lib.common.rest_client [req-0bf849fa-6171-43a9-a9ad-cbb5eab2726d req-0bf849fa-6171-43a9-a9ad-cbb5eab2726d ] Request (ServerAddressesTestJSON:tearDownClass): 200 GET http://10.180.1.21/compute/v2.1/servers/c7bb5994-7c54-43a7-9d47-ad7ecb0465f6 0.104s
2025-05-16 14:28:25.719 70083 INFO tempest.lib.common.rest_client [req-310ce1c1-65c1-4d48-83fc-a83c30298d63 req-310ce1c1-65c1-4d48-83fc-a83c30298d63 ] Request (ServerRescueTestJSONUnderV235:setUpClass): 200 GET http://10.180.1.21/compute/v2.1/servers/6acc83d1-4c05-4375-946b-7b326bb650e5 0.087s
2025-05-16 14:28:25.774 70047 INFO tempest.lib.common.rest_client [req-aa18b136-3ab8-46a3-a127-545204ff3a48 req-aa18b136-3ab8-46a3-a127-545204ff3a48 ] Request (ServersAdminTestJSON:setUpClass): 200 GET http://10.180.1.21/compute/v2.1/servers/8f0fd12a-ac4a-4d6b-8778-e3c5dacb7204 0.113s
2025-05-16 14:28:25.790 70039 INFO tempest.lib.common.rest_client [req-41b918ef-9ca4-4f06-8c24-759848d4f503 req-41b918ef-9ca4-4f06-8c24-759848d4f503 ] Request (ServersTestMultiNic:_run_cleanups): 200 GET http://10.180.1.21/compute/v2.1/servers/06b5782b-4336-4d29-b2d6-ada4688875bf 0.099s
2025-05-16 14:28:25.866 70033 INFO tempest.lib.common.rest_client [req-16a159a9-cfa8-48d7-a53a-a31d0cec78c4 req-16a159a9-cfa8-48d7-a53a-a31d0cec78c4 ] Request (ServerDiskConfigTestJSON:test_rebuild_server_with_manual_disk_config): 200 GET http://10.180.1.21/compute/v2.1/servers/58199a59-81d5-4320-af6f-06a89b7091fe 0.069s
2025-05-16 14:28:25.946 70035 INFO tempest.lib.common.rest_client [req-25abc0f3-5a78-42e9-831f-cc04394571a1 req-25abc0f3-5a78-42e9-831f-cc04394571a1 ] Request (ServerRescueTestJSON:setUpClass): 200 GET http://10.180.1.21/compute/v2.1/servers/407887d5-5e6b-4e1a-bd96-0d2f469e9d05 0.072s
2025-05-16 14:28:26.002 70045 INFO tempest.lib.common.rest_client [req-6aeaa89b-357a-415a-825a-6607e672a559 req-6aeaa89b-357a-415a-825a-6607e672a559 ] Request (ServersTestManualDisk:setUpClass): 200 GET http://10.180.1.21/compute/v2.1/servers/95df5a66-c49d-4435-835b-82d0ba35b4ce 0.069s
2025-05-16 14:28:26.032 70061 INFO tempest.lib.common.rest_client [req-0e1b1b5f-d4df-49ff-8ee9-aec9855d63f3 req-0e1b1b5f-d4df-49ff-8ee9-aec9855d63f3 ] Request (ListServerFiltersTestJSON:setUpClass): 200 GET http://10.180.1.21/compute/v2.1/servers/32a3b6d5-3798-43f8-8864-c7e643de0aa4 0.154s
2025-05-16 14:28:26.060 70067 INFO tempest.lib.common.rest_client [req-65eff8e4-b40b-4736-9b8b-0f9ff53563c2 req-65eff8e4-b40b-4736-9b8b-0f9ff53563c2 ] Request (AttachInterfacesTestJSON:test_create_list_show_delete_interfaces_by_network_port): 200 GET http://10.180.1.21/compute/v2.1/servers/13f548d5-3ca4-47c8-b01e-11d7d8e0ae82 0.121s
2025-05-16 14:28:26.100 70027 INFO tempest.lib.common.rest_client [req-10c1acf0-d03c-4eb8-b4d3-c37e259fa465 req-10c1acf0-d03c-4eb8-b4d3-c37e259fa465 ] Request (ImagesOneServerNegativeTestJSON:_run_cleanups): 200 GET http://10.180.1.21/compute/v2.1/servers/99d93c01-4212-4c76-955f-b2dcfdbdca17 0.085s
2025-05-16 14:28:26.132 70069 INFO tempest.lib.common.rest_client [req-19b5290c-cdeb-4224-a5d7-b4316314bed5 req-19b5290c-cdeb-4224-a5d7-b4316314bed5 ] Request (ServersWithSpecificFlavorTestJSON:test_verify_created_server_ephemeral_disk): 200 GET http://10.180.1.21/compute/v2.1/servers/8dc903b3-a705-4733-a6d2-14dcb9fd104a 0.065s
2025-05-16 14:28:26.216 70053 INFO tempest.lib.common.rest_client [req-8ff4a34b-c119-4aa5-8c71-f3631f6e03c2 req-8ff4a34b-c119-4aa5-8c71-f3631f6e03c2 ] Request (ServerAddressesNegativeTestJSON:tearDownClass): 200 GET http://10.180.1.21/compute/v2.1/servers/003dd320-3467-49c5-aabe-080ecde7dcc2 0.095s
2025-05-16 14:28:26.237 70051 INFO tempest.lib.common.rest_client [req-1109a0b2-80bf-4ea0-bcb6-c5aff9fd4a6b req-1109a0b2-80bf-4ea0-bcb6-c5aff9fd4a6b ] Request (ServerActionsTestOtherB:setUpClass): 200 GET http://10.180.1.21/compute/v2.1/servers/18bfddfc-8ba9-41c3-bde7-a09ed7c153b4 0.136s
2025-05-16 14:28:26.276 70073 INFO tempest.lib.common.rest_client [req-16b9ccbb-283c-4644-a839-6cd43670a39b req-16b9ccbb-283c-4644-a839-6cd43670a39b ] Request (AttachVolumeNegativeTest:test_attach_attached_volume_to_different_server): 200 GET http://10.180.1.21/compute/v2.1/servers/b3942bc6-49d3-4260-bd82-4f6224bab80c 0.120s
2025-05-16 14:28:26.297 70087 INFO tempest.lib.common.rest_client [req-fe7dca83-8a9e-4ef6-9d3b-f438b3ad50c3 req-fe7dca83-8a9e-4ef6-9d3b-f438b3ad50c3 ] Request (FloatingIPsAssociationTestJSON:test_associate_already_associated_floating_ip): 200 GET http://10.180.1.21/compute/v2.1/servers/fbf78283-a645-4b46-a501-57fd0979bd10 0.120s
2025-05-16 14:28:26.357 70057 INFO tempest.lib.common.rest_client [req-d1392256-8fae-4f55-81e9-7276211c709c req-d1392256-8fae-4f55-81e9-7276211c709c ] Request (MultipleCreateTestJSON:test_multiple_create): 200 GET http://10.180.1.21/compute/v2.1/servers/12c48e81-863b-4591-b3c5-fa4e26d655b9 0.120s
2025-05-16 14:28:26.371 70043 INFO tempest.lib.common.rest_client [req-76ca8a71-a995-4dc5-85df-ed77f61644cd req-76ca8a71-a995-4dc5-85df-ed77f61644cd ] Request (ServersTestJSON:tearDownClass): 200 GET http://10.180.1.21/compute/v2.1/servers/17df4088-f859-480c-9010-4acf00f34c12 0.157s
2025-05-16 14:28:26.419 70029 INFO tempest.lib.common.rest_client [req-de4f0db2-b55f-4750-a802-f9b046224e4e req-de4f0db2-b55f-4750-a802-f9b046224e4e ] Request (ServerShowV254Test:test_rebuild_server): 200 GET http://10.180.1.21/compute/v2.1/servers/6de6a293-0fc9-4b20-8f52-cbd0b644c0c0 0.146s
2025-05-16 14:28:26.435 70041 INFO tempest.lib.common.rest_client [req-99fdd2a7-cb9c-4b6e-87b3-0b46427949cb req-99fdd2a7-cb9c-4b6e-87b3-0b46427949cb ] Request (ServersAdminNegativeTestJSON:tearDownClass): 200 GET http://10.180.1.21/compute/v2.1/servers/2a395bfb-2b03-418e-92b5-df650a6b8f10 0.127s
2025-05-16 14:28:26.472 70079 INFO tempest.lib.common.rest_client [req-a6c4b140-f9a9-424f-89af-9bb8bc70b807 req-a6c4b140-f9a9-424f-89af-9bb8bc70b807 ] Request (VolumesAdminNegativeTest:test_update_attached_volume_with_nonexistent_volume_in_uri): 200 GET http://10.180.1.21/compute/v2.1/servers/ad04223c-147a-435f-a2cd-d3c73ea1ca63 0.119s
2025-05-16 14:28:26.492 70089 INFO tempest.lib.common.rest_client [req-5a14a828-e121-4d74-8767-dfb39a95b428 req-5a14a828-e121-4d74-8767-dfb39a95b428 ] Request (FloatingIPsAssociationNegativeTestJSON:tearDownClass): 200 GET http://10.180.1.21/compute/v2.1/servers/d5770133-2f67-4afd-ba07-778defd8c692 0.082s
2025-05-16 14:28:26.499 70089 INFO tempest.common.waiters [-] State transition "ACTIVE/deleting" ==> "DELETED/None" after 3 second wait
2025-05-16 14:28:26.583 70071 INFO tempest.lib.common.rest_client [req-17e9c053-9f4b-4983-94ee-fa2f44805ef8 req-17e9c053-9f4b-4983-94ee-fa2f44805ef8 ] Request (InstanceActionsV221TestJSON:test_get_list_deleted_instance_actions): 200 GET http://10.180.1.21/compute/v2.1/servers/735cd9c8-ca9a-4b99-a653-333b31d07751 0.051s
2025-05-16 14:28:26.644 70063 INFO tempest.lib.common.rest_client [req-2a90d568-e1b8-455d-9fc9-c4bdf842f354 req-2a90d568-e1b8-455d-9fc9-c4bdf842f354 ] Request (ServerRescueNegativeTestJSON:test_rescued_vm_detach_volume): 200 GET http://10.180.1.21/compute/v2.1/servers/01618ff9-d8e5-41b5-899c-81279eb69806 0.051s
2025-05-16 14:28:26.711 70077 INFO tempest.lib.common.rest_client [req-3bfc44e1-2f46-4557-8cf9-348b151e847b req-3bfc44e1-2f46-4557-8cf9-348b151e847b ] Request (MigrationsAdminTest:test_resize_server_revert_deleted_flavor): 200 GET http://10.180.1.21/compute/v2.1/servers/4458a759-c025-4325-8553-64c4fd7ebbde 0.053s
2025-05-16 14:28:26.785 70049 INFO tempest.lib.common.rest_client [req-3fd5f078-24e5-465e-8897-4d9593b4476b req-3fd5f078-24e5-465e-8897-4d9593b4476b ] Request (ServerAddressesTestJSON:tearDownClass): 200 GET http://10.180.1.21/compute/v2.1/servers/c7bb5994-7c54-43a7-9d47-ad7ecb0465f6 0.059s
2025-05-16 14:28:26.802 70037 INFO tempest.lib.common.rest_client [req-62c0212d-bc37-4815-9b0a-5b2d3d30e2b4 req-62c0212d-bc37-4815-9b0a-5b2d3d30e2b4 ] Request (ImagesTestJSON:test_create_image_from_stopped_server): 200 GET http://10.180.1.21/compute/v2.1/servers/ffc62ddd-ffe2-478d-9227-239904c4411b 0.130s
2025-05-16 14:28:26.809 70037 INFO tempest.common.waiters [-] State transition "BUILD/spawning" ==> "ACTIVE/None" after 83 second wait
2025-05-16 14:28:26.832 70083 INFO tempest.lib.common.rest_client [req-12187dbd-5868-4c56-8558-86fcaa1e7cb6 req-12187dbd-5868-4c56-8558-86fcaa1e7cb6 ] Request (ServerRescueTestJSONUnderV235:setUpClass): 200 GET http://10.180.1.21/compute/v2.1/servers/6acc83d1-4c05-4375-946b-7b326bb650e5 0.105s
2025-05-16 14:28:26.846 70047 INFO tempest.lib.common.rest_client [req-26bc2c9c-81d3-45b5-855e-e455d4d166e8 req-26bc2c9c-81d3-45b5-855e-e455d4d166e8 ] Request (ServersAdminTestJSON:setUpClass): 200 GET http://10.180.1.21/compute/v2.1/servers/8f0fd12a-ac4a-4d6b-8778-e3c5dacb7204 0.061s
2025-05-16 14:28:26.885 70039 INFO tempest.lib.common.rest_client [req-5220c892-a551-4eba-87ee-c2d4e0df1012 req-5220c892-a551-4eba-87ee-c2d4e0df1012 ] Request (ServersTestMultiNic:_run_cleanups): 200 GET http://10.180.1.21/compute/v2.1/servers/06b5782b-4336-4d29-b2d6-ada4688875bf 0.086s
2025-05-16 14:28:26.910 70037 INFO tempest.lib.common.rest_client [req-f30a1eac-39c1-47e1-a242-f04425f3713e req-f30a1eac-39c1-47e1-a242-f04425f3713e ] Request (ImagesTestJSON:test_create_image_from_stopped_server): 202 POST http://10.180.1.21/compute/v2.1/servers/ffc62ddd-ffe2-478d-9227-239904c4411b/action 0.100s
2025-05-16 14:28:26.933 70033 INFO tempest.lib.common.rest_client [req-c76b9d5b-027b-423d-bba8-f89d80883604 req-c76b9d5b-027b-423d-bba8-f89d80883604 ] Request (ServerDiskConfigTestJSON:test_rebuild_server_with_manual_disk_config): 200 GET http://10.180.1.21/compute/v2.1/servers/58199a59-81d5-4320-af6f-06a89b7091fe 0.052s
2025-05-16 14:28:27.004 70035 INFO tempest.lib.common.rest_client [req-5110c401-02f4-44a3-a240-fdc47c838b0c req-5110c401-02f4-44a3-a240-fdc47c838b0c ] Request (ServerRescueTestJSON:setUpClass): 200 GET http://10.180.1.21/compute/v2.1/servers/407887d5-5e6b-4e1a-bd96-0d2f469e9d05 0.050s
2025-05-16 14:28:27.010 70037 INFO tempest.lib.common.rest_client [req-374a6d10-f880-4212-9dce-15b5811188df req-374a6d10-f880-4212-9dce-15b5811188df ] Request (ImagesTestJSON:test_create_image_from_stopped_server): 200 GET http://10.180.1.21/compute/v2.1/servers/ffc62ddd-ffe2-478d-9227-239904c4411b 0.100s
2025-05-16 14:28:27.063 70045 INFO tempest.lib.common.rest_client [req-656f7330-3195-439b-b07a-220ba8ea8548 req-656f7330-3195-439b-b07a-220ba8ea8548 ] Request (ServersTestManualDisk:setUpClass): 200 GET http://10.180.1.21/compute/v2.1/servers/95df5a66-c49d-4435-835b-82d0ba35b4ce 0.053s
2025-05-16 14:28:27.123 70067 INFO tempest.lib.common.rest_client [req-bcaa544d-68fc-4be8-a315-700801af03f6 req-bcaa544d-68fc-4be8-a315-700801af03f6 ] Request (AttachInterfacesTestJSON:test_create_list_show_delete_interfaces_by_network_port): 200 GET http://10.180.1.21/compute/v2.1/servers/13f548d5-3ca4-47c8-b01e-11d7d8e0ae82 0.053s
2025-05-16 14:28:27.151 70061 INFO tempest.lib.common.rest_client [req-600e03b6-10de-443f-9f6d-bdffe2101db4 req-600e03b6-10de-443f-9f6d-bdffe2101db4 ] Request (ListServerFiltersTestJSON:setUpClass): 200 GET http://10.180.1.21/compute/v2.1/servers/32a3b6d5-3798-43f8-8864-c7e643de0aa4 0.107s
2025-05-16 14:28:27.169 70027 INFO tempest.lib.common.rest_client [req-26054ecb-dd39-4a50-bda2-cf784c5492b7 req-26054ecb-dd39-4a50-bda2-cf784c5492b7 ] Request (ImagesOneServerNegativeTestJSON:_run_cleanups): 200 GET http://10.180.1.21/compute/v2.1/servers/99d93c01-4212-4c76-955f-b2dcfdbdca17 0.057s
2025-05-16 14:28:27.201 70069 INFO tempest.lib.common.rest_client [req-6189740e-8a29-4466-997a-bccf0246d33c req-6189740e-8a29-4466-997a-bccf0246d33c ] Request (ServersWithSpecificFlavorTestJSON:test_verify_created_server_ephemeral_disk): 200 GET http://10.180.1.21/compute/v2.1/servers/8dc903b3-a705-4733-a6d2-14dcb9fd104a 0.058s
2025-05-16 14:28:27.286 70053 INFO tempest.lib.common.rest_client [req-6b45324a-b0e2-4a86-ad4c-4c23ad1b0a52 req-6b45324a-b0e2-4a86-ad4c-4c23ad1b0a52 ] Request (ServerAddressesNegativeTestJSON:tearDownClass): 200 GET http://10.180.1.21/compute/v2.1/servers/003dd320-3467-49c5-aabe-080ecde7dcc2 0.060s
2025-05-16 14:28:27.341 70073 INFO tempest.lib.common.rest_client [req-e1788a9b-3bc1-4425-95f1-b1910bfe9dd2 req-e1788a9b-3bc1-4425-95f1-b1910bfe9dd2 ] Request (AttachVolumeNegativeTest:test_attach_attached_volume_to_different_server): 200 GET http://10.180.1.21/compute/v2.1/servers/b3942bc6-49d3-4260-bd82-4f6224bab80c 0.055s
2025-05-16 14:28:27.392 70087 INFO tempest.lib.common.rest_client [req-f831bbe4-3bc4-4ea2-9b52-76a653ae33de req-f831bbe4-3bc4-4ea2-9b52-76a653ae33de ] Request (FloatingIPsAssociationTestJSON:test_associate_already_associated_floating_ip): 200 GET http://10.180.1.21/compute/v2.1/servers/fbf78283-a645-4b46-a501-57fd0979bd10 0.086s
2025-05-16 14:28:27.395 70051 INFO tempest.lib.common.rest_client [req-d419aa5e-6c00-416e-a037-2c08465838bd req-d419aa5e-6c00-416e-a037-2c08465838bd ] Request (ServerActionsTestOtherB:setUpClass): 200 GET http://10.180.1.21/compute/v2.1/servers/18bfddfc-8ba9-41c3-bde7-a09ed7c153b4 0.149s
2025-05-16 14:28:27.449 70057 INFO tempest.lib.common.rest_client [req-81c29984-e79e-4124-9179-d5a480ca484c req-81c29984-e79e-4124-9179-d5a480ca484c ] Request (MultipleCreateTestJSON:test_multiple_create): 200 GET http://10.180.1.21/compute/v2.1/servers/12c48e81-863b-4591-b3c5-fa4e26d655b9 0.084s
2025-05-16 14:28:27.457 70043 INFO tempest.lib.common.rest_client [req-8b7c3bca-b523-460d-8d90-e20aff89d155 req-8b7c3bca-b523-460d-8d90-e20aff89d155 ] Request (ServersTestJSON:tearDownClass): 200 GET http://10.180.1.21/compute/v2.1/servers/17df4088-f859-480c-9010-4acf00f34c12 0.078s
2025-05-16 14:28:27.499 70029 INFO tempest.lib.common.rest_client [req-43b9b26a-6cc9-441e-bd11-e6d25b6cd0a9 req-43b9b26a-6cc9-441e-bd11-e6d25b6cd0a9 ] Request (ServerShowV254Test:test_rebuild_server): 200 GET http://10.180.1.21/compute/v2.1/servers/6de6a293-0fc9-4b20-8f52-cbd0b644c0c0 0.069s
2025-05-16 14:28:27.509 70041 INFO tempest.lib.common.rest_client [req-a14c1d69-399d-4c79-bd9a-81be03a1903c req-a14c1d69-399d-4c79-bd9a-81be03a1903c ] Request (ServersAdminNegativeTestJSON:tearDownClass): 200 GET http://10.180.1.21/compute/v2.1/servers/2a395bfb-2b03-418e-92b5-df650a6b8f10 0.065s
2025-05-16 14:28:27.549 70079 INFO tempest.lib.common.rest_client [req-8a82ad5f-4540-45a6-8775-17216289d438 req-8a82ad5f-4540-45a6-8775-17216289d438 ] Request (VolumesAdminNegativeTest:test_update_attached_volume_with_nonexistent_volume_in_uri): 200 GET http://10.180.1.21/compute/v2.1/servers/ad04223c-147a-435f-a2cd-d3c73ea1ca63 0.068s
