2025-05-16 14:26:12.248 70065 INFO tempest.lib.common.rest_client [req-3ae91712-a71a-49d8-97b8-d2ce35502371 req-3ae91712-a71a-49d8-97b8-d2ce35502371 ] Request (TenantUsagesTestJSON:setUpClass): 204 PUT http://10.180.1.21/identity/v3/projects/586a4c52704d42369e5c980264933485/users/ba7b5f4c893c41fda41a609c09a2bc49/roles/f48f3f06df7440779c52f157edfa3180 0.039s
2025-05-16 14:26:12.249 70065 INFO tempest.lib.common.dynamic_creds [-] Dynamic test user ba7b5f4c893c41fda41a609c09a2bc49 is created with scope project and roles: ['admin']
2025-05-16 14:26:12.249 70065 INFO tempest.lib.common.dynamic_creds [-] Acquired dynamic creds: credentials: Credentials: {'domain_id': 'default', 'domain_name': 'Default', 'username': 'tempest-TenantUsagesTestJSON-1487573183-project-admin', 'project_domain_id': 'default', 'project_domain_name': 'Default', 'project_id': '586a4c52704d42369e5c980264933485', 'project_name': 'tempest-TenantUsagesTestJSON-1487573183', 'tenant_id': '586a4c52704d42369e5c980264933485', 'tenant_name': 'tempest-TenantUsagesTestJSON-1487573183', 'user_domain_id': 'default', 'user_domain_name': 'Default', 'user_id': 'ba7b5f4c893c41fda41a609c09a2bc49', 'system': None}, Network: None, Subnet: None, Router: None
2025-05-16 14:26:12.249 70065 INFO tempest.lib.common.dynamic_creds [-] Created isolated network resources for: credentials: Credentials: {'domain_id': 'default', 'domain_name': 'Default', 'username': 'tempest-TenantUsagesTestJSON-1487573183-project-admin', 'project_domain_id': 'default', 'project_domain_name': 'Default', 'project_id': '586a4c52704d42369e5c980264933485', 'project_name': 'tempest-TenantUsagesTestJSON-1487573183', 'tenant_id': '586a4c52704d42369e5c980264933485', 'tenant_name': 'tempest-TenantUsagesTestJSON-1487573183', 'user_domain_id': 'default', 'user_domain_name': 'Default', 'user_id': 'ba7b5f4c893c41fda41a609c09a2bc49', 'system': None}, Network: None, Subnet: None, Router: None
2025-05-16 14:26:12.265 70033 INFO tempest.lib.common.rest_client [req-d3f001f2-2cfa-4e11-80c7-773d4d2c4b9a req-d3f001f2-2cfa-4e11-80c7-773d4d2c4b9a ] Request (FlavorsAdminTestJSON:_run_cleanups): 200 GET http://10.180.1.21/compute/v2.1/flavors/detail 1.830s
2025-05-16 14:26:12.337 70027 INFO tempest.lib.common.rest_client [req-06c4a21b-45cf-47d3-ab33-459fe83456aa req-06c4a21b-45cf-47d3-ab33-459fe83456aa ] Request (ImagesOneServerNegativeTestJSON:setUpClass): 200 GET http://10.180.1.21/compute/v2.1/servers/c6c05049-8183-4094-9d4c-1b3212e9f202 1.894s
2025-05-16 14:26:12.363 70047 INFO tempest.lib.common.rest_client [req-1ef7890d-01d7-4346-8d08-4d724ae5041a req-1ef7890d-01d7-4346-8d08-4d724ae5041a ] Request (HypervisorAdminNegativeTestJSON:tearDownClass): 200 GET http://10.180.1.21:9696/networking/v2.0/security-groups?tenant_id=541258af624c4fd882b4e5f3f1f86eec&name=default 0.211s
2025-05-16 14:26:12.373 70065 INFO tempest.lib.common.rest_client [req-ba91323f-f4ae-475c-9dde-deac306e6f64 req-ba91323f-f4ae-475c-9dde-deac306e6f64 ] Request (TenantUsagesTestJSON:setUpClass): 201 POST http://10.180.1.21/identity/v3/auth/tokens 0.122s
2025-05-16 14:26:12.408 70035 INFO tempest.lib.common.rest_client [req-62524ec1-c188-442c-b130-9c6b4ab21d4b req-62524ec1-c188-442c-b130-9c6b4ab21d4b ] Request (ImagesOneServerTestJSON:setUpClass): 200 GET http://10.180.1.21/compute/v2.1/servers/088f3721-eae5-46fc-8d2b-a0ba199f1718 1.945s
2025-05-16 14:26:12.446 70065 INFO tempest.lib.common.rest_client [req-ee4c309f-aacc-401d-be1c-9ef59ed2c276 req-ee4c309f-aacc-401d-be1c-9ef59ed2c276 ] Request (TenantUsagesTestJSON:setUpClass): 201 POST http://10.180.1.21/identity/v3/auth/tokens 0.068s
2025-05-16 14:26:12.446 70065 INFO tempest.lib.common.fixed_network [-] (TenantUsagesTestJSON:setUpClass) Found network None available for tenant
2025-05-16 14:26:12.570 70047 INFO tempest.lib.common.rest_client [req-c9a21d01-c999-4022-b7a4-534f2b7a7420 req-c9a21d01-c999-4022-b7a4-534f2b7a7420 ] Request (HypervisorAdminNegativeTestJSON:tearDownClass): 204 DELETE http://10.180.1.21:9696/networking/v2.0/security-groups/8cc85ec9-5bc7-49d0-ada4-0d6815154d95 0.207s
2025-05-16 14:26:12.626 70059 INFO tempest.lib.common.rest_client [req-b1477729-5310-4938-96a0-03f64ae36d73 req-b1477729-5310-4938-96a0-03f64ae36d73 ] Request (SecurityGroupsTestAdminJSON:_run_cleanups): 202 DELETE http://10.180.1.21/compute/v2.1/os-security-groups/1d078961-4973-417c-abdb-81290b170913 2.162s
2025-05-16 14:26:12.639 70063 INFO tempest.lib.common.rest_client [req-6716192b-d04b-430e-a0ec-ed55897d67a7 req-6716192b-d04b-430e-a0ec-ed55897d67a7 ] Request (KeyPairsV22TestJSON:test_keypairsv22_create_list_show): 200 GET http://10.180.1.21/compute/v2.1/os-keypairs/tempest-keypair-553016622 2.161s
2025-05-16 14:26:12.689 70031 INFO tempest.lib.common.rest_client [req-fc6da09d-acfd-4d2f-8bd9-a749ee5e81a3 req-fc6da09d-acfd-4d2f-8bd9-a749ee5e81a3 ] Request (ImagesMetadataTestJSON:setUpClass): 200 GET http://10.180.1.21/compute/v2.1/images/863a08a2-7e17-49a0-b303-9651fd6bd819 2.000s
2025-05-16 14:26:12.732 70047 INFO tempest.lib.common.rest_client [req-4a48c5d4-3131-4648-92a7-288ac6a481c0 req-4a48c5d4-3131-4648-92a7-288ac6a481c0 ] Request (HypervisorAdminNegativeTestJSON:tearDownClass): 204 DELETE http://10.180.1.21/identity/v3/projects/541258af624c4fd882b4e5f3f1f86eec 0.162s
2025-05-16 14:26:12.763 70059 INFO tempest.lib.common.rest_client [req-ee894980-7ca9-427a-8d7f-1bd1fa889b1d req-ee894980-7ca9-427a-8d7f-1bd1fa889b1d ] Request (SecurityGroupsTestAdminJSON:tearDownClass): 204 DELETE http://10.180.1.21/identity/v3/users/f7f903772a264c89aee4e5e7faa4d04f 0.134s
2025-05-16 14:26:12.797 70051 INFO tempest.lib.common.rest_client [req-32e38437-db74-4f1b-b80f-1a3aac5a0e63 req-32e38437-db74-4f1b-b80f-1a3aac5a0e63 ] Request (FloatingIPsTestJSON:test_delete_floating_ip): 200 POST http://10.180.1.21/compute/v2.1/os-floating-ips 2.626s
2025-05-16 14:26:12.820 70079 INFO tempest.lib.common.rest_client [req-064b55f4-3bd1-457d-b1c7-29ecf4d7e188 req-064b55f4-3bd1-457d-b1c7-29ecf4d7e188 ] Request (VolumesAdminNegativeTest:setUpClass): 201 POST http://10.180.1.21:9696/networking/v2.0/routers 1.194s
2025-05-16 14:26:12.835 70087 INFO tempest.lib.common.rest_client [req-6392ce29-ea78-4bd9-ae4a-3c8a3638148a req-6392ce29-ea78-4bd9-ae4a-3c8a3638148a ] Request (ServicesAdminNegativeTestJSON:test_get_service_with_valid_service_and_invalid_host): 200 GET http://10.180.1.21/compute/v2.1/os-services 1.811s
2025-05-16 14:26:12.840 70047 INFO tempest.lib.common.rest_client [req-82383d4d-8d47-4427-8f6a-03071b962295 req-82383d4d-8d47-4427-8f6a-03071b962295 ] Request (ServerDiagnosticsTest:setUpClass): 201 POST http://10.180.1.21/identity/v3/auth/tokens 0.104s
2025-05-16 14:26:12.928 70039 INFO tempest.lib.common.rest_client [req-06d1bb79-53f2-4d14-ac39-03c290f1ec0e req-06d1bb79-53f2-4d14-ac39-03c290f1ec0e ] Request (HypervisorAdminUnderV252Test:test_get_hypervisor_show_servers): 200 GET http://10.180.1.21/compute/v2.1/os-hypervisors 2.198s
2025-05-16 14:26:12.942 70059 INFO tempest.lib.common.rest_client [req-f309c279-ff3b-461c-be1f-2d320b59762e req-f309c279-ff3b-461c-be1f-2d320b59762e ] Request (SecurityGroupsTestAdminJSON:tearDownClass): 204 DELETE http://10.180.1.21/identity/v3/users/d8259466e7a44241b3d83462313532ff 0.178s
2025-05-16 14:26:12.942 70059 INFO tempest.lib.common.dynamic_creds [-] Deleting project and security group for project: 107c4fc3060b4112923f4bfcf81fb3fd
2025-05-16 14:26:12.949 70047 INFO tempest.lib.common.rest_client [req-df4e628c-478e-4a1d-a080-ebdfd859ef4e req-df4e628c-478e-4a1d-a080-ebdfd859ef4e ] Request (ServerDiagnosticsTest:setUpClass): 201 POST http://10.180.1.21/identity/v3/auth/tokens 0.105s
2025-05-16 14:26:12.968 70041 INFO tempest.lib.common.rest_client [req-d99270c3-3dcb-47a0-80b9-39d7f2a88793 req-d99270c3-3dcb-47a0-80b9-39d7f2a88793 ] Request (ServersAdminNegativeTestJSON:setUpClass): 200 GET http://10.180.1.21/compute/v2.1/servers/8f0a0fcb-babd-406b-9468-ae0f86818589 1.693s
2025-05-16 14:26:12.982 70049 INFO tempest.lib.common.rest_client [req-ce21e9f4-f487-422f-9bdf-8dbf114871cc req-ce21e9f4-f487-422f-9bdf-8dbf114871cc ] Request (AggregatesAdminNegativeTestJSON:test_aggregate_create_with_existent_aggregate_name): 409 POST http://10.180.1.21/compute/v2.1/os-aggregates 1.529s
2025-05-16 14:26:12.998 70081 INFO tempest.lib.common.rest_client [req-46915e92-6cbc-4a3c-9bea-26ea720510c6 req-46915e92-6cbc-4a3c-9bea-26ea720510c6 ] Request (VolumesAssistedSnapshotsTest:test_volume_assisted_snapshot_create_delete): 200 GET http://10.180.1.21/compute/v2.1/servers/12e61e3d-8ea2-41fe-bfe8-26d574075ebf 1.568s
2025-05-16 14:26:13.008 70081 INFO tempest.common.waiters [-] State transition "BUILD/scheduling" ==> "BUILD/None" after 6 second wait
2025-05-16 14:26:13.018 70047 INFO tempest.lib.common.rest_client [req-da7308b4-8259-45d9-9b33-e407ba685ae7 req-da7308b4-8259-45d9-9b33-e407ba685ae7 ] Request (ServerDiagnosticsTest:setUpClass): 200 GET http://10.180.1.21/identity/v3/domains?name=Default 0.069s
2025-05-16 14:26:13.024 70059 INFO tempest.lib.common.rest_client [req-bf527fa8-9bee-4204-9ac4-c446cd42faa4 req-bf527fa8-9bee-4204-9ac4-c446cd42faa4 ] Request (SecurityGroupsTestAdminJSON:tearDownClass): 201 POST http://10.180.1.21/identity/v3/auth/tokens 0.080s
2025-05-16 14:26:13.053 70047 INFO tempest.lib.common.rest_client [req-64ba2dc6-204a-4249-a155-64cac4637b5a req-64ba2dc6-204a-4249-a155-64cac4637b5a ] Request (ServerDiagnosticsTest:setUpClass): 201 POST http://10.180.1.21/identity/v3/projects 0.034s
2025-05-16 14:26:13.112 70047 INFO tempest.lib.common.rest_client [req-531996f5-ace8-4a1c-bdec-47a297eef733 req-531996f5-ace8-4a1c-bdec-47a297eef733 ] Request (ServerDiagnosticsTest:setUpClass): 201 POST http://10.180.1.21/identity/v3/users 0.058s
2025-05-16 14:26:13.135 70047 INFO tempest.lib.common.rest_client [req-af6eb2fe-5215-4a2a-bb02-00ff90a4b1e3 req-af6eb2fe-5215-4a2a-bb02-00ff90a4b1e3 ] Request (ServerDiagnosticsTest:setUpClass): 200 GET http://10.180.1.21/identity/v3/roles 0.022s
2025-05-16 14:26:13.161 70047 INFO tempest.lib.common.rest_client [req-bdcda9dc-e0c2-49d0-afc8-58d24aa05c8b req-bdcda9dc-e0c2-49d0-afc8-58d24aa05c8b ] Request (ServerDiagnosticsTest:setUpClass): 204 PUT http://10.180.1.21/identity/v3/projects/6b497d74003a4509866ae2e8510bad13/users/e5b1ca7e7dc64f68bd4fb14ead44d713/roles/b232d641ec92499db1cadee25faf2b48 0.026s
2025-05-16 14:26:13.161 70047 INFO tempest.lib.common.dynamic_creds [-] Dynamic test user e5b1ca7e7dc64f68bd4fb14ead44d713 is created with scope project and roles: ['member']
2025-05-16 14:26:13.161 70047 INFO tempest.lib.common.dynamic_creds [-] Acquired dynamic creds: credentials: Credentials: {'domain_id': 'default', 'domain_name': 'Default', 'username': 'tempest-ServerDiagnosticsTest-2078696863-project-member', 'project_domain_id': 'default', 'project_domain_name': 'Default', 'project_id': '6b497d74003a4509866ae2e8510bad13', 'project_name': 'tempest-ServerDiagnosticsTest-2078696863', 'tenant_id': '6b497d74003a4509866ae2e8510bad13', 'tenant_name': 'tempest-ServerDiagnosticsTest-2078696863', 'user_domain_id': 'default', 'user_domain_name': 'Default', 'user_id': 'e5b1ca7e7dc64f68bd4fb14ead44d713', 'system': None}, Network: None, Subnet: None, Router: None
2025-05-16 14:26:13.161 70047 INFO tempest.lib.common.dynamic_creds [-] Created isolated network resources for: credentials: Credentials: {'domain_id': 'default', 'domain_name': 'Default', 'username': 'tempest-ServerDiagnosticsTest-2078696863-project-member', 'project_domain_id': 'default', 'project_domain_name': 'Default', 'project_id': '6b497d74003a4509866ae2e8510bad13', 'project_name': 'tempest-ServerDiagnosticsTest-2078696863', 'tenant_id': '6b497d74003a4509866ae2e8510bad13', 'tenant_name': 'tempest-ServerDiagnosticsTest-2078696863', 'user_domain_id': 'default', 'user_domain_name': 'Default', 'user_id': 'e5b1ca7e7dc64f68bd4fb14ead44d713', 'system': None}, Network: None, Subnet: None, Router: None
2025-05-16 14:26:13.169 70059 INFO tempest.lib.common.rest_client [req-4c3c2094-ebe1-48bf-8550-50f1329be399 req-4c3c2094-ebe1-48bf-8550-50f1329be399 ] Request (SecurityGroupsTestAdminJSON:tearDownClass): 200 GET http://10.180.1.21:9696/networking/v2.0/security-groups?tenant_id=107c4fc3060b4112923f4bfcf81fb3fd&name=default 0.144s
2025-05-16 14:26:13.268 70047 INFO tempest.lib.common.rest_client [req-828b3ff0-5f9a-445a-b27a-6acf6e905523 req-828b3ff0-5f9a-445a-b27a-6acf6e905523 ] Request (ServerDiagnosticsTest:setUpClass): 201 POST http://10.180.1.21/identity/v3/auth/tokens 0.104s
2025-05-16 14:26:13.283 70059 INFO tempest.lib.common.rest_client [req-9a610b78-68b5-4744-9ae7-e5c7a9847c1c req-9a610b78-68b5-4744-9ae7-e5c7a9847c1c ] Request (SecurityGroupsTestAdminJSON:tearDownClass): 204 DELETE http://10.180.1.21:9696/networking/v2.0/security-groups/1afde3ee-6a73-4570-9d18-df9ed6d1d192 0.114s
2025-05-16 14:26:13.357 70047 INFO tempest.lib.common.rest_client [req-823846d3-3709-4602-a9f4-48ab62a09cc1 req-823846d3-3709-4602-a9f4-48ab62a09cc1 ] Request (ServerDiagnosticsTest:setUpClass): 201 POST http://10.180.1.21/identity/v3/projects 0.088s
2025-05-16 14:26:13.421 70059 INFO tempest.lib.common.rest_client [req-c5198420-79fc-407e-800a-7ba2a89ccb82 req-c5198420-79fc-407e-800a-7ba2a89ccb82 ] Request (SecurityGroupsTestAdminJSON:tearDownClass): 204 DELETE http://10.180.1.21/identity/v3/projects/107c4fc3060b4112923f4bfcf81fb3fd 0.138s
2025-05-16 14:26:13.422 70059 INFO tempest.lib.common.dynamic_creds [-] Deleting project and security group for project: 649a076d1b8f416fa945f07820ed0a77
2025-05-16 14:26:13.460 70047 INFO tempest.lib.common.rest_client [req-0441483b-d8c0-4cb3-84b4-759123590eac req-0441483b-d8c0-4cb3-84b4-759123590eac ] Request (ServerDiagnosticsTest:setUpClass): 201 POST http://10.180.1.21/identity/v3/users 0.102s
2025-05-16 14:26:13.488 70059 INFO tempest.lib.common.rest_client [req-e3d7362c-1f42-4b53-aee7-0cbb45e59f00 req-e3d7362c-1f42-4b53-aee7-0cbb45e59f00 ] Request (SecurityGroupsTestAdminJSON:tearDownClass): 200 GET http://10.180.1.21:9696/networking/v2.0/security-groups?tenant_id=649a076d1b8f416fa945f07820ed0a77&name=default 0.066s
2025-05-16 14:26:13.496 70047 INFO tempest.lib.common.rest_client [req-f4129abb-95f0-4ba1-8dbb-44e59f1c2d48 req-f4129abb-95f0-4ba1-8dbb-44e59f1c2d48 ] Request (ServerDiagnosticsTest:setUpClass): 200 GET http://10.180.1.21/identity/v3/roles 0.036s
2025-05-16 14:26:13.530 70089 INFO tempest.lib.common.rest_client [req-747d8d61-17ff-4b36-b3e5-c476ba93e27d req-747d8d61-17ff-4b36-b3e5-c476ba93e27d ] Request (ServerDiagnosticsV248Test:test_get_server_diagnostics): 200 GET http://10.180.1.21/compute/v2.1/servers/03a2cc99-1b1d-41b5-8b69-ba715305ac00/diagnostics 2.058s
2025-05-16 14:26:13.533 70047 INFO tempest.lib.common.rest_client [req-8a56cafd-89cb-42da-ba12-3ab74fdbeb59 req-8a56cafd-89cb-42da-ba12-3ab74fdbeb59 ] Request (ServerDiagnosticsTest:setUpClass): 204 PUT http://10.180.1.21/identity/v3/projects/1b716fc1be2e4d9da3bb2f8d262ddb0b/users/d29613cda6014163b0f4af37534f29f9/roles/f48f3f06df7440779c52f157edfa3180 0.036s
2025-05-16 14:26:13.606 70047 INFO tempest.lib.common.rest_client [req-f99fd62e-b2f5-480a-af91-a000328823e7 req-f99fd62e-b2f5-480a-af91-a000328823e7 ] Request (ServerDiagnosticsTest:setUpClass): 200 GET http://10.180.1.21/identity/v3/roles 0.072s
2025-05-16 14:26:13.624 70055 INFO tempest.lib.common.rest_client [req-7ebb0421-f62c-478d-9b8a-9908205e00bf req-7ebb0421-f62c-478d-9b8a-9908205e00bf ] Request (ServerExternalEventsTest:test_create_server_external_events): 200 GET http://10.180.1.21/compute/v2.1/servers/9ca0f3b3-7c9d-4338-bfd1-0035265ee688 2.036s
2025-05-16 14:26:13.639 70059 INFO tempest.lib.common.rest_client [req-1ab3548a-aacd-4fff-909e-cf33f6bc7ac3 req-1ab3548a-aacd-4fff-909e-cf33f6bc7ac3 ] Request (SecurityGroupsTestAdminJSON:tearDownClass): 204 DELETE http://10.180.1.21:9696/networking/v2.0/security-groups/25b82ab9-d446-47e5-90b6-9bae472ef05d 0.150s
2025-05-16 14:26:13.644 70047 INFO tempest.lib.common.rest_client [req-fd478ff9-9487-4530-b884-9b143ef37287 req-fd478ff9-9487-4530-b884-9b143ef37287 ] Request (ServerDiagnosticsTest:setUpClass): 204 PUT http://10.180.1.21/identity/v3/projects/1b716fc1be2e4d9da3bb2f8d262ddb0b/users/d29613cda6014163b0f4af37534f29f9/roles/f48f3f06df7440779c52f157edfa3180 0.037s
2025-05-16 14:26:13.644 70047 INFO tempest.lib.common.dynamic_creds [-] Dynamic test user d29613cda6014163b0f4af37534f29f9 is created with scope project and roles: ['admin']
2025-05-16 14:26:13.644 70047 INFO tempest.lib.common.dynamic_creds [-] Acquired dynamic creds: credentials: Credentials: {'domain_id': 'default', 'domain_name': 'Default', 'username': 'tempest-ServerDiagnosticsTest-1179394590-project-admin', 'project_domain_id': 'default', 'project_domain_name': 'Default', 'project_id': '1b716fc1be2e4d9da3bb2f8d262ddb0b', 'project_name': 'tempest-ServerDiagnosticsTest-1179394590', 'tenant_id': '1b716fc1be2e4d9da3bb2f8d262ddb0b', 'tenant_name': 'tempest-ServerDiagnosticsTest-1179394590', 'user_domain_id': 'default', 'user_domain_name': 'Default', 'user_id': 'd29613cda6014163b0f4af37534f29f9', 'system': None}, Network: None, Subnet: None, Router: None
2025-05-16 14:26:13.644 70047 INFO tempest.lib.common.dynamic_creds [-] Created isolated network resources for: credentials: Credentials: {'domain_id': 'default', 'domain_name': 'Default', 'username': 'tempest-ServerDiagnosticsTest-1179394590-project-admin', 'project_domain_id': 'default', 'project_domain_name': 'Default', 'project_id': '1b716fc1be2e4d9da3bb2f8d262ddb0b', 'project_name': 'tempest-ServerDiagnosticsTest-1179394590', 'tenant_id': '1b716fc1be2e4d9da3bb2f8d262ddb0b', 'tenant_name': 'tempest-ServerDiagnosticsTest-1179394590', 'user_domain_id': 'default', 'user_domain_name': 'Default', 'user_id': 'd29613cda6014163b0f4af37534f29f9', 'system': None}, Network: None, Subnet: None, Router: None
2025-05-16 14:26:13.694 70029 INFO tempest.lib.common.rest_client [req-db5cb8f6-71f6-49af-8eb1-ed0a108a6caf req-db5cb8f6-71f6-49af-8eb1-ed0a108a6caf ] Request (ServerTagsTestJSON:_run_cleanups): 204 DELETE http://10.180.1.21/compute/v2.1/servers/3fbd2dd0-cd21-4dc0-8a6b-dc47c6c8f277/tags 1.951s
2025-05-16 14:26:13.700 70085 INFO tempest.lib.common.rest_client [req-045e8d23-97e6-420a-9d87-c8659e695add req-045e8d23-97e6-420a-9d87-c8659e695add ] Request (VolumesNegativeTest:test_get_volume_without_passing_volume_id): 404 GET http://10.180.1.21/compute/v2.1/os-volumes/ 1.949s
2025-05-16 14:26:13.714 70075 INFO tempest.lib.common.rest_client [req-55ababaf-b505-466e-b476-464b82feed86 req-55ababaf-b505-466e-b476-464b82feed86 ] Request (HostsAdminNegativeTestJSON:test_shutdown_nonexistent_host): 404 GET http://10.180.1.21/compute/v2.1/os-hosts/nonexistent_hostname/shutdown 1.957s
2025-05-16 14:26:13.751 70047 INFO tempest.lib.common.rest_client [req-71e5a3e2-9d35-4f89-865f-ab27cbca410e req-71e5a3e2-9d35-4f89-865f-ab27cbca410e ] Request (ServerDiagnosticsTest:setUpClass): 201 POST http://10.180.1.21/identity/v3/auth/tokens 0.103s
2025-05-16 14:26:13.775 70059 INFO tempest.lib.common.rest_client [req-3def74ae-03e1-48e6-9ead-07023d864783 req-3def74ae-03e1-48e6-9ead-07023d864783 ] Request (SecurityGroupsTestAdminJSON:tearDownClass): 204 DELETE http://10.180.1.21/identity/v3/projects/649a076d1b8f416fa945f07820ed0a77 0.136s
2025-05-16 14:26:13.783 70043 INFO tempest.lib.common.rest_client [req-5ba4500d-e9ad-4c95-a750-7f444c782f76 req-5ba4500d-e9ad-4c95-a750-7f444c782f76 ] Request (ServersTestJSON:setUpClass): 202 POST http://10.180.1.21/compute/v2.1/servers 2.298s
2025-05-16 14:26:13.879 70047 INFO tempest.lib.common.rest_client [req-842d3515-b5bd-4190-9558-5dcb3c94163b req-842d3515-b5bd-4190-9558-5dcb3c94163b ] Request (ServerDiagnosticsTest:test_get_server_diagnostics): 201 POST http://10.180.1.21/identity/v3/auth/tokens 0.119s
2025-05-16 14:26:13.880 70047 INFO tempest.lib.common.fixed_network [-] (ServerDiagnosticsTest:test_get_server_diagnostics) Found network None available for tenant
2025-05-16 14:26:13.891 70059 INFO tempest.lib.common.rest_client [req-adca1541-2fc1-4717-838f-73c58d30a810 req-adca1541-2fc1-4717-838f-73c58d30a810 ] Request (ListImagesTestJSON:setUpClass): 201 POST http://10.180.1.21/identity/v3/auth/tokens 0.114s
2025-05-16 14:26:13.933 70059 INFO tempest.lib.common.rest_client [req-7a17d91f-25e0-4fe5-a7da-a72c56c75538 req-7a17d91f-25e0-4fe5-a7da-a72c56c75538 ] Request (ListImagesTestJSON:setUpClass): 201 POST http://10.180.1.21/identity/v3/auth/tokens 0.037s
2025-05-16 14:26:13.977 70059 INFO tempest.lib.common.rest_client [req-a1b5c315-13e1-472a-ac38-af42ff9c9c6d req-a1b5c315-13e1-472a-ac38-af42ff9c9c6d ] Request (ListImagesTestJSON:setUpClass): 200 GET http://10.180.1.21/identity/v3/domains?name=Default 0.043s
2025-05-16 14:26:13.989 70067 INFO tempest.lib.common.rest_client [req-a887f409-4573-4702-8574-b39420fb7a9a req-a887f409-4573-4702-8574-b39420fb7a9a ] Request (AttachInterfacesTestJSON:test_create_list_show_delete_interfaces_by_fixed_ip): 200 GET http://10.180.1.21/compute/v2.1/servers/c6759f57-90d3-4c97-b303-98c7b231cfcf 1.979s
2025-05-16 14:26:14.000 70067 INFO tempest.common.waiters [-] State transition "BUILD/spawning" ==> "ACTIVE/None" after 26 second wait
2025-05-16 14:26:14.036 70059 INFO tempest.lib.common.rest_client [req-1ffa4f97-2628-4c8d-ba53-6b4780270545 req-1ffa4f97-2628-4c8d-ba53-6b4780270545 ] Request (ListImagesTestJSON:setUpClass): 201 POST http://10.180.1.21/identity/v3/projects 0.058s
2025-05-16 14:26:14.055 70083 INFO tempest.lib.common.rest_client [req-a4592987-594c-4c7e-ab99-320adc52495e req-a4592987-594c-4c7e-ab99-320adc52495e ] Request (ListServersNegativeTestJSON:setUpClass): 200 GET http://10.180.1.21/compute/v2.1/servers/1601fd8e-1b69-4b33-8d04-988c76d60e71 1.982s
2025-05-16 14:26:14.123 70059 INFO tempest.lib.common.rest_client [req-2420062d-b6a7-4698-943e-d83a28f9ad94 req-2420062d-b6a7-4698-943e-d83a28f9ad94 ] Request (ListImagesTestJSON:setUpClass): 201 POST http://10.180.1.21/identity/v3/users 0.086s
2025-05-16 14:26:14.124 70053 INFO tempest.lib.common.rest_client [req-ac2e0c3b-d28e-401d-8cf6-ba455e93fa32 req-ac2e0c3b-d28e-401d-8cf6-ba455e93fa32 ] Request (ImagesNegativeTestJSON:test_create_image_from_deleted_server): 200 GET http://10.180.1.21/compute/v2.1/servers/b3ee56c1-73f1-49de-8dd1-91944a520900 1.995s
2025-05-16 14:26:14.146 70057 INFO tempest.lib.common.rest_client [req-09893bbe-aa6c-43b7-8c56-b353f9d8642f req-09893bbe-aa6c-43b7-8c56-b353f9d8642f ] Request (DeleteServersAdminTestJSON:test_admin_delete_servers_of_others): 200 GET http://10.180.1.21/compute/v2.1/servers/f50eceeb-edf3-40f0-a3f4-c61098e8b70c 1.948s
2025-05-16 14:26:14.151 70059 INFO tempest.lib.common.rest_client [req-c6eb09ac-9a94-4541-bfec-e4481c09abab req-c6eb09ac-9a94-4541-bfec-e4481c09abab ] Request (ListImagesTestJSON:setUpClass): 200 GET http://10.180.1.21/identity/v3/roles 0.027s
2025-05-16 14:26:14.168 70033 INFO tempest.lib.common.rest_client [req-f385224d-dfb9-4fec-92b6-232e2401e48a req-f385224d-dfb9-4fec-92b6-232e2401e48a ] Request (FlavorsAdminTestJSON:test_create_flavor_with_uuid_id): 200 POST http://10.180.1.21/compute/v2.1/flavors 1.891s
2025-05-16 14:26:14.179 70059 INFO tempest.lib.common.rest_client [req-1638fb23-e242-4aa0-89c5-51734a1afb1b req-1638fb23-e242-4aa0-89c5-51734a1afb1b ] Request (ListImagesTestJSON:setUpClass): 204 PUT http://10.180.1.21/identity/v3/projects/e8c9fa223ce04b9096a9d4a73c899f7d/users/754d858275ad47339fef0194b84fc09b/roles/b232d641ec92499db1cadee25faf2b48 0.028s
2025-05-16 14:26:14.180 70059 INFO tempest.lib.common.dynamic_creds [-] Dynamic test user 754d858275ad47339fef0194b84fc09b is created with scope project and roles: ['member']
2025-05-16 14:26:14.180 70059 INFO tempest.lib.common.dynamic_creds [-] Acquired dynamic creds: credentials: Credentials: {'domain_id': 'default', 'domain_name': 'Default', 'username': 'tempest-ListImagesTestJSON-2072524750-project-member', 'project_domain_id': 'default', 'project_domain_name': 'Default', 'project_id': 'e8c9fa223ce04b9096a9d4a73c899f7d', 'project_name': 'tempest-ListImagesTestJSON-2072524750', 'tenant_id': 'e8c9fa223ce04b9096a9d4a73c899f7d', 'tenant_name': 'tempest-ListImagesTestJSON-2072524750', 'user_domain_id': 'default', 'user_domain_name': 'Default', 'user_id': '754d858275ad47339fef0194b84fc09b', 'system': None}, Network: None, Subnet: None, Router: None
2025-05-16 14:26:14.180 70059 INFO tempest.lib.common.dynamic_creds [-] Created isolated network resources for: credentials: Credentials: {'domain_id': 'default', 'domain_name': 'Default', 'username': 'tempest-ListImagesTestJSON-2072524750-project-member', 'project_domain_id': 'default', 'project_domain_name': 'Default', 'project_id': 'e8c9fa223ce04b9096a9d4a73c899f7d', 'project_name': 'tempest-ListImagesTestJSON-2072524750', 'tenant_id': 'e8c9fa223ce04b9096a9d4a73c899f7d', 'tenant_name': 'tempest-ListImagesTestJSON-2072524750', 'user_domain_id': 'default', 'user_domain_name': 'Default', 'user_id': '754d858275ad47339fef0194b84fc09b', 'system': None}, Network: None, Subnet: None, Router: None
2025-05-16 14:26:14.234 70071 INFO tempest.lib.common.rest_client [req-7d7fb8f7-abac-4204-8d83-ad9a3742c8c0 req-7d7fb8f7-abac-4204-8d83-ad9a3742c8c0 ] Request (AttachInterfacesUnderV243Test:test_add_remove_fixed_ip): 200 GET http://10.180.1.21/compute/v2.1/servers/9f0e31e6-2529-4998-aecd-0b908423b768/os-interface 2.003s
2025-05-16 14:26:14.236 70045 INFO tempest.lib.common.rest_client [req-7cc98231-f1fd-4877-946e-836a49f49a5f req-7cc98231-f1fd-4877-946e-836a49f49a5f ] Request (ServerDiagnosticsNegativeTest:test_get_server_diagnostics_by_non_admin): 200 GET http://10.180.1.21/compute/v2.1/servers/f42f703b-7134-49cf-9b6d-af6ff5be5d2b 1.911s
2025-05-16 14:26:14.263 70059 INFO tempest.lib.common.rest_client [req-3cd9a80d-b1d2-4e73-ac56-acce83594103 req-3cd9a80d-b1d2-4e73-ac56-acce83594103 ] Request (ListImagesTestJSON:setUpClass): 201 POST http://10.180.1.21/identity/v3/auth/tokens 0.079s
2025-05-16 14:26:14.317 70069 INFO tempest.lib.common.rest_client [req-1b8ae647-807d-4871-a63b-ebb7d0345764 req-1b8ae647-807d-4871-a63b-ebb7d0345764 ] Request (ServersWithSpecificFlavorTestJSON:test_verify_created_server_ephemeral_disk): 200 GET http://10.180.1.21/compute/v2.1/servers/bfbce1e3-f0e9-4e13-8e24-2b7665ceeef1 1.893s
2025-05-16 14:26:14.331 70073 INFO tempest.lib.common.rest_client [req-9ff305f6-dc36-4a2d-9078-409d5e02df64 req-9ff305f6-dc36-4a2d-9078-409d5e02df64 ] Request (AttachVolumeNegativeTest:setUpClass): 200 PUT http://10.180.1.21:9696/networking/v2.0/routers/ca509946-7498-4b66-b2d6-fd617e5d1de1/add_router_interface 2.094s
2025-05-16 14:26:14.331 70073 INFO tempest.lib.common.dynamic_creds [-] Created isolated network resources for: credentials: Credentials: {'domain_id': 'default', 'domain_name': 'Default', 'username': 'tempest-AttachVolumeNegativeTest-274679685-project-member', 'project_domain_id': 'default', 'project_domain_name': 'Default', 'project_id': 'a566c67f3d01484d94947fd3d73efd37', 'project_name': 'tempest-AttachVolumeNegativeTest-274679685', 'tenant_id': 'a566c67f3d01484d94947fd3d73efd37', 'tenant_name': 'tempest-AttachVolumeNegativeTest-274679685', 'user_domain_id': 'default', 'user_domain_name': 'Default', 'user_id': 'da654629675946fb87f00cfe030c90b0', 'system': None}, Network: {'id': '106e6714-adb7-49f0-a109-d08044a07da5', 'name': 'tempest-AttachVolumeNegativeTest-2089464908-network', 'tenant_id': 'a566c67f3d01484d94947fd3d73efd37', 'admin_state_up': True, 'mtu': 8950, 'status': 'ACTIVE', 'subnets': [], 'shared': False, 'project_id': 'a566c67f3d01484d94947fd3d73efd37', 'port_security_enabled': True, 'router:external': False, 'provider:network_type': 'vlan', 'provider:physical_network': 'default', 'provider:segmentation_id': 376, 'availability_zone_hints': [], 'availability_zones': [], 'ipv4_address_scope': None, 'ipv6_address_scope': None, 'description': '', 'tags': [], 'created_at': '2025-05-16T14:26:09Z', 'updated_at': '2025-05-16T14:26:09Z', 'revision_number': 1}, Subnet: {'id': '9e2c4034-3387-4c73-a3e4-e448045cb6fa', 'name': 'tempest-AttachVolumeNegativeTest-2089464908-subnet', 'tenant_id': 'a566c67f3d01484d94947fd3d73efd37', 'network_id': '106e6714-adb7-49f0-a109-d08044a07da5', 'ip_version': 4, 'subnetpool_id': None, 'enable_dhcp': True, 'ipv6_ra_mode': None, 'ipv6_address_mode': None, 'gateway_ip': '192.168.128.1', 'cidr': '192.168.128.0/28', 'allocation_pools': [{'start': '192.168.128.2', 'end': '192.168.128.14'}], 'host_routes': [], 'dns_nameservers': [], 'description': '', 'router:external': False, 'service_types': [], 'tags': [], 'created_at': '2025-05-16T14:26:09Z', 'updated_at': '2025-05-16T14:26:09Z', 'revision_number': 0, 'project_id': 'a566c67f3d01484d94947fd3d73efd37'}, Router: {'id': 'ca509946-7498-4b66-b2d6-fd617e5d1de1', 'name': 'tempest-AttachVolumeNegativeTest-2089464908-router', 'tenant_id': 'a566c67f3d01484d94947fd3d73efd37', 'admin_state_up': True, 'status': 'ACTIVE', 'external_gateway_info': {'network_id': 'abde0f94-f26d-4f4d-8859-dacb45e94e2b', 'external_fixed_ips': [{'subnet_id': '64520be4-8b0f-4aea-8e2c-d95089b1e4ec', 'ip_address': '10.180.180.156'}], 'enable_snat': True}, 'description': '', 'availability_zones': [], 'distributed': False, 'ha': False, 'availability_zone_hints': [], 'routes': [], 'flavor_id': None, 'tags': [], 'created_at': '2025-05-16T14:26:10Z', 'updated_at': '2025-05-16T14:26:11Z', 'revision_number': 2, 'project_id': 'a566c67f3d01484d94947fd3d73efd37'}
2025-05-16 14:26:14.399 70077 INFO tempest.lib.common.rest_client [req-9e530fb4-5caa-4393-bbd4-3e805925b366 req-9e530fb4-5caa-4393-bbd4-3e805925b366 ] Request (MigrationsAdminTest:test_list_migrations_in_flavor_resize_situation): 200 GET http://10.180.1.21/compute/v2.1/servers/f65be0d2-8a1a-407e-9a7e-be2f2e04f7b5 1.963s
2025-05-16 14:26:14.412 70063 INFO tempest.lib.common.rest_client [req-7ae74459-87c6-4d7b-8131-3969534357cf req-7ae74459-87c6-4d7b-8131-3969534357cf ] Request (KeyPairsV22TestJSON:test_keypairsv22_create_list_show): 200 GET http://10.180.1.21/compute/v2.1/os-keypairs 1.771s
2025-05-16 14:26:14.454 70073 INFO tempest.lib.common.rest_client [req-fb3f8480-ddf6-464b-b7f2-ab0e40d8c28b req-fb3f8480-ddf6-464b-b7f2-ab0e40d8c28b ] Request (AttachVolumeNegativeTest:setUpClass): 201 POST http://10.180.1.21/identity/v3/auth/tokens 0.117s
2025-05-16 14:26:14.731 70031 INFO tempest.lib.common.rest_client [req-3bdb7e1d-b3f4-40a3-b3c5-8ff768d424bf req-3bdb7e1d-b3f4-40a3-b3c5-8ff768d424bf ] Request (ImagesMetadataTestJSON:setUp): 200 PUT http://10.180.1.21/compute/v2.1/images/863a08a2-7e17-49a0-b303-9651fd6bd819/metadata 2.037s
2025-05-16 14:26:14.795 70065 INFO tempest.lib.common.rest_client [req-54287a34-e344-45a9-925d-0918b17fb316 req-54287a34-e344-45a9-925d-0918b17fb316 ] Request (TenantUsagesTestJSON:setUpClass): 202 POST http://10.180.1.21/compute/v2.1/servers 2.348s
2025-05-16 14:26:14.827 70037 INFO tempest.lib.common.rest_client [req-fed8bd1a-0734-4af9-9e53-57e227e0ce86 req-fed8bd1a-0734-4af9-9e53-57e227e0ce86 ] Request (ServersAdmin275Test:_run_cleanups): 200 GET http://10.180.1.21/compute/v2.1/servers/64682674-f877-4f16-90f3-60f5a7ec45db 2.102s
2025-05-16 14:26:14.840 70037 INFO tempest.common.waiters [-] State transition "REBUILD/rebuilding" ==> "REBUILD/rebuild_spawning" after 3 second wait
2025-05-16 14:26:14.857 70087 INFO tempest.lib.common.rest_client [req-e69d61a6-18df-487b-980e-5514767ca8c4 req-e69d61a6-18df-487b-980e-5514767ca8c4 ] Request (ServicesAdminNegativeTestJSON:test_get_service_with_valid_service_and_invalid_host): 200 GET http://10.180.1.21/compute/v2.1/os-services?host=xxx&binary=nova-scheduler 2.020s
2025-05-16 14:26:14.874 70079 INFO tempest.lib.common.rest_client [req-3717f5d3-ab12-4332-aaec-3e9d4b163d2f req-3717f5d3-ab12-4332-aaec-3e9d4b163d2f ] Request (VolumesAdminNegativeTest:setUpClass): 200 PUT http://10.180.1.21:9696/networking/v2.0/routers/dc5d2f90-f9da-48a7-8435-013e4e9bc7dc/add_router_interface 2.053s
2025-05-16 14:26:14.875 70079 INFO tempest.lib.common.dynamic_creds [-] Created isolated network resources for: credentials: Credentials: {'domain_id': 'default', 'domain_name': 'Default', 'username': 'tempest-VolumesAdminNegativeTest-1008973130-project-admin', 'project_domain_id': 'default', 'project_domain_name': 'Default', 'project_id': '42e7c3df341b4328ad581b78b23476d3', 'project_name': 'tempest-VolumesAdminNegativeTest-1008973130', 'tenant_id': '42e7c3df341b4328ad581b78b23476d3', 'tenant_name': 'tempest-VolumesAdminNegativeTest-1008973130', 'user_domain_id': 'default', 'user_domain_name': 'Default', 'user_id': 'c86fbdff4a0e40fcbceb81e82f0c6d17', 'system': None}, Network: {'id': '64c7074f-800c-4b26-af3c-371f2ccb665d', 'name': 'tempest-VolumesAdminNegativeTest-1105802985-network', 'tenant_id': '42e7c3df341b4328ad581b78b23476d3', 'admin_state_up': True, 'mtu': 8950, 'status': 'ACTIVE', 'subnets': [], 'shared': False, 'project_id': '42e7c3df341b4328ad581b78b23476d3', 'port_security_enabled': True, 'router:external': False, 'provider:network_type': 'vlan', 'provider:physical_network': 'default', 'provider:segmentation_id': 795, 'availability_zone_hints': [], 'availability_zones': [], 'ipv4_address_scope': None, 'ipv6_address_scope': None, 'description': '', 'tags': [], 'created_at': '2025-05-16T14:26:11Z', 'updated_at': '2025-05-16T14:26:11Z', 'revision_number': 1}, Subnet: {'id': 'ea5e363c-c2b1-4ef6-97ab-7cfe0e46f5b3', 'name': 'tempest-VolumesAdminNegativeTest-1105802985-subnet', 'tenant_id': '42e7c3df341b4328ad581b78b23476d3', 'network_id': '64c7074f-800c-4b26-af3c-371f2ccb665d', 'ip_version': 4, 'subnetpool_id': None, 'enable_dhcp': True, 'ipv6_ra_mode': None, 'ipv6_address_mode': None, 'gateway_ip': '192.168.128.1', 'cidr': '192.168.128.0/28', 'allocation_pools': [{'start': '192.168.128.2', 'end': '192.168.128.14'}], 'host_routes': [], 'dns_nameservers': [], 'description': '', 'router:external': False, 'service_types': [], 'tags': [], 'created_at': '2025-05-16T14:26:11Z', 'updated_at': '2025-05-16T14:26:11Z', 'revision_number': 0, 'project_id': '42e7c3df341b4328ad581b78b23476d3'}, Router: {'id': 'dc5d2f90-f9da-48a7-8435-013e4e9bc7dc', 'name': 'tempest-VolumesAdminNegativeTest-1105802985-router', 'tenant_id': '42e7c3df341b4328ad581b78b23476d3', 'admin_state_up': True, 'status': 'ACTIVE', 'external_gateway_info': {'network_id': 'abde0f94-f26d-4f4d-8859-dacb45e94e2b', 'external_fixed_ips': [{'subnet_id': '64520be4-8b0f-4aea-8e2c-d95089b1e4ec', 'ip_address': '10.180.180.131'}], 'enable_snat': True}, 'description': '', 'availability_zones': [], 'distributed': False, 'ha': False, 'availability_zone_hints': [], 'routes': [], 'flavor_id': None, 'tags': [], 'created_at': '2025-05-16T14:26:11Z', 'updated_at': '2025-05-16T14:26:12Z', 'revision_number': 2, 'project_id': '42e7c3df341b4328ad581b78b23476d3'}
2025-05-16 14:26:14.906 70039 INFO tempest.lib.common.rest_client [req-6a8cad4d-a4e9-43d6-b18b-9b61fa3f4e3f req-6a8cad4d-a4e9-43d6-b18b-9b61fa3f4e3f ] Request (HypervisorAdminUnderV252Test:test_get_hypervisor_show_servers): 200 GET http://10.180.1.21/compute/v2.1/os-hypervisors/domain-c8.fc996f14-c53b-4953-92e3-bdfa48f5cc28/servers 1.977s
2025-05-16 14:26:14.993 70079 INFO tempest.lib.common.rest_client [req-1ee410d8-eb2e-4472-8bd6-dbbda9206236 req-1ee410d8-eb2e-4472-8bd6-dbbda9206236 ] Request (VolumesAdminNegativeTest:setUpClass): 201 POST http://10.180.1.21/identity/v3/auth/tokens 0.114s
2025-05-16 14:26:15.184 70071 INFO tempest.lib.common.rest_client [req-70e2da56-ead2-46d2-b181-cb630daaeb5d req-70e2da56-ead2-46d2-b181-cb630daaeb5d ] Request (AttachInterfacesUnderV243Test:test_add_remove_fixed_ip): 200 PUT http://10.180.1.21:9696/networking/v2.0/floatingips/013c3690-b07f-4160-80d0-c838d2abdbbd 0.948s
2025-05-16 14:26:15.298 70061 INFO tempest.lib.common.rest_client [req-20d583f2-1f09-4b3d-ac57-46b173ab5522 req-20d583f2-1f09-4b3d-ac57-46b173ab5522 ] Request (AttachInterfacesV270Test:test_create_get_list_interfaces): 200 GET http://10.180.1.21/compute/v2.1/servers/04103832-c532-42c7-beb8-6bffcf4059a0 2.341s
2025-05-16 14:26:15.312 70061 INFO tempest.common.waiters [-] State transition "BUILD/spawning" ==> "ACTIVE/None" after 26 second wait
2025-05-16 14:26:15.323 70049 INFO tempest.lib.common.rest_client [req-58384a88-b8bd-46c6-895d-3bc6b39353bc req-58384a88-b8bd-46c6-895d-3bc6b39353bc ] Request (AggregatesAdminNegativeTestJSON:_run_cleanups): 200 DELETE http://10.180.1.21/compute/v2.1/os-aggregates/4 2.340s
2025-05-16 14:26:15.393 70027 INFO tempest.lib.common.rest_client [req-26baa5f3-de25-4fb5-a3a9-7465142d8521 req-26baa5f3-de25-4fb5-a3a9-7465142d8521 ] Request (ImagesOneServerNegativeTestJSON:setUpClass): 200 GET http://10.180.1.21/compute/v2.1/servers/c6c05049-8183-4094-9d4c-1b3212e9f202 2.044s
2025-05-16 14:26:15.429 70051 INFO tempest.lib.common.rest_client [req-00777c0b-b008-4582-9c9d-49919549ad92 req-00777c0b-b008-4582-9c9d-49919549ad92 ] Request (FloatingIPsTestJSON:test_delete_floating_ip): 202 DELETE http://10.180.1.21/compute/v2.1/os-floating-ips/fdf57004-1d5b-440d-add4-b8defb0299ed 2.630s
2025-05-16 14:26:15.447 70035 INFO tempest.lib.common.rest_client [req-eefbb416-d7d9-4ea2-81f6-8da928165dda req-eefbb416-d7d9-4ea2-81f6-8da928165dda ] Request (ImagesOneServerTestJSON:setUpClass): 200 GET http://10.180.1.21/compute/v2.1/servers/088f3721-eae5-46fc-8d2b-a0ba199f1718 2.027s
2025-05-16 14:26:15.454 70035 INFO tempest.common.waiters [-] State transition "BUILD/scheduling" ==> "BUILD/None" after 6 second wait
2025-05-16 14:26:15.464 70029 INFO tempest.lib.common.rest_client [req-19632e7c-7875-477a-b37e-6759087ab7cd req-19632e7c-7875-477a-b37e-6759087ab7cd ] Request (ServerTagsTestJSON:test_create_delete_tag): 200 GET http://10.180.1.21/compute/v2.1/servers/3fbd2dd0-cd21-4dc0-8a6b-dc47c6c8f277/tags 1.769s
2025-05-16 14:26:15.520 70089 INFO tempest.lib.common.rest_client [req-8cc971b2-a575-4a11-8df3-678a5695a775 req-8cc971b2-a575-4a11-8df3-678a5695a775 ] Request (ServerDiagnosticsV248Test:tearDownClass): 204 DELETE http://10.180.1.21/compute/v2.1/servers/03a2cc99-1b1d-41b5-8b69-ba715305ac00 1.973s
2025-05-16 14:26:15.527 70075 INFO tempest.lib.common.rest_client [req-96485a2d-c46a-4e0d-aa7a-3326f41cb34f req-96485a2d-c46a-4e0d-aa7a-3326f41cb34f ] Request (HostsAdminNegativeTestJSON:test_startup_host_with_non_admin_user): 403 GET http://10.180.1.21/compute/v2.1/os-hosts/devstack/startup 1.811s
2025-05-16 14:26:15.535 70085 INFO tempest.lib.common.rest_client [req-66ea91d3-0c99-4b4d-b6bd-66f9f387a7a5 req-66ea91d3-0c99-4b4d-b6bd-66f9f387a7a5 ] Request (VolumesNegativeTest:test_volume_delete_nonexistent_volume_id): 404 DELETE http://10.180.1.21/compute/v2.1/os-volumes/4e5099ec-a65b-4904-95fa-1731dcf2768e 1.833s
2025-05-16 14:26:15.586 70043 INFO tempest.lib.common.rest_client [req-273c502a-93b5-4929-8375-8916280c6474 req-273c502a-93b5-4929-8375-8916280c6474 ] Request (ServersTestJSON:setUpClass): 200 GET http://10.180.1.21/compute/v2.1/servers/17df4088-f859-480c-9010-4acf00f34c12 1.800s
2025-05-16 14:26:15.646 70041 INFO tempest.lib.common.rest_client [req-a12055f0-1c8b-43b2-afae-4e6b4977eed7 req-a12055f0-1c8b-43b2-afae-4e6b4977eed7 ] Request (ServersAdminNegativeTestJSON:setUpClass): 200 GET http://10.180.1.21/compute/v2.1/servers/8f0a0fcb-babd-406b-9468-ae0f86818589 1.665s
2025-05-16 14:26:15.745 70067 INFO tempest.lib.common.rest_client [req-4dcdd63d-398f-468d-8922-4ce466f936fc req-4dcdd63d-398f-468d-8922-4ce466f936fc ] Request (AttachInterfacesTestJSON:test_create_list_show_delete_interfaces_by_fixed_ip): 200 GET http://10.180.1.21/compute/v2.1/servers/c6759f57-90d3-4c97-b303-98c7b231cfcf/os-interface 1.744s
2025-05-16 14:26:15.807 70081 INFO tempest.lib.common.rest_client [req-59d70635-5e65-4c71-9ac8-fb1692e9254e req-59d70635-5e65-4c71-9ac8-fb1692e9254e ] Request (VolumesAssistedSnapshotsTest:test_volume_assisted_snapshot_create_delete): 200 GET http://10.180.1.21/compute/v2.1/servers/12e61e3d-8ea2-41fe-bfe8-26d574075ebf 1.797s
2025-05-16 14:26:15.825 70033 INFO tempest.lib.common.rest_client [req-547557b0-b10e-4188-9022-8b89af409e6c req-547557b0-b10e-4188-9022-8b89af409e6c ] Request (FlavorsAdminTestJSON:_run_cleanups): 202 DELETE http://10.180.1.21/compute/v2.1/flavors/4d203d60-2998-4de8-a926-1b62946fafd6 1.654s
2025-05-16 14:26:15.891 70059 INFO tempest.lib.common.rest_client [req-1e52b46a-17f7-4a93-947e-c0d233c3d6ba req-1e52b46a-17f7-4a93-947e-c0d233c3d6ba ] Request (ListImagesTestJSON:test_get_image): 200 GET http://10.180.1.21/compute/v2.1/images/acb5648e-66ac-4776-a668-4960bbfdf088 1.627s
2025-05-16 14:26:15.904 70063 INFO tempest.lib.common.rest_client [req-d63ca22d-53e6-4b92-8f33-ae1f59a87a8a req-d63ca22d-53e6-4b92-8f33-ae1f59a87a8a ] Request (KeyPairsV22TestJSON:_run_cleanups): 204 DELETE http://10.180.1.21/compute/v2.1/os-keypairs/tempest-keypair-553016622 1.486s
2025-05-16 14:26:15.908 70047 INFO tempest.lib.common.rest_client [req-f7d84adb-bda3-49a4-bfef-dbc272a9093d req-f7d84adb-bda3-49a4-bfef-dbc272a9093d ] Request (ServerDiagnosticsTest:test_get_server_diagnostics): 202 POST http://10.180.1.21/compute/v2.1/servers 2.027s
2025-05-16 14:26:15.974 70073 INFO tempest.lib.common.rest_client [req-a27141d9-cb36-42a9-a37b-0fd7b3b2bc15 req-a27141d9-cb36-42a9-a37b-0fd7b3b2bc15 ] Request (ValidationResourcesFixture:setUp): 200 POST http://10.180.1.21/compute/v2.1/os-keypairs 1.518s
2025-05-16 14:26:15.980 70055 INFO tempest.lib.common.rest_client [req-5cc088ff-0ff9-4eb8-ae21-5e0295265ea2 req-5cc088ff-0ff9-4eb8-ae21-5e0295265ea2 ] Request (ServerExternalEventsTest:test_create_server_external_events): 200 GET http://10.180.1.21/compute/v2.1/servers/9ca0f3b3-7c9d-4338-bfd1-0035265ee688 1.342s
2025-05-16 14:26:16.045 70065 INFO tempest.lib.common.rest_client [req-eea75c42-dc5d-43ac-975a-757a682693e9 req-eea75c42-dc5d-43ac-975a-757a682693e9 ] Request (TenantUsagesTestJSON:setUpClass): 200 GET http://10.180.1.21/compute/v2.1/servers/d479e8ff-6879-45b8-9d98-98ede70cf484 1.247s
2025-05-16 14:26:16.138 70087 INFO tempest.lib.common.rest_client [req-82cc53ec-8c6d-4d71-b426-a0b7edf10095 req-82cc53ec-8c6d-4d71-b426-a0b7edf10095 ] Request (ServicesAdminNegativeTestJSON:test_list_services_with_non_admin_user): 403 GET http://10.180.1.21/compute/v2.1/os-services 1.278s
2025-05-16 14:26:16.184 70039 INFO tempest.lib.common.rest_client [req-36eb7eb3-4a4a-497e-a8e6-a6bac9042f35 req-36eb7eb3-4a4a-497e-a8e6-a6bac9042f35 ] Request (HypervisorAdminUnderV252Test:test_search_hypervisor): 200 GET http://10.180.1.21/compute/v2.1/os-hypervisors 1.272s
2025-05-16 14:26:16.194 70073 INFO tempest.lib.common.rest_client [req-77f76890-fcdd-4b76-b2e1-a6752559ddfa req-77f76890-fcdd-4b76-b2e1-a6752559ddfa ] Request (ValidationResourcesFixture:setUp): 201 POST http://10.180.1.21:9696/networking/v2.0/security-groups 0.218s
2025-05-16 14:26:16.195 70031 INFO tempest.lib.common.rest_client [req-a71684a0-06bf-4b7a-8b55-42bdd1bf94e7 req-a71684a0-06bf-4b7a-8b55-42bdd1bf94e7 ] Request (ImagesMetadataTestJSON:test_delete_image_metadata_item): 204 DELETE http://10.180.1.21/compute/v2.1/images/863a08a2-7e17-49a0-b303-9651fd6bd819/metadata/os_version 1.462s
2025-05-16 14:26:16.268 70087 INFO tempest.lib.common.rest_client [req-56135e33-e1bc-417f-b4d6-98207d70a573 req-56135e33-e1bc-417f-b4d6-98207d70a573 ] Request (ServicesAdminNegativeTestJSON:tearDownClass): 204 DELETE http://10.180.1.21/identity/v3/users/a41fab562486444ca4199c4eb67fe425 0.128s
2025-05-16 14:26:16.280 70079 INFO tempest.lib.common.rest_client [req-6c9387d4-9caa-4a36-ad87-e03ad0c9698c req-6c9387d4-9caa-4a36-ad87-e03ad0c9698c ] Request (VolumesAdminNegativeTest:test_update_attached_volume_with_nonexistent_volume_in_body): 200 POST http://10.180.1.21/compute/v2.1/os-keypairs 1.285s
2025-05-16 14:26:16.351 70073 INFO tempest.lib.common.rest_client [req-845dd5b7-43a0-46c2-bc2c-ab60412b8b76 req-845dd5b7-43a0-46c2-bc2c-ab60412b8b76 ] Request (ValidationResourcesFixture:setUp): 201 POST http://10.180.1.21:9696/networking/v2.0/security-group-rules 0.157s
2025-05-16 14:26:16.356 70053 INFO tempest.lib.common.rest_client [req-78be4beb-74b7-430d-acf3-f6f08b1dd368 req-78be4beb-74b7-430d-acf3-f6f08b1dd368 ] Request (ImagesNegativeTestJSON:test_create_image_from_deleted_server): 200 GET http://10.180.1.21/compute/v2.1/servers/b3ee56c1-73f1-49de-8dd1-91944a520900 1.220s
2025-05-16 14:26:16.368 70087 INFO tempest.lib.common.rest_client [req-54c418d3-2d6b-4071-80f7-8ebb7db5e362 req-54c418d3-2d6b-4071-80f7-8ebb7db5e362 ] Request (ServicesAdminNegativeTestJSON:tearDownClass): 204 DELETE http://10.180.1.21/identity/v3/users/7f1bf86a09e44ed5a88ac9f18e2f6930 0.099s
2025-05-16 14:26:16.368 70087 INFO tempest.lib.common.dynamic_creds [-] Deleting project and security group for project: 23389295928541e095ef9373476e0319
2025-05-16 14:26:16.387 70057 INFO tempest.lib.common.rest_client [req-c1404107-89be-4b50-a911-2145b16761e7 req-c1404107-89be-4b50-a911-2145b16761e7 ] Request (DeleteServersAdminTestJSON:test_admin_delete_servers_of_others): 404 GET http://10.180.1.21/compute/v2.1/servers/f50eceeb-edf3-40f0-a3f4-c61098e8b70c 1.233s
2025-05-16 14:26:16.396 70083 INFO tempest.lib.common.rest_client [req-c1d4ed84-de11-4bcf-a63b-bef8945e96fd req-c1d4ed84-de11-4bcf-a63b-bef8945e96fd ] Request (ListServersNegativeTestJSON:setUpClass): 200 GET http://10.180.1.21/compute/v2.1/servers/1601fd8e-1b69-4b33-8d04-988c76d60e71 1.329s
2025-05-16 14:26:16.434 70079 INFO tempest.lib.common.rest_client [req-19da0430-7f84-47c1-a8be-4166274b5258 req-19da0430-7f84-47c1-a8be-4166274b5258 ] Request (VolumesAdminNegativeTest:test_update_attached_volume_with_nonexistent_volume_in_body): 201 POST http://10.180.1.21:9696/networking/v2.0/security-groups 0.150s
2025-05-16 14:26:16.452 70087 INFO tempest.lib.common.rest_client [req-01b87038-70b7-4dcd-9752-431912b1b58c req-01b87038-70b7-4dcd-9752-431912b1b58c ] Request (ServicesAdminNegativeTestJSON:tearDownClass): 201 POST http://10.180.1.21/identity/v3/auth/tokens 0.084s
2025-05-16 14:26:16.456 70057 INFO tempest.lib.common.rest_client [req-2424d24d-afec-4247-ac29-58feb39f40b4 req-2424d24d-afec-4247-ac29-58feb39f40b4 ] Request (DeleteServersAdminTestJSON:test_delete_server_while_in_error_state): 201 POST http://10.180.1.21/identity/v3/auth/tokens 0.057s
2025-05-16 14:26:16.457 70057 INFO tempest.lib.common.fixed_network [-] (DeleteServersAdminTestJSON:test_delete_server_while_in_error_state) Found network None available for tenant
2025-05-16 14:26:16.473 70045 INFO tempest.lib.common.rest_client [req-30e392f9-e166-4f3f-90d6-85a5a5484e47 req-30e392f9-e166-4f3f-90d6-85a5a5484e47 ] Request (ServerDiagnosticsNegativeTest:test_get_server_diagnostics_by_non_admin): 200 GET http://10.180.1.21/compute/v2.1/servers/f42f703b-7134-49cf-9b6d-af6ff5be5d2b 1.228s
2025-05-16 14:26:16.476 70067 INFO tempest.lib.common.rest_client [req-d5ba0ab6-3093-4d5e-ab8b-b2e0046f3c3d req-d5ba0ab6-3093-4d5e-ab8b-b2e0046f3c3d ] Request (AttachInterfacesTestJSON:test_create_list_show_delete_interfaces_by_fixed_ip): 200 PUT http://10.180.1.21:9696/networking/v2.0/floatingips/8e635894-9e75-48d5-b108-521307e8dd41 0.728s
2025-05-16 14:26:16.507 70073 INFO tempest.lib.common.rest_client [req-1cdec672-fa57-4fa4-bf6c-bd897c23bf32 req-1cdec672-fa57-4fa4-bf6c-bd897c23bf32 ] Request (ValidationResourcesFixture:setUp): 201 POST http://10.180.1.21:9696/networking/v2.0/security-group-rules 0.155s
2025-05-16 14:26:16.524 70071 INFO tempest.lib.common.rest_client [req-ca202f7a-62bb-4ab1-ba47-5d1f28dd5727 req-ca202f7a-62bb-4ab1-ba47-5d1f28dd5727 ] Request (AttachInterfacesUnderV243Test:test_add_remove_fixed_ip): 200 GET http://10.180.1.21/compute/v2.1/servers/9f0e31e6-2529-4998-aecd-0b908423b768 1.339s
2025-05-16 14:26:16.539 70071 INFO tempest.lib.common.ssh [-] Creating ssh connection to '10.180.180.138:22' as 'cirros' with public key authentication
2025-05-16 14:26:16.590 70069 INFO tempest.lib.common.rest_client [req-c9f40778-bbc2-47d6-a753-e21d4a8c7389 req-c9f40778-bbc2-47d6-a753-e21d4a8c7389 ] Request (ServersWithSpecificFlavorTestJSON:test_verify_created_server_ephemeral_disk): 200 GET http://10.180.1.21/compute/v2.1/servers/bfbce1e3-f0e9-4e13-8e24-2b7665ceeef1 1.265s
2025-05-16 14:26:16.627 70049 INFO tempest.lib.common.rest_client [req-d8d6445f-dc9e-41e8-82b1-82b9b258d2cc req-d8d6445f-dc9e-41e8-82b1-82b9b258d2cc ] Request (AggregatesAdminNegativeTestJSON:test_aggregate_delete_as_user): 200 POST http://10.180.1.21/compute/v2.1/os-aggregates 1.302s
2025-05-16 14:26:16.690 70079 INFO tempest.lib.common.rest_client [req-def060e0-f689-461f-99bf-19f9864ffb17 req-def060e0-f689-461f-99bf-19f9864ffb17 ] Request (VolumesAdminNegativeTest:test_update_attached_volume_with_nonexistent_volume_in_body): 201 POST http://10.180.1.21:9696/networking/v2.0/security-group-rules 0.256s
2025-05-16 14:26:16.810 70087 INFO tempest.lib.common.rest_client [req-d0f0f54f-5d73-4781-acc5-7fa73bee6a92 req-d0f0f54f-5d73-4781-acc5-7fa73bee6a92 ] Request (ServicesAdminNegativeTestJSON:tearDownClass): 200 GET http://10.180.1.21:9696/networking/v2.0/security-groups?tenant_id=23389295928541e095ef9373476e0319&name=default 0.358s
2025-05-16 14:26:16.873 70077 INFO tempest.lib.common.rest_client [req-27844597-e6e0-40d5-8518-e5b1fba2fdd2 req-27844597-e6e0-40d5-8518-e5b1fba2fdd2 ] Request (MigrationsAdminTest:test_list_migrations_in_flavor_resize_situation): 200 GET http://10.180.1.21/compute/v2.1/servers/f65be0d2-8a1a-407e-9a7e-be2f2e04f7b5 1.459s
2025-05-16 14:26:16.908 70079 INFO tempest.lib.common.rest_client [req-50921b4d-0202-4617-8aa6-5597bfdcd577 req-50921b4d-0202-4617-8aa6-5597bfdcd577 ] Request (VolumesAdminNegativeTest:test_update_attached_volume_with_nonexistent_volume_in_body): 201 POST http://10.180.1.21:9696/networking/v2.0/security-group-rules 0.217s
2025-05-16 14:26:16.924 70051 INFO tempest.lib.common.rest_client [req-e366b8ad-cbfb-49dd-a306-47e50e26c75f req-e366b8ad-cbfb-49dd-a306-47e50e26c75f ] Request (FloatingIPsTestJSON:test_delete_floating_ip): 404 GET http://10.180.1.21/compute/v2.1/os-floating-ips/fdf57004-1d5b-440d-add4-b8defb0299ed 1.495s
