2025-05-16 14:27:39.993 70047 INFO tempest.lib.common.rest_client [req-3279e539-4e39-407c-a3fb-52cfa577ef83 req-3279e539-4e39-407c-a3fb-52cfa577ef83 ] Request (ServerDiagnosticsTest:tearDownClass): 204 DELETE http://10.180.1.21:9696/networking/v2.0/security-groups/5d2d2f73-c55b-490a-8ef3-d3e29ae2a0f8 0.093s
2025-05-16 14:27:40.125 70047 INFO tempest.lib.common.rest_client [req-3aaf4074-01c2-4053-a1be-938738c8bf83 req-3aaf4074-01c2-4053-a1be-938738c8bf83 ] Request (ServerDiagnosticsTest:tearDownClass): 204 DELETE http://10.180.1.21/identity/v3/projects/1b716fc1be2e4d9da3bb2f8d262ddb0b 0.131s
2025-05-16 14:27:40.186 70047 INFO tempest.lib.common.rest_client [req-f75c49a5-5d64-480d-ac4b-13b757e0dd73 req-f75c49a5-5d64-480d-ac4b-13b757e0dd73 ] Request (ServersAdminTestJSON:setUpClass): 201 POST http://10.180.1.21/identity/v3/auth/tokens 0.059s
2025-05-16 14:27:40.219 70047 INFO tempest.lib.common.rest_client [req-d3c3fe3d-4822-4094-9e83-2908c683e0f4 req-d3c3fe3d-4822-4094-9e83-2908c683e0f4 ] Request (ServersAdminTestJSON:setUpClass): 201 POST http://10.180.1.21/identity/v3/auth/tokens 0.030s
2025-05-16 14:27:40.244 70047 INFO tempest.lib.common.rest_client [req-54531368-33d8-43a8-bb2a-10985ac12898 req-54531368-33d8-43a8-bb2a-10985ac12898 ] Request (ServersAdminTestJSON:setUpClass): 200 GET http://10.180.1.21/identity/v3/domains?name=Default 0.025s
2025-05-16 14:27:40.264 70039 INFO tempest.lib.common.rest_client [req-a4cfd102-5409-42d7-a693-b3ffdc875fcb req-a4cfd102-5409-42d7-a693-b3ffdc875fcb ] Request (ServersTestMultiNic:test_verify_duplicate_network_nics): 200 GET http://10.180.1.21/compute/v2.1/servers/06b5782b-4336-4d29-b2d6-ada4688875bf 0.194s
2025-05-16 14:27:40.272 70041 INFO tempest.lib.common.rest_client [req-2f1a64bf-a744-43ec-8839-7d3deb51c838 req-2f1a64bf-a744-43ec-8839-7d3deb51c838 ] Request (ServersAdminNegativeTestJSON:test_migrate_server_invalid_state): 200 GET http://10.180.1.21/compute/v2.1/servers/2a395bfb-2b03-418e-92b5-df650a6b8f10 0.191s
2025-05-16 14:27:40.277 70047 INFO tempest.lib.common.rest_client [req-4493b6ee-dd56-4800-948a-361fc78293e6 req-4493b6ee-dd56-4800-948a-361fc78293e6 ] Request (ServersAdminTestJSON:setUpClass): 201 POST http://10.180.1.21/identity/v3/projects 0.032s
2025-05-16 14:27:40.333 70051 INFO tempest.lib.common.rest_client [req-faccb7b7-2674-49cd-a44c-de4b58d47b4e req-faccb7b7-2674-49cd-a44c-de4b58d47b4e ] Request (ServerActionsTestOtherB:setUpClass): 200 GET http://10.180.1.21/compute/v2.1/servers/18bfddfc-8ba9-41c3-bde7-a09ed7c153b4 0.209s
2025-05-16 14:27:40.342 70047 INFO tempest.lib.common.rest_client [req-a2009c4a-b847-4e8a-b750-f814cb63f28f req-a2009c4a-b847-4e8a-b750-f814cb63f28f ] Request (ServersAdminTestJSON:setUpClass): 201 POST http://10.180.1.21/identity/v3/users 0.064s
2025-05-16 14:27:40.351 70059 INFO tempest.lib.common.rest_client [req-41ed1add-58a3-4b1d-97e3-f6f21056dcb4 req-41ed1add-58a3-4b1d-97e3-f6f21056dcb4 ] Request (InstanceActionsNegativeTestJSON:tearDownClass): 200 GET http://10.180.1.21/compute/v2.1/servers/589e0952-2ddf-4ca5-9cb4-0fd3c489d559 0.214s
2025-05-16 14:27:40.370 70047 INFO tempest.lib.common.rest_client [req-3b6e5057-c49c-4fb7-88a6-2ed248caa76d req-3b6e5057-c49c-4fb7-88a6-2ed248caa76d ] Request (ServersAdminTestJSON:setUpClass): 200 GET http://10.180.1.21/identity/v3/roles 0.027s
2025-05-16 14:27:40.396 70033 INFO tempest.lib.common.rest_client [req-7ab6b9fa-c7c3-42f2-89c3-6e36c80467ee req-7ab6b9fa-c7c3-42f2-89c3-6e36c80467ee ] Request (ServerDiskConfigTestJSON:test_rebuild_server_with_auto_disk_config): 200 GET http://10.180.1.21/compute/v2.1/servers/e44ed0e7-da1c-4603-99b7-d1385f7116ad 0.224s
2025-05-16 14:27:40.407 70047 INFO tempest.lib.common.rest_client [req-a12c3979-25c1-419a-8639-29c11d46c374 req-a12c3979-25c1-419a-8639-29c11d46c374 ] Request (ServersAdminTestJSON:setUpClass): 204 PUT http://10.180.1.21/identity/v3/projects/71c6382e43394924b732241d6139be77/users/68dc99ad364e4469ba7b9b385dd15bf6/roles/b232d641ec92499db1cadee25faf2b48 0.037s
2025-05-16 14:27:40.407 70047 INFO tempest.lib.common.dynamic_creds [-] Dynamic test user 68dc99ad364e4469ba7b9b385dd15bf6 is created with scope project and roles: ['member']
2025-05-16 14:27:40.407 70047 INFO tempest.lib.common.dynamic_creds [-] Acquired dynamic creds: credentials: Credentials: {'domain_id': 'default', 'domain_name': 'Default', 'username': 'tempest-ServersAdminTestJSON-1001041506-project-member', 'project_domain_id': 'default', 'project_domain_name': 'Default', 'project_id': '71c6382e43394924b732241d6139be77', 'project_name': 'tempest-ServersAdminTestJSON-1001041506', 'tenant_id': '71c6382e43394924b732241d6139be77', 'tenant_name': 'tempest-ServersAdminTestJSON-1001041506', 'user_domain_id': 'default', 'user_domain_name': 'Default', 'user_id': '68dc99ad364e4469ba7b9b385dd15bf6', 'system': None}, Network: None, Subnet: None, Router: None
2025-05-16 14:27:40.424 70053 INFO tempest.lib.common.rest_client [req-d8339fb6-8d82-4d08-a575-64197029e670 req-d8339fb6-8d82-4d08-a575-64197029e670 ] Request (ServerAddressesNegativeTestJSON:setUpClass): 200 GET http://10.180.1.21/compute/v2.1/servers/003dd320-3467-49c5-aabe-080ecde7dcc2 0.239s
2025-05-16 14:27:40.456 70029 INFO tempest.lib.common.rest_client [req-3a80350c-b433-4c8a-afc5-858c15630e1a req-3a80350c-b433-4c8a-afc5-858c15630e1a ] Request (ServerShowV254Test:test_rebuild_server): 200 GET http://10.180.1.21/compute/v2.1/servers/6de6a293-0fc9-4b20-8f52-cbd0b644c0c0 0.192s
2025-05-16 14:27:40.481 70047 INFO tempest.lib.common.rest_client [req-9abd7654-5ac3-4d5d-a817-918ba2b745d7 req-9abd7654-5ac3-4d5d-a817-918ba2b745d7 ] Request (ServersAdminTestJSON:setUpClass): 201 POST http://10.180.1.21/identity/v3/auth/tokens 0.074s
2025-05-16 14:27:40.487 70067 INFO tempest.lib.common.rest_client [req-4499772b-2314-4815-84f0-78d5612f9915 req-4499772b-2314-4815-84f0-78d5612f9915 ] Request (AttachInterfacesTestJSON:_run_cleanups): 200 GET http://10.180.1.21/compute/v2.1/servers/c6759f57-90d3-4c97-b303-98c7b231cfcf 0.189s
2025-05-16 14:27:40.524 70027 INFO tempest.lib.common.rest_client [req-44a2fd22-13a0-40ff-8ec1-04298ec0bf59 req-44a2fd22-13a0-40ff-8ec1-04298ec0bf59 ] Request (ImagesOneServerNegativeTestJSON:_run_cleanups): 200 GET http://10.180.1.21/compute/v2.1/servers/c6c05049-8183-4094-9d4c-1b3212e9f202 0.163s
2025-05-16 14:27:40.585 70089 INFO tempest.lib.common.rest_client [req-ce52b1c1-f8ce-453a-b904-774c3306b750 req-ce52b1c1-f8ce-453a-b904-774c3306b750 ] Request (FloatingIPsAssociationNegativeTestJSON:setUpClass): 200 GET http://10.180.1.21/compute/v2.1/servers/d5770133-2f67-4afd-ba07-778defd8c692 0.154s
2025-05-16 14:27:40.614 70049 INFO tempest.lib.common.rest_client [req-1314ecc0-bb9b-4adb-9f45-500e7e8d2c96 req-1314ecc0-bb9b-4adb-9f45-500e7e8d2c96 ] Request (ServerAddressesTestJSON:setUpClass): 200 GET http://10.180.1.21/compute/v2.1/servers/c7bb5994-7c54-43a7-9d47-ad7ecb0465f6 0.195s
2025-05-16 14:27:40.658 70083 INFO tempest.lib.common.rest_client [req-98237f5b-9e85-4b43-b65c-3a7f525a6ad1 req-98237f5b-9e85-4b43-b65c-3a7f525a6ad1 ] Request (ListServersNegativeTestJSON:tearDownClass): 200 GET http://10.180.1.21/compute/v2.1/servers/d1fd9428-0fad-4ea2-93a7-97012d7c1a19 0.155s
2025-05-16 14:27:40.739 70057 INFO tempest.lib.common.rest_client [req-f72ab0a6-e748-4ec6-b053-6f2b52522e80 req-f72ab0a6-e748-4ec6-b053-6f2b52522e80 ] Request (DeleteServersAdminTestJSON:test_delete_server_while_in_error_state): 200 GET http://10.180.1.21/compute/v2.1/servers/19ddcf82-04e6-4972-9723-1b24700143e4 0.128s
2025-05-16 14:27:40.812 70087 INFO tempest.lib.common.rest_client [req-b9ae0329-39b6-49f6-897f-b58e52aa8f80 req-b9ae0329-39b6-49f6-897f-b58e52aa8f80 ] Request (FloatingIPsAssociationTestJSON:test_associate_already_associated_floating_ip): 200 GET http://10.180.1.21/compute/v2.1/servers/fbf78283-a645-4b46-a501-57fd0979bd10 0.191s
2025-05-16 14:27:40.835 70063 INFO tempest.lib.common.rest_client [req-51e64e88-1b9b-468d-abe5-fc43787cf22e req-51e64e88-1b9b-468d-abe5-fc43787cf22e ] Request (ServerRescueNegativeTestJSON:setUpClass): 200 GET http://10.180.1.21/compute/v2.1/servers/8b9406bb-507d-4194-a415-8b0683cf7528 0.286s
2025-05-16 14:27:40.867 70037 INFO tempest.lib.common.rest_client [req-0a0bc773-d69f-438b-90c7-5431e0730c33 req-0a0bc773-d69f-438b-90c7-5431e0730c33 ] Request (ImagesTestJSON:test_create_image_from_stopped_server): 200 GET http://10.180.1.21/compute/v2.1/servers/ffc62ddd-ffe2-478d-9227-239904c4411b 0.186s
2025-05-16 14:27:40.903 70071 INFO tempest.lib.common.rest_client [req-30274371-b4c0-4650-9f3b-0cb75c3c4f41 req-30274371-b4c0-4650-9f3b-0cb75c3c4f41 ] Request (AttachInterfacesUnderV243Test:_run_cleanups): 200 GET http://10.180.1.21/compute/v2.1/servers/9f0e31e6-2529-4998-aecd-0b908423b768 0.194s
2025-05-16 14:27:40.914 70047 INFO tempest.lib.common.rest_client [req-73ca2177-8221-48cf-a4ec-957f2b8ea14d req-73ca2177-8221-48cf-a4ec-957f2b8ea14d ] Request (ServersAdminTestJSON:setUpClass): 201 POST http://10.180.1.21:9696/networking/v2.0/networks 0.432s
2025-05-16 14:27:40.936 70035 INFO tempest.lib.common.rest_client [req-2b872779-df9c-4e06-9e20-1b08047f1bde req-2b872779-df9c-4e06-9e20-1b08047f1bde ] Request (ImagesOneServerTestJSON:tearDownClass): 200 GET http://10.180.1.21/compute/v2.1/servers/088f3721-eae5-46fc-8d2b-a0ba199f1718 0.173s
2025-05-16 14:27:40.958 70045 INFO tempest.lib.common.rest_client [req-ff587522-38d7-48af-ace5-b388c1d1383c req-ff587522-38d7-48af-ace5-b388c1d1383c ] Request (ServersTestManualDisk:setUpClass): 200 GET http://10.180.1.21/compute/v2.1/servers/95df5a66-c49d-4435-835b-82d0ba35b4ce 0.135s
2025-05-16 14:27:40.987 70077 INFO tempest.lib.common.rest_client [req-04414e92-6269-4a70-8058-c133e078d0fc req-04414e92-6269-4a70-8058-c133e078d0fc ] Request (MigrationsAdminTest:test_resize_server_revert_deleted_flavor): 200 GET http://10.180.1.21/compute/v2.1/servers/4458a759-c025-4325-8553-64c4fd7ebbde 0.106s
2025-05-16 14:27:41.007 70061 INFO tempest.lib.common.rest_client [req-eec72f4f-992a-49f3-a627-9689ca337ae2 req-eec72f4f-992a-49f3-a627-9689ca337ae2 ] Request (ListServerFiltersTestJSON:setUpClass): 200 GET http://10.180.1.21/compute/v2.1/servers/32a3b6d5-3798-43f8-8864-c7e643de0aa4 0.050s
2025-05-16 14:27:41.014 70061 INFO tempest.common.waiters [-] State transition "BUILD/scheduling" ==> "BUILD/None" after 38 second wait
2025-05-16 14:27:41.088 70047 INFO tempest.lib.common.rest_client [req-91617e7f-5538-46ef-bb16-d67a63538c4e req-91617e7f-5538-46ef-bb16-d67a63538c4e ] Request (ServersAdminTestJSON:setUpClass): 201 POST http://10.180.1.21:9696/networking/v2.0/subnets 0.174s
2025-05-16 14:27:41.446 70041 INFO tempest.lib.common.rest_client [req-ff6306cc-cb5f-4b54-89d3-542387650141 req-ff6306cc-cb5f-4b54-89d3-542387650141 ] Request (ServersAdminNegativeTestJSON:test_migrate_server_invalid_state): 200 GET http://10.180.1.21/compute/v2.1/servers/2a395bfb-2b03-418e-92b5-df650a6b8f10 0.159s
2025-05-16 14:27:41.453 70041 INFO tempest.common.waiters [-] State transition "ACTIVE/suspending" ==> "SUSPENDED/None" after 2 second wait
2025-05-16 14:27:41.500 70051 INFO tempest.lib.common.rest_client [req-badef625-6c8e-4e15-8bc3-10c778003549 req-badef625-6c8e-4e15-8bc3-10c778003549 ] Request (ServerActionsTestOtherB:setUpClass): 200 GET http://10.180.1.21/compute/v2.1/servers/18bfddfc-8ba9-41c3-bde7-a09ed7c153b4 0.158s
2025-05-16 14:27:41.501 70039 INFO tempest.lib.common.rest_client [req-8e4dc9a7-1051-4487-bf8d-91d3d6adfc15 req-8e4dc9a7-1051-4487-bf8d-91d3d6adfc15 ] Request (ServersTestMultiNic:test_verify_duplicate_network_nics): 200 GET http://10.180.1.21/compute/v2.1/servers/06b5782b-4336-4d29-b2d6-ada4688875bf 0.224s
2025-05-16 14:27:41.557 70033 INFO tempest.lib.common.rest_client [req-351048f9-3413-45cf-994d-27ef1643b9f2 req-351048f9-3413-45cf-994d-27ef1643b9f2 ] Request (ServerDiskConfigTestJSON:test_rebuild_server_with_auto_disk_config): 200 GET http://10.180.1.21/compute/v2.1/servers/e44ed0e7-da1c-4603-99b7-d1385f7116ad 0.148s
2025-05-16 14:27:41.562 70059 INFO tempest.lib.common.rest_client [req-fedf8034-9f46-4821-821b-af975c54ea98 req-fedf8034-9f46-4821-821b-af975c54ea98 ] Request (InstanceActionsNegativeTestJSON:tearDownClass): 200 GET http://10.180.1.21/compute/v2.1/servers/589e0952-2ddf-4ca5-9cb4-0fd3c489d559 0.203s
2025-05-16 14:27:41.608 70053 INFO tempest.lib.common.rest_client [req-a67d004d-5f69-4364-9a67-99ee0483ac42 req-a67d004d-5f69-4364-9a67-99ee0483ac42 ] Request (ServerAddressesNegativeTestJSON:setUpClass): 200 GET http://10.180.1.21/compute/v2.1/servers/003dd320-3467-49c5-aabe-080ecde7dcc2 0.176s
2025-05-16 14:27:41.633 70041 INFO tempest.lib.common.rest_client [req-6f46dd53-95d5-4b79-9bdc-ef79ad58f3c4 req-6f46dd53-95d5-4b79-9bdc-ef79ad58f3c4 ] Request (ServersAdminNegativeTestJSON:test_migrate_server_invalid_state): 409 POST http://10.180.1.21/compute/v2.1/servers/2a395bfb-2b03-418e-92b5-df650a6b8f10/action 0.179s
2025-05-16 14:27:41.666 70029 INFO tempest.lib.common.rest_client [req-0c02fff3-6a79-4c2b-9a8d-14ae02972e89 req-0c02fff3-6a79-4c2b-9a8d-14ae02972e89 ] Request (ServerShowV254Test:test_rebuild_server): 200 GET http://10.180.1.21/compute/v2.1/servers/6de6a293-0fc9-4b20-8f52-cbd0b644c0c0 0.198s
2025-05-16 14:27:41.698 70067 INFO tempest.lib.common.rest_client [req-a6769da7-153f-47e3-9859-2a86e2505561 req-a6769da7-153f-47e3-9859-2a86e2505561 ] Request (AttachInterfacesTestJSON:_run_cleanups): 200 GET http://10.180.1.21/compute/v2.1/servers/c6759f57-90d3-4c97-b303-98c7b231cfcf 0.203s
2025-05-16 14:27:41.740 70027 INFO tempest.lib.common.rest_client [req-c6351170-5472-4d18-9512-6f4e289ae42d req-c6351170-5472-4d18-9512-6f4e289ae42d ] Request (ImagesOneServerNegativeTestJSON:_run_cleanups): 200 GET http://10.180.1.21/compute/v2.1/servers/c6c05049-8183-4094-9d4c-1b3212e9f202 0.207s
2025-05-16 14:27:41.854 70049 INFO tempest.lib.common.rest_client [req-1ae50d3d-9af4-4dad-ae95-255a203dae24 req-1ae50d3d-9af4-4dad-ae95-255a203dae24 ] Request (ServerAddressesTestJSON:setUpClass): 200 GET http://10.180.1.21/compute/v2.1/servers/c7bb5994-7c54-43a7-9d47-ad7ecb0465f6 0.231s
2025-05-16 14:27:41.863 70041 INFO tempest.lib.common.rest_client [req-3db1bdf0-4e25-44e8-8b19-8b7c2b2e299c req-3db1bdf0-4e25-44e8-8b19-8b7c2b2e299c ] Request (ServersAdminNegativeTestJSON:test_reset_state_server_invalid_state): 400 POST http://10.180.1.21/compute/v2.1/servers/8f0a0fcb-babd-406b-9468-ae0f86818589/action 0.229s
2025-05-16 14:27:41.933 70083 INFO tempest.lib.common.rest_client [req-8dfd7582-680b-46e2-bea1-f29d2244c85f req-8dfd7582-680b-46e2-bea1-f29d2244c85f ] Request (ListServersNegativeTestJSON:tearDownClass): 200 GET http://10.180.1.21/compute/v2.1/servers/d1fd9428-0fad-4ea2-93a7-97012d7c1a19 0.258s
2025-05-16 14:27:41.977 70089 INFO tempest.lib.common.rest_client [req-9c7620f9-c542-421d-8596-d152298b6b96 req-9c7620f9-c542-421d-8596-d152298b6b96 ] Request (FloatingIPsAssociationNegativeTestJSON:setUpClass): 200 GET http://10.180.1.21/compute/v2.1/servers/d5770133-2f67-4afd-ba07-778defd8c692 0.383s
2025-05-16 14:27:41.989 70047 INFO tempest.lib.common.rest_client [req-512e1314-c5d9-40bd-961b-a300bc631a89 req-512e1314-c5d9-40bd-961b-a300bc631a89 ] Request (ServersAdminTestJSON:setUpClass): 201 POST http://10.180.1.21:9696/networking/v2.0/routers 0.901s
2025-05-16 14:27:42.002 70057 INFO tempest.lib.common.rest_client [req-0cbf3e5e-304f-4fe9-9081-9d10d383ab42 req-0cbf3e5e-304f-4fe9-9081-9d10d383ab42 ] Request (DeleteServersAdminTestJSON:test_delete_server_while_in_error_state): 200 GET http://10.180.1.21/compute/v2.1/servers/19ddcf82-04e6-4972-9723-1b24700143e4 0.254s
2025-05-16 14:27:42.043 70087 INFO tempest.lib.common.rest_client [req-660e0c34-854b-48e1-abaf-c2ae73884693 req-660e0c34-854b-48e1-abaf-c2ae73884693 ] Request (FloatingIPsAssociationTestJSON:test_associate_already_associated_floating_ip): 200 GET http://10.180.1.21/compute/v2.1/servers/fbf78283-a645-4b46-a501-57fd0979bd10 0.219s
2025-05-16 14:27:42.049 70041 INFO tempest.lib.common.rest_client [req-80965407-ea33-468f-aec4-33ecd4dec4b7 req-80965407-ea33-468f-aec4-33ecd4dec4b7 ] Request (ServersAdminNegativeTestJSON:test_reset_state_server_invalid_type): 400 POST http://10.180.1.21/compute/v2.1/servers/8f0a0fcb-babd-406b-9468-ae0f86818589/action 0.184s
2025-05-16 14:27:42.360 70037 INFO tempest.lib.common.rest_client [req-db35a177-46f5-4086-858a-78b302b9a49e req-db35a177-46f5-4086-858a-78b302b9a49e ] Request (ImagesTestJSON:test_create_image_from_stopped_server): 200 GET http://10.180.1.21/compute/v2.1/servers/ffc62ddd-ffe2-478d-9227-239904c4411b 0.483s
2025-05-16 14:27:42.406 70073 WARNING tempest.lib.common.ssh [-] Failed to establish authenticated ssh connection to cirros@10.180.180.148 ([Errno None] Unable to connect to port 22 on 10.180.180.148). Number attempts: 5. Retry after 6 seconds.: paramiko.ssh_exception.NoValidConnectionsError: [Errno None] Unable to connect to port 22 on 10.180.180.148
2025-05-16 14:27:42.416 70063 INFO tempest.lib.common.rest_client [req-71756d77-f1c1-4bb6-9e6b-3499c4972883 req-71756d77-f1c1-4bb6-9e6b-3499c4972883 ] Request (ServerRescueNegativeTestJSON:setUpClass): 200 GET http://10.180.1.21/compute/v2.1/servers/8b9406bb-507d-4194-a415-8b0683cf7528 0.573s
2025-05-16 14:27:42.454 70071 INFO tempest.lib.common.rest_client [req-7aebf807-2f99-46b1-9492-4383e89cb5a6 req-7aebf807-2f99-46b1-9492-4383e89cb5a6 ] Request (AttachInterfacesUnderV243Test:_run_cleanups): 200 GET http://10.180.1.21/compute/v2.1/servers/9f0e31e6-2529-4998-aecd-0b908423b768 0.540s
2025-05-16 14:27:42.499 70035 INFO tempest.lib.common.rest_client [req-309c37d7-5d57-4179-8752-ebbf4521c2bb req-309c37d7-5d57-4179-8752-ebbf4521c2bb ] Request (ImagesOneServerTestJSON:tearDownClass): 200 GET http://10.180.1.21/compute/v2.1/servers/088f3721-eae5-46fc-8d2b-a0ba199f1718 0.555s
2025-05-16 14:27:42.528 70045 INFO tempest.lib.common.rest_client [req-e1fc5ab7-9626-48b4-89ed-8a9f42f73c13 req-e1fc5ab7-9626-48b4-89ed-8a9f42f73c13 ] Request (ServersTestManualDisk:setUpClass): 200 GET http://10.180.1.21/compute/v2.1/servers/95df5a66-c49d-4435-835b-82d0ba35b4ce 0.560s
2025-05-16 14:27:42.582 70077 INFO tempest.lib.common.rest_client [req-580b6f8e-7388-4b2e-8648-580a73ae846d req-580b6f8e-7388-4b2e-8648-580a73ae846d ] Request (MigrationsAdminTest:test_resize_server_revert_deleted_flavor): 200 GET http://10.180.1.21/compute/v2.1/servers/4458a759-c025-4325-8553-64c4fd7ebbde 0.586s
2025-05-16 14:27:42.591 70041 INFO tempest.lib.common.rest_client [req-41c20b2c-8993-4e56-b24a-e820431a37cd req-41c20b2c-8993-4e56-b24a-e820431a37cd ] Request (ServersAdminNegativeTestJSON:test_reset_state_server_nonexistent_server): 404 POST http://10.180.1.21/compute/v2.1/servers/999/action 0.540s
2025-05-16 14:27:42.606 70061 INFO tempest.lib.common.rest_client [req-e59703d5-b979-4969-bf1e-0e7be566587e req-e59703d5-b979-4969-bf1e-0e7be566587e ] Request (ListServerFiltersTestJSON:setUpClass): 200 GET http://10.180.1.21/compute/v2.1/servers/32a3b6d5-3798-43f8-8864-c7e643de0aa4 0.592s
2025-05-16 14:27:42.719 70051 INFO tempest.lib.common.rest_client [req-e03cdfbf-ac16-4c6a-946b-4d45e92dbdd0 req-e03cdfbf-ac16-4c6a-946b-4d45e92dbdd0 ] Request (ServerActionsTestOtherB:setUpClass): 200 GET http://10.180.1.21/compute/v2.1/servers/18bfddfc-8ba9-41c3-bde7-a09ed7c153b4 0.208s
2025-05-16 14:27:42.792 70033 INFO tempest.lib.common.rest_client [req-e8d79027-b060-439e-9d07-b2a9f39d5d6b req-e8d79027-b060-439e-9d07-b2a9f39d5d6b ] Request (ServerDiskConfigTestJSON:test_rebuild_server_with_auto_disk_config): 200 GET http://10.180.1.21/compute/v2.1/servers/e44ed0e7-da1c-4603-99b7-d1385f7116ad 0.227s
2025-05-16 14:27:42.801 70039 INFO tempest.lib.common.rest_client [req-bafbad96-902a-419a-ba3e-4b6c2a6c2c55 req-bafbad96-902a-419a-ba3e-4b6c2a6c2c55 ] Request (ServersTestMultiNic:test_verify_duplicate_network_nics): 200 GET http://10.180.1.21/compute/v2.1/servers/06b5782b-4336-4d29-b2d6-ada4688875bf 0.291s
2025-05-16 14:27:42.815 70079 WARNING tempest.lib.common.ssh [-] Failed to establish authenticated ssh connection to cirros@10.180.180.241 ([Errno None] Unable to connect to port 22 on 10.180.180.241). Number attempts: 5. Retry after 6 seconds.: paramiko.ssh_exception.NoValidConnectionsError: [Errno None] Unable to connect to port 22 on 10.180.180.241
2025-05-16 14:27:42.816 70039 INFO tempest.common.waiters [-] State transition "BUILD/spawning" ==> "ACTIVE/None" after 68 second wait
2025-05-16 14:27:42.867 70059 INFO tempest.lib.common.rest_client [req-e02b166f-cdd8-46b3-9f2f-b27fc9dd8d53 req-e02b166f-cdd8-46b3-9f2f-b27fc9dd8d53 ] Request (InstanceActionsNegativeTestJSON:tearDownClass): 200 GET http://10.180.1.21/compute/v2.1/servers/589e0952-2ddf-4ca5-9cb4-0fd3c489d559 0.295s
2025-05-16 14:27:42.937 70053 INFO tempest.lib.common.rest_client [req-ccdccc00-e049-4068-bf7e-68c25c1aba19 req-ccdccc00-e049-4068-bf7e-68c25c1aba19 ] Request (ServerAddressesNegativeTestJSON:setUpClass): 200 GET http://10.180.1.21/compute/v2.1/servers/003dd320-3467-49c5-aabe-080ecde7dcc2 0.319s
2025-05-16 14:27:42.950 70053 INFO tempest.common.waiters [-] State transition "BUILD/None" ==> "BUILD/block_device_mapping" after 54 second wait
2025-05-16 14:27:42.965 70041 INFO tempest.lib.common.rest_client [req-3cd8a378-c4fd-401f-a660-7cc08a2f4151 req-3cd8a378-c4fd-401f-a660-7cc08a2f4151 ] Request (ServersAdminNegativeTestJSON:test_resize_server_using_overlimit_ram): 200 GET http://10.180.1.21/compute/v2.1/os-quota-sets/fffa8ba0b6df4901b27a961cab5cc0d4 0.373s
2025-05-16 14:27:43.006 70029 INFO tempest.lib.common.rest_client [req-822bc453-7afb-43c8-81b1-b02d316450ff req-822bc453-7afb-43c8-81b1-b02d316450ff ] Request (ServerShowV254Test:test_rebuild_server): 200 GET http://10.180.1.21/compute/v2.1/servers/6de6a293-0fc9-4b20-8f52-cbd0b644c0c0 0.330s
2025-05-16 14:27:43.043 70067 INFO tempest.lib.common.rest_client [req-5bf3fd1c-8ba6-4fcd-b777-1e125f594d80 req-5bf3fd1c-8ba6-4fcd-b777-1e125f594d80 ] Request (AttachInterfacesTestJSON:_run_cleanups): 200 GET http://10.180.1.21/compute/v2.1/servers/c6759f57-90d3-4c97-b303-98c7b231cfcf 0.333s
2025-05-16 14:27:43.079 70039 INFO tempest.lib.common.rest_client [req-aa59f223-162b-453e-a8fc-e23f61891885 req-aa59f223-162b-453e-a8fc-e23f61891885 ] Request (ServersTestMultiNic:test_verify_duplicate_network_nics): 200 GET http://10.180.1.21/compute/v2.1/servers/06b5782b-4336-4d29-b2d6-ada4688875bf/ips 0.262s
2025-05-16 14:27:43.079 70027 INFO tempest.lib.common.rest_client [req-028f9884-ef5c-4def-a79c-797f541bd956 req-028f9884-ef5c-4def-a79c-797f541bd956 ] Request (ImagesOneServerNegativeTestJSON:_run_cleanups): 200 GET http://10.180.1.21/compute/v2.1/servers/c6c05049-8183-4094-9d4c-1b3212e9f202 0.331s
2025-05-16 14:27:43.179 70083 INFO tempest.lib.common.rest_client [req-a23a2c11-3c5c-433f-b272-46c796b18796 req-a23a2c11-3c5c-433f-b272-46c796b18796 ] Request (ListServersNegativeTestJSON:tearDownClass): 200 GET http://10.180.1.21/compute/v2.1/servers/d1fd9428-0fad-4ea2-93a7-97012d7c1a19 0.236s
2025-05-16 14:27:43.213 70041 INFO tempest.lib.common.rest_client [req-578009a9-652c-4221-a105-d2f86ef53bc8 req-578009a9-652c-4221-a105-d2f86ef53bc8 ] Request (ServersAdminNegativeTestJSON:test_resize_server_using_overlimit_ram): 200 POST http://10.180.1.21/compute/v2.1/flavors 0.246s
2025-05-16 14:27:43.275 70049 INFO tempest.lib.common.rest_client [req-091750f7-59ec-4174-bb1e-9f2689f8daa5 req-091750f7-59ec-4174-bb1e-9f2689f8daa5 ] Request (ServerAddressesTestJSON:setUpClass): 200 GET http://10.180.1.21/compute/v2.1/servers/c7bb5994-7c54-43a7-9d47-ad7ecb0465f6 0.413s
2025-05-16 14:27:43.283 70049 INFO tempest.common.waiters [-] State transition "BUILD/spawning" ==> "ACTIVE/None" after 57 second wait
2025-05-16 14:27:43.305 70089 INFO tempest.lib.common.rest_client [req-34de347f-71e5-4c1e-987c-5d8d8412153c req-34de347f-71e5-4c1e-987c-5d8d8412153c ] Request (FloatingIPsAssociationNegativeTestJSON:setUpClass): 200 GET http://10.180.1.21/compute/v2.1/servers/d5770133-2f67-4afd-ba07-778defd8c692 0.315s
2025-05-16 14:27:43.357 70057 INFO tempest.lib.common.rest_client [req-22e1d427-ea61-49da-b1a2-a9ea37ef93b0 req-22e1d427-ea61-49da-b1a2-a9ea37ef93b0 ] Request (DeleteServersAdminTestJSON:test_delete_server_while_in_error_state): 200 GET http://10.180.1.21/compute/v2.1/servers/19ddcf82-04e6-4972-9723-1b24700143e4 0.345s
2025-05-16 14:27:43.386 70087 INFO tempest.lib.common.rest_client [req-a27258fa-f73c-4f09-b63b-d97cbbb66450 req-a27258fa-f73c-4f09-b63b-d97cbbb66450 ] Request (FloatingIPsAssociationTestJSON:test_associate_already_associated_floating_ip): 200 GET http://10.180.1.21/compute/v2.1/servers/fbf78283-a645-4b46-a501-57fd0979bd10 0.335s
2025-05-16 14:27:43.443 70039 INFO tempest.lib.common.rest_client [req-82c82a40-e1d0-43fa-8e74-59332982fd6d req-82c82a40-e1d0-43fa-8e74-59332982fd6d ] Request (ServersTestMultiNic:_run_cleanups): 204 DELETE http://10.180.1.21/compute/v2.1/servers/06b5782b-4336-4d29-b2d6-ada4688875bf 0.361s
2025-05-16 14:27:43.471 70049 INFO tempest.lib.common.rest_client [req-8c274a9e-90e4-46f8-bcbf-aca74821f4cf req-8c274a9e-90e4-46f8-bcbf-aca74821f4cf ] Request (ServerAddressesTestJSON:test_list_server_addresses): 200 GET http://10.180.1.21/compute/v2.1/servers/c7bb5994-7c54-43a7-9d47-ad7ecb0465f6/ips 0.187s
2025-05-16 14:27:43.514 70041 INFO tempest.lib.common.rest_client [req-95dee224-ff2f-451a-a314-629133954a8c req-95dee224-ff2f-451a-a314-629133954a8c ] Request (ServersAdminNegativeTestJSON:test_resize_server_using_overlimit_ram): 403 POST http://10.180.1.21/compute/v2.1/servers/8f0a0fcb-babd-406b-9468-ae0f86818589/action 0.298s
2025-05-16 14:27:43.538 70037 INFO tempest.lib.common.rest_client [req-6c1c5290-1626-4599-b9dc-6a6e944eceb4 req-6c1c5290-1626-4599-b9dc-6a6e944eceb4 ] Request (ImagesTestJSON:test_create_image_from_stopped_server): 200 GET http://10.180.1.21/compute/v2.1/servers/ffc62ddd-ffe2-478d-9227-239904c4411b 0.167s
2025-05-16 14:27:43.731 70063 INFO tempest.lib.common.rest_client [req-bd90b9cb-96bf-4b90-94c6-c4a0f3f53b35 req-bd90b9cb-96bf-4b90-94c6-c4a0f3f53b35 ] Request (ServerRescueNegativeTestJSON:setUpClass): 200 GET http://10.180.1.21/compute/v2.1/servers/8b9406bb-507d-4194-a415-8b0683cf7528 0.301s
2025-05-16 14:27:43.755 70039 INFO tempest.lib.common.rest_client [req-0122d7b7-b9a4-4c8f-9eb5-f74bcb5ff802 req-0122d7b7-b9a4-4c8f-9eb5-f74bcb5ff802 ] Request (ServersTestMultiNic:_run_cleanups): 200 GET http://10.180.1.21/compute/v2.1/servers/06b5782b-4336-4d29-b2d6-ada4688875bf 0.312s
2025-05-16 14:27:43.805 70049 INFO tempest.lib.common.rest_client [req-f211a16a-5e8b-455a-a3dd-d22db9684436 req-f211a16a-5e8b-455a-a3dd-d22db9684436 ] Request (ServerAddressesTestJSON:test_list_server_addresses_by_network): 200 GET http://10.180.1.21/compute/v2.1/servers/c7bb5994-7c54-43a7-9d47-ad7ecb0465f6/ips 0.332s
2025-05-16 14:27:43.818 70071 INFO tempest.lib.common.rest_client [req-67e237f4-8f77-4a7b-ae50-a74cdaff4f2e req-67e237f4-8f77-4a7b-ae50-a74cdaff4f2e ] Request (AttachInterfacesUnderV243Test:_run_cleanups): 200 GET http://10.180.1.21/compute/v2.1/servers/9f0e31e6-2529-4998-aecd-0b908423b768 0.350s
2025-05-16 14:27:43.838 70041 INFO tempest.lib.common.rest_client [req-804b9442-6a33-4bb6-8141-fbb575f3fc1a req-804b9442-6a33-4bb6-8141-fbb575f3fc1a ] Request (ServersAdminNegativeTestJSON:_run_cleanups): 202 DELETE http://10.180.1.21/compute/v2.1/flavors/676026468 0.323s
2025-05-16 14:27:43.875 70035 INFO tempest.lib.common.rest_client [req-8eaa2e91-2af1-48c5-9294-ff41ec16b775 req-8eaa2e91-2af1-48c5-9294-ff41ec16b775 ] Request (ImagesOneServerTestJSON:tearDownClass): 200 GET http://10.180.1.21/compute/v2.1/servers/088f3721-eae5-46fc-8d2b-a0ba199f1718 0.367s
2025-05-16 14:27:43.904 70045 INFO tempest.lib.common.rest_client [req-8b7e711a-298b-41e3-951b-6a443c2f8fba req-8b7e711a-298b-41e3-951b-6a443c2f8fba ] Request (ServersTestManualDisk:setUpClass): 200 GET http://10.180.1.21/compute/v2.1/servers/95df5a66-c49d-4435-835b-82d0ba35b4ce 0.368s
2025-05-16 14:27:43.945 70077 INFO tempest.lib.common.rest_client [req-64abe64e-8750-4d48-a68a-34289355d4b5 req-64abe64e-8750-4d48-a68a-34289355d4b5 ] Request (MigrationsAdminTest:test_resize_server_revert_deleted_flavor): 200 GET http://10.180.1.21/compute/v2.1/servers/4458a759-c025-4325-8553-64c4fd7ebbde 0.349s
2025-05-16 14:27:43.967 70061 INFO tempest.lib.common.rest_client [req-4f547765-fefc-479b-9c36-45ca8ef929e9 req-4f547765-fefc-479b-9c36-45ca8ef929e9 ] Request (ListServerFiltersTestJSON:setUpClass): 200 GET http://10.180.1.21/compute/v2.1/servers/32a3b6d5-3798-43f8-8864-c7e643de0aa4 0.353s
2025-05-16 14:27:44.013 70051 INFO tempest.lib.common.rest_client [req-a2b931f1-ac42-41b3-be21-ee2996708a33 req-a2b931f1-ac42-41b3-be21-ee2996708a33 ] Request (ServerActionsTestOtherB:setUpClass): 200 GET http://10.180.1.21/compute/v2.1/servers/18bfddfc-8ba9-41c3-bde7-a09ed7c153b4 0.287s
2025-05-16 14:27:44.020 70051 INFO tempest.common.waiters [-] State transition "BUILD/scheduling" ==> "BUILD/None" after 37 second wait
2025-05-16 14:27:44.027 70033 INFO tempest.lib.common.rest_client [req-4fb68780-abfd-436f-b7b2-5f524c9da12f req-4fb68780-abfd-436f-b7b2-5f524c9da12f ] Request (ServerDiskConfigTestJSON:test_rebuild_server_with_auto_disk_config): 200 GET http://10.180.1.21/compute/v2.1/servers/e44ed0e7-da1c-4603-99b7-d1385f7116ad 0.227s
2025-05-16 14:27:44.041 70049 INFO tempest.lib.common.rest_client [req-605024ca-194c-41c7-9e80-89a8fc482bd6 req-605024ca-194c-41c7-9e80-89a8fc482bd6 ] Request (ServerAddressesTestJSON:test_list_server_addresses_by_network): 200 GET http://10.180.1.21/compute/v2.1/servers/c7bb5994-7c54-43a7-9d47-ad7ecb0465f6/ips/tempest-ServerAddressesTestJSON-1802362162-network 0.234s
2025-05-16 14:27:44.053 70041 INFO tempest.lib.common.rest_client [req-b7cddc7e-8247-48a4-aded-987c408372f6 req-b7cddc7e-8247-48a4-aded-987c408372f6 ] Request (ServersAdminNegativeTestJSON:_run_cleanups): 200 GET http://10.180.1.21/compute/v2.1/flavors/detail 0.215s
2025-05-16 14:27:44.105 70059 INFO tempest.lib.common.rest_client [req-5124efa7-3256-43d5-8eb0-5608ad16494c req-5124efa7-3256-43d5-8eb0-5608ad16494c ] Request (InstanceActionsNegativeTestJSON:tearDownClass): 200 GET http://10.180.1.21/compute/v2.1/servers/589e0952-2ddf-4ca5-9cb4-0fd3c489d559 0.223s
2025-05-16 14:27:44.162 70029 INFO tempest.lib.common.rest_client [req-8e8214b4-b51b-4a37-95ad-b2a74084c4d3 req-8e8214b4-b51b-4a37-95ad-b2a74084c4d3 ] Request (ServerShowV254Test:test_rebuild_server): 200 GET http://10.180.1.21/compute/v2.1/servers/6de6a293-0fc9-4b20-8f52-cbd0b644c0c0 0.140s
2025-05-16 14:27:44.174 70029 INFO tempest.common.waiters [-] State transition "BUILD/scheduling" ==> "BUILD/None" after 30 second wait
2025-05-16 14:27:44.191 70053 INFO tempest.lib.common.rest_client [req-106df240-10bc-4cbe-8b60-49ff182e62ae req-106df240-10bc-4cbe-8b60-49ff182e62ae ] Request (ServerAddressesNegativeTestJSON:setUpClass): 200 GET http://10.180.1.21/compute/v2.1/servers/003dd320-3467-49c5-aabe-080ecde7dcc2 0.241s
2025-05-16 14:27:44.199 70053 INFO tempest.common.waiters [-] State transition "BUILD/block_device_mapping" ==> "BUILD/spawning" after 56 second wait
2025-05-16 14:27:44.223 70047 INFO tempest.lib.common.rest_client [req-fbe192d1-a0d0-47ca-a877-73c6897a7d89 req-fbe192d1-a0d0-47ca-a877-73c6897a7d89 ] Request (ServersAdminTestJSON:setUpClass): 200 PUT http://10.180.1.21:9696/networking/v2.0/routers/b040d210-e048-408d-aa5b-36ae3a6946b3/add_router_interface 2.233s
2025-05-16 14:27:44.223 70047 INFO tempest.lib.common.dynamic_creds [-] Created isolated network resources for: credentials: Credentials: {'domain_id': 'default', 'domain_name': 'Default', 'username': 'tempest-ServersAdminTestJSON-1001041506-project-member', 'project_domain_id': 'default', 'project_domain_name': 'Default', 'project_id': '71c6382e43394924b732241d6139be77', 'project_name': 'tempest-ServersAdminTestJSON-1001041506', 'tenant_id': '71c6382e43394924b732241d6139be77', 'tenant_name': 'tempest-ServersAdminTestJSON-1001041506', 'user_domain_id': 'default', 'user_domain_name': 'Default', 'user_id': '68dc99ad364e4469ba7b9b385dd15bf6', 'system': None}, Network: {'id': 'cff8919a-f10a-41f0-b849-66252f3dca5e', 'name': 'tempest-ServersAdminTestJSON-418582286-network', 'tenant_id': '71c6382e43394924b732241d6139be77', 'admin_state_up': True, 'mtu': 8950, 'status': 'ACTIVE', 'subnets': [], 'shared': False, 'project_id': '71c6382e43394924b732241d6139be77', 'port_security_enabled': True, 'router:external': False, 'provider:network_type': 'vlan', 'provider:physical_network': 'default', 'provider:segmentation_id': 531, 'availability_zone_hints': [], 'availability_zones': [], 'ipv4_address_scope': None, 'ipv6_address_scope': None, 'description': '', 'tags': [], 'created_at': '2025-05-16T14:27:40Z', 'updated_at': '2025-05-16T14:27:40Z', 'revision_number': 1}, Subnet: {'id': 'b5559132-30fc-48cc-8f8d-367005346c23', 'name': 'tempest-ServersAdminTestJSON-418582286-subnet', 'tenant_id': '71c6382e43394924b732241d6139be77', 'network_id': 'cff8919a-f10a-41f0-b849-66252f3dca5e', 'ip_version': 4, 'subnetpool_id': None, 'enable_dhcp': True, 'ipv6_ra_mode': None, 'ipv6_address_mode': None, 'gateway_ip': '192.168.128.1', 'cidr': '192.168.128.0/28', 'allocation_pools': [{'start': '192.168.128.2', 'end': '192.168.128.14'}], 'host_routes': [], 'dns_nameservers': [], 'description': '', 'router:external': False, 'service_types': [], 'tags': [], 'created_at': '2025-05-16T14:27:40Z', 'updated_at': '2025-05-16T14:27:40Z', 'revision_number': 0, 'project_id': '71c6382e43394924b732241d6139be77'}, Router: {'id': 'b040d210-e048-408d-aa5b-36ae3a6946b3', 'name': 'tempest-ServersAdminTestJSON-418582286-router', 'tenant_id': '71c6382e43394924b732241d6139be77', 'admin_state_up': True, 'status': 'ACTIVE', 'external_gateway_info': {'network_id': 'abde0f94-f26d-4f4d-8859-dacb45e94e2b', 'external_fixed_ips': [{'subnet_id': '64520be4-8b0f-4aea-8e2c-d95089b1e4ec', 'ip_address': '10.180.180.150'}], 'enable_snat': True}, 'description': '', 'availability_zones': [], 'distributed': False, 'ha': False, 'availability_zone_hints': [], 'routes': [], 'flavor_id': None, 'tags': [], 'created_at': '2025-05-16T14:27:41Z', 'updated_at': '2025-05-16T14:27:41Z', 'revision_number': 2, 'project_id': '71c6382e43394924b732241d6139be77'}
2025-05-16 14:27:44.242 70049 INFO tempest.lib.common.rest_client [req-9f2d7073-529d-4b3e-92d9-0f107097e4c2 req-9f2d7073-529d-4b3e-92d9-0f107097e4c2 ] Request (ServerAddressesTestJSON:tearDownClass): 204 DELETE http://10.180.1.21/compute/v2.1/servers/c7bb5994-7c54-43a7-9d47-ad7ecb0465f6 0.197s
2025-05-16 14:27:44.265 70067 INFO tempest.lib.common.rest_client [req-35bb549c-4da1-48d0-8c38-8b250c50ff85 req-35bb549c-4da1-48d0-8c38-8b250c50ff85 ] Request (AttachInterfacesTestJSON:_run_cleanups): 200 GET http://10.180.1.21/compute/v2.1/servers/c6759f57-90d3-4c97-b303-98c7b231cfcf 0.207s
2025-05-16 14:27:44.308 70041 INFO tempest.lib.common.rest_client [req-18fcae8a-e8c4-4cd4-894e-8cb6a7d1c0d1 req-18fcae8a-e8c4-4cd4-894e-8cb6a7d1c0d1 ] Request (ServersAdminNegativeTestJSON:test_resize_server_using_overlimit_vcpus): 200 GET http://10.180.1.21/compute/v2.1/os-quota-sets/fffa8ba0b6df4901b27a961cab5cc0d4 0.248s
2025-05-16 14:27:44.325 70047 INFO tempest.lib.common.rest_client [req-03e6deb2-e2c1-4ba4-af82-1b5168b65fa9 req-03e6deb2-e2c1-4ba4-af82-1b5168b65fa9 ] Request (ServersAdminTestJSON:setUpClass): 201 POST http://10.180.1.21/identity/v3/auth/tokens 0.098s
2025-05-16 14:27:44.327 70027 INFO tempest.lib.common.rest_client [req-88cc3db3-0f40-4740-9c86-2bee57dd7db0 req-88cc3db3-0f40-4740-9c86-2bee57dd7db0 ] Request (ImagesOneServerNegativeTestJSON:_run_cleanups): 200 GET http://10.180.1.21/compute/v2.1/servers/c6c05049-8183-4094-9d4c-1b3212e9f202 0.239s
2025-05-16 14:27:44.354 70047 INFO tempest.lib.common.rest_client [req-dcc653ff-c1d9-41ac-8de8-fe92a7fa8a5c req-dcc653ff-c1d9-41ac-8de8-fe92a7fa8a5c ] Request (ServersAdminTestJSON:setUpClass): 201 POST http://10.180.1.21/identity/v3/projects 0.028s
2025-05-16 14:27:44.371 70083 INFO tempest.lib.common.rest_client [req-2fcf89ed-8856-484e-8c93-5278f4f877a4 req-2fcf89ed-8856-484e-8c93-5278f4f877a4 ] Request (ListServersNegativeTestJSON:tearDownClass): 200 GET http://10.180.1.21/compute/v2.1/servers/d1fd9428-0fad-4ea2-93a7-97012d7c1a19 0.175s
2025-05-16 14:27:44.389 70041 INFO tempest.lib.common.rest_client [req-be9810ad-e1cf-4673-981c-6be3139ebe1a req-be9810ad-e1cf-4673-981c-6be3139ebe1a ] Request (ServersAdminNegativeTestJSON:test_resize_server_using_overlimit_vcpus): 200 POST http://10.180.1.21/compute/v2.1/flavors 0.079s
2025-05-16 14:27:44.423 70047 INFO tempest.lib.common.rest_client [req-a52c140a-c1c8-4585-b308-220562541b4c req-a52c140a-c1c8-4585-b308-220562541b4c ] Request (ServersAdminTestJSON:setUpClass): 201 POST http://10.180.1.21/identity/v3/users 0.069s
2025-05-16 14:27:44.444 70089 INFO tempest.lib.common.rest_client [req-0114e873-62cf-4102-93e3-e433976c18ad req-0114e873-62cf-4102-93e3-e433976c18ad ] Request (FloatingIPsAssociationNegativeTestJSON:setUpClass): 200 GET http://10.180.1.21/compute/v2.1/servers/d5770133-2f67-4afd-ba07-778defd8c692 0.131s
2025-05-16 14:27:44.453 70047 INFO tempest.lib.common.rest_client [req-a279e02e-3262-4880-a24b-789bb9d823ce req-a279e02e-3262-4880-a24b-789bb9d823ce ] Request (ServersAdminTestJSON:setUpClass): 200 GET http://10.180.1.21/identity/v3/roles 0.029s
2025-05-16 14:27:44.465 70049 INFO tempest.lib.common.rest_client [req-d470c7a4-bfbf-41b7-acf0-8b8d87cadf1b req-d470c7a4-bfbf-41b7-acf0-8b8d87cadf1b ] Request (ServerAddressesTestJSON:tearDownClass): 200 GET http://10.180.1.21/compute/v2.1/servers/c7bb5994-7c54-43a7-9d47-ad7ecb0465f6 0.223s
2025-05-16 14:27:44.490 70047 INFO tempest.lib.common.rest_client [req-51098b62-b578-43af-86af-cb047ef2e7ae req-51098b62-b578-43af-86af-cb047ef2e7ae ] Request (ServersAdminTestJSON:setUpClass): 204 PUT http://10.180.1.21/identity/v3/projects/bea2b30036ff478195a7321beb98df01/users/7e3a9b067fe440d4af8f491bb3381667/roles/f48f3f06df7440779c52f157edfa3180 0.036s
2025-05-16 14:27:44.507 70057 INFO tempest.lib.common.rest_client [req-eb820a13-d0bd-4e46-8309-9b3384cf19df req-eb820a13-d0bd-4e46-8309-9b3384cf19df ] Request (DeleteServersAdminTestJSON:test_delete_server_while_in_error_state): 200 GET http://10.180.1.21/compute/v2.1/servers/19ddcf82-04e6-4972-9723-1b24700143e4 0.140s
2025-05-16 14:27:44.557 70047 INFO tempest.lib.common.rest_client [req-0ed9bd97-6138-4e1d-ad5d-305e7b501d26 req-0ed9bd97-6138-4e1d-ad5d-305e7b501d26 ] Request (ServersAdminTestJSON:setUpClass): 200 GET http://10.180.1.21/identity/v3/roles 0.067s
2025-05-16 14:27:44.561 70041 INFO tempest.lib.common.rest_client [req-139d6f3e-b6bd-4a9c-831b-507117be15b0 req-139d6f3e-b6bd-4a9c-831b-507117be15b0 ] Request (ServersAdminNegativeTestJSON:test_resize_server_using_overlimit_vcpus): 403 POST http://10.180.1.21/compute/v2.1/servers/8f0a0fcb-babd-406b-9468-ae0f86818589/action 0.170s
2025-05-16 14:27:44.563 70087 INFO tempest.lib.common.rest_client [req-4dc0f86f-eb60-48c7-bb8f-36464862ce91 req-4dc0f86f-eb60-48c7-bb8f-36464862ce91 ] Request (FloatingIPsAssociationTestJSON:test_associate_already_associated_floating_ip): 200 GET http://10.180.1.21/compute/v2.1/servers/fbf78283-a645-4b46-a501-57fd0979bd10 0.168s
2025-05-16 14:27:44.582 70047 INFO tempest.lib.common.rest_client [req-18be583b-e842-4c94-ae1f-b4eced2dcfc3 req-18be583b-e842-4c94-ae1f-b4eced2dcfc3 ] Request (ServersAdminTestJSON:setUpClass): 204 PUT http://10.180.1.21/identity/v3/projects/bea2b30036ff478195a7321beb98df01/users/7e3a9b067fe440d4af8f491bb3381667/roles/f48f3f06df7440779c52f157edfa3180 0.024s
2025-05-16 14:27:44.582 70047 INFO tempest.lib.common.dynamic_creds [-] Dynamic test user 7e3a9b067fe440d4af8f491bb3381667 is created with scope project and roles: ['admin']
2025-05-16 14:27:44.583 70047 INFO tempest.lib.common.dynamic_creds [-] Acquired dynamic creds: credentials: Credentials: {'domain_id': 'default', 'domain_name': 'Default', 'username': 'tempest-ServersAdminTestJSON-452199790-project-admin', 'project_domain_id': 'default', 'project_domain_name': 'Default', 'project_id': 'bea2b30036ff478195a7321beb98df01', 'project_name': 'tempest-ServersAdminTestJSON-452199790', 'tenant_id': 'bea2b30036ff478195a7321beb98df01', 'tenant_name': 'tempest-ServersAdminTestJSON-452199790', 'user_domain_id': 'default', 'user_domain_name': 'Default', 'user_id': '7e3a9b067fe440d4af8f491bb3381667', 'system': None}, Network: None, Subnet: None, Router: None
2025-05-16 14:27:44.591 70041 INFO tempest.lib.common.rest_client [req-167febba-8a93-4ad1-8b44-1658780bc513 req-167febba-8a93-4ad1-8b44-1658780bc513 ] Request (ServersAdminNegativeTestJSON:_run_cleanups): 202 DELETE http://10.180.1.21/compute/v2.1/flavors/2141984139 0.029s
2025-05-16 14:27:44.620 70037 INFO tempest.lib.common.rest_client [req-4ffb73a5-da70-40d4-8b17-cb9e697c1914 req-4ffb73a5-da70-40d4-8b17-cb9e697c1914 ] Request (ImagesTestJSON:test_create_image_from_stopped_server): 200 GET http://10.180.1.21/compute/v2.1/servers/ffc62ddd-ffe2-478d-9227-239904c4411b 0.073s
2025-05-16 14:27:44.627 70041 INFO tempest.lib.common.rest_client [req-3c625def-d9b4-455a-b6b9-c9b82d4899d6 req-3c625def-d9b4-455a-b6b9-c9b82d4899d6 ] Request (ServersAdminNegativeTestJSON:_run_cleanups): 200 GET http://10.180.1.21/compute/v2.1/flavors/detail 0.035s
2025-05-16 14:27:44.672 70041 INFO tempest.lib.common.rest_client [req-8f402b25-7ed2-4a75-8089-36f75ac0f828 req-8f402b25-7ed2-4a75-8089-36f75ac0f828 ] Request (ServersAdminNegativeTestJSON:test_restore_server_invalid_state): 409 POST http://10.180.1.21/compute/v2.1/servers/8f0a0fcb-babd-406b-9468-ae0f86818589/action 0.037s
2025-05-16 14:27:45.040 70041 INFO tempest.lib.common.rest_client [req-5433633e-4372-4fb9-a6b3-536ac113c8b0 req-5433633e-4372-4fb9-a6b3-536ac113c8b0 ] Request (ServersAdminNegativeTestJSON:tearDownClass): 204 DELETE http://10.180.1.21/compute/v2.1/servers/2a395bfb-2b03-418e-92b5-df650a6b8f10 0.365s
2025-05-16 14:27:45.224 70063 INFO tempest.lib.common.rest_client [req-a6ba9334-d190-4b61-bcbd-6e6f72ea4e78 req-a6ba9334-d190-4b61-bcbd-6e6f72ea4e78 ] Request (ServerRescueNegativeTestJSON:setUpClass): 200 GET http://10.180.1.21/compute/v2.1/servers/8b9406bb-507d-4194-a415-8b0683cf7528 0.485s
2025-05-16 14:27:45.243 70047 INFO tempest.lib.common.rest_client [req-0e90ea14-f8da-4eba-aadd-bb0e10c261ed req-0e90ea14-f8da-4eba-aadd-bb0e10c261ed ] Request (ServersAdminTestJSON:setUpClass): 201 POST http://10.180.1.21:9696/networking/v2.0/networks 0.659s
2025-05-16 14:27:45.262 70039 INFO tempest.lib.common.rest_client [req-0771a153-1191-4268-a66a-7f6f39fb52c8 req-0771a153-1191-4268-a66a-7f6f39fb52c8 ] Request (ServersTestMultiNic:_run_cleanups): 200 GET http://10.180.1.21/compute/v2.1/servers/06b5782b-4336-4d29-b2d6-ada4688875bf 0.498s
2025-05-16 14:27:45.294 70071 INFO tempest.lib.common.rest_client [req-01539924-cddf-435d-b7d3-56bac6a888bb req-01539924-cddf-435d-b7d3-56bac6a888bb ] Request (AttachInterfacesUnderV243Test:_run_cleanups): 404 GET http://10.180.1.21/compute/v2.1/servers/9f0e31e6-2529-4998-aecd-0b908423b768 0.320s
2025-05-16 14:27:45.311 70035 INFO tempest.lib.common.rest_client [req-1c1701b6-42ca-4aa7-8bd0-e01ca60b2000 req-1c1701b6-42ca-4aa7-8bd0-e01ca60b2000 ] Request (ImagesOneServerTestJSON:tearDownClass): 200 GET http://10.180.1.21/compute/v2.1/servers/088f3721-eae5-46fc-8d2b-a0ba199f1718 0.335s
2025-05-16 14:27:45.373 70077 INFO tempest.lib.common.rest_client [req-d92191a5-c1f5-4fb4-9ac5-e61222c3cc09 req-d92191a5-c1f5-4fb4-9ac5-e61222c3cc09 ] Request (MigrationsAdminTest:test_resize_server_revert_deleted_flavor): 200 GET http://10.180.1.21/compute/v2.1/servers/4458a759-c025-4325-8553-64c4fd7ebbde 0.399s
2025-05-16 14:27:45.389 70061 INFO tempest.lib.common.rest_client [req-c7a18a26-1758-49e1-8714-8ab529e8aa24 req-c7a18a26-1758-49e1-8714-8ab529e8aa24 ] Request (ListServerFiltersTestJSON:setUpClass): 200 GET http://10.180.1.21/compute/v2.1/servers/32a3b6d5-3798-43f8-8864-c7e643de0aa4 0.414s
2025-05-16 14:27:45.446 70047 INFO tempest.lib.common.rest_client [req-5735c83b-5ca5-4b2a-a556-0c2d99ba5b91 req-5735c83b-5ca5-4b2a-a556-0c2d99ba5b91 ] Request (ServersAdminTestJSON:setUpClass): 201 POST http://10.180.1.21:9696/networking/v2.0/subnets 0.202s
2025-05-16 14:27:45.458 70051 INFO tempest.lib.common.rest_client [req-9df293f8-e46c-4df7-a5f2-0ffff199d598 req-9df293f8-e46c-4df7-a5f2-0ffff199d598 ] Request (ServerActionsTestOtherB:setUpClass): 200 GET http://10.180.1.21/compute/v2.1/servers/18bfddfc-8ba9-41c3-bde7-a09ed7c153b4 0.437s
2025-05-16 14:27:45.461 70045 INFO tempest.lib.common.rest_client [req-1d709c29-e338-4576-b07d-c2e16391a655 req-1d709c29-e338-4576-b07d-c2e16391a655 ] Request (ServersTestManualDisk:setUpClass): 200 GET http://10.180.1.21/compute/v2.1/servers/95df5a66-c49d-4435-835b-82d0ba35b4ce 0.479s
2025-05-16 14:27:45.525 70033 INFO tempest.lib.common.rest_client [req-289fd2e7-f403-4d8c-90d2-b959d4aad961 req-289fd2e7-f403-4d8c-90d2-b959d4aad961 ] Request (ServerDiskConfigTestJSON:test_rebuild_server_with_auto_disk_config): 200 GET http://10.180.1.21/compute/v2.1/servers/e44ed0e7-da1c-4603-99b7-d1385f7116ad 0.490s
2025-05-16 14:27:45.594 70059 INFO tempest.lib.common.rest_client [req-16627b43-4e53-417f-ad9e-d2506bf65ce4 req-16627b43-4e53-417f-ad9e-d2506bf65ce4 ] Request (InstanceActionsNegativeTestJSON:tearDownClass): 200 GET http://10.180.1.21/compute/v2.1/servers/589e0952-2ddf-4ca5-9cb4-0fd3c489d559 0.479s
2025-05-16 14:27:45.625 70043 WARNING tempest.lib.common.ssh [-] Failed to establish authenticated ssh connection to cirros@10.180.180.157 ([Errno None] Unable to connect to port 22 on 10.180.180.157). Number attempts: 7. Retry after 8 seconds.: paramiko.ssh_exception.NoValidConnectionsError: [Errno None] Unable to connect to port 22 on 10.180.180.157
2025-05-16 14:27:45.665 70029 INFO tempest.lib.common.rest_client [req-2ae46e6c-a115-4637-8027-10e6993b886b req-2ae46e6c-a115-4637-8027-10e6993b886b ] Request (ServerShowV254Test:test_rebuild_server): 200 GET http://10.180.1.21/compute/v2.1/servers/6de6a293-0fc9-4b20-8f52-cbd0b644c0c0 0.489s
2025-05-16 14:27:45.680 70041 INFO tempest.lib.common.rest_client [req-99aaacdf-423a-463b-8b90-05adfa5f311e req-99aaacdf-423a-463b-8b90-05adfa5f311e ] Request (ServersAdminNegativeTestJSON:tearDownClass): 200 GET http://10.180.1.21/compute/v2.1/servers/2a395bfb-2b03-418e-92b5-df650a6b8f10 0.640s
2025-05-16 14:27:45.787 70067 INFO tempest.lib.common.rest_client [req-7637b858-7d7f-462f-8010-dcf843fcbb97 req-7637b858-7d7f-462f-8010-dcf843fcbb97 ] Request (AttachInterfacesTestJSON:_run_cleanups): 200 GET http://10.180.1.21/compute/v2.1/servers/c6759f57-90d3-4c97-b303-98c7b231cfcf 0.512s
2025-05-16 14:27:45.810 70071 INFO tempest.lib.common.rest_client [req-acb7295a-518a-4a6b-aebf-b07f961093f6 req-acb7295a-518a-4a6b-aebf-b07f961093f6 ] Request (AttachInterfacesUnderV243Test:_run_cleanups): 202 DELETE http://10.180.1.21/compute/v2.1/os-keypairs/tempest-keypair-1736749735 0.515s
2025-05-16 14:27:45.871 70053 INFO tempest.lib.common.rest_client [req-765f835d-5b3b-46c8-84ce-075470f874a1 req-765f835d-5b3b-46c8-84ce-075470f874a1 ] Request (ServerAddressesNegativeTestJSON:setUpClass): 200 GET http://10.180.1.21/compute/v2.1/servers/003dd320-3467-49c5-aabe-080ecde7dcc2 0.671s
2025-05-16 14:27:45.917 70027 INFO tempest.lib.common.rest_client [req-ba9ccb9d-a0a2-409c-a96b-0d81b15a5e98 req-ba9ccb9d-a0a2-409c-a96b-0d81b15a5e98 ] Request (ImagesOneServerNegativeTestJSON:_run_cleanups): 200 GET http://10.180.1.21/compute/v2.1/servers/c6c05049-8183-4094-9d4c-1b3212e9f202 0.583s
2025-05-16 14:27:46.012 70083 INFO tempest.lib.common.rest_client [req-3eead53c-1702-43f5-92a2-41dc8340e1c7 req-3eead53c-1702-43f5-92a2-41dc8340e1c7 ] Request (ListServersNegativeTestJSON:tearDownClass): 200 GET http://10.180.1.21/compute/v2.1/servers/d1fd9428-0fad-4ea2-93a7-97012d7c1a19 0.633s
2025-05-16 14:27:46.013 70089 INFO tempest.lib.common.rest_client [req-ad416755-6655-4e11-a128-657f4555b870 req-ad416755-6655-4e11-a128-657f4555b870 ] Request (FloatingIPsAssociationNegativeTestJSON:setUpClass): 200 GET http://10.180.1.21/compute/v2.1/servers/d5770133-2f67-4afd-ba07-778defd8c692 0.557s
2025-05-16 14:27:46.091 70071 INFO tempest.lib.common.rest_client [req-3d369fff-7f41-48eb-a916-286ceaa67709 req-3d369fff-7f41-48eb-a916-286ceaa67709 ] Request (AttachInterfacesUnderV243Test:_run_cleanups): 204 DELETE http://10.180.1.21:9696/networking/v2.0/security-groups/83d82433-b9e7-43f2-8431-48c541628597 0.281s
2025-05-16 14:27:46.115 70071 INFO tempest.lib.common.rest_client [req-0f9fd729-4ebf-4d62-9353-a1b8234c389c req-0f9fd729-4ebf-4d62-9353-a1b8234c389c ] Request (AttachInterfacesUnderV243Test:_run_cleanups): 404 GET http://10.180.1.21:9696/networking/v2.0/security-groups/83d82433-b9e7-43f2-8431-48c541628597 0.023s
2025-05-16 14:27:46.141 70057 INFO tempest.lib.common.rest_client [req-aa7b3fb9-3b3b-461c-baa4-f758244cf5a8 req-aa7b3fb9-3b3b-461c-baa4-f758244cf5a8 ] Request (DeleteServersAdminTestJSON:test_delete_server_while_in_error_state): 200 GET http://10.180.1.21/compute/v2.1/servers/19ddcf82-04e6-4972-9723-1b24700143e4 0.622s
2025-05-16 14:27:46.228 70087 INFO tempest.lib.common.rest_client [req-69843028-4fb4-4c37-9373-e0ce565eb6cd req-69843028-4fb4-4c37-9373-e0ce565eb6cd ] Request (FloatingIPsAssociationTestJSON:test_associate_already_associated_floating_ip): 200 GET http://10.180.1.21/compute/v2.1/servers/fbf78283-a645-4b46-a501-57fd0979bd10 0.653s
2025-05-16 14:27:46.252 70049 INFO tempest.lib.common.rest_client [req-e817e918-c6fd-4df4-8ab5-9db9d2329669 req-e817e918-c6fd-4df4-8ab5-9db9d2329669 ] Request (ServerAddressesTestJSON:tearDownClass): 200 GET http://10.180.1.21/compute/v2.1/servers/c7bb5994-7c54-43a7-9d47-ad7ecb0465f6 0.776s
2025-05-16 14:27:46.298 70037 INFO tempest.lib.common.rest_client [req-3ab4f300-5bba-4a5f-b812-e252e574af8f req-3ab4f300-5bba-4a5f-b812-e252e574af8f ] Request (ImagesTestJSON:test_create_image_from_stopped_server): 200 GET http://10.180.1.21/compute/v2.1/servers/ffc62ddd-ffe2-478d-9227-239904c4411b 0.668s
