2025-05-16 14:28:34.038 70067 INFO tempest.lib.common.rest_client [req-9bb81d86-80ef-4fc1-8eaa-9da5536a3dd8 req-9bb81d86-80ef-4fc1-8eaa-9da5536a3dd8 ] Request (AttachInterfacesTestJSON:test_create_list_show_delete_interfaces_by_network_port): 200 GET http://10.180.1.21/compute/v2.1/servers/13f548d5-3ca4-47c8-b01e-11d7d8e0ae82 0.054s
2025-05-16 14:28:34.069 70061 INFO tempest.lib.common.rest_client [req-f433a7ef-3340-4da3-920c-a0f24be7a1fd req-f433a7ef-3340-4da3-920c-a0f24be7a1fd ] Request (ListServerFiltersTestJSON:test_list_servers_filter_by_shutoff_status): 200 GET http://10.180.1.21/compute/v2.1/servers?status=shutoff 0.101s
2025-05-16 14:28:34.102 70045 INFO tempest.lib.common.rest_client [req-69c2500a-ec95-4a1a-b6ec-3658262909ce req-69c2500a-ec95-4a1a-b6ec-3658262909ce ] Request (ServersTestManualDisk:setUpClass): 200 GET http://10.180.1.21/compute/v2.1/servers/95df5a66-c49d-4435-835b-82d0ba35b4ce 0.112s
2025-05-16 14:28:34.127 70069 INFO tempest.lib.common.rest_client [req-65b32c20-2768-4f0b-9949-bde036939733 req-65b32c20-2768-4f0b-9949-bde036939733 ] Request (ServersWithSpecificFlavorTestJSON:test_verify_created_server_ephemeral_disk): 200 GET http://10.180.1.21/compute/v2.1/servers/8dc903b3-a705-4733-a6d2-14dcb9fd104a 0.069s
2025-05-16 14:28:34.140 70039 INFO tempest.lib.common.rest_client [req-812d7b51-a519-4146-99b0-48deca9df49f req-812d7b51-a519-4146-99b0-48deca9df49f ] Request (ServersTestMultiNic:test_verify_multiple_nics_order): 201 POST http://10.180.1.21:9696/networking/v2.0/networks 0.193s
2025-05-16 14:28:34.163 70061 INFO tempest.lib.common.rest_client [req-2aaafc92-786f-48f6-b25d-86fb290d9c53 req-2aaafc92-786f-48f6-b25d-86fb290d9c53 ] Request (ListServerFiltersTestJSON:test_list_servers_filter_by_shutoff_status): 202 POST http://10.180.1.21/compute/v2.1/servers/70576c11-d63f-48a1-8a9f-6da8ae18b542/action 0.092s
2025-05-16 14:28:34.198 70027 INFO tempest.lib.common.rest_client [req-516a5d32-6cc9-46ae-8039-e771b22e8359 req-516a5d32-6cc9-46ae-8039-e771b22e8359 ] Request (ImagesOneServerNegativeTestJSON:_run_cleanups): 200 GET http://10.180.1.21/compute/v2.1/servers/99d93c01-4212-4c76-955f-b2dcfdbdca17 0.121s
2025-05-16 14:28:34.237 70053 INFO tempest.lib.common.rest_client [req-71e09cae-b8ae-4a09-bd7f-c16b73698772 req-71e09cae-b8ae-4a09-bd7f-c16b73698772 ] Request (ServerAddressesNegativeTestJSON:tearDownClass): 200 GET http://10.180.1.21/compute/v2.1/servers/003dd320-3467-49c5-aabe-080ecde7dcc2 0.101s
2025-05-16 14:28:34.259 70029 INFO tempest.lib.common.rest_client [req-209da5f9-e9b6-47f4-95f7-13d461718e5d req-209da5f9-e9b6-47f4-95f7-13d461718e5d ] Request (ServerShowV254Test:test_rebuild_server): 200 GET http://10.180.1.21/compute/v2.1/servers/6de6a293-0fc9-4b20-8f52-cbd0b644c0c0 0.099s
2025-05-16 14:28:34.275 70029 INFO tempest.common.waiters [-] State transition "REBUILD/rebuilding" ==> "REBUILD/rebuild_spawning" after 3 second wait
2025-05-16 14:28:34.320 70073 INFO tempest.lib.common.rest_client [req-520f5b44-f07c-483d-807e-a045469ee738 req-520f5b44-f07c-483d-807e-a045469ee738 ] Request (AttachVolumeNegativeTest:test_attach_attached_volume_to_different_server): 200 GET http://10.180.1.21/compute/v2.1/servers/b3942bc6-49d3-4260-bd82-4f6224bab80c 0.122s
2025-05-16 14:28:34.383 70087 INFO tempest.lib.common.rest_client [req-bf725e4a-0463-488c-922c-3566236e48b7 req-bf725e4a-0463-488c-922c-3566236e48b7 ] Request (FloatingIPsAssociationTestJSON:test_associate_already_associated_floating_ip): 200 GET http://10.180.1.21/compute/v2.1/servers/fbf78283-a645-4b46-a501-57fd0979bd10 0.153s
2025-05-16 14:28:34.388 70061 INFO tempest.lib.common.rest_client [req-89e8f3fa-e790-483a-aea9-afc020d81b42 req-89e8f3fa-e790-483a-aea9-afc020d81b42 ] Request (ListServerFiltersTestJSON:test_list_servers_filter_by_shutoff_status): 200 GET http://10.180.1.21/compute/v2.1/servers/70576c11-d63f-48a1-8a9f-6da8ae18b542 0.224s
2025-05-16 14:28:34.461 70057 INFO tempest.lib.common.rest_client [req-9b9918c5-673f-4796-9ddd-df5688234c7e req-9b9918c5-673f-4796-9ddd-df5688234c7e ] Request (MultipleCreateTestJSON:test_multiple_create): 200 GET http://10.180.1.21/compute/v2.1/servers/12c48e81-863b-4591-b3c5-fa4e26d655b9 0.204s
2025-05-16 14:28:34.465 70043 INFO tempest.lib.common.rest_client [req-5f41198a-14e9-4902-a129-3f46b3c7b2f7 req-5f41198a-14e9-4902-a129-3f46b3c7b2f7 ] Request (ServersTestJSON:tearDownClass): 200 GET http://10.180.1.21/compute/v2.1/servers/17df4088-f859-480c-9010-4acf00f34c12 0.174s
2025-05-16 14:28:34.492 70039 INFO tempest.lib.common.rest_client [req-a350958e-bb93-44d2-9a1f-d9ef59c1e127 req-a350958e-bb93-44d2-9a1f-d9ef59c1e127 ] Request (ServersTestMultiNic:test_verify_multiple_nics_order): 201 POST http://10.180.1.21:9696/networking/v2.0/subnets 0.351s
2025-05-16 14:28:34.497 70037 INFO tempest.lib.common.rest_client [req-a3f12560-f7d8-4685-a329-dace9a3522d5 req-a3f12560-f7d8-4685-a329-dace9a3522d5 ] Request (ImagesTestJSON:test_create_image_from_stopped_server): 200 GET http://10.180.1.21/compute/v2.1/images/ff60a1be-bb9a-4533-ab94-b8667875154a 0.169s
2025-05-16 14:28:34.518 70079 INFO tempest.lib.common.rest_client [req-b1a97a7b-b17c-433c-adaa-3d0d558dcdb1 req-b1a97a7b-b17c-433c-adaa-3d0d558dcdb1 ] Request (VolumesAdminNegativeTest:test_update_attached_volume_with_nonexistent_volume_in_uri): 200 GET http://10.180.1.21/compute/v2.1/servers/ad04223c-147a-435f-a2cd-d3c73ea1ca63 0.101s
2025-05-16 14:28:34.531 70049 INFO tempest.lib.common.rest_client [req-7237c515-ed40-42c2-a0e8-c01fb58d36b7 req-7237c515-ed40-42c2-a0e8-c01fb58d36b7 ] Request (ServerAddressesTestJSON:tearDownClass): 200 PUT http://10.180.1.21:9696/networking/v2.0/routers/6dad2e16-fc66-43b8-a84c-f337dbe9460d/remove_router_interface 0.873s
2025-05-16 14:28:34.568 70071 INFO tempest.lib.common.rest_client [req-2efbed04-da66-407f-b0ed-e375f1b8e7b4 req-2efbed04-da66-407f-b0ed-e375f1b8e7b4 ] Request (InstanceActionsV221TestJSON:test_get_list_deleted_instance_actions): 200 GET http://10.180.1.21/compute/v2.1/servers/735cd9c8-ca9a-4b99-a653-333b31d07751 0.080s
2025-05-16 14:28:34.583 70039 INFO tempest.lib.common.rest_client [req-462bd012-4f8b-48b4-ac60-c91deaff7472 req-462bd012-4f8b-48b4-ac60-c91deaff7472 ] Request (ServersTestMultiNic:test_verify_multiple_nics_order): 201 POST http://10.180.1.21/identity/v3/auth/tokens 0.088s
2025-05-16 14:28:34.584 70039 INFO tempest.lib.common.fixed_network [-] (ServersTestMultiNic:test_verify_multiple_nics_order) Found network {'id': '6c9b17fb-7ead-4e16-8d77-399e12ce1d3a', 'name': 'tempest-ServersTestMultiNic-1466168161-network', 'tenant_id': '73f538f734d54f5b8f748249e10d5465', 'admin_state_up': True, 'mtu': 8950, 'status': 'ACTIVE', 'subnets': [], 'shared': False, 'project_id': '73f538f734d54f5b8f748249e10d5465', 'port_security_enabled': True, 'router:external': False, 'provider:network_type': 'vlan', 'provider:physical_network': 'default', 'provider:segmentation_id': 812, 'availability_zone_hints': [], 'availability_zones': [], 'ipv4_address_scope': None, 'ipv6_address_scope': None, 'description': '', 'tags': [], 'created_at': '2025-05-16T14:26:27Z', 'updated_at': '2025-05-16T14:26:27Z', 'revision_number': 1} available for tenant
2025-05-16 14:28:34.605 70089 INFO tempest.lib.common.rest_client [req-63af0798-a360-410b-a63e-b29160edb020 req-63af0798-a360-410b-a63e-b29160edb020 ] Request (FloatingIPsAssociationNegativeTestJSON:tearDownClass): 200 GET http://10.180.1.21/compute/v2.1/servers/d5770133-2f67-4afd-ba07-778defd8c692 0.079s
2025-05-16 14:28:34.657 70077 INFO tempest.lib.common.rest_client [req-1945d288-1444-4908-bd6d-e9d7461cc3db req-1945d288-1444-4908-bd6d-e9d7461cc3db ] Request (MigrationsAdminTest:test_resize_server_revert_deleted_flavor): 200 GET http://10.180.1.21/compute/v2.1/servers/4458a759-c025-4325-8553-64c4fd7ebbde 0.077s
2025-05-16 14:28:34.737 70063 INFO tempest.lib.common.rest_client [req-9b9faa95-dd49-400b-97cd-c2d705e58a78 req-9b9faa95-dd49-400b-97cd-c2d705e58a78 ] Request (ServerRescueNegativeTestJSON:test_rescued_vm_detach_volume): 200 GET http://10.180.1.21/compute/v2.1/servers/01618ff9-d8e5-41b5-899c-81279eb69806 0.091s
2025-05-16 14:28:34.907 70041 INFO tempest.lib.common.rest_client [req-43e2c00b-1ad4-498f-ab1c-95da43c62090 req-43e2c00b-1ad4-498f-ab1c-95da43c62090 ] Request (ServersAdminNegativeTestJSON:tearDownClass): 200 GET http://10.180.1.21/compute/v2.1/servers/8f0a0fcb-babd-406b-9468-ae0f86818589 0.245s
2025-05-16 14:28:34.980 70083 INFO tempest.lib.common.rest_client [req-183f5f7b-17f7-4ae8-9461-93210fa2211f req-183f5f7b-17f7-4ae8-9461-93210fa2211f ] Request (ServerRescueTestJSONUnderV235:setUpClass): 200 GET http://10.180.1.21/compute/v2.1/servers/6acc83d1-4c05-4375-946b-7b326bb650e5 0.268s
2025-05-16 14:28:35.048 70047 INFO tempest.lib.common.rest_client [req-21e9949e-d5bd-454c-9fd8-4b0e89eb1588 req-21e9949e-d5bd-454c-9fd8-4b0e89eb1588 ] Request (ServersAdminTestJSON:setUpClass): 200 GET http://10.180.1.21/compute/v2.1/servers/8f0fd12a-ac4a-4d6b-8778-e3c5dacb7204 0.324s
2025-05-16 14:28:35.128 70033 INFO tempest.lib.common.rest_client [req-67df6951-6afa-4a4f-b8d2-492c9672c10f req-67df6951-6afa-4a4f-b8d2-492c9672c10f ] Request (ServerDiskConfigTestJSON:test_rebuild_server_with_manual_disk_config): 200 GET http://10.180.1.21/compute/v2.1/servers/58199a59-81d5-4320-af6f-06a89b7091fe 0.364s
2025-05-16 14:28:35.208 70035 INFO tempest.lib.common.rest_client [req-c9be0601-8278-4c42-93ab-a3815888f15a req-c9be0601-8278-4c42-93ab-a3815888f15a ] Request (ServerRescueTestJSON:setUpClass): 200 GET http://10.180.1.21/compute/v2.1/servers/407887d5-5e6b-4e1a-bd96-0d2f469e9d05 0.431s
2025-05-16 14:28:35.240 70049 INFO tempest.lib.common.rest_client [req-43c4f320-7522-44a8-b904-e11be20622f1 req-43c4f320-7522-44a8-b904-e11be20622f1 ] Request (ServerAddressesTestJSON:tearDownClass): 204 DELETE http://10.180.1.21:9696/networking/v2.0/routers/6dad2e16-fc66-43b8-a84c-f337dbe9460d 0.707s
2025-05-16 14:28:35.270 70067 INFO tempest.lib.common.rest_client [req-5d0eb88e-7770-43b2-b2f7-efccd319159f req-5d0eb88e-7770-43b2-b2f7-efccd319159f ] Request (AttachInterfacesTestJSON:test_create_list_show_delete_interfaces_by_network_port): 200 GET http://10.180.1.21/compute/v2.1/servers/13f548d5-3ca4-47c8-b01e-11d7d8e0ae82 0.218s
2025-05-16 14:28:35.333 70039 INFO tempest.lib.common.rest_client [req-2c59a490-a4f3-47d9-9acd-83d5e8da070a req-2c59a490-a4f3-47d9-9acd-83d5e8da070a ] Request (ServersTestMultiNic:test_verify_multiple_nics_order): 202 POST http://10.180.1.21/compute/v2.1/servers 0.748s
2025-05-16 14:28:35.341 70045 INFO tempest.lib.common.rest_client [req-d0333343-a26b-4b90-91b6-73edbe5f429f req-d0333343-a26b-4b90-91b6-73edbe5f429f ] Request (ServersTestManualDisk:setUpClass): 200 GET http://10.180.1.21/compute/v2.1/servers/95df5a66-c49d-4435-835b-82d0ba35b4ce 0.223s
2025-05-16 14:28:35.374 70049 INFO tempest.lib.common.rest_client [req-50ff02a5-c36c-4b3d-a3e4-93b62d6eb093 req-50ff02a5-c36c-4b3d-a3e4-93b62d6eb093 ] Request (ServerAddressesTestJSON:tearDownClass): 204 DELETE http://10.180.1.21:9696/networking/v2.0/subnets/367714ea-44f6-470f-870d-961a092ba84f 0.134s
2025-05-16 14:28:35.399 70069 INFO tempest.lib.common.rest_client [req-92255251-6a9e-4622-ac07-5b40c473809d req-92255251-6a9e-4622-ac07-5b40c473809d ] Request (ServersWithSpecificFlavorTestJSON:test_verify_created_server_ephemeral_disk): 200 GET http://10.180.1.21/compute/v2.1/servers/8dc903b3-a705-4733-a6d2-14dcb9fd104a 0.262s
2025-05-16 14:28:35.414 70027 INFO tempest.lib.common.rest_client [req-30eb1e47-3627-4c0e-bd39-2e9c9c7b58f9 req-30eb1e47-3627-4c0e-bd39-2e9c9c7b58f9 ] Request (ImagesOneServerNegativeTestJSON:_run_cleanups): 200 GET http://10.180.1.21/compute/v2.1/servers/99d93c01-4212-4c76-955f-b2dcfdbdca17 0.206s
2025-05-16 14:28:35.491 70053 INFO tempest.lib.common.rest_client [req-cc6fd25a-0b4f-4d1f-ba88-a5cb821cdd10 req-cc6fd25a-0b4f-4d1f-ba88-a5cb821cdd10 ] Request (ServerAddressesNegativeTestJSON:tearDownClass): 200 GET http://10.180.1.21/compute/v2.1/servers/003dd320-3467-49c5-aabe-080ecde7dcc2 0.241s
2025-05-16 14:28:35.504 70029 INFO tempest.lib.common.rest_client [req-ddf4d326-26ba-4f22-adac-37cacab7aa68 req-ddf4d326-26ba-4f22-adac-37cacab7aa68 ] Request (ServerShowV254Test:test_rebuild_server): 200 GET http://10.180.1.21/compute/v2.1/servers/6de6a293-0fc9-4b20-8f52-cbd0b644c0c0 0.225s
2025-05-16 14:28:35.556 70073 INFO tempest.lib.common.rest_client [req-7ae62d15-ced6-47c7-b053-89f9559f8586 req-7ae62d15-ced6-47c7-b053-89f9559f8586 ] Request (AttachVolumeNegativeTest:test_attach_attached_volume_to_different_server): 200 GET http://10.180.1.21/compute/v2.1/servers/b3942bc6-49d3-4260-bd82-4f6224bab80c 0.224s
2025-05-16 14:28:35.558 70039 INFO tempest.lib.common.rest_client [req-3a473913-5f84-4bc9-912d-6d41a09d17a2 req-3a473913-5f84-4bc9-912d-6d41a09d17a2 ] Request (ServersTestMultiNic:test_verify_multiple_nics_order): 200 GET http://10.180.1.21/compute/v2.1/servers/a4b7cb6a-23d1-474a-9d7f-d4b5ab968427 0.223s
2025-05-16 14:28:35.631 70087 INFO tempest.lib.common.rest_client [req-590ed5b5-3b92-4487-90c2-0084ef2f8ae2 req-590ed5b5-3b92-4487-90c2-0084ef2f8ae2 ] Request (FloatingIPsAssociationTestJSON:test_associate_already_associated_floating_ip): 200 GET http://10.180.1.21/compute/v2.1/servers/fbf78283-a645-4b46-a501-57fd0979bd10 0.236s
2025-05-16 14:28:35.692 70057 INFO tempest.lib.common.rest_client [req-6487ec1d-b21d-4674-915b-7b05cab2628e req-6487ec1d-b21d-4674-915b-7b05cab2628e ] Request (MultipleCreateTestJSON:test_multiple_create): 200 GET http://10.180.1.21/compute/v2.1/servers/12c48e81-863b-4591-b3c5-fa4e26d655b9 0.222s
2025-05-16 14:28:35.715 70049 INFO tempest.lib.common.rest_client [req-89c97d73-a1bb-493c-b244-c74c5665c437 req-89c97d73-a1bb-493c-b244-c74c5665c437 ] Request (ServerAddressesTestJSON:tearDownClass): 204 DELETE http://10.180.1.21:9696/networking/v2.0/networks/fe208d2c-6cf6-4ac9-a2b0-ad70b5bda0b6 0.341s
2025-05-16 14:28:35.721 70061 INFO tempest.lib.common.rest_client [req-23f420cf-cce0-458e-9320-664832fedb70 req-23f420cf-cce0-458e-9320-664832fedb70 ] Request (ListServerFiltersTestJSON:test_list_servers_filter_by_shutoff_status): 200 GET http://10.180.1.21/compute/v2.1/servers/70576c11-d63f-48a1-8a9f-6da8ae18b542 0.319s
2025-05-16 14:28:35.760 70043 INFO tempest.lib.common.rest_client [req-cd5ec59b-fc05-4df3-8e8b-feee4a7e2cbb req-cd5ec59b-fc05-4df3-8e8b-feee4a7e2cbb ] Request (ServersTestJSON:tearDownClass): 200 GET http://10.180.1.21/compute/v2.1/servers/17df4088-f859-480c-9010-4acf00f34c12 0.287s
2025-05-16 14:28:35.771 70037 INFO tempest.lib.common.rest_client [req-69cb0e5b-c332-4a1f-8b94-6ee41dcc85dc req-69cb0e5b-c332-4a1f-8b94-6ee41dcc85dc ] Request (ImagesTestJSON:test_create_image_from_stopped_server): 200 GET http://10.180.1.21/compute/v2.1/images/ff60a1be-bb9a-4533-ab94-b8667875154a 0.269s
2025-05-16 14:28:35.825 70079 INFO tempest.lib.common.rest_client [req-cd8ece09-f049-4544-9973-07049ef70ca7 req-cd8ece09-f049-4544-9973-07049ef70ca7 ] Request (VolumesAdminNegativeTest:test_update_attached_volume_with_nonexistent_volume_in_uri): 200 GET http://10.180.1.21/compute/v2.1/servers/ad04223c-147a-435f-a2cd-d3c73ea1ca63 0.299s
2025-05-16 14:28:35.859 70071 INFO tempest.lib.common.rest_client [req-ac7604a5-c46a-4877-a69a-a440a74d39d7 req-ac7604a5-c46a-4877-a69a-a440a74d39d7 ] Request (InstanceActionsV221TestJSON:test_get_list_deleted_instance_actions): 200 GET http://10.180.1.21/compute/v2.1/servers/735cd9c8-ca9a-4b99-a653-333b31d07751 0.279s
2025-05-16 14:28:35.888 70049 INFO tempest.lib.common.rest_client [req-68db12d2-b0aa-495c-aeee-2147d670095f req-68db12d2-b0aa-495c-aeee-2147d670095f ] Request (ServerAddressesTestJSON:tearDownClass): 204 DELETE http://10.180.1.21/identity/v3/users/e94c743d164b47e3be43077808b63f44 0.172s
2025-05-16 14:28:35.889 70049 INFO tempest.lib.common.dynamic_creds [-] Deleting project and security group for project: 739e9ba7b4614ec597bfb1c17def39cf
2025-05-16 14:28:35.916 70089 INFO tempest.lib.common.rest_client [req-a70f5b2f-0e3b-4c54-b09b-ae565b504125 req-a70f5b2f-0e3b-4c54-b09b-ae565b504125 ] Request (FloatingIPsAssociationNegativeTestJSON:tearDownClass): 200 GET http://10.180.1.21/compute/v2.1/servers/d5770133-2f67-4afd-ba07-778defd8c692 0.296s
2025-05-16 14:28:35.949 70077 INFO tempest.lib.common.rest_client [req-b48fb309-89f8-4eea-af3f-bf3dec75da80 req-b48fb309-89f8-4eea-af3f-bf3dec75da80 ] Request (MigrationsAdminTest:test_resize_server_revert_deleted_flavor): 200 GET http://10.180.1.21/compute/v2.1/servers/4458a759-c025-4325-8553-64c4fd7ebbde 0.278s
2025-05-16 14:28:35.951 70049 INFO tempest.lib.common.rest_client [req-4b0b954c-7822-4c80-aa03-0880509523c2 req-4b0b954c-7822-4c80-aa03-0880509523c2 ] Request (ServerAddressesTestJSON:tearDownClass): 200 GET http://10.180.1.21:9696/networking/v2.0/security-groups?tenant_id=739e9ba7b4614ec597bfb1c17def39cf&name=default 0.062s
2025-05-16 14:28:35.958 70077 INFO tempest.common.waiters [-] State transition "BUILD/None" ==> "BUILD/networking" after 74 second wait
2025-05-16 14:28:35.973 70063 INFO tempest.lib.common.rest_client [req-901d4104-37e4-4236-9cbc-e7bce2cf88cd req-901d4104-37e4-4236-9cbc-e7bce2cf88cd ] Request (ServerRescueNegativeTestJSON:test_rescued_vm_detach_volume): 200 GET http://10.180.1.21/compute/v2.1/servers/01618ff9-d8e5-41b5-899c-81279eb69806 0.223s
2025-05-16 14:28:36.053 70083 INFO tempest.lib.common.rest_client [req-3579cbb4-342f-4c40-bf89-a1f9d8f34178 req-3579cbb4-342f-4c40-bf89-a1f9d8f34178 ] Request (ServerRescueTestJSONUnderV235:setUpClass): 200 GET http://10.180.1.21/compute/v2.1/servers/6acc83d1-4c05-4375-946b-7b326bb650e5 0.062s
2025-05-16 14:28:36.066 70041 INFO tempest.lib.common.rest_client [req-36cfc5a9-fd5a-4d5b-b49d-727e4ad6e25a req-36cfc5a9-fd5a-4d5b-b49d-727e4ad6e25a ] Request (ServersAdminNegativeTestJSON:tearDownClass): 200 GET http://10.180.1.21/compute/v2.1/servers/8f0a0fcb-babd-406b-9468-ae0f86818589 0.151s
2025-05-16 14:28:36.129 70047 INFO tempest.lib.common.rest_client [req-648025bd-9492-4fc7-a0f6-a6e95597acbb req-648025bd-9492-4fc7-a0f6-a6e95597acbb ] Request (ServersAdminTestJSON:setUpClass): 200 GET http://10.180.1.21/compute/v2.1/servers/8f0fd12a-ac4a-4d6b-8778-e3c5dacb7204 0.065s
2025-05-16 14:28:36.147 70049 INFO tempest.lib.common.rest_client [req-faecc924-9d01-4803-adfd-caaa1bcdf79e req-faecc924-9d01-4803-adfd-caaa1bcdf79e ] Request (ServerAddressesTestJSON:tearDownClass): 204 DELETE http://10.180.1.21:9696/networking/v2.0/security-groups/08b69e17-f873-4b0a-b244-19114c7c77c4 0.195s
2025-05-16 14:28:36.204 70033 INFO tempest.lib.common.rest_client [req-469d27c5-e637-4f60-8f8f-7fdf02111bc9 req-469d27c5-e637-4f60-8f8f-7fdf02111bc9 ] Request (ServerDiskConfigTestJSON:test_rebuild_server_with_manual_disk_config): 200 GET http://10.180.1.21/compute/v2.1/servers/58199a59-81d5-4320-af6f-06a89b7091fe 0.062s
2025-05-16 14:28:36.274 70049 INFO tempest.lib.common.rest_client [req-1478d505-c69a-4ab4-b09e-85d3c35f38fd req-1478d505-c69a-4ab4-b09e-85d3c35f38fd ] Request (ServerAddressesTestJSON:tearDownClass): 204 DELETE http://10.180.1.21/identity/v3/projects/739e9ba7b4614ec597bfb1c17def39cf 0.127s
2025-05-16 14:28:36.283 70035 INFO tempest.lib.common.rest_client [req-a118b4ef-97e3-4d6f-a1d6-11cef2929a21 req-a118b4ef-97e3-4d6f-a1d6-11cef2929a21 ] Request (ServerRescueTestJSON:setUpClass): 200 GET http://10.180.1.21/compute/v2.1/servers/407887d5-5e6b-4e1a-bd96-0d2f469e9d05 0.067s
2025-05-16 14:28:36.298 70051 WARNING tempest.lib.common.ssh [-] Failed to establish authenticated ssh connection to cirros@10.180.180.155 ([Errno None] Unable to connect to port 22 on 10.180.180.155). Number attempts: 1. Retry after 2 seconds.: paramiko.ssh_exception.NoValidConnectionsError: [Errno None] Unable to connect to port 22 on 10.180.180.155
2025-05-16 14:28:36.353 70049 INFO tempest.lib.common.rest_client [req-9ee3677a-4911-4005-80ae-776b5935e45d req-9ee3677a-4911-4005-80ae-776b5935e45d ] Request (VolumesGetTestJSON:setUpClass): 201 POST http://10.180.1.21/identity/v3/auth/tokens 0.075s
2025-05-16 14:28:36.354 70067 INFO tempest.lib.common.rest_client [req-cc1eeb63-5a86-470f-a52d-b2cbbd6c8da6 req-cc1eeb63-5a86-470f-a52d-b2cbbd6c8da6 ] Request (AttachInterfacesTestJSON:test_create_list_show_delete_interfaces_by_network_port): 200 GET http://10.180.1.21/compute/v2.1/servers/13f548d5-3ca4-47c8-b01e-11d7d8e0ae82 0.073s
2025-05-16 14:28:36.400 70049 INFO tempest.lib.common.rest_client [req-3b9ac50c-e89c-454a-8570-11066eb75597 req-3b9ac50c-e89c-454a-8570-11066eb75597 ] Request (VolumesGetTestJSON:setUpClass): 201 POST http://10.180.1.21/identity/v3/auth/tokens 0.043s
2025-05-16 14:28:36.418 70045 INFO tempest.lib.common.rest_client [req-7f93f4e9-4738-4655-9731-2c2cc4d57b84 req-7f93f4e9-4738-4655-9731-2c2cc4d57b84 ] Request (ServersTestManualDisk:setUpClass): 200 GET http://10.180.1.21/compute/v2.1/servers/95df5a66-c49d-4435-835b-82d0ba35b4ce 0.062s
2025-05-16 14:28:36.436 70049 INFO tempest.lib.common.rest_client [req-bd83023a-d8d0-42f9-b89b-c5b0496fc608 req-bd83023a-d8d0-42f9-b89b-c5b0496fc608 ] Request (VolumesGetTestJSON:setUpClass): 200 GET http://10.180.1.21/identity/v3/domains?name=Default 0.036s
2025-05-16 14:28:36.490 70049 INFO tempest.lib.common.rest_client [req-81d67777-e9a0-4d3c-85a5-242b0f40a3fd req-81d67777-e9a0-4d3c-85a5-242b0f40a3fd ] Request (VolumesGetTestJSON:setUpClass): 201 POST http://10.180.1.21/identity/v3/projects 0.054s
2025-05-16 14:28:36.501 70069 INFO tempest.lib.common.rest_client [req-d7c46577-2f9e-4857-9da4-2dd8bc25ef1d req-d7c46577-2f9e-4857-9da4-2dd8bc25ef1d ] Request (ServersWithSpecificFlavorTestJSON:test_verify_created_server_ephemeral_disk): 200 GET http://10.180.1.21/compute/v2.1/servers/8dc903b3-a705-4733-a6d2-14dcb9fd104a 0.094s
2025-05-16 14:28:36.504 70027 INFO tempest.lib.common.rest_client [req-4e65a4fc-f7db-41d5-b8a6-8fe3ffb9faee req-4e65a4fc-f7db-41d5-b8a6-8fe3ffb9faee ] Request (ImagesOneServerNegativeTestJSON:_run_cleanups): 200 GET http://10.180.1.21/compute/v2.1/servers/99d93c01-4212-4c76-955f-b2dcfdbdca17 0.078s
2025-05-16 14:28:36.561 70049 INFO tempest.lib.common.rest_client [req-1bdb47f0-52aa-4f8d-8d72-b0349ae77652 req-1bdb47f0-52aa-4f8d-8d72-b0349ae77652 ] Request (VolumesGetTestJSON:setUpClass): 201 POST http://10.180.1.21/identity/v3/users 0.069s
2025-05-16 14:28:36.571 70053 INFO tempest.lib.common.rest_client [req-88f56df3-9f8d-4d38-94ab-9979059f1828 req-88f56df3-9f8d-4d38-94ab-9979059f1828 ] Request (ServerAddressesNegativeTestJSON:tearDownClass): 200 GET http://10.180.1.21/compute/v2.1/servers/003dd320-3467-49c5-aabe-080ecde7dcc2 0.071s
2025-05-16 14:28:36.589 70029 INFO tempest.lib.common.rest_client [req-71201416-6433-49ec-a3e8-197c1b702352 req-71201416-6433-49ec-a3e8-197c1b702352 ] Request (ServerShowV254Test:test_rebuild_server): 200 GET http://10.180.1.21/compute/v2.1/servers/6de6a293-0fc9-4b20-8f52-cbd0b644c0c0 0.073s
2025-05-16 14:28:36.593 70049 INFO tempest.lib.common.rest_client [req-1ccc2552-6c20-4c62-87bb-26ad2e055ef0 req-1ccc2552-6c20-4c62-87bb-26ad2e055ef0 ] Request (VolumesGetTestJSON:setUpClass): 200 GET http://10.180.1.21/identity/v3/roles 0.031s
2025-05-16 14:28:36.632 70049 INFO tempest.lib.common.rest_client [req-1d166c54-77bc-4af2-a77a-80d3c833258e req-1d166c54-77bc-4af2-a77a-80d3c833258e ] Request (VolumesGetTestJSON:setUpClass): 204 PUT http://10.180.1.21/identity/v3/projects/3ef380b2094745c08e0e9b046bb43d53/users/463cacbd963d480a989675b02d571da5/roles/b232d641ec92499db1cadee25faf2b48 0.039s
2025-05-16 14:28:36.632 70049 INFO tempest.lib.common.dynamic_creds [-] Dynamic test user 463cacbd963d480a989675b02d571da5 is created with scope project and roles: ['member']
2025-05-16 14:28:36.632 70049 INFO tempest.lib.common.dynamic_creds [-] Acquired dynamic creds: credentials: Credentials: {'domain_id': 'default', 'domain_name': 'Default', 'username': 'tempest-VolumesGetTestJSON-1049425621-project-member', 'project_domain_id': 'default', 'project_domain_name': 'Default', 'project_id': '3ef380b2094745c08e0e9b046bb43d53', 'project_name': 'tempest-VolumesGetTestJSON-1049425621', 'tenant_id': '3ef380b2094745c08e0e9b046bb43d53', 'tenant_name': 'tempest-VolumesGetTestJSON-1049425621', 'user_domain_id': 'default', 'user_domain_name': 'Default', 'user_id': '463cacbd963d480a989675b02d571da5', 'system': None}, Network: None, Subnet: None, Router: None
2025-05-16 14:28:36.633 70049 INFO tempest.lib.common.dynamic_creds [-] Created isolated network resources for: credentials: Credentials: {'domain_id': 'default', 'domain_name': 'Default', 'username': 'tempest-VolumesGetTestJSON-1049425621-project-member', 'project_domain_id': 'default', 'project_domain_name': 'Default', 'project_id': '3ef380b2094745c08e0e9b046bb43d53', 'project_name': 'tempest-VolumesGetTestJSON-1049425621', 'tenant_id': '3ef380b2094745c08e0e9b046bb43d53', 'tenant_name': 'tempest-VolumesGetTestJSON-1049425621', 'user_domain_id': 'default', 'user_domain_name': 'Default', 'user_id': '463cacbd963d480a989675b02d571da5', 'system': None}, Network: None, Subnet: None, Router: None
2025-05-16 14:28:36.648 70073 INFO tempest.lib.common.rest_client [req-c77d39c6-1dc6-45f9-a7c6-011213b0fdb3 req-c77d39c6-1dc6-45f9-a7c6-011213b0fdb3 ] Request (AttachVolumeNegativeTest:test_attach_attached_volume_to_different_server): 200 GET http://10.180.1.21/compute/v2.1/servers/b3942bc6-49d3-4260-bd82-4f6224bab80c 0.083s
2025-05-16 14:28:36.667 70039 INFO tempest.lib.common.rest_client [req-c68a7d71-585f-45bd-9065-a764d05691c5 req-c68a7d71-585f-45bd-9065-a764d05691c5 ] Request (ServersTestMultiNic:test_verify_multiple_nics_order): 200 GET http://10.180.1.21/compute/v2.1/servers/a4b7cb6a-23d1-474a-9d7f-d4b5ab968427 0.101s
2025-05-16 14:28:36.708 70087 INFO tempest.lib.common.rest_client [req-3346a0c8-a776-482f-a928-61d9ecbe76b9 req-3346a0c8-a776-482f-a928-61d9ecbe76b9 ] Request (FloatingIPsAssociationTestJSON:test_associate_already_associated_floating_ip): 200 GET http://10.180.1.21/compute/v2.1/servers/fbf78283-a645-4b46-a501-57fd0979bd10 0.068s
2025-05-16 14:28:36.735 70049 INFO tempest.lib.common.rest_client [req-a793b309-bf5d-4f44-80b7-d1d3006cb6cb req-a793b309-bf5d-4f44-80b7-d1d3006cb6cb ] Request (VolumesGetTestJSON:setUpClass): 201 POST http://10.180.1.21/identity/v3/auth/tokens 0.099s
2025-05-16 14:28:36.783 70057 INFO tempest.lib.common.rest_client [req-8e159f93-c4e6-4d25-a440-4a1d571c28d9 req-8e159f93-c4e6-4d25-a440-4a1d571c28d9 ] Request (MultipleCreateTestJSON:test_multiple_create): 200 GET http://10.180.1.21/compute/v2.1/servers/12c48e81-863b-4591-b3c5-fa4e26d655b9 0.075s
2025-05-16 14:28:36.861 70061 INFO tempest.lib.common.rest_client [req-dda2f6da-3cce-4b74-a18f-38a866c2f568 req-dda2f6da-3cce-4b74-a18f-38a866c2f568 ] Request (ListServerFiltersTestJSON:test_list_servers_filter_by_shutoff_status): 200 GET http://10.180.1.21/compute/v2.1/servers/70576c11-d63f-48a1-8a9f-6da8ae18b542 0.131s
2025-05-16 14:28:36.936 70043 INFO tempest.lib.common.rest_client [req-5e1ce5d8-e1a4-4d2d-bd39-6dd11ae7540c req-5e1ce5d8-e1a4-4d2d-bd39-6dd11ae7540c ] Request (ServersTestJSON:tearDownClass): 200 GET http://10.180.1.21/compute/v2.1/servers/17df4088-f859-480c-9010-4acf00f34c12 0.164s
2025-05-16 14:28:36.979 70037 INFO tempest.lib.common.rest_client [req-f63e95ac-dab5-4042-88ce-a7007310c39d req-f63e95ac-dab5-4042-88ce-a7007310c39d ] Request (ImagesTestJSON:test_create_image_from_stopped_server): 200 GET http://10.180.1.21/compute/v2.1/images/ff60a1be-bb9a-4533-ab94-b8667875154a 0.200s
2025-05-16 14:28:37.034 70079 INFO tempest.lib.common.rest_client [req-f1e3a73b-fed5-4de8-86bd-0f078d5eee11 req-f1e3a73b-fed5-4de8-86bd-0f078d5eee11 ] Request (VolumesAdminNegativeTest:test_update_attached_volume_with_nonexistent_volume_in_uri): 200 GET http://10.180.1.21/compute/v2.1/servers/ad04223c-147a-435f-a2cd-d3c73ea1ca63 0.197s
2025-05-16 14:28:37.049 70049 INFO tempest.lib.common.rest_client [req-c4a90dca-ca6c-4895-83c0-06e831c06bf2 req-c4a90dca-ca6c-4895-83c0-06e831c06bf2 ] Request (VolumesGetTestJSON:test_volume_create_get_delete): 200 POST http://10.180.1.21/compute/v2.1/os-volumes 0.312s
2025-05-16 14:28:37.087 70071 INFO tempest.lib.common.rest_client [req-1cdb18dc-6d08-4c9a-bc13-68863e6ef5ec req-1cdb18dc-6d08-4c9a-bc13-68863e6ef5ec ] Request (InstanceActionsV221TestJSON:test_get_list_deleted_instance_actions): 200 GET http://10.180.1.21/compute/v2.1/servers/735cd9c8-ca9a-4b99-a653-333b31d07751 0.213s
2025-05-16 14:28:37.110 70089 INFO tempest.lib.common.rest_client [req-54879569-9440-4082-948d-fbbff27e220b req-54879569-9440-4082-948d-fbbff27e220b ] Request (FloatingIPsAssociationNegativeTestJSON:tearDownClass): 200 GET http://10.180.1.21/compute/v2.1/servers/d5770133-2f67-4afd-ba07-778defd8c692 0.186s
2025-05-16 14:28:37.184 70063 INFO tempest.lib.common.rest_client [req-2fd0c50f-2ba8-4a00-99b6-18d1ca8371a6 req-2fd0c50f-2ba8-4a00-99b6-18d1ca8371a6 ] Request (ServerRescueNegativeTestJSON:test_rescued_vm_detach_volume): 200 GET http://10.180.1.21/compute/v2.1/servers/01618ff9-d8e5-41b5-899c-81279eb69806 0.199s
2025-05-16 14:28:37.211 70077 INFO tempest.lib.common.rest_client [req-579133f4-5d6b-448a-98df-5357bcfcbe62 req-579133f4-5d6b-448a-98df-5357bcfcbe62 ] Request (MigrationsAdminTest:test_resize_server_revert_deleted_flavor): 200 GET http://10.180.1.21/compute/v2.1/servers/4458a759-c025-4325-8553-64c4fd7ebbde 0.252s
2025-05-16 14:28:37.219 70077 INFO tempest.common.waiters [-] State transition "BUILD/networking" ==> "BUILD/spawning" after 76 second wait
2025-05-16 14:28:37.228 70049 INFO tempest.lib.common.rest_client [req-9b7a59fb-069f-48f6-91cc-338f224eb180 req-9b7a59fb-069f-48f6-91cc-338f224eb180 ] Request (VolumesGetTestJSON:test_volume_create_get_delete): 200 GET http://10.180.1.21/compute/v2.1/os-volumes/c1e777d5-ea34-4b89-a3fd-8202818cf241 0.176s
2025-05-16 14:28:37.230 70049 INFO tempest.common.waiters [-] volume c1e777d5-ea34-4b89-a3fd-8202818cf241 reached available after waiting for 0.230699 seconds
2025-05-16 14:28:37.265 70083 INFO tempest.lib.common.rest_client [req-9634c63e-c294-4356-9e1b-10b9b5d393bb req-9634c63e-c294-4356-9e1b-10b9b5d393bb ] Request (ServerRescueTestJSONUnderV235:setUpClass): 200 GET http://10.180.1.21/compute/v2.1/servers/6acc83d1-4c05-4375-946b-7b326bb650e5 0.202s
2025-05-16 14:28:37.285 70041 INFO tempest.lib.common.rest_client [req-4146b79c-ee29-48c0-ab4c-2cb41bd3c74f req-4146b79c-ee29-48c0-ab4c-2cb41bd3c74f ] Request (ServersAdminNegativeTestJSON:tearDownClass): 200 GET http://10.180.1.21/compute/v2.1/servers/8f0a0fcb-babd-406b-9468-ae0f86818589 0.210s
2025-05-16 14:28:37.293 70041 INFO tempest.common.waiters [-] State transition "ACTIVE/deleting" ==> "DELETED/None" after 4 second wait
2025-05-16 14:28:37.318 70047 INFO tempest.lib.common.rest_client [req-a9c12bec-897e-4406-960f-5d393b48217b req-a9c12bec-897e-4406-960f-5d393b48217b ] Request (ServersAdminTestJSON:setUpClass): 200 GET http://10.180.1.21/compute/v2.1/servers/8f0fd12a-ac4a-4d6b-8778-e3c5dacb7204 0.181s
2025-05-16 14:28:37.334 70033 INFO tempest.lib.common.rest_client [req-6963a93a-6a1f-457b-8220-434145ea5082 req-6963a93a-6a1f-457b-8220-434145ea5082 ] Request (ServerDiskConfigTestJSON:test_rebuild_server_with_manual_disk_config): 200 GET http://10.180.1.21/compute/v2.1/servers/58199a59-81d5-4320-af6f-06a89b7091fe 0.122s
2025-05-16 14:28:37.353 70049 INFO tempest.lib.common.rest_client [req-2121ebbd-841e-4ba9-9170-cc8e77edaf74 req-2121ebbd-841e-4ba9-9170-cc8e77edaf74 ] Request (VolumesGetTestJSON:test_volume_create_get_delete): 200 GET http://10.180.1.21/compute/v2.1/os-volumes/c1e777d5-ea34-4b89-a3fd-8202818cf241 0.122s
2025-05-16 14:28:37.385 70035 INFO tempest.lib.common.rest_client [req-41443f30-027f-4c6d-9c0e-6e13c21e6807 req-41443f30-027f-4c6d-9c0e-6e13c21e6807 ] Request (ServerRescueTestJSON:setUpClass): 200 GET http://10.180.1.21/compute/v2.1/servers/407887d5-5e6b-4e1a-bd96-0d2f469e9d05 0.093s
2025-05-16 14:28:37.418 70049 INFO tempest.lib.common.rest_client [req-6e6b967c-55cc-4899-81b7-00c1bc3387e1 req-6e6b967c-55cc-4899-81b7-00c1bc3387e1 ] Request (VolumesGetTestJSON:tearDownClass): 202 DELETE http://10.180.1.21/compute/v2.1/os-volumes/c1e777d5-ea34-4b89-a3fd-8202818cf241 0.056s
2025-05-16 14:28:37.435 70067 INFO tempest.lib.common.rest_client [req-99719cee-0dce-48d3-bcbc-31af8916a115 req-99719cee-0dce-48d3-bcbc-31af8916a115 ] Request (AttachInterfacesTestJSON:test_create_list_show_delete_interfaces_by_network_port): 200 GET http://10.180.1.21/compute/v2.1/servers/13f548d5-3ca4-47c8-b01e-11d7d8e0ae82 0.073s
2025-05-16 14:28:37.452 70049 INFO tempest.lib.common.rest_client [req-52031eb4-1a65-445e-8d8b-128c8f3f65ad req-52031eb4-1a65-445e-8d8b-128c8f3f65ad ] Request (VolumesGetTestJSON:tearDownClass): 200 GET http://10.180.1.21/compute/v2.1/os-volumes/c1e777d5-ea34-4b89-a3fd-8202818cf241 0.034s
2025-05-16 14:28:37.487 70045 INFO tempest.lib.common.rest_client [req-94b43b90-6715-43a4-af3d-520af47b86e5 req-94b43b90-6715-43a4-af3d-520af47b86e5 ] Request (ServersTestManualDisk:setUpClass): 200 GET http://10.180.1.21/compute/v2.1/servers/95df5a66-c49d-4435-835b-82d0ba35b4ce 0.062s
2025-05-16 14:28:37.572 70027 INFO tempest.lib.common.rest_client [req-1e584a59-e2ef-4988-b05f-6b6c84bfa908 req-1e584a59-e2ef-4988-b05f-6b6c84bfa908 ] Request (ImagesOneServerNegativeTestJSON:_run_cleanups): 200 GET http://10.180.1.21/compute/v2.1/servers/99d93c01-4212-4c76-955f-b2dcfdbdca17 0.060s
2025-05-16 14:28:37.579 70069 INFO tempest.lib.common.rest_client [req-894e042e-d12b-4e44-a978-d36cb4c6c675 req-894e042e-d12b-4e44-a978-d36cb4c6c675 ] Request (ServersWithSpecificFlavorTestJSON:test_verify_created_server_ephemeral_disk): 200 GET http://10.180.1.21/compute/v2.1/servers/8dc903b3-a705-4733-a6d2-14dcb9fd104a 0.070s
2025-05-16 14:28:37.651 70053 INFO tempest.lib.common.rest_client [req-7d274084-5bb5-4fd5-b591-8fcd1ac14743 req-7d274084-5bb5-4fd5-b591-8fcd1ac14743 ] Request (ServerAddressesNegativeTestJSON:tearDownClass): 200 GET http://10.180.1.21/compute/v2.1/servers/003dd320-3467-49c5-aabe-080ecde7dcc2 0.066s
2025-05-16 14:28:37.662 70029 INFO tempest.lib.common.rest_client [req-2240f53d-060a-4350-86db-a35a836900b9 req-2240f53d-060a-4350-86db-a35a836900b9 ] Request (ServerShowV254Test:test_rebuild_server): 200 GET http://10.180.1.21/compute/v2.1/servers/6de6a293-0fc9-4b20-8f52-cbd0b644c0c0 0.057s
2025-05-16 14:28:37.713 70073 INFO tempest.lib.common.rest_client [req-a684464d-3d14-45bb-9328-dbc176e5dfa4 req-a684464d-3d14-45bb-9328-dbc176e5dfa4 ] Request (AttachVolumeNegativeTest:test_attach_attached_volume_to_different_server): 200 GET http://10.180.1.21/compute/v2.1/servers/b3942bc6-49d3-4260-bd82-4f6224bab80c 0.053s
2025-05-16 14:28:37.732 70039 INFO tempest.lib.common.rest_client [req-8ab43cc3-1169-4a0c-90b1-36e63236b7d2 req-8ab43cc3-1169-4a0c-90b1-36e63236b7d2 ] Request (ServersTestMultiNic:test_verify_multiple_nics_order): 200 GET http://10.180.1.21/compute/v2.1/servers/a4b7cb6a-23d1-474a-9d7f-d4b5ab968427 0.053s
2025-05-16 14:28:37.778 70087 INFO tempest.lib.common.rest_client [req-d4b24a37-dcb6-4fc2-ae5f-603e50caa5f7 req-d4b24a37-dcb6-4fc2-ae5f-603e50caa5f7 ] Request (FloatingIPsAssociationTestJSON:test_associate_already_associated_floating_ip): 200 GET http://10.180.1.21/compute/v2.1/servers/fbf78283-a645-4b46-a501-57fd0979bd10 0.058s
2025-05-16 14:28:37.851 70057 INFO tempest.lib.common.rest_client [req-093b0e09-405a-4fce-9487-2d4d9a819028 req-093b0e09-405a-4fce-9487-2d4d9a819028 ] Request (MultipleCreateTestJSON:test_multiple_create): 200 GET http://10.180.1.21/compute/v2.1/servers/12c48e81-863b-4591-b3c5-fa4e26d655b9 0.057s
2025-05-16 14:28:37.971 70061 INFO tempest.lib.common.rest_client [req-3e5fc6eb-f472-4637-8728-f70500599b29 req-3e5fc6eb-f472-4637-8728-f70500599b29 ] Request (ListServerFiltersTestJSON:test_list_servers_filter_by_shutoff_status): 200 GET http://10.180.1.21/compute/v2.1/servers/70576c11-d63f-48a1-8a9f-6da8ae18b542 0.100s
2025-05-16 14:28:38.017 70043 INFO tempest.lib.common.rest_client [req-ae5f91f9-5512-4a5a-a80e-b0032263e884 req-ae5f91f9-5512-4a5a-a80e-b0032263e884 ] Request (ServersTestJSON:tearDownClass): 200 GET http://10.180.1.21/compute/v2.1/servers/17df4088-f859-480c-9010-4acf00f34c12 0.074s
2025-05-16 14:28:38.039 70037 INFO tempest.lib.common.rest_client [req-da0099c1-1758-4a78-8c45-9105846bc210 req-da0099c1-1758-4a78-8c45-9105846bc210 ] Request (ImagesTestJSON:test_create_image_from_stopped_server): 200 GET http://10.180.1.21/compute/v2.1/images/ff60a1be-bb9a-4533-ab94-b8667875154a 0.056s
2025-05-16 14:28:38.099 70079 INFO tempest.lib.common.rest_client [req-fe880aab-6691-4bb5-896d-324b2a1abd75 req-fe880aab-6691-4bb5-896d-324b2a1abd75 ] Request (VolumesAdminNegativeTest:test_update_attached_volume_with_nonexistent_volume_in_uri): 200 GET http://10.180.1.21/compute/v2.1/servers/ad04223c-147a-435f-a2cd-d3c73ea1ca63 0.055s
2025-05-16 14:28:38.158 70071 INFO tempest.lib.common.rest_client [req-8960611c-3852-4b8e-ac03-bc9f9ed5a490 req-8960611c-3852-4b8e-ac03-bc9f9ed5a490 ] Request (InstanceActionsV221TestJSON:test_get_list_deleted_instance_actions): 200 GET http://10.180.1.21/compute/v2.1/servers/735cd9c8-ca9a-4b99-a653-333b31d07751 0.060s
2025-05-16 14:28:38.184 70089 INFO tempest.lib.common.rest_client [req-f462aa48-478e-4de4-8498-bf7f69285412 req-f462aa48-478e-4de4-8498-bf7f69285412 ] Request (FloatingIPsAssociationNegativeTestJSON:tearDownClass): 200 GET http://10.180.1.21/compute/v2.1/servers/d5770133-2f67-4afd-ba07-778defd8c692 0.066s
2025-05-16 14:28:38.249 70063 INFO tempest.lib.common.rest_client [req-be409682-82ef-40b1-8235-ccc8075c940a req-be409682-82ef-40b1-8235-ccc8075c940a ] Request (ServerRescueNegativeTestJSON:test_rescued_vm_detach_volume): 200 GET http://10.180.1.21/compute/v2.1/servers/01618ff9-d8e5-41b5-899c-81279eb69806 0.054s
2025-05-16 14:28:38.330 70083 INFO tempest.lib.common.rest_client [req-26deb56d-636f-4631-b3c4-3943124bef56 req-26deb56d-636f-4631-b3c4-3943124bef56 ] Request (ServerRescueTestJSONUnderV235:setUpClass): 200 GET http://10.180.1.21/compute/v2.1/servers/6acc83d1-4c05-4375-946b-7b326bb650e5 0.056s
2025-05-16 14:28:38.336 70077 INFO tempest.lib.common.rest_client [req-5f7c7d45-f761-4b87-b67b-d2d2fa870584 req-5f7c7d45-f761-4b87-b67b-d2d2fa870584 ] Request (MigrationsAdminTest:test_resize_server_revert_deleted_flavor): 200 GET http://10.180.1.21/compute/v2.1/servers/4458a759-c025-4325-8553-64c4fd7ebbde 0.116s
2025-05-16 14:28:38.395 70041 INFO tempest.lib.common.rest_client [req-42e2f39a-077b-4d12-bd37-a255787d28ac req-42e2f39a-077b-4d12-bd37-a255787d28ac ] Request (ServersAdminNegativeTestJSON:tearDownClass): 200 GET http://10.180.1.21/compute/v2.1/servers/8f0a0fcb-babd-406b-9468-ae0f86818589 0.101s
2025-05-16 14:28:38.396 70047 INFO tempest.lib.common.rest_client [req-ac5b4f2c-4c0f-4b79-a5a5-fee1eeb3492d req-ac5b4f2c-4c0f-4b79-a5a5-fee1eeb3492d ] Request (ServersAdminTestJSON:setUpClass): 200 GET http://10.180.1.21/compute/v2.1/servers/8f0fd12a-ac4a-4d6b-8778-e3c5dacb7204 0.068s
2025-05-16 14:28:38.451 70035 INFO tempest.lib.common.rest_client [req-1c5e3ccc-0d46-445e-a8a2-e5a33ebdcc72 req-1c5e3ccc-0d46-445e-a8a2-e5a33ebdcc72 ] Request (ServerRescueTestJSON:setUpClass): 200 GET http://10.180.1.21/compute/v2.1/servers/407887d5-5e6b-4e1a-bd96-0d2f469e9d05 0.058s
2025-05-16 14:28:38.455 70033 INFO tempest.lib.common.rest_client [req-233f1d28-cce1-42a6-9d68-18cb24c926e7 req-233f1d28-cce1-42a6-9d68-18cb24c926e7 ] Request (ServerDiskConfigTestJSON:test_rebuild_server_with_manual_disk_config): 200 GET http://10.180.1.21/compute/v2.1/servers/58199a59-81d5-4320-af6f-06a89b7091fe 0.111s
2025-05-16 14:28:38.487 70049 INFO tempest.lib.common.rest_client [req-ad05a383-b452-4937-be06-466fadebfdb3 req-ad05a383-b452-4937-be06-466fadebfdb3 ] Request (VolumesGetTestJSON:tearDownClass): 404 GET http://10.180.1.21/compute/v2.1/os-volumes/c1e777d5-ea34-4b89-a3fd-8202818cf241 0.029s
2025-05-16 14:28:38.510 70067 INFO tempest.lib.common.rest_client [req-76788ee5-fb83-4f6b-a9aa-5b5efd49c758 req-76788ee5-fb83-4f6b-a9aa-5b5efd49c758 ] Request (AttachInterfacesTestJSON:test_create_list_show_delete_interfaces_by_network_port): 200 GET http://10.180.1.21/compute/v2.1/servers/13f548d5-3ca4-47c8-b01e-11d7d8e0ae82 0.066s
2025-05-16 14:28:38.590 70045 INFO tempest.lib.common.rest_client [req-ac8b0797-cff1-4e28-95aa-11f5094f1c17 req-ac8b0797-cff1-4e28-95aa-11f5094f1c17 ] Request (ServersTestManualDisk:setUpClass): 200 GET http://10.180.1.21/compute/v2.1/servers/95df5a66-c49d-4435-835b-82d0ba35b4ce 0.088s
2025-05-16 14:28:38.600 70045 INFO tempest.common.waiters [-] State transition "BUILD/None" ==> "BUILD/networking" after 76 second wait
2025-05-16 14:28:38.696 70027 INFO tempest.lib.common.rest_client [req-90089bb3-f14a-4fc9-b385-67e8d120bc4f req-90089bb3-f14a-4fc9-b385-67e8d120bc4f ] Request (ImagesOneServerNegativeTestJSON:_run_cleanups): 200 GET http://10.180.1.21/compute/v2.1/servers/99d93c01-4212-4c76-955f-b2dcfdbdca17 0.117s
2025-05-16 14:28:38.699 70069 INFO tempest.lib.common.rest_client [req-67f4432a-8d24-4cf7-95eb-aa9e208a3d9e req-67f4432a-8d24-4cf7-95eb-aa9e208a3d9e ] Request (ServersWithSpecificFlavorTestJSON:test_verify_created_server_ephemeral_disk): 200 GET http://10.180.1.21/compute/v2.1/servers/8dc903b3-a705-4733-a6d2-14dcb9fd104a 0.110s
2025-05-16 14:28:38.741 70053 INFO tempest.lib.common.rest_client [req-983898ec-f0ca-409b-9824-a6d6bdeb0c2a req-983898ec-f0ca-409b-9824-a6d6bdeb0c2a ] Request (ServerAddressesNegativeTestJSON:tearDownClass): 404 GET http://10.180.1.21/compute/v2.1/servers/003dd320-3467-49c5-aabe-080ecde7dcc2 0.076s
2025-05-16 14:28:38.758 70049 INFO tempest.lib.common.rest_client [req-8ec054f7-6eda-482b-83ab-615d3344b00c req-8ec054f7-6eda-482b-83ab-615d3344b00c ] Request (VolumesGetTestJSON:tearDownClass): 204 DELETE http://10.180.1.21/identity/v3/users/463cacbd963d480a989675b02d571da5 0.270s
2025-05-16 14:28:38.759 70049 INFO tempest.lib.common.dynamic_creds [-] Deleting project and security group for project: 3ef380b2094745c08e0e9b046bb43d53
2025-05-16 14:28:38.821 70029 INFO tempest.lib.common.rest_client [req-f6f5c8a4-d667-4b06-8917-9682487baeb4 req-f6f5c8a4-d667-4b06-8917-9682487baeb4 ] Request (ServerShowV254Test:test_rebuild_server): 200 GET http://10.180.1.21/compute/v2.1/servers/6de6a293-0fc9-4b20-8f52-cbd0b644c0c0 0.149s
2025-05-16 14:28:38.824 70073 INFO tempest.lib.common.rest_client [req-53f3e1f8-999e-4107-9713-9939e6617c56 req-53f3e1f8-999e-4107-9713-9939e6617c56 ] Request (AttachVolumeNegativeTest:test_attach_attached_volume_to_different_server): 200 GET http://10.180.1.21/compute/v2.1/servers/b3942bc6-49d3-4260-bd82-4f6224bab80c 0.102s
2025-05-16 14:28:38.855 70049 INFO tempest.lib.common.rest_client [req-19e9ce67-4433-4184-bbfa-25b4520e3a7b req-19e9ce67-4433-4184-bbfa-25b4520e3a7b ] Request (VolumesGetTestJSON:tearDownClass): 201 POST http://10.180.1.21/identity/v3/auth/tokens 0.094s
2025-05-16 14:28:38.913 70039 INFO tempest.lib.common.rest_client [req-43d10248-ad5c-4ce3-8d1f-f70b6753544d req-43d10248-ad5c-4ce3-8d1f-f70b6753544d ] Request (ServersTestMultiNic:test_verify_multiple_nics_order): 200 GET http://10.180.1.21/compute/v2.1/servers/a4b7cb6a-23d1-474a-9d7f-d4b5ab968427 0.172s
2025-05-16 14:28:38.917 70087 INFO tempest.lib.common.rest_client [req-5bee6f70-f6de-4ca5-a369-a0bf55d396a7 req-5bee6f70-f6de-4ca5-a369-a0bf55d396a7 ] Request (FloatingIPsAssociationTestJSON:test_associate_already_associated_floating_ip): 200 GET http://10.180.1.21/compute/v2.1/servers/fbf78283-a645-4b46-a501-57fd0979bd10 0.131s
2025-05-16 14:28:38.984 70057 INFO tempest.lib.common.rest_client [req-2cb401e4-dbb1-4289-a759-64d96723b6e4 req-2cb401e4-dbb1-4289-a759-64d96723b6e4 ] Request (MultipleCreateTestJSON:test_multiple_create): 200 GET http://10.180.1.21/compute/v2.1/servers/12c48e81-863b-4591-b3c5-fa4e26d655b9 0.126s
2025-05-16 14:28:39.131 70043 INFO tempest.lib.common.rest_client [req-d218f549-214a-455d-b507-00eb3c7a1faa req-d218f549-214a-455d-b507-00eb3c7a1faa ] Request (ServersTestJSON:tearDownClass): 200 GET http://10.180.1.21/compute/v2.1/servers/17df4088-f859-480c-9010-4acf00f34c12 0.103s
2025-05-16 14:28:39.178 70037 INFO tempest.lib.common.rest_client [req-4b0f0e2d-bd01-45a5-b9ce-c2c2dc8ada77 req-4b0f0e2d-bd01-45a5-b9ce-c2c2dc8ada77 ] Request (ImagesTestJSON:test_create_image_from_stopped_server): 200 GET http://10.180.1.21/compute/v2.1/images/ff60a1be-bb9a-4533-ab94-b8667875154a 0.135s
2025-05-16 14:28:39.191 70049 INFO tempest.lib.common.rest_client [req-ce9e6862-32f5-4c3f-8bf8-3302863404a1 req-ce9e6862-32f5-4c3f-8bf8-3302863404a1 ] Request (VolumesGetTestJSON:tearDownClass): 200 GET http://10.180.1.21:9696/networking/v2.0/security-groups?tenant_id=3ef380b2094745c08e0e9b046bb43d53&name=default 0.335s
2025-05-16 14:28:39.201 70061 INFO tempest.lib.common.rest_client [req-f902b78d-403d-450d-8ad5-dfb23b270691 req-f902b78d-403d-450d-8ad5-dfb23b270691 ] Request (ListServerFiltersTestJSON:test_list_servers_filter_by_shutoff_status): 200 GET http://10.180.1.21/compute/v2.1/servers/70576c11-d63f-48a1-8a9f-6da8ae18b542 0.222s
2025-05-16 14:28:39.208 70061 INFO tempest.common.waiters [-] State transition "SHUTOFF/powering-on" ==> "ACTIVE/None" after 5 second wait
2025-05-16 14:28:39.250 70079 INFO tempest.lib.common.rest_client [req-3d7837f7-bf50-4c58-9a8b-905d3b853c42 req-3d7837f7-bf50-4c58-9a8b-905d3b853c42 ] Request (VolumesAdminNegativeTest:test_update_attached_volume_with_nonexistent_volume_in_uri): 200 GET http://10.180.1.21/compute/v2.1/servers/ad04223c-147a-435f-a2cd-d3c73ea1ca63 0.142s
2025-05-16 14:28:39.269 70071 INFO tempest.lib.common.rest_client [req-7d65255f-238d-4f42-93f6-cbc5f6df3029 req-7d65255f-238d-4f42-93f6-cbc5f6df3029 ] Request (InstanceActionsV221TestJSON:test_get_list_deleted_instance_actions): 200 GET http://10.180.1.21/compute/v2.1/servers/735cd9c8-ca9a-4b99-a653-333b31d07751 0.103s
2025-05-16 14:28:39.278 70061 INFO tempest.lib.common.rest_client [req-0c28cae4-36f5-49c4-b756-15ded7006d53 req-0c28cae4-36f5-49c4-b756-15ded7006d53 ] Request (ListServerFiltersTestJSON:test_list_servers_filter_by_zero_limit): 200 GET http://10.180.1.21/compute/v2.1/servers?limit=0 0.067s
2025-05-16 14:28:39.337 70089 INFO tempest.lib.common.rest_client [req-60ebf2cb-dfe7-4d9d-aaa3-b08f6c0bbddd req-60ebf2cb-dfe7-4d9d-aaa3-b08f6c0bbddd ] Request (FloatingIPsAssociationNegativeTestJSON:tearDownClass): 200 GET http://10.180.1.21/compute/v2.1/servers/d5770133-2f67-4afd-ba07-778defd8c692 0.145s
2025-05-16 14:28:39.346 70063 INFO tempest.lib.common.rest_client [req-f8ff93c1-7c60-458e-b0ca-f473f5b2be18 req-f8ff93c1-7c60-458e-b0ca-f473f5b2be18 ] Request (ServerRescueNegativeTestJSON:test_rescued_vm_detach_volume): 200 GET http://10.180.1.21/compute/v2.1/servers/01618ff9-d8e5-41b5-899c-81279eb69806 0.085s
2025-05-16 14:28:39.362 70051 WARNING tempest.lib.common.ssh [-] Failed to establish authenticated ssh connection to cirros@10.180.180.155 ([Errno None] Unable to connect to port 22 on 10.180.180.155). Number attempts: 2. Retry after 3 seconds.: paramiko.ssh_exception.NoValidConnectionsError: [Errno None] Unable to connect to port 22 on 10.180.180.155
2025-05-16 14:28:39.367 70049 INFO tempest.lib.common.rest_client [req-21c36c56-3bb8-4bed-91a5-6c23a1763ad3 req-21c36c56-3bb8-4bed-91a5-6c23a1763ad3 ] Request (VolumesGetTestJSON:tearDownClass): 204 DELETE http://10.180.1.21:9696/networking/v2.0/security-groups/2d182810-b96f-4a39-9bd4-a88f1bc1c232 0.176s
2025-05-16 14:28:39.428 70083 INFO tempest.lib.common.rest_client [req-549933dd-5abb-4d38-96d2-0d9795b264ad req-549933dd-5abb-4d38-96d2-0d9795b264ad ] Request (ServerRescueTestJSONUnderV235:setUpClass): 200 GET http://10.180.1.21/compute/v2.1/servers/6acc83d1-4c05-4375-946b-7b326bb650e5 0.086s
2025-05-16 14:28:39.441 70049 INFO tempest.lib.common.rest_client [req-d7e88c98-9dd5-4633-a07b-7067e995c214 req-d7e88c98-9dd5-4633-a07b-7067e995c214 ] Request (VolumesGetTestJSON:tearDownClass): 204 DELETE http://10.180.1.21/identity/v3/projects/3ef380b2094745c08e0e9b046bb43d53 0.073s
2025-05-16 14:28:39.532 70061 INFO tempest.lib.common.rest_client [req-3e945bc7-4da4-4e9d-8938-d6023229225a req-3e945bc7-4da4-4e9d-8938-d6023229225a ] Request (ListServerFiltersTestJSON:test_list_servers_filtered_by_ip): 200 GET http://10.180.1.21/compute/v2.1/servers/70576c11-d63f-48a1-8a9f-6da8ae18b542 0.250s
2025-05-16 14:28:39.853 70041 INFO tempest.lib.common.rest_client [req-df918778-2559-4520-b103-e753cca1f72e req-df918778-2559-4520-b103-e753cca1f72e ] Request (ServersAdminNegativeTestJSON:tearDownClass): 200 GET http://10.180.1.21/compute/v2.1/servers/8f0a0fcb-babd-406b-9468-ae0f86818589 0.449s
2025-05-16 14:28:39.881 70077 INFO tempest.lib.common.rest_client [req-a1d2b94f-b2b6-410d-91bf-8463ace0d68f req-a1d2b94f-b2b6-410d-91bf-8463ace0d68f ] Request (MigrationsAdminTest:test_resize_server_revert_deleted_flavor): 200 GET http://10.180.1.21/compute/v2.1/servers/4458a759-c025-4325-8553-64c4fd7ebbde 0.537s
2025-05-16 14:28:39.910 70047 INFO tempest.lib.common.rest_client [req-a7c71ae7-8686-4e16-b64f-e93898ed25ba req-a7c71ae7-8686-4e16-b64f-e93898ed25ba ] Request (ServersAdminTestJSON:setUpClass): 200 GET http://10.180.1.21/compute/v2.1/servers/8f0fd12a-ac4a-4d6b-8778-e3c5dacb7204 0.506s
2025-05-16 14:28:39.940 70035 INFO tempest.lib.common.rest_client [req-71c0ee41-5b6c-4674-9511-d0836379a3a2 req-71c0ee41-5b6c-4674-9511-d0836379a3a2 ] Request (ServerRescueTestJSON:setUpClass): 200 GET http://10.180.1.21/compute/v2.1/servers/407887d5-5e6b-4e1a-bd96-0d2f469e9d05 0.476s
2025-05-16 14:28:39.976 70033 INFO tempest.lib.common.rest_client [req-de997b01-b865-4716-9fee-ea725d2168ed req-de997b01-b865-4716-9fee-ea725d2168ed ] Request (ServerDiskConfigTestJSON:test_rebuild_server_with_manual_disk_config): 200 GET http://10.180.1.21/compute/v2.1/servers/58199a59-81d5-4320-af6f-06a89b7091fe 0.512s
