2025-05-16 14:26:47.657 70033 INFO tempest.lib.common.rest_client [req-357b9601-7a1a-4ad1-a9de-65b412b398c5 req-357b9601-7a1a-4ad1-a9de-65b412b398c5 ] Request (FlavorsAdminTestJSON:_run_cleanups): 200 GET http://10.180.1.21/compute/v2.1/flavors/detail 0.856s
2025-05-16 14:26:47.675 70079 INFO tempest.lib.common.rest_client [req-36a85e13-3521-474a-a591-fc1258ec9d3f req-36a85e13-3521-474a-a591-fc1258ec9d3f ] Request (VolumesAdminNegativeTest:test_update_attached_volume_with_nonexistent_volume_in_body): 200 GET http://10.180.1.21/compute/v2.1/servers/af9f9491-7450-409a-ad17-1f0f74f58829 0.979s
2025-05-16 14:26:47.755 70029 INFO tempest.lib.common.rest_client [req-9d4fa7ce-6ad0-4f38-9549-c481d2edb49a req-9d4fa7ce-6ad0-4f38-9549-c481d2edb49a ] Request (ServerTagsTestJSON:tearDownClass): 200 GET http://10.180.1.21/compute/v2.1/servers/3fbd2dd0-cd21-4dc0-8a6b-dc47c6c8f277 0.913s
2025-05-16 14:26:47.776 70061 INFO tempest.lib.common.rest_client [req-43337384-a7e3-45a0-9832-53abbd0629b7 req-43337384-a7e3-45a0-9832-53abbd0629b7 ] Request (AttachInterfacesV270Test:tearDownClass): 200 GET http://10.180.1.21/compute/v2.1/servers/04103832-c532-42c7-beb8-6bffcf4059a0 0.814s
2025-05-16 14:26:47.822 70039 INFO tempest.lib.common.rest_client [req-62dbfed8-d010-4518-b9c8-b30335f3c18b req-62dbfed8-d010-4518-b9c8-b30335f3c18b ] Request (ServersTestMultiNic:test_verify_duplicate_network_nics): 200 GET http://10.180.1.21/compute/v2.1/servers/06b5782b-4336-4d29-b2d6-ada4688875bf 0.770s
2025-05-16 14:26:47.838 70033 INFO tempest.lib.common.rest_client [req-304f4707-d7de-45b2-bf94-4ad88193301a req-304f4707-d7de-45b2-bf94-4ad88193301a ] Request (FlavorsAdminTestJSON:tearDownClass): 204 DELETE http://10.180.1.21/identity/v3/users/dc4f5199c9c04c7f8e8893f08c5c9628 0.170s
2025-05-16 14:26:47.876 70083 INFO tempest.lib.common.rest_client [req-a08e834e-d8e4-4a5f-ae90-521b972a3afe req-a08e834e-d8e4-4a5f-ae90-521b972a3afe ] Request (ListServersNegativeTestJSON:setUpClass): 200 GET http://10.180.1.21/compute/v2.1/servers/946a2af8-fc27-4495-ac67-a243fcb12c1b 0.732s
2025-05-16 14:26:47.907 70055 INFO tempest.lib.common.rest_client [req-58d1a593-be63-4fca-b1fd-438f044fe477 req-58d1a593-be63-4fca-b1fd-438f044fe477 ] Request (ServerExternalEventsTest:tearDownClass): 200 GET http://10.180.1.21/compute/v2.1/servers/9ca0f3b3-7c9d-4338-bfd1-0035265ee688 0.640s
2025-05-16 14:26:47.934 70051 INFO tempest.lib.common.rest_client [req-b4bd5caf-3665-4418-a3c5-21fc805e4cd9 req-b4bd5caf-3665-4418-a3c5-21fc805e4cd9 ] Request (SecurityGroupRulesTestJSON:tearDownClass): 404 DELETE http://10.180.1.21/compute/v2.1/os-security-groups/a21fb52b-925c-42f0-8baf-409870766c38 0.481s
2025-05-16 14:26:47.941 70069 WARNING tempest.lib.common.ssh [-] Failed to establish authenticated ssh connection to cirros@10.180.180.205 ([Errno None] Unable to connect to port 22 on 10.180.180.205). Number attempts: 1. Retry after 2 seconds.: paramiko.ssh_exception.NoValidConnectionsError: [Errno None] Unable to connect to port 22 on 10.180.180.205
2025-05-16 14:26:47.951 70033 INFO tempest.lib.common.rest_client [req-8d4613e6-6f2c-4c3d-a6d3-41ef494e643b req-8d4613e6-6f2c-4c3d-a6d3-41ef494e643b ] Request (FlavorsAdminTestJSON:tearDownClass): 204 DELETE http://10.180.1.21/identity/v3/users/dcb0ac93a851414e9aba828b7a37ab2e 0.113s
2025-05-16 14:26:47.951 70033 INFO tempest.lib.common.dynamic_creds [-] Deleting project and security group for project: e47aebba56f349738046e34b826b0326
2025-05-16 14:26:47.969 70089 INFO tempest.lib.common.rest_client [req-0375bd5a-7b1c-4569-9599-cfd53fff06bd req-0375bd5a-7b1c-4569-9599-cfd53fff06bd ] Request (ServerDiagnosticsV248Test:tearDownClass): 404 GET http://10.180.1.21/compute/v2.1/servers/03a2cc99-1b1d-41b5-8b69-ba715305ac00 0.485s
2025-05-16 14:26:48.030 70033 INFO tempest.lib.common.rest_client [req-e83fbf85-d562-4b82-b205-ef5d1241c2ad req-e83fbf85-d562-4b82-b205-ef5d1241c2ad ] Request (FlavorsAdminTestJSON:tearDownClass): 201 POST http://10.180.1.21/identity/v3/auth/tokens 0.078s
2025-05-16 14:26:48.033 70087 INFO tempest.lib.common.rest_client [req-b883ee16-c4a8-4902-8e15-3a25da219a8f req-b883ee16-c4a8-4902-8e15-3a25da219a8f ] Request (FloatingIPsAssociationTestJSON:setUpClass): 200 GET http://10.180.1.21/compute/v2.1/servers/ca0a02b6-916f-47b1-931e-f3317ef8ea89 0.534s
2025-05-16 14:26:48.064 70081 INFO tempest.lib.common.rest_client [req-8c588f70-697f-4302-9acc-969b75dd4008 req-8c588f70-697f-4302-9acc-969b75dd4008 ] Request (VolumesAssistedSnapshotsTest:test_volume_assisted_snapshot_create_delete): 200 GET http://10.180.1.21/compute/v2.1/servers/12e61e3d-8ea2-41fe-bfe8-26d574075ebf 0.652s
2025-05-16 14:26:48.075 70081 INFO tempest.common.waiters [-] State transition "BUILD/spawning" ==> "ACTIVE/None" after 41 second wait
2025-05-16 14:26:48.088 70089 INFO tempest.lib.common.rest_client [req-1c619e43-68fe-47a2-abc8-5c4382f0a8b1 req-1c619e43-68fe-47a2-abc8-5c4382f0a8b1 ] Request (ServerDiagnosticsV248Test:tearDownClass): 204 DELETE http://10.180.1.21/identity/v3/users/305dbe95f0e444b2be08a5dd790419a6 0.118s
2025-05-16 14:26:48.107 70057 INFO tempest.lib.common.rest_client [req-5aaf81be-4101-44d9-9cc4-553acc13e376 req-5aaf81be-4101-44d9-9cc4-553acc13e376 ] Request (DeleteServersAdminTestJSON:test_delete_server_while_in_error_state): 200 GET http://10.180.1.21/compute/v2.1/servers/19ddcf82-04e6-4972-9723-1b24700143e4 0.554s
2025-05-16 14:26:48.126 70047 INFO tempest.lib.common.rest_client [req-ecc8a2bd-6267-4699-a5d5-ff14d1848a03 req-ecc8a2bd-6267-4699-a5d5-ff14d1848a03 ] Request (ServerDiagnosticsTest:test_get_server_diagnostics): 200 GET http://10.180.1.21/compute/v2.1/servers/bb700315-ab26-4be6-ac71-251e196926ab 0.564s
2025-05-16 14:26:48.190 70053 INFO tempest.lib.common.rest_client [req-b461a658-f3aa-4c91-8941-b51bb52932dc req-b461a658-f3aa-4c91-8941-b51bb52932dc ] Request (ServerAddressesNegativeTestJSON:setUpClass): 200 GET http://10.180.1.21/compute/v2.1/servers/003dd320-3467-49c5-aabe-080ecde7dcc2 0.563s
2025-05-16 14:26:48.193 70089 INFO tempest.lib.common.rest_client [req-1a4dd687-ae1c-49b4-91e4-140a1d897b93 req-1a4dd687-ae1c-49b4-91e4-140a1d897b93 ] Request (ServerDiagnosticsV248Test:tearDownClass): 204 DELETE http://10.180.1.21/identity/v3/users/0f330be171164b7392db321d9a5783b7 0.104s
2025-05-16 14:26:48.194 70089 INFO tempest.lib.common.dynamic_creds [-] Deleting project and security group for project: 4a697b178d7546a4b4827062c641151d
2025-05-16 14:26:48.203 70067 INFO tempest.lib.common.rest_client [req-a13a3d66-808e-4fee-ab9a-af09b8c12276 req-a13a3d66-808e-4fee-ab9a-af09b8c12276 ] Request (AttachInterfacesTestJSON:test_create_list_show_delete_interfaces_by_fixed_ip): 200 GET http://10.180.1.21/compute/v2.1/servers/c6759f57-90d3-4c97-b303-98c7b231cfcf/os-interface/37765568-9bcc-4805-962e-9675df8f640f 0.598s
2025-05-16 14:26:48.282 70089 INFO tempest.lib.common.rest_client [req-81718f95-220d-4ac3-b3c8-4cd1e457ccef req-81718f95-220d-4ac3-b3c8-4cd1e457ccef ] Request (ServerDiagnosticsV248Test:tearDownClass): 201 POST http://10.180.1.21/identity/v3/auth/tokens 0.088s
2025-05-16 14:26:48.331 70033 INFO tempest.lib.common.rest_client [req-0bdedd26-19bc-4006-87ac-8a227a98f315 req-0bdedd26-19bc-4006-87ac-8a227a98f315 ] Request (FlavorsAdminTestJSON:tearDownClass): 200 GET http://10.180.1.21:9696/networking/v2.0/security-groups?tenant_id=e47aebba56f349738046e34b826b0326&name=default 0.300s
2025-05-16 14:26:48.443 70033 INFO tempest.lib.common.rest_client [req-f9ebe43d-2c82-4787-bfa9-972e83290599 req-f9ebe43d-2c82-4787-bfa9-972e83290599 ] Request (FlavorsAdminTestJSON:tearDownClass): 204 DELETE http://10.180.1.21:9696/networking/v2.0/security-groups/d9520568-6e57-489c-806e-88bbb514666f 0.112s
2025-05-16 14:26:48.506 70089 INFO tempest.lib.common.rest_client [req-16e602ef-e215-491d-9895-9a8f02d2ba49 req-16e602ef-e215-491d-9895-9a8f02d2ba49 ] Request (ServerDiagnosticsV248Test:tearDownClass): 200 GET http://10.180.1.21:9696/networking/v2.0/security-groups?tenant_id=4a697b178d7546a4b4827062c641151d&name=default 0.223s
2025-05-16 14:26:48.515 70045 INFO tempest.lib.common.rest_client [req-bc8c98d7-93d3-4634-8bb4-222493d46e05 req-bc8c98d7-93d3-4634-8bb4-222493d46e05 ] Request (ServerDiagnosticsNegativeTest:tearDownClass): 200 GET http://10.180.1.21/compute/v2.1/servers/f42f703b-7134-49cf-9b6d-af6ff5be5d2b 0.874s
2025-05-16 14:26:48.527 70033 INFO tempest.lib.common.rest_client [req-c52515ad-a0c6-47b4-acf6-709ccd5d3121 req-c52515ad-a0c6-47b4-acf6-709ccd5d3121 ] Request (FlavorsAdminTestJSON:tearDownClass): 204 DELETE http://10.180.1.21/identity/v3/projects/e47aebba56f349738046e34b826b0326 0.083s
2025-05-16 14:26:48.527 70033 INFO tempest.lib.common.dynamic_creds [-] Deleting project and security group for project: 727d1461191746fe9d4b1a1fbc0ab38b
2025-05-16 14:26:48.532 70067 INFO tempest.lib.common.rest_client [req-b46da137-3847-45b5-9667-8a824108b7d3 req-b46da137-3847-45b5-9667-8a824108b7d3 ] Request (AttachInterfacesTestJSON:test_create_list_show_delete_interfaces_by_fixed_ip): 200 GET http://10.180.1.21:9696/networking/v2.0/ports?network_id=70b00139-53de-4c72-97a5-a434bbc89534 0.327s
2025-05-16 14:26:48.590 70067 INFO tempest.lib.common.rest_client [req-3c1000ec-c98e-4afe-acf5-01350268552f req-3c1000ec-c98e-4afe-acf5-01350268552f ] Request (AttachInterfacesTestJSON:test_create_list_show_delete_interfaces_by_fixed_ip): 200 GET http://10.180.1.21:9696/networking/v2.0/subnets/6686890f-7f8b-408c-bb33-b9f709f47baa 0.057s
2025-05-16 14:26:48.594 70049 INFO tempest.lib.common.rest_client [req-6a730800-6cbe-4387-8223-a056bd3d624e req-6a730800-6cbe-4387-8223-a056bd3d624e ] Request (ServerAddressesTestJSON:setUpClass): 200 GET http://10.180.1.21/compute/v2.1/servers/c7bb5994-7c54-43a7-9d47-ad7ecb0465f6 0.823s
2025-05-16 14:26:48.612 70077 INFO tempest.lib.common.rest_client [req-55c52242-6929-4671-ac9a-30bf44a9ce6b req-55c52242-6929-4671-ac9a-30bf44a9ce6b ] Request (MigrationsAdminTest:test_list_migrations_in_flavor_resize_situation): 200 GET http://10.180.1.21/compute/v2.1/servers/f65be0d2-8a1a-407e-9a7e-be2f2e04f7b5 0.932s
2025-05-16 14:26:48.702 70037 INFO tempest.lib.common.rest_client [req-ba295223-1c56-4f50-a8a8-2fbe46ccada3 req-ba295223-1c56-4f50-a8a8-2fbe46ccada3 ] Request (ServersAdmin275Test:tearDownClass): 200 GET http://10.180.1.21/compute/v2.1/servers/64682674-f877-4f16-90f3-60f5a7ec45db 0.789s
2025-05-16 14:26:48.713 70027 INFO tempest.lib.common.rest_client [req-0fa76abc-8bb1-45d7-a32b-1c1e0f266624 req-0fa76abc-8bb1-45d7-a32b-1c1e0f266624 ] Request (ImagesOneServerNegativeTestJSON:setUpClass): 200 GET http://10.180.1.21/compute/v2.1/servers/c6c05049-8183-4094-9d4c-1b3212e9f202 0.827s
2025-05-16 14:26:48.720 70089 INFO tempest.lib.common.rest_client [req-7e099cff-9516-4c61-8cf3-1ba30850fbb8 req-7e099cff-9516-4c61-8cf3-1ba30850fbb8 ] Request (ServerDiagnosticsV248Test:tearDownClass): 204 DELETE http://10.180.1.21:9696/networking/v2.0/security-groups/d971081e-fba7-4616-9e37-eff0db8eacaf 0.214s
2025-05-16 14:26:48.787 70041 INFO tempest.lib.common.rest_client [req-dd6b88ec-f49a-42bc-9c56-8197cfcf0e91 req-dd6b88ec-f49a-42bc-9c56-8197cfcf0e91 ] Request (ServersAdminNegativeTestJSON:test_migrate_server_invalid_state): 200 GET http://10.180.1.21/compute/v2.1/servers/2a395bfb-2b03-418e-92b5-df650a6b8f10 0.823s
2025-05-16 14:26:48.792 70033 INFO tempest.lib.common.rest_client [req-d58e11bc-8160-4290-912d-8b93b997791b req-d58e11bc-8160-4290-912d-8b93b997791b ] Request (FlavorsAdminTestJSON:tearDownClass): 200 GET http://10.180.1.21:9696/networking/v2.0/security-groups?tenant_id=727d1461191746fe9d4b1a1fbc0ab38b&name=default 0.264s
2025-05-16 14:26:48.822 70051 INFO tempest.lib.common.rest_client [req-9d212855-da5e-445a-ba7d-1d5c9079c7de req-9d212855-da5e-445a-ba7d-1d5c9079c7de ] Request (SecurityGroupRulesTestJSON:tearDownClass): 202 DELETE http://10.180.1.21/compute/v2.1/os-security-groups/671555aa-70d7-4868-a400-321f1dc43ac7 0.888s
2025-05-16 14:26:48.856 70089 INFO tempest.lib.common.rest_client [req-4c4efb78-8d5a-4794-9cc1-b7bb4e2cd0b6 req-4c4efb78-8d5a-4794-9cc1-b7bb4e2cd0b6 ] Request (ServerDiagnosticsV248Test:tearDownClass): 204 DELETE http://10.180.1.21/identity/v3/projects/4a697b178d7546a4b4827062c641151d 0.135s
2025-05-16 14:26:48.857 70089 INFO tempest.lib.common.dynamic_creds [-] Deleting project and security group for project: 4efc11f7972745e98d9d0e69d2f9f53c
2025-05-16 14:26:48.900 70081 INFO tempest.lib.common.rest_client [req-f9c91836-5b47-4c50-bfbb-28a3a7be69fa req-f9c91836-5b47-4c50-bfbb-28a3a7be69fa ] Request (VolumesAssistedSnapshotsTest:test_volume_assisted_snapshot_create_delete): 200 GET http://10.180.1.21/compute/v2.1/servers/12e61e3d-8ea2-41fe-bfe8-26d574075ebf/os-interface 0.824s
2025-05-16 14:26:48.902 70033 INFO tempest.lib.common.rest_client [req-77733884-f4fe-4ccc-82a8-f4750da76cb9 req-77733884-f4fe-4ccc-82a8-f4750da76cb9 ] Request (FlavorsAdminTestJSON:tearDownClass): 204 DELETE http://10.180.1.21:9696/networking/v2.0/security-groups/1aa80c5d-1932-4fd6-9ae3-a64dd8ebd7e2 0.110s
2025-05-16 14:26:48.956 70043 INFO tempest.lib.common.rest_client [req-18455bcf-fb00-4fe0-b8a4-d72f28c8e3ce req-18455bcf-fb00-4fe0-b8a4-d72f28c8e3ce ] Request (ServersTestJSON:setUpClass): 200 GET http://10.180.1.21/compute/v2.1/servers/17df4088-f859-480c-9010-4acf00f34c12 0.898s
2025-05-16 14:26:48.973 70059 INFO tempest.lib.common.rest_client [req-a50d23c8-6875-4196-9aad-e0b792773083 req-a50d23c8-6875-4196-9aad-e0b792773083 ] Request (InstanceActionsNegativeTestJSON:setUpClass): 200 GET http://10.180.1.21/compute/v2.1/servers/589e0952-2ddf-4ca5-9cb4-0fd3c489d559 0.848s
2025-05-16 14:26:48.985 70059 INFO tempest.common.waiters [-] State transition "BUILD/scheduling" ==> "BUILD/None" after 19 second wait
2025-05-16 14:26:49.005 70033 INFO tempest.lib.common.rest_client [req-b19d71ae-e91e-4455-80c4-1d3123546f89 req-b19d71ae-e91e-4455-80c4-1d3123546f89 ] Request (FlavorsAdminTestJSON:tearDownClass): 204 DELETE http://10.180.1.21/identity/v3/projects/727d1461191746fe9d4b1a1fbc0ab38b 0.103s
2025-05-16 14:26:49.024 70089 INFO tempest.lib.common.rest_client [req-da0e3030-8315-4ed6-b4f8-6ec1fded17fa req-da0e3030-8315-4ed6-b4f8-6ec1fded17fa ] Request (ServerDiagnosticsV248Test:tearDownClass): 200 GET http://10.180.1.21:9696/networking/v2.0/security-groups?tenant_id=4efc11f7972745e98d9d0e69d2f9f53c&name=default 0.167s
2025-05-16 14:26:49.045 70063 INFO tempest.lib.common.rest_client [req-4b85449a-73a9-4bf2-a817-c2745d58f1b7 req-4b85449a-73a9-4bf2-a817-c2745d58f1b7 ] Request (ServerRescueNegativeTestJSON:setUpClass): 200 GET http://10.180.1.21/compute/v2.1/servers/8b9406bb-507d-4194-a415-8b0683cf7528 0.867s
2025-05-16 14:26:49.070 70033 INFO tempest.lib.common.rest_client [req-173ea7cf-e84d-474a-be6c-57c50b448a75 req-173ea7cf-e84d-474a-be6c-57c50b448a75 ] Request (ServerDiskConfigTestJSON:setUpClass): 201 POST http://10.180.1.21/identity/v3/auth/tokens 0.062s
2025-05-16 14:26:49.103 70033 INFO tempest.lib.common.rest_client [req-4595c3ce-0e88-4c02-8f1d-3b3306d1a00b req-4595c3ce-0e88-4c02-8f1d-3b3306d1a00b ] Request (ServerDiskConfigTestJSON:setUpClass): 201 POST http://10.180.1.21/identity/v3/auth/tokens 0.029s
2025-05-16 14:26:49.123 70065 INFO tempest.lib.common.rest_client [req-6b0b34f7-9623-441e-89bc-b36b5ef499a2 req-6b0b34f7-9623-441e-89bc-b36b5ef499a2 ] Request (TenantUsagesTestJSON:setUpClass): 200 GET http://10.180.1.21/compute/v2.1/servers/d479e8ff-6879-45b8-9d98-98ede70cf484 0.978s
2025-05-16 14:26:49.130 70089 INFO tempest.lib.common.rest_client [req-1404311d-c57a-481d-8d64-eaa57cc41c84 req-1404311d-c57a-481d-8d64-eaa57cc41c84 ] Request (ServerDiagnosticsV248Test:tearDownClass): 204 DELETE http://10.180.1.21:9696/networking/v2.0/security-groups/0704b700-b2fb-4ac9-9748-14169fcca0d6 0.104s
2025-05-16 14:26:49.137 70033 INFO tempest.lib.common.rest_client [req-318fb9e1-f4cd-404b-a521-ab5a3c0bff16 req-318fb9e1-f4cd-404b-a521-ab5a3c0bff16 ] Request (ServerDiskConfigTestJSON:setUpClass): 200 GET http://10.180.1.21/identity/v3/domains?name=Default 0.033s
2025-05-16 14:26:49.173 70033 INFO tempest.lib.common.rest_client [req-6f6b0ac8-6a77-494d-82b5-198b81147792 req-6f6b0ac8-6a77-494d-82b5-198b81147792 ] Request (ServerDiskConfigTestJSON:setUpClass): 201 POST http://10.180.1.21/identity/v3/projects 0.036s
2025-05-16 14:26:49.190 70073 INFO tempest.lib.common.rest_client [req-fc089dd7-d4f7-43e7-8200-ad63c034fd24 req-fc089dd7-d4f7-43e7-8200-ad63c034fd24 ] Request (AttachVolumeNegativeTest:test_attach_attached_volume_to_different_server): 200 GET http://10.180.1.21/compute/v2.1/servers/9d85416d-447f-4fa6-9efe-fc80a948865b 0.669s
2025-05-16 14:26:49.199 70089 INFO tempest.lib.common.rest_client [req-60836355-fbdb-41ff-82e5-f3e43936230d req-60836355-fbdb-41ff-82e5-f3e43936230d ] Request (ServerDiagnosticsV248Test:tearDownClass): 204 DELETE http://10.180.1.21/identity/v3/projects/4efc11f7972745e98d9d0e69d2f9f53c 0.068s
2025-05-16 14:26:49.265 70033 INFO tempest.lib.common.rest_client [req-6cde2462-75ad-4a07-9847-a8aaa18b0d8a req-6cde2462-75ad-4a07-9847-a8aaa18b0d8a ] Request (ServerDiskConfigTestJSON:setUpClass): 201 POST http://10.180.1.21/identity/v3/users 0.091s
2025-05-16 14:26:49.268 70035 INFO tempest.lib.common.rest_client [req-46b027b7-2b29-4675-8eb6-632ee8f65264 req-46b027b7-2b29-4675-8eb6-632ee8f65264 ] Request (ImagesOneServerTestJSON:setUpClass): 200 GET http://10.180.1.21/compute/v2.1/servers/088f3721-eae5-46fc-8d2b-a0ba199f1718 0.979s
2025-05-16 14:26:49.279 70035 INFO tempest.common.waiters [-] State transition "BUILD/spawning" ==> "ACTIVE/None" after 40 second wait
2025-05-16 14:26:49.286 70089 INFO tempest.lib.common.rest_client [req-3e32b5a3-e2a0-4e7c-92e8-219bc29572a3 req-3e32b5a3-e2a0-4e7c-92e8-219bc29572a3 ] Request (FloatingIPsAssociationNegativeTestJSON:setUpClass): 201 POST http://10.180.1.21/identity/v3/auth/tokens 0.085s
2025-05-16 14:26:49.294 70033 INFO tempest.lib.common.rest_client [req-fe8532c1-de30-457e-b959-852c1b198330 req-fe8532c1-de30-457e-b959-852c1b198330 ] Request (ServerDiskConfigTestJSON:setUpClass): 200 GET http://10.180.1.21/identity/v3/roles 0.028s
2025-05-16 14:26:49.316 70089 INFO tempest.lib.common.rest_client [req-1e6c3bd9-01da-49ab-ba9c-81559de31cbb req-1e6c3bd9-01da-49ab-ba9c-81559de31cbb ] Request (FloatingIPsAssociationNegativeTestJSON:setUpClass): 201 POST http://10.180.1.21/identity/v3/auth/tokens 0.028s
2025-05-16 14:26:49.326 70079 INFO tempest.lib.common.rest_client [req-2afbc545-a774-4fc7-bf18-feb6d6f5678c req-2afbc545-a774-4fc7-bf18-feb6d6f5678c ] Request (VolumesAdminNegativeTest:test_update_attached_volume_with_nonexistent_volume_in_body): 200 GET http://10.180.1.21/compute/v2.1/servers/af9f9491-7450-409a-ad17-1f0f74f58829 0.641s
2025-05-16 14:26:49.328 70033 INFO tempest.lib.common.rest_client [req-86106b7b-0271-41bf-933c-9e7957cd4113 req-86106b7b-0271-41bf-933c-9e7957cd4113 ] Request (ServerDiskConfigTestJSON:setUpClass): 204 PUT http://10.180.1.21/identity/v3/projects/0f356b631fab4944aefec90f4ed82e3e/users/9efa1c8d78774d7990dee2e33261659e/roles/b232d641ec92499db1cadee25faf2b48 0.033s
2025-05-16 14:26:49.328 70033 INFO tempest.lib.common.dynamic_creds [-] Dynamic test user 9efa1c8d78774d7990dee2e33261659e is created with scope project and roles: ['member']
2025-05-16 14:26:49.328 70033 INFO tempest.lib.common.dynamic_creds [-] Acquired dynamic creds: credentials: Credentials: {'domain_id': 'default', 'domain_name': 'Default', 'username': 'tempest-ServerDiskConfigTestJSON-1853348292-project-member', 'project_domain_id': 'default', 'project_domain_name': 'Default', 'project_id': '0f356b631fab4944aefec90f4ed82e3e', 'project_name': 'tempest-ServerDiskConfigTestJSON-1853348292', 'tenant_id': '0f356b631fab4944aefec90f4ed82e3e', 'tenant_name': 'tempest-ServerDiskConfigTestJSON-1853348292', 'user_domain_id': 'default', 'user_domain_name': 'Default', 'user_id': '9efa1c8d78774d7990dee2e33261659e', 'system': None}, Network: None, Subnet: None, Router: None
2025-05-16 14:26:49.342 70089 INFO tempest.lib.common.rest_client [req-2973527e-b132-4c20-b5bb-6fe125f7b0d0 req-2973527e-b132-4c20-b5bb-6fe125f7b0d0 ] Request (FloatingIPsAssociationNegativeTestJSON:setUpClass): 200 GET http://10.180.1.21/identity/v3/domains?name=Default 0.025s
2025-05-16 14:26:49.404 70089 INFO tempest.lib.common.rest_client [req-f97c2c8e-a6a6-4188-a752-70663b838786 req-f97c2c8e-a6a6-4188-a752-70663b838786 ] Request (FloatingIPsAssociationNegativeTestJSON:setUpClass): 201 POST http://10.180.1.21/identity/v3/projects 0.062s
2025-05-16 14:26:49.408 70029 INFO tempest.lib.common.rest_client [req-033f6c33-1950-459b-bc2a-a9b6ec6b274c req-033f6c33-1950-459b-bc2a-a9b6ec6b274c ] Request (ServerTagsTestJSON:tearDownClass): 200 GET http://10.180.1.21/compute/v2.1/servers/3fbd2dd0-cd21-4dc0-8a6b-dc47c6c8f277 0.644s
2025-05-16 14:26:49.410 70033 INFO tempest.lib.common.rest_client [req-23eb65af-5148-4a13-8c66-3ae724b7d256 req-23eb65af-5148-4a13-8c66-3ae724b7d256 ] Request (ServerDiskConfigTestJSON:setUpClass): 201 POST http://10.180.1.21/identity/v3/auth/tokens 0.081s
2025-05-16 14:26:49.478 70061 INFO tempest.lib.common.rest_client [req-61b9fc7e-c6c5-4818-889c-adf19b4bccc5 req-61b9fc7e-c6c5-4818-889c-adf19b4bccc5 ] Request (AttachInterfacesV270Test:tearDownClass): 200 GET http://10.180.1.21/compute/v2.1/servers/04103832-c532-42c7-beb8-6bffcf4059a0 0.688s
2025-05-16 14:26:49.480 70089 INFO tempest.lib.common.rest_client [req-9a149bf2-616f-498c-9918-da03322c475e req-9a149bf2-616f-498c-9918-da03322c475e ] Request (FloatingIPsAssociationNegativeTestJSON:setUpClass): 201 POST http://10.180.1.21/identity/v3/users 0.075s
2025-05-16 14:26:49.509 70089 INFO tempest.lib.common.rest_client [req-ff348c65-57da-4942-8c71-17611122d977 req-ff348c65-57da-4942-8c71-17611122d977 ] Request (FloatingIPsAssociationNegativeTestJSON:setUpClass): 200 GET http://10.180.1.21/identity/v3/roles 0.028s
2025-05-16 14:26:49.543 70089 INFO tempest.lib.common.rest_client [req-3a316f96-c237-46e9-9f6e-37cc4d2a502a req-3a316f96-c237-46e9-9f6e-37cc4d2a502a ] Request (FloatingIPsAssociationNegativeTestJSON:setUpClass): 204 PUT http://10.180.1.21/identity/v3/projects/88b535ea1dec47b6948c5b8ed3c03d2a/users/95474e0135e34716b524c838c1b23c65/roles/b232d641ec92499db1cadee25faf2b48 0.033s
2025-05-16 14:26:49.543 70089 INFO tempest.lib.common.dynamic_creds [-] Dynamic test user 95474e0135e34716b524c838c1b23c65 is created with scope project and roles: ['member']
2025-05-16 14:26:49.543 70089 INFO tempest.lib.common.dynamic_creds [-] Acquired dynamic creds: credentials: Credentials: {'domain_id': 'default', 'domain_name': 'Default', 'username': 'tempest-FloatingIPsAssociationNegativeTestJSON-1356343829-project-member', 'project_domain_id': 'default', 'project_domain_name': 'Default', 'project_id': '88b535ea1dec47b6948c5b8ed3c03d2a', 'project_name': 'tempest-FloatingIPsAssociationNegativeTestJSON-1356343829', 'tenant_id': '88b535ea1dec47b6948c5b8ed3c03d2a', 'tenant_name': 'tempest-FloatingIPsAssociationNegativeTestJSON-1356343829', 'user_domain_id': 'default', 'user_domain_name': 'Default', 'user_id': '95474e0135e34716b524c838c1b23c65', 'system': None}, Network: None, Subnet: None, Router: None
2025-05-16 14:26:49.612 70089 INFO tempest.lib.common.rest_client [req-38d4f1eb-cb2e-4e8b-965c-691f8c18a9db req-38d4f1eb-cb2e-4e8b-965c-691f8c18a9db ] Request (FloatingIPsAssociationNegativeTestJSON:setUpClass): 201 POST http://10.180.1.21/identity/v3/auth/tokens 0.068s
2025-05-16 14:26:49.650 70081 INFO tempest.lib.common.rest_client [req-6ce97c10-c09e-471e-9dd7-6be9f25f6208 req-6ce97c10-c09e-471e-9dd7-6be9f25f6208 ] Request (VolumesAssistedSnapshotsTest:test_volume_assisted_snapshot_create_delete): 200 PUT http://10.180.1.21:9696/networking/v2.0/floatingips/15e2a0c7-6b71-443b-baa3-98fc788c3afa 0.747s
2025-05-16 14:26:49.651 70081 INFO tempest.lib.common.ssh [-] Creating ssh connection to '10.180.180.163:22' as 'cirros' with public key authentication
2025-05-16 14:26:49.705 70051 INFO tempest.lib.common.rest_client [req-a006dcb0-4d66-4865-a8c1-703d7553782e req-a006dcb0-4d66-4865-a8c1-703d7553782e ] Request (SecurityGroupRulesTestJSON:tearDownClass): 202 DELETE http://10.180.1.21/compute/v2.1/os-security-groups/1d59c5c8-2138-481e-b514-277b3c9bb99a 0.882s
2025-05-16 14:26:49.786 70039 INFO tempest.lib.common.rest_client [req-d2703f52-d432-4064-9848-966ce12d6bab req-d2703f52-d432-4064-9848-966ce12d6bab ] Request (ServersTestMultiNic:test_verify_duplicate_network_nics): 200 GET http://10.180.1.21/compute/v2.1/servers/06b5782b-4336-4d29-b2d6-ada4688875bf 0.957s
2025-05-16 14:26:49.795 70039 INFO tempest.common.waiters [-] State transition "BUILD/scheduling" ==> "BUILD/None" after 15 second wait
2025-05-16 14:26:49.815 70033 INFO tempest.lib.common.rest_client [req-2b58e8aa-d909-4bac-b5fb-0d02cfa8e519 req-2b58e8aa-d909-4bac-b5fb-0d02cfa8e519 ] Request (ServerDiskConfigTestJSON:setUpClass): 201 POST http://10.180.1.21:9696/networking/v2.0/networks 0.405s
2025-05-16 14:26:49.858 70083 INFO tempest.lib.common.rest_client [req-b622ae9c-1291-4ea4-a508-47ffc4d22add req-b622ae9c-1291-4ea4-a508-47ffc4d22add ] Request (ListServersNegativeTestJSON:setUpClass): 200 GET http://10.180.1.21/compute/v2.1/servers/946a2af8-fc27-4495-ac67-a243fcb12c1b 0.974s
2025-05-16 14:26:49.927 70055 INFO tempest.lib.common.rest_client [req-9bf0991e-4eaf-47dd-aa9b-f650a12b39f5 req-9bf0991e-4eaf-47dd-aa9b-f650a12b39f5 ] Request (ServerExternalEventsTest:tearDownClass): 200 GET http://10.180.1.21/compute/v2.1/servers/9ca0f3b3-7c9d-4338-bfd1-0035265ee688 1.012s
2025-05-16 14:26:49.946 70089 INFO tempest.lib.common.rest_client [req-2e73a272-8165-4fca-a74f-1ca135c1abad req-2e73a272-8165-4fca-a74f-1ca135c1abad ] Request (FloatingIPsAssociationNegativeTestJSON:setUpClass): 201 POST http://10.180.1.21:9696/networking/v2.0/networks 0.334s
2025-05-16 14:26:50.094 70087 INFO tempest.lib.common.rest_client [req-b897ad79-a3c9-46df-8748-6a90b80c758c req-b897ad79-a3c9-46df-8748-6a90b80c758c ] Request (FloatingIPsAssociationTestJSON:setUpClass): 200 GET http://10.180.1.21/compute/v2.1/servers/ca0a02b6-916f-47b1-931e-f3317ef8ea89 1.054s
2025-05-16 14:26:50.097 70033 INFO tempest.lib.common.rest_client [req-6d1485a0-106e-4c79-b694-e8070fd4ab5d req-6d1485a0-106e-4c79-b694-e8070fd4ab5d ] Request (ServerDiskConfigTestJSON:setUpClass): 201 POST http://10.180.1.21:9696/networking/v2.0/subnets 0.281s
2025-05-16 14:26:50.202 70057 INFO tempest.lib.common.rest_client [req-e7167829-2bc6-4acf-b68c-0c9f5f97a04a req-e7167829-2bc6-4acf-b68c-0c9f5f97a04a ] Request (DeleteServersAdminTestJSON:test_delete_server_while_in_error_state): 200 GET http://10.180.1.21/compute/v2.1/servers/19ddcf82-04e6-4972-9723-1b24700143e4 1.085s
2025-05-16 14:26:50.272 70089 INFO tempest.lib.common.rest_client [req-13e14000-74b2-4eb9-9c87-9b9bd1239c68 req-13e14000-74b2-4eb9-9c87-9b9bd1239c68 ] Request (FloatingIPsAssociationNegativeTestJSON:setUpClass): 201 POST http://10.180.1.21:9696/networking/v2.0/subnets 0.325s
2025-05-16 14:26:50.293 70047 INFO tempest.lib.common.rest_client [req-168667fb-15d0-49ec-ab30-2ab0014bb531 req-168667fb-15d0-49ec-ab30-2ab0014bb531 ] Request (ServerDiagnosticsTest:test_get_server_diagnostics): 200 GET http://10.180.1.21/compute/v2.1/servers/bb700315-ab26-4be6-ac71-251e196926ab 1.153s
2025-05-16 14:26:50.302 70047 INFO tempest.common.waiters [-] State transition "BUILD/None" ==> "BUILD/networking" after 32 second wait
2025-05-16 14:26:50.358 70053 INFO tempest.lib.common.rest_client [req-55ff9d6a-72d3-4c12-9bbc-4d99cfa54b4a req-55ff9d6a-72d3-4c12-9bbc-4d99cfa54b4a ] Request (ServerAddressesNegativeTestJSON:setUpClass): 200 GET http://10.180.1.21/compute/v2.1/servers/003dd320-3467-49c5-aabe-080ecde7dcc2 1.160s
2025-05-16 14:26:50.918 70033 INFO tempest.lib.common.rest_client [req-55aa5134-f87a-46a0-a4b3-09481b02447e req-55aa5134-f87a-46a0-a4b3-09481b02447e ] Request (ServerDiskConfigTestJSON:setUpClass): 201 POST http://10.180.1.21:9696/networking/v2.0/routers 0.820s
2025-05-16 14:26:50.928 70035 INFO tempest.lib.common.rest_client [req-5f0390ba-846b-4b5b-b703-a0c2bca8554d req-5f0390ba-846b-4b5b-b703-a0c2bca8554d ] Request (ImagesOneServerTestJSON:test_create_delete_image): 202 POST http://10.180.1.21/compute/v2.1/servers/088f3721-eae5-46fc-8d2b-a0ba199f1718/action 1.647s
2025-05-16 14:26:51.020 70045 INFO tempest.lib.common.rest_client [req-ce385ccc-db64-4636-8069-dac7b60d116a req-ce385ccc-db64-4636-8069-dac7b60d116a ] Request (ServerDiagnosticsNegativeTest:tearDownClass): 200 GET http://10.180.1.21/compute/v2.1/servers/f42f703b-7134-49cf-9b6d-af6ff5be5d2b 1.496s
2025-05-16 14:26:51.090 70049 INFO tempest.lib.common.rest_client [req-2c8ea06c-4ea9-4784-975d-42a8465f4bad req-2c8ea06c-4ea9-4784-975d-42a8465f4bad ] Request (ServerAddressesTestJSON:setUpClass): 200 GET http://10.180.1.21/compute/v2.1/servers/c7bb5994-7c54-43a7-9d47-ad7ecb0465f6 1.485s
2025-05-16 14:26:51.275 70077 INFO tempest.lib.common.rest_client [req-1299a160-3245-4fc3-a58b-f70ec8752b7d req-1299a160-3245-4fc3-a58b-f70ec8752b7d ] Request (MigrationsAdminTest:test_list_migrations_in_flavor_resize_situation): 200 GET http://10.180.1.21/compute/v2.1/servers/f65be0d2-8a1a-407e-9a7e-be2f2e04f7b5 1.656s
2025-05-16 14:26:51.287 70071 INFO paramiko.transport [-] Connected (version 2.0, client dropbear_2020.81)
2025-05-16 14:26:51.396 70071 INFO paramiko.transport [-] Authentication (publickey) successful!
2025-05-16 14:26:51.397 70071 INFO tempest.lib.common.ssh [-] ssh connection to cirros@10.180.180.138 successfully created
2025-05-16 14:26:51.471 70051 INFO tempest.lib.common.rest_client [req-cebd2097-fcc3-4144-a03a-a523e2710c28 req-cebd2097-fcc3-4144-a03a-a523e2710c28 ] Request (SecurityGroupRulesTestJSON:tearDownClass): 202 DELETE http://10.180.1.21/compute/v2.1/os-security-groups/826e6496-6747-457d-be6e-fa858f3a1463 1.765s
2025-05-16 14:26:51.591 70037 INFO tempest.lib.common.rest_client [req-473e80d0-0f02-4669-9cbc-9036622d662b req-473e80d0-0f02-4669-9cbc-9036622d662b ] Request (ServersAdmin275Test:tearDownClass): 200 GET http://10.180.1.21/compute/v2.1/servers/64682674-f877-4f16-90f3-60f5a7ec45db 1.873s
2025-05-16 14:26:51.735 70027 INFO tempest.lib.common.rest_client [req-651620a7-6571-43a7-a375-8d2a60b22e8a req-651620a7-6571-43a7-a375-8d2a60b22e8a ] Request (ImagesOneServerNegativeTestJSON:setUpClass): 200 GET http://10.180.1.21/compute/v2.1/servers/c6c05049-8183-4094-9d4c-1b3212e9f202 2.010s
2025-05-16 14:26:51.819 70041 INFO tempest.lib.common.rest_client [req-ec30a0e2-a420-49eb-ad48-d38f37998fe1 req-ec30a0e2-a420-49eb-ad48-d38f37998fe1 ] Request (ServersAdminNegativeTestJSON:test_migrate_server_invalid_state): 200 GET http://10.180.1.21/compute/v2.1/servers/2a395bfb-2b03-418e-92b5-df650a6b8f10 2.019s
2025-05-16 14:26:51.936 70043 INFO tempest.lib.common.rest_client [req-87bcdcc5-7ef2-4ac1-91bd-24b7904ce25e req-87bcdcc5-7ef2-4ac1-91bd-24b7904ce25e ] Request (ServersTestJSON:setUpClass): 200 GET http://10.180.1.21/compute/v2.1/servers/17df4088-f859-480c-9010-4acf00f34c12 1.965s
2025-05-16 14:26:52.001 70059 INFO tempest.lib.common.rest_client [req-526162be-6825-486d-9a47-90d4e33bf283 req-526162be-6825-486d-9a47-90d4e33bf283 ] Request (InstanceActionsNegativeTestJSON:setUpClass): 200 GET http://10.180.1.21/compute/v2.1/servers/589e0952-2ddf-4ca5-9cb4-0fd3c489d559 2.015s
2025-05-16 14:26:52.032 70033 INFO tempest.lib.common.rest_client [req-044410ae-50a8-41d0-bed1-a208b16ee47d req-044410ae-50a8-41d0-bed1-a208b16ee47d ] Request (ServerDiskConfigTestJSON:setUpClass): 200 PUT http://10.180.1.21:9696/networking/v2.0/routers/670040d8-32bb-48ea-96f4-e57a4eedab97/add_router_interface 1.114s
2025-05-16 14:26:52.032 70033 INFO tempest.lib.common.dynamic_creds [-] Created isolated network resources for: credentials: Credentials: {'domain_id': 'default', 'domain_name': 'Default', 'username': 'tempest-ServerDiskConfigTestJSON-1853348292-project-member', 'project_domain_id': 'default', 'project_domain_name': 'Default', 'project_id': '0f356b631fab4944aefec90f4ed82e3e', 'project_name': 'tempest-ServerDiskConfigTestJSON-1853348292', 'tenant_id': '0f356b631fab4944aefec90f4ed82e3e', 'tenant_name': 'tempest-ServerDiskConfigTestJSON-1853348292', 'user_domain_id': 'default', 'user_domain_name': 'Default', 'user_id': '9efa1c8d78774d7990dee2e33261659e', 'system': None}, Network: {'id': '72bec8f1-58bf-4f2e-9646-8405053a5674', 'name': 'tempest-ServerDiskConfigTestJSON-719385967-network', 'tenant_id': '0f356b631fab4944aefec90f4ed82e3e', 'admin_state_up': True, 'mtu': 8950, 'status': 'ACTIVE', 'subnets': [], 'shared': False, 'project_id': '0f356b631fab4944aefec90f4ed82e3e', 'port_security_enabled': True, 'router:external': False, 'provider:network_type': 'vlan', 'provider:physical_network': 'default', 'provider:segmentation_id': 599, 'availability_zone_hints': [], 'availability_zones': [], 'ipv4_address_scope': None, 'ipv6_address_scope': None, 'description': '', 'tags': [], 'created_at': '2025-05-16T14:26:49Z', 'updated_at': '2025-05-16T14:26:49Z', 'revision_number': 1}, Subnet: {'id': 'e842b495-7808-4b9e-a797-c1a60fe092ed', 'name': 'tempest-ServerDiskConfigTestJSON-719385967-subnet', 'tenant_id': '0f356b631fab4944aefec90f4ed82e3e', 'network_id': '72bec8f1-58bf-4f2e-9646-8405053a5674', 'ip_version': 4, 'subnetpool_id': None, 'enable_dhcp': True, 'ipv6_ra_mode': None, 'ipv6_address_mode': None, 'gateway_ip': '192.168.128.1', 'cidr': '192.168.128.0/28', 'allocation_pools': [{'start': '192.168.128.2', 'end': '192.168.128.14'}], 'host_routes': [], 'dns_nameservers': [], 'description': '', 'router:external': False, 'service_types': [], 'tags': [], 'created_at': '2025-05-16T14:26:49Z', 'updated_at': '2025-05-16T14:26:49Z', 'revision_number': 0, 'project_id': '0f356b631fab4944aefec90f4ed82e3e'}, Router: {'id': '670040d8-32bb-48ea-96f4-e57a4eedab97', 'name': 'tempest-ServerDiskConfigTestJSON-719385967-router', 'tenant_id': '0f356b631fab4944aefec90f4ed82e3e', 'admin_state_up': True, 'status': 'ACTIVE', 'external_gateway_info': {'network_id': 'abde0f94-f26d-4f4d-8859-dacb45e94e2b', 'external_fixed_ips': [{'subnet_id': '64520be4-8b0f-4aea-8e2c-d95089b1e4ec', 'ip_address': '10.180.180.172'}], 'enable_snat': True}, 'description': '', 'availability_zones': [], 'distributed': False, 'ha': False, 'availability_zone_hints': [], 'routes': [], 'flavor_id': None, 'tags': [], 'created_at': '2025-05-16T14:26:50Z', 'updated_at': '2025-05-16T14:26:50Z', 'revision_number': 2, 'project_id': '0f356b631fab4944aefec90f4ed82e3e'}
2025-05-16 14:26:52.061 70063 INFO tempest.lib.common.rest_client [req-d588e88c-a91d-45f8-973f-9770f0b5218c req-d588e88c-a91d-45f8-973f-9770f0b5218c ] Request (ServerRescueNegativeTestJSON:setUpClass): 200 GET http://10.180.1.21/compute/v2.1/servers/8b9406bb-507d-4194-a415-8b0683cf7528 2.004s
2025-05-16 14:26:52.138 70033 INFO tempest.lib.common.rest_client [req-7d76cdc5-c513-4990-8d16-06f29cb61fd9 req-7d76cdc5-c513-4990-8d16-06f29cb61fd9 ] Request (ServerDiskConfigTestJSON:setUpClass): 201 POST http://10.180.1.21/identity/v3/auth/tokens 0.101s
2025-05-16 14:26:52.150 70089 INFO tempest.lib.common.rest_client [req-610a2a2f-e21a-4490-be5c-6845b647c34d req-610a2a2f-e21a-4490-be5c-6845b647c34d ] Request (FloatingIPsAssociationNegativeTestJSON:setUpClass): 201 POST http://10.180.1.21:9696/networking/v2.0/routers 1.878s
2025-05-16 14:26:52.167 70065 INFO tempest.lib.common.rest_client [req-a58bd8f6-62e2-42c3-8bcf-9bbeff69edec req-a58bd8f6-62e2-42c3-8bcf-9bbeff69edec ] Request (TenantUsagesTestJSON:setUpClass): 200 GET http://10.180.1.21/compute/v2.1/servers/d479e8ff-6879-45b8-9d98-98ede70cf484 2.035s
2025-05-16 14:26:52.177 70065 INFO tempest.common.waiters [-] State transition "BUILD/spawning" ==> "ACTIVE/None" after 36 second wait
2025-05-16 14:26:52.178 70033 INFO tempest.lib.common.rest_client [req-9126bf77-fc8d-41cc-9cb1-3eccdfcd6a61 req-9126bf77-fc8d-41cc-9cb1-3eccdfcd6a61 ] Request (ServerDiskConfigTestJSON:test_rebuild_server_with_auto_disk_config): 201 POST http://10.180.1.21/identity/v3/auth/tokens 0.035s
2025-05-16 14:26:52.178 70033 INFO tempest.lib.common.fixed_network [-] (ServerDiskConfigTestJSON:test_rebuild_server_with_auto_disk_config) Found network {'id': '72bec8f1-58bf-4f2e-9646-8405053a5674', 'name': 'tempest-ServerDiskConfigTestJSON-719385967-network', 'tenant_id': '0f356b631fab4944aefec90f4ed82e3e', 'admin_state_up': True, 'mtu': 8950, 'status': 'ACTIVE', 'subnets': [], 'shared': False, 'project_id': '0f356b631fab4944aefec90f4ed82e3e', 'port_security_enabled': True, 'router:external': False, 'provider:network_type': 'vlan', 'provider:physical_network': 'default', 'provider:segmentation_id': 599, 'availability_zone_hints': [], 'availability_zones': [], 'ipv4_address_scope': None, 'ipv6_address_scope': None, 'description': '', 'tags': [], 'created_at': '2025-05-16T14:26:49Z', 'updated_at': '2025-05-16T14:26:49Z', 'revision_number': 1} available for tenant
2025-05-16 14:26:52.226 70073 INFO tempest.lib.common.rest_client [req-a59310fe-1d03-43ba-98d7-8d660955c0df req-a59310fe-1d03-43ba-98d7-8d660955c0df ] Request (AttachVolumeNegativeTest:test_attach_attached_volume_to_different_server): 200 GET http://10.180.1.21/compute/v2.1/servers/9d85416d-447f-4fa6-9efe-fc80a948865b 2.026s
2025-05-16 14:26:52.291 70079 INFO tempest.lib.common.rest_client [req-c7daa672-4ad9-48e0-9cea-1d1cd33c0e03 req-c7daa672-4ad9-48e0-9cea-1d1cd33c0e03 ] Request (VolumesAdminNegativeTest:test_update_attached_volume_with_nonexistent_volume_in_body): 200 GET http://10.180.1.21/compute/v2.1/servers/af9f9491-7450-409a-ad17-1f0f74f58829 1.950s
2025-05-16 14:26:52.574 70029 INFO tempest.lib.common.rest_client [req-81987493-c7da-4dc1-b0ee-1bc4dc026d65 req-81987493-c7da-4dc1-b0ee-1bc4dc026d65 ] Request (ServerTagsTestJSON:tearDownClass): 200 GET http://10.180.1.21/compute/v2.1/servers/3fbd2dd0-cd21-4dc0-8a6b-dc47c6c8f277 2.155s
2025-05-16 14:26:52.600 70061 INFO tempest.lib.common.rest_client [req-506895ba-6c9e-4d2a-9711-3a9e094b6d89 req-506895ba-6c9e-4d2a-9711-3a9e094b6d89 ] Request (AttachInterfacesV270Test:tearDownClass): 404 GET http://10.180.1.21/compute/v2.1/servers/04103832-c532-42c7-beb8-6bffcf4059a0 2.104s
2025-05-16 14:26:52.675 70039 INFO tempest.lib.common.rest_client [req-7803cb25-46f5-43c9-b5df-779db869854f req-7803cb25-46f5-43c9-b5df-779db869854f ] Request (ServersTestMultiNic:test_verify_duplicate_network_nics): 200 GET http://10.180.1.21/compute/v2.1/servers/06b5782b-4336-4d29-b2d6-ada4688875bf 1.878s
2025-05-16 14:26:52.775 70083 INFO tempest.lib.common.rest_client [req-94cd2d8b-f78e-4e45-9a52-af8ae5530cdd req-94cd2d8b-f78e-4e45-9a52-af8ae5530cdd ] Request (ListServersNegativeTestJSON:setUpClass): 200 GET http://10.180.1.21/compute/v2.1/servers/946a2af8-fc27-4495-ac67-a243fcb12c1b 1.909s
2025-05-16 14:26:52.814 70035 INFO tempest.lib.common.rest_client [req-c1d513ae-811c-4377-87c0-f82e756f890a req-c1d513ae-811c-4377-87c0-f82e756f890a ] Request (ImagesOneServerTestJSON:test_create_delete_image): 200 GET http://10.180.1.21/compute/v2.1/images/8547960d-3b99-4e1d-936e-edae8f5a3dd4 1.885s
2025-05-16 14:26:52.885 70055 INFO tempest.lib.common.rest_client [req-3d1edba4-4dfb-4771-abab-7e959da59b22 req-3d1edba4-4dfb-4771-abab-7e959da59b22 ] Request (ServerExternalEventsTest:tearDownClass): 200 GET http://10.180.1.21/compute/v2.1/servers/9ca0f3b3-7c9d-4338-bfd1-0035265ee688 1.949s
2025-05-16 14:26:52.960 70087 INFO tempest.lib.common.rest_client [req-bded0436-8244-4124-8439-11eeb589a9bc req-bded0436-8244-4124-8439-11eeb589a9bc ] Request (FloatingIPsAssociationTestJSON:setUpClass): 200 GET http://10.180.1.21/compute/v2.1/servers/ca0a02b6-916f-47b1-931e-f3317ef8ea89 1.847s
2025-05-16 14:26:53.046 70057 INFO tempest.lib.common.rest_client [req-669c267a-dd28-4d46-8ad1-48d6a83df974 req-669c267a-dd28-4d46-8ad1-48d6a83df974 ] Request (DeleteServersAdminTestJSON:test_delete_server_while_in_error_state): 200 GET http://10.180.1.21/compute/v2.1/servers/19ddcf82-04e6-4972-9723-1b24700143e4 1.834s
2025-05-16 14:26:53.243 70047 INFO tempest.lib.common.rest_client [req-f89d4738-30d0-46bb-af24-715d2c585c1b req-f89d4738-30d0-46bb-af24-715d2c585c1b ] Request (ServerDiagnosticsTest:test_get_server_diagnostics): 200 GET http://10.180.1.21/compute/v2.1/servers/bb700315-ab26-4be6-ac71-251e196926ab 1.938s
2025-05-16 14:26:53.250 70047 INFO tempest.common.waiters [-] State transition "BUILD/networking" ==> "BUILD/spawning" after 35 second wait
2025-05-16 14:26:53.319 70053 INFO tempest.lib.common.rest_client [req-378447c7-83d9-4b23-9c82-2354b1c875db req-378447c7-83d9-4b23-9c82-2354b1c875db ] Request (ServerAddressesNegativeTestJSON:setUpClass): 200 GET http://10.180.1.21/compute/v2.1/servers/003dd320-3467-49c5-aabe-080ecde7dcc2 1.946s
2025-05-16 14:26:53.471 70071 INFO tempest.lib.common.rest_client [req-48581f64-2e7c-4ed1-a6bf-1c17d368f749 req-48581f64-2e7c-4ed1-a6bf-1c17d368f749 ] Request (AttachInterfacesUnderV243Test:test_add_remove_fixed_ip): 200 GET http://10.180.1.21/compute/v2.1/servers/9f0e31e6-2529-4998-aecd-0b908423b768/os-interface 2.074s
2025-05-16 14:26:53.507 70069 WARNING tempest.lib.common.ssh [-] Failed to establish authenticated ssh connection to cirros@10.180.180.205 ([Errno None] Unable to connect to port 22 on 10.180.180.205). Number attempts: 2. Retry after 3 seconds.: paramiko.ssh_exception.NoValidConnectionsError: [Errno None] Unable to connect to port 22 on 10.180.180.205
2025-05-16 14:26:53.724 70051 INFO tempest.lib.common.rest_client [req-dc67d662-4495-4d1c-85cf-0b072dfbdf73 req-dc67d662-4495-4d1c-85cf-0b072dfbdf73 ] Request (SecurityGroupRulesTestJSON:tearDownClass): 202 DELETE http://10.180.1.21/compute/v2.1/os-security-groups/ae37ef18-420b-4544-9300-78cb5e9dcf5f 2.253s
2025-05-16 14:26:53.763 70081 WARNING tempest.lib.common.ssh [-] Failed to establish authenticated ssh connection to cirros@10.180.180.163 ([Errno None] Unable to connect to port 22 on 10.180.180.163). Number attempts: 1. Retry after 2 seconds.: paramiko.ssh_exception.NoValidConnectionsError: [Errno None] Unable to connect to port 22 on 10.180.180.163
2025-05-16 14:26:53.855 70045 INFO tempest.lib.common.rest_client [req-84aa90a1-9fb5-42b3-bdb5-08f56707ca98 req-84aa90a1-9fb5-42b3-bdb5-08f56707ca98 ] Request (ServerDiagnosticsNegativeTest:tearDownClass): 200 GET http://10.180.1.21/compute/v2.1/servers/f42f703b-7134-49cf-9b6d-af6ff5be5d2b 1.821s
2025-05-16 14:26:53.922 70049 INFO tempest.lib.common.rest_client [req-22bc6676-0c7e-4512-b1c6-3df0b399b1cd req-22bc6676-0c7e-4512-b1c6-3df0b399b1cd ] Request (ServerAddressesTestJSON:setUpClass): 200 GET http://10.180.1.21/compute/v2.1/servers/c7bb5994-7c54-43a7-9d47-ad7ecb0465f6 1.824s
2025-05-16 14:26:54.052 70089 INFO tempest.lib.common.rest_client [req-c8df8b84-3b26-4d05-a059-de773c0da329 req-c8df8b84-3b26-4d05-a059-de773c0da329 ] Request (FloatingIPsAssociationNegativeTestJSON:setUpClass): 200 PUT http://10.180.1.21:9696/networking/v2.0/routers/d6a51cb0-40cc-468b-8d51-ea961845fd73/add_router_interface 1.901s
2025-05-16 14:26:54.052 70089 INFO tempest.lib.common.dynamic_creds [-] Created isolated network resources for: credentials: Credentials: {'domain_id': 'default', 'domain_name': 'Default', 'username': 'tempest-FloatingIPsAssociationNegativeTestJSON-1356343829-project-member', 'project_domain_id': 'default', 'project_domain_name': 'Default', 'project_id': '88b535ea1dec47b6948c5b8ed3c03d2a', 'project_name': 'tempest-FloatingIPsAssociationNegativeTestJSON-1356343829', 'tenant_id': '88b535ea1dec47b6948c5b8ed3c03d2a', 'tenant_name': 'tempest-FloatingIPsAssociationNegativeTestJSON-1356343829', 'user_domain_id': 'default', 'user_domain_name': 'Default', 'user_id': '95474e0135e34716b524c838c1b23c65', 'system': None}, Network: {'id': '0c7530b6-a3c5-400c-b8d4-310c9776b94c', 'name': 'tempest-FloatingIPsAssociationNegativeTestJSON-1500172451-network', 'tenant_id': '88b535ea1dec47b6948c5b8ed3c03d2a', 'admin_state_up': True, 'mtu': 8950, 'status': 'ACTIVE', 'subnets': [], 'shared': False, 'project_id': '88b535ea1dec47b6948c5b8ed3c03d2a', 'port_security_enabled': True, 'router:external': False, 'provider:network_type': 'vlan', 'provider:physical_network': 'default', 'provider:segmentation_id': 218, 'availability_zone_hints': [], 'availability_zones': [], 'ipv4_address_scope': None, 'ipv6_address_scope': None, 'description': '', 'tags': [], 'created_at': '2025-05-16T14:26:49Z', 'updated_at': '2025-05-16T14:26:49Z', 'revision_number': 1}, Subnet: {'id': 'd2084074-3af6-40fc-8c8f-cff5e7e08cbe', 'name': 'tempest-FloatingIPsAssociationNegativeTestJSON-1500172451-subnet', 'tenant_id': '88b535ea1dec47b6948c5b8ed3c03d2a', 'network_id': '0c7530b6-a3c5-400c-b8d4-310c9776b94c', 'ip_version': 4, 'subnetpool_id': None, 'enable_dhcp': True, 'ipv6_ra_mode': None, 'ipv6_address_mode': None, 'gateway_ip': '192.168.128.1', 'cidr': '192.168.128.0/28', 'allocation_pools': [{'start': '192.168.128.2', 'end': '192.168.128.14'}], 'host_routes': [], 'dns_nameservers': [], 'description': '', 'router:external': False, 'service_types': [], 'tags': [], 'created_at': '2025-05-16T14:26:50Z', 'updated_at': '2025-05-16T14:26:50Z', 'revision_number': 0, 'project_id': '88b535ea1dec47b6948c5b8ed3c03d2a'}, Router: {'id': 'd6a51cb0-40cc-468b-8d51-ea961845fd73', 'name': 'tempest-FloatingIPsAssociationNegativeTestJSON-1500172451-router', 'tenant_id': '88b535ea1dec47b6948c5b8ed3c03d2a', 'admin_state_up': True, 'status': 'ACTIVE', 'external_gateway_info': {'network_id': 'abde0f94-f26d-4f4d-8859-dacb45e94e2b', 'external_fixed_ips': [{'subnet_id': '64520be4-8b0f-4aea-8e2c-d95089b1e4ec', 'ip_address': '10.180.180.225'}], 'enable_snat': True}, 'description': '', 'availability_zones': [], 'distributed': False, 'ha': False, 'availability_zone_hints': [], 'routes': [], 'flavor_id': None, 'tags': [], 'created_at': '2025-05-16T14:26:50Z', 'updated_at': '2025-05-16T14:26:51Z', 'revision_number': 2, 'project_id': '88b535ea1dec47b6948c5b8ed3c03d2a'}
2025-05-16 14:26:54.076 70061 INFO tempest.lib.common.rest_client [req-ddbb001e-2c49-4b97-9184-e9fb0a5b2923 req-ddbb001e-2c49-4b97-9184-e9fb0a5b2923 ] Request (AttachInterfacesV270Test:tearDownClass): 200 PUT http://10.180.1.21:9696/networking/v2.0/routers/210f9aec-9c94-46af-8002-ee8977fc84f2/remove_router_interface 1.476s
2025-05-16 14:26:54.109 70065 INFO tempest.lib.common.rest_client [req-7fccbb4d-1a17-4dfa-8dee-99081a703309 req-7fccbb4d-1a17-4dfa-8dee-99081a703309 ] Request (TenantUsagesTestJSON:test_get_usage_tenant): 200 GET http://10.180.1.21/compute/v2.1/os-simple-tenant-usage/ba151c284a894ba7b9fe4c57df35c7b7?start=2025-05-15T14%3A26%3A52.177573&end=2025-05-17T14%3A26%3A52.177573 1.931s
2025-05-16 14:26:54.156 70089 INFO tempest.lib.common.rest_client [req-9d057cd3-d67d-4941-8eab-280cf16779d8 req-9d057cd3-d67d-4941-8eab-280cf16779d8 ] Request (FloatingIPsAssociationNegativeTestJSON:setUpClass): 201 POST http://10.180.1.21/identity/v3/auth/tokens 0.099s
2025-05-16 14:26:54.197 70089 INFO tempest.lib.common.rest_client [req-eead165f-1dba-446c-b95f-f6f36b3f3c03 req-eead165f-1dba-446c-b95f-f6f36b3f3c03 ] Request (FloatingIPsAssociationNegativeTestJSON:setUpClass): 201 POST http://10.180.1.21/identity/v3/auth/tokens 0.036s
2025-05-16 14:26:54.197 70089 INFO tempest.lib.common.fixed_network [-] (FloatingIPsAssociationNegativeTestJSON:setUpClass) Found network {'id': '0c7530b6-a3c5-400c-b8d4-310c9776b94c', 'name': 'tempest-FloatingIPsAssociationNegativeTestJSON-1500172451-network', 'tenant_id': '88b535ea1dec47b6948c5b8ed3c03d2a', 'admin_state_up': True, 'mtu': 8950, 'status': 'ACTIVE', 'subnets': [], 'shared': False, 'project_id': '88b535ea1dec47b6948c5b8ed3c03d2a', 'port_security_enabled': True, 'router:external': False, 'provider:network_type': 'vlan', 'provider:physical_network': 'default', 'provider:segmentation_id': 218, 'availability_zone_hints': [], 'availability_zones': [], 'ipv4_address_scope': None, 'ipv6_address_scope': None, 'description': '', 'tags': [], 'created_at': '2025-05-16T14:26:49Z', 'updated_at': '2025-05-16T14:26:49Z', 'revision_number': 1} available for tenant
2025-05-16 14:26:54.481 70033 INFO tempest.lib.common.rest_client [req-54603b9a-259d-433f-996c-f8bca80f0888 req-54603b9a-259d-433f-996c-f8bca80f0888 ] Request (ServerDiskConfigTestJSON:test_rebuild_server_with_auto_disk_config): 202 POST http://10.180.1.21/compute/v2.1/servers 2.302s
2025-05-16 14:26:54.580 70061 INFO tempest.lib.common.rest_client [req-b4489553-0b4d-4935-b0ef-8a7da0366963 req-b4489553-0b4d-4935-b0ef-8a7da0366963 ] Request (AttachInterfacesV270Test:tearDownClass): 204 DELETE http://10.180.1.21:9696/networking/v2.0/routers/210f9aec-9c94-46af-8002-ee8977fc84f2 0.503s
2025-05-16 14:26:54.625 70077 INFO tempest.lib.common.rest_client [req-4e80a842-adbd-4895-affe-ef342dfe7836 req-4e80a842-adbd-4895-affe-ef342dfe7836 ] Request (MigrationsAdminTest:test_list_migrations_in_flavor_resize_situation): 200 GET http://10.180.1.21/compute/v2.1/servers/f65be0d2-8a1a-407e-9a7e-be2f2e04f7b5 2.338s
2025-05-16 14:26:54.657 70037 INFO tempest.lib.common.rest_client [req-ac5c7158-bf16-4728-83b4-6c9935730a66 req-ac5c7158-bf16-4728-83b4-6c9935730a66 ] Request (ServersAdmin275Test:tearDownClass): 404 GET http://10.180.1.21/compute/v2.1/servers/64682674-f877-4f16-90f3-60f5a7ec45db 2.049s
2025-05-16 14:26:54.800 70037 INFO tempest.lib.common.rest_client [req-82e7428d-dc23-48b7-8ba0-725402480a05 req-82e7428d-dc23-48b7-8ba0-725402480a05 ] Request (ServersAdmin275Test:tearDownClass): 204 DELETE http://10.180.1.21/identity/v3/users/2c7909be5c6a486285569e58601a47ca 0.142s
2025-05-16 14:26:54.806 70061 INFO tempest.lib.common.rest_client [req-49d7eacc-522a-4da0-94ff-18d911336c15 req-49d7eacc-522a-4da0-94ff-18d911336c15 ] Request (AttachInterfacesV270Test:tearDownClass): 204 DELETE http://10.180.1.21:9696/networking/v2.0/subnets/e4d27e2f-73f6-4f4f-99c4-50575507fd85 0.226s
