2025-05-16 14:28:40.010 70067 INFO tempest.lib.common.rest_client [req-6828eb90-1fcd-488d-b860-3365c7b3edbc req-6828eb90-1fcd-488d-b860-3365c7b3edbc ] Request (AttachInterfacesTestJSON:test_create_list_show_delete_interfaces_by_network_port): 200 GET http://10.180.1.21/compute/v2.1/servers/13f548d5-3ca4-47c8-b01e-11d7d8e0ae82 0.490s
2025-05-16 14:28:40.139 70061 INFO tempest.lib.common.rest_client [req-e345f2c2-a074-4313-9858-17c44a7bbbb6 req-e345f2c2-a074-4313-9858-17c44a7bbbb6 ] Request (ListServerFiltersTestJSON:test_list_servers_filtered_by_ip): 200 GET http://10.180.1.21/compute/v2.1/servers/afa5f55f-8fe1-4c02-96bf-59e963dd4ada 0.598s
2025-05-16 14:28:40.221 70027 INFO tempest.lib.common.rest_client [req-32ec24a0-d856-4bbd-afa9-56e07b592240 req-32ec24a0-d856-4bbd-afa9-56e07b592240 ] Request (ImagesOneServerNegativeTestJSON:_run_cleanups): 200 GET http://10.180.1.21/compute/v2.1/servers/99d93c01-4212-4c76-955f-b2dcfdbdca17 0.513s
2025-05-16 14:28:40.246 70045 INFO tempest.lib.common.rest_client [req-001ab48b-0b77-4bd2-af37-503c84999d32 req-001ab48b-0b77-4bd2-af37-503c84999d32 ] Request (ServersTestManualDisk:setUpClass): 200 GET http://10.180.1.21/compute/v2.1/servers/95df5a66-c49d-4435-835b-82d0ba35b4ce 0.645s
2025-05-16 14:28:40.258 70045 INFO tempest.common.waiters [-] State transition "BUILD/networking" ==> "BUILD/spawning" after 78 second wait
2025-05-16 14:28:40.276 70069 INFO tempest.lib.common.rest_client [req-551bc65d-8f03-47a9-a9d3-c5afdc02f813 req-551bc65d-8f03-47a9-a9d3-c5afdc02f813 ] Request (ServersWithSpecificFlavorTestJSON:test_verify_created_server_ephemeral_disk): 200 GET http://10.180.1.21/compute/v2.1/servers/8dc903b3-a705-4733-a6d2-14dcb9fd104a 0.563s
2025-05-16 14:28:40.310 70029 INFO tempest.lib.common.rest_client [req-2b172b54-b526-4d41-858b-475aa50ab07f req-2b172b54-b526-4d41-858b-475aa50ab07f ] Request (ServerShowV254Test:test_rebuild_server): 200 GET http://10.180.1.21/compute/v2.1/servers/6de6a293-0fc9-4b20-8f52-cbd0b644c0c0 0.477s
2025-05-16 14:28:40.321 70029 INFO tempest.common.waiters [-] State transition "REBUILD/rebuild_spawning" ==> "ACTIVE/None" after 9 second wait
2025-05-16 14:28:40.330 70073 INFO tempest.lib.common.rest_client [req-223389c5-e1e6-4e22-97c2-1d1b8e401715 req-223389c5-e1e6-4e22-97c2-1d1b8e401715 ] Request (AttachVolumeNegativeTest:test_attach_attached_volume_to_different_server): 200 GET http://10.180.1.21/compute/v2.1/servers/b3942bc6-49d3-4260-bd82-4f6224bab80c 0.495s
2025-05-16 14:28:40.365 70039 INFO tempest.lib.common.rest_client [req-4886ce02-67f9-4b09-ab12-2eb216b6993c req-4886ce02-67f9-4b09-ab12-2eb216b6993c ] Request (ServersTestMultiNic:test_verify_multiple_nics_order): 200 GET http://10.180.1.21/compute/v2.1/servers/a4b7cb6a-23d1-474a-9d7f-d4b5ab968427 0.440s
2025-05-16 14:28:40.383 70053 INFO tempest.lib.common.rest_client [req-f960f850-b4d1-4238-9ddc-4cc724ad5551 req-f960f850-b4d1-4238-9ddc-4cc724ad5551 ] Request (ServerAddressesNegativeTestJSON:tearDownClass): 200 PUT http://10.180.1.21:9696/networking/v2.0/routers/e0748885-0a29-49a7-9727-989aee5378de/remove_router_interface 1.641s
2025-05-16 14:28:40.389 70087 INFO tempest.lib.common.rest_client [req-41777269-0050-4eb5-a491-1b5a5d3c8331 req-41777269-0050-4eb5-a491-1b5a5d3c8331 ] Request (FloatingIPsAssociationTestJSON:test_associate_already_associated_floating_ip): 200 GET http://10.180.1.21/compute/v2.1/servers/fbf78283-a645-4b46-a501-57fd0979bd10 0.464s
2025-05-16 14:28:40.427 70057 INFO tempest.lib.common.rest_client [req-faa5bc3c-bc96-4b07-b606-242ce08d066a req-faa5bc3c-bc96-4b07-b606-242ce08d066a ] Request (MultipleCreateTestJSON:test_multiple_create): 200 GET http://10.180.1.21/compute/v2.1/servers/12c48e81-863b-4591-b3c5-fa4e26d655b9 0.431s
2025-05-16 14:28:40.452 70043 INFO tempest.lib.common.rest_client [req-4a911753-eec2-4da7-a966-dd23f0426b67 req-4a911753-eec2-4da7-a966-dd23f0426b67 ] Request (ServersTestJSON:tearDownClass): 200 GET http://10.180.1.21/compute/v2.1/servers/17df4088-f859-480c-9010-4acf00f34c12 0.309s
2025-05-16 14:28:40.483 70037 INFO tempest.lib.common.rest_client [req-dd9ddf0c-d659-42f3-aaa9-743de632a7f0 req-dd9ddf0c-d659-42f3-aaa9-743de632a7f0 ] Request (ImagesTestJSON:test_create_image_from_stopped_server): 200 GET http://10.180.1.21/compute/v2.1/images/ff60a1be-bb9a-4533-ab94-b8667875154a 0.299s
2025-05-16 14:28:40.547 70079 INFO tempest.lib.common.rest_client [req-310f30a2-f70d-4428-98ff-e98bfb141341 req-310f30a2-f70d-4428-98ff-e98bfb141341 ] Request (VolumesAdminNegativeTest:test_update_attached_volume_with_nonexistent_volume_in_uri): 200 GET http://10.180.1.21/compute/v2.1/servers/ad04223c-147a-435f-a2cd-d3c73ea1ca63 0.283s
2025-05-16 14:28:40.573 70061 INFO tempest.lib.common.rest_client [req-d9ded6ad-7263-4e97-870b-9d94cd51cff0 req-d9ded6ad-7263-4e97-870b-9d94cd51cff0 ] Request (ListServerFiltersTestJSON:test_list_servers_filtered_by_ip): 200 GET http://10.180.1.21/compute/v2.1/servers/32a3b6d5-3798-43f8-8864-c7e643de0aa4 0.422s
2025-05-16 14:28:40.595 70029 INFO tempest.lib.common.rest_client [req-d9374ec3-5dc1-4694-824f-595d9d23c3c1 req-d9374ec3-5dc1-4694-824f-595d9d23c3c1 ] Request (ServerShowV254Test:_run_cleanups): 204 DELETE http://10.180.1.21/compute/v2.1/os-keypairs/tempest-ServerShowV254Test-keypair-548601238 0.274s
2025-05-16 14:28:40.616 70071 INFO tempest.lib.common.rest_client [req-0e74143f-a048-4820-86b7-7fce19b73f12 req-0e74143f-a048-4820-86b7-7fce19b73f12 ] Request (InstanceActionsV221TestJSON:test_get_list_deleted_instance_actions): 200 GET http://10.180.1.21/compute/v2.1/servers/735cd9c8-ca9a-4b99-a653-333b31d07751 0.332s
2025-05-16 14:28:40.662 70089 INFO tempest.lib.common.rest_client [req-eaac9bd1-11ba-483d-978f-52232a2d9e97 req-eaac9bd1-11ba-483d-978f-52232a2d9e97 ] Request (FloatingIPsAssociationNegativeTestJSON:tearDownClass): 200 GET http://10.180.1.21/compute/v2.1/servers/d5770133-2f67-4afd-ba07-778defd8c692 0.312s
2025-05-16 14:28:40.687 70063 INFO tempest.lib.common.rest_client [req-1fb20e8a-c4f8-47be-99da-a4febe680cb6 req-1fb20e8a-c4f8-47be-99da-a4febe680cb6 ] Request (ServerRescueNegativeTestJSON:test_rescued_vm_detach_volume): 200 GET http://10.180.1.21/compute/v2.1/servers/01618ff9-d8e5-41b5-899c-81279eb69806 0.327s
2025-05-16 14:28:40.736 70083 INFO tempest.lib.common.rest_client [req-880535ac-7659-421c-938d-ba42b04ec75a req-880535ac-7659-421c-938d-ba42b04ec75a ] Request (ServerRescueTestJSONUnderV235:setUpClass): 200 GET http://10.180.1.21/compute/v2.1/servers/6acc83d1-4c05-4375-946b-7b326bb650e5 0.296s
2025-05-16 14:28:40.832 70029 INFO tempest.lib.common.rest_client [req-57b246e0-3603-44e1-b99b-f07fbcfc8f07 req-57b246e0-3603-44e1-b99b-f07fbcfc8f07 ] Request (ServerShowV254Test:tearDownClass): 204 DELETE http://10.180.1.21/compute/v2.1/servers/6de6a293-0fc9-4b20-8f52-cbd0b644c0c0 0.235s
2025-05-16 14:28:40.899 70029 INFO tempest.lib.common.rest_client [req-d79766b4-f744-4423-b32c-11e320f7034e req-d79766b4-f744-4423-b32c-11e320f7034e ] Request (ServerShowV254Test:tearDownClass): 200 GET http://10.180.1.21/compute/v2.1/servers/6de6a293-0fc9-4b20-8f52-cbd0b644c0c0 0.066s
2025-05-16 14:28:40.950 70061 INFO tempest.lib.common.rest_client [req-bf9b7f7f-1c8d-468e-aeae-645f6c778ccc req-bf9b7f7f-1c8d-468e-aeae-645f6c778ccc ] Request (ListServerFiltersTestJSON:test_list_servers_filtered_by_ip): 200 GET http://10.180.1.21/compute/v2.1/servers?ip=192.168.128.14 0.364s
2025-05-16 14:28:40.972 70053 INFO tempest.lib.common.rest_client [req-9bc73e6a-69cc-40ee-8be1-11803baccd4a req-9bc73e6a-69cc-40ee-8be1-11803baccd4a ] Request (ServerAddressesNegativeTestJSON:tearDownClass): 204 DELETE http://10.180.1.21:9696/networking/v2.0/routers/e0748885-0a29-49a7-9727-989aee5378de 0.589s
2025-05-16 14:28:40.974 70041 INFO tempest.lib.common.rest_client [req-9a6ba295-dc59-44ea-8398-ef0a84bbbda7 req-9a6ba295-dc59-44ea-8398-ef0a84bbbda7 ] Request (ServersAdminNegativeTestJSON:tearDownClass): 200 GET http://10.180.1.21/compute/v2.1/servers/8f0a0fcb-babd-406b-9468-ae0f86818589 0.109s
2025-05-16 14:28:41.046 70047 INFO tempest.lib.common.rest_client [req-04c031c5-2a6d-4886-a7e8-489f03c20d03 req-04c031c5-2a6d-4886-a7e8-489f03c20d03 ] Request (ServersAdminTestJSON:setUpClass): 200 GET http://10.180.1.21/compute/v2.1/servers/8f0fd12a-ac4a-4d6b-8778-e3c5dacb7204 0.125s
2025-05-16 14:28:41.110 70077 INFO tempest.lib.common.rest_client [req-bf6d95f4-4b40-4d0f-a815-c6b3b71783d2 req-bf6d95f4-4b40-4d0f-a815-c6b3b71783d2 ] Request (MigrationsAdminTest:test_resize_server_revert_deleted_flavor): 200 GET http://10.180.1.21/compute/v2.1/servers/4458a759-c025-4325-8553-64c4fd7ebbde 0.212s
2025-05-16 14:28:41.123 70035 INFO tempest.lib.common.rest_client [req-fdaf28c8-daf3-47d3-a389-41a4bb69e668 req-fdaf28c8-daf3-47d3-a389-41a4bb69e668 ] Request (ServerRescueTestJSON:setUpClass): 200 GET http://10.180.1.21/compute/v2.1/servers/407887d5-5e6b-4e1a-bd96-0d2f469e9d05 0.169s
2025-05-16 14:28:41.187 70033 INFO tempest.lib.common.rest_client [req-2dacf1c5-6dd2-43e9-af89-032b7f31d0b4 req-2dacf1c5-6dd2-43e9-af89-032b7f31d0b4 ] Request (ServerDiskConfigTestJSON:test_rebuild_server_with_manual_disk_config): 200 GET http://10.180.1.21/compute/v2.1/servers/58199a59-81d5-4320-af6f-06a89b7091fe 0.201s
2025-05-16 14:28:41.216 70053 INFO tempest.lib.common.rest_client [req-532d7ace-0307-4248-b4a4-e8f9ab2255e6 req-532d7ace-0307-4248-b4a4-e8f9ab2255e6 ] Request (ServerAddressesNegativeTestJSON:tearDownClass): 204 DELETE http://10.180.1.21:9696/networking/v2.0/subnets/8c74cfb9-17f0-408a-a07e-b93036f26a58 0.244s
2025-05-16 14:28:41.246 70067 INFO tempest.lib.common.rest_client [req-0a8acff1-87b3-47ae-b5d5-f47477b18f3d req-0a8acff1-87b3-47ae-b5d5-f47477b18f3d ] Request (AttachInterfacesTestJSON:test_create_list_show_delete_interfaces_by_network_port): 200 GET http://10.180.1.21/compute/v2.1/servers/13f548d5-3ca4-47c8-b01e-11d7d8e0ae82 0.226s
2025-05-16 14:28:41.251 70061 INFO tempest.lib.common.rest_client [req-8e0a31dc-b6e6-446a-88e2-3ab2b4be41af req-8e0a31dc-b6e6-446a-88e2-3ab2b4be41af ] Request (ListServerFiltersTestJSON:test_list_servers_filtered_by_ip_regex): 200 GET http://10.180.1.21/compute/v2.1/servers/70576c11-d63f-48a1-8a9f-6da8ae18b542 0.296s
2025-05-16 14:28:41.300 70027 INFO tempest.lib.common.rest_client [req-8a82c2b5-abce-4481-a8f0-38b5f0bc15d0 req-8a82c2b5-abce-4481-a8f0-38b5f0bc15d0 ] Request (ImagesOneServerNegativeTestJSON:_run_cleanups): 200 GET http://10.180.1.21/compute/v2.1/servers/99d93c01-4212-4c76-955f-b2dcfdbdca17 0.070s
2025-05-16 14:28:41.377 70061 INFO tempest.lib.common.rest_client [req-97851416-46b8-4984-a23e-2e3e1e1d7570 req-97851416-46b8-4984-a23e-2e3e1e1d7570 ] Request (ListServerFiltersTestJSON:test_list_servers_filtered_by_ip_regex): 200 GET http://10.180.1.21/compute/v2.1/servers/afa5f55f-8fe1-4c02-96bf-59e963dd4ada 0.118s
2025-05-16 14:28:41.419 70045 INFO tempest.lib.common.rest_client [req-f45724f6-4b73-4a18-af4d-15128ab34c35 req-f45724f6-4b73-4a18-af4d-15128ab34c35 ] Request (ServersTestManualDisk:setUpClass): 200 GET http://10.180.1.21/compute/v2.1/servers/95df5a66-c49d-4435-835b-82d0ba35b4ce 0.160s
2025-05-16 14:28:41.435 70069 INFO tempest.lib.common.rest_client [req-5f64d838-80a0-464b-a12e-8eb8f09b3d72 req-5f64d838-80a0-464b-a12e-8eb8f09b3d72 ] Request (ServersWithSpecificFlavorTestJSON:test_verify_created_server_ephemeral_disk): 200 GET http://10.180.1.21/compute/v2.1/servers/8dc903b3-a705-4733-a6d2-14dcb9fd104a 0.146s
2025-05-16 14:28:41.486 70073 INFO tempest.lib.common.rest_client [req-321a3baa-ea7f-4d46-acf2-071f87041abd req-321a3baa-ea7f-4d46-acf2-071f87041abd ] Request (AttachVolumeNegativeTest:test_attach_attached_volume_to_different_server): 200 GET http://10.180.1.21/compute/v2.1/servers/b3942bc6-49d3-4260-bd82-4f6224bab80c 0.148s
2025-05-16 14:28:41.497 70039 INFO tempest.lib.common.rest_client [req-ca7fa647-7716-46b5-91aa-1149f51c10b1 req-ca7fa647-7716-46b5-91aa-1149f51c10b1 ] Request (ServersTestMultiNic:test_verify_multiple_nics_order): 200 GET http://10.180.1.21/compute/v2.1/servers/a4b7cb6a-23d1-474a-9d7f-d4b5ab968427 0.124s
2025-05-16 14:28:41.567 70087 INFO tempest.lib.common.rest_client [req-c6d54a6c-06ca-410e-95de-21e34ebee429 req-c6d54a6c-06ca-410e-95de-21e34ebee429 ] Request (FloatingIPsAssociationTestJSON:test_associate_already_associated_floating_ip): 200 GET http://10.180.1.21/compute/v2.1/servers/fbf78283-a645-4b46-a501-57fd0979bd10 0.166s
2025-05-16 14:28:41.575 70087 INFO tempest.common.waiters [-] State transition "BUILD/None" ==> "BUILD/networking" after 73 second wait
2025-05-16 14:28:41.600 70061 INFO tempest.lib.common.rest_client [req-96c7c998-5df9-4dfc-8557-19312d509156 req-96c7c998-5df9-4dfc-8557-19312d509156 ] Request (ListServerFiltersTestJSON:test_list_servers_filtered_by_ip_regex): 200 GET http://10.180.1.21/compute/v2.1/servers/32a3b6d5-3798-43f8-8864-c7e643de0aa4 0.212s
2025-05-16 14:28:41.631 70057 INFO tempest.lib.common.rest_client [req-5f5e4fd4-e7d9-4b76-b6bb-a1832758bd53 req-5f5e4fd4-e7d9-4b76-b6bb-a1832758bd53 ] Request (MultipleCreateTestJSON:test_multiple_create): 200 GET http://10.180.1.21/compute/v2.1/servers/12c48e81-863b-4591-b3c5-fa4e26d655b9 0.194s
2025-05-16 14:28:41.698 70037 INFO tempest.lib.common.rest_client [req-f2a34ac5-4aad-4f57-8e31-4f7302992c5c req-f2a34ac5-4aad-4f57-8e31-4f7302992c5c ] Request (ImagesTestJSON:test_create_image_from_stopped_server): 200 GET http://10.180.1.21/compute/v2.1/images/ff60a1be-bb9a-4533-ab94-b8667875154a 0.207s
2025-05-16 14:28:41.706 70043 INFO tempest.lib.common.rest_client [req-123a36d8-2f6e-4566-8f83-34b1b99ea16a req-123a36d8-2f6e-4566-8f83-34b1b99ea16a ] Request (ServersTestJSON:tearDownClass): 200 GET http://10.180.1.21/compute/v2.1/servers/17df4088-f859-480c-9010-4acf00f34c12 0.243s
2025-05-16 14:28:41.723 70053 INFO tempest.lib.common.rest_client [req-a13d2bbb-674a-446e-ab6d-473ea1a74764 req-a13d2bbb-674a-446e-ab6d-473ea1a74764 ] Request (ServerAddressesNegativeTestJSON:tearDownClass): 204 DELETE http://10.180.1.21:9696/networking/v2.0/networks/dac7e6b7-2181-40eb-a04f-1aac4439e5e8 0.506s
2025-05-16 14:28:41.749 70079 INFO tempest.lib.common.rest_client [req-e1e07c6c-1d0d-4cf8-9ae3-7837595a928f req-e1e07c6c-1d0d-4cf8-9ae3-7837595a928f ] Request (VolumesAdminNegativeTest:test_update_attached_volume_with_nonexistent_volume_in_uri): 200 GET http://10.180.1.21/compute/v2.1/servers/ad04223c-147a-435f-a2cd-d3c73ea1ca63 0.185s
2025-05-16 14:28:41.838 70071 INFO tempest.lib.common.rest_client [req-476e1f8c-5809-4dcb-8449-051a7087d183 req-476e1f8c-5809-4dcb-8449-051a7087d183 ] Request (InstanceActionsV221TestJSON:test_get_list_deleted_instance_actions): 200 GET http://10.180.1.21/compute/v2.1/servers/735cd9c8-ca9a-4b99-a653-333b31d07751 0.212s
2025-05-16 14:28:41.880 70053 INFO tempest.lib.common.rest_client [req-ba49542d-53f6-4194-95f9-8d4baf222466 req-ba49542d-53f6-4194-95f9-8d4baf222466 ] Request (ServerAddressesNegativeTestJSON:tearDownClass): 204 DELETE http://10.180.1.21/identity/v3/users/5719f105db6542d6804e0df646d39ecc 0.157s
2025-05-16 14:28:41.881 70053 INFO tempest.lib.common.dynamic_creds [-] Deleting project and security group for project: c000a3617bb3449bbee7949bbfb16cab
2025-05-16 14:28:41.898 70061 INFO tempest.lib.common.rest_client [req-5636dd61-6679-4ff8-b32b-61ae4d6f126c req-5636dd61-6679-4ff8-b32b-61ae4d6f126c ] Request (ListServerFiltersTestJSON:test_list_servers_filtered_by_ip_regex): 200 GET http://10.180.1.21/compute/v2.1/servers/detail 0.290s
2025-05-16 14:28:41.923 70053 INFO tempest.lib.common.rest_client [req-ce029c92-f627-458c-b0f8-11260c9aecd0 req-ce029c92-f627-458c-b0f8-11260c9aecd0 ] Request (ServerAddressesNegativeTestJSON:tearDownClass): 200 GET http://10.180.1.21:9696/networking/v2.0/security-groups?tenant_id=c000a3617bb3449bbee7949bbfb16cab&name=default 0.042s
2025-05-16 14:28:41.927 70089 INFO tempest.lib.common.rest_client [req-19ec0d28-7d7d-4d32-be44-1d2e9aec5d11 req-19ec0d28-7d7d-4d32-be44-1d2e9aec5d11 ] Request (FloatingIPsAssociationNegativeTestJSON:tearDownClass): 200 GET http://10.180.1.21/compute/v2.1/servers/d5770133-2f67-4afd-ba07-778defd8c692 0.257s
2025-05-16 14:28:41.960 70063 INFO tempest.lib.common.rest_client [req-e43e3ade-7a4e-4d1d-ae1c-479863c75864 req-e43e3ade-7a4e-4d1d-ae1c-479863c75864 ] Request (ServerRescueNegativeTestJSON:test_rescued_vm_detach_volume): 200 GET http://10.180.1.21/compute/v2.1/servers/01618ff9-d8e5-41b5-899c-81279eb69806 0.260s
2025-05-16 14:28:41.985 70083 INFO tempest.lib.common.rest_client [req-192bc3ed-185d-4a15-b573-824549add299 req-192bc3ed-185d-4a15-b573-824549add299 ] Request (ServerRescueTestJSONUnderV235:setUpClass): 200 GET http://10.180.1.21/compute/v2.1/servers/6acc83d1-4c05-4375-946b-7b326bb650e5 0.236s
2025-05-16 14:28:42.068 70029 INFO tempest.lib.common.rest_client [req-edcef865-3df2-4244-8bf2-657cfd7f32b4 req-edcef865-3df2-4244-8bf2-657cfd7f32b4 ] Request (ServerShowV254Test:tearDownClass): 200 GET http://10.180.1.21/compute/v2.1/servers/6de6a293-0fc9-4b20-8f52-cbd0b644c0c0 0.157s
2025-05-16 14:28:42.101 70053 INFO tempest.lib.common.rest_client [req-f746d7f6-2daa-44d9-b7f2-9d486aa1d5a0 req-f746d7f6-2daa-44d9-b7f2-9d486aa1d5a0 ] Request (ServerAddressesNegativeTestJSON:tearDownClass): 204 DELETE http://10.180.1.21:9696/networking/v2.0/security-groups/8e640edd-4d09-47e8-8366-ded745a058e3 0.177s
2025-05-16 14:28:42.118 70061 INFO tempest.lib.common.rest_client [req-87537bfc-4007-4d3c-a38d-2334803dd070 req-87537bfc-4007-4d3c-a38d-2334803dd070 ] Request (ListServerFiltersTestJSON:test_list_servers_filtered_by_ip_regex): 200 GET http://10.180.1.21/compute/v2.1/servers?ip=192.168.128. 0.210s
2025-05-16 14:28:42.135 70041 INFO tempest.lib.common.rest_client [req-172e232a-030e-4dcb-9443-0701b219827d req-172e232a-030e-4dcb-9443-0701b219827d ] Request (ServersAdminNegativeTestJSON:tearDownClass): 200 GET http://10.180.1.21/compute/v2.1/servers/8f0a0fcb-babd-406b-9468-ae0f86818589 0.154s
2025-05-16 14:28:42.172 70047 INFO tempest.lib.common.rest_client [req-d1c52c3b-a6ba-461b-be12-bae9922627c8 req-d1c52c3b-a6ba-461b-be12-bae9922627c8 ] Request (ServersAdminTestJSON:setUpClass): 200 GET http://10.180.1.21/compute/v2.1/servers/8f0fd12a-ac4a-4d6b-8778-e3c5dacb7204 0.117s
2025-05-16 14:28:42.217 70053 INFO tempest.lib.common.rest_client [req-47722a1a-79f6-48a1-9d5f-b09009b57850 req-47722a1a-79f6-48a1-9d5f-b09009b57850 ] Request (ServerAddressesNegativeTestJSON:tearDownClass): 204 DELETE http://10.180.1.21/identity/v3/projects/c000a3617bb3449bbee7949bbfb16cab 0.116s
2025-05-16 14:28:42.232 70061 INFO tempest.lib.common.rest_client [req-65812c69-2f10-4f32-a3d3-27eb727f724d req-65812c69-2f10-4f32-a3d3-27eb727f724d ] Request (ListServerFiltersTestJSON:test_list_servers_filtered_by_name_regex): 200 GET http://10.180.1.21/compute/v2.1/servers?name=%5E.%2A%5C-instance%5C-%5B0-9%5D%2B%24 0.110s
2025-05-16 14:28:42.232 70077 INFO tempest.lib.common.rest_client [req-4cfc6165-da74-43f1-b79c-55f739da2cc6 req-4cfc6165-da74-43f1-b79c-55f739da2cc6 ] Request (MigrationsAdminTest:test_resize_server_revert_deleted_flavor): 200 GET http://10.180.1.21/compute/v2.1/servers/4458a759-c025-4325-8553-64c4fd7ebbde 0.113s
2025-05-16 14:28:42.306 70033 INFO tempest.lib.common.rest_client [req-e11a0d8b-e453-45fc-bde6-1bfd6367291c req-e11a0d8b-e453-45fc-bde6-1bfd6367291c ] Request (ServerDiskConfigTestJSON:test_rebuild_server_with_manual_disk_config): 200 GET http://10.180.1.21/compute/v2.1/servers/58199a59-81d5-4320-af6f-06a89b7091fe 0.109s
2025-05-16 14:28:42.313 70053 INFO tempest.lib.common.rest_client [req-4a1faf1b-d80d-46b6-8218-76ba0de09f09 req-4a1faf1b-d80d-46b6-8218-76ba0de09f09 ] Request (QuotasTestJSON:setUpClass): 201 POST http://10.180.1.21/identity/v3/auth/tokens 0.093s
2025-05-16 14:28:42.312 70035 INFO tempest.lib.common.rest_client [req-ef2696b0-9a29-44a2-bad9-63e41b547e47 req-ef2696b0-9a29-44a2-bad9-63e41b547e47 ] Request (ServerRescueTestJSON:setUpClass): 200 GET http://10.180.1.21/compute/v2.1/servers/407887d5-5e6b-4e1a-bd96-0d2f469e9d05 0.181s
2025-05-16 14:28:42.340 70053 INFO tempest.lib.common.rest_client [req-4db0a600-6ca2-4460-b485-df0bc9d08276 req-4db0a600-6ca2-4460-b485-df0bc9d08276 ] Request (QuotasTestJSON:setUpClass): 201 POST http://10.180.1.21/identity/v3/auth/tokens 0.025s
2025-05-16 14:28:42.350 70061 INFO tempest.lib.common.rest_client [req-f73565de-2edb-47a2-81cc-abc97466f12c req-f73565de-2edb-47a2-81cc-abc97466f12c ] Request (ListServerFiltersTestJSON:test_list_servers_filtered_by_name_regex): 200 GET http://10.180.1.21/compute/v2.1/servers?name=%5E.%2A%5C-instance%5C-.%2A%24 0.113s
2025-05-16 14:28:42.373 70067 INFO tempest.lib.common.rest_client [req-54c93b03-7a6c-45b1-adfa-ba4872fa5ab7 req-54c93b03-7a6c-45b1-adfa-ba4872fa5ab7 ] Request (AttachInterfacesTestJSON:test_create_list_show_delete_interfaces_by_network_port): 200 GET http://10.180.1.21/compute/v2.1/servers/13f548d5-3ca4-47c8-b01e-11d7d8e0ae82 0.118s
2025-05-16 14:28:42.374 70053 INFO tempest.lib.common.rest_client [req-41586b9e-3f03-4cc4-810f-cff6b0dd6a97 req-41586b9e-3f03-4cc4-810f-cff6b0dd6a97 ] Request (QuotasTestJSON:setUpClass): 200 GET http://10.180.1.21/identity/v3/domains?name=Default 0.033s
2025-05-16 14:28:42.403 70053 INFO tempest.lib.common.rest_client [req-e35cb665-0c1e-439c-869a-456abc3e048d req-e35cb665-0c1e-439c-869a-456abc3e048d ] Request (QuotasTestJSON:setUpClass): 201 POST http://10.180.1.21/identity/v3/projects 0.029s
2025-05-16 14:28:42.403 70027 INFO tempest.lib.common.rest_client [req-7761b46c-b319-4cee-a4c9-ff5b47f59005 req-7761b46c-b319-4cee-a4c9-ff5b47f59005 ] Request (ImagesOneServerNegativeTestJSON:_run_cleanups): 200 GET http://10.180.1.21/compute/v2.1/servers/99d93c01-4212-4c76-955f-b2dcfdbdca17 0.094s
2025-05-16 14:28:42.415 70061 INFO tempest.lib.common.rest_client [req-43e65b1f-65bf-4a3e-8c7a-d1f77ab2fc4b req-43e65b1f-65bf-4a3e-8c7a-d1f77ab2fc4b ] Request (ListServerFiltersTestJSON:test_list_servers_filtered_by_name_regex): 200 GET http://10.180.1.21/compute/v2.1/servers?name=1607990625 0.063s
2025-05-16 14:28:42.467 70061 INFO tempest.lib.common.rest_client [req-b48e5a1a-2546-41b5-b84f-24c143c02254 req-b48e5a1a-2546-41b5-b84f-24c143c02254 ] Request (ListServerFiltersTestJSON:test_list_servers_filtered_by_name_wildcard): 200 GET http://10.180.1.21/compute/v2.1/servers?name=-instance 0.046s
2025-05-16 14:28:42.474 70053 INFO tempest.lib.common.rest_client [req-744e684a-d32c-454b-bea5-0b096ac8fabb req-744e684a-d32c-454b-bea5-0b096ac8fabb ] Request (QuotasTestJSON:setUpClass): 201 POST http://10.180.1.21/identity/v3/users 0.071s
2025-05-16 14:28:42.501 70053 INFO tempest.lib.common.rest_client [req-44367b18-8491-483f-9f6b-af2d46525f7d req-44367b18-8491-483f-9f6b-af2d46525f7d ] Request (QuotasTestJSON:setUpClass): 200 GET http://10.180.1.21/identity/v3/roles 0.026s
2025-05-16 14:28:42.520 70069 INFO tempest.lib.common.rest_client [req-6f22bbe7-e9e9-4378-8294-842951e12c3a req-6f22bbe7-e9e9-4378-8294-842951e12c3a ] Request (ServersWithSpecificFlavorTestJSON:test_verify_created_server_ephemeral_disk): 200 GET http://10.180.1.21/compute/v2.1/servers/8dc903b3-a705-4733-a6d2-14dcb9fd104a 0.076s
2025-05-16 14:28:42.530 70053 INFO tempest.lib.common.rest_client [req-9707396e-8db8-4b97-920f-f2ab138c5da3 req-9707396e-8db8-4b97-920f-f2ab138c5da3 ] Request (QuotasTestJSON:setUpClass): 204 PUT http://10.180.1.21/identity/v3/projects/f3ca80442b7c4eb2963cc3dbbb228857/users/028ded18cf12447ea45a4eb89e0f47e5/roles/b232d641ec92499db1cadee25faf2b48 0.028s
2025-05-16 14:28:42.530 70053 INFO tempest.lib.common.dynamic_creds [-] Dynamic test user 028ded18cf12447ea45a4eb89e0f47e5 is created with scope project and roles: ['member']
2025-05-16 14:28:42.530 70053 INFO tempest.lib.common.dynamic_creds [-] Acquired dynamic creds: credentials: Credentials: {'domain_id': 'default', 'domain_name': 'Default', 'username': 'tempest-QuotasTestJSON-1717471000-project-member', 'project_domain_id': 'default', 'project_domain_name': 'Default', 'project_id': 'f3ca80442b7c4eb2963cc3dbbb228857', 'project_name': 'tempest-QuotasTestJSON-1717471000', 'tenant_id': 'f3ca80442b7c4eb2963cc3dbbb228857', 'tenant_name': 'tempest-QuotasTestJSON-1717471000', 'user_domain_id': 'default', 'user_domain_name': 'Default', 'user_id': '028ded18cf12447ea45a4eb89e0f47e5', 'system': None}, Network: None, Subnet: None, Router: None
2025-05-16 14:28:42.530 70053 INFO tempest.lib.common.dynamic_creds [-] Created isolated network resources for: credentials: Credentials: {'domain_id': 'default', 'domain_name': 'Default', 'username': 'tempest-QuotasTestJSON-1717471000-project-member', 'project_domain_id': 'default', 'project_domain_name': 'Default', 'project_id': 'f3ca80442b7c4eb2963cc3dbbb228857', 'project_name': 'tempest-QuotasTestJSON-1717471000', 'tenant_id': 'f3ca80442b7c4eb2963cc3dbbb228857', 'tenant_name': 'tempest-QuotasTestJSON-1717471000', 'user_domain_id': 'default', 'user_domain_name': 'Default', 'user_id': '028ded18cf12447ea45a4eb89e0f47e5', 'system': None}, Network: None, Subnet: None, Router: None
2025-05-16 14:28:42.536 70045 INFO tempest.lib.common.rest_client [req-10727233-789e-436e-a345-987b1313b4e6 req-10727233-789e-436e-a345-987b1313b4e6 ] Request (ServersTestManualDisk:setUpClass): 200 GET http://10.180.1.21/compute/v2.1/servers/95df5a66-c49d-4435-835b-82d0ba35b4ce 0.109s
2025-05-16 14:28:42.566 70061 INFO tempest.lib.common.rest_client [req-686be597-8b01-451c-a45f-ff93e52282b3 req-686be597-8b01-451c-a45f-ff93e52282b3 ] Request (ListServerFiltersTestJSON:test_list_servers_filtered_by_name_wildcard): 200 GET http://10.180.1.21/compute/v2.1/servers?name=t-ListServerFiltersTestJSON-instance-160799062 0.097s
2025-05-16 14:28:42.589 70073 INFO tempest.lib.common.rest_client [req-cb08adfd-4218-42de-9b68-760fec6ff0e3 req-cb08adfd-4218-42de-9b68-760fec6ff0e3 ] Request (AttachVolumeNegativeTest:test_attach_attached_volume_to_different_server): 200 GET http://10.180.1.21/compute/v2.1/servers/b3942bc6-49d3-4260-bd82-4f6224bab80c 0.094s
2025-05-16 14:28:42.606 70053 INFO tempest.lib.common.rest_client [req-843f340e-fdca-4d5f-ac74-e31c4ec8fd3e req-843f340e-fdca-4d5f-ac74-e31c4ec8fd3e ] Request (QuotasTestJSON:setUpClass): 201 POST http://10.180.1.21/identity/v3/auth/tokens 0.073s
2025-05-16 14:28:42.607 70053 WARNING tempest.lib.common.rest_client [-] Deprecated: "tenant_id" property is deprecated for removal, use "project_id" instead
2025-05-16 14:28:42.610 70039 INFO tempest.lib.common.rest_client [req-cc88cd8a-ed10-4736-afda-7f314d57c555 req-cc88cd8a-ed10-4736-afda-7f314d57c555 ] Request (ServersTestMultiNic:test_verify_multiple_nics_order): 200 GET http://10.180.1.21/compute/v2.1/servers/a4b7cb6a-23d1-474a-9d7f-d4b5ab968427 0.103s
2025-05-16 14:28:42.662 70061 INFO tempest.lib.common.rest_client [req-277ce665-d447-4440-965a-69960e9ffdf6 req-277ce665-d447-4440-965a-69960e9ffdf6 ] Request (ListServerFiltersTestJSON:tearDownClass): 204 DELETE http://10.180.1.21/compute/v2.1/servers/32a3b6d5-3798-43f8-8864-c7e643de0aa4 0.094s
2025-05-16 14:28:42.740 70087 INFO tempest.lib.common.rest_client [req-0a7a91ec-8942-4577-95fc-a71ab45b41ba req-0a7a91ec-8942-4577-95fc-a71ab45b41ba ] Request (FloatingIPsAssociationTestJSON:test_associate_already_associated_floating_ip): 200 GET http://10.180.1.21/compute/v2.1/servers/fbf78283-a645-4b46-a501-57fd0979bd10 0.164s
2025-05-16 14:28:42.747 70087 INFO tempest.common.waiters [-] State transition "BUILD/networking" ==> "BUILD/spawning" after 74 second wait
2025-05-16 14:28:42.754 70053 INFO tempest.lib.common.rest_client [req-0f7eb22f-89bd-465b-a7c8-c196e4cc387e req-0f7eb22f-89bd-465b-a7c8-c196e4cc387e ] Request (QuotasTestJSON:test_compare_tenant_quotas_with_default_quotas): 200 GET http://10.180.1.21/compute/v2.1/os-quota-sets/f3ca80442b7c4eb2963cc3dbbb228857/defaults 0.146s
2025-05-16 14:28:42.801 70057 INFO tempest.lib.common.rest_client [req-cb98ac55-b092-44ad-8d90-8c31ac9af27e req-cb98ac55-b092-44ad-8d90-8c31ac9af27e ] Request (MultipleCreateTestJSON:test_multiple_create): 200 GET http://10.180.1.21/compute/v2.1/servers/12c48e81-863b-4591-b3c5-fa4e26d655b9 0.158s
2025-05-16 14:28:42.832 70037 INFO tempest.lib.common.rest_client [req-474302aa-e926-409d-a120-09c481b7ddbe req-474302aa-e926-409d-a120-09c481b7ddbe ] Request (ImagesTestJSON:test_create_image_from_stopped_server): 200 GET http://10.180.1.21/compute/v2.1/images/ff60a1be-bb9a-4533-ab94-b8667875154a 0.131s
2025-05-16 14:28:42.878 70061 INFO tempest.lib.common.rest_client [req-a48f08c3-1244-48d4-bbb6-86098c00a084 req-a48f08c3-1244-48d4-bbb6-86098c00a084 ] Request (ListServerFiltersTestJSON:tearDownClass): 200 GET http://10.180.1.21/compute/v2.1/servers/32a3b6d5-3798-43f8-8864-c7e643de0aa4 0.215s
2025-05-16 14:28:42.912 70043 INFO tempest.lib.common.rest_client [req-4c8cb6ef-9d8c-4cbf-b60d-abfbef85445f req-4c8cb6ef-9d8c-4cbf-b60d-abfbef85445f ] Request (ServersTestJSON:tearDownClass): 200 GET http://10.180.1.21/compute/v2.1/servers/17df4088-f859-480c-9010-4acf00f34c12 0.197s
2025-05-16 14:28:42.919 70053 INFO tempest.lib.common.rest_client [req-69dfbb28-debf-4d97-bdbf-9be3c39fbbb7 req-69dfbb28-debf-4d97-bdbf-9be3c39fbbb7 ] Request (QuotasTestJSON:test_compare_tenant_quotas_with_default_quotas): 200 GET http://10.180.1.21/compute/v2.1/os-quota-sets/f3ca80442b7c4eb2963cc3dbbb228857 0.163s
2025-05-16 14:28:42.963 70079 INFO tempest.lib.common.rest_client [req-2608f5ef-c059-4756-b3a6-197c96380362 req-2608f5ef-c059-4756-b3a6-197c96380362 ] Request (VolumesAdminNegativeTest:test_update_attached_volume_with_nonexistent_volume_in_uri): 200 GET http://10.180.1.21/compute/v2.1/servers/ad04223c-147a-435f-a2cd-d3c73ea1ca63 0.201s
2025-05-16 14:28:42.978 70071 INFO tempest.lib.common.rest_client [req-8153f9c3-89da-4a91-ac5f-fe05761d7842 req-8153f9c3-89da-4a91-ac5f-fe05761d7842 ] Request (InstanceActionsV221TestJSON:test_get_list_deleted_instance_actions): 200 GET http://10.180.1.21/compute/v2.1/servers/735cd9c8-ca9a-4b99-a653-333b31d07751 0.124s
2025-05-16 14:28:43.000 70053 INFO tempest.lib.common.rest_client [req-c4d1b3ab-6930-46c7-be53-bde0db154a10 req-c4d1b3ab-6930-46c7-be53-bde0db154a10 ] Request (QuotasTestJSON:test_get_default_quotas): 200 GET http://10.180.1.21/compute/v2.1/os-quota-sets/f3ca80442b7c4eb2963cc3dbbb228857/defaults 0.077s
2025-05-16 14:28:43.042 70089 INFO tempest.lib.common.rest_client [req-8af4a393-e7e3-48d2-b3bf-62ea7d89983a req-8af4a393-e7e3-48d2-b3bf-62ea7d89983a ] Request (FloatingIPsAssociationNegativeTestJSON:tearDownClass): 200 GET http://10.180.1.21/compute/v2.1/servers/d5770133-2f67-4afd-ba07-778defd8c692 0.107s
2025-05-16 14:28:43.055 70063 INFO tempest.lib.common.rest_client [req-33783435-8c45-47cf-ba52-4df56505dfe0 req-33783435-8c45-47cf-ba52-4df56505dfe0 ] Request (ServerRescueNegativeTestJSON:test_rescued_vm_detach_volume): 200 GET http://10.180.1.21/compute/v2.1/servers/01618ff9-d8e5-41b5-899c-81279eb69806 0.088s
2025-05-16 14:28:43.094 70053 INFO tempest.lib.common.rest_client [req-e57eab59-16ed-4d3d-ae83-4cbe5eb3b392 req-e57eab59-16ed-4d3d-ae83-4cbe5eb3b392 ] Request (QuotasTestJSON:test_get_quotas): 200 GET http://10.180.1.21/compute/v2.1/os-quota-sets/f3ca80442b7c4eb2963cc3dbbb228857 0.087s
2025-05-16 14:28:43.099 70083 INFO tempest.lib.common.rest_client [req-11a717c3-d672-41b3-9830-08c3d495b74f req-11a717c3-d672-41b3-9830-08c3d495b74f ] Request (ServerRescueTestJSONUnderV235:setUpClass): 200 GET http://10.180.1.21/compute/v2.1/servers/6acc83d1-4c05-4375-946b-7b326bb650e5 0.100s
2025-05-16 14:28:43.148 70053 INFO tempest.lib.common.rest_client [req-ee09670b-850a-493d-9f76-7b5e318b1fe9 req-ee09670b-850a-493d-9f76-7b5e318b1fe9 ] Request (QuotasTestJSON:test_get_quotas): 200 GET http://10.180.1.21/compute/v2.1/os-quota-sets/f3ca80442b7c4eb2963cc3dbbb228857?user_id=028ded18cf12447ea45a4eb89e0f47e5 0.052s
2025-05-16 14:28:43.159 70029 INFO tempest.lib.common.rest_client [req-f42355cb-4cad-4e68-9659-8e8221d66dbd req-f42355cb-4cad-4e68-9659-8e8221d66dbd ] Request (ServerShowV254Test:tearDownClass): 200 GET http://10.180.1.21/compute/v2.1/servers/6de6a293-0fc9-4b20-8f52-cbd0b644c0c0 0.082s
2025-05-16 14:28:43.215 70041 INFO tempest.lib.common.rest_client [req-4c5f3e84-fceb-4b26-a8ba-2266c602e84e req-4c5f3e84-fceb-4b26-a8ba-2266c602e84e ] Request (ServersAdminNegativeTestJSON:tearDownClass): 200 GET http://10.180.1.21/compute/v2.1/servers/8f0a0fcb-babd-406b-9468-ae0f86818589 0.070s
2025-05-16 14:28:43.242 70047 INFO tempest.lib.common.rest_client [req-d8afe138-bd61-4eeb-a813-1e67a4cc37fe req-d8afe138-bd61-4eeb-a813-1e67a4cc37fe ] Request (ServersAdminTestJSON:setUpClass): 200 GET http://10.180.1.21/compute/v2.1/servers/8f0fd12a-ac4a-4d6b-8778-e3c5dacb7204 0.060s
2025-05-16 14:28:43.269 70053 INFO tempest.lib.common.rest_client [req-6705d576-d51d-4f75-8261-937d506b0770 req-6705d576-d51d-4f75-8261-937d506b0770 ] Request (QuotasTestJSON:tearDownClass): 204 DELETE http://10.180.1.21/identity/v3/users/028ded18cf12447ea45a4eb89e0f47e5 0.117s
2025-05-16 14:28:43.269 70053 INFO tempest.lib.common.dynamic_creds [-] Deleting project and security group for project: f3ca80442b7c4eb2963cc3dbbb228857
2025-05-16 14:28:43.325 70053 INFO tempest.lib.common.rest_client [req-b1bf3791-fe2c-4428-9b9b-eb723c9efc01 req-b1bf3791-fe2c-4428-9b9b-eb723c9efc01 ] Request (QuotasTestJSON:tearDownClass): 201 POST http://10.180.1.21/identity/v3/auth/tokens 0.056s
2025-05-16 14:28:43.352 70077 INFO tempest.lib.common.rest_client [req-b85b0249-860b-4b6f-bcee-6b81b2c74ea1 req-b85b0249-860b-4b6f-bcee-6b81b2c74ea1 ] Request (MigrationsAdminTest:test_resize_server_revert_deleted_flavor): 200 GET http://10.180.1.21/compute/v2.1/servers/4458a759-c025-4325-8553-64c4fd7ebbde 0.099s
2025-05-16 14:28:43.371 70033 INFO tempest.lib.common.rest_client [req-e16bc6aa-4dbb-431b-b511-d2ecffbb458a req-e16bc6aa-4dbb-431b-b511-d2ecffbb458a ] Request (ServerDiskConfigTestJSON:test_rebuild_server_with_manual_disk_config): 200 GET http://10.180.1.21/compute/v2.1/servers/58199a59-81d5-4320-af6f-06a89b7091fe 0.052s
2025-05-16 14:28:43.404 70035 INFO tempest.lib.common.rest_client [req-be1614f0-7ec9-4c51-b0e1-c5efcb0d001d req-be1614f0-7ec9-4c51-b0e1-c5efcb0d001d ] Request (ServerRescueTestJSON:setUpClass): 200 GET http://10.180.1.21/compute/v2.1/servers/407887d5-5e6b-4e1a-bd96-0d2f469e9d05 0.078s
2025-05-16 14:28:43.433 70067 INFO tempest.lib.common.rest_client [req-49002f46-b0ff-4eaf-9a5f-e96a5ca20428 req-49002f46-b0ff-4eaf-9a5f-e96a5ca20428 ] Request (AttachInterfacesTestJSON:test_create_list_show_delete_interfaces_by_network_port): 200 GET http://10.180.1.21/compute/v2.1/servers/13f548d5-3ca4-47c8-b01e-11d7d8e0ae82 0.051s
2025-05-16 14:28:43.471 70027 INFO tempest.lib.common.rest_client [req-15c7fb1e-fa85-4d5e-a8a8-aa124dec703e req-15c7fb1e-fa85-4d5e-a8a8-aa124dec703e ] Request (ImagesOneServerNegativeTestJSON:_run_cleanups): 200 GET http://10.180.1.21/compute/v2.1/servers/99d93c01-4212-4c76-955f-b2dcfdbdca17 0.058s
2025-05-16 14:28:43.581 70069 INFO tempest.lib.common.rest_client [req-59f7789b-f365-49e9-b86e-5f7aadb7ea1f req-59f7789b-f365-49e9-b86e-5f7aadb7ea1f ] Request (ServersWithSpecificFlavorTestJSON:test_verify_created_server_ephemeral_disk): 200 GET http://10.180.1.21/compute/v2.1/servers/8dc903b3-a705-4733-a6d2-14dcb9fd104a 0.053s
2025-05-16 14:28:43.601 70069 INFO tempest.common.waiters [-] State transition "BUILD/None" ==> "BUILD/networking" after 54 second wait
2025-05-16 14:28:43.638 70053 INFO tempest.lib.common.rest_client [req-dd57f44f-3188-4ab8-aaf1-2f7bd71753d9 req-dd57f44f-3188-4ab8-aaf1-2f7bd71753d9 ] Request (QuotasTestJSON:tearDownClass): 200 GET http://10.180.1.21:9696/networking/v2.0/security-groups?tenant_id=f3ca80442b7c4eb2963cc3dbbb228857&name=default 0.312s
2025-05-16 14:28:43.664 70073 INFO tempest.lib.common.rest_client [req-80579263-46e1-4713-b4f1-62dbca7eaa25 req-80579263-46e1-4713-b4f1-62dbca7eaa25 ] Request (AttachVolumeNegativeTest:test_attach_attached_volume_to_different_server): 200 GET http://10.180.1.21/compute/v2.1/servers/b3942bc6-49d3-4260-bd82-4f6224bab80c 0.068s
2025-05-16 14:28:43.672 70045 INFO tempest.lib.common.rest_client [req-580332e5-fda5-4539-bed8-61db97f0a028 req-580332e5-fda5-4539-bed8-61db97f0a028 ] Request (ServersTestManualDisk:setUpClass): 200 GET http://10.180.1.21/compute/v2.1/servers/95df5a66-c49d-4435-835b-82d0ba35b4ce 0.128s
2025-05-16 14:28:43.728 70039 INFO tempest.lib.common.rest_client [req-7a271cd1-1b65-42ce-9a96-fa1c498bc3e0 req-7a271cd1-1b65-42ce-9a96-fa1c498bc3e0 ] Request (ServersTestMultiNic:test_verify_multiple_nics_order): 200 GET http://10.180.1.21/compute/v2.1/servers/a4b7cb6a-23d1-474a-9d7f-d4b5ab968427 0.109s
2025-05-16 14:28:43.798 70053 INFO tempest.lib.common.rest_client [req-22b98bae-0675-4b50-a29e-8e58308ae2dc req-22b98bae-0675-4b50-a29e-8e58308ae2dc ] Request (QuotasTestJSON:tearDownClass): 204 DELETE http://10.180.1.21:9696/networking/v2.0/security-groups/a7d9d0e0-0910-4be4-a92d-f87a42067cbd 0.159s
2025-05-16 14:28:43.807 70051 WARNING tempest.lib.common.ssh [-] Failed to establish authenticated ssh connection to cirros@10.180.180.155 ([Errno None] Unable to connect to port 22 on 10.180.180.155). Number attempts: 3. Retry after 4 seconds.: paramiko.ssh_exception.NoValidConnectionsError: [Errno None] Unable to connect to port 22 on 10.180.180.155
2025-05-16 14:28:43.884 70053 INFO tempest.lib.common.rest_client [req-c556ab2d-6520-421c-909b-a07f8ea53e0a req-c556ab2d-6520-421c-909b-a07f8ea53e0a ] Request (QuotasTestJSON:tearDownClass): 204 DELETE http://10.180.1.21/identity/v3/projects/f3ca80442b7c4eb2963cc3dbbb228857 0.085s
2025-05-16 14:28:43.885 70057 INFO tempest.lib.common.rest_client [req-16eb96bd-fb1c-485f-b9e5-a0f324ac8c9f req-16eb96bd-fb1c-485f-b9e5-a0f324ac8c9f ] Request (MultipleCreateTestJSON:test_multiple_create): 200 GET http://10.180.1.21/compute/v2.1/servers/12c48e81-863b-4591-b3c5-fa4e26d655b9 0.075s
2025-05-16 14:28:43.896 70087 INFO tempest.lib.common.rest_client [req-0a210ed9-3fc6-4301-a24c-afa95e3a41c0 req-0a210ed9-3fc6-4301-a24c-afa95e3a41c0 ] Request (FloatingIPsAssociationTestJSON:test_associate_already_associated_floating_ip): 200 GET http://10.180.1.21/compute/v2.1/servers/fbf78283-a645-4b46-a501-57fd0979bd10 0.146s
2025-05-16 14:28:43.941 70037 INFO tempest.lib.common.rest_client [req-ab64ac30-324d-4aae-b3ed-002ca5512f43 req-ab64ac30-324d-4aae-b3ed-002ca5512f43 ] Request (ImagesTestJSON:test_create_image_from_stopped_server): 200 GET http://10.180.1.21/compute/v2.1/images/ff60a1be-bb9a-4533-ab94-b8667875154a 0.105s
2025-05-16 14:28:43.974 70053 INFO tempest.lib.common.rest_client [req-e4292e36-d921-4edc-8b63-c271dfcddec1 req-e4292e36-d921-4edc-8b63-c271dfcddec1 ] Request (ComputeTenantNetworksTest:setUpClass): 201 POST http://10.180.1.21/identity/v3/auth/tokens 0.085s
2025-05-16 14:28:44.000 70061 INFO tempest.lib.common.rest_client [req-c69848a0-7a65-41f3-8cc8-2ea7c257762c req-c69848a0-7a65-41f3-8cc8-2ea7c257762c ] Request (ListServerFiltersTestJSON:tearDownClass): 200 GET http://10.180.1.21/compute/v2.1/servers/32a3b6d5-3798-43f8-8864-c7e643de0aa4 0.112s
2025-05-16 14:28:44.009 70053 INFO tempest.lib.common.rest_client [req-34008b37-3412-481c-9f8c-a4b90c1e4fd4 req-34008b37-3412-481c-9f8c-a4b90c1e4fd4 ] Request (ComputeTenantNetworksTest:setUpClass): 201 POST http://10.180.1.21/identity/v3/auth/tokens 0.031s
2025-05-16 14:28:44.012 70043 INFO tempest.lib.common.rest_client [req-9919b882-adfc-4ee3-95b2-4057ed4f9a47 req-9919b882-adfc-4ee3-95b2-4057ed4f9a47 ] Request (ServersTestJSON:tearDownClass): 200 GET http://10.180.1.21/compute/v2.1/servers/17df4088-f859-480c-9010-4acf00f34c12 0.093s
2025-05-16 14:28:44.040 70053 INFO tempest.lib.common.rest_client [req-0b282b2a-9014-40ac-85d7-6a1c15ed93e4 req-0b282b2a-9014-40ac-85d7-6a1c15ed93e4 ] Request (ComputeTenantNetworksTest:setUpClass): 200 GET http://10.180.1.21/identity/v3/domains?name=Default 0.031s
2025-05-16 14:28:44.067 70079 INFO tempest.lib.common.rest_client [req-352aa2de-a5b5-4093-bf87-33db3629d147 req-352aa2de-a5b5-4093-bf87-33db3629d147 ] Request (VolumesAdminNegativeTest:test_update_attached_volume_with_nonexistent_volume_in_uri): 200 GET http://10.180.1.21/compute/v2.1/servers/ad04223c-147a-435f-a2cd-d3c73ea1ca63 0.094s
2025-05-16 14:28:44.078 70053 INFO tempest.lib.common.rest_client [req-cfb7c94c-a2c0-4d7f-aa16-9a429176ea86 req-cfb7c94c-a2c0-4d7f-aa16-9a429176ea86 ] Request (ComputeTenantNetworksTest:setUpClass): 201 POST http://10.180.1.21/identity/v3/projects 0.036s
2025-05-16 14:28:44.081 70071 INFO tempest.lib.common.rest_client [req-ce07e363-2457-4641-9821-2f13ea422ff4 req-ce07e363-2457-4641-9821-2f13ea422ff4 ] Request (InstanceActionsV221TestJSON:test_get_list_deleted_instance_actions): 200 GET http://10.180.1.21/compute/v2.1/servers/735cd9c8-ca9a-4b99-a653-333b31d07751 0.093s
2025-05-16 14:28:44.145 70089 INFO tempest.lib.common.rest_client [req-0efc5d8b-ef17-45eb-aed5-9ef1a363c26e req-0efc5d8b-ef17-45eb-aed5-9ef1a363c26e ] Request (FloatingIPsAssociationNegativeTestJSON:tearDownClass): 200 GET http://10.180.1.21/compute/v2.1/servers/d5770133-2f67-4afd-ba07-778defd8c692 0.092s
2025-05-16 14:28:44.145 70063 INFO tempest.lib.common.rest_client [req-3ba7a492-171a-4773-97bb-7eb4a554eaa7 req-3ba7a492-171a-4773-97bb-7eb4a554eaa7 ] Request (ServerRescueNegativeTestJSON:test_rescued_vm_detach_volume): 200 GET http://10.180.1.21/compute/v2.1/servers/01618ff9-d8e5-41b5-899c-81279eb69806 0.082s
2025-05-16 14:28:44.149 70053 INFO tempest.lib.common.rest_client [req-83a848a2-2894-48dc-9fad-08be1ef3dfcf req-83a848a2-2894-48dc-9fad-08be1ef3dfcf ] Request (ComputeTenantNetworksTest:setUpClass): 201 POST http://10.180.1.21/identity/v3/users 0.071s
2025-05-16 14:28:44.177 70053 INFO tempest.lib.common.rest_client [req-fa841162-e15e-485b-be3e-b79516550537 req-fa841162-e15e-485b-be3e-b79516550537 ] Request (ComputeTenantNetworksTest:setUpClass): 200 GET http://10.180.1.21/identity/v3/roles 0.027s
2025-05-16 14:28:44.202 70053 INFO tempest.lib.common.rest_client [req-b312a96d-3342-4c99-891c-d562569a4331 req-b312a96d-3342-4c99-891c-d562569a4331 ] Request (ComputeTenantNetworksTest:setUpClass): 204 PUT http://10.180.1.21/identity/v3/projects/6aeec0784f324a109fc59e0d7b0e73a1/users/d031986ebc664888824393315e9bcae7/roles/b232d641ec92499db1cadee25faf2b48 0.024s
2025-05-16 14:28:44.202 70053 INFO tempest.lib.common.dynamic_creds [-] Dynamic test user d031986ebc664888824393315e9bcae7 is created with scope project and roles: ['member']
2025-05-16 14:28:44.203 70053 INFO tempest.lib.common.dynamic_creds [-] Acquired dynamic creds: credentials: Credentials: {'domain_id': 'default', 'domain_name': 'Default', 'username': 'tempest-ComputeTenantNetworksTest-1506218842-project-member', 'project_domain_id': 'default', 'project_domain_name': 'Default', 'project_id': '6aeec0784f324a109fc59e0d7b0e73a1', 'project_name': 'tempest-ComputeTenantNetworksTest-1506218842', 'tenant_id': '6aeec0784f324a109fc59e0d7b0e73a1', 'tenant_name': 'tempest-ComputeTenantNetworksTest-1506218842', 'user_domain_id': 'default', 'user_domain_name': 'Default', 'user_id': 'd031986ebc664888824393315e9bcae7', 'system': None}, Network: None, Subnet: None, Router: None
2025-05-16 14:28:44.203 70083 INFO tempest.lib.common.rest_client [req-23e169f2-d50e-47e1-a5c6-c380bdd70a0b req-23e169f2-d50e-47e1-a5c6-c380bdd70a0b ] Request (ServerRescueTestJSONUnderV235:setUpClass): 200 GET http://10.180.1.21/compute/v2.1/servers/6acc83d1-4c05-4375-946b-7b326bb650e5 0.096s
2025-05-16 14:28:44.227 70029 INFO tempest.lib.common.rest_client [req-c3d15507-049d-4aae-80e8-c2f9e3202745 req-c3d15507-049d-4aae-80e8-c2f9e3202745 ] Request (ServerShowV254Test:tearDownClass): 200 GET http://10.180.1.21/compute/v2.1/servers/6de6a293-0fc9-4b20-8f52-cbd0b644c0c0 0.055s
2025-05-16 14:28:44.266 70053 INFO tempest.lib.common.rest_client [req-00b56c4c-23a5-4f27-afd5-973782f0acf2 req-00b56c4c-23a5-4f27-afd5-973782f0acf2 ] Request (ComputeTenantNetworksTest:setUpClass): 201 POST http://10.180.1.21/identity/v3/auth/tokens 0.063s
2025-05-16 14:28:44.293 70041 INFO tempest.lib.common.rest_client [req-4df9506c-83de-4055-826b-7060aa6b9b7f req-4df9506c-83de-4055-826b-7060aa6b9b7f ] Request (ServersAdminNegativeTestJSON:tearDownClass): 200 GET http://10.180.1.21/compute/v2.1/servers/8f0a0fcb-babd-406b-9468-ae0f86818589 0.069s
2025-05-16 14:28:44.307 70047 INFO tempest.lib.common.rest_client [req-c8d88a34-594c-42cb-9ca3-3a8af55214be req-c8d88a34-594c-42cb-9ca3-3a8af55214be ] Request (ServersAdminTestJSON:setUpClass): 200 GET http://10.180.1.21/compute/v2.1/servers/8f0fd12a-ac4a-4d6b-8778-e3c5dacb7204 0.056s
2025-05-16 14:28:44.435 70033 INFO tempest.lib.common.rest_client [req-efc25139-589a-4d0b-9bb8-2e3a54082c95 req-efc25139-589a-4d0b-9bb8-2e3a54082c95 ] Request (ServerDiskConfigTestJSON:test_rebuild_server_with_manual_disk_config): 200 GET http://10.180.1.21/compute/v2.1/servers/58199a59-81d5-4320-af6f-06a89b7091fe 0.057s
2025-05-16 14:28:44.471 70077 INFO tempest.lib.common.rest_client [req-04c15f82-a009-459e-8930-8b9793828a89 req-04c15f82-a009-459e-8930-8b9793828a89 ] Request (MigrationsAdminTest:test_resize_server_revert_deleted_flavor): 200 GET http://10.180.1.21/compute/v2.1/servers/4458a759-c025-4325-8553-64c4fd7ebbde 0.110s
2025-05-16 14:28:44.489 70035 INFO tempest.lib.common.rest_client [req-0040416f-b930-4e1e-9877-cdca60d4943f req-0040416f-b930-4e1e-9877-cdca60d4943f ] Request (ServerRescueTestJSON:setUpClass): 200 GET http://10.180.1.21/compute/v2.1/servers/407887d5-5e6b-4e1a-bd96-0d2f469e9d05 0.078s
2025-05-16 14:28:44.528 70067 INFO tempest.lib.common.rest_client [req-cb575f70-4fe2-4a83-a9ff-13bc21d2231d req-cb575f70-4fe2-4a83-a9ff-13bc21d2231d ] Request (AttachInterfacesTestJSON:test_create_list_show_delete_interfaces_by_network_port): 200 GET http://10.180.1.21/compute/v2.1/servers/13f548d5-3ca4-47c8-b01e-11d7d8e0ae82 0.087s
2025-05-16 14:28:44.537 70027 INFO tempest.lib.common.rest_client [req-497451a7-35fe-4cff-8f6c-3fb116159909 req-497451a7-35fe-4cff-8f6c-3fb116159909 ] Request (ImagesOneServerNegativeTestJSON:_run_cleanups): 200 GET http://10.180.1.21/compute/v2.1/servers/99d93c01-4212-4c76-955f-b2dcfdbdca17 0.057s
2025-05-16 14:28:44.641 70053 INFO tempest.lib.common.rest_client [req-9d58d0ff-cfaa-40ca-a69f-369ead55b18a req-9d58d0ff-cfaa-40ca-a69f-369ead55b18a ] Request (ComputeTenantNetworksTest:setUpClass): 201 POST http://10.180.1.21:9696/networking/v2.0/networks 0.374s
2025-05-16 14:28:44.642 70053 INFO tempest.lib.common.dynamic_creds [-] Created isolated network resources for: credentials: Credentials: {'domain_id': 'default', 'domain_name': 'Default', 'username': 'tempest-ComputeTenantNetworksTest-1506218842-project-member', 'project_domain_id': 'default', 'project_domain_name': 'Default', 'project_id': '6aeec0784f324a109fc59e0d7b0e73a1', 'project_name': 'tempest-ComputeTenantNetworksTest-1506218842', 'tenant_id': '6aeec0784f324a109fc59e0d7b0e73a1', 'tenant_name': 'tempest-ComputeTenantNetworksTest-1506218842', 'user_domain_id': 'default', 'user_domain_name': 'Default', 'user_id': 'd031986ebc664888824393315e9bcae7', 'system': None}, Network: {'id': '981646a4-6c04-4a3a-a18d-534c3fa72038', 'name': 'tempest-ComputeTenantNetworksTest-1134926402-network', 'tenant_id': '6aeec0784f324a109fc59e0d7b0e73a1', 'admin_state_up': True, 'mtu': 8950, 'status': 'ACTIVE', 'subnets': [], 'shared': False, 'project_id': '6aeec0784f324a109fc59e0d7b0e73a1', 'port_security_enabled': True, 'router:external': False, 'provider:network_type': 'vlan', 'provider:physical_network': 'default', 'provider:segmentation_id': 208, 'availability_zone_hints': [], 'availability_zones': [], 'ipv4_address_scope': None, 'ipv6_address_scope': None, 'description': '', 'tags': [], 'created_at': '2025-05-16T14:28:44Z', 'updated_at': '2025-05-16T14:28:44Z', 'revision_number': 1}, Subnet: None, Router: None
2025-05-16 14:28:44.734 70053 INFO tempest.lib.common.rest_client [req-c6bd8e80-972f-41a8-956d-8900a6330282 req-c6bd8e80-972f-41a8-956d-8900a6330282 ] Request (ComputeTenantNetworksTest:setUpClass): 201 POST http://10.180.1.21/identity/v3/auth/tokens 0.089s
2025-05-16 14:28:44.740 70073 INFO tempest.lib.common.rest_client [req-2dbef5ff-da23-40f5-bd5f-32424489efc9 req-2dbef5ff-da23-40f5-bd5f-32424489efc9 ] Request (AttachVolumeNegativeTest:test_attach_attached_volume_to_different_server): 200 GET http://10.180.1.21/compute/v2.1/servers/b3942bc6-49d3-4260-bd82-4f6224bab80c 0.061s
2025-05-16 14:28:44.759 70069 INFO tempest.lib.common.rest_client [req-6d1a1f96-593b-4fbf-9d55-44359944a483 req-6d1a1f96-593b-4fbf-9d55-44359944a483 ] Request (ServersWithSpecificFlavorTestJSON:test_verify_created_server_ephemeral_disk): 200 GET http://10.180.1.21/compute/v2.1/servers/8dc903b3-a705-4733-a6d2-14dcb9fd104a 0.156s
2025-05-16 14:28:44.773 70053 INFO tempest.lib.common.rest_client [req-17b19d8d-1a4b-4546-9f77-8c4a31240b92 req-17b19d8d-1a4b-4546-9f77-8c4a31240b92 ] Request (ComputeTenantNetworksTest:setUpClass): 201 POST http://10.180.1.21/identity/v3/auth/tokens 0.035s
2025-05-16 14:28:44.774 70053 INFO tempest.lib.common.fixed_network [-] (ComputeTenantNetworksTest:setUpClass) Found network {'id': '981646a4-6c04-4a3a-a18d-534c3fa72038', 'name': 'tempest-ComputeTenantNetworksTest-1134926402-network', 'tenant_id': '6aeec0784f324a109fc59e0d7b0e73a1', 'admin_state_up': True, 'mtu': 8950, 'status': 'ACTIVE', 'subnets': [], 'shared': False, 'project_id': '6aeec0784f324a109fc59e0d7b0e73a1', 'port_security_enabled': True, 'router:external': False, 'provider:network_type': 'vlan', 'provider:physical_network': 'default', 'provider:segmentation_id': 208, 'availability_zone_hints': [], 'availability_zones': [], 'ipv4_address_scope': None, 'ipv6_address_scope': None, 'description': '', 'tags': [], 'created_at': '2025-05-16T14:28:44Z', 'updated_at': '2025-05-16T14:28:44Z', 'revision_number': 1} available for tenant
