2025-05-19 14:58:37.998 71140 INFO tempest.lib.common.dynamic_creds [-] Acquired dynamic creds: credentials: Credentials: {'domain_id': 'default', 'domain_name': 'Default', 'username': 'tempest-HypervisorAdminV228Test-832452878-project-admin', 'project_domain_id': 'default', 'project_domain_name': 'Default', 'project_id': '5ee3b485d65547a5b1dcd0e872026b34', 'project_name': 'tempest-HypervisorAdminV228Test-832452878', 'tenant_id': '5ee3b485d65547a5b1dcd0e872026b34', 'tenant_name': 'tempest-HypervisorAdminV228Test-832452878', 'user_domain_id': 'default', 'user_domain_name': 'Default', 'user_id': '6f8f8288a28b44789856d71b1e5c4e2b', 'system': None}, Network: None, Subnet: None, Router: None
2025-05-19 14:58:37.998 71140 INFO tempest.lib.common.dynamic_creds [-] Created isolated network resources for: credentials: Credentials: {'domain_id': 'default', 'domain_name': 'Default', 'username': 'tempest-HypervisorAdminV228Test-832452878-project-admin', 'project_domain_id': 'default', 'project_domain_name': 'Default', 'project_id': '5ee3b485d65547a5b1dcd0e872026b34', 'project_name': 'tempest-HypervisorAdminV228Test-832452878', 'tenant_id': '5ee3b485d65547a5b1dcd0e872026b34', 'tenant_name': 'tempest-HypervisorAdminV228Test-832452878', 'user_domain_id': 'default', 'user_domain_name': 'Default', 'user_id': '6f8f8288a28b44789856d71b1e5c4e2b', 'system': None}, Network: None, Subnet: None, Router: None
2025-05-19 14:58:38.001 71192 INFO tempest.lib.common.rest_client [req-1d2f28c5-c824-4576-ac43-59d34b50b4a0 req-1d2f28c5-c824-4576-ac43-59d34b50b4a0 ] Request (ServerDiagnosticsNegativeTest:test_get_server_diagnostics_by_non_admin): 202 POST http://10.180.1.21/compute/v2.1/servers 2.485s
2025-05-19 14:58:38.048 71162 INFO tempest.lib.common.rest_client [req-16d6b42a-8f00-4e49-9f75-0c8626b3bd6e req-16d6b42a-8f00-4e49-9f75-0c8626b3bd6e ] Request (QuotasAdminTestV257:tearDownClass): 204 DELETE http://10.180.1.21:9696/networking/v2.0/security-groups/5f0065e2-816d-4c99-9b77-a5544ff98d48 0.444s
2025-05-19 14:58:38.054 71138 INFO tempest.lib.common.rest_client [req-6a491d8d-7807-448a-a188-6c6ef46344e5 req-6a491d8d-7807-448a-a188-6c6ef46344e5 ] Request (MigrationsAdminTest:tearDownClass): 200 GET http://10.180.1.21:9696/networking/v2.0/security-groups?tenant_id=b4778395ac864b0f92ba4ceab17d18f6&name=default 0.504s
2025-05-19 14:58:38.096 71178 INFO tempest.lib.common.rest_client [req-36b58efd-d515-4ed6-b07e-b45a03e45ae9 req-36b58efd-d515-4ed6-b07e-b45a03e45ae9 ] Request (TenantUsagesTestJSON:setUpClass): 200 GET http://10.180.1.21/identity/v3/roles 0.312s
2025-05-19 14:58:38.127 71190 INFO tempest.lib.common.rest_client [req-f87838df-2e80-43a3-8254-7b2ac1d40584 req-f87838df-2e80-43a3-8254-7b2ac1d40584 ] Request (ServerMetadataNegativeTestJSON:setUpClass): 201 POST http://10.180.1.21:9696/networking/v2.0/subnets 0.761s
2025-05-19 14:58:38.141 71146 INFO tempest.lib.common.rest_client [req-932fdcf0-fa07-4d61-a007-beaa57776cf4 req-932fdcf0-fa07-4d61-a007-beaa57776cf4 ] Request (ListServerFiltersTestJSON:setUpClass): 201 POST http://10.180.1.21/identity/v3/projects 0.189s
2025-05-19 14:58:38.186 71166 INFO tempest.lib.common.rest_client [req-e71ee138-b543-4f9a-92ff-25fa13a72c0d req-e71ee138-b543-4f9a-92ff-25fa13a72c0d ] Request (FlavorsV255TestJSON:tearDownClass): 200 GET http://10.180.1.21:9696/networking/v2.0/security-groups?tenant_id=17e4a8c74fc4481587e2c3755478b8a0&name=default 0.515s
2025-05-19 14:58:38.191 71136 INFO tempest.lib.common.rest_client [req-28754370-4c77-400e-a30e-3c512216bb1f req-28754370-4c77-400e-a30e-3c512216bb1f ] Request (HostsAdminNegativeTestJSON:setUpClass): 201 POST http://10.180.1.21/identity/v3/auth/tokens 0.193s
2025-05-19 14:58:38.221 71140 INFO tempest.lib.common.rest_client [req-bb845269-3b72-40b6-b6a6-0ec5c0130f22 req-bb845269-3b72-40b6-b6a6-0ec5c0130f22 ] Request (HypervisorAdminV228Test:setUpClass): 201 POST http://10.180.1.21/identity/v3/auth/tokens 0.221s
2025-05-19 14:58:38.273 71180 INFO tempest.lib.common.rest_client [req-5f20d14a-2745-4854-b046-9d3674ea27a2 req-5f20d14a-2745-4854-b046-9d3674ea27a2 ] Request (ServerAddressesTestJSON:setUpClass): 201 POST http://10.180.1.21:9696/networking/v2.0/routers 3.103s
2025-05-19 14:58:38.276 71178 INFO tempest.lib.common.rest_client [req-2a6f50c6-931f-49a7-b144-d08ce6cd0d3b req-2a6f50c6-931f-49a7-b144-d08ce6cd0d3b ] Request (TenantUsagesTestJSON:setUpClass): 204 PUT http://10.180.1.21/identity/v3/projects/b5831ab02678481792076e0a5e923c4a/users/0d0af16cc2574849b4983f965bbfad6b/roles/fe1ba9b3a9884c8cbe966d6f4bf0d8a0 0.179s
2025-05-19 14:58:38.277 71178 INFO tempest.lib.common.dynamic_creds [-] Dynamic test user 0d0af16cc2574849b4983f965bbfad6b is created with scope project and roles: ['member']
2025-05-19 14:58:38.277 71178 INFO tempest.lib.common.dynamic_creds [-] Acquired dynamic creds: credentials: Credentials: {'domain_id': 'default', 'domain_name': 'Default', 'username': 'tempest-TenantUsagesTestJSON-596238559-project-member', 'project_domain_id': 'default', 'project_domain_name': 'Default', 'project_id': 'b5831ab02678481792076e0a5e923c4a', 'project_name': 'tempest-TenantUsagesTestJSON-596238559', 'tenant_id': 'b5831ab02678481792076e0a5e923c4a', 'tenant_name': 'tempest-TenantUsagesTestJSON-596238559', 'user_domain_id': 'default', 'user_domain_name': 'Default', 'user_id': '0d0af16cc2574849b4983f965bbfad6b', 'system': None}, Network: None, Subnet: None, Router: None
2025-05-19 14:58:38.277 71178 INFO tempest.lib.common.dynamic_creds [-] Created isolated network resources for: credentials: Credentials: {'domain_id': 'default', 'domain_name': 'Default', 'username': 'tempest-TenantUsagesTestJSON-596238559-project-member', 'project_domain_id': 'default', 'project_domain_name': 'Default', 'project_id': 'b5831ab02678481792076e0a5e923c4a', 'project_name': 'tempest-TenantUsagesTestJSON-596238559', 'tenant_id': 'b5831ab02678481792076e0a5e923c4a', 'tenant_name': 'tempest-TenantUsagesTestJSON-596238559', 'user_domain_id': 'default', 'user_domain_name': 'Default', 'user_id': '0d0af16cc2574849b4983f965bbfad6b', 'system': None}, Network: None, Subnet: None, Router: None
2025-05-19 14:58:38.316 71162 INFO tempest.lib.common.rest_client [req-753f3a8a-e650-4493-be83-1513e15e4e65 req-753f3a8a-e650-4493-be83-1513e15e4e65 ] Request (QuotasAdminTestV257:tearDownClass): 204 DELETE http://10.180.1.21/identity/v3/projects/5f6bd3072bc84bebb7eddae7170bca37 0.267s
2025-05-19 14:58:38.345 71146 INFO tempest.lib.common.rest_client [req-201e2c61-6a70-489f-be7b-e9e375ddfbb3 req-201e2c61-6a70-489f-be7b-e9e375ddfbb3 ] Request (ListServerFiltersTestJSON:setUpClass): 201 POST http://10.180.1.21/identity/v3/users 0.204s
2025-05-19 14:58:38.358 71188 INFO tempest.lib.common.rest_client [req-9da849ee-bd25-4241-b539-cc1327e4168e req-9da849ee-bd25-4241-b539-cc1327e4168e ] Request (QuotaClassesAdmin257Test:tearDownClass): 200 GET http://10.180.1.21:9696/networking/v2.0/security-groups?tenant_id=416a91492e0c42fa8e5337cf3a5d9dd6&name=default 0.429s
2025-05-19 14:58:38.408 71136 INFO tempest.lib.common.rest_client [req-7232a665-646c-4753-b35f-586d6f3e8d68 req-7232a665-646c-4753-b35f-586d6f3e8d68 ] Request (HostsAdminNegativeTestJSON:setUpClass): 201 POST http://10.180.1.21/identity/v3/projects 0.215s
2025-05-19 14:58:38.436 71152 INFO tempest.lib.common.rest_client [req-3e218075-6261-443e-8ceb-56d3ea918475 req-3e218075-6261-443e-8ceb-56d3ea918475 ] Request (NetworksTest:test_get_network): 200 GET http://10.180.1.21/compute/v2.1/os-networks 2.426s
2025-05-19 14:58:38.469 71138 INFO tempest.lib.common.rest_client [req-102705d6-7408-4972-951f-567d73cd4ccc req-102705d6-7408-4972-951f-567d73cd4ccc ] Request (MigrationsAdminTest:tearDownClass): 204 DELETE http://10.180.1.21:9696/networking/v2.0/security-groups/ef76d7b7-36c9-440a-96cf-71c7a955c73a 0.415s
2025-05-19 14:58:38.480 71162 INFO tempest.lib.common.rest_client [req-cf3315cf-b0c3-409f-a056-6d41c3bf5d66 req-cf3315cf-b0c3-409f-a056-6d41c3bf5d66 ] Request (ServerTagsTestJSON:setUpClass): 201 POST http://10.180.1.21/identity/v3/auth/tokens 0.162s
2025-05-19 14:58:38.491 71178 INFO tempest.lib.common.rest_client [req-4f8e70e2-1eac-462d-92c9-8bf20830981e req-4f8e70e2-1eac-462d-92c9-8bf20830981e ] Request (TenantUsagesTestJSON:setUpClass): 201 POST http://10.180.1.21/identity/v3/auth/tokens 0.210s
2025-05-19 14:58:38.502 71166 INFO tempest.lib.common.rest_client [req-21856dbf-d123-4eea-9fe1-b79fa1c065d8 req-21856dbf-d123-4eea-9fe1-b79fa1c065d8 ] Request (FlavorsV255TestJSON:tearDownClass): 204 DELETE http://10.180.1.21:9696/networking/v2.0/security-groups/46179214-269d-464a-8bc6-fbbf97ee33c5 0.315s
2025-05-19 14:58:38.502 71146 INFO tempest.lib.common.rest_client [req-95135a42-28d5-4116-a729-54d72e17a847 req-95135a42-28d5-4116-a729-54d72e17a847 ] Request (ListServerFiltersTestJSON:setUpClass): 200 GET http://10.180.1.21/identity/v3/roles 0.156s
2025-05-19 14:58:38.543 71136 INFO tempest.lib.common.rest_client [req-4b9e86fd-7b36-4751-a7af-4589fb74e93a req-4b9e86fd-7b36-4751-a7af-4589fb74e93a ] Request (HostsAdminNegativeTestJSON:setUpClass): 201 POST http://10.180.1.21/identity/v3/users 0.135s
2025-05-19 14:58:38.615 71168 INFO tempest.lib.common.rest_client [req-859bff19-2c32-4a81-8db0-77ace28cc3a6 req-859bff19-2c32-4a81-8db0-77ace28cc3a6 ] Request (InstanceActionsNegativeTestJSON:setUpClass): 201 POST http://10.180.1.21:9696/networking/v2.0/subnets 0.812s
2025-05-19 14:58:38.618 71188 INFO tempest.lib.common.rest_client [req-21099d52-e220-4511-969f-47bdbf9a3e2a req-21099d52-e220-4511-969f-47bdbf9a3e2a ] Request (QuotaClassesAdmin257Test:tearDownClass): 204 DELETE http://10.180.1.21:9696/networking/v2.0/security-groups/93895767-0458-4258-bd8b-ce9b40b4df69 0.259s
2025-05-19 14:58:38.654 71138 INFO tempest.lib.common.rest_client [req-39985136-2aa4-4e65-bc6e-c29d3bc6978f req-39985136-2aa4-4e65-bc6e-c29d3bc6978f ] Request (MigrationsAdminTest:tearDownClass): 204 DELETE http://10.180.1.21/identity/v3/projects/b4778395ac864b0f92ba4ceab17d18f6 0.184s
2025-05-19 14:58:38.705 71162 INFO tempest.lib.common.rest_client [req-806ad52d-ab47-4a0f-9466-5ca3a78c6512 req-806ad52d-ab47-4a0f-9466-5ca3a78c6512 ] Request (ServerTagsTestJSON:setUpClass): 201 POST http://10.180.1.21/identity/v3/auth/tokens 0.222s
2025-05-19 14:58:38.731 71178 INFO tempest.lib.common.rest_client [req-b1e82b88-73e5-403f-aabb-23468f3f6ff0 req-b1e82b88-73e5-403f-aabb-23468f3f6ff0 ] Request (TenantUsagesTestJSON:setUpClass): 201 POST http://10.180.1.21/identity/v3/projects 0.239s
2025-05-19 14:58:38.771 71184 INFO tempest.lib.common.rest_client [req-fa492591-22c0-4ede-9f20-ece72c3f3469 req-fa492591-22c0-4ede-9f20-ece72c3f3469 ] Request (KeyPairsV22TestJSON:test_get_keypair_detail): 201 POST http://10.180.1.21/compute/v2.1/os-keypairs 2.347s
2025-05-19 14:58:38.817 71146 INFO tempest.lib.common.rest_client [req-b69b6b45-d888-4c3a-a331-4fac9b43edc9 req-b69b6b45-d888-4c3a-a331-4fac9b43edc9 ] Request (ListServerFiltersTestJSON:setUpClass): 204 PUT http://10.180.1.21/identity/v3/projects/ad4d1255e60546aabdade06f2193933e/users/f8ac183e5ef045df80eeb0d35c3d2aa8/roles/fe1ba9b3a9884c8cbe966d6f4bf0d8a0 0.314s
2025-05-19 14:58:38.817 71146 INFO tempest.lib.common.dynamic_creds [-] Dynamic test user f8ac183e5ef045df80eeb0d35c3d2aa8 is created with scope project and roles: ['member']
2025-05-19 14:58:38.817 71146 INFO tempest.lib.common.dynamic_creds [-] Acquired dynamic creds: credentials: Credentials: {'domain_id': 'default', 'domain_name': 'Default', 'username': 'tempest-ListServerFiltersTestJSON-724556788-project-member', 'project_domain_id': 'default', 'project_domain_name': 'Default', 'project_id': 'ad4d1255e60546aabdade06f2193933e', 'project_name': 'tempest-ListServerFiltersTestJSON-724556788', 'tenant_id': 'ad4d1255e60546aabdade06f2193933e', 'tenant_name': 'tempest-ListServerFiltersTestJSON-724556788', 'user_domain_id': 'default', 'user_domain_name': 'Default', 'user_id': 'f8ac183e5ef045df80eeb0d35c3d2aa8', 'system': None}, Network: None, Subnet: None, Router: None
2025-05-19 14:58:38.847 71166 INFO tempest.lib.common.rest_client [req-955f1002-1430-426b-9048-6c38b5df7edf req-955f1002-1430-426b-9048-6c38b5df7edf ] Request (FlavorsV255TestJSON:tearDownClass): 204 DELETE http://10.180.1.21/identity/v3/projects/17e4a8c74fc4481587e2c3755478b8a0 0.345s
2025-05-19 14:58:38.848 71166 INFO tempest.test [-] raised in TestVolumeSwap.setUpClass. Invoking tearDownClass.
2025-05-19 14:58:38.896 71136 INFO tempest.lib.common.rest_client [req-8e3a217a-421e-461f-b06c-d634eb5ef688 req-8e3a217a-421e-461f-b06c-d634eb5ef688 ] Request (HostsAdminNegativeTestJSON:setUpClass): 200 GET http://10.180.1.21/identity/v3/roles 0.353s
2025-05-19 14:58:38.911 71148 INFO tempest.lib.common.rest_client [req-4b7c244b-f89c-44f5-9e40-2024bd7793a5 req-4b7c244b-f89c-44f5-9e40-2024bd7793a5 ] Request (InstanceActionsTestJSON:setUpClass): 200 GET http://10.180.1.21/compute/v2.1/servers/4a0b4247-d1a5-4bc5-a38f-38eefd2b0075 2.343s
2025-05-19 14:58:38.935 71158 INFO tempest.lib.common.rest_client [req-485e3e95-0782-49e3-8b03-a2d52fbc3260 req-485e3e95-0782-49e3-8b03-a2d52fbc3260 ] Request (ServicesAdminNegativeTestJSON:test_get_service_with_valid_service_and_invalid_host): 200 GET http://10.180.1.21/compute/v2.1/os-services?host=xxx&binary=nova-scheduler 2.329s
2025-05-19 14:58:38.965 71188 INFO tempest.lib.common.rest_client [req-de4b8091-81ab-4a91-ab09-718ef42c293f req-de4b8091-81ab-4a91-ab09-718ef42c293f ] Request (QuotaClassesAdmin257Test:tearDownClass): 204 DELETE http://10.180.1.21/identity/v3/projects/416a91492e0c42fa8e5337cf3a5d9dd6 0.347s
2025-05-19 14:58:38.975 71138 INFO tempest.lib.common.rest_client [req-84a213b3-53bc-4c21-be52-3aa44e6e59a1 req-84a213b3-53bc-4c21-be52-3aa44e6e59a1 ] Request (KeyPairsNegativeTestJSON:setUpClass): 201 POST http://10.180.1.21/identity/v3/auth/tokens 0.319s
2025-05-19 14:58:39.008 71178 INFO tempest.lib.common.rest_client [req-d6358c85-a396-46f4-b4e3-ce6cedf8f14f req-d6358c85-a396-46f4-b4e3-ce6cedf8f14f ] Request (TenantUsagesTestJSON:setUpClass): 201 POST http://10.180.1.21/identity/v3/users 0.276s
2025-05-19 14:58:39.016 71162 INFO tempest.lib.common.rest_client [req-d693ea6a-bd8d-4d20-a971-3f6902c362fd req-d693ea6a-bd8d-4d20-a971-3f6902c362fd ] Request (ServerTagsTestJSON:setUpClass): 200 GET http://10.180.1.21/identity/v3/domains?name=Default 0.310s
2025-05-19 14:58:39.034 71146 INFO tempest.lib.common.rest_client [req-c18689d3-4ada-4438-bc90-f99bbbdc8582 req-c18689d3-4ada-4438-bc90-f99bbbdc8582 ] Request (ListServerFiltersTestJSON:setUpClass): 201 POST http://10.180.1.21/identity/v3/auth/tokens 0.216s
2025-05-19 14:58:39.040 71166 INFO tempest.lib.common.rest_client [req-4d0cc266-df6a-4959-9f9e-63ea6292a069 req-4d0cc266-df6a-4959-9f9e-63ea6292a069 ] Request (InstanceActionsV221TestJSON:setUpClass): 201 POST http://10.180.1.21/identity/v3/auth/tokens 0.189s
2025-05-19 14:58:39.063 71136 INFO tempest.lib.common.rest_client [req-307fd3a6-cb26-4c32-9cda-1488835be586 req-307fd3a6-cb26-4c32-9cda-1488835be586 ] Request (HostsAdminNegativeTestJSON:setUpClass): 204 PUT http://10.180.1.21/identity/v3/projects/6d2fdfd6b84143d882a68520bc536b11/users/6b318c0d28f9498fb0d533e1cb38246d/roles/7de3c005fb964684abe0658d2f7b61e1 0.166s
2025-05-19 14:58:39.150 71194 INFO tempest.lib.common.rest_client [req-a5a78504-6687-41ae-b75e-d8a3d0160d4e req-a5a78504-6687-41ae-b75e-d8a3d0160d4e ] Request (ListImageFiltersTestJSON:setUpClass): 204 PUT http://10.180.1.21/image/v2/images/539b64ee-bc20-4105-9257-095277787491/file 2.390s
2025-05-19 14:58:39.158 71188 INFO tempest.lib.common.rest_client [req-7aff78cb-589d-4bac-b111-c19edee8e556 req-7aff78cb-589d-4bac-b111-c19edee8e556 ] Request (ServersTestManualDisk:setUpClass): 201 POST http://10.180.1.21/identity/v3/auth/tokens 0.191s
2025-05-19 14:58:39.171 71178 INFO tempest.lib.common.rest_client [req-25301bea-bc0b-4e2f-8baa-c885bee426a6 req-25301bea-bc0b-4e2f-8baa-c885bee426a6 ] Request (TenantUsagesTestJSON:setUpClass): 200 GET http://10.180.1.21/identity/v3/roles 0.162s
2025-05-19 14:58:39.183 71138 INFO tempest.lib.common.rest_client [req-cfb66a53-b4c3-4a3b-b5bc-71af9c30c2eb req-cfb66a53-b4c3-4a3b-b5bc-71af9c30c2eb ] Request (KeyPairsNegativeTestJSON:setUpClass): 201 POST http://10.180.1.21/identity/v3/auth/tokens 0.205s
2025-05-19 14:58:39.201 71162 INFO tempest.lib.common.rest_client [req-a74f14ff-e0f7-498b-b452-757515928b19 req-a74f14ff-e0f7-498b-b452-757515928b19 ] Request (ServerTagsTestJSON:setUpClass): 201 POST http://10.180.1.21/identity/v3/projects 0.185s
2025-05-19 14:58:39.240 71166 INFO tempest.lib.common.rest_client [req-145d7145-7d9e-446f-b6f6-1ff45b26f853 req-145d7145-7d9e-446f-b6f6-1ff45b26f853 ] Request (InstanceActionsV221TestJSON:setUpClass): 201 POST http://10.180.1.21/identity/v3/auth/tokens 0.195s
2025-05-19 14:58:39.254 71136 INFO tempest.lib.common.rest_client [req-49b6eff6-9a53-4443-9b32-01b60c11ab9d req-49b6eff6-9a53-4443-9b32-01b60c11ab9d ] Request (HostsAdminNegativeTestJSON:setUpClass): 200 GET http://10.180.1.21/identity/v3/roles 0.190s
2025-05-19 14:58:39.271 71188 INFO tempest.lib.common.rest_client [req-871844b3-b8e6-4ac3-9823-06b48f9552c4 req-871844b3-b8e6-4ac3-9823-06b48f9552c4 ] Request (ServersTestManualDisk:setUpClass): 201 POST http://10.180.1.21/identity/v3/auth/tokens 0.111s
2025-05-19 14:58:39.294 71178 INFO tempest.lib.common.rest_client [req-d0e3cacc-9887-4693-94e6-40677b931f4d req-d0e3cacc-9887-4693-94e6-40677b931f4d ] Request (TenantUsagesTestJSON:setUpClass): 204 PUT http://10.180.1.21/identity/v3/projects/fef5c636d6094fa99d082d7fca53e9a6/users/cf6b28942ef145688e1ddb703120036f/roles/7de3c005fb964684abe0658d2f7b61e1 0.122s
2025-05-19 14:58:39.295 71138 INFO tempest.lib.common.rest_client [req-57004de2-374e-4163-9eeb-1d51dca0717a req-57004de2-374e-4163-9eeb-1d51dca0717a ] Request (KeyPairsNegativeTestJSON:setUpClass): 200 GET http://10.180.1.21/identity/v3/domains?name=Default 0.112s
2025-05-19 14:58:39.350 71166 INFO tempest.lib.common.rest_client [req-f44fc380-162a-484f-aa8a-cbdbc097bf4a req-f44fc380-162a-484f-aa8a-cbdbc097bf4a ] Request (InstanceActionsV221TestJSON:setUpClass): 200 GET http://10.180.1.21/identity/v3/domains?name=Default 0.109s
2025-05-19 14:58:39.351 71162 INFO tempest.lib.common.rest_client [req-0e507698-337e-4796-94c9-6850082295c0 req-0e507698-337e-4796-94c9-6850082295c0 ] Request (ServerTagsTestJSON:setUpClass): 201 POST http://10.180.1.21/identity/v3/users 0.149s
2025-05-19 14:58:39.370 71176 INFO tempest.lib.common.rest_client [req-36502583-3a00-4dc7-8e46-fac7c6d9dc1a req-36502583-3a00-4dc7-8e46-fac7c6d9dc1a ] Request (VolumesAssistedSnapshotsTest:tearDownClass): 200 PUT http://10.180.1.21:9696/networking/v2.0/routers/b31d5bad-baa5-4e5f-a30e-2cf03ae7e85d/remove_router_interface 3.643s
2025-05-19 14:58:39.372 71136 INFO tempest.lib.common.rest_client [req-8ecfd07c-4c3d-428a-a109-3bf46b87a0b3 req-8ecfd07c-4c3d-428a-a109-3bf46b87a0b3 ] Request (HostsAdminNegativeTestJSON:setUpClass): 204 PUT http://10.180.1.21/identity/v3/projects/6d2fdfd6b84143d882a68520bc536b11/users/6b318c0d28f9498fb0d533e1cb38246d/roles/7de3c005fb964684abe0658d2f7b61e1 0.118s
2025-05-19 14:58:39.373 71136 INFO tempest.lib.common.dynamic_creds [-] Dynamic test user 6b318c0d28f9498fb0d533e1cb38246d is created with scope project and roles: ['admin']
2025-05-19 14:58:39.373 71136 INFO tempest.lib.common.dynamic_creds [-] Acquired dynamic creds: credentials: Credentials: {'domain_id': 'default', 'domain_name': 'Default', 'username': 'tempest-HostsAdminNegativeTestJSON-2047732501-project-admin', 'project_domain_id': 'default', 'project_domain_name': 'Default', 'project_id': '6d2fdfd6b84143d882a68520bc536b11', 'project_name': 'tempest-HostsAdminNegativeTestJSON-2047732501', 'tenant_id': '6d2fdfd6b84143d882a68520bc536b11', 'tenant_name': 'tempest-HostsAdminNegativeTestJSON-2047732501', 'user_domain_id': 'default', 'user_domain_name': 'Default', 'user_id': '6b318c0d28f9498fb0d533e1cb38246d', 'system': None}, Network: None, Subnet: None, Router: None
2025-05-19 14:58:39.374 71136 INFO tempest.lib.common.dynamic_creds [-] Created isolated network resources for: credentials: Credentials: {'domain_id': 'default', 'domain_name': 'Default', 'username': 'tempest-HostsAdminNegativeTestJSON-2047732501-project-admin', 'project_domain_id': 'default', 'project_domain_name': 'Default', 'project_id': '6d2fdfd6b84143d882a68520bc536b11', 'project_name': 'tempest-HostsAdminNegativeTestJSON-2047732501', 'tenant_id': '6d2fdfd6b84143d882a68520bc536b11', 'tenant_name': 'tempest-HostsAdminNegativeTestJSON-2047732501', 'user_domain_id': 'default', 'user_domain_name': 'Default', 'user_id': '6b318c0d28f9498fb0d533e1cb38246d', 'system': None}, Network: None, Subnet: None, Router: None
2025-05-19 14:58:39.427 71188 INFO tempest.lib.common.rest_client [req-de21919e-f827-4f39-9ec9-b30774211df5 req-de21919e-f827-4f39-9ec9-b30774211df5 ] Request (ServersTestManualDisk:setUpClass): 200 GET http://10.180.1.21/identity/v3/domains?name=Default 0.155s
2025-05-19 14:58:39.443 71178 INFO tempest.lib.common.rest_client [req-68202959-f758-4f7a-85c0-7e890ec7bb0d req-68202959-f758-4f7a-85c0-7e890ec7bb0d ] Request (TenantUsagesTestJSON:setUpClass): 200 GET http://10.180.1.21/identity/v3/roles 0.149s
2025-05-19 14:58:39.469 71138 INFO tempest.lib.common.rest_client [req-f49041e6-1361-4632-8ce3-dc6fe963272a req-f49041e6-1361-4632-8ce3-dc6fe963272a ] Request (KeyPairsNegativeTestJSON:setUpClass): 201 POST http://10.180.1.21/identity/v3/projects 0.173s
2025-05-19 14:58:39.490 71172 INFO tempest.lib.common.rest_client [req-010f93cd-b541-4d4f-849d-71943a24e762 req-010f93cd-b541-4d4f-849d-71943a24e762 ] Request (QuotasAdminTestJSON:test_delete_quota): 200 GET http://10.180.1.21/compute/v2.1/os-quota-sets/b503bd59a4124dc386bbca734acf126e 2.853s
2025-05-19 14:58:39.520 71162 INFO tempest.lib.common.rest_client [req-01370c0d-9a80-4b8f-b0df-aeaacf06c47d req-01370c0d-9a80-4b8f-b0df-aeaacf06c47d ] Request (ServerTagsTestJSON:setUpClass): 200 GET http://10.180.1.21/identity/v3/roles 0.168s
2025-05-19 14:58:39.531 71166 INFO tempest.lib.common.rest_client [req-a4b7a25a-bfbc-4744-a834-d466ea086927 req-a4b7a25a-bfbc-4744-a834-d466ea086927 ] Request (InstanceActionsV221TestJSON:setUpClass): 201 POST http://10.180.1.21/identity/v3/projects 0.180s
2025-05-19 14:58:39.585 71136 INFO tempest.lib.common.rest_client [req-84918dbd-944a-4857-8299-997e74a8ccac req-84918dbd-944a-4857-8299-997e74a8ccac ] Request (HostsAdminNegativeTestJSON:setUpClass): 201 POST http://10.180.1.21/identity/v3/auth/tokens 0.208s
2025-05-19 14:58:39.603 71178 INFO tempest.lib.common.rest_client [req-b5d38617-73ab-4e50-a471-331b43588757 req-b5d38617-73ab-4e50-a471-331b43588757 ] Request (TenantUsagesTestJSON:setUpClass): 204 PUT http://10.180.1.21/identity/v3/projects/fef5c636d6094fa99d082d7fca53e9a6/users/cf6b28942ef145688e1ddb703120036f/roles/7de3c005fb964684abe0658d2f7b61e1 0.159s
2025-05-19 14:58:39.604 71178 INFO tempest.lib.common.dynamic_creds [-] Dynamic test user cf6b28942ef145688e1ddb703120036f is created with scope project and roles: ['admin']
2025-05-19 14:58:39.604 71178 INFO tempest.lib.common.dynamic_creds [-] Acquired dynamic creds: credentials: Credentials: {'domain_id': 'default', 'domain_name': 'Default', 'username': 'tempest-TenantUsagesTestJSON-1704513344-project-admin', 'project_domain_id': 'default', 'project_domain_name': 'Default', 'project_id': 'fef5c636d6094fa99d082d7fca53e9a6', 'project_name': 'tempest-TenantUsagesTestJSON-1704513344', 'tenant_id': 'fef5c636d6094fa99d082d7fca53e9a6', 'tenant_name': 'tempest-TenantUsagesTestJSON-1704513344', 'user_domain_id': 'default', 'user_domain_name': 'Default', 'user_id': 'cf6b28942ef145688e1ddb703120036f', 'system': None}, Network: None, Subnet: None, Router: None
2025-05-19 14:58:39.604 71178 INFO tempest.lib.common.dynamic_creds [-] Created isolated network resources for: credentials: Credentials: {'domain_id': 'default', 'domain_name': 'Default', 'username': 'tempest-TenantUsagesTestJSON-1704513344-project-admin', 'project_domain_id': 'default', 'project_domain_name': 'Default', 'project_id': 'fef5c636d6094fa99d082d7fca53e9a6', 'project_name': 'tempest-TenantUsagesTestJSON-1704513344', 'tenant_id': 'fef5c636d6094fa99d082d7fca53e9a6', 'tenant_name': 'tempest-TenantUsagesTestJSON-1704513344', 'user_domain_id': 'default', 'user_domain_name': 'Default', 'user_id': 'cf6b28942ef145688e1ddb703120036f', 'system': None}, Network: None, Subnet: None, Router: None
2025-05-19 14:58:39.609 71188 INFO tempest.lib.common.rest_client [req-36f69485-ada0-4733-af31-39402accf1b5 req-36f69485-ada0-4733-af31-39402accf1b5 ] Request (ServersTestManualDisk:setUpClass): 201 POST http://10.180.1.21/identity/v3/projects 0.181s
2025-05-19 14:58:39.684 71162 INFO tempest.lib.common.rest_client [req-5f1a0c5b-edc7-4b82-a50c-efc384df517f req-5f1a0c5b-edc7-4b82-a50c-efc384df517f ] Request (ServerTagsTestJSON:setUpClass): 204 PUT http://10.180.1.21/identity/v3/projects/e518725da5b7499eb24a341a26eea799/users/db7c6a066ca04951ab460381cc6538d1/roles/fe1ba9b3a9884c8cbe966d6f4bf0d8a0 0.163s
2025-05-19 14:58:39.684 71162 INFO tempest.lib.common.dynamic_creds [-] Dynamic test user db7c6a066ca04951ab460381cc6538d1 is created with scope project and roles: ['member']
2025-05-19 14:58:39.684 71162 INFO tempest.lib.common.dynamic_creds [-] Acquired dynamic creds: credentials: Credentials: {'domain_id': 'default', 'domain_name': 'Default', 'username': 'tempest-ServerTagsTestJSON-1719943478-project-member', 'project_domain_id': 'default', 'project_domain_name': 'Default', 'project_id': 'e518725da5b7499eb24a341a26eea799', 'project_name': 'tempest-ServerTagsTestJSON-1719943478', 'tenant_id': 'e518725da5b7499eb24a341a26eea799', 'tenant_name': 'tempest-ServerTagsTestJSON-1719943478', 'user_domain_id': 'default', 'user_domain_name': 'Default', 'user_id': 'db7c6a066ca04951ab460381cc6538d1', 'system': None}, Network: None, Subnet: None, Router: None
2025-05-19 14:58:39.685 71138 INFO tempest.lib.common.rest_client [req-1a7a0423-b04a-4c59-85a0-cd4fb148f4a7 req-1a7a0423-b04a-4c59-85a0-cd4fb148f4a7 ] Request (KeyPairsNegativeTestJSON:setUpClass): 201 POST http://10.180.1.21/identity/v3/users 0.215s
2025-05-19 14:58:39.724 71146 INFO tempest.lib.common.rest_client [req-ce331b4a-5c03-4a07-b149-31401f6810a4 req-ce331b4a-5c03-4a07-b149-31401f6810a4 ] Request (ListServerFiltersTestJSON:setUpClass): 201 POST http://10.180.1.21:9696/networking/v2.0/networks 0.690s
2025-05-19 14:58:39.736 71188 INFO tempest.lib.common.rest_client [req-9eaa7700-7cbf-48c5-bd33-33fd2039b76d req-9eaa7700-7cbf-48c5-bd33-33fd2039b76d ] Request (ServersTestManualDisk:setUpClass): 201 POST http://10.180.1.21/identity/v3/users 0.126s
2025-05-19 14:58:39.758 71166 INFO tempest.lib.common.rest_client [req-d64c40fc-797b-42ae-a0cc-cb09920aaf31 req-d64c40fc-797b-42ae-a0cc-cb09920aaf31 ] Request (InstanceActionsV221TestJSON:setUpClass): 201 POST http://10.180.1.21/identity/v3/users 0.225s
2025-05-19 14:58:39.792 71162 INFO tempest.lib.common.rest_client [req-453ff401-06d0-4c98-bac5-204783bd7f5c req-453ff401-06d0-4c98-bac5-204783bd7f5c ] Request (ServerTagsTestJSON:setUpClass): 201 POST http://10.180.1.21/identity/v3/auth/tokens 0.107s
2025-05-19 14:58:39.809 71138 INFO tempest.lib.common.rest_client [req-25e7ced3-645e-4d3b-b1f8-c2c9e3a0f5be req-25e7ced3-645e-4d3b-b1f8-c2c9e3a0f5be ] Request (KeyPairsNegativeTestJSON:setUpClass): 200 GET http://10.180.1.21/identity/v3/roles 0.121s
2025-05-19 14:58:39.829 71188 INFO tempest.lib.common.rest_client [req-b5fc3bd9-06c8-46a3-8080-3f83835c5c80 req-b5fc3bd9-06c8-46a3-8080-3f83835c5c80 ] Request (ServersTestManualDisk:setUpClass): 200 GET http://10.180.1.21/identity/v3/roles 0.092s
2025-05-19 14:58:39.833 71178 INFO tempest.lib.common.rest_client [req-5d5841a1-75e6-4d34-bb2c-2aeb8531bc50 req-5d5841a1-75e6-4d34-bb2c-2aeb8531bc50 ] Request (TenantUsagesTestJSON:setUpClass): 201 POST http://10.180.1.21/identity/v3/auth/tokens 0.222s
2025-05-19 14:58:39.841 71166 INFO tempest.lib.common.rest_client [req-f3d64e05-d1cc-4d80-a2c1-3782f11a75f5 req-f3d64e05-d1cc-4d80-a2c1-3782f11a75f5 ] Request (InstanceActionsV221TestJSON:setUpClass): 200 GET http://10.180.1.21/identity/v3/roles 0.082s
2025-05-19 14:58:39.871 71138 INFO tempest.lib.common.rest_client [req-ad69deda-386a-4249-a271-2148327355f9 req-ad69deda-386a-4249-a271-2148327355f9 ] Request (KeyPairsNegativeTestJSON:setUpClass): 204 PUT http://10.180.1.21/identity/v3/projects/dd2235ebbbc6402283c858cffeb8ea7b/users/f8474e9e22b84eb2aaac0349a8761a04/roles/fe1ba9b3a9884c8cbe966d6f4bf0d8a0 0.061s
2025-05-19 14:58:39.872 71138 INFO tempest.lib.common.dynamic_creds [-] Dynamic test user f8474e9e22b84eb2aaac0349a8761a04 is created with scope project and roles: ['member']
2025-05-19 14:58:39.872 71138 INFO tempest.lib.common.dynamic_creds [-] Acquired dynamic creds: credentials: Credentials: {'domain_id': 'default', 'domain_name': 'Default', 'username': 'tempest-KeyPairsNegativeTestJSON-2031911764-project-member', 'project_domain_id': 'default', 'project_domain_name': 'Default', 'project_id': 'dd2235ebbbc6402283c858cffeb8ea7b', 'project_name': 'tempest-KeyPairsNegativeTestJSON-2031911764', 'tenant_id': 'dd2235ebbbc6402283c858cffeb8ea7b', 'tenant_name': 'tempest-KeyPairsNegativeTestJSON-2031911764', 'user_domain_id': 'default', 'user_domain_name': 'Default', 'user_id': 'f8474e9e22b84eb2aaac0349a8761a04', 'system': None}, Network: None, Subnet: None, Router: None
2025-05-19 14:58:39.872 71188 INFO tempest.lib.common.rest_client [req-c6790b4a-cf8e-4656-82b3-5627c5ab304e req-c6790b4a-cf8e-4656-82b3-5627c5ab304e ] Request (ServersTestManualDisk:setUpClass): 204 PUT http://10.180.1.21/identity/v3/projects/efbd3a61edca40abab0bb94b446ed70b/users/870d17ac60f64c4c812c1229a1400cb2/roles/fe1ba9b3a9884c8cbe966d6f4bf0d8a0 0.042s
2025-05-19 14:58:39.872 71138 INFO tempest.lib.common.dynamic_creds [-] Created isolated network resources for: credentials: Credentials: {'domain_id': 'default', 'domain_name': 'Default', 'username': 'tempest-KeyPairsNegativeTestJSON-2031911764-project-member', 'project_domain_id': 'default', 'project_domain_name': 'Default', 'project_id': 'dd2235ebbbc6402283c858cffeb8ea7b', 'project_name': 'tempest-KeyPairsNegativeTestJSON-2031911764', 'tenant_id': 'dd2235ebbbc6402283c858cffeb8ea7b', 'tenant_name': 'tempest-KeyPairsNegativeTestJSON-2031911764', 'user_domain_id': 'default', 'user_domain_name': 'Default', 'user_id': 'f8474e9e22b84eb2aaac0349a8761a04', 'system': None}, Network: None, Subnet: None, Router: None
2025-05-19 14:58:39.872 71188 INFO tempest.lib.common.dynamic_creds [-] Dynamic test user 870d17ac60f64c4c812c1229a1400cb2 is created with scope project and roles: ['member']
2025-05-19 14:58:39.872 71188 INFO tempest.lib.common.dynamic_creds [-] Acquired dynamic creds: credentials: Credentials: {'domain_id': 'default', 'domain_name': 'Default', 'username': 'tempest-ServersTestManualDisk-55734170-project-member', 'project_domain_id': 'default', 'project_domain_name': 'Default', 'project_id': 'efbd3a61edca40abab0bb94b446ed70b', 'project_name': 'tempest-ServersTestManualDisk-55734170', 'tenant_id': 'efbd3a61edca40abab0bb94b446ed70b', 'tenant_name': 'tempest-ServersTestManualDisk-55734170', 'user_domain_id': 'default', 'user_domain_name': 'Default', 'user_id': '870d17ac60f64c4c812c1229a1400cb2', 'system': None}, Network: None, Subnet: None, Router: None
2025-05-19 14:58:39.934 71178 INFO tempest.lib.common.rest_client [req-90a50969-4a56-4052-acd4-1047f45caf9d req-90a50969-4a56-4052-acd4-1047f45caf9d ] Request (TenantUsagesTestJSON:setUpClass): 201 POST http://10.180.1.21/identity/v3/auth/tokens 0.094s
2025-05-19 14:58:39.935 71178 INFO tempest.lib.common.fixed_network [-] (TenantUsagesTestJSON:setUpClass) Found network None available for tenant
2025-05-19 14:58:39.937 71170 INFO tempest.lib.common.rest_client [req-d1c44d31-8bf2-4d80-ac7c-66a304bddf88 req-d1c44d31-8bf2-4d80-ac7c-66a304bddf88 ] Request (ServerAddressesNegativeTestJSON:setUpClass): 201 POST http://10.180.1.21:9696/networking/v2.0/routers 3.970s
2025-05-19 14:58:40.002 71166 INFO tempest.lib.common.rest_client [req-259f1085-f715-460f-88ac-5c1db224b4ef req-259f1085-f715-460f-88ac-5c1db224b4ef ] Request (InstanceActionsV221TestJSON:setUpClass): 204 PUT http://10.180.1.21/identity/v3/projects/808dc93e88404cb1954bd3613c3ae6f5/users/b0d223b934d84b909eed23b6c0889c9f/roles/fe1ba9b3a9884c8cbe966d6f4bf0d8a0 0.160s
2025-05-19 14:58:40.002 71166 INFO tempest.lib.common.dynamic_creds [-] Dynamic test user b0d223b934d84b909eed23b6c0889c9f is created with scope project and roles: ['member']
2025-05-19 14:58:40.002 71166 INFO tempest.lib.common.dynamic_creds [-] Acquired dynamic creds: credentials: Credentials: {'domain_id': 'default', 'domain_name': 'Default', 'username': 'tempest-InstanceActionsV221TestJSON-1688222802-project-member', 'project_domain_id': 'default', 'project_domain_name': 'Default', 'project_id': '808dc93e88404cb1954bd3613c3ae6f5', 'project_name': 'tempest-InstanceActionsV221TestJSON-1688222802', 'tenant_id': '808dc93e88404cb1954bd3613c3ae6f5', 'tenant_name': 'tempest-InstanceActionsV221TestJSON-1688222802', 'user_domain_id': 'default', 'user_domain_name': 'Default', 'user_id': 'b0d223b934d84b909eed23b6c0889c9f', 'system': None}, Network: None, Subnet: None, Router: None
2025-05-19 14:58:40.048 71188 INFO tempest.lib.common.rest_client [req-a2bc956f-4458-4045-81ec-8b47dc25e997 req-a2bc956f-4458-4045-81ec-8b47dc25e997 ] Request (ServersTestManualDisk:setUpClass): 201 POST http://10.180.1.21/identity/v3/auth/tokens 0.175s
2025-05-19 14:58:40.069 71138 INFO tempest.lib.common.rest_client [req-240cfea0-8d5d-4b23-bae9-b28baeed0ea9 req-240cfea0-8d5d-4b23-bae9-b28baeed0ea9 ] Request (KeyPairsNegativeTestJSON:setUpClass): 201 POST http://10.180.1.21/identity/v3/auth/tokens 0.191s
2025-05-19 14:58:40.073 71166 INFO tempest.lib.common.rest_client [req-8ab80a64-14ce-4899-8ad0-36904f87d356 req-8ab80a64-14ce-4899-8ad0-36904f87d356 ] Request (InstanceActionsV221TestJSON:setUpClass): 201 POST http://10.180.1.21/identity/v3/auth/tokens 0.071s
2025-05-19 14:58:40.199 71160 INFO tempest.lib.common.rest_client [req-65713e00-f065-4aea-b372-777e667716b2 req-65713e00-f065-4aea-b372-777e667716b2 ] Request (SecurityGroupsTestAdminJSON:test_list_security_groups_list_all_tenants_filter): 200 POST http://10.180.1.21/compute/v2.1/os-security-groups 3.311s
2025-05-19 14:58:40.219 71142 INFO tempest.lib.common.rest_client [req-4f8c61a2-35b8-4691-a718-8482a90eedcf req-4f8c61a2-35b8-4691-a718-8482a90eedcf ] Request (FlavorsAdminTestJSON:test_is_public_string_variations): 200 GET http://10.180.1.21/compute/v2.1/flavors/detail?is_public=t 3.316s
2025-05-19 14:58:40.232 71168 INFO tempest.lib.common.rest_client [req-572c514a-1b3d-4e63-b1b2-17de64d8e5f7 req-572c514a-1b3d-4e63-b1b2-17de64d8e5f7 ] Request (InstanceActionsNegativeTestJSON:setUpClass): 201 POST http://10.180.1.21:9696/networking/v2.0/routers 1.616s
2025-05-19 14:58:40.248 71182 INFO tempest.lib.common.rest_client [req-74194f45-de2c-4ac8-ad95-5acc96df116c req-74194f45-de2c-4ac8-ad95-5acc96df116c ] Request (AggregatesAdminNegativeTestJSON:_run_cleanups): 200 DELETE http://10.180.1.21/compute/v2.1/os-aggregates/8 3.303s
2025-05-19 14:58:40.254 71164 INFO tempest.lib.common.rest_client [req-13737cda-f4cd-4d1e-a19d-17c2eab5d5dd req-13737cda-f4cd-4d1e-a19d-17c2eab5d5dd ] Request (ServersTestMultiNic:test_verify_duplicate_network_nics): 202 POST http://10.180.1.21/compute/v2.1/servers 4.098s
2025-05-19 14:58:40.280 71150 INFO tempest.lib.common.rest_client [req-304d30da-ede9-4123-807b-fcaa91398a82 req-304d30da-ede9-4123-807b-fcaa91398a82 ] Request (ServersWithSpecificFlavorTestJSON:_run_cleanups): 200 GET http://10.180.1.21/compute/v2.1/flavors/detail 3.316s
2025-05-19 14:58:40.295 71156 INFO tempest.lib.common.rest_client [req-5a0e2ea5-0e42-40d0-89fd-18d46e431197 req-5a0e2ea5-0e42-40d0-89fd-18d46e431197 ] Request (FlavorsAccessNegativeTestJSON:test_flavor_non_admin_remove): 403 POST http://10.180.1.21/compute/v2.1/flavors/1867513940/action 2.996s
2025-05-19 14:58:40.342 71144 INFO tempest.lib.common.rest_client [req-03251d8f-a3ec-4869-a0bb-f9a9bea4fbdc req-03251d8f-a3ec-4869-a0bb-f9a9bea4fbdc ] Request (HypervisorAdminUnderV252Test:test_get_hypervisor_show_servers): 200 GET http://10.180.1.21/compute/v2.1/os-hypervisors/domain-c8.fc996f14-c53b-4953-92e3-bdfa48f5cc28/servers 2.622s
2025-05-19 14:58:40.366 71182 INFO tempest.lib.common.rest_client [req-ee849230-9887-4c0a-955f-e050e3072762 req-ee849230-9887-4c0a-955f-e050e3072762 ] Request (AggregatesAdminNegativeTestJSON:tearDownClass): 204 DELETE http://10.180.1.21/identity/v3/users/0331ac1367fc46228983397147eeef74 0.116s
2025-05-19 14:58:40.439 71146 INFO tempest.lib.common.rest_client [req-f6322cd1-b132-48e9-a946-fc886e1dd461 req-f6322cd1-b132-48e9-a946-fc886e1dd461 ] Request (ListServerFiltersTestJSON:setUpClass): 201 POST http://10.180.1.21:9696/networking/v2.0/subnets 0.714s
2025-05-19 14:58:40.439 71146 INFO tempest.lib.common.dynamic_creds [-] Created isolated network resources for: credentials: Credentials: {'domain_id': 'default', 'domain_name': 'Default', 'username': 'tempest-ListServerFiltersTestJSON-724556788-project-member', 'project_domain_id': 'default', 'project_domain_name': 'Default', 'project_id': 'ad4d1255e60546aabdade06f2193933e', 'project_name': 'tempest-ListServerFiltersTestJSON-724556788', 'tenant_id': 'ad4d1255e60546aabdade06f2193933e', 'tenant_name': 'tempest-ListServerFiltersTestJSON-724556788', 'user_domain_id': 'default', 'user_domain_name': 'Default', 'user_id': 'f8ac183e5ef045df80eeb0d35c3d2aa8', 'system': None}, Network: {'id': '575abd06-ec9f-4be0-b9a7-fc18c1310972', 'name': 'tempest-ListServerFiltersTestJSON-1087503255-network', 'tenant_id': 'ad4d1255e60546aabdade06f2193933e', 'admin_state_up': True, 'mtu': 8950, 'status': 'ACTIVE', 'subnets': [], 'shared': False, 'project_id': 'ad4d1255e60546aabdade06f2193933e', 'port_security_enabled': True, 'router:external': False, 'provider:network_type': 'vlan', 'provider:physical_network': 'default', 'provider:segmentation_id': 605, 'is_default': False, 'availability_zone_hints': [], 'availability_zones': [], 'ipv4_address_scope': None, 'ipv6_address_scope': None, 'description': '', 'tags': [], 'created_at': '2025-05-19T14:58:39Z', 'updated_at': '2025-05-19T14:58:39Z', 'revision_number': 1}, Subnet: {'id': 'c3991382-b722-4355-b4df-abc567f13845', 'name': 'tempest-ListServerFiltersTestJSON-1087503255-subnet', 'tenant_id': 'ad4d1255e60546aabdade06f2193933e', 'network_id': '575abd06-ec9f-4be0-b9a7-fc18c1310972', 'ip_version': 4, 'subnetpool_id': None, 'enable_dhcp': True, 'ipv6_ra_mode': None, 'ipv6_address_mode': None, 'gateway_ip': '192.168.128.1', 'cidr': '192.168.128.0/28', 'allocation_pools': [{'start': '192.168.128.2', 'end': '192.168.128.14'}], 'host_routes': [], 'dns_nameservers': [], 'description': '', 'router:external': False, 'service_types': [], 'tags': [], 'created_at': '2025-05-19T14:58:39Z', 'updated_at': '2025-05-19T14:58:39Z', 'revision_number': 0, 'project_id': 'ad4d1255e60546aabdade06f2193933e'}, Router: None
2025-05-19 14:58:40.455 71192 INFO tempest.lib.common.rest_client [req-09afd83b-24f4-45da-8607-5c7e79e2e9d5 req-09afd83b-24f4-45da-8607-5c7e79e2e9d5 ] Request (ServerDiagnosticsNegativeTest:test_get_server_diagnostics_by_non_admin): 200 GET http://10.180.1.21/compute/v2.1/servers/d46a5fdb-714f-41f3-88c0-d499028b5ff8 2.452s
2025-05-19 14:58:40.463 71186 INFO tempest.lib.common.rest_client [req-955f2c17-3833-45da-be4f-384179a1f3bb req-955f2c17-3833-45da-be4f-384179a1f3bb ] Request (SecurityGroupRulesTestJSON:setUpClass): 200 PUT http://10.180.1.21:9696/networking/v2.0/routers/b751eeac-43c4-40c8-b329-b855199f6fe3/add_router_interface 5.038s
2025-05-19 14:58:40.464 71186 INFO tempest.lib.common.dynamic_creds [-] Created isolated network resources for: credentials: Credentials: {'domain_id': 'default', 'domain_name': 'Default', 'username': 'tempest-SecurityGroupRulesTestJSON-687639067-project-member', 'project_domain_id': 'default', 'project_domain_name': 'Default', 'project_id': 'd8532c13035743f1b33460f0c035b8c9', 'project_name': 'tempest-SecurityGroupRulesTestJSON-687639067', 'tenant_id': 'd8532c13035743f1b33460f0c035b8c9', 'tenant_name': 'tempest-SecurityGroupRulesTestJSON-687639067', 'user_domain_id': 'default', 'user_domain_name': 'Default', 'user_id': '8f1e2b8d2d964b8891051548cff73f47', 'system': None}, Network: {'id': '8fca35b0-04db-48f2-8f8e-c216fd1e0a51', 'name': 'tempest-SecurityGroupRulesTestJSON-2075847026-network', 'tenant_id': 'd8532c13035743f1b33460f0c035b8c9', 'admin_state_up': True, 'mtu': 8950, 'status': 'ACTIVE', 'subnets': [], 'shared': False, 'project_id': 'd8532c13035743f1b33460f0c035b8c9', 'port_security_enabled': True, 'router:external': False, 'provider:network_type': 'vlan', 'provider:physical_network': 'default', 'provider:segmentation_id': 285, 'is_default': False, 'availability_zone_hints': [], 'availability_zones': [], 'ipv4_address_scope': None, 'ipv6_address_scope': None, 'description': '', 'tags': [], 'created_at': '2025-05-19T14:58:32Z', 'updated_at': '2025-05-19T14:58:32Z', 'revision_number': 1}, Subnet: {'id': '5327d92e-9d14-41a9-8355-3353ab45a2d9', 'name': 'tempest-SecurityGroupRulesTestJSON-2075847026-subnet', 'tenant_id': 'd8532c13035743f1b33460f0c035b8c9', 'network_id': '8fca35b0-04db-48f2-8f8e-c216fd1e0a51', 'ip_version': 4, 'subnetpool_id': None, 'enable_dhcp': True, 'ipv6_ra_mode': None, 'ipv6_address_mode': None, 'gateway_ip': '192.168.128.1', 'cidr': '192.168.128.0/28', 'allocation_pools': [{'start': '192.168.128.2', 'end': '192.168.128.14'}], 'host_routes': [], 'dns_nameservers': [], 'description': '', 'router:external': False, 'service_types': [], 'tags': [], 'created_at': '2025-05-19T14:58:32Z', 'updated_at': '2025-05-19T14:58:32Z', 'revision_number': 0, 'project_id': 'd8532c13035743f1b33460f0c035b8c9'}, Router: {'id': 'b751eeac-43c4-40c8-b329-b855199f6fe3', 'name': 'tempest-SecurityGroupRulesTestJSON-2075847026-router', 'tenant_id': 'd8532c13035743f1b33460f0c035b8c9', 'admin_state_up': True, 'status': 'ACTIVE', 'external_gateway_info': {'network_id': '0db0a466-5976-4801-baab-fa6b9f2dfb95', 'external_fixed_ips': [{'subnet_id': 'c3402f22-883b-4432-8eac-48c9fbb66784', 'ip_address': '10.180.180.246'}], 'enable_snat': True}, 'description': '', 'availability_zones': [], 'distributed': False, 'ha': False, 'availability_zone_hints': [], 'routes': [], 'flavor_id': None, 'tags': [], 'created_at': '2025-05-19T14:58:33Z', 'updated_at': '2025-05-19T14:58:34Z', 'revision_number': 2, 'project_id': 'd8532c13035743f1b33460f0c035b8c9'}
2025-05-19 14:58:40.514 71182 INFO tempest.lib.common.rest_client [req-54ed6402-ef40-4c08-8d67-fe82f5f22a39 req-54ed6402-ef40-4c08-8d67-fe82f5f22a39 ] Request (AggregatesAdminNegativeTestJSON:tearDownClass): 204 DELETE http://10.180.1.21/identity/v3/users/68c2b1e3863d427ea7047ddd1dd7a797 0.147s
2025-05-19 14:58:40.514 71182 INFO tempest.lib.common.dynamic_creds [-] Deleting project and security group for project: 004af3634f004d19a0d92a089d534ab5
2025-05-19 14:58:40.536 71146 INFO tempest.lib.common.rest_client [req-4b7e8850-39e1-4d52-bc31-c09f94d9ed41 req-4b7e8850-39e1-4d52-bc31-c09f94d9ed41 ] Request (ListServerFiltersTestJSON:setUpClass): 201 POST http://10.180.1.21/identity/v3/auth/tokens 0.091s
2025-05-19 14:58:40.599 71186 INFO tempest.lib.common.rest_client [req-08912e85-8e3a-453c-925b-9c2ff882b4d7 req-08912e85-8e3a-453c-925b-9c2ff882b4d7 ] Request (SecurityGroupRulesTestJSON:setUpClass): 201 POST http://10.180.1.21/identity/v3/auth/tokens 0.130s
2025-05-19 14:58:40.632 71140 INFO tempest.lib.common.rest_client [req-b7ac66fe-9574-4c8b-af89-1c605f607c5d req-b7ac66fe-9574-4c8b-af89-1c605f607c5d ] Request (HypervisorAdminV228Test:test_get_list_hypervisor_details): 200 GET http://10.180.1.21/compute/v2.1/os-hypervisors 2.409s
2025-05-19 14:58:40.661 71182 INFO tempest.lib.common.rest_client [req-90bda204-9a27-438d-a9e8-9dcab9e14546 req-90bda204-9a27-438d-a9e8-9dcab9e14546 ] Request (AggregatesAdminNegativeTestJSON:tearDownClass): 201 POST http://10.180.1.21/identity/v3/auth/tokens 0.147s
2025-05-19 14:58:40.672 71146 INFO tempest.lib.common.rest_client [req-06325d9d-91c0-438a-9263-52997dfc78fb req-06325d9d-91c0-438a-9263-52997dfc78fb ] Request (ListServerFiltersTestJSON:setUpClass): 201 POST http://10.180.1.21/identity/v3/auth/tokens 0.130s
2025-05-19 14:58:40.673 71146 INFO tempest.lib.common.fixed_network [-] (ListServerFiltersTestJSON:setUpClass) Found network {'id': '575abd06-ec9f-4be0-b9a7-fc18c1310972', 'name': 'tempest-ListServerFiltersTestJSON-1087503255-network', 'tenant_id': 'ad4d1255e60546aabdade06f2193933e', 'admin_state_up': True, 'mtu': 8950, 'status': 'ACTIVE', 'subnets': [], 'shared': False, 'project_id': 'ad4d1255e60546aabdade06f2193933e', 'port_security_enabled': True, 'router:external': False, 'provider:network_type': 'vlan', 'provider:physical_network': 'default', 'provider:segmentation_id': 605, 'is_default': False, 'availability_zone_hints': [], 'availability_zones': [], 'ipv4_address_scope': None, 'ipv6_address_scope': None, 'description': '', 'tags': [], 'created_at': '2025-05-19T14:58:39Z', 'updated_at': '2025-05-19T14:58:39Z', 'revision_number': 1} available for tenant
2025-05-19 14:58:40.704 71146 INFO tempest.lib.common.rest_client [req-fd5d56fd-8f54-4a4d-8184-36bd7fcc3e3d req-fd5d56fd-8f54-4a4d-8184-36bd7fcc3e3d ] Request (ListServerFiltersTestJSON:setUpClass): 201 POST http://10.180.1.21/identity/v3/auth/tokens 0.027s
2025-05-19 14:58:40.705 71146 INFO tempest.lib.common.fixed_network [-] (ListServerFiltersTestJSON:setUpClass) Found network {'id': '575abd06-ec9f-4be0-b9a7-fc18c1310972', 'name': 'tempest-ListServerFiltersTestJSON-1087503255-network', 'tenant_id': 'ad4d1255e60546aabdade06f2193933e', 'admin_state_up': True, 'mtu': 8950, 'status': 'ACTIVE', 'subnets': [], 'shared': False, 'project_id': 'ad4d1255e60546aabdade06f2193933e', 'port_security_enabled': True, 'router:external': False, 'provider:network_type': 'vlan', 'provider:physical_network': 'default', 'provider:segmentation_id': 605, 'is_default': False, 'availability_zone_hints': [], 'availability_zones': [], 'ipv4_address_scope': None, 'ipv6_address_scope': None, 'description': '', 'tags': [], 'created_at': '2025-05-19T14:58:39Z', 'updated_at': '2025-05-19T14:58:39Z', 'revision_number': 1} available for tenant
2025-05-19 14:58:40.765 71180 INFO tempest.lib.common.rest_client [req-71470da8-effd-4560-8a31-c495a1a90a73 req-71470da8-effd-4560-8a31-c495a1a90a73 ] Request (ServerAddressesTestJSON:setUpClass): 200 PUT http://10.180.1.21:9696/networking/v2.0/routers/c711572e-1cee-478e-8802-ace5620b98f4/add_router_interface 2.492s
2025-05-19 14:58:40.766 71180 INFO tempest.lib.common.dynamic_creds [-] Created isolated network resources for: credentials: Credentials: {'domain_id': 'default', 'domain_name': 'Default', 'username': 'tempest-ServerAddressesTestJSON-883639546-project-member', 'project_domain_id': 'default', 'project_domain_name': 'Default', 'project_id': 'a49be561ee534f5fa4ecc33aa23abafa', 'project_name': 'tempest-ServerAddressesTestJSON-883639546', 'tenant_id': 'a49be561ee534f5fa4ecc33aa23abafa', 'tenant_name': 'tempest-ServerAddressesTestJSON-883639546', 'user_domain_id': 'default', 'user_domain_name': 'Default', 'user_id': '0f95940f0cb54356a6450a0ee7946741', 'system': None}, Network: {'id': '8d43acc8-04d9-44ff-93fc-a4798cf67450', 'name': 'tempest-ServerAddressesTestJSON-1615359123-network', 'tenant_id': 'a49be561ee534f5fa4ecc33aa23abafa', 'admin_state_up': True, 'mtu': 8950, 'status': 'ACTIVE', 'subnets': [], 'shared': False, 'project_id': 'a49be561ee534f5fa4ecc33aa23abafa', 'port_security_enabled': True, 'router:external': False, 'provider:network_type': 'vlan', 'provider:physical_network': 'default', 'provider:segmentation_id': 309, 'is_default': False, 'availability_zone_hints': [], 'availability_zones': [], 'ipv4_address_scope': None, 'ipv6_address_scope': None, 'description': '', 'tags': [], 'created_at': '2025-05-19T14:58:34Z', 'updated_at': '2025-05-19T14:58:34Z', 'revision_number': 1}, Subnet: {'id': 'de9771f3-9d43-45c8-af90-3ebd4ac14a70', 'name': 'tempest-ServerAddressesTestJSON-1615359123-subnet', 'tenant_id': 'a49be561ee534f5fa4ecc33aa23abafa', 'network_id': '8d43acc8-04d9-44ff-93fc-a4798cf67450', 'ip_version': 4, 'subnetpool_id': None, 'enable_dhcp': True, 'ipv6_ra_mode': None, 'ipv6_address_mode': None, 'gateway_ip': '192.168.128.1', 'cidr': '192.168.128.0/28', 'allocation_pools': [{'start': '192.168.128.2', 'end': '192.168.128.14'}], 'host_routes': [], 'dns_nameservers': [], 'description': '', 'router:external': False, 'service_types': [], 'tags': [], 'created_at': '2025-05-19T14:58:34Z', 'updated_at': '2025-05-19T14:58:34Z', 'revision_number': 0, 'project_id': 'a49be561ee534f5fa4ecc33aa23abafa'}, Router: {'id': 'c711572e-1cee-478e-8802-ace5620b98f4', 'name': 'tempest-ServerAddressesTestJSON-1615359123-router', 'tenant_id': 'a49be561ee534f5fa4ecc33aa23abafa', 'admin_state_up': True, 'status': 'ACTIVE', 'external_gateway_info': {'network_id': '0db0a466-5976-4801-baab-fa6b9f2dfb95', 'external_fixed_ips': [{'subnet_id': 'c3402f22-883b-4432-8eac-48c9fbb66784', 'ip_address': '10.180.180.229'}], 'enable_snat': True}, 'description': '', 'availability_zones': [], 'distributed': False, 'ha': False, 'availability_zone_hints': [], 'routes': [], 'flavor_id': None, 'tags': [], 'created_at': '2025-05-19T14:58:35Z', 'updated_at': '2025-05-19T14:58:36Z', 'revision_number': 2, 'project_id': 'a49be561ee534f5fa4ecc33aa23abafa'}
2025-05-19 14:58:40.835 71162 INFO tempest.lib.common.rest_client [req-67be1984-e923-4e7e-857d-6328069a4fe8 req-67be1984-e923-4e7e-857d-6328069a4fe8 ] Request (ServerTagsTestJSON:setUpClass): 201 POST http://10.180.1.21:9696/networking/v2.0/networks 1.041s
