2025-05-19 14:58:29.237 71154 INFO tempest.lib.common.dynamic_creds [-] Dynamic test user e18b7b6abaa74e009b5c418de70539b0 is created with scope project and roles: ['member']
2025-05-19 14:58:29.237 71154 INFO tempest.lib.common.dynamic_creds [-] Acquired dynamic creds: credentials: Credentials: {'domain_id': 'default', 'domain_name': 'Default', 'username': 'tempest-DeleteServersTestJSON-282861372-project-member', 'project_domain_id': 'default', 'project_domain_name': 'Default', 'project_id': '68a9414624264e028b4d2a9cad30e749', 'project_name': 'tempest-DeleteServersTestJSON-282861372', 'tenant_id': '68a9414624264e028b4d2a9cad30e749', 'tenant_name': 'tempest-DeleteServersTestJSON-282861372', 'user_domain_id': 'default', 'user_domain_name': 'Default', 'user_id': 'e18b7b6abaa74e009b5c418de70539b0', 'system': None}, Network: None, Subnet: None, Router: None
2025-05-19 14:58:29.249 71146 INFO tempest.lib.common.rest_client [req-e77567d5-8734-46de-90fd-0ac4f4204490 req-e77567d5-8734-46de-90fd-0ac4f4204490 ] Request (ListImagesTestJSON:setUpClass): 201 POST http://10.180.1.21/identity/v3/projects 0.521s
2025-05-19 14:58:29.295 71170 INFO tempest.lib.common.rest_client [req-f9caa4a9-ca9c-413a-bb50-3252ec189bc8 req-f9caa4a9-ca9c-413a-bb50-3252ec189bc8 ] Request (ServerAddressesNegativeTestJSON:setUpClass): 201 POST http://10.180.1.21/identity/v3/auth/tokens 0.541s
2025-05-19 14:58:29.306 71192 INFO tempest.lib.common.rest_client [req-37865a3c-d93d-4e19-a135-ca7344c07338 req-37865a3c-d93d-4e19-a135-ca7344c07338 ] Request (ServerDiagnosticsNegativeTest:setUpClass): 200 GET http://10.180.1.21/identity/v3/roles 0.491s
2025-05-19 14:58:29.319 71140 INFO tempest.lib.common.rest_client [req-9665aba5-a0cd-4ccd-a10b-5069fc1a1c9d req-9665aba5-a0cd-4ccd-a10b-5069fc1a1c9d ] Request (DeleteServersAdminTestJSON:tearDownClass): 204 DELETE http://10.180.1.21:9696/networking/v2.0/security-groups/46020c81-5d41-4e01-b7a4-fcf82bb20ed6 0.281s
2025-05-19 14:58:29.325 71168 INFO tempest.lib.common.rest_client [req-9646ad33-b5c7-4d75-9b6d-d1bc14361ba8 req-9646ad33-b5c7-4d75-9b6d-d1bc14361ba8 ] Request (FloatingIPsNegativeTestJSON:tearDownClass): 204 DELETE http://10.180.1.21:9696/networking/v2.0/routers/4e0104cc-3f83-43a8-886c-e836f70d42ab 0.643s
2025-05-19 14:58:29.342 71186 INFO tempest.lib.common.rest_client [req-3e362395-fd92-44c0-94ac-fba045b9b875 req-3e362395-fd92-44c0-94ac-fba045b9b875 ] Request (SecurityGroupRulesTestJSON:setUpClass): 201 POST http://10.180.1.21/identity/v3/projects 0.496s
2025-05-19 14:58:29.399 71148 INFO tempest.lib.common.rest_client [req-74dd8729-14c2-4464-86a5-9c680f010079 req-74dd8729-14c2-4464-86a5-9c680f010079 ] Request (InstanceActionsTestJSON:setUpClass): 201 POST http://10.180.1.21/identity/v3/auth/tokens 0.540s
2025-05-19 14:58:29.433 71144 INFO tempest.lib.common.rest_client [req-fc10d954-d26b-4c9c-b6e3-0cb0f0ef8418 req-fc10d954-d26b-4c9c-b6e3-0cb0f0ef8418 ] Request (HypervisorAdminUnderV252Test:setUpClass): 201 POST http://10.180.1.21/identity/v3/users 0.510s
2025-05-19 14:58:29.453 71174 INFO tempest.lib.common.rest_client [req-aa5722d5-1c1e-4008-91dc-f78717755451 req-aa5722d5-1c1e-4008-91dc-f78717755451 ] Request (FlavorsExtraSpecsNegativeTestJSON:tearDownClass): 204 DELETE http://10.180.1.21/identity/v3/projects/fa93689f4b2b48179fe2d4d64060ba52 0.534s
2025-05-19 14:58:29.522 71168 INFO tempest.lib.common.rest_client [req-a78719b1-4cb6-4ab5-8bf2-4aef9f9c69fe req-a78719b1-4cb6-4ab5-8bf2-4aef9f9c69fe ] Request (FloatingIPsNegativeTestJSON:tearDownClass): 204 DELETE http://10.180.1.21:9696/networking/v2.0/subnets/e4667b0b-0844-4984-9bbb-18fc95925648 0.197s
2025-05-19 14:58:29.568 71160 INFO tempest.lib.common.rest_client [req-f2ae6268-2a9a-42eb-9315-39312d85989e req-f2ae6268-2a9a-42eb-9315-39312d85989e ] Request (SecurityGroupsTestAdminJSON:setUpClass): 200 GET http://10.180.1.21/identity/v3/roles 0.538s
2025-05-19 14:58:29.593 71190 INFO tempest.lib.common.rest_client [req-431ec86a-0ac2-48ba-ad4a-305e8d92900e req-431ec86a-0ac2-48ba-ad4a-305e8d92900e ] Request (ServersAaction247Test:tearDownClass): 201 POST http://10.180.1.21/identity/v3/auth/tokens 0.531s
2025-05-19 14:58:29.594 71164 INFO tempest.lib.common.rest_client [req-7ab1915f-d223-49f2-af64-e26ce43bb8f5 req-7ab1915f-d223-49f2-af64-e26ce43bb8f5 ] Request (ServersTestMultiNic:setUpClass): 201 POST http://10.180.1.21:9696/networking/v2.0/networks 0.766s
2025-05-19 14:58:29.625 71134 INFO tempest.lib.common.rest_client [req-5829ce16-359e-4575-a99d-01836cc50ce0 req-5829ce16-359e-4575-a99d-01836cc50ce0 ] Request (FloatingIPsAssociationTestJSON:setUpClass): 201 POST http://10.180.1.21/identity/v3/projects 0.513s
2025-05-19 14:58:29.683 71152 INFO tempest.lib.common.rest_client [req-9fde313b-ea58-4e6c-b8c1-1490f57fb02b req-9fde313b-ea58-4e6c-b8c1-1490f57fb02b ] Request (NetworksTest:setUpClass): 201 POST http://10.180.1.21/identity/v3/users 0.516s
2025-05-19 14:58:29.692 71158 INFO tempest.lib.common.rest_client [req-6a0576c2-c067-417a-b7f4-1533ab58a0f1 req-6a0576c2-c067-417a-b7f4-1533ab58a0f1 ] Request (ServicesAdminNegativeTestJSON:setUpClass): 201 POST http://10.180.1.21/identity/v3/auth/tokens 0.568s
2025-05-19 14:58:29.701 71162 INFO tempest.lib.common.rest_client [req-52222279-009b-4a6a-afbe-748c471f026e req-52222279-009b-4a6a-afbe-748c471f026e ] Request (QuotasAdminTestV257:test_get_updated_quotas): 200 PUT http://10.180.1.21/compute/v2.1/os-quota-sets/29318281084142c5a9870dbce0dc455b?user_id=a90db62914b44885a804901e53361e47 2.099s
2025-05-19 14:58:29.705 71178 INFO tempest.lib.common.rest_client [req-69094e77-0a07-4afd-b9f8-972cb4b508e4 req-69094e77-0a07-4afd-b9f8-972cb4b508e4 ] Request (QuotasSecurityGroupAdminNegativeTest:setUpClass): 200 GET http://10.180.1.21/identity/v3/roles 0.528s
2025-05-19 14:58:29.712 71184 INFO tempest.lib.common.rest_client [req-2c9d64e0-ae9e-4c9d-929e-f3d3dbb30a9c req-2c9d64e0-ae9e-4c9d-929e-f3d3dbb30a9c ] Request (TenantUsagesNegativeTestJSON:tearDownClass): 200 GET http://10.180.1.21:9696/networking/v2.0/security-groups?tenant_id=ab579c47ec06404caeac8cd4fb07595e&name=default 0.714s
2025-05-19 14:58:29.723 71180 INFO tempest.lib.common.rest_client [req-ce1bb5eb-e6f6-4e66-8051-4ba7dc583aab req-ce1bb5eb-e6f6-4e66-8051-4ba7dc583aab ] Request (ServerAddressesTestJSON:setUpClass): 201 POST http://10.180.1.21/identity/v3/auth/tokens 0.500s
2025-05-19 14:58:29.728 71154 INFO tempest.lib.common.rest_client [req-3f770ebc-9fcb-475f-8c3f-624c1cce6a38 req-3f770ebc-9fcb-475f-8c3f-624c1cce6a38 ] Request (DeleteServersTestJSON:setUpClass): 201 POST http://10.180.1.21/identity/v3/auth/tokens 0.491s
2025-05-19 14:58:29.748 71146 INFO tempest.lib.common.rest_client [req-51892a29-5916-4c61-9b8a-8df6506969fb req-51892a29-5916-4c61-9b8a-8df6506969fb ] Request (ListImagesTestJSON:setUpClass): 201 POST http://10.180.1.21/identity/v3/users 0.499s
2025-05-19 14:58:29.752 71170 INFO tempest.lib.common.rest_client [req-d4b6af44-97d1-461f-b180-37eea670611b req-d4b6af44-97d1-461f-b180-37eea670611b ] Request (ServerAddressesNegativeTestJSON:setUpClass): 201 POST http://10.180.1.21/identity/v3/auth/tokens 0.453s
2025-05-19 14:58:29.776 71164 INFO tempest.lib.common.rest_client [req-938a82cb-a9b8-4c9c-8573-e19673d85d71 req-938a82cb-a9b8-4c9c-8573-e19673d85d71 ] Request (ServersTestMultiNic:setUpClass): 201 POST http://10.180.1.21:9696/networking/v2.0/subnets 0.181s
2025-05-19 14:58:29.788 71192 INFO tempest.lib.common.rest_client [req-d08ede7f-d17a-4d18-954d-5733aaa9ef8b req-d08ede7f-d17a-4d18-954d-5733aaa9ef8b ] Request (ServerDiagnosticsNegativeTest:setUpClass): 204 PUT http://10.180.1.21/identity/v3/projects/5ef430014de24025ba3d9716dd5c4d7b/users/c13cf30d96444044806a9302b99afc2c/roles/fe1ba9b3a9884c8cbe966d6f4bf0d8a0 0.482s
2025-05-19 14:58:29.789 71192 INFO tempest.lib.common.dynamic_creds [-] Dynamic test user c13cf30d96444044806a9302b99afc2c is created with scope project and roles: ['member']
2025-05-19 14:58:29.789 71192 INFO tempest.lib.common.dynamic_creds [-] Acquired dynamic creds: credentials: Credentials: {'domain_id': 'default', 'domain_name': 'Default', 'username': 'tempest-ServerDiagnosticsNegativeTest-283906001-project-member', 'project_domain_id': 'default', 'project_domain_name': 'Default', 'project_id': '5ef430014de24025ba3d9716dd5c4d7b', 'project_name': 'tempest-ServerDiagnosticsNegativeTest-283906001', 'tenant_id': '5ef430014de24025ba3d9716dd5c4d7b', 'tenant_name': 'tempest-ServerDiagnosticsNegativeTest-283906001', 'user_domain_id': 'default', 'user_domain_name': 'Default', 'user_id': 'c13cf30d96444044806a9302b99afc2c', 'system': None}, Network: None, Subnet: None, Router: None
2025-05-19 14:58:29.789 71192 INFO tempest.lib.common.dynamic_creds [-] Created isolated network resources for: credentials: Credentials: {'domain_id': 'default', 'domain_name': 'Default', 'username': 'tempest-ServerDiagnosticsNegativeTest-283906001-project-member', 'project_domain_id': 'default', 'project_domain_name': 'Default', 'project_id': '5ef430014de24025ba3d9716dd5c4d7b', 'project_name': 'tempest-ServerDiagnosticsNegativeTest-283906001', 'tenant_id': '5ef430014de24025ba3d9716dd5c4d7b', 'tenant_name': 'tempest-ServerDiagnosticsNegativeTest-283906001', 'user_domain_id': 'default', 'user_domain_name': 'Default', 'user_id': 'c13cf30d96444044806a9302b99afc2c', 'system': None}, Network: None, Subnet: None, Router: None
2025-05-19 14:58:29.826 71140 INFO tempest.lib.common.rest_client [req-2d0ff9a0-65d4-440c-8a48-27b38b697cd8 req-2d0ff9a0-65d4-440c-8a48-27b38b697cd8 ] Request (DeleteServersAdminTestJSON:tearDownClass): 204 DELETE http://10.180.1.21/identity/v3/projects/4ac692865360466cbd91ef18edfa486e 0.506s
2025-05-19 14:58:29.826 71140 INFO tempest.lib.common.dynamic_creds [-] Deleting project and security group for project: 380e9e67b14540b6aa517e55e21dda3b
2025-05-19 14:58:29.870 71184 INFO tempest.lib.common.rest_client [req-467046ca-f001-41f1-83ee-9eae0f57de79 req-467046ca-f001-41f1-83ee-9eae0f57de79 ] Request (TenantUsagesNegativeTestJSON:tearDownClass): 204 DELETE http://10.180.1.21:9696/networking/v2.0/security-groups/90e4276a-4d84-421c-a938-890c04c6abe0 0.158s
2025-05-19 14:58:29.895 71186 INFO tempest.lib.common.rest_client [req-19f78af2-8fbd-4678-9296-09612183a5da req-19f78af2-8fbd-4678-9296-09612183a5da ] Request (SecurityGroupRulesTestJSON:setUpClass): 201 POST http://10.180.1.21/identity/v3/users 0.553s
2025-05-19 14:58:29.903 71168 INFO tempest.lib.common.rest_client [req-cac97592-2c17-4824-82e4-6ca20c6ecb5f req-cac97592-2c17-4824-82e4-6ca20c6ecb5f ] Request (FloatingIPsNegativeTestJSON:tearDownClass): 204 DELETE http://10.180.1.21:9696/networking/v2.0/networks/d7961aee-a186-4ebc-91c9-9433937cd04c 0.379s
2025-05-19 14:58:29.917 71144 INFO tempest.lib.common.rest_client [req-71345b36-9f1f-4cfd-a2a2-56ac9df75ab1 req-71345b36-9f1f-4cfd-a2a2-56ac9df75ab1 ] Request (HypervisorAdminUnderV252Test:setUpClass): 200 GET http://10.180.1.21/identity/v3/roles 0.484s
2025-05-19 14:58:29.943 71174 INFO tempest.lib.common.rest_client [req-c194dd0c-87bb-4a57-b191-1409cb1cefe8 req-c194dd0c-87bb-4a57-b191-1409cb1cefe8 ] Request (QuotaClassesAdminTestJSON:setUpClass): 201 POST http://10.180.1.21/identity/v3/auth/tokens 0.487s
2025-05-19 14:58:30.011 71156 INFO tempest.lib.common.rest_client [req-dfc759d2-e856-41fa-aaab-fef1d1b59d6c req-dfc759d2-e856-41fa-aaab-fef1d1b59d6c ] Request (FlavorsAccessNegativeTestJSON:test_add_flavor_access_duplicate): 409 POST http://10.180.1.21/compute/v2.1/flavors/100760480/action 1.571s
2025-05-19 14:58:30.017 71140 INFO tempest.lib.common.rest_client [req-047185f9-d284-44eb-92f2-cd52115d9532 req-047185f9-d284-44eb-92f2-cd52115d9532 ] Request (DeleteServersAdminTestJSON:tearDownClass): 200 GET http://10.180.1.21:9696/networking/v2.0/security-groups?tenant_id=380e9e67b14540b6aa517e55e21dda3b&name=default 0.191s
2025-05-19 14:58:30.030 71160 INFO tempest.lib.common.rest_client [req-0d6b2f32-c152-48f8-a692-3670ee6b869f req-0d6b2f32-c152-48f8-a692-3670ee6b869f ] Request (SecurityGroupsTestAdminJSON:setUpClass): 204 PUT http://10.180.1.21/identity/v3/projects/6a90ff818bb44665abf2e6edccd6b237/users/c257b2fc4b164277b971d058c9fdab62/roles/fe1ba9b3a9884c8cbe966d6f4bf0d8a0 0.461s
2025-05-19 14:58:30.031 71160 INFO tempest.lib.common.dynamic_creds [-] Dynamic test user c257b2fc4b164277b971d058c9fdab62 is created with scope project and roles: ['member']
2025-05-19 14:58:30.031 71160 INFO tempest.lib.common.dynamic_creds [-] Acquired dynamic creds: credentials: Credentials: {'domain_id': 'default', 'domain_name': 'Default', 'username': 'tempest-SecurityGroupsTestAdminJSON-741052685-project-member', 'project_domain_id': 'default', 'project_domain_name': 'Default', 'project_id': '6a90ff818bb44665abf2e6edccd6b237', 'project_name': 'tempest-SecurityGroupsTestAdminJSON-741052685', 'tenant_id': '6a90ff818bb44665abf2e6edccd6b237', 'tenant_name': 'tempest-SecurityGroupsTestAdminJSON-741052685', 'user_domain_id': 'default', 'user_domain_name': 'Default', 'user_id': 'c257b2fc4b164277b971d058c9fdab62', 'system': None}, Network: None, Subnet: None, Router: None
2025-05-19 14:58:30.031 71160 INFO tempest.lib.common.dynamic_creds [-] Created isolated network resources for: credentials: Credentials: {'domain_id': 'default', 'domain_name': 'Default', 'username': 'tempest-SecurityGroupsTestAdminJSON-741052685-project-member', 'project_domain_id': 'default', 'project_domain_name': 'Default', 'project_id': '6a90ff818bb44665abf2e6edccd6b237', 'project_name': 'tempest-SecurityGroupsTestAdminJSON-741052685', 'tenant_id': '6a90ff818bb44665abf2e6edccd6b237', 'tenant_name': 'tempest-SecurityGroupsTestAdminJSON-741052685', 'user_domain_id': 'default', 'user_domain_name': 'Default', 'user_id': 'c257b2fc4b164277b971d058c9fdab62', 'system': None}, Network: None, Subnet: None, Router: None
2025-05-19 14:58:30.090 71148 INFO tempest.lib.common.rest_client [req-26f362e4-7702-4539-8841-fe1081396660 req-26f362e4-7702-4539-8841-fe1081396660 ] Request (InstanceActionsTestJSON:setUpClass): 201 POST http://10.180.1.21:9696/networking/v2.0/networks 0.691s
2025-05-19 14:58:30.105 71152 INFO tempest.lib.common.rest_client [req-8ea0566e-08ea-45c7-9223-97521c31660c req-8ea0566e-08ea-45c7-9223-97521c31660c ] Request (NetworksTest:setUpClass): 200 GET http://10.180.1.21/identity/v3/roles 0.421s
2025-05-19 14:58:30.106 71134 INFO tempest.lib.common.rest_client [req-22168580-1552-4f9c-a682-b4a12355b9db req-22168580-1552-4f9c-a682-b4a12355b9db ] Request (FloatingIPsAssociationTestJSON:setUpClass): 201 POST http://10.180.1.21/identity/v3/users 0.480s
2025-05-19 14:58:30.116 71150 INFO tempest.lib.common.rest_client [req-b4b9d70b-5e44-46f8-84c2-f7a303653c7e req-b4b9d70b-5e44-46f8-84c2-f7a303653c7e ] Request (ServersWithSpecificFlavorTestJSON:test_verify_created_server_ephemeral_disk): 200 GET http://10.180.1.21/compute/v2.1/servers/ab319419-7202-4bdb-a2f5-89d726ad1199 1.412s
2025-05-19 14:58:30.134 71136 INFO tempest.lib.common.rest_client [req-38af9ee9-44e2-47cd-ab73-3e0ead8668dd req-38af9ee9-44e2-47cd-ab73-3e0ead8668dd ] Request (FlavorsAccessTestJSON:_run_cleanups): 200 GET http://10.180.1.21/compute/v2.1/flavors/detail 1.412s
2025-05-19 14:58:30.137 71158 INFO tempest.lib.common.rest_client [req-a1b53634-3561-4600-a3da-cf9d5862553c req-a1b53634-3561-4600-a3da-cf9d5862553c ] Request (ServicesAdminNegativeTestJSON:setUpClass): 201 POST http://10.180.1.21/identity/v3/projects 0.444s
2025-05-19 14:58:30.152 71142 INFO tempest.lib.common.rest_client [req-f4e47f1c-8815-4b89-b779-d433536233bf req-f4e47f1c-8815-4b89-b779-d433536233bf ] Request (FlavorsAdminTestJSON:test_create_list_flavor_without_extra_data): 200 POST http://10.180.1.21/compute/v2.1/flavors 1.392s
2025-05-19 14:58:30.157 71182 INFO tempest.lib.common.rest_client [req-d15f3581-eedb-4465-a49c-976a9c8ef616 req-d15f3581-eedb-4465-a49c-976a9c8ef616 ] Request (AggregatesAdminNegativeTestJSON:test_aggregate_delete_as_user): 403 DELETE http://10.180.1.21/compute/v2.1/os-aggregates/5 1.380s
2025-05-19 14:58:30.194 71178 INFO tempest.lib.common.rest_client [req-f7bf77fc-6411-460b-842b-5e641e7183b7 req-f7bf77fc-6411-460b-842b-5e641e7183b7 ] Request (QuotasSecurityGroupAdminNegativeTest:setUpClass): 204 PUT http://10.180.1.21/identity/v3/projects/a67a53d22d904a47b093d5306540e6f6/users/7df98b9db0a14e0f8f36a91d0ef2ab6d/roles/7de3c005fb964684abe0658d2f7b61e1 0.488s
2025-05-19 14:58:30.194 71178 INFO tempest.lib.common.dynamic_creds [-] Dynamic test user 7df98b9db0a14e0f8f36a91d0ef2ab6d is created with scope project and roles: ['admin']
2025-05-19 14:58:30.194 71178 INFO tempest.lib.common.dynamic_creds [-] Acquired dynamic creds: credentials: Credentials: {'domain_id': 'default', 'domain_name': 'Default', 'username': 'tempest-QuotasSecurityGroupAdminNegativeTest-1749035712-project-admin', 'project_domain_id': 'default', 'project_domain_name': 'Default', 'project_id': 'a67a53d22d904a47b093d5306540e6f6', 'project_name': 'tempest-QuotasSecurityGroupAdminNegativeTest-1749035712', 'tenant_id': 'a67a53d22d904a47b093d5306540e6f6', 'tenant_name': 'tempest-QuotasSecurityGroupAdminNegativeTest-1749035712', 'user_domain_id': 'default', 'user_domain_name': 'Default', 'user_id': '7df98b9db0a14e0f8f36a91d0ef2ab6d', 'system': None}, Network: None, Subnet: None, Router: None
2025-05-19 14:58:30.194 71178 INFO tempest.lib.common.dynamic_creds [-] Created isolated network resources for: credentials: Credentials: {'domain_id': 'default', 'domain_name': 'Default', 'username': 'tempest-QuotasSecurityGroupAdminNegativeTest-1749035712-project-admin', 'project_domain_id': 'default', 'project_domain_name': 'Default', 'project_id': 'a67a53d22d904a47b093d5306540e6f6', 'project_name': 'tempest-QuotasSecurityGroupAdminNegativeTest-1749035712', 'tenant_id': 'a67a53d22d904a47b093d5306540e6f6', 'tenant_name': 'tempest-QuotasSecurityGroupAdminNegativeTest-1749035712', 'user_domain_id': 'default', 'user_domain_name': 'Default', 'user_id': '7df98b9db0a14e0f8f36a91d0ef2ab6d', 'system': None}, Network: None, Subnet: None, Router: None
2025-05-19 14:58:30.210 71140 INFO tempest.lib.common.rest_client [req-8e81df0b-f7d4-4404-9a9d-433797e85403 req-8e81df0b-f7d4-4404-9a9d-433797e85403 ] Request (DeleteServersAdminTestJSON:tearDownClass): 204 DELETE http://10.180.1.21:9696/networking/v2.0/security-groups/3437f7d2-3bb9-4555-be7a-1a55f749af56 0.192s
2025-05-19 14:58:30.257 71180 INFO tempest.lib.common.rest_client [req-c95f4de2-862f-419e-a03a-f928d0b3e93e req-c95f4de2-862f-419e-a03a-f928d0b3e93e ] Request (ServerAddressesTestJSON:setUpClass): 200 GET http://10.180.1.21/identity/v3/domains?name=Default 0.533s
2025-05-19 14:58:30.258 71148 INFO tempest.lib.common.rest_client [req-9acb670d-a4d1-43e9-977c-958cdaf1b4a0 req-9acb670d-a4d1-43e9-977c-958cdaf1b4a0 ] Request (InstanceActionsTestJSON:setUpClass): 201 POST http://10.180.1.21:9696/networking/v2.0/subnets 0.168s
2025-05-19 14:58:30.264 71166 INFO tempest.lib.common.rest_client [req-ccfb7cec-3d9e-443e-a06d-68c164f06c2a req-ccfb7cec-3d9e-443e-a06d-68c164f06c2a ] Request (FlavorsV255TestJSON:test_crud_flavor): 200 POST http://10.180.1.21/compute/v2.1/flavors 1.672s
2025-05-19 14:58:30.280 71146 INFO tempest.lib.common.rest_client [req-3b2464d1-600f-48db-a5cc-0d3de944800a req-3b2464d1-600f-48db-a5cc-0d3de944800a ] Request (ListImagesTestJSON:setUpClass): 200 GET http://10.180.1.21/identity/v3/roles 0.531s
2025-05-19 14:58:30.290 71190 INFO tempest.lib.common.rest_client [req-deae24e6-0fb4-4ac3-9b3d-d53eacfbe4ca req-deae24e6-0fb4-4ac3-9b3d-d53eacfbe4ca ] Request (ServersAaction247Test:tearDownClass): 200 GET http://10.180.1.21:9696/networking/v2.0/security-groups?tenant_id=caf19dd67d114611b73cc8bd9e34f38b&name=default 0.696s
2025-05-19 14:58:30.300 71170 INFO tempest.lib.common.rest_client [req-f3566822-78f3-473d-bdca-19308382cb8b req-f3566822-78f3-473d-bdca-19308382cb8b ] Request (ServerAddressesNegativeTestJSON:setUpClass): 200 GET http://10.180.1.21/identity/v3/domains?name=Default 0.548s
2025-05-19 14:58:30.375 71192 INFO tempest.lib.common.rest_client [req-570148d2-ed1a-460c-9feb-6b4761557152 req-570148d2-ed1a-460c-9feb-6b4761557152 ] Request (ServerDiagnosticsNegativeTest:setUpClass): 201 POST http://10.180.1.21/identity/v3/auth/tokens 0.581s
2025-05-19 14:58:30.389 71184 INFO tempest.lib.common.rest_client [req-943ad574-a30f-45b5-b616-ebc4ea5e09a1 req-943ad574-a30f-45b5-b616-ebc4ea5e09a1 ] Request (TenantUsagesNegativeTestJSON:tearDownClass): 204 DELETE http://10.180.1.21/identity/v3/projects/ab579c47ec06404caeac8cd4fb07595e 0.518s
2025-05-19 14:58:30.389 71184 INFO tempest.lib.common.dynamic_creds [-] Deleting project and security group for project: b3e2c1b9b88c407abad02c15656aaaf7
2025-05-19 14:58:30.391 71138 INFO tempest.lib.common.rest_client [req-d42e9557-6257-409e-a033-06a338f520a9 req-d42e9557-6257-409e-a033-06a338f520a9 ] Request (MigrationsAdminTest:test_resize_server_revert_deleted_flavor): 204 DELETE http://10.180.1.21/compute/v2.1/servers/4e19934f-e428-4aae-b8f8-ee1ad6be4341 1.520s
2025-05-19 14:58:30.429 71186 INFO tempest.lib.common.rest_client [req-4ee9c7a4-4f76-46c9-8c3e-4e93eb7d63ff req-4ee9c7a4-4f76-46c9-8c3e-4e93eb7d63ff ] Request (SecurityGroupRulesTestJSON:setUpClass): 200 GET http://10.180.1.21/identity/v3/roles 0.534s
2025-05-19 14:58:30.462 71144 INFO tempest.lib.common.rest_client [req-9917f2e9-7fe9-4002-8df6-38fd951ba9ff req-9917f2e9-7fe9-4002-8df6-38fd951ba9ff ] Request (HypervisorAdminUnderV252Test:setUpClass): 204 PUT http://10.180.1.21/identity/v3/projects/f3d398d22ce848e3b503205eeec39e39/users/c882957be6ec436f85ad6caa3b3c1866/roles/fe1ba9b3a9884c8cbe966d6f4bf0d8a0 0.545s
2025-05-19 14:58:30.463 71144 INFO tempest.lib.common.dynamic_creds [-] Dynamic test user c882957be6ec436f85ad6caa3b3c1866 is created with scope project and roles: ['member']
2025-05-19 14:58:30.463 71144 INFO tempest.lib.common.dynamic_creds [-] Acquired dynamic creds: credentials: Credentials: {'domain_id': 'default', 'domain_name': 'Default', 'username': 'tempest-HypervisorAdminUnderV252Test-1619707165-project-member', 'project_domain_id': 'default', 'project_domain_name': 'Default', 'project_id': 'f3d398d22ce848e3b503205eeec39e39', 'project_name': 'tempest-HypervisorAdminUnderV252Test-1619707165', 'tenant_id': 'f3d398d22ce848e3b503205eeec39e39', 'tenant_name': 'tempest-HypervisorAdminUnderV252Test-1619707165', 'user_domain_id': 'default', 'user_domain_name': 'Default', 'user_id': 'c882957be6ec436f85ad6caa3b3c1866', 'system': None}, Network: None, Subnet: None, Router: None
2025-05-19 14:58:30.463 71144 INFO tempest.lib.common.dynamic_creds [-] Created isolated network resources for: credentials: Credentials: {'domain_id': 'default', 'domain_name': 'Default', 'username': 'tempest-HypervisorAdminUnderV252Test-1619707165-project-member', 'project_domain_id': 'default', 'project_domain_name': 'Default', 'project_id': 'f3d398d22ce848e3b503205eeec39e39', 'project_name': 'tempest-HypervisorAdminUnderV252Test-1619707165', 'tenant_id': 'f3d398d22ce848e3b503205eeec39e39', 'tenant_name': 'tempest-HypervisorAdminUnderV252Test-1619707165', 'user_domain_id': 'default', 'user_domain_name': 'Default', 'user_id': 'c882957be6ec436f85ad6caa3b3c1866', 'system': None}, Network: None, Subnet: None, Router: None
2025-05-19 14:58:30.474 71176 INFO tempest.lib.common.rest_client [req-7e6c5669-a3cf-486a-bc41-fa451d44ab05 req-7e6c5669-a3cf-486a-bc41-fa451d44ab05 ] Request (VolumesAssistedSnapshotsTest:test_volume_assisted_snapshot_create_delete): 200 GET http://10.180.1.21/compute/v2.1/servers/9d219621-7272-431a-96c5-7b6ae6246151 0.533s
2025-05-19 14:58:30.503 71168 INFO tempest.lib.common.rest_client [req-de304bc9-d6c6-4c7c-870d-34070f17c294 req-de304bc9-d6c6-4c7c-870d-34070f17c294 ] Request (FloatingIPsNegativeTestJSON:tearDownClass): 204 DELETE http://10.180.1.21/identity/v3/users/cba19ac22a7149a1b1f1f00b475bde4a 0.600s
2025-05-19 14:58:30.504 71168 INFO tempest.lib.common.dynamic_creds [-] Deleting project and security group for project: 4b0064d5f1724a99a0c3f9f023eb969a
2025-05-19 14:58:30.522 71190 INFO tempest.lib.common.rest_client [req-fc19e2bd-86cb-45d9-b3dd-0bbff4e5127e req-fc19e2bd-86cb-45d9-b3dd-0bbff4e5127e ] Request (ServersAaction247Test:tearDownClass): 204 DELETE http://10.180.1.21:9696/networking/v2.0/security-groups/38ad806c-8a4a-4c05-80a6-c9b6f92d6204 0.232s
2025-05-19 14:58:30.530 71174 INFO tempest.lib.common.rest_client [req-25c5a286-81ac-4a7b-917f-60dbabe464d6 req-25c5a286-81ac-4a7b-917f-60dbabe464d6 ] Request (QuotaClassesAdminTestJSON:setUpClass): 201 POST http://10.180.1.21/identity/v3/auth/tokens 0.583s
2025-05-19 14:58:30.578 71168 INFO tempest.lib.common.rest_client [req-5f70f551-e8ec-47d5-bb27-1ca4e2c5d240 req-5f70f551-e8ec-47d5-bb27-1ca4e2c5d240 ] Request (FloatingIPsNegativeTestJSON:tearDownClass): 200 GET http://10.180.1.21:9696/networking/v2.0/security-groups?tenant_id=4b0064d5f1724a99a0c3f9f023eb969a&name=default 0.075s
2025-05-19 14:58:30.581 71184 INFO tempest.lib.common.rest_client [req-2028a53d-f003-4ad8-a888-94ed869ddd95 req-2028a53d-f003-4ad8-a888-94ed869ddd95 ] Request (TenantUsagesNegativeTestJSON:tearDownClass): 200 GET http://10.180.1.21:9696/networking/v2.0/security-groups?tenant_id=b3e2c1b9b88c407abad02c15656aaaf7&name=default 0.192s
2025-05-19 14:58:30.595 71160 INFO tempest.lib.common.rest_client [req-f8312309-e016-4395-bfef-b027bcb04a6d req-f8312309-e016-4395-bfef-b027bcb04a6d ] Request (SecurityGroupsTestAdminJSON:setUpClass): 201 POST http://10.180.1.21/identity/v3/auth/tokens 0.557s
2025-05-19 14:58:30.647 71134 INFO tempest.lib.common.rest_client [req-2a6b0329-627a-41b9-8de7-145bc2402367 req-2a6b0329-627a-41b9-8de7-145bc2402367 ] Request (FloatingIPsAssociationTestJSON:setUpClass): 200 GET http://10.180.1.21/identity/v3/roles 0.541s
2025-05-19 14:58:30.655 71194 INFO tempest.lib.common.rest_client [req-90e3dda8-9cdd-4a13-a66e-f68153d24e64 req-90e3dda8-9cdd-4a13-a66e-f68153d24e64 ] Request (ListImageFiltersTestJSON:setUpClass): 204 PUT http://10.180.1.21/image/v2/images/37432dfa-8f81-43bd-84aa-1978d96946c3/file 4.977s
2025-05-19 14:58:30.659 71152 INFO tempest.lib.common.rest_client [req-715c7ed6-ce1b-4366-8d9c-7b7c21c0d5bb req-715c7ed6-ce1b-4366-8d9c-7b7c21c0d5bb ] Request (NetworksTest:setUpClass): 204 PUT http://10.180.1.21/identity/v3/projects/d37bcd372b42434d8a2a015888fc60be/users/af1daf1887df4e5799e5270e333a1a35/roles/fe1ba9b3a9884c8cbe966d6f4bf0d8a0 0.554s
2025-05-19 14:58:30.660 71152 INFO tempest.lib.common.dynamic_creds [-] Dynamic test user af1daf1887df4e5799e5270e333a1a35 is created with scope project and roles: ['member']
2025-05-19 14:58:30.660 71152 INFO tempest.lib.common.dynamic_creds [-] Acquired dynamic creds: credentials: Credentials: {'domain_id': 'default', 'domain_name': 'Default', 'username': 'tempest-NetworksTest-360104954-project-member', 'project_domain_id': 'default', 'project_domain_name': 'Default', 'project_id': 'd37bcd372b42434d8a2a015888fc60be', 'project_name': 'tempest-NetworksTest-360104954', 'tenant_id': 'd37bcd372b42434d8a2a015888fc60be', 'tenant_name': 'tempest-NetworksTest-360104954', 'user_domain_id': 'default', 'user_domain_name': 'Default', 'user_id': 'af1daf1887df4e5799e5270e333a1a35', 'system': None}, Network: None, Subnet: None, Router: None
2025-05-19 14:58:30.660 71152 INFO tempest.lib.common.dynamic_creds [-] Created isolated network resources for: credentials: Credentials: {'domain_id': 'default', 'domain_name': 'Default', 'username': 'tempest-NetworksTest-360104954-project-member', 'project_domain_id': 'default', 'project_domain_name': 'Default', 'project_id': 'd37bcd372b42434d8a2a015888fc60be', 'project_name': 'tempest-NetworksTest-360104954', 'tenant_id': 'd37bcd372b42434d8a2a015888fc60be', 'tenant_name': 'tempest-NetworksTest-360104954', 'user_domain_id': 'default', 'user_domain_name': 'Default', 'user_id': 'af1daf1887df4e5799e5270e333a1a35', 'system': None}, Network: None, Subnet: None, Router: None
2025-05-19 14:58:30.707 71158 INFO tempest.lib.common.rest_client [req-71adb326-02f0-498b-8fc4-1786b29bce1f req-71adb326-02f0-498b-8fc4-1786b29bce1f ] Request (ServicesAdminNegativeTestJSON:setUpClass): 201 POST http://10.180.1.21/identity/v3/users 0.570s
2025-05-19 14:58:30.775 71154 INFO tempest.lib.common.rest_client [req-72f7d746-d536-44e3-81e9-8f471b8eb253 req-72f7d746-d536-44e3-81e9-8f471b8eb253 ] Request (DeleteServersTestJSON:setUpClass): 201 POST http://10.180.1.21:9696/networking/v2.0/networks 1.047s
2025-05-19 14:58:30.786 71136 INFO tempest.lib.common.rest_client [req-c5be804f-1822-4c95-afc8-3ce700812448 req-c5be804f-1822-4c95-afc8-3ce700812448 ] Request (FlavorsAccessTestJSON:tearDownClass): 204 DELETE http://10.180.1.21/identity/v3/users/2efb7cfb02704a10a40fd3882509ae4e 0.646s
2025-05-19 14:58:30.800 71178 INFO tempest.lib.common.rest_client [req-53401aa1-62dd-473f-b9a7-be671cc900e4 req-53401aa1-62dd-473f-b9a7-be671cc900e4 ] Request (QuotasSecurityGroupAdminNegativeTest:setUpClass): 201 POST http://10.180.1.21/identity/v3/auth/tokens 0.600s
2025-05-19 14:58:30.801 71178 WARNING tempest.lib.common.rest_client [-] Deprecated: "tenant_id" property is deprecated for removal, use "project_id" instead
2025-05-19 14:58:30.834 71184 INFO tempest.lib.common.rest_client [req-d68d49b8-20d3-4e7b-9c5e-50d1ade252b4 req-d68d49b8-20d3-4e7b-9c5e-50d1ade252b4 ] Request (TenantUsagesNegativeTestJSON:tearDownClass): 204 DELETE http://10.180.1.21:9696/networking/v2.0/security-groups/31435883-a439-44a5-a209-4a6dbfb52231 0.252s
2025-05-19 14:58:30.839 71168 INFO tempest.lib.common.rest_client [req-457b5963-cb16-4e57-90b8-0d0d790a8513 req-457b5963-cb16-4e57-90b8-0d0d790a8513 ] Request (FloatingIPsNegativeTestJSON:tearDownClass): 204 DELETE http://10.180.1.21:9696/networking/v2.0/security-groups/ec5b8501-8600-4cb0-bc6d-2ce8079063b5 0.260s
2025-05-19 14:58:30.867 71180 INFO tempest.lib.common.rest_client [req-172b99a8-c5c8-4b64-befd-a0b54a577d11 req-172b99a8-c5c8-4b64-befd-a0b54a577d11 ] Request (ServerAddressesTestJSON:setUpClass): 201 POST http://10.180.1.21/identity/v3/projects 0.609s
2025-05-19 14:58:30.896 71140 INFO tempest.lib.common.rest_client [req-66da7510-108c-4e40-aaba-62e8292b15a8 req-66da7510-108c-4e40-aaba-62e8292b15a8 ] Request (DeleteServersAdminTestJSON:tearDownClass): 204 DELETE http://10.180.1.21/identity/v3/projects/380e9e67b14540b6aa517e55e21dda3b 0.685s
2025-05-19 14:58:30.943 71146 INFO tempest.lib.common.rest_client [req-d41c1917-8ed8-4c1d-b2a1-82d81b5fdaf2 req-d41c1917-8ed8-4c1d-b2a1-82d81b5fdaf2 ] Request (ListImagesTestJSON:setUpClass): 204 PUT http://10.180.1.21/identity/v3/projects/6e6fe4baf5b04ad595b0b0c563a2e924/users/637e12c05ab4485ba6c24bde4b6c4de8/roles/fe1ba9b3a9884c8cbe966d6f4bf0d8a0 0.663s
2025-05-19 14:58:30.944 71146 INFO tempest.lib.common.dynamic_creds [-] Dynamic test user 637e12c05ab4485ba6c24bde4b6c4de8 is created with scope project and roles: ['member']
2025-05-19 14:58:30.944 71146 INFO tempest.lib.common.dynamic_creds [-] Acquired dynamic creds: credentials: Credentials: {'domain_id': 'default', 'domain_name': 'Default', 'username': 'tempest-ListImagesTestJSON-224035031-project-member', 'project_domain_id': 'default', 'project_domain_name': 'Default', 'project_id': '6e6fe4baf5b04ad595b0b0c563a2e924', 'project_name': 'tempest-ListImagesTestJSON-224035031', 'tenant_id': '6e6fe4baf5b04ad595b0b0c563a2e924', 'tenant_name': 'tempest-ListImagesTestJSON-224035031', 'user_domain_id': 'default', 'user_domain_name': 'Default', 'user_id': '637e12c05ab4485ba6c24bde4b6c4de8', 'system': None}, Network: None, Subnet: None, Router: None
2025-05-19 14:58:30.944 71146 INFO tempest.lib.common.dynamic_creds [-] Created isolated network resources for: credentials: Credentials: {'domain_id': 'default', 'domain_name': 'Default', 'username': 'tempest-ListImagesTestJSON-224035031-project-member', 'project_domain_id': 'default', 'project_domain_name': 'Default', 'project_id': '6e6fe4baf5b04ad595b0b0c563a2e924', 'project_name': 'tempest-ListImagesTestJSON-224035031', 'tenant_id': '6e6fe4baf5b04ad595b0b0c563a2e924', 'tenant_name': 'tempest-ListImagesTestJSON-224035031', 'user_domain_id': 'default', 'user_domain_name': 'Default', 'user_id': '637e12c05ab4485ba6c24bde4b6c4de8', 'system': None}, Network: None, Subnet: None, Router: None
2025-05-19 14:58:30.949 71164 INFO tempest.lib.common.rest_client [req-e7879fec-4bd6-49e3-a61b-96326d6b752a req-e7879fec-4bd6-49e3-a61b-96326d6b752a ] Request (ServersTestMultiNic:setUpClass): 201 POST http://10.180.1.21:9696/networking/v2.0/routers 1.172s
2025-05-19 14:58:30.960 71170 INFO tempest.lib.common.rest_client [req-97c4c98e-bd9b-4748-84a3-ee49d1e5b364 req-97c4c98e-bd9b-4748-84a3-ee49d1e5b364 ] Request (ServerAddressesNegativeTestJSON:setUpClass): 201 POST http://10.180.1.21/identity/v3/projects 0.659s
2025-05-19 14:58:31.027 71186 INFO tempest.lib.common.rest_client [req-487dbe1d-8e23-4873-b485-074f8cc2d333 req-487dbe1d-8e23-4873-b485-074f8cc2d333 ] Request (SecurityGroupRulesTestJSON:setUpClass): 204 PUT http://10.180.1.21/identity/v3/projects/d8532c13035743f1b33460f0c035b8c9/users/8f1e2b8d2d964b8891051548cff73f47/roles/fe1ba9b3a9884c8cbe966d6f4bf0d8a0 0.597s
2025-05-19 14:58:31.027 71186 INFO tempest.lib.common.dynamic_creds [-] Dynamic test user 8f1e2b8d2d964b8891051548cff73f47 is created with scope project and roles: ['member']
2025-05-19 14:58:31.027 71186 INFO tempest.lib.common.dynamic_creds [-] Acquired dynamic creds: credentials: Credentials: {'domain_id': 'default', 'domain_name': 'Default', 'username': 'tempest-SecurityGroupRulesTestJSON-687639067-project-member', 'project_domain_id': 'default', 'project_domain_name': 'Default', 'project_id': 'd8532c13035743f1b33460f0c035b8c9', 'project_name': 'tempest-SecurityGroupRulesTestJSON-687639067', 'tenant_id': 'd8532c13035743f1b33460f0c035b8c9', 'tenant_name': 'tempest-SecurityGroupRulesTestJSON-687639067', 'user_domain_id': 'default', 'user_domain_name': 'Default', 'user_id': '8f1e2b8d2d964b8891051548cff73f47', 'system': None}, Network: None, Subnet: None, Router: None
2025-05-19 14:58:31.033 71192 INFO tempest.lib.common.rest_client [req-6ec200f3-0b39-44eb-a1c6-3d37b9d41c62 req-6ec200f3-0b39-44eb-a1c6-3d37b9d41c62 ] Request (ServerDiagnosticsNegativeTest:setUpClass): 201 POST http://10.180.1.21/identity/v3/projects 0.658s
2025-05-19 14:58:31.091 71154 INFO tempest.lib.common.rest_client [req-857c5ae3-0402-4619-97c6-a5e998ba7586 req-857c5ae3-0402-4619-97c6-a5e998ba7586 ] Request (DeleteServersTestJSON:setUpClass): 201 POST http://10.180.1.21:9696/networking/v2.0/subnets 0.315s
2025-05-19 14:58:31.098 71144 INFO tempest.lib.common.rest_client [req-d2b202e6-c4b9-48ad-989e-bafbb0d27674 req-d2b202e6-c4b9-48ad-989e-bafbb0d27674 ] Request (HypervisorAdminUnderV252Test:setUpClass): 201 POST http://10.180.1.21/identity/v3/auth/tokens 0.631s
2025-05-19 14:58:31.124 71190 INFO tempest.lib.common.rest_client [req-8c8b02c9-e9c1-4445-96f8-e22c94d531c9 req-8c8b02c9-e9c1-4445-96f8-e22c94d531c9 ] Request (ServersAaction247Test:tearDownClass): 204 DELETE http://10.180.1.21/identity/v3/projects/caf19dd67d114611b73cc8bd9e34f38b 0.601s
2025-05-19 14:58:31.161 71174 INFO tempest.lib.common.rest_client [req-d77af603-3bb3-4977-aefa-573e94a9c862 req-d77af603-3bb3-4977-aefa-573e94a9c862 ] Request (QuotaClassesAdminTestJSON:setUpClass): 200 GET http://10.180.1.21/identity/v3/domains?name=Default 0.630s
2025-05-19 14:58:31.186 71160 INFO tempest.lib.common.rest_client [req-baea3454-a2a9-4e86-b011-2943261b7ea7 req-baea3454-a2a9-4e86-b011-2943261b7ea7 ] Request (SecurityGroupsTestAdminJSON:setUpClass): 201 POST http://10.180.1.21/identity/v3/projects 0.591s
2025-05-19 14:58:31.191 71134 INFO tempest.lib.common.rest_client [req-969b582f-3324-4c6b-834f-114170e04f6f req-969b582f-3324-4c6b-834f-114170e04f6f ] Request (FloatingIPsAssociationTestJSON:setUpClass): 204 PUT http://10.180.1.21/identity/v3/projects/14edefee98be48bf859dae14ccc8ad25/users/7e90885724534466abd8087a64d1a766/roles/fe1ba9b3a9884c8cbe966d6f4bf0d8a0 0.543s
2025-05-19 14:58:31.191 71134 INFO tempest.lib.common.dynamic_creds [-] Dynamic test user 7e90885724534466abd8087a64d1a766 is created with scope project and roles: ['member']
2025-05-19 14:58:31.191 71134 INFO tempest.lib.common.dynamic_creds [-] Acquired dynamic creds: credentials: Credentials: {'domain_id': 'default', 'domain_name': 'Default', 'username': 'tempest-FloatingIPsAssociationTestJSON-1773548037-project-member', 'project_domain_id': 'default', 'project_domain_name': 'Default', 'project_id': '14edefee98be48bf859dae14ccc8ad25', 'project_name': 'tempest-FloatingIPsAssociationTestJSON-1773548037', 'tenant_id': '14edefee98be48bf859dae14ccc8ad25', 'tenant_name': 'tempest-FloatingIPsAssociationTestJSON-1773548037', 'user_domain_id': 'default', 'user_domain_name': 'Default', 'user_id': '7e90885724534466abd8087a64d1a766', 'system': None}, Network: None, Subnet: None, Router: None
2025-05-19 14:58:31.241 71158 INFO tempest.lib.common.rest_client [req-22311771-7e2f-49bc-b704-7e122ea5d85d req-22311771-7e2f-49bc-b704-7e122ea5d85d ] Request (ServicesAdminNegativeTestJSON:setUpClass): 200 GET http://10.180.1.21/identity/v3/roles 0.533s
2025-05-19 14:58:31.253 71152 INFO tempest.lib.common.rest_client [req-80139066-a5e7-4cfe-b480-ed6b67b2b2df req-80139066-a5e7-4cfe-b480-ed6b67b2b2df ] Request (NetworksTest:setUpClass): 201 POST http://10.180.1.21/identity/v3/auth/tokens 0.588s
2025-05-19 14:58:31.318 71178 INFO tempest.lib.common.rest_client [req-935b1eb7-fcee-4f8e-a717-a7b7a85240f7 req-935b1eb7-fcee-4f8e-a717-a7b7a85240f7 ] Request (QuotasSecurityGroupAdminNegativeTest:tearDownClass): 204 DELETE http://10.180.1.21/identity/v3/users/c4c8ce6d2bc14fa5b5fe4506c07a2453 0.515s
2025-05-19 14:58:31.318 71148 INFO tempest.lib.common.rest_client [req-1d56604d-d23a-43f5-a5ee-c85689933b70 req-1d56604d-d23a-43f5-a5ee-c85689933b70 ] Request (InstanceActionsTestJSON:setUpClass): 201 POST http://10.180.1.21:9696/networking/v2.0/routers 1.059s
2025-05-19 14:58:31.321 71136 INFO tempest.lib.common.rest_client [req-73b410cd-ec7f-4922-ba13-ea7ea50861fd req-73b410cd-ec7f-4922-ba13-ea7ea50861fd ] Request (FlavorsAccessTestJSON:tearDownClass): 204 DELETE http://10.180.1.21/identity/v3/users/b9811f71c6a1492b8c559befc1f87a10 0.534s
2025-05-19 14:58:31.321 71136 INFO tempest.lib.common.dynamic_creds [-] Deleting project and security group for project: 2c8def5485814530b4bf0ae8d2b0dbcf
2025-05-19 14:58:31.401 71184 INFO tempest.lib.common.rest_client [req-91972e58-b78b-4515-8e14-e0e61f625de8 req-91972e58-b78b-4515-8e14-e0e61f625de8 ] Request (TenantUsagesNegativeTestJSON:tearDownClass): 204 DELETE http://10.180.1.21/identity/v3/projects/b3e2c1b9b88c407abad02c15656aaaf7 0.567s
2025-05-19 14:58:31.421 71168 INFO tempest.lib.common.rest_client [req-9eae4ec6-9b0f-442e-b28b-6046d50286fa req-9eae4ec6-9b0f-442e-b28b-6046d50286fa ] Request (FloatingIPsNegativeTestJSON:tearDownClass): 204 DELETE http://10.180.1.21/identity/v3/projects/4b0064d5f1724a99a0c3f9f023eb969a 0.581s
2025-05-19 14:58:31.494 71180 INFO tempest.lib.common.rest_client [req-d5f9a991-e47c-4786-984c-30e7657dd039 req-d5f9a991-e47c-4786-984c-30e7657dd039 ] Request (ServerAddressesTestJSON:setUpClass): 201 POST http://10.180.1.21/identity/v3/users 0.626s
2025-05-19 14:58:31.518 71140 INFO tempest.lib.common.rest_client [req-706d9e4a-0a56-4c68-babe-1cbefbe9956b req-706d9e4a-0a56-4c68-babe-1cbefbe9956b ] Request (HypervisorAdminV228Test:setUpClass): 201 POST http://10.180.1.21/identity/v3/auth/tokens 0.620s
2025-05-19 14:58:31.554 71162 INFO tempest.lib.common.rest_client [req-e6c0dfd1-edf9-4531-a7b7-9e061f5bb0a3 req-e6c0dfd1-edf9-4531-a7b7-9e061f5bb0a3 ] Request (QuotasAdminTestV257:test_get_updated_quotas): 200 GET http://10.180.1.21/compute/v2.1/os-quota-sets/29318281084142c5a9870dbce0dc455b?user_id=a90db62914b44885a804901e53361e47 1.848s
2025-05-19 14:58:31.561 71170 INFO tempest.lib.common.rest_client [req-13993428-f250-4094-a1c8-5d449606d72d req-13993428-f250-4094-a1c8-5d449606d72d ] Request (ServerAddressesNegativeTestJSON:setUpClass): 201 POST http://10.180.1.21/identity/v3/users 0.600s
2025-05-19 14:58:31.563 71142 INFO tempest.lib.common.rest_client [req-39a16857-765b-49f5-ac5c-48ea22d7fa05 req-39a16857-765b-49f5-ac5c-48ea22d7fa05 ] Request (FlavorsAdminTestJSON:test_create_list_flavor_without_extra_data): 200 GET http://10.180.1.21/compute/v2.1/flavors/631828509 1.407s
2025-05-19 14:58:31.595 71182 INFO tempest.lib.common.rest_client [req-c38e2c7c-5ab3-4792-bfef-6a0db5810c4f req-c38e2c7c-5ab3-4792-bfef-6a0db5810c4f ] Request (AggregatesAdminNegativeTestJSON:_run_cleanups): 200 DELETE http://10.180.1.21/compute/v2.1/os-aggregates/5 1.436s
2025-05-19 14:58:31.604 71186 INFO tempest.lib.common.rest_client [req-64fb1134-6aba-4c12-a2dd-ddcb359a0252 req-64fb1134-6aba-4c12-a2dd-ddcb359a0252 ] Request (SecurityGroupRulesTestJSON:setUpClass): 201 POST http://10.180.1.21/identity/v3/auth/tokens 0.576s
2025-05-19 14:58:31.619 71146 INFO tempest.lib.common.rest_client [req-38c433bc-df73-4e51-8107-89887a78adf8 req-38c433bc-df73-4e51-8107-89887a78adf8 ] Request (ListImagesTestJSON:setUpClass): 201 POST http://10.180.1.21/identity/v3/auth/tokens 0.669s
2025-05-19 14:58:31.631 71192 INFO tempest.lib.common.rest_client [req-8946383c-2c21-4677-8bcc-7b9c5d00a2f4 req-8946383c-2c21-4677-8bcc-7b9c5d00a2f4 ] Request (ServerDiagnosticsNegativeTest:setUpClass): 201 POST http://10.180.1.21/identity/v3/users 0.597s
2025-05-19 14:58:31.675 71144 INFO tempest.lib.common.rest_client [req-e6f41fb0-f8ae-4deb-88ae-49c01221b13f req-e6f41fb0-f8ae-4deb-88ae-49c01221b13f ] Request (HypervisorAdminUnderV252Test:setUpClass): 201 POST http://10.180.1.21/identity/v3/projects 0.577s
2025-05-19 14:58:31.749 71190 INFO tempest.lib.common.rest_client [req-ec4fb1da-e190-4de7-bd64-60fc73ab72f6 req-ec4fb1da-e190-4de7-bd64-60fc73ab72f6 ] Request (ServerMetadataNegativeTestJSON:setUpClass): 201 POST http://10.180.1.21/identity/v3/auth/tokens 0.623s
2025-05-19 14:58:31.751 71156 INFO tempest.lib.common.rest_client [req-f78274d6-e9b8-4111-a1c0-18edb793749e req-f78274d6-e9b8-4111-a1c0-18edb793749e ] Request (FlavorsAccessNegativeTestJSON:_run_cleanups): 200 POST http://10.180.1.21/compute/v2.1/flavors/100760480/action 1.740s
2025-05-19 14:58:31.770 71164 INFO tempest.lib.common.rest_client [req-6a96bb15-387e-4cde-abf4-61181387a393 req-6a96bb15-387e-4cde-abf4-61181387a393 ] Request (ServersTestMultiNic:setUpClass): 200 PUT http://10.180.1.21:9696/networking/v2.0/routers/caced99b-c29d-43a1-b54d-badc5a3705eb/add_router_interface 0.820s
2025-05-19 14:58:31.770 71164 INFO tempest.lib.common.dynamic_creds [-] Created isolated network resources for: credentials: Credentials: {'domain_id': 'default', 'domain_name': 'Default', 'username': 'tempest-ServersTestMultiNic-1796165270-project-member', 'project_domain_id': 'default', 'project_domain_name': 'Default', 'project_id': 'eb36591f9c914d3b8c358771831f8d40', 'project_name': 'tempest-ServersTestMultiNic-1796165270', 'tenant_id': 'eb36591f9c914d3b8c358771831f8d40', 'tenant_name': 'tempest-ServersTestMultiNic-1796165270', 'user_domain_id': 'default', 'user_domain_name': 'Default', 'user_id': 'be828b9deb2846159f18484abd2fa965', 'system': None}, Network: {'id': 'fc5b3346-bdd2-44c4-9e24-ec923be0e60a', 'name': 'tempest-ServersTestMultiNic-2093128817-network', 'tenant_id': 'eb36591f9c914d3b8c358771831f8d40', 'admin_state_up': True, 'mtu': 8950, 'status': 'ACTIVE', 'subnets': [], 'shared': False, 'project_id': 'eb36591f9c914d3b8c358771831f8d40', 'port_security_enabled': True, 'router:external': False, 'provider:network_type': 'vlan', 'provider:physical_network': 'default', 'provider:segmentation_id': 439, 'is_default': False, 'availability_zone_hints': [], 'availability_zones': [], 'ipv4_address_scope': None, 'ipv6_address_scope': None, 'description': '', 'tags': [], 'created_at': '2025-05-19T14:58:29Z', 'updated_at': '2025-05-19T14:58:29Z', 'revision_number': 1}, Subnet: {'id': '13e21cec-7267-488c-ab99-08495d176d74', 'name': 'tempest-ServersTestMultiNic-2093128817-subnet', 'tenant_id': 'eb36591f9c914d3b8c358771831f8d40', 'network_id': 'fc5b3346-bdd2-44c4-9e24-ec923be0e60a', 'ip_version': 4, 'subnetpool_id': None, 'enable_dhcp': True, 'ipv6_ra_mode': None, 'ipv6_address_mode': None, 'gateway_ip': '192.168.128.1', 'cidr': '192.168.128.0/28', 'allocation_pools': [{'start': '192.168.128.2', 'end': '192.168.128.14'}], 'host_routes': [], 'dns_nameservers': [], 'description': '', 'router:external': False, 'service_types': [], 'tags': [], 'created_at': '2025-05-19T14:58:29Z', 'updated_at': '2025-05-19T14:58:29Z', 'revision_number': 0, 'project_id': 'eb36591f9c914d3b8c358771831f8d40'}, Router: {'id': 'caced99b-c29d-43a1-b54d-badc5a3705eb', 'name': 'tempest-ServersTestMultiNic-2093128817-router', 'tenant_id': 'eb36591f9c914d3b8c358771831f8d40', 'admin_state_up': True, 'status': 'ACTIVE', 'external_gateway_info': {'network_id': '0db0a466-5976-4801-baab-fa6b9f2dfb95', 'external_fixed_ips': [{'subnet_id': 'c3402f22-883b-4432-8eac-48c9fbb66784', 'ip_address': '10.180.180.185'}], 'enable_snat': True}, 'description': '', 'availability_zones': [], 'distributed': False, 'ha': False, 'availability_zone_hints': [], 'routes': [], 'flavor_id': None, 'tags': [], 'created_at': '2025-05-19T14:58:29Z', 'updated_at': '2025-05-19T14:58:30Z', 'revision_number': 2, 'project_id': 'eb36591f9c914d3b8c358771831f8d40'}
2025-05-19 14:58:31.784 71160 INFO tempest.lib.common.rest_client [req-dd26fd14-8ef7-45d9-a8d0-bda148cfa5e2 req-dd26fd14-8ef7-45d9-a8d0-bda148cfa5e2 ] Request (SecurityGroupsTestAdminJSON:setUpClass): 201 POST http://10.180.1.21/identity/v3/users 0.598s
2025-05-19 14:58:31.793 71138 INFO tempest.lib.common.rest_client [req-ea541648-891a-41b7-a3c6-43908f751c1f req-ea541648-891a-41b7-a3c6-43908f751c1f ] Request (MigrationsAdminTest:test_resize_server_revert_deleted_flavor): 404 GET http://10.180.1.21/compute/v2.1/servers/4e19934f-e428-4aae-b8f8-ee1ad6be4341 1.402s
2025-05-19 14:58:31.818 71134 INFO tempest.lib.common.rest_client [req-ea7bc12c-f578-4f52-b41d-c4871b06a4a4 req-ea7bc12c-f578-4f52-b41d-c4871b06a4a4 ] Request (FloatingIPsAssociationTestJSON:setUpClass): 201 POST http://10.180.1.21/identity/v3/auth/tokens 0.627s
2025-05-19 14:58:31.836 71174 INFO tempest.lib.common.rest_client [req-9e36f5d3-ad38-4389-8818-86c0fcabd128 req-9e36f5d3-ad38-4389-8818-86c0fcabd128 ] Request (QuotaClassesAdminTestJSON:setUpClass): 201 POST http://10.180.1.21/identity/v3/projects 0.675s
2025-05-19 14:58:31.848 71158 INFO tempest.lib.common.rest_client [req-b532c558-7382-44ba-b123-771a9b95f11f req-b532c558-7382-44ba-b123-771a9b95f11f ] Request (ServicesAdminNegativeTestJSON:setUpClass): 204 PUT http://10.180.1.21/identity/v3/projects/c9fbe1c1c8ce4992b16754f16e155ae4/users/a7f3227cc1464043ac083bffa2f7171b/roles/7de3c005fb964684abe0658d2f7b61e1 0.607s
2025-05-19 14:58:31.942 71152 INFO tempest.lib.common.rest_client [req-79c9553e-1564-485a-8d2d-b7f0701b95bc req-79c9553e-1564-485a-8d2d-b7f0701b95bc ] Request (NetworksTest:setUpClass): 201 POST http://10.180.1.21/identity/v3/projects 0.688s
2025-05-19 14:58:31.953 71178 INFO tempest.lib.common.rest_client [req-aa94baef-2d86-47d1-85f3-051415070dae req-aa94baef-2d86-47d1-85f3-051415070dae ] Request (QuotasSecurityGroupAdminNegativeTest:tearDownClass): 204 DELETE http://10.180.1.21/identity/v3/users/7df98b9db0a14e0f8f36a91d0ef2ab6d 0.634s
2025-05-19 14:58:31.953 71178 INFO tempest.lib.common.dynamic_creds [-] Deleting project and security group for project: a67a53d22d904a47b093d5306540e6f6
2025-05-19 14:58:32.012 71184 INFO tempest.lib.common.rest_client [req-72c55797-f8ff-4fd0-8db9-cc6d758e374a req-72c55797-f8ff-4fd0-8db9-cc6d758e374a ] Request (KeyPairsV22TestJSON:setUpClass): 201 POST http://10.180.1.21/identity/v3/auth/tokens 0.609s
2025-05-19 14:58:32.011 71136 INFO tempest.lib.common.rest_client [req-9aa5769e-0880-45b9-8d6b-ddab77f39f5a req-9aa5769e-0880-45b9-8d6b-ddab77f39f5a ] Request (FlavorsAccessTestJSON:tearDownClass): 201 POST http://10.180.1.21/identity/v3/auth/tokens 0.689s
2025-05-19 14:58:32.028 71176 INFO tempest.lib.common.rest_client [req-8b7af445-ad90-4c70-bfca-b91bb25bc53a req-8b7af445-ad90-4c70-bfca-b91bb25bc53a ] Request (VolumesAssistedSnapshotsTest:test_volume_assisted_snapshot_create_delete): 204 DELETE http://10.180.1.21/compute/v2.1/servers/9d219621-7272-431a-96c5-7b6ae6246151 1.543s
2025-05-19 14:58:32.029 71180 INFO tempest.lib.common.rest_client [req-e314629c-46d4-4fd9-846c-0034a175c5c1 req-e314629c-46d4-4fd9-846c-0034a175c5c1 ] Request (ServerAddressesTestJSON:setUpClass): 200 GET http://10.180.1.21/identity/v3/roles 0.535s
2025-05-19 14:58:32.043 71168 INFO tempest.lib.common.rest_client [req-6697a167-3a74-4014-881e-f4b45b1155fc req-6697a167-3a74-4014-881e-f4b45b1155fc ] Request (InstanceActionsNegativeTestJSON:setUpClass): 201 POST http://10.180.1.21/identity/v3/auth/tokens 0.620s
2025-05-19 14:58:32.056 71140 INFO tempest.lib.common.rest_client [req-c8649071-b181-4ccd-b189-c0f00fb36afd req-c8649071-b181-4ccd-b189-c0f00fb36afd ] Request (HypervisorAdminV228Test:setUpClass): 201 POST http://10.180.1.21/identity/v3/auth/tokens 0.534s
2025-05-19 14:58:32.078 71170 INFO tempest.lib.common.rest_client [req-9f1c02ab-cff6-48ef-ad12-d68b3f59cb58 req-9f1c02ab-cff6-48ef-ad12-d68b3f59cb58 ] Request (ServerAddressesNegativeTestJSON:setUpClass): 200 GET http://10.180.1.21/identity/v3/roles 0.517s
2025-05-19 14:58:32.082 71194 INFO tempest.lib.common.rest_client [req-11e2088a-165f-4c11-8290-94f9f7d146df req-11e2088a-165f-4c11-8290-94f9f7d146df ] Request (ListImageFiltersTestJSON:setUpClass): 200 GET http://10.180.1.21/compute/v2.1/images/37432dfa-8f81-43bd-84aa-1978d96946c3 1.426s
2025-05-19 14:58:32.136 71162 INFO tempest.lib.common.rest_client [req-b2f8f6ce-7f4c-425c-a331-5c3f68d54d1a req-b2f8f6ce-7f4c-425c-a331-5c3f68d54d1a ] Request (QuotasAdminTestV257:_run_cleanups): 204 DELETE http://10.180.1.21/identity/v3/users/a90db62914b44885a804901e53361e47 0.580s
