2025-05-19 14:59:46.144 71156 INFO tempest.lib.common.rest_client [req-1a7c3366-a7a9-4b5b-beb0-da0d6cc6465d req-1a7c3366-a7a9-4b5b-beb0-da0d6cc6465d ] Request (SecurityGroupsNegativeTestJSON:setUpClass): 201 POST http://10.180.1.21/identity/v3/users 0.079s
2025-05-19 14:59:46.150 71168 INFO tempest.lib.common.rest_client [req-8a413dbe-62e4-4564-af9a-cd0b2287e860 req-8a413dbe-62e4-4564-af9a-cd0b2287e860 ] Request (ServerActionsTestJSON:tearDownClass): 204 DELETE http://10.180.1.21:9696/networking/v2.0/networks/b1df38ea-5824-4db7-84a3-5ed66cebbd1a 1.054s
2025-05-19 14:59:46.173 71158 INFO tempest.lib.common.rest_client [req-21d81464-db7b-42a4-b2d6-853f1b366d3c req-21d81464-db7b-42a4-b2d6-853f1b366d3c ] Request (VolumesAdminNegativeTest:tearDownClass): 204 DELETE http://10.180.1.21:9696/networking/v2.0/networks/e982c11b-80a4-4e01-9081-195f7a46ad4b 1.018s
2025-05-19 14:59:46.175 71156 INFO tempest.lib.common.rest_client [req-31605ec8-ba0d-469e-91a6-8ffb9e30b55e req-31605ec8-ba0d-469e-91a6-8ffb9e30b55e ] Request (SecurityGroupsNegativeTestJSON:setUpClass): 200 GET http://10.180.1.21/identity/v3/roles 0.030s
2025-05-19 14:59:46.207 71156 INFO tempest.lib.common.rest_client [req-cf18e18c-fe5a-4116-8543-d5eb487c547a req-cf18e18c-fe5a-4116-8543-d5eb487c547a ] Request (SecurityGroupsNegativeTestJSON:setUpClass): 204 PUT http://10.180.1.21/identity/v3/projects/902904bbf1b2474aa90664c948968796/users/19c1add39a8c4b4ab9956ff9f53b2f80/roles/fe1ba9b3a9884c8cbe966d6f4bf0d8a0 0.031s
2025-05-19 14:59:46.207 71156 INFO tempest.lib.common.dynamic_creds [-] Dynamic test user 19c1add39a8c4b4ab9956ff9f53b2f80 is created with scope project and roles: ['member']
2025-05-19 14:59:46.207 71156 INFO tempest.lib.common.dynamic_creds [-] Acquired dynamic creds: credentials: Credentials: {'domain_id': 'default', 'domain_name': 'Default', 'username': 'tempest-SecurityGroupsNegativeTestJSON-1080738405-project-member', 'project_domain_id': 'default', 'project_domain_name': 'Default', 'project_id': '902904bbf1b2474aa90664c948968796', 'project_name': 'tempest-SecurityGroupsNegativeTestJSON-1080738405', 'tenant_id': '902904bbf1b2474aa90664c948968796', 'tenant_name': 'tempest-SecurityGroupsNegativeTestJSON-1080738405', 'user_domain_id': 'default', 'user_domain_name': 'Default', 'user_id': '19c1add39a8c4b4ab9956ff9f53b2f80', 'system': None}, Network: None, Subnet: None, Router: None
2025-05-19 14:59:46.224 71168 INFO tempest.lib.common.rest_client [req-68b9b662-af06-475e-8a66-54b6787bb54b req-68b9b662-af06-475e-8a66-54b6787bb54b ] Request (ServerActionsTestJSON:tearDownClass): 204 DELETE http://10.180.1.21/identity/v3/users/04f3af4ec84b4b35a5dc4fe63d73a7f2 0.073s
2025-05-19 14:59:46.225 71168 INFO tempest.lib.common.dynamic_creds [-] Deleting project and security group for project: 593a82fee70b4a68808facb004c53584
2025-05-19 14:59:46.261 71164 INFO tempest.lib.common.rest_client [req-17be7427-0f67-4f22-a8a8-42ed2ff2e34d req-17be7427-0f67-4f22-a8a8-42ed2ff2e34d ] Request (ServerActionsTestOtherA:setUpClass): 200 GET http://10.180.1.21/compute/v2.1/servers/9da9a221-b425-49ac-a32e-b0a0cf11ffb0 1.267s
2025-05-19 14:59:46.278 71156 INFO tempest.lib.common.rest_client [req-74eceb10-361d-4da5-aafc-296bb1918045 req-74eceb10-361d-4da5-aafc-296bb1918045 ] Request (SecurityGroupsNegativeTestJSON:setUpClass): 201 POST http://10.180.1.21/identity/v3/auth/tokens 0.071s
2025-05-19 14:59:46.309 71180 INFO tempest.lib.common.rest_client [req-23fea0b8-6dab-467b-a122-041f1f93027b req-23fea0b8-6dab-467b-a122-041f1f93027b ] Request (ServersTestJSON:test_create_specify_keypair): 200 POST http://10.180.1.21/compute/v2.1/os-keypairs 1.270s
2025-05-19 14:59:46.337 71192 INFO tempest.lib.common.rest_client [req-dd36dc37-f80a-4773-a41e-5a9631126187 req-dd36dc37-f80a-4773-a41e-5a9631126187 ] Request (VolumesTestJSON:setUpClass): 200 GET http://10.180.1.21/volume/v3/5685a26b2aeb40b6a2de17cc0f574c14/volumes/57e681b2-5b75-4af6-a9cf-2a584214d3c0 0.041s
2025-05-19 14:59:46.344 71192 INFO tempest.common.waiters [-] volume 57e681b2-5b75-4af6-a9cf-2a584214d3c0 reached available after waiting for 1.344709 seconds
2025-05-19 14:59:46.357 71136 INFO tempest.lib.common.rest_client [req-0608efc4-1d94-4fc3-8370-1adb5f100e98 req-0608efc4-1d94-4fc3-8370-1adb5f100e98 ] Request (AttachVolumeTestJSON:setUpClass): 201 POST http://10.180.1.21:9696/networking/v2.0/subnets 1.254s
2025-05-19 14:59:46.375 71168 INFO tempest.lib.common.rest_client [req-7ab281a8-eff2-46f4-95ad-dce1af4e065d req-7ab281a8-eff2-46f4-95ad-dce1af4e065d ] Request (ServerActionsTestJSON:tearDownClass): 200 GET http://10.180.1.21:9696/networking/v2.0/security-groups?tenant_id=593a82fee70b4a68808facb004c53584&name=default 0.150s
2025-05-19 14:59:46.442 71172 INFO tempest.lib.common.rest_client [req-ecda9bbe-bba7-4d1e-a8f9-060c6fb5b471 req-ecda9bbe-bba7-4d1e-a8f9-060c6fb5b471 ] Request (ImagesTestJSON:test_create_image_from_stopped_server): 200 GET http://10.180.1.21/compute/v2.1/servers/7aaba708-2260-4ae0-9c18-58da17f316eb 1.261s
2025-05-19 14:59:46.559 71138 INFO tempest.lib.common.rest_client [req-e899a9d6-e0f9-4bd5-bea7-6f66c17a0e6f req-e899a9d6-e0f9-4bd5-bea7-6f66c17a0e6f ] Request (AttachInterfacesTestJSON:_run_cleanups): 204 DELETE http://10.180.1.21:9696/networking/v2.0/floatingips/9740a1db-c3b8-417f-a5b7-7c20f35b0756 1.111s
2025-05-19 14:59:46.753 71184 INFO tempest.lib.common.rest_client [req-cf5ed07c-8fda-4aed-b1d0-ecd94cc39dae req-cf5ed07c-8fda-4aed-b1d0-ecd94cc39dae ] Request (AttachInterfacesV270Test:setUpClass): 201 POST http://10.180.1.21:9696/networking/v2.0/routers 3.220s
2025-05-19 14:59:46.941 71188 INFO tempest.lib.common.rest_client [req-592bf52b-4f11-4726-933c-71891dad4271 req-592bf52b-4f11-4726-933c-71891dad4271 ] Request (ListServersNegativeTestJSON:setUpClass): 204 DELETE http://10.180.1.21/compute/v2.1/servers/0f6ff4ef-c0dc-4c20-94c7-138fd9843df5 1.635s
2025-05-19 14:59:47.092 71168 INFO tempest.lib.common.rest_client [req-f66b575f-5b82-43fa-bc16-df97dad118b9 req-f66b575f-5b82-43fa-bc16-df97dad118b9 ] Request (ServerActionsTestJSON:tearDownClass): 204 DELETE http://10.180.1.21:9696/networking/v2.0/security-groups/c167d59d-f4bd-4da7-947d-733bf7d2b7db 0.717s
2025-05-19 14:59:47.171 71142 INFO tempest.lib.common.rest_client [req-77f89618-18c4-4cf3-bafa-123c0ccca0b8 req-77f89618-18c4-4cf3-bafa-123c0ccca0b8 ] Request (ImagesMetadataTestJSON:setUp): 200 PUT http://10.180.1.21/compute/v2.1/images/59f90c70-d2bc-4458-bf27-ff7c2a1ab90b/metadata 1.823s
2025-05-19 14:59:47.217 71182 INFO tempest.lib.common.rest_client [req-f675905c-0883-4ad8-8c3e-505b9be6fe33 req-f675905c-0883-4ad8-8c3e-505b9be6fe33 ] Request (AttachVolumeNegativeTest:test_attach_attached_volume_to_different_server): 404 GET http://10.180.1.21/compute/v2.1/servers/b9ffcb22-1101-4cb1-a573-2fe6f01234b0 1.789s
2025-05-19 14:59:47.233 71168 INFO tempest.lib.common.rest_client [req-b964f446-2034-46ac-87d8-d0b623333aa7 req-b964f446-2034-46ac-87d8-d0b623333aa7 ] Request (ServerActionsTestJSON:tearDownClass): 204 DELETE http://10.180.1.21/identity/v3/projects/593a82fee70b4a68808facb004c53584 0.140s
2025-05-19 14:59:47.276 71140 INFO tempest.lib.common.rest_client [req-35235984-ee45-41fa-bf5b-b50b5a8cef68 req-35235984-ee45-41fa-bf5b-b50b5a8cef68 ] Request (AttachVolumeShelveTestJSON:setUpClass): 201 POST http://10.180.1.21:9696/networking/v2.0/subnets 1.195s
2025-05-19 14:59:47.326 71168 INFO tempest.lib.common.rest_client [req-adb787a1-d1cb-46da-805f-bd3ab68c290a req-adb787a1-d1cb-46da-805f-bd3ab68c290a ] Request (TestVersions:setUpClass): 201 POST http://10.180.1.21/identity/v3/auth/tokens 0.086s
2025-05-19 14:59:47.363 71168 INFO tempest.lib.common.rest_client [req-724a8640-048f-4f66-975a-2708ab5b8736 req-724a8640-048f-4f66-975a-2708ab5b8736 ] Request (TestVersions:setUpClass): 201 POST http://10.180.1.21/identity/v3/auth/tokens 0.032s
2025-05-19 14:59:47.387 71168 INFO tempest.lib.common.rest_client [req-32bb6692-a71f-43a7-8929-0e4fe66289b0 req-32bb6692-a71f-43a7-8929-0e4fe66289b0 ] Request (TestVersions:setUpClass): 200 GET http://10.180.1.21/identity/v3/domains?name=Default 0.024s
2025-05-19 14:59:47.417 71168 INFO tempest.lib.common.rest_client [req-b3e6bc37-daab-40f9-9e41-6159a1dc6bb2 req-b3e6bc37-daab-40f9-9e41-6159a1dc6bb2 ] Request (TestVersions:setUpClass): 201 POST http://10.180.1.21/identity/v3/projects 0.029s
2025-05-19 14:59:47.480 71168 INFO tempest.lib.common.rest_client [req-b714ecdd-7c9c-495f-82e7-0c3d9a2fbab4 req-b714ecdd-7c9c-495f-82e7-0c3d9a2fbab4 ] Request (TestVersions:setUpClass): 201 POST http://10.180.1.21/identity/v3/users 0.063s
2025-05-19 14:59:47.514 71168 INFO tempest.lib.common.rest_client [req-a5e9cb92-211f-4b30-b5d3-43d8777b7d3a req-a5e9cb92-211f-4b30-b5d3-43d8777b7d3a ] Request (TestVersions:setUpClass): 200 GET http://10.180.1.21/identity/v3/roles 0.034s
2025-05-19 14:59:47.552 71168 INFO tempest.lib.common.rest_client [req-682c9c0e-3dca-411b-a66e-1405073f6136 req-682c9c0e-3dca-411b-a66e-1405073f6136 ] Request (TestVersions:setUpClass): 204 PUT http://10.180.1.21/identity/v3/projects/98d8c37adab74bd29013e30d8683c687/users/55c3e8d6358240fdb00ef6a295daf922/roles/fe1ba9b3a9884c8cbe966d6f4bf0d8a0 0.037s
2025-05-19 14:59:47.552 71168 INFO tempest.lib.common.dynamic_creds [-] Dynamic test user 55c3e8d6358240fdb00ef6a295daf922 is created with scope project and roles: ['member']
2025-05-19 14:59:47.552 71168 INFO tempest.lib.common.dynamic_creds [-] Acquired dynamic creds: credentials: Credentials: {'domain_id': 'default', 'domain_name': 'Default', 'username': 'tempest-TestVersions-1558401279-project-member', 'project_domain_id': 'default', 'project_domain_name': 'Default', 'project_id': '98d8c37adab74bd29013e30d8683c687', 'project_name': 'tempest-TestVersions-1558401279', 'tenant_id': '98d8c37adab74bd29013e30d8683c687', 'tenant_name': 'tempest-TestVersions-1558401279', 'user_domain_id': 'default', 'user_domain_name': 'Default', 'user_id': '55c3e8d6358240fdb00ef6a295daf922', 'system': None}, Network: None, Subnet: None, Router: None
2025-05-19 14:59:47.552 71168 INFO tempest.lib.common.dynamic_creds [-] Created isolated network resources for: credentials: Credentials: {'domain_id': 'default', 'domain_name': 'Default', 'username': 'tempest-TestVersions-1558401279-project-member', 'project_domain_id': 'default', 'project_domain_name': 'Default', 'project_id': '98d8c37adab74bd29013e30d8683c687', 'project_name': 'tempest-TestVersions-1558401279', 'tenant_id': '98d8c37adab74bd29013e30d8683c687', 'tenant_name': 'tempest-TestVersions-1558401279', 'user_domain_id': 'default', 'user_domain_name': 'Default', 'user_id': '55c3e8d6358240fdb00ef6a295daf922', 'system': None}, Network: None, Subnet: None, Router: None
2025-05-19 14:59:47.558 71156 INFO tempest.lib.common.rest_client [req-c4f36d15-b420-497c-9698-282102c9e458 req-c4f36d15-b420-497c-9698-282102c9e458 ] Request (SecurityGroupsNegativeTestJSON:setUpClass): 201 POST http://10.180.1.21:9696/networking/v2.0/networks 1.279s
2025-05-19 14:59:47.667 71168 INFO tempest.lib.common.rest_client [req-875741e3-860a-496d-82fe-fffdfaf2f5d3 req-875741e3-860a-496d-82fe-fffdfaf2f5d3 ] Request (TestVersions:setUpClass): 201 POST http://10.180.1.21/identity/v3/auth/tokens 0.110s
2025-05-19 14:59:47.735 71160 INFO tempest.lib.common.rest_client [req-bb8edc75-b67d-4520-a4aa-b1136d752a96 req-bb8edc75-b67d-4520-a4aa-b1136d752a96 ] Request (ServersTestBootFromVolume:setUpClass): 202 POST http://10.180.1.21/compute/v2.1/servers 2.832s
2025-05-19 14:59:47.770 71174 INFO tempest.lib.common.rest_client [req-9f6b19d9-5c79-4fb6-b15e-d2ce4ac1ae22 req-9f6b19d9-5c79-4fb6-b15e-d2ce4ac1ae22 ] Request (ServerDiskConfigTestJSON:test_rebuild_server_with_auto_disk_config): 404 GET http://10.180.1.21/compute/v2.1/servers/3aedabed-9714-45fd-9740-4a00843ae378 2.076s
2025-05-19 14:59:47.824 71178 INFO tempest.lib.common.rest_client [req-ea7ac83d-343d-417f-9b45-4f67881d08b4 req-ea7ac83d-343d-417f-9b45-4f67881d08b4 ] Request (SecurityGroupsTestJSON:test_security_groups_create_list_delete): 404 GET http://10.180.1.21/compute/v2.1/os-security-groups/19cb4a33-aaea-457a-91f6-a68efb443e30 2.060s
2025-05-19 14:59:47.855 71144 INFO tempest.lib.common.rest_client [req-b26176d7-079c-4b38-95c2-e9763b0969cf req-b26176d7-079c-4b38-95c2-e9763b0969cf ] Request (ServersTestFqdnHostnames:test_create_server_with_fqdn_name): 404 GET http://10.180.1.21/compute/v2.1/servers/14ba0d70-83ff-4a37-8287-29fe385fee06 1.878s
2025-05-19 14:59:47.888 71174 INFO tempest.lib.common.rest_client [req-af0840a0-c8de-4569-a618-2c746283f2df req-af0840a0-c8de-4569-a618-2c746283f2df ] Request (ServerDiskConfigTestJSON:test_rebuild_server_with_manual_disk_config): 201 POST http://10.180.1.21/identity/v3/auth/tokens 0.111s
2025-05-19 14:59:47.888 71174 INFO tempest.lib.common.fixed_network [-] (ServerDiskConfigTestJSON:test_rebuild_server_with_manual_disk_config) Found network {'id': '682bf2e2-f3cc-4d95-a562-6236535c84bc', 'name': 'tempest-ServerDiskConfigTestJSON-1331756390-network', 'tenant_id': '64cc53c8c08642e9828a7dc7eeeaed16', 'admin_state_up': True, 'mtu': 8950, 'status': 'ACTIVE', 'subnets': [], 'shared': False, 'project_id': '64cc53c8c08642e9828a7dc7eeeaed16', 'port_security_enabled': True, 'router:external': False, 'provider:network_type': 'vlan', 'provider:physical_network': 'default', 'provider:segmentation_id': 366, 'is_default': False, 'availability_zone_hints': [], 'availability_zones': [], 'ipv4_address_scope': None, 'ipv6_address_scope': None, 'description': '', 'tags': [], 'created_at': '2025-05-19T14:59:30Z', 'updated_at': '2025-05-19T14:59:30Z', 'revision_number': 1} available for tenant
2025-05-19 14:59:47.977 71154 INFO tempest.lib.common.rest_client [req-393c1814-edd3-4b0b-8981-374e4dded7b9 req-393c1814-edd3-4b0b-8981-374e4dded7b9 ] Request (DeleteServersTestJSON:test_delete_server_while_in_shutoff_state): 200 GET http://10.180.1.21/compute/v2.1/servers/80821546-0efc-4d4f-8117-f88ca86ac280 1.961s
2025-05-19 14:59:48.051 71166 INFO tempest.lib.common.rest_client [req-6f53546d-b48c-4fbf-8e8e-d160c87e6625 req-6f53546d-b48c-4fbf-8e8e-d160c87e6625 ] Request (ServerRescueNegativeTestJSON:tearDownClass): 200 PUT http://10.180.1.21:9696/networking/v2.0/routers/11c2aa25-866e-4e04-8e5e-e7833a2d2774/remove_router_interface 3.209s
2025-05-19 14:59:48.089 71162 INFO tempest.lib.common.rest_client [req-32c937ec-ff3c-43f7-83ac-22f47dd97a15 req-32c937ec-ff3c-43f7-83ac-22f47dd97a15 ] Request (ServersNegativeTestMultiTenantJSON:tearDownClass): 200 PUT http://10.180.1.21:9696/networking/v2.0/routers/ee63191e-9ce7-4ff0-aa60-654b8edfba5d/remove_router_interface 3.030s
2025-05-19 14:59:48.502 71186 INFO tempest.lib.common.rest_client [req-6916ab73-da74-4733-80ad-668b92439981 req-6916ab73-da74-4733-80ad-668b92439981 ] Request (SecurityGroupRulesTestJSON:tearDownClass): 202 DELETE http://10.180.1.21/compute/v2.1/os-security-groups/83f5f0bc-42d8-4ca5-94d4-b0d906b08f1f 2.380s
2025-05-19 14:59:48.522 71156 INFO tempest.lib.common.rest_client [req-71e743c9-e7ae-4a02-a8c7-ecc5f5d709f5 req-71e743c9-e7ae-4a02-a8c7-ecc5f5d709f5 ] Request (SecurityGroupsNegativeTestJSON:setUpClass): 201 POST http://10.180.1.21:9696/networking/v2.0/subnets 0.963s
2025-05-19 14:59:48.578 71150 INFO tempest.lib.common.rest_client [req-7e6458ee-91ff-44e8-9bf8-84dbc79bed7c req-7e6458ee-91ff-44e8-9bf8-84dbc79bed7c ] Request (MultipleCreateTestJSON:test_multiple_create): 202 POST http://10.180.1.21/compute/v2.1/servers 3.062s
2025-05-19 14:59:48.595 71180 INFO tempest.lib.common.rest_client [req-59b6585d-fc8a-49f9-97f5-a2e82fcef7d8 req-59b6585d-fc8a-49f9-97f5-a2e82fcef7d8 ] Request (ServersTestJSON:test_create_specify_keypair): 200 GET http://10.180.1.21/compute/v2.1/os-keypairs 2.284s
2025-05-19 14:59:48.663 71192 INFO tempest.lib.common.rest_client [req-cf015857-7dd4-46d2-bb65-3e6c2744917f req-cf015857-7dd4-46d2-bb65-3e6c2744917f ] Request (VolumesTestJSON:setUpClass): 200 GET http://10.180.1.21/compute/v2.1/os-volumes/57e681b2-5b75-4af6-a9cf-2a584214d3c0 2.318s
2025-05-19 14:59:48.712 71180 INFO tempest.lib.common.rest_client [req-73b373d6-9247-4c4d-b0e0-ef98232db17d req-73b373d6-9247-4c4d-b0e0-ef98232db17d ] Request (ServersTestJSON:test_create_specify_keypair): 201 POST http://10.180.1.21/identity/v3/auth/tokens 0.112s
2025-05-19 14:59:48.713 71180 INFO tempest.lib.common.fixed_network [-] (ServersTestJSON:test_create_specify_keypair) Found network {'id': 'a23f9476-717b-49c1-896e-2ecd860b53f8', 'name': 'tempest-ServersTestJSON-658698411-network', 'tenant_id': 'cdc0366d3cd8493abd0ae71e36337c30', 'admin_state_up': True, 'mtu': 8950, 'status': 'ACTIVE', 'subnets': [], 'shared': False, 'project_id': 'cdc0366d3cd8493abd0ae71e36337c30', 'port_security_enabled': True, 'router:external': False, 'provider:network_type': 'vlan', 'provider:physical_network': 'default', 'provider:segmentation_id': 10, 'is_default': False, 'availability_zone_hints': [], 'availability_zones': [], 'ipv4_address_scope': None, 'ipv6_address_scope': None, 'description': '', 'tags': [], 'created_at': '2025-05-19T14:59:04Z', 'updated_at': '2025-05-19T14:59:04Z', 'revision_number': 1} available for tenant
2025-05-19 14:59:48.723 71138 INFO tempest.lib.common.rest_client [req-ede4f5b8-eaed-4ded-b604-e85097dabe95 req-ede4f5b8-eaed-4ded-b604-e85097dabe95 ] Request (ValidationResourcesFixture:setUp): 200 POST http://10.180.1.21/compute/v2.1/os-keypairs 2.159s
2025-05-19 14:59:48.820 71164 INFO tempest.lib.common.rest_client [req-7b9d1c3a-8578-42fd-98bd-b77fe8b8d983 req-7b9d1c3a-8578-42fd-98bd-b77fe8b8d983 ] Request (ServerActionsTestOtherA:setUpClass): 204 DELETE http://10.180.1.21/compute/v2.1/servers/9da9a221-b425-49ac-a32e-b0a0cf11ffb0 2.553s
2025-05-19 14:59:48.839 71192 INFO tempest.lib.common.rest_client [req-5f37ac2f-2796-4855-b391-7021e581826a req-5f37ac2f-2796-4855-b391-7021e581826a ] Request (VolumesTestJSON:setUpClass): 202 POST http://10.180.1.21/volume/v3/5685a26b2aeb40b6a2de17cc0f574c14/volumes 0.173s
2025-05-19 14:59:48.862 71142 INFO tempest.lib.common.rest_client [req-357b41d8-f0ae-4dd7-bd4a-10cd24ce47a7 req-357b41d8-f0ae-4dd7-bd4a-10cd24ce47a7 ] Request (ImagesMetadataTestJSON:test_list_image_metadata): 200 GET http://10.180.1.21/compute/v2.1/images/59f90c70-d2bc-4458-bf27-ff7c2a1ab90b/metadata 1.690s
2025-05-19 14:59:48.882 71182 INFO tempest.lib.common.rest_client [req-492ff44a-68f1-4cca-88a9-1c1cdd346784 req-492ff44a-68f1-4cca-88a9-1c1cdd346784 ] Request (AttachVolumeNegativeTest:_run_cleanups): 202 DELETE http://10.180.1.21/compute/v2.1/os-keypairs/tempest-keypair-1336327172 1.661s
2025-05-19 14:59:48.892 71192 INFO tempest.lib.common.rest_client [req-c6a14d4e-83f2-43f8-990e-036dc8bde987 req-c6a14d4e-83f2-43f8-990e-036dc8bde987 ] Request (VolumesTestJSON:setUpClass): 200 GET http://10.180.1.21/volume/v3/5685a26b2aeb40b6a2de17cc0f574c14/volumes/8eb85da2-f8ab-4858-830b-b690ff57a35f 0.044s
2025-05-19 14:59:49.002 71172 INFO tempest.lib.common.rest_client [req-c8a5082c-b5ce-4c68-8c04-0206a542d1ae req-c8a5082c-b5ce-4c68-8c04-0206a542d1ae ] Request (ImagesTestJSON:test_create_image_from_stopped_server): 200 GET http://10.180.1.21/compute/v2.1/servers/7aaba708-2260-4ae0-9c18-58da17f316eb 1.551s
2025-05-19 14:59:49.012 71168 INFO tempest.lib.common.rest_client [-] Request (TestVersions:test_get_version_details): 200 GET http://10.180.1.21/compute/ 1.343s
2025-05-19 14:59:49.120 71188 INFO tempest.lib.common.rest_client [req-7be02f1a-9c74-4e19-b517-71223ed46858 req-7be02f1a-9c74-4e19-b517-71223ed46858 ] Request (ListServersNegativeTestJSON:setUpClass): 204 DELETE http://10.180.1.21/compute/v2.1/servers/755a6207-7d72-4aef-9424-5e3622351004 2.178s
2025-05-19 14:59:49.137 71160 INFO tempest.lib.common.rest_client [req-a5c62766-75dd-4f50-863f-5b957beb91d2 req-a5c62766-75dd-4f50-863f-5b957beb91d2 ] Request (ServersTestBootFromVolume:setUpClass): 200 GET http://10.180.1.21/compute/v2.1/servers/2041b102-0428-47ad-96f4-b38d423566f7 1.400s
2025-05-19 14:59:49.157 71144 INFO tempest.lib.common.rest_client [req-29c2aed1-9ed5-45d6-8385-16d3da89215d req-29c2aed1-9ed5-45d6-8385-16d3da89215d ] Request (ServersTestFqdnHostnames:tearDownClass): 202 DELETE http://10.180.1.21/compute/v2.1/os-keypairs/tempest-keypair-959913493 1.299s
2025-05-19 14:59:49.360 71138 INFO tempest.lib.common.rest_client [req-110405dd-932e-4279-a1e8-4cf1d86fca2f req-110405dd-932e-4279-a1e8-4cf1d86fca2f ] Request (ValidationResourcesFixture:setUp): 201 POST http://10.180.1.21:9696/networking/v2.0/security-groups 0.636s
2025-05-19 14:59:49.468 71182 INFO tempest.lib.common.rest_client [req-c3727438-b1c6-40e6-b5fa-0b64be5b4a93 req-c3727438-b1c6-40e6-b5fa-0b64be5b4a93 ] Request (AttachVolumeNegativeTest:_run_cleanups): 204 DELETE http://10.180.1.21:9696/networking/v2.0/security-groups/e1ddfee6-6476-4178-b1c5-2786d8bad942 0.585s
2025-05-19 14:59:49.513 71182 INFO tempest.lib.common.rest_client [req-cc1b1917-18e1-41ad-9b6e-7a21941025c7 req-cc1b1917-18e1-41ad-9b6e-7a21941025c7 ] Request (AttachVolumeNegativeTest:_run_cleanups): 404 GET http://10.180.1.21:9696/networking/v2.0/security-groups/e1ddfee6-6476-4178-b1c5-2786d8bad942 0.045s
2025-05-19 14:59:49.575 71166 INFO tempest.lib.common.rest_client [req-1cf57c00-0214-472c-b43c-dd8ed9918b9d req-1cf57c00-0214-472c-b43c-dd8ed9918b9d ] Request (ServerRescueNegativeTestJSON:tearDownClass): 204 DELETE http://10.180.1.21:9696/networking/v2.0/routers/11c2aa25-866e-4e04-8e5e-e7833a2d2774 1.523s
2025-05-19 14:59:49.580 71162 INFO tempest.lib.common.rest_client [req-dd471563-7273-454a-aeec-a852ecac0db0 req-dd471563-7273-454a-aeec-a852ecac0db0 ] Request (ServersNegativeTestMultiTenantJSON:tearDownClass): 204 DELETE http://10.180.1.21:9696/networking/v2.0/routers/ee63191e-9ce7-4ff0-aa60-654b8edfba5d 1.490s
2025-05-19 14:59:49.695 71178 INFO tempest.lib.common.rest_client [req-724c284d-b9e3-4ac1-8dab-b387843cc17f req-724c284d-b9e3-4ac1-8dab-b387843cc17f ] Request (SecurityGroupsTestJSON:test_security_groups_create_list_delete): 202 DELETE http://10.180.1.21/compute/v2.1/os-security-groups/6d05f4b2-874d-4b74-869f-21824d01ae7d 1.870s
2025-05-19 14:59:49.721 71144 INFO tempest.lib.common.rest_client [req-d6765158-1bbc-41b8-81ed-4543e052955f req-d6765158-1bbc-41b8-81ed-4543e052955f ] Request (ServersTestFqdnHostnames:tearDownClass): 204 DELETE http://10.180.1.21:9696/networking/v2.0/security-groups/c61543d6-279d-4157-a0b1-20d533975ac0 0.563s
2025-05-19 14:59:49.769 71144 INFO tempest.lib.common.rest_client [req-5599ca35-99f5-472e-9328-a8323056f312 req-5599ca35-99f5-472e-9328-a8323056f312 ] Request (ServersTestFqdnHostnames:tearDownClass): 404 GET http://10.180.1.21:9696/networking/v2.0/security-groups/c61543d6-279d-4157-a0b1-20d533975ac0 0.048s
2025-05-19 14:59:49.873 71138 INFO tempest.lib.common.rest_client [req-7d8e712d-6d45-4355-b4f3-e45ec4b4b90c req-7d8e712d-6d45-4355-b4f3-e45ec4b4b90c ] Request (ValidationResourcesFixture:setUp): 201 POST http://10.180.1.21:9696/networking/v2.0/security-group-rules 0.512s
2025-05-19 14:59:49.931 71192 INFO tempest.lib.common.rest_client [req-97ac0127-da9c-4287-ab68-4ab9b256ebfb req-97ac0127-da9c-4287-ab68-4ab9b256ebfb ] Request (VolumesTestJSON:setUpClass): 200 GET http://10.180.1.21/volume/v3/5685a26b2aeb40b6a2de17cc0f574c14/volumes/8eb85da2-f8ab-4858-830b-b690ff57a35f 0.029s
2025-05-19 14:59:49.938 71192 INFO tempest.common.waiters [-] volume 8eb85da2-f8ab-4858-830b-b690ff57a35f reached available after waiting for 1.938442 seconds
2025-05-19 14:59:49.997 71136 INFO tempest.lib.common.rest_client [req-e96d8e36-334a-4cf4-8758-c5a28f47e237 req-e96d8e36-334a-4cf4-8758-c5a28f47e237 ] Request (AttachVolumeTestJSON:setUpClass): 201 POST http://10.180.1.21:9696/networking/v2.0/routers 3.640s
2025-05-19 14:59:50.011 71154 INFO tempest.lib.common.rest_client [req-7e85ac2f-0602-46f0-8871-6f500349954e req-7e85ac2f-0602-46f0-8871-6f500349954e ] Request (DeleteServersTestJSON:test_delete_server_while_in_shutoff_state): 204 DELETE http://10.180.1.21/compute/v2.1/servers/80821546-0efc-4d4f-8117-f88ca86ac280 2.024s
2025-05-19 14:59:50.148 71162 INFO tempest.lib.common.rest_client [req-0962aec6-fa15-46ef-897b-b739956ad32d req-0962aec6-fa15-46ef-897b-b739956ad32d ] Request (ServersNegativeTestMultiTenantJSON:tearDownClass): 204 DELETE http://10.180.1.21:9696/networking/v2.0/subnets/263aedda-8d48-4ec2-8a3a-e46fa1577895 0.568s
2025-05-19 14:59:50.166 71166 INFO tempest.lib.common.rest_client [req-00dafc70-39e8-4966-a230-80710ef10464 req-00dafc70-39e8-4966-a230-80710ef10464 ] Request (ServerRescueNegativeTestJSON:tearDownClass): 204 DELETE http://10.180.1.21:9696/networking/v2.0/subnets/32caeef0-fa04-42e1-b063-6a2ce5ee72be 0.590s
2025-05-19 14:59:50.187 71158 INFO tempest.lib.common.rest_client [req-bc7b7b75-4805-4dad-b10a-93528c020775 req-bc7b7b75-4805-4dad-b10a-93528c020775 ] Request (VolumesAdminNegativeTest:tearDownClass): 200 PUT http://10.180.1.21:9696/networking/v2.0/routers/ce208389-8091-4611-9baf-c0b97c0c8685/remove_router_interface 4.013s
2025-05-19 14:59:50.303 71138 INFO tempest.lib.common.rest_client [req-ed0c6296-6f31-46de-ae0c-c64932fe3732 req-ed0c6296-6f31-46de-ae0c-c64932fe3732 ] Request (ValidationResourcesFixture:setUp): 201 POST http://10.180.1.21:9696/networking/v2.0/security-group-rules 0.430s
2025-05-19 14:59:50.342 71174 INFO tempest.lib.common.rest_client [req-843cc9af-69ff-402a-a8c8-7bf3816166fd req-843cc9af-69ff-402a-a8c8-7bf3816166fd ] Request (ServerDiskConfigTestJSON:test_rebuild_server_with_manual_disk_config): 202 POST http://10.180.1.21/compute/v2.1/servers 2.453s
2025-05-19 14:59:50.402 71140 INFO tempest.lib.common.rest_client [req-b9527fcf-b63d-43a4-8dae-08959d70ad23 req-b9527fcf-b63d-43a4-8dae-08959d70ad23 ] Request (AttachVolumeShelveTestJSON:setUpClass): 201 POST http://10.180.1.21:9696/networking/v2.0/routers 3.123s
2025-05-19 14:59:50.414 71150 INFO tempest.lib.common.rest_client [req-aba0f90a-e614-40f8-a5b0-d427554ac0ae req-aba0f90a-e614-40f8-a5b0-d427554ac0ae ] Request (MultipleCreateTestJSON:test_multiple_create): 200 GET http://10.180.1.21/compute/v2.1/servers 1.834s
2025-05-19 14:59:50.448 71176 INFO tempest.lib.common.rest_client [req-ecc5fec3-4dfe-438c-b68f-fc8cf8c857e4 req-ecc5fec3-4dfe-438c-b68f-fc8cf8c857e4 ] Request (ServerRescueTestJSONUnderV235:setUpClass): 200 PUT http://10.180.1.21:9696/networking/v2.0/routers/cb2991a7-91ad-4044-88c0-8235ae0f1fbc/add_router_interface 4.880s
2025-05-19 14:59:50.449 71176 INFO tempest.lib.common.dynamic_creds [-] Created isolated network resources for: credentials: Credentials: {'domain_id': 'default', 'domain_name': 'Default', 'username': 'tempest-ServerRescueTestJSONUnderV235-1316201836-project-member', 'project_domain_id': 'default', 'project_domain_name': 'Default', 'project_id': 'f9b06f655513452db003ddc1f6364462', 'project_name': 'tempest-ServerRescueTestJSONUnderV235-1316201836', 'tenant_id': 'f9b06f655513452db003ddc1f6364462', 'tenant_name': 'tempest-ServerRescueTestJSONUnderV235-1316201836', 'user_domain_id': 'default', 'user_domain_name': 'Default', 'user_id': 'c86341e05a0b44cd91f5451035d5a6ec', 'system': None}, Network: {'id': '0c18044f-df0b-4951-8474-efbb29dc32b1', 'name': 'tempest-ServerRescueTestJSONUnderV235-461553712-network', 'tenant_id': 'f9b06f655513452db003ddc1f6364462', 'admin_state_up': True, 'mtu': 8950, 'status': 'ACTIVE', 'subnets': [], 'shared': False, 'project_id': 'f9b06f655513452db003ddc1f6364462', 'port_security_enabled': True, 'router:external': False, 'provider:network_type': 'vlan', 'provider:physical_network': 'default', 'provider:segmentation_id': 876, 'is_default': False, 'availability_zone_hints': [], 'availability_zones': [], 'ipv4_address_scope': None, 'ipv6_address_scope': None, 'description': '', 'tags': [], 'created_at': '2025-05-19T14:59:41Z', 'updated_at': '2025-05-19T14:59:41Z', 'revision_number': 1}, Subnet: {'id': '480cc67f-f8d5-477d-8c9c-71da46625f99', 'name': 'tempest-ServerRescueTestJSONUnderV235-461553712-subnet', 'tenant_id': 'f9b06f655513452db003ddc1f6364462', 'network_id': '0c18044f-df0b-4951-8474-efbb29dc32b1', 'ip_version': 4, 'subnetpool_id': None, 'enable_dhcp': False, 'ipv6_ra_mode': None, 'ipv6_address_mode': None, 'gateway_ip': '192.168.128.1', 'cidr': '192.168.128.0/28', 'allocation_pools': [{'start': '192.168.128.2', 'end': '192.168.128.14'}], 'host_routes': [], 'dns_nameservers': [], 'description': '', 'router:external': False, 'service_types': [], 'tags': [], 'created_at': '2025-05-19T14:59:42Z', 'updated_at': '2025-05-19T14:59:42Z', 'revision_number': 0, 'project_id': 'f9b06f655513452db003ddc1f6364462'}, Router: {'id': 'cb2991a7-91ad-4044-88c0-8235ae0f1fbc', 'name': 'tempest-ServerRescueTestJSONUnderV235-461553712-router', 'tenant_id': 'f9b06f655513452db003ddc1f6364462', 'admin_state_up': True, 'status': 'ACTIVE', 'external_gateway_info': {'network_id': '0db0a466-5976-4801-baab-fa6b9f2dfb95', 'external_fixed_ips': [{'subnet_id': 'c3402f22-883b-4432-8eac-48c9fbb66784', 'ip_address': '10.180.180.234'}], 'enable_snat': True}, 'description': '', 'availability_zones': [], 'distributed': False, 'ha': False, 'availability_zone_hints': [], 'routes': [], 'flavor_id': None, 'tags': [], 'created_at': '2025-05-19T14:59:42Z', 'updated_at': '2025-05-19T14:59:44Z', 'revision_number': 2, 'project_id': 'f9b06f655513452db003ddc1f6364462'}
2025-05-19 14:59:50.540 71184 INFO tempest.lib.common.rest_client [req-d2683ae9-5330-47be-979a-70edcf572e1e req-d2683ae9-5330-47be-979a-70edcf572e1e ] Request (AttachInterfacesV270Test:setUpClass): 200 PUT http://10.180.1.21:9696/networking/v2.0/routers/2a8c0533-ea81-48de-8e49-d9ef1114b848/add_router_interface 3.787s
2025-05-19 14:59:50.541 71184 INFO tempest.lib.common.dynamic_creds [-] Created isolated network resources for: credentials: Credentials: {'domain_id': 'default', 'domain_name': 'Default', 'username': 'tempest-AttachInterfacesV270Test-498310792-project-member', 'project_domain_id': 'default', 'project_domain_name': 'Default', 'project_id': '9f72cb25f528444e89e6d9790389fb3a', 'project_name': 'tempest-AttachInterfacesV270Test-498310792', 'tenant_id': '9f72cb25f528444e89e6d9790389fb3a', 'tenant_name': 'tempest-AttachInterfacesV270Test-498310792', 'user_domain_id': 'default', 'user_domain_name': 'Default', 'user_id': 'ec37fd260999404cbc87e6fa564cc2dd', 'system': None}, Network: {'id': '6c14adbb-0648-403b-b0c0-7bee59420ea3', 'name': 'tempest-AttachInterfacesV270Test-1265529639-network', 'tenant_id': '9f72cb25f528444e89e6d9790389fb3a', 'admin_state_up': True, 'mtu': 8950, 'status': 'ACTIVE', 'subnets': [], 'shared': False, 'project_id': '9f72cb25f528444e89e6d9790389fb3a', 'port_security_enabled': True, 'router:external': False, 'provider:network_type': 'vlan', 'provider:physical_network': 'default', 'provider:segmentation_id': 251, 'is_default': False, 'availability_zone_hints': [], 'availability_zones': [], 'ipv4_address_scope': None, 'ipv6_address_scope': None, 'description': '', 'tags': [], 'created_at': '2025-05-19T14:59:42Z', 'updated_at': '2025-05-19T14:59:42Z', 'revision_number': 1}, Subnet: {'id': '226d2ee5-dd3e-46d6-b86c-da73a05e7447', 'name': 'tempest-AttachInterfacesV270Test-1265529639-subnet', 'tenant_id': '9f72cb25f528444e89e6d9790389fb3a', 'network_id': '6c14adbb-0648-403b-b0c0-7bee59420ea3', 'ip_version': 4, 'subnetpool_id': None, 'enable_dhcp': True, 'ipv6_ra_mode': None, 'ipv6_address_mode': None, 'gateway_ip': '192.168.128.1', 'cidr': '192.168.128.0/28', 'allocation_pools': [{'start': '192.168.128.2', 'end': '192.168.128.14'}], 'host_routes': [], 'dns_nameservers': [], 'description': '', 'router:external': False, 'service_types': [], 'tags': [], 'created_at': '2025-05-19T14:59:42Z', 'updated_at': '2025-05-19T14:59:42Z', 'revision_number': 0, 'project_id': '9f72cb25f528444e89e6d9790389fb3a'}, Router: {'id': '2a8c0533-ea81-48de-8e49-d9ef1114b848', 'name': 'tempest-AttachInterfacesV270Test-1265529639-router', 'tenant_id': '9f72cb25f528444e89e6d9790389fb3a', 'admin_state_up': True, 'status': 'ACTIVE', 'external_gateway_info': {'network_id': '0db0a466-5976-4801-baab-fa6b9f2dfb95', 'external_fixed_ips': [{'subnet_id': 'c3402f22-883b-4432-8eac-48c9fbb66784', 'ip_address': '10.180.180.172'}], 'enable_snat': True}, 'description': '', 'availability_zones': [], 'distributed': False, 'ha': False, 'availability_zone_hints': [], 'routes': [], 'flavor_id': None, 'tags': [], 'created_at': '2025-05-19T14:59:43Z', 'updated_at': '2025-05-19T14:59:45Z', 'revision_number': 2, 'project_id': '9f72cb25f528444e89e6d9790389fb3a'}
2025-05-19 14:59:50.560 71176 INFO tempest.lib.common.rest_client [req-9cc94aa4-43cb-423c-912c-669f9a46dd1f req-9cc94aa4-43cb-423c-912c-669f9a46dd1f ] Request (ServerRescueTestJSONUnderV235:setUpClass): 201 POST http://10.180.1.21/identity/v3/auth/tokens 0.108s
2025-05-19 14:59:50.598 71176 INFO tempest.lib.common.rest_client [req-4bec0471-8e53-45f9-8718-223bf2a4c57b req-4bec0471-8e53-45f9-8718-223bf2a4c57b ] Request (ServerRescueTestJSONUnderV235:setUpClass): 201 POST http://10.180.1.21/identity/v3/auth/tokens 0.032s
2025-05-19 14:59:50.599 71176 INFO tempest.lib.common.fixed_network [-] (ServerRescueTestJSONUnderV235:setUpClass) Found network {'id': '0c18044f-df0b-4951-8474-efbb29dc32b1', 'name': 'tempest-ServerRescueTestJSONUnderV235-461553712-network', 'tenant_id': 'f9b06f655513452db003ddc1f6364462', 'admin_state_up': True, 'mtu': 8950, 'status': 'ACTIVE', 'subnets': [], 'shared': False, 'project_id': 'f9b06f655513452db003ddc1f6364462', 'port_security_enabled': True, 'router:external': False, 'provider:network_type': 'vlan', 'provider:physical_network': 'default', 'provider:segmentation_id': 876, 'is_default': False, 'availability_zone_hints': [], 'availability_zones': [], 'ipv4_address_scope': None, 'ipv6_address_scope': None, 'description': '', 'tags': [], 'created_at': '2025-05-19T14:59:41Z', 'updated_at': '2025-05-19T14:59:41Z', 'revision_number': 1} available for tenant
2025-05-19 14:59:50.633 71184 INFO tempest.lib.common.rest_client [req-62e94265-5158-4e14-b67b-bde058fc4573 req-62e94265-5158-4e14-b67b-bde058fc4573 ] Request (AttachInterfacesV270Test:setUpClass): 201 POST http://10.180.1.21/identity/v3/auth/tokens 0.088s
2025-05-19 14:59:50.675 71144 INFO tempest.lib.common.rest_client [req-8784bf4a-776f-4d3b-85bc-c858dc8ae95a req-8784bf4a-776f-4d3b-85bc-c858dc8ae95a ] Request (ServersTestFqdnHostnames:tearDownClass): 204 DELETE http://10.180.1.21:9696/networking/v2.0/floatingips/9baad99b-6b6c-4c3d-b7e7-c60f4717b41a 0.905s
2025-05-19 14:59:50.678 71184 INFO tempest.lib.common.rest_client [req-4e6eb564-3496-467c-9534-0e454acd8b5a req-4e6eb564-3496-467c-9534-0e454acd8b5a ] Request (AttachInterfacesV270Test:test_create_get_list_interfaces): 201 POST http://10.180.1.21/identity/v3/auth/tokens 0.038s
2025-05-19 14:59:50.680 71184 INFO tempest.lib.common.fixed_network [-] (AttachInterfacesV270Test:test_create_get_list_interfaces) Found network {'id': '6c14adbb-0648-403b-b0c0-7bee59420ea3', 'name': 'tempest-AttachInterfacesV270Test-1265529639-network', 'tenant_id': '9f72cb25f528444e89e6d9790389fb3a', 'admin_state_up': True, 'mtu': 8950, 'status': 'ACTIVE', 'subnets': [], 'shared': False, 'project_id': '9f72cb25f528444e89e6d9790389fb3a', 'port_security_enabled': True, 'router:external': False, 'provider:network_type': 'vlan', 'provider:physical_network': 'default', 'provider:segmentation_id': 251, 'is_default': False, 'availability_zone_hints': [], 'availability_zones': [], 'ipv4_address_scope': None, 'ipv6_address_scope': None, 'description': '', 'tags': [], 'created_at': '2025-05-19T14:59:42Z', 'updated_at': '2025-05-19T14:59:42Z', 'revision_number': 1} available for tenant
2025-05-19 14:59:50.811 71186 INFO tempest.lib.common.rest_client [req-37033885-b23d-4460-a3b4-ebaa9785a58d req-37033885-b23d-4460-a3b4-ebaa9785a58d ] Request (SecurityGroupRulesTestJSON:tearDownClass): 202 DELETE http://10.180.1.21/compute/v2.1/os-security-groups/3afe9d13-93dc-40e1-9fb2-3cb4a349ba03 2.309s
2025-05-19 14:59:50.852 71164 INFO tempest.lib.common.rest_client [req-09322341-84f9-46af-9b10-a13eeea91c3a req-09322341-84f9-46af-9b10-a13eeea91c3a ] Request (ServerActionsTestOtherA:setUpClass): 404 GET http://10.180.1.21/compute/v2.1/servers/9da9a221-b425-49ac-a32e-b0a0cf11ffb0 2.031s
2025-05-19 14:59:50.852 71164 INFO tempest.test [-] raised in ServerActionsTestOtherA.setUpClass. Invoking tearDownClass.
2025-05-19 14:59:50.913 71182 INFO tempest.lib.common.rest_client [req-3b0fd997-ad0b-4ba8-85c0-936106709627 req-3b0fd997-ad0b-4ba8-85c0-936106709627 ] Request (AttachVolumeNegativeTest:_run_cleanups): 204 DELETE http://10.180.1.21:9696/networking/v2.0/floatingips/f23efac1-c607-44e5-b3af-7f63768ee4fb 1.399s
2025-05-19 14:59:51.035 71142 INFO tempest.lib.common.rest_client [req-a8fc21e3-28a4-463a-bc68-7d182495aad6 req-a8fc21e3-28a4-463a-bc68-7d182495aad6 ] Request (ImagesMetadataTestJSON:setUp): 200 PUT http://10.180.1.21/compute/v2.1/images/59f90c70-d2bc-4458-bf27-ff7c2a1ab90b/metadata 2.171s
2025-05-19 14:59:51.324 71166 INFO tempest.lib.common.rest_client [req-64076f35-4ccc-43cb-8dab-1c1cfb83318f req-64076f35-4ccc-43cb-8dab-1c1cfb83318f ] Request (ServerRescueNegativeTestJSON:tearDownClass): 204 DELETE http://10.180.1.21:9696/networking/v2.0/networks/757651ec-7018-4407-b428-9c81a4aa62e8 1.157s
2025-05-19 14:59:51.324 71172 INFO tempest.lib.common.rest_client [req-83c87b28-fdb0-46a3-8801-73e2ca041e60 req-83c87b28-fdb0-46a3-8801-73e2ca041e60 ] Request (ImagesTestJSON:test_create_image_from_stopped_server): 204 DELETE http://10.180.1.21/compute/v2.1/servers/7aaba708-2260-4ae0-9c18-58da17f316eb 2.314s
2025-05-19 14:59:51.327 71168 INFO tempest.lib.common.rest_client [req-a608127a-d9f8-4a55-9815-9b10671f3d5b req-a608127a-d9f8-4a55-9815-9b10671f3d5b ] Request (TestVersions:test_get_version_details): 200 GET http://10.180.1.21/compute/v2/ 2.312s
2025-05-19 14:59:51.457 71166 INFO tempest.lib.common.rest_client [req-12e59067-68b0-40a3-8fa8-68fc7ea4240e req-12e59067-68b0-40a3-8fa8-68fc7ea4240e ] Request (ServerRescueNegativeTestJSON:tearDownClass): 204 DELETE http://10.180.1.21/identity/v3/users/7169b6f172a64637b8eb64e1af509d66 0.132s
2025-05-19 14:59:51.457 71166 INFO tempest.lib.common.dynamic_creds [-] Deleting project and security group for project: ef02e0a5ebb54f19a80e875da1ab1f96
2025-05-19 14:59:51.548 71166 INFO tempest.lib.common.rest_client [req-35d41977-a79d-4726-b573-b8ea74db68ee req-35d41977-a79d-4726-b573-b8ea74db68ee ] Request (ServerRescueNegativeTestJSON:tearDownClass): 200 GET http://10.180.1.21:9696/networking/v2.0/security-groups?tenant_id=ef02e0a5ebb54f19a80e875da1ab1f96&name=default 0.091s
2025-05-19 14:59:51.616 71188 INFO tempest.lib.common.rest_client [req-c5e34bcd-7a3f-4862-9438-7c768075b632 req-c5e34bcd-7a3f-4862-9438-7c768075b632 ] Request (ListServersNegativeTestJSON:setUpClass): 204 DELETE http://10.180.1.21/compute/v2.1/servers/c4d2003f-71b9-4719-8259-687deeededc3 2.495s
2025-05-19 14:59:51.693 71178 INFO tempest.lib.common.rest_client [req-cf5d85a7-00a2-437e-9296-23576a79f44c req-cf5d85a7-00a2-437e-9296-23576a79f44c ] Request (SecurityGroupsTestJSON:test_security_groups_create_list_delete): 404 GET http://10.180.1.21/compute/v2.1/os-security-groups/6d05f4b2-874d-4b74-869f-21824d01ae7d 1.997s
2025-05-19 14:59:51.755 71192 INFO tempest.lib.common.rest_client [req-b431569c-5667-4dc6-8f6e-f13c64bc9ef8 req-b431569c-5667-4dc6-8f6e-f13c64bc9ef8 ] Request (VolumesTestJSON:setUpClass): 200 GET http://10.180.1.21/compute/v2.1/os-volumes/8eb85da2-f8ab-4858-830b-b690ff57a35f 1.817s
2025-05-19 14:59:51.779 71162 INFO tempest.lib.common.rest_client [req-5dfebbcf-fd01-4dfa-95b6-bdd848cbf7d7 req-5dfebbcf-fd01-4dfa-95b6-bdd848cbf7d7 ] Request (ServersNegativeTestMultiTenantJSON:tearDownClass): 204 DELETE http://10.180.1.21:9696/networking/v2.0/networks/02cdf7f7-7927-4f5b-9a2f-0eb81d26dcd2 1.630s
2025-05-19 14:59:51.788 71154 INFO tempest.lib.common.rest_client [req-3cda11d4-6581-41ba-bde2-3e331244c299 req-3cda11d4-6581-41ba-bde2-3e331244c299 ] Request (DeleteServersTestJSON:test_delete_server_while_in_shutoff_state): 404 GET http://10.180.1.21/compute/v2.1/servers/80821546-0efc-4d4f-8117-f88ca86ac280 1.776s
2025-05-19 14:59:51.857 71180 INFO tempest.lib.common.rest_client [req-3c394d35-9db2-4ff6-b5ca-06d54c49779c req-3c394d35-9db2-4ff6-b5ca-06d54c49779c ] Request (ServersTestJSON:test_create_specify_keypair): 202 POST http://10.180.1.21/compute/v2.1/servers 3.143s
2025-05-19 14:59:51.884 71154 INFO tempest.lib.common.rest_client [req-d664baa2-0bf5-4b30-a9ea-13cd7784aaa7 req-d664baa2-0bf5-4b30-a9ea-13cd7784aaa7 ] Request (DeleteServersTestJSON:test_delete_server_while_in_suspended_state): 201 POST http://10.180.1.21/identity/v3/auth/tokens 0.089s
2025-05-19 14:59:51.884 71154 INFO tempest.lib.common.fixed_network [-] (DeleteServersTestJSON:test_delete_server_while_in_suspended_state) Found network {'id': '45985322-0727-4e68-be86-d95f546e3901', 'name': 'tempest-DeleteServersTestJSON-2092361944-network', 'tenant_id': '68a9414624264e028b4d2a9cad30e749', 'admin_state_up': True, 'mtu': 8950, 'status': 'ACTIVE', 'subnets': [], 'shared': False, 'project_id': '68a9414624264e028b4d2a9cad30e749', 'port_security_enabled': True, 'router:external': False, 'provider:network_type': 'vlan', 'provider:physical_network': 'default', 'provider:segmentation_id': 955, 'is_default': False, 'availability_zone_hints': [], 'availability_zones': [], 'ipv4_address_scope': None, 'ipv6_address_scope': None, 'description': '', 'tags': [], 'created_at': '2025-05-19T14:58:30Z', 'updated_at': '2025-05-19T14:58:30Z', 'revision_number': 1} available for tenant
2025-05-19 14:59:51.909 71160 INFO tempest.lib.common.rest_client [req-97d41505-0f21-4fda-ab32-5be6867d00f2 req-97d41505-0f21-4fda-ab32-5be6867d00f2 ] Request (ServersTestBootFromVolume:setUpClass): 200 GET http://10.180.1.21/compute/v2.1/servers/2041b102-0428-47ad-96f4-b38d423566f7 1.761s
2025-05-19 14:59:51.920 71166 INFO tempest.lib.common.rest_client [req-5eb5161a-ebbe-4062-a052-b496cbc455db req-5eb5161a-ebbe-4062-a052-b496cbc455db ] Request (ServerRescueNegativeTestJSON:tearDownClass): 204 DELETE http://10.180.1.21:9696/networking/v2.0/security-groups/b9020f8f-7cac-4631-9f83-9b8d0e1f723a 0.371s
2025-05-19 14:59:52.004 71192 INFO tempest.lib.common.rest_client [req-94eccd52-3697-4282-a7d2-ce8e0464608f req-94eccd52-3697-4282-a7d2-ce8e0464608f ] Request (VolumesTestJSON:setUpClass): 202 POST http://10.180.1.21/volume/v3/5685a26b2aeb40b6a2de17cc0f574c14/volumes 0.244s
2025-05-19 14:59:52.054 71192 INFO tempest.lib.common.rest_client [req-116f89ee-b5ca-446d-8a63-be2ba04828a3 req-116f89ee-b5ca-446d-8a63-be2ba04828a3 ] Request (VolumesTestJSON:setUpClass): 200 GET http://10.180.1.21/volume/v3/5685a26b2aeb40b6a2de17cc0f574c14/volumes/50c2d8ef-97a7-435c-aa53-f02b209d8149 0.044s
2025-05-19 14:59:52.082 71174 INFO tempest.lib.common.rest_client [req-9032779e-1c79-4d94-9005-0b11b94d1ba8 req-9032779e-1c79-4d94-9005-0b11b94d1ba8 ] Request (ServerDiskConfigTestJSON:test_rebuild_server_with_manual_disk_config): 200 GET http://10.180.1.21/compute/v2.1/servers/aaa17a24-8f31-4088-a793-b7f8252260b9 1.737s
2025-05-19 14:59:52.095 71166 INFO tempest.lib.common.rest_client [req-4be7e01d-930f-4260-8798-8049eb6594a9 req-4be7e01d-930f-4260-8798-8049eb6594a9 ] Request (ServerRescueNegativeTestJSON:tearDownClass): 204 DELETE http://10.180.1.21/identity/v3/projects/ef02e0a5ebb54f19a80e875da1ab1f96 0.174s
2025-05-19 14:59:52.097 71150 INFO tempest.lib.common.rest_client [req-85911a15-8956-4f76-83bf-b50cc088f877 req-85911a15-8956-4f76-83bf-b50cc088f877 ] Request (MultipleCreateTestJSON:test_multiple_create): 200 GET http://10.180.1.21/compute/v2.1/servers/09fde7df-67f1-492c-905c-f40898dd13fa 1.681s
2025-05-19 14:59:52.289 71158 INFO tempest.lib.common.rest_client [req-9f4810b3-6adb-45c0-bf62-d02145670f90 req-9f4810b3-6adb-45c0-bf62-d02145670f90 ] Request (VolumesAdminNegativeTest:tearDownClass): 204 DELETE http://10.180.1.21:9696/networking/v2.0/routers/ce208389-8091-4611-9baf-c0b97c0c8685 2.102s
2025-05-19 14:59:52.786 71156 INFO tempest.lib.common.rest_client [req-6db72958-473e-4217-83a0-e72a3c1058d4 req-6db72958-473e-4217-83a0-e72a3c1058d4 ] Request (SecurityGroupsNegativeTestJSON:setUpClass): 201 POST http://10.180.1.21:9696/networking/v2.0/routers 4.264s
2025-05-19 14:59:52.924 71158 INFO tempest.lib.common.rest_client [req-12cfabdb-6e6e-4b23-8853-89a30a7f5345 req-12cfabdb-6e6e-4b23-8853-89a30a7f5345 ] Request (VolumesAdminNegativeTest:tearDownClass): 204 DELETE http://10.180.1.21:9696/networking/v2.0/subnets/65ab2747-c822-4204-856b-620521444bc8 0.634s
2025-05-19 14:59:52.987 71138 INFO tempest.lib.common.rest_client [req-aff07d32-dd12-4c9c-b739-ec7f5e326eb3 req-aff07d32-dd12-4c9c-b739-ec7f5e326eb3 ] Request (ValidationResourcesFixture:setUp): 201 POST http://10.180.1.21:9696/networking/v2.0/floatingips 2.682s
2025-05-19 14:59:53.084 71138 INFO tempest.lib.common.rest_client [req-b365c0dc-b982-4d84-81fc-815c1465d535 req-b365c0dc-b982-4d84-81fc-815c1465d535 ] Request (AttachInterfacesTestJSON:test_create_list_show_delete_interfaces_by_network_port): 201 POST http://10.180.1.21/identity/v3/auth/tokens 0.095s
2025-05-19 14:59:53.085 71138 INFO tempest.lib.common.fixed_network [-] (AttachInterfacesTestJSON:test_create_list_show_delete_interfaces_by_network_port) Found network {'id': '1251bd2f-490f-4f04-8dfb-9b55bd2a5f42', 'name': 'tempest-AttachInterfacesTestJSON-1973650814-network', 'tenant_id': '69bf83f04c3f457bbd501c69c90136ec', 'admin_state_up': True, 'mtu': 8950, 'status': 'ACTIVE', 'subnets': [], 'shared': False, 'project_id': '69bf83f04c3f457bbd501c69c90136ec', 'port_security_enabled': True, 'router:external': False, 'provider:network_type': 'vlan', 'provider:physical_network': 'default', 'provider:segmentation_id': 977, 'is_default': False, 'availability_zone_hints': [], 'availability_zones': [], 'ipv4_address_scope': None, 'ipv6_address_scope': None, 'description': '', 'tags': [], 'created_at': '2025-05-19T14:59:15Z', 'updated_at': '2025-05-19T14:59:15Z', 'revision_number': 1} available for tenant
2025-05-19 14:59:53.108 71192 INFO tempest.lib.common.rest_client [req-5367269e-4281-4fa5-9095-967515046235 req-5367269e-4281-4fa5-9095-967515046235 ] Request (VolumesTestJSON:setUpClass): 200 GET http://10.180.1.21/volume/v3/5685a26b2aeb40b6a2de17cc0f574c14/volumes/50c2d8ef-97a7-435c-aa53-f02b209d8149 0.044s
2025-05-19 14:59:53.117 71192 INFO tempest.common.waiters [-] volume 50c2d8ef-97a7-435c-aa53-f02b209d8149 reached available after waiting for 1.117537 seconds
2025-05-19 14:59:53.351 71184 INFO tempest.lib.common.rest_client [req-244909f5-bbea-4fb1-aa77-101ac979b4c4 req-244909f5-bbea-4fb1-aa77-101ac979b4c4 ] Request (AttachInterfacesV270Test:test_create_get_list_interfaces): 202 POST http://10.180.1.21/compute/v2.1/servers 2.668s
2025-05-19 14:59:53.357 71176 INFO tempest.lib.common.rest_client [req-2fb9e9fb-ded5-4789-9310-7591935d2cdf req-2fb9e9fb-ded5-4789-9310-7591935d2cdf ] Request (ServerRescueTestJSONUnderV235:setUpClass): 202 POST http://10.180.1.21/compute/v2.1/servers 2.757s
2025-05-19 14:59:53.377 71164 INFO tempest.lib.common.rest_client [req-9650cacf-6919-47a5-bfbc-4ffe367b8f77 req-9650cacf-6919-47a5-bfbc-4ffe367b8f77 ] Request (ServerActionsTestOtherA:tearDownClass): 202 DELETE http://10.180.1.21/compute/v2.1/os-keypairs/tempest-keypair-1933091174 2.524s
2025-05-19 14:59:53.390 71182 INFO tempest.lib.common.rest_client [req-33a48355-f5f9-4663-bcb9-14d055cdb0cb req-33a48355-f5f9-4663-bcb9-14d055cdb0cb ] Request (ValidationResourcesFixture:setUp): 200 POST http://10.180.1.21/compute/v2.1/os-keypairs 2.469s
2025-05-19 14:59:53.421 71172 INFO tempest.lib.common.rest_client [req-47d2e383-469f-431c-8e75-da2a28637b92 req-47d2e383-469f-431c-8e75-da2a28637b92 ] Request (ImagesTestJSON:test_create_image_from_stopped_server): 404 GET http://10.180.1.21/compute/v2.1/servers/7aaba708-2260-4ae0-9c18-58da17f316eb 2.096s
2025-05-19 14:59:53.423 71168 INFO tempest.lib.common.rest_client [req-e77821ca-953e-49a8-8e7a-694389fab420 req-e77821ca-953e-49a8-8e7a-694389fab420 ] Request (TestVersions:test_get_version_details): 200 GET http://10.180.1.21/compute/v2.1/ 2.093s
2025-05-19 14:59:53.452 71188 INFO tempest.lib.common.rest_client [req-24cc2571-c566-4095-9246-972471bb7f4e req-24cc2571-c566-4095-9246-972471bb7f4e ] Request (ListServersNegativeTestJSON:setUpClass): 404 GET http://10.180.1.21/compute/v2.1/servers/0f6ff4ef-c0dc-4c20-94c7-138fd9843df5 1.835s
2025-05-19 14:59:53.513 71172 INFO tempest.lib.common.rest_client [req-137be7d1-f6f9-4e8d-9098-610b1edc88c5 req-137be7d1-f6f9-4e8d-9098-610b1edc88c5 ] Request (ImagesTestJSON:test_create_image_from_suspended_server): 201 POST http://10.180.1.21/identity/v3/auth/tokens 0.078s
2025-05-19 14:59:53.513 71172 INFO tempest.lib.common.fixed_network [-] (ImagesTestJSON:test_create_image_from_suspended_server) Found network {'id': 'c6644749-5906-4ec9-b919-bef40d960411', 'name': 'tempest-ImagesTestJSON-993354050-network', 'tenant_id': '770294a09e0e47fab57c6f20bcb98b7a', 'admin_state_up': True, 'mtu': 8950, 'status': 'ACTIVE', 'subnets': [], 'shared': False, 'project_id': '770294a09e0e47fab57c6f20bcb98b7a', 'port_security_enabled': True, 'router:external': False, 'provider:network_type': 'vlan', 'provider:physical_network': 'default', 'provider:segmentation_id': 874, 'is_default': False, 'availability_zone_hints': [], 'availability_zones': [], 'ipv4_address_scope': None, 'ipv6_address_scope': None, 'description': '', 'tags': [], 'created_at': '2025-05-19T14:59:37Z', 'updated_at': '2025-05-19T14:59:37Z', 'revision_number': 1} available for tenant
2025-05-19 14:59:53.582 71144 INFO tempest.lib.common.rest_client [req-00d5c83b-460c-43ba-a151-e56c6b86613d req-00d5c83b-460c-43ba-a151-e56c6b86613d ] Request (ServersTestFqdnHostnames:tearDownClass): 200 PUT http://10.180.1.21:9696/networking/v2.0/routers/199f6c9b-774b-41ed-b790-79277426ed98/remove_router_interface 2.907s
