2025-05-19 14:58:09.014 71148 INFO tempest.lib.common.dynamic_creds [-] Created isolated network resources for: credentials: Credentials: {'domain_id': 'default', 'domain_name': 'Default', 'username': 'tempest-ImagesMetadataNegativeTestJSON-780122512-project-member', 'project_domain_id': 'default', 'project_domain_name': 'Default', 'project_id': '0042ff584aad482bab2abebfe97cb90f', 'project_name': 'tempest-ImagesMetadataNegativeTestJSON-780122512', 'tenant_id': '0042ff584aad482bab2abebfe97cb90f', 'tenant_name': 'tempest-ImagesMetadataNegativeTestJSON-780122512', 'user_domain_id': 'default', 'user_domain_name': 'Default', 'user_id': 'afb753014f834693997540634c2292d5', 'system': None}, Network: None, Subnet: None, Router: None
2025-05-19 14:58:09.114 71164 INFO tempest.lib.common.rest_client [req-d243469d-7bd3-4f6f-aebd-1668d7b0ca30 req-d243469d-7bd3-4f6f-aebd-1668d7b0ca30 ] Request (ServicesAdminNegativeV253TestJSON:tearDownClass): 204 DELETE http://10.180.1.21/identity/v3/projects/358c84f149e94e8ca40ac3c97656059c 0.237s
2025-05-19 14:58:09.114 71164 INFO tempest.lib.common.dynamic_creds [-] Deleting project and security group for project: 27a2c0d5cb7b4ad2b803585d7fb4959d
2025-05-19 14:58:09.205 71150 INFO tempest.lib.common.rest_client [req-cee9e78f-ca55-4590-b18d-da5947ff338c req-cee9e78f-ca55-4590-b18d-da5947ff338c ] Request (ServersWithSpecificFlavorTestJSON:setUpClass): 204 PUT http://10.180.1.21/identity/v3/projects/ebc8d7811454497e95feee78842742ad/users/82e179cfe87e4a739830cbe051b0bece/roles/7de3c005fb964684abe0658d2f7b61e1 0.291s
2025-05-19 14:58:09.211 71140 INFO tempest.lib.common.rest_client [req-cf323d58-df0e-4ef7-ba26-9ce500666cca req-cf323d58-df0e-4ef7-ba26-9ce500666cca ] Request (DeleteServersAdminTestJSON:test_admin_delete_servers_of_others): 202 POST http://10.180.1.21/compute/v2.1/servers 3.114s
2025-05-19 14:58:09.281 71176 INFO tempest.lib.common.rest_client [req-6d4132d1-f4a2-45fa-b354-734a9d0f2220 req-6d4132d1-f4a2-45fa-b354-734a9d0f2220 ] Request (VolumesAssistedSnapshotsTest:setUpClass): 204 PUT http://10.180.1.21/identity/v3/projects/8de2e33a1f264bf4b800a72ff0c17522/users/c0f3b0388fe24811995da05f57f1b0a9/roles/7de3c005fb964684abe0658d2f7b61e1 0.338s
2025-05-19 14:58:09.281 71176 INFO tempest.lib.common.dynamic_creds [-] Dynamic test user c0f3b0388fe24811995da05f57f1b0a9 is created with scope project and roles: ['admin']
2025-05-19 14:58:09.281 71176 INFO tempest.lib.common.dynamic_creds [-] Acquired dynamic creds: credentials: Credentials: {'domain_id': 'default', 'domain_name': 'Default', 'username': 'tempest-VolumesAssistedSnapshotsTest-1008525345-project-admin', 'project_domain_id': 'default', 'project_domain_name': 'Default', 'project_id': '8de2e33a1f264bf4b800a72ff0c17522', 'project_name': 'tempest-VolumesAssistedSnapshotsTest-1008525345', 'tenant_id': '8de2e33a1f264bf4b800a72ff0c17522', 'tenant_name': 'tempest-VolumesAssistedSnapshotsTest-1008525345', 'user_domain_id': 'default', 'user_domain_name': 'Default', 'user_id': 'c0f3b0388fe24811995da05f57f1b0a9', 'system': None}, Network: None, Subnet: None, Router: None
2025-05-19 14:58:09.327 71168 INFO tempest.lib.common.rest_client [req-939a1977-d510-4fbd-8286-0ac67f9e7e6c req-939a1977-d510-4fbd-8286-0ac67f9e7e6c ] Request (ServersAdmin275Test:tearDownClass): 204 DELETE http://10.180.1.21/compute/v2.1/servers/7dac36e9-3266-4403-8760-5afc0278ca46 2.942s
2025-05-19 14:58:09.337 71148 INFO tempest.lib.common.rest_client [req-e63f0e1c-e46e-4c17-bace-bc7db71c3474 req-e63f0e1c-e46e-4c17-bace-bc7db71c3474 ] Request (ImagesMetadataNegativeTestJSON:setUpClass): 201 POST http://10.180.1.21/identity/v3/auth/tokens 0.320s
2025-05-19 14:58:09.342 71164 INFO tempest.lib.common.rest_client [req-24a245c6-15d9-4911-bb88-2407254aed0c req-24a245c6-15d9-4911-bb88-2407254aed0c ] Request (ServicesAdminNegativeV253TestJSON:tearDownClass): 200 GET http://10.180.1.21:9696/networking/v2.0/security-groups?tenant_id=27a2c0d5cb7b4ad2b803585d7fb4959d&name=default 0.228s
2025-05-19 14:58:09.357 71150 INFO tempest.lib.common.rest_client [req-f0e4a53b-549e-43ef-8a7c-9500755f58bc req-f0e4a53b-549e-43ef-8a7c-9500755f58bc ] Request (ServersWithSpecificFlavorTestJSON:setUpClass): 200 GET http://10.180.1.21/identity/v3/roles 0.151s
2025-05-19 14:58:09.465 71150 INFO tempest.lib.common.rest_client [req-ae04e4ec-db7d-4c52-b590-39b435251fe0 req-ae04e4ec-db7d-4c52-b590-39b435251fe0 ] Request (ServersWithSpecificFlavorTestJSON:setUpClass): 204 PUT http://10.180.1.21/identity/v3/projects/ebc8d7811454497e95feee78842742ad/users/82e179cfe87e4a739830cbe051b0bece/roles/7de3c005fb964684abe0658d2f7b61e1 0.108s
2025-05-19 14:58:09.466 71150 INFO tempest.lib.common.dynamic_creds [-] Dynamic test user 82e179cfe87e4a739830cbe051b0bece is created with scope project and roles: ['admin']
2025-05-19 14:58:09.466 71150 INFO tempest.lib.common.dynamic_creds [-] Acquired dynamic creds: credentials: Credentials: {'domain_id': 'default', 'domain_name': 'Default', 'username': 'tempest-ServersWithSpecificFlavorTestJSON-1171026958-project-admin', 'project_domain_id': 'default', 'project_domain_name': 'Default', 'project_id': 'ebc8d7811454497e95feee78842742ad', 'project_name': 'tempest-ServersWithSpecificFlavorTestJSON-1171026958', 'tenant_id': 'ebc8d7811454497e95feee78842742ad', 'tenant_name': 'tempest-ServersWithSpecificFlavorTestJSON-1171026958', 'user_domain_id': 'default', 'user_domain_name': 'Default', 'user_id': '82e179cfe87e4a739830cbe051b0bece', 'system': None}, Network: None, Subnet: None, Router: None
2025-05-19 14:58:09.476 71138 INFO tempest.lib.common.rest_client [req-fefe6f87-9126-42cb-af52-83a996850180 req-fefe6f87-9126-42cb-af52-83a996850180 ] Request (MigrationsAdminTest:test_list_migrations): 200 GET http://10.180.1.21/compute/v2.1/os-migrations 2.906s
2025-05-19 14:58:09.478 71156 INFO tempest.lib.common.rest_client [req-00f70fa1-2a8d-4d59-91ce-9f286a287994 req-00f70fa1-2a8d-4d59-91ce-9f286a287994 ] Request (AZAdminV2TestJSON:test_get_availability_zone_list): 200 GET http://10.180.1.21/compute/v2.1/os-availability-zone 3.065s
2025-05-19 14:58:09.504 71164 INFO tempest.lib.common.rest_client [req-3d4c4034-3c42-40a4-bbc6-5fa4cfaeaa70 req-3d4c4034-3c42-40a4-bbc6-5fa4cfaeaa70 ] Request (ServicesAdminNegativeV253TestJSON:tearDownClass): 204 DELETE http://10.180.1.21:9696/networking/v2.0/security-groups/9356be5a-1878-40c5-a8a2-89cad78aac86 0.161s
2025-05-19 14:58:09.559 71138 INFO tempest.lib.common.rest_client [req-5ff47484-9641-41a1-8fe8-b70fc934fd62 req-5ff47484-9641-41a1-8fe8-b70fc934fd62 ] Request (MigrationsAdminTest:test_list_migrations_in_flavor_resize_situation): 201 POST http://10.180.1.21/identity/v3/auth/tokens 0.074s
2025-05-19 14:58:09.560 71138 INFO tempest.lib.common.fixed_network [-] (MigrationsAdminTest:test_list_migrations_in_flavor_resize_situation) Found network None available for tenant
2025-05-19 14:58:09.572 71182 INFO tempest.lib.common.rest_client [req-0b6b0c40-0fc4-4acd-8417-bd48d18f6498 req-0b6b0c40-0fc4-4acd-8417-bd48d18f6498 ] Request (AggregatesAdminNegativeTestJSON:test_aggregate_add_existent_host): 409 POST http://10.180.1.21/compute/v2.1/os-aggregates/1/action 2.901s
2025-05-19 14:58:09.607 71176 INFO tempest.lib.common.rest_client [req-fa9fa0d8-669e-4552-91c7-a97cfda61883 req-fa9fa0d8-669e-4552-91c7-a97cfda61883 ] Request (VolumesAssistedSnapshotsTest:setUpClass): 201 POST http://10.180.1.21:9696/networking/v2.0/networks 0.325s
2025-05-19 14:58:09.625 71144 INFO tempest.lib.common.rest_client [req-46030bcf-3d74-48e8-8471-d67ac3988334 req-46030bcf-3d74-48e8-8471-d67ac3988334 ] Request (HostsAdminTestJSON:test_list_hosts): 200 GET http://10.180.1.21/compute/v2.1/os-hosts 2.702s
2025-05-19 14:58:09.678 71194 INFO tempest.lib.common.rest_client [req-38eeae49-3afe-4234-ac29-35b6f2a705a6 req-38eeae49-3afe-4234-ac29-35b6f2a705a6 ] Request (InstanceUsageAuditLogNegativeTestJSON:test_get_instance_usage_audit_logs_with_invalid_time): 400 GET http://10.180.1.21/compute/v2.1/os-instance_usage_audit_log/invalid_time 2.612s
2025-05-19 14:58:09.725 71164 INFO tempest.lib.common.rest_client [req-696a30a9-8823-491e-bed7-f98f430da2f3 req-696a30a9-8823-491e-bed7-f98f430da2f3 ] Request (ServicesAdminNegativeV253TestJSON:tearDownClass): 204 DELETE http://10.180.1.21/identity/v3/projects/27a2c0d5cb7b4ad2b803585d7fb4959d 0.221s
2025-05-19 14:58:09.760 71150 INFO tempest.lib.common.rest_client [req-6fb9ef56-bbae-4835-b168-edde87526507 req-6fb9ef56-bbae-4835-b168-edde87526507 ] Request (ServersWithSpecificFlavorTestJSON:setUpClass): 201 POST http://10.180.1.21:9696/networking/v2.0/networks 0.293s
2025-05-19 14:58:09.832 71134 INFO tempest.lib.common.rest_client [req-b4675ac3-977d-43d2-af2a-7505e66998ec req-b4675ac3-977d-43d2-af2a-7505e66998ec ] Request (HypervisorAdminNegativeTestJSON:test_get_hypervisor_list_details_with_non_admin_user): 403 GET http://10.180.1.21/compute/v2.1/os-hypervisors/detail 2.538s
2025-05-19 14:58:09.884 71166 INFO tempest.lib.common.rest_client [req-86b536e0-f0dc-4f52-8e16-4d8975c3dda2 req-86b536e0-f0dc-4f52-8e16-4d8975c3dda2 ] Request (FlavorMetadataValidation:test_flavor_update_with_custom_namespace): 200 POST http://10.180.1.21/compute/v2.1/flavors 2.659s
2025-05-19 14:58:09.926 71164 INFO tempest.lib.common.rest_client [req-36e4e8c0-9199-4ec6-8b99-c35db73b41e5 req-36e4e8c0-9199-4ec6-8b99-c35db73b41e5 ] Request (FlavorsV2NegativeTest:setUpClass): 201 POST http://10.180.1.21/identity/v3/auth/tokens 0.200s
2025-05-19 14:58:09.930 71136 INFO tempest.lib.common.rest_client [req-c6d95937-f440-47ed-a91e-6f28be3e2424 req-c6d95937-f440-47ed-a91e-6f28be3e2424 ] Request (AZAdminNegativeTestJSON:test_get_availability_zone_list_detail_with_non_admin_user): 403 GET http://10.180.1.21/compute/v2.1/os-availability-zone/detail 2.570s
2025-05-19 14:58:09.935 71196 INFO tempest.lib.common.rest_client [req-8538f3ed-bd30-497c-8576-cd24db99b7cf req-8538f3ed-bd30-497c-8576-cd24db99b7cf ] Request (MultipleCreateNegativeTestJSON:test_min_count_non_integer): 400 POST http://10.180.1.21/compute/v2.1/servers 2.392s
2025-05-19 14:58:09.971 71142 INFO tempest.lib.common.rest_client [req-cc2440cf-93c4-401a-b111-4584c139fec7 req-cc2440cf-93c4-401a-b111-4584c139fec7 ] Request (FlavorsAdminTestJSON:_run_cleanups): 202 DELETE http://10.180.1.21/compute/v2.1/flavors/1984027100 2.393s
2025-05-19 14:58:09.971 71176 INFO tempest.lib.common.rest_client [req-d0713fbf-30c7-4ea4-b7c3-8fdd2eee2bcf req-d0713fbf-30c7-4ea4-b7c3-8fdd2eee2bcf ] Request (VolumesAssistedSnapshotsTest:setUpClass): 201 POST http://10.180.1.21:9696/networking/v2.0/subnets 0.363s
2025-05-19 14:58:09.983 71164 INFO tempest.lib.common.rest_client [req-c5821228-71fd-43f3-9b49-73e8c06ecaed req-c5821228-71fd-43f3-9b49-73e8c06ecaed ] Request (FlavorsV2NegativeTest:setUpClass): 201 POST http://10.180.1.21/identity/v3/auth/tokens 0.051s
2025-05-19 14:58:10.057 71192 INFO tempest.lib.common.rest_client [req-ce1c2437-412c-409b-8276-ff58dba5c4c1 req-ce1c2437-412c-409b-8276-ff58dba5c4c1 ] Request (HypervisorAdminNegativeUnderV252Test:test_search_hypervisor_with_non_admin_user): 200 GET http://10.180.1.21/compute/v2.1/os-hypervisors 2.616s
2025-05-19 14:58:10.080 71154 INFO tempest.lib.common.rest_client [req-a94d7db0-c44a-488c-acfd-f2fba775b517 req-a94d7db0-c44a-488c-acfd-f2fba775b517 ] Request (ServicesAdminTestJSON:test_get_service_by_service_binary_name): 200 GET http://10.180.1.21/compute/v2.1/os-services?binary=nova-compute 2.457s
2025-05-19 14:58:10.114 71150 INFO tempest.lib.common.rest_client [req-f0246aa6-28bf-4565-9a4c-5ec918102b97 req-f0246aa6-28bf-4565-9a4c-5ec918102b97 ] Request (ServersWithSpecificFlavorTestJSON:setUpClass): 201 POST http://10.180.1.21:9696/networking/v2.0/subnets 0.354s
2025-05-19 14:58:10.189 71196 INFO tempest.lib.common.rest_client [req-c6b315d4-069f-45b1-b577-99c608379e26 req-c6b315d4-069f-45b1-b577-99c608379e26 ] Request (MultipleCreateNegativeTestJSON:tearDownClass): 204 DELETE http://10.180.1.21/identity/v3/users/66d5534471bc4df18167b6d7bfad2bbe 0.253s
2025-05-19 14:58:10.190 71196 INFO tempest.lib.common.dynamic_creds [-] Deleting project and security group for project: 6937d3e2ee7b470b96d5b86ec2c88fb3
2025-05-19 14:58:10.194 71136 INFO tempest.lib.common.rest_client [req-f4963fb7-4114-42a1-b92d-418382bebdb8 req-f4963fb7-4114-42a1-b92d-418382bebdb8 ] Request (AZAdminNegativeTestJSON:tearDownClass): 204 DELETE http://10.180.1.21/identity/v3/users/4ceba6940ee34605bdbded936c2ee648 0.256s
2025-05-19 14:58:10.296 71164 INFO tempest.lib.common.rest_client [req-8099d1fe-cefb-4dc4-9bae-e71625982be5 req-8099d1fe-cefb-4dc4-9bae-e71625982be5 ] Request (FlavorsV2NegativeTest:setUpClass): 200 GET http://10.180.1.21/identity/v3/domains?name=Default 0.312s
2025-05-19 14:58:10.418 71196 INFO tempest.lib.common.rest_client [req-9df96a0b-f08c-4a64-9cad-22f19627bd5d req-9df96a0b-f08c-4a64-9cad-22f19627bd5d ] Request (MultipleCreateNegativeTestJSON:tearDownClass): 201 POST http://10.180.1.21/identity/v3/auth/tokens 0.228s
2025-05-19 14:58:10.479 71190 INFO tempest.lib.common.rest_client [req-6cf78460-3f25-43e3-aa26-645c412fbf59 req-6cf78460-3f25-43e3-aa26-645c412fbf59 ] Request (HypervisorAdminV253TestBase:test_list_show_detail_hypervisors): 200 GET http://10.180.1.21/compute/v2.1/os-hypervisors/detail?with_servers=True 2.737s
2025-05-19 14:58:10.516 71164 INFO tempest.lib.common.rest_client [req-9f87f488-e292-4bfe-b3f4-dd71576777c9 req-9f87f488-e292-4bfe-b3f4-dd71576777c9 ] Request (FlavorsV2NegativeTest:setUpClass): 201 POST http://10.180.1.21/identity/v3/projects 0.220s
2025-05-19 14:58:10.586 71136 INFO tempest.lib.common.rest_client [req-5e334009-6873-476e-9f1d-535faed00df3 req-5e334009-6873-476e-9f1d-535faed00df3 ] Request (AZAdminNegativeTestJSON:tearDownClass): 204 DELETE http://10.180.1.21/identity/v3/users/a8c2de362adc4e02b95844f490859957 0.392s
2025-05-19 14:58:10.586 71136 INFO tempest.lib.common.dynamic_creds [-] Deleting project and security group for project: 9b71de2e55f44642a843f044a8f3b4a0
2025-05-19 14:58:10.741 71184 INFO tempest.lib.common.rest_client [req-89a03774-90a8-4231-8e2f-5646d423fcd5 req-89a03774-90a8-4231-8e2f-5646d423fcd5 ] Request (InstanceUsageAuditLogTestJSON:test_get_instance_usage_audit_log): 200 GET http://10.180.1.21/compute/v2.1/os-instance_usage_audit_log/2025-05-19%2014%3A58%3A07 2.927s
2025-05-19 14:58:10.896 71164 INFO tempest.lib.common.rest_client [req-28e5f131-7d0e-4299-81c0-29febd98d288 req-28e5f131-7d0e-4299-81c0-29febd98d288 ] Request (FlavorsV2NegativeTest:setUpClass): 201 POST http://10.180.1.21/identity/v3/users 0.375s
2025-05-19 14:58:10.901 71158 INFO tempest.lib.common.rest_client [req-08e020c7-3a8c-4948-add9-45ea69c27967 req-08e020c7-3a8c-4948-add9-45ea69c27967 ] Request (ServersAdminNegativeTestJSON:setUpClass): 202 POST http://10.180.1.21/compute/v2.1/servers 3.305s
2025-05-19 14:58:11.014 71190 INFO tempest.lib.common.rest_client [req-37b69718-c060-49b1-a08b-83c8b01ebd79 req-37b69718-c060-49b1-a08b-83c8b01ebd79 ] Request (HypervisorAdminV253TestBase:tearDownClass): 204 DELETE http://10.180.1.21/identity/v3/users/3a02f05a76394e468ac27b318ba7469d 0.512s
2025-05-19 14:58:11.017 71196 INFO tempest.lib.common.rest_client [req-30efe3df-e311-42d1-8163-b8036b54c649 req-30efe3df-e311-42d1-8163-b8036b54c649 ] Request (MultipleCreateNegativeTestJSON:tearDownClass): 200 GET http://10.180.1.21:9696/networking/v2.0/security-groups?tenant_id=6937d3e2ee7b470b96d5b86ec2c88fb3&name=default 0.598s
2025-05-19 14:58:11.027 71136 INFO tempest.lib.common.rest_client [req-cb6bb459-7d72-46af-9d1b-b5fe33d181f4 req-cb6bb459-7d72-46af-9d1b-b5fe33d181f4 ] Request (AZAdminNegativeTestJSON:tearDownClass): 201 POST http://10.180.1.21/identity/v3/auth/tokens 0.440s
2025-05-19 14:58:11.099 71164 INFO tempest.lib.common.rest_client [req-c0aaf507-4324-48d9-9bd7-1fddd2a1c666 req-c0aaf507-4324-48d9-9bd7-1fddd2a1c666 ] Request (FlavorsV2NegativeTest:setUpClass): 200 GET http://10.180.1.21/identity/v3/roles 0.203s
2025-05-19 14:58:11.230 71178 INFO tempest.lib.common.rest_client [req-a514289d-f692-4dbf-a5b6-e20aa31e9a01 req-a514289d-f692-4dbf-a5b6-e20aa31e9a01 ] Request (HypervisorAdminTestJSON:test_get_hypervisor_list): 200 GET http://10.180.1.21/compute/v2.1/os-hypervisors 3.135s
2025-05-19 14:58:11.265 71152 INFO tempest.lib.common.rest_client [req-1b907e77-61d6-4457-8217-401ee9bab4f2 req-1b907e77-61d6-4457-8217-401ee9bab4f2 ] Request (KeyPairsV210TestJSON:test_admin_manage_keypairs_for_other_users): 201 POST http://10.180.1.21/compute/v2.1/os-keypairs 3.225s
2025-05-19 14:58:11.312 71196 INFO tempest.lib.common.rest_client [req-ae3661d8-3549-42f3-a8e7-57a787b91ce0 req-ae3661d8-3549-42f3-a8e7-57a787b91ce0 ] Request (MultipleCreateNegativeTestJSON:tearDownClass): 204 DELETE http://10.180.1.21:9696/networking/v2.0/security-groups/12b3c754-c42b-4efe-8ca6-198a8e627352 0.292s
2025-05-19 14:58:11.325 71190 INFO tempest.lib.common.rest_client [req-dda7bdf7-33b1-43d2-adc8-28fc58238154 req-dda7bdf7-33b1-43d2-adc8-28fc58238154 ] Request (HypervisorAdminV253TestBase:tearDownClass): 204 DELETE http://10.180.1.21/identity/v3/users/9487fafff48542e68e4bf98f67a13810 0.310s
2025-05-19 14:58:11.325 71190 INFO tempest.lib.common.dynamic_creds [-] Deleting project and security group for project: 9050a6b41e9f4f4bb31eb30f99b0e7d9
2025-05-19 14:58:11.339 71164 INFO tempest.lib.common.rest_client [req-fd5c2cfe-8bac-4782-9f71-55a286a18894 req-fd5c2cfe-8bac-4782-9f71-55a286a18894 ] Request (FlavorsV2NegativeTest:setUpClass): 204 PUT http://10.180.1.21/identity/v3/projects/87f5921216ad4d79b7530d5b93726f34/users/41ceaf7ba023461194d75049bf305191/roles/fe1ba9b3a9884c8cbe966d6f4bf0d8a0 0.238s
2025-05-19 14:58:11.339 71164 INFO tempest.lib.common.dynamic_creds [-] Dynamic test user 41ceaf7ba023461194d75049bf305191 is created with scope project and roles: ['member']
2025-05-19 14:58:11.340 71164 INFO tempest.lib.common.dynamic_creds [-] Acquired dynamic creds: credentials: Credentials: {'domain_id': 'default', 'domain_name': 'Default', 'username': 'tempest-FlavorsV2NegativeTest-1352106021-project-member', 'project_domain_id': 'default', 'project_domain_name': 'Default', 'project_id': '87f5921216ad4d79b7530d5b93726f34', 'project_name': 'tempest-FlavorsV2NegativeTest-1352106021', 'tenant_id': '87f5921216ad4d79b7530d5b93726f34', 'tenant_name': 'tempest-FlavorsV2NegativeTest-1352106021', 'user_domain_id': 'default', 'user_domain_name': 'Default', 'user_id': '41ceaf7ba023461194d75049bf305191', 'system': None}, Network: None, Subnet: None, Router: None
2025-05-19 14:58:11.340 71164 INFO tempest.lib.common.dynamic_creds [-] Created isolated network resources for: credentials: Credentials: {'domain_id': 'default', 'domain_name': 'Default', 'username': 'tempest-FlavorsV2NegativeTest-1352106021-project-member', 'project_domain_id': 'default', 'project_domain_name': 'Default', 'project_id': '87f5921216ad4d79b7530d5b93726f34', 'project_name': 'tempest-FlavorsV2NegativeTest-1352106021', 'tenant_id': '87f5921216ad4d79b7530d5b93726f34', 'tenant_name': 'tempest-FlavorsV2NegativeTest-1352106021', 'user_domain_id': 'default', 'user_domain_name': 'Default', 'user_id': '41ceaf7ba023461194d75049bf305191', 'system': None}, Network: None, Subnet: None, Router: None
2025-05-19 14:58:11.440 71136 INFO tempest.lib.common.rest_client [req-68ddc2dc-12ce-4a24-a7e7-19519cf82044 req-68ddc2dc-12ce-4a24-a7e7-19519cf82044 ] Request (AZAdminNegativeTestJSON:tearDownClass): 200 GET http://10.180.1.21:9696/networking/v2.0/security-groups?tenant_id=9b71de2e55f44642a843f044a8f3b4a0&name=default 0.413s
2025-05-19 14:58:11.477 71174 INFO tempest.lib.common.rest_client [req-c97814ae-d3d0-4103-8808-1af5dc424353 req-c97814ae-d3d0-4103-8808-1af5dc424353 ] Request (FlavorsExtraSpecsNegativeTestJSON:setUpClass): 200 POST http://10.180.1.21/compute/v2.1/flavors 3.334s
2025-05-19 14:58:11.518 71150 INFO tempest.lib.common.rest_client [req-3c4b657f-40b7-471f-8012-3df38faf6aa6 req-3c4b657f-40b7-471f-8012-3df38faf6aa6 ] Request (ServersWithSpecificFlavorTestJSON:setUpClass): 201 POST http://10.180.1.21:9696/networking/v2.0/routers 1.403s
2025-05-19 14:58:11.524 71190 INFO tempest.lib.common.rest_client [req-171d5d1e-35a8-44e7-9f9b-4a834df45de5 req-171d5d1e-35a8-44e7-9f9b-4a834df45de5 ] Request (HypervisorAdminV253TestBase:tearDownClass): 201 POST http://10.180.1.21/identity/v3/auth/tokens 0.198s
2025-05-19 14:58:11.589 71176 INFO tempest.lib.common.rest_client [req-2e0191b6-0675-47e6-8238-59676e7748b1 req-2e0191b6-0675-47e6-8238-59676e7748b1 ] Request (VolumesAssistedSnapshotsTest:setUpClass): 201 POST http://10.180.1.21:9696/networking/v2.0/routers 1.618s
2025-05-19 14:58:11.630 71196 INFO tempest.lib.common.rest_client [req-e7f52f0c-645d-489c-8bb3-05e2b24759df req-e7f52f0c-645d-489c-8bb3-05e2b24759df ] Request (MultipleCreateNegativeTestJSON:tearDownClass): 204 DELETE http://10.180.1.21/identity/v3/projects/6937d3e2ee7b470b96d5b86ec2c88fb3 0.317s
2025-05-19 14:58:11.631 71196 INFO tempest.test [-] raised in NoVNCConsoleTestJSON.setUpClass. Invoking tearDownClass.
2025-05-19 14:58:11.633 71196 INFO tempest.test [-] raised in ServerPersonalityTestJSON.setUpClass. Invoking tearDownClass.
2025-05-19 14:58:11.649 71164 INFO tempest.lib.common.rest_client [req-d79f5b5c-714c-4cca-bef6-418238c7d7db req-d79f5b5c-714c-4cca-bef6-418238c7d7db ] Request (FlavorsV2NegativeTest:setUpClass): 201 POST http://10.180.1.21/identity/v3/auth/tokens 0.302s
2025-05-19 14:58:11.795 71136 INFO tempest.lib.common.rest_client [req-7ac389b8-1c7b-43cd-bb58-bdc82211e83a req-7ac389b8-1c7b-43cd-bb58-bdc82211e83a ] Request (AZAdminNegativeTestJSON:tearDownClass): 204 DELETE http://10.180.1.21:9696/networking/v2.0/security-groups/d5696e55-877a-40f9-88db-acbe2f120fa7 0.354s
2025-05-19 14:58:11.938 71136 INFO tempest.lib.common.rest_client [req-87172c04-d76e-453a-b2e4-f8ad9bcdea2f req-87172c04-d76e-453a-b2e4-f8ad9bcdea2f ] Request (AZAdminNegativeTestJSON:tearDownClass): 204 DELETE http://10.180.1.21/identity/v3/projects/9b71de2e55f44642a843f044a8f3b4a0 0.142s
2025-05-19 14:58:11.938 71136 INFO tempest.lib.common.dynamic_creds [-] Deleting project and security group for project: 2283f09d4acc4ffc8b15475173dc5d87
2025-05-19 14:58:12.077 71190 INFO tempest.lib.common.rest_client [req-7f16f7a3-0387-42e3-8912-f57160e61933 req-7f16f7a3-0387-42e3-8912-f57160e61933 ] Request (HypervisorAdminV253TestBase:tearDownClass): 200 GET http://10.180.1.21:9696/networking/v2.0/security-groups?tenant_id=9050a6b41e9f4f4bb31eb30f99b0e7d9&name=default 0.553s
2025-05-19 14:58:12.108 71160 INFO tempest.lib.common.rest_client [req-5db2de8f-2b0f-4751-b238-e1a91f12e097 req-5db2de8f-2b0f-4751-b238-e1a91f12e097 ] Request (QuotasAdminTestV236:test_get_updated_quotas): 200 PUT http://10.180.1.21/compute/v2.1/os-quota-sets/d6ffabad0e2f48a98abbf88e0df89e29 3.788s
2025-05-19 14:58:12.162 71136 INFO tempest.lib.common.rest_client [req-2d1e1ba3-f706-4297-8167-3ccace5b4f8e req-2d1e1ba3-f706-4297-8167-3ccace5b4f8e ] Request (AZAdminNegativeTestJSON:tearDownClass): 200 GET http://10.180.1.21:9696/networking/v2.0/security-groups?tenant_id=2283f09d4acc4ffc8b15475173dc5d87&name=default 0.223s
2025-05-19 14:58:12.242 71190 INFO tempest.lib.common.rest_client [req-7169e793-a145-438e-919c-08d0f80a899b req-7169e793-a145-438e-919c-08d0f80a899b ] Request (HypervisorAdminV253TestBase:tearDownClass): 204 DELETE http://10.180.1.21:9696/networking/v2.0/security-groups/97bd9f51-3188-4fc5-bd0a-d15eb60bfb7c 0.165s
2025-05-19 14:58:12.303 71136 INFO tempest.lib.common.rest_client [req-5c707d4c-9ddd-4f2a-b478-9a6147ab7f67 req-5c707d4c-9ddd-4f2a-b478-9a6147ab7f67 ] Request (AZAdminNegativeTestJSON:tearDownClass): 204 DELETE http://10.180.1.21:9696/networking/v2.0/security-groups/9ee7131b-07cd-4ffd-a1f2-da4bbc15d479 0.141s
2025-05-19 14:58:12.429 71136 INFO tempest.lib.common.rest_client [req-490d3b29-06ce-44df-b852-24a78500f463 req-490d3b29-06ce-44df-b852-24a78500f463 ] Request (AZAdminNegativeTestJSON:tearDownClass): 204 DELETE http://10.180.1.21/identity/v3/projects/2283f09d4acc4ffc8b15475173dc5d87 0.124s
2025-05-19 14:58:12.436 71190 INFO tempest.lib.common.rest_client [req-2652d951-d382-4f95-b3e6-0e79afee65e4 req-2652d951-d382-4f95-b3e6-0e79afee65e4 ] Request (HypervisorAdminV253TestBase:tearDownClass): 204 DELETE http://10.180.1.21/identity/v3/projects/9050a6b41e9f4f4bb31eb30f99b0e7d9 0.193s
2025-05-19 14:58:12.436 71190 INFO tempest.lib.common.dynamic_creds [-] Deleting project and security group for project: b03175962bf44ab0b69c517b46b21ad7
2025-05-19 14:58:12.486 71146 INFO tempest.lib.common.rest_client [req-18094de9-1132-4ebe-bdbd-d07815e148cc req-18094de9-1132-4ebe-bdbd-d07815e148cc ] Request (ImagesOneServerTestJSON:setUpClass): 202 POST http://10.180.1.21/compute/v2.1/servers 4.249s
2025-05-19 14:58:12.537 71136 INFO tempest.lib.common.rest_client [req-058b3462-bcf0-4c57-843f-885397e2246e req-058b3462-bcf0-4c57-843f-885397e2246e ] Request (FlavorsAccessTestJSON:setUpClass): 201 POST http://10.180.1.21/identity/v3/auth/tokens 0.107s
2025-05-19 14:58:12.580 71136 INFO tempest.lib.common.rest_client [req-369b08c2-730e-44f5-ae3f-e32a45ef983c req-369b08c2-730e-44f5-ae3f-e32a45ef983c ] Request (FlavorsAccessTestJSON:setUpClass): 201 POST http://10.180.1.21/identity/v3/auth/tokens 0.038s
2025-05-19 14:58:12.673 71136 INFO tempest.lib.common.rest_client [req-6b584509-0fa4-459f-8c6c-74b0e33fb4b2 req-6b584509-0fa4-459f-8c6c-74b0e33fb4b2 ] Request (FlavorsAccessTestJSON:setUpClass): 200 GET http://10.180.1.21/identity/v3/domains?name=Default 0.092s
2025-05-19 14:58:12.726 71170 INFO tempest.lib.common.rest_client [req-81dcf44e-e21a-4915-ad46-41838b3f38e0 req-81dcf44e-e21a-4915-ad46-41838b3f38e0 ] Request (ServersTestJSON:setUpClass): 200 POST http://10.180.1.21/compute/v2.1/os-keypairs 4.112s
2025-05-19 14:58:12.730 71136 INFO tempest.lib.common.rest_client [req-a2ebf605-ff8d-47e6-a825-c330f96af057 req-a2ebf605-ff8d-47e6-a825-c330f96af057 ] Request (FlavorsAccessTestJSON:setUpClass): 201 POST http://10.180.1.21/identity/v3/projects 0.056s
2025-05-19 14:58:12.803 71190 INFO tempest.lib.common.rest_client [req-38868360-357a-4ad5-aaf8-41c90fa74805 req-38868360-357a-4ad5-aaf8-41c90fa74805 ] Request (HypervisorAdminV253TestBase:tearDownClass): 200 GET http://10.180.1.21:9696/networking/v2.0/security-groups?tenant_id=b03175962bf44ab0b69c517b46b21ad7&name=default 0.367s
2025-05-19 14:58:12.826 71136 INFO tempest.lib.common.rest_client [req-7097b241-fb80-49e9-9aaa-ff6ccb34b109 req-7097b241-fb80-49e9-9aaa-ff6ccb34b109 ] Request (FlavorsAccessTestJSON:setUpClass): 201 POST http://10.180.1.21/identity/v3/users 0.096s
2025-05-19 14:58:12.873 71136 INFO tempest.lib.common.rest_client [req-68e072af-f9aa-473a-be44-05625c51c0a3 req-68e072af-f9aa-473a-be44-05625c51c0a3 ] Request (FlavorsAccessTestJSON:setUpClass): 200 GET http://10.180.1.21/identity/v3/roles 0.047s
2025-05-19 14:58:12.915 71136 INFO tempest.lib.common.rest_client [req-faa2b800-38fa-4e30-b267-85a49b1a1a20 req-faa2b800-38fa-4e30-b267-85a49b1a1a20 ] Request (FlavorsAccessTestJSON:setUpClass): 204 PUT http://10.180.1.21/identity/v3/projects/2c8def5485814530b4bf0ae8d2b0dbcf/users/2efb7cfb02704a10a40fd3882509ae4e/roles/fe1ba9b3a9884c8cbe966d6f4bf0d8a0 0.041s
2025-05-19 14:58:12.915 71136 INFO tempest.lib.common.dynamic_creds [-] Dynamic test user 2efb7cfb02704a10a40fd3882509ae4e is created with scope project and roles: ['member']
2025-05-19 14:58:12.916 71136 INFO tempest.lib.common.dynamic_creds [-] Acquired dynamic creds: credentials: Credentials: {'domain_id': 'default', 'domain_name': 'Default', 'username': 'tempest-FlavorsAccessTestJSON-1853478801-project-member', 'project_domain_id': 'default', 'project_domain_name': 'Default', 'project_id': '2c8def5485814530b4bf0ae8d2b0dbcf', 'project_name': 'tempest-FlavorsAccessTestJSON-1853478801', 'tenant_id': '2c8def5485814530b4bf0ae8d2b0dbcf', 'tenant_name': 'tempest-FlavorsAccessTestJSON-1853478801', 'user_domain_id': 'default', 'user_domain_name': 'Default', 'user_id': '2efb7cfb02704a10a40fd3882509ae4e', 'system': None}, Network: None, Subnet: None, Router: None
2025-05-19 14:58:12.916 71136 INFO tempest.lib.common.dynamic_creds [-] Created isolated network resources for: credentials: Credentials: {'domain_id': 'default', 'domain_name': 'Default', 'username': 'tempest-FlavorsAccessTestJSON-1853478801-project-member', 'project_domain_id': 'default', 'project_domain_name': 'Default', 'project_id': '2c8def5485814530b4bf0ae8d2b0dbcf', 'project_name': 'tempest-FlavorsAccessTestJSON-1853478801', 'tenant_id': '2c8def5485814530b4bf0ae8d2b0dbcf', 'tenant_name': 'tempest-FlavorsAccessTestJSON-1853478801', 'user_domain_id': 'default', 'user_domain_name': 'Default', 'user_id': '2efb7cfb02704a10a40fd3882509ae4e', 'system': None}, Network: None, Subnet: None, Router: None
2025-05-19 14:58:12.976 71170 INFO tempest.lib.common.rest_client [req-c371ab36-0584-4438-a265-785bc216f8a5 req-c371ab36-0584-4438-a265-785bc216f8a5 ] Request (ServersTestJSON:setUpClass): 201 POST http://10.180.1.21:9696/networking/v2.0/security-groups 0.248s
2025-05-19 14:58:12.995 71190 INFO tempest.lib.common.rest_client [req-681eb4e9-dcf5-40a6-9e90-ceafe31391eb req-681eb4e9-dcf5-40a6-9e90-ceafe31391eb ] Request (HypervisorAdminV253TestBase:tearDownClass): 204 DELETE http://10.180.1.21:9696/networking/v2.0/security-groups/54a27c60-1574-4fd9-9d18-a372e369a2fd 0.191s
2025-05-19 14:58:13.056 71176 INFO tempest.lib.common.rest_client [req-e61e0adc-0893-4598-95f6-111dba920974 req-e61e0adc-0893-4598-95f6-111dba920974 ] Request (VolumesAssistedSnapshotsTest:setUpClass): 200 PUT http://10.180.1.21:9696/networking/v2.0/routers/d0dff34b-e8ed-4809-9750-8a861c4e685d/add_router_interface 1.466s
2025-05-19 14:58:13.057 71176 INFO tempest.lib.common.dynamic_creds [-] Created isolated network resources for: credentials: Credentials: {'domain_id': 'default', 'domain_name': 'Default', 'username': 'tempest-VolumesAssistedSnapshotsTest-1008525345-project-admin', 'project_domain_id': 'default', 'project_domain_name': 'Default', 'project_id': '8de2e33a1f264bf4b800a72ff0c17522', 'project_name': 'tempest-VolumesAssistedSnapshotsTest-1008525345', 'tenant_id': '8de2e33a1f264bf4b800a72ff0c17522', 'tenant_name': 'tempest-VolumesAssistedSnapshotsTest-1008525345', 'user_domain_id': 'default', 'user_domain_name': 'Default', 'user_id': 'c0f3b0388fe24811995da05f57f1b0a9', 'system': None}, Network: {'id': '193b47b2-3d43-4bd5-b406-99f95b717d09', 'name': 'tempest-VolumesAssistedSnapshotsTest-739461089-network', 'tenant_id': '8de2e33a1f264bf4b800a72ff0c17522', 'admin_state_up': True, 'mtu': 8950, 'status': 'ACTIVE', 'subnets': [], 'shared': False, 'project_id': '8de2e33a1f264bf4b800a72ff0c17522', 'port_security_enabled': True, 'router:external': False, 'provider:network_type': 'vlan', 'provider:physical_network': 'default', 'provider:segmentation_id': 3, 'is_default': False, 'availability_zone_hints': [], 'availability_zones': [], 'ipv4_address_scope': None, 'ipv6_address_scope': None, 'description': '', 'tags': [], 'created_at': '2025-05-19T14:58:09Z', 'updated_at': '2025-05-19T14:58:09Z', 'revision_number': 1}, Subnet: {'id': '0e1a8379-4adf-49dc-9acc-bab351b9a2de', 'name': 'tempest-VolumesAssistedSnapshotsTest-739461089-subnet', 'tenant_id': '8de2e33a1f264bf4b800a72ff0c17522', 'network_id': '193b47b2-3d43-4bd5-b406-99f95b717d09', 'ip_version': 4, 'subnetpool_id': None, 'enable_dhcp': True, 'ipv6_ra_mode': None, 'ipv6_address_mode': None, 'gateway_ip': '192.168.128.1', 'cidr': '192.168.128.0/28', 'allocation_pools': [{'start': '192.168.128.2', 'end': '192.168.128.14'}], 'host_routes': [], 'dns_nameservers': [], 'description': '', 'router:external': False, 'service_types': [], 'tags': [], 'created_at': '2025-05-19T14:58:09Z', 'updated_at': '2025-05-19T14:58:09Z', 'revision_number': 0, 'project_id': '8de2e33a1f264bf4b800a72ff0c17522'}, Router: {'id': 'd0dff34b-e8ed-4809-9750-8a861c4e685d', 'name': 'tempest-VolumesAssistedSnapshotsTest-739461089-router', 'tenant_id': '8de2e33a1f264bf4b800a72ff0c17522', 'admin_state_up': True, 'status': 'ACTIVE', 'external_gateway_info': {'network_id': '0db0a466-5976-4801-baab-fa6b9f2dfb95', 'external_fixed_ips': [{'subnet_id': 'c3402f22-883b-4432-8eac-48c9fbb66784', 'ip_address': '10.180.180.182'}], 'enable_snat': True}, 'description': '', 'availability_zones': [], 'distributed': False, 'ha': False, 'availability_zone_hints': [], 'routes': [], 'flavor_id': None, 'tags': [], 'created_at': '2025-05-19T14:58:10Z', 'updated_at': '2025-05-19T14:58:10Z', 'revision_number': 2, 'project_id': '8de2e33a1f264bf4b800a72ff0c17522'}
2025-05-19 14:58:13.058 71136 INFO tempest.lib.common.rest_client [req-9b828063-0985-40b5-934c-5159026d46e0 req-9b828063-0985-40b5-934c-5159026d46e0 ] Request (FlavorsAccessTestJSON:setUpClass): 201 POST http://10.180.1.21/identity/v3/auth/tokens 0.136s
2025-05-19 14:58:13.096 71136 INFO tempest.lib.common.rest_client [req-3fffa2eb-72e8-4b9d-95ed-a4ca2b0c35c6 req-3fffa2eb-72e8-4b9d-95ed-a4ca2b0c35c6 ] Request (FlavorsAccessTestJSON:setUpClass): 201 POST http://10.180.1.21/identity/v3/projects 0.037s
2025-05-19 14:58:13.204 71190 INFO tempest.lib.common.rest_client [req-13039f9e-d7f6-48f4-91dd-3091a7bd6afb req-13039f9e-d7f6-48f4-91dd-3091a7bd6afb ] Request (HypervisorAdminV253TestBase:tearDownClass): 204 DELETE http://10.180.1.21/identity/v3/projects/b03175962bf44ab0b69c517b46b21ad7 0.208s
2025-05-19 14:58:13.227 71176 INFO tempest.lib.common.rest_client [req-aeb632cc-45c9-4635-a6fa-5d58753a7d9e req-aeb632cc-45c9-4635-a6fa-5d58753a7d9e ] Request (VolumesAssistedSnapshotsTest:setUpClass): 201 POST http://10.180.1.21/identity/v3/auth/tokens 0.165s
2025-05-19 14:58:13.253 71186 INFO tempest.lib.common.rest_client [req-f46b92c7-5f41-444d-99f1-a6a18728d912 req-f46b92c7-5f41-444d-99f1-a6a18728d912 ] Request (ImagesOneServerNegativeTestJSON:setUpClass): 202 POST http://10.180.1.21/compute/v2.1/servers 4.913s
2025-05-19 14:58:13.267 71190 INFO tempest.lib.common.rest_client [req-9b8ad852-ce05-42ca-943d-8537d648d046 req-9b8ad852-ce05-42ca-943d-8537d648d046 ] Request (ListImageFiltersNegativeTestJSON:setUpClass): 201 POST http://10.180.1.21/identity/v3/auth/tokens 0.061s
2025-05-19 14:58:13.307 71136 INFO tempest.lib.common.rest_client [req-770dcaa3-288b-4b27-a814-2dbc665d7eb9 req-770dcaa3-288b-4b27-a814-2dbc665d7eb9 ] Request (FlavorsAccessTestJSON:setUpClass): 201 POST http://10.180.1.21/identity/v3/users 0.210s
2025-05-19 14:58:13.312 71170 INFO tempest.lib.common.rest_client [req-7383e363-5f8b-461c-ba02-7effb06d50bc req-7383e363-5f8b-461c-ba02-7effb06d50bc ] Request (ServersTestJSON:setUpClass): 201 POST http://10.180.1.21:9696/networking/v2.0/security-group-rules 0.335s
2025-05-19 14:58:13.316 71150 INFO tempest.lib.common.rest_client [req-baa24c07-485e-4e33-8f50-9ce485181f40 req-baa24c07-485e-4e33-8f50-9ce485181f40 ] Request (ServersWithSpecificFlavorTestJSON:setUpClass): 200 PUT http://10.180.1.21:9696/networking/v2.0/routers/5a3ac43f-8dc0-4319-b3d3-9f7703a42716/add_router_interface 1.798s
2025-05-19 14:58:13.317 71150 INFO tempest.lib.common.dynamic_creds [-] Created isolated network resources for: credentials: Credentials: {'domain_id': 'default', 'domain_name': 'Default', 'username': 'tempest-ServersWithSpecificFlavorTestJSON-1171026958-project-admin', 'project_domain_id': 'default', 'project_domain_name': 'Default', 'project_id': 'ebc8d7811454497e95feee78842742ad', 'project_name': 'tempest-ServersWithSpecificFlavorTestJSON-1171026958', 'tenant_id': 'ebc8d7811454497e95feee78842742ad', 'tenant_name': 'tempest-ServersWithSpecificFlavorTestJSON-1171026958', 'user_domain_id': 'default', 'user_domain_name': 'Default', 'user_id': '82e179cfe87e4a739830cbe051b0bece', 'system': None}, Network: {'id': '5d8f3b3b-d916-4def-8f89-a37028705f63', 'name': 'tempest-ServersWithSpecificFlavorTestJSON-827074688-network', 'tenant_id': 'ebc8d7811454497e95feee78842742ad', 'admin_state_up': True, 'mtu': 8950, 'status': 'ACTIVE', 'subnets': [], 'shared': False, 'project_id': 'ebc8d7811454497e95feee78842742ad', 'port_security_enabled': True, 'router:external': False, 'provider:network_type': 'vlan', 'provider:physical_network': 'default', 'provider:segmentation_id': 168, 'is_default': False, 'availability_zone_hints': [], 'availability_zones': [], 'ipv4_address_scope': None, 'ipv6_address_scope': None, 'description': '', 'tags': [], 'created_at': '2025-05-19T14:58:09Z', 'updated_at': '2025-05-19T14:58:09Z', 'revision_number': 1}, Subnet: {'id': '31cf3420-69dd-4856-857f-4c9c118a7cf6', 'name': 'tempest-ServersWithSpecificFlavorTestJSON-827074688-subnet', 'tenant_id': 'ebc8d7811454497e95feee78842742ad', 'network_id': '5d8f3b3b-d916-4def-8f89-a37028705f63', 'ip_version': 4, 'subnetpool_id': None, 'enable_dhcp': True, 'ipv6_ra_mode': None, 'ipv6_address_mode': None, 'gateway_ip': '192.168.128.1', 'cidr': '192.168.128.0/28', 'allocation_pools': [{'start': '192.168.128.2', 'end': '192.168.128.14'}], 'host_routes': [], 'dns_nameservers': [], 'description': '', 'router:external': False, 'service_types': [], 'tags': [], 'created_at': '2025-05-19T14:58:09Z', 'updated_at': '2025-05-19T14:58:09Z', 'revision_number': 0, 'project_id': 'ebc8d7811454497e95feee78842742ad'}, Router: {'id': '5a3ac43f-8dc0-4319-b3d3-9f7703a42716', 'name': 'tempest-ServersWithSpecificFlavorTestJSON-827074688-router', 'tenant_id': 'ebc8d7811454497e95feee78842742ad', 'admin_state_up': True, 'status': 'ACTIVE', 'external_gateway_info': {'network_id': '0db0a466-5976-4801-baab-fa6b9f2dfb95', 'external_fixed_ips': [{'subnet_id': 'c3402f22-883b-4432-8eac-48c9fbb66784', 'ip_address': '10.180.180.211'}], 'enable_snat': True}, 'description': '', 'availability_zones': [], 'distributed': False, 'ha': False, 'availability_zone_hints': [], 'routes': [], 'flavor_id': None, 'tags': [], 'created_at': '2025-05-19T14:58:10Z', 'updated_at': '2025-05-19T14:58:10Z', 'revision_number': 2, 'project_id': 'ebc8d7811454497e95feee78842742ad'}
2025-05-19 14:58:13.317 71176 INFO tempest.lib.common.rest_client [req-cd1900c2-d6c7-48dd-91f4-c8316d36b972 req-cd1900c2-d6c7-48dd-91f4-c8316d36b972 ] Request (VolumesAssistedSnapshotsTest:setUpClass): 201 POST http://10.180.1.21/identity/v3/projects 0.090s
2025-05-19 14:58:13.377 71190 INFO tempest.lib.common.rest_client [req-5c0be6d2-9778-4cba-b575-e908be4b14ba req-5c0be6d2-9778-4cba-b575-e908be4b14ba ] Request (ListImageFiltersNegativeTestJSON:setUpClass): 201 POST http://10.180.1.21/identity/v3/auth/tokens 0.108s
2025-05-19 14:58:13.377 71140 INFO tempest.lib.common.rest_client [req-3d35fc8e-163d-4f85-a963-97e2e587ae30 req-3d35fc8e-163d-4f85-a963-97e2e587ae30 ] Request (DeleteServersAdminTestJSON:test_admin_delete_servers_of_others): 200 GET http://10.180.1.21/compute/v2.1/servers/2bd1d1ed-2a20-4aa9-ac3e-f0b0bfef3af5 4.163s
2025-05-19 14:58:13.398 71136 INFO tempest.lib.common.rest_client [req-a7006e96-e62c-441b-8f99-b2812cdd0474 req-a7006e96-e62c-441b-8f99-b2812cdd0474 ] Request (FlavorsAccessTestJSON:setUpClass): 200 GET http://10.180.1.21/identity/v3/roles 0.090s
2025-05-19 14:58:13.399 71168 INFO tempest.lib.common.rest_client [req-b7e14df0-bc4f-4ab5-9116-f4c07eab6fc0 req-b7e14df0-bc4f-4ab5-9116-f4c07eab6fc0 ] Request (ServersAdmin275Test:tearDownClass): 404 GET http://10.180.1.21/compute/v2.1/servers/7dac36e9-3266-4403-8760-5afc0278ca46 4.072s
2025-05-19 14:58:13.405 71176 INFO tempest.lib.common.rest_client [req-ce441cfe-face-4509-8426-09d979c9cc7b req-ce441cfe-face-4509-8426-09d979c9cc7b ] Request (VolumesAssistedSnapshotsTest:setUpClass): 201 POST http://10.180.1.21/identity/v3/users 0.087s
2025-05-19 14:58:13.435 71190 INFO tempest.lib.common.rest_client [req-569d7123-1120-4e70-9c47-d2e89c083104 req-569d7123-1120-4e70-9c47-d2e89c083104 ] Request (ListImageFiltersNegativeTestJSON:setUpClass): 200 GET http://10.180.1.21/identity/v3/domains?name=Default 0.057s
2025-05-19 14:58:13.470 71136 INFO tempest.lib.common.rest_client [req-aa6b1c85-ab1e-4ccf-8405-6640830ea218 req-aa6b1c85-ab1e-4ccf-8405-6640830ea218 ] Request (FlavorsAccessTestJSON:setUpClass): 204 PUT http://10.180.1.21/identity/v3/projects/2625a8616316420e843e6c4d63aaa062/users/b9811f71c6a1492b8c559befc1f87a10/roles/7de3c005fb964684abe0658d2f7b61e1 0.071s
2025-05-19 14:58:13.490 71170 INFO tempest.lib.common.rest_client [req-ac1a03e2-cafc-4621-8fb6-04e6d42aa7d8 req-ac1a03e2-cafc-4621-8fb6-04e6d42aa7d8 ] Request (ServersTestJSON:setUpClass): 201 POST http://10.180.1.21:9696/networking/v2.0/security-group-rules 0.178s
2025-05-19 14:58:13.498 71150 INFO tempest.lib.common.rest_client [req-626315d4-d9c5-4dbf-a992-dd444185b340 req-626315d4-d9c5-4dbf-a992-dd444185b340 ] Request (ServersWithSpecificFlavorTestJSON:setUpClass): 201 POST http://10.180.1.21/identity/v3/auth/tokens 0.176s
2025-05-19 14:58:13.523 71180 INFO tempest.lib.common.rest_client [req-369ae3b0-f510-43bc-bba8-5717b2d9eb69 req-369ae3b0-f510-43bc-bba8-5717b2d9eb69 ] Request (ImagesNegativeTestJSON:test_create_image_from_deleted_server): 202 POST http://10.180.1.21/compute/v2.1/servers 4.840s
2025-05-19 14:58:13.550 71156 INFO tempest.lib.common.rest_client [req-19648d9e-176c-4145-813f-da06e392c8aa req-19648d9e-176c-4145-813f-da06e392c8aa ] Request (AZAdminV2TestJSON:test_get_availability_zone_list_detail): 200 GET http://10.180.1.21/compute/v2.1/os-availability-zone/detail 4.065s
2025-05-19 14:58:13.596 71176 INFO tempest.lib.common.rest_client [req-39c4f325-cc21-4450-b9b5-fa6f93a5cd22 req-39c4f325-cc21-4450-b9b5-fa6f93a5cd22 ] Request (VolumesAssistedSnapshotsTest:setUpClass): 200 GET http://10.180.1.21/identity/v3/roles 0.191s
2025-05-19 14:58:13.604 71148 INFO tempest.lib.common.rest_client [req-f3494a2b-23a2-4631-aa8e-2faa9b67743f req-f3494a2b-23a2-4631-aa8e-2faa9b67743f ] Request (ImagesMetadataNegativeTestJSON:test_delete_nonexistent_image_metadata_item): 404 DELETE http://10.180.1.21/compute/v2.1/images/011ad7b7-19e6-47bc-a359-dd10d0f991f3/metadata/os_distro 4.265s
2025-05-19 14:58:13.669 71190 INFO tempest.lib.common.rest_client [req-3d6bc97c-9a73-47d5-8a13-bd222897ae6f req-3d6bc97c-9a73-47d5-8a13-bd222897ae6f ] Request (ListImageFiltersNegativeTestJSON:setUpClass): 201 POST http://10.180.1.21/identity/v3/projects 0.234s
2025-05-19 14:58:13.730 71136 INFO tempest.lib.common.rest_client [req-904a39ff-c702-465c-bee2-1eb5bd6ca585 req-904a39ff-c702-465c-bee2-1eb5bd6ca585 ] Request (FlavorsAccessTestJSON:setUpClass): 200 GET http://10.180.1.21/identity/v3/roles 0.260s
2025-05-19 14:58:13.760 71182 INFO tempest.lib.common.rest_client [req-38255cd2-08b8-4978-bbee-edbe9901d3d2 req-38255cd2-08b8-4978-bbee-edbe9901d3d2 ] Request (AggregatesAdminNegativeTestJSON:_run_cleanups): 200 POST http://10.180.1.21/compute/v2.1/os-aggregates/1/action 4.186s
2025-05-19 14:58:13.764 71168 INFO tempest.lib.common.rest_client [req-74130bba-8f2b-4fa8-bb95-28f4603b3364 req-74130bba-8f2b-4fa8-bb95-28f4603b3364 ] Request (ServersAdmin275Test:tearDownClass): 204 DELETE http://10.180.1.21/identity/v3/users/d59d493aa507460aafa2751c98951f8d 0.364s
2025-05-19 14:58:13.794 71144 INFO tempest.lib.common.rest_client [req-9f8f2265-5480-4bc7-8b6f-bdcae7717b7f req-9f8f2265-5480-4bc7-8b6f-bdcae7717b7f ] Request (HostsAdminTestJSON:test_list_hosts_with_a_blank_zone): 200 GET http://10.180.1.21/compute/v2.1/os-hosts?zone= 4.160s
2025-05-19 14:58:13.959 71176 INFO tempest.lib.common.rest_client [req-40d05356-5021-45c0-8993-a17f8758b78c req-40d05356-5021-45c0-8993-a17f8758b78c ] Request (VolumesAssistedSnapshotsTest:setUpClass): 204 PUT http://10.180.1.21/identity/v3/projects/02e74c8c6c414a949486c1d8f8528f11/users/d0bcfa868eed4d77a86b28e7c7e3ef19/roles/4ac8e33a187a46c6a33c8df047d068bb 0.362s
2025-05-19 14:58:14.089 71156 INFO tempest.lib.common.rest_client [req-5df46cb4-b291-458a-af6c-d7dd190a56a8 req-5df46cb4-b291-458a-af6c-d7dd190a56a8 ] Request (AZAdminV2TestJSON:tearDownClass): 204 DELETE http://10.180.1.21/identity/v3/users/9807c681cb014be7bba786129acd842f 0.532s
2025-05-19 14:58:14.149 71190 INFO tempest.lib.common.rest_client [req-f99a28b4-eac6-46fd-898c-e606e5274f70 req-f99a28b4-eac6-46fd-898c-e606e5274f70 ] Request (ListImageFiltersNegativeTestJSON:setUpClass): 201 POST http://10.180.1.21/identity/v3/users 0.480s
2025-05-19 14:58:14.362 71136 INFO tempest.lib.common.rest_client [req-85827dbd-4e88-4c15-a2d2-c74edbd7cb55 req-85827dbd-4e88-4c15-a2d2-c74edbd7cb55 ] Request (FlavorsAccessTestJSON:setUpClass): 204 PUT http://10.180.1.21/identity/v3/projects/2625a8616316420e843e6c4d63aaa062/users/b9811f71c6a1492b8c559befc1f87a10/roles/7de3c005fb964684abe0658d2f7b61e1 0.631s
2025-05-19 14:58:14.362 71136 INFO tempest.lib.common.dynamic_creds [-] Dynamic test user b9811f71c6a1492b8c559befc1f87a10 is created with scope project and roles: ['admin']
2025-05-19 14:58:14.362 71136 INFO tempest.lib.common.dynamic_creds [-] Acquired dynamic creds: credentials: Credentials: {'domain_id': 'default', 'domain_name': 'Default', 'username': 'tempest-FlavorsAccessTestJSON-773797544-project-admin', 'project_domain_id': 'default', 'project_domain_name': 'Default', 'project_id': '2625a8616316420e843e6c4d63aaa062', 'project_name': 'tempest-FlavorsAccessTestJSON-773797544', 'tenant_id': '2625a8616316420e843e6c4d63aaa062', 'tenant_name': 'tempest-FlavorsAccessTestJSON-773797544', 'user_domain_id': 'default', 'user_domain_name': 'Default', 'user_id': 'b9811f71c6a1492b8c559befc1f87a10', 'system': None}, Network: None, Subnet: None, Router: None
2025-05-19 14:58:14.362 71136 INFO tempest.lib.common.dynamic_creds [-] Created isolated network resources for: credentials: Credentials: {'domain_id': 'default', 'domain_name': 'Default', 'username': 'tempest-FlavorsAccessTestJSON-773797544-project-admin', 'project_domain_id': 'default', 'project_domain_name': 'Default', 'project_id': '2625a8616316420e843e6c4d63aaa062', 'project_name': 'tempest-FlavorsAccessTestJSON-773797544', 'tenant_id': '2625a8616316420e843e6c4d63aaa062', 'tenant_name': 'tempest-FlavorsAccessTestJSON-773797544', 'user_domain_id': 'default', 'user_domain_name': 'Default', 'user_id': 'b9811f71c6a1492b8c559befc1f87a10', 'system': None}, Network: None, Subnet: None, Router: None
2025-05-19 14:58:14.440 71170 INFO tempest.lib.common.rest_client [req-64832017-39e6-48b9-af2b-1b4b43f640f4 req-64832017-39e6-48b9-af2b-1b4b43f640f4 ] Request (ServersTestJSON:setUpClass): 201 POST http://10.180.1.21:9696/networking/v2.0/floatingips 0.949s
2025-05-19 14:58:14.457 71138 INFO tempest.lib.common.rest_client [req-ca807123-0ac4-401b-a31e-90020eddf8bb req-ca807123-0ac4-401b-a31e-90020eddf8bb ] Request (MigrationsAdminTest:test_list_migrations_in_flavor_resize_situation): 202 POST http://10.180.1.21/compute/v2.1/servers 4.896s
2025-05-19 14:58:14.468 71134 INFO tempest.lib.common.rest_client [req-e05b5e5f-9111-4617-8df0-909d80f15a4b req-e05b5e5f-9111-4617-8df0-909d80f15a4b ] Request (HypervisorAdminNegativeTestJSON:test_get_hypervisor_list_with_non_admin_user): 403 GET http://10.180.1.21/compute/v2.1/os-hypervisors 4.628s
2025-05-19 14:58:14.873 71194 INFO tempest.lib.common.rest_client [req-77042c75-35a6-472c-b4a5-90f4a74c56c1 req-77042c75-35a6-472c-b4a5-90f4a74c56c1 ] Request (InstanceUsageAuditLogNegativeTestJSON:test_instance_usage_audit_logs_with_nonadmin_user): 403 GET http://10.180.1.21/compute/v2.1/os-instance_usage_audit_log 5.182s
2025-05-19 14:58:14.883 71166 INFO tempest.lib.common.rest_client [req-0a197b66-9c39-40bf-b90a-c1d4e4565e12 req-0a197b66-9c39-40bf-b90a-c1d4e4565e12 ] Request (FlavorMetadataValidation:test_flavor_update_with_custom_namespace): 200 POST http://10.180.1.21/compute/v2.1/flavors/556494499/os-extra_specs 4.996s
2025-05-19 14:58:14.886 71168 INFO tempest.lib.common.rest_client [req-a169b4e4-f907-4f62-ba9d-21a4f5b31695 req-a169b4e4-f907-4f62-ba9d-21a4f5b31695 ] Request (ServersAdmin275Test:tearDownClass): 204 DELETE http://10.180.1.21/identity/v3/users/1eb4400ca61941028b98cc42288231bc 1.120s
2025-05-19 14:58:14.886 71168 INFO tempest.lib.common.dynamic_creds [-] Deleting project and security group for project: 23a1da500a9e4a9abdeec4e58a913827
2025-05-19 14:58:14.888 71142 INFO tempest.lib.common.rest_client [req-f2bce299-0ff2-4619-9489-b7beb4cd94fa req-f2bce299-0ff2-4619-9489-b7beb4cd94fa ] Request (FlavorsAdminTestJSON:_run_cleanups): 200 GET http://10.180.1.21/compute/v2.1/flavors/detail 4.917s
2025-05-19 14:58:14.921 71154 INFO tempest.lib.common.rest_client [req-00d558b7-6671-4a31-b75f-bcad950059de req-00d558b7-6671-4a31-b75f-bcad950059de ] Request (ServicesAdminTestJSON:test_list_services): 200 GET http://10.180.1.21/compute/v2.1/os-services 4.836s
2025-05-19 14:58:14.949 71184 INFO tempest.lib.common.rest_client [req-e87d6bc9-633a-458b-8fee-25afd178e367 req-e87d6bc9-633a-458b-8fee-25afd178e367 ] Request (InstanceUsageAuditLogTestJSON:test_list_instance_usage_audit_logs): 200 GET http://10.180.1.21/compute/v2.1/os-instance_usage_audit_log 4.199s
2025-05-19 14:58:14.973 71176 INFO tempest.lib.common.rest_client [req-f8b373f8-0df3-4bb6-b4e0-dd5f9aabdb0c req-f8b373f8-0df3-4bb6-b4e0-dd5f9aabdb0c ] Request (VolumesAssistedSnapshotsTest:setUpClass): 200 GET http://10.180.1.21/identity/v3/roles 1.014s
2025-05-19 14:58:14.990 71190 INFO tempest.lib.common.rest_client [req-1f0dbbad-38b4-434e-a5c6-78f19dc49ed7 req-1f0dbbad-38b4-434e-a5c6-78f19dc49ed7 ] Request (ListImageFiltersNegativeTestJSON:setUpClass): 200 GET http://10.180.1.21/identity/v3/roles 0.840s
2025-05-19 14:58:15.417 71158 INFO tempest.lib.common.rest_client [req-70f30f38-6ab4-4611-834f-07f03290d336 req-70f30f38-6ab4-4611-834f-07f03290d336 ] Request (ServersAdminNegativeTestJSON:setUpClass): 200 GET http://10.180.1.21/compute/v2.1/servers/1ace459a-7541-431d-b782-cf172c910458 4.514s
2025-05-19 14:58:15.449 71178 INFO tempest.lib.common.rest_client [req-c8b465ee-4e67-4804-b2ee-ccfe8138f74b req-c8b465ee-4e67-4804-b2ee-ccfe8138f74b ] Request (HypervisorAdminTestJSON:test_get_hypervisor_list_details): 200 GET http://10.180.1.21/compute/v2.1/os-hypervisors/detail 4.210s
