2025-05-19 14:58:03.614 71148 INFO tempest.lib.common.rest_client [req-06b8f9e9-15ce-45c9-8534-e2ef3be34d12 req-06b8f9e9-15ce-45c9-8534-e2ef3be34d12 ] Request (FlavorsV2TestJSON:tearDownClass): 200 GET http://10.180.1.21:9696/networking/v2.0/security-groups?tenant_id=79a356912a114068abaff1144efca8a6&name=default 1.020s
2025-05-19 14:58:03.646 71160 INFO tempest.lib.common.rest_client [req-22c6b80f-b68f-4452-83d9-da1d428f5393 req-22c6b80f-b68f-4452-83d9-da1d428f5393 ] Request (QuotasAdminTestV236:setUpClass): 200 GET http://10.180.1.21/identity/v3/roles 0.413s
2025-05-19 14:58:03.664 71158 INFO tempest.lib.common.rest_client [req-49088db6-4c66-44ad-bfaf-1b1eedb98650 req-49088db6-4c66-44ad-bfaf-1b1eedb98650 ] Request (ServersAdminNegativeTestJSON:setUpClass): 204 PUT http://10.180.1.21/identity/v3/projects/6e4aef1e04424e929f0e5635454f2b99/users/631ba57b1f54438283fac87f9ea6a2ce/roles/7de3c005fb964684abe0658d2f7b61e1 0.511s
2025-05-19 14:58:03.682 71138 INFO tempest.lib.common.rest_client [req-03f90815-9e32-4674-a815-817bfddeb630 req-03f90815-9e32-4674-a815-817bfddeb630 ] Request (MigrationsAdminTest:setUpClass): 204 PUT http://10.180.1.21/identity/v3/projects/b4778395ac864b0f92ba4ceab17d18f6/users/760c06ce6d2542b49b37e29d58a878c2/roles/7de3c005fb964684abe0658d2f7b61e1 0.398s
2025-05-19 14:58:03.730 71190 INFO tempest.lib.common.rest_client [req-56d9d6c4-7186-424c-83ec-6e9a91d6f876 req-56d9d6c4-7186-424c-83ec-6e9a91d6f876 ] Request (HypervisorAdminV253TestBase:setUpClass): 200 GET http://10.180.1.21/identity/v3/roles 0.407s
2025-05-19 14:58:03.736 71180 INFO tempest.lib.common.rest_client [req-07bfabb5-cf36-4f7e-bb6e-b0e2d3e88777 req-07bfabb5-cf36-4f7e-bb6e-b0e2d3e88777 ] Request (ImagesNegativeTestJSON:setUpClass): 201 POST http://10.180.1.21:9696/networking/v2.0/subnets 0.468s
2025-05-19 14:58:03.758 71188 INFO tempest.lib.common.rest_client [req-54cf8ee4-c1a7-477d-abe4-1657be978b71 req-54cf8ee4-c1a7-477d-abe4-1657be978b71 ] Request (QuotaClassesAdmin257Test:setUpClass): 200 GET http://10.180.1.21/identity/v3/roles 0.437s
2025-05-19 14:58:03.764 71144 INFO tempest.lib.common.rest_client [req-00768820-0416-4c51-9366-c0a789a55ce5 req-00768820-0416-4c51-9366-c0a789a55ce5 ] Request (HostsAdminTestJSON:setUpClass): 204 PUT http://10.180.1.21/identity/v3/projects/6d2cdc1c5465426b82d68f8b0409efa8/users/118ec587e93b44cfaa5d7d2c24e50113/roles/7de3c005fb964684abe0658d2f7b61e1 0.425s
2025-05-19 14:58:03.809 71176 INFO tempest.lib.common.rest_client [req-ee2ed615-9fde-4499-8c14-d43917c319bb req-ee2ed615-9fde-4499-8c14-d43917c319bb ] Request (VolumesAssistedSnapshotsTest:setUpClass): 201 POST http://10.180.1.21:9696/networking/v2.0/routers 1.684s
2025-05-19 14:58:03.835 71184 INFO tempest.lib.common.rest_client [req-3b643b7a-0403-43c1-b5e2-c9051dbf97be req-3b643b7a-0403-43c1-b5e2-c9051dbf97be ] Request (InstanceUsageAuditLogTestJSON:setUpClass): 200 GET http://10.180.1.21/identity/v3/roles 0.484s
2025-05-19 14:58:03.845 71168 INFO tempest.lib.common.rest_client [req-d9d7ad08-dd3b-4394-929a-7766898936f7 req-d9d7ad08-dd3b-4394-929a-7766898936f7 ] Request (ServersAdmin275Test:test_rebuild_update_server_275): 200 PUT http://10.180.1.21/compute/v2.1/servers/7dac36e9-3266-4403-8760-5afc0278ca46 0.363s
2025-05-19 14:58:03.849 71178 INFO tempest.lib.common.rest_client [req-7f06faa9-cc6d-41c6-ba53-ad0aa121354f req-7f06faa9-cc6d-41c6-ba53-ad0aa121354f ] Request (HypervisorAdminTestJSON:setUpClass): 200 GET http://10.180.1.21/identity/v3/roles 0.469s
2025-05-19 14:58:03.862 71152 INFO tempest.lib.common.rest_client [req-8ad2196c-0fa7-4be3-a814-259e0cac2cf6 req-8ad2196c-0fa7-4be3-a814-259e0cac2cf6 ] Request (KeyPairsV210TestJSON:setUpClass): 200 GET http://10.180.1.21/identity/v3/roles 0.468s
2025-05-19 14:58:03.876 71164 INFO tempest.lib.common.rest_client [req-d085b5fc-fb2d-4704-9b8b-92154c93299e req-d085b5fc-fb2d-4704-9b8b-92154c93299e ] Request (ServicesAdminNegativeV253TestJSON:test_disable_service_with_invalid_service_id): 404 PUT http://10.180.1.21/compute/v2.1/os-services/0270ca6f-1152-43fe-8b3a-58b89dcfa72e 0.302s
2025-05-19 14:58:03.917 71172 INFO tempest.lib.common.rest_client [req-920f93bd-08b9-47d3-bc9a-8e533944eaf0 req-920f93bd-08b9-47d3-bc9a-8e533944eaf0 ] Request (QuotasAdminTestJSON:setUpClass): 204 PUT http://10.180.1.21/identity/v3/projects/10d96453270a4ccf9b58f599a9120e75/users/f2c23c99b1984578801a9f2d3adaec6f/roles/7de3c005fb964684abe0658d2f7b61e1 0.502s
2025-05-19 14:58:03.917 71194 INFO tempest.lib.common.rest_client [req-315cdaca-9891-45fd-93b7-3ca6c1526daf req-315cdaca-9891-45fd-93b7-3ca6c1526daf ] Request (InstanceUsageAuditLogNegativeTestJSON:setUpClass): 204 PUT http://10.180.1.21/identity/v3/projects/b517bd0b8c0e454882ed1ad1648f82c9/users/4bf66028670b48d38815d2678783e3a1/roles/7de3c005fb964684abe0658d2f7b61e1 0.568s
2025-05-19 14:58:03.924 71148 INFO tempest.lib.common.rest_client [req-84f8fdb4-afce-4dcf-9887-f0ca13bf2360 req-84f8fdb4-afce-4dcf-9887-f0ca13bf2360 ] Request (FlavorsV2TestJSON:tearDownClass): 204 DELETE http://10.180.1.21:9696/networking/v2.0/security-groups/72ed56fc-1377-4b3f-ba48-a00446b64246 0.305s
2025-05-19 14:58:03.925 71168 INFO tempest.lib.common.rest_client [req-c5080797-5216-42ce-b4b6-3d86dab520a5 req-c5080797-5216-42ce-b4b6-3d86dab520a5 ] Request (ServersAdmin275Test:test_rebuild_update_server_275): 200 GET http://10.180.1.21/compute/v2.1/servers/7dac36e9-3266-4403-8760-5afc0278ca46 0.065s
2025-05-19 14:58:03.939 71164 INFO tempest.lib.common.rest_client [req-5326bfe5-7c7a-4a60-a04b-d21f96d9218f req-5326bfe5-7c7a-4a60-a04b-d21f96d9218f ] Request (ServicesAdminNegativeV253TestJSON:test_enable_service_with_invalid_service_id): 404 PUT http://10.180.1.21/compute/v2.1/os-services/0270ca6f-1152-43fe-8b3a-58b89dcfa72e 0.060s
2025-05-19 14:58:03.969 71174 INFO tempest.lib.common.rest_client [req-ee0d02f9-a41b-4dfb-b248-a8287ba2cfeb req-ee0d02f9-a41b-4dfb-b248-a8287ba2cfeb ] Request (FlavorsExtraSpecsNegativeTestJSON:setUpClass): 200 GET http://10.180.1.21/identity/v3/roles 0.505s
2025-05-19 14:58:03.976 71164 INFO tempest.lib.common.rest_client [req-d446c895-e301-4ed8-a7ac-ddb5e7f7b53b req-d446c895-e301-4ed8-a7ac-ddb5e7f7b53b ] Request (ServicesAdminNegativeV253TestJSON:test_get_service_by_invalid_params): 200 GET http://10.180.1.21/compute/v2.1/os-services 0.035s
2025-05-19 14:58:04.000 71164 INFO tempest.lib.common.rest_client [req-2f60f127-7b28-4c01-80eb-b7c67aa1cd8f req-2f60f127-7b28-4c01-80eb-b7c67aa1cd8f ] Request (ServicesAdminNegativeV253TestJSON:test_get_service_by_invalid_params): 200 GET http://10.180.1.21/compute/v2.1/os-services?xxx=nova-compute 0.022s
2025-05-19 14:58:04.014 71166 INFO tempest.lib.common.rest_client [req-35220b41-b0e7-4865-ade3-2b428d3cce6a req-35220b41-b0e7-4865-ade3-2b428d3cce6a ] Request (FlavorMetadataValidation:setUpClass): 204 PUT http://10.180.1.21/identity/v3/projects/1b6e4842e86c4305aad0534979f52fa8/users/81f87031922b4b58a448329e3148f233/roles/7de3c005fb964684abe0658d2f7b61e1 0.578s
2025-05-19 14:58:04.028 71164 INFO tempest.lib.common.rest_client [req-2f45d8b9-efa5-4d73-a3fd-82fc1373db1d req-2f45d8b9-efa5-4d73-a3fd-82fc1373db1d ] Request (ServicesAdminNegativeV253TestJSON:test_get_service_by_invalid_service_and_valid_host): 200 GET http://10.180.1.21/compute/v2.1/os-services 0.024s
2025-05-19 14:58:04.035 71196 INFO tempest.lib.common.rest_client [req-5401e483-824a-46ec-9489-7d74516a99a7 req-5401e483-824a-46ec-9489-7d74516a99a7 ] Request (MultipleCreateNegativeTestJSON:test_max_count_non_integer): 201 POST http://10.180.1.21/identity/v3/auth/tokens 0.547s
2025-05-19 14:58:04.036 71196 INFO tempest.lib.common.fixed_network [-] (MultipleCreateNegativeTestJSON:test_max_count_non_integer) Found network None available for tenant
2025-05-19 14:58:04.051 71164 INFO tempest.lib.common.rest_client [req-12e46100-8dec-475d-8ad4-7a85f0d77801 req-12e46100-8dec-475d-8ad4-7a85f0d77801 ] Request (ServicesAdminNegativeV253TestJSON:test_get_service_by_invalid_service_and_valid_host): 200 GET http://10.180.1.21/compute/v2.1/os-services?host=devstack&binary=xxx 0.020s
2025-05-19 14:58:04.056 71196 INFO tempest.lib.common.rest_client [req-7e0966da-f519-447f-b0e7-31b655a8d187 req-7e0966da-f519-447f-b0e7-31b655a8d187 ] Request (MultipleCreateNegativeTestJSON:test_max_count_non_integer): 400 POST http://10.180.1.21/compute/v2.1/servers 0.019s
2025-05-19 14:58:04.069 71150 INFO tempest.lib.common.rest_client [req-16285c70-8932-4dae-8883-fc856343769e req-16285c70-8932-4dae-8883-fc856343769e ] Request (ServersWithSpecificFlavorTestJSON:setUpClass): 201 POST http://10.180.1.21:9696/networking/v2.0/subnets 0.772s
2025-05-19 14:58:04.081 71164 INFO tempest.lib.common.rest_client [req-61fff7e3-7286-46aa-b698-abb304e81bda req-61fff7e3-7286-46aa-b698-abb304e81bda ] Request (ServicesAdminNegativeV253TestJSON:test_get_service_with_valid_service_and_invalid_host): 200 GET http://10.180.1.21/compute/v2.1/os-services 0.024s
2025-05-19 14:58:04.104 71164 INFO tempest.lib.common.rest_client [req-2ac8b639-1821-4e33-8669-66fe64d9aee4 req-2ac8b639-1821-4e33-8669-66fe64d9aee4 ] Request (ServicesAdminNegativeV253TestJSON:test_get_service_with_valid_service_and_invalid_host): 200 GET http://10.180.1.21/compute/v2.1/os-services?host=xxx&binary=nova-scheduler 0.021s
2025-05-19 14:58:04.121 71154 INFO tempest.lib.common.rest_client [req-05dee69f-23a6-43bc-8c69-e181778a03e0 req-05dee69f-23a6-43bc-8c69-e181778a03e0 ] Request (ServicesAdminTestJSON:setUpClass): 201 POST http://10.180.1.21/identity/v3/auth/tokens 0.620s
2025-05-19 14:58:04.132 71170 INFO tempest.lib.common.rest_client [req-36c51781-7ba1-4147-a9af-a7c738c0c2ca req-36c51781-7ba1-4147-a9af-a7c738c0c2ca ] Request (ServersTestJSON:setUpClass): 201 POST http://10.180.1.21:9696/networking/v2.0/subnets 0.873s
2025-05-19 14:58:04.187 71186 INFO tempest.lib.common.rest_client [req-ee4b840f-e8ab-4e01-b8cd-6631836ed4d3 req-ee4b840f-e8ab-4e01-b8cd-6631836ed4d3 ] Request (ImagesOneServerNegativeTestJSON:setUpClass): 201 POST http://10.180.1.21:9696/networking/v2.0/routers 1.694s
2025-05-19 14:58:04.204 71142 INFO tempest.lib.common.rest_client [req-7eb83345-1a96-416e-9fe1-b1af6b0df91a req-7eb83345-1a96-416e-9fe1-b1af6b0df91a ] Request (FlavorsAdminTestJSON:setUpClass): 204 PUT http://10.180.1.21/identity/v3/projects/19455276037d4a498777a8100b8ea84d/users/e697b192729e4f9ca2802f3fc66f064f/roles/7de3c005fb964684abe0658d2f7b61e1 0.656s
2025-05-19 14:58:04.204 71142 INFO tempest.lib.common.dynamic_creds [-] Dynamic test user e697b192729e4f9ca2802f3fc66f064f is created with scope project and roles: ['admin']
2025-05-19 14:58:04.204 71142 INFO tempest.lib.common.dynamic_creds [-] Acquired dynamic creds: credentials: Credentials: {'domain_id': 'default', 'domain_name': 'Default', 'username': 'tempest-FlavorsAdminTestJSON-729244415-project-admin', 'project_domain_id': 'default', 'project_domain_name': 'Default', 'project_id': '19455276037d4a498777a8100b8ea84d', 'project_name': 'tempest-FlavorsAdminTestJSON-729244415', 'tenant_id': '19455276037d4a498777a8100b8ea84d', 'tenant_name': 'tempest-FlavorsAdminTestJSON-729244415', 'user_domain_id': 'default', 'user_domain_name': 'Default', 'user_id': 'e697b192729e4f9ca2802f3fc66f064f', 'system': None}, Network: None, Subnet: None, Router: None
2025-05-19 14:58:04.205 71142 INFO tempest.lib.common.dynamic_creds [-] Created isolated network resources for: credentials: Credentials: {'domain_id': 'default', 'domain_name': 'Default', 'username': 'tempest-FlavorsAdminTestJSON-729244415-project-admin', 'project_domain_id': 'default', 'project_domain_name': 'Default', 'project_id': '19455276037d4a498777a8100b8ea84d', 'project_name': 'tempest-FlavorsAdminTestJSON-729244415', 'tenant_id': '19455276037d4a498777a8100b8ea84d', 'tenant_name': 'tempest-FlavorsAdminTestJSON-729244415', 'user_domain_id': 'default', 'user_domain_name': 'Default', 'user_id': 'e697b192729e4f9ca2802f3fc66f064f', 'system': None}, Network: None, Subnet: None, Router: None
2025-05-19 14:58:04.288 71140 INFO tempest.lib.common.rest_client [req-7fd05be5-1481-4c63-9574-eb9904f2d10c req-7fd05be5-1481-4c63-9574-eb9904f2d10c ] Request (DeleteServersAdminTestJSON:setUpClass): 204 PUT http://10.180.1.21/identity/v3/projects/380e9e67b14540b6aa517e55e21dda3b/users/9b5ca599c6e24d23a5aaca5bb01bc5a8/roles/7de3c005fb964684abe0658d2f7b61e1 0.727s
2025-05-19 14:58:04.289 71140 INFO tempest.lib.common.dynamic_creds [-] Dynamic test user 9b5ca599c6e24d23a5aaca5bb01bc5a8 is created with scope project and roles: ['admin']
2025-05-19 14:58:04.289 71140 INFO tempest.lib.common.dynamic_creds [-] Acquired dynamic creds: credentials: Credentials: {'domain_id': 'default', 'domain_name': 'Default', 'username': 'tempest-DeleteServersAdminTestJSON-404915773-project-admin', 'project_domain_id': 'default', 'project_domain_name': 'Default', 'project_id': '380e9e67b14540b6aa517e55e21dda3b', 'project_name': 'tempest-DeleteServersAdminTestJSON-404915773', 'tenant_id': '380e9e67b14540b6aa517e55e21dda3b', 'tenant_name': 'tempest-DeleteServersAdminTestJSON-404915773', 'user_domain_id': 'default', 'user_domain_name': 'Default', 'user_id': '9b5ca599c6e24d23a5aaca5bb01bc5a8', 'system': None}, Network: None, Subnet: None, Router: None
2025-05-19 14:58:04.289 71140 INFO tempest.lib.common.dynamic_creds [-] Created isolated network resources for: credentials: Credentials: {'domain_id': 'default', 'domain_name': 'Default', 'username': 'tempest-DeleteServersAdminTestJSON-404915773-project-admin', 'project_domain_id': 'default', 'project_domain_name': 'Default', 'project_id': '380e9e67b14540b6aa517e55e21dda3b', 'project_name': 'tempest-DeleteServersAdminTestJSON-404915773', 'tenant_id': '380e9e67b14540b6aa517e55e21dda3b', 'tenant_name': 'tempest-DeleteServersAdminTestJSON-404915773', 'user_domain_id': 'default', 'user_domain_name': 'Default', 'user_id': '9b5ca599c6e24d23a5aaca5bb01bc5a8', 'system': None}, Network: None, Subnet: None, Router: None
2025-05-19 14:58:04.313 71136 INFO tempest.lib.common.rest_client [req-a1c32901-aafe-4c7e-91fc-a0fc34898f06 req-a1c32901-aafe-4c7e-91fc-a0fc34898f06 ] Request (AZAdminNegativeTestJSON:setUpClass): 204 PUT http://10.180.1.21/identity/v3/projects/2283f09d4acc4ffc8b15475173dc5d87/users/a8c2de362adc4e02b95844f490859957/roles/7de3c005fb964684abe0658d2f7b61e1 0.753s
2025-05-19 14:58:04.390 71134 INFO tempest.lib.common.rest_client [req-4e6ef9bc-ad86-47be-9220-f60fe5f59e9d req-4e6ef9bc-ad86-47be-9220-f60fe5f59e9d ] Request (HypervisorAdminNegativeTestJSON:setUpClass): 204 PUT http://10.180.1.21/identity/v3/projects/7c246d76297f46dabaf7e92b3147b604/users/5f834a5c219d40d6b0b51d77e9b79b9c/roles/7de3c005fb964684abe0658d2f7b61e1 0.802s
2025-05-19 14:58:04.408 71162 INFO tempest.lib.common.rest_client [req-65375e4b-713d-472c-b489-d8f7fd8c5dc8 req-65375e4b-713d-472c-b489-d8f7fd8c5dc8 ] Request (QuotasAdminTestV257:setUpClass): 204 PUT http://10.180.1.21/identity/v3/projects/5f6bd3072bc84bebb7eddae7170bca37/users/973b50520bb746c79afe263156d08fa9/roles/7de3c005fb964684abe0658d2f7b61e1 0.835s
2025-05-19 14:58:04.475 71192 INFO tempest.lib.common.rest_client [req-c63f7fba-5b03-4626-bfba-9da4218b3bfd req-c63f7fba-5b03-4626-bfba-9da4218b3bfd ] Request (HypervisorAdminNegativeUnderV252Test:setUpClass): 204 PUT http://10.180.1.21/identity/v3/projects/c89bdabe6927447f88acc6520ff8737c/users/920423f9d6ab4c769c16cad86b79af18/roles/7de3c005fb964684abe0658d2f7b61e1 0.873s
2025-05-19 14:58:04.477 71156 INFO tempest.lib.common.rest_client [req-bb15c021-302d-42a2-b5b8-3d4a59e3af07 req-bb15c021-302d-42a2-b5b8-3d4a59e3af07 ] Request (AZAdminV2TestJSON:setUpClass): 200 GET http://10.180.1.21/identity/v3/roles 0.880s
2025-05-19 14:58:04.523 71158 INFO tempest.lib.common.rest_client [req-2e367f48-401a-4488-bc38-46848f5d5806 req-2e367f48-401a-4488-bc38-46848f5d5806 ] Request (ServersAdminNegativeTestJSON:setUpClass): 200 GET http://10.180.1.21/identity/v3/roles 0.859s
2025-05-19 14:58:04.545 71138 INFO tempest.lib.common.rest_client [req-7dad2fae-a150-4cb4-b127-9ed07629a747 req-7dad2fae-a150-4cb4-b127-9ed07629a747 ] Request (MigrationsAdminTest:setUpClass): 200 GET http://10.180.1.21/identity/v3/roles 0.862s
2025-05-19 14:58:04.563 71160 INFO tempest.lib.common.rest_client [req-15eb5a1f-0536-437f-b75a-8385d34a3599 req-15eb5a1f-0536-437f-b75a-8385d34a3599 ] Request (QuotasAdminTestV236:setUpClass): 204 PUT http://10.180.1.21/identity/v3/projects/a1cfd645e4484e8c9a6ba1eae4645fa5/users/657e4623781b43d39061c54fa409a834/roles/7de3c005fb964684abe0658d2f7b61e1 0.916s
2025-05-19 14:58:04.563 71160 INFO tempest.lib.common.dynamic_creds [-] Dynamic test user 657e4623781b43d39061c54fa409a834 is created with scope project and roles: ['admin']
2025-05-19 14:58:04.563 71160 INFO tempest.lib.common.dynamic_creds [-] Acquired dynamic creds: credentials: Credentials: {'domain_id': 'default', 'domain_name': 'Default', 'username': 'tempest-QuotasAdminTestV236-1365125013-project-admin', 'project_domain_id': 'default', 'project_domain_name': 'Default', 'project_id': 'a1cfd645e4484e8c9a6ba1eae4645fa5', 'project_name': 'tempest-QuotasAdminTestV236-1365125013', 'tenant_id': 'a1cfd645e4484e8c9a6ba1eae4645fa5', 'tenant_name': 'tempest-QuotasAdminTestV236-1365125013', 'user_domain_id': 'default', 'user_domain_name': 'Default', 'user_id': '657e4623781b43d39061c54fa409a834', 'system': None}, Network: None, Subnet: None, Router: None
2025-05-19 14:58:04.564 71160 INFO tempest.lib.common.dynamic_creds [-] Created isolated network resources for: credentials: Credentials: {'domain_id': 'default', 'domain_name': 'Default', 'username': 'tempest-QuotasAdminTestV236-1365125013-project-admin', 'project_domain_id': 'default', 'project_domain_name': 'Default', 'project_id': 'a1cfd645e4484e8c9a6ba1eae4645fa5', 'project_name': 'tempest-QuotasAdminTestV236-1365125013', 'tenant_id': 'a1cfd645e4484e8c9a6ba1eae4645fa5', 'tenant_name': 'tempest-QuotasAdminTestV236-1365125013', 'user_domain_id': 'default', 'user_domain_name': 'Default', 'user_id': '657e4623781b43d39061c54fa409a834', 'system': None}, Network: None, Subnet: None, Router: None
2025-05-19 14:58:04.598 71190 INFO tempest.lib.common.rest_client [req-4b75d097-5807-42bf-95c8-5b11995001ef req-4b75d097-5807-42bf-95c8-5b11995001ef ] Request (HypervisorAdminV253TestBase:setUpClass): 204 PUT http://10.180.1.21/identity/v3/projects/b03175962bf44ab0b69c517b46b21ad7/users/9487fafff48542e68e4bf98f67a13810/roles/7de3c005fb964684abe0658d2f7b61e1 0.866s
2025-05-19 14:58:04.650 71144 INFO tempest.lib.common.rest_client [req-63c66bad-e4a6-4be1-b6bc-6030ecd2fcee req-63c66bad-e4a6-4be1-b6bc-6030ecd2fcee ] Request (HostsAdminTestJSON:setUpClass): 200 GET http://10.180.1.21/identity/v3/roles 0.886s
2025-05-19 14:58:04.700 71184 INFO tempest.lib.common.rest_client [req-29248560-d53f-4276-ac7b-6b576f5ff2f7 req-29248560-d53f-4276-ac7b-6b576f5ff2f7 ] Request (InstanceUsageAuditLogTestJSON:setUpClass): 204 PUT http://10.180.1.21/identity/v3/projects/a77e0c4f321d4a5f8b9720723464cc22/users/aea3e0d1e6504d7c969d9607da2547f6/roles/7de3c005fb964684abe0658d2f7b61e1 0.864s
2025-05-19 14:58:04.729 71188 INFO tempest.lib.common.rest_client [req-3a5edc54-b470-4806-9cfc-87c8c83a043a req-3a5edc54-b470-4806-9cfc-87c8c83a043a ] Request (QuotaClassesAdmin257Test:setUpClass): 204 PUT http://10.180.1.21/identity/v3/projects/416a91492e0c42fa8e5337cf3a5d9dd6/users/6e44734b5c82476792ae6c2b6262a595/roles/7de3c005fb964684abe0658d2f7b61e1 0.970s
2025-05-19 14:58:04.899 71152 INFO tempest.lib.common.rest_client [req-976c3d5a-b477-44d5-b731-304889539788 req-976c3d5a-b477-44d5-b731-304889539788 ] Request (KeyPairsV210TestJSON:setUpClass): 204 PUT http://10.180.1.21/identity/v3/projects/ace8af276444441db90a9778edd921cd/users/db4f3cb308f1416ca8bcc838c629f7d1/roles/7de3c005fb964684abe0658d2f7b61e1 1.037s
2025-05-19 14:58:04.901 71178 INFO tempest.lib.common.rest_client [req-edd19e0c-981b-4601-a91e-a663fdf9f089 req-edd19e0c-981b-4601-a91e-a663fdf9f089 ] Request (HypervisorAdminTestJSON:setUpClass): 204 PUT http://10.180.1.21/identity/v3/projects/75e5deecd586450bba94b008da0c6ca8/users/d7c3dade1d534ce1b0d96eb1ad4effa5/roles/7de3c005fb964684abe0658d2f7b61e1 1.052s
2025-05-19 14:58:05.003 71194 INFO tempest.lib.common.rest_client [req-2788e483-ce74-4797-a4ee-b0ac182ec2e0 req-2788e483-ce74-4797-a4ee-b0ac182ec2e0 ] Request (InstanceUsageAuditLogNegativeTestJSON:setUpClass): 200 GET http://10.180.1.21/identity/v3/roles 1.086s
2025-05-19 14:58:05.008 71172 INFO tempest.lib.common.rest_client [req-62838212-85ad-4573-a3de-d467a33492ff req-62838212-85ad-4573-a3de-d467a33492ff ] Request (QuotasAdminTestJSON:setUpClass): 200 GET http://10.180.1.21/identity/v3/roles 1.090s
2025-05-19 14:58:05.053 71174 INFO tempest.lib.common.rest_client [req-0fd56328-a099-4698-8eca-55937b0c2fc5 req-0fd56328-a099-4698-8eca-55937b0c2fc5 ] Request (FlavorsExtraSpecsNegativeTestJSON:setUpClass): 204 PUT http://10.180.1.21/identity/v3/projects/fa93689f4b2b48179fe2d4d64060ba52/users/38d10d204d4a4aae846165d1fe1438f3/roles/7de3c005fb964684abe0658d2f7b61e1 1.084s
2025-05-19 14:58:05.223 71166 INFO tempest.lib.common.rest_client [req-f1bbdd07-9b36-4a1a-bcab-b0fc7006559b req-f1bbdd07-9b36-4a1a-bcab-b0fc7006559b ] Request (FlavorMetadataValidation:setUpClass): 200 GET http://10.180.1.21/identity/v3/roles 1.209s
2025-05-19 14:58:05.228 71148 INFO tempest.lib.common.rest_client [req-eff71b20-468c-443d-8bfc-a7de6074b0fd req-eff71b20-468c-443d-8bfc-a7de6074b0fd ] Request (FlavorsV2TestJSON:tearDownClass): 204 DELETE http://10.180.1.21/identity/v3/projects/79a356912a114068abaff1144efca8a6 1.303s
2025-05-19 14:58:05.293 71196 INFO tempest.lib.common.rest_client [req-1401fc99-ba22-4699-9d49-311318d7aa12 req-1401fc99-ba22-4699-9d49-311318d7aa12 ] Request (MultipleCreateNegativeTestJSON:test_min_count_less_than_one): 201 POST http://10.180.1.21/identity/v3/auth/tokens 1.233s
2025-05-19 14:58:05.293 71196 INFO tempest.lib.common.fixed_network [-] (MultipleCreateNegativeTestJSON:test_min_count_less_than_one) Found network None available for tenant
2025-05-19 14:58:05.339 71164 INFO tempest.lib.common.rest_client [req-dc06900f-f5fb-4b6a-89a9-dcde862ffc18 req-dc06900f-f5fb-4b6a-89a9-dcde862ffc18 ] Request (ServicesAdminNegativeV253TestJSON:test_list_services_with_non_admin_user): 403 GET http://10.180.1.21/compute/v2.1/os-services 1.232s
2025-05-19 14:58:05.386 71142 INFO tempest.lib.common.rest_client [req-a4d98ea5-b67b-46cb-8ada-73bcdf6f733a req-a4d98ea5-b67b-46cb-8ada-73bcdf6f733a ] Request (FlavorsAdminTestJSON:setUpClass): 201 POST http://10.180.1.21/identity/v3/auth/tokens 1.179s
2025-05-19 14:58:05.412 71140 INFO tempest.lib.common.rest_client [req-84c11bf5-842f-48ea-8efb-2ab59e031b10 req-84c11bf5-842f-48ea-8efb-2ab59e031b10 ] Request (DeleteServersAdminTestJSON:setUpClass): 201 POST http://10.180.1.21/identity/v3/auth/tokens 1.121s
2025-05-19 14:58:05.429 71136 INFO tempest.lib.common.rest_client [req-7838daa9-0fe8-49b8-a021-9a45d71414d2 req-7838daa9-0fe8-49b8-a021-9a45d71414d2 ] Request (AZAdminNegativeTestJSON:setUpClass): 200 GET http://10.180.1.21/identity/v3/roles 1.115s
2025-05-19 14:58:05.435 71134 INFO tempest.lib.common.rest_client [req-159b4466-bb62-4da3-885c-6a2e5d0ad3db req-159b4466-bb62-4da3-885c-6a2e5d0ad3db ] Request (HypervisorAdminNegativeTestJSON:setUpClass): 200 GET http://10.180.1.21/identity/v3/roles 1.044s
2025-05-19 14:58:05.451 71162 INFO tempest.lib.common.rest_client [req-0123a3ed-9c5b-42db-badc-415480bd4675 req-0123a3ed-9c5b-42db-badc-415480bd4675 ] Request (QuotasAdminTestV257:setUpClass): 200 GET http://10.180.1.21/identity/v3/roles 1.042s
2025-05-19 14:58:05.451 71192 INFO tempest.lib.common.rest_client [req-a8dc1e5e-097b-4b38-8af1-67029cf6850c req-a8dc1e5e-097b-4b38-8af1-67029cf6850c ] Request (HypervisorAdminNegativeUnderV252Test:setUpClass): 200 GET http://10.180.1.21/identity/v3/roles 0.976s
2025-05-19 14:58:05.470 71158 INFO tempest.lib.common.rest_client [req-43f2eb41-3166-45ef-8e0e-9417b022150d req-43f2eb41-3166-45ef-8e0e-9417b022150d ] Request (ServersAdminNegativeTestJSON:setUpClass): 204 PUT http://10.180.1.21/identity/v3/projects/6e4aef1e04424e929f0e5635454f2b99/users/631ba57b1f54438283fac87f9ea6a2ce/roles/7de3c005fb964684abe0658d2f7b61e1 0.946s
2025-05-19 14:58:05.471 71158 INFO tempest.lib.common.dynamic_creds [-] Dynamic test user 631ba57b1f54438283fac87f9ea6a2ce is created with scope project and roles: ['admin']
2025-05-19 14:58:05.471 71158 INFO tempest.lib.common.dynamic_creds [-] Acquired dynamic creds: credentials: Credentials: {'domain_id': 'default', 'domain_name': 'Default', 'username': 'tempest-ServersAdminNegativeTestJSON-12340843-project-admin', 'project_domain_id': 'default', 'project_domain_name': 'Default', 'project_id': '6e4aef1e04424e929f0e5635454f2b99', 'project_name': 'tempest-ServersAdminNegativeTestJSON-12340843', 'tenant_id': '6e4aef1e04424e929f0e5635454f2b99', 'tenant_name': 'tempest-ServersAdminNegativeTestJSON-12340843', 'user_domain_id': 'default', 'user_domain_name': 'Default', 'user_id': '631ba57b1f54438283fac87f9ea6a2ce', 'system': None}, Network: None, Subnet: None, Router: None
2025-05-19 14:58:05.471 71158 INFO tempest.lib.common.dynamic_creds [-] Created isolated network resources for: credentials: Credentials: {'domain_id': 'default', 'domain_name': 'Default', 'username': 'tempest-ServersAdminNegativeTestJSON-12340843-project-admin', 'project_domain_id': 'default', 'project_domain_name': 'Default', 'project_id': '6e4aef1e04424e929f0e5635454f2b99', 'project_name': 'tempest-ServersAdminNegativeTestJSON-12340843', 'tenant_id': '6e4aef1e04424e929f0e5635454f2b99', 'tenant_name': 'tempest-ServersAdminNegativeTestJSON-12340843', 'user_domain_id': 'default', 'user_domain_name': 'Default', 'user_id': '631ba57b1f54438283fac87f9ea6a2ce', 'system': None}, Network: None, Subnet: None, Router: None
2025-05-19 14:58:05.474 71156 INFO tempest.lib.common.rest_client [req-ba92a572-10d7-4235-b51b-a7dbb102bbd3 req-ba92a572-10d7-4235-b51b-a7dbb102bbd3 ] Request (AZAdminV2TestJSON:setUpClass): 204 PUT http://10.180.1.21/identity/v3/projects/c8ff30a40f8a49bebeab25f28d19c00a/users/55c57a2b4d9a4e9a8f8470da3f100d1c/roles/7de3c005fb964684abe0658d2f7b61e1 0.996s
2025-05-19 14:58:05.474 71156 INFO tempest.lib.common.dynamic_creds [-] Dynamic test user 55c57a2b4d9a4e9a8f8470da3f100d1c is created with scope project and roles: ['admin']
2025-05-19 14:58:05.474 71156 INFO tempest.lib.common.dynamic_creds [-] Acquired dynamic creds: credentials: Credentials: {'domain_id': 'default', 'domain_name': 'Default', 'username': 'tempest-AZAdminV2TestJSON-1290845190-project-admin', 'project_domain_id': 'default', 'project_domain_name': 'Default', 'project_id': 'c8ff30a40f8a49bebeab25f28d19c00a', 'project_name': 'tempest-AZAdminV2TestJSON-1290845190', 'tenant_id': 'c8ff30a40f8a49bebeab25f28d19c00a', 'tenant_name': 'tempest-AZAdminV2TestJSON-1290845190', 'user_domain_id': 'default', 'user_domain_name': 'Default', 'user_id': '55c57a2b4d9a4e9a8f8470da3f100d1c', 'system': None}, Network: None, Subnet: None, Router: None
2025-05-19 14:58:05.474 71156 INFO tempest.lib.common.dynamic_creds [-] Created isolated network resources for: credentials: Credentials: {'domain_id': 'default', 'domain_name': 'Default', 'username': 'tempest-AZAdminV2TestJSON-1290845190-project-admin', 'project_domain_id': 'default', 'project_domain_name': 'Default', 'project_id': 'c8ff30a40f8a49bebeab25f28d19c00a', 'project_name': 'tempest-AZAdminV2TestJSON-1290845190', 'tenant_id': 'c8ff30a40f8a49bebeab25f28d19c00a', 'tenant_name': 'tempest-AZAdminV2TestJSON-1290845190', 'user_domain_id': 'default', 'user_domain_name': 'Default', 'user_id': '55c57a2b4d9a4e9a8f8470da3f100d1c', 'system': None}, Network: None, Subnet: None, Router: None
2025-05-19 14:58:05.562 71138 INFO tempest.lib.common.rest_client [req-d836b540-d991-4de8-9407-62dbf2a23d74 req-d836b540-d991-4de8-9407-62dbf2a23d74 ] Request (MigrationsAdminTest:setUpClass): 204 PUT http://10.180.1.21/identity/v3/projects/b4778395ac864b0f92ba4ceab17d18f6/users/760c06ce6d2542b49b37e29d58a878c2/roles/7de3c005fb964684abe0658d2f7b61e1 1.017s
2025-05-19 14:58:05.563 71138 INFO tempest.lib.common.dynamic_creds [-] Dynamic test user 760c06ce6d2542b49b37e29d58a878c2 is created with scope project and roles: ['admin']
2025-05-19 14:58:05.563 71138 INFO tempest.lib.common.dynamic_creds [-] Acquired dynamic creds: credentials: Credentials: {'domain_id': 'default', 'domain_name': 'Default', 'username': 'tempest-MigrationsAdminTest-1479042149-project-admin', 'project_domain_id': 'default', 'project_domain_name': 'Default', 'project_id': 'b4778395ac864b0f92ba4ceab17d18f6', 'project_name': 'tempest-MigrationsAdminTest-1479042149', 'tenant_id': 'b4778395ac864b0f92ba4ceab17d18f6', 'tenant_name': 'tempest-MigrationsAdminTest-1479042149', 'user_domain_id': 'default', 'user_domain_name': 'Default', 'user_id': '760c06ce6d2542b49b37e29d58a878c2', 'system': None}, Network: None, Subnet: None, Router: None
2025-05-19 14:58:05.563 71138 INFO tempest.lib.common.dynamic_creds [-] Created isolated network resources for: credentials: Credentials: {'domain_id': 'default', 'domain_name': 'Default', 'username': 'tempest-MigrationsAdminTest-1479042149-project-admin', 'project_domain_id': 'default', 'project_domain_name': 'Default', 'project_id': 'b4778395ac864b0f92ba4ceab17d18f6', 'project_name': 'tempest-MigrationsAdminTest-1479042149', 'tenant_id': 'b4778395ac864b0f92ba4ceab17d18f6', 'tenant_name': 'tempest-MigrationsAdminTest-1479042149', 'user_domain_id': 'default', 'user_domain_name': 'Default', 'user_id': '760c06ce6d2542b49b37e29d58a878c2', 'system': None}, Network: None, Subnet: None, Router: None
2025-05-19 14:58:05.608 71160 INFO tempest.lib.common.rest_client [req-eeefe4e9-1b43-4a3b-9379-307323db43e3 req-eeefe4e9-1b43-4a3b-9379-307323db43e3 ] Request (QuotasAdminTestV236:setUpClass): 201 POST http://10.180.1.21/identity/v3/auth/tokens 1.039s
2025-05-19 14:58:05.609 71190 INFO tempest.lib.common.rest_client [req-3febfe2b-bf79-49f2-ba97-287a2dc5f7ba req-3febfe2b-bf79-49f2-ba97-287a2dc5f7ba ] Request (HypervisorAdminV253TestBase:setUpClass): 200 GET http://10.180.1.21/identity/v3/roles 1.010s
2025-05-19 14:58:05.609 71160 WARNING tempest.lib.common.rest_client [-] Deprecated: "tenant_id" property is deprecated for removal, use "project_id" instead
2025-05-19 14:58:05.629 71184 INFO tempest.lib.common.rest_client [req-ec178dfe-82de-42cb-94c4-5a8ec8256273 req-ec178dfe-82de-42cb-94c4-5a8ec8256273 ] Request (InstanceUsageAuditLogTestJSON:setUpClass): 200 GET http://10.180.1.21/identity/v3/roles 0.926s
2025-05-19 14:58:05.640 71144 INFO tempest.lib.common.rest_client [req-e07a58ab-d8f8-48cc-b056-fffaef79f75d req-e07a58ab-d8f8-48cc-b056-fffaef79f75d ] Request (HostsAdminTestJSON:setUpClass): 204 PUT http://10.180.1.21/identity/v3/projects/6d2cdc1c5465426b82d68f8b0409efa8/users/118ec587e93b44cfaa5d7d2c24e50113/roles/7de3c005fb964684abe0658d2f7b61e1 0.989s
2025-05-19 14:58:05.640 71144 INFO tempest.lib.common.dynamic_creds [-] Dynamic test user 118ec587e93b44cfaa5d7d2c24e50113 is created with scope project and roles: ['admin']
2025-05-19 14:58:05.640 71144 INFO tempest.lib.common.dynamic_creds [-] Acquired dynamic creds: credentials: Credentials: {'domain_id': 'default', 'domain_name': 'Default', 'username': 'tempest-HostsAdminTestJSON-81467425-project-admin', 'project_domain_id': 'default', 'project_domain_name': 'Default', 'project_id': '6d2cdc1c5465426b82d68f8b0409efa8', 'project_name': 'tempest-HostsAdminTestJSON-81467425', 'tenant_id': '6d2cdc1c5465426b82d68f8b0409efa8', 'tenant_name': 'tempest-HostsAdminTestJSON-81467425', 'user_domain_id': 'default', 'user_domain_name': 'Default', 'user_id': '118ec587e93b44cfaa5d7d2c24e50113', 'system': None}, Network: None, Subnet: None, Router: None
2025-05-19 14:58:05.640 71144 INFO tempest.lib.common.dynamic_creds [-] Created isolated network resources for: credentials: Credentials: {'domain_id': 'default', 'domain_name': 'Default', 'username': 'tempest-HostsAdminTestJSON-81467425-project-admin', 'project_domain_id': 'default', 'project_domain_name': 'Default', 'project_id': '6d2cdc1c5465426b82d68f8b0409efa8', 'project_name': 'tempest-HostsAdminTestJSON-81467425', 'tenant_id': '6d2cdc1c5465426b82d68f8b0409efa8', 'tenant_name': 'tempest-HostsAdminTestJSON-81467425', 'user_domain_id': 'default', 'user_domain_name': 'Default', 'user_id': '118ec587e93b44cfaa5d7d2c24e50113', 'system': None}, Network: None, Subnet: None, Router: None
2025-05-19 14:58:05.641 71176 INFO tempest.lib.common.rest_client [req-98e1c83f-4f70-4aa4-b85b-6268ef6e5650 req-98e1c83f-4f70-4aa4-b85b-6268ef6e5650 ] Request (VolumesAssistedSnapshotsTest:setUpClass): 200 PUT http://10.180.1.21:9696/networking/v2.0/routers/b31d5bad-baa5-4e5f-a30e-2cf03ae7e85d/add_router_interface 1.831s
2025-05-19 14:58:05.641 71176 INFO tempest.lib.common.dynamic_creds [-] Created isolated network resources for: credentials: Credentials: {'domain_id': 'default', 'domain_name': 'Default', 'username': 'tempest-VolumesAssistedSnapshotsTest-901381844-project-member', 'project_domain_id': 'default', 'project_domain_name': 'Default', 'project_id': '83a8927218d9441c8822e79e1d27735b', 'project_name': 'tempest-VolumesAssistedSnapshotsTest-901381844', 'tenant_id': '83a8927218d9441c8822e79e1d27735b', 'tenant_name': 'tempest-VolumesAssistedSnapshotsTest-901381844', 'user_domain_id': 'default', 'user_domain_name': 'Default', 'user_id': '653916234b664edca4ae49ccb403d7f5', 'system': None}, Network: {'id': 'e96cf88a-89c1-4687-95b6-88b2da985cac', 'name': 'tempest-VolumesAssistedSnapshotsTest-724824769-network', 'tenant_id': '83a8927218d9441c8822e79e1d27735b', 'admin_state_up': True, 'mtu': 8950, 'status': 'ACTIVE', 'subnets': [], 'shared': False, 'project_id': '83a8927218d9441c8822e79e1d27735b', 'port_security_enabled': True, 'router:external': False, 'provider:network_type': 'vlan', 'provider:physical_network': 'default', 'provider:segmentation_id': 326, 'is_default': False, 'availability_zone_hints': [], 'availability_zones': [], 'ipv4_address_scope': None, 'ipv6_address_scope': None, 'description': '', 'tags': [], 'created_at': '2025-05-19T14:58:01Z', 'updated_at': '2025-05-19T14:58:01Z', 'revision_number': 1}, Subnet: {'id': '7fc238dd-8ffd-4a6c-a659-5bd5cdb4f11d', 'name': 'tempest-VolumesAssistedSnapshotsTest-724824769-subnet', 'tenant_id': '83a8927218d9441c8822e79e1d27735b', 'network_id': 'e96cf88a-89c1-4687-95b6-88b2da985cac', 'ip_version': 4, 'subnetpool_id': None, 'enable_dhcp': True, 'ipv6_ra_mode': None, 'ipv6_address_mode': None, 'gateway_ip': '192.168.128.1', 'cidr': '192.168.128.0/28', 'allocation_pools': [{'start': '192.168.128.2', 'end': '192.168.128.14'}], 'host_routes': [], 'dns_nameservers': [], 'description': '', 'router:external': False, 'service_types': [], 'tags': [], 'created_at': '2025-05-19T14:58:02Z', 'updated_at': '2025-05-19T14:58:02Z', 'revision_number': 0, 'project_id': '83a8927218d9441c8822e79e1d27735b'}, Router: {'id': 'b31d5bad-baa5-4e5f-a30e-2cf03ae7e85d', 'name': 'tempest-VolumesAssistedSnapshotsTest-724824769-router', 'tenant_id': '83a8927218d9441c8822e79e1d27735b', 'admin_state_up': True, 'status': 'ACTIVE', 'external_gateway_info': {'network_id': '0db0a466-5976-4801-baab-fa6b9f2dfb95', 'external_fixed_ips': [{'subnet_id': 'c3402f22-883b-4432-8eac-48c9fbb66784', 'ip_address': '10.180.180.135'}], 'enable_snat': True}, 'description': '', 'availability_zones': [], 'distributed': False, 'ha': False, 'availability_zone_hints': [], 'routes': [], 'flavor_id': None, 'tags': [], 'created_at': '2025-05-19T14:58:02Z', 'updated_at': '2025-05-19T14:58:03Z', 'revision_number': 2, 'project_id': '83a8927218d9441c8822e79e1d27735b'}
2025-05-19 14:58:05.665 71150 INFO tempest.lib.common.rest_client [req-9704c6c1-998d-4122-ba27-450042af8a72 req-9704c6c1-998d-4122-ba27-450042af8a72 ] Request (ServersWithSpecificFlavorTestJSON:setUpClass): 201 POST http://10.180.1.21:9696/networking/v2.0/routers 1.595s
2025-05-19 14:58:05.712 71152 INFO tempest.lib.common.rest_client [req-43d42699-2de7-42d0-969a-18f2ac18dcad req-43d42699-2de7-42d0-969a-18f2ac18dcad ] Request (KeyPairsV210TestJSON:setUpClass): 200 GET http://10.180.1.21/identity/v3/roles 0.812s
2025-05-19 14:58:05.720 71188 INFO tempest.lib.common.rest_client [req-0ff94f65-b8d1-48dc-a655-9ab3914f2407 req-0ff94f65-b8d1-48dc-a655-9ab3914f2407 ] Request (QuotaClassesAdmin257Test:setUpClass): 200 GET http://10.180.1.21/identity/v3/roles 0.990s
2025-05-19 14:58:05.732 71178 INFO tempest.lib.common.rest_client [req-09a8b9ac-e682-480b-8c53-108b1c3b71fd req-09a8b9ac-e682-480b-8c53-108b1c3b71fd ] Request (HypervisorAdminTestJSON:setUpClass): 200 GET http://10.180.1.21/identity/v3/roles 0.830s
2025-05-19 14:58:05.741 71194 INFO tempest.lib.common.rest_client [req-373c2a2d-a528-4396-a988-4ac69158bba3 req-373c2a2d-a528-4396-a988-4ac69158bba3 ] Request (InstanceUsageAuditLogNegativeTestJSON:setUpClass): 204 PUT http://10.180.1.21/identity/v3/projects/b517bd0b8c0e454882ed1ad1648f82c9/users/4bf66028670b48d38815d2678783e3a1/roles/7de3c005fb964684abe0658d2f7b61e1 0.736s
2025-05-19 14:58:05.741 71194 INFO tempest.lib.common.dynamic_creds [-] Dynamic test user 4bf66028670b48d38815d2678783e3a1 is created with scope project and roles: ['admin']
2025-05-19 14:58:05.741 71194 INFO tempest.lib.common.dynamic_creds [-] Acquired dynamic creds: credentials: Credentials: {'domain_id': 'default', 'domain_name': 'Default', 'username': 'tempest-InstanceUsageAuditLogNegativeTestJSON-1245442692-project-admin', 'project_domain_id': 'default', 'project_domain_name': 'Default', 'project_id': 'b517bd0b8c0e454882ed1ad1648f82c9', 'project_name': 'tempest-InstanceUsageAuditLogNegativeTestJSON-1245442692', 'tenant_id': 'b517bd0b8c0e454882ed1ad1648f82c9', 'tenant_name': 'tempest-InstanceUsageAuditLogNegativeTestJSON-1245442692', 'user_domain_id': 'default', 'user_domain_name': 'Default', 'user_id': '4bf66028670b48d38815d2678783e3a1', 'system': None}, Network: None, Subnet: None, Router: None
2025-05-19 14:58:05.741 71194 INFO tempest.lib.common.dynamic_creds [-] Created isolated network resources for: credentials: Credentials: {'domain_id': 'default', 'domain_name': 'Default', 'username': 'tempest-InstanceUsageAuditLogNegativeTestJSON-1245442692-project-admin', 'project_domain_id': 'default', 'project_domain_name': 'Default', 'project_id': 'b517bd0b8c0e454882ed1ad1648f82c9', 'project_name': 'tempest-InstanceUsageAuditLogNegativeTestJSON-1245442692', 'tenant_id': 'b517bd0b8c0e454882ed1ad1648f82c9', 'tenant_name': 'tempest-InstanceUsageAuditLogNegativeTestJSON-1245442692', 'user_domain_id': 'default', 'user_domain_name': 'Default', 'user_id': '4bf66028670b48d38815d2678783e3a1', 'system': None}, Network: None, Subnet: None, Router: None
2025-05-19 14:58:05.788 71172 INFO tempest.lib.common.rest_client [req-31145bb8-38a5-43be-8406-08ab9f27b0e6 req-31145bb8-38a5-43be-8406-08ab9f27b0e6 ] Request (QuotasAdminTestJSON:setUpClass): 204 PUT http://10.180.1.21/identity/v3/projects/10d96453270a4ccf9b58f599a9120e75/users/f2c23c99b1984578801a9f2d3adaec6f/roles/7de3c005fb964684abe0658d2f7b61e1 0.780s
2025-05-19 14:58:05.788 71172 INFO tempest.lib.common.dynamic_creds [-] Dynamic test user f2c23c99b1984578801a9f2d3adaec6f is created with scope project and roles: ['admin']
2025-05-19 14:58:05.789 71172 INFO tempest.lib.common.dynamic_creds [-] Acquired dynamic creds: credentials: Credentials: {'domain_id': 'default', 'domain_name': 'Default', 'username': 'tempest-QuotasAdminTestJSON-915908040-project-admin', 'project_domain_id': 'default', 'project_domain_name': 'Default', 'project_id': '10d96453270a4ccf9b58f599a9120e75', 'project_name': 'tempest-QuotasAdminTestJSON-915908040', 'tenant_id': '10d96453270a4ccf9b58f599a9120e75', 'tenant_name': 'tempest-QuotasAdminTestJSON-915908040', 'user_domain_id': 'default', 'user_domain_name': 'Default', 'user_id': 'f2c23c99b1984578801a9f2d3adaec6f', 'system': None}, Network: None, Subnet: None, Router: None
2025-05-19 14:58:05.789 71172 INFO tempest.lib.common.dynamic_creds [-] Created isolated network resources for: credentials: Credentials: {'domain_id': 'default', 'domain_name': 'Default', 'username': 'tempest-QuotasAdminTestJSON-915908040-project-admin', 'project_domain_id': 'default', 'project_domain_name': 'Default', 'project_id': '10d96453270a4ccf9b58f599a9120e75', 'project_name': 'tempest-QuotasAdminTestJSON-915908040', 'tenant_id': '10d96453270a4ccf9b58f599a9120e75', 'tenant_name': 'tempest-QuotasAdminTestJSON-915908040', 'user_domain_id': 'default', 'user_domain_name': 'Default', 'user_id': 'f2c23c99b1984578801a9f2d3adaec6f', 'system': None}, Network: None, Subnet: None, Router: None
2025-05-19 14:58:05.868 71174 INFO tempest.lib.common.rest_client [req-39d76680-ef7e-4d63-9bf3-ffc5800bf52f req-39d76680-ef7e-4d63-9bf3-ffc5800bf52f ] Request (FlavorsExtraSpecsNegativeTestJSON:setUpClass): 200 GET http://10.180.1.21/identity/v3/roles 0.814s
2025-05-19 14:58:05.872 71166 INFO tempest.lib.common.rest_client [req-646fd187-c55b-4814-b202-da2c0084d260 req-646fd187-c55b-4814-b202-da2c0084d260 ] Request (FlavorMetadataValidation:setUpClass): 204 PUT http://10.180.1.21/identity/v3/projects/1b6e4842e86c4305aad0534979f52fa8/users/81f87031922b4b58a448329e3148f233/roles/7de3c005fb964684abe0658d2f7b61e1 0.648s
2025-05-19 14:58:05.872 71166 INFO tempest.lib.common.dynamic_creds [-] Dynamic test user 81f87031922b4b58a448329e3148f233 is created with scope project and roles: ['admin']
2025-05-19 14:58:05.872 71166 INFO tempest.lib.common.dynamic_creds [-] Acquired dynamic creds: credentials: Credentials: {'domain_id': 'default', 'domain_name': 'Default', 'username': 'tempest-FlavorMetadataValidation-2143191071-project-admin', 'project_domain_id': 'default', 'project_domain_name': 'Default', 'project_id': '1b6e4842e86c4305aad0534979f52fa8', 'project_name': 'tempest-FlavorMetadataValidation-2143191071', 'tenant_id': '1b6e4842e86c4305aad0534979f52fa8', 'tenant_name': 'tempest-FlavorMetadataValidation-2143191071', 'user_domain_id': 'default', 'user_domain_name': 'Default', 'user_id': '81f87031922b4b58a448329e3148f233', 'system': None}, Network: None, Subnet: None, Router: None
2025-05-19 14:58:05.872 71166 INFO tempest.lib.common.dynamic_creds [-] Created isolated network resources for: credentials: Credentials: {'domain_id': 'default', 'domain_name': 'Default', 'username': 'tempest-FlavorMetadataValidation-2143191071-project-admin', 'project_domain_id': 'default', 'project_domain_name': 'Default', 'project_id': '1b6e4842e86c4305aad0534979f52fa8', 'project_name': 'tempest-FlavorMetadataValidation-2143191071', 'tenant_id': '1b6e4842e86c4305aad0534979f52fa8', 'tenant_name': 'tempest-FlavorMetadataValidation-2143191071', 'user_domain_id': 'default', 'user_domain_name': 'Default', 'user_id': '81f87031922b4b58a448329e3148f233', 'system': None}, Network: None, Subnet: None, Router: None
2025-05-19 14:58:05.950 71148 INFO tempest.lib.common.rest_client [req-73ad5bd6-048a-453e-8c4e-e3c727e3c7fe req-73ad5bd6-048a-453e-8c4e-e3c727e3c7fe ] Request (ImagesMetadataNegativeTestJSON:setUpClass): 201 POST http://10.180.1.21/identity/v3/auth/tokens 0.720s
2025-05-19 14:58:06.040 71164 INFO tempest.lib.common.rest_client [req-7ce88281-df62-4900-95d6-ff4fd097c006 req-7ce88281-df62-4900-95d6-ff4fd097c006 ] Request (ServicesAdminNegativeV253TestJSON:tearDownClass): 204 DELETE http://10.180.1.21/identity/v3/users/53aecf0f30104d13950315d1e4e06fb6 0.700s
2025-05-19 14:58:06.095 71140 INFO tempest.lib.common.rest_client [req-c75513c1-3b6b-4e54-b6ce-6330cf86eb03 req-c75513c1-3b6b-4e54-b6ce-6330cf86eb03 ] Request (DeleteServersAdminTestJSON:test_admin_delete_servers_of_others): 201 POST http://10.180.1.21/identity/v3/auth/tokens 0.669s
2025-05-19 14:58:06.096 71140 INFO tempest.lib.common.fixed_network [-] (DeleteServersAdminTestJSON:test_admin_delete_servers_of_others) Found network None available for tenant
2025-05-19 14:58:06.129 71154 INFO tempest.lib.common.rest_client [req-85ad54af-1cc7-4acd-9dba-e8f1e7dbfd27 req-85ad54af-1cc7-4acd-9dba-e8f1e7dbfd27 ] Request (ServicesAdminTestJSON:test_get_service_by_host_name): 200 GET http://10.180.1.21/compute/v2.1/os-services 2.006s
2025-05-19 14:58:06.146 71180 INFO tempest.lib.common.rest_client [req-057e0a31-6ef0-406d-8afb-b48bedf034ed req-057e0a31-6ef0-406d-8afb-b48bedf034ed ] Request (ImagesNegativeTestJSON:setUpClass): 201 POST http://10.180.1.21:9696/networking/v2.0/routers 2.410s
2025-05-19 14:58:06.152 71134 INFO tempest.lib.common.rest_client [req-c16af5a1-5380-48fe-bc48-d4aeefb2dd7b req-c16af5a1-5380-48fe-bc48-d4aeefb2dd7b ] Request (HypervisorAdminNegativeTestJSON:setUpClass): 204 PUT http://10.180.1.21/identity/v3/projects/7c246d76297f46dabaf7e92b3147b604/users/5f834a5c219d40d6b0b51d77e9b79b9c/roles/7de3c005fb964684abe0658d2f7b61e1 0.716s
2025-05-19 14:58:06.152 71134 INFO tempest.lib.common.dynamic_creds [-] Dynamic test user 5f834a5c219d40d6b0b51d77e9b79b9c is created with scope project and roles: ['admin']
2025-05-19 14:58:06.152 71134 INFO tempest.lib.common.dynamic_creds [-] Acquired dynamic creds: credentials: Credentials: {'domain_id': 'default', 'domain_name': 'Default', 'username': 'tempest-HypervisorAdminNegativeTestJSON-1166926511-project-admin', 'project_domain_id': 'default', 'project_domain_name': 'Default', 'project_id': '7c246d76297f46dabaf7e92b3147b604', 'project_name': 'tempest-HypervisorAdminNegativeTestJSON-1166926511', 'tenant_id': '7c246d76297f46dabaf7e92b3147b604', 'tenant_name': 'tempest-HypervisorAdminNegativeTestJSON-1166926511', 'user_domain_id': 'default', 'user_domain_name': 'Default', 'user_id': '5f834a5c219d40d6b0b51d77e9b79b9c', 'system': None}, Network: None, Subnet: None, Router: None
2025-05-19 14:58:06.152 71134 INFO tempest.lib.common.dynamic_creds [-] Created isolated network resources for: credentials: Credentials: {'domain_id': 'default', 'domain_name': 'Default', 'username': 'tempest-HypervisorAdminNegativeTestJSON-1166926511-project-admin', 'project_domain_id': 'default', 'project_domain_name': 'Default', 'project_id': '7c246d76297f46dabaf7e92b3147b604', 'project_name': 'tempest-HypervisorAdminNegativeTestJSON-1166926511', 'tenant_id': '7c246d76297f46dabaf7e92b3147b604', 'tenant_name': 'tempest-HypervisorAdminNegativeTestJSON-1166926511', 'user_domain_id': 'default', 'user_domain_name': 'Default', 'user_id': '5f834a5c219d40d6b0b51d77e9b79b9c', 'system': None}, Network: None, Subnet: None, Router: None
2025-05-19 14:58:06.193 71136 INFO tempest.lib.common.rest_client [req-57d7760f-8852-4ab2-a7c8-f2717d741d17 req-57d7760f-8852-4ab2-a7c8-f2717d741d17 ] Request (AZAdminNegativeTestJSON:setUpClass): 204 PUT http://10.180.1.21/identity/v3/projects/2283f09d4acc4ffc8b15475173dc5d87/users/a8c2de362adc4e02b95844f490859957/roles/7de3c005fb964684abe0658d2f7b61e1 0.763s
2025-05-19 14:58:06.193 71136 INFO tempest.lib.common.dynamic_creds [-] Dynamic test user a8c2de362adc4e02b95844f490859957 is created with scope project and roles: ['admin']
2025-05-19 14:58:06.194 71136 INFO tempest.lib.common.dynamic_creds [-] Acquired dynamic creds: credentials: Credentials: {'domain_id': 'default', 'domain_name': 'Default', 'username': 'tempest-AZAdminNegativeTestJSON-1206668747-project-admin', 'project_domain_id': 'default', 'project_domain_name': 'Default', 'project_id': '2283f09d4acc4ffc8b15475173dc5d87', 'project_name': 'tempest-AZAdminNegativeTestJSON-1206668747', 'tenant_id': '2283f09d4acc4ffc8b15475173dc5d87', 'tenant_name': 'tempest-AZAdminNegativeTestJSON-1206668747', 'user_domain_id': 'default', 'user_domain_name': 'Default', 'user_id': 'a8c2de362adc4e02b95844f490859957', 'system': None}, Network: None, Subnet: None, Router: None
2025-05-19 14:58:06.194 71136 INFO tempest.lib.common.dynamic_creds [-] Created isolated network resources for: credentials: Credentials: {'domain_id': 'default', 'domain_name': 'Default', 'username': 'tempest-AZAdminNegativeTestJSON-1206668747-project-admin', 'project_domain_id': 'default', 'project_domain_name': 'Default', 'project_id': '2283f09d4acc4ffc8b15475173dc5d87', 'project_name': 'tempest-AZAdminNegativeTestJSON-1206668747', 'tenant_id': '2283f09d4acc4ffc8b15475173dc5d87', 'tenant_name': 'tempest-AZAdminNegativeTestJSON-1206668747', 'user_domain_id': 'default', 'user_domain_name': 'Default', 'user_id': 'a8c2de362adc4e02b95844f490859957', 'system': None}, Network: None, Subnet: None, Router: None
2025-05-19 14:58:06.234 71162 INFO tempest.lib.common.rest_client [req-86474472-6880-46de-8d1e-ff14c3a4f040 req-86474472-6880-46de-8d1e-ff14c3a4f040 ] Request (QuotasAdminTestV257:setUpClass): 204 PUT http://10.180.1.21/identity/v3/projects/5f6bd3072bc84bebb7eddae7170bca37/users/973b50520bb746c79afe263156d08fa9/roles/7de3c005fb964684abe0658d2f7b61e1 0.782s
2025-05-19 14:58:06.235 71162 INFO tempest.lib.common.dynamic_creds [-] Dynamic test user 973b50520bb746c79afe263156d08fa9 is created with scope project and roles: ['admin']
2025-05-19 14:58:06.235 71162 INFO tempest.lib.common.dynamic_creds [-] Acquired dynamic creds: credentials: Credentials: {'domain_id': 'default', 'domain_name': 'Default', 'username': 'tempest-QuotasAdminTestV257-740713180-project-admin', 'project_domain_id': 'default', 'project_domain_name': 'Default', 'project_id': '5f6bd3072bc84bebb7eddae7170bca37', 'project_name': 'tempest-QuotasAdminTestV257-740713180', 'tenant_id': '5f6bd3072bc84bebb7eddae7170bca37', 'tenant_name': 'tempest-QuotasAdminTestV257-740713180', 'user_domain_id': 'default', 'user_domain_name': 'Default', 'user_id': '973b50520bb746c79afe263156d08fa9', 'system': None}, Network: None, Subnet: None, Router: None
