2025-05-16 20:34:23.916 69134 INFO tempest.lib.common.rest_client [req-9f920be7-1c20-4fe1-a971-690c800e5230 req-9f920be7-1c20-4fe1-a971-690c800e5230 ] Request (FloatingIPsAssociationNegativeTestJSON:setUpClass): 200 GET http://10.180.1.21/compute/v2.1/servers/9778caa6-4d64-483e-9b72-e82c9977f9ce 0.277s
2025-05-16 20:34:23.966 69102 INFO tempest.lib.common.rest_client [req-d81f4977-4ff6-4b93-bf8c-fb4b6fd61b41 req-d81f4977-4ff6-4b93-bf8c-fb4b6fd61b41 ] Request (ServerAddressesTestJSON:setUpClass): 200 GET http://10.180.1.21/compute/v2.1/servers/0d4e5325-aa25-4766-a490-9719b3f354c7 0.271s
2025-05-16 20:34:23.973 69118 INFO tempest.lib.common.rest_client [req-c2f69806-640b-411c-8aae-7a5f7938007f req-c2f69806-640b-411c-8aae-7a5f7938007f ] Request (ServersTestBootFromVolume:setUpClass): 200 GET http://10.180.1.21/compute/v2.1/servers/95cffda2-8119-4401-ac53-9d7042ef7180 0.298s
2025-05-16 20:34:24.015 69108 INFO tempest.lib.common.rest_client [req-9d1dae1d-90fb-4968-bf5c-b766e90f2481 req-9d1dae1d-90fb-4968-bf5c-b766e90f2481 ] Request (ServerExternalEventsTest:test_create_server_external_events): 200 GET http://10.180.1.21/compute/v2.1/servers/89f660c8-6efd-4789-90ee-67e42abc1db7 0.286s
2025-05-16 20:34:24.071 69112 INFO tempest.lib.common.rest_client [req-a0ee2a6b-06d9-4903-a094-12a1d283da19 req-a0ee2a6b-06d9-4903-a094-12a1d283da19 ] Request (ServerDiagnosticsV248Test:test_get_server_diagnostics): 200 GET http://10.180.1.21/compute/v2.1/servers/90d9df19-2d93-4543-a650-4a624f505d5d 0.258s
2025-05-16 20:34:24.195 69126 INFO tempest.lib.common.rest_client [req-b154ba44-8d29-4ab0-a437-50ef5b85ec97 req-b154ba44-8d29-4ab0-a437-50ef5b85ec97 ] Request (ServerMetadataNegativeTestJSON:setUpClass): 200 GET http://10.180.1.21/compute/v2.1/servers/9923a3c7-f090-4a01-8c57-36c8c22c6b14 0.440s
2025-05-16 20:34:24.219 69090 INFO tempest.lib.common.rest_client [req-3698bb0e-64de-4ca1-bdfa-4bdb4300e723 req-3698bb0e-64de-4ca1-bdfa-4bdb4300e723 ] Request (InstanceActionsNegativeTestJSON:setUpClass): 200 GET http://10.180.1.21/compute/v2.1/servers/620ef3f6-0444-474d-8179-3dc0143f2e99 0.387s
2025-05-16 20:34:24.268 69141 INFO tempest.lib.common.rest_client [req-225b8da8-c393-406d-83a6-14bc751dca7d req-225b8da8-c393-406d-83a6-14bc751dca7d ] Request (AttachInterfacesV270Test:test_create_get_list_interfaces): 200 GET http://10.180.1.21/compute/v2.1/servers/8f9bdc2e-bc45-46f8-a1dd-b98046bddc2c 0.395s
2025-05-16 20:34:24.270 69104 INFO tempest.lib.common.rest_client [req-b84ac16b-7728-45bd-a761-fa7b0e28c98c req-b84ac16b-7728-45bd-a761-fa7b0e28c98c ] Request (ServerShowV257Test:test_rebuild_server): 200 GET http://10.180.1.21/compute/v2.1/servers/0913eee8-aa9a-4e1b-8aec-48d8a9197530 0.338s
2025-05-16 20:34:24.322 69096 INFO tempest.lib.common.rest_client [req-f20073f9-e8db-48fd-a383-9b193e5bc031 req-f20073f9-e8db-48fd-a383-9b193e5bc031 ] Request (ServerGroupTestJSON:setUpClass): 201 POST http://10.180.1.21:9696/networking/v2.0/routers 1.301s
2025-05-16 20:34:24.332 69136 INFO tempest.lib.common.rest_client [req-0d138674-6111-4cd2-9bef-cd742b3b0f60 req-0d138674-6111-4cd2-9bef-cd742b3b0f60 ] Request (AttachInterfacesTestJSON:test_create_list_show_delete_interfaces_by_fixed_ip): 200 GET http://10.180.1.21/compute/v2.1/servers/2afc987a-45cc-484e-a6f0-a0118e2e73eb 0.339s
2025-05-16 20:34:24.482 69114 INFO tempest.lib.common.rest_client [req-09ff1df8-e083-4784-bd10-1495a632d6e8 req-09ff1df8-e083-4784-bd10-1495a632d6e8 ] Request (ServersAdminNegativeTestJSON:setUpClass): 200 GET http://10.180.1.21/compute/v2.1/servers/e060aaea-7508-46ed-8786-b5753fde75e9 0.413s
2025-05-16 20:34:24.505 69130 INFO tempest.lib.common.rest_client [req-c9486072-2444-44bb-9ad2-1bc55277885f req-c9486072-2444-44bb-9ad2-1bc55277885f ] Request (ImagesTestJSON:test_create_image_from_stopped_server): 200 GET http://10.180.1.21/compute/v2.1/servers/4995301f-e3c3-4032-adf0-7cffa3497d3e 0.559s
2025-05-16 20:34:24.648 69142 INFO tempest.lib.common.rest_client [req-0eaf672a-d5c6-43e5-8568-fdf800d3a96b req-0eaf672a-d5c6-43e5-8568-fdf800d3a96b ] Request (ImagesOneServerTestJSON:setUpClass): 200 GET http://10.180.1.21/compute/v2.1/servers/3bf7d713-8315-48d9-85dd-4ff09c9c7782 0.479s
2025-05-16 20:34:24.659 69100 INFO tempest.lib.common.rest_client [req-8bd06a35-4157-484e-970f-024ee5a27456 req-8bd06a35-4157-484e-970f-024ee5a27456 ] Request (DeleteServersAdminTestJSON:test_admin_delete_servers_of_others): 200 GET http://10.180.1.21/compute/v2.1/servers/df45083e-ece4-4768-bc08-022fe0185117 0.468s
2025-05-16 20:34:24.701 69092 INFO tempest.lib.common.rest_client [req-90de9f62-0363-478b-8a07-1ab0ac0dbf5e req-90de9f62-0363-478b-8a07-1ab0ac0dbf5e ] Request (ListImageFiltersTestJSON:setUpClass): 200 GET http://10.180.1.21/compute/v2.1/servers/ceb21573-1cb0-4af6-9897-f164997b4b5f 0.480s
2025-05-16 20:34:24.719 69094 INFO tempest.lib.common.rest_client [req-69dfe2c1-586b-4e49-bf85-12b0c3ccb23b req-69dfe2c1-586b-4e49-bf85-12b0c3ccb23b ] Request (ServersTestFqdnHostnames:test_create_server_with_fqdn_name): 200 GET http://10.180.1.21/compute/v2.1/servers/e1925875-04db-4b88-ad54-d33ff804d365 0.465s
2025-05-16 20:34:24.753 69124 INFO tempest.lib.common.rest_client [req-5d7fa9e8-376e-4a5a-a66a-61a5fedfdc55 req-5d7fa9e8-376e-4a5a-a66a-61a5fedfdc55 ] Request (SecurityGroupsTestJSON:test_list_security_groups_by_server): 200 GET http://10.180.1.21/compute/v2.1/servers/6cf752ef-a49e-477f-8297-59621e69e712 0.479s
2025-05-16 20:34:24.782 69082 INFO tempest.lib.common.rest_client [req-70e0ee9d-af18-4ed6-97d0-b7bbefc183be req-70e0ee9d-af18-4ed6-97d0-b7bbefc183be ] Request (ServerRescueNegativeTestJSON:setUpClass): 200 GET http://10.180.1.21/compute/v2.1/servers/092cc50b-edcc-4d9b-a981-a06e2eaaf321 0.478s
2025-05-16 20:34:24.853 69086 INFO tempest.lib.common.rest_client [req-1e056249-eb92-48fd-9768-0eb196570849 req-1e056249-eb92-48fd-9768-0eb196570849 ] Request (ServerDiagnosticsNegativeTest:test_get_server_diagnostics_by_non_admin): 200 GET http://10.180.1.21/compute/v2.1/servers/748df295-743b-41be-b873-523b688f2c78 0.452s
2025-05-16 20:34:24.927 69138 INFO tempest.lib.common.rest_client [req-4dff49f4-f633-49bd-bac8-da9c6ebb5565 req-4dff49f4-f633-49bd-bac8-da9c6ebb5565 ] Request (MigrationsAdminTest:test_list_migrations_in_flavor_resize_situation): 200 GET http://10.180.1.21/compute/v2.1/servers/82cf03c6-4fbf-4fc3-ba6b-ecb2df73efd7 0.436s
2025-05-16 20:34:24.994 69098 INFO tempest.lib.common.rest_client [req-ca77a720-ce46-44b4-999a-5bab214b31f4 req-ca77a720-ce46-44b4-999a-5bab214b31f4 ] Request (ServersTestMultiNic:test_verify_duplicate_network_nics): 200 GET http://10.180.1.21/compute/v2.1/servers/2fc5f330-2a23-4a67-a49c-c4985928417b 0.435s
2025-05-16 20:34:25.008 69128 INFO tempest.lib.common.rest_client [req-482c4361-0219-43ef-8335-a126c92bb56f req-482c4361-0219-43ef-8335-a126c92bb56f ] Request (ServerActionsTestOtherB:setUpClass): 200 GET http://10.180.1.21/compute/v2.1/servers/c1606420-0fd3-4bd3-a8fa-91772c11f9bf 0.502s
2025-05-16 20:34:25.061 69120 INFO tempest.lib.common.rest_client [req-3ea22675-5a3e-4f2a-8273-a25f2bd1c6f4 req-3ea22675-5a3e-4f2a-8273-a25f2bd1c6f4 ] Request (VolumesAssistedSnapshotsTest:test_volume_assisted_snapshot_create_delete): 200 GET http://10.180.1.21/compute/v2.1/servers/9d533b44-6afa-4c5b-a0a6-90ff442f7771 0.357s
2025-05-16 20:34:25.116 69116 INFO tempest.lib.common.rest_client [req-4a469f18-ac7f-459d-83aa-8b4be3b56539 req-4a469f18-ac7f-459d-83aa-8b4be3b56539 ] Request (ServerRescueTestJSON:setUpClass): 200 GET http://10.180.1.21/compute/v2.1/servers/cdb141da-a05c-4891-a33d-6e12eafe4f22 0.329s
2025-05-16 20:34:25.168 69088 INFO tempest.lib.common.rest_client [req-aa89f658-d5b9-4bdb-9398-d88488fb1c01 req-aa89f658-d5b9-4bdb-9398-d88488fb1c01 ] Request (TenantUsagesTestJSON:setUpClass): 200 GET http://10.180.1.21/compute/v2.1/servers/1ecf18e5-a4a1-4efb-b54a-964b064b51e5 0.525s
2025-05-16 20:34:25.195 69110 INFO tempest.lib.common.rest_client [req-7a7df6cc-aebd-4882-b809-e5c97289fcb8 req-7a7df6cc-aebd-4882-b809-e5c97289fcb8 ] Request (ServersListShow296Test:test_list_show_update_rebuild_server_296): 200 GET http://10.180.1.21/compute/v2.1/servers/c59a14e2-3655-4177-961a-34552be1ccb1 0.356s
2025-05-16 20:34:25.249 69144 INFO tempest.lib.common.rest_client [req-abc6db33-8db7-4616-b2bb-9ff695ef6267 req-abc6db33-8db7-4616-b2bb-9ff695ef6267 ] Request (ServersWithSpecificFlavorTestJSON:test_verify_created_server_ephemeral_disk): 200 GET http://10.180.1.21/compute/v2.1/servers/ad71bb4b-829d-4297-857f-249e4c499623 0.405s
2025-05-16 20:34:25.250 69132 INFO tempest.lib.common.rest_client [req-a01f9957-e543-4321-9e81-9f17fc1fb571 req-a01f9957-e543-4321-9e81-9f17fc1fb571 ] Request (ListServersNegativeTestJSON:setUpClass): 200 GET http://10.180.1.21/compute/v2.1/servers/6a79f513-a8f0-4ceb-b4fd-466474dd67c8 0.371s
2025-05-16 20:34:25.303 69134 INFO tempest.lib.common.rest_client [req-1c89a215-a138-47c7-aed6-022903ea8354 req-1c89a215-a138-47c7-aed6-022903ea8354 ] Request (FloatingIPsAssociationNegativeTestJSON:setUpClass): 200 GET http://10.180.1.21/compute/v2.1/servers/9778caa6-4d64-483e-9b72-e82c9977f9ce 0.376s
2025-05-16 20:34:25.320 69106 INFO tempest.lib.common.rest_client [req-7492e11c-e867-4850-9429-5b9ce2e1a9dc req-7492e11c-e867-4850-9429-5b9ce2e1a9dc ] Request (DeleteServersTestJSON:test_delete_active_server): 200 GET http://10.180.1.21/compute/v2.1/servers/10442eb5-8f1a-4b4c-9aab-78605de8dfea 0.408s
2025-05-16 20:34:25.355 69102 INFO tempest.lib.common.rest_client [req-d8e4d26b-6017-4fa8-941f-61815e786e5d req-d8e4d26b-6017-4fa8-941f-61815e786e5d ] Request (ServerAddressesTestJSON:setUpClass): 200 GET http://10.180.1.21/compute/v2.1/servers/0d4e5325-aa25-4766-a490-9719b3f354c7 0.382s
2025-05-16 20:34:25.387 69118 INFO tempest.lib.common.rest_client [req-87c7f512-fea0-4615-afc0-c4af6241dba0 req-87c7f512-fea0-4615-afc0-c4af6241dba0 ] Request (ServersTestBootFromVolume:setUpClass): 200 GET http://10.180.1.21/compute/v2.1/servers/95cffda2-8119-4401-ac53-9d7042ef7180 0.404s
2025-05-16 20:34:25.409 69108 INFO tempest.lib.common.rest_client [req-1d456d68-2370-45b7-ab32-2a3e1d629264 req-1d456d68-2370-45b7-ab32-2a3e1d629264 ] Request (ServerExternalEventsTest:test_create_server_external_events): 200 GET http://10.180.1.21/compute/v2.1/servers/89f660c8-6efd-4789-90ee-67e42abc1db7 0.382s
2025-05-16 20:34:25.455 69126 INFO tempest.lib.common.rest_client [req-152e05a2-b9f1-43f1-b517-c4b93e04ad33 req-152e05a2-b9f1-43f1-b517-c4b93e04ad33 ] Request (ServerMetadataNegativeTestJSON:setUpClass): 200 GET http://10.180.1.21/compute/v2.1/servers/9923a3c7-f090-4a01-8c57-36c8c22c6b14 0.249s
2025-05-16 20:34:25.465 69112 INFO tempest.lib.common.rest_client [req-a8242112-8aee-48c4-a46e-baaf6328d785 req-a8242112-8aee-48c4-a46e-baaf6328d785 ] Request (ServerDiagnosticsV248Test:test_get_server_diagnostics): 200 GET http://10.180.1.21/compute/v2.1/servers/90d9df19-2d93-4543-a650-4a624f505d5d 0.384s
2025-05-16 20:34:25.524 69104 INFO tempest.lib.common.rest_client [req-41118745-b7a6-40e1-ae6b-d3cbf58f538a req-41118745-b7a6-40e1-ae6b-d3cbf58f538a ] Request (ServerShowV257Test:test_rebuild_server): 200 GET http://10.180.1.21/compute/v2.1/servers/0913eee8-aa9a-4e1b-8aec-48d8a9197530 0.243s
2025-05-16 20:34:25.575 69090 INFO tempest.lib.common.rest_client [req-e71fe07d-47aa-4580-b415-f5928f0ddc0f req-e71fe07d-47aa-4580-b415-f5928f0ddc0f ] Request (InstanceActionsNegativeTestJSON:setUpClass): 200 GET http://10.180.1.21/compute/v2.1/servers/620ef3f6-0444-474d-8179-3dc0143f2e99 0.348s
2025-05-16 20:34:25.604 69141 INFO tempest.lib.common.rest_client [req-3aabb9d8-a531-427e-a71d-40e87b3bd5e4 req-3aabb9d8-a531-427e-a71d-40e87b3bd5e4 ] Request (AttachInterfacesV270Test:test_create_get_list_interfaces): 200 GET http://10.180.1.21/compute/v2.1/servers/8f9bdc2e-bc45-46f8-a1dd-b98046bddc2c 0.320s
2025-05-16 20:34:25.635 69136 INFO tempest.lib.common.rest_client [req-05cce1a2-489a-41d0-a349-b6d8928c0808 req-05cce1a2-489a-41d0-a349-b6d8928c0808 ] Request (AttachInterfacesTestJSON:test_create_list_show_delete_interfaces_by_fixed_ip): 200 GET http://10.180.1.21/compute/v2.1/servers/2afc987a-45cc-484e-a6f0-a0118e2e73eb 0.291s
2025-05-16 20:34:25.715 69096 INFO tempest.lib.common.rest_client [req-3057d881-3221-4bb8-8dfd-2182021ce83e req-3057d881-3221-4bb8-8dfd-2182021ce83e ] Request (ServerGroupTestJSON:setUpClass): 200 PUT http://10.180.1.21:9696/networking/v2.0/routers/abf41f31-9e9d-47cd-951a-c994c89d33e3/add_router_interface 1.389s
2025-05-16 20:34:25.715 69096 INFO tempest.lib.common.dynamic_creds [-] Created isolated network resources for: credentials: Credentials: {'domain_id': 'default', 'domain_name': 'Default', 'username': 'tempest-ServerGroupTestJSON-571888976-project-member', 'project_domain_id': 'default', 'project_domain_name': 'Default', 'project_id': '29a0e440fc4e416d984d14f3e041e913', 'project_name': 'tempest-ServerGroupTestJSON-571888976', 'tenant_id': '29a0e440fc4e416d984d14f3e041e913', 'tenant_name': 'tempest-ServerGroupTestJSON-571888976', 'user_domain_id': 'default', 'user_domain_name': 'Default', 'user_id': '55a8329bd4ed4389a232d0dab35f0f46', 'system': None}, Network: {'id': 'ffa435ed-e9f9-40db-9c04-a931ce3c06a6', 'name': 'tempest-ServerGroupTestJSON-139242571-network', 'tenant_id': '29a0e440fc4e416d984d14f3e041e913', 'admin_state_up': True, 'mtu': 8950, 'status': 'ACTIVE', 'subnets': [], 'shared': False, 'project_id': '29a0e440fc4e416d984d14f3e041e913', 'port_security_enabled': True, 'router:external': False, 'provider:network_type': 'vlan', 'provider:physical_network': 'default', 'provider:segmentation_id': 397, 'is_default': False, 'availability_zone_hints': [], 'availability_zones': [], 'ipv4_address_scope': None, 'ipv6_address_scope': None, 'description': '', 'tags': [], 'created_at': '2025-05-16T20:34:22Z', 'updated_at': '2025-05-16T20:34:22Z', 'revision_number': 1}, Subnet: {'id': '53fdbce1-8c51-4aa5-bb53-4f3dbda3a782', 'name': 'tempest-ServerGroupTestJSON-139242571-subnet', 'tenant_id': '29a0e440fc4e416d984d14f3e041e913', 'network_id': 'ffa435ed-e9f9-40db-9c04-a931ce3c06a6', 'ip_version': 4, 'subnetpool_id': None, 'enable_dhcp': True, 'ipv6_ra_mode': None, 'ipv6_address_mode': None, 'gateway_ip': '192.168.128.1', 'cidr': '192.168.128.0/28', 'allocation_pools': [{'start': '192.168.128.2', 'end': '192.168.128.14'}], 'host_routes': [], 'dns_nameservers': [], 'description': '', 'service_types': [], 'tags': [], 'created_at': '2025-05-16T20:34:22Z', 'updated_at': '2025-05-16T20:34:22Z', 'revision_number': 0, 'project_id': '29a0e440fc4e416d984d14f3e041e913'}, Router: {'id': 'abf41f31-9e9d-47cd-951a-c994c89d33e3', 'name': 'tempest-ServerGroupTestJSON-139242571-router', 'tenant_id': '29a0e440fc4e416d984d14f3e041e913', 'admin_state_up': True, 'status': 'ACTIVE', 'external_gateway_info': {'network_id': '51a76d18-6a59-4713-b930-6bfdfcf487d8', 'external_fixed_ips': [{'subnet_id': '79355a73-5c40-4d40-b35c-3f074c488439', 'ip_address': '10.180.180.214'}], 'enable_snat': True}, 'description': '', 'availability_zones': [], 'distributed': False, 'ha': False, 'availability_zone_hints': [], 'routes': [], 'flavor_id': None, 'tags': [], 'created_at': '2025-05-16T20:34:23Z', 'updated_at': '2025-05-16T20:34:23Z', 'revision_number': 2, 'project_id': '29a0e440fc4e416d984d14f3e041e913'}
2025-05-16 20:34:25.752 69114 INFO tempest.lib.common.rest_client [req-3ae3ba85-508e-4e85-8b31-d3d68ee8ab18 req-3ae3ba85-508e-4e85-8b31-d3d68ee8ab18 ] Request (ServersAdminNegativeTestJSON:setUpClass): 200 GET http://10.180.1.21/compute/v2.1/servers/e060aaea-7508-46ed-8786-b5753fde75e9 0.255s
2025-05-16 20:34:25.772 69130 INFO tempest.lib.common.rest_client [req-8751e61e-8fd2-457f-914d-60eed9252d53 req-8751e61e-8fd2-457f-914d-60eed9252d53 ] Request (ImagesTestJSON:test_create_image_from_stopped_server): 200 GET http://10.180.1.21/compute/v2.1/servers/4995301f-e3c3-4032-adf0-7cffa3497d3e 0.256s
2025-05-16 20:34:25.796 69096 INFO tempest.lib.common.rest_client [req-f705d02b-9ee6-4a88-8d0e-9cd486c4e14a req-f705d02b-9ee6-4a88-8d0e-9cd486c4e14a ] Request (ServerGroupTestJSON:setUpClass): 201 POST http://10.180.1.21/identity/v3/auth/tokens 0.078s
2025-05-16 20:34:25.870 69100 INFO tempest.lib.common.rest_client [req-4df13e3f-91b0-4302-a94c-da5fe996ef41 req-4df13e3f-91b0-4302-a94c-da5fe996ef41 ] Request (DeleteServersAdminTestJSON:test_admin_delete_servers_of_others): 200 GET http://10.180.1.21/compute/v2.1/servers/df45083e-ece4-4768-bc08-022fe0185117 0.201s
2025-05-16 20:34:25.897 69142 INFO tempest.lib.common.rest_client [req-18afd720-92a7-4f9c-b180-e8ad66648644 req-18afd720-92a7-4f9c-b180-e8ad66648644 ] Request (ImagesOneServerTestJSON:setUpClass): 200 GET http://10.180.1.21/compute/v2.1/servers/3bf7d713-8315-48d9-85dd-4ff09c9c7782 0.237s
2025-05-16 20:34:25.922 69092 INFO tempest.lib.common.rest_client [req-33bd9f69-13f2-4948-af85-1de83bc8adff req-33bd9f69-13f2-4948-af85-1de83bc8adff ] Request (ListImageFiltersTestJSON:setUpClass): 200 GET http://10.180.1.21/compute/v2.1/servers/ceb21573-1cb0-4af6-9897-f164997b4b5f 0.212s
2025-05-16 20:34:25.951 69094 INFO tempest.lib.common.rest_client [req-19793ec3-126a-4ac2-9c10-d49d9678b892 req-19793ec3-126a-4ac2-9c10-d49d9678b892 ] Request (ServersTestFqdnHostnames:test_create_server_with_fqdn_name): 200 GET http://10.180.1.21/compute/v2.1/servers/e1925875-04db-4b88-ad54-d33ff804d365 0.223s
2025-05-16 20:34:25.995 69124 INFO tempest.lib.common.rest_client [req-c3d4c51d-14ba-48cc-9776-65f51bd8f4bc req-c3d4c51d-14ba-48cc-9776-65f51bd8f4bc ] Request (SecurityGroupsTestJSON:test_list_security_groups_by_server): 200 GET http://10.180.1.21/compute/v2.1/servers/6cf752ef-a49e-477f-8297-59621e69e712 0.232s
2025-05-16 20:34:26.007 69082 INFO tempest.lib.common.rest_client [req-7016c32e-eeaf-4ef8-b7a3-2712f9af3366 req-7016c32e-eeaf-4ef8-b7a3-2712f9af3366 ] Request (ServerRescueNegativeTestJSON:setUpClass): 200 GET http://10.180.1.21/compute/v2.1/servers/092cc50b-edcc-4d9b-a981-a06e2eaaf321 0.216s
2025-05-16 20:34:26.118 69086 INFO tempest.lib.common.rest_client [req-ff9bb8a3-2fe8-4c27-92fe-17e013a1435f req-ff9bb8a3-2fe8-4c27-92fe-17e013a1435f ] Request (ServerDiagnosticsNegativeTest:test_get_server_diagnostics_by_non_admin): 200 GET http://10.180.1.21/compute/v2.1/servers/748df295-743b-41be-b873-523b688f2c78 0.258s
2025-05-16 20:34:26.133 69096 INFO tempest.lib.common.rest_client [req-6cf19c0e-3e1d-4d54-8d99-ec7499de82cb req-6cf19c0e-3e1d-4d54-8d99-ec7499de82cb ] Request (ServerGroupTestJSON:setUp): 200 POST http://10.180.1.21/compute/v2.1/os-server-groups 0.335s
2025-05-16 20:34:26.179 69098 INFO tempest.lib.common.rest_client [req-9546f3b9-22ac-4f7b-8ab1-961f79987c2c req-9546f3b9-22ac-4f7b-8ab1-961f79987c2c ] Request (ServersTestMultiNic:test_verify_duplicate_network_nics): 200 GET http://10.180.1.21/compute/v2.1/servers/2fc5f330-2a23-4a67-a49c-c4985928417b 0.176s
2025-05-16 20:34:26.210 69138 INFO tempest.lib.common.rest_client [req-c3a325ea-341b-41fb-979b-debfa6589df9 req-c3a325ea-341b-41fb-979b-debfa6589df9 ] Request (MigrationsAdminTest:test_list_migrations_in_flavor_resize_situation): 200 GET http://10.180.1.21/compute/v2.1/servers/82cf03c6-4fbf-4fc3-ba6b-ecb2df73efd7 0.273s
2025-05-16 20:34:26.257 69120 INFO tempest.lib.common.rest_client [req-8a2e1eb2-38da-48e0-9b88-ae3ab1ffc94c req-8a2e1eb2-38da-48e0-9b88-ae3ab1ffc94c ] Request (VolumesAssistedSnapshotsTest:test_volume_assisted_snapshot_create_delete): 200 GET http://10.180.1.21/compute/v2.1/servers/9d533b44-6afa-4c5b-a0a6-90ff442f7771 0.184s
2025-05-16 20:34:26.277 69128 INFO tempest.lib.common.rest_client [req-65677053-9ee4-442f-8188-424f76c2e406 req-65677053-9ee4-442f-8188-424f76c2e406 ] Request (ServerActionsTestOtherB:setUpClass): 200 GET http://10.180.1.21/compute/v2.1/servers/c1606420-0fd3-4bd3-a8fa-91772c11f9bf 0.261s
2025-05-16 20:34:26.303 69116 INFO tempest.lib.common.rest_client [req-b790791c-e132-4d38-8b1a-7f9955dbfef6 req-b790791c-e132-4d38-8b1a-7f9955dbfef6 ] Request (ServerRescueTestJSON:setUpClass): 200 GET http://10.180.1.21/compute/v2.1/servers/cdb141da-a05c-4891-a33d-6e12eafe4f22 0.174s
2025-05-16 20:34:26.328 69096 INFO tempest.lib.common.rest_client [req-31559fad-9d03-4fb0-a298-4497a1087047 req-31559fad-9d03-4fb0-a298-4497a1087047 ] Request (ServerGroupTestJSON:test_create_delete_multiple_server_groups_with_same_name_policy): 200 POST http://10.180.1.21/compute/v2.1/os-server-groups 0.194s
2025-05-16 20:34:26.383 69110 INFO tempest.lib.common.rest_client [req-bd20ef1c-b388-488b-9153-65610152aeab req-bd20ef1c-b388-488b-9153-65610152aeab ] Request (ServersListShow296Test:test_list_show_update_rebuild_server_296): 200 GET http://10.180.1.21/compute/v2.1/servers/c59a14e2-3655-4177-961a-34552be1ccb1 0.157s
2025-05-16 20:34:26.393 69088 INFO tempest.lib.common.rest_client [req-27a51a9c-918d-4974-abfe-8610e97a9bb5 req-27a51a9c-918d-4974-abfe-8610e97a9bb5 ] Request (TenantUsagesTestJSON:setUpClass): 200 GET http://10.180.1.21/compute/v2.1/servers/1ecf18e5-a4a1-4efb-b54a-964b064b51e5 0.216s
2025-05-16 20:34:26.427 69144 INFO tempest.lib.common.rest_client [req-7a0625f8-6d10-4436-bada-13a6dfd29d47 req-7a0625f8-6d10-4436-bada-13a6dfd29d47 ] Request (ServersWithSpecificFlavorTestJSON:test_verify_created_server_ephemeral_disk): 200 GET http://10.180.1.21/compute/v2.1/servers/ad71bb4b-829d-4297-857f-249e4c499623 0.170s
2025-05-16 20:34:26.442 69132 INFO tempest.lib.common.rest_client [req-71f722c2-e31e-4f52-a78d-794b835cec87 req-71f722c2-e31e-4f52-a78d-794b835cec87 ] Request (ListServersNegativeTestJSON:setUpClass): 200 GET http://10.180.1.21/compute/v2.1/servers/6a79f513-a8f0-4ceb-b4fd-466474dd67c8 0.183s
2025-05-16 20:34:26.476 69096 INFO tempest.lib.common.rest_client [req-936de0aa-c770-4f57-bf4b-8423cac1a1d8 req-936de0aa-c770-4f57-bf4b-8423cac1a1d8 ] Request (ServerGroupTestJSON:test_create_delete_multiple_server_groups_with_same_name_policy): 200 POST http://10.180.1.21/compute/v2.1/os-server-groups 0.146s
2025-05-16 20:34:26.487 69134 INFO tempest.lib.common.rest_client [req-5d567823-1a87-4e88-880a-9b99fa0d8bad req-5d567823-1a87-4e88-880a-9b99fa0d8bad ] Request (FloatingIPsAssociationNegativeTestJSON:setUpClass): 200 GET http://10.180.1.21/compute/v2.1/servers/9778caa6-4d64-483e-9b72-e82c9977f9ce 0.156s
2025-05-16 20:34:26.522 69106 INFO tempest.lib.common.rest_client [req-4ed02d73-6004-4b62-abb6-ca4bf2b5d989 req-4ed02d73-6004-4b62-abb6-ca4bf2b5d989 ] Request (DeleteServersTestJSON:test_delete_active_server): 200 GET http://10.180.1.21/compute/v2.1/servers/10442eb5-8f1a-4b4c-9aab-78605de8dfea 0.184s
2025-05-16 20:34:26.535 69102 INFO tempest.lib.common.rest_client [req-279f25e9-9522-4465-bab9-649e17d4c32b req-279f25e9-9522-4465-bab9-649e17d4c32b ] Request (ServerAddressesTestJSON:setUpClass): 200 GET http://10.180.1.21/compute/v2.1/servers/0d4e5325-aa25-4766-a490-9719b3f354c7 0.172s
2025-05-16 20:34:26.567 69118 INFO tempest.lib.common.rest_client [req-be66afda-5544-469e-87a4-2e59870231f9 req-be66afda-5544-469e-87a4-2e59870231f9 ] Request (ServersTestBootFromVolume:setUpClass): 200 GET http://10.180.1.21/compute/v2.1/servers/95cffda2-8119-4401-ac53-9d7042ef7180 0.170s
2025-05-16 20:34:26.582 69108 INFO tempest.lib.common.rest_client [req-2f13ec9f-f1dc-4900-bc3a-275504757107 req-2f13ec9f-f1dc-4900-bc3a-275504757107 ] Request (ServerExternalEventsTest:test_create_server_external_events): 200 GET http://10.180.1.21/compute/v2.1/servers/89f660c8-6efd-4789-90ee-67e42abc1db7 0.164s
2025-05-16 20:34:26.612 69126 INFO tempest.lib.common.rest_client [req-beea4ab2-aef1-49b0-8709-f86fc40c6f40 req-beea4ab2-aef1-49b0-8709-f86fc40c6f40 ] Request (ServerMetadataNegativeTestJSON:setUpClass): 200 GET http://10.180.1.21/compute/v2.1/servers/9923a3c7-f090-4a01-8c57-36c8c22c6b14 0.149s
2025-05-16 20:34:26.622 69096 INFO tempest.lib.common.rest_client [req-94b6a886-7f96-4003-ba26-319fa5c81334 req-94b6a886-7f96-4003-ba26-319fa5c81334 ] Request (ServerGroupTestJSON:test_create_delete_multiple_server_groups_with_same_name_policy): 204 DELETE http://10.180.1.21/compute/v2.1/os-server-groups/62246153-2205-4c72-b8cc-65e217aee6a5 0.145s
2025-05-16 20:34:26.666 69112 INFO tempest.lib.common.rest_client [req-a45072c0-a8c5-4fe1-ae97-b44cdb66de94 req-a45072c0-a8c5-4fe1-ae97-b44cdb66de94 ] Request (ServerDiagnosticsV248Test:test_get_server_diagnostics): 200 GET http://10.180.1.21/compute/v2.1/servers/90d9df19-2d93-4543-a650-4a624f505d5d 0.186s
2025-05-16 20:34:26.670 69104 INFO tempest.lib.common.rest_client [req-d6fcdfe5-21a6-4d11-b37e-650b9a533c26 req-d6fcdfe5-21a6-4d11-b37e-650b9a533c26 ] Request (ServerShowV257Test:test_rebuild_server): 200 GET http://10.180.1.21/compute/v2.1/servers/0913eee8-aa9a-4e1b-8aec-48d8a9197530 0.136s
2025-05-16 20:34:26.719 69141 INFO tempest.lib.common.rest_client [req-81375cca-7e82-4e8a-856e-531f5b56be35 req-81375cca-7e82-4e8a-856e-531f5b56be35 ] Request (AttachInterfacesV270Test:test_create_get_list_interfaces): 200 GET http://10.180.1.21/compute/v2.1/servers/8f9bdc2e-bc45-46f8-a1dd-b98046bddc2c 0.103s
2025-05-16 20:34:26.734 69096 INFO tempest.lib.common.rest_client [req-abf01695-f4f0-4b53-8e41-30c116fd589d req-abf01695-f4f0-4b53-8e41-30c116fd589d ] Request (ServerGroupTestJSON:test_create_delete_multiple_server_groups_with_same_name_policy): 200 GET http://10.180.1.21/compute/v2.1/os-server-groups 0.111s
2025-05-16 20:34:26.759 69090 INFO tempest.lib.common.rest_client [req-186962ea-4660-4cac-b06b-1423a22edf75 req-186962ea-4660-4cac-b06b-1423a22edf75 ] Request (InstanceActionsNegativeTestJSON:setUpClass): 200 GET http://10.180.1.21/compute/v2.1/servers/620ef3f6-0444-474d-8179-3dc0143f2e99 0.175s
2025-05-16 20:34:26.780 69136 INFO tempest.lib.common.rest_client [req-5e68881e-0521-4699-b208-5e0361be2757 req-5e68881e-0521-4699-b208-5e0361be2757 ] Request (AttachInterfacesTestJSON:test_create_list_show_delete_interfaces_by_fixed_ip): 200 GET http://10.180.1.21/compute/v2.1/servers/2afc987a-45cc-484e-a6f0-a0118e2e73eb 0.130s
2025-05-16 20:34:26.783 69096 INFO tempest.lib.common.rest_client [req-4c295f35-05d5-4bdf-8ef6-f0c597209053 req-4c295f35-05d5-4bdf-8ef6-f0c597209053 ] Request (ServerGroupTestJSON:test_create_delete_multiple_server_groups_with_same_name_policy): 204 DELETE http://10.180.1.21/compute/v2.1/os-server-groups/43f3615d-fea8-4917-abee-c105dadb26dc 0.047s
2025-05-16 20:34:26.875 69114 INFO tempest.lib.common.rest_client [req-612fecc9-7d4e-4eb8-83a3-281158e60b4e req-612fecc9-7d4e-4eb8-83a3-281158e60b4e ] Request (ServersAdminNegativeTestJSON:setUpClass): 200 GET http://10.180.1.21/compute/v2.1/servers/e060aaea-7508-46ed-8786-b5753fde75e9 0.115s
2025-05-16 20:34:26.879 69130 INFO tempest.lib.common.rest_client [req-097f1eb4-7e5b-49b9-9932-390dfae0417e req-097f1eb4-7e5b-49b9-9932-390dfae0417e ] Request (ImagesTestJSON:test_create_image_from_stopped_server): 200 GET http://10.180.1.21/compute/v2.1/servers/4995301f-e3c3-4032-adf0-7cffa3497d3e 0.100s
2025-05-16 20:34:26.885 69096 INFO tempest.lib.common.rest_client [req-5c0f20ea-ad61-4d27-a301-5c5e7ebb2627 req-5c0f20ea-ad61-4d27-a301-5c5e7ebb2627 ] Request (ServerGroupTestJSON:test_create_delete_multiple_server_groups_with_same_name_policy): 200 GET http://10.180.1.21/compute/v2.1/os-server-groups 0.101s
2025-05-16 20:34:26.944 69096 INFO tempest.lib.common.rest_client [req-a553cbfe-6c21-4e88-b055-d301f5eb6aa8 req-a553cbfe-6c21-4e88-b055-d301f5eb6aa8 ] Request (ServerGroupTestJSON:test_create_delete_server_group_with_affinity_policy): 200 POST http://10.180.1.21/compute/v2.1/os-server-groups 0.055s
2025-05-16 20:34:26.980 69100 INFO tempest.lib.common.rest_client [req-5b467b71-2d2e-44ce-b5df-5c8b88e079b2 req-5b467b71-2d2e-44ce-b5df-5c8b88e079b2 ] Request (DeleteServersAdminTestJSON:test_admin_delete_servers_of_others): 200 GET http://10.180.1.21/compute/v2.1/servers/df45083e-ece4-4768-bc08-022fe0185117 0.103s
2025-05-16 20:34:27.029 69092 INFO tempest.lib.common.rest_client [req-268ae7d9-1110-4db8-a5fc-982861bcb8ae req-268ae7d9-1110-4db8-a5fc-982861bcb8ae ] Request (ListImageFiltersTestJSON:setUpClass): 200 GET http://10.180.1.21/compute/v2.1/servers/ceb21573-1cb0-4af6-9897-f164997b4b5f 0.098s
2025-05-16 20:34:27.047 69096 INFO tempest.lib.common.rest_client [req-8edb8812-6cf3-48cb-8a84-e5a3ceddf1fa req-8edb8812-6cf3-48cb-8a84-e5a3ceddf1fa ] Request (ServerGroupTestJSON:test_create_delete_server_group_with_affinity_policy): 204 DELETE http://10.180.1.21/compute/v2.1/os-server-groups/9f3900f7-e338-491d-808a-5aa8703f5b4c 0.101s
2025-05-16 20:34:27.052 69142 INFO tempest.lib.common.rest_client [req-7e331b03-52be-4d27-8c34-49c594885a27 req-7e331b03-52be-4d27-8c34-49c594885a27 ] Request (ImagesOneServerTestJSON:setUpClass): 200 GET http://10.180.1.21/compute/v2.1/servers/3bf7d713-8315-48d9-85dd-4ff09c9c7782 0.140s
2025-05-16 20:34:27.093 69094 INFO tempest.lib.common.rest_client [req-05ebc7be-876d-4baf-8083-8cdbfba8d760 req-05ebc7be-876d-4baf-8083-8cdbfba8d760 ] Request (ServersTestFqdnHostnames:test_create_server_with_fqdn_name): 200 GET http://10.180.1.21/compute/v2.1/servers/e1925875-04db-4b88-ad54-d33ff804d365 0.134s
2025-05-16 20:34:27.100 69124 INFO tempest.lib.common.rest_client [req-ee8ee1f7-99c1-4ac5-a0c4-856f46721d73 req-ee8ee1f7-99c1-4ac5-a0c4-856f46721d73 ] Request (SecurityGroupsTestJSON:test_list_security_groups_by_server): 200 GET http://10.180.1.21/compute/v2.1/servers/6cf752ef-a49e-477f-8297-59621e69e712 0.096s
2025-05-16 20:34:27.108 69096 INFO tempest.lib.common.rest_client [req-8a01869b-bc15-409c-9599-2f99660b2288 req-8a01869b-bc15-409c-9599-2f99660b2288 ] Request (ServerGroupTestJSON:test_create_delete_server_group_with_affinity_policy): 200 GET http://10.180.1.21/compute/v2.1/os-server-groups 0.061s
2025-05-16 20:34:27.140 69082 INFO tempest.lib.common.rest_client [req-3760df2a-b4e8-4895-80ac-90c8e76a4dd8 req-3760df2a-b4e8-4895-80ac-90c8e76a4dd8 ] Request (ServerRescueNegativeTestJSON:setUpClass): 200 GET http://10.180.1.21/compute/v2.1/servers/092cc50b-edcc-4d9b-a981-a06e2eaaf321 0.126s
2025-05-16 20:34:27.168 69096 INFO tempest.lib.common.rest_client [req-2bbb90dd-d1e2-40ef-815d-805780b3b121 req-2bbb90dd-d1e2-40ef-815d-805780b3b121 ] Request (ServerGroupTestJSON:test_create_delete_server_group_with_anti_affinity_policy): 200 POST http://10.180.1.21/compute/v2.1/os-server-groups 0.058s
2025-05-16 20:34:27.188 69096 INFO tempest.lib.common.rest_client [req-233d5cfe-be2d-4c20-b9c0-588d64051758 req-233d5cfe-be2d-4c20-b9c0-588d64051758 ] Request (ServerGroupTestJSON:test_create_delete_server_group_with_anti_affinity_policy): 204 DELETE http://10.180.1.21/compute/v2.1/os-server-groups/212745a9-f138-4e69-a707-34d83487b814 0.018s
2025-05-16 20:34:27.240 69086 INFO tempest.lib.common.rest_client [req-fc5bccd1-e396-4717-811e-0707e0853c09 req-fc5bccd1-e396-4717-811e-0707e0853c09 ] Request (ServerDiagnosticsNegativeTest:test_get_server_diagnostics_by_non_admin): 200 GET http://10.180.1.21/compute/v2.1/servers/748df295-743b-41be-b873-523b688f2c78 0.114s
2025-05-16 20:34:27.242 69098 INFO tempest.lib.common.rest_client [req-4831cbd8-3cd3-4eed-82c8-ef51a2e418e4 req-4831cbd8-3cd3-4eed-82c8-ef51a2e418e4 ] Request (ServersTestMultiNic:test_verify_duplicate_network_nics): 200 GET http://10.180.1.21/compute/v2.1/servers/2fc5f330-2a23-4a67-a49c-c4985928417b 0.056s
2025-05-16 20:34:27.253 69096 INFO tempest.lib.common.rest_client [req-37cbee89-ad03-40fd-8c86-08e65ef4f853 req-37cbee89-ad03-40fd-8c86-08e65ef4f853 ] Request (ServerGroupTestJSON:test_create_delete_server_group_with_anti_affinity_policy): 200 GET http://10.180.1.21/compute/v2.1/os-server-groups 0.065s
2025-05-16 20:34:27.298 69096 INFO tempest.lib.common.rest_client [req-6c2b137e-4a20-4125-bc86-0bd2a6c9979c req-6c2b137e-4a20-4125-bc86-0bd2a6c9979c ] Request (ServerGroupTestJSON:test_create_server_with_scheduler_hint_group): 201 POST http://10.180.1.21/identity/v3/auth/tokens 0.039s
2025-05-16 20:34:27.299 69096 INFO tempest.lib.common.fixed_network [-] (ServerGroupTestJSON:test_create_server_with_scheduler_hint_group) Found network {'id': 'ffa435ed-e9f9-40db-9c04-a931ce3c06a6', 'name': 'tempest-ServerGroupTestJSON-139242571-network', 'tenant_id': '29a0e440fc4e416d984d14f3e041e913', 'admin_state_up': True, 'mtu': 8950, 'status': 'ACTIVE', 'subnets': [], 'shared': False, 'project_id': '29a0e440fc4e416d984d14f3e041e913', 'port_security_enabled': True, 'router:external': False, 'provider:network_type': 'vlan', 'provider:physical_network': 'default', 'provider:segmentation_id': 397, 'is_default': False, 'availability_zone_hints': [], 'availability_zones': [], 'ipv4_address_scope': None, 'ipv6_address_scope': None, 'description': '', 'tags': [], 'created_at': '2025-05-16T20:34:22Z', 'updated_at': '2025-05-16T20:34:22Z', 'revision_number': 1} available for tenant
2025-05-16 20:34:27.314 69120 INFO tempest.lib.common.rest_client [req-1a9b31e1-7d47-47e0-8560-d90781299361 req-1a9b31e1-7d47-47e0-8560-d90781299361 ] Request (VolumesAssistedSnapshotsTest:test_volume_assisted_snapshot_create_delete): 200 GET http://10.180.1.21/compute/v2.1/servers/9d533b44-6afa-4c5b-a0a6-90ff442f7771 0.050s
2025-05-16 20:34:27.351 69138 INFO tempest.lib.common.rest_client [req-3de77309-626b-45a0-8b3f-99b61fa14211 req-3de77309-626b-45a0-8b3f-99b61fa14211 ] Request (MigrationsAdminTest:test_list_migrations_in_flavor_resize_situation): 200 GET http://10.180.1.21/compute/v2.1/servers/82cf03c6-4fbf-4fc3-ba6b-ecb2df73efd7 0.133s
2025-05-16 20:34:27.416 69128 INFO tempest.lib.common.rest_client [req-36970513-1a6c-4f03-815c-527beb23dc37 req-36970513-1a6c-4f03-815c-527beb23dc37 ] Request (ServerActionsTestOtherB:setUpClass): 200 GET http://10.180.1.21/compute/v2.1/servers/c1606420-0fd3-4bd3-a8fa-91772c11f9bf 0.131s
2025-05-16 20:34:27.460 69116 INFO tempest.lib.common.rest_client [req-286afc82-a838-4b44-aa96-6249b5b8d9e4 req-286afc82-a838-4b44-aa96-6249b5b8d9e4 ] Request (ServerRescueTestJSON:setUpClass): 200 GET http://10.180.1.21/compute/v2.1/servers/cdb141da-a05c-4891-a33d-6e12eafe4f22 0.146s
2025-05-16 20:34:27.516 69110 INFO tempest.lib.common.rest_client [req-d4d49703-6ae0-4760-962b-1d2d8801538a req-d4d49703-6ae0-4760-962b-1d2d8801538a ] Request (ServersListShow296Test:test_list_show_update_rebuild_server_296): 200 GET http://10.180.1.21/compute/v2.1/servers/c59a14e2-3655-4177-961a-34552be1ccb1 0.122s
2025-05-16 20:34:27.607 69088 INFO tempest.lib.common.rest_client [req-bda39197-85c6-4fd4-8133-2e4972cb3a53 req-bda39197-85c6-4fd4-8133-2e4972cb3a53 ] Request (TenantUsagesTestJSON:setUpClass): 200 GET http://10.180.1.21/compute/v2.1/servers/1ecf18e5-a4a1-4efb-b54a-964b064b51e5 0.206s
2025-05-16 20:34:27.653 69144 INFO tempest.lib.common.rest_client [req-1e19ac00-1e78-4e25-b9de-2dea693396e0 req-1e19ac00-1e78-4e25-b9de-2dea693396e0 ] Request (ServersWithSpecificFlavorTestJSON:test_verify_created_server_ephemeral_disk): 200 GET http://10.180.1.21/compute/v2.1/servers/ad71bb4b-829d-4297-857f-249e4c499623 0.218s
2025-05-16 20:34:27.699 69132 INFO tempest.lib.common.rest_client [req-f8bf5bf1-8167-470a-b1c8-e2052e076386 req-f8bf5bf1-8167-470a-b1c8-e2052e076386 ] Request (ListServersNegativeTestJSON:setUpClass): 200 GET http://10.180.1.21/compute/v2.1/servers/6a79f513-a8f0-4ceb-b4fd-466474dd67c8 0.249s
2025-05-16 20:34:27.744 69134 INFO tempest.lib.common.rest_client [req-2a4e0bf3-1cf2-4dda-939b-10920c0120df req-2a4e0bf3-1cf2-4dda-939b-10920c0120df ] Request (FloatingIPsAssociationNegativeTestJSON:setUpClass): 200 GET http://10.180.1.21/compute/v2.1/servers/9778caa6-4d64-483e-9b72-e82c9977f9ce 0.249s
2025-05-16 20:34:27.788 69106 INFO tempest.lib.common.rest_client [req-1c3f035d-9eef-4d48-9f21-c53ec848d495 req-1c3f035d-9eef-4d48-9f21-c53ec848d495 ] Request (DeleteServersTestJSON:test_delete_active_server): 200 GET http://10.180.1.21/compute/v2.1/servers/10442eb5-8f1a-4b4c-9aab-78605de8dfea 0.258s
2025-05-16 20:34:27.832 69102 INFO tempest.lib.common.rest_client [req-f70819b4-aa6d-4fdc-ac19-4d3fcadc4f96 req-f70819b4-aa6d-4fdc-ac19-4d3fcadc4f96 ] Request (ServerAddressesTestJSON:setUpClass): 200 GET http://10.180.1.21/compute/v2.1/servers/0d4e5325-aa25-4766-a490-9719b3f354c7 0.289s
2025-05-16 20:34:27.880 69118 INFO tempest.lib.common.rest_client [req-a7bc4e3b-6351-47f3-9942-2998ba4f44c2 req-a7bc4e3b-6351-47f3-9942-2998ba4f44c2 ] Request (ServersTestBootFromVolume:setUpClass): 200 GET http://10.180.1.21/compute/v2.1/servers/95cffda2-8119-4401-ac53-9d7042ef7180 0.304s
2025-05-16 20:34:27.928 69096 INFO tempest.lib.common.rest_client [req-11690676-4ed7-4255-b170-2bbf104dc039 req-11690676-4ed7-4255-b170-2bbf104dc039 ] Request (ServerGroupTestJSON:test_create_server_with_scheduler_hint_group): 202 POST http://10.180.1.21/compute/v2.1/servers 0.629s
2025-05-16 20:34:27.928 69108 INFO tempest.lib.common.rest_client [req-f3f5880d-d660-47b5-9fe8-7a2d471e85c1 req-f3f5880d-d660-47b5-9fe8-7a2d471e85c1 ] Request (ServerExternalEventsTest:test_create_server_external_events): 200 GET http://10.180.1.21/compute/v2.1/servers/89f660c8-6efd-4789-90ee-67e42abc1db7 0.337s
2025-05-16 20:34:27.985 69126 INFO tempest.lib.common.rest_client [req-6847c8f3-5e6d-45f7-8d91-4ec4e2709ee8 req-6847c8f3-5e6d-45f7-8d91-4ec4e2709ee8 ] Request (ServerMetadataNegativeTestJSON:setUpClass): 200 GET http://10.180.1.21/compute/v2.1/servers/9923a3c7-f090-4a01-8c57-36c8c22c6b14 0.364s
2025-05-16 20:34:27.987 69112 INFO tempest.lib.common.rest_client [req-15745553-e81c-4743-93df-c2f5d4b85e12 req-15745553-e81c-4743-93df-c2f5d4b85e12 ] Request (ServerDiagnosticsV248Test:test_get_server_diagnostics): 200 GET http://10.180.1.21/compute/v2.1/servers/90d9df19-2d93-4543-a650-4a624f505d5d 0.312s
2025-05-16 20:34:28.038 69141 INFO tempest.lib.common.rest_client [req-4d71f759-d25f-46f5-9ecf-c246293a555a req-4d71f759-d25f-46f5-9ecf-c246293a555a ] Request (AttachInterfacesV270Test:test_create_get_list_interfaces): 200 GET http://10.180.1.21/compute/v2.1/servers/8f9bdc2e-bc45-46f8-a1dd-b98046bddc2c 0.307s
2025-05-16 20:34:28.039 69104 INFO tempest.lib.common.rest_client [req-ebf02a57-375b-41e2-b56c-409033ba1095 req-ebf02a57-375b-41e2-b56c-409033ba1095 ] Request (ServerShowV257Test:test_rebuild_server): 200 GET http://10.180.1.21/compute/v2.1/servers/0913eee8-aa9a-4e1b-8aec-48d8a9197530 0.359s
2025-05-16 20:34:28.086 69136 INFO tempest.lib.common.rest_client [req-118774a9-3ad8-49a8-be97-88a0d000b237 req-118774a9-3ad8-49a8-be97-88a0d000b237 ] Request (AttachInterfacesTestJSON:test_create_list_show_delete_interfaces_by_fixed_ip): 200 GET http://10.180.1.21/compute/v2.1/servers/2afc987a-45cc-484e-a6f0-a0118e2e73eb 0.297s
2025-05-16 20:34:28.151 69090 INFO tempest.lib.common.rest_client [req-6044bf4f-ad2f-44c5-af69-4a0ddff13165 req-6044bf4f-ad2f-44c5-af69-4a0ddff13165 ] Request (InstanceActionsNegativeTestJSON:setUpClass): 200 GET http://10.180.1.21/compute/v2.1/servers/620ef3f6-0444-474d-8179-3dc0143f2e99 0.385s
2025-05-16 20:34:28.185 69114 INFO tempest.lib.common.rest_client [req-a8a8ed6f-10a3-424f-84c9-4d38243cb2f6 req-a8a8ed6f-10a3-424f-84c9-4d38243cb2f6 ] Request (ServersAdminNegativeTestJSON:setUpClass): 200 GET http://10.180.1.21/compute/v2.1/servers/e060aaea-7508-46ed-8786-b5753fde75e9 0.301s
2025-05-16 20:34:28.224 69096 INFO tempest.lib.common.rest_client [req-19524089-310b-44f5-8d72-095a65b0a65c req-19524089-310b-44f5-8d72-095a65b0a65c ] Request (ServerGroupTestJSON:test_create_server_with_scheduler_hint_group): 200 GET http://10.180.1.21/compute/v2.1/servers/1752a71d-8cc7-4f88-b097-53094df226e9 0.293s
2025-05-16 20:34:28.245 69130 INFO tempest.lib.common.rest_client [req-823c2ebb-ce4a-49b7-a5eb-4717c847492b req-823c2ebb-ce4a-49b7-a5eb-4717c847492b ] Request (ImagesTestJSON:test_create_image_from_stopped_server): 200 GET http://10.180.1.21/compute/v2.1/servers/4995301f-e3c3-4032-adf0-7cffa3497d3e 0.357s
2025-05-16 20:34:28.289 69092 INFO tempest.lib.common.rest_client [req-c9c6ce08-a8ff-419e-a592-4838c6a7b24c req-c9c6ce08-a8ff-419e-a592-4838c6a7b24c ] Request (ListImageFiltersTestJSON:setUpClass): 200 GET http://10.180.1.21/compute/v2.1/servers/ceb21573-1cb0-4af6-9897-f164997b4b5f 0.250s
2025-05-16 20:34:28.315 69100 INFO tempest.lib.common.rest_client [req-c93ffc89-428e-458b-b898-7c008e87d806 req-c93ffc89-428e-458b-b898-7c008e87d806 ] Request (DeleteServersAdminTestJSON:test_admin_delete_servers_of_others): 200 GET http://10.180.1.21/compute/v2.1/servers/df45083e-ece4-4768-bc08-022fe0185117 0.326s
2025-05-16 20:34:28.360 69094 INFO tempest.lib.common.rest_client [req-0a3be3ec-8eed-45d9-86d5-ed9299f5e9d4 req-0a3be3ec-8eed-45d9-86d5-ed9299f5e9d4 ] Request (ServersTestFqdnHostnames:test_create_server_with_fqdn_name): 200 GET http://10.180.1.21/compute/v2.1/servers/e1925875-04db-4b88-ad54-d33ff804d365 0.260s
2025-05-16 20:34:28.379 69142 INFO tempest.lib.common.rest_client [req-24de9217-6bed-476c-99c7-3cee3227e554 req-24de9217-6bed-476c-99c7-3cee3227e554 ] Request (ImagesOneServerTestJSON:setUpClass): 200 GET http://10.180.1.21/compute/v2.1/servers/3bf7d713-8315-48d9-85dd-4ff09c9c7782 0.317s
2025-05-16 20:34:28.405 69124 INFO tempest.lib.common.rest_client [req-76e3598c-6ace-4ebd-b0fa-f42b8a9bf348 req-76e3598c-6ace-4ebd-b0fa-f42b8a9bf348 ] Request (SecurityGroupsTestJSON:test_list_security_groups_by_server): 200 GET http://10.180.1.21/compute/v2.1/servers/6cf752ef-a49e-477f-8297-59621e69e712 0.295s
2025-05-16 20:34:28.424 69082 INFO tempest.lib.common.rest_client [req-2a387449-1dd1-45f9-ae73-f853ea0cd22f req-2a387449-1dd1-45f9-ae73-f853ea0cd22f ] Request (ServerRescueNegativeTestJSON:setUpClass): 200 GET http://10.180.1.21/compute/v2.1/servers/092cc50b-edcc-4d9b-a981-a06e2eaaf321 0.276s
2025-05-16 20:34:28.469 69098 INFO tempest.lib.common.rest_client [req-4ad61846-f160-459a-a24a-744bdb4925b6 req-4ad61846-f160-459a-a24a-744bdb4925b6 ] Request (ServersTestMultiNic:test_verify_duplicate_network_nics): 200 GET http://10.180.1.21/compute/v2.1/servers/2fc5f330-2a23-4a67-a49c-c4985928417b 0.219s
2025-05-16 20:34:28.512 69120 INFO tempest.lib.common.rest_client [req-32f3a581-0005-4771-85aa-53164789fe06 req-32f3a581-0005-4771-85aa-53164789fe06 ] Request (VolumesAssistedSnapshotsTest:test_volume_assisted_snapshot_create_delete): 200 GET http://10.180.1.21/compute/v2.1/servers/9d533b44-6afa-4c5b-a0a6-90ff442f7771 0.183s
2025-05-16 20:34:28.549 69086 INFO tempest.lib.common.rest_client [req-9f44a24d-b5d2-421a-8306-495b29c8cc9e req-9f44a24d-b5d2-421a-8306-495b29c8cc9e ] Request (ServerDiagnosticsNegativeTest:test_get_server_diagnostics_by_non_admin): 200 GET http://10.180.1.21/compute/v2.1/servers/748df295-743b-41be-b873-523b688f2c78 0.300s
2025-05-16 20:34:28.600 69138 INFO tempest.lib.common.rest_client [req-05812dff-46cf-4e67-adda-62f1f10f5768 req-05812dff-46cf-4e67-adda-62f1f10f5768 ] Request (MigrationsAdminTest:test_list_migrations_in_flavor_resize_situation): 200 GET http://10.180.1.21/compute/v2.1/servers/82cf03c6-4fbf-4fc3-ba6b-ecb2df73efd7 0.242s
2025-05-16 20:34:28.644 69116 INFO tempest.lib.common.rest_client [req-81cc677f-5c1c-4294-9664-9556d053826c req-81cc677f-5c1c-4294-9664-9556d053826c ] Request (ServerRescueTestJSON:setUpClass): 200 GET http://10.180.1.21/compute/v2.1/servers/cdb141da-a05c-4891-a33d-6e12eafe4f22 0.175s
2025-05-16 20:34:28.677 69128 INFO tempest.lib.common.rest_client [req-978afaa0-5ac0-4e6a-a0b5-4e1fc1c77880 req-978afaa0-5ac0-4e6a-a0b5-4e1fc1c77880 ] Request (ServerActionsTestOtherB:setUpClass): 200 GET http://10.180.1.21/compute/v2.1/servers/c1606420-0fd3-4bd3-a8fa-91772c11f9bf 0.253s
2025-05-16 20:34:28.700 69110 INFO tempest.lib.common.rest_client [req-fa6bfef0-0b89-4e36-8ebe-b322dabfe21a req-fa6bfef0-0b89-4e36-8ebe-b322dabfe21a ] Request (ServersListShow296Test:test_list_show_update_rebuild_server_296): 200 GET http://10.180.1.21/compute/v2.1/servers/c59a14e2-3655-4177-961a-34552be1ccb1 0.174s
2025-05-16 20:34:28.743 69144 INFO tempest.lib.common.rest_client [req-f5eb2dc8-0ff4-49ec-8290-fdb86a994ae5 req-f5eb2dc8-0ff4-49ec-8290-fdb86a994ae5 ] Request (ServersWithSpecificFlavorTestJSON:test_verify_created_server_ephemeral_disk): 200 GET http://10.180.1.21/compute/v2.1/servers/ad71bb4b-829d-4297-857f-249e4c499623 0.082s
2025-05-16 20:34:28.765 69088 INFO tempest.lib.common.rest_client [req-ed585dd6-7794-46a8-975b-dee7a5f833f7 req-ed585dd6-7794-46a8-975b-dee7a5f833f7 ] Request (TenantUsagesTestJSON:setUpClass): 200 GET http://10.180.1.21/compute/v2.1/servers/1ecf18e5-a4a1-4efb-b54a-964b064b51e5 0.150s
2025-05-16 20:34:28.786 69132 INFO tempest.lib.common.rest_client [req-d278df57-a31a-4b36-ab7b-0e445a8cde79 req-d278df57-a31a-4b36-ab7b-0e445a8cde79 ] Request (ListServersNegativeTestJSON:setUpClass): 200 GET http://10.180.1.21/compute/v2.1/servers/6a79f513-a8f0-4ceb-b4fd-466474dd67c8 0.079s
2025-05-16 20:34:28.811 69134 INFO tempest.lib.common.rest_client [req-1ab78068-b7d6-4ba1-a68b-0d04623ac54c req-1ab78068-b7d6-4ba1-a68b-0d04623ac54c ] Request (FloatingIPsAssociationNegativeTestJSON:setUpClass): 200 GET http://10.180.1.21/compute/v2.1/servers/9778caa6-4d64-483e-9b72-e82c9977f9ce 0.060s
2025-05-16 20:34:28.845 69106 INFO tempest.lib.common.rest_client [req-f5110c9e-3d3c-440f-9006-9fc094b079c6 req-f5110c9e-3d3c-440f-9006-9fc094b079c6 ] Request (DeleteServersTestJSON:test_delete_active_server): 200 GET http://10.180.1.21/compute/v2.1/servers/10442eb5-8f1a-4b4c-9aab-78605de8dfea 0.050s
2025-05-16 20:34:28.887 69102 INFO tempest.lib.common.rest_client [req-e2e6b3bb-d646-4979-88ea-191e61938618 req-e2e6b3bb-d646-4979-88ea-191e61938618 ] Request (ServerAddressesTestJSON:setUpClass): 200 GET http://10.180.1.21/compute/v2.1/servers/0d4e5325-aa25-4766-a490-9719b3f354c7 0.048s
2025-05-16 20:34:28.982 69118 INFO tempest.lib.common.rest_client [req-154b0d03-c335-4c19-b039-e60879e35eca req-154b0d03-c335-4c19-b039-e60879e35eca ] Request (ServersTestBootFromVolume:setUpClass): 200 GET http://10.180.1.21/compute/v2.1/servers/95cffda2-8119-4401-ac53-9d7042ef7180 0.093s
2025-05-16 20:34:28.996 69108 INFO tempest.lib.common.rest_client [req-cb9bb43e-9cb4-4038-b9bb-8e42676b8827 req-cb9bb43e-9cb4-4038-b9bb-8e42676b8827 ] Request (ServerExternalEventsTest:test_create_server_external_events): 200 GET http://10.180.1.21/compute/v2.1/servers/89f660c8-6efd-4789-90ee-67e42abc1db7 0.057s
2025-05-16 20:34:29.042 69126 INFO tempest.lib.common.rest_client [req-3e8c83ff-1a7e-44a4-93d8-0c184a7606aa req-3e8c83ff-1a7e-44a4-93d8-0c184a7606aa ] Request (ServerMetadataNegativeTestJSON:setUpClass): 200 GET http://10.180.1.21/compute/v2.1/servers/9923a3c7-f090-4a01-8c57-36c8c22c6b14 0.049s
2025-05-16 20:34:29.046 69112 INFO tempest.lib.common.rest_client [req-91bae7a0-dd70-46ff-9f66-5c89dc649102 req-91bae7a0-dd70-46ff-9f66-5c89dc649102 ] Request (ServerDiagnosticsV248Test:test_get_server_diagnostics): 200 GET http://10.180.1.21/compute/v2.1/servers/90d9df19-2d93-4543-a650-4a624f505d5d 0.049s
2025-05-16 20:34:29.097 69104 INFO tempest.lib.common.rest_client [req-cf9454c7-2536-4b0f-adb1-569b22aae906 req-cf9454c7-2536-4b0f-adb1-569b22aae906 ] Request (ServerShowV257Test:test_rebuild_server): 200 GET http://10.180.1.21/compute/v2.1/servers/0913eee8-aa9a-4e1b-8aec-48d8a9197530 0.050s
2025-05-16 20:34:29.099 69141 INFO tempest.lib.common.rest_client [req-ebeca3fb-9a1d-4c85-becc-cba68fd2616f req-ebeca3fb-9a1d-4c85-becc-cba68fd2616f ] Request (AttachInterfacesV270Test:test_create_get_list_interfaces): 200 GET http://10.180.1.21/compute/v2.1/servers/8f9bdc2e-bc45-46f8-a1dd-b98046bddc2c 0.050s
2025-05-16 20:34:29.140 69136 INFO tempest.lib.common.rest_client [req-ac303648-ac70-4200-8be2-858d908cd675 req-ac303648-ac70-4200-8be2-858d908cd675 ] Request (AttachInterfacesTestJSON:test_create_list_show_delete_interfaces_by_fixed_ip): 200 GET http://10.180.1.21/compute/v2.1/servers/2afc987a-45cc-484e-a6f0-a0118e2e73eb 0.045s
2025-05-16 20:34:29.295 69114 INFO tempest.lib.common.rest_client [req-9b07ad79-b968-4cfb-9c6b-26282a1a3a84 req-9b07ad79-b968-4cfb-9c6b-26282a1a3a84 ] Request (ServersAdminNegativeTestJSON:setUpClass): 200 GET http://10.180.1.21/compute/v2.1/servers/e060aaea-7508-46ed-8786-b5753fde75e9 0.103s
2025-05-16 20:34:29.315 69090 INFO tempest.lib.common.rest_client [req-47c33872-bb8a-4a3b-b89a-ead8f36c5ba0 req-47c33872-bb8a-4a3b-b89a-ead8f36c5ba0 ] Request (InstanceActionsNegativeTestJSON:setUpClass): 200 GET http://10.180.1.21/compute/v2.1/servers/620ef3f6-0444-474d-8179-3dc0143f2e99 0.154s
2025-05-16 20:34:29.341 69096 INFO tempest.lib.common.rest_client [req-f1076615-9d15-4767-bc5f-295d572b21b5 req-f1076615-9d15-4767-bc5f-295d572b21b5 ] Request (ServerGroupTestJSON:test_create_server_with_scheduler_hint_group): 200 GET http://10.180.1.21/compute/v2.1/servers/1752a71d-8cc7-4f88-b097-53094df226e9 0.109s
2025-05-16 20:34:29.384 69092 INFO tempest.lib.common.rest_client [req-c4aca0fa-2c28-4505-851d-6fe2fd9c66f0 req-c4aca0fa-2c28-4505-851d-6fe2fd9c66f0 ] Request (ListImageFiltersTestJSON:setUpClass): 200 GET http://10.180.1.21/compute/v2.1/servers/ceb21573-1cb0-4af6-9897-f164997b4b5f 0.087s
2025-05-16 20:34:29.406 69130 INFO tempest.lib.common.rest_client [req-c73132be-6ce1-406c-be38-e536c67d9fa3 req-c73132be-6ce1-406c-be38-e536c67d9fa3 ] Request (ImagesTestJSON:test_create_image_from_stopped_server): 200 GET http://10.180.1.21/compute/v2.1/servers/4995301f-e3c3-4032-adf0-7cffa3497d3e 0.154s
2025-05-16 20:34:29.450 69094 INFO tempest.lib.common.rest_client [req-d5b14393-0d52-4295-a2f9-fea3c27abb69 req-d5b14393-0d52-4295-a2f9-fea3c27abb69 ] Request (ServersTestFqdnHostnames:test_create_server_with_fqdn_name): 200 GET http://10.180.1.21/compute/v2.1/servers/e1925875-04db-4b88-ad54-d33ff804d365 0.082s
2025-05-16 20:34:29.474 69100 INFO tempest.lib.common.rest_client [req-cb3f5ca5-e256-4bbf-a958-fd6fd42182d6 req-cb3f5ca5-e256-4bbf-a958-fd6fd42182d6 ] Request (DeleteServersAdminTestJSON:test_admin_delete_servers_of_others): 200 GET http://10.180.1.21/compute/v2.1/servers/df45083e-ece4-4768-bc08-022fe0185117 0.151s
