2025-05-16 20:34:47.837 69144 INFO tempest.lib.common.rest_client [req-fbe7abc8-860e-4a04-90bd-2a44be3d4c3f req-fbe7abc8-860e-4a04-90bd-2a44be3d4c3f ] Request (ServersWithSpecificFlavorTestJSON:test_verify_created_server_ephemeral_disk): 200 GET http://10.180.1.21/compute/v2.1/servers/ad71bb4b-829d-4297-857f-249e4c499623 0.048s
2025-05-16 20:34:47.914 69090 INFO tempest.lib.common.rest_client [req-7bf803d1-7563-42d2-a73b-dc13ba34cf89 req-7bf803d1-7563-42d2-a73b-dc13ba34cf89 ] Request (InstanceActionsNegativeTestJSON:setUpClass): 200 GET http://10.180.1.21/compute/v2.1/servers/620ef3f6-0444-474d-8179-3dc0143f2e99 0.096s
2025-05-16 20:34:47.920 69132 INFO tempest.lib.common.rest_client [req-5d48abdc-9a52-4cb8-a584-11d1aa89abda req-5d48abdc-9a52-4cb8-a584-11d1aa89abda ] Request (ListServersNegativeTestJSON:setUpClass): 200 GET http://10.180.1.21/compute/v2.1/servers/6a79f513-a8f0-4ceb-b4fd-466474dd67c8 0.052s
2025-05-16 20:34:47.969 69134 INFO tempest.lib.common.rest_client [req-492da20f-320a-4e7d-8413-705dc8f39661 req-492da20f-320a-4e7d-8413-705dc8f39661 ] Request (FloatingIPsAssociationNegativeTestJSON:setUpClass): 200 GET http://10.180.1.21/compute/v2.1/servers/9778caa6-4d64-483e-9b72-e82c9977f9ce 0.049s
2025-05-16 20:34:48.031 69106 INFO tempest.lib.common.rest_client [req-579348d4-1c00-4111-b70d-639dab8c8d84 req-579348d4-1c00-4111-b70d-639dab8c8d84 ] Request (DeleteServersTestJSON:test_delete_active_server): 200 GET http://10.180.1.21/compute/v2.1/servers/10442eb5-8f1a-4b4c-9aab-78605de8dfea 0.051s
2025-05-16 20:34:48.040 69116 INFO tempest.lib.common.rest_client [req-b83c4637-593a-461a-899f-42c799c1c306 req-b83c4637-593a-461a-899f-42c799c1c306 ] Request (ServerRescueTestJSON:setUpClass): 200 GET http://10.180.1.21/compute/v2.1/servers/cdb141da-a05c-4891-a33d-6e12eafe4f22 0.093s
2025-05-16 20:34:48.075 69102 INFO tempest.lib.common.rest_client [req-d22391ab-b734-4321-a07b-1cbcd2ae4815 req-d22391ab-b734-4321-a07b-1cbcd2ae4815 ] Request (ServerAddressesTestJSON:setUpClass): 200 GET http://10.180.1.21/compute/v2.1/servers/0d4e5325-aa25-4766-a490-9719b3f354c7 0.077s
2025-05-16 20:34:48.116 69118 INFO tempest.lib.common.rest_client [req-29519b4d-c34f-4a32-9f92-92f32d625f89 req-29519b4d-c34f-4a32-9f92-92f32d625f89 ] Request (ServersTestBootFromVolume:setUpClass): 200 GET http://10.180.1.21/compute/v2.1/servers/95cffda2-8119-4401-ac53-9d7042ef7180 0.052s
2025-05-16 20:34:48.171 69142 INFO tempest.lib.common.rest_client [req-f3b44286-1cd3-4831-8288-45001a78e088 req-f3b44286-1cd3-4831-8288-45001a78e088 ] Request (ImagesOneServerTestJSON:setUpClass): 200 GET http://10.180.1.21/compute/v2.1/servers/3bf7d713-8315-48d9-85dd-4ff09c9c7782 0.090s
2025-05-16 20:34:48.176 69108 INFO tempest.lib.common.rest_client [req-c88b2a1a-c585-458e-a0c6-d010f3ae96ed req-c88b2a1a-c585-458e-a0c6-d010f3ae96ed ] Request (ServerExternalEventsTest:test_create_server_external_events): 200 GET http://10.180.1.21/compute/v2.1/servers/89f660c8-6efd-4789-90ee-67e42abc1db7 0.049s
2025-05-16 20:34:48.226 69126 INFO tempest.lib.common.rest_client [req-c170c295-70b0-483e-82cf-e5210f5fabac req-c170c295-70b0-483e-82cf-e5210f5fabac ] Request (ServerMetadataNegativeTestJSON:setUpClass): 200 GET http://10.180.1.21/compute/v2.1/servers/9923a3c7-f090-4a01-8c57-36c8c22c6b14 0.052s
2025-05-16 20:34:48.280 69112 INFO tempest.lib.common.rest_client [req-df62a6da-b958-413c-9a88-930132d48aef req-df62a6da-b958-413c-9a88-930132d48aef ] Request (ServerDiagnosticsV248Test:test_get_server_diagnostics): 200 GET http://10.180.1.21/compute/v2.1/servers/90d9df19-2d93-4543-a650-4a624f505d5d 0.052s
2025-05-16 20:34:48.286 69130 INFO tempest.lib.common.rest_client [req-b38f68d6-ea35-4948-abbc-41e7233b9abc req-b38f68d6-ea35-4948-abbc-41e7233b9abc ] Request (ImagesTestJSON:test_create_image_from_stopped_server): 200 GET http://10.180.1.21/compute/v2.1/servers/4995301f-e3c3-4032-adf0-7cffa3497d3e 0.098s
2025-05-16 20:34:48.330 69141 INFO tempest.lib.common.rest_client [req-c16bf089-c4e3-464a-a066-f2d49360dc25 req-c16bf089-c4e3-464a-a066-f2d49360dc25 ] Request (AttachInterfacesV270Test:test_create_get_list_interfaces): 200 GET http://10.180.1.21/compute/v2.1/servers/8f9bdc2e-bc45-46f8-a1dd-b98046bddc2c 0.051s
2025-05-16 20:34:48.378 69136 INFO tempest.lib.common.rest_client [req-2db23fe3-6eb2-449a-adf5-1ca46e6e51f6 req-2db23fe3-6eb2-449a-adf5-1ca46e6e51f6 ] Request (AttachInterfacesTestJSON:test_create_list_show_delete_interfaces_by_fixed_ip): 200 GET http://10.180.1.21/compute/v2.1/servers/2afc987a-45cc-484e-a6f0-a0118e2e73eb 0.048s
2025-05-16 20:34:48.392 69138 INFO tempest.lib.common.rest_client [req-249a6d4d-c91a-4b62-bfd6-74d0233d01ce req-249a6d4d-c91a-4b62-bfd6-74d0233d01ce ] Request (MigrationsAdminTest:test_list_migrations_in_flavor_resize_situation): 200 GET http://10.180.1.21/compute/v2.1/servers/82cf03c6-4fbf-4fc3-ba6b-ecb2df73efd7 0.097s
2025-05-16 20:34:48.425 69104 INFO tempest.lib.common.rest_client [req-019eaeb3-5295-4ec3-94de-222eb2e51c2c req-019eaeb3-5295-4ec3-94de-222eb2e51c2c ] Request (ServerShowV257Test:test_rebuild_server): 200 GET http://10.180.1.21/compute/v2.1/servers/0913eee8-aa9a-4e1b-8aec-48d8a9197530 0.072s
2025-05-16 20:34:48.450 69096 INFO tempest.lib.common.rest_client [req-11bcb943-7704-4a1d-8af7-82dfc4f1084e req-11bcb943-7704-4a1d-8af7-82dfc4f1084e ] Request (ServerGroupTestJSON:test_create_server_with_scheduler_hint_group): 200 GET http://10.180.1.21/compute/v2.1/servers/1752a71d-8cc7-4f88-b097-53094df226e9 0.049s
2025-05-16 20:34:48.568 69086 INFO tempest.lib.common.rest_client [req-0e22aa18-bc46-4b3c-adf2-e378c3f236b2 req-0e22aa18-bc46-4b3c-adf2-e378c3f236b2 ] Request (ServerDiagnosticsNegativeTest:test_get_server_diagnostics_by_non_admin): 200 GET http://10.180.1.21/compute/v2.1/servers/748df295-743b-41be-b873-523b688f2c78 0.096s
2025-05-16 20:34:48.635 69128 INFO tempest.lib.common.rest_client [req-1548ba64-9137-4567-a936-ca36b7d8b83f req-1548ba64-9137-4567-a936-ca36b7d8b83f ] Request (ServerActionsTestOtherB:setUpClass): 200 GET http://10.180.1.21/compute/v2.1/servers/c1606420-0fd3-4bd3-a8fa-91772c11f9bf 0.093s
2025-05-16 20:34:48.669 69088 INFO tempest.lib.common.rest_client [req-73cfa32d-c364-4647-9bd8-d27da42351e6 req-73cfa32d-c364-4647-9bd8-d27da42351e6 ] Request (TenantUsagesTestJSON:setUpClass): 200 GET http://10.180.1.21/compute/v2.1/servers/1ecf18e5-a4a1-4efb-b54a-964b064b51e5 0.093s
2025-05-16 20:34:48.680 69094 INFO tempest.lib.common.rest_client [req-88d30d44-c157-4dff-858b-52ef83b7e247 req-88d30d44-c157-4dff-858b-52ef83b7e247 ] Request (ServersTestFqdnHostnames:test_create_server_with_fqdn_name): 200 GET http://10.180.1.21/compute/v2.1/servers/e1925875-04db-4b88-ad54-d33ff804d365 0.092s
2025-05-16 20:34:48.715 69092 INFO tempest.lib.common.rest_client [req-73e327b9-743c-4552-816a-1ed0c617ca1a req-73e327b9-743c-4552-816a-1ed0c617ca1a ] Request (ListImageFiltersTestJSON:setUpClass): 200 GET http://10.180.1.21/compute/v2.1/servers/ceb21573-1cb0-4af6-9897-f164997b4b5f 0.078s
2025-05-16 20:34:48.730 69124 INFO tempest.lib.common.rest_client [req-644ffd5f-fe4d-476a-94e9-f9ab05470fb6 req-644ffd5f-fe4d-476a-94e9-f9ab05470fb6 ] Request (SecurityGroupsTestJSON:test_list_security_groups_by_server): 200 GET http://10.180.1.21/compute/v2.1/servers/6cf752ef-a49e-477f-8297-59621e69e712 0.048s
2025-05-16 20:34:48.777 69082 INFO tempest.lib.common.rest_client [req-c65186d4-cccb-45c3-bf5e-7f29fc18ed03 req-c65186d4-cccb-45c3-bf5e-7f29fc18ed03 ] Request (ServerRescueNegativeTestJSON:setUpClass): 200 GET http://10.180.1.21/compute/v2.1/servers/092cc50b-edcc-4d9b-a981-a06e2eaaf321 0.048s
2025-05-16 20:34:48.810 69114 INFO tempest.lib.common.rest_client [req-c791c987-8670-45f0-95f7-297e51a33b52 req-c791c987-8670-45f0-95f7-297e51a33b52 ] Request (ServersAdminNegativeTestJSON:setUpClass): 200 GET http://10.180.1.21/compute/v2.1/servers/e060aaea-7508-46ed-8786-b5753fde75e9 0.113s
2025-05-16 20:34:48.824 69100 INFO tempest.lib.common.rest_client [req-124ee0dc-7748-441a-9a32-a43ce439f64c req-124ee0dc-7748-441a-9a32-a43ce439f64c ] Request (DeleteServersAdminTestJSON:test_delete_server_while_in_error_state): 200 GET http://10.180.1.21/compute/v2.1/servers/fdb3f766-6f31-45e0-9d09-f3b2b61cdb8a 0.081s
2025-05-16 20:34:48.858 69098 INFO tempest.lib.common.rest_client [req-b95553fb-0062-43d8-93e9-82fc49ddcc27 req-b95553fb-0062-43d8-93e9-82fc49ddcc27 ] Request (ServersTestMultiNic:test_verify_duplicate_network_nics): 200 GET http://10.180.1.21/compute/v2.1/servers/2fc5f330-2a23-4a67-a49c-c4985928417b 0.080s
2025-05-16 20:34:48.868 69120 INFO tempest.lib.common.rest_client [req-6f7a1c16-df22-4651-b6f2-daa7a727b50d req-6f7a1c16-df22-4651-b6f2-daa7a727b50d ] Request (VolumesAssistedSnapshotsTest:test_volume_assisted_snapshot_create_delete): 200 GET http://10.180.1.21/compute/v2.1/servers/9d533b44-6afa-4c5b-a0a6-90ff442f7771 0.080s
2025-05-16 20:34:48.910 69110 INFO tempest.lib.common.rest_client [req-60c9f4a5-44b2-44d3-8243-587a5f89c45c req-60c9f4a5-44b2-44d3-8243-587a5f89c45c ] Request (ServersListShow296Test:test_list_show_update_rebuild_server_296): 200 GET http://10.180.1.21/compute/v2.1/servers/c59a14e2-3655-4177-961a-34552be1ccb1 0.075s
2025-05-16 20:34:48.915 69144 INFO tempest.lib.common.rest_client [req-177413e3-a4df-47b9-924f-23f49fa44cee req-177413e3-a4df-47b9-924f-23f49fa44cee ] Request (ServersWithSpecificFlavorTestJSON:test_verify_created_server_ephemeral_disk): 200 GET http://10.180.1.21/compute/v2.1/servers/ad71bb4b-829d-4297-857f-249e4c499623 0.070s
2025-05-16 20:34:48.974 69132 INFO tempest.lib.common.rest_client [req-7ba9c5b0-bd24-4e6c-914c-feb54ed53c19 req-7ba9c5b0-bd24-4e6c-914c-feb54ed53c19 ] Request (ListServersNegativeTestJSON:setUpClass): 200 GET http://10.180.1.21/compute/v2.1/servers/6a79f513-a8f0-4ceb-b4fd-466474dd67c8 0.046s
2025-05-16 20:34:49.016 69090 INFO tempest.lib.common.rest_client [req-e26f6d46-c803-4dc2-bcdc-29c9b454a384 req-e26f6d46-c803-4dc2-bcdc-29c9b454a384 ] Request (InstanceActionsNegativeTestJSON:setUpClass): 200 GET http://10.180.1.21/compute/v2.1/servers/620ef3f6-0444-474d-8179-3dc0143f2e99 0.094s
2025-05-16 20:34:49.024 69134 INFO tempest.lib.common.rest_client [req-85a23a5e-10e1-41da-876e-217ca05b5df1 req-85a23a5e-10e1-41da-876e-217ca05b5df1 ] Request (FloatingIPsAssociationNegativeTestJSON:setUpClass): 200 GET http://10.180.1.21/compute/v2.1/servers/9778caa6-4d64-483e-9b72-e82c9977f9ce 0.049s
2025-05-16 20:34:49.089 69106 INFO tempest.lib.common.rest_client [req-86560d3d-ea03-490f-908f-35a63965b6f1 req-86560d3d-ea03-490f-908f-35a63965b6f1 ] Request (DeleteServersTestJSON:test_delete_active_server): 200 GET http://10.180.1.21/compute/v2.1/servers/10442eb5-8f1a-4b4c-9aab-78605de8dfea 0.050s
2025-05-16 20:34:49.134 69102 INFO tempest.lib.common.rest_client [req-ef97b7e9-2af7-47be-a160-7ceb4c22da41 req-ef97b7e9-2af7-47be-a160-7ceb4c22da41 ] Request (ServerAddressesTestJSON:setUpClass): 200 GET http://10.180.1.21/compute/v2.1/servers/0d4e5325-aa25-4766-a490-9719b3f354c7 0.051s
2025-05-16 20:34:49.147 69116 INFO tempest.lib.common.rest_client [req-70d3db56-86c9-4dbd-8b38-44de495572b3 req-70d3db56-86c9-4dbd-8b38-44de495572b3 ] Request (ServerRescueTestJSON:setUpClass): 200 GET http://10.180.1.21/compute/v2.1/servers/cdb141da-a05c-4891-a33d-6e12eafe4f22 0.098s
2025-05-16 20:34:49.181 69118 INFO tempest.lib.common.rest_client [req-e5e1e20a-d7d2-4a75-8f40-a886ef31f120 req-e5e1e20a-d7d2-4a75-8f40-a886ef31f120 ] Request (ServersTestBootFromVolume:setUpClass): 200 GET http://10.180.1.21/compute/v2.1/servers/95cffda2-8119-4401-ac53-9d7042ef7180 0.056s
2025-05-16 20:34:49.232 69108 INFO tempest.lib.common.rest_client [req-07a349e6-447d-42cb-ad7c-3c68a3c9006b req-07a349e6-447d-42cb-ad7c-3c68a3c9006b ] Request (ServerExternalEventsTest:test_create_server_external_events): 200 GET http://10.180.1.21/compute/v2.1/servers/89f660c8-6efd-4789-90ee-67e42abc1db7 0.048s
2025-05-16 20:34:49.280 69126 INFO tempest.lib.common.rest_client [req-c0568129-2e8e-48f4-a560-ddf2bd45861c req-c0568129-2e8e-48f4-a560-ddf2bd45861c ] Request (ServerMetadataNegativeTestJSON:setUpClass): 200 GET http://10.180.1.21/compute/v2.1/servers/9923a3c7-f090-4a01-8c57-36c8c22c6b14 0.046s
2025-05-16 20:34:49.313 69142 INFO tempest.lib.common.rest_client [req-c36c5684-848a-48ed-abca-1f56f8ced304 req-c36c5684-848a-48ed-abca-1f56f8ced304 ] Request (ImagesOneServerTestJSON:setUpClass): 200 GET http://10.180.1.21/compute/v2.1/servers/3bf7d713-8315-48d9-85dd-4ff09c9c7782 0.134s
2025-05-16 20:34:49.343 69112 INFO tempest.lib.common.rest_client [req-4f3b7cd9-e768-4bc6-817a-93bac4405a45 req-4f3b7cd9-e768-4bc6-817a-93bac4405a45 ] Request (ServerDiagnosticsV248Test:test_get_server_diagnostics): 200 GET http://10.180.1.21/compute/v2.1/servers/90d9df19-2d93-4543-a650-4a624f505d5d 0.054s
2025-05-16 20:34:49.393 69141 INFO tempest.lib.common.rest_client [req-73364f21-f74a-4c10-af0d-c1f0f9b896ac req-73364f21-f74a-4c10-af0d-c1f0f9b896ac ] Request (AttachInterfacesV270Test:test_create_get_list_interfaces): 200 GET http://10.180.1.21/compute/v2.1/servers/8f9bdc2e-bc45-46f8-a1dd-b98046bddc2c 0.053s
2025-05-16 20:34:49.417 69130 INFO tempest.lib.common.rest_client [req-51273462-a0c0-4ee7-85de-4fc5ba2e184e req-51273462-a0c0-4ee7-85de-4fc5ba2e184e ] Request (ImagesTestJSON:test_create_image_from_stopped_server): 200 GET http://10.180.1.21/compute/v2.1/servers/4995301f-e3c3-4032-adf0-7cffa3497d3e 0.123s
2025-05-16 20:34:49.437 69136 INFO tempest.lib.common.rest_client [req-5760a645-457f-417b-ad82-90559d850618 req-5760a645-457f-417b-ad82-90559d850618 ] Request (AttachInterfacesTestJSON:test_create_list_show_delete_interfaces_by_fixed_ip): 200 GET http://10.180.1.21/compute/v2.1/servers/2afc987a-45cc-484e-a6f0-a0118e2e73eb 0.051s
2025-05-16 20:34:49.483 69104 INFO tempest.lib.common.rest_client [req-9b95779b-9912-4a3a-8945-b548a2ce7f2e req-9b95779b-9912-4a3a-8945-b548a2ce7f2e ] Request (ServerShowV257Test:test_rebuild_server): 200 GET http://10.180.1.21/compute/v2.1/servers/0913eee8-aa9a-4e1b-8aec-48d8a9197530 0.049s
2025-05-16 20:34:49.509 69138 INFO tempest.lib.common.rest_client [req-eee44104-9173-4f4b-840a-b97081660f7b req-eee44104-9173-4f4b-840a-b97081660f7b ] Request (MigrationsAdminTest:test_list_migrations_in_flavor_resize_situation): 200 GET http://10.180.1.21/compute/v2.1/servers/82cf03c6-4fbf-4fc3-ba6b-ecb2df73efd7 0.109s
2025-05-16 20:34:49.530 69096 INFO tempest.lib.common.rest_client [req-4baeb51d-f3a4-4fcb-b16e-3597ee1968f4 req-4baeb51d-f3a4-4fcb-b16e-3597ee1968f4 ] Request (ServerGroupTestJSON:test_create_server_with_scheduler_hint_group): 200 GET http://10.180.1.21/compute/v2.1/servers/1752a71d-8cc7-4f88-b097-53094df226e9 0.073s
2025-05-16 20:34:49.669 69086 INFO tempest.lib.common.rest_client [req-90bc8055-4ad4-476d-943b-4d6c144388de req-90bc8055-4ad4-476d-943b-4d6c144388de ] Request (ServerDiagnosticsNegativeTest:test_get_server_diagnostics_by_non_admin): 200 GET http://10.180.1.21/compute/v2.1/servers/748df295-743b-41be-b873-523b688f2c78 0.093s
2025-05-16 20:34:49.736 69128 INFO tempest.lib.common.rest_client [req-e0cd9da5-bdf7-473d-814f-3c66a97c2948 req-e0cd9da5-bdf7-473d-814f-3c66a97c2948 ] Request (ServerActionsTestOtherB:setUpClass): 200 GET http://10.180.1.21/compute/v2.1/servers/c1606420-0fd3-4bd3-a8fa-91772c11f9bf 0.094s
2025-05-16 20:34:49.781 69094 INFO tempest.lib.common.rest_client [req-8d3091b8-185f-4acc-916d-116effb5b1e8 req-8d3091b8-185f-4acc-916d-116effb5b1e8 ] Request (ServersTestFqdnHostnames:test_create_server_with_fqdn_name): 200 GET http://10.180.1.21/compute/v2.1/servers/e1925875-04db-4b88-ad54-d33ff804d365 0.092s
2025-05-16 20:34:49.828 69092 INFO tempest.lib.common.rest_client [req-5ccd9cfa-de46-4d69-aabb-de8dfaf3c57a req-5ccd9cfa-de46-4d69-aabb-de8dfaf3c57a ] Request (ListImageFiltersTestJSON:setUpClass): 200 GET http://10.180.1.21/compute/v2.1/servers/ceb21573-1cb0-4af6-9897-f164997b4b5f 0.104s
2025-05-16 20:34:49.875 69124 INFO tempest.lib.common.rest_client [req-fd1ed685-7efd-48d8-b205-e31ea9e8dbcc req-fd1ed685-7efd-48d8-b205-e31ea9e8dbcc ] Request (SecurityGroupsTestJSON:test_list_security_groups_by_server): 200 GET http://10.180.1.21/compute/v2.1/servers/6cf752ef-a49e-477f-8297-59621e69e712 0.136s
2025-05-16 20:34:49.921 69082 INFO tempest.lib.common.rest_client [req-a863ab78-2431-47b2-a2bb-ac801a43630f req-a863ab78-2431-47b2-a2bb-ac801a43630f ] Request (ServerRescueNegativeTestJSON:setUpClass): 200 GET http://10.180.1.21/compute/v2.1/servers/092cc50b-edcc-4d9b-a981-a06e2eaaf321 0.137s
2025-05-16 20:34:49.950 69088 INFO tempest.lib.common.rest_client [req-359584a6-7238-4634-a0e0-4c709392b232 req-359584a6-7238-4634-a0e0-4c709392b232 ] Request (TenantUsagesTestJSON:setUpClass): 200 GET http://10.180.1.21/compute/v2.1/servers/1ecf18e5-a4a1-4efb-b54a-964b064b51e5 0.273s
2025-05-16 20:34:49.996 69100 INFO tempest.lib.common.rest_client [req-36bcf5cb-1c3f-4960-8505-8454311e93e7 req-36bcf5cb-1c3f-4960-8505-8454311e93e7 ] Request (DeleteServersAdminTestJSON:test_delete_server_while_in_error_state): 200 GET http://10.180.1.21/compute/v2.1/servers/fdb3f766-6f31-45e0-9d09-f3b2b61cdb8a 0.164s
2025-05-16 20:34:50.013 69114 INFO tempest.lib.common.rest_client [req-ca1e1dea-081e-4301-9638-5e432681b02a req-ca1e1dea-081e-4301-9638-5e432681b02a ] Request (ServersAdminNegativeTestJSON:setUpClass): 200 GET http://10.180.1.21/compute/v2.1/servers/e060aaea-7508-46ed-8786-b5753fde75e9 0.195s
2025-05-16 20:34:50.040 69098 INFO tempest.lib.common.rest_client [req-b2c3bf38-4024-48dc-bed0-0d18939b4183 req-b2c3bf38-4024-48dc-bed0-0d18939b4183 ] Request (ServersTestMultiNic:test_verify_duplicate_network_nics): 200 GET http://10.180.1.21/compute/v2.1/servers/2fc5f330-2a23-4a67-a49c-c4985928417b 0.171s
2025-05-16 20:34:50.059 69120 INFO tempest.lib.common.rest_client [req-3f5e01ef-de05-4a09-8b25-dbf1d9722f48 req-3f5e01ef-de05-4a09-8b25-dbf1d9722f48 ] Request (VolumesAssistedSnapshotsTest:test_volume_assisted_snapshot_create_delete): 200 GET http://10.180.1.21/compute/v2.1/servers/9d533b44-6afa-4c5b-a0a6-90ff442f7771 0.182s
2025-05-16 20:34:50.093 69110 INFO tempest.lib.common.rest_client [req-35b48b35-6ac0-4737-9d57-57947faf006c req-35b48b35-6ac0-4737-9d57-57947faf006c ] Request (ServersListShow296Test:test_list_show_update_rebuild_server_296): 200 GET http://10.180.1.21/compute/v2.1/servers/c59a14e2-3655-4177-961a-34552be1ccb1 0.172s
2025-05-16 20:34:50.104 69144 INFO tempest.lib.common.rest_client [req-00f74a92-e504-4367-bece-e96fdeecdca6 req-00f74a92-e504-4367-bece-e96fdeecdca6 ] Request (ServersWithSpecificFlavorTestJSON:test_verify_created_server_ephemeral_disk): 200 GET http://10.180.1.21/compute/v2.1/servers/ad71bb4b-829d-4297-857f-249e4c499623 0.182s
2025-05-16 20:34:50.137 69132 INFO tempest.lib.common.rest_client [req-10b809c7-cc80-4f1b-b7c1-7bbbee0fa1b3 req-10b809c7-cc80-4f1b-b7c1-7bbbee0fa1b3 ] Request (ListServersNegativeTestJSON:setUpClass): 200 GET http://10.180.1.21/compute/v2.1/servers/6a79f513-a8f0-4ceb-b4fd-466474dd67c8 0.156s
2025-05-16 20:34:50.186 69134 INFO tempest.lib.common.rest_client [req-ca4f4355-942c-48c1-b335-4df7c01b6943 req-ca4f4355-942c-48c1-b335-4df7c01b6943 ] Request (FloatingIPsAssociationNegativeTestJSON:setUpClass): 200 GET http://10.180.1.21/compute/v2.1/servers/9778caa6-4d64-483e-9b72-e82c9977f9ce 0.152s
2025-05-16 20:34:50.201 69090 INFO tempest.lib.common.rest_client [req-99f2fd4f-7fc0-4f6f-a928-756c3a3adbdc req-99f2fd4f-7fc0-4f6f-a928-756c3a3adbdc ] Request (InstanceActionsNegativeTestJSON:setUpClass): 200 GET http://10.180.1.21/compute/v2.1/servers/620ef3f6-0444-474d-8179-3dc0143f2e99 0.177s
2025-05-16 20:34:50.232 69106 INFO tempest.lib.common.rest_client [req-ea1b9bbb-cde9-44e7-aa96-aa2cec5e2fd3 req-ea1b9bbb-cde9-44e7-aa96-aa2cec5e2fd3 ] Request (DeleteServersTestJSON:test_delete_active_server): 200 GET http://10.180.1.21/compute/v2.1/servers/10442eb5-8f1a-4b4c-9aab-78605de8dfea 0.135s
2025-05-16 20:34:50.247 69102 INFO tempest.lib.common.rest_client [req-a036bfac-f00b-45b9-ad82-9dc896e22bd7 req-a036bfac-f00b-45b9-ad82-9dc896e22bd7 ] Request (ServerAddressesTestJSON:setUpClass): 200 GET http://10.180.1.21/compute/v2.1/servers/0d4e5325-aa25-4766-a490-9719b3f354c7 0.105s
2025-05-16 20:34:50.293 69118 INFO tempest.lib.common.rest_client [req-dc291ca1-cc54-42af-abb0-1e84eeb85206 req-dc291ca1-cc54-42af-abb0-1e84eeb85206 ] Request (ServersTestBootFromVolume:setUpClass): 200 GET http://10.180.1.21/compute/v2.1/servers/95cffda2-8119-4401-ac53-9d7042ef7180 0.105s
2025-05-16 20:34:50.323 69116 INFO tempest.lib.common.rest_client [req-1d752d63-69e8-4e38-8871-f464a638c2d3 req-1d752d63-69e8-4e38-8871-f464a638c2d3 ] Request (ServerRescueTestJSON:setUpClass): 200 GET http://10.180.1.21/compute/v2.1/servers/cdb141da-a05c-4891-a33d-6e12eafe4f22 0.169s
2025-05-16 20:34:50.338 69108 INFO tempest.lib.common.rest_client [req-d4c0d626-1764-435a-bd0f-c6686b4a9dbb req-d4c0d626-1764-435a-bd0f-c6686b4a9dbb ] Request (ServerExternalEventsTest:test_create_server_external_events): 200 GET http://10.180.1.21/compute/v2.1/servers/89f660c8-6efd-4789-90ee-67e42abc1db7 0.097s
2025-05-16 20:34:50.369 69126 INFO tempest.lib.common.rest_client [req-1b09a0c1-46a5-42ea-b7d1-11be0d025ae9 req-1b09a0c1-46a5-42ea-b7d1-11be0d025ae9 ] Request (ServerMetadataNegativeTestJSON:setUpClass): 200 GET http://10.180.1.21/compute/v2.1/servers/9923a3c7-f090-4a01-8c57-36c8c22c6b14 0.082s
2025-05-16 20:34:50.418 69112 INFO tempest.lib.common.rest_client [req-5a608af8-e60e-4e31-b829-1c9aacecce58 req-5a608af8-e60e-4e31-b829-1c9aacecce58 ] Request (ServerDiagnosticsV248Test:test_get_server_diagnostics): 200 GET http://10.180.1.21/compute/v2.1/servers/90d9df19-2d93-4543-a650-4a624f505d5d 0.062s
2025-05-16 20:34:50.465 69141 INFO tempest.lib.common.rest_client [req-ac04a45f-6b9b-4989-868e-685fd2464d01 req-ac04a45f-6b9b-4989-868e-685fd2464d01 ] Request (AttachInterfacesV270Test:test_create_get_list_interfaces): 200 GET http://10.180.1.21/compute/v2.1/servers/8f9bdc2e-bc45-46f8-a1dd-b98046bddc2c 0.059s
2025-05-16 20:34:50.467 69142 INFO tempest.lib.common.rest_client [req-7b20c765-37b8-4db4-ad4b-86542c636254 req-7b20c765-37b8-4db4-ad4b-86542c636254 ] Request (ImagesOneServerTestJSON:setUpClass): 200 GET http://10.180.1.21/compute/v2.1/servers/3bf7d713-8315-48d9-85dd-4ff09c9c7782 0.147s
2025-05-16 20:34:50.511 69136 INFO tempest.lib.common.rest_client [req-525c17be-dd09-420b-a30e-1809dea00da9 req-525c17be-dd09-420b-a30e-1809dea00da9 ] Request (AttachInterfacesTestJSON:test_create_list_show_delete_interfaces_by_fixed_ip): 200 GET http://10.180.1.21/compute/v2.1/servers/2afc987a-45cc-484e-a6f0-a0118e2e73eb 0.066s
2025-05-16 20:34:50.562 69104 INFO tempest.lib.common.rest_client [req-da3dc455-e694-4446-aa6c-e334992e1f6d req-da3dc455-e694-4446-aa6c-e334992e1f6d ] Request (ServerShowV257Test:test_rebuild_server): 200 GET http://10.180.1.21/compute/v2.1/servers/0913eee8-aa9a-4e1b-8aec-48d8a9197530 0.068s
2025-05-16 20:34:50.598 69130 INFO tempest.lib.common.rest_client [req-747b0120-e9bb-45e6-960a-98964b16e44a req-747b0120-e9bb-45e6-960a-98964b16e44a ] Request (ImagesTestJSON:test_create_image_from_stopped_server): 200 GET http://10.180.1.21/compute/v2.1/servers/4995301f-e3c3-4032-adf0-7cffa3497d3e 0.173s
2025-05-16 20:34:50.644 69096 INFO tempest.lib.common.rest_client [req-3c32fee5-1aa3-4396-a9f6-a72ec560fc73 req-3c32fee5-1aa3-4396-a9f6-a72ec560fc73 ] Request (ServerGroupTestJSON:test_create_server_with_scheduler_hint_group): 200 GET http://10.180.1.21/compute/v2.1/servers/1752a71d-8cc7-4f88-b097-53094df226e9 0.107s
2025-05-16 20:34:50.655 69138 INFO tempest.lib.common.rest_client [req-dac8c4ff-00ff-4225-841d-3df2d2efcd82 req-dac8c4ff-00ff-4225-841d-3df2d2efcd82 ] Request (MigrationsAdminTest:test_list_migrations_in_flavor_resize_situation): 200 GET http://10.180.1.21/compute/v2.1/servers/82cf03c6-4fbf-4fc3-ba6b-ecb2df73efd7 0.138s
2025-05-16 20:34:50.772 69086 INFO tempest.lib.common.rest_client [req-5108222d-fe01-49c1-bbee-4b4eb4a1f1f6 req-5108222d-fe01-49c1-bbee-4b4eb4a1f1f6 ] Request (ServerDiagnosticsNegativeTest:test_get_server_diagnostics_by_non_admin): 200 GET http://10.180.1.21/compute/v2.1/servers/748df295-743b-41be-b873-523b688f2c78 0.096s
2025-05-16 20:34:50.838 69128 INFO tempest.lib.common.rest_client [req-e7fc1b71-68b4-4121-b2e2-4052d79d1336 req-e7fc1b71-68b4-4121-b2e2-4052d79d1336 ] Request (ServerActionsTestOtherB:setUpClass): 200 GET http://10.180.1.21/compute/v2.1/servers/c1606420-0fd3-4bd3-a8fa-91772c11f9bf 0.093s
2025-05-16 20:34:50.838 69094 INFO tempest.lib.common.rest_client [req-47664873-d9af-489f-8d6d-2484c30d50d1 req-47664873-d9af-489f-8d6d-2484c30d50d1 ] Request (ServersTestFqdnHostnames:test_create_server_with_fqdn_name): 200 GET http://10.180.1.21/compute/v2.1/servers/e1925875-04db-4b88-ad54-d33ff804d365 0.049s
2025-05-16 20:34:50.884 69092 INFO tempest.lib.common.rest_client [req-ad92d023-1d70-461f-a231-2a2603864821 req-ad92d023-1d70-461f-a231-2a2603864821 ] Request (ListImageFiltersTestJSON:setUpClass): 200 GET http://10.180.1.21/compute/v2.1/servers/ceb21573-1cb0-4af6-9897-f164997b4b5f 0.047s
2025-05-16 20:34:50.932 69124 INFO tempest.lib.common.rest_client [req-17c10a3a-6643-41fa-b976-5404904646fb req-17c10a3a-6643-41fa-b976-5404904646fb ] Request (SecurityGroupsTestJSON:test_list_security_groups_by_server): 200 GET http://10.180.1.21/compute/v2.1/servers/6cf752ef-a49e-477f-8297-59621e69e712 0.048s
2025-05-16 20:34:50.980 69082 INFO tempest.lib.common.rest_client [req-5936bf67-5e0c-4528-9e35-4574e0f793e5 req-5936bf67-5e0c-4528-9e35-4574e0f793e5 ] Request (ServerRescueNegativeTestJSON:setUpClass): 200 GET http://10.180.1.21/compute/v2.1/servers/092cc50b-edcc-4d9b-a981-a06e2eaaf321 0.050s
2025-05-16 20:34:51.053 69088 INFO tempest.lib.common.rest_client [req-a679601b-1a6a-48d9-884e-28b89ef1b3c3 req-a679601b-1a6a-48d9-884e-28b89ef1b3c3 ] Request (TenantUsagesTestJSON:setUpClass): 200 GET http://10.180.1.21/compute/v2.1/servers/1ecf18e5-a4a1-4efb-b54a-964b064b51e5 0.096s
2025-05-16 20:34:51.053 69100 INFO tempest.lib.common.rest_client [req-3e91d1a2-fd81-4b19-a2a4-6db6e4c408f0 req-3e91d1a2-fd81-4b19-a2a4-6db6e4c408f0 ] Request (DeleteServersAdminTestJSON:test_delete_server_while_in_error_state): 200 GET http://10.180.1.21/compute/v2.1/servers/fdb3f766-6f31-45e0-9d09-f3b2b61cdb8a 0.050s
2025-05-16 20:34:51.098 69098 INFO tempest.lib.common.rest_client [req-40a450c7-78ef-4064-8fb9-0332391fc834 req-40a450c7-78ef-4064-8fb9-0332391fc834 ] Request (ServersTestMultiNic:test_verify_duplicate_network_nics): 200 GET http://10.180.1.21/compute/v2.1/servers/2fc5f330-2a23-4a67-a49c-c4985928417b 0.050s
2025-05-16 20:34:51.143 69120 INFO tempest.lib.common.rest_client [req-c7106c68-afb7-4876-8bb4-1658028196f7 req-c7106c68-afb7-4876-8bb4-1658028196f7 ] Request (VolumesAssistedSnapshotsTest:test_volume_assisted_snapshot_create_delete): 200 GET http://10.180.1.21/compute/v2.1/servers/9d533b44-6afa-4c5b-a0a6-90ff442f7771 0.076s
2025-05-16 20:34:51.145 69114 INFO tempest.lib.common.rest_client [req-2a203d3d-3def-495a-9d1f-80f2593cb047 req-2a203d3d-3def-495a-9d1f-80f2593cb047 ] Request (ServersAdminNegativeTestJSON:setUpClass): 200 GET http://10.180.1.21/compute/v2.1/servers/e060aaea-7508-46ed-8786-b5753fde75e9 0.122s
2025-05-16 20:34:51.191 69144 INFO tempest.lib.common.rest_client [req-19f0ae41-ae6e-47b7-9d30-58d603e581ac req-19f0ae41-ae6e-47b7-9d30-58d603e581ac ] Request (ServersWithSpecificFlavorTestJSON:test_verify_created_server_ephemeral_disk): 200 GET http://10.180.1.21/compute/v2.1/servers/ad71bb4b-829d-4297-857f-249e4c499623 0.079s
2025-05-16 20:34:51.197 69110 INFO tempest.lib.common.rest_client [req-8bdd1cd8-076b-4c37-964a-06623780cd82 req-8bdd1cd8-076b-4c37-964a-06623780cd82 ] Request (ServersListShow296Test:test_list_show_update_rebuild_server_296): 200 GET http://10.180.1.21/compute/v2.1/servers/c59a14e2-3655-4177-961a-34552be1ccb1 0.094s
2025-05-16 20:34:51.239 69132 INFO tempest.lib.common.rest_client [req-dc18430a-f720-4929-a290-b441f51804ef req-dc18430a-f720-4929-a290-b441f51804ef ] Request (ListServersNegativeTestJSON:setUpClass): 200 GET http://10.180.1.21/compute/v2.1/servers/6a79f513-a8f0-4ceb-b4fd-466474dd67c8 0.094s
2025-05-16 20:34:51.246 69134 INFO tempest.lib.common.rest_client [req-2b72f9f4-8c60-4f15-9aff-10cd0c27d1c2 req-2b72f9f4-8c60-4f15-9aff-10cd0c27d1c2 ] Request (FloatingIPsAssociationNegativeTestJSON:setUpClass): 200 GET http://10.180.1.21/compute/v2.1/servers/9778caa6-4d64-483e-9b72-e82c9977f9ce 0.052s
2025-05-16 20:34:51.292 69106 INFO tempest.lib.common.rest_client [req-c1d7e15b-beaa-4569-93f6-fcb1b0edb4c9 req-c1d7e15b-beaa-4569-93f6-fcb1b0edb4c9 ] Request (DeleteServersTestJSON:test_delete_active_server): 200 GET http://10.180.1.21/compute/v2.1/servers/10442eb5-8f1a-4b4c-9aab-78605de8dfea 0.052s
2025-05-16 20:34:51.338 69102 INFO tempest.lib.common.rest_client [req-50e5fab5-7e17-4571-9cd9-b8b0269b4dee req-50e5fab5-7e17-4571-9cd9-b8b0269b4dee ] Request (ServerAddressesTestJSON:setUpClass): 200 GET http://10.180.1.21/compute/v2.1/servers/0d4e5325-aa25-4766-a490-9719b3f354c7 0.085s
2025-05-16 20:34:51.372 69090 INFO tempest.lib.common.rest_client [req-f7526c81-60ad-454c-af5c-008c636a96c9 req-f7526c81-60ad-454c-af5c-008c636a96c9 ] Request (InstanceActionsNegativeTestJSON:setUpClass): 200 GET http://10.180.1.21/compute/v2.1/servers/620ef3f6-0444-474d-8179-3dc0143f2e99 0.160s
2025-05-16 20:34:51.472 69116 INFO tempest.lib.common.rest_client [req-ac868c67-571d-4b93-85b9-7f420c914158 req-ac868c67-571d-4b93-85b9-7f420c914158 ] Request (ServerRescueTestJSON:setUpClass): 200 GET http://10.180.1.21/compute/v2.1/servers/cdb141da-a05c-4891-a33d-6e12eafe4f22 0.141s
2025-05-16 20:34:51.518 69108 INFO tempest.lib.common.rest_client [req-83e01897-7d47-400b-b427-197eefe3ba1f req-83e01897-7d47-400b-b427-197eefe3ba1f ] Request (ServerExternalEventsTest:test_create_server_external_events): 200 GET http://10.180.1.21/compute/v2.1/servers/89f660c8-6efd-4789-90ee-67e42abc1db7 0.172s
2025-05-16 20:34:51.558 69118 INFO tempest.lib.common.rest_client [req-dad27fce-c3ad-43c2-8c20-6161a782ef57 req-dad27fce-c3ad-43c2-8c20-6161a782ef57 ] Request (ServersTestBootFromVolume:setUpClass): 200 GET http://10.180.1.21/compute/v2.1/servers/95cffda2-8119-4401-ac53-9d7042ef7180 0.256s
2025-05-16 20:34:51.568 69126 INFO tempest.lib.common.rest_client [req-3424949f-f40e-4a1e-97e0-c17307e97405 req-3424949f-f40e-4a1e-97e0-c17307e97405 ] Request (ServerMetadataNegativeTestJSON:setUpClass): 200 GET http://10.180.1.21/compute/v2.1/servers/9923a3c7-f090-4a01-8c57-36c8c22c6b14 0.190s
2025-05-16 20:34:51.605 69112 INFO tempest.lib.common.rest_client [req-be2f20d0-38ee-4c58-98d0-424d22fcf8e0 req-be2f20d0-38ee-4c58-98d0-424d22fcf8e0 ] Request (ServerDiagnosticsV248Test:test_get_server_diagnostics): 200 GET http://10.180.1.21/compute/v2.1/servers/90d9df19-2d93-4543-a650-4a624f505d5d 0.177s
2025-05-16 20:34:51.616 69141 INFO tempest.lib.common.rest_client [req-e20dfdbe-2147-4f06-9e55-1e2244877293 req-e20dfdbe-2147-4f06-9e55-1e2244877293 ] Request (AttachInterfacesV270Test:test_create_get_list_interfaces): 200 GET http://10.180.1.21/compute/v2.1/servers/8f9bdc2e-bc45-46f8-a1dd-b98046bddc2c 0.141s
2025-05-16 20:34:51.662 69136 INFO tempest.lib.common.rest_client [req-d63a1fb9-84fe-41bb-948a-8531ac170528 req-d63a1fb9-84fe-41bb-948a-8531ac170528 ] Request (AttachInterfacesTestJSON:test_create_list_show_delete_interfaces_by_fixed_ip): 200 GET http://10.180.1.21/compute/v2.1/servers/2afc987a-45cc-484e-a6f0-a0118e2e73eb 0.144s
2025-05-16 20:34:51.698 69142 INFO tempest.lib.common.rest_client [req-a2f44765-5cdf-43c1-8502-87a70bbda5a2 req-a2f44765-5cdf-43c1-8502-87a70bbda5a2 ] Request (ImagesOneServerTestJSON:setUpClass): 200 GET http://10.180.1.21/compute/v2.1/servers/3bf7d713-8315-48d9-85dd-4ff09c9c7782 0.222s
2025-05-16 20:34:51.712 69104 INFO tempest.lib.common.rest_client [req-53276e1b-e606-429b-ab89-df31fcd4ddce req-53276e1b-e606-429b-ab89-df31fcd4ddce ] Request (ServerShowV257Test:test_rebuild_server): 200 GET http://10.180.1.21/compute/v2.1/servers/0913eee8-aa9a-4e1b-8aec-48d8a9197530 0.141s
2025-05-16 20:34:51.761 69096 INFO tempest.lib.common.rest_client [req-33a7e215-cc36-42ba-a16a-fec0c1a046e9 req-33a7e215-cc36-42ba-a16a-fec0c1a046e9 ] Request (ServerGroupTestJSON:test_create_server_with_scheduler_hint_group): 200 GET http://10.180.1.21/compute/v2.1/servers/1752a71d-8cc7-4f88-b097-53094df226e9 0.108s
2025-05-16 20:34:51.833 69130 INFO tempest.lib.common.rest_client [req-20cdbd1d-861b-451a-a3b3-8688388705ba req-20cdbd1d-861b-451a-a3b3-8688388705ba ] Request (ImagesTestJSON:test_create_image_from_stopped_server): 200 GET http://10.180.1.21/compute/v2.1/servers/4995301f-e3c3-4032-adf0-7cffa3497d3e 0.228s
2025-05-16 20:34:51.894 69138 INFO tempest.lib.common.rest_client [req-66bcca57-2676-4186-9280-847dd9381219 req-66bcca57-2676-4186-9280-847dd9381219 ] Request (MigrationsAdminTest:test_list_migrations_in_flavor_resize_situation): 200 GET http://10.180.1.21/compute/v2.1/servers/82cf03c6-4fbf-4fc3-ba6b-ecb2df73efd7 0.231s
2025-05-16 20:34:51.924 69086 INFO tempest.lib.common.rest_client [req-cc43f759-6619-4f29-852b-0c26e6c9355f req-cc43f759-6619-4f29-852b-0c26e6c9355f ] Request (ServerDiagnosticsNegativeTest:test_get_server_diagnostics_by_non_admin): 200 GET http://10.180.1.21/compute/v2.1/servers/748df295-743b-41be-b873-523b688f2c78 0.144s
2025-05-16 20:34:51.943 69094 INFO tempest.lib.common.rest_client [req-a749ec9b-7d38-44b2-9f4d-7513f20f762c req-a749ec9b-7d38-44b2-9f4d-7513f20f762c ] Request (ServersTestFqdnHostnames:test_create_server_with_fqdn_name): 200 GET http://10.180.1.21/compute/v2.1/servers/e1925875-04db-4b88-ad54-d33ff804d365 0.096s
2025-05-16 20:34:51.989 69092 INFO tempest.lib.common.rest_client [req-9027bbf0-a8d9-4a36-b665-35fbc2954f7c req-9027bbf0-a8d9-4a36-b665-35fbc2954f7c ] Request (ListImageFiltersTestJSON:setUpClass): 200 GET http://10.180.1.21/compute/v2.1/servers/ceb21573-1cb0-4af6-9897-f164997b4b5f 0.096s
2025-05-16 20:34:52.033 69124 INFO tempest.lib.common.rest_client [req-b9c6f8c8-528f-4304-ae92-888e47cdf415 req-b9c6f8c8-528f-4304-ae92-888e47cdf415 ] Request (SecurityGroupsTestJSON:test_list_security_groups_by_server): 200 GET http://10.180.1.21/compute/v2.1/servers/6cf752ef-a49e-477f-8297-59621e69e712 0.093s
2025-05-16 20:34:52.052 69128 INFO tempest.lib.common.rest_client [req-021e48ff-9875-4ab1-ab82-1be6e079be93 req-021e48ff-9875-4ab1-ab82-1be6e079be93 ] Request (ServerActionsTestOtherB:setUpClass): 200 GET http://10.180.1.21/compute/v2.1/servers/c1606420-0fd3-4bd3-a8fa-91772c11f9bf 0.206s
2025-05-16 20:34:52.078 69082 INFO tempest.lib.common.rest_client [req-90b8e032-9fcf-418b-b7ec-db252a93719c req-90b8e032-9fcf-418b-b7ec-db252a93719c ] Request (ServerRescueNegativeTestJSON:setUpClass): 200 GET http://10.180.1.21/compute/v2.1/servers/092cc50b-edcc-4d9b-a981-a06e2eaaf321 0.090s
2025-05-16 20:34:52.109 69100 INFO tempest.lib.common.rest_client [req-158734f5-bbe3-4428-acf7-87876b4911e9 req-158734f5-bbe3-4428-acf7-87876b4911e9 ] Request (DeleteServersAdminTestJSON:test_delete_server_while_in_error_state): 200 GET http://10.180.1.21/compute/v2.1/servers/fdb3f766-6f31-45e0-9d09-f3b2b61cdb8a 0.049s
2025-05-16 20:34:52.154 69098 INFO tempest.lib.common.rest_client [req-295896b8-4093-40d7-a522-3cbfefb0e490 req-295896b8-4093-40d7-a522-3cbfefb0e490 ] Request (ServersTestMultiNic:test_verify_duplicate_network_nics): 200 GET http://10.180.1.21/compute/v2.1/servers/2fc5f330-2a23-4a67-a49c-c4985928417b 0.048s
2025-05-16 20:34:52.171 69088 INFO tempest.lib.common.rest_client [req-9f2ab600-79e9-4181-a9f2-5649428dede9 req-9f2ab600-79e9-4181-a9f2-5649428dede9 ] Request (TenantUsagesTestJSON:setUpClass): 200 GET http://10.180.1.21/compute/v2.1/servers/1ecf18e5-a4a1-4efb-b54a-964b064b51e5 0.109s
2025-05-16 20:34:52.203 69120 INFO tempest.lib.common.rest_client [req-3fc77490-1d62-4708-a770-7f7c4017a1cc req-3fc77490-1d62-4708-a770-7f7c4017a1cc ] Request (VolumesAssistedSnapshotsTest:test_volume_assisted_snapshot_create_delete): 200 GET http://10.180.1.21/compute/v2.1/servers/9d533b44-6afa-4c5b-a0a6-90ff442f7771 0.052s
2025-05-16 20:34:52.248 69144 INFO tempest.lib.common.rest_client [req-b4846265-406e-4286-9087-fef32c4402a7 req-b4846265-406e-4286-9087-fef32c4402a7 ] Request (ServersWithSpecificFlavorTestJSON:test_verify_created_server_ephemeral_disk): 200 GET http://10.180.1.21/compute/v2.1/servers/ad71bb4b-829d-4297-857f-249e4c499623 0.049s
2025-05-16 20:34:52.262 69114 INFO tempest.lib.common.rest_client [req-0b0d4955-1f1d-4f9a-ad82-ff0ff7ff579b req-0b0d4955-1f1d-4f9a-ad82-ff0ff7ff579b ] Request (ServersAdminNegativeTestJSON:setUpClass): 200 GET http://10.180.1.21/compute/v2.1/servers/e060aaea-7508-46ed-8786-b5753fde75e9 0.110s
2025-05-16 20:34:52.302 69110 INFO tempest.lib.common.rest_client [req-3963a9ac-5cb9-49cd-bd9d-36b5a04826de req-3963a9ac-5cb9-49cd-bd9d-36b5a04826de ] Request (ServersListShow296Test:test_list_show_update_rebuild_server_296): 200 GET http://10.180.1.21/compute/v2.1/servers/c59a14e2-3655-4177-961a-34552be1ccb1 0.094s
2025-05-16 20:34:52.306 69132 INFO tempest.lib.common.rest_client [req-b9b195db-6fed-47c2-8e7d-10b80b8f32b4 req-b9b195db-6fed-47c2-8e7d-10b80b8f32b4 ] Request (ListServersNegativeTestJSON:setUpClass): 200 GET http://10.180.1.21/compute/v2.1/servers/6a79f513-a8f0-4ceb-b4fd-466474dd67c8 0.059s
2025-05-16 20:34:52.346 69134 INFO tempest.lib.common.rest_client [req-64f29ca8-1cdf-40b5-b82e-4aec50a3595f req-64f29ca8-1cdf-40b5-b82e-4aec50a3595f ] Request (FloatingIPsAssociationNegativeTestJSON:setUpClass): 200 GET http://10.180.1.21/compute/v2.1/servers/9778caa6-4d64-483e-9b72-e82c9977f9ce 0.093s
2025-05-16 20:34:52.353 69106 INFO tempest.lib.common.rest_client [req-7f54b0a0-ffbe-4b59-af1c-cb977806f77f req-7f54b0a0-ffbe-4b59-af1c-cb977806f77f ] Request (DeleteServersTestJSON:test_delete_active_server): 200 GET http://10.180.1.21/compute/v2.1/servers/10442eb5-8f1a-4b4c-9aab-78605de8dfea 0.052s
2025-05-16 20:34:52.395 69102 INFO tempest.lib.common.rest_client [req-ce2d2959-fa3d-46d3-ae43-4033bf68274d req-ce2d2959-fa3d-46d3-ae43-4033bf68274d ] Request (ServerAddressesTestJSON:setUpClass): 200 GET http://10.180.1.21/compute/v2.1/servers/0d4e5325-aa25-4766-a490-9719b3f354c7 0.049s
2025-05-16 20:34:52.476 69090 INFO tempest.lib.common.rest_client [req-3b0c9b2d-e7ad-405d-b6be-d7a3614ff925 req-3b0c9b2d-e7ad-405d-b6be-d7a3614ff925 ] Request (InstanceActionsNegativeTestJSON:setUpClass): 200 GET http://10.180.1.21/compute/v2.1/servers/620ef3f6-0444-474d-8179-3dc0143f2e99 0.096s
2025-05-16 20:34:52.575 69108 INFO tempest.lib.common.rest_client [req-1f843464-b697-4bc7-9aaf-db7916fb3b6d req-1f843464-b697-4bc7-9aaf-db7916fb3b6d ] Request (ServerExternalEventsTest:test_create_server_external_events): 200 GET http://10.180.1.21/compute/v2.1/servers/89f660c8-6efd-4789-90ee-67e42abc1db7 0.049s
2025-05-16 20:34:52.613 69116 INFO tempest.lib.common.rest_client [req-98ad9320-867d-4126-8b54-1a830e6e623c req-98ad9320-867d-4126-8b54-1a830e6e623c ] Request (ServerRescueTestJSON:setUpClass): 200 GET http://10.180.1.21/compute/v2.1/servers/cdb141da-a05c-4891-a33d-6e12eafe4f22 0.133s
2025-05-16 20:34:52.621 69118 INFO tempest.lib.common.rest_client [req-668d8df3-87a5-42f9-ac65-c0bc7abab675 req-668d8df3-87a5-42f9-ac65-c0bc7abab675 ] Request (ServersTestBootFromVolume:setUpClass): 200 GET http://10.180.1.21/compute/v2.1/servers/95cffda2-8119-4401-ac53-9d7042ef7180 0.054s
2025-05-16 20:34:52.658 69126 INFO tempest.lib.common.rest_client [req-8eecb497-9441-466e-afcb-8d424be7b6a3 req-8eecb497-9441-466e-afcb-8d424be7b6a3 ] Request (ServerMetadataNegativeTestJSON:setUpClass): 200 GET http://10.180.1.21/compute/v2.1/servers/9923a3c7-f090-4a01-8c57-36c8c22c6b14 0.082s
2025-05-16 20:34:52.670 69112 INFO tempest.lib.common.rest_client [req-b3fa5c75-0250-4e5c-9988-dfcde3d54b9c req-b3fa5c75-0250-4e5c-9988-dfcde3d54b9c ] Request (ServerDiagnosticsV248Test:test_get_server_diagnostics): 200 GET http://10.180.1.21/compute/v2.1/servers/90d9df19-2d93-4543-a650-4a624f505d5d 0.056s
2025-05-16 20:34:52.709 69141 INFO tempest.lib.common.rest_client [req-1a5d3461-6789-4189-ad08-9004ba7ea711 req-1a5d3461-6789-4189-ad08-9004ba7ea711 ] Request (AttachInterfacesV270Test:test_create_get_list_interfaces): 200 GET http://10.180.1.21/compute/v2.1/servers/8f9bdc2e-bc45-46f8-a1dd-b98046bddc2c 0.083s
2025-05-16 20:34:52.719 69136 INFO tempest.lib.common.rest_client [req-f9751959-bd11-4215-a1f0-bba7371905b6 req-f9751959-bd11-4215-a1f0-bba7371905b6 ] Request (AttachInterfacesTestJSON:test_create_list_show_delete_interfaces_by_fixed_ip): 200 GET http://10.180.1.21/compute/v2.1/servers/2afc987a-45cc-484e-a6f0-a0118e2e73eb 0.048s
2025-05-16 20:34:52.770 69104 INFO tempest.lib.common.rest_client [req-a10efc3a-1b1e-4fd5-9056-9398e1660957 req-a10efc3a-1b1e-4fd5-9056-9398e1660957 ] Request (ServerShowV257Test:test_rebuild_server): 200 GET http://10.180.1.21/compute/v2.1/servers/0913eee8-aa9a-4e1b-8aec-48d8a9197530 0.049s
2025-05-16 20:34:52.801 69142 INFO tempest.lib.common.rest_client [req-71d9930d-4a43-43ac-8f67-662e15441ecb req-71d9930d-4a43-43ac-8f67-662e15441ecb ] Request (ImagesOneServerTestJSON:setUpClass): 200 GET http://10.180.1.21/compute/v2.1/servers/3bf7d713-8315-48d9-85dd-4ff09c9c7782 0.095s
2025-05-16 20:34:52.816 69096 INFO tempest.lib.common.rest_client [req-cca8a3af-8fc7-4c11-828a-41bb547b959a req-cca8a3af-8fc7-4c11-828a-41bb547b959a ] Request (ServerGroupTestJSON:test_create_server_with_scheduler_hint_group): 200 GET http://10.180.1.21/compute/v2.1/servers/1752a71d-8cc7-4f88-b097-53094df226e9 0.047s
2025-05-16 20:34:52.935 69130 INFO tempest.lib.common.rest_client [req-725925a8-a0a2-4492-a6ff-22806d66820f req-725925a8-a0a2-4492-a6ff-22806d66820f ] Request (ImagesTestJSON:test_create_image_from_stopped_server): 200 GET http://10.180.1.21/compute/v2.1/servers/4995301f-e3c3-4032-adf0-7cffa3497d3e 0.093s
2025-05-16 20:34:52.996 69138 INFO tempest.lib.common.rest_client [req-b5dadd3b-1fad-4dc8-8222-481554883553 req-b5dadd3b-1fad-4dc8-8222-481554883553 ] Request (MigrationsAdminTest:test_list_migrations_in_flavor_resize_situation): 200 GET http://10.180.1.21/compute/v2.1/servers/82cf03c6-4fbf-4fc3-ba6b-ecb2df73efd7 0.093s
2025-05-16 20:34:53.044 69094 INFO tempest.lib.common.rest_client [req-b6ec3f46-b8e4-480c-ab3f-026d9629cb83 req-b6ec3f46-b8e4-480c-ab3f-026d9629cb83 ] Request (ServersTestFqdnHostnames:test_create_server_with_fqdn_name): 200 GET http://10.180.1.21/compute/v2.1/servers/e1925875-04db-4b88-ad54-d33ff804d365 0.094s
2025-05-16 20:34:53.064 69086 INFO tempest.lib.common.rest_client [req-d75ef5c0-59a7-43f3-9bfa-35ada858dd06 req-d75ef5c0-59a7-43f3-9bfa-35ada858dd06 ] Request (ServerDiagnosticsNegativeTest:test_get_server_diagnostics_by_non_admin): 200 GET http://10.180.1.21/compute/v2.1/servers/748df295-743b-41be-b873-523b688f2c78 0.131s
2025-05-16 20:34:53.092 69092 INFO tempest.lib.common.rest_client [req-5b1b2b0e-fe08-49f7-8cfa-7c97c62da86b req-5b1b2b0e-fe08-49f7-8cfa-7c97c62da86b ] Request (ListImageFiltersTestJSON:setUpClass): 200 GET http://10.180.1.21/compute/v2.1/servers/ceb21573-1cb0-4af6-9897-f164997b4b5f 0.095s
2025-05-16 20:34:53.110 69124 INFO tempest.lib.common.rest_client [req-e373dbc3-c17e-4966-bba0-2f55e689bd97 req-e373dbc3-c17e-4966-bba0-2f55e689bd97 ] Request (SecurityGroupsTestJSON:test_list_security_groups_by_server): 200 GET http://10.180.1.21/compute/v2.1/servers/6cf752ef-a49e-477f-8297-59621e69e712 0.070s
2025-05-16 20:34:53.154 69082 INFO tempest.lib.common.rest_client [req-ddb5bf02-f944-4ec9-b5cd-7f8c6f063708 req-ddb5bf02-f944-4ec9-b5cd-7f8c6f063708 ] Request (ServerRescueNegativeTestJSON:setUpClass): 200 GET http://10.180.1.21/compute/v2.1/servers/092cc50b-edcc-4d9b-a981-a06e2eaaf321 0.068s
2025-05-16 20:34:53.202 69100 INFO tempest.lib.common.rest_client [req-b4c92ee5-2bda-43d0-a62a-5f783bac69ca req-b4c92ee5-2bda-43d0-a62a-5f783bac69ca ] Request (DeleteServersAdminTestJSON:test_delete_server_while_in_error_state): 200 GET http://10.180.1.21/compute/v2.1/servers/fdb3f766-6f31-45e0-9d09-f3b2b61cdb8a 0.086s
2025-05-16 20:34:53.231 69128 INFO tempest.lib.common.rest_client [req-6a7a9b56-34be-44ab-9ed0-e81c83cd3447 req-6a7a9b56-34be-44ab-9ed0-e81c83cd3447 ] Request (ServerActionsTestOtherB:setUpClass): 200 GET http://10.180.1.21/compute/v2.1/servers/c1606420-0fd3-4bd3-a8fa-91772c11f9bf 0.171s
2025-05-16 20:34:53.247 69098 INFO tempest.lib.common.rest_client [req-84ea3e0c-1335-49d2-b278-226f0bd71cf7 req-84ea3e0c-1335-49d2-b278-226f0bd71cf7 ] Request (ServersTestMultiNic:test_verify_duplicate_network_nics): 200 GET http://10.180.1.21/compute/v2.1/servers/2fc5f330-2a23-4a67-a49c-c4985928417b 0.086s
2025-05-16 20:34:53.292 69120 INFO tempest.lib.common.rest_client [req-bab3aad8-aae7-47e1-8ecf-269be5e7644e req-bab3aad8-aae7-47e1-8ecf-269be5e7644e ] Request (VolumesAssistedSnapshotsTest:test_volume_assisted_snapshot_create_delete): 200 GET http://10.180.1.21/compute/v2.1/servers/9d533b44-6afa-4c5b-a0a6-90ff442f7771 0.081s
2025-05-16 20:34:53.325 69088 INFO tempest.lib.common.rest_client [req-0b7fefe6-e4b6-4572-9326-fa99a617c43d req-0b7fefe6-e4b6-4572-9326-fa99a617c43d ] Request (TenantUsagesTestJSON:setUpClass): 200 GET http://10.180.1.21/compute/v2.1/servers/1ecf18e5-a4a1-4efb-b54a-964b064b51e5 0.146s
2025-05-16 20:34:53.337 69144 INFO tempest.lib.common.rest_client [req-539d31c1-5990-4a75-858d-e8f391fb8548 req-539d31c1-5990-4a75-858d-e8f391fb8548 ] Request (ServersWithSpecificFlavorTestJSON:test_verify_created_server_ephemeral_disk): 200 GET http://10.180.1.21/compute/v2.1/servers/ad71bb4b-829d-4297-857f-249e4c499623 0.081s
2025-05-16 20:34:53.396 69110 INFO tempest.lib.common.rest_client [req-d8097eb9-7e4d-4624-83ae-d55d8be491b2 req-d8097eb9-7e4d-4624-83ae-d55d8be491b2 ] Request (ServersListShow296Test:test_list_show_update_rebuild_server_296): 200 GET http://10.180.1.21/compute/v2.1/servers/c59a14e2-3655-4177-961a-34552be1ccb1 0.085s
2025-05-16 20:34:53.419 69114 INFO tempest.lib.common.rest_client [req-adea660b-d88b-4464-b337-4e81b5310d34 req-adea660b-d88b-4464-b337-4e81b5310d34 ] Request (ServersAdminNegativeTestJSON:setUpClass): 200 GET http://10.180.1.21/compute/v2.1/servers/e060aaea-7508-46ed-8786-b5753fde75e9 0.149s
2025-05-16 20:34:53.440 69132 INFO tempest.lib.common.rest_client [req-b150e1bb-d93c-4c86-a654-50386af0ffef req-b150e1bb-d93c-4c86-a654-50386af0ffef ] Request (ListServersNegativeTestJSON:setUpClass): 200 GET http://10.180.1.21/compute/v2.1/servers/6a79f513-a8f0-4ceb-b4fd-466474dd67c8 0.126s
2025-05-16 20:34:53.464 69134 INFO tempest.lib.common.rest_client [req-cb6c5d35-3e43-48e3-9fb5-1688e439fe1f req-cb6c5d35-3e43-48e3-9fb5-1688e439fe1f ] Request (FloatingIPsAssociationNegativeTestJSON:setUpClass): 200 GET http://10.180.1.21/compute/v2.1/servers/9778caa6-4d64-483e-9b72-e82c9977f9ce 0.109s
2025-05-16 20:34:53.486 69106 INFO tempest.lib.common.rest_client [req-053a0010-2874-48e7-91f5-9cf380af081b req-053a0010-2874-48e7-91f5-9cf380af081b ] Request (DeleteServersTestJSON:test_delete_active_server): 200 GET http://10.180.1.21/compute/v2.1/servers/10442eb5-8f1a-4b4c-9aab-78605de8dfea 0.124s
2025-05-16 20:34:53.508 69102 INFO tempest.lib.common.rest_client [req-dfee32df-9c90-43bc-8dbd-a869e9d35e40 req-dfee32df-9c90-43bc-8dbd-a869e9d35e40 ] Request (ServerAddressesTestJSON:setUpClass): 200 GET http://10.180.1.21/compute/v2.1/servers/0d4e5325-aa25-4766-a490-9719b3f354c7 0.105s
2025-05-16 20:34:53.616 69090 INFO tempest.lib.common.rest_client [req-225a4552-a7df-49f4-9bdc-4012407dea3f req-225a4552-a7df-49f4-9bdc-4012407dea3f ] Request (InstanceActionsNegativeTestJSON:setUpClass): 200 GET http://10.180.1.21/compute/v2.1/servers/620ef3f6-0444-474d-8179-3dc0143f2e99 0.132s
2025-05-16 20:34:53.634 69108 INFO tempest.lib.common.rest_client [req-81dc1426-2876-4eca-b82f-93e6b14dfb5c req-81dc1426-2876-4eca-b82f-93e6b14dfb5c ] Request (ServerExternalEventsTest:test_create_server_external_events): 200 GET http://10.180.1.21/compute/v2.1/servers/89f660c8-6efd-4789-90ee-67e42abc1db7 0.051s
2025-05-16 20:34:53.678 69118 INFO tempest.lib.common.rest_client [req-5e656571-cfc7-454c-ba23-9794f6cacc4a req-5e656571-cfc7-454c-ba23-9794f6cacc4a ] Request (ServersTestBootFromVolume:setUpClass): 200 GET http://10.180.1.21/compute/v2.1/servers/95cffda2-8119-4401-ac53-9d7042ef7180 0.049s
2025-05-16 20:34:53.713 69116 INFO tempest.lib.common.rest_client [req-ca35ffc9-52ec-4b16-acb5-da4a6bda802d req-ca35ffc9-52ec-4b16-acb5-da4a6bda802d ] Request (ServerRescueTestJSON:setUpClass): 200 GET http://10.180.1.21/compute/v2.1/servers/cdb141da-a05c-4891-a33d-6e12eafe4f22 0.092s
2025-05-16 20:34:53.727 69126 INFO tempest.lib.common.rest_client [req-56e0bf59-7a3d-4861-ba6e-b3d75570fe96 req-56e0bf59-7a3d-4861-ba6e-b3d75570fe96 ] Request (ServerMetadataNegativeTestJSON:setUpClass): 200 GET http://10.180.1.21/compute/v2.1/servers/9923a3c7-f090-4a01-8c57-36c8c22c6b14 0.058s
2025-05-16 20:34:53.765 69112 INFO tempest.lib.common.rest_client [req-6426ea15-f673-4307-a456-024b0a14dbad req-6426ea15-f673-4307-a456-024b0a14dbad ] Request (ServerDiagnosticsV248Test:test_get_server_diagnostics): 200 GET http://10.180.1.21/compute/v2.1/servers/90d9df19-2d93-4543-a650-4a624f505d5d 0.087s
2025-05-16 20:34:53.775 69141 INFO tempest.lib.common.rest_client [req-0c5dd0ef-dd6f-46b0-aa38-1dc9263d95a1 req-0c5dd0ef-dd6f-46b0-aa38-1dc9263d95a1 ] Request (AttachInterfacesV270Test:test_create_get_list_interfaces): 200 GET http://10.180.1.21/compute/v2.1/servers/8f9bdc2e-bc45-46f8-a1dd-b98046bddc2c 0.056s
2025-05-16 20:34:53.811 69136 INFO tempest.lib.common.rest_client [req-f0d34da9-dda7-4f2a-9391-2e65415a2245 req-f0d34da9-dda7-4f2a-9391-2e65415a2245 ] Request (AttachInterfacesTestJSON:test_create_list_show_delete_interfaces_by_fixed_ip): 200 GET http://10.180.1.21/compute/v2.1/servers/2afc987a-45cc-484e-a6f0-a0118e2e73eb 0.084s
