2025-05-19 19:42:53.467 69642 INFO tempest.lib.common.dynamic_creds [-] Acquired dynamic creds: credentials: Credentials: {'domain_id': 'default', 'domain_name': 'Default', 'username': 'tempest-ServerAddressesNegativeTestJSON-462869979-project-member', 'project_domain_id': 'default', 'project_domain_name': 'Default', 'project_id': 'b445c7aab70349ad8c6ca047d913c56c', 'project_name': 'tempest-ServerAddressesNegativeTestJSON-462869979', 'tenant_id': 'b445c7aab70349ad8c6ca047d913c56c', 'tenant_name': 'tempest-ServerAddressesNegativeTestJSON-462869979', 'user_domain_id': 'default', 'user_domain_name': 'Default', 'user_id': '03d42f1326704de981022db337e6501c', 'system': None}, Network: None, Subnet: None, Router: None
2025-05-19 19:42:53.530 69639 INFO tempest.lib.common.rest_client [req-b1411fa7-1fda-4733-8f35-ca2ef6780cf5 req-b1411fa7-1fda-4733-8f35-ca2ef6780cf5 ] Request (FloatingIPsNegativeTestJSON:setUpClass): 201 POST http://10.180.1.21/identity/v3/users 0.152s
2025-05-19 19:42:53.556 69619 INFO tempest.lib.common.rest_client [req-698b7ddd-f2d5-4c4c-ba25-e80092c4d8d4 req-698b7ddd-f2d5-4c4c-ba25-e80092c4d8d4 ] Request (ServicesAdminNegativeV253TestJSON:setUpClass): 201 POST http://10.180.1.21/identity/v3/users 0.173s
2025-05-19 19:42:53.573 69647 INFO tempest.lib.common.rest_client [req-f1d0b271-6be1-48c5-af23-a47a921a265b req-f1d0b271-6be1-48c5-af23-a47a921a265b ] Request (FloatingIPsAssociationNegativeTestJSON:setUpClass): 201 POST http://10.180.1.21:9696/networking/v2.0/networks 0.795s
2025-05-19 19:42:53.585 69643 INFO tempest.lib.common.rest_client [req-f45d785d-66a7-46de-8dfa-c4b1a093dcd8 req-f45d785d-66a7-46de-8dfa-c4b1a093dcd8 ] Request (InstanceActionsNegativeTestJSON:setUpClass): 200 GET http://10.180.1.21/identity/v3/domains?name=Default 0.146s
2025-05-19 19:42:53.589 69642 INFO tempest.lib.common.rest_client [req-cfea968e-4ae5-4250-be86-7683f32e67c9 req-cfea968e-4ae5-4250-be86-7683f32e67c9 ] Request (ServerAddressesNegativeTestJSON:setUpClass): 201 POST http://10.180.1.21/identity/v3/auth/tokens 0.121s
2025-05-19 19:42:53.602 69639 INFO tempest.lib.common.rest_client [req-efb11491-fb71-47d5-a66f-526383a86f54 req-efb11491-fb71-47d5-a66f-526383a86f54 ] Request (FloatingIPsNegativeTestJSON:setUpClass): 200 GET http://10.180.1.21/identity/v3/roles 0.071s
2025-05-19 19:42:53.610 69619 INFO tempest.lib.common.rest_client [req-76445307-7106-47a5-8932-c8ad3231855b req-76445307-7106-47a5-8932-c8ad3231855b ] Request (ServicesAdminNegativeV253TestJSON:setUpClass): 200 GET http://10.180.1.21/identity/v3/roles 0.052s
2025-05-19 19:42:53.631 69651 INFO tempest.lib.common.rest_client [req-7316bd1b-7e09-45d4-a792-3d9f2612d09c req-7316bd1b-7e09-45d4-a792-3d9f2612d09c ] Request (AZAdminNegativeTestJSON:tearDownClass): 204 DELETE http://10.180.1.21:9696/networking/v2.0/security-groups/7dc0a2d2-6138-46a9-b947-8b5063cb88a6 0.293s
2025-05-19 19:42:53.632 69643 INFO tempest.lib.common.rest_client [req-d0ebf1f1-e320-45fb-8fca-1816d6226d9c req-d0ebf1f1-e320-45fb-8fca-1816d6226d9c ] Request (InstanceActionsNegativeTestJSON:setUpClass): 201 POST http://10.180.1.21/identity/v3/projects 0.045s
2025-05-19 19:42:53.636 69639 INFO tempest.lib.common.rest_client [req-18002076-2a5f-4636-966d-30a3146d7a3c req-18002076-2a5f-4636-966d-30a3146d7a3c ] Request (FloatingIPsNegativeTestJSON:setUpClass): 204 PUT http://10.180.1.21/identity/v3/projects/148708917dab426a901452c0d48e5da3/users/d73f2865c234423a8565b95eb69daa16/roles/90d12add8f714bf8b246aba4e01e6ca7 0.033s
2025-05-19 19:42:53.636 69639 INFO tempest.lib.common.dynamic_creds [-] Dynamic test user d73f2865c234423a8565b95eb69daa16 is created with scope project and roles: ['member']
2025-05-19 19:42:53.637 69639 INFO tempest.lib.common.dynamic_creds [-] Acquired dynamic creds: credentials: Credentials: {'domain_id': 'default', 'domain_name': 'Default', 'username': 'tempest-FloatingIPsNegativeTestJSON-301414984-project-member', 'project_domain_id': 'default', 'project_domain_name': 'Default', 'project_id': '148708917dab426a901452c0d48e5da3', 'project_name': 'tempest-FloatingIPsNegativeTestJSON-301414984', 'tenant_id': '148708917dab426a901452c0d48e5da3', 'tenant_name': 'tempest-FloatingIPsNegativeTestJSON-301414984', 'user_domain_id': 'default', 'user_domain_name': 'Default', 'user_id': 'd73f2865c234423a8565b95eb69daa16', 'system': None}, Network: None, Subnet: None, Router: None
2025-05-19 19:42:53.697 69619 INFO tempest.lib.common.rest_client [req-9dfee053-825b-4074-a40d-9b58046c4b0e req-9dfee053-825b-4074-a40d-9b58046c4b0e ] Request (ServicesAdminNegativeV253TestJSON:setUpClass): 204 PUT http://10.180.1.21/identity/v3/projects/f6ab0777a24a4f47ba331c271b103fb3/users/446a0b3b00a94ad49c215e510f233da3/roles/90d12add8f714bf8b246aba4e01e6ca7 0.086s
2025-05-19 19:42:53.697 69619 INFO tempest.lib.common.dynamic_creds [-] Dynamic test user 446a0b3b00a94ad49c215e510f233da3 is created with scope project and roles: ['member']
2025-05-19 19:42:53.698 69619 INFO tempest.lib.common.dynamic_creds [-] Acquired dynamic creds: credentials: Credentials: {'domain_id': 'default', 'domain_name': 'Default', 'username': 'tempest-ServicesAdminNegativeV253TestJSON-224776831-project-member', 'project_domain_id': 'default', 'project_domain_name': 'Default', 'project_id': 'f6ab0777a24a4f47ba331c271b103fb3', 'project_name': 'tempest-ServicesAdminNegativeV253TestJSON-224776831', 'tenant_id': 'f6ab0777a24a4f47ba331c271b103fb3', 'tenant_name': 'tempest-ServicesAdminNegativeV253TestJSON-224776831', 'user_domain_id': 'default', 'user_domain_name': 'Default', 'user_id': '446a0b3b00a94ad49c215e510f233da3', 'system': None}, Network: None, Subnet: None, Router: None
2025-05-19 19:42:53.698 69619 INFO tempest.lib.common.dynamic_creds [-] Created isolated network resources for: credentials: Credentials: {'domain_id': 'default', 'domain_name': 'Default', 'username': 'tempest-ServicesAdminNegativeV253TestJSON-224776831-project-member', 'project_domain_id': 'default', 'project_domain_name': 'Default', 'project_id': 'f6ab0777a24a4f47ba331c271b103fb3', 'project_name': 'tempest-ServicesAdminNegativeV253TestJSON-224776831', 'tenant_id': 'f6ab0777a24a4f47ba331c271b103fb3', 'tenant_name': 'tempest-ServicesAdminNegativeV253TestJSON-224776831', 'user_domain_id': 'default', 'user_domain_name': 'Default', 'user_id': '446a0b3b00a94ad49c215e510f233da3', 'system': None}, Network: None, Subnet: None, Router: None
2025-05-19 19:42:53.705 69623 INFO tempest.lib.common.rest_client [req-425a07ac-bf34-4f3a-816d-b375e783ef20 req-425a07ac-bf34-4f3a-816d-b375e783ef20 ] Request (FloatingIPsAssociationTestJSON:setUpClass): 202 POST http://10.180.1.21/compute/v2.1/servers 3.354s
2025-05-19 19:42:53.772 69649 INFO tempest.lib.common.rest_client [req-c163f7d9-5504-4f5e-9017-b1673f6fd63a req-c163f7d9-5504-4f5e-9017-b1673f6fd63a ] Request (VolumesAssistedSnapshotsTest:setUpClass): 201 POST http://10.180.1.21:9696/networking/v2.0/routers 1.311s
2025-05-19 19:42:53.787 69621 INFO tempest.lib.common.rest_client [req-63283f36-a7ff-4ff3-9ea4-668d609b14b3 req-63283f36-a7ff-4ff3-9ea4-668d609b14b3 ] Request (MigrationsAdminTest:test_resize_server_revert_deleted_flavor): 200 GET http://10.180.1.21/compute/v2.1/servers/f50bebbd-981e-4bb3-a2bf-77cbc50585b8 3.121s
2025-05-19 19:42:53.796 69621 INFO tempest.common.waiters [-] State transition "BUILD/scheduling" ==> "ERROR/None" after 4 second wait
2025-05-19 19:42:53.799 69645 INFO tempest.lib.common.rest_client [req-a1db1b14-1adb-4463-bddc-e514d6f5ed30 req-a1db1b14-1adb-4463-bddc-e514d6f5ed30 ] Request (HypervisorAdminNegativeTestJSON:test_get_hypervisor_uptime_with_non_admin_user): 403 GET http://10.180.1.21/compute/v2.1/os-hypervisors/1/uptime 3.123s
2025-05-19 19:42:53.821 69643 INFO tempest.lib.common.rest_client [req-d6beb481-cc5a-4ce5-9159-32cb04327458 req-d6beb481-cc5a-4ce5-9159-32cb04327458 ] Request (InstanceActionsNegativeTestJSON:setUpClass): 201 POST http://10.180.1.21/identity/v3/users 0.188s
2025-05-19 19:42:53.829 69627 INFO tempest.lib.common.rest_client [req-39473364-3765-4d0a-a9c5-92e8b679d59b req-39473364-3765-4d0a-a9c5-92e8b679d59b ] Request (ServerDiagnosticsV248Test:test_get_server_diagnostics): 202 POST http://10.180.1.21/compute/v2.1/servers 3.247s
2025-05-19 19:42:53.840 69651 INFO tempest.lib.common.rest_client [req-ab303d85-3464-419e-86f8-dd22cb54795e req-ab303d85-3464-419e-86f8-dd22cb54795e ] Request (AZAdminNegativeTestJSON:tearDownClass): 204 DELETE http://10.180.1.21/identity/v3/projects/85671ce19d40479199c4c809a8d13408 0.209s
2025-05-19 19:42:53.841 69651 INFO tempest.test [-] raised in LiveMigrationTest.setUpClass. Invoking tearDownClass.
2025-05-19 19:42:53.899 69639 INFO tempest.lib.common.rest_client [req-a2003a60-1111-43d4-a661-455ade05dc2d req-a2003a60-1111-43d4-a661-455ade05dc2d ] Request (FloatingIPsNegativeTestJSON:setUpClass): 201 POST http://10.180.1.21/identity/v3/auth/tokens 0.262s
2025-05-19 19:42:53.921 69619 INFO tempest.lib.common.rest_client [req-715397c8-2a45-4e0b-82fb-d5cbc82a670f req-715397c8-2a45-4e0b-82fb-d5cbc82a670f ] Request (ServicesAdminNegativeV253TestJSON:setUpClass): 201 POST http://10.180.1.21/identity/v3/auth/tokens 0.219s
2025-05-19 19:42:53.945 69643 INFO tempest.lib.common.rest_client [req-2751659c-b9fd-46d1-a4cc-2be249a9ea3e req-2751659c-b9fd-46d1-a4cc-2be249a9ea3e ] Request (InstanceActionsNegativeTestJSON:setUpClass): 200 GET http://10.180.1.21/identity/v3/roles 0.124s
2025-05-19 19:42:54.029 69651 INFO tempest.lib.common.rest_client [req-145349d2-9436-435a-abc2-abf9688db357 req-145349d2-9436-435a-abc2-abf9688db357 ] Request (ListImagesTestJSON:setUpClass): 201 POST http://10.180.1.21/identity/v3/auth/tokens 0.183s
2025-05-19 19:42:54.082 69643 INFO tempest.lib.common.rest_client [req-70eb9dc6-f8ae-42a0-a22a-47e8cd857907 req-70eb9dc6-f8ae-42a0-a22a-47e8cd857907 ] Request (InstanceActionsNegativeTestJSON:setUpClass): 204 PUT http://10.180.1.21/identity/v3/projects/b352b29ee0b545af91befe956fd9f1d7/users/4381219c51be49f880e49c602c2c5e37/roles/90d12add8f714bf8b246aba4e01e6ca7 0.136s
2025-05-19 19:42:54.082 69643 INFO tempest.lib.common.dynamic_creds [-] Dynamic test user 4381219c51be49f880e49c602c2c5e37 is created with scope project and roles: ['member']
2025-05-19 19:42:54.083 69643 INFO tempest.lib.common.dynamic_creds [-] Acquired dynamic creds: credentials: Credentials: {'domain_id': 'default', 'domain_name': 'Default', 'username': 'tempest-InstanceActionsNegativeTestJSON-540924215-project-member', 'project_domain_id': 'default', 'project_domain_name': 'Default', 'project_id': 'b352b29ee0b545af91befe956fd9f1d7', 'project_name': 'tempest-InstanceActionsNegativeTestJSON-540924215', 'tenant_id': 'b352b29ee0b545af91befe956fd9f1d7', 'tenant_name': 'tempest-InstanceActionsNegativeTestJSON-540924215', 'user_domain_id': 'default', 'user_domain_name': 'Default', 'user_id': '4381219c51be49f880e49c602c2c5e37', 'system': None}, Network: None, Subnet: None, Router: None
2025-05-19 19:42:54.086 69619 INFO tempest.lib.common.rest_client [req-2c738bd6-fd45-4308-9880-22cf3d64479a req-2c738bd6-fd45-4308-9880-22cf3d64479a ] Request (ServicesAdminNegativeV253TestJSON:setUpClass): 201 POST http://10.180.1.21/identity/v3/projects 0.164s
2025-05-19 19:42:54.109 69647 INFO tempest.lib.common.rest_client [req-f6431093-8431-4e6a-9f5c-6eb262d66bdf req-f6431093-8431-4e6a-9f5c-6eb262d66bdf ] Request (FloatingIPsAssociationNegativeTestJSON:setUpClass): 201 POST http://10.180.1.21:9696/networking/v2.0/subnets 0.535s
2025-05-19 19:42:54.150 69643 INFO tempest.lib.common.rest_client [req-d4df1f77-e18b-49ba-8e40-5123749abce1 req-d4df1f77-e18b-49ba-8e40-5123749abce1 ] Request (InstanceActionsNegativeTestJSON:setUpClass): 201 POST http://10.180.1.21/identity/v3/auth/tokens 0.067s
2025-05-19 19:42:54.169 69667 INFO tempest.lib.common.rest_client [req-43867c77-6d51-46af-95aa-8e5c1f721ab8 req-43867c77-6d51-46af-95aa-8e5c1f721ab8 ] Request (ServersAdmin275Test:test_rebuild_update_server_275): 202 POST http://10.180.1.21/compute/v2.1/servers 3.186s
2025-05-19 19:42:54.191 69619 INFO tempest.lib.common.rest_client [req-70aaf925-4337-430f-a74b-672e8bd597d7 req-70aaf925-4337-430f-a74b-672e8bd597d7 ] Request (ServicesAdminNegativeV253TestJSON:setUpClass): 201 POST http://10.180.1.21/identity/v3/users 0.104s
2025-05-19 19:42:54.194 69651 INFO tempest.lib.common.rest_client [req-dda07685-80d6-4bea-87ca-894196a79dd5 req-dda07685-80d6-4bea-87ca-894196a79dd5 ] Request (ListImagesTestJSON:setUpClass): 201 POST http://10.180.1.21/identity/v3/auth/tokens 0.155s
2025-05-19 19:42:54.200 69655 INFO tempest.lib.common.rest_client [req-817a63f8-49bb-421a-b69b-cf103448bcb0 req-817a63f8-49bb-421a-b69b-cf103448bcb0 ] Request (HostsAdminTestJSON:test_list_hosts_with_a_blank_zone): 200 GET http://10.180.1.21/compute/v2.1/os-hosts?zone= 3.083s
2025-05-19 19:42:54.231 69619 INFO tempest.lib.common.rest_client [req-4978ef0e-3f95-4604-8f81-9c4f99d71cac req-4978ef0e-3f95-4604-8f81-9c4f99d71cac ] Request (ServicesAdminNegativeV253TestJSON:setUpClass): 200 GET http://10.180.1.21/identity/v3/roles 0.039s
2025-05-19 19:42:54.241 69651 INFO tempest.lib.common.rest_client [req-dc8394a6-7c10-4a92-bd65-9afb543ae93b req-dc8394a6-7c10-4a92-bd65-9afb543ae93b ] Request (ListImagesTestJSON:setUpClass): 200 GET http://10.180.1.21/identity/v3/domains?name=Default 0.047s
2025-05-19 19:42:54.295 69619 INFO tempest.lib.common.rest_client [req-14577f67-928d-4e93-861d-c08d3b60c83d req-14577f67-928d-4e93-861d-c08d3b60c83d ] Request (ServicesAdminNegativeV253TestJSON:setUpClass): 204 PUT http://10.180.1.21/identity/v3/projects/55245da3840b4a0d853a01c56bbc5732/users/a8b6499ba2674f33b3cefe3e6b8a8f4b/roles/6ab3e519bbb84e7e9f318f20dfaac417 0.064s
2025-05-19 19:42:54.332 69642 INFO tempest.lib.common.rest_client [req-25582d19-cd43-4511-9cb6-8a41c3ac3326 req-25582d19-cd43-4511-9cb6-8a41c3ac3326 ] Request (ServerAddressesNegativeTestJSON:setUpClass): 201 POST http://10.180.1.21:9696/networking/v2.0/networks 0.743s
2025-05-19 19:42:54.377 69651 INFO tempest.lib.common.rest_client [req-c46682ef-3560-4512-9ea2-7f6c49240ab2 req-c46682ef-3560-4512-9ea2-7f6c49240ab2 ] Request (ListImagesTestJSON:setUpClass): 201 POST http://10.180.1.21/identity/v3/projects 0.136s
2025-05-19 19:42:54.424 69631 INFO tempest.lib.common.rest_client [req-83faed26-17ba-4b9f-8c90-8bbd3f93306e req-83faed26-17ba-4b9f-8c90-8bbd3f93306e ] Request (DeleteServersAdminTestJSON:test_admin_delete_servers_of_others): 202 POST http://10.180.1.21/compute/v2.1/servers 3.645s
2025-05-19 19:42:54.428 69619 INFO tempest.lib.common.rest_client [req-62d08282-2d5d-4614-9836-ab5f3b4f7029 req-62d08282-2d5d-4614-9836-ab5f3b4f7029 ] Request (ServicesAdminNegativeV253TestJSON:setUpClass): 200 GET http://10.180.1.21/identity/v3/roles 0.133s
2025-05-19 19:42:54.441 69653 INFO tempest.lib.common.rest_client [req-5c338cfc-6515-4011-989e-0bd3718278d5 req-5c338cfc-6515-4011-989e-0bd3718278d5 ] Request (ServersWithSpecificFlavorTestJSON:setUpClass): 201 POST http://10.180.1.21:9696/networking/v2.0/routers 1.588s
2025-05-19 19:42:54.464 69659 INFO tempest.lib.common.rest_client [req-9eef26e5-39b4-4d16-93e2-ad8dcc828aa5 req-9eef26e5-39b4-4d16-93e2-ad8dcc828aa5 ] Request (FlavorsAccessTestJSON:test_flavor_access_add_remove): 200 POST http://10.180.1.21/compute/v2.1/flavors/1401709496/action 3.193s
2025-05-19 19:42:54.473 69651 INFO tempest.lib.common.rest_client [req-6fbe66b7-8493-452e-957b-6d3fe39ed999 req-6fbe66b7-8493-452e-957b-6d3fe39ed999 ] Request (ListImagesTestJSON:setUpClass): 201 POST http://10.180.1.21/identity/v3/users 0.094s
2025-05-19 19:42:54.492 69637 INFO tempest.lib.common.rest_client [req-f12fb0a7-678b-4c88-b0d4-27e9e5ff293a req-f12fb0a7-678b-4c88-b0d4-27e9e5ff293a ] Request (InstanceUsageAuditLogTestJSON:test_list_instance_usage_audit_logs): 200 GET http://10.180.1.21/compute/v2.1/os-instance_usage_audit_log 2.975s
2025-05-19 19:42:54.496 69619 INFO tempest.lib.common.rest_client [req-72077c7e-4e4e-41d2-a187-6c372d6f4908 req-72077c7e-4e4e-41d2-a187-6c372d6f4908 ] Request (ServicesAdminNegativeV253TestJSON:setUpClass): 204 PUT http://10.180.1.21/identity/v3/projects/55245da3840b4a0d853a01c56bbc5732/users/a8b6499ba2674f33b3cefe3e6b8a8f4b/roles/6ab3e519bbb84e7e9f318f20dfaac417 0.064s
2025-05-19 19:42:54.497 69619 INFO tempest.lib.common.dynamic_creds [-] Dynamic test user a8b6499ba2674f33b3cefe3e6b8a8f4b is created with scope project and roles: ['admin']
2025-05-19 19:42:54.497 69619 INFO tempest.lib.common.dynamic_creds [-] Acquired dynamic creds: credentials: Credentials: {'domain_id': 'default', 'domain_name': 'Default', 'username': 'tempest-ServicesAdminNegativeV253TestJSON-140668079-project-admin', 'project_domain_id': 'default', 'project_domain_name': 'Default', 'project_id': '55245da3840b4a0d853a01c56bbc5732', 'project_name': 'tempest-ServicesAdminNegativeV253TestJSON-140668079', 'tenant_id': '55245da3840b4a0d853a01c56bbc5732', 'tenant_name': 'tempest-ServicesAdminNegativeV253TestJSON-140668079', 'user_domain_id': 'default', 'user_domain_name': 'Default', 'user_id': 'a8b6499ba2674f33b3cefe3e6b8a8f4b', 'system': None}, Network: None, Subnet: None, Router: None
2025-05-19 19:42:54.497 69619 INFO tempest.lib.common.dynamic_creds [-] Created isolated network resources for: credentials: Credentials: {'domain_id': 'default', 'domain_name': 'Default', 'username': 'tempest-ServicesAdminNegativeV253TestJSON-140668079-project-admin', 'project_domain_id': 'default', 'project_domain_name': 'Default', 'project_id': '55245da3840b4a0d853a01c56bbc5732', 'project_name': 'tempest-ServicesAdminNegativeV253TestJSON-140668079', 'tenant_id': '55245da3840b4a0d853a01c56bbc5732', 'tenant_name': 'tempest-ServicesAdminNegativeV253TestJSON-140668079', 'user_domain_id': 'default', 'user_domain_name': 'Default', 'user_id': 'a8b6499ba2674f33b3cefe3e6b8a8f4b', 'system': None}, Network: None, Subnet: None, Router: None
2025-05-19 19:42:54.522 69617 INFO tempest.lib.common.rest_client [req-c7c04883-cfe5-47f7-833d-e851ec241897 req-c7c04883-cfe5-47f7-833d-e851ec241897 ] Request (HypervisorAdminNegativeUnderV252Test:test_show_servers_with_non_admin_user): 200 GET http://10.180.1.21/compute/v2.1/os-hypervisors 2.994s
2025-05-19 19:42:54.538 69675 INFO tempest.lib.common.rest_client [req-8735615b-98fd-4f0c-9df9-f491c9b95ac6 req-8735615b-98fd-4f0c-9df9-f491c9b95ac6 ] Request (HypervisorAdminTestJSON:test_get_hypervisor_stats): 200 GET http://10.180.1.21/compute/v2.1/os-hypervisors/statistics 2.982s
2025-05-19 19:42:54.558 69625 INFO tempest.lib.common.rest_client [req-c7deb1c5-0118-4aa4-8934-895c15d01ac6 req-c7deb1c5-0118-4aa4-8934-895c15d01ac6 ] Request (FlavorsAdminTestJSON:test_create_flavor_with_none_id): 200 POST http://10.180.1.21/compute/v2.1/flavors 2.975s
2025-05-19 19:42:54.561 69651 INFO tempest.lib.common.rest_client [req-c90a3b90-af4d-4a63-a857-61171e0b31c9 req-c90a3b90-af4d-4a63-a857-61171e0b31c9 ] Request (ListImagesTestJSON:setUpClass): 200 GET http://10.180.1.21/identity/v3/roles 0.087s
2025-05-19 19:42:54.580 69673 INFO tempest.lib.common.rest_client [req-835826fc-af5a-4be0-a292-1efc7cd66bb4 req-835826fc-af5a-4be0-a292-1efc7cd66bb4 ] Request (KeyPairsV22TestJSON:test_get_keypair_detail): 201 POST http://10.180.1.21/compute/v2.1/os-keypairs 3.194s
2025-05-19 19:42:54.594 69663 INFO tempest.lib.common.rest_client [req-cd135fb5-f552-4d64-a924-c8390f41fbf2 req-cd135fb5-f552-4d64-a924-c8390f41fbf2 ] Request (KeyPairsV210TestJSON:test_admin_manage_keypairs_for_other_users): 201 POST http://10.180.1.21/compute/v2.1/os-keypairs 2.852s
2025-05-19 19:42:54.604 69665 INFO tempest.lib.common.rest_client [req-c1f80f5e-bda0-4540-9285-b0c0146cbe34 req-c1f80f5e-bda0-4540-9285-b0c0146cbe34 ] Request (FlavorsV2TestJSON:test_list_flavors_using_marker): 200 GET http://10.180.1.21/compute/v2.1/flavors?marker=42 2.846s
2025-05-19 19:42:54.617 69669 INFO tempest.lib.common.rest_client [req-5065686a-bca6-4818-8ca0-6e58c783e41d req-5065686a-bca6-4818-8ca0-6e58c783e41d ] Request (TenantUsagesNegativeTestJSON:test_get_usage_tenant_with_invalid_date): 400 GET http://10.180.1.21/compute/v2.1/os-simple-tenant-usage/8e5d4bd488c943b694f74b3cbe5b4436?start=2025-05-20T19%3A42%3A50.299993&end=2025-05-18T19%3A42%3A50.299993 2.626s
2025-05-19 19:42:54.635 69619 INFO tempest.lib.common.rest_client [req-db70c914-8fee-405f-9ec0-3601cd1cee4e req-db70c914-8fee-405f-9ec0-3601cd1cee4e ] Request (ServicesAdminNegativeV253TestJSON:setUpClass): 201 POST http://10.180.1.21/identity/v3/auth/tokens 0.133s
2025-05-19 19:42:54.652 69635 INFO tempest.lib.common.rest_client [req-a2a29303-3d1b-4a2a-b49b-d0b029995604 req-a2a29303-3d1b-4a2a-b49b-d0b029995604 ] Request (AggregatesAdminNegativeTestJSON:test_aggregate_add_existent_host): 200 POST http://10.180.1.21/compute/v2.1/os-aggregates 2.406s
2025-05-19 19:42:54.661 69637 INFO tempest.lib.common.rest_client [req-ac92899c-74de-4e31-b1ae-095110bc0503 req-ac92899c-74de-4e31-b1ae-095110bc0503 ] Request (InstanceUsageAuditLogTestJSON:tearDownClass): 204 DELETE http://10.180.1.21/identity/v3/users/0a722284d18447fa892488cffb332b72 0.166s
2025-05-19 19:42:54.725 69651 INFO tempest.lib.common.rest_client [req-f60548ae-2a12-4688-aa79-e0279370e2f5 req-f60548ae-2a12-4688-aa79-e0279370e2f5 ] Request (ListImagesTestJSON:setUpClass): 204 PUT http://10.180.1.21/identity/v3/projects/b2f307d542af4df98f353ef74299a4db/users/a8ca25fd741048c7968259c739a268ea/roles/90d12add8f714bf8b246aba4e01e6ca7 0.162s
2025-05-19 19:42:54.725 69651 INFO tempest.lib.common.dynamic_creds [-] Dynamic test user a8ca25fd741048c7968259c739a268ea is created with scope project and roles: ['member']
2025-05-19 19:42:54.725 69651 INFO tempest.lib.common.dynamic_creds [-] Acquired dynamic creds: credentials: Credentials: {'domain_id': 'default', 'domain_name': 'Default', 'username': 'tempest-ListImagesTestJSON-637060244-project-member', 'project_domain_id': 'default', 'project_domain_name': 'Default', 'project_id': 'b2f307d542af4df98f353ef74299a4db', 'project_name': 'tempest-ListImagesTestJSON-637060244', 'tenant_id': 'b2f307d542af4df98f353ef74299a4db', 'tenant_name': 'tempest-ListImagesTestJSON-637060244', 'user_domain_id': 'default', 'user_domain_name': 'Default', 'user_id': 'a8ca25fd741048c7968259c739a268ea', 'system': None}, Network: None, Subnet: None, Router: None
2025-05-19 19:42:54.725 69651 INFO tempest.lib.common.dynamic_creds [-] Created isolated network resources for: credentials: Credentials: {'domain_id': 'default', 'domain_name': 'Default', 'username': 'tempest-ListImagesTestJSON-637060244-project-member', 'project_domain_id': 'default', 'project_domain_name': 'Default', 'project_id': 'b2f307d542af4df98f353ef74299a4db', 'project_name': 'tempest-ListImagesTestJSON-637060244', 'tenant_id': 'b2f307d542af4df98f353ef74299a4db', 'tenant_name': 'tempest-ListImagesTestJSON-637060244', 'user_domain_id': 'default', 'user_domain_name': 'Default', 'user_id': 'a8ca25fd741048c7968259c739a268ea', 'system': None}, Network: None, Subnet: None, Router: None
2025-05-19 19:42:54.731 69675 INFO tempest.lib.common.rest_client [req-e300f7af-713f-4af4-9931-3905936c7b12 req-e300f7af-713f-4af4-9931-3905936c7b12 ] Request (HypervisorAdminTestJSON:tearDownClass): 204 DELETE http://10.180.1.21/identity/v3/users/5bc114e564fc4bc4a5488ad5ff92abac 0.188s
2025-05-19 19:42:54.746 69643 INFO tempest.lib.common.rest_client [req-18646f3c-56af-47e1-bddc-d9b2d6c3cdad req-18646f3c-56af-47e1-bddc-d9b2d6c3cdad ] Request (InstanceActionsNegativeTestJSON:setUpClass): 201 POST http://10.180.1.21:9696/networking/v2.0/networks 0.595s
2025-05-19 19:42:54.836 69639 INFO tempest.lib.common.rest_client [req-6e995a52-fdfd-4559-bbac-24813d05e702 req-6e995a52-fdfd-4559-bbac-24813d05e702 ] Request (FloatingIPsNegativeTestJSON:setUpClass): 201 POST http://10.180.1.21:9696/networking/v2.0/networks 0.936s
2025-05-19 19:42:54.837 69671 INFO tempest.lib.common.rest_client [req-21e09bbe-0082-470e-972e-03f5abc4e488 req-21e09bbe-0082-470e-972e-03f5abc4e488 ] Request (FlavorsExtraSpecsNegativeTestJSON:test_flavor_get_nonexistent_key): 404 GET http://10.180.1.21/compute/v2.1/flavors/983236000/os-extra_specs/hw:cpu_thread_policy 2.194s
2025-05-19 19:42:54.850 69629 INFO tempest.lib.common.rest_client [req-2d3f5161-5fe0-42f9-8e5a-dfc564e42887 req-2d3f5161-5fe0-42f9-8e5a-dfc564e42887 ] Request (FlavorsAccessNegativeTestJSON:test_add_flavor_access_duplicate): 200 POST http://10.180.1.21/compute/v2.1/flavors 3.015s
2025-05-19 19:42:54.886 69651 INFO tempest.lib.common.rest_client [req-b3ee378e-41a2-4eb4-8989-36fdabcbec57 req-b3ee378e-41a2-4eb4-8989-36fdabcbec57 ] Request (ListImagesTestJSON:setUpClass): 201 POST http://10.180.1.21/identity/v3/auth/tokens 0.155s
2025-05-19 19:42:54.909 69613 INFO tempest.lib.common.rest_client [req-936c3a31-39bb-49ac-b268-87289fad4a3d req-936c3a31-39bb-49ac-b268-87289fad4a3d ] Request (QuotaClassesAdmin257Test:test_update_default_quotas): 200 PUT http://10.180.1.21/compute/v2.1/os-quota-class-sets/default 2.042s
2025-05-19 19:42:54.924 69637 INFO tempest.lib.common.rest_client [req-82569857-dd37-47e4-8832-40debcff2267 req-82569857-dd37-47e4-8832-40debcff2267 ] Request (InstanceUsageAuditLogTestJSON:tearDownClass): 204 DELETE http://10.180.1.21/identity/v3/users/5578f33af4ef4b6093ada777126fc2c1 0.263s
2025-05-19 19:42:54.925 69637 INFO tempest.lib.common.dynamic_creds [-] Deleting project and security group for project: 6f9d754604a445e0996a471e093c7f73
2025-05-19 19:42:54.933 69657 INFO tempest.lib.common.rest_client [req-c8c2540b-677b-49d6-a8a4-ad34eab64d2a req-c8c2540b-677b-49d6-a8a4-ad34eab64d2a ] Request (ServicesAdminTestJSON:test_get_service_by_host_name): 200 GET http://10.180.1.21/compute/v2.1/os-services?host=devstack 1.629s
2025-05-19 19:42:55.008 69675 INFO tempest.lib.common.rest_client [req-c035d118-aa47-42d3-84a8-f95982f5f34e req-c035d118-aa47-42d3-84a8-f95982f5f34e ] Request (HypervisorAdminTestJSON:tearDownClass): 204 DELETE http://10.180.1.21/identity/v3/users/44e2b27a4a784009a9f4899778179d9c 0.276s
2025-05-19 19:42:55.008 69675 INFO tempest.lib.common.dynamic_creds [-] Deleting project and security group for project: 0b94e50cff4f4d04855707c4f2f437ba
2025-05-19 19:42:55.018 69623 INFO tempest.lib.common.rest_client [req-e79efab5-e26a-4fe6-ad67-a40667daca63 req-e79efab5-e26a-4fe6-ad67-a40667daca63 ] Request (FloatingIPsAssociationTestJSON:setUpClass): 200 GET http://10.180.1.21/compute/v2.1/servers/45e15a96-34a0-494d-a8e6-a6edb5161f5f 1.311s
2025-05-19 19:42:55.086 69675 INFO tempest.lib.common.rest_client [req-6e96b964-b11d-4d96-8af9-a6ebd2dcbffb req-6e96b964-b11d-4d96-8af9-a6ebd2dcbffb ] Request (HypervisorAdminTestJSON:tearDownClass): 201 POST http://10.180.1.21/identity/v3/auth/tokens 0.078s
2025-05-19 19:42:55.108 69642 INFO tempest.lib.common.rest_client [req-b3c27176-9396-4a79-9b4b-eb9a57740658 req-b3c27176-9396-4a79-9b4b-eb9a57740658 ] Request (ServerAddressesNegativeTestJSON:setUpClass): 201 POST http://10.180.1.21:9696/networking/v2.0/subnets 0.774s
2025-05-19 19:42:55.129 69643 INFO tempest.lib.common.rest_client [req-daacd2da-969a-4ef0-8294-ba64376d5b13 req-daacd2da-969a-4ef0-8294-ba64376d5b13 ] Request (InstanceActionsNegativeTestJSON:setUpClass): 201 POST http://10.180.1.21:9696/networking/v2.0/subnets 0.382s
2025-05-19 19:42:55.132 69637 INFO tempest.lib.common.rest_client [req-e5a76429-76cc-446a-ac40-a7b71302fa45 req-e5a76429-76cc-446a-ac40-a7b71302fa45 ] Request (InstanceUsageAuditLogTestJSON:tearDownClass): 201 POST http://10.180.1.21/identity/v3/auth/tokens 0.207s
2025-05-19 19:42:55.414 69675 INFO tempest.lib.common.rest_client [req-92476c85-56e4-4367-9e07-821f7969145d req-92476c85-56e4-4367-9e07-821f7969145d ] Request (HypervisorAdminTestJSON:tearDownClass): 200 GET http://10.180.1.21:9696/networking/v2.0/security-groups?tenant_id=0b94e50cff4f4d04855707c4f2f437ba&name=default 0.325s
2025-05-19 19:42:55.498 69647 INFO tempest.lib.common.rest_client [req-982e3134-119d-4f7c-aac9-2d7eb45b54a9 req-982e3134-119d-4f7c-aac9-2d7eb45b54a9 ] Request (FloatingIPsAssociationNegativeTestJSON:setUpClass): 201 POST http://10.180.1.21:9696/networking/v2.0/routers 1.387s
2025-05-19 19:42:55.500 69621 INFO tempest.lib.common.rest_client [req-5f6be592-cefa-46a8-9503-7a7e4684c6df req-5f6be592-cefa-46a8-9503-7a7e4684c6df ] Request (MigrationsAdminTest:test_resize_server_revert_deleted_flavor): 204 DELETE http://10.180.1.21/compute/v2.1/servers/f50bebbd-981e-4bb3-a2bf-77cbc50585b8 1.704s
2025-05-19 19:42:55.507 69645 INFO tempest.lib.common.rest_client [req-959ce79c-9c1b-45f0-9bd4-ef2777aa3b49 req-959ce79c-9c1b-45f0-9bd4-ef2777aa3b49 ] Request (HypervisorAdminNegativeTestJSON:test_get_nonexistent_hypervisor_uptime): 404 GET http://10.180.1.21/compute/v2.1/os-hypervisors/914c2278-7e85-499c-8f1c-3fd6c59ff478/uptime 1.707s
2025-05-19 19:42:55.600 69627 INFO tempest.lib.common.rest_client [req-087afc2c-3109-45be-8061-6782721dbcb0 req-087afc2c-3109-45be-8061-6782721dbcb0 ] Request (ServerDiagnosticsV248Test:test_get_server_diagnostics): 200 GET http://10.180.1.21/compute/v2.1/servers/f6f81107-c77e-4051-b206-c0c6733faa00 1.769s
2025-05-19 19:42:55.627 69675 INFO tempest.lib.common.rest_client [req-5e7b14f5-e989-44ae-b9d4-f5622b5d734f req-5e7b14f5-e989-44ae-b9d4-f5622b5d734f ] Request (HypervisorAdminTestJSON:tearDownClass): 204 DELETE http://10.180.1.21:9696/networking/v2.0/security-groups/5d7bcb85-3ecf-4584-bdf3-0162b86a8d0a 0.212s
2025-05-19 19:42:55.697 69675 INFO tempest.lib.common.rest_client [req-3c712c16-25f9-48c3-912b-b949783abd60 req-3c712c16-25f9-48c3-912b-b949783abd60 ] Request (HypervisorAdminTestJSON:tearDownClass): 204 DELETE http://10.180.1.21/identity/v3/projects/0b94e50cff4f4d04855707c4f2f437ba 0.070s
2025-05-19 19:42:55.697 69675 INFO tempest.lib.common.dynamic_creds [-] Deleting project and security group for project: 507e53c516934cfd9b3f6ad1b467e236
2025-05-19 19:42:55.779 69637 INFO tempest.lib.common.rest_client [req-59123927-545c-4879-bb6f-41dfc609fe02 req-59123927-545c-4879-bb6f-41dfc609fe02 ] Request (InstanceUsageAuditLogTestJSON:tearDownClass): 200 GET http://10.180.1.21:9696/networking/v2.0/security-groups?tenant_id=6f9d754604a445e0996a471e093c7f73&name=default 0.647s
2025-05-19 19:42:55.794 69639 INFO tempest.lib.common.rest_client [req-6b472fee-a237-4b4e-8b4b-bdc633246371 req-6b472fee-a237-4b4e-8b4b-bdc633246371 ] Request (FloatingIPsNegativeTestJSON:setUpClass): 201 POST http://10.180.1.21:9696/networking/v2.0/subnets 0.957s
2025-05-19 19:42:55.803 69667 INFO tempest.lib.common.rest_client [req-59757e53-5b8f-46ae-b243-2a80b1f8c5dd req-59757e53-5b8f-46ae-b243-2a80b1f8c5dd ] Request (ServersAdmin275Test:test_rebuild_update_server_275): 200 PUT http://10.180.1.21/compute/v2.1/servers/8e1339e5-b33c-4e7e-a90d-199fad3f56d2 1.630s
2025-05-19 19:42:55.826 69655 INFO tempest.lib.common.rest_client [req-a4e8295d-54d2-4d58-8b71-bc0e67cbb735 req-a4e8295d-54d2-4d58-8b71-bc0e67cbb735 ] Request (HostsAdminTestJSON:test_list_hosts_with_nonexistent_zone): 200 GET http://10.180.1.21/compute/v2.1/os-hosts?zone=xxx 1.621s
2025-05-19 19:42:55.912 69631 INFO tempest.lib.common.rest_client [req-f2df7c7f-c8f4-4627-a474-14a5509dadf2 req-f2df7c7f-c8f4-4627-a474-14a5509dadf2 ] Request (DeleteServersAdminTestJSON:test_admin_delete_servers_of_others): 200 GET http://10.180.1.21/compute/v2.1/servers/2619e056-4807-4b08-8939-f7333bb2b29a 1.484s
2025-05-19 19:42:55.983 69637 INFO tempest.lib.common.rest_client [req-8e3c4ed8-2b3a-40ca-9b76-cc36ff07a30d req-8e3c4ed8-2b3a-40ca-9b76-cc36ff07a30d ] Request (InstanceUsageAuditLogTestJSON:tearDownClass): 204 DELETE http://10.180.1.21:9696/networking/v2.0/security-groups/ea351366-df13-4268-b18c-0f9381a169d1 0.203s
2025-05-19 19:42:56.063 69659 INFO tempest.lib.common.rest_client [req-4d3487f1-9712-4d70-b8e7-8704a89895e5 req-4d3487f1-9712-4d70-b8e7-8704a89895e5 ] Request (FlavorsAccessTestJSON:test_flavor_access_add_remove): 200 GET http://10.180.1.21/compute/v2.1/flavors/detail 1.598s
2025-05-19 19:42:56.069 69617 INFO tempest.lib.common.rest_client [req-63888db9-ac0c-4f35-97ec-22ee1aa8d3d6 req-63888db9-ac0c-4f35-97ec-22ee1aa8d3d6 ] Request (HypervisorAdminNegativeUnderV252Test:test_show_servers_with_non_admin_user): 403 GET http://10.180.1.21/compute/v2.1/os-hypervisors/1/servers 1.544s
2025-05-19 19:42:56.100 69625 INFO tempest.lib.common.rest_client [req-759af968-be97-42a0-9c53-df5c6dfd579d req-759af968-be97-42a0-9c53-df5c6dfd579d ] Request (FlavorsAdminTestJSON:_run_cleanups): 202 DELETE http://10.180.1.21/compute/v2.1/flavors/3db1b221-97a7-40bb-8a11-6fa1e0714321 1.540s
2025-05-19 19:42:56.122 69673 INFO tempest.lib.common.rest_client [req-a35d5230-f73c-4659-944c-8dc8bf908a70 req-a35d5230-f73c-4659-944c-8dc8bf908a70 ] Request (KeyPairsV22TestJSON:test_get_keypair_detail): 200 GET http://10.180.1.21/compute/v2.1/os-keypairs/tempest-keypair-1059054716 1.540s
2025-05-19 19:42:56.131 69663 INFO tempest.lib.common.rest_client [req-2269932e-6559-4cd0-a194-18e60842e907 req-2269932e-6559-4cd0-a194-18e60842e907 ] Request (KeyPairsV210TestJSON:test_admin_manage_keypairs_for_other_users): 200 GET http://10.180.1.21/compute/v2.1/os-keypairs/tempest-keypair-1104216757?user_id=dc9cc2c0db9547e78bf5332fd8b270a9 1.535s
2025-05-19 19:42:56.139 69637 INFO tempest.lib.common.rest_client [req-a08ae1b9-7a18-4972-8c75-eca01689c472 req-a08ae1b9-7a18-4972-8c75-eca01689c472 ] Request (InstanceUsageAuditLogTestJSON:tearDownClass): 204 DELETE http://10.180.1.21/identity/v3/projects/6f9d754604a445e0996a471e093c7f73 0.155s
2025-05-19 19:42:56.139 69637 INFO tempest.lib.common.dynamic_creds [-] Deleting project and security group for project: 918a852afbf64e0a92fb7a889906bd88
2025-05-19 19:42:56.159 69665 INFO tempest.lib.common.rest_client [req-f4f7b20b-c2ea-4899-99be-4a90b299d923 req-f4f7b20b-c2ea-4899-99be-4a90b299d923 ] Request (FlavorsV2TestJSON:test_list_flavors_with_detail): 200 GET http://10.180.1.21/compute/v2.1/flavors/detail 1.549s
2025-05-19 19:42:56.249 69675 INFO tempest.lib.common.rest_client [req-fda916df-9312-48c1-a094-2335b8d53fd3 req-fda916df-9312-48c1-a094-2335b8d53fd3 ] Request (HypervisorAdminTestJSON:tearDownClass): 200 GET http://10.180.1.21:9696/networking/v2.0/security-groups?tenant_id=507e53c516934cfd9b3f6ad1b467e236&name=default 0.551s
2025-05-19 19:42:56.296 69669 INFO tempest.lib.common.rest_client [req-5befb0b7-7827-4959-9e8e-177f9670e412 req-5befb0b7-7827-4959-9e8e-177f9670e412 ] Request (TenantUsagesNegativeTestJSON:test_list_usage_all_tenants_with_non_admin_user): 403 GET http://10.180.1.21/compute/v2.1/os-simple-tenant-usage?start=2025-05-18T19%3A42%3A50.299993&end=2025-05-20T19%3A42%3A50.299993&detailed=1 1.677s
2025-05-19 19:42:56.320 69615 INFO tempest.lib.common.rest_client [req-d86a722c-577b-4bd0-a60a-8eddc9e05b7a req-d86a722c-577b-4bd0-a60a-8eddc9e05b7a ] Request (ServersAdminTestJSON:setUpClass): 202 POST http://10.180.1.21/compute/v2.1/servers 3.478s
2025-05-19 19:42:56.396 69619 INFO tempest.lib.common.rest_client [req-0489862b-75f6-441f-8496-4d2cc48019fc req-0489862b-75f6-441f-8496-4d2cc48019fc ] Request (ServicesAdminNegativeV253TestJSON:test_disable_log_reason_with_invalid_service_id): 404 PUT http://10.180.1.21/compute/v2.1/os-services/36a44e26-382b-468c-86b9-cea9d66cf6a2 1.759s
2025-05-19 19:42:56.406 69671 INFO tempest.lib.common.rest_client [req-f4ba7d67-0a35-4e34-83dc-12ca40066f59 req-f4ba7d67-0a35-4e34-83dc-12ca40066f59 ] Request (FlavorsExtraSpecsNegativeTestJSON:test_flavor_non_admin_set_keys): 403 POST http://10.180.1.21/compute/v2.1/flavors/983236000/os-extra_specs 1.559s
2025-05-19 19:42:56.432 69669 INFO tempest.lib.common.rest_client [req-52857676-250b-47c0-89af-0109596ed600 req-52857676-250b-47c0-89af-0109596ed600 ] Request (TenantUsagesNegativeTestJSON:tearDownClass): 204 DELETE http://10.180.1.21/identity/v3/users/10f5aff54bdc4b54849be37a3df10fc7 0.135s
2025-05-19 19:42:56.438 69615 INFO tempest.lib.common.rest_client [req-b71eac89-0739-4189-9aad-2505d7f4e82e req-b71eac89-0739-4189-9aad-2505d7f4e82e ] Request (ServersAdminTestJSON:setUpClass): 201 POST http://10.180.1.21/identity/v3/auth/tokens 0.109s
2025-05-19 19:42:56.438 69615 INFO tempest.lib.common.fixed_network [-] (ServersAdminTestJSON:setUpClass) Found network {'id': 'ee14c604-ebd3-47a7-b3a2-f6a5e905a3ad', 'name': 'tempest-ServersAdminTestJSON-1326476218-network', 'tenant_id': 'e082b79ebd884c289ff6227c4aeea612', 'admin_state_up': True, 'mtu': 8950, 'status': 'ACTIVE', 'subnets': [], 'shared': False, 'project_id': 'e082b79ebd884c289ff6227c4aeea612', 'port_security_enabled': True, 'router:external': False, 'provider:network_type': 'vlan', 'provider:physical_network': 'default', 'provider:segmentation_id': 479, 'availability_zone_hints': [], 'availability_zones': [], 'ipv4_address_scope': None, 'ipv6_address_scope': None, 'description': '', 'tags': [], 'created_at': '2025-05-19T19:42:42Z', 'updated_at': '2025-05-19T19:42:42Z', 'revision_number': 1} available for tenant
2025-05-19 19:42:56.460 69649 INFO tempest.lib.common.rest_client [req-adab5ccb-bc2c-45b5-b64b-7976f8e50ee5 req-adab5ccb-bc2c-45b5-b64b-7976f8e50ee5 ] Request (VolumesAssistedSnapshotsTest:setUpClass): 200 PUT http://10.180.1.21:9696/networking/v2.0/routers/1fdabbb4-a383-48dd-bfb0-3210a7829558/add_router_interface 2.688s
2025-05-19 19:42:56.461 69649 INFO tempest.lib.common.dynamic_creds [-] Created isolated network resources for: credentials: Credentials: {'domain_id': 'default', 'domain_name': 'Default', 'username': 'tempest-VolumesAssistedSnapshotsTest-1139927490-project-admin', 'project_domain_id': 'default', 'project_domain_name': 'Default', 'project_id': '9bdc26a14fcb4ba09820db5fa86da0a9', 'project_name': 'tempest-VolumesAssistedSnapshotsTest-1139927490', 'tenant_id': '9bdc26a14fcb4ba09820db5fa86da0a9', 'tenant_name': 'tempest-VolumesAssistedSnapshotsTest-1139927490', 'user_domain_id': 'default', 'user_domain_name': 'Default', 'user_id': '044cbdafa6874a9489bd4b1457f0e9cc', 'system': None}, Network: {'id': '4b8564d9-a9ef-490c-87af-aff8f7fb9367', 'name': 'tempest-VolumesAssistedSnapshotsTest-621159850-network', 'tenant_id': '9bdc26a14fcb4ba09820db5fa86da0a9', 'admin_state_up': True, 'mtu': 8950, 'status': 'ACTIVE', 'subnets': [], 'shared': False, 'project_id': '9bdc26a14fcb4ba09820db5fa86da0a9', 'port_security_enabled': True, 'router:external': False, 'provider:network_type': 'vlan', 'provider:physical_network': 'default', 'provider:segmentation_id': 706, 'availability_zone_hints': [], 'availability_zones': [], 'ipv4_address_scope': None, 'ipv6_address_scope': None, 'description': '', 'tags': [], 'created_at': '2025-05-19T19:42:52Z', 'updated_at': '2025-05-19T19:42:52Z', 'revision_number': 1}, Subnet: {'id': '5da5b415-cfdb-400d-b05f-a50aaf9511dc', 'name': 'tempest-VolumesAssistedSnapshotsTest-621159850-subnet', 'tenant_id': '9bdc26a14fcb4ba09820db5fa86da0a9', 'network_id': '4b8564d9-a9ef-490c-87af-aff8f7fb9367', 'ip_version': 4, 'subnetpool_id': None, 'enable_dhcp': True, 'ipv6_ra_mode': None, 'ipv6_address_mode': None, 'gateway_ip': '192.168.128.1', 'cidr': '192.168.128.0/28', 'allocation_pools': [{'start': '192.168.128.2', 'end': '192.168.128.14'}], 'host_routes': [], 'dns_nameservers': [], 'description': '', 'router:external': False, 'service_types': [], 'tags': [], 'created_at': '2025-05-19T19:42:52Z', 'updated_at': '2025-05-19T19:42:52Z', 'revision_number': 0, 'project_id': '9bdc26a14fcb4ba09820db5fa86da0a9'}, Router: {'id': '1fdabbb4-a383-48dd-bfb0-3210a7829558', 'name': 'tempest-VolumesAssistedSnapshotsTest-621159850-router', 'tenant_id': '9bdc26a14fcb4ba09820db5fa86da0a9', 'admin_state_up': True, 'status': 'ACTIVE', 'external_gateway_info': {'network_id': 'c164de13-0661-44a9-b45b-9d6f7a8847f2', 'external_fixed_ips': [{'subnet_id': 'caa1390f-75a9-4ec8-aa9e-6e01aca8e0ea', 'ip_address': '10.180.180.240'}], 'enable_snat': True}, 'description': '', 'availability_zones': [], 'distributed': False, 'ha': False, 'availability_zone_hints': [], 'routes': [], 'flavor_id': None, 'tags': [], 'created_at': '2025-05-19T19:42:52Z', 'updated_at': '2025-05-19T19:42:53Z', 'revision_number': 2, 'project_id': '9bdc26a14fcb4ba09820db5fa86da0a9'}
2025-05-19 19:42:56.470 69637 INFO tempest.lib.common.rest_client [req-c444533b-eeb4-4f52-8981-9f9be18d478a req-c444533b-eeb4-4f52-8981-9f9be18d478a ] Request (InstanceUsageAuditLogTestJSON:tearDownClass): 200 GET http://10.180.1.21:9696/networking/v2.0/security-groups?tenant_id=918a852afbf64e0a92fb7a889906bd88&name=default 0.330s
2025-05-19 19:42:56.474 69635 INFO tempest.lib.common.rest_client [req-a01e3406-8914-4ef0-8727-f77c54aadd6a req-a01e3406-8914-4ef0-8727-f77c54aadd6a ] Request (AggregatesAdminNegativeTestJSON:test_aggregate_add_existent_host): 200 POST http://10.180.1.21/compute/v2.1/os-aggregates/1/action 1.819s
2025-05-19 19:42:56.530 69669 INFO tempest.lib.common.rest_client [req-4697049d-6786-493c-964e-723f10d12c53 req-4697049d-6786-493c-964e-723f10d12c53 ] Request (TenantUsagesNegativeTestJSON:tearDownClass): 204 DELETE http://10.180.1.21/identity/v3/users/c9a97b831bf9481884098492e2b7937c 0.097s
2025-05-19 19:42:56.530 69669 INFO tempest.lib.common.dynamic_creds [-] Deleting project and security group for project: 6cd9fba3f99a4cb1af9db1b6e450ff2d
2025-05-19 19:42:56.565 69629 INFO tempest.lib.common.rest_client [req-0952efdf-93fe-4141-8154-e6e5e4e3c3da req-0952efdf-93fe-4141-8154-e6e5e4e3c3da ] Request (FlavorsAccessNegativeTestJSON:test_add_flavor_access_duplicate): 200 POST http://10.180.1.21/compute/v2.1/flavors/1338435566/action 1.711s
2025-05-19 19:42:56.577 69613 INFO tempest.lib.common.rest_client [req-b140d88e-ff78-4c49-8b92-1f0034848047 req-b140d88e-ff78-4c49-8b92-1f0034848047 ] Request (QuotaClassesAdmin257Test:test_update_default_quotas): 200 GET http://10.180.1.21/compute/v2.1/os-quota-class-sets/default 1.666s
2025-05-19 19:42:56.596 69657 INFO tempest.lib.common.rest_client [req-bac513dc-0bcc-47e0-921c-3a0765752ff4 req-bac513dc-0bcc-47e0-921c-3a0765752ff4 ] Request (ServicesAdminTestJSON:test_get_service_by_service_binary_name): 200 GET http://10.180.1.21/compute/v2.1/os-services?binary=nova-compute 1.651s
2025-05-19 19:42:56.602 69649 INFO tempest.lib.common.rest_client [req-d216d3f0-5600-4059-bd8b-31a3328cb0d8 req-d216d3f0-5600-4059-bd8b-31a3328cb0d8 ] Request (VolumesAssistedSnapshotsTest:setUpClass): 201 POST http://10.180.1.21/identity/v3/auth/tokens 0.138s
2025-05-19 19:42:56.626 69621 INFO tempest.lib.common.rest_client [req-0552e1bd-f8e4-4e5e-a4b5-50a1d29a5fac req-0552e1bd-f8e4-4e5e-a4b5-50a1d29a5fac ] Request (MigrationsAdminTest:test_resize_server_revert_deleted_flavor): 404 GET http://10.180.1.21/compute/v2.1/servers/f50bebbd-981e-4bb3-a2bf-77cbc50585b8 1.125s
2025-05-19 19:42:56.629 69675 INFO tempest.lib.common.rest_client [req-78ef8653-028a-4dca-9bb1-b005b68f2e41 req-78ef8653-028a-4dca-9bb1-b005b68f2e41 ] Request (HypervisorAdminTestJSON:tearDownClass): 204 DELETE http://10.180.1.21:9696/networking/v2.0/security-groups/51385256-0876-4a6e-9d21-85fc5e6d281d 0.379s
2025-05-19 19:42:56.646 69645 INFO tempest.lib.common.rest_client [req-68e7811d-0ed6-44ec-a631-5f6a87c7f93b req-68e7811d-0ed6-44ec-a631-5f6a87c7f93b ] Request (HypervisorAdminNegativeTestJSON:test_show_hypervisor_with_non_admin_user): 200 GET http://10.180.1.21/compute/v2.1/os-hypervisors 1.138s
2025-05-19 19:42:56.655 69669 INFO tempest.lib.common.rest_client [req-62d6dba3-cb89-4020-a429-1c97f5ccf7ab req-62d6dba3-cb89-4020-a429-1c97f5ccf7ab ] Request (TenantUsagesNegativeTestJSON:tearDownClass): 201 POST http://10.180.1.21/identity/v3/auth/tokens 0.124s
2025-05-19 19:42:56.684 69649 INFO tempest.lib.common.rest_client [req-aaf96022-e478-4c81-86b6-91f9a7209117 req-aaf96022-e478-4c81-86b6-91f9a7209117 ] Request (VolumesAssistedSnapshotsTest:setUpClass): 201 POST http://10.180.1.21/identity/v3/projects 0.082s
2025-05-19 19:42:56.753 69651 INFO tempest.lib.common.rest_client [req-e7c5fb5f-690a-49c6-aab5-9aabd8cb174a req-e7c5fb5f-690a-49c6-aab5-9aabd8cb174a ] Request (ListImagesTestJSON:test_get_image): 200 GET http://10.180.1.21/compute/v2.1/images/58bc5625-3161-4590-957d-670120c2713c 1.865s
2025-05-19 19:42:56.763 69637 INFO tempest.lib.common.rest_client [req-b8438760-86b7-4bc7-a788-9ad8ade30d26 req-b8438760-86b7-4bc7-a788-9ad8ade30d26 ] Request (InstanceUsageAuditLogTestJSON:tearDownClass): 204 DELETE http://10.180.1.21:9696/networking/v2.0/security-groups/3ccbdd80-83ec-4c0a-a1a2-e1d5d688c0cb 0.292s
2025-05-19 19:42:56.766 69675 INFO tempest.lib.common.rest_client [req-1212f787-b8d2-48aa-96b1-f21b087fc881 req-1212f787-b8d2-48aa-96b1-f21b087fc881 ] Request (HypervisorAdminTestJSON:tearDownClass): 204 DELETE http://10.180.1.21/identity/v3/projects/507e53c516934cfd9b3f6ad1b467e236 0.136s
2025-05-19 19:42:56.769 69667 INFO tempest.lib.common.rest_client [req-704eac27-2475-4f05-9d51-3659a6bab176 req-704eac27-2475-4f05-9d51-3659a6bab176 ] Request (ServersAdmin275Test:test_rebuild_update_server_275): 200 GET http://10.180.1.21/compute/v2.1/servers/8e1339e5-b33c-4e7e-a90d-199fad3f56d2 0.950s
2025-05-19 19:42:56.785 69617 INFO tempest.lib.common.rest_client [req-c5346655-1951-443c-ab48-2faeef71a423 req-c5346655-1951-443c-ab48-2faeef71a423 ] Request (HypervisorAdminNegativeUnderV252Test:test_show_servers_with_nonexistent_hypervisor): 404 GET http://10.180.1.21/compute/v2.1/os-hypervisors/59612699-a1f7-44ba-abaf-1057ca4e0207/servers 0.714s
2025-05-19 19:42:56.830 69649 INFO tempest.lib.common.rest_client [req-521a1a12-6267-4ee5-ba24-ed864336650f req-521a1a12-6267-4ee5-ba24-ed864336650f ] Request (VolumesAssistedSnapshotsTest:setUpClass): 201 POST http://10.180.1.21/identity/v3/users 0.145s
2025-05-19 19:42:56.839 69643 INFO tempest.lib.common.rest_client [req-2a6220e3-815e-4f86-bde5-e3290a7b7f14 req-2a6220e3-815e-4f86-bde5-e3290a7b7f14 ] Request (InstanceActionsNegativeTestJSON:setUpClass): 201 POST http://10.180.1.21:9696/networking/v2.0/routers 1.709s
2025-05-19 19:42:56.870 69623 INFO tempest.lib.common.rest_client [req-6b12e324-83b0-41fb-805b-8e2689258bba req-6b12e324-83b0-41fb-805b-8e2689258bba ] Request (FloatingIPsAssociationTestJSON:setUpClass): 200 GET http://10.180.1.21/compute/v2.1/servers/45e15a96-34a0-494d-a8e6-a6edb5161f5f 0.836s
2025-05-19 19:42:56.885 69675 INFO tempest.lib.common.rest_client [req-5a87765e-790e-42b0-9e0b-e18c572d1a5c req-5a87765e-790e-42b0-9e0b-e18c572d1a5c ] Request (ServicesAdminNegativeTestJSON:setUpClass): 201 POST http://10.180.1.21/identity/v3/auth/tokens 0.117s
2025-05-19 19:42:56.908 69625 INFO tempest.lib.common.rest_client [req-62c362df-55bc-406a-b887-896473bc604c req-62c362df-55bc-406a-b887-896473bc604c ] Request (FlavorsAdminTestJSON:_run_cleanups): 200 GET http://10.180.1.21/compute/v2.1/flavors/detail 0.807s
2025-05-19 19:42:56.909 69637 INFO tempest.lib.common.rest_client [req-7fab25a0-2544-46e0-97ff-28060f9f6770 req-7fab25a0-2544-46e0-97ff-28060f9f6770 ] Request (InstanceUsageAuditLogTestJSON:tearDownClass): 204 DELETE http://10.180.1.21/identity/v3/projects/918a852afbf64e0a92fb7a889906bd88 0.146s
2025-05-19 19:42:56.930 69673 INFO tempest.lib.common.rest_client [req-f33f7b24-9654-4b02-980b-aef42d2c1644 req-f33f7b24-9654-4b02-980b-aef42d2c1644 ] Request (KeyPairsV22TestJSON:_run_cleanups): 204 DELETE http://10.180.1.21/compute/v2.1/os-keypairs/tempest-keypair-1059054716 0.805s
2025-05-19 19:42:56.962 69649 INFO tempest.lib.common.rest_client [req-afe83f58-009f-49cd-a2fa-abed0a07ad1a req-afe83f58-009f-49cd-a2fa-abed0a07ad1a ] Request (VolumesAssistedSnapshotsTest:setUpClass): 200 GET http://10.180.1.21/identity/v3/roles 0.131s
2025-05-19 19:42:56.982 69663 INFO tempest.lib.common.rest_client [req-f08bdf37-fd5f-403a-bd85-e0b521c683b9 req-f08bdf37-fd5f-403a-bd85-e0b521c683b9 ] Request (KeyPairsV210TestJSON:test_admin_manage_keypairs_for_other_users): 201 POST http://10.180.1.21/compute/v2.1/os-keypairs 0.844s
2025-05-19 19:42:56.990 69617 INFO tempest.lib.common.rest_client [req-e642d0f1-108e-4c5a-9158-36b2956f5e78 req-e642d0f1-108e-4c5a-9158-36b2956f5e78 ] Request (HypervisorAdminNegativeUnderV252Test:tearDownClass): 204 DELETE http://10.180.1.21/identity/v3/users/27e9fc68a251459fbe7733bbdac5977d 0.204s
2025-05-19 19:42:56.997 69665 INFO tempest.lib.common.rest_client [req-b07e8f7e-776b-4012-928f-8f931f9928ba req-b07e8f7e-776b-4012-928f-8f931f9928ba ] Request (FlavorsV2TestJSON:test_list_flavors_with_detail): 200 GET http://10.180.1.21/compute/v2.1/flavors/42 0.831s
2025-05-19 19:42:57.015 69619 INFO tempest.lib.common.rest_client [req-0581f260-3328-4307-9051-4a04dbe56d79 req-0581f260-3328-4307-9051-4a04dbe56d79 ] Request (ServicesAdminNegativeV253TestJSON:test_disable_service_with_invalid_service_id): 404 PUT http://10.180.1.21/compute/v2.1/os-services/36a44e26-382b-468c-86b9-cea9d66cf6a2 0.617s
2025-05-19 19:42:57.026 69675 INFO tempest.lib.common.rest_client [req-6fb5d958-fc27-47c3-8778-0a5702276f35 req-6fb5d958-fc27-47c3-8778-0a5702276f35 ] Request (ServicesAdminNegativeTestJSON:setUpClass): 201 POST http://10.180.1.21/identity/v3/auth/tokens 0.135s
2025-05-19 19:42:57.042 69671 INFO tempest.lib.common.rest_client [req-05e3f6ec-7d51-477f-89f6-75ca276fa525 req-05e3f6ec-7d51-477f-89f6-75ca276fa525 ] Request (FlavorsExtraSpecsNegativeTestJSON:test_flavor_non_admin_unset_keys): 200 POST http://10.180.1.21/compute/v2.1/flavors/983236000/os-extra_specs 0.634s
2025-05-19 19:42:57.060 69637 INFO tempest.lib.common.rest_client [req-0c92edaf-56cf-41de-bd03-4873ceeb363a req-0c92edaf-56cf-41de-bd03-4873ceeb363a ] Request (NetworksTest:setUpClass): 201 POST http://10.180.1.21/identity/v3/auth/tokens 0.150s
2025-05-19 19:42:57.095 69649 INFO tempest.lib.common.rest_client [req-c97c5110-2d2e-46b6-82db-d716ad3d4b60 req-c97c5110-2d2e-46b6-82db-d716ad3d4b60 ] Request (VolumesAssistedSnapshotsTest:setUpClass): 204 PUT http://10.180.1.21/identity/v3/projects/588297d287be4695960d6c6760d9d476/users/1aec5efcc1b74a53b889223eaf6e2010/roles/73aafa67e0c04deabdc838cd50337489 0.131s
