2025-05-19 19:43:56.046 69621 INFO tempest.lib.common.rest_client [req-ad69a544-42eb-4433-85f6-f8011ed87ba7 req-ad69a544-42eb-4433-85f6-f8011ed87ba7 ] Request (ServersAdminNegativeTestJSON:setUpClass): 204 PUT http://10.180.1.21/identity/v3/projects/c46e0dbd41664e7aaaa667c24a799300/users/5e330721a0fd400fb9c8274cbca2ca20/roles/6ab3e519bbb84e7e9f318f20dfaac417 0.027s
2025-05-19 19:43:56.046 69621 INFO tempest.lib.common.dynamic_creds [-] Dynamic test user 5e330721a0fd400fb9c8274cbca2ca20 is created with scope project and roles: ['admin']
2025-05-19 19:43:56.046 69621 INFO tempest.lib.common.dynamic_creds [-] Acquired dynamic creds: credentials: Credentials: {'domain_id': 'default', 'domain_name': 'Default', 'username': 'tempest-ServersAdminNegativeTestJSON-378090742-project-admin', 'project_domain_id': 'default', 'project_domain_name': 'Default', 'project_id': 'c46e0dbd41664e7aaaa667c24a799300', 'project_name': 'tempest-ServersAdminNegativeTestJSON-378090742', 'tenant_id': 'c46e0dbd41664e7aaaa667c24a799300', 'tenant_name': 'tempest-ServersAdminNegativeTestJSON-378090742', 'user_domain_id': 'default', 'user_domain_name': 'Default', 'user_id': '5e330721a0fd400fb9c8274cbca2ca20', 'system': None}, Network: None, Subnet: None, Router: None
2025-05-19 19:43:56.046 69621 INFO tempest.lib.common.dynamic_creds [-] Created isolated network resources for: credentials: Credentials: {'domain_id': 'default', 'domain_name': 'Default', 'username': 'tempest-ServersAdminNegativeTestJSON-378090742-project-admin', 'project_domain_id': 'default', 'project_domain_name': 'Default', 'project_id': 'c46e0dbd41664e7aaaa667c24a799300', 'project_name': 'tempest-ServersAdminNegativeTestJSON-378090742', 'tenant_id': 'c46e0dbd41664e7aaaa667c24a799300', 'tenant_name': 'tempest-ServersAdminNegativeTestJSON-378090742', 'user_domain_id': 'default', 'user_domain_name': 'Default', 'user_id': '5e330721a0fd400fb9c8274cbca2ca20', 'system': None}, Network: None, Subnet: None, Router: None
2025-05-19 19:43:56.050 69635 INFO tempest.lib.common.rest_client [req-40df1139-6573-47b9-b4ce-1b551528dce2 req-40df1139-6573-47b9-b4ce-1b551528dce2 ] Request (FlavorsV255TestJSON:setUpClass): 201 POST http://10.180.1.21/identity/v3/users 0.079s
2025-05-19 19:43:56.107 69625 INFO tempest.lib.common.rest_client [req-36114cb0-cfee-476c-82c6-c206ec71291f req-36114cb0-cfee-476c-82c6-c206ec71291f ] Request (AbsoluteLimitsTestJSON:setUpClass): 200 GET http://10.180.1.21/identity/v3/roles 0.081s
2025-05-19 19:43:56.113 69635 INFO tempest.lib.common.rest_client [req-44f389da-e13d-4f29-9f42-024f42c38c01 req-44f389da-e13d-4f29-9f42-024f42c38c01 ] Request (FlavorsV255TestJSON:setUpClass): 200 GET http://10.180.1.21/identity/v3/roles 0.061s
2025-05-19 19:43:56.125 69659 INFO tempest.lib.common.rest_client [req-5f2ebd4d-da89-47a2-a7fc-623a3d103daa req-5f2ebd4d-da89-47a2-a7fc-623a3d103daa ] Request (AttachInterfacesTestJSON:setUpClass): 201 POST http://10.180.1.21:9696/networking/v2.0/networks 1.992s
2025-05-19 19:43:56.142 69625 INFO tempest.lib.common.rest_client [req-32cb5938-8b13-46c2-9bee-9757992cb40e req-32cb5938-8b13-46c2-9bee-9757992cb40e ] Request (AbsoluteLimitsTestJSON:setUpClass): 204 PUT http://10.180.1.21/identity/v3/projects/ab2b4171e1814518a9e0c7df3c335f5f/users/b926d33c6def44ebb2cb27bb2a48be2f/roles/90d12add8f714bf8b246aba4e01e6ca7 0.034s
2025-05-19 19:43:56.142 69625 INFO tempest.lib.common.dynamic_creds [-] Dynamic test user b926d33c6def44ebb2cb27bb2a48be2f is created with scope project and roles: ['member']
2025-05-19 19:43:56.142 69625 INFO tempest.lib.common.dynamic_creds [-] Acquired dynamic creds: credentials: Credentials: {'domain_id': 'default', 'domain_name': 'Default', 'username': 'tempest-AbsoluteLimitsTestJSON-1908691177-project-member', 'project_domain_id': 'default', 'project_domain_name': 'Default', 'project_id': 'ab2b4171e1814518a9e0c7df3c335f5f', 'project_name': 'tempest-AbsoluteLimitsTestJSON-1908691177', 'tenant_id': 'ab2b4171e1814518a9e0c7df3c335f5f', 'tenant_name': 'tempest-AbsoluteLimitsTestJSON-1908691177', 'user_domain_id': 'default', 'user_domain_name': 'Default', 'user_id': 'b926d33c6def44ebb2cb27bb2a48be2f', 'system': None}, Network: None, Subnet: None, Router: None
2025-05-19 19:43:56.142 69625 INFO tempest.lib.common.dynamic_creds [-] Created isolated network resources for: credentials: Credentials: {'domain_id': 'default', 'domain_name': 'Default', 'username': 'tempest-AbsoluteLimitsTestJSON-1908691177-project-member', 'project_domain_id': 'default', 'project_domain_name': 'Default', 'project_id': 'ab2b4171e1814518a9e0c7df3c335f5f', 'project_name': 'tempest-AbsoluteLimitsTestJSON-1908691177', 'tenant_id': 'ab2b4171e1814518a9e0c7df3c335f5f', 'tenant_name': 'tempest-AbsoluteLimitsTestJSON-1908691177', 'user_domain_id': 'default', 'user_domain_name': 'Default', 'user_id': 'b926d33c6def44ebb2cb27bb2a48be2f', 'system': None}, Network: None, Subnet: None, Router: None
2025-05-19 19:43:56.185 69621 INFO tempest.lib.common.rest_client [req-7dd64ab6-dc7c-4c2f-9d84-56dddcf74992 req-7dd64ab6-dc7c-4c2f-9d84-56dddcf74992 ] Request (ServersAdminNegativeTestJSON:setUpClass): 201 POST http://10.180.1.21/identity/v3/auth/tokens 0.130s
2025-05-19 19:43:56.200 69635 INFO tempest.lib.common.rest_client [req-7991f1b5-6bc1-4e3f-a785-f81d74e37963 req-7991f1b5-6bc1-4e3f-a785-f81d74e37963 ] Request (FlavorsV255TestJSON:setUpClass): 204 PUT http://10.180.1.21/identity/v3/projects/96d559729795466fa6aa93aad96b6da5/users/2e06680d243242aa8f3d42dd10354843/roles/6ab3e519bbb84e7e9f318f20dfaac417 0.087s
2025-05-19 19:43:56.258 69621 INFO tempest.lib.common.rest_client [req-6a4a2876-b567-4e50-b1a6-836c150bb8ca req-6a4a2876-b567-4e50-b1a6-836c150bb8ca ] Request (ServersAdminNegativeTestJSON:setUpClass): 201 POST http://10.180.1.21/identity/v3/auth/tokens 0.066s
2025-05-19 19:43:56.259 69621 INFO tempest.lib.common.fixed_network [-] (ServersAdminNegativeTestJSON:setUpClass) Found network None available for tenant
2025-05-19 19:43:56.265 69625 INFO tempest.lib.common.rest_client [req-65933b6f-12fe-41f9-bda6-6bdfcab08d26 req-65933b6f-12fe-41f9-bda6-6bdfcab08d26 ] Request (AbsoluteLimitsTestJSON:setUpClass): 201 POST http://10.180.1.21/identity/v3/auth/tokens 0.119s
2025-05-19 19:43:56.311 69635 INFO tempest.lib.common.rest_client [req-d1e8ddf9-1094-41be-8ac5-c82f7d51b6a4 req-d1e8ddf9-1094-41be-8ac5-c82f7d51b6a4 ] Request (FlavorsV255TestJSON:setUpClass): 200 GET http://10.180.1.21/identity/v3/roles 0.110s
2025-05-19 19:43:56.333 69635 INFO tempest.lib.common.rest_client [req-5bf5436e-7cd8-4b85-81c1-b9b34acc9e37 req-5bf5436e-7cd8-4b85-81c1-b9b34acc9e37 ] Request (FlavorsV255TestJSON:setUpClass): 204 PUT http://10.180.1.21/identity/v3/projects/96d559729795466fa6aa93aad96b6da5/users/2e06680d243242aa8f3d42dd10354843/roles/6ab3e519bbb84e7e9f318f20dfaac417 0.022s
2025-05-19 19:43:56.333 69635 INFO tempest.lib.common.dynamic_creds [-] Dynamic test user 2e06680d243242aa8f3d42dd10354843 is created with scope project and roles: ['admin']
2025-05-19 19:43:56.333 69635 INFO tempest.lib.common.dynamic_creds [-] Acquired dynamic creds: credentials: Credentials: {'domain_id': 'default', 'domain_name': 'Default', 'username': 'tempest-FlavorsV255TestJSON-1342061775-project-admin', 'project_domain_id': 'default', 'project_domain_name': 'Default', 'project_id': '96d559729795466fa6aa93aad96b6da5', 'project_name': 'tempest-FlavorsV255TestJSON-1342061775', 'tenant_id': '96d559729795466fa6aa93aad96b6da5', 'tenant_name': 'tempest-FlavorsV255TestJSON-1342061775', 'user_domain_id': 'default', 'user_domain_name': 'Default', 'user_id': '2e06680d243242aa8f3d42dd10354843', 'system': None}, Network: None, Subnet: None, Router: None
2025-05-19 19:43:56.334 69635 INFO tempest.lib.common.dynamic_creds [-] Created isolated network resources for: credentials: Credentials: {'domain_id': 'default', 'domain_name': 'Default', 'username': 'tempest-FlavorsV255TestJSON-1342061775-project-admin', 'project_domain_id': 'default', 'project_domain_name': 'Default', 'project_id': '96d559729795466fa6aa93aad96b6da5', 'project_name': 'tempest-FlavorsV255TestJSON-1342061775', 'tenant_id': '96d559729795466fa6aa93aad96b6da5', 'tenant_name': 'tempest-FlavorsV255TestJSON-1342061775', 'user_domain_id': 'default', 'user_domain_name': 'Default', 'user_id': '2e06680d243242aa8f3d42dd10354843', 'system': None}, Network: None, Subnet: None, Router: None
2025-05-19 19:43:56.420 69635 INFO tempest.lib.common.rest_client [req-cfe29197-be51-4467-ab2b-13c3bf9f15b7 req-cfe29197-be51-4467-ab2b-13c3bf9f15b7 ] Request (FlavorsV255TestJSON:setUpClass): 201 POST http://10.180.1.21/identity/v3/auth/tokens 0.082s
2025-05-19 19:43:56.521 69669 INFO tempest.lib.common.rest_client [req-8baacf7a-e5c6-4cad-8226-830f6d0e7c82 req-8baacf7a-e5c6-4cad-8226-830f6d0e7c82 ] Request (ServerRescueNegativeTestJSON:tearDownClass): 200 PUT http://10.180.1.21:9696/networking/v2.0/routers/d5841060-9992-46bd-9b13-e97c2e6ff0ec/remove_router_interface 6.603s
2025-05-19 19:43:56.598 69619 INFO tempest.lib.common.rest_client [req-a91d0296-cacb-4261-aa7e-31920db032f3 req-a91d0296-cacb-4261-aa7e-31920db032f3 ] Request (AttachInterfacesUnderV243Test:tearDownClass): 204 DELETE http://10.180.1.21:9696/networking/v2.0/routers/7deb0b0e-e1cc-4c9a-b3c2-79ec556b1455 3.256s
2025-05-19 19:43:56.635 69673 INFO tempest.lib.common.rest_client [req-2a1d0b4f-c93c-4ced-a9c7-6fd9bcf72472 req-2a1d0b4f-c93c-4ced-a9c7-6fd9bcf72472 ] Request (SecurityGroupRulesNegativeTestJSON:tearDownClass): 202 DELETE http://10.180.1.21/compute/v2.1/os-security-groups/b982976b-55ac-452d-84cf-a7a9a10a497f 1.116s
2025-05-19 19:43:56.638 69675 INFO tempest.lib.common.rest_client [req-39889151-6288-403b-9db7-b8a56cf03cba req-39889151-6288-403b-9db7-b8a56cf03cba ] Request (ValidationResourcesFixture:setUp): 201 POST http://10.180.1.21:9696/networking/v2.0/floatingips 4.176s
2025-05-19 19:43:56.664 69647 INFO tempest.lib.common.rest_client [req-d873c507-ef44-43f6-8b7c-f9d43f0838ed req-d873c507-ef44-43f6-8b7c-f9d43f0838ed ] Request (ImagesDeleteNegativeTestJSON:test_delete_image_with_invalid_image_id): 404 DELETE http://10.180.1.21/compute/v2.1/images/tempest-invalid-514249087 1.118s
2025-05-19 19:43:56.684 69642 INFO tempest.lib.common.rest_client [req-6f1e7448-bba9-419e-852f-1a5be9939ea8 req-6f1e7448-bba9-419e-852f-1a5be9939ea8 ] Request (ExtensionsTest:test_list_extensions): 200 GET http://10.180.1.21/compute/v2.1/extensions 0.992s
2025-05-19 19:43:56.708 69675 INFO tempest.lib.common.rest_client [req-7c88dd49-edb1-46b7-9233-068a262882e3 req-7c88dd49-edb1-46b7-9233-068a262882e3 ] Request (AttachVolumeTestJSON:test_list_get_volume_attachments): 201 POST http://10.180.1.21/identity/v3/auth/tokens 0.063s
2025-05-19 19:43:56.709 69675 INFO tempest.lib.common.fixed_network [-] (AttachVolumeTestJSON:test_list_get_volume_attachments) Found network {'id': 'de78d780-92c9-4140-ae5c-9c5f79ce6683', 'name': 'tempest-AttachVolumeTestJSON-1669055605-network', 'tenant_id': '924e6f82129748cba841a7b411e0e7b8', 'admin_state_up': True, 'mtu': 8950, 'status': 'ACTIVE', 'subnets': [], 'shared': False, 'project_id': '924e6f82129748cba841a7b411e0e7b8', 'port_security_enabled': True, 'router:external': False, 'provider:network_type': 'vlan', 'provider:physical_network': 'default', 'provider:segmentation_id': 940, 'availability_zone_hints': [], 'availability_zones': [], 'ipv4_address_scope': None, 'ipv6_address_scope': None, 'description': '', 'tags': [], 'created_at': '2025-05-19T19:43:16Z', 'updated_at': '2025-05-19T19:43:16Z', 'revision_number': 1} available for tenant
2025-05-19 19:43:56.832 69623 INFO tempest.lib.common.rest_client [req-5cec6c3b-d7e2-452b-8673-8a221e11b175 req-5cec6c3b-d7e2-452b-8673-8a221e11b175 ] Request (ServersTestFqdnHostnames:tearDownClass): 204 DELETE http://10.180.1.21:9696/networking/v2.0/security-groups/488a53c9-c4b0-4e88-a8ab-a29ce1f0ac28 0.794s
2025-05-19 19:43:56.855 69667 INFO tempest.lib.common.rest_client [req-11bf0834-e288-4d3c-aeb7-48128ca7998d req-11bf0834-e288-4d3c-aeb7-48128ca7998d ] Request (ServerActionsTestJSON:tearDownClass): 204 DELETE http://10.180.1.21:9696/networking/v2.0/routers/9eb11422-e1c3-472e-ae89-c46da5687b01 3.128s
2025-05-19 19:43:56.861 69642 INFO tempest.lib.common.rest_client [req-2a18b0d7-c7b5-485b-a070-16fb4813539b req-2a18b0d7-c7b5-485b-a070-16fb4813539b ] Request (ExtensionsTest:tearDownClass): 204 DELETE http://10.180.1.21/identity/v3/users/7827bb96226c4d5b8971d6451a329368 0.160s
2025-05-19 19:43:56.862 69642 INFO tempest.lib.common.dynamic_creds [-] Deleting project and security group for project: 8bf2423afca143e4b8e363a400f1bc2a
2025-05-19 19:43:56.933 69642 INFO tempest.lib.common.rest_client [req-daadd196-f114-4bb6-85c3-cd1316e51226 req-daadd196-f114-4bb6-85c3-cd1316e51226 ] Request (ExtensionsTest:tearDownClass): 201 POST http://10.180.1.21/identity/v3/auth/tokens 0.071s
2025-05-19 19:43:56.977 69623 INFO tempest.lib.common.rest_client [req-93701444-82b6-4e41-92c4-41efcbbc9a3a req-93701444-82b6-4e41-92c4-41efcbbc9a3a ] Request (ServersTestFqdnHostnames:tearDownClass): 204 DELETE http://10.180.1.21/identity/v3/projects/2e8d8eec951c43c1952bd6f760be58af 0.145s
2025-05-19 19:43:56.978 69633 INFO tempest.lib.common.rest_client [req-53fc72da-7800-4a61-862a-d57c3336a50f req-53fc72da-7800-4a61-862a-d57c3336a50f ] Request (ServerActionsV293TestJSON:setUpClass): 202 POST http://10.180.1.21/compute/v2.1/servers 2.243s
2025-05-19 19:43:57.123 69623 INFO tempest.lib.common.rest_client [req-e91cf1f1-6e2e-4ada-a2cc-51b7301c15fd req-e91cf1f1-6e2e-4ada-a2cc-51b7301c15fd ] Request (ServersAaction247Test:setUpClass): 201 POST http://10.180.1.21/identity/v3/auth/tokens 0.142s
2025-05-19 19:43:57.138 69617 INFO tempest.lib.common.rest_client [req-ef692bb6-6d7a-4376-9f57-b817d72a2175 req-ef692bb6-6d7a-4376-9f57-b817d72a2175 ] Request (ServersV294TestFqdnHostnames:tearDownClass): 200 PUT http://10.180.1.21:9696/networking/v2.0/routers/f265f36e-b3ec-4661-b573-5046793beaea/remove_router_interface 6.179s
2025-05-19 19:43:57.150 69619 INFO tempest.lib.common.rest_client [req-83a7d8b0-8a69-4136-9073-d575c027bcf8 req-83a7d8b0-8a69-4136-9073-d575c027bcf8 ] Request (AttachInterfacesUnderV243Test:tearDownClass): 204 DELETE http://10.180.1.21:9696/networking/v2.0/subnets/9abeb365-3b1e-4bb2-9b78-153fec568228 0.551s
2025-05-19 19:43:57.164 69623 INFO tempest.lib.common.rest_client [req-4bae6ed4-4beb-4f8c-8341-f8cfc8634bd3 req-4bae6ed4-4beb-4f8c-8341-f8cfc8634bd3 ] Request (ServersAaction247Test:setUpClass): 201 POST http://10.180.1.21/identity/v3/auth/tokens 0.039s
2025-05-19 19:43:57.165 69625 INFO tempest.lib.common.rest_client [req-1bbf4afc-a89d-42e1-838c-a281beba0da7 req-1bbf4afc-a89d-42e1-838c-a281beba0da7 ] Request (AbsoluteLimitsTestJSON:test_absLimits_get): 200 GET http://10.180.1.21/compute/v2.1/limits 0.896s
2025-05-19 19:43:57.209 69631 INFO tempest.lib.common.rest_client [req-24e8268a-c9e5-48dd-af07-d29c03e89b8d req-24e8268a-c9e5-48dd-af07-d29c03e89b8d ] Request (FloatingIPsTestJSON:setUpClass): 201 POST http://10.180.1.21:9696/networking/v2.0/networks 2.213s
2025-05-19 19:43:57.221 69663 INFO tempest.lib.common.rest_client [req-0ecce4c9-1138-416e-8133-40ba19b8dcfd req-0ecce4c9-1138-416e-8133-40ba19b8dcfd ] Request (ServerActionsTestOtherA:setUpClass): 201 POST http://10.180.1.21:9696/networking/v2.0/networks 2.236s
2025-05-19 19:43:57.257 69623 INFO tempest.lib.common.rest_client [req-ba0609af-0cd3-4284-9aa5-131812b87181 req-ba0609af-0cd3-4284-9aa5-131812b87181 ] Request (ServersAaction247Test:setUpClass): 200 GET http://10.180.1.21/identity/v3/domains?name=Default 0.092s
2025-05-19 19:43:57.265 69635 INFO tempest.lib.common.rest_client [req-cbacf21c-f278-4bf8-9f1c-1d139596175a req-cbacf21c-f278-4bf8-9f1c-1d139596175a ] Request (FlavorsV255TestJSON:test_crud_flavor): 200 POST http://10.180.1.21/compute/v2.1/flavors 0.843s
2025-05-19 19:43:57.318 69625 INFO tempest.lib.common.rest_client [req-f9ce7bf0-bb5a-46e7-89ca-2416bb69e515 req-f9ce7bf0-bb5a-46e7-89ca-2416bb69e515 ] Request (AbsoluteLimitsTestJSON:tearDownClass): 204 DELETE http://10.180.1.21/identity/v3/users/b926d33c6def44ebb2cb27bb2a48be2f 0.148s
2025-05-19 19:43:57.319 69625 INFO tempest.lib.common.dynamic_creds [-] Deleting project and security group for project: ab2b4171e1814518a9e0c7df3c335f5f
2025-05-19 19:43:57.376 69649 INFO tempest.lib.common.rest_client [req-29dfee51-8c1b-4ca8-b660-fd0291a45e7f req-29dfee51-8c1b-4ca8-b660-fd0291a45e7f ] Request (ListImageFiltersTestJSON:setUpClass): 204 PUT http://10.180.1.21/image/v2/images/75f0f7f8-715e-4e6e-84be-f4a0797ccb3a/file 0.943s
2025-05-19 19:43:57.379 69625 INFO tempest.lib.common.rest_client [req-0935b14d-2eed-45ee-a231-52aeba3d19e6 req-0935b14d-2eed-45ee-a231-52aeba3d19e6 ] Request (AbsoluteLimitsTestJSON:tearDownClass): 201 POST http://10.180.1.21/identity/v3/auth/tokens 0.060s
2025-05-19 19:43:57.394 69623 INFO tempest.lib.common.rest_client [req-4e26b22b-3cf4-4c1d-b298-171121c8268a req-4e26b22b-3cf4-4c1d-b298-171121c8268a ] Request (ServersAaction247Test:setUpClass): 201 POST http://10.180.1.21/identity/v3/projects 0.136s
2025-05-19 19:43:57.455 69623 INFO tempest.lib.common.rest_client [req-f4aea785-4b2e-44fa-9d3b-38f2fe3dea5f req-f4aea785-4b2e-44fa-9d3b-38f2fe3dea5f ] Request (ServersAaction247Test:setUpClass): 201 POST http://10.180.1.21/identity/v3/users 0.061s
2025-05-19 19:43:57.469 69667 INFO tempest.lib.common.rest_client [req-71fba684-82fa-4182-803c-9f5d34d75cb5 req-71fba684-82fa-4182-803c-9f5d34d75cb5 ] Request (ServerActionsTestJSON:tearDownClass): 204 DELETE http://10.180.1.21:9696/networking/v2.0/subnets/0e561d43-3bba-4821-95e9-7eee61b6dd63 0.613s
2025-05-19 19:43:57.477 69623 INFO tempest.lib.common.rest_client [req-2b2ba7e8-3d2e-4ae2-8bea-9e777d07fbc4 req-2b2ba7e8-3d2e-4ae2-8bea-9e777d07fbc4 ] Request (ServersAaction247Test:setUpClass): 200 GET http://10.180.1.21/identity/v3/roles 0.021s
2025-05-19 19:43:57.511 69623 INFO tempest.lib.common.rest_client [req-a2abd1b4-034b-4ac9-b401-f48d829e0b86 req-a2abd1b4-034b-4ac9-b401-f48d829e0b86 ] Request (ServersAaction247Test:setUpClass): 204 PUT http://10.180.1.21/identity/v3/projects/6f84e3db45144133831925bb1b3067ee/users/d13f6761b38e475f9281d305559f7254/roles/90d12add8f714bf8b246aba4e01e6ca7 0.034s
2025-05-19 19:43:57.511 69623 INFO tempest.lib.common.dynamic_creds [-] Dynamic test user d13f6761b38e475f9281d305559f7254 is created with scope project and roles: ['member']
2025-05-19 19:43:57.512 69623 INFO tempest.lib.common.dynamic_creds [-] Acquired dynamic creds: credentials: Credentials: {'domain_id': 'default', 'domain_name': 'Default', 'username': 'tempest-ServersAaction247Test-1311999097-project-member', 'project_domain_id': 'default', 'project_domain_name': 'Default', 'project_id': '6f84e3db45144133831925bb1b3067ee', 'project_name': 'tempest-ServersAaction247Test-1311999097', 'tenant_id': '6f84e3db45144133831925bb1b3067ee', 'tenant_name': 'tempest-ServersAaction247Test-1311999097', 'user_domain_id': 'default', 'user_domain_name': 'Default', 'user_id': 'd13f6761b38e475f9281d305559f7254', 'system': None}, Network: None, Subnet: None, Router: None
2025-05-19 19:43:57.512 69623 INFO tempest.lib.common.dynamic_creds [-] Created isolated network resources for: credentials: Credentials: {'domain_id': 'default', 'domain_name': 'Default', 'username': 'tempest-ServersAaction247Test-1311999097-project-member', 'project_domain_id': 'default', 'project_domain_name': 'Default', 'project_id': '6f84e3db45144133831925bb1b3067ee', 'project_name': 'tempest-ServersAaction247Test-1311999097', 'tenant_id': '6f84e3db45144133831925bb1b3067ee', 'tenant_name': 'tempest-ServersAaction247Test-1311999097', 'user_domain_id': 'default', 'user_domain_name': 'Default', 'user_id': 'd13f6761b38e475f9281d305559f7254', 'system': None}, Network: None, Subnet: None, Router: None
2025-05-19 19:43:57.586 69623 INFO tempest.lib.common.rest_client [req-1dba990d-d1a4-483b-9b92-bfd78b0fe012 req-1dba990d-d1a4-483b-9b92-bfd78b0fe012 ] Request (ServersAaction247Test:setUpClass): 201 POST http://10.180.1.21/identity/v3/auth/tokens 0.069s
2025-05-19 19:43:57.601 69642 INFO tempest.lib.common.rest_client [req-58ebd4d4-6b32-4799-9836-0471159bdb8f req-58ebd4d4-6b32-4799-9836-0471159bdb8f ] Request (ExtensionsTest:tearDownClass): 200 GET http://10.180.1.21:9696/networking/v2.0/security-groups?tenant_id=8bf2423afca143e4b8e363a400f1bc2a&name=default 0.667s
2025-05-19 19:43:57.620 69623 INFO tempest.lib.common.rest_client [req-7a8f305b-2582-4633-b1ed-b915d1706811 req-7a8f305b-2582-4633-b1ed-b915d1706811 ] Request (ServersAaction247Test:test_create_backup): 201 POST http://10.180.1.21/identity/v3/auth/tokens 0.031s
2025-05-19 19:43:57.621 69623 INFO tempest.lib.common.fixed_network [-] (ServersAaction247Test:test_create_backup) Found network None available for tenant
2025-05-19 19:43:57.846 69621 INFO tempest.lib.common.rest_client [req-4966c085-76b2-4e7b-9dbb-c55caf6da5dc req-4966c085-76b2-4e7b-9dbb-c55caf6da5dc ] Request (ServersAdminNegativeTestJSON:setUpClass): 202 POST http://10.180.1.21/compute/v2.1/servers 1.586s
2025-05-19 19:43:57.864 69647 INFO tempest.lib.common.rest_client [req-f9a9ff8d-ad5a-47d0-9b6b-fa1008483283 req-f9a9ff8d-ad5a-47d0-9b6b-fa1008483283 ] Request (ImagesDeleteNegativeTestJSON:test_delete_non_existent_image): 404 DELETE http://10.180.1.21/compute/v2.1/images/382ab166-eb40-464c-8810-39917b2492f1 1.198s
2025-05-19 19:43:57.967 69673 INFO tempest.lib.common.rest_client [req-b1d28ff6-eb19-43fe-ad31-918beb699289 req-b1d28ff6-eb19-43fe-ad31-918beb699289 ] Request (SecurityGroupRulesNegativeTestJSON:tearDownClass): 202 DELETE http://10.180.1.21/compute/v2.1/os-security-groups/c20d6258-ff1d-481d-89d8-b6a5abd5f107 1.331s
2025-05-19 19:43:57.982 69647 INFO tempest.lib.common.rest_client [req-b1ec936a-c548-4444-bcfe-3e1958452fb4 req-b1ec936a-c548-4444-bcfe-3e1958452fb4 ] Request (ImagesDeleteNegativeTestJSON:tearDownClass): 204 DELETE http://10.180.1.21/identity/v3/users/73c9e1afadb04d0998ae777dcfb7dea5 0.116s
2025-05-19 19:43:57.982 69647 INFO tempest.lib.common.dynamic_creds [-] Deleting project and security group for project: 67fde025caa8421a8a94a70d5b16c61c
2025-05-19 19:43:58.049 69647 INFO tempest.lib.common.rest_client [req-a8a460ed-bbc1-43f9-b9c0-be9108804ed4 req-a8a460ed-bbc1-43f9-b9c0-be9108804ed4 ] Request (ImagesDeleteNegativeTestJSON:tearDownClass): 201 POST http://10.180.1.21/identity/v3/auth/tokens 0.066s
2025-05-19 19:43:58.079 69661 INFO tempest.lib.common.rest_client [req-af2a4e10-ebed-4c56-b1bf-75b4f2576a6e req-af2a4e10-ebed-4c56-b1bf-75b4f2576a6e ] Request (ServerActionsTestOtherB:tearDownClass): 204 DELETE http://10.180.1.21:9696/networking/v2.0/routers/1eee478e-d11b-4eba-a397-7f5f61956466 3.480s
2025-05-19 19:43:58.107 69655 INFO tempest.lib.common.rest_client [req-39e8c335-95fb-4f5d-aa68-4a494d0b435a req-39e8c335-95fb-4f5d-aa68-4a494d0b435a ] Request (ServerMetadataNegativeTestJSON:setUpClass): 200 GET http://10.180.1.21/compute/v2.1/servers/0164b3cb-51f9-4281-9c1b-1f9e8325b7d9 1.285s
2025-05-19 19:43:58.122 69655 INFO tempest.common.waiters [-] State transition "BUILD/scheduling" ==> "ERROR/None" after 3 second wait
2025-05-19 19:43:58.217 69625 INFO tempest.lib.common.rest_client [req-b85e2dc3-10f0-401b-a885-18fa600f582d req-b85e2dc3-10f0-401b-a885-18fa600f582d ] Request (AbsoluteLimitsTestJSON:tearDownClass): 200 GET http://10.180.1.21:9696/networking/v2.0/security-groups?tenant_id=ab2b4171e1814518a9e0c7df3c335f5f&name=default 0.838s
2025-05-19 19:43:58.232 69633 INFO tempest.lib.common.rest_client [req-9a3f8eac-5159-4860-9954-85c41a3a440b req-9a3f8eac-5159-4860-9954-85c41a3a440b ] Request (ServerActionsV293TestJSON:setUpClass): 200 GET http://10.180.1.21/compute/v2.1/servers/e9e11137-32bc-4d76-ba94-be1b5ea80ad6 1.252s
2025-05-19 19:43:58.254 69659 INFO tempest.lib.common.rest_client [req-a7b8b917-275c-43c0-a108-aa8f097efb68 req-a7b8b917-275c-43c0-a108-aa8f097efb68 ] Request (AttachInterfacesTestJSON:setUpClass): 201 POST http://10.180.1.21:9696/networking/v2.0/subnets 2.127s
2025-05-19 19:43:58.290 69642 INFO tempest.lib.common.rest_client [req-10aab0c3-659b-48c8-b185-70cea95d6669 req-10aab0c3-659b-48c8-b185-70cea95d6669 ] Request (ExtensionsTest:tearDownClass): 204 DELETE http://10.180.1.21:9696/networking/v2.0/security-groups/7a460d1b-7795-4e15-bbe6-ac5a755c9410 0.688s
2025-05-19 19:43:58.301 69645 INFO tempest.lib.common.rest_client [req-a5aab9d9-b2fa-4d3b-bf44-121cf2eb956f req-a5aab9d9-b2fa-4d3b-bf44-121cf2eb956f ] Request (FloatingIPDetailsTestJSON:tearDownClass): 204 DELETE http://10.180.1.21:9696/networking/v2.0/routers/ef7e2ccd-81cb-4784-a5f0-f57ad46ecfe3 3.619s
2025-05-19 19:43:58.338 69637 INFO tempest.lib.common.rest_client [req-bae4fb6b-af44-4537-abc3-4f5bcb4cfe51 req-bae4fb6b-af44-4537-abc3-4f5bcb4cfe51 ] Request (InstanceActionsV221TestJSON:tearDownClass): 204 DELETE http://10.180.1.21:9696/networking/v2.0/routers/863aeb45-123e-4695-bbad-0c33c93625d6 3.477s
2025-05-19 19:43:58.392 69629 INFO tempest.lib.common.rest_client [req-5e111ad5-eb88-4c8c-97a4-c6c8f72356a9 req-5e111ad5-eb88-4c8c-97a4-c6c8f72356a9 ] Request (ImagesNegativeTestJSON:setUpClass): 200 PUT http://10.180.1.21:9696/networking/v2.0/routers/2f889114-938c-4d73-95ec-d2a465f7f39e/add_router_interface 8.570s
2025-05-19 19:43:58.393 69629 INFO tempest.lib.common.dynamic_creds [-] Created isolated network resources for: credentials: Credentials: {'domain_id': 'default', 'domain_name': 'Default', 'username': 'tempest-ImagesNegativeTestJSON-45269337-project-member', 'project_domain_id': 'default', 'project_domain_name': 'Default', 'project_id': '9256759a7ddb436b8e8a55ff4d934769', 'project_name': 'tempest-ImagesNegativeTestJSON-45269337', 'tenant_id': '9256759a7ddb436b8e8a55ff4d934769', 'tenant_name': 'tempest-ImagesNegativeTestJSON-45269337', 'user_domain_id': 'default', 'user_domain_name': 'Default', 'user_id': 'e96f1a2cbabf46969e5930591131be02', 'system': None}, Network: {'id': 'ff47cf52-590f-4130-ac3b-2b6a8b4bcadf', 'name': 'tempest-ImagesNegativeTestJSON-992944092-network', 'tenant_id': '9256759a7ddb436b8e8a55ff4d934769', 'admin_state_up': True, 'mtu': 8950, 'status': 'ACTIVE', 'subnets': [], 'shared': False, 'project_id': '9256759a7ddb436b8e8a55ff4d934769', 'port_security_enabled': True, 'router:external': False, 'provider:network_type': 'vlan', 'provider:physical_network': 'default', 'provider:segmentation_id': 169, 'availability_zone_hints': [], 'availability_zones': [], 'ipv4_address_scope': None, 'ipv6_address_scope': None, 'description': '', 'tags': [], 'created_at': '2025-05-19T19:43:44Z', 'updated_at': '2025-05-19T19:43:44Z', 'revision_number': 1}, Subnet: {'id': 'b5a57cdc-d723-4b50-8320-9f0101f9c8c2', 'name': 'tempest-ImagesNegativeTestJSON-992944092-subnet', 'tenant_id': '9256759a7ddb436b8e8a55ff4d934769', 'network_id': 'ff47cf52-590f-4130-ac3b-2b6a8b4bcadf', 'ip_version': 4, 'subnetpool_id': None, 'enable_dhcp': True, 'ipv6_ra_mode': None, 'ipv6_address_mode': None, 'gateway_ip': '192.168.128.1', 'cidr': '192.168.128.0/28', 'allocation_pools': [{'start': '192.168.128.2', 'end': '192.168.128.14'}], 'host_routes': [], 'dns_nameservers': [], 'description': '', 'router:external': False, 'service_types': [], 'tags': [], 'created_at': '2025-05-19T19:43:44Z', 'updated_at': '2025-05-19T19:43:44Z', 'revision_number': 0, 'project_id': '9256759a7ddb436b8e8a55ff4d934769'}, Router: {'id': '2f889114-938c-4d73-95ec-d2a465f7f39e', 'name': 'tempest-ImagesNegativeTestJSON-992944092-router', 'tenant_id': '9256759a7ddb436b8e8a55ff4d934769', 'admin_state_up': True, 'status': 'ACTIVE', 'external_gateway_info': {'network_id': 'c164de13-0661-44a9-b45b-9d6f7a8847f2', 'external_fixed_ips': [{'subnet_id': 'caa1390f-75a9-4ec8-aa9e-6e01aca8e0ea', 'ip_address': '10.180.180.195'}], 'enable_snat': True}, 'description': '', 'availability_zones': [], 'distributed': False, 'ha': False, 'availability_zone_hints': [], 'routes': [], 'flavor_id': None, 'tags': [], 'created_at': '2025-05-19T19:43:45Z', 'updated_at': '2025-05-19T19:43:47Z', 'revision_number': 2, 'project_id': '9256759a7ddb436b8e8a55ff4d934769'}
2025-05-19 19:43:58.399 69635 INFO tempest.lib.common.rest_client [req-3a85c7e3-8c58-47a6-9f43-476d10196568 req-3a85c7e3-8c58-47a6-9f43-476d10196568 ] Request (FlavorsV255TestJSON:test_crud_flavor): 200 GET http://10.180.1.21/compute/v2.1/flavors/1309633474 1.130s
2025-05-19 19:43:58.403 69642 INFO tempest.lib.common.rest_client [req-7fb22b2c-88b7-4380-b071-9845ae72f6cd req-7fb22b2c-88b7-4380-b071-9845ae72f6cd ] Request (ExtensionsTest:tearDownClass): 204 DELETE http://10.180.1.21/identity/v3/projects/8bf2423afca143e4b8e363a400f1bc2a 0.113s
2025-05-19 19:43:58.444 69649 INFO tempest.lib.common.rest_client [req-1cae16a2-aaad-4f00-80fc-ef039c2651b9 req-1cae16a2-aaad-4f00-80fc-ef039c2651b9 ] Request (ListImageFiltersTestJSON:setUpClass): 200 GET http://10.180.1.21/compute/v2.1/images/75f0f7f8-715e-4e6e-84be-f4a0797ccb3a 1.067s
2025-05-19 19:43:58.529 69629 INFO tempest.lib.common.rest_client [req-7fe4cc75-c623-43ce-a6c9-3e6d411dd523 req-7fe4cc75-c623-43ce-a6c9-3e6d411dd523 ] Request (ImagesNegativeTestJSON:setUpClass): 201 POST http://10.180.1.21/identity/v3/auth/tokens 0.129s
2025-05-19 19:43:58.570 69629 INFO tempest.lib.common.rest_client [req-c9168784-24d3-4336-becc-bc0f24c8caec req-c9168784-24d3-4336-becc-bc0f24c8caec ] Request (ImagesNegativeTestJSON:test_create_image_from_deleted_server): 201 POST http://10.180.1.21/identity/v3/auth/tokens 0.031s
2025-05-19 19:43:58.572 69629 INFO tempest.lib.common.fixed_network [-] (ImagesNegativeTestJSON:test_create_image_from_deleted_server) Found network {'id': 'ff47cf52-590f-4130-ac3b-2b6a8b4bcadf', 'name': 'tempest-ImagesNegativeTestJSON-992944092-network', 'tenant_id': '9256759a7ddb436b8e8a55ff4d934769', 'admin_state_up': True, 'mtu': 8950, 'status': 'ACTIVE', 'subnets': [], 'shared': False, 'project_id': '9256759a7ddb436b8e8a55ff4d934769', 'port_security_enabled': True, 'router:external': False, 'provider:network_type': 'vlan', 'provider:physical_network': 'default', 'provider:segmentation_id': 169, 'availability_zone_hints': [], 'availability_zones': [], 'ipv4_address_scope': None, 'ipv6_address_scope': None, 'description': '', 'tags': [], 'created_at': '2025-05-19T19:43:44Z', 'updated_at': '2025-05-19T19:43:44Z', 'revision_number': 1} available for tenant
2025-05-19 19:43:58.726 69623 INFO tempest.lib.common.rest_client [req-e9c90ec7-8192-4796-89bf-03985c37edfc req-e9c90ec7-8192-4796-89bf-03985c37edfc ] Request (ServersAaction247Test:test_create_backup): 202 POST http://10.180.1.21/compute/v2.1/servers 1.105s
2025-05-19 19:43:58.900 69621 INFO tempest.lib.common.rest_client [req-f41632fb-ec22-4aa0-a9a2-c97301992115 req-f41632fb-ec22-4aa0-a9a2-c97301992115 ] Request (ServersAdminNegativeTestJSON:setUpClass): 200 GET http://10.180.1.21/compute/v2.1/servers/52e9fd58-36f6-430b-a1e2-c61f442f7202 1.052s
2025-05-19 19:43:58.918 69625 INFO tempest.lib.common.rest_client [req-f4cd22bf-a7a1-4aa1-a686-125c45c00273 req-f4cd22bf-a7a1-4aa1-a686-125c45c00273 ] Request (AbsoluteLimitsTestJSON:tearDownClass): 204 DELETE http://10.180.1.21:9696/networking/v2.0/security-groups/ce503749-cdc6-43e8-890c-a8cc9d7afd18 0.701s
2025-05-19 19:43:58.979 69661 INFO tempest.lib.common.rest_client [req-f70d9a43-6628-4451-a9a4-859014705a70 req-f70d9a43-6628-4451-a9a4-859014705a70 ] Request (ServerActionsTestOtherB:tearDownClass): 204 DELETE http://10.180.1.21:9696/networking/v2.0/subnets/81f72824-011f-4362-babf-6c3f3424b6c1 0.900s
2025-05-19 19:43:58.989 69619 INFO tempest.lib.common.rest_client [req-665812b4-8fa9-4e91-985c-507338cf609b req-665812b4-8fa9-4e91-985c-507338cf609b ] Request (AttachInterfacesUnderV243Test:tearDownClass): 204 DELETE http://10.180.1.21:9696/networking/v2.0/networks/ec0ac165-a66a-41ab-9f8d-1ab889065585 1.838s
2025-05-19 19:43:59.040 69631 INFO tempest.lib.common.rest_client [req-7401ec7f-e174-4bc7-bcd6-fb10789aeb38 req-7401ec7f-e174-4bc7-bcd6-fb10789aeb38 ] Request (FloatingIPsTestJSON:setUpClass): 201 POST http://10.180.1.21:9696/networking/v2.0/subnets 1.830s
2025-05-19 19:43:59.042 69625 INFO tempest.lib.common.rest_client [req-c3dab57f-0100-4c25-a583-be2ef24ba84b req-c3dab57f-0100-4c25-a583-be2ef24ba84b ] Request (AbsoluteLimitsTestJSON:tearDownClass): 204 DELETE http://10.180.1.21/identity/v3/projects/ab2b4171e1814518a9e0c7df3c335f5f 0.123s
2025-05-19 19:43:59.042 69647 INFO tempest.lib.common.rest_client [req-dd3e285e-b7e9-48b8-a51e-a8d77d53c299 req-dd3e285e-b7e9-48b8-a51e-a8d77d53c299 ] Request (ImagesDeleteNegativeTestJSON:tearDownClass): 200 GET http://10.180.1.21:9696/networking/v2.0/security-groups?tenant_id=67fde025caa8421a8a94a70d5b16c61c&name=default 0.992s
2025-05-19 19:43:59.071 69619 INFO tempest.lib.common.rest_client [req-ef0fa368-e491-4ce0-bd5a-ef59703f0d93 req-ef0fa368-e491-4ce0-bd5a-ef59703f0d93 ] Request (AttachInterfacesUnderV243Test:tearDownClass): 204 DELETE http://10.180.1.21/identity/v3/users/f383653282ba45f0994d11a4b93d940b 0.081s
2025-05-19 19:43:59.071 69663 INFO tempest.lib.common.rest_client [req-ceec28b0-54fe-4bf1-8b09-7fe7cdc9e9b7 req-ceec28b0-54fe-4bf1-8b09-7fe7cdc9e9b7 ] Request (ServerActionsTestOtherA:setUpClass): 201 POST http://10.180.1.21:9696/networking/v2.0/subnets 1.850s
2025-05-19 19:43:59.071 69619 INFO tempest.lib.common.dynamic_creds [-] Deleting project and security group for project: b018b3f0cdf7498186c6519495399605
2025-05-19 19:43:59.106 69637 INFO tempest.lib.common.rest_client [req-1c843960-8cf4-45ef-8364-1c91ecda1d73 req-1c843960-8cf4-45ef-8364-1c91ecda1d73 ] Request (InstanceActionsV221TestJSON:tearDownClass): 204 DELETE http://10.180.1.21:9696/networking/v2.0/subnets/7eb846e7-5f3f-4a14-94db-029f399f8bbc 0.768s
2025-05-19 19:43:59.119 69625 INFO tempest.lib.common.rest_client [req-56f6eac7-6141-4095-b06b-fdef8f005265 req-56f6eac7-6141-4095-b06b-fdef8f005265 ] Request (MultipleCreateNegativeTestJSON:setUpClass): 201 POST http://10.180.1.21/identity/v3/auth/tokens 0.076s
2025-05-19 19:43:59.157 69625 INFO tempest.lib.common.rest_client [req-dc122460-0b25-4dd9-b32d-aa60db9f1fac req-dc122460-0b25-4dd9-b32d-aa60db9f1fac ] Request (MultipleCreateNegativeTestJSON:setUpClass): 201 POST http://10.180.1.21/identity/v3/auth/tokens 0.035s
2025-05-19 19:43:59.198 69625 INFO tempest.lib.common.rest_client [req-c98d839f-5628-4034-95fa-ae9105cba678 req-c98d839f-5628-4034-95fa-ae9105cba678 ] Request (MultipleCreateNegativeTestJSON:setUpClass): 200 GET http://10.180.1.21/identity/v3/domains?name=Default 0.041s
2025-05-19 19:43:59.202 69627 INFO tempest.lib.common.rest_client [req-5aac7712-3a24-4621-9d95-fb29bc4a00b0 req-5aac7712-3a24-4621-9d95-fb29bc4a00b0 ] Request (VolumesAdminNegativeTest:tearDownClass): 200 PUT http://10.180.1.21:9696/networking/v2.0/routers/a19dea89-4d39-4447-a542-ba1b9902d147/remove_router_interface 4.700s
2025-05-19 19:43:59.235 69625 INFO tempest.lib.common.rest_client [req-00e175f2-38b8-465b-bdef-68cccb18ca6c req-00e175f2-38b8-465b-bdef-68cccb18ca6c ] Request (MultipleCreateNegativeTestJSON:setUpClass): 201 POST http://10.180.1.21/identity/v3/projects 0.036s
2025-05-19 19:43:59.299 69619 INFO tempest.lib.common.rest_client [req-d72731d2-22e1-408d-85bb-6f4210c14497 req-d72731d2-22e1-408d-85bb-6f4210c14497 ] Request (AttachInterfacesUnderV243Test:tearDownClass): 200 GET http://10.180.1.21:9696/networking/v2.0/security-groups?tenant_id=b018b3f0cdf7498186c6519495399605&name=default 0.227s
2025-05-19 19:43:59.324 69625 INFO tempest.lib.common.rest_client [req-adc0eb13-b5af-4ea7-946e-9008825d33f5 req-adc0eb13-b5af-4ea7-946e-9008825d33f5 ] Request (MultipleCreateNegativeTestJSON:setUpClass): 201 POST http://10.180.1.21/identity/v3/users 0.088s
2025-05-19 19:43:59.333 69667 INFO tempest.lib.common.rest_client [req-3434a422-0ea2-4671-96ca-505dd18b05fa req-3434a422-0ea2-4671-96ca-505dd18b05fa ] Request (ServerActionsTestJSON:tearDownClass): 204 DELETE http://10.180.1.21:9696/networking/v2.0/networks/cc439685-2c4e-43c6-8275-896aa016a7c2 1.863s
2025-05-19 19:43:59.354 69625 INFO tempest.lib.common.rest_client [req-ee384d28-1234-4f86-8561-0ae3b37f8845 req-ee384d28-1234-4f86-8561-0ae3b37f8845 ] Request (MultipleCreateNegativeTestJSON:setUpClass): 200 GET http://10.180.1.21/identity/v3/roles 0.029s
2025-05-19 19:43:59.363 69645 INFO tempest.lib.common.rest_client [req-11f0899e-717e-4e65-b8aa-b81926b86461 req-11f0899e-717e-4e65-b8aa-b81926b86461 ] Request (FloatingIPDetailsTestJSON:tearDownClass): 204 DELETE http://10.180.1.21:9696/networking/v2.0/subnets/01e23c50-a059-45e7-b4f9-8365dfd0d32d 1.061s
2025-05-19 19:43:59.386 69639 INFO tempest.lib.common.rest_client [req-4721ab27-c1e3-4f15-9a4b-51fa7037fba3 req-4721ab27-c1e3-4f15-9a4b-51fa7037fba3 ] Request (ServerDiskConfigTestJSON:setUpClass): 200 PUT http://10.180.1.21:9696/networking/v2.0/routers/b8446301-07b7-4f64-952e-b4f908b62293/add_router_interface 6.950s
2025-05-19 19:43:59.387 69639 INFO tempest.lib.common.dynamic_creds [-] Created isolated network resources for: credentials: Credentials: {'domain_id': 'default', 'domain_name': 'Default', 'username': 'tempest-ServerDiskConfigTestJSON-130650823-project-member', 'project_domain_id': 'default', 'project_domain_name': 'Default', 'project_id': '2033a24a284a430eb8826a939634ed3c', 'project_name': 'tempest-ServerDiskConfigTestJSON-130650823', 'tenant_id': '2033a24a284a430eb8826a939634ed3c', 'tenant_name': 'tempest-ServerDiskConfigTestJSON-130650823', 'user_domain_id': 'default', 'user_domain_name': 'Default', 'user_id': '707ddddc02df416a9ef49356436961d4', 'system': None}, Network: {'id': '4d6cd389-38a2-4eed-ad37-e93c5ebce9bf', 'name': 'tempest-ServerDiskConfigTestJSON-164174199-network', 'tenant_id': '2033a24a284a430eb8826a939634ed3c', 'admin_state_up': True, 'mtu': 8950, 'status': 'ACTIVE', 'subnets': [], 'shared': False, 'project_id': '2033a24a284a430eb8826a939634ed3c', 'port_security_enabled': True, 'router:external': False, 'provider:network_type': 'vlan', 'provider:physical_network': 'default', 'provider:segmentation_id': 163, 'availability_zone_hints': [], 'availability_zones': [], 'ipv4_address_scope': None, 'ipv6_address_scope': None, 'description': '', 'tags': [], 'created_at': '2025-05-19T19:43:45Z', 'updated_at': '2025-05-19T19:43:45Z', 'revision_number': 1}, Subnet: {'id': 'd7716df7-c0cf-49d8-9edb-63be207543ba', 'name': 'tempest-ServerDiskConfigTestJSON-164174199-subnet', 'tenant_id': '2033a24a284a430eb8826a939634ed3c', 'network_id': '4d6cd389-38a2-4eed-ad37-e93c5ebce9bf', 'ip_version': 4, 'subnetpool_id': None, 'enable_dhcp': True, 'ipv6_ra_mode': None, 'ipv6_address_mode': None, 'gateway_ip': '192.168.128.1', 'cidr': '192.168.128.0/28', 'allocation_pools': [{'start': '192.168.128.2', 'end': '192.168.128.14'}], 'host_routes': [], 'dns_nameservers': [], 'description': '', 'router:external': False, 'service_types': [], 'tags': [], 'created_at': '2025-05-19T19:43:45Z', 'updated_at': '2025-05-19T19:43:45Z', 'revision_number': 0, 'project_id': '2033a24a284a430eb8826a939634ed3c'}, Router: {'id': 'b8446301-07b7-4f64-952e-b4f908b62293', 'name': 'tempest-ServerDiskConfigTestJSON-164174199-router', 'tenant_id': '2033a24a284a430eb8826a939634ed3c', 'admin_state_up': True, 'status': 'ACTIVE', 'external_gateway_info': {'network_id': 'c164de13-0661-44a9-b45b-9d6f7a8847f2', 'external_fixed_ips': [{'subnet_id': 'caa1390f-75a9-4ec8-aa9e-6e01aca8e0ea', 'ip_address': '10.180.180.230'}], 'enable_snat': True}, 'description': '', 'availability_zones': [], 'distributed': False, 'ha': False, 'availability_zone_hints': [], 'routes': [], 'flavor_id': None, 'tags': [], 'created_at': '2025-05-19T19:43:46Z', 'updated_at': '2025-05-19T19:43:49Z', 'revision_number': 2, 'project_id': '2033a24a284a430eb8826a939634ed3c'}
2025-05-19 19:43:59.393 69625 INFO tempest.lib.common.rest_client [req-455b948c-41af-43ba-b05f-47d9d7692495 req-455b948c-41af-43ba-b05f-47d9d7692495 ] Request (MultipleCreateNegativeTestJSON:setUpClass): 204 PUT http://10.180.1.21/identity/v3/projects/768814b267a8470d80394107ea3b3bec/users/77842090937243d4a33f6e797e639a90/roles/90d12add8f714bf8b246aba4e01e6ca7 0.038s
2025-05-19 19:43:59.393 69625 INFO tempest.lib.common.dynamic_creds [-] Dynamic test user 77842090937243d4a33f6e797e639a90 is created with scope project and roles: ['member']
2025-05-19 19:43:59.393 69625 INFO tempest.lib.common.dynamic_creds [-] Acquired dynamic creds: credentials: Credentials: {'domain_id': 'default', 'domain_name': 'Default', 'username': 'tempest-MultipleCreateNegativeTestJSON-447146426-project-member', 'project_domain_id': 'default', 'project_domain_name': 'Default', 'project_id': '768814b267a8470d80394107ea3b3bec', 'project_name': 'tempest-MultipleCreateNegativeTestJSON-447146426', 'tenant_id': '768814b267a8470d80394107ea3b3bec', 'tenant_name': 'tempest-MultipleCreateNegativeTestJSON-447146426', 'user_domain_id': 'default', 'user_domain_name': 'Default', 'user_id': '77842090937243d4a33f6e797e639a90', 'system': None}, Network: None, Subnet: None, Router: None
2025-05-19 19:43:59.393 69625 INFO tempest.lib.common.dynamic_creds [-] Created isolated network resources for: credentials: Credentials: {'domain_id': 'default', 'domain_name': 'Default', 'username': 'tempest-MultipleCreateNegativeTestJSON-447146426-project-member', 'project_domain_id': 'default', 'project_domain_name': 'Default', 'project_id': '768814b267a8470d80394107ea3b3bec', 'project_name': 'tempest-MultipleCreateNegativeTestJSON-447146426', 'tenant_id': '768814b267a8470d80394107ea3b3bec', 'tenant_name': 'tempest-MultipleCreateNegativeTestJSON-447146426', 'user_domain_id': 'default', 'user_domain_name': 'Default', 'user_id': '77842090937243d4a33f6e797e639a90', 'system': None}, Network: None, Subnet: None, Router: None
2025-05-19 19:43:59.401 69617 INFO tempest.lib.common.rest_client [req-0bd95a60-281b-475b-a666-443b41ef27ad req-0bd95a60-281b-475b-a666-443b41ef27ad ] Request (ServersV294TestFqdnHostnames:tearDownClass): 204 DELETE http://10.180.1.21:9696/networking/v2.0/routers/f265f36e-b3ec-4661-b573-5046793beaea 2.262s
2025-05-19 19:43:59.430 69667 INFO tempest.lib.common.rest_client [req-f7ab070d-33dd-4736-9aff-623cdfae5645 req-f7ab070d-33dd-4736-9aff-623cdfae5645 ] Request (ServerActionsTestJSON:tearDownClass): 204 DELETE http://10.180.1.21/identity/v3/users/f6935c7482ad4fc2bed55227373a60ca 0.097s
2025-05-19 19:43:59.430 69667 INFO tempest.lib.common.dynamic_creds [-] Deleting project and security group for project: c363e8d8378f4467a69f4dcba24986ea
2025-05-19 19:43:59.454 69673 INFO tempest.lib.common.rest_client [req-93d278ce-0a23-4851-8e86-f1ebb87dd494 req-93d278ce-0a23-4851-8e86-f1ebb87dd494 ] Request (SecurityGroupRulesNegativeTestJSON:tearDownClass): 202 DELETE http://10.180.1.21/compute/v2.1/os-security-groups/5cd374db-a594-43c8-9e49-751902e19a40 1.487s
2025-05-19 19:43:59.485 69639 INFO tempest.lib.common.rest_client [req-e4ce23f2-687a-4661-b381-301129594520 req-e4ce23f2-687a-4661-b381-301129594520 ] Request (ServerDiskConfigTestJSON:setUpClass): 201 POST http://10.180.1.21/identity/v3/auth/tokens 0.094s
2025-05-19 19:43:59.528 69625 INFO tempest.lib.common.rest_client [req-21da8efa-b02d-4804-bc77-21946d457a7a req-21da8efa-b02d-4804-bc77-21946d457a7a ] Request (MultipleCreateNegativeTestJSON:setUpClass): 201 POST http://10.180.1.21/identity/v3/auth/tokens 0.129s
2025-05-19 19:43:59.550 69639 INFO tempest.lib.common.rest_client [req-b61c002e-b412-42c9-83e4-908ddcc2c7c7 req-b61c002e-b412-42c9-83e4-908ddcc2c7c7 ] Request (ServerDiskConfigTestJSON:test_rebuild_server_with_auto_disk_config): 201 POST http://10.180.1.21/identity/v3/auth/tokens 0.058s
2025-05-19 19:43:59.553 69639 INFO tempest.lib.common.fixed_network [-] (ServerDiskConfigTestJSON:test_rebuild_server_with_auto_disk_config) Found network {'id': '4d6cd389-38a2-4eed-ad37-e93c5ebce9bf', 'name': 'tempest-ServerDiskConfigTestJSON-164174199-network', 'tenant_id': '2033a24a284a430eb8826a939634ed3c', 'admin_state_up': True, 'mtu': 8950, 'status': 'ACTIVE', 'subnets': [], 'shared': False, 'project_id': '2033a24a284a430eb8826a939634ed3c', 'port_security_enabled': True, 'router:external': False, 'provider:network_type': 'vlan', 'provider:physical_network': 'default', 'provider:segmentation_id': 163, 'availability_zone_hints': [], 'availability_zones': [], 'ipv4_address_scope': None, 'ipv6_address_scope': None, 'description': '', 'tags': [], 'created_at': '2025-05-19T19:43:45Z', 'updated_at': '2025-05-19T19:43:45Z', 'revision_number': 1} available for tenant
2025-05-19 19:43:59.568 69625 INFO tempest.lib.common.rest_client [req-1872a0c7-f5e1-451c-b071-f45cf10480fa req-1872a0c7-f5e1-451c-b071-f45cf10480fa ] Request (MultipleCreateNegativeTestJSON:test_max_count_less_than_min_count): 201 POST http://10.180.1.21/identity/v3/auth/tokens 0.033s
2025-05-19 19:43:59.569 69625 INFO tempest.lib.common.fixed_network [-] (MultipleCreateNegativeTestJSON:test_max_count_less_than_min_count) Found network None available for tenant
2025-05-19 19:43:59.671 69647 INFO tempest.lib.common.rest_client [req-3856fbc6-5255-4afc-85d9-f060ee9356e1 req-3856fbc6-5255-4afc-85d9-f060ee9356e1 ] Request (ImagesDeleteNegativeTestJSON:tearDownClass): 204 DELETE http://10.180.1.21:9696/networking/v2.0/security-groups/1a77deae-8a93-42bd-9a8b-95e0d8b683c6 0.628s
2025-05-19 19:43:59.725 69667 INFO tempest.lib.common.rest_client [req-f3d7a393-2f91-431e-91dc-e735f456952b req-f3d7a393-2f91-431e-91dc-e735f456952b ] Request (ServerActionsTestJSON:tearDownClass): 200 GET http://10.180.1.21:9696/networking/v2.0/security-groups?tenant_id=c363e8d8378f4467a69f4dcba24986ea&name=default 0.293s
2025-05-19 19:43:59.767 69647 INFO tempest.lib.common.rest_client [req-410437ab-546e-49c2-b775-b005c5b75df9 req-410437ab-546e-49c2-b775-b005c5b75df9 ] Request (ImagesDeleteNegativeTestJSON:tearDownClass): 204 DELETE http://10.180.1.21/identity/v3/projects/67fde025caa8421a8a94a70d5b16c61c 0.096s
2025-05-19 19:43:59.778 69669 INFO tempest.lib.common.rest_client [req-f929800b-bce1-4c49-a0f2-1f2a68d3039c req-f929800b-bce1-4c49-a0f2-1f2a68d3039c ] Request (ServerRescueNegativeTestJSON:tearDownClass): 204 DELETE http://10.180.1.21:9696/networking/v2.0/routers/d5841060-9992-46bd-9b13-e97c2e6ff0ec 3.256s
2025-05-19 19:43:59.807 69619 INFO tempest.lib.common.rest_client [req-e5372dc9-6072-45c3-be3e-ba07b6089807 req-e5372dc9-6072-45c3-be3e-ba07b6089807 ] Request (AttachInterfacesUnderV243Test:tearDownClass): 204 DELETE http://10.180.1.21:9696/networking/v2.0/security-groups/e20991f8-25d3-4e19-8983-c69e5dc6ba02 0.508s
2025-05-19 19:43:59.834 69655 INFO tempest.lib.common.rest_client [req-e0927237-8f82-4c0e-ba71-670c801f2e3c req-e0927237-8f82-4c0e-ba71-670c801f2e3c ] Request (ServerMetadataNegativeTestJSON:setUpClass): 204 DELETE http://10.180.1.21/compute/v2.1/servers/0164b3cb-51f9-4281-9c1b-1f9e8325b7d9 1.711s
2025-05-19 19:43:59.842 69647 INFO tempest.lib.common.rest_client [req-d9c65f4e-1b90-451b-9d0b-0b9da9100dca req-d9c65f4e-1b90-451b-9d0b-0b9da9100dca ] Request (ServerShowV247Test:setUpClass): 201 POST http://10.180.1.21/identity/v3/auth/tokens 0.073s
2025-05-19 19:43:59.882 69635 INFO tempest.lib.common.rest_client [req-13bcee98-8606-478c-8621-f897c8d4a502 req-13bcee98-8606-478c-8621-f897c8d4a502 ] Request (FlavorsV255TestJSON:test_crud_flavor): 200 PUT http://10.180.1.21/compute/v2.1/flavors/1309633474 1.480s
2025-05-19 19:43:59.883 69647 INFO tempest.lib.common.rest_client [req-e26608ea-fe46-4d2d-9235-61b811fdfc44 req-e26608ea-fe46-4d2d-9235-61b811fdfc44 ] Request (ServerShowV247Test:setUpClass): 201 POST http://10.180.1.21/identity/v3/auth/tokens 0.038s
2025-05-19 19:43:59.920 69647 INFO tempest.lib.common.rest_client [req-36a56e6e-e883-4739-b16e-237bc21b01e5 req-36a56e6e-e883-4739-b16e-237bc21b01e5 ] Request (ServerShowV247Test:setUpClass): 200 GET http://10.180.1.21/identity/v3/domains?name=Default 0.037s
2025-05-19 19:43:59.921 69617 INFO tempest.lib.common.rest_client [req-0d8c047b-2e2c-4c80-8350-9ebc0189ad04 req-0d8c047b-2e2c-4c80-8350-9ebc0189ad04 ] Request (ServersV294TestFqdnHostnames:tearDownClass): 204 DELETE http://10.180.1.21:9696/networking/v2.0/subnets/8420aa13-297b-4055-b410-b14723f3f7e7 0.519s
2025-05-19 19:43:59.923 69649 INFO tempest.lib.common.rest_client [req-368ddf0e-b8ec-43d1-a248-ad7d2dbfd902 req-368ddf0e-b8ec-43d1-a248-ad7d2dbfd902 ] Request (ListImageFiltersTestJSON:setUpClass): 200 GET http://10.180.1.21/compute/v2.1/images/75f0f7f8-715e-4e6e-84be-f4a0797ccb3a 1.476s
2025-05-19 19:43:59.954 69619 INFO tempest.lib.common.rest_client [req-cb1afc37-eee1-41cc-960c-c9f1d45da0b5 req-cb1afc37-eee1-41cc-960c-c9f1d45da0b5 ] Request (AttachInterfacesUnderV243Test:tearDownClass): 204 DELETE http://10.180.1.21/identity/v3/projects/b018b3f0cdf7498186c6519495399605 0.146s
2025-05-19 19:44:00.001 69647 INFO tempest.lib.common.rest_client [req-6c2780af-2e1b-4c21-b9dd-94ac3b97fab3 req-6c2780af-2e1b-4c21-b9dd-94ac3b97fab3 ] Request (ServerShowV247Test:setUpClass): 201 POST http://10.180.1.21/identity/v3/projects 0.080s
2025-05-19 19:44:00.058 69649 INFO tempest.lib.common.rest_client [req-7f8ea5bb-74c3-4707-a1fc-bbea17ac53eb req-7f8ea5bb-74c3-4707-a1fc-bbea17ac53eb ] Request (ListImageFiltersTestJSON:setUpClass): 201 POST http://10.180.1.21/identity/v3/auth/tokens 0.128s
2025-05-19 19:44:00.059 69649 INFO tempest.lib.common.fixed_network [-] (ListImageFiltersTestJSON:setUpClass) Found network None available for tenant
2025-05-19 19:44:00.074 69675 INFO tempest.lib.common.rest_client [req-a0ec0eb3-0197-46ca-a89a-846cd5f73145 req-a0ec0eb3-0197-46ca-a89a-846cd5f73145 ] Request (AttachVolumeTestJSON:test_list_get_volume_attachments): 202 POST http://10.180.1.21/compute/v2.1/servers 3.365s
2025-05-19 19:44:00.080 69669 INFO tempest.lib.common.rest_client [req-34cf561d-5e17-4d17-952b-4e0607427132 req-34cf561d-5e17-4d17-952b-4e0607427132 ] Request (ServerRescueNegativeTestJSON:tearDownClass): 204 DELETE http://10.180.1.21:9696/networking/v2.0/subnets/a032fdc5-ff6f-461b-aaea-7cc18cf5a4bc 0.302s
