2025-05-19 19:44:21.796 69627 INFO tempest.lib.common.rest_client [req-a9a3dc2a-bf87-4493-ad23-31bc4034bf9f req-a9a3dc2a-bf87-4493-ad23-31bc4034bf9f ] Request (ImagesTestJSON:setUpClass): 200 PUT http://10.180.1.21:9696/networking/v2.0/routers/ce5975ab-f31f-4886-ad13-670fdc758b83/add_router_interface 2.570s
2025-05-19 19:44:21.796 69627 INFO tempest.lib.common.dynamic_creds [-] Created isolated network resources for: credentials: Credentials: {'domain_id': 'default', 'domain_name': 'Default', 'username': 'tempest-ImagesTestJSON-1936708198-project-member', 'project_domain_id': 'default', 'project_domain_name': 'Default', 'project_id': '154613724e694337b8fcc489dd7bc6f3', 'project_name': 'tempest-ImagesTestJSON-1936708198', 'tenant_id': '154613724e694337b8fcc489dd7bc6f3', 'tenant_name': 'tempest-ImagesTestJSON-1936708198', 'user_domain_id': 'default', 'user_domain_name': 'Default', 'user_id': 'c84684621e0340d5b7b2716e7060f82d', 'system': None}, Network: {'id': 'ccf3f555-c521-4a75-b5ad-ae94bfc389d8', 'name': 'tempest-ImagesTestJSON-1595922244-network', 'tenant_id': '154613724e694337b8fcc489dd7bc6f3', 'admin_state_up': True, 'mtu': 8950, 'status': 'ACTIVE', 'subnets': [], 'shared': False, 'project_id': '154613724e694337b8fcc489dd7bc6f3', 'port_security_enabled': True, 'router:external': False, 'provider:network_type': 'vlan', 'provider:physical_network': 'default', 'provider:segmentation_id': 503, 'availability_zone_hints': [], 'availability_zones': [], 'ipv4_address_scope': None, 'ipv6_address_scope': None, 'description': '', 'tags': [], 'created_at': '2025-05-19T19:44:15Z', 'updated_at': '2025-05-19T19:44:15Z', 'revision_number': 1}, Subnet: {'id': '11eca03e-ea60-47cb-97e3-aa5b2423422a', 'name': 'tempest-ImagesTestJSON-1595922244-subnet', 'tenant_id': '154613724e694337b8fcc489dd7bc6f3', 'network_id': 'ccf3f555-c521-4a75-b5ad-ae94bfc389d8', 'ip_version': 4, 'subnetpool_id': None, 'enable_dhcp': True, 'ipv6_ra_mode': None, 'ipv6_address_mode': None, 'gateway_ip': '192.168.128.1', 'cidr': '192.168.128.0/28', 'allocation_pools': [{'start': '192.168.128.2', 'end': '192.168.128.14'}], 'host_routes': [], 'dns_nameservers': [], 'description': '', 'router:external': False, 'service_types': [], 'tags': [], 'created_at': '2025-05-19T19:44:16Z', 'updated_at': '2025-05-19T19:44:16Z', 'revision_number': 0, 'project_id': '154613724e694337b8fcc489dd7bc6f3'}, Router: {'id': 'ce5975ab-f31f-4886-ad13-670fdc758b83', 'name': 'tempest-ImagesTestJSON-1595922244-router', 'tenant_id': '154613724e694337b8fcc489dd7bc6f3', 'admin_state_up': True, 'status': 'ACTIVE', 'external_gateway_info': {'network_id': 'c164de13-0661-44a9-b45b-9d6f7a8847f2', 'external_fixed_ips': [{'subnet_id': 'caa1390f-75a9-4ec8-aa9e-6e01aca8e0ea', 'ip_address': '10.180.180.129'}], 'enable_snat': True}, 'description': '', 'availability_zones': [], 'distributed': False, 'ha': False, 'availability_zone_hints': [], 'routes': [], 'flavor_id': None, 'tags': [], 'created_at': '2025-05-19T19:44:16Z', 'updated_at': '2025-05-19T19:44:18Z', 'revision_number': 2, 'project_id': '154613724e694337b8fcc489dd7bc6f3'}
2025-05-19 19:44:21.881 69659 INFO tempest.lib.common.rest_client [req-5dd5b9e8-1c9c-406b-a4d3-a0ff14475da8 req-5dd5b9e8-1c9c-406b-a4d3-a0ff14475da8 ] Request (AttachInterfacesTestJSON:_run_cleanups): 204 DELETE http://10.180.1.21:9696/networking/v2.0/security-groups/959e3516-b7dd-4ec5-84d4-21c663915b14 0.483s
2025-05-19 19:44:21.888 69635 INFO tempest.lib.common.rest_client [req-870098e8-5b43-4ff0-bc4c-c5d00338d567 req-870098e8-5b43-4ff0-bc4c-c5d00338d567 ] Request (FlavorsV261TestJSON:tearDownClass): 204 DELETE http://10.180.1.21:9696/networking/v2.0/security-groups/b5cded03-d4c2-42d0-8c47-ba31b86e6629 0.414s
2025-05-19 19:44:21.903 69659 INFO tempest.lib.common.rest_client [req-35b028a1-dc5a-4355-8710-c816b426eef2 req-35b028a1-dc5a-4355-8710-c816b426eef2 ] Request (AttachInterfacesTestJSON:_run_cleanups): 404 GET http://10.180.1.21:9696/networking/v2.0/security-groups/959e3516-b7dd-4ec5-84d4-21c663915b14 0.020s
2025-05-19 19:44:21.906 69615 INFO tempest.lib.common.rest_client [req-212cab01-13b0-4e08-a57b-c068b3f2e3ab req-212cab01-13b0-4e08-a57b-c068b3f2e3ab ] Request (DeleteServersTestJSON:test_delete_server_while_in_building_state): 204 DELETE http://10.180.1.21/compute/v2.1/servers/4f6dfdb2-1577-4383-a6d7-7d28508d876e 1.847s
2025-05-19 19:44:21.920 69627 INFO tempest.lib.common.rest_client [req-9912b1f2-ee88-4b94-bc68-7b8c0faae118 req-9912b1f2-ee88-4b94-bc68-7b8c0faae118 ] Request (ImagesTestJSON:setUpClass): 201 POST http://10.180.1.21/identity/v3/auth/tokens 0.120s
2025-05-19 19:44:22.022 69635 INFO tempest.lib.common.rest_client [req-5d143d06-1392-473d-a932-3cb11ac648f5 req-5d143d06-1392-473d-a932-3cb11ac648f5 ] Request (FlavorsV261TestJSON:tearDownClass): 204 DELETE http://10.180.1.21/identity/v3/projects/d6858d54420d4440b913424579d2c918 0.133s
2025-05-19 19:44:22.062 69627 INFO tempest.lib.common.rest_client [req-aefeceb7-cdac-4817-a3f3-46147b9bcffd req-aefeceb7-cdac-4817-a3f3-46147b9bcffd ] Request (ImagesTestJSON:test_create_image_from_stopped_server): 201 POST http://10.180.1.21/identity/v3/auth/tokens 0.137s
2025-05-19 19:44:22.062 69627 INFO tempest.lib.common.fixed_network [-] (ImagesTestJSON:test_create_image_from_stopped_server) Found network {'id': 'ccf3f555-c521-4a75-b5ad-ae94bfc389d8', 'name': 'tempest-ImagesTestJSON-1595922244-network', 'tenant_id': '154613724e694337b8fcc489dd7bc6f3', 'admin_state_up': True, 'mtu': 8950, 'status': 'ACTIVE', 'subnets': [], 'shared': False, 'project_id': '154613724e694337b8fcc489dd7bc6f3', 'port_security_enabled': True, 'router:external': False, 'provider:network_type': 'vlan', 'provider:physical_network': 'default', 'provider:segmentation_id': 503, 'availability_zone_hints': [], 'availability_zones': [], 'ipv4_address_scope': None, 'ipv6_address_scope': None, 'description': '', 'tags': [], 'created_at': '2025-05-19T19:44:15Z', 'updated_at': '2025-05-19T19:44:15Z', 'revision_number': 1} available for tenant
2025-05-19 19:44:22.092 69635 INFO tempest.lib.common.rest_client [req-4b0bcb66-1b54-465c-8a94-4a2676dd6bc9 req-4b0bcb66-1b54-465c-8a94-4a2676dd6bc9 ] Request (SecurityGroupsNegativeTestJSON:setUpClass): 201 POST http://10.180.1.21/identity/v3/auth/tokens 0.066s
2025-05-19 19:44:22.129 69635 INFO tempest.lib.common.rest_client [req-3c4e13c9-1787-45fd-a6e5-fea5a808dd16 req-3c4e13c9-1787-45fd-a6e5-fea5a808dd16 ] Request (SecurityGroupsNegativeTestJSON:setUpClass): 201 POST http://10.180.1.21/identity/v3/auth/tokens 0.035s
2025-05-19 19:44:22.166 69635 INFO tempest.lib.common.rest_client [req-c81ace46-0408-4d48-a171-d9d98fbf5cfb req-c81ace46-0408-4d48-a171-d9d98fbf5cfb ] Request (SecurityGroupsNegativeTestJSON:setUpClass): 200 GET http://10.180.1.21/identity/v3/domains?name=Default 0.036s
2025-05-19 19:44:22.206 69635 INFO tempest.lib.common.rest_client [req-f0686073-d8d2-4d9e-9202-29ca49ff38b4 req-f0686073-d8d2-4d9e-9202-29ca49ff38b4 ] Request (SecurityGroupsNegativeTestJSON:setUpClass): 201 POST http://10.180.1.21/identity/v3/projects 0.039s
2025-05-19 19:44:22.284 69635 INFO tempest.lib.common.rest_client [req-aa317c12-27a2-4957-a17a-cdecd50643f0 req-aa317c12-27a2-4957-a17a-cdecd50643f0 ] Request (SecurityGroupsNegativeTestJSON:setUpClass): 201 POST http://10.180.1.21/identity/v3/users 0.077s
2025-05-19 19:44:22.311 69635 INFO tempest.lib.common.rest_client [req-97632401-492f-4bef-8668-3e84742d8810 req-97632401-492f-4bef-8668-3e84742d8810 ] Request (SecurityGroupsNegativeTestJSON:setUpClass): 200 GET http://10.180.1.21/identity/v3/roles 0.027s
2025-05-19 19:44:22.341 69635 INFO tempest.lib.common.rest_client [req-347704c3-fc28-4d59-8824-ba45dee7749f req-347704c3-fc28-4d59-8824-ba45dee7749f ] Request (SecurityGroupsNegativeTestJSON:setUpClass): 204 PUT http://10.180.1.21/identity/v3/projects/67674753bd184069916a48a45a5e72ab/users/b19b6c600d4b4dca8aff501777e00c45/roles/90d12add8f714bf8b246aba4e01e6ca7 0.029s
2025-05-19 19:44:22.341 69635 INFO tempest.lib.common.dynamic_creds [-] Dynamic test user b19b6c600d4b4dca8aff501777e00c45 is created with scope project and roles: ['member']
2025-05-19 19:44:22.341 69635 INFO tempest.lib.common.dynamic_creds [-] Acquired dynamic creds: credentials: Credentials: {'domain_id': 'default', 'domain_name': 'Default', 'username': 'tempest-SecurityGroupsNegativeTestJSON-875106447-project-member', 'project_domain_id': 'default', 'project_domain_name': 'Default', 'project_id': '67674753bd184069916a48a45a5e72ab', 'project_name': 'tempest-SecurityGroupsNegativeTestJSON-875106447', 'tenant_id': '67674753bd184069916a48a45a5e72ab', 'tenant_name': 'tempest-SecurityGroupsNegativeTestJSON-875106447', 'user_domain_id': 'default', 'user_domain_name': 'Default', 'user_id': 'b19b6c600d4b4dca8aff501777e00c45', 'system': None}, Network: None, Subnet: None, Router: None
2025-05-19 19:44:22.392 69631 INFO tempest.lib.common.rest_client [req-111ec277-ba2c-4241-ac8c-6d8c3fc74c06 req-111ec277-ba2c-4241-ac8c-6d8c3fc74c06 ] Request (FloatingIPsTestJSON:test_delete_floating_ip): 200 POST http://10.180.1.21/compute/v2.1/os-floating-ips 2.983s
2025-05-19 19:44:22.403 69635 INFO tempest.lib.common.rest_client [req-19e0529a-777f-460f-b59a-a8018014d758 req-19e0529a-777f-460f-b59a-a8018014d758 ] Request (SecurityGroupsNegativeTestJSON:setUpClass): 201 POST http://10.180.1.21/identity/v3/auth/tokens 0.060s
2025-05-19 19:44:22.468 69673 INFO tempest.lib.common.rest_client [req-6e6288af-5d5d-4cdf-bc9d-9f5597a8ed3a req-6e6288af-5d5d-4cdf-bc9d-9f5597a8ed3a ] Request (AttachVolumeShelveTestJSON:setUpClass): 200 PUT http://10.180.1.21:9696/networking/v2.0/routers/c890a171-dd84-42d2-8903-4f01c4d9d256/add_router_interface 2.810s
2025-05-19 19:44:22.468 69673 INFO tempest.lib.common.dynamic_creds [-] Created isolated network resources for: credentials: Credentials: {'domain_id': 'default', 'domain_name': 'Default', 'username': 'tempest-AttachVolumeShelveTestJSON-865984217-project-member', 'project_domain_id': 'default', 'project_domain_name': 'Default', 'project_id': '2e21902889034958bb5c79561f21d993', 'project_name': 'tempest-AttachVolumeShelveTestJSON-865984217', 'tenant_id': '2e21902889034958bb5c79561f21d993', 'tenant_name': 'tempest-AttachVolumeShelveTestJSON-865984217', 'user_domain_id': 'default', 'user_domain_name': 'Default', 'user_id': '9f904d51fb7741c292a4c059083e69cf', 'system': None}, Network: {'id': 'ad6b69f0-05e2-404b-87cd-7d58a49d9f2d', 'name': 'tempest-AttachVolumeShelveTestJSON-2120492582-network', 'tenant_id': '2e21902889034958bb5c79561f21d993', 'admin_state_up': True, 'mtu': 8950, 'status': 'ACTIVE', 'subnets': [], 'shared': False, 'project_id': '2e21902889034958bb5c79561f21d993', 'port_security_enabled': True, 'router:external': False, 'provider:network_type': 'vlan', 'provider:physical_network': 'default', 'provider:segmentation_id': 524, 'availability_zone_hints': [], 'availability_zones': [], 'ipv4_address_scope': None, 'ipv6_address_scope': None, 'description': '', 'tags': [], 'created_at': '2025-05-19T19:44:14Z', 'updated_at': '2025-05-19T19:44:14Z', 'revision_number': 1}, Subnet: {'id': '9e3659dd-04f6-4b31-bf7e-87404b4e0edd', 'name': 'tempest-AttachVolumeShelveTestJSON-2120492582-subnet', 'tenant_id': '2e21902889034958bb5c79561f21d993', 'network_id': 'ad6b69f0-05e2-404b-87cd-7d58a49d9f2d', 'ip_version': 4, 'subnetpool_id': None, 'enable_dhcp': True, 'ipv6_ra_mode': None, 'ipv6_address_mode': None, 'gateway_ip': '192.168.128.1', 'cidr': '192.168.128.0/28', 'allocation_pools': [{'start': '192.168.128.2', 'end': '192.168.128.14'}], 'host_routes': [], 'dns_nameservers': [], 'description': '', 'router:external': False, 'service_types': [], 'tags': [], 'created_at': '2025-05-19T19:44:14Z', 'updated_at': '2025-05-19T19:44:14Z', 'revision_number': 0, 'project_id': '2e21902889034958bb5c79561f21d993'}, Router: {'id': 'c890a171-dd84-42d2-8903-4f01c4d9d256', 'name': 'tempest-AttachVolumeShelveTestJSON-2120492582-router', 'tenant_id': '2e21902889034958bb5c79561f21d993', 'admin_state_up': True, 'status': 'ACTIVE', 'external_gateway_info': {'network_id': 'c164de13-0661-44a9-b45b-9d6f7a8847f2', 'external_fixed_ips': [{'subnet_id': 'caa1390f-75a9-4ec8-aa9e-6e01aca8e0ea', 'ip_address': '10.180.180.245'}], 'enable_snat': True}, 'description': '', 'availability_zones': [], 'distributed': False, 'ha': False, 'availability_zone_hints': [], 'routes': [], 'flavor_id': None, 'tags': [], 'created_at': '2025-05-19T19:44:15Z', 'updated_at': '2025-05-19T19:44:18Z', 'revision_number': 2, 'project_id': '2e21902889034958bb5c79561f21d993'}
2025-05-19 19:44:22.546 69673 INFO tempest.lib.common.rest_client [req-3c2692a5-1a35-402c-838b-26c815a1a7b3 req-3c2692a5-1a35-402c-838b-26c815a1a7b3 ] Request (AttachVolumeShelveTestJSON:setUpClass): 201 POST http://10.180.1.21/identity/v3/auth/tokens 0.072s
2025-05-19 19:44:22.648 69619 INFO tempest.lib.common.rest_client [req-63c84e9f-cc48-41fd-9322-6b8f88cc805c req-63c84e9f-cc48-41fd-9322-6b8f88cc805c ] Request (ServerTagsTestJSON:tearDownClass): 200 PUT http://10.180.1.21:9696/networking/v2.0/routers/c8055aeb-2351-4000-9311-3e8017eea71f/remove_router_interface 1.729s
2025-05-19 19:44:22.661 69625 INFO tempest.lib.common.rest_client [req-e130cfb3-0bf5-45d5-b00f-58a8f02373ad req-e130cfb3-0bf5-45d5-b00f-58a8f02373ad ] Request (ServerMetadataTestJSON:setUpClass): 202 POST http://10.180.1.21/compute/v2.1/servers 2.593s
2025-05-19 19:44:22.742 69663 INFO tempest.lib.common.rest_client [req-b720dfea-5213-4446-9931-ddd845e87feb req-b720dfea-5213-4446-9931-ddd845e87feb ] Request (ServerActionsTestOtherA:setUpClass): 200 GET http://10.180.1.21/compute/v2.1/servers/39d44030-4591-4db7-9083-287b15d0d8eb 1.945s
2025-05-19 19:44:22.802 69661 INFO tempest.lib.common.rest_client [req-28edebbb-98cd-4cc7-acd5-c75accad0cb5 req-28edebbb-98cd-4cc7-acd5-c75accad0cb5 ] Request (AttachVolumeNegativeTest:test_attach_attached_volume_to_different_server): 200 GET http://10.180.1.21/compute/v2.1/servers/1fc7d99a-d48d-428b-a6ca-447306274a4f 1.911s
2025-05-19 19:44:22.826 69637 INFO tempest.lib.common.rest_client [req-c7523957-f106-4ec5-8c5b-2e9932ed55f9 req-c7523957-f106-4ec5-8c5b-2e9932ed55f9 ] Request (ListServerFiltersTestJSON:tearDownClass): 404 GET http://10.180.1.21/compute/v2.1/servers/8ba91f2c-fb67-420f-8923-851e97164a34 1.517s
2025-05-19 19:44:22.896 69617 INFO tempest.lib.common.rest_client [req-b252de77-25f1-412f-bf47-938570bfa205 req-b252de77-25f1-412f-bf47-938570bfa205 ] Request (VolumesTestJSON:test_volume_list_param_limit): 200 GET http://10.180.1.21/compute/v2.1/os-volumes?limit=2 1.517s
2025-05-19 19:44:23.021 69659 INFO tempest.lib.common.rest_client [req-517cc21d-971f-41b2-a63b-a7e70cae0b5b req-517cc21d-971f-41b2-a63b-a7e70cae0b5b ] Request (AttachInterfacesTestJSON:_run_cleanups): 204 DELETE http://10.180.1.21:9696/networking/v2.0/floatingips/0b11d415-5012-4e7e-bee8-b21fdcc7632c 1.118s
2025-05-19 19:44:23.031 69619 INFO tempest.lib.common.rest_client [req-9bab0d29-5414-43a1-94c5-a6dc3df10239 req-9bab0d29-5414-43a1-94c5-a6dc3df10239 ] Request (ServerTagsTestJSON:tearDownClass): 204 DELETE http://10.180.1.21:9696/networking/v2.0/routers/c8055aeb-2351-4000-9311-3e8017eea71f 0.382s
2025-05-19 19:44:23.214 69619 INFO tempest.lib.common.rest_client [req-d73ff9b1-5b21-4464-b7ec-4680a4fb24b1 req-d73ff9b1-5b21-4464-b7ec-4680a4fb24b1 ] Request (ServerTagsTestJSON:tearDownClass): 204 DELETE http://10.180.1.21:9696/networking/v2.0/subnets/0440f3b2-cd13-49bc-819e-a27d6d587348 0.183s
2025-05-19 19:44:23.395 69619 INFO tempest.lib.common.rest_client [req-69d1cb1d-fa2c-46a0-8bae-f72377409471 req-69d1cb1d-fa2c-46a0-8bae-f72377409471 ] Request (ServerTagsTestJSON:tearDownClass): 204 DELETE http://10.180.1.21:9696/networking/v2.0/networks/f8bd8d18-fc04-474a-a39b-a12ea3ccfd85 0.181s
2025-05-19 19:44:23.441 69635 INFO tempest.lib.common.rest_client [req-0c7f474f-95c6-439b-b19e-c5bc41f157c5 req-0c7f474f-95c6-439b-b19e-c5bc41f157c5 ] Request (SecurityGroupsNegativeTestJSON:setUpClass): 201 POST http://10.180.1.21:9696/networking/v2.0/networks 1.037s
2025-05-19 19:44:23.447 69623 INFO tempest.lib.common.rest_client [req-f6dcd81b-5225-4fe3-b722-bd00f2471b8b req-f6dcd81b-5225-4fe3-b722-bd00f2471b8b ] Request (ServerPasswordTestJSON:setUpClass): 202 POST http://10.180.1.21/compute/v2.1/servers 3.032s
2025-05-19 19:44:23.473 69645 INFO tempest.lib.common.rest_client [req-fedde773-0107-4b03-beba-4380c2d58eee req-fedde773-0107-4b03-beba-4380c2d58eee ] Request (AttachInterfacesV270Test:test_create_get_list_interfaces): 404 GET http://10.180.1.21/compute/v2.1/servers/67c5b9b1-ef56-47a9-8db2-465a267d41e6 1.814s
2025-05-19 19:44:23.479 69621 INFO tempest.lib.common.rest_client [req-7aa0f95d-5ac8-452c-838c-135d6332c350 req-7aa0f95d-5ac8-452c-838c-135d6332c350 ] Request (ListServersNegativeTestJSON:setUpClass): 202 POST http://10.180.1.21/compute/v2.1/servers 1.923s
2025-05-19 19:44:23.480 69653 INFO tempest.lib.common.rest_client [req-ad307942-2a9f-42df-a934-c41ba32eb114 req-ad307942-2a9f-42df-a934-c41ba32eb114 ] Request (HostsAdminNegativeTestJSON:test_update_host_with_invalid_status): 400 PUT http://10.180.1.21/compute/v2.1/os-hosts/devstack 1.811s
2025-05-19 19:44:23.507 69615 INFO tempest.lib.common.rest_client [req-304cd47a-86ad-4014-840a-3ac58ec328d8 req-304cd47a-86ad-4014-840a-3ac58ec328d8 ] Request (DeleteServersTestJSON:test_delete_server_while_in_building_state): 404 GET http://10.180.1.21/compute/v2.1/servers/4f6dfdb2-1577-4383-a6d7-7d28508d876e 1.599s
2025-05-19 19:44:23.522 69619 INFO tempest.lib.common.rest_client [req-633721b5-bffe-43a5-92af-910ce6c7dc0a req-633721b5-bffe-43a5-92af-910ce6c7dc0a ] Request (ServerTagsTestJSON:tearDownClass): 204 DELETE http://10.180.1.21/identity/v3/users/c5fa8547f9a548cb833a02141aae46e6 0.126s
2025-05-19 19:44:23.522 69619 INFO tempest.lib.common.dynamic_creds [-] Deleting project and security group for project: a21be944875f44a3b2aca05c0c97693d
2025-05-19 19:44:23.583 69615 INFO tempest.lib.common.rest_client [req-20eed621-d546-4568-aea9-23a779ae23a2 req-20eed621-d546-4568-aea9-23a779ae23a2 ] Request (DeleteServersTestJSON:test_delete_server_while_in_shelved_state): 201 POST http://10.180.1.21/identity/v3/auth/tokens 0.069s
2025-05-19 19:44:23.583 69615 INFO tempest.lib.common.fixed_network [-] (DeleteServersTestJSON:test_delete_server_while_in_shelved_state) Found network {'id': '202f15b9-bcd6-4084-a335-87fa91be700a', 'name': 'tempest-DeleteServersTestJSON-1420746167-network', 'tenant_id': 'b0a5fe78b7d942d9b35c68f61fd104e1', 'admin_state_up': True, 'mtu': 8950, 'status': 'ACTIVE', 'subnets': [], 'shared': False, 'project_id': 'b0a5fe78b7d942d9b35c68f61fd104e1', 'port_security_enabled': True, 'router:external': False, 'provider:network_type': 'vlan', 'provider:physical_network': 'default', 'provider:segmentation_id': 118, 'availability_zone_hints': [], 'availability_zones': [], 'ipv4_address_scope': None, 'ipv6_address_scope': None, 'description': '', 'tags': [], 'created_at': '2025-05-19T19:43:44Z', 'updated_at': '2025-05-19T19:43:44Z', 'revision_number': 1} available for tenant
2025-05-19 19:44:23.594 69619 INFO tempest.lib.common.rest_client [req-e63b1ddb-d5b9-4440-9d77-1f77b4daa9ef req-e63b1ddb-d5b9-4440-9d77-1f77b4daa9ef ] Request (ServerTagsTestJSON:tearDownClass): 200 GET http://10.180.1.21:9696/networking/v2.0/security-groups?tenant_id=a21be944875f44a3b2aca05c0c97693d&name=default 0.072s
2025-05-19 19:44:23.596 69639 INFO tempest.lib.common.rest_client [req-a246632a-3804-412d-af96-56dd325bc019 req-a246632a-3804-412d-af96-56dd325bc019 ] Request (ServerDiskConfigTestJSON:test_resize_server_from_auto_to_manual): 200 GET http://10.180.1.21/compute/v2.1/servers/ee219f5e-bfcd-4685-b6a6-ea0f3dd77d33 1.571s
2025-05-19 19:44:23.715 69649 INFO tempest.lib.common.rest_client [req-6286080b-9621-4381-b13b-6cf9fcc04c07 req-6286080b-9621-4381-b13b-6cf9fcc04c07 ] Request (ServersTestBootFromVolume:setUpClass): 201 POST http://10.180.1.21:9696/networking/v2.0/routers 3.119s
2025-05-19 19:44:23.719 69635 INFO tempest.lib.common.rest_client [req-21497cbe-f5c5-493c-9804-2ab3822a558e req-21497cbe-f5c5-493c-9804-2ab3822a558e ] Request (SecurityGroupsNegativeTestJSON:setUpClass): 201 POST http://10.180.1.21:9696/networking/v2.0/subnets 0.277s
2025-05-19 19:44:23.747 69619 INFO tempest.lib.common.rest_client [req-f2d98a92-1a46-422e-91d0-75b8d668ebc7 req-f2d98a92-1a46-422e-91d0-75b8d668ebc7 ] Request (ServerTagsTestJSON:tearDownClass): 204 DELETE http://10.180.1.21:9696/networking/v2.0/security-groups/bba613a5-6a8d-40a8-ada9-ecaaf2f7ab93 0.152s
2025-05-19 19:44:23.843 69629 INFO tempest.lib.common.rest_client [req-d5cf14c1-5b76-40b4-b357-14e3efd5c645 req-d5cf14c1-5b76-40b4-b357-14e3efd5c645 ] Request (ServersTestMultiNic:setUpClass): 201 POST http://10.180.1.21:9696/networking/v2.0/routers 2.896s
2025-05-19 19:44:23.852 69619 INFO tempest.lib.common.rest_client [req-45369e69-eff2-445f-a8fe-bc9fb359412b req-45369e69-eff2-445f-a8fe-bc9fb359412b ] Request (ServerTagsTestJSON:tearDownClass): 204 DELETE http://10.180.1.21/identity/v3/projects/a21be944875f44a3b2aca05c0c97693d 0.104s
2025-05-19 19:44:23.928 69619 INFO tempest.lib.common.rest_client [req-22a42bf8-ce17-4114-b7f7-7a58368e951c req-22a42bf8-ce17-4114-b7f7-7a58368e951c ] Request (TestVersions:setUpClass): 201 POST http://10.180.1.21/identity/v3/auth/tokens 0.071s
2025-05-19 19:44:23.965 69619 INFO tempest.lib.common.rest_client [req-a8482fd2-e422-40e0-b35c-6fae11f65117 req-a8482fd2-e422-40e0-b35c-6fae11f65117 ] Request (TestVersions:setUpClass): 201 POST http://10.180.1.21/identity/v3/auth/tokens 0.035s
2025-05-19 19:44:24.015 69619 INFO tempest.lib.common.rest_client [req-0033b41d-f23a-421f-a859-a32ac34b2e9e req-0033b41d-f23a-421f-a859-a32ac34b2e9e ] Request (TestVersions:setUpClass): 200 GET http://10.180.1.21/identity/v3/domains?name=Default 0.049s
2025-05-19 19:44:24.061 69619 INFO tempest.lib.common.rest_client [req-3073a28e-3906-4695-8a11-13f2d5754463 req-3073a28e-3906-4695-8a11-13f2d5754463 ] Request (TestVersions:setUpClass): 201 POST http://10.180.1.21/identity/v3/projects 0.046s
2025-05-19 19:44:24.169 69619 INFO tempest.lib.common.rest_client [req-ac328c35-b015-429d-a9a8-4ea126fae629 req-ac328c35-b015-429d-a9a8-4ea126fae629 ] Request (TestVersions:setUpClass): 201 POST http://10.180.1.21/identity/v3/users 0.108s
2025-05-19 19:44:24.203 69619 INFO tempest.lib.common.rest_client [req-b0251373-946d-4eb9-89e6-410d0e523123 req-b0251373-946d-4eb9-89e6-410d0e523123 ] Request (TestVersions:setUpClass): 200 GET http://10.180.1.21/identity/v3/roles 0.033s
2025-05-19 19:44:24.255 69619 INFO tempest.lib.common.rest_client [req-953622ca-e788-481e-a88b-bbee0af52b84 req-953622ca-e788-481e-a88b-bbee0af52b84 ] Request (TestVersions:setUpClass): 204 PUT http://10.180.1.21/identity/v3/projects/7d71736ad6684108b04a7ef017343c53/users/87d689d543c74bb396eac8964371e520/roles/90d12add8f714bf8b246aba4e01e6ca7 0.051s
2025-05-19 19:44:24.256 69619 INFO tempest.lib.common.dynamic_creds [-] Dynamic test user 87d689d543c74bb396eac8964371e520 is created with scope project and roles: ['member']
2025-05-19 19:44:24.256 69619 INFO tempest.lib.common.dynamic_creds [-] Acquired dynamic creds: credentials: Credentials: {'domain_id': 'default', 'domain_name': 'Default', 'username': 'tempest-TestVersions-1828821308-project-member', 'project_domain_id': 'default', 'project_domain_name': 'Default', 'project_id': '7d71736ad6684108b04a7ef017343c53', 'project_name': 'tempest-TestVersions-1828821308', 'tenant_id': '7d71736ad6684108b04a7ef017343c53', 'tenant_name': 'tempest-TestVersions-1828821308', 'user_domain_id': 'default', 'user_domain_name': 'Default', 'user_id': '87d689d543c74bb396eac8964371e520', 'system': None}, Network: None, Subnet: None, Router: None
2025-05-19 19:44:24.256 69619 INFO tempest.lib.common.dynamic_creds [-] Created isolated network resources for: credentials: Credentials: {'domain_id': 'default', 'domain_name': 'Default', 'username': 'tempest-TestVersions-1828821308-project-member', 'project_domain_id': 'default', 'project_domain_name': 'Default', 'project_id': '7d71736ad6684108b04a7ef017343c53', 'project_name': 'tempest-TestVersions-1828821308', 'tenant_id': '7d71736ad6684108b04a7ef017343c53', 'tenant_name': 'tempest-TestVersions-1828821308', 'user_domain_id': 'default', 'user_domain_name': 'Default', 'user_id': '87d689d543c74bb396eac8964371e520', 'system': None}, Network: None, Subnet: None, Router: None
2025-05-19 19:44:24.375 69627 INFO tempest.lib.common.rest_client [req-95d58fef-01cf-475a-94a2-6cd69d0db4f4 req-95d58fef-01cf-475a-94a2-6cd69d0db4f4 ] Request (ImagesTestJSON:test_create_image_from_stopped_server): 202 POST http://10.180.1.21/compute/v2.1/servers 2.312s
2025-05-19 19:44:24.393 69633 INFO tempest.lib.common.rest_client [req-d94595ca-6968-4e02-b093-8c8e7ee87563 req-d94595ca-6968-4e02-b093-8c8e7ee87563 ] Request (ServersTestJSON:setUpClass): 200 PUT http://10.180.1.21:9696/networking/v2.0/routers/c6549336-9971-44d2-b926-393500babc84/add_router_interface 3.858s
2025-05-19 19:44:24.393 69633 INFO tempest.lib.common.dynamic_creds [-] Created isolated network resources for: credentials: Credentials: {'domain_id': 'default', 'domain_name': 'Default', 'username': 'tempest-ServersTestJSON-1466320522-project-member', 'project_domain_id': 'default', 'project_domain_name': 'Default', 'project_id': '921e00c833e44e84b90c77ea4da655ab', 'project_name': 'tempest-ServersTestJSON-1466320522', 'tenant_id': '921e00c833e44e84b90c77ea4da655ab', 'tenant_name': 'tempest-ServersTestJSON-1466320522', 'user_domain_id': 'default', 'user_domain_name': 'Default', 'user_id': 'bb34ff396fba471b9b26437c7f8c43c5', 'system': None}, Network: {'id': '1499b22d-e97a-4647-ac1c-c29bbd25a96d', 'name': 'tempest-ServersTestJSON-3423933-network', 'tenant_id': '921e00c833e44e84b90c77ea4da655ab', 'admin_state_up': True, 'mtu': 8950, 'status': 'ACTIVE', 'subnets': [], 'shared': False, 'project_id': '921e00c833e44e84b90c77ea4da655ab', 'port_security_enabled': True, 'router:external': False, 'provider:network_type': 'vlan', 'provider:physical_network': 'default', 'provider:segmentation_id': 648, 'availability_zone_hints': [], 'availability_zones': [], 'ipv4_address_scope': None, 'ipv6_address_scope': None, 'description': '', 'tags': [], 'created_at': '2025-05-19T19:44:16Z', 'updated_at': '2025-05-19T19:44:16Z', 'revision_number': 1}, Subnet: {'id': 'b4ccc1df-e2bf-4510-ab53-339151d64e4e', 'name': 'tempest-ServersTestJSON-3423933-subnet', 'tenant_id': '921e00c833e44e84b90c77ea4da655ab', 'network_id': '1499b22d-e97a-4647-ac1c-c29bbd25a96d', 'ip_version': 4, 'subnetpool_id': None, 'enable_dhcp': True, 'ipv6_ra_mode': None, 'ipv6_address_mode': None, 'gateway_ip': '192.168.128.1', 'cidr': '192.168.128.0/28', 'allocation_pools': [{'start': '192.168.128.2', 'end': '192.168.128.14'}], 'host_routes': [], 'dns_nameservers': [], 'description': '', 'router:external': False, 'service_types': [], 'tags': [], 'created_at': '2025-05-19T19:44:16Z', 'updated_at': '2025-05-19T19:44:16Z', 'revision_number': 0, 'project_id': '921e00c833e44e84b90c77ea4da655ab'}, Router: {'id': 'c6549336-9971-44d2-b926-393500babc84', 'name': 'tempest-ServersTestJSON-3423933-router', 'tenant_id': '921e00c833e44e84b90c77ea4da655ab', 'admin_state_up': True, 'status': 'ACTIVE', 'external_gateway_info': {'network_id': 'c164de13-0661-44a9-b45b-9d6f7a8847f2', 'external_fixed_ips': [{'subnet_id': 'caa1390f-75a9-4ec8-aa9e-6e01aca8e0ea', 'ip_address': '10.180.180.217'}], 'enable_snat': True}, 'description': '', 'availability_zones': [], 'distributed': False, 'ha': False, 'availability_zone_hints': [], 'routes': [], 'flavor_id': None, 'tags': [], 'created_at': '2025-05-19T19:44:17Z', 'updated_at': '2025-05-19T19:44:19Z', 'revision_number': 2, 'project_id': '921e00c833e44e84b90c77ea4da655ab'}
2025-05-19 19:44:24.403 69619 INFO tempest.lib.common.rest_client [req-08c11683-d159-4a7e-91b2-c268c2950d16 req-08c11683-d159-4a7e-91b2-c268c2950d16 ] Request (TestVersions:setUpClass): 201 POST http://10.180.1.21/identity/v3/auth/tokens 0.143s
2025-05-19 19:44:24.505 69633 INFO tempest.lib.common.rest_client [req-df9f83e9-77ed-465f-81b7-5795be921288 req-df9f83e9-77ed-465f-81b7-5795be921288 ] Request (ServersTestJSON:setUpClass): 201 POST http://10.180.1.21/identity/v3/auth/tokens 0.108s
2025-05-19 19:44:24.570 69673 INFO tempest.lib.common.rest_client [req-198394e7-c1cf-45fa-afd8-26852674c5ce req-198394e7-c1cf-45fa-afd8-26852674c5ce ] Request (ValidationResourcesFixture:setUp): 201 POST http://10.180.1.21/compute/v2.1/os-keypairs 2.021s
2025-05-19 19:44:24.573 69633 INFO tempest.lib.common.rest_client [req-9efeaf6d-553f-4586-baec-ffdc804b0a00 req-9efeaf6d-553f-4586-baec-ffdc804b0a00 ] Request (ServersTestJSON:setUpClass): 200 GET http://10.180.1.21/identity/v3/projects/921e00c833e44e84b90c77ea4da655ab 0.067s
2025-05-19 19:44:24.573 69633 INFO tempest.lib.common.dynamic_creds [-] Using the existing project 921e00c833e44e84b90c77ea4da655ab for scope project and roles: ['reader']
2025-05-19 19:44:24.619 69631 INFO tempest.lib.common.rest_client [req-b26e303f-5ccc-40c9-a4a9-c8e8bde76a22 req-b26e303f-5ccc-40c9-a4a9-c8e8bde76a22 ] Request (FloatingIPsTestJSON:test_delete_floating_ip): 202 DELETE http://10.180.1.21/compute/v2.1/os-floating-ips/89eb646e-2a72-45ec-8450-791c2b25e6b6 2.224s
2025-05-19 19:44:24.620 69633 INFO tempest.lib.common.rest_client [req-7d701663-aa65-4c90-a728-63a0e7a19a17 req-7d701663-aa65-4c90-a728-63a0e7a19a17 ] Request (ServersTestJSON:setUpClass): 201 POST http://10.180.1.21/identity/v3/users 0.046s
2025-05-19 19:44:24.648 69633 INFO tempest.lib.common.rest_client [req-aa10147e-f4dd-4e38-ae78-a21b05d4c93c req-aa10147e-f4dd-4e38-ae78-a21b05d4c93c ] Request (ServersTestJSON:setUpClass): 200 GET http://10.180.1.21/identity/v3/roles 0.028s
2025-05-19 19:44:24.678 69625 INFO tempest.lib.common.rest_client [req-bca61bda-5bd8-4550-9a46-5d81a879300f req-bca61bda-5bd8-4550-9a46-5d81a879300f ] Request (ServerMetadataTestJSON:setUpClass): 200 GET http://10.180.1.21/compute/v2.1/servers/6dd39b96-6056-4ac8-93b9-5fd843b72d27 2.015s
2025-05-19 19:44:24.691 69633 INFO tempest.lib.common.rest_client [req-b47db23f-5456-47c1-a843-cd0af430f9f7 req-b47db23f-5456-47c1-a843-cd0af430f9f7 ] Request (ServersTestJSON:setUpClass): 204 PUT http://10.180.1.21/identity/v3/projects/921e00c833e44e84b90c77ea4da655ab/users/abee2278342d4d9397053e5bb6a4d4f3/roles/bbcbe533d69d4ee8828325ffc4299183 0.043s
2025-05-19 19:44:24.691 69633 INFO tempest.lib.common.dynamic_creds [-] Dynamic test user abee2278342d4d9397053e5bb6a4d4f3 is created with scope project and roles: ['reader']
2025-05-19 19:44:24.692 69633 INFO tempest.lib.common.dynamic_creds [-] Acquired dynamic creds: credentials: Credentials: {'domain_id': 'default', 'domain_name': 'Default', 'username': 'tempest-ServersTestJSON-1466320522-project-reader', 'project_domain_id': 'default', 'project_domain_name': 'Default', 'project_id': '921e00c833e44e84b90c77ea4da655ab', 'project_name': 'tempest-ServersTestJSON-1466320522', 'tenant_id': '921e00c833e44e84b90c77ea4da655ab', 'tenant_name': 'tempest-ServersTestJSON-1466320522', 'user_domain_id': 'default', 'user_domain_name': 'Default', 'user_id': 'abee2278342d4d9397053e5bb6a4d4f3', 'system': None}, Network: None, Subnet: None, Router: None
2025-05-19 19:44:24.692 69633 INFO tempest.lib.common.dynamic_creds [-] Network resources are not created for requested scope: project and credentials: Credentials: {'domain_id': 'default', 'domain_name': 'Default', 'username': 'tempest-ServersTestJSON-1466320522-project-reader', 'project_domain_id': 'default', 'project_domain_name': 'Default', 'project_id': '921e00c833e44e84b90c77ea4da655ab', 'project_name': 'tempest-ServersTestJSON-1466320522', 'tenant_id': '921e00c833e44e84b90c77ea4da655ab', 'tenant_name': 'tempest-ServersTestJSON-1466320522', 'user_domain_id': 'default', 'user_domain_name': 'Default', 'user_id': 'abee2278342d4d9397053e5bb6a4d4f3', 'system': None}, Network: None, Subnet: None, Router: None
2025-05-19 19:44:24.787 69633 INFO tempest.lib.common.rest_client [req-e4d2d88c-6c1f-4337-b86c-3eed0db3d878 req-e4d2d88c-6c1f-4337-b86c-3eed0db3d878 ] Request (ServersTestJSON:setUpClass): 201 POST http://10.180.1.21/identity/v3/auth/tokens 0.089s
2025-05-19 19:44:24.869 69633 INFO tempest.lib.common.rest_client [req-c16d5183-46dd-4b06-87cf-415af79a9a0e req-c16d5183-46dd-4b06-87cf-415af79a9a0e ] Request (ServersTestJSON:test_create_server_specify_multibyte_character_name): 201 POST http://10.180.1.21/identity/v3/auth/tokens 0.075s
2025-05-19 19:44:24.869 69633 INFO tempest.lib.common.fixed_network [-] (ServersTestJSON:test_create_server_specify_multibyte_character_name) Found network {'id': '1499b22d-e97a-4647-ac1c-c29bbd25a96d', 'name': 'tempest-ServersTestJSON-3423933-network', 'tenant_id': '921e00c833e44e84b90c77ea4da655ab', 'admin_state_up': True, 'mtu': 8950, 'status': 'ACTIVE', 'subnets': [], 'shared': False, 'project_id': '921e00c833e44e84b90c77ea4da655ab', 'port_security_enabled': True, 'router:external': False, 'provider:network_type': 'vlan', 'provider:physical_network': 'default', 'provider:segmentation_id': 648, 'availability_zone_hints': [], 'availability_zones': [], 'ipv4_address_scope': None, 'ipv6_address_scope': None, 'description': '', 'tags': [], 'created_at': '2025-05-19T19:44:16Z', 'updated_at': '2025-05-19T19:44:16Z', 'revision_number': 1} available for tenant
2025-05-19 19:44:24.879 69663 INFO tempest.lib.common.rest_client [req-f75e8743-4f3e-4aa8-a773-63d875d6643f req-f75e8743-4f3e-4aa8-a773-63d875d6643f ] Request (ServerActionsTestOtherA:setUpClass): 204 DELETE http://10.180.1.21/compute/v2.1/servers/39d44030-4591-4db7-9083-287b15d0d8eb 2.130s
2025-05-19 19:44:24.925 69617 INFO tempest.lib.common.rest_client [req-96272479-78a8-4c47-88a3-b5d8007ac05c req-96272479-78a8-4c47-88a3-b5d8007ac05c ] Request (VolumesTestJSON:test_volume_list_param_offset_and_limit): 200 GET http://10.180.1.21/compute/v2.1/os-volumes 2.025s
2025-05-19 19:44:24.978 69659 INFO tempest.lib.common.rest_client [req-b53aab81-ca7e-4e59-a7d4-867fb7140504 req-b53aab81-ca7e-4e59-a7d4-867fb7140504 ] Request (ValidationResourcesFixture:setUp): 200 POST http://10.180.1.21/compute/v2.1/os-keypairs 1.953s
2025-05-19 19:44:25.037 69623 INFO tempest.lib.common.rest_client [req-c01f04ab-71b7-445f-902c-79cdc686a18e req-c01f04ab-71b7-445f-902c-79cdc686a18e ] Request (ServerPasswordTestJSON:setUpClass): 200 GET http://10.180.1.21/compute/v2.1/servers/a9421a2d-fe10-4db2-913a-b38a69f44cff 1.589s
2025-05-19 19:44:25.061 69637 INFO tempest.lib.common.rest_client [req-23e1e709-0da8-4800-bb5b-e456e7d200ea req-23e1e709-0da8-4800-bb5b-e456e7d200ea ] Request (ListServerFiltersTestJSON:tearDownClass): 204 DELETE http://10.180.1.21/compute/v2.1/servers/1c149bc3-6d76-47f4-a91b-a7ec2e3d0d9b 2.234s
2025-05-19 19:44:25.066 69653 INFO tempest.lib.common.rest_client [req-c8a48cc7-22b2-42c2-ae5b-45df266f3ea3 req-c8a48cc7-22b2-42c2-ae5b-45df266f3ea3 ] Request (HostsAdminNegativeTestJSON:test_update_host_with_non_admin_user): 403 PUT http://10.180.1.21/compute/v2.1/os-hosts/devstack 1.583s
2025-05-19 19:44:25.090 69645 INFO tempest.lib.common.rest_client [req-21e37619-7690-4b36-b393-aff9476dae00 req-21e37619-7690-4b36-b393-aff9476dae00 ] Request (AttachInterfacesV270Test:tearDownClass): 200 PUT http://10.180.1.21:9696/networking/v2.0/routers/2c22e493-4ca4-4803-a301-557874a2109a/remove_router_interface 1.613s
2025-05-19 19:44:25.151 69673 INFO tempest.lib.common.rest_client [req-ea483fb4-6c08-416d-8cb6-1396c0651509 req-ea483fb4-6c08-416d-8cb6-1396c0651509 ] Request (ValidationResourcesFixture:setUp): 201 POST http://10.180.1.21:9696/networking/v2.0/security-groups 0.580s
2025-05-19 19:44:25.152 69621 INFO tempest.lib.common.rest_client [req-8e301782-f199-45b8-bf75-da250d5bdf13 req-8e301782-f199-45b8-bf75-da250d5bdf13 ] Request (ListServersNegativeTestJSON:setUpClass): 200 GET http://10.180.1.21/compute/v2.1/servers 1.672s
2025-05-19 19:44:25.382 69639 INFO tempest.lib.common.rest_client [req-a3c1c126-c3cb-4990-bbf9-b36383263b0e req-a3c1c126-c3cb-4990-bbf9-b36383263b0e ] Request (ServerDiskConfigTestJSON:test_resize_server_from_auto_to_manual): 204 DELETE http://10.180.1.21/compute/v2.1/servers/ee219f5e-bfcd-4685-b6a6-ea0f3dd77d33 1.773s
2025-05-19 19:44:25.412 69659 INFO tempest.lib.common.rest_client [req-7a40be77-f75c-42b5-a591-c541c27c5348 req-7a40be77-f75c-42b5-a591-c541c27c5348 ] Request (ValidationResourcesFixture:setUp): 201 POST http://10.180.1.21:9696/networking/v2.0/security-groups 0.433s
2025-05-19 19:44:25.464 69661 INFO tempest.lib.common.rest_client [req-050b4050-aaaa-4b9e-886a-79d0f2eaf6cf req-050b4050-aaaa-4b9e-886a-79d0f2eaf6cf ] Request (AttachVolumeNegativeTest:test_attach_attached_volume_to_different_server): 200 GET http://10.180.1.21/compute/v2.1/servers/1fc7d99a-d48d-428b-a6ca-447306274a4f 1.645s
2025-05-19 19:44:25.483 69645 INFO tempest.lib.common.rest_client [req-207e27c5-5ecd-4ad5-a229-72d92457352d req-207e27c5-5ecd-4ad5-a229-72d92457352d ] Request (AttachInterfacesV270Test:tearDownClass): 204 DELETE http://10.180.1.21:9696/networking/v2.0/routers/2c22e493-4ca4-4803-a301-557874a2109a 0.393s
2025-05-19 19:44:25.526 69627 INFO tempest.lib.common.rest_client [req-a518a63c-ac3f-487d-81d5-259ecf194801 req-a518a63c-ac3f-487d-81d5-259ecf194801 ] Request (ImagesTestJSON:test_create_image_from_stopped_server): 200 GET http://10.180.1.21/compute/v2.1/servers/b4ce380b-c051-494e-992c-abbd8fd006a9 1.150s
2025-05-19 19:44:25.531 69619 INFO tempest.lib.common.rest_client [-] Request (TestVersions:test_get_version_details): 200 GET http://10.180.1.21/compute/ 1.127s
2025-05-19 19:44:25.570 69631 INFO tempest.lib.common.rest_client [req-ba78d565-254c-4ca8-b3bf-fb4e71598343 req-ba78d565-254c-4ca8-b3bf-fb4e71598343 ] Request (FloatingIPsTestJSON:test_delete_floating_ip): 404 GET http://10.180.1.21/compute/v2.1/os-floating-ips/89eb646e-2a72-45ec-8450-791c2b25e6b6 0.950s
2025-05-19 19:44:25.593 69673 INFO tempest.lib.common.rest_client [req-1c35ccd9-a53b-4934-88cb-f27092d2cfab req-1c35ccd9-a53b-4934-88cb-f27092d2cfab ] Request (ValidationResourcesFixture:setUp): 201 POST http://10.180.1.21:9696/networking/v2.0/security-group-rules 0.440s
2025-05-19 19:44:25.630 69645 INFO tempest.lib.common.rest_client [req-b479ab3b-8d40-4a25-8c90-9988e94ed29e req-b479ab3b-8d40-4a25-8c90-9988e94ed29e ] Request (AttachInterfacesV270Test:tearDownClass): 204 DELETE http://10.180.1.21:9696/networking/v2.0/subnets/24797912-6d8a-423c-b741-dc8ab557fcc8 0.147s
2025-05-19 19:44:25.780 69673 INFO tempest.lib.common.rest_client [req-80d9b57f-571b-4f9d-87bb-6597cd24d79c req-80d9b57f-571b-4f9d-87bb-6597cd24d79c ] Request (ValidationResourcesFixture:setUp): 201 POST http://10.180.1.21:9696/networking/v2.0/security-group-rules 0.187s
2025-05-19 19:44:25.845 69645 INFO tempest.lib.common.rest_client [req-a250ee5e-4243-440a-81c4-d6138f13e640 req-a250ee5e-4243-440a-81c4-d6138f13e640 ] Request (AttachInterfacesV270Test:tearDownClass): 204 DELETE http://10.180.1.21:9696/networking/v2.0/networks/68b07a4d-ceae-40f5-b079-a3201edb468a 0.214s
2025-05-19 19:44:25.856 69659 INFO tempest.lib.common.rest_client [req-2daa1cde-9cbd-4ed3-8761-1410722a17a3 req-2daa1cde-9cbd-4ed3-8761-1410722a17a3 ] Request (ValidationResourcesFixture:setUp): 201 POST http://10.180.1.21:9696/networking/v2.0/security-group-rules 0.443s
2025-05-19 19:44:25.966 69645 INFO tempest.lib.common.rest_client [req-edc37518-2fe5-483d-a9b7-59a59eed9ac5 req-edc37518-2fe5-483d-a9b7-59a59eed9ac5 ] Request (AttachInterfacesV270Test:tearDownClass): 204 DELETE http://10.180.1.21/identity/v3/users/e77b83c4a5d849a39601f1bfb88c31ca 0.120s
2025-05-19 19:44:25.966 69645 INFO tempest.lib.common.dynamic_creds [-] Deleting project and security group for project: 5d92b54aaff848d9a44b62d0dfb0363a
2025-05-19 19:44:25.986 69615 INFO tempest.lib.common.rest_client [req-9c9537ce-9c45-42a0-ac76-26e0cc57d1a7 req-9c9537ce-9c45-42a0-ac76-26e0cc57d1a7 ] Request (DeleteServersTestJSON:test_delete_server_while_in_shelved_state): 202 POST http://10.180.1.21/compute/v2.1/servers 2.402s
2025-05-19 19:44:26.011 69663 INFO tempest.lib.common.rest_client [req-57d105f5-726c-4c72-8dd1-5a89e5d88ec7 req-57d105f5-726c-4c72-8dd1-5a89e5d88ec7 ] Request (ServerActionsTestOtherA:setUpClass): 404 GET http://10.180.1.21/compute/v2.1/servers/39d44030-4591-4db7-9083-287b15d0d8eb 1.132s
2025-05-19 19:44:26.011 69645 INFO tempest.lib.common.rest_client [req-5614ce9e-7dda-4db2-b67c-564d5c1645c9 req-5614ce9e-7dda-4db2-b67c-564d5c1645c9 ] Request (AttachInterfacesV270Test:tearDownClass): 200 GET http://10.180.1.21:9696/networking/v2.0/security-groups?tenant_id=5d92b54aaff848d9a44b62d0dfb0363a&name=default 0.045s
2025-05-19 19:44:26.011 69663 INFO tempest.test [-] raised in ServerActionsTestOtherA.setUpClass. Invoking tearDownClass.
2025-05-19 19:44:26.045 69659 INFO tempest.lib.common.rest_client [req-0ccae353-84fb-4a8d-9ff3-360f8930742d req-0ccae353-84fb-4a8d-9ff3-360f8930742d ] Request (ValidationResourcesFixture:setUp): 201 POST http://10.180.1.21:9696/networking/v2.0/security-group-rules 0.189s
2025-05-19 19:44:26.055 69617 INFO tempest.lib.common.rest_client [req-f2223255-9053-4a32-84a6-a2acc0599734 req-f2223255-9053-4a32-84a6-a2acc0599734 ] Request (VolumesTestJSON:test_volume_list_param_offset_and_limit): 200 GET http://10.180.1.21/compute/v2.1/os-volumes?offset=1&limit=1 1.127s
2025-05-19 19:44:26.077 69637 INFO tempest.lib.common.rest_client [req-fd8a334e-8c18-41a5-8f64-15970e3e9b3f req-fd8a334e-8c18-41a5-8f64-15970e3e9b3f ] Request (ListServerFiltersTestJSON:tearDownClass): 404 GET http://10.180.1.21/compute/v2.1/servers/1c149bc3-6d76-47f4-a91b-a7ec2e3d0d9b 1.016s
2025-05-19 19:44:26.084 69653 INFO tempest.lib.common.rest_client [req-e45f03d6-295a-41b0-83a0-bcc7106d1607 req-e45f03d6-295a-41b0-83a0-bcc7106d1607 ] Request (HostsAdminNegativeTestJSON:test_update_host_without_param): 400 PUT http://10.180.1.21/compute/v2.1/os-hosts/devstack 1.015s
2025-05-19 19:44:26.134 69633 INFO tempest.lib.common.rest_client [req-b168e5c8-17f4-40be-9347-b66af2efe94f req-b168e5c8-17f4-40be-9347-b66af2efe94f ] Request (ServersTestJSON:test_create_server_specify_multibyte_character_name): 202 POST http://10.180.1.21/compute/v2.1/servers 1.264s
2025-05-19 19:44:26.155 69639 INFO tempest.lib.common.rest_client [req-3e981051-ebbf-439f-895e-868af1a81da3 req-3e981051-ebbf-439f-895e-868af1a81da3 ] Request (ServerDiskConfigTestJSON:test_resize_server_from_auto_to_manual): 404 GET http://10.180.1.21/compute/v2.1/servers/ee219f5e-bfcd-4685-b6a6-ea0f3dd77d33 0.772s
2025-05-19 19:44:26.173 69645 INFO tempest.lib.common.rest_client [req-dd29f78b-946d-4723-b60a-0cadcf05063f req-dd29f78b-946d-4723-b60a-0cadcf05063f ] Request (AttachInterfacesV270Test:tearDownClass): 204 DELETE http://10.180.1.21:9696/networking/v2.0/security-groups/a9b44e2d-4d4c-4b6b-99f7-1cac319bcb2d 0.161s
2025-05-19 19:44:26.216 69637 INFO tempest.lib.common.rest_client [req-dd5b5930-9f79-4c6e-9f68-47a816d9bc6e req-dd5b5930-9f79-4c6e-9f68-47a816d9bc6e ] Request (ListServerFiltersTestJSON:tearDownClass): 204 DELETE http://10.180.1.21:9696/networking/v2.0/subnets/7f1f91ae-2733-4851-8256-1cad073ab10f 0.138s
2025-05-19 19:44:26.224 69621 INFO tempest.lib.common.rest_client [req-d68eaf56-9a9d-41bc-adff-8a39629f41fe req-d68eaf56-9a9d-41bc-adff-8a39629f41fe ] Request (ListServersNegativeTestJSON:setUpClass): 200 GET http://10.180.1.21/compute/v2.1/servers/131dd1b6-06e1-4c9e-a288-db34d4dc0bcf 1.069s
2025-05-19 19:44:26.233 69619 INFO tempest.lib.common.rest_client [req-0e7f988e-75d3-439d-bac7-596762aaa137 req-0e7f988e-75d3-439d-bac7-596762aaa137 ] Request (TestVersions:test_get_version_details): 200 GET http://10.180.1.21/compute/v2/ 0.700s
2025-05-19 19:44:26.250 69639 INFO tempest.lib.common.rest_client [req-004fd965-8549-4ea6-a91e-35384367b6c3 req-004fd965-8549-4ea6-a91e-35384367b6c3 ] Request (ServerDiskConfigTestJSON:test_resize_server_from_manual_to_auto): 201 POST http://10.180.1.21/identity/v3/auth/tokens 0.089s
2025-05-19 19:44:26.250 69639 INFO tempest.lib.common.fixed_network [-] (ServerDiskConfigTestJSON:test_resize_server_from_manual_to_auto) Found network {'id': '4d6cd389-38a2-4eed-ad37-e93c5ebce9bf', 'name': 'tempest-ServerDiskConfigTestJSON-164174199-network', 'tenant_id': '2033a24a284a430eb8826a939634ed3c', 'admin_state_up': True, 'mtu': 8950, 'status': 'ACTIVE', 'subnets': [], 'shared': False, 'project_id': '2033a24a284a430eb8826a939634ed3c', 'port_security_enabled': True, 'router:external': False, 'provider:network_type': 'vlan', 'provider:physical_network': 'default', 'provider:segmentation_id': 163, 'availability_zone_hints': [], 'availability_zones': [], 'ipv4_address_scope': None, 'ipv6_address_scope': None, 'description': '', 'tags': [], 'created_at': '2025-05-19T19:43:45Z', 'updated_at': '2025-05-19T19:43:45Z', 'revision_number': 1} available for tenant
2025-05-19 19:44:26.316 69645 INFO tempest.lib.common.rest_client [req-e22f620c-7b0f-435d-9d59-0515c85f60ad req-e22f620c-7b0f-435d-9d59-0515c85f60ad ] Request (AttachInterfacesV270Test:tearDownClass): 204 DELETE http://10.180.1.21/identity/v3/projects/5d92b54aaff848d9a44b62d0dfb0363a 0.143s
2025-05-19 19:44:26.320 69631 INFO tempest.lib.common.rest_client [req-f06b6afc-5879-475d-b1eb-ac13c475c4c0 req-f06b6afc-5879-475d-b1eb-ac13c475c4c0 ] Request (FloatingIPsTestJSON:_run_cleanups): 404 DELETE http://10.180.1.21/compute/v2.1/os-floating-ips/89eb646e-2a72-45ec-8450-791c2b25e6b6 0.749s
2025-05-19 19:44:26.395 69645 INFO tempest.lib.common.rest_client [req-73c8a689-cdfd-4449-abb3-566e7c38541d req-73c8a689-cdfd-4449-abb3-566e7c38541d ] Request (ServerGroupTestJSON:setUpClass): 201 POST http://10.180.1.21/identity/v3/auth/tokens 0.076s
2025-05-19 19:44:26.406 69661 INFO tempest.lib.common.rest_client [req-b84a464c-aca8-41d9-9ac1-b2709b2c186f req-b84a464c-aca8-41d9-9ac1-b2709b2c186f ] Request (AttachVolumeNegativeTest:test_attach_attached_volume_to_different_server): 204 DELETE http://10.180.1.21/compute/v2.1/servers/1fc7d99a-d48d-428b-a6ca-447306274a4f 0.934s
2025-05-19 19:44:26.415 69637 INFO tempest.lib.common.rest_client [req-b5ad365c-09a3-4082-b71e-f40cd74cf94f req-b5ad365c-09a3-4082-b71e-f40cd74cf94f ] Request (ListServerFiltersTestJSON:tearDownClass): 204 DELETE http://10.180.1.21:9696/networking/v2.0/networks/878730a2-b354-40ec-bdab-f30c2de59153 0.199s
2025-05-19 19:44:26.434 69625 INFO tempest.lib.common.rest_client [req-549e9363-4d87-4a48-9b05-07f10f47734e req-549e9363-4d87-4a48-9b05-07f10f47734e ] Request (ServerMetadataTestJSON:setUpClass): 200 GET http://10.180.1.21/compute/v2.1/servers/6dd39b96-6056-4ac8-93b9-5fd843b72d27 0.746s
2025-05-19 19:44:26.436 69645 INFO tempest.lib.common.rest_client [req-947b33b9-7a40-4f17-8f9c-e02c140bacde req-947b33b9-7a40-4f17-8f9c-e02c140bacde ] Request (ServerGroupTestJSON:setUpClass): 201 POST http://10.180.1.21/identity/v3/auth/tokens 0.039s
2025-05-19 19:44:26.458 69615 INFO tempest.lib.common.rest_client [req-a8a04f8f-388a-4588-adbb-f90e09c7ce69 req-a8a04f8f-388a-4588-adbb-f90e09c7ce69 ] Request (DeleteServersTestJSON:test_delete_server_while_in_shelved_state): 200 GET http://10.180.1.21/compute/v2.1/servers/b42c814d-01c7-4653-8bc2-20d06277bd7a 0.470s
2025-05-19 19:44:26.460 69663 INFO tempest.lib.common.rest_client [req-9696b1db-28cc-40bc-9071-c00ed142b3fd req-9696b1db-28cc-40bc-9071-c00ed142b3fd ] Request (ServerActionsTestOtherA:tearDownClass): 202 DELETE http://10.180.1.21/compute/v2.1/os-keypairs/tempest-keypair-1223881344 0.448s
2025-05-19 19:44:26.463 69645 INFO tempest.lib.common.rest_client [req-a93e2644-3dd5-4d5e-9efc-4d97488eb94b req-a93e2644-3dd5-4d5e-9efc-4d97488eb94b ] Request (ServerGroupTestJSON:setUpClass): 200 GET http://10.180.1.21/identity/v3/domains?name=Default 0.027s
2025-05-19 19:44:26.488 69637 INFO tempest.lib.common.rest_client [req-75b8a3f5-9ebd-494a-8b21-5ae999cc1706 req-75b8a3f5-9ebd-494a-8b21-5ae999cc1706 ] Request (ListServerFiltersTestJSON:tearDownClass): 204 DELETE http://10.180.1.21/identity/v3/users/98172f817ba24350b2f94a86393fb48b 0.073s
2025-05-19 19:44:26.489 69637 INFO tempest.lib.common.dynamic_creds [-] Deleting project and security group for project: 9992fde829d7436a83480bb201ffe7cb
2025-05-19 19:44:26.501 69617 INFO tempest.lib.common.rest_client [req-85ce7d7b-baca-4bf7-9321-2ea6c89d2bd5 req-85ce7d7b-baca-4bf7-9321-2ea6c89d2bd5 ] Request (VolumesTestJSON:test_volume_list_with_detail_param_limit): 200 GET http://10.180.1.21/compute/v2.1/os-volumes/detail?limit=2 0.440s
2025-05-19 19:44:26.526 69653 INFO tempest.lib.common.rest_client [req-876c959e-fb17-4196-9a65-364b66840687 req-876c959e-fb17-4196-9a65-364b66840687 ] Request (HostsAdminNegativeTestJSON:test_update_nonexistent_host): 404 PUT http://10.180.1.21/compute/v2.1/os-hosts/nonexistent_hostname 0.441s
2025-05-19 19:44:26.529 69645 INFO tempest.lib.common.rest_client [req-42b6164f-6505-4a05-834c-b96a16b0d60b req-42b6164f-6505-4a05-834c-b96a16b0d60b ] Request (ServerGroupTestJSON:setUpClass): 201 POST http://10.180.1.21/identity/v3/projects 0.065s
2025-05-19 19:44:26.574 69637 INFO tempest.lib.common.rest_client [req-6275f851-e408-497b-9f26-683cdb6b9efc req-6275f851-e408-497b-9f26-683cdb6b9efc ] Request (ListServerFiltersTestJSON:tearDownClass): 200 GET http://10.180.1.21:9696/networking/v2.0/security-groups?tenant_id=9992fde829d7436a83480bb201ffe7cb&name=default 0.085s
2025-05-19 19:44:26.615 69633 INFO tempest.lib.common.rest_client [req-3dabd536-254d-4383-ab10-a1b2d8a88a30 req-3dabd536-254d-4383-ab10-a1b2d8a88a30 ] Request (ServersTestJSON:test_create_server_specify_multibyte_character_name): 200 GET http://10.180.1.21/compute/v2.1/servers/64977d9f-ddb0-4ceb-a92c-f9d784f7403c 0.478s
2025-05-19 19:44:26.617 69619 INFO tempest.lib.common.rest_client [req-29c3d04f-3361-4f09-b38d-65c72fb59f2b req-29c3d04f-3361-4f09-b38d-65c72fb59f2b ] Request (TestVersions:test_get_version_details): 200 GET http://10.180.1.21/compute/v2.1/ 0.382s
