2025-05-19 19:43:11.969 69639 INFO tempest.lib.common.dynamic_creds [-] Acquired dynamic creds: credentials: Credentials: {'domain_id': 'default', 'domain_name': 'Default', 'username': 'tempest-ImagesOneServerNegativeTestJSON-859187235-project-member', 'project_domain_id': 'default', 'project_domain_name': 'Default', 'project_id': '7e7f6465256b41948fb4d7d79c80f8a3', 'project_name': 'tempest-ImagesOneServerNegativeTestJSON-859187235', 'tenant_id': '7e7f6465256b41948fb4d7d79c80f8a3', 'tenant_name': 'tempest-ImagesOneServerNegativeTestJSON-859187235', 'user_domain_id': 'default', 'user_domain_name': 'Default', 'user_id': '566ef0790d3042db81439da3806ccfdf', 'system': None}, Network: None, Subnet: None, Router: None
2025-05-19 19:43:11.974 69619 INFO tempest.lib.common.rest_client [req-798a9d5c-8b3a-43b4-a784-eee52ce6319f req-798a9d5c-8b3a-43b4-a784-eee52ce6319f ] Request (AttachInterfacesUnderV243Test:setUpClass): 201 POST http://10.180.1.21/identity/v3/users 0.132s
2025-05-19 19:43:12.029 69671 INFO tempest.lib.common.rest_client [req-8d08be06-3125-4376-8820-0ad51cdc72bb req-8d08be06-3125-4376-8820-0ad51cdc72bb ] Request (HypervisorAdminUnderV252Test:setUpClass): 201 POST http://10.180.1.21/identity/v3/users 0.177s
2025-05-19 19:43:12.050 69637 INFO tempest.lib.common.rest_client [req-8d6578cc-2b9a-4c93-b1c7-b260997ae45a req-8d6578cc-2b9a-4c93-b1c7-b260997ae45a ] Request (ServerDiagnosticsNegativeTest:setUpClass): 200 GET http://10.180.1.21/identity/v3/roles 0.135s
2025-05-19 19:43:12.058 69661 INFO tempest.lib.common.rest_client [req-9893c2f8-c4fd-44ff-9b3a-bec555b3c4d2 req-9893c2f8-c4fd-44ff-9b3a-bec555b3c4d2 ] Request (ServerActionsTestOtherB:setUpClass): 201 POST http://10.180.1.21/identity/v3/users 0.144s
2025-05-19 19:43:12.175 69659 INFO tempest.lib.common.rest_client [req-bc91ecc1-9361-44b4-b5e4-9a0daf839375 req-bc91ecc1-9361-44b4-b5e4-9a0daf839375 ] Request (HypervisorAdminV228Test:tearDownClass): 204 DELETE http://10.180.1.21/identity/v3/users/c846569916064c9b863dcf7788e79f94 0.255s
2025-05-19 19:43:12.220 69649 INFO tempest.lib.common.rest_client [req-a7fc652a-624c-474b-8751-9ec2f0ba5093 req-a7fc652a-624c-474b-8751-9ec2f0ba5093 ] Request (VolumesAssistedSnapshotsTest:test_volume_assisted_snapshot_create_delete): 201 POST http://10.180.1.21:9696/networking/v2.0/floatingips 2.480s
2025-05-19 19:43:12.229 69617 INFO tempest.lib.common.rest_client [req-304b6d8d-5676-4dd5-9651-b71133a31abf req-304b6d8d-5676-4dd5-9651-b71133a31abf ] Request (ServerExternalEventsTest:test_create_server_external_events): 204 DELETE http://10.180.1.21/compute/v2.1/servers/e27acead-b7e2-4504-bc7b-b59410dda063 1.124s
2025-05-19 19:43:12.249 69631 INFO tempest.lib.common.rest_client [req-6ffcdc9e-d33f-4f7d-a7eb-fd924e07a9ac req-6ffcdc9e-d33f-4f7d-a7eb-fd924e07a9ac ] Request (DeleteServersAdminTestJSON:tearDownClass): 204 DELETE http://10.180.1.21:9696/networking/v2.0/security-groups/659d993c-0be3-43c4-b74e-38e8265e251e 0.698s
2025-05-19 19:43:12.254 69639 INFO tempest.lib.common.rest_client [req-bd6af124-3c76-48ee-b723-fa0258c0b537 req-bd6af124-3c76-48ee-b723-fa0258c0b537 ] Request (ImagesOneServerNegativeTestJSON:setUpClass): 201 POST http://10.180.1.21/identity/v3/auth/tokens 0.285s
2025-05-19 19:43:12.258 69619 INFO tempest.lib.common.rest_client [req-293eac36-3d26-4dd7-95db-119f62291c06 req-293eac36-3d26-4dd7-95db-119f62291c06 ] Request (AttachInterfacesUnderV243Test:setUpClass): 200 GET http://10.180.1.21/identity/v3/roles 0.282s
2025-05-19 19:43:12.287 69671 INFO tempest.lib.common.rest_client [req-df9685c7-2b42-4029-9d04-41a3c3bba8d2 req-df9685c7-2b42-4029-9d04-41a3c3bba8d2 ] Request (HypervisorAdminUnderV252Test:setUpClass): 200 GET http://10.180.1.21/identity/v3/roles 0.257s
2025-05-19 19:43:12.289 69637 INFO tempest.lib.common.rest_client [req-d3f6eb56-35ed-4c65-981a-de67b3f15c75 req-d3f6eb56-35ed-4c65-981a-de67b3f15c75 ] Request (ServerDiagnosticsNegativeTest:setUpClass): 204 PUT http://10.180.1.21/identity/v3/projects/3d2bd63cd5bd4341aee2f497a99894d9/users/67277a010c23471c8957f6be98ac5477/roles/6ab3e519bbb84e7e9f318f20dfaac417 0.238s
2025-05-19 19:43:12.289 69637 INFO tempest.lib.common.dynamic_creds [-] Dynamic test user 67277a010c23471c8957f6be98ac5477 is created with scope project and roles: ['admin']
2025-05-19 19:43:12.289 69637 INFO tempest.lib.common.dynamic_creds [-] Acquired dynamic creds: credentials: Credentials: {'domain_id': 'default', 'domain_name': 'Default', 'username': 'tempest-ServerDiagnosticsNegativeTest-631976146-project-admin', 'project_domain_id': 'default', 'project_domain_name': 'Default', 'project_id': '3d2bd63cd5bd4341aee2f497a99894d9', 'project_name': 'tempest-ServerDiagnosticsNegativeTest-631976146', 'tenant_id': '3d2bd63cd5bd4341aee2f497a99894d9', 'tenant_name': 'tempest-ServerDiagnosticsNegativeTest-631976146', 'user_domain_id': 'default', 'user_domain_name': 'Default', 'user_id': '67277a010c23471c8957f6be98ac5477', 'system': None}, Network: None, Subnet: None, Router: None
2025-05-19 19:43:12.289 69637 INFO tempest.lib.common.dynamic_creds [-] Created isolated network resources for: credentials: Credentials: {'domain_id': 'default', 'domain_name': 'Default', 'username': 'tempest-ServerDiagnosticsNegativeTest-631976146-project-admin', 'project_domain_id': 'default', 'project_domain_name': 'Default', 'project_id': '3d2bd63cd5bd4341aee2f497a99894d9', 'project_name': 'tempest-ServerDiagnosticsNegativeTest-631976146', 'tenant_id': '3d2bd63cd5bd4341aee2f497a99894d9', 'tenant_name': 'tempest-ServerDiagnosticsNegativeTest-631976146', 'user_domain_id': 'default', 'user_domain_name': 'Default', 'user_id': '67277a010c23471c8957f6be98ac5477', 'system': None}, Network: None, Subnet: None, Router: None
2025-05-19 19:43:12.342 69651 INFO tempest.lib.common.rest_client [req-5e527bf1-05fa-4a07-a280-4e4e3a297eb9 req-5e527bf1-05fa-4a07-a280-4e4e3a297eb9 ] Request (ServersTestJSON:setUpClass): 201 POST http://10.180.1.21:9696/networking/v2.0/security-groups 0.781s
2025-05-19 19:43:12.357 69661 INFO tempest.lib.common.rest_client [req-7eaa16eb-f332-415a-ab4b-0acdc527818c req-7eaa16eb-f332-415a-ab4b-0acdc527818c ] Request (ServerActionsTestOtherB:setUpClass): 200 GET http://10.180.1.21/identity/v3/roles 0.298s
2025-05-19 19:43:12.429 69659 INFO tempest.lib.common.rest_client [req-aba7f1e0-f45a-4f73-81b7-6c7a82a48e63 req-aba7f1e0-f45a-4f73-81b7-6c7a82a48e63 ] Request (HypervisorAdminV228Test:tearDownClass): 204 DELETE http://10.180.1.21/identity/v3/users/a35b86856952486fbb6c98ee3c8af38e 0.253s
2025-05-19 19:43:12.429 69659 INFO tempest.lib.common.dynamic_creds [-] Deleting project and security group for project: ffc2b8b211ae4c9c99e3509565f38043
2025-05-19 19:43:12.485 69649 INFO tempest.lib.common.rest_client [req-41715361-66d2-4459-9701-7d6610675dbd req-41715361-66d2-4459-9701-7d6610675dbd ] Request (VolumesAssistedSnapshotsTest:test_volume_assisted_snapshot_create_delete): 201 POST http://10.180.1.21/identity/v3/auth/tokens 0.261s
2025-05-19 19:43:12.486 69649 INFO tempest.lib.common.fixed_network [-] (VolumesAssistedSnapshotsTest:test_volume_assisted_snapshot_create_delete) Found network {'id': '5c411452-0af9-4dff-b626-3902fb3e9370', 'name': 'tempest-VolumesAssistedSnapshotsTest-323809371-network', 'tenant_id': '7eabcf17a3a54657a49ef2287467333f', 'admin_state_up': True, 'mtu': 8950, 'status': 'ACTIVE', 'subnets': [], 'shared': False, 'project_id': '7eabcf17a3a54657a49ef2287467333f', 'port_security_enabled': True, 'router:external': False, 'provider:network_type': 'vlan', 'provider:physical_network': 'default', 'provider:segmentation_id': 361, 'availability_zone_hints': [], 'availability_zones': [], 'ipv4_address_scope': None, 'ipv6_address_scope': None, 'description': '', 'tags': [], 'created_at': '2025-05-19T19:42:45Z', 'updated_at': '2025-05-19T19:42:45Z', 'revision_number': 1} available for tenant
2025-05-19 19:43:12.516 69631 INFO tempest.lib.common.rest_client [req-8179177c-8e6a-4426-8fe6-ff63d5786ad6 req-8179177c-8e6a-4426-8fe6-ff63d5786ad6 ] Request (DeleteServersAdminTestJSON:tearDownClass): 204 DELETE http://10.180.1.21/identity/v3/projects/3c57519df4d04c11b1ed59bc09e18555 0.266s
2025-05-19 19:43:12.516 69631 INFO tempest.lib.common.dynamic_creds [-] Deleting project and security group for project: acf8176692da4acbb69a2cad5037151a
2025-05-19 19:43:12.518 69633 INFO tempest.lib.common.rest_client [req-3fc3dc17-2a61-4c5a-8674-93e9e27f35c2 req-3fc3dc17-2a61-4c5a-8674-93e9e27f35c2 ] Request (QuotasAdminTestV257:test_get_updated_quotas): 200 PUT http://10.180.1.21/compute/v2.1/os-quota-sets/65f072a4ec9f4f30afa55d713577958e?user_id=ce3983c7a9fd40bdb4e0491b9a1a9f78 1.255s
2025-05-19 19:43:12.545 69629 INFO tempest.lib.common.rest_client [req-e5914ac5-3b6e-4e59-9118-03570e5f48ab req-e5914ac5-3b6e-4e59-9118-03570e5f48ab ] Request (FlavorsAccessNegativeTestJSON:test_flavor_non_admin_remove): 200 POST http://10.180.1.21/compute/v2.1/flavors 0.784s
2025-05-19 19:43:12.557 69619 INFO tempest.lib.common.rest_client [req-3caaacbb-1ebf-4899-9332-4f3eb7fd7668 req-3caaacbb-1ebf-4899-9332-4f3eb7fd7668 ] Request (AttachInterfacesUnderV243Test:setUpClass): 204 PUT http://10.180.1.21/identity/v3/projects/b018b3f0cdf7498186c6519495399605/users/f383653282ba45f0994d11a4b93d940b/roles/90d12add8f714bf8b246aba4e01e6ca7 0.298s
2025-05-19 19:43:12.558 69619 INFO tempest.lib.common.dynamic_creds [-] Dynamic test user f383653282ba45f0994d11a4b93d940b is created with scope project and roles: ['member']
2025-05-19 19:43:12.558 69619 INFO tempest.lib.common.dynamic_creds [-] Acquired dynamic creds: credentials: Credentials: {'domain_id': 'default', 'domain_name': 'Default', 'username': 'tempest-AttachInterfacesUnderV243Test-1580809689-project-member', 'project_domain_id': 'default', 'project_domain_name': 'Default', 'project_id': 'b018b3f0cdf7498186c6519495399605', 'project_name': 'tempest-AttachInterfacesUnderV243Test-1580809689', 'tenant_id': 'b018b3f0cdf7498186c6519495399605', 'tenant_name': 'tempest-AttachInterfacesUnderV243Test-1580809689', 'user_domain_id': 'default', 'user_domain_name': 'Default', 'user_id': 'f383653282ba45f0994d11a4b93d940b', 'system': None}, Network: None, Subnet: None, Router: None
2025-05-19 19:43:12.563 69625 INFO tempest.lib.common.rest_client [req-1e94b545-b6a4-48c3-9559-6f8a70766648 req-1e94b545-b6a4-48c3-9559-6f8a70766648 ] Request (FlavorsAdminTestJSON:test_is_public_string_variations): 200 POST http://10.180.1.21/compute/v2.1/flavors 0.765s
2025-05-19 19:43:12.567 69655 INFO tempest.lib.common.rest_client [req-73f7307a-249e-4790-a173-73ddccba3ebc req-73f7307a-249e-4790-a173-73ddccba3ebc ] Request (InstanceActionsTestJSON:setUpClass): 201 POST http://10.180.1.21:9696/networking/v2.0/networks 1.573s
2025-05-19 19:43:12.578 69673 INFO tempest.lib.common.rest_client [req-01a8f5a6-ace5-431a-9312-66dd0437de55 req-01a8f5a6-ace5-431a-9312-66dd0437de55 ] Request (KeyPairsV22TestJSON:test_keypairsv22_create_list_show): 200 GET http://10.180.1.21/compute/v2.1/os-keypairs/tempest-keypair-955332005 0.747s
2025-05-19 19:43:12.604 69665 INFO tempest.lib.common.rest_client [req-27310145-f6a5-40a5-a27a-01c2d8641758 req-27310145-f6a5-40a5-a27a-01c2d8641758 ] Request (KeyPairsNegativeTestJSON:test_keypair_create_with_invalid_pub_key): 400 POST http://10.180.1.21/compute/v2.1/os-keypairs 0.766s
2025-05-19 19:43:12.627 69669 INFO tempest.lib.common.rest_client [req-ed54cbf5-629e-4be8-84e4-e90fb1dd005f req-ed54cbf5-629e-4be8-84e4-e90fb1dd005f ] Request (ImagesOneServerTestJSON:setUpClass): 404 GET http://10.180.1.21/compute/v2.1/servers/2709d8a0-842d-4849-a2d3-437e9478ad94 0.785s
2025-05-19 19:43:12.627 69669 INFO tempest.test [-] raised in ImagesOneServerTestJSON.setUpClass. Invoking tearDownClass.
2025-05-19 19:43:12.633 69671 INFO tempest.lib.common.rest_client [req-41fd3974-efdc-4e81-9767-d9a15293d1e1 req-41fd3974-efdc-4e81-9767-d9a15293d1e1 ] Request (HypervisorAdminUnderV252Test:setUpClass): 204 PUT http://10.180.1.21/identity/v3/projects/11566b8d1af14114921d3c64d6583dda/users/00329c655dbf4c589e5f97061c3fe032/roles/90d12add8f714bf8b246aba4e01e6ca7 0.345s
2025-05-19 19:43:12.633 69671 INFO tempest.lib.common.dynamic_creds [-] Dynamic test user 00329c655dbf4c589e5f97061c3fe032 is created with scope project and roles: ['member']
2025-05-19 19:43:12.633 69671 INFO tempest.lib.common.dynamic_creds [-] Acquired dynamic creds: credentials: Credentials: {'domain_id': 'default', 'domain_name': 'Default', 'username': 'tempest-HypervisorAdminUnderV252Test-1828546725-project-member', 'project_domain_id': 'default', 'project_domain_name': 'Default', 'project_id': '11566b8d1af14114921d3c64d6583dda', 'project_name': 'tempest-HypervisorAdminUnderV252Test-1828546725', 'tenant_id': '11566b8d1af14114921d3c64d6583dda', 'tenant_name': 'tempest-HypervisorAdminUnderV252Test-1828546725', 'user_domain_id': 'default', 'user_domain_name': 'Default', 'user_id': '00329c655dbf4c589e5f97061c3fe032', 'system': None}, Network: None, Subnet: None, Router: None
2025-05-19 19:43:12.633 69671 INFO tempest.lib.common.dynamic_creds [-] Created isolated network resources for: credentials: Credentials: {'domain_id': 'default', 'domain_name': 'Default', 'username': 'tempest-HypervisorAdminUnderV252Test-1828546725-project-member', 'project_domain_id': 'default', 'project_domain_name': 'Default', 'project_id': '11566b8d1af14114921d3c64d6583dda', 'project_name': 'tempest-HypervisorAdminUnderV252Test-1828546725', 'tenant_id': '11566b8d1af14114921d3c64d6583dda', 'tenant_name': 'tempest-HypervisorAdminUnderV252Test-1828546725', 'user_domain_id': 'default', 'user_domain_name': 'Default', 'user_id': '00329c655dbf4c589e5f97061c3fe032', 'system': None}, Network: None, Subnet: None, Router: None
2025-05-19 19:43:12.639 69635 INFO tempest.lib.common.rest_client [req-6baaedca-7f74-4985-9f69-714a7d48648d req-6baaedca-7f74-4985-9f69-714a7d48648d ] Request (AggregatesAdminNegativeTestJSON:test_aggregate_create_with_existent_aggregate_name): 409 POST http://10.180.1.21/compute/v2.1/os-aggregates 0.763s
2025-05-19 19:43:12.658 69617 INFO tempest.lib.common.rest_client [req-8b25add7-d03b-442e-9520-85b80379fa42 req-8b25add7-d03b-442e-9520-85b80379fa42 ] Request (ServerExternalEventsTest:test_create_server_external_events): 404 GET http://10.180.1.21/compute/v2.1/servers/e27acead-b7e2-4504-bc7b-b59410dda063 0.429s
2025-05-19 19:43:12.659 69637 INFO tempest.lib.common.rest_client [req-f37aaf1f-c765-4665-a052-a4c2a1a92261 req-f37aaf1f-c765-4665-a052-a4c2a1a92261 ] Request (ServerDiagnosticsNegativeTest:setUpClass): 201 POST http://10.180.1.21/identity/v3/auth/tokens 0.362s
2025-05-19 19:43:12.672 69675 INFO tempest.lib.common.rest_client [req-86d67b48-11fa-49e8-a0d2-b4181bccffe5 req-86d67b48-11fa-49e8-a0d2-b4181bccffe5 ] Request (ServicesAdminNegativeTestJSON:tearDownClass): 200 GET http://10.180.1.21:9696/networking/v2.0/security-groups?tenant_id=2798e8aacc6d4eefa9ab4c885aad3dcc&name=default 1.186s
2025-05-19 19:43:12.687 69659 INFO tempest.lib.common.rest_client [req-e7b4ead8-3579-4c32-92be-10ec07672597 req-e7b4ead8-3579-4c32-92be-10ec07672597 ] Request (HypervisorAdminV228Test:tearDownClass): 201 POST http://10.180.1.21/identity/v3/auth/tokens 0.258s
2025-05-19 19:43:12.704 69661 INFO tempest.lib.common.rest_client [req-e8944662-05f6-4c23-94d6-62a90ba158e0 req-e8944662-05f6-4c23-94d6-62a90ba158e0 ] Request (ServerActionsTestOtherB:setUpClass): 204 PUT http://10.180.1.21/identity/v3/projects/59cc8abb155f48f2abdd30974f87a19f/users/603502753dc14e238f302ec49be12b64/roles/90d12add8f714bf8b246aba4e01e6ca7 0.347s
2025-05-19 19:43:12.705 69661 INFO tempest.lib.common.dynamic_creds [-] Dynamic test user 603502753dc14e238f302ec49be12b64 is created with scope project and roles: ['member']
2025-05-19 19:43:12.705 69661 INFO tempest.lib.common.dynamic_creds [-] Acquired dynamic creds: credentials: Credentials: {'domain_id': 'default', 'domain_name': 'Default', 'username': 'tempest-ServerActionsTestOtherB-502805781-project-member', 'project_domain_id': 'default', 'project_domain_name': 'Default', 'project_id': '59cc8abb155f48f2abdd30974f87a19f', 'project_name': 'tempest-ServerActionsTestOtherB-502805781', 'tenant_id': '59cc8abb155f48f2abdd30974f87a19f', 'tenant_name': 'tempest-ServerActionsTestOtherB-502805781', 'user_domain_id': 'default', 'user_domain_name': 'Default', 'user_id': '603502753dc14e238f302ec49be12b64', 'system': None}, Network: None, Subnet: None, Router: None
2025-05-19 19:43:12.740 69619 INFO tempest.lib.common.rest_client [req-24fb381c-a2ba-47c0-bc5b-4a294b3ab69d req-24fb381c-a2ba-47c0-bc5b-4a294b3ab69d ] Request (AttachInterfacesUnderV243Test:setUpClass): 201 POST http://10.180.1.21/identity/v3/auth/tokens 0.181s
2025-05-19 19:43:12.768 69671 INFO tempest.lib.common.rest_client [req-595ac3ef-6996-4e05-9fd6-608132a2ab1b req-595ac3ef-6996-4e05-9fd6-608132a2ab1b ] Request (HypervisorAdminUnderV252Test:setUpClass): 201 POST http://10.180.1.21/identity/v3/auth/tokens 0.130s
2025-05-19 19:43:12.785 69637 INFO tempest.lib.common.rest_client [req-9a73f218-20d7-476a-a94b-43276dd5e04b req-9a73f218-20d7-476a-a94b-43276dd5e04b ] Request (ServerDiagnosticsNegativeTest:test_get_server_diagnostics_by_non_admin): 201 POST http://10.180.1.21/identity/v3/auth/tokens 0.120s
2025-05-19 19:43:12.786 69637 INFO tempest.lib.common.fixed_network [-] (ServerDiagnosticsNegativeTest:test_get_server_diagnostics_by_non_admin) Found network None available for tenant
2025-05-19 19:43:12.829 69617 INFO tempest.lib.common.rest_client [req-7016ed66-c165-4409-b65e-1b39baa51db1 req-7016ed66-c165-4409-b65e-1b39baa51db1 ] Request (ServerExternalEventsTest:tearDownClass): 204 DELETE http://10.180.1.21/identity/v3/users/89cda32edc474e4cb91db421c42b85e7 0.166s
2025-05-19 19:43:12.843 69661 INFO tempest.lib.common.rest_client [req-ee056405-cf34-4598-bc2b-6d6ef3950b25 req-ee056405-cf34-4598-bc2b-6d6ef3950b25 ] Request (ServerActionsTestOtherB:setUpClass): 201 POST http://10.180.1.21/identity/v3/auth/tokens 0.137s
2025-05-19 19:43:12.906 69671 INFO tempest.lib.common.rest_client [req-1569a065-40c5-44d2-b9f8-d312e4c8fd7b req-1569a065-40c5-44d2-b9f8-d312e4c8fd7b ] Request (HypervisorAdminUnderV252Test:setUpClass): 201 POST http://10.180.1.21/identity/v3/projects 0.136s
2025-05-19 19:43:12.973 69651 INFO tempest.lib.common.rest_client [req-9354dc91-eb0a-4c29-8fa6-f8fb02fda069 req-9354dc91-eb0a-4c29-8fa6-f8fb02fda069 ] Request (ServersTestJSON:setUpClass): 201 POST http://10.180.1.21:9696/networking/v2.0/security-group-rules 0.631s
2025-05-19 19:43:12.992 69617 INFO tempest.lib.common.rest_client [req-279cd6a6-6048-4e1d-b11f-2cc41ad134b4 req-279cd6a6-6048-4e1d-b11f-2cc41ad134b4 ] Request (ServerExternalEventsTest:tearDownClass): 204 DELETE http://10.180.1.21/identity/v3/users/4e4437208c684823acd42d29db82ee57 0.163s
2025-05-19 19:43:13.051 69671 INFO tempest.lib.common.rest_client [req-75e92958-37c8-4723-9073-b42d5deb4089 req-75e92958-37c8-4723-9073-b42d5deb4089 ] Request (HypervisorAdminUnderV252Test:setUpClass): 201 POST http://10.180.1.21/identity/v3/users 0.145s
2025-05-19 19:43:13.083 69671 INFO tempest.lib.common.rest_client [req-b34d144a-6daf-4bee-ac62-86f7e3f7ce02 req-b34d144a-6daf-4bee-ac62-86f7e3f7ce02 ] Request (HypervisorAdminUnderV252Test:setUpClass): 200 GET http://10.180.1.21/identity/v3/roles 0.031s
2025-05-19 19:43:13.115 69617 INFO tempest.lib.common.rest_client [req-181bb426-c15e-4e6a-a566-64024f44323d req-181bb426-c15e-4e6a-a566-64024f44323d ] Request (ServerExternalEventsTest:tearDownClass): 204 DELETE http://10.180.1.21/identity/v3/users/0bbd998351294296b62b17a170334c50 0.122s
2025-05-19 19:43:13.115 69617 INFO tempest.lib.common.dynamic_creds [-] Deleting project and security group for project: e6320bd89a4a4fecab90d4a673f6e633
2025-05-19 19:43:13.144 69671 INFO tempest.lib.common.rest_client [req-f9dea334-6bcd-4ba8-8ab4-96b480bc2fd6 req-f9dea334-6bcd-4ba8-8ab4-96b480bc2fd6 ] Request (HypervisorAdminUnderV252Test:setUpClass): 204 PUT http://10.180.1.21/identity/v3/projects/55682c51d5d14306b218b7e2e1d2aed1/users/e4e923a1984046cca8df833290888a1a/roles/6ab3e519bbb84e7e9f318f20dfaac417 0.060s
2025-05-19 19:43:13.175 69617 INFO tempest.lib.common.rest_client [req-28c58502-3701-4e7a-ae82-2ecc08f153aa req-28c58502-3701-4e7a-ae82-2ecc08f153aa ] Request (ServerExternalEventsTest:tearDownClass): 201 POST http://10.180.1.21/identity/v3/auth/tokens 0.059s
2025-05-19 19:43:13.212 69631 INFO tempest.lib.common.rest_client [req-731b6980-6d83-452d-b0f8-c840fbaa91d2 req-731b6980-6d83-452d-b0f8-c840fbaa91d2 ] Request (DeleteServersAdminTestJSON:tearDownClass): 200 GET http://10.180.1.21:9696/networking/v2.0/security-groups?tenant_id=acf8176692da4acbb69a2cad5037151a&name=default 0.695s
2025-05-19 19:43:13.214 69671 INFO tempest.lib.common.rest_client [req-88a91021-d02a-49ee-88b0-a3c8cd6253dd req-88a91021-d02a-49ee-88b0-a3c8cd6253dd ] Request (HypervisorAdminUnderV252Test:setUpClass): 200 GET http://10.180.1.21/identity/v3/roles 0.070s
2025-05-19 19:43:13.235 69647 INFO tempest.lib.common.rest_client [req-20bab46d-c439-408b-95d6-3fa8717b9c6b req-20bab46d-c439-408b-95d6-3fa8717b9c6b ] Request (FloatingIPsAssociationNegativeTestJSON:tearDownClass): 204 DELETE http://10.180.1.21:9696/networking/v2.0/routers/e04587d8-3145-48da-902f-c90170ce7e14 2.020s
2025-05-19 19:43:13.236 69671 INFO tempest.lib.common.rest_client [req-d476d06c-2856-4e1c-a211-120131affa18 req-d476d06c-2856-4e1c-a211-120131affa18 ] Request (HypervisorAdminUnderV252Test:setUpClass): 204 PUT http://10.180.1.21/identity/v3/projects/55682c51d5d14306b218b7e2e1d2aed1/users/e4e923a1984046cca8df833290888a1a/roles/6ab3e519bbb84e7e9f318f20dfaac417 0.021s
2025-05-19 19:43:13.236 69671 INFO tempest.lib.common.dynamic_creds [-] Dynamic test user e4e923a1984046cca8df833290888a1a is created with scope project and roles: ['admin']
2025-05-19 19:43:13.237 69671 INFO tempest.lib.common.dynamic_creds [-] Acquired dynamic creds: credentials: Credentials: {'domain_id': 'default', 'domain_name': 'Default', 'username': 'tempest-HypervisorAdminUnderV252Test-1036831142-project-admin', 'project_domain_id': 'default', 'project_domain_name': 'Default', 'project_id': '55682c51d5d14306b218b7e2e1d2aed1', 'project_name': 'tempest-HypervisorAdminUnderV252Test-1036831142', 'tenant_id': '55682c51d5d14306b218b7e2e1d2aed1', 'tenant_name': 'tempest-HypervisorAdminUnderV252Test-1036831142', 'user_domain_id': 'default', 'user_domain_name': 'Default', 'user_id': 'e4e923a1984046cca8df833290888a1a', 'system': None}, Network: None, Subnet: None, Router: None
2025-05-19 19:43:13.237 69671 INFO tempest.lib.common.dynamic_creds [-] Created isolated network resources for: credentials: Credentials: {'domain_id': 'default', 'domain_name': 'Default', 'username': 'tempest-HypervisorAdminUnderV252Test-1036831142-project-admin', 'project_domain_id': 'default', 'project_domain_name': 'Default', 'project_id': '55682c51d5d14306b218b7e2e1d2aed1', 'project_name': 'tempest-HypervisorAdminUnderV252Test-1036831142', 'tenant_id': '55682c51d5d14306b218b7e2e1d2aed1', 'tenant_name': 'tempest-HypervisorAdminUnderV252Test-1036831142', 'user_domain_id': 'default', 'user_domain_name': 'Default', 'user_id': 'e4e923a1984046cca8df833290888a1a', 'system': None}, Network: None, Subnet: None, Router: None
2025-05-19 19:43:13.306 69675 INFO tempest.lib.common.rest_client [req-abe583a7-04ae-4b4d-b19f-c0ad772d769d req-abe583a7-04ae-4b4d-b19f-c0ad772d769d ] Request (ServicesAdminNegativeTestJSON:tearDownClass): 204 DELETE http://10.180.1.21:9696/networking/v2.0/security-groups/ad1e5dc1-cb27-4758-bfa4-5d334cec94c1 0.633s
2025-05-19 19:43:13.319 69671 INFO tempest.lib.common.rest_client [req-2ce35edf-3dba-4202-ab3c-9210c9b47d78 req-2ce35edf-3dba-4202-ab3c-9210c9b47d78 ] Request (HypervisorAdminUnderV252Test:setUpClass): 201 POST http://10.180.1.21/identity/v3/auth/tokens 0.079s
2025-05-19 19:43:13.334 69667 INFO tempest.lib.common.rest_client [req-295a048d-e609-4b09-8429-5dd13002f45b req-295a048d-e609-4b09-8429-5dd13002f45b ] Request (ServerActionsTestJSON:setUpClass): 201 POST http://10.180.1.21:9696/networking/v2.0/networks 1.594s
2025-05-19 19:43:13.398 69675 INFO tempest.lib.common.rest_client [req-9864a960-6bb9-4449-9dc1-fd6d49e98d8e req-9864a960-6bb9-4449-9dc1-fd6d49e98d8e ] Request (ServicesAdminNegativeTestJSON:tearDownClass): 204 DELETE http://10.180.1.21/identity/v3/projects/2798e8aacc6d4eefa9ab4c885aad3dcc 0.092s
2025-05-19 19:43:13.398 69675 INFO tempest.lib.common.dynamic_creds [-] Deleting project and security group for project: c6da64d6ad3e4c9d9fa4a8bc4a2da07e
2025-05-19 19:43:13.576 69623 INFO tempest.lib.common.rest_client [req-d9cd1cbe-5872-4c73-903e-d5388f29f9f3 req-d9cd1cbe-5872-4c73-903e-d5388f29f9f3 ] Request (ServersTestFqdnHostnames:setUpClass): 201 POST http://10.180.1.21:9696/networking/v2.0/routers 4.281s
2025-05-19 19:43:13.630 69663 INFO tempest.lib.common.rest_client [req-9b70f522-0e8f-46c1-8455-63bf786db96d req-9b70f522-0e8f-46c1-8455-63bf786db96d ] Request (ServersTestManualDisk:setUpClass): 201 POST http://10.180.1.21:9696/networking/v2.0/routers 4.519s
2025-05-19 19:43:13.779 69651 INFO tempest.lib.common.rest_client [req-caef5625-f984-44f2-aeb6-0081170d61d5 req-caef5625-f984-44f2-aeb6-0081170d61d5 ] Request (ServersTestJSON:setUpClass): 201 POST http://10.180.1.21:9696/networking/v2.0/security-group-rules 0.804s
2025-05-19 19:43:13.865 69659 INFO tempest.lib.common.rest_client [req-f13161a3-2f2d-4b2c-839b-bd79fcc12b7a req-f13161a3-2f2d-4b2c-839b-bd79fcc12b7a ] Request (HypervisorAdminV228Test:tearDownClass): 200 GET http://10.180.1.21:9696/networking/v2.0/security-groups?tenant_id=ffc2b8b211ae4c9c99e3509565f38043&name=default 1.177s
2025-05-19 19:43:13.917 69631 INFO tempest.lib.common.rest_client [req-7e092cc8-5f4f-41fb-b26f-6b42dc347297 req-7e092cc8-5f4f-41fb-b26f-6b42dc347297 ] Request (DeleteServersAdminTestJSON:tearDownClass): 204 DELETE http://10.180.1.21:9696/networking/v2.0/security-groups/95842864-f57f-496b-8f39-df546d22fa1b 0.705s
2025-05-19 19:43:14.049 69631 INFO tempest.lib.common.rest_client [req-5b29b76d-1b15-4107-9ed5-70f9502b11ce req-5b29b76d-1b15-4107-9ed5-70f9502b11ce ] Request (DeleteServersAdminTestJSON:tearDownClass): 204 DELETE http://10.180.1.21/identity/v3/projects/acf8176692da4acbb69a2cad5037151a 0.131s
2025-05-19 19:43:14.079 69639 INFO tempest.lib.common.rest_client [req-ab685a2a-84ac-49e0-9f1d-862616a79539 req-ab685a2a-84ac-49e0-9f1d-862616a79539 ] Request (ImagesOneServerNegativeTestJSON:setUpClass): 201 POST http://10.180.1.21:9696/networking/v2.0/networks 1.825s
2025-05-19 19:43:14.120 69631 INFO tempest.lib.common.rest_client [req-faa9d78d-a42a-48fa-91cd-5ee6c531c5be req-faa9d78d-a42a-48fa-91cd-5ee6c531c5be ] Request (FlavorsExtraSpecsTestJSON:setUpClass): 201 POST http://10.180.1.21/identity/v3/auth/tokens 0.070s
2025-05-19 19:43:14.150 69631 INFO tempest.lib.common.rest_client [req-56bc732f-761f-4e6c-8ea1-32ae324c05a2 req-56bc732f-761f-4e6c-8ea1-32ae324c05a2 ] Request (FlavorsExtraSpecsTestJSON:setUpClass): 201 POST http://10.180.1.21/identity/v3/auth/tokens 0.028s
2025-05-19 19:43:14.177 69631 INFO tempest.lib.common.rest_client [req-12d3226a-070c-4ed2-96a6-329f820067ac req-12d3226a-070c-4ed2-96a6-329f820067ac ] Request (FlavorsExtraSpecsTestJSON:setUpClass): 200 GET http://10.180.1.21/identity/v3/domains?name=Default 0.026s
2025-05-19 19:43:14.215 69631 INFO tempest.lib.common.rest_client [req-87398aa3-0e0b-4cec-9c79-35dfa52b548a req-87398aa3-0e0b-4cec-9c79-35dfa52b548a ] Request (FlavorsExtraSpecsTestJSON:setUpClass): 201 POST http://10.180.1.21/identity/v3/projects 0.037s
2025-05-19 19:43:14.286 69631 INFO tempest.lib.common.rest_client [req-12c9aff1-9c2a-432c-bef9-7fb39ab1bc20 req-12c9aff1-9c2a-432c-bef9-7fb39ab1bc20 ] Request (FlavorsExtraSpecsTestJSON:setUpClass): 201 POST http://10.180.1.21/identity/v3/users 0.071s
2025-05-19 19:43:14.288 69617 INFO tempest.lib.common.rest_client [req-cfff55a0-08ff-4610-b7f0-1906daaca9a1 req-cfff55a0-08ff-4610-b7f0-1906daaca9a1 ] Request (ServerExternalEventsTest:tearDownClass): 200 GET http://10.180.1.21:9696/networking/v2.0/security-groups?tenant_id=e6320bd89a4a4fecab90d4a673f6e633&name=default 1.113s
2025-05-19 19:43:14.312 69631 INFO tempest.lib.common.rest_client [req-23f98c19-31ba-46c9-8066-85d118996122 req-23f98c19-31ba-46c9-8066-85d118996122 ] Request (FlavorsExtraSpecsTestJSON:setUpClass): 200 GET http://10.180.1.21/identity/v3/roles 0.025s
2025-05-19 19:43:14.325 69675 INFO tempest.lib.common.rest_client [req-d344c228-189f-4df4-970d-9be8d46de1d8 req-d344c228-189f-4df4-970d-9be8d46de1d8 ] Request (ServicesAdminNegativeTestJSON:tearDownClass): 200 GET http://10.180.1.21:9696/networking/v2.0/security-groups?tenant_id=c6da64d6ad3e4c9d9fa4a8bc4a2da07e&name=default 0.927s
2025-05-19 19:43:14.329 69615 INFO tempest.lib.common.rest_client [req-8734f243-7f1f-436c-a82e-3a4ba17f6f13 req-8734f243-7f1f-436c-a82e-3a4ba17f6f13 ] Request (ServersAdminTestJSON:tearDownClass): 204 DELETE http://10.180.1.21:9696/networking/v2.0/routers/0ef60339-07c1-4a1d-b3fa-6cbdb61a6cab 2.849s
2025-05-19 19:43:14.348 69631 INFO tempest.lib.common.rest_client [req-b7bf343d-6fb1-4561-b3f5-f4b17e1d6b90 req-b7bf343d-6fb1-4561-b3f5-f4b17e1d6b90 ] Request (FlavorsExtraSpecsTestJSON:setUpClass): 204 PUT http://10.180.1.21/identity/v3/projects/46c7f2f4422549d8a00368b009bb7859/users/2ceeac1fb08247fab74c2cdcdd90928f/roles/90d12add8f714bf8b246aba4e01e6ca7 0.035s
2025-05-19 19:43:14.348 69631 INFO tempest.lib.common.dynamic_creds [-] Dynamic test user 2ceeac1fb08247fab74c2cdcdd90928f is created with scope project and roles: ['member']
2025-05-19 19:43:14.348 69631 INFO tempest.lib.common.dynamic_creds [-] Acquired dynamic creds: credentials: Credentials: {'domain_id': 'default', 'domain_name': 'Default', 'username': 'tempest-FlavorsExtraSpecsTestJSON-716400742-project-member', 'project_domain_id': 'default', 'project_domain_name': 'Default', 'project_id': '46c7f2f4422549d8a00368b009bb7859', 'project_name': 'tempest-FlavorsExtraSpecsTestJSON-716400742', 'tenant_id': '46c7f2f4422549d8a00368b009bb7859', 'tenant_name': 'tempest-FlavorsExtraSpecsTestJSON-716400742', 'user_domain_id': 'default', 'user_domain_name': 'Default', 'user_id': '2ceeac1fb08247fab74c2cdcdd90928f', 'system': None}, Network: None, Subnet: None, Router: None
2025-05-19 19:43:14.348 69631 INFO tempest.lib.common.dynamic_creds [-] Created isolated network resources for: credentials: Credentials: {'domain_id': 'default', 'domain_name': 'Default', 'username': 'tempest-FlavorsExtraSpecsTestJSON-716400742-project-member', 'project_domain_id': 'default', 'project_domain_name': 'Default', 'project_id': '46c7f2f4422549d8a00368b009bb7859', 'project_name': 'tempest-FlavorsExtraSpecsTestJSON-716400742', 'tenant_id': '46c7f2f4422549d8a00368b009bb7859', 'tenant_name': 'tempest-FlavorsExtraSpecsTestJSON-716400742', 'user_domain_id': 'default', 'user_domain_name': 'Default', 'user_id': '2ceeac1fb08247fab74c2cdcdd90928f', 'system': None}, Network: None, Subnet: None, Router: None
2025-05-19 19:43:14.376 69645 INFO tempest.lib.common.rest_client [req-a86df298-5e70-47f4-8300-bdf3ac4e6664 req-a86df298-5e70-47f4-8300-bdf3ac4e6664 ] Request (FloatingIPDetailsTestJSON:setUpClass): 200 PUT http://10.180.1.21:9696/networking/v2.0/routers/ef7e2ccd-81cb-4784-a5f0-f57ad46ecfe3/add_router_interface 5.687s
2025-05-19 19:43:14.376 69645 INFO tempest.lib.common.dynamic_creds [-] Created isolated network resources for: credentials: Credentials: {'domain_id': 'default', 'domain_name': 'Default', 'username': 'tempest-FloatingIPDetailsTestJSON-2129567439-project-member', 'project_domain_id': 'default', 'project_domain_name': 'Default', 'project_id': '394192178a374ae79df006bb1505ad0f', 'project_name': 'tempest-FloatingIPDetailsTestJSON-2129567439', 'tenant_id': '394192178a374ae79df006bb1505ad0f', 'tenant_name': 'tempest-FloatingIPDetailsTestJSON-2129567439', 'user_domain_id': 'default', 'user_domain_name': 'Default', 'user_id': '069db5499cda485d9d2bff19c613caad', 'system': None}, Network: {'id': '6adb76ec-ffd6-47fc-968e-4a7f0d80c3b6', 'name': 'tempest-FloatingIPDetailsTestJSON-1057328370-network', 'tenant_id': '394192178a374ae79df006bb1505ad0f', 'admin_state_up': True, 'mtu': 8950, 'status': 'ACTIVE', 'subnets': [], 'shared': False, 'project_id': '394192178a374ae79df006bb1505ad0f', 'port_security_enabled': True, 'router:external': False, 'provider:network_type': 'vlan', 'provider:physical_network': 'default', 'provider:segmentation_id': 622, 'availability_zone_hints': [], 'availability_zones': [], 'ipv4_address_scope': None, 'ipv6_address_scope': None, 'description': '', 'tags': [], 'created_at': '2025-05-19T19:43:05Z', 'updated_at': '2025-05-19T19:43:05Z', 'revision_number': 1}, Subnet: {'id': '01e23c50-a059-45e7-b4f9-8365dfd0d32d', 'name': 'tempest-FloatingIPDetailsTestJSON-1057328370-subnet', 'tenant_id': '394192178a374ae79df006bb1505ad0f', 'network_id': '6adb76ec-ffd6-47fc-968e-4a7f0d80c3b6', 'ip_version': 4, 'subnetpool_id': None, 'enable_dhcp': True, 'ipv6_ra_mode': None, 'ipv6_address_mode': None, 'gateway_ip': '192.168.128.1', 'cidr': '192.168.128.0/28', 'allocation_pools': [{'start': '192.168.128.2', 'end': '192.168.128.14'}], 'host_routes': [], 'dns_nameservers': [], 'description': '', 'router:external': False, 'service_types': [], 'tags': [], 'created_at': '2025-05-19T19:43:05Z', 'updated_at': '2025-05-19T19:43:05Z', 'revision_number': 0, 'project_id': '394192178a374ae79df006bb1505ad0f'}, Router: {'id': 'ef7e2ccd-81cb-4784-a5f0-f57ad46ecfe3', 'name': 'tempest-FloatingIPDetailsTestJSON-1057328370-router', 'tenant_id': '394192178a374ae79df006bb1505ad0f', 'admin_state_up': True, 'status': 'ACTIVE', 'external_gateway_info': {'network_id': 'c164de13-0661-44a9-b45b-9d6f7a8847f2', 'external_fixed_ips': [{'subnet_id': 'caa1390f-75a9-4ec8-aa9e-6e01aca8e0ea', 'ip_address': '10.180.180.176'}], 'enable_snat': True}, 'description': '', 'availability_zones': [], 'distributed': False, 'ha': False, 'availability_zone_hints': [], 'routes': [], 'flavor_id': None, 'tags': [], 'created_at': '2025-05-19T19:43:05Z', 'updated_at': '2025-05-19T19:43:06Z', 'revision_number': 2, 'project_id': '394192178a374ae79df006bb1505ad0f'}
2025-05-19 19:43:14.393 69655 INFO tempest.lib.common.rest_client [req-f0c6c775-23ab-4fac-84f0-f843b51fac44 req-f0c6c775-23ab-4fac-84f0-f843b51fac44 ] Request (InstanceActionsTestJSON:setUpClass): 201 POST http://10.180.1.21:9696/networking/v2.0/subnets 1.825s
2025-05-19 19:43:14.438 69631 INFO tempest.lib.common.rest_client [req-e8aa29e1-8a12-4a76-8069-530e879c3406 req-e8aa29e1-8a12-4a76-8069-530e879c3406 ] Request (FlavorsExtraSpecsTestJSON:setUpClass): 201 POST http://10.180.1.21/identity/v3/auth/tokens 0.086s
2025-05-19 19:43:14.452 69645 INFO tempest.lib.common.rest_client [req-b08be77b-5aa2-4132-a76c-6378436250ca req-b08be77b-5aa2-4132-a76c-6378436250ca ] Request (FloatingIPDetailsTestJSON:setUpClass): 201 POST http://10.180.1.21/identity/v3/auth/tokens 0.073s
2025-05-19 19:43:14.455 69619 INFO tempest.lib.common.rest_client [req-ef17cc27-d4df-40ec-85d4-082092992475 req-ef17cc27-d4df-40ec-85d4-082092992475 ] Request (AttachInterfacesUnderV243Test:setUpClass): 201 POST http://10.180.1.21:9696/networking/v2.0/networks 1.715s
2025-05-19 19:43:14.465 69659 INFO tempest.lib.common.rest_client [req-e78b2aae-6b45-43dc-a93e-e58f21e4f529 req-e78b2aae-6b45-43dc-a93e-e58f21e4f529 ] Request (HypervisorAdminV228Test:tearDownClass): 204 DELETE http://10.180.1.21:9696/networking/v2.0/security-groups/bcc403c1-64aa-408f-a258-1f549bbdccf0 0.599s
2025-05-19 19:43:14.507 69631 INFO tempest.lib.common.rest_client [req-0ad4bd2a-6b96-4809-9ddd-e65d14287b3d req-0ad4bd2a-6b96-4809-9ddd-e65d14287b3d ] Request (FlavorsExtraSpecsTestJSON:setUpClass): 201 POST http://10.180.1.21/identity/v3/projects 0.068s
2025-05-19 19:43:14.565 69661 INFO tempest.lib.common.rest_client [req-f9c04699-707a-44a0-81e8-14063b247d7b req-f9c04699-707a-44a0-81e8-14063b247d7b ] Request (ServerActionsTestOtherB:setUpClass): 201 POST http://10.180.1.21:9696/networking/v2.0/networks 1.722s
2025-05-19 19:43:14.584 69631 INFO tempest.lib.common.rest_client [req-5dfe8cdf-efa6-4932-b83f-8a95251bd3d7 req-5dfe8cdf-efa6-4932-b83f-8a95251bd3d7 ] Request (FlavorsExtraSpecsTestJSON:setUpClass): 201 POST http://10.180.1.21/identity/v3/users 0.077s
2025-05-19 19:43:14.595 69649 INFO tempest.lib.common.rest_client [req-eea0ef88-352e-4f23-bc0c-f8ebe0524606 req-eea0ef88-352e-4f23-bc0c-f8ebe0524606 ] Request (VolumesAssistedSnapshotsTest:test_volume_assisted_snapshot_create_delete): 202 POST http://10.180.1.21/compute/v2.1/servers 2.109s
2025-05-19 19:43:14.608 69659 INFO tempest.lib.common.rest_client [req-fb278d7e-6ad6-4c08-8790-0c4ec3d05c23 req-fb278d7e-6ad6-4c08-8790-0c4ec3d05c23 ] Request (HypervisorAdminV228Test:tearDownClass): 204 DELETE http://10.180.1.21/identity/v3/projects/ffc2b8b211ae4c9c99e3509565f38043 0.142s
2025-05-19 19:43:14.609 69659 INFO tempest.lib.common.dynamic_creds [-] Deleting project and security group for project: e2a7b12d6e7c4ea4878c4c8f1f767fd0
2025-05-19 19:43:14.642 69647 INFO tempest.lib.common.rest_client [req-1dc45c91-766f-4ba7-a73f-704637c71947 req-1dc45c91-766f-4ba7-a73f-704637c71947 ] Request (FloatingIPsAssociationNegativeTestJSON:tearDownClass): 204 DELETE http://10.180.1.21:9696/networking/v2.0/subnets/24991635-6ad6-4f4e-a1cf-5a3a575697e2 1.407s
2025-05-19 19:43:14.654 69631 INFO tempest.lib.common.rest_client [req-db65813a-7954-447e-aa71-aa9b7a21f31b req-db65813a-7954-447e-aa71-aa9b7a21f31b ] Request (FlavorsExtraSpecsTestJSON:setUpClass): 200 GET http://10.180.1.21/identity/v3/roles 0.069s
2025-05-19 19:43:14.701 69631 INFO tempest.lib.common.rest_client [req-0440368c-a780-4e31-b92e-34eed4b538f8 req-0440368c-a780-4e31-b92e-34eed4b538f8 ] Request (FlavorsExtraSpecsTestJSON:setUpClass): 204 PUT http://10.180.1.21/identity/v3/projects/d25c638876074b3c8943a83f597f6801/users/b4fd5abdd5c14c0a9efbf35444e8c361/roles/6ab3e519bbb84e7e9f318f20dfaac417 0.046s
2025-05-19 19:43:14.747 69643 INFO tempest.lib.common.rest_client [req-5fc63aa5-8495-41dd-a310-19c6ab6a5f9a req-5fc63aa5-8495-41dd-a310-19c6ab6a5f9a ] Request (InstanceActionsNegativeTestJSON:tearDownClass): 200 PUT http://10.180.1.21:9696/networking/v2.0/routers/a878707f-6761-4ea2-abeb-7237282e1b53/remove_router_interface 5.133s
2025-05-19 19:43:14.772 69631 INFO tempest.lib.common.rest_client [req-8073073f-7fef-4a0c-a442-a36c0f11e3e2 req-8073073f-7fef-4a0c-a442-a36c0f11e3e2 ] Request (FlavorsExtraSpecsTestJSON:setUpClass): 200 GET http://10.180.1.21/identity/v3/roles 0.071s
2025-05-19 19:43:14.783 69633 INFO tempest.lib.common.rest_client [req-015feed2-a2fd-43c2-ae6c-4a640d290b03 req-015feed2-a2fd-43c2-ae6c-4a640d290b03 ] Request (QuotasAdminTestV257:test_get_updated_quotas): 200 GET http://10.180.1.21/compute/v2.1/os-quota-sets/65f072a4ec9f4f30afa55d713577958e?user_id=ce3983c7a9fd40bdb4e0491b9a1a9f78 2.263s
2025-05-19 19:43:14.800 69631 INFO tempest.lib.common.rest_client [req-7d8051dc-9fea-4990-88e0-662580f9c861 req-7d8051dc-9fea-4990-88e0-662580f9c861 ] Request (FlavorsExtraSpecsTestJSON:setUpClass): 204 PUT http://10.180.1.21/identity/v3/projects/d25c638876074b3c8943a83f597f6801/users/b4fd5abdd5c14c0a9efbf35444e8c361/roles/6ab3e519bbb84e7e9f318f20dfaac417 0.028s
2025-05-19 19:43:14.801 69631 INFO tempest.lib.common.dynamic_creds [-] Dynamic test user b4fd5abdd5c14c0a9efbf35444e8c361 is created with scope project and roles: ['admin']
2025-05-19 19:43:14.801 69631 INFO tempest.lib.common.dynamic_creds [-] Acquired dynamic creds: credentials: Credentials: {'domain_id': 'default', 'domain_name': 'Default', 'username': 'tempest-FlavorsExtraSpecsTestJSON-1954006631-project-admin', 'project_domain_id': 'default', 'project_domain_name': 'Default', 'project_id': 'd25c638876074b3c8943a83f597f6801', 'project_name': 'tempest-FlavorsExtraSpecsTestJSON-1954006631', 'tenant_id': 'd25c638876074b3c8943a83f597f6801', 'tenant_name': 'tempest-FlavorsExtraSpecsTestJSON-1954006631', 'user_domain_id': 'default', 'user_domain_name': 'Default', 'user_id': 'b4fd5abdd5c14c0a9efbf35444e8c361', 'system': None}, Network: None, Subnet: None, Router: None
2025-05-19 19:43:14.801 69631 INFO tempest.lib.common.dynamic_creds [-] Created isolated network resources for: credentials: Credentials: {'domain_id': 'default', 'domain_name': 'Default', 'username': 'tempest-FlavorsExtraSpecsTestJSON-1954006631-project-admin', 'project_domain_id': 'default', 'project_domain_name': 'Default', 'project_id': 'd25c638876074b3c8943a83f597f6801', 'project_name': 'tempest-FlavorsExtraSpecsTestJSON-1954006631', 'tenant_id': 'd25c638876074b3c8943a83f597f6801', 'tenant_name': 'tempest-FlavorsExtraSpecsTestJSON-1954006631', 'user_domain_id': 'default', 'user_domain_name': 'Default', 'user_id': 'b4fd5abdd5c14c0a9efbf35444e8c361', 'system': None}, Network: None, Subnet: None, Router: None
2025-05-19 19:43:14.874 69631 INFO tempest.lib.common.rest_client [req-befb7226-3164-4f6f-b74c-2b83138c2561 req-befb7226-3164-4f6f-b74c-2b83138c2561 ] Request (FlavorsExtraSpecsTestJSON:setUpClass): 201 POST http://10.180.1.21/identity/v3/auth/tokens 0.071s
2025-05-19 19:43:14.887 69633 INFO tempest.lib.common.rest_client [req-b20f8433-5c4f-430c-8db4-9e13b666729c req-b20f8433-5c4f-430c-8db4-9e13b666729c ] Request (QuotasAdminTestV257:_run_cleanups): 204 DELETE http://10.180.1.21/identity/v3/users/ce3983c7a9fd40bdb4e0491b9a1a9f78 0.101s
2025-05-19 19:43:15.005 69633 INFO tempest.lib.common.rest_client [req-9e69550b-4ad5-4aac-b85a-70c26c2b29e9 req-9e69550b-4ad5-4aac-b85a-70c26c2b29e9 ] Request (QuotasAdminTestV257:_run_cleanups): 204 DELETE http://10.180.1.21/identity/v3/projects/65f072a4ec9f4f30afa55d713577958e 0.117s
2025-05-19 19:43:15.030 69629 INFO tempest.lib.common.rest_client [req-f4bb7563-a2d2-4a1a-9724-9eee212c7bc0 req-f4bb7563-a2d2-4a1a-9724-9eee212c7bc0 ] Request (FlavorsAccessNegativeTestJSON:test_flavor_non_admin_remove): 200 POST http://10.180.1.21/compute/v2.1/flavors/1497680969/action 2.481s
2025-05-19 19:43:15.057 69625 INFO tempest.lib.common.rest_client [req-f57d84ba-8d86-4724-96de-88e0e34630d7 req-f57d84ba-8d86-4724-96de-88e0e34630d7 ] Request (FlavorsAdminTestJSON:test_is_public_string_variations): 200 POST http://10.180.1.21/compute/v2.1/flavors 2.492s
2025-05-19 19:43:15.067 69673 INFO tempest.lib.common.rest_client [req-00bebf28-1200-4ad0-8641-c84ee25db309 req-00bebf28-1200-4ad0-8641-c84ee25db309 ] Request (KeyPairsV22TestJSON:test_keypairsv22_create_list_show): 200 GET http://10.180.1.21/compute/v2.1/os-keypairs 2.487s
2025-05-19 19:43:15.080 69665 INFO tempest.lib.common.rest_client [req-afa53a16-1784-42a7-92ac-a671d3e3635c req-afa53a16-1784-42a7-92ac-a671d3e3635c ] Request (KeyPairsNegativeTestJSON:test_keypair_delete_nonexistent_key): 404 DELETE http://10.180.1.21/compute/v2.1/os-keypairs/tempest-keypair-non-existent-935155973 2.475s
2025-05-19 19:43:15.116 69635 INFO tempest.lib.common.rest_client [req-35009f77-e740-432e-8662-a30508a2337f req-35009f77-e740-432e-8662-a30508a2337f ] Request (AggregatesAdminNegativeTestJSON:_run_cleanups): 200 DELETE http://10.180.1.21/compute/v2.1/os-aggregates/4 2.476s
2025-05-19 19:43:15.157 69617 INFO tempest.lib.common.rest_client [req-96fd2af0-5b1c-47df-97ed-56a954836ccf req-96fd2af0-5b1c-47df-97ed-56a954836ccf ] Request (ServerExternalEventsTest:tearDownClass): 204 DELETE http://10.180.1.21:9696/networking/v2.0/security-groups/b7cbfb8e-d29e-4097-a29b-79e1359577b6 0.869s
2025-05-19 19:43:15.167 69642 INFO tempest.lib.common.rest_client [req-f6970e34-5fc6-4d94-8998-655054a8c7ad req-f6970e34-5fc6-4d94-8998-655054a8c7ad ] Request (ServerAddressesNegativeTestJSON:tearDownClass): 200 PUT http://10.180.1.21:9696/networking/v2.0/routers/5ae3fe97-91b7-4e72-95f9-9de25e708137/remove_router_interface 5.169s
2025-05-19 19:43:15.175 69675 INFO tempest.lib.common.rest_client [req-06fcd5ba-ad6c-4130-bc88-372f4533252a req-06fcd5ba-ad6c-4130-bc88-372f4533252a ] Request (ServicesAdminNegativeTestJSON:tearDownClass): 204 DELETE http://10.180.1.21:9696/networking/v2.0/security-groups/506e8efe-1230-4ebd-a8ad-0da3159f96a0 0.849s
2025-05-19 19:43:15.206 69633 INFO tempest.lib.common.rest_client [req-70316c97-274b-474b-927f-f852f5bf4deb req-70316c97-274b-474b-927f-f852f5bf4deb ] Request (QuotasAdminTestV257:tearDownClass): 204 DELETE http://10.180.1.21/identity/v3/users/f3ec2d93b98442cd83b4fe81cf7e9acd 0.193s
2025-05-19 19:43:15.287 69653 INFO tempest.lib.common.rest_client [req-b8cbefce-0f85-4631-8fb9-bbcf25a2f8bf req-b8cbefce-0f85-4631-8fb9-bbcf25a2f8bf ] Request (ValidationResourcesFixture:setUp): 201 POST http://10.180.1.21:9696/networking/v2.0/floatingips 3.468s
2025-05-19 19:43:15.342 69665 INFO tempest.lib.common.rest_client [req-3e1d2834-6e18-454a-8284-31dae23a8b29 req-3e1d2834-6e18-454a-8284-31dae23a8b29 ] Request (KeyPairsNegativeTestJSON:tearDownClass): 204 DELETE http://10.180.1.21/identity/v3/users/3f7a2f985d0445e19a20c8347e118092 0.260s
2025-05-19 19:43:15.343 69665 INFO tempest.lib.common.dynamic_creds [-] Deleting project and security group for project: 9a985eec53b449be91381f4676efae02
2025-05-19 19:43:15.356 69667 INFO tempest.lib.common.rest_client [req-181dd7ec-29d3-474d-8df9-ca5e711c1c55 req-181dd7ec-29d3-474d-8df9-ca5e711c1c55 ] Request (ServerActionsTestJSON:setUpClass): 201 POST http://10.180.1.21:9696/networking/v2.0/subnets 2.021s
2025-05-19 19:43:15.462 69617 INFO tempest.lib.common.rest_client [req-05433ce0-fc9b-4542-b42f-9091bd4d11b0 req-05433ce0-fc9b-4542-b42f-9091bd4d11b0 ] Request (ServerExternalEventsTest:tearDownClass): 204 DELETE http://10.180.1.21/identity/v3/projects/e6320bd89a4a4fecab90d4a673f6e633 0.304s
2025-05-19 19:43:15.462 69617 INFO tempest.lib.common.dynamic_creds [-] Deleting project and security group for project: 9567df823b5b4d66a86b8aada022dc69
2025-05-19 19:43:15.516 69615 INFO tempest.lib.common.rest_client [req-a47d07d7-992a-4a96-bbab-475908d9ebc3 req-a47d07d7-992a-4a96-bbab-475908d9ebc3 ] Request (ServersAdminTestJSON:tearDownClass): 204 DELETE http://10.180.1.21:9696/networking/v2.0/subnets/c455f80a-5ce1-47fe-be2b-01708f4a8718 1.186s
2025-05-19 19:43:15.550 69675 INFO tempest.lib.common.rest_client [req-18a1a028-64e3-4da0-ab8a-4d8b1473304a req-18a1a028-64e3-4da0-ab8a-4d8b1473304a ] Request (ServicesAdminNegativeTestJSON:tearDownClass): 204 DELETE http://10.180.1.21/identity/v3/projects/c6da64d6ad3e4c9d9fa4a8bc4a2da07e 0.374s
2025-05-19 19:43:15.551 69675 INFO tempest.test [-] raised in ServerStableDeviceRescueTest.setUpClass. Invoking tearDownClass.
2025-05-19 19:43:15.560 69633 INFO tempest.lib.common.rest_client [req-2e1a35e7-0b0a-443c-b169-49d209e9833b req-2e1a35e7-0b0a-443c-b169-49d209e9833b ] Request (QuotasAdminTestV257:tearDownClass): 204 DELETE http://10.180.1.21/identity/v3/users/5d688f5f1c2a40c4b9543d3b7f725fa8 0.354s
2025-05-19 19:43:15.561 69633 INFO tempest.lib.common.dynamic_creds [-] Deleting project and security group for project: 70b3f5ab138d41f195d3e9233f7b9b0f
2025-05-19 19:43:15.602 69653 INFO tempest.lib.common.rest_client [req-9e558c7e-3435-4f88-a65d-686e4079b5b2 req-9e558c7e-3435-4f88-a65d-686e4079b5b2 ] Request (ServersWithSpecificFlavorTestJSON:test_verify_created_server_ephemeral_disk): 201 POST http://10.180.1.21/identity/v3/auth/tokens 0.311s
2025-05-19 19:43:15.602 69653 INFO tempest.lib.common.fixed_network [-] (ServersWithSpecificFlavorTestJSON:test_verify_created_server_ephemeral_disk) Found network {'id': '0f2c07d1-cc1a-4fdb-9985-93e288703cf8', 'name': 'tempest-ServersWithSpecificFlavorTestJSON-1475925027-network', 'tenant_id': 'a6fa2a64da98437380e8e6b247fedef5', 'admin_state_up': True, 'mtu': 8950, 'status': 'ACTIVE', 'subnets': [], 'shared': False, 'project_id': 'a6fa2a64da98437380e8e6b247fedef5', 'port_security_enabled': True, 'router:external': False, 'provider:network_type': 'vlan', 'provider:physical_network': 'default', 'provider:segmentation_id': 640, 'availability_zone_hints': [], 'availability_zones': [], 'ipv4_address_scope': None, 'ipv6_address_scope': None, 'description': '', 'tags': [], 'created_at': '2025-05-19T19:42:46Z', 'updated_at': '2025-05-19T19:42:46Z', 'revision_number': 1} available for tenant
2025-05-19 19:43:15.615 69665 INFO tempest.lib.common.rest_client [req-468ceaf5-5b89-4ccd-8a74-e0f94a383e04 req-468ceaf5-5b89-4ccd-8a74-e0f94a383e04 ] Request (KeyPairsNegativeTestJSON:tearDownClass): 201 POST http://10.180.1.21/identity/v3/auth/tokens 0.272s
2025-05-19 19:43:15.627 69675 INFO tempest.lib.common.rest_client [req-d1317787-660a-431e-929f-badc0290b63e req-d1317787-660a-431e-929f-badc0290b63e ] Request (AttachVolumeTestJSON:setUpClass): 201 POST http://10.180.1.21/identity/v3/auth/tokens 0.074s
2025-05-19 19:43:15.639 69633 INFO tempest.lib.common.rest_client [req-3b567ea3-afb4-49e7-adda-3a23a07ef42b req-3b567ea3-afb4-49e7-adda-3a23a07ef42b ] Request (QuotasAdminTestV257:tearDownClass): 201 POST http://10.180.1.21/identity/v3/auth/tokens 0.078s
2025-05-19 19:43:15.657 69675 INFO tempest.lib.common.rest_client [req-d4582e40-7e2b-4284-8304-3c07962bc807 req-d4582e40-7e2b-4284-8304-3c07962bc807 ] Request (AttachVolumeTestJSON:setUpClass): 201 POST http://10.180.1.21/identity/v3/auth/tokens 0.025s
2025-05-19 19:43:15.680 69675 INFO tempest.lib.common.rest_client [req-551fa9a0-f441-4811-9b0a-53d2dab6b7ac req-551fa9a0-f441-4811-9b0a-53d2dab6b7ac ] Request (AttachVolumeTestJSON:setUpClass): 200 GET http://10.180.1.21/identity/v3/domains?name=Default 0.023s
2025-05-19 19:43:15.721 69675 INFO tempest.lib.common.rest_client [req-0e7a414f-e9d0-4331-8739-ad010f09fcd1 req-0e7a414f-e9d0-4331-8739-ad010f09fcd1 ] Request (AttachVolumeTestJSON:setUpClass): 201 POST http://10.180.1.21/identity/v3/projects 0.040s
2025-05-19 19:43:15.752 69639 INFO tempest.lib.common.rest_client [req-0cead43e-68a7-4e25-ace9-af0b437dab8d req-0cead43e-68a7-4e25-ace9-af0b437dab8d ] Request (ImagesOneServerNegativeTestJSON:setUpClass): 201 POST http://10.180.1.21:9696/networking/v2.0/subnets 1.671s
