2025-05-19 19:44:56.909 69631 INFO tempest.lib.common.rest_client [req-db2a9c44-b33b-4ac6-a415-78213c0cef50 req-db2a9c44-b33b-4ac6-a415-78213c0cef50 ] Request (ServerShowV257Test:tearDownClass): 204 DELETE http://10.180.1.21/identity/v3/users/8568a01e3d9e4a5182094abed4c5e228 0.083s
2025-05-19 19:44:56.910 69631 INFO tempest.lib.common.dynamic_creds [-] Deleting project and security group for project: 159a2422675743ee98b5f52700855cfb
2025-05-19 19:44:56.913 69645 INFO tempest.common.waiters [-] State transition "BUILD/scheduling" ==> "ERROR/None" after 1 second wait
2025-05-19 19:44:56.990 69631 INFO tempest.lib.common.rest_client [req-33799900-f00f-4a24-8169-3bbb5f0f8053 req-33799900-f00f-4a24-8169-3bbb5f0f8053 ] Request (ServerShowV257Test:tearDownClass): 201 POST http://10.180.1.21/identity/v3/auth/tokens 0.080s
2025-05-19 19:44:56.995 69633 INFO tempest.lib.common.rest_client [req-c3b4fd39-c134-41ad-befd-ac065476bd9d req-c3b4fd39-c134-41ad-befd-ac065476bd9d ] Request (ComputeTenantNetworksTest:setUpClass): 204 PUT http://10.180.1.21/identity/v3/projects/2b455c8fb7244d71a98007896d4bbc8e/users/c7b42843261749139b027f5060525cbe/roles/90d12add8f714bf8b246aba4e01e6ca7 0.163s
2025-05-19 19:44:56.995 69633 INFO tempest.lib.common.dynamic_creds [-] Dynamic test user c7b42843261749139b027f5060525cbe is created with scope project and roles: ['member']
2025-05-19 19:44:56.995 69633 INFO tempest.lib.common.dynamic_creds [-] Acquired dynamic creds: credentials: Credentials: {'domain_id': 'default', 'domain_name': 'Default', 'username': 'tempest-ComputeTenantNetworksTest-1940359276-project-member', 'project_domain_id': 'default', 'project_domain_name': 'Default', 'project_id': '2b455c8fb7244d71a98007896d4bbc8e', 'project_name': 'tempest-ComputeTenantNetworksTest-1940359276', 'tenant_id': '2b455c8fb7244d71a98007896d4bbc8e', 'tenant_name': 'tempest-ComputeTenantNetworksTest-1940359276', 'user_domain_id': 'default', 'user_domain_name': 'Default', 'user_id': 'c7b42843261749139b027f5060525cbe', 'system': None}, Network: None, Subnet: None, Router: None
2025-05-19 19:44:57.021 69627 INFO tempest.lib.common.rest_client [req-d289b1b3-b86f-42a6-bfa8-9a21a21e3b74 req-d289b1b3-b86f-42a6-bfa8-9a21a21e3b74 ] Request (SecurityGroupsTestJSON:test_security_groups_create_list_delete): 200 POST http://10.180.1.21/compute/v2.1/os-security-groups 0.231s
2025-05-19 19:44:57.058 69649 INFO tempest.lib.common.rest_client [req-abd594b1-0c03-407a-a87c-b32a24c4edd5 req-abd594b1-0c03-407a-a87c-b32a24c4edd5 ] Request (ServersTestBootFromVolume:tearDownClass): 204 DELETE http://10.180.1.21:9696/networking/v2.0/networks/b324829e-af02-4b7f-bc50-5544db917ea7 0.350s
2025-05-19 19:44:57.061 69633 INFO tempest.lib.common.rest_client [req-117d72c1-d603-49b9-87f4-a47945ddbae2 req-117d72c1-d603-49b9-87f4-a47945ddbae2 ] Request (ComputeTenantNetworksTest:setUpClass): 201 POST http://10.180.1.21/identity/v3/auth/tokens 0.065s
2025-05-19 19:44:57.134 69649 INFO tempest.lib.common.rest_client [req-9178a394-ac4e-4b3b-95eb-7630e1e4626f req-9178a394-ac4e-4b3b-95eb-7630e1e4626f ] Request (ServersTestBootFromVolume:tearDownClass): 204 DELETE http://10.180.1.21/identity/v3/users/b4c4e14b52b84de09d9ad5cb0aa6792d 0.076s
2025-05-19 19:44:57.135 69649 INFO tempest.lib.common.dynamic_creds [-] Deleting project and security group for project: 14d2161618994650a2dd66418d01da7e
2025-05-19 19:44:57.180 69649 INFO tempest.lib.common.rest_client [req-77b17aa6-c1f3-46a3-a2a9-7d7f13b9db9d req-77b17aa6-c1f3-46a3-a2a9-7d7f13b9db9d ] Request (ServersTestBootFromVolume:tearDownClass): 200 GET http://10.180.1.21:9696/networking/v2.0/security-groups?tenant_id=14d2161618994650a2dd66418d01da7e&name=default 0.044s
2025-05-19 19:44:57.222 69629 INFO tempest.lib.common.rest_client [req-1106324b-f487-4168-9c6c-9c858803def0 req-1106324b-f487-4168-9c6c-9c858803def0 ] Request (MultipleCreateTestJSON:test_multiple_create): 202 POST http://10.180.1.21/compute/v2.1/servers 0.829s
2025-05-19 19:44:57.315 69627 INFO tempest.lib.common.rest_client [req-a9e11320-5817-405f-a572-e28e9f949cd9 req-a9e11320-5817-405f-a572-e28e9f949cd9 ] Request (SecurityGroupsTestJSON:test_security_groups_create_list_delete): 200 GET http://10.180.1.21/compute/v2.1/os-security-groups 0.290s
2025-05-19 19:44:57.338 69631 INFO tempest.lib.common.rest_client [req-5ef0a77e-ecd2-4c6a-a716-0be1eef4f225 req-5ef0a77e-ecd2-4c6a-a716-0be1eef4f225 ] Request (ServerShowV257Test:tearDownClass): 200 GET http://10.180.1.21:9696/networking/v2.0/security-groups?tenant_id=159a2422675743ee98b5f52700855cfb&name=default 0.348s
2025-05-19 19:44:57.341 69645 INFO tempest.lib.common.rest_client [req-36b235bd-ed81-447a-97a1-6e66de6e74a4 req-36b235bd-ed81-447a-97a1-6e66de6e74a4 ] Request (ServerRescueTestJSON:setUpClass): 204 DELETE http://10.180.1.21/compute/v2.1/servers/07c66031-6ce0-4cff-8649-24508f4b1ad4 0.428s
2025-05-19 19:44:57.390 69629 INFO tempest.lib.common.rest_client [req-fa7e6857-a1ab-470d-81ba-6bd7d5f2ac0d req-fa7e6857-a1ab-470d-81ba-6bd7d5f2ac0d ] Request (MultipleCreateTestJSON:test_multiple_create): 200 GET http://10.180.1.21/compute/v2.1/servers 0.166s
2025-05-19 19:44:57.415 69645 INFO tempest.lib.common.rest_client [req-6cb5b2e7-47ef-4bd0-bb89-8fba1f21bc68 req-6cb5b2e7-47ef-4bd0-bb89-8fba1f21bc68 ] Request (ServerRescueTestJSON:setUpClass): 404 GET http://10.180.1.21/compute/v2.1/servers/07c66031-6ce0-4cff-8649-24508f4b1ad4 0.073s
2025-05-19 19:44:57.415 69645 INFO tempest.test [-] raised in ServerRescueTestJSON.setUpClass. Invoking tearDownClass.
2025-05-19 19:44:57.419 69649 INFO tempest.lib.common.rest_client [req-2858585f-ec5f-433c-8631-d968ec5cc84f req-2858585f-ec5f-433c-8631-d968ec5cc84f ] Request (ServersTestBootFromVolume:tearDownClass): 204 DELETE http://10.180.1.21:9696/networking/v2.0/security-groups/da6b89c1-6fb6-40cf-933b-3b9e74de7b6e 0.239s
2025-05-19 19:44:57.470 69629 INFO tempest.lib.common.rest_client [req-bf3650de-f428-4680-8395-93f732f47b81 req-bf3650de-f428-4680-8395-93f732f47b81 ] Request (MultipleCreateTestJSON:test_multiple_create): 200 GET http://10.180.1.21/compute/v2.1/servers/9c887295-9574-429b-9e89-1da96334bfab 0.078s
2025-05-19 19:44:57.528 69631 INFO tempest.lib.common.rest_client [req-769820da-a206-4517-906b-4bccfe1944e7 req-769820da-a206-4517-906b-4bccfe1944e7 ] Request (ServerShowV257Test:tearDownClass): 204 DELETE http://10.180.1.21:9696/networking/v2.0/security-groups/f14f7fb7-f6b8-4f3a-b51c-4b3e7cde96af 0.189s
2025-05-19 19:44:57.531 69633 INFO tempest.lib.common.rest_client [req-d4c195af-1592-4e45-8b81-9a834326cf43 req-d4c195af-1592-4e45-8b81-9a834326cf43 ] Request (ComputeTenantNetworksTest:setUpClass): 201 POST http://10.180.1.21:9696/networking/v2.0/networks 0.469s
2025-05-19 19:44:57.532 69633 INFO tempest.lib.common.dynamic_creds [-] Created isolated network resources for: credentials: Credentials: {'domain_id': 'default', 'domain_name': 'Default', 'username': 'tempest-ComputeTenantNetworksTest-1940359276-project-member', 'project_domain_id': 'default', 'project_domain_name': 'Default', 'project_id': '2b455c8fb7244d71a98007896d4bbc8e', 'project_name': 'tempest-ComputeTenantNetworksTest-1940359276', 'tenant_id': '2b455c8fb7244d71a98007896d4bbc8e', 'tenant_name': 'tempest-ComputeTenantNetworksTest-1940359276', 'user_domain_id': 'default', 'user_domain_name': 'Default', 'user_id': 'c7b42843261749139b027f5060525cbe', 'system': None}, Network: {'id': '45e57339-9ae1-42ac-874c-db1322e738cf', 'name': 'tempest-ComputeTenantNetworksTest-474429410-network', 'tenant_id': '2b455c8fb7244d71a98007896d4bbc8e', 'admin_state_up': True, 'mtu': 8950, 'status': 'ACTIVE', 'subnets': [], 'shared': False, 'project_id': '2b455c8fb7244d71a98007896d4bbc8e', 'port_security_enabled': True, 'router:external': False, 'provider:network_type': 'vlan', 'provider:physical_network': 'default', 'provider:segmentation_id': 874, 'availability_zone_hints': [], 'availability_zones': [], 'ipv4_address_scope': None, 'ipv6_address_scope': None, 'description': '', 'tags': [], 'created_at': '2025-05-19T19:44:57Z', 'updated_at': '2025-05-19T19:44:57Z', 'revision_number': 1}, Subnet: None, Router: None
2025-05-19 19:44:57.541 69627 INFO tempest.lib.common.rest_client [req-7eab42c6-538a-4450-be8f-40b4d8872a34 req-7eab42c6-538a-4450-be8f-40b4d8872a34 ] Request (SecurityGroupsTestJSON:test_security_groups_create_list_delete): 202 DELETE http://10.180.1.21/compute/v2.1/os-security-groups/95cc2547-addb-4b76-9aae-6e85df9c1aff 0.222s
2025-05-19 19:44:57.549 69649 INFO tempest.lib.common.rest_client [req-9af77036-8515-4226-abc4-f764a6369ddd req-9af77036-8515-4226-abc4-f764a6369ddd ] Request (ServersTestBootFromVolume:tearDownClass): 204 DELETE http://10.180.1.21/identity/v3/projects/14d2161618994650a2dd66418d01da7e 0.130s
2025-05-19 19:44:57.552 69649 INFO tempest.test [-] raised in ServerStableDeviceRescueTestIDE.setUpClass. Invoking tearDownClass.
2025-05-19 19:44:57.573 69627 INFO tempest.lib.common.rest_client [req-aab45a89-bccc-4449-939f-b41bc43a54df req-aab45a89-bccc-4449-939f-b41bc43a54df ] Request (SecurityGroupsTestJSON:test_security_groups_create_list_delete): 404 GET http://10.180.1.21/compute/v2.1/os-security-groups/95cc2547-addb-4b76-9aae-6e85df9c1aff 0.032s
2025-05-19 19:44:57.624 69633 INFO tempest.lib.common.rest_client [req-9aaa8be9-919e-482a-a661-9417f2abb5dc req-9aaa8be9-919e-482a-a661-9417f2abb5dc ] Request (ComputeTenantNetworksTest:setUpClass): 201 POST http://10.180.1.21/identity/v3/auth/tokens 0.088s
2025-05-19 19:44:57.639 69631 INFO tempest.lib.common.rest_client [req-44ecc585-e7db-400c-a624-33bd2e4a0c7e req-44ecc585-e7db-400c-a624-33bd2e4a0c7e ] Request (ServerShowV257Test:tearDownClass): 204 DELETE http://10.180.1.21/identity/v3/projects/159a2422675743ee98b5f52700855cfb 0.110s
2025-05-19 19:44:57.674 69627 INFO tempest.lib.common.rest_client [req-0bab6deb-222f-4b66-82cf-7e5a921cbe91 req-0bab6deb-222f-4b66-82cf-7e5a921cbe91 ] Request (SecurityGroupsTestJSON:test_security_groups_create_list_delete): 202 DELETE http://10.180.1.21/compute/v2.1/os-security-groups/891d6ade-e078-4ec6-800a-c75f6270b882 0.100s
2025-05-19 19:44:57.694 69633 INFO tempest.lib.common.rest_client [req-9eb0f12e-580f-4cf0-9da5-17bab33de134 req-9eb0f12e-580f-4cf0-9da5-17bab33de134 ] Request (ComputeTenantNetworksTest:setUpClass): 201 POST http://10.180.1.21/identity/v3/auth/tokens 0.064s
2025-05-19 19:44:57.694 69633 INFO tempest.lib.common.fixed_network [-] (ComputeTenantNetworksTest:setUpClass) Found network {'id': '45e57339-9ae1-42ac-874c-db1322e738cf', 'name': 'tempest-ComputeTenantNetworksTest-474429410-network', 'tenant_id': '2b455c8fb7244d71a98007896d4bbc8e', 'admin_state_up': True, 'mtu': 8950, 'status': 'ACTIVE', 'subnets': [], 'shared': False, 'project_id': '2b455c8fb7244d71a98007896d4bbc8e', 'port_security_enabled': True, 'router:external': False, 'provider:network_type': 'vlan', 'provider:physical_network': 'default', 'provider:segmentation_id': 874, 'availability_zone_hints': [], 'availability_zones': [], 'ipv4_address_scope': None, 'ipv6_address_scope': None, 'description': '', 'tags': [], 'created_at': '2025-05-19T19:44:57Z', 'updated_at': '2025-05-19T19:44:57Z', 'revision_number': 1} available for tenant
2025-05-19 19:44:57.702 69627 INFO tempest.lib.common.rest_client [req-243c885c-8fbe-4c62-89a3-bdd60cc03759 req-243c885c-8fbe-4c62-89a3-bdd60cc03759 ] Request (SecurityGroupsTestJSON:test_security_groups_create_list_delete): 404 GET http://10.180.1.21/compute/v2.1/os-security-groups/891d6ade-e078-4ec6-800a-c75f6270b882 0.027s
2025-05-19 19:44:57.836 69633 INFO tempest.lib.common.rest_client [req-f1362a08-458d-435a-9cf2-a166278aa8ae req-f1362a08-458d-435a-9cf2-a166278aa8ae ] Request (ComputeTenantNetworksTest:test_list_show_tenant_networks): 200 GET http://10.180.1.21/compute/v2.1/os-tenant-networks 0.140s
2025-05-19 19:44:57.866 69627 INFO tempest.lib.common.rest_client [req-bbdd8602-4d3a-40bd-98fc-7578b2fefffd req-bbdd8602-4d3a-40bd-98fc-7578b2fefffd ] Request (SecurityGroupsTestJSON:test_security_groups_create_list_delete): 202 DELETE http://10.180.1.21/compute/v2.1/os-security-groups/87bb59cf-f899-4107-876c-b14b41d11c87 0.164s
2025-05-19 19:44:57.888 69633 INFO tempest.lib.common.rest_client [req-69655b7b-cfaf-4db6-bfa0-dc7a6d20cd6b req-69655b7b-cfaf-4db6-bfa0-dc7a6d20cd6b ] Request (ComputeTenantNetworksTest:test_list_show_tenant_networks): 200 GET http://10.180.1.21/compute/v2.1/os-tenant-networks/45e57339-9ae1-42ac-874c-db1322e738cf 0.050s
2025-05-19 19:44:57.904 69627 INFO tempest.lib.common.rest_client [req-761ebac2-620d-4608-be5c-1a02f749e66f req-761ebac2-620d-4608-be5c-1a02f749e66f ] Request (SecurityGroupsTestJSON:test_security_groups_create_list_delete): 404 GET http://10.180.1.21/compute/v2.1/os-security-groups/87bb59cf-f899-4107-876c-b14b41d11c87 0.038s
2025-05-19 19:44:58.070 69627 INFO tempest.lib.common.rest_client [req-c5222f9c-8a69-4be0-96e7-cd29a74edbe0 req-c5222f9c-8a69-4be0-96e7-cd29a74edbe0 ] Request (SecurityGroupsTestJSON:test_security_groups_create_list_delete): 200 GET http://10.180.1.21/compute/v2.1/os-security-groups 0.165s
2025-05-19 19:44:58.084 69633 INFO tempest.lib.common.rest_client [req-ba23ec2a-a5d4-4607-bac6-3aee24c9f9f1 req-ba23ec2a-a5d4-4607-bac6-3aee24c9f9f1 ] Request (ComputeTenantNetworksTest:tearDownClass): 204 DELETE http://10.180.1.21:9696/networking/v2.0/networks/45e57339-9ae1-42ac-874c-db1322e738cf 0.192s
2025-05-19 19:44:58.231 69633 INFO tempest.lib.common.rest_client [req-7cc7be33-200c-4d88-9e5d-593686f30fa1 req-7cc7be33-200c-4d88-9e5d-593686f30fa1 ] Request (ComputeTenantNetworksTest:tearDownClass): 204 DELETE http://10.180.1.21/identity/v3/users/c7b42843261749139b027f5060525cbe 0.146s
2025-05-19 19:44:58.231 69633 INFO tempest.lib.common.dynamic_creds [-] Deleting project and security group for project: 2b455c8fb7244d71a98007896d4bbc8e
2025-05-19 19:44:58.287 69627 INFO tempest.lib.common.rest_client [req-39c33988-9984-40a2-8566-4ff6d4ad0cfd req-39c33988-9984-40a2-8566-4ff6d4ad0cfd ] Request (SecurityGroupsTestJSON:test_server_security_groups): 200 POST http://10.180.1.21/compute/v2.1/os-security-groups 0.212s
2025-05-19 19:44:58.290 69633 INFO tempest.lib.common.rest_client [req-c15d3621-e624-4cca-be3e-5f5d8324893c req-c15d3621-e624-4cca-be3e-5f5d8324893c ] Request (ComputeTenantNetworksTest:tearDownClass): 200 GET http://10.180.1.21:9696/networking/v2.0/security-groups?tenant_id=2b455c8fb7244d71a98007896d4bbc8e&name=default 0.058s
2025-05-19 19:44:58.352 69645 INFO tempest.lib.common.rest_client [req-2dfe5400-1a3a-468d-b403-08f71c8b8eef req-2dfe5400-1a3a-468d-b403-08f71c8b8eef ] Request (ServerRescueTestJSON:tearDownClass): 200 PUT http://10.180.1.21:9696/networking/v2.0/routers/b9ca8a80-b9da-454c-b2b6-03fa45a8f83d/remove_router_interface 0.936s
2025-05-19 19:44:58.450 69633 INFO tempest.lib.common.rest_client [req-4ebb31e1-ceee-4b7d-8017-88482e828885 req-4ebb31e1-ceee-4b7d-8017-88482e828885 ] Request (ComputeTenantNetworksTest:tearDownClass): 204 DELETE http://10.180.1.21:9696/networking/v2.0/security-groups/749bc51b-fb30-425a-bdf2-600b83d0b9ff 0.160s
2025-05-19 19:44:58.465 69627 INFO tempest.lib.common.rest_client [req-70a14c6e-c4cd-4d8e-a10e-2613da9492f0 req-70a14c6e-c4cd-4d8e-a10e-2613da9492f0 ] Request (SecurityGroupsTestJSON:test_server_security_groups): 200 POST http://10.180.1.21/compute/v2.1/os-security-groups 0.176s
2025-05-19 19:44:58.536 69627 INFO tempest.lib.common.rest_client [req-a4f007f3-3941-4e28-870a-7649cd55bdd7 req-a4f007f3-3941-4e28-870a-7649cd55bdd7 ] Request (SecurityGroupsTestJSON:test_server_security_groups): 201 POST http://10.180.1.21/identity/v3/auth/tokens 0.065s
2025-05-19 19:44:58.537 69627 INFO tempest.lib.common.fixed_network [-] (SecurityGroupsTestJSON:test_server_security_groups) Found network {'id': '41f54d26-e148-4e38-bf26-e08dc14b44b5', 'name': 'tempest-SecurityGroupsTestJSON-1765882083-network', 'tenant_id': 'f351f9ab206b498199e2e12875f93157', 'admin_state_up': True, 'mtu': 8950, 'status': 'ACTIVE', 'subnets': [], 'shared': False, 'project_id': 'f351f9ab206b498199e2e12875f93157', 'port_security_enabled': True, 'router:external': False, 'provider:network_type': 'vlan', 'provider:physical_network': 'default', 'provider:segmentation_id': 202, 'availability_zone_hints': [], 'availability_zones': [], 'ipv4_address_scope': None, 'ipv6_address_scope': None, 'description': '', 'tags': [], 'created_at': '2025-05-19T19:44:46Z', 'updated_at': '2025-05-19T19:44:46Z', 'revision_number': 1} available for tenant
2025-05-19 19:44:58.572 69629 INFO tempest.lib.common.rest_client [req-170a33d0-0d3b-4c54-9d86-7a4b0609a9d7 req-170a33d0-0d3b-4c54-9d86-7a4b0609a9d7 ] Request (MultipleCreateTestJSON:test_multiple_create): 200 GET http://10.180.1.21/compute/v2.1/servers/9c887295-9574-429b-9e89-1da96334bfab 0.093s
2025-05-19 19:44:58.586 69629 INFO tempest.common.waiters [-] State transition "BUILD/scheduling" ==> "ERROR/None" after 1 second wait
2025-05-19 19:44:58.587 69633 INFO tempest.lib.common.rest_client [req-537807c3-4800-4104-a9b7-48e26be41d72 req-537807c3-4800-4104-a9b7-48e26be41d72 ] Request (ComputeTenantNetworksTest:tearDownClass): 204 DELETE http://10.180.1.21/identity/v3/projects/2b455c8fb7244d71a98007896d4bbc8e 0.136s
2025-05-19 19:44:58.764 69645 INFO tempest.lib.common.rest_client [req-71fe87ba-95d9-4fd6-a19c-87eb083e296a req-71fe87ba-95d9-4fd6-a19c-87eb083e296a ] Request (ServerRescueTestJSON:tearDownClass): 204 DELETE http://10.180.1.21:9696/networking/v2.0/routers/b9ca8a80-b9da-454c-b2b6-03fa45a8f83d 0.412s
2025-05-19 19:44:58.797 69629 INFO tempest.lib.common.rest_client [req-baf5bb8c-8715-4dff-a4aa-ba455982c683 req-baf5bb8c-8715-4dff-a4aa-ba455982c683 ] Request (MultipleCreateTestJSON:test_multiple_create): 204 DELETE http://10.180.1.21/compute/v2.1/servers/9c887295-9574-429b-9e89-1da96334bfab 0.210s
2025-05-19 19:44:58.855 69645 INFO tempest.lib.common.rest_client [req-87da903c-c248-4aa1-90f3-607fed40abca req-87da903c-c248-4aa1-90f3-607fed40abca ] Request (ServerRescueTestJSON:tearDownClass): 204 DELETE http://10.180.1.21:9696/networking/v2.0/subnets/ce570ae9-b1aa-41ae-bbc4-ba084f746740 0.090s
2025-05-19 19:44:58.904 69627 INFO tempest.lib.common.rest_client [req-5af646e2-6f70-4881-8f38-0cfe09d4b179 req-5af646e2-6f70-4881-8f38-0cfe09d4b179 ] Request (SecurityGroupsTestJSON:test_server_security_groups): 202 POST http://10.180.1.21/compute/v2.1/servers 0.366s
2025-05-19 19:44:58.947 69627 INFO tempest.lib.common.rest_client [req-d951635d-4213-4668-acec-150c1199432c req-d951635d-4213-4668-acec-150c1199432c ] Request (SecurityGroupsTestJSON:test_server_security_groups): 200 GET http://10.180.1.21/compute/v2.1/servers/2b73fa3c-a745-4a61-880c-b0e28c25e676 0.040s
2025-05-19 19:44:58.996 69645 INFO tempest.lib.common.rest_client [req-af086d8f-0d2a-42b8-8255-6e3a70908ead req-af086d8f-0d2a-42b8-8255-6e3a70908ead ] Request (ServerRescueTestJSON:tearDownClass): 204 DELETE http://10.180.1.21:9696/networking/v2.0/networks/00aa3ceb-fa24-4acd-a23d-e8c22060ee95 0.141s
2025-05-19 19:44:59.009 69629 INFO tempest.lib.common.rest_client [req-a1d6b1f0-5e08-4623-9f8f-443f599ef3d4 req-a1d6b1f0-5e08-4623-9f8f-443f599ef3d4 ] Request (MultipleCreateTestJSON:test_multiple_create): 204 DELETE http://10.180.1.21/compute/v2.1/servers/71805dea-14e8-47c5-8205-f036b2e82000 0.212s
2025-05-19 19:44:59.033 69629 INFO tempest.lib.common.rest_client [req-eba8e012-d976-4bb7-9021-de46f0ac25da req-eba8e012-d976-4bb7-9021-de46f0ac25da ] Request (MultipleCreateTestJSON:test_multiple_create): 404 GET http://10.180.1.21/compute/v2.1/servers/9c887295-9574-429b-9e89-1da96334bfab 0.023s
2025-05-19 19:44:59.056 69629 INFO tempest.lib.common.rest_client [req-75fc95da-a294-4b5f-87a4-851b5f7f87b2 req-75fc95da-a294-4b5f-87a4-851b5f7f87b2 ] Request (MultipleCreateTestJSON:test_multiple_create): 404 GET http://10.180.1.21/compute/v2.1/servers/71805dea-14e8-47c5-8205-f036b2e82000 0.023s
2025-05-19 19:44:59.113 69629 INFO tempest.lib.common.rest_client [req-50b44210-4c17-44a3-ab43-6c7ef6d96d22 req-50b44210-4c17-44a3-ab43-6c7ef6d96d22 ] Request (MultipleCreateTestJSON:test_multiple_create_with_reservation_return): 201 POST http://10.180.1.21/identity/v3/auth/tokens 0.053s
2025-05-19 19:44:59.113 69629 INFO tempest.lib.common.fixed_network [-] (MultipleCreateTestJSON:test_multiple_create_with_reservation_return) Found network {'id': 'f91b008f-21de-4e30-9658-34c242f3d63b', 'name': 'tempest-MultipleCreateTestJSON-292906603-network', 'tenant_id': 'ed2eb403b242486db4b215324b134095', 'admin_state_up': True, 'mtu': 8950, 'status': 'ACTIVE', 'subnets': [], 'shared': False, 'project_id': 'ed2eb403b242486db4b215324b134095', 'port_security_enabled': True, 'router:external': False, 'provider:network_type': 'vlan', 'provider:physical_network': 'default', 'provider:segmentation_id': 271, 'availability_zone_hints': [], 'availability_zones': [], 'ipv4_address_scope': None, 'ipv6_address_scope': None, 'description': '', 'tags': [], 'created_at': '2025-05-19T19:44:51Z', 'updated_at': '2025-05-19T19:44:51Z', 'revision_number': 1} available for tenant
2025-05-19 19:44:59.121 69645 INFO tempest.lib.common.rest_client [req-04522737-7a00-4252-81d9-1598b574543c req-04522737-7a00-4252-81d9-1598b574543c ] Request (ServerRescueTestJSON:tearDownClass): 204 DELETE http://10.180.1.21/identity/v3/users/16ab5fb3c3aa4512a2117ccfd80f56e2 0.124s
2025-05-19 19:44:59.121 69645 INFO tempest.lib.common.dynamic_creds [-] Deleting project and security group for project: 90ea88afdedc4e94854b582c31af43a4
2025-05-19 19:44:59.152 69645 INFO tempest.lib.common.rest_client [req-e2080be5-38cf-4882-ad2c-d4ec9d0c226c req-e2080be5-38cf-4882-ad2c-d4ec9d0c226c ] Request (ServerRescueTestJSON:tearDownClass): 200 GET http://10.180.1.21:9696/networking/v2.0/security-groups?tenant_id=90ea88afdedc4e94854b582c31af43a4&name=default 0.030s
2025-05-19 19:44:59.271 69645 INFO tempest.lib.common.rest_client [req-08edfc2b-11ee-4bf9-ad90-4a4ca17514ba req-08edfc2b-11ee-4bf9-ad90-4a4ca17514ba ] Request (ServerRescueTestJSON:tearDownClass): 204 DELETE http://10.180.1.21:9696/networking/v2.0/security-groups/528a6365-ae45-46fb-8606-12114ed90f72 0.119s
2025-05-19 19:44:59.383 69645 INFO tempest.lib.common.rest_client [req-1e1f4c11-4b58-4d1c-a44c-f76dbf66f36e req-1e1f4c11-4b58-4d1c-a44c-f76dbf66f36e ] Request (ServerRescueTestJSON:tearDownClass): 204 DELETE http://10.180.1.21/identity/v3/projects/90ea88afdedc4e94854b582c31af43a4 0.111s
2025-05-19 19:44:59.487 69629 INFO tempest.lib.common.rest_client [req-b36100a0-74c7-4e8b-9fed-90a95c0fd48f req-b36100a0-74c7-4e8b-9fed-90a95c0fd48f ] Request (MultipleCreateTestJSON:test_multiple_create_with_reservation_return): 202 POST http://10.180.1.21/compute/v2.1/servers 0.372s
2025-05-19 19:44:59.532 69629 INFO tempest.lib.common.rest_client [req-a8e1bd20-8e4a-4709-a91d-f0e8ece9f57a req-a8e1bd20-8e4a-4709-a91d-f0e8ece9f57a ] Request (MultipleCreateTestJSON:test_multiple_create_with_reservation_return): 200 GET http://10.180.1.21/compute/v2.1/servers 0.045s
2025-05-19 19:44:59.579 69629 INFO tempest.lib.common.rest_client [req-43ac95f9-dc47-49cf-bcc5-30b2f55bc48f req-43ac95f9-dc47-49cf-bcc5-30b2f55bc48f ] Request (MultipleCreateTestJSON:test_multiple_create_with_reservation_return): 200 GET http://10.180.1.21/compute/v2.1/servers/fcbfac2a-5d41-4ef1-8181-4bef07496f97 0.044s
2025-05-19 19:45:00.024 69627 INFO tempest.lib.common.rest_client [req-19ad84d3-58b1-443f-b155-1484a951edf9 req-19ad84d3-58b1-443f-b155-1484a951edf9 ] Request (SecurityGroupsTestJSON:test_server_security_groups): 200 GET http://10.180.1.21/compute/v2.1/servers/2b73fa3c-a745-4a61-880c-b0e28c25e676 0.065s
2025-05-19 19:45:00.031 69627 INFO tempest.common.waiters [-] State transition "BUILD/scheduling" ==> "ERROR/None" after 2 second wait
2025-05-19 19:45:00.217 69627 INFO tempest.lib.common.rest_client [req-4b3b7125-145e-4469-82bc-60f2fea67dcd req-4b3b7125-145e-4469-82bc-60f2fea67dcd ] Request (SecurityGroupsTestJSON:test_server_security_groups): 204 DELETE http://10.180.1.21/compute/v2.1/servers/2b73fa3c-a745-4a61-880c-b0e28c25e676 0.185s
2025-05-19 19:45:00.241 69627 INFO tempest.lib.common.rest_client [req-0174269d-595c-4124-bc16-223e629fbfb6 req-0174269d-595c-4124-bc16-223e629fbfb6 ] Request (SecurityGroupsTestJSON:test_server_security_groups): 404 GET http://10.180.1.21/compute/v2.1/servers/2b73fa3c-a745-4a61-880c-b0e28c25e676 0.024s
2025-05-19 19:45:00.357 69627 INFO tempest.lib.common.rest_client [req-76c21d7d-2a7d-4b15-bb52-59d28fae0cb5 req-76c21d7d-2a7d-4b15-bb52-59d28fae0cb5 ] Request (SecurityGroupsTestJSON:test_update_security_groups): 200 POST http://10.180.1.21/compute/v2.1/os-security-groups 0.114s
2025-05-19 19:45:00.454 69627 INFO tempest.lib.common.rest_client [req-75c842c6-98a5-4b78-8e45-9248db4169a0 req-75c842c6-98a5-4b78-8e45-9248db4169a0 ] Request (SecurityGroupsTestJSON:test_update_security_groups): 200 PUT http://10.180.1.21/compute/v2.1/os-security-groups/9a662ea7-664c-4981-be01-d4c7c9829f50 0.093s
2025-05-19 19:45:00.486 69627 INFO tempest.lib.common.rest_client [req-67a2db9c-f54f-48c3-a545-eea59e82d724 req-67a2db9c-f54f-48c3-a545-eea59e82d724 ] Request (SecurityGroupsTestJSON:test_update_security_groups): 200 GET http://10.180.1.21/compute/v2.1/os-security-groups/9a662ea7-664c-4981-be01-d4c7c9829f50 0.029s
2025-05-19 19:45:00.585 69627 INFO tempest.lib.common.rest_client [req-ab0976a7-7aca-49f2-a193-dc95631ed3ef req-ab0976a7-7aca-49f2-a193-dc95631ed3ef ] Request (SecurityGroupsTestJSON:tearDownClass): 202 DELETE http://10.180.1.21/compute/v2.1/os-security-groups/9a662ea7-664c-4981-be01-d4c7c9829f50 0.095s
2025-05-19 19:45:00.652 69629 INFO tempest.lib.common.rest_client [req-4717ed91-f5bc-4050-ad0e-b9c4c2d16e77 req-4717ed91-f5bc-4050-ad0e-b9c4c2d16e77 ] Request (MultipleCreateTestJSON:test_multiple_create_with_reservation_return): 200 GET http://10.180.1.21/compute/v2.1/servers/fcbfac2a-5d41-4ef1-8181-4bef07496f97 0.065s
2025-05-19 19:45:00.659 69629 INFO tempest.common.waiters [-] State transition "BUILD/scheduling" ==> "ERROR/None" after 1 second wait
2025-05-19 19:45:00.677 69627 INFO tempest.lib.common.rest_client [req-dfaefbc0-dd8b-4849-829a-f8f3c359793d req-dfaefbc0-dd8b-4849-829a-f8f3c359793d ] Request (SecurityGroupsTestJSON:tearDownClass): 202 DELETE http://10.180.1.21/compute/v2.1/os-security-groups/b995590f-3b4e-4fb9-af90-d2109ba87e6d 0.091s
2025-05-19 19:45:00.762 69627 INFO tempest.lib.common.rest_client [req-84bbb532-7e1a-4e34-bb1e-88db4a154f24 req-84bbb532-7e1a-4e34-bb1e-88db4a154f24 ] Request (SecurityGroupsTestJSON:tearDownClass): 202 DELETE http://10.180.1.21/compute/v2.1/os-security-groups/e4cedbc0-2138-409b-8c48-a9cb26809ca7 0.085s
2025-05-19 19:45:00.781 69627 INFO tempest.lib.common.rest_client [req-053981fa-46a9-46b2-bee0-02076ddc7372 req-053981fa-46a9-46b2-bee0-02076ddc7372 ] Request (SecurityGroupsTestJSON:tearDownClass): 404 DELETE http://10.180.1.21/compute/v2.1/os-security-groups/87bb59cf-f899-4107-876c-b14b41d11c87 0.018s
2025-05-19 19:45:00.801 69627 INFO tempest.lib.common.rest_client [req-6fdf23df-b44d-4120-a257-76daccd614f4 req-6fdf23df-b44d-4120-a257-76daccd614f4 ] Request (SecurityGroupsTestJSON:tearDownClass): 404 DELETE http://10.180.1.21/compute/v2.1/os-security-groups/891d6ade-e078-4ec6-800a-c75f6270b882 0.019s
2025-05-19 19:45:00.821 69627 INFO tempest.lib.common.rest_client [req-e46048b2-2543-47a1-b218-03af7c0c9432 req-e46048b2-2543-47a1-b218-03af7c0c9432 ] Request (SecurityGroupsTestJSON:tearDownClass): 404 DELETE http://10.180.1.21/compute/v2.1/os-security-groups/95cc2547-addb-4b76-9aae-6e85df9c1aff 0.020s
2025-05-19 19:45:00.835 69629 INFO tempest.lib.common.rest_client [req-eff06d79-cc4f-4508-aae8-eaaa129916ee req-eff06d79-cc4f-4508-aae8-eaaa129916ee ] Request (MultipleCreateTestJSON:test_multiple_create_with_reservation_return): 204 DELETE http://10.180.1.21/compute/v2.1/servers/fcbfac2a-5d41-4ef1-8181-4bef07496f97 0.176s
2025-05-19 19:45:00.841 69627 INFO tempest.lib.common.rest_client [req-cf6515bf-8309-4b64-ad0e-b77e2ce635b3 req-cf6515bf-8309-4b64-ad0e-b77e2ce635b3 ] Request (SecurityGroupsTestJSON:tearDownClass): 404 DELETE http://10.180.1.21/compute/v2.1/os-security-groups/59a5f7f8-c84a-4e78-91de-bc622953360b 0.019s
2025-05-19 19:45:00.932 69627 INFO tempest.lib.common.rest_client [req-445735f7-3c4f-4933-a08b-624d3e2474be req-445735f7-3c4f-4933-a08b-624d3e2474be ] Request (SecurityGroupsTestJSON:tearDownClass): 202 DELETE http://10.180.1.21/compute/v2.1/os-security-groups/1923b375-8152-44d4-932a-385835a75991 0.091s
2025-05-19 19:45:01.005 69629 INFO tempest.lib.common.rest_client [req-5b338bf6-79c9-41e6-ac9a-4b885d166d8f req-5b338bf6-79c9-41e6-ac9a-4b885d166d8f ] Request (MultipleCreateTestJSON:test_multiple_create_with_reservation_return): 204 DELETE http://10.180.1.21/compute/v2.1/servers/de57b0e5-1ae0-4eab-a3b6-ed42e581e00d 0.170s
2025-05-19 19:45:01.022 69627 INFO tempest.lib.common.rest_client [req-d71128ea-ae86-4fd4-8074-040636f7deb4 req-d71128ea-ae86-4fd4-8074-040636f7deb4 ] Request (SecurityGroupsTestJSON:tearDownClass): 202 DELETE http://10.180.1.21/compute/v2.1/os-security-groups/b0c35a0b-c3e0-4034-be19-1ca302541502 0.089s
2025-05-19 19:45:01.027 69629 INFO tempest.lib.common.rest_client [req-7dc85f70-6400-474a-8d3a-91896714bc2b req-7dc85f70-6400-474a-8d3a-91896714bc2b ] Request (MultipleCreateTestJSON:test_multiple_create_with_reservation_return): 404 GET http://10.180.1.21/compute/v2.1/servers/fcbfac2a-5d41-4ef1-8181-4bef07496f97 0.022s
2025-05-19 19:45:01.053 69629 INFO tempest.lib.common.rest_client [req-fc67ab65-df0c-4b95-920e-59d92c2789cd req-fc67ab65-df0c-4b95-920e-59d92c2789cd ] Request (MultipleCreateTestJSON:test_multiple_create_with_reservation_return): 404 GET http://10.180.1.21/compute/v2.1/servers/de57b0e5-1ae0-4eab-a3b6-ed42e581e00d 0.025s
2025-05-19 19:45:01.643 69629 INFO tempest.lib.common.rest_client [req-e11bfeb7-765a-48b3-89a5-465f9238775f req-e11bfeb7-765a-48b3-89a5-465f9238775f ] Request (MultipleCreateTestJSON:tearDownClass): 200 PUT http://10.180.1.21:9696/networking/v2.0/routers/ac41c98b-315e-4670-b785-b1cbc46a1ea7/remove_router_interface 0.584s
2025-05-19 19:45:01.807 69627 INFO tempest.lib.common.rest_client [req-917cf1bc-fc6a-4524-bb5e-6638191d80a8 req-917cf1bc-fc6a-4524-bb5e-6638191d80a8 ] Request (SecurityGroupsTestJSON:tearDownClass): 200 PUT http://10.180.1.21:9696/networking/v2.0/routers/cf5fa3a6-6a5e-4f93-aae0-fb09985e47e6/remove_router_interface 0.785s
2025-05-19 19:45:01.964 69629 INFO tempest.lib.common.rest_client [req-cf51198d-28f0-448e-a294-e67636f420ca req-cf51198d-28f0-448e-a294-e67636f420ca ] Request (MultipleCreateTestJSON:tearDownClass): 204 DELETE http://10.180.1.21:9696/networking/v2.0/routers/ac41c98b-315e-4670-b785-b1cbc46a1ea7 0.320s
2025-05-19 19:45:02.048 69629 INFO tempest.lib.common.rest_client [req-836dc6c7-f444-400b-9e49-7fdfc509695a req-836dc6c7-f444-400b-9e49-7fdfc509695a ] Request (MultipleCreateTestJSON:tearDownClass): 204 DELETE http://10.180.1.21:9696/networking/v2.0/subnets/4b2c82c6-8e54-4697-9ac5-d7d2ca6419bb 0.084s
2025-05-19 19:45:02.112 69627 INFO tempest.lib.common.rest_client [req-40da614a-4764-4992-a84d-299b6c4d7ce7 req-40da614a-4764-4992-a84d-299b6c4d7ce7 ] Request (SecurityGroupsTestJSON:tearDownClass): 204 DELETE http://10.180.1.21:9696/networking/v2.0/routers/cf5fa3a6-6a5e-4f93-aae0-fb09985e47e6 0.304s
2025-05-19 19:45:02.156 69629 INFO tempest.lib.common.rest_client [req-9bbfe587-a6e3-4808-822b-11a8fd1065f5 req-9bbfe587-a6e3-4808-822b-11a8fd1065f5 ] Request (MultipleCreateTestJSON:tearDownClass): 204 DELETE http://10.180.1.21:9696/networking/v2.0/networks/f91b008f-21de-4e30-9658-34c242f3d63b 0.108s
2025-05-19 19:45:02.203 69627 INFO tempest.lib.common.rest_client [req-98b472ef-9779-4ec6-b004-f08af77dd10e req-98b472ef-9779-4ec6-b004-f08af77dd10e ] Request (SecurityGroupsTestJSON:tearDownClass): 204 DELETE http://10.180.1.21:9696/networking/v2.0/subnets/4293c60f-f5bc-4e25-921f-418d0d49f591 0.090s
2025-05-19 19:45:02.270 69629 INFO tempest.lib.common.rest_client [req-e3b4b3e3-15f2-430e-9ea4-3ec4f0d313dd req-e3b4b3e3-15f2-430e-9ea4-3ec4f0d313dd ] Request (MultipleCreateTestJSON:tearDownClass): 204 DELETE http://10.180.1.21/identity/v3/users/10a772ea5a8d4ccbb575fbcf5fe6be6e 0.113s
2025-05-19 19:45:02.270 69629 INFO tempest.lib.common.dynamic_creds [-] Deleting project and security group for project: ed2eb403b242486db4b215324b134095
2025-05-19 19:45:02.315 69629 INFO tempest.lib.common.rest_client [req-58f2d4bb-6fc4-4a7a-9e15-c6da0001d0bc req-58f2d4bb-6fc4-4a7a-9e15-c6da0001d0bc ] Request (MultipleCreateTestJSON:tearDownClass): 200 GET http://10.180.1.21:9696/networking/v2.0/security-groups?tenant_id=ed2eb403b242486db4b215324b134095&name=default 0.045s
2025-05-19 19:45:02.344 69627 INFO tempest.lib.common.rest_client [req-8be8940b-0c4a-40f5-ad94-62ad9ba00cf7 req-8be8940b-0c4a-40f5-ad94-62ad9ba00cf7 ] Request (SecurityGroupsTestJSON:tearDownClass): 204 DELETE http://10.180.1.21:9696/networking/v2.0/networks/41f54d26-e148-4e38-bf26-e08dc14b44b5 0.140s
2025-05-19 19:45:02.395 69629 INFO tempest.lib.common.rest_client [req-dbb1ee82-1f56-4b33-b1bc-db4440b1cfef req-dbb1ee82-1f56-4b33-b1bc-db4440b1cfef ] Request (MultipleCreateTestJSON:tearDownClass): 204 DELETE http://10.180.1.21:9696/networking/v2.0/security-groups/342ca2a7-d83c-4ca3-86f8-2bf6ff00ff10 0.079s
2025-05-19 19:45:02.430 69627 INFO tempest.lib.common.rest_client [req-5f6ca70a-5e15-40d6-9ce5-6843ceac029e req-5f6ca70a-5e15-40d6-9ce5-6843ceac029e ] Request (SecurityGroupsTestJSON:tearDownClass): 204 DELETE http://10.180.1.21/identity/v3/users/3cd7083ee50743d4babb2d0fd5fedc70 0.086s
2025-05-19 19:45:02.430 69627 INFO tempest.lib.common.dynamic_creds [-] Deleting project and security group for project: f351f9ab206b498199e2e12875f93157
2025-05-19 19:45:02.455 69627 INFO tempest.lib.common.rest_client [req-4b2421cb-130c-4555-be2c-9ce289c15e8c req-4b2421cb-130c-4555-be2c-9ce289c15e8c ] Request (SecurityGroupsTestJSON:tearDownClass): 200 GET http://10.180.1.21:9696/networking/v2.0/security-groups?tenant_id=f351f9ab206b498199e2e12875f93157&name=default 0.024s
2025-05-19 19:45:02.463 69629 INFO tempest.lib.common.rest_client [req-23505c96-844e-41f5-8a2e-e6d3e87c433b req-23505c96-844e-41f5-8a2e-e6d3e87c433b ] Request (MultipleCreateTestJSON:tearDownClass): 204 DELETE http://10.180.1.21/identity/v3/projects/ed2eb403b242486db4b215324b134095 0.067s
2025-05-19 19:45:02.526 69627 INFO tempest.lib.common.rest_client [req-a404c713-da46-4f0d-9cd8-37b9a0305736 req-a404c713-da46-4f0d-9cd8-37b9a0305736 ] Request (SecurityGroupsTestJSON:tearDownClass): 204 DELETE http://10.180.1.21:9696/networking/v2.0/security-groups/3f9710e1-4e21-4735-92c7-a58416af3958 0.070s
2025-05-19 19:45:02.638 69627 INFO tempest.lib.common.rest_client [req-c5e068e4-9bdc-41b4-a5a7-a51a74246694 req-c5e068e4-9bdc-41b4-a5a7-a51a74246694 ] Request (SecurityGroupsTestJSON:tearDownClass): 204 DELETE http://10.180.1.21/identity/v3/projects/f351f9ab206b498199e2e12875f93157 0.112s
2025-05-19 19:45:02.693 69627 INFO tempest.lib.common.rest_client [req-1b649a4b-4d0b-43c0-911c-5a8d0bd298c4 req-1b649a4b-4d0b-43c0-911c-5a8d0bd298c4 ] Request (ServersNegativeTestMultiTenantJSON:setUpClass): 201 POST http://10.180.1.21/identity/v3/auth/tokens 0.053s
2025-05-19 19:45:02.721 69627 INFO tempest.lib.common.rest_client [req-57267917-7370-4ff0-b7f2-049c9ca1a923 req-57267917-7370-4ff0-b7f2-049c9ca1a923 ] Request (ServersNegativeTestMultiTenantJSON:setUpClass): 201 POST http://10.180.1.21/identity/v3/auth/tokens 0.026s
2025-05-19 19:45:02.744 69627 INFO tempest.lib.common.rest_client [req-82dbbbc1-9da1-42e7-8dcd-6ac246e310e4 req-82dbbbc1-9da1-42e7-8dcd-6ac246e310e4 ] Request (ServersNegativeTestMultiTenantJSON:setUpClass): 200 GET http://10.180.1.21/identity/v3/domains?name=Default 0.022s
2025-05-19 19:45:02.769 69627 INFO tempest.lib.common.rest_client [req-45f48bcc-b97e-440a-877c-7fa8d044a066 req-45f48bcc-b97e-440a-877c-7fa8d044a066 ] Request (ServersNegativeTestMultiTenantJSON:setUpClass): 201 POST http://10.180.1.21/identity/v3/projects 0.024s
2025-05-19 19:45:02.820 69627 INFO tempest.lib.common.rest_client [req-e3a03c2b-4063-46c1-b4a5-2fe8df46d8b8 req-e3a03c2b-4063-46c1-b4a5-2fe8df46d8b8 ] Request (ServersNegativeTestMultiTenantJSON:setUpClass): 201 POST http://10.180.1.21/identity/v3/users 0.050s
2025-05-19 19:45:02.840 69627 INFO tempest.lib.common.rest_client [req-7feb0c98-2677-45c3-99d3-7cb68c3eeef4 req-7feb0c98-2677-45c3-99d3-7cb68c3eeef4 ] Request (ServersNegativeTestMultiTenantJSON:setUpClass): 200 GET http://10.180.1.21/identity/v3/roles 0.019s
2025-05-19 19:45:02.864 69627 INFO tempest.lib.common.rest_client [req-d6bbca08-0377-453b-9a13-7e70ff341650 req-d6bbca08-0377-453b-9a13-7e70ff341650 ] Request (ServersNegativeTestMultiTenantJSON:setUpClass): 204 PUT http://10.180.1.21/identity/v3/projects/5f24eecc76bb4216bf5cbe571877f6da/users/f6d969c8885342bbb51927f48a789c62/roles/90d12add8f714bf8b246aba4e01e6ca7 0.024s
2025-05-19 19:45:02.864 69627 INFO tempest.lib.common.dynamic_creds [-] Dynamic test user f6d969c8885342bbb51927f48a789c62 is created with scope project and roles: ['member']
2025-05-19 19:45:02.865 69627 INFO tempest.lib.common.dynamic_creds [-] Acquired dynamic creds: credentials: Credentials: {'domain_id': 'default', 'domain_name': 'Default', 'username': 'tempest-ServersNegativeTestMultiTenantJSON-1134161331-project-member', 'project_domain_id': 'default', 'project_domain_name': 'Default', 'project_id': '5f24eecc76bb4216bf5cbe571877f6da', 'project_name': 'tempest-ServersNegativeTestMultiTenantJSON-1134161331', 'tenant_id': '5f24eecc76bb4216bf5cbe571877f6da', 'tenant_name': 'tempest-ServersNegativeTestMultiTenantJSON-1134161331', 'user_domain_id': 'default', 'user_domain_name': 'Default', 'user_id': 'f6d969c8885342bbb51927f48a789c62', 'system': None}, Network: None, Subnet: None, Router: None
2025-05-19 19:45:02.916 69627 INFO tempest.lib.common.rest_client [req-4a9a7ec5-756a-472f-96d7-b22d1915f5e5 req-4a9a7ec5-756a-472f-96d7-b22d1915f5e5 ] Request (ServersNegativeTestMultiTenantJSON:setUpClass): 201 POST http://10.180.1.21/identity/v3/auth/tokens 0.051s
2025-05-19 19:45:03.136 69627 INFO tempest.lib.common.rest_client [req-6cf10e54-857b-452e-961c-5ad832ad1bdd req-6cf10e54-857b-452e-961c-5ad832ad1bdd ] Request (ServersNegativeTestMultiTenantJSON:setUpClass): 201 POST http://10.180.1.21:9696/networking/v2.0/networks 0.220s
2025-05-19 19:45:03.283 69627 INFO tempest.lib.common.rest_client [req-a39daeb6-b2d2-4304-94ae-417835821b73 req-a39daeb6-b2d2-4304-94ae-417835821b73 ] Request (ServersNegativeTestMultiTenantJSON:setUpClass): 201 POST http://10.180.1.21:9696/networking/v2.0/subnets 0.146s
2025-05-19 19:45:03.899 69627 INFO tempest.lib.common.rest_client [req-86ba4421-b2b4-4139-a6dc-0b6ed2a8067a req-86ba4421-b2b4-4139-a6dc-0b6ed2a8067a ] Request (ServersNegativeTestMultiTenantJSON:setUpClass): 201 POST http://10.180.1.21:9696/networking/v2.0/routers 0.615s
2025-05-19 19:45:04.572 69627 INFO tempest.lib.common.rest_client [req-e9c21995-abce-45fa-8795-67e06a0c043e req-e9c21995-abce-45fa-8795-67e06a0c043e ] Request (ServersNegativeTestMultiTenantJSON:setUpClass): 200 PUT http://10.180.1.21:9696/networking/v2.0/routers/3f8e6c4c-ff46-40e3-ae2c-142159b6c2c4/add_router_interface 0.672s
2025-05-19 19:45:04.573 69627 INFO tempest.lib.common.dynamic_creds [-] Created isolated network resources for: credentials: Credentials: {'domain_id': 'default', 'domain_name': 'Default', 'username': 'tempest-ServersNegativeTestMultiTenantJSON-1134161331-project-member', 'project_domain_id': 'default', 'project_domain_name': 'Default', 'project_id': '5f24eecc76bb4216bf5cbe571877f6da', 'project_name': 'tempest-ServersNegativeTestMultiTenantJSON-1134161331', 'tenant_id': '5f24eecc76bb4216bf5cbe571877f6da', 'tenant_name': 'tempest-ServersNegativeTestMultiTenantJSON-1134161331', 'user_domain_id': 'default', 'user_domain_name': 'Default', 'user_id': 'f6d969c8885342bbb51927f48a789c62', 'system': None}, Network: {'id': 'b18231cb-d8bb-4155-b73b-8fa4c284c860', 'name': 'tempest-ServersNegativeTestMultiTenantJSON-863202966-network', 'tenant_id': '5f24eecc76bb4216bf5cbe571877f6da', 'admin_state_up': True, 'mtu': 8950, 'status': 'ACTIVE', 'subnets': [], 'shared': False, 'project_id': '5f24eecc76bb4216bf5cbe571877f6da', 'port_security_enabled': True, 'router:external': False, 'provider:network_type': 'vlan', 'provider:physical_network': 'default', 'provider:segmentation_id': 521, 'availability_zone_hints': [], 'availability_zones': [], 'ipv4_address_scope': None, 'ipv6_address_scope': None, 'description': '', 'tags': [], 'created_at': '2025-05-19T19:45:03Z', 'updated_at': '2025-05-19T19:45:03Z', 'revision_number': 1}, Subnet: {'id': '16699ced-9065-4cb0-8088-fbb1203caecd', 'name': 'tempest-ServersNegativeTestMultiTenantJSON-863202966-subnet', 'tenant_id': '5f24eecc76bb4216bf5cbe571877f6da', 'network_id': 'b18231cb-d8bb-4155-b73b-8fa4c284c860', 'ip_version': 4, 'subnetpool_id': None, 'enable_dhcp': True, 'ipv6_ra_mode': None, 'ipv6_address_mode': None, 'gateway_ip': '192.168.128.1', 'cidr': '192.168.128.0/28', 'allocation_pools': [{'start': '192.168.128.2', 'end': '192.168.128.14'}], 'host_routes': [], 'dns_nameservers': [], 'description': '', 'router:external': False, 'service_types': [], 'tags': [], 'created_at': '2025-05-19T19:45:03Z', 'updated_at': '2025-05-19T19:45:03Z', 'revision_number': 0, 'project_id': '5f24eecc76bb4216bf5cbe571877f6da'}, Router: {'id': '3f8e6c4c-ff46-40e3-ae2c-142159b6c2c4', 'name': 'tempest-ServersNegativeTestMultiTenantJSON-863202966-router', 'tenant_id': '5f24eecc76bb4216bf5cbe571877f6da', 'admin_state_up': True, 'status': 'ACTIVE', 'external_gateway_info': {'network_id': 'c164de13-0661-44a9-b45b-9d6f7a8847f2', 'external_fixed_ips': [{'subnet_id': 'caa1390f-75a9-4ec8-aa9e-6e01aca8e0ea', 'ip_address': '10.180.180.205'}], 'enable_snat': True}, 'description': '', 'availability_zones': [], 'distributed': False, 'ha': False, 'availability_zone_hints': [], 'routes': [], 'flavor_id': None, 'tags': [], 'created_at': '2025-05-19T19:45:03Z', 'updated_at': '2025-05-19T19:45:03Z', 'revision_number': 2, 'project_id': '5f24eecc76bb4216bf5cbe571877f6da'}
2025-05-19 19:45:04.649 69627 INFO tempest.lib.common.rest_client [req-609416c5-6f31-478f-97f9-0e101961e65a req-609416c5-6f31-478f-97f9-0e101961e65a ] Request (ServersNegativeTestMultiTenantJSON:setUpClass): 201 POST http://10.180.1.21/identity/v3/auth/tokens 0.072s
2025-05-19 19:45:04.675 69627 INFO tempest.lib.common.rest_client [req-49c7eeb5-f13b-4b68-9ced-7906c25482a1 req-49c7eeb5-f13b-4b68-9ced-7906c25482a1 ] Request (ServersNegativeTestMultiTenantJSON:setUpClass): 201 POST http://10.180.1.21/identity/v3/projects 0.026s
2025-05-19 19:45:04.726 69627 INFO tempest.lib.common.rest_client [req-6d5e9038-960f-4537-9d3b-09762e49c5af req-6d5e9038-960f-4537-9d3b-09762e49c5af ] Request (ServersNegativeTestMultiTenantJSON:setUpClass): 201 POST http://10.180.1.21/identity/v3/users 0.050s
2025-05-19 19:45:04.746 69627 INFO tempest.lib.common.rest_client [req-71c38ebf-15eb-4e97-bf46-2e63626331cd req-71c38ebf-15eb-4e97-bf46-2e63626331cd ] Request (ServersNegativeTestMultiTenantJSON:setUpClass): 200 GET http://10.180.1.21/identity/v3/roles 0.020s
2025-05-19 19:45:04.769 69627 INFO tempest.lib.common.rest_client [req-334cc852-02d8-462f-9abc-404ce0fb1935 req-334cc852-02d8-462f-9abc-404ce0fb1935 ] Request (ServersNegativeTestMultiTenantJSON:setUpClass): 204 PUT http://10.180.1.21/identity/v3/projects/dcd98dbc516f4e1ab11191d7fcf55d2f/users/bd9ff72a137846b6bcb2408700ef6c65/roles/90d12add8f714bf8b246aba4e01e6ca7 0.022s
2025-05-19 19:45:04.770 69627 INFO tempest.lib.common.dynamic_creds [-] Dynamic test user bd9ff72a137846b6bcb2408700ef6c65 is created with scope project and roles: ['member']
2025-05-19 19:45:04.770 69627 INFO tempest.lib.common.dynamic_creds [-] Acquired dynamic creds: credentials: Credentials: {'domain_id': 'default', 'domain_name': 'Default', 'username': 'tempest-ServersNegativeTestMultiTenantJSON-689415659-project-member', 'project_domain_id': 'default', 'project_domain_name': 'Default', 'project_id': 'dcd98dbc516f4e1ab11191d7fcf55d2f', 'project_name': 'tempest-ServersNegativeTestMultiTenantJSON-689415659', 'tenant_id': 'dcd98dbc516f4e1ab11191d7fcf55d2f', 'tenant_name': 'tempest-ServersNegativeTestMultiTenantJSON-689415659', 'user_domain_id': 'default', 'user_domain_name': 'Default', 'user_id': 'bd9ff72a137846b6bcb2408700ef6c65', 'system': None}, Network: None, Subnet: None, Router: None
2025-05-19 19:45:04.934 69627 INFO tempest.lib.common.rest_client [req-12fa857d-bbdc-4290-8551-15587b7bed4c req-12fa857d-bbdc-4290-8551-15587b7bed4c ] Request (ServersNegativeTestMultiTenantJSON:setUpClass): 201 POST http://10.180.1.21:9696/networking/v2.0/networks 0.164s
2025-05-19 19:45:05.079 69627 INFO tempest.lib.common.rest_client [req-4161c6c8-112d-42fb-b681-eec340419479 req-4161c6c8-112d-42fb-b681-eec340419479 ] Request (ServersNegativeTestMultiTenantJSON:setUpClass): 201 POST http://10.180.1.21:9696/networking/v2.0/subnets 0.144s
2025-05-19 19:45:05.840 69627 INFO tempest.lib.common.rest_client [req-3567bad0-6f16-4c83-8b5a-93a0df3e0350 req-3567bad0-6f16-4c83-8b5a-93a0df3e0350 ] Request (ServersNegativeTestMultiTenantJSON:setUpClass): 201 POST http://10.180.1.21:9696/networking/v2.0/routers 0.761s
2025-05-19 19:45:06.527 69627 INFO tempest.lib.common.rest_client [req-4ab19b4e-586e-45a6-b88e-fe4675f40f13 req-4ab19b4e-586e-45a6-b88e-fe4675f40f13 ] Request (ServersNegativeTestMultiTenantJSON:setUpClass): 200 PUT http://10.180.1.21:9696/networking/v2.0/routers/7d71c45c-f027-468a-a811-4d0b458ba5e3/add_router_interface 0.686s
2025-05-19 19:45:06.528 69627 INFO tempest.lib.common.dynamic_creds [-] Created isolated network resources for: credentials: Credentials: {'domain_id': 'default', 'domain_name': 'Default', 'username': 'tempest-ServersNegativeTestMultiTenantJSON-689415659-project-member', 'project_domain_id': 'default', 'project_domain_name': 'Default', 'project_id': 'dcd98dbc516f4e1ab11191d7fcf55d2f', 'project_name': 'tempest-ServersNegativeTestMultiTenantJSON-689415659', 'tenant_id': 'dcd98dbc516f4e1ab11191d7fcf55d2f', 'tenant_name': 'tempest-ServersNegativeTestMultiTenantJSON-689415659', 'user_domain_id': 'default', 'user_domain_name': 'Default', 'user_id': 'bd9ff72a137846b6bcb2408700ef6c65', 'system': None}, Network: {'id': 'a2c6f948-5d9f-4d01-bfc9-d338af2a12de', 'name': 'tempest-ServersNegativeTestMultiTenantJSON-1228375720-network', 'tenant_id': 'dcd98dbc516f4e1ab11191d7fcf55d2f', 'admin_state_up': True, 'mtu': 8950, 'status': 'ACTIVE', 'subnets': [], 'shared': False, 'project_id': 'dcd98dbc516f4e1ab11191d7fcf55d2f', 'port_security_enabled': True, 'router:external': False, 'provider:network_type': 'vlan', 'provider:physical_network': 'default', 'provider:segmentation_id': 454, 'availability_zone_hints': [], 'availability_zones': [], 'ipv4_address_scope': None, 'ipv6_address_scope': None, 'description': '', 'tags': [], 'created_at': '2025-05-19T19:45:04Z', 'updated_at': '2025-05-19T19:45:04Z', 'revision_number': 1}, Subnet: {'id': '2b4b2030-4fa2-49bc-8e99-580eabe4edfe', 'name': 'tempest-ServersNegativeTestMultiTenantJSON-1228375720-subnet', 'tenant_id': 'dcd98dbc516f4e1ab11191d7fcf55d2f', 'network_id': 'a2c6f948-5d9f-4d01-bfc9-d338af2a12de', 'ip_version': 4, 'subnetpool_id': None, 'enable_dhcp': True, 'ipv6_ra_mode': None, 'ipv6_address_mode': None, 'gateway_ip': '192.168.128.1', 'cidr': '192.168.128.0/28', 'allocation_pools': [{'start': '192.168.128.2', 'end': '192.168.128.14'}], 'host_routes': [], 'dns_nameservers': [], 'description': '', 'router:external': False, 'service_types': [], 'tags': [], 'created_at': '2025-05-19T19:45:04Z', 'updated_at': '2025-05-19T19:45:04Z', 'revision_number': 0, 'project_id': 'dcd98dbc516f4e1ab11191d7fcf55d2f'}, Router: {'id': '7d71c45c-f027-468a-a811-4d0b458ba5e3', 'name': 'tempest-ServersNegativeTestMultiTenantJSON-1228375720-router', 'tenant_id': 'dcd98dbc516f4e1ab11191d7fcf55d2f', 'admin_state_up': True, 'status': 'ACTIVE', 'external_gateway_info': {'network_id': 'c164de13-0661-44a9-b45b-9d6f7a8847f2', 'external_fixed_ips': [{'subnet_id': 'caa1390f-75a9-4ec8-aa9e-6e01aca8e0ea', 'ip_address': '10.180.180.143'}], 'enable_snat': True}, 'description': '', 'availability_zones': [], 'distributed': False, 'ha': False, 'availability_zone_hints': [], 'routes': [], 'flavor_id': None, 'tags': [], 'created_at': '2025-05-19T19:45:05Z', 'updated_at': '2025-05-19T19:45:05Z', 'revision_number': 2, 'project_id': 'dcd98dbc516f4e1ab11191d7fcf55d2f'}
2025-05-19 19:45:06.603 69627 INFO tempest.lib.common.rest_client [req-a549e049-c6bb-403f-b180-de47e9e5b535 req-a549e049-c6bb-403f-b180-de47e9e5b535 ] Request (ServersNegativeTestMultiTenantJSON:setUpClass): 201 POST http://10.180.1.21/identity/v3/auth/tokens 0.072s
2025-05-19 19:45:06.657 69627 INFO tempest.lib.common.rest_client [req-6cdff700-90f0-49b5-b314-126e22019eba req-6cdff700-90f0-49b5-b314-126e22019eba ] Request (ServersNegativeTestMultiTenantJSON:setUpClass): 201 POST http://10.180.1.21/identity/v3/auth/tokens 0.051s
2025-05-19 19:45:06.658 69627 INFO tempest.lib.common.fixed_network [-] (ServersNegativeTestMultiTenantJSON:setUpClass) Found network {'id': 'b18231cb-d8bb-4155-b73b-8fa4c284c860', 'name': 'tempest-ServersNegativeTestMultiTenantJSON-863202966-network', 'tenant_id': '5f24eecc76bb4216bf5cbe571877f6da', 'admin_state_up': True, 'mtu': 8950, 'status': 'ACTIVE', 'subnets': [], 'shared': False, 'project_id': '5f24eecc76bb4216bf5cbe571877f6da', 'port_security_enabled': True, 'router:external': False, 'provider:network_type': 'vlan', 'provider:physical_network': 'default', 'provider:segmentation_id': 521, 'availability_zone_hints': [], 'availability_zones': [], 'ipv4_address_scope': None, 'ipv6_address_scope': None, 'description': '', 'tags': [], 'created_at': '2025-05-19T19:45:03Z', 'updated_at': '2025-05-19T19:45:03Z', 'revision_number': 1} available for tenant
