2025-05-19 19:42:57.197 69617 INFO tempest.lib.common.rest_client [req-c593794e-849a-43a2-a4a9-b7bf1f13b5b5 req-c593794e-849a-43a2-a4a9-b7bf1f13b5b5 ] Request (HypervisorAdminNegativeUnderV252Test:tearDownClass): 204 DELETE http://10.180.1.21/identity/v3/users/e941d81a5f65429f85c9d6771566546f 0.205s
2025-05-19 19:42:57.197 69617 INFO tempest.lib.common.dynamic_creds [-] Deleting project and security group for project: d1e785aa34d7477d9e0665bfd409da3d
2025-05-19 19:42:57.204 69659 INFO tempest.lib.common.rest_client [req-9bb8faf3-260f-4c58-beae-104112137405 req-9bb8faf3-260f-4c58-beae-104112137405 ] Request (FlavorsAccessTestJSON:test_flavor_access_add_remove): 200 POST http://10.180.1.21/compute/v2.1/flavors/1401709496/action 1.130s
2025-05-19 19:42:57.208 69669 INFO tempest.lib.common.rest_client [req-ac21687a-9674-40bb-8c0a-d37c99539114 req-ac21687a-9674-40bb-8c0a-d37c99539114 ] Request (TenantUsagesNegativeTestJSON:tearDownClass): 200 GET http://10.180.1.21:9696/networking/v2.0/security-groups?tenant_id=6cd9fba3f99a4cb1af9db1b6e450ff2d&name=default 0.553s
2025-05-19 19:42:57.258 69675 INFO tempest.lib.common.rest_client [req-7e3e6b03-2f10-4784-aa7f-26afe4868f5f req-7e3e6b03-2f10-4784-aa7f-26afe4868f5f ] Request (ServicesAdminNegativeTestJSON:setUpClass): 200 GET http://10.180.1.21/identity/v3/domains?name=Default 0.231s
2025-05-19 19:42:57.269 69635 INFO tempest.lib.common.rest_client [req-fc8c007b-c98c-4d02-b2a5-a60577c24364 req-fc8c007b-c98c-4d02-b2a5-a60577c24364 ] Request (AggregatesAdminNegativeTestJSON:test_aggregate_add_existent_host): 409 POST http://10.180.1.21/compute/v2.1/os-aggregates/1/action 0.793s
2025-05-19 19:42:57.305 69665 INFO tempest.lib.common.rest_client [req-705dac93-581d-4d0b-adf3-79d2546e6496 req-705dac93-581d-4d0b-adf3-79d2546e6496 ] Request (FlavorsV2TestJSON:tearDownClass): 204 DELETE http://10.180.1.21/identity/v3/users/fd6e282c768649ebb2f27acfe2490dc2 0.302s
2025-05-19 19:42:57.305 69665 INFO tempest.lib.common.dynamic_creds [-] Deleting project and security group for project: ddd8183ddbbd435bb98039b77f41584f
2025-05-19 19:42:57.322 69637 INFO tempest.lib.common.rest_client [req-bf88a77a-98bb-4a52-94f9-b66e9a55fec3 req-bf88a77a-98bb-4a52-94f9-b66e9a55fec3 ] Request (NetworksTest:setUpClass): 201 POST http://10.180.1.21/identity/v3/auth/tokens 0.258s
2025-05-19 19:42:57.351 69617 INFO tempest.lib.common.rest_client [req-ef29491f-524c-4c9d-a3d3-fdba1b810441 req-ef29491f-524c-4c9d-a3d3-fdba1b810441 ] Request (HypervisorAdminNegativeUnderV252Test:tearDownClass): 201 POST http://10.180.1.21/identity/v3/auth/tokens 0.154s
2025-05-19 19:42:57.369 69649 INFO tempest.lib.common.rest_client [req-68c65fc0-6611-4e65-9f94-8bfa7bc74e54 req-68c65fc0-6611-4e65-9f94-8bfa7bc74e54 ] Request (VolumesAssistedSnapshotsTest:setUpClass): 200 GET http://10.180.1.21/identity/v3/roles 0.273s
2025-05-19 19:42:57.374 69647 INFO tempest.lib.common.rest_client [req-aaf3cd34-fdaf-4b17-945c-8380e125352f req-aaf3cd34-fdaf-4b17-945c-8380e125352f ] Request (FloatingIPsAssociationNegativeTestJSON:setUpClass): 200 PUT http://10.180.1.21:9696/networking/v2.0/routers/e04587d8-3145-48da-902f-c90170ce7e14/add_router_interface 1.876s
2025-05-19 19:42:57.375 69647 INFO tempest.lib.common.dynamic_creds [-] Created isolated network resources for: credentials: Credentials: {'domain_id': 'default', 'domain_name': 'Default', 'username': 'tempest-FloatingIPsAssociationNegativeTestJSON-385718188-project-member', 'project_domain_id': 'default', 'project_domain_name': 'Default', 'project_id': '585a9241f1394a18a59d769d4ebeb18b', 'project_name': 'tempest-FloatingIPsAssociationNegativeTestJSON-385718188', 'tenant_id': '585a9241f1394a18a59d769d4ebeb18b', 'tenant_name': 'tempest-FloatingIPsAssociationNegativeTestJSON-385718188', 'user_domain_id': 'default', 'user_domain_name': 'Default', 'user_id': 'c022e2d9ba0b4f88a105776a4bb921dc', 'system': None}, Network: {'id': '8d585f5c-14f2-4d50-8da0-589d001a778b', 'name': 'tempest-FloatingIPsAssociationNegativeTestJSON-1682832378-network', 'tenant_id': '585a9241f1394a18a59d769d4ebeb18b', 'admin_state_up': True, 'mtu': 8950, 'status': 'ACTIVE', 'subnets': [], 'shared': False, 'project_id': '585a9241f1394a18a59d769d4ebeb18b', 'port_security_enabled': True, 'router:external': False, 'provider:network_type': 'vlan', 'provider:physical_network': 'default', 'provider:segmentation_id': 540, 'availability_zone_hints': [], 'availability_zones': [], 'ipv4_address_scope': None, 'ipv6_address_scope': None, 'description': '', 'tags': [], 'created_at': '2025-05-19T19:42:53Z', 'updated_at': '2025-05-19T19:42:53Z', 'revision_number': 1}, Subnet: {'id': '24991635-6ad6-4f4e-a1cf-5a3a575697e2', 'name': 'tempest-FloatingIPsAssociationNegativeTestJSON-1682832378-subnet', 'tenant_id': '585a9241f1394a18a59d769d4ebeb18b', 'network_id': '8d585f5c-14f2-4d50-8da0-589d001a778b', 'ip_version': 4, 'subnetpool_id': None, 'enable_dhcp': True, 'ipv6_ra_mode': None, 'ipv6_address_mode': None, 'gateway_ip': '192.168.128.1', 'cidr': '192.168.128.0/28', 'allocation_pools': [{'start': '192.168.128.2', 'end': '192.168.128.14'}], 'host_routes': [], 'dns_nameservers': [], 'description': '', 'router:external': False, 'service_types': [], 'tags': [], 'created_at': '2025-05-19T19:42:53Z', 'updated_at': '2025-05-19T19:42:53Z', 'revision_number': 0, 'project_id': '585a9241f1394a18a59d769d4ebeb18b'}, Router: {'id': 'e04587d8-3145-48da-902f-c90170ce7e14', 'name': 'tempest-FloatingIPsAssociationNegativeTestJSON-1682832378-router', 'tenant_id': '585a9241f1394a18a59d769d4ebeb18b', 'admin_state_up': True, 'status': 'ACTIVE', 'external_gateway_info': {'network_id': 'c164de13-0661-44a9-b45b-9d6f7a8847f2', 'external_fixed_ips': [{'subnet_id': 'caa1390f-75a9-4ec8-aa9e-6e01aca8e0ea', 'ip_address': '10.180.180.184'}], 'enable_snat': True}, 'description': '', 'availability_zones': [], 'distributed': False, 'ha': False, 'availability_zone_hints': [], 'routes': [], 'flavor_id': None, 'tags': [], 'created_at': '2025-05-19T19:42:54Z', 'updated_at': '2025-05-19T19:42:54Z', 'revision_number': 2, 'project_id': '585a9241f1394a18a59d769d4ebeb18b'}
2025-05-19 19:42:57.385 69675 INFO tempest.lib.common.rest_client [req-8c1a09fb-be8b-478b-8560-8666e7802143 req-8c1a09fb-be8b-478b-8560-8666e7802143 ] Request (ServicesAdminNegativeTestJSON:setUpClass): 201 POST http://10.180.1.21/identity/v3/projects 0.127s
2025-05-19 19:42:57.412 69669 INFO tempest.lib.common.rest_client [req-f4da0a9a-8a3c-4982-9979-c1b31db347c8 req-f4da0a9a-8a3c-4982-9979-c1b31db347c8 ] Request (TenantUsagesNegativeTestJSON:tearDownClass): 204 DELETE http://10.180.1.21:9696/networking/v2.0/security-groups/cf5cc59a-1ea4-4b2d-9c05-d9d9c0cfad95 0.203s
2025-05-19 19:42:57.428 69665 INFO tempest.lib.common.rest_client [req-2b8c5c7f-58f2-429e-a19d-f90f10dbb9c2 req-2b8c5c7f-58f2-429e-a19d-f90f10dbb9c2 ] Request (FlavorsV2TestJSON:tearDownClass): 201 POST http://10.180.1.21/identity/v3/auth/tokens 0.122s
2025-05-19 19:42:57.435 69637 INFO tempest.lib.common.rest_client [req-0fea7c23-8dde-429c-a000-b5abab6bd1a0 req-0fea7c23-8dde-429c-a000-b5abab6bd1a0 ] Request (NetworksTest:setUpClass): 200 GET http://10.180.1.21/identity/v3/domains?name=Default 0.112s
2025-05-19 19:42:57.452 69649 INFO tempest.lib.common.rest_client [req-a120815b-4728-457b-887f-97241557bda3 req-a120815b-4728-457b-887f-97241557bda3 ] Request (VolumesAssistedSnapshotsTest:setUpClass): 204 PUT http://10.180.1.21/identity/v3/projects/588297d287be4695960d6c6760d9d476/users/1aec5efcc1b74a53b889223eaf6e2010/roles/6ab3e519bbb84e7e9f318f20dfaac417 0.083s
2025-05-19 19:42:57.453 69649 INFO tempest.lib.common.dynamic_creds [-] Dynamic test user 1aec5efcc1b74a53b889223eaf6e2010 is created with scope project and roles: ['service', 'admin']
2025-05-19 19:42:57.453 69649 INFO tempest.lib.common.dynamic_creds [-] Acquired dynamic creds: credentials: Credentials: {'domain_id': 'default', 'domain_name': 'Default', 'username': 'tempest-VolumesAssistedSnapshotsTest-184376079-project', 'project_domain_id': 'default', 'project_domain_name': 'Default', 'project_id': '588297d287be4695960d6c6760d9d476', 'project_name': 'tempest-VolumesAssistedSnapshotsTest-184376079', 'tenant_id': '588297d287be4695960d6c6760d9d476', 'tenant_name': 'tempest-VolumesAssistedSnapshotsTest-184376079', 'user_domain_id': 'default', 'user_domain_name': 'Default', 'user_id': '1aec5efcc1b74a53b889223eaf6e2010', 'system': None}, Network: None, Subnet: None, Router: None
2025-05-19 19:42:57.552 69629 INFO tempest.lib.common.rest_client [req-8c632f45-83a7-4841-bf93-6eff5df71c67 req-8c632f45-83a7-4841-bf93-6eff5df71c67 ] Request (FlavorsAccessNegativeTestJSON:test_add_flavor_access_duplicate): 409 POST http://10.180.1.21/compute/v2.1/flavors/1338435566/action 0.986s
2025-05-19 19:42:57.563 69675 INFO tempest.lib.common.rest_client [req-0dd9652f-2315-464a-a068-9dba5b5ba230 req-0dd9652f-2315-464a-a068-9dba5b5ba230 ] Request (ServicesAdminNegativeTestJSON:setUpClass): 201 POST http://10.180.1.21/identity/v3/users 0.176s
2025-05-19 19:42:57.604 69613 INFO tempest.lib.common.rest_client [req-04694604-46d6-46b0-96be-ddc712472042 req-04694604-46d6-46b0-96be-ddc712472042 ] Request (QuotaClassesAdmin257Test:_run_cleanups): 200 PUT http://10.180.1.21/compute/v2.1/os-quota-class-sets/default 1.024s
2025-05-19 19:42:57.607 69647 INFO tempest.lib.common.rest_client [req-a5893745-7995-4213-8221-ab02688e1fc3 req-a5893745-7995-4213-8221-ab02688e1fc3 ] Request (FloatingIPsAssociationNegativeTestJSON:setUpClass): 201 POST http://10.180.1.21/identity/v3/auth/tokens 0.229s
2025-05-19 19:42:57.623 69669 INFO tempest.lib.common.rest_client [req-17ec3f42-26bc-462b-b32d-793f3d3785f6 req-17ec3f42-26bc-462b-b32d-793f3d3785f6 ] Request (TenantUsagesNegativeTestJSON:tearDownClass): 204 DELETE http://10.180.1.21/identity/v3/projects/6cd9fba3f99a4cb1af9db1b6e450ff2d 0.210s
2025-05-19 19:42:57.623 69669 INFO tempest.lib.common.dynamic_creds [-] Deleting project and security group for project: 8e5d4bd488c943b694f74b3cbe5b4436
2025-05-19 19:42:57.627 69657 INFO tempest.lib.common.rest_client [req-7511d04f-8b4b-4b94-852b-0776a6479c18 req-7511d04f-8b4b-4b94-852b-0776a6479c18 ] Request (ServicesAdminTestJSON:test_list_services): 200 GET http://10.180.1.21/compute/v2.1/os-services 1.028s
2025-05-19 19:42:57.689 69637 INFO tempest.lib.common.rest_client [req-a74b6386-9f04-4dec-b33f-2772cd92f225 req-a74b6386-9f04-4dec-b33f-2772cd92f225 ] Request (NetworksTest:setUpClass): 201 POST http://10.180.1.21/identity/v3/projects 0.253s
2025-05-19 19:42:57.741 69661 INFO tempest.lib.common.rest_client [req-8ad1a2a6-829b-4858-877e-07180c3075d8 req-8ad1a2a6-829b-4858-877e-07180c3075d8 ] Request (QuotasAdminTestV236:test_get_updated_quotas): 200 GET http://10.180.1.21/identity/v3/domains?name=Default 0.135s
2025-05-19 19:42:57.743 69675 INFO tempest.lib.common.rest_client [req-fcf40b82-0057-4789-8541-07ed408bf6ff req-fcf40b82-0057-4789-8541-07ed408bf6ff ] Request (ServicesAdminNegativeTestJSON:setUpClass): 200 GET http://10.180.1.21/identity/v3/roles 0.180s
2025-05-19 19:42:57.791 69647 INFO tempest.lib.common.rest_client [req-e693aceb-564b-4520-b7f5-30e6965632c1 req-e693aceb-564b-4520-b7f5-30e6965632c1 ] Request (FloatingIPsAssociationNegativeTestJSON:setUpClass): 201 POST http://10.180.1.21/identity/v3/auth/tokens 0.179s
2025-05-19 19:42:57.792 69647 INFO tempest.lib.common.fixed_network [-] (FloatingIPsAssociationNegativeTestJSON:setUpClass) Found network {'id': '8d585f5c-14f2-4d50-8da0-589d001a778b', 'name': 'tempest-FloatingIPsAssociationNegativeTestJSON-1682832378-network', 'tenant_id': '585a9241f1394a18a59d769d4ebeb18b', 'admin_state_up': True, 'mtu': 8950, 'status': 'ACTIVE', 'subnets': [], 'shared': False, 'project_id': '585a9241f1394a18a59d769d4ebeb18b', 'port_security_enabled': True, 'router:external': False, 'provider:network_type': 'vlan', 'provider:physical_network': 'default', 'provider:segmentation_id': 540, 'availability_zone_hints': [], 'availability_zones': [], 'ipv4_address_scope': None, 'ipv6_address_scope': None, 'description': '', 'tags': [], 'created_at': '2025-05-19T19:42:53Z', 'updated_at': '2025-05-19T19:42:53Z', 'revision_number': 1} available for tenant
2025-05-19 19:42:57.807 69613 INFO tempest.lib.common.rest_client [req-c9a5849b-22b3-4130-a5d3-f89e0c6a0b2d req-c9a5849b-22b3-4130-a5d3-f89e0c6a0b2d ] Request (QuotaClassesAdmin257Test:tearDownClass): 204 DELETE http://10.180.1.21/identity/v3/users/32d79386740b480192aa7c88dd382537 0.193s
2025-05-19 19:42:57.819 69615 INFO tempest.lib.common.rest_client [req-ad19dbdf-2b2e-4b1d-8b10-0410c99128df req-ad19dbdf-2b2e-4b1d-8b10-0410c99128df ] Request (ServersAdminTestJSON:setUpClass): 202 POST http://10.180.1.21/compute/v2.1/servers 1.380s
2025-05-19 19:42:57.853 69621 INFO tempest.lib.common.rest_client [req-987bf93b-6317-4b6d-9d74-ce9b9b990bbd req-987bf93b-6317-4b6d-9d74-ce9b9b990bbd ] Request (MigrationsAdminTest:_run_cleanups): 202 DELETE http://10.180.1.21/compute/v2.1/flavors/bbfc1a43-f61c-420a-8a7f-8479c8fe9d81 1.226s
2025-05-19 19:42:57.860 69645 INFO tempest.lib.common.rest_client [req-6f133ccd-17b9-4247-a31f-6eee008e4d4a req-6f133ccd-17b9-4247-a31f-6eee008e4d4a ] Request (HypervisorAdminNegativeTestJSON:test_show_hypervisor_with_non_admin_user): 403 GET http://10.180.1.21/compute/v2.1/os-hypervisors/1 1.212s
2025-05-19 19:42:57.898 69627 INFO tempest.lib.common.rest_client [req-e05bed6a-13d2-4638-9046-3572a502d945 req-e05bed6a-13d2-4638-9046-3572a502d945 ] Request (ServerDiagnosticsV248Test:test_get_server_diagnostics): 200 GET http://10.180.1.21/compute/v2.1/servers/f6f81107-c77e-4051-b206-c0c6733faa00 1.281s
2025-05-19 19:42:57.939 69651 INFO tempest.lib.common.rest_client [req-fb628d60-c1ae-4e43-8600-0a6bc7b6d260 req-fb628d60-c1ae-4e43-8600-0a6bc7b6d260 ] Request (ListImagesTestJSON:test_list_images): 200 GET http://10.180.1.21/compute/v2.1/images 1.181s
2025-05-19 19:42:57.940 69657 INFO tempest.lib.common.rest_client [req-e94871d4-4782-42f6-95de-e515297075c4 req-e94871d4-4782-42f6-95de-e515297075c4 ] Request (ServicesAdminTestJSON:tearDownClass): 204 DELETE http://10.180.1.21/identity/v3/users/b4315e9c458a45a182325a1875ec7252 0.308s
2025-05-19 19:42:57.955 69625 INFO tempest.lib.common.rest_client [req-7ef75adc-be8f-4da1-b167-50c42844c951 req-7ef75adc-be8f-4da1-b167-50c42844c951 ] Request (FlavorsAdminTestJSON:test_create_flavor_with_uuid_id): 200 POST http://10.180.1.21/compute/v2.1/flavors 1.035s
2025-05-19 19:42:57.968 69617 INFO tempest.lib.common.rest_client [req-9b2df1ab-2f9a-48a7-b5c6-6b3228f6be1d req-9b2df1ab-2f9a-48a7-b5c6-6b3228f6be1d ] Request (HypervisorAdminNegativeUnderV252Test:tearDownClass): 200 GET http://10.180.1.21:9696/networking/v2.0/security-groups?tenant_id=d1e785aa34d7477d9e0665bfd409da3d&name=default 0.616s
2025-05-19 19:42:57.971 69637 INFO tempest.lib.common.rest_client [req-a7be2b67-9e05-44ec-8afa-bcfd1957a1e9 req-a7be2b67-9e05-44ec-8afa-bcfd1957a1e9 ] Request (NetworksTest:setUpClass): 201 POST http://10.180.1.21/identity/v3/users 0.281s
2025-05-19 19:42:57.987 69653 INFO tempest.lib.common.rest_client [req-d1a52c6f-0936-46a6-9286-8cb2fcd8b4b1 req-d1a52c6f-0936-46a6-9286-8cb2fcd8b4b1 ] Request (ServersWithSpecificFlavorTestJSON:setUpClass): 200 PUT http://10.180.1.21:9696/networking/v2.0/routers/9788ceb9-8023-445b-8099-7269f156a9bc/add_router_interface 3.545s
2025-05-19 19:42:57.987 69653 INFO tempest.lib.common.dynamic_creds [-] Created isolated network resources for: credentials: Credentials: {'domain_id': 'default', 'domain_name': 'Default', 'username': 'tempest-ServersWithSpecificFlavorTestJSON-2054675814-project-admin', 'project_domain_id': 'default', 'project_domain_name': 'Default', 'project_id': '2a82916c205e46209f2f7c990816d4cb', 'project_name': 'tempest-ServersWithSpecificFlavorTestJSON-2054675814', 'tenant_id': '2a82916c205e46209f2f7c990816d4cb', 'tenant_name': 'tempest-ServersWithSpecificFlavorTestJSON-2054675814', 'user_domain_id': 'default', 'user_domain_name': 'Default', 'user_id': '8bdc9e4093fa4faea1b862f6105a53ea', 'system': None}, Network: {'id': '6d920615-02e5-41ec-afe8-75b0a982fbb8', 'name': 'tempest-ServersWithSpecificFlavorTestJSON-1637316067-network', 'tenant_id': '2a82916c205e46209f2f7c990816d4cb', 'admin_state_up': True, 'mtu': 8950, 'status': 'ACTIVE', 'subnets': [], 'shared': False, 'project_id': '2a82916c205e46209f2f7c990816d4cb', 'port_security_enabled': True, 'router:external': False, 'provider:network_type': 'vlan', 'provider:physical_network': 'default', 'provider:segmentation_id': 993, 'availability_zone_hints': [], 'availability_zones': [], 'ipv4_address_scope': None, 'ipv6_address_scope': None, 'description': '', 'tags': [], 'created_at': '2025-05-19T19:42:52Z', 'updated_at': '2025-05-19T19:42:52Z', 'revision_number': 1}, Subnet: {'id': '340decee-caa1-4c37-aca2-2f7d2e04d6ee', 'name': 'tempest-ServersWithSpecificFlavorTestJSON-1637316067-subnet', 'tenant_id': '2a82916c205e46209f2f7c990816d4cb', 'network_id': '6d920615-02e5-41ec-afe8-75b0a982fbb8', 'ip_version': 4, 'subnetpool_id': None, 'enable_dhcp': True, 'ipv6_ra_mode': None, 'ipv6_address_mode': None, 'gateway_ip': '192.168.128.1', 'cidr': '192.168.128.0/28', 'allocation_pools': [{'start': '192.168.128.2', 'end': '192.168.128.14'}], 'host_routes': [], 'dns_nameservers': [], 'description': '', 'router:external': False, 'service_types': [], 'tags': [], 'created_at': '2025-05-19T19:42:52Z', 'updated_at': '2025-05-19T19:42:52Z', 'revision_number': 0, 'project_id': '2a82916c205e46209f2f7c990816d4cb'}, Router: {'id': '9788ceb9-8023-445b-8099-7269f156a9bc', 'name': 'tempest-ServersWithSpecificFlavorTestJSON-1637316067-router', 'tenant_id': '2a82916c205e46209f2f7c990816d4cb', 'admin_state_up': True, 'status': 'ACTIVE', 'external_gateway_info': {'network_id': 'c164de13-0661-44a9-b45b-9d6f7a8847f2', 'external_fixed_ips': [{'subnet_id': 'caa1390f-75a9-4ec8-aa9e-6e01aca8e0ea', 'ip_address': '10.180.180.207'}], 'enable_snat': True}, 'description': '', 'availability_zones': [], 'distributed': False, 'ha': False, 'availability_zone_hints': [], 'routes': [], 'flavor_id': None, 'tags': [], 'created_at': '2025-05-19T19:42:52Z', 'updated_at': '2025-05-19T19:42:53Z', 'revision_number': 2, 'project_id': '2a82916c205e46209f2f7c990816d4cb'}
2025-05-19 19:42:58.010 69661 INFO tempest.lib.common.rest_client [req-75a1d168-4c2f-4f1a-aea5-fd9649623080 req-75a1d168-4c2f-4f1a-aea5-fd9649623080 ] Request (QuotasAdminTestV236:test_get_updated_quotas): 201 POST http://10.180.1.21/identity/v3/projects 0.268s
2025-05-19 19:42:58.023 69642 INFO tempest.lib.common.rest_client [req-c2df4187-7ac8-4cd1-bd89-222016264536 req-c2df4187-7ac8-4cd1-bd89-222016264536 ] Request (ServerAddressesNegativeTestJSON:setUpClass): 201 POST http://10.180.1.21:9696/networking/v2.0/routers 2.914s
2025-05-19 19:42:58.023 69631 INFO tempest.lib.common.rest_client [req-f5711581-cf43-4819-bc17-b86059791868 req-f5711581-cf43-4819-bc17-b86059791868 ] Request (DeleteServersAdminTestJSON:test_admin_delete_servers_of_others): 200 GET http://10.180.1.21/compute/v2.1/servers/2619e056-4807-4b08-8939-f7333bb2b29a 1.099s
2025-05-19 19:42:58.057 69675 INFO tempest.lib.common.rest_client [req-9ddb4de7-a748-4ccb-a28e-19e143e3602e req-9ddb4de7-a748-4ccb-a28e-19e143e3602e ] Request (ServicesAdminNegativeTestJSON:setUpClass): 204 PUT http://10.180.1.21/identity/v3/projects/c6da64d6ad3e4c9d9fa4a8bc4a2da07e/users/a96f718e87634df3b727dbfd5dcf8152/roles/90d12add8f714bf8b246aba4e01e6ca7 0.313s
2025-05-19 19:42:58.058 69675 INFO tempest.lib.common.dynamic_creds [-] Dynamic test user a96f718e87634df3b727dbfd5dcf8152 is created with scope project and roles: ['member']
2025-05-19 19:42:58.058 69675 INFO tempest.lib.common.dynamic_creds [-] Acquired dynamic creds: credentials: Credentials: {'domain_id': 'default', 'domain_name': 'Default', 'username': 'tempest-ServicesAdminNegativeTestJSON-2128164091-project-member', 'project_domain_id': 'default', 'project_domain_name': 'Default', 'project_id': 'c6da64d6ad3e4c9d9fa4a8bc4a2da07e', 'project_name': 'tempest-ServicesAdminNegativeTestJSON-2128164091', 'tenant_id': 'c6da64d6ad3e4c9d9fa4a8bc4a2da07e', 'tenant_name': 'tempest-ServicesAdminNegativeTestJSON-2128164091', 'user_domain_id': 'default', 'user_domain_name': 'Default', 'user_id': 'a96f718e87634df3b727dbfd5dcf8152', 'system': None}, Network: None, Subnet: None, Router: None
2025-05-19 19:42:58.058 69675 INFO tempest.lib.common.dynamic_creds [-] Created isolated network resources for: credentials: Credentials: {'domain_id': 'default', 'domain_name': 'Default', 'username': 'tempest-ServicesAdminNegativeTestJSON-2128164091-project-member', 'project_domain_id': 'default', 'project_domain_name': 'Default', 'project_id': 'c6da64d6ad3e4c9d9fa4a8bc4a2da07e', 'project_name': 'tempest-ServicesAdminNegativeTestJSON-2128164091', 'tenant_id': 'c6da64d6ad3e4c9d9fa4a8bc4a2da07e', 'tenant_name': 'tempest-ServicesAdminNegativeTestJSON-2128164091', 'user_domain_id': 'default', 'user_domain_name': 'Default', 'user_id': 'a96f718e87634df3b727dbfd5dcf8152', 'system': None}, Network: None, Subnet: None, Router: None
2025-05-19 19:42:58.113 69673 INFO tempest.lib.common.rest_client [req-21348a21-3cfb-44dd-9b51-2297d6d45e75 req-21348a21-3cfb-44dd-9b51-2297d6d45e75 ] Request (KeyPairsV22TestJSON:test_keypair_create_delete): 201 POST http://10.180.1.21/compute/v2.1/os-keypairs 1.182s
2025-05-19 19:42:58.127 69663 INFO tempest.lib.common.rest_client [req-6f7d6995-d340-4582-97f6-4676532b4752 req-6f7d6995-d340-4582-97f6-4676532b4752 ] Request (KeyPairsV210TestJSON:test_admin_manage_keypairs_for_other_users): 200 GET http://10.180.1.21/compute/v2.1/os-keypairs?user_id=dc9cc2c0db9547e78bf5332fd8b270a9 1.143s
2025-05-19 19:42:58.144 69619 INFO tempest.lib.common.rest_client [req-5aebfd40-afae-4a56-8461-225fb37be3b6 req-5aebfd40-afae-4a56-8461-225fb37be3b6 ] Request (ServicesAdminNegativeV253TestJSON:test_enable_service_with_invalid_service_id): 404 PUT http://10.180.1.21/compute/v2.1/os-services/36a44e26-382b-468c-86b9-cea9d66cf6a2 1.126s
2025-05-19 19:42:58.151 69671 INFO tempest.lib.common.rest_client [req-ab9b81e6-6d8e-49a3-847e-1f64a1084ea1 req-ab9b81e6-6d8e-49a3-847e-1f64a1084ea1 ] Request (FlavorsExtraSpecsNegativeTestJSON:test_flavor_non_admin_unset_keys): 403 DELETE http://10.180.1.21/compute/v2.1/flavors/983236000/os-extra_specs/hw:numa_nodes 1.106s
2025-05-19 19:42:58.164 69649 INFO tempest.lib.common.rest_client [req-f7d91ed3-bb3d-4157-9a34-9b0616eaa67c req-f7d91ed3-bb3d-4157-9a34-9b0616eaa67c ] Request (VolumesAssistedSnapshotsTest:setUpClass): 201 POST http://10.180.1.21:9696/networking/v2.0/networks 0.710s
2025-05-19 19:42:58.177 69659 INFO tempest.lib.common.rest_client [req-534764b5-6c26-43cf-a972-835237ae6a1f req-534764b5-6c26-43cf-a972-835237ae6a1f ] Request (FlavorsAccessTestJSON:test_flavor_access_add_remove): 200 GET http://10.180.1.21/compute/v2.1/flavors/detail 0.971s
2025-05-19 19:42:58.196 69669 INFO tempest.lib.common.rest_client [req-7dbfd974-db80-44c8-afc6-d062c4ae73b1 req-7dbfd974-db80-44c8-afc6-d062c4ae73b1 ] Request (TenantUsagesNegativeTestJSON:tearDownClass): 200 GET http://10.180.1.21:9696/networking/v2.0/security-groups?tenant_id=8e5d4bd488c943b694f74b3cbe5b4436&name=default 0.572s
2025-05-19 19:42:58.217 69623 INFO tempest.lib.common.rest_client [req-1f7ca8ee-b64f-4d5f-80d0-0cb57574ad5b req-1f7ca8ee-b64f-4d5f-80d0-0cb57574ad5b ] Request (FloatingIPsAssociationTestJSON:setUpClass): 204 DELETE http://10.180.1.21/compute/v2.1/servers/45e15a96-34a0-494d-a8e6-a6edb5161f5f 1.335s
2025-05-19 19:42:58.221 69613 INFO tempest.lib.common.rest_client [req-1a0020a8-6d4e-4cd1-9b17-73234d4149c5 req-1a0020a8-6d4e-4cd1-9b17-73234d4149c5 ] Request (QuotaClassesAdmin257Test:tearDownClass): 204 DELETE http://10.180.1.21/identity/v3/users/834cfe7d8daa487180e31d9766dfa342 0.412s
2025-05-19 19:42:58.221 69613 INFO tempest.lib.common.dynamic_creds [-] Deleting project and security group for project: 070ee91259014f12b334cafa298d5b06
2025-05-19 19:42:58.222 69657 INFO tempest.lib.common.rest_client [req-731038fd-662a-4a2a-b754-a4f74b453e7a req-731038fd-662a-4a2a-b754-a4f74b453e7a ] Request (ServicesAdminTestJSON:tearDownClass): 204 DELETE http://10.180.1.21/identity/v3/users/70e299a38b954e1f917ace485bf33e51 0.281s
2025-05-19 19:42:58.223 69657 INFO tempest.lib.common.dynamic_creds [-] Deleting project and security group for project: e4ffa6fde7c24cef84e037c21b909620
2025-05-19 19:42:58.252 69639 INFO tempest.lib.common.rest_client [req-739721da-7cda-4295-8e40-7edae2c3d579 req-739721da-7cda-4295-8e40-7edae2c3d579 ] Request (FloatingIPsNegativeTestJSON:setUpClass): 201 POST http://10.180.1.21:9696/networking/v2.0/routers 2.458s
2025-05-19 19:42:58.303 69653 INFO tempest.lib.common.rest_client [req-45c4522a-e7cb-4564-8d6f-94d6d5577c13 req-45c4522a-e7cb-4564-8d6f-94d6d5577c13 ] Request (ServersWithSpecificFlavorTestJSON:setUpClass): 201 POST http://10.180.1.21/identity/v3/auth/tokens 0.310s
2025-05-19 19:42:58.313 69635 INFO tempest.lib.common.rest_client [req-076221a7-5961-4a5e-abbb-dfcc65526cf2 req-076221a7-5961-4a5e-abbb-dfcc65526cf2 ] Request (AggregatesAdminNegativeTestJSON:_run_cleanups): 200 POST http://10.180.1.21/compute/v2.1/os-aggregates/1/action 1.042s
2025-05-19 19:42:58.319 69665 INFO tempest.lib.common.rest_client [req-e62b0690-4272-4034-adc5-dbb1f51218f7 req-e62b0690-4272-4034-adc5-dbb1f51218f7 ] Request (FlavorsV2TestJSON:tearDownClass): 200 GET http://10.180.1.21:9696/networking/v2.0/security-groups?tenant_id=ddd8183ddbbd435bb98039b77f41584f&name=default 0.891s
2025-05-19 19:42:58.334 69637 INFO tempest.lib.common.rest_client [req-df03f810-9445-46f1-8848-d953b660414c req-df03f810-9445-46f1-8848-d953b660414c ] Request (NetworksTest:setUpClass): 200 GET http://10.180.1.21/identity/v3/roles 0.363s
2025-05-19 19:42:58.370 69661 INFO tempest.lib.common.rest_client [req-24ee62e2-8907-4265-b07d-7a1646268a9b req-24ee62e2-8907-4265-b07d-7a1646268a9b ] Request (QuotasAdminTestV236:test_get_updated_quotas): 200 GET http://10.180.1.21/identity/v3/domains?name=Default 0.359s
2025-05-19 19:42:58.395 69613 INFO tempest.lib.common.rest_client [req-6e14625a-e325-46c2-b455-63d777587ec0 req-6e14625a-e325-46c2-b455-63d777587ec0 ] Request (QuotaClassesAdmin257Test:tearDownClass): 201 POST http://10.180.1.21/identity/v3/auth/tokens 0.173s
2025-05-19 19:42:58.399 69675 INFO tempest.lib.common.rest_client [req-90ee89b2-1f98-4a90-9915-6d3b9b75a7fd req-90ee89b2-1f98-4a90-9915-6d3b9b75a7fd ] Request (ServicesAdminNegativeTestJSON:setUpClass): 201 POST http://10.180.1.21/identity/v3/auth/tokens 0.334s
2025-05-19 19:42:58.424 69657 INFO tempest.lib.common.rest_client [req-bd2b53af-8d16-437e-9511-dce9ad70a6ff req-bd2b53af-8d16-437e-9511-dce9ad70a6ff ] Request (ServicesAdminTestJSON:tearDownClass): 201 POST http://10.180.1.21/identity/v3/auth/tokens 0.201s
2025-05-19 19:42:58.431 69637 INFO tempest.lib.common.rest_client [req-53bc14aa-cbe0-4d3d-878e-3f959765d9ee req-53bc14aa-cbe0-4d3d-878e-3f959765d9ee ] Request (NetworksTest:setUpClass): 204 PUT http://10.180.1.21/identity/v3/projects/9cbf3315c4f84f26bec7966c95656e48/users/b6923a60fe6f49f092e682685f048542/roles/90d12add8f714bf8b246aba4e01e6ca7 0.096s
2025-05-19 19:42:58.431 69637 INFO tempest.lib.common.dynamic_creds [-] Dynamic test user b6923a60fe6f49f092e682685f048542 is created with scope project and roles: ['member']
2025-05-19 19:42:58.432 69637 INFO tempest.lib.common.dynamic_creds [-] Acquired dynamic creds: credentials: Credentials: {'domain_id': 'default', 'domain_name': 'Default', 'username': 'tempest-NetworksTest-1857002120-project-member', 'project_domain_id': 'default', 'project_domain_name': 'Default', 'project_id': '9cbf3315c4f84f26bec7966c95656e48', 'project_name': 'tempest-NetworksTest-1857002120', 'tenant_id': '9cbf3315c4f84f26bec7966c95656e48', 'tenant_name': 'tempest-NetworksTest-1857002120', 'user_domain_id': 'default', 'user_domain_name': 'Default', 'user_id': 'b6923a60fe6f49f092e682685f048542', 'system': None}, Network: None, Subnet: None, Router: None
2025-05-19 19:42:58.432 69637 INFO tempest.lib.common.dynamic_creds [-] Created isolated network resources for: credentials: Credentials: {'domain_id': 'default', 'domain_name': 'Default', 'username': 'tempest-NetworksTest-1857002120-project-member', 'project_domain_id': 'default', 'project_domain_name': 'Default', 'project_id': '9cbf3315c4f84f26bec7966c95656e48', 'project_name': 'tempest-NetworksTest-1857002120', 'tenant_id': '9cbf3315c4f84f26bec7966c95656e48', 'tenant_name': 'tempest-NetworksTest-1857002120', 'user_domain_id': 'default', 'user_domain_name': 'Default', 'user_id': 'b6923a60fe6f49f092e682685f048542', 'system': None}, Network: None, Subnet: None, Router: None
2025-05-19 19:42:58.434 69667 INFO tempest.lib.common.rest_client [req-dc1ab86c-cb41-4aa6-9dd2-07f8815fd543 req-dc1ab86c-cb41-4aa6-9dd2-07f8815fd543 ] Request (ServersAdmin275Test:test_rebuild_update_server_275): 200 GET http://10.180.1.21/compute/v2.1/servers/8e1339e5-b33c-4e7e-a90d-199fad3f56d2 0.646s
2025-05-19 19:42:58.448 69669 INFO tempest.lib.common.rest_client [req-a06dbb04-86b3-4562-bc5c-a17836de9c35 req-a06dbb04-86b3-4562-bc5c-a17836de9c35 ] Request (TenantUsagesNegativeTestJSON:tearDownClass): 204 DELETE http://10.180.1.21:9696/networking/v2.0/security-groups/e7795a36-68ad-4f2c-8a64-70770b3df71c 0.251s
2025-05-19 19:42:58.449 69617 INFO tempest.lib.common.rest_client [req-9730d3fd-571f-408a-a5ec-b92cdb177cf1 req-9730d3fd-571f-408a-a5ec-b92cdb177cf1 ] Request (HypervisorAdminNegativeUnderV252Test:tearDownClass): 204 DELETE http://10.180.1.21:9696/networking/v2.0/security-groups/4bdc6fb8-a368-4a9a-a1d8-8d58590bfecf 0.480s
2025-05-19 19:42:58.493 69675 INFO tempest.lib.common.rest_client [req-eea58f8d-f781-4e5a-8879-866f1094228b req-eea58f8d-f781-4e5a-8879-866f1094228b ] Request (ServicesAdminNegativeTestJSON:setUpClass): 201 POST http://10.180.1.21/identity/v3/projects 0.094s
2025-05-19 19:42:58.538 69665 INFO tempest.lib.common.rest_client [req-175308f4-08d0-41c9-b671-5d6c23268318 req-175308f4-08d0-41c9-b671-5d6c23268318 ] Request (FlavorsV2TestJSON:tearDownClass): 204 DELETE http://10.180.1.21:9696/networking/v2.0/security-groups/a4c69acd-a94a-4354-a275-130bb4f8fa69 0.218s
2025-05-19 19:42:58.567 69629 INFO tempest.lib.common.rest_client [req-c2d08601-a107-4d7e-a305-b6d49d02a973 req-c2d08601-a107-4d7e-a305-b6d49d02a973 ] Request (FlavorsAccessNegativeTestJSON:_run_cleanups): 200 POST http://10.180.1.21/compute/v2.1/flavors/1338435566/action 1.014s
2025-05-19 19:42:58.654 69615 INFO tempest.lib.common.rest_client [req-bcb92754-e3d2-4495-a473-3c94e9b00f17 req-bcb92754-e3d2-4495-a473-3c94e9b00f17 ] Request (ServersAdminTestJSON:setUpClass): 200 GET http://10.180.1.21/compute/v2.1/servers/e06bdc58-5f73-4ac8-85d4-7152e62e80d5 0.833s
2025-05-19 19:42:58.668 69637 INFO tempest.lib.common.rest_client [req-da0da3f8-2525-4606-a403-5ee132ffcd62 req-da0da3f8-2525-4606-a403-5ee132ffcd62 ] Request (NetworksTest:setUpClass): 201 POST http://10.180.1.21/identity/v3/auth/tokens 0.232s
2025-05-19 19:42:58.688 69621 INFO tempest.lib.common.rest_client [req-8957897f-3ef3-40e0-9d03-6af21999b4e3 req-8957897f-3ef3-40e0-9d03-6af21999b4e3 ] Request (MigrationsAdminTest:_run_cleanups): 200 GET http://10.180.1.21/compute/v2.1/flavors/detail 0.834s
2025-05-19 19:42:58.695 69645 INFO tempest.lib.common.rest_client [req-d46969a3-dbb1-4ac2-b1d3-c5d6c7ca764b req-d46969a3-dbb1-4ac2-b1d3-c5d6c7ca764b ] Request (HypervisorAdminNegativeTestJSON:test_show_nonexistent_hypervisor): 404 GET http://10.180.1.21/compute/v2.1/os-hypervisors/fb9ee6a4-64b7-41e2-bca9-555714aea721 0.833s
2025-05-19 19:42:58.724 69643 INFO tempest.lib.common.rest_client [req-97e5c00f-4cc6-4970-bc7e-6f75b49df3fe req-97e5c00f-4cc6-4970-bc7e-6f75b49df3fe ] Request (InstanceActionsNegativeTestJSON:setUpClass): 200 PUT http://10.180.1.21:9696/networking/v2.0/routers/a878707f-6761-4ea2-abeb-7237282e1b53/add_router_interface 1.884s
2025-05-19 19:42:58.724 69643 INFO tempest.lib.common.dynamic_creds [-] Created isolated network resources for: credentials: Credentials: {'domain_id': 'default', 'domain_name': 'Default', 'username': 'tempest-InstanceActionsNegativeTestJSON-540924215-project-member', 'project_domain_id': 'default', 'project_domain_name': 'Default', 'project_id': 'b352b29ee0b545af91befe956fd9f1d7', 'project_name': 'tempest-InstanceActionsNegativeTestJSON-540924215', 'tenant_id': 'b352b29ee0b545af91befe956fd9f1d7', 'tenant_name': 'tempest-InstanceActionsNegativeTestJSON-540924215', 'user_domain_id': 'default', 'user_domain_name': 'Default', 'user_id': '4381219c51be49f880e49c602c2c5e37', 'system': None}, Network: {'id': '928b4fd5-6f5a-45ef-8522-9fa455746d38', 'name': 'tempest-InstanceActionsNegativeTestJSON-2140253705-network', 'tenant_id': 'b352b29ee0b545af91befe956fd9f1d7', 'admin_state_up': True, 'mtu': 8950, 'status': 'ACTIVE', 'subnets': [], 'shared': False, 'project_id': 'b352b29ee0b545af91befe956fd9f1d7', 'port_security_enabled': True, 'router:external': False, 'provider:network_type': 'vlan', 'provider:physical_network': 'default', 'provider:segmentation_id': 247, 'availability_zone_hints': [], 'availability_zones': [], 'ipv4_address_scope': None, 'ipv6_address_scope': None, 'description': '', 'tags': [], 'created_at': '2025-05-19T19:42:54Z', 'updated_at': '2025-05-19T19:42:54Z', 'revision_number': 1}, Subnet: {'id': '435d0940-8146-458a-894b-84b478a145d3', 'name': 'tempest-InstanceActionsNegativeTestJSON-2140253705-subnet', 'tenant_id': 'b352b29ee0b545af91befe956fd9f1d7', 'network_id': '928b4fd5-6f5a-45ef-8522-9fa455746d38', 'ip_version': 4, 'subnetpool_id': None, 'enable_dhcp': True, 'ipv6_ra_mode': None, 'ipv6_address_mode': None, 'gateway_ip': '192.168.128.1', 'cidr': '192.168.128.0/28', 'allocation_pools': [{'start': '192.168.128.2', 'end': '192.168.128.14'}], 'host_routes': [], 'dns_nameservers': [], 'description': '', 'router:external': False, 'service_types': [], 'tags': [], 'created_at': '2025-05-19T19:42:54Z', 'updated_at': '2025-05-19T19:42:54Z', 'revision_number': 0, 'project_id': 'b352b29ee0b545af91befe956fd9f1d7'}, Router: {'id': 'a878707f-6761-4ea2-abeb-7237282e1b53', 'name': 'tempest-InstanceActionsNegativeTestJSON-2140253705-router', 'tenant_id': 'b352b29ee0b545af91befe956fd9f1d7', 'admin_state_up': True, 'status': 'ACTIVE', 'external_gateway_info': {'network_id': 'c164de13-0661-44a9-b45b-9d6f7a8847f2', 'external_fixed_ips': [{'subnet_id': 'caa1390f-75a9-4ec8-aa9e-6e01aca8e0ea', 'ip_address': '10.180.180.137'}], 'enable_snat': True}, 'description': '', 'availability_zones': [], 'distributed': False, 'ha': False, 'availability_zone_hints': [], 'routes': [], 'flavor_id': None, 'tags': [], 'created_at': '2025-05-19T19:42:55Z', 'updated_at': '2025-05-19T19:42:56Z', 'revision_number': 2, 'project_id': 'b352b29ee0b545af91befe956fd9f1d7'}
2025-05-19 19:42:58.771 69669 INFO tempest.lib.common.rest_client [req-cbb81cdc-826e-4de4-8795-c1601bb946f8 req-cbb81cdc-826e-4de4-8795-c1601bb946f8 ] Request (TenantUsagesNegativeTestJSON:tearDownClass): 204 DELETE http://10.180.1.21/identity/v3/projects/8e5d4bd488c943b694f74b3cbe5b4436 0.322s
2025-05-19 19:42:58.772 69669 INFO tempest.test [-] raised in SpiceDirectConsoleTestJSON.setUpClass. Invoking tearDownClass.
2025-05-19 19:42:58.776 69617 INFO tempest.lib.common.rest_client [req-fe2e76ad-b96e-4ebc-906d-00136e35600d req-fe2e76ad-b96e-4ebc-906d-00136e35600d ] Request (HypervisorAdminNegativeUnderV252Test:tearDownClass): 204 DELETE http://10.180.1.21/identity/v3/projects/d1e785aa34d7477d9e0665bfd409da3d 0.327s
2025-05-19 19:42:58.776 69617 INFO tempest.lib.common.dynamic_creds [-] Deleting project and security group for project: 36a87fac33e04e5f946df082f240a538
2025-05-19 19:42:58.809 69613 INFO tempest.lib.common.rest_client [req-43b2564b-e710-4d35-a24e-9e836e3e1824 req-43b2564b-e710-4d35-a24e-9e836e3e1824 ] Request (QuotaClassesAdmin257Test:tearDownClass): 200 GET http://10.180.1.21:9696/networking/v2.0/security-groups?tenant_id=070ee91259014f12b334cafa298d5b06&name=default 0.413s
2025-05-19 19:42:58.866 69649 INFO tempest.lib.common.rest_client [req-48ae160b-65e4-4596-97b4-179646c73897 req-48ae160b-65e4-4596-97b4-179646c73897 ] Request (VolumesAssistedSnapshotsTest:setUpClass): 201 POST http://10.180.1.21:9696/networking/v2.0/subnets 0.701s
2025-05-19 19:42:58.895 69675 INFO tempest.lib.common.rest_client [req-3957ef04-1dc6-4042-96da-b4b4eb0c7f33 req-3957ef04-1dc6-4042-96da-b4b4eb0c7f33 ] Request (ServicesAdminNegativeTestJSON:setUpClass): 201 POST http://10.180.1.21/identity/v3/users 0.400s
2025-05-19 19:42:58.960 69637 INFO tempest.lib.common.rest_client [req-31aec49f-330b-4170-88a7-c1f4771f4fd5 req-31aec49f-330b-4170-88a7-c1f4771f4fd5 ] Request (NetworksTest:setUpClass): 201 POST http://10.180.1.21/identity/v3/projects 0.291s
2025-05-19 19:42:58.960 69627 INFO tempest.lib.common.rest_client [req-bc3c15fc-8612-4e33-a740-171706713c17 req-bc3c15fc-8612-4e33-a740-171706713c17 ] Request (ServerDiagnosticsV248Test:test_get_server_diagnostics): 204 DELETE http://10.180.1.21/compute/v2.1/servers/f6f81107-c77e-4051-b206-c0c6733faa00 1.050s
2025-05-19 19:42:58.991 69665 INFO tempest.lib.common.rest_client [req-cd755504-dd38-4dd2-9ad2-53e3c39574f5 req-cd755504-dd38-4dd2-9ad2-53e3c39574f5 ] Request (FlavorsV2TestJSON:tearDownClass): 204 DELETE http://10.180.1.21/identity/v3/projects/ddd8183ddbbd435bb98039b77f41584f 0.453s
2025-05-19 19:42:59.004 69651 INFO tempest.lib.common.rest_client [req-8bbb1225-b296-4b08-b10e-cde1eebd6064 req-8bbb1225-b296-4b08-b10e-cde1eebd6064 ] Request (ListImagesTestJSON:test_list_images_with_detail): 200 GET http://10.180.1.21/compute/v2.1/images/detail 1.061s
2025-05-19 19:42:59.025 69625 INFO tempest.lib.common.rest_client [req-3e8b940a-0e03-4430-8104-2c17e70cbfe4 req-3e8b940a-0e03-4430-8104-2c17e70cbfe4 ] Request (FlavorsAdminTestJSON:_run_cleanups): 202 DELETE http://10.180.1.21/compute/v2.1/flavors/30afef03-b1cc-4695-af01-f4fe561400b4 1.068s
2025-05-19 19:42:59.087 69617 INFO tempest.lib.common.rest_client [req-8519c30d-3cef-4daa-bffb-d0ac38061ed9 req-8519c30d-3cef-4daa-bffb-d0ac38061ed9 ] Request (HypervisorAdminNegativeUnderV252Test:tearDownClass): 200 GET http://10.180.1.21:9696/networking/v2.0/security-groups?tenant_id=36a87fac33e04e5f946df082f240a538&name=default 0.310s
2025-05-19 19:42:59.105 69613 INFO tempest.lib.common.rest_client [req-1eef5335-e5f5-4aeb-99a4-3da3010470f6 req-1eef5335-e5f5-4aeb-99a4-3da3010470f6 ] Request (QuotaClassesAdmin257Test:tearDownClass): 204 DELETE http://10.180.1.21:9696/networking/v2.0/security-groups/976f080d-6fc0-4211-bbf3-3a9b39daad10 0.296s
2025-05-19 19:42:59.123 69621 INFO tempest.lib.common.rest_client [req-595c8a58-351d-454e-8095-9d49ff5560e6 req-595c8a58-351d-454e-8095-9d49ff5560e6 ] Request (MigrationsAdminTest:tearDownClass): 204 DELETE http://10.180.1.21/identity/v3/users/3a590afbbeb64a3b80c8691426735c16 0.421s
2025-05-19 19:42:59.123 69645 INFO tempest.lib.common.rest_client [req-36d742cb-3b4a-4e4b-964d-ed77ce80fdd2 req-36d742cb-3b4a-4e4b-964d-ed77ce80fdd2 ] Request (HypervisorAdminNegativeTestJSON:tearDownClass): 204 DELETE http://10.180.1.21/identity/v3/users/a7801575d74246b5ae74ab7e33938b7c 0.424s
2025-05-19 19:42:59.200 69669 INFO tempest.lib.common.rest_client [req-f1faf35b-1997-4eef-8b80-6568ce0f3d4d req-f1faf35b-1997-4eef-8b80-6568ce0f3d4d ] Request (ImagesOneServerTestJSON:setUpClass): 201 POST http://10.180.1.21/identity/v3/auth/tokens 0.425s
2025-05-19 19:42:59.211 69643 INFO tempest.lib.common.rest_client [req-0bda4a32-86a8-46b1-80bd-31aab90d5069 req-0bda4a32-86a8-46b1-80bd-31aab90d5069 ] Request (InstanceActionsNegativeTestJSON:setUpClass): 201 POST http://10.180.1.21/identity/v3/auth/tokens 0.483s
2025-05-19 19:42:59.238 69675 INFO tempest.lib.common.rest_client [req-5e7a5cd9-b3da-4cf6-8fbe-ffd850c90c9d req-5e7a5cd9-b3da-4cf6-8fbe-ffd850c90c9d ] Request (ServicesAdminNegativeTestJSON:setUpClass): 200 GET http://10.180.1.21/identity/v3/roles 0.342s
2025-05-19 19:42:59.255 69637 INFO tempest.lib.common.rest_client [req-b0e1a7bc-6e12-4a35-bdc4-f07bedc630e8 req-b0e1a7bc-6e12-4a35-bdc4-f07bedc630e8 ] Request (NetworksTest:setUpClass): 201 POST http://10.180.1.21/identity/v3/users 0.295s
2025-05-19 19:42:59.272 69665 INFO tempest.lib.common.rest_client [req-ccc3a0e2-6158-4168-8b42-6b2702c3d344 req-ccc3a0e2-6158-4168-8b42-6b2702c3d344 ] Request (KeyPairsNegativeTestJSON:setUpClass): 201 POST http://10.180.1.21/identity/v3/auth/tokens 0.279s
2025-05-19 19:42:59.323 69617 INFO tempest.lib.common.rest_client [req-d2df2985-5a4c-4fa1-891b-ece66fc9d1a6 req-d2df2985-5a4c-4fa1-891b-ece66fc9d1a6 ] Request (HypervisorAdminNegativeUnderV252Test:tearDownClass): 204 DELETE http://10.180.1.21:9696/networking/v2.0/security-groups/9cc2030a-c4b8-48f8-ae09-5812bb6402d0 0.235s
2025-05-19 19:42:59.338 69651 INFO tempest.lib.common.rest_client [req-a2cc6d6f-962c-4c51-8ad5-5e2a2761c14a req-a2cc6d6f-962c-4c51-8ad5-5e2a2761c14a ] Request (ListImagesTestJSON:tearDownClass): 204 DELETE http://10.180.1.21/identity/v3/users/a8ca25fd741048c7968259c739a268ea 0.326s
2025-05-19 19:42:59.338 69651 INFO tempest.lib.common.dynamic_creds [-] Deleting project and security group for project: b2f307d542af4df98f353ef74299a4db
2025-05-19 19:42:59.340 69631 INFO tempest.lib.common.rest_client [req-5cb0476b-a28b-4c99-9d27-51d8eb1d4c84 req-5cb0476b-a28b-4c99-9d27-51d8eb1d4c84 ] Request (DeleteServersAdminTestJSON:test_admin_delete_servers_of_others): 204 DELETE http://10.180.1.21/compute/v2.1/servers/2619e056-4807-4b08-8939-f7333bb2b29a 1.306s
2025-05-19 19:42:59.352 69613 INFO tempest.lib.common.rest_client [req-3c6146fd-4ec8-48ad-b69b-7c2cb102e10d req-3c6146fd-4ec8-48ad-b69b-7c2cb102e10d ] Request (QuotaClassesAdmin257Test:tearDownClass): 204 DELETE http://10.180.1.21/identity/v3/projects/070ee91259014f12b334cafa298d5b06 0.247s
2025-05-19 19:42:59.353 69613 INFO tempest.lib.common.dynamic_creds [-] Deleting project and security group for project: ed90763057274e839fc1105fa62b4103
2025-05-19 19:42:59.357 69673 INFO tempest.lib.common.rest_client [req-acb77f04-2928-4e39-8c37-caa51ca14b18 req-acb77f04-2928-4e39-8c37-caa51ca14b18 ] Request (KeyPairsV22TestJSON:_run_cleanups): 204 DELETE http://10.180.1.21/compute/v2.1/os-keypairs/tempest-keypair-691703793 1.242s
2025-05-19 19:42:59.372 69663 INFO tempest.lib.common.rest_client [req-f0517aef-16e8-4384-999f-368703257696 req-f0517aef-16e8-4384-999f-368703257696 ] Request (KeyPairsV210TestJSON:_run_cleanups): 204 DELETE http://10.180.1.21/compute/v2.1/os-keypairs/tempest-KeyPairsV210TestJSON-keypair-1496497815 1.243s
2025-05-19 19:42:59.395 69619 INFO tempest.lib.common.rest_client [req-72687422-33d1-48a5-93de-076e4fab9dd5 req-72687422-33d1-48a5-93de-076e4fab9dd5 ] Request (ServicesAdminNegativeV253TestJSON:test_get_service_by_invalid_params): 200 GET http://10.180.1.21/compute/v2.1/os-services 1.249s
2025-05-19 19:42:59.418 69671 INFO tempest.lib.common.rest_client [req-7885b9f0-3a31-4ea0-9423-8a95e0cde4b2 req-7885b9f0-3a31-4ea0-9423-8a95e0cde4b2 ] Request (FlavorsExtraSpecsNegativeTestJSON:test_flavor_non_admin_update_specific_key): 200 POST http://10.180.1.21/compute/v2.1/flavors/983236000/os-extra_specs 1.266s
2025-05-19 19:42:59.434 69659 INFO tempest.lib.common.rest_client [req-f49d6682-0ff4-4398-b630-a9d9d1d2c266 req-f49d6682-0ff4-4398-b630-a9d9d1d2c266 ] Request (FlavorsAccessTestJSON:_run_cleanups): 202 DELETE http://10.180.1.21/compute/v2.1/flavors/1401709496 1.248s
2025-05-19 19:42:59.434 69657 INFO tempest.lib.common.rest_client [req-61e3ec82-1262-48aa-bbfd-6c8a901a6a63 req-61e3ec82-1262-48aa-bbfd-6c8a901a6a63 ] Request (ServicesAdminTestJSON:tearDownClass): 200 GET http://10.180.1.21:9696/networking/v2.0/security-groups?tenant_id=e4ffa6fde7c24cef84e037c21b909620&name=default 1.009s
2025-05-19 19:42:59.437 69621 INFO tempest.lib.common.rest_client [req-3c45ba66-6dfd-40eb-b2de-2e966fcbfaf4 req-3c45ba66-6dfd-40eb-b2de-2e966fcbfaf4 ] Request (MigrationsAdminTest:tearDownClass): 204 DELETE http://10.180.1.21/identity/v3/users/2e0248a451ec481193b386ffb41a4569 0.314s
2025-05-19 19:42:59.437 69621 INFO tempest.lib.common.dynamic_creds [-] Deleting project and security group for project: 9a7e6989460a4c2f91a48a82a4bb49a1
2025-05-19 19:42:59.460 69623 INFO tempest.lib.common.rest_client [req-081a3c16-6b03-49e9-a604-b68a42ecd191 req-081a3c16-6b03-49e9-a604-b68a42ecd191 ] Request (FloatingIPsAssociationTestJSON:setUpClass): 404 GET http://10.180.1.21/compute/v2.1/servers/45e15a96-34a0-494d-a8e6-a6edb5161f5f 1.243s
2025-05-19 19:42:59.461 69623 INFO tempest.test [-] raised in FloatingIPsAssociationTestJSON.setUpClass. Invoking tearDownClass.
2025-05-19 19:42:59.471 69645 INFO tempest.lib.common.rest_client [req-843feeb3-0014-4ae4-b90c-b751753b1717 req-843feeb3-0014-4ae4-b90c-b751753b1717 ] Request (HypervisorAdminNegativeTestJSON:tearDownClass): 204 DELETE http://10.180.1.21/identity/v3/users/d721c0c4f3f94973b322cfad1187d447 0.348s
2025-05-19 19:42:59.471 69645 INFO tempest.lib.common.dynamic_creds [-] Deleting project and security group for project: 222e1ea51ca44ba1ad8e6c5c80ad33b2
2025-05-19 19:42:59.494 69669 INFO tempest.lib.common.rest_client [req-ba136cd1-5e11-4468-bdd7-1020e7a4a988 req-ba136cd1-5e11-4468-bdd7-1020e7a4a988 ] Request (ImagesOneServerTestJSON:setUpClass): 201 POST http://10.180.1.21/identity/v3/auth/tokens 0.290s
2025-05-19 19:42:59.550 69643 INFO tempest.lib.common.rest_client [req-cbf8c0f9-5fd4-4c41-92bb-120b70d86ae6 req-cbf8c0f9-5fd4-4c41-92bb-120b70d86ae6 ] Request (InstanceActionsNegativeTestJSON:setUpClass): 201 POST http://10.180.1.21/identity/v3/auth/tokens 0.335s
2025-05-19 19:42:59.550 69643 INFO tempest.lib.common.fixed_network [-] (InstanceActionsNegativeTestJSON:setUpClass) Found network {'id': '928b4fd5-6f5a-45ef-8522-9fa455746d38', 'name': 'tempest-InstanceActionsNegativeTestJSON-2140253705-network', 'tenant_id': 'b352b29ee0b545af91befe956fd9f1d7', 'admin_state_up': True, 'mtu': 8950, 'status': 'ACTIVE', 'subnets': [], 'shared': False, 'project_id': 'b352b29ee0b545af91befe956fd9f1d7', 'port_security_enabled': True, 'router:external': False, 'provider:network_type': 'vlan', 'provider:physical_network': 'default', 'provider:segmentation_id': 247, 'availability_zone_hints': [], 'availability_zones': [], 'ipv4_address_scope': None, 'ipv6_address_scope': None, 'description': '', 'tags': [], 'created_at': '2025-05-19T19:42:54Z', 'updated_at': '2025-05-19T19:42:54Z', 'revision_number': 1} available for tenant
2025-05-19 19:42:59.559 69675 INFO tempest.lib.common.rest_client [req-ff4f3e66-3db1-41db-aa51-695cd16ba2e4 req-ff4f3e66-3db1-41db-aa51-695cd16ba2e4 ] Request (ServicesAdminNegativeTestJSON:setUpClass): 204 PUT http://10.180.1.21/identity/v3/projects/2798e8aacc6d4eefa9ab4c885aad3dcc/users/8723aa98e84b4e4485e3d227f522e45a/roles/6ab3e519bbb84e7e9f318f20dfaac417 0.319s
2025-05-19 19:42:59.618 69665 INFO tempest.lib.common.rest_client [req-f59ca8fc-accd-4bb9-b985-abd898434a0b req-f59ca8fc-accd-4bb9-b985-abd898434a0b ] Request (KeyPairsNegativeTestJSON:setUpClass): 201 POST http://10.180.1.21/identity/v3/auth/tokens 0.343s
2025-05-19 19:42:59.631 69637 INFO tempest.lib.common.rest_client [req-a319c6f4-6093-44ee-a7cb-7c126c5302b3 req-a319c6f4-6093-44ee-a7cb-7c126c5302b3 ] Request (NetworksTest:setUpClass): 200 GET http://10.180.1.21/identity/v3/roles 0.375s
2025-05-19 19:42:59.646 69647 INFO tempest.lib.common.rest_client [req-b2c4e764-eb83-43ff-a4e8-206ea007e7f9 req-b2c4e764-eb83-43ff-a4e8-206ea007e7f9 ] Request (FloatingIPsAssociationNegativeTestJSON:setUpClass): 202 POST http://10.180.1.21/compute/v2.1/servers 1.853s
2025-05-19 19:42:59.657 69657 INFO tempest.lib.common.rest_client [req-b6bef6e9-b211-4e16-a3be-01e224315dc4 req-b6bef6e9-b211-4e16-a3be-01e224315dc4 ] Request (ServicesAdminTestJSON:tearDownClass): 204 DELETE http://10.180.1.21:9696/networking/v2.0/security-groups/0a029667-2d9a-40ff-8e0b-0bdde025f689 0.223s
2025-05-19 19:42:59.662 69651 INFO tempest.lib.common.rest_client [req-47127a48-6ef8-45a6-b8a9-ceba79113ac0 req-47127a48-6ef8-45a6-b8a9-ceba79113ac0 ] Request (ListImagesTestJSON:tearDownClass): 201 POST http://10.180.1.21/identity/v3/auth/tokens 0.324s
2025-05-19 19:42:59.677 69635 INFO tempest.lib.common.rest_client [req-0e00bdb2-a5cd-41e1-84aa-c526bf18591b req-0e00bdb2-a5cd-41e1-84aa-c526bf18591b ] Request (AggregatesAdminNegativeTestJSON:_run_cleanups): 200 DELETE http://10.180.1.21/compute/v2.1/os-aggregates/1 1.361s
2025-05-19 19:42:59.705 69617 INFO tempest.lib.common.rest_client [req-7fc313e0-7eae-4b48-813f-8bdd15b8d24c req-7fc313e0-7eae-4b48-813f-8bdd15b8d24c ] Request (HypervisorAdminNegativeUnderV252Test:tearDownClass): 204 DELETE http://10.180.1.21/identity/v3/projects/36a87fac33e04e5f946df082f240a538 0.382s
2025-05-19 19:42:59.735 69613 INFO tempest.lib.common.rest_client [req-b0d4adbd-4c76-4a05-9d9e-4c1180bd26c0 req-b0d4adbd-4c76-4a05-9d9e-4c1180bd26c0 ] Request (QuotaClassesAdmin257Test:tearDownClass): 200 GET http://10.180.1.21:9696/networking/v2.0/security-groups?tenant_id=ed90763057274e839fc1105fa62b4103&name=default 0.382s
2025-05-19 19:42:59.747 69621 INFO tempest.lib.common.rest_client [req-dbf77d87-3029-4242-83b9-fc8591077e31 req-dbf77d87-3029-4242-83b9-fc8591077e31 ] Request (MigrationsAdminTest:tearDownClass): 201 POST http://10.180.1.21/identity/v3/auth/tokens 0.310s
2025-05-19 19:42:59.780 69645 INFO tempest.lib.common.rest_client [req-b3e267c3-d4d7-4e28-9625-ec12f434c6a7 req-b3e267c3-d4d7-4e28-9625-ec12f434c6a7 ] Request (HypervisorAdminNegativeTestJSON:tearDownClass): 201 POST http://10.180.1.21/identity/v3/auth/tokens 0.308s
2025-05-19 19:42:59.804 69669 INFO tempest.lib.common.rest_client [req-53b7ebff-da2e-4ed3-a98b-d960c56cff3d req-53b7ebff-da2e-4ed3-a98b-d960c56cff3d ] Request (ImagesOneServerTestJSON:setUpClass): 200 GET http://10.180.1.21/identity/v3/domains?name=Default 0.309s
