2025-05-19 19:42:45.638 69645 INFO tempest.lib.common.rest_client [req-af599752-e9f0-4b1b-8a95-019f95d72427 req-af599752-e9f0-4b1b-8a95-019f95d72427 ] Request (HypervisorAdminNegativeTestJSON:setUpClass): 200 GET http://10.180.1.21/identity/v3/roles 0.929s
2025-05-19 19:42:45.638 69642 INFO tempest.lib.common.dynamic_creds [-] Created isolated network resources for: credentials: Credentials: {'domain_id': 'default', 'domain_name': 'Default', 'username': 'tempest-HypervisorAdminV253TestBase-1988704666-project-admin', 'project_domain_id': 'default', 'project_domain_name': 'Default', 'project_id': '12b44abcf27b437a90e8acb4c8f4b7ad', 'project_name': 'tempest-HypervisorAdminV253TestBase-1988704666', 'tenant_id': '12b44abcf27b437a90e8acb4c8f4b7ad', 'tenant_name': 'tempest-HypervisorAdminV253TestBase-1988704666', 'user_domain_id': 'default', 'user_domain_name': 'Default', 'user_id': '59a48452c4b141b2a42d9d80ac244790', 'system': None}, Network: None, Subnet: None, Router: None
2025-05-19 19:42:45.701 69659 INFO tempest.lib.common.rest_client [req-b8293e87-9664-441a-8f26-332bedbafbb9 req-b8293e87-9664-441a-8f26-332bedbafbb9 ] Request (FlavorsAccessTestJSON:setUpClass): 201 POST http://10.180.1.21/identity/v3/projects 0.940s
2025-05-19 19:42:45.703 69629 INFO tempest.lib.common.rest_client [req-701b0858-4e91-4346-b153-959d8f6dd012 req-701b0858-4e91-4346-b153-959d8f6dd012 ] Request (FlavorsAccessNegativeTestJSON:setUpClass): 201 POST http://10.180.1.21/identity/v3/users 0.914s
2025-05-19 19:42:45.779 69637 INFO tempest.lib.common.rest_client [req-d2bffc09-6304-42fd-ac25-183db63abbb1 req-d2bffc09-6304-42fd-ac25-183db63abbb1 ] Request (InstanceUsageAuditLogTestJSON:setUpClass): 201 POST http://10.180.1.21/identity/v3/projects 0.969s
2025-05-19 19:42:45.779 69663 INFO tempest.lib.common.rest_client [req-3f3efad7-488f-4fcd-a08e-1a2cc376e953 req-3f3efad7-488f-4fcd-a08e-1a2cc376e953 ] Request (KeyPairsV210TestJSON:setUpClass): 201 POST http://10.180.1.21/identity/v3/projects 0.925s
2025-05-19 19:42:45.796 69649 INFO tempest.lib.common.rest_client [req-c6fab185-8897-41c0-bb6f-315f821765a5 req-c6fab185-8897-41c0-bb6f-315f821765a5 ] Request (VolumesAssistedSnapshotsTest:setUpClass): 201 POST http://10.180.1.21:9696/networking/v2.0/networks 1.141s
2025-05-19 19:42:45.849 69617 INFO tempest.lib.common.rest_client [req-8c6be06e-4603-427f-9e9f-4a09b826cd58 req-8c6be06e-4603-427f-9e9f-4a09b826cd58 ] Request (HypervisorAdminNegativeUnderV252Test:setUpClass): 204 PUT http://10.180.1.21/identity/v3/projects/36a87fac33e04e5f946df082f240a538/users/e941d81a5f65429f85c9d6771566546f/roles/6ab3e519bbb84e7e9f318f20dfaac417 0.992s
2025-05-19 19:42:45.919 69669 INFO tempest.lib.common.rest_client [req-2c47ef39-f435-46bb-b54f-2a8a4f4926d7 req-2c47ef39-f435-46bb-b54f-2a8a4f4926d7 ] Request (TenantUsagesNegativeTestJSON:setUpClass): 201 POST http://10.180.1.21/identity/v3/projects 0.977s
2025-05-19 19:42:45.983 69615 INFO tempest.lib.common.rest_client [req-9b9becac-fa6c-4710-babb-dd2b9b544b98 req-9b9becac-fa6c-4710-babb-dd2b9b544b98 ] Request (ServersAdminTestJSON:setUpClass): 201 POST http://10.180.1.21/identity/v3/auth/tokens 1.020s
2025-05-19 19:42:46.017 69635 INFO tempest.lib.common.rest_client [req-0b43acce-aabc-4407-b8ce-4d7448137825 req-0b43acce-aabc-4407-b8ce-4d7448137825 ] Request (AggregatesAdminNegativeTestJSON:setUpClass): 201 POST http://10.180.1.21/identity/v3/projects 1.047s
2025-05-19 19:42:46.063 69649 INFO tempest.lib.common.rest_client [req-ab8d67d2-ffcd-4433-9938-4fdaa7ee26c3 req-ab8d67d2-ffcd-4433-9938-4fdaa7ee26c3 ] Request (VolumesAssistedSnapshotsTest:setUpClass): 201 POST http://10.180.1.21:9696/networking/v2.0/subnets 0.266s
2025-05-19 19:42:46.085 69621 INFO tempest.lib.common.rest_client [req-d15e1fca-306c-4cdb-af32-d0dc0d6e7b34 req-d15e1fca-306c-4cdb-af32-d0dc0d6e7b34 ] Request (MigrationsAdminTest:test_list_migrations_in_flavor_resize_situation): 204 DELETE http://10.180.1.21/compute/v2.1/servers/a6853ab4-bd95-45d0-a1ff-4001a7d13aeb 2.704s
2025-05-19 19:42:46.095 69671 INFO tempest.lib.common.rest_client [req-41420656-3178-464d-84cf-d0e1130c23fe req-41420656-3178-464d-84cf-d0e1130c23fe ] Request (FlavorsExtraSpecsNegativeTestJSON:setUpClass): 201 POST http://10.180.1.21/identity/v3/projects 1.095s
2025-05-19 19:42:46.107 69639 INFO tempest.lib.common.rest_client [req-b232341a-a0b8-4c06-93f0-bfede4ba9612 req-b232341a-a0b8-4c06-93f0-bfede4ba9612 ] Request (FlavorMetadataValidation:setUpClass): 201 POST http://10.180.1.21/identity/v3/auth/tokens 1.085s
2025-05-19 19:42:46.134 69623 INFO tempest.lib.common.rest_client [req-6737cd9d-3ee2-4449-b99c-1764bdcca46b req-6737cd9d-3ee2-4449-b99c-1764bdcca46b ] Request (FloatingIPsAssociationTestJSON:setUpClass): 201 POST http://10.180.1.21:9696/networking/v2.0/networks 1.257s
2025-05-19 19:42:46.141 69619 INFO tempest.lib.common.rest_client [req-78c2e4e2-6227-418c-9d33-d960b5d73ccc req-78c2e4e2-6227-418c-9d33-d960b5d73ccc ] Request (ServerDiagnosticsTest:test_get_server_diagnostics): 200 GET http://10.180.1.21/compute/v2.1/servers/f969b380-0d0a-4517-a326-a026c63d09bd 0.547s
2025-05-19 19:42:46.158 69657 INFO tempest.lib.common.rest_client [req-448accc1-6b4c-41fa-8a8e-6ade8299a896 req-448accc1-6b4c-41fa-8a8e-6ade8299a896 ] Request (ServicesAdminTestJSON:setUpClass): 201 POST http://10.180.1.21/identity/v3/projects 1.084s
2025-05-19 19:42:46.164 69665 INFO tempest.lib.common.rest_client [req-7aaebcf4-dd43-47cd-8419-75653d59830e req-7aaebcf4-dd43-47cd-8419-75653d59830e ] Request (FlavorsV2TestJSON:test_list_flavors_detailed_filter_by_min_ram): 200 GET http://10.180.1.21/compute/v2.1/flavors/42 0.542s
2025-05-19 19:42:46.184 69621 INFO tempest.lib.common.rest_client [req-66f57ed3-722d-451d-86cf-cc5de0fb38bf req-66f57ed3-722d-451d-86cf-cc5de0fb38bf ] Request (MigrationsAdminTest:test_list_migrations_in_flavor_resize_situation): 404 GET http://10.180.1.21/compute/v2.1/servers/a6853ab4-bd95-45d0-a1ff-4001a7d13aeb 0.098s
2025-05-19 19:42:46.207 69647 INFO tempest.lib.common.rest_client [req-a1741fd2-008b-4ec9-a863-0983ca0a4f27 req-a1741fd2-008b-4ec9-a863-0983ca0a4f27 ] Request (AZAdminV2TestJSON:tearDownClass): 204 DELETE http://10.180.1.21/identity/v3/users/ee07723f7f644706a3b2bd99811f9c5f 1.063s
2025-05-19 19:42:46.207 69647 INFO tempest.lib.common.dynamic_creds [-] Deleting project and security group for project: 6359875133124070acc6dd743b5de3fd
2025-05-19 19:42:46.270 69613 INFO tempest.lib.common.rest_client [req-3a90cfcb-71ac-42f3-8321-0ea89b882a09 req-3a90cfcb-71ac-42f3-8321-0ea89b882a09 ] Request (QuotaClassesAdmin257Test:setUpClass): 201 POST http://10.180.1.21/identity/v3/projects 1.058s
2025-05-19 19:42:46.284 69623 INFO tempest.lib.common.rest_client [req-3ab9e126-56fa-4c30-aa63-cad33c81d534 req-3ab9e126-56fa-4c30-aa63-cad33c81d534 ] Request (FloatingIPsAssociationTestJSON:setUpClass): 201 POST http://10.180.1.21:9696/networking/v2.0/subnets 0.148s
2025-05-19 19:42:46.332 69675 INFO tempest.lib.common.rest_client [req-0efb0ced-3f79-4be1-96eb-c0d029b2fe8d req-0efb0ced-3f79-4be1-96eb-c0d029b2fe8d ] Request (HypervisorAdminTestJSON:setUpClass): 204 PUT http://10.180.1.21/identity/v3/projects/0b94e50cff4f4d04855707c4f2f437ba/users/44e2b27a4a784009a9f4899778179d9c/roles/6ab3e519bbb84e7e9f318f20dfaac417 0.978s
2025-05-19 19:42:46.333 69661 INFO tempest.lib.common.rest_client [req-a3ccf9c4-1f7a-492a-a794-c2e6f4e63af0 req-a3ccf9c4-1f7a-492a-a794-c2e6f4e63af0 ] Request (QuotasAdminTestV236:setUpClass): 201 POST http://10.180.1.21/identity/v3/projects 1.037s
2025-05-19 19:42:46.391 69627 INFO tempest.lib.common.rest_client [req-de68e942-bca3-4b0a-879c-45eafe632bd1 req-de68e942-bca3-4b0a-879c-45eafe632bd1 ] Request (ServerDiagnosticsV248Test:setUpClass): 201 POST http://10.180.1.21/identity/v3/users 1.005s
2025-05-19 19:42:46.395 69633 INFO tempest.lib.common.rest_client [req-e8f03d68-af8f-4ce3-9ea2-12c2868f0290 req-e8f03d68-af8f-4ce3-9ea2-12c2868f0290 ] Request (QuotasAdminTestV257:setUpClass): 201 POST http://10.180.1.21/identity/v3/projects 1.036s
2025-05-19 19:42:46.452 69667 INFO tempest.lib.common.rest_client [req-627d19b6-2551-4a54-8ecd-8e4d916c0a28 req-627d19b6-2551-4a54-8ecd-8e4d916c0a28 ] Request (ServersAdmin275Test:setUpClass): 201 POST http://10.180.1.21/identity/v3/projects 0.990s
2025-05-19 19:42:46.455 69651 INFO tempest.lib.common.rest_client [req-ab9f9061-51a8-4752-ab09-c7050d7df274 req-ab9f9061-51a8-4752-ab09-c7050d7df274 ] Request (AZAdminNegativeTestJSON:setUpClass): 201 POST http://10.180.1.21/identity/v3/users 1.069s
2025-05-19 19:42:46.499 69643 INFO tempest.lib.common.rest_client [req-174b6f19-812a-4b52-ab36-f9cb63f9998d req-174b6f19-812a-4b52-ab36-f9cb63f9998d ] Request (QuotaClassesAdminTestJSON:setUpClass): 204 PUT http://10.180.1.21/identity/v3/projects/cae9b265d06a41e68fec9175ab6342a8/users/915e707f741649029ef2b14c97d20a62/roles/6ab3e519bbb84e7e9f318f20dfaac417 0.990s
2025-05-19 19:42:46.499 69643 INFO tempest.lib.common.dynamic_creds [-] Dynamic test user 915e707f741649029ef2b14c97d20a62 is created with scope project and roles: ['admin']
2025-05-19 19:42:46.500 69643 INFO tempest.lib.common.dynamic_creds [-] Acquired dynamic creds: credentials: Credentials: {'domain_id': 'default', 'domain_name': 'Default', 'username': 'tempest-QuotaClassesAdminTestJSON-795471116-project-admin', 'project_domain_id': 'default', 'project_domain_name': 'Default', 'project_id': 'cae9b265d06a41e68fec9175ab6342a8', 'project_name': 'tempest-QuotaClassesAdminTestJSON-795471116', 'tenant_id': 'cae9b265d06a41e68fec9175ab6342a8', 'tenant_name': 'tempest-QuotaClassesAdminTestJSON-795471116', 'user_domain_id': 'default', 'user_domain_name': 'Default', 'user_id': '915e707f741649029ef2b14c97d20a62', 'system': None}, Network: None, Subnet: None, Router: None
2025-05-19 19:42:46.500 69643 INFO tempest.lib.common.dynamic_creds [-] Created isolated network resources for: credentials: Credentials: {'domain_id': 'default', 'domain_name': 'Default', 'username': 'tempest-QuotaClassesAdminTestJSON-795471116-project-admin', 'project_domain_id': 'default', 'project_domain_name': 'Default', 'project_id': 'cae9b265d06a41e68fec9175ab6342a8', 'project_name': 'tempest-QuotaClassesAdminTestJSON-795471116', 'tenant_id': 'cae9b265d06a41e68fec9175ab6342a8', 'tenant_name': 'tempest-QuotaClassesAdminTestJSON-795471116', 'user_domain_id': 'default', 'user_domain_name': 'Default', 'user_id': '915e707f741649029ef2b14c97d20a62', 'system': None}, Network: None, Subnet: None, Router: None
2025-05-19 19:42:46.515 69631 INFO tempest.lib.common.rest_client [req-9ae53a1f-926d-4fde-be9c-101d3d8762d8 req-9ae53a1f-926d-4fde-be9c-101d3d8762d8 ] Request (DeleteServersAdminTestJSON:setUpClass): 201 POST http://10.180.1.21/identity/v3/users 1.003s
2025-05-19 19:42:46.572 69655 INFO tempest.lib.common.rest_client [req-f40fe549-a107-4682-9e22-67833a198ab0 req-f40fe549-a107-4682-9e22-67833a198ab0 ] Request (HostsAdminTestJSON:setUpClass): 201 POST http://10.180.1.21/identity/v3/users 0.993s
2025-05-19 19:42:46.588 69673 INFO tempest.lib.common.rest_client [req-3da51f7c-3455-43be-aab2-6aadaabdbef5 req-3da51f7c-3455-43be-aab2-6aadaabdbef5 ] Request (FloatingIPDetailsNegativeTestJSON:tearDownClass): 204 DELETE http://10.180.1.21/identity/v3/projects/a2f6264bc05449d5bd9cf8bb7ba15bc9 1.053s
2025-05-19 19:42:46.634 69645 INFO tempest.lib.common.rest_client [req-3a194df6-2b71-4a0a-9a86-30769fa72b7a req-3a194df6-2b71-4a0a-9a86-30769fa72b7a ] Request (HypervisorAdminNegativeTestJSON:setUpClass): 204 PUT http://10.180.1.21/identity/v3/projects/222e1ea51ca44ba1ad8e6c5c80ad33b2/users/d721c0c4f3f94973b322cfad1187d447/roles/6ab3e519bbb84e7e9f318f20dfaac417 0.996s
2025-05-19 19:42:46.635 69645 INFO tempest.lib.common.dynamic_creds [-] Dynamic test user d721c0c4f3f94973b322cfad1187d447 is created with scope project and roles: ['admin']
2025-05-19 19:42:46.635 69645 INFO tempest.lib.common.dynamic_creds [-] Acquired dynamic creds: credentials: Credentials: {'domain_id': 'default', 'domain_name': 'Default', 'username': 'tempest-HypervisorAdminNegativeTestJSON-115262211-project-admin', 'project_domain_id': 'default', 'project_domain_name': 'Default', 'project_id': '222e1ea51ca44ba1ad8e6c5c80ad33b2', 'project_name': 'tempest-HypervisorAdminNegativeTestJSON-115262211', 'tenant_id': '222e1ea51ca44ba1ad8e6c5c80ad33b2', 'tenant_name': 'tempest-HypervisorAdminNegativeTestJSON-115262211', 'user_domain_id': 'default', 'user_domain_name': 'Default', 'user_id': 'd721c0c4f3f94973b322cfad1187d447', 'system': None}, Network: None, Subnet: None, Router: None
2025-05-19 19:42:46.635 69645 INFO tempest.lib.common.dynamic_creds [-] Created isolated network resources for: credentials: Credentials: {'domain_id': 'default', 'domain_name': 'Default', 'username': 'tempest-HypervisorAdminNegativeTestJSON-115262211-project-admin', 'project_domain_id': 'default', 'project_domain_name': 'Default', 'project_id': '222e1ea51ca44ba1ad8e6c5c80ad33b2', 'project_name': 'tempest-HypervisorAdminNegativeTestJSON-115262211', 'tenant_id': '222e1ea51ca44ba1ad8e6c5c80ad33b2', 'tenant_name': 'tempest-HypervisorAdminNegativeTestJSON-115262211', 'user_domain_id': 'default', 'user_domain_name': 'Default', 'user_id': 'd721c0c4f3f94973b322cfad1187d447', 'system': None}, Network: None, Subnet: None, Router: None
2025-05-19 19:42:46.651 69653 INFO tempest.lib.common.rest_client [req-5b24645d-03f2-4998-bdd0-d4f57dffb484 req-5b24645d-03f2-4998-bdd0-d4f57dffb484 ] Request (ServersWithSpecificFlavorTestJSON:setUpClass): 201 POST http://10.180.1.21:9696/networking/v2.0/networks 1.411s
2025-05-19 19:42:46.694 69649 INFO tempest.lib.common.rest_client [req-2ff62cb2-0976-454c-bed6-378dd696c6d7 req-2ff62cb2-0976-454c-bed6-378dd696c6d7 ] Request (VolumesAssistedSnapshotsTest:setUpClass): 201 POST http://10.180.1.21:9696/networking/v2.0/routers 0.631s
2025-05-19 19:42:46.702 69642 INFO tempest.lib.common.rest_client [req-46d22f61-2b7e-4c7c-85e1-485199c1f241 req-46d22f61-2b7e-4c7c-85e1-485199c1f241 ] Request (HypervisorAdminV253TestBase:setUpClass): 201 POST http://10.180.1.21/identity/v3/auth/tokens 1.062s
2025-05-19 19:42:46.719 69625 INFO tempest.lib.common.rest_client [req-4e1ffbb1-47d1-45e3-98bd-f2e65052f660 req-4e1ffbb1-47d1-45e3-98bd-f2e65052f660 ] Request (FlavorsAdminTestJSON:test_create_flavor_using_string_ram): 200 POST http://10.180.1.21/compute/v2.1/flavors 1.682s
2025-05-19 19:42:46.753 69629 INFO tempest.lib.common.rest_client [req-49a42dad-d585-4f3e-a283-02c6c1310d85 req-49a42dad-d585-4f3e-a283-02c6c1310d85 ] Request (FlavorsAccessNegativeTestJSON:setUpClass): 200 GET http://10.180.1.21/identity/v3/roles 1.049s
2025-05-19 19:42:46.754 69665 INFO tempest.lib.common.rest_client [req-1f62b7af-1be2-4eb8-801e-cbaab6933d0c req-1f62b7af-1be2-4eb8-801e-cbaab6933d0c ] Request (FlavorsV2TestJSON:test_list_flavors_detailed_filter_by_min_ram): 200 GET http://10.180.1.21/compute/v2.1/flavors/detail?minRam=193 0.586s
2025-05-19 19:42:46.757 69659 INFO tempest.lib.common.rest_client [req-da06bb9a-a8be-4bf8-9784-05b6a76a81b2 req-da06bb9a-a8be-4bf8-9784-05b6a76a81b2 ] Request (FlavorsAccessTestJSON:setUpClass): 201 POST http://10.180.1.21/identity/v3/users 1.055s
2025-05-19 19:42:46.774 69621 INFO tempest.lib.common.rest_client [req-1df2ad6b-e44a-43fa-bcd0-c821561d1d0b req-1df2ad6b-e44a-43fa-bcd0-c821561d1d0b ] Request (MigrationsAdminTest:test_resize_server_revert_deleted_flavor): 200 GET http://10.180.1.21/compute/v2.1/flavors/42 0.585s
2025-05-19 19:42:46.782 69637 INFO tempest.lib.common.rest_client [req-490a9f24-65dc-4abf-a7ae-4893e457db0d req-490a9f24-65dc-4abf-a7ae-4893e457db0d ] Request (InstanceUsageAuditLogTestJSON:setUpClass): 201 POST http://10.180.1.21/identity/v3/users 1.002s
2025-05-19 19:42:46.787 69663 INFO tempest.lib.common.rest_client [req-73d326f0-b581-41d8-8a76-57cbcbbe806d req-73d326f0-b581-41d8-8a76-57cbcbbe806d ] Request (KeyPairsV210TestJSON:setUpClass): 201 POST http://10.180.1.21/identity/v3/users 1.007s
2025-05-19 19:42:46.806 69617 INFO tempest.lib.common.rest_client [req-3627bfd2-ae1a-47d7-aec9-73af4ff91403 req-3627bfd2-ae1a-47d7-aec9-73af4ff91403 ] Request (HypervisorAdminNegativeUnderV252Test:setUpClass): 200 GET http://10.180.1.21/identity/v3/roles 0.957s
2025-05-19 19:42:46.814 69669 INFO tempest.lib.common.rest_client [req-12b9720a-2a89-422a-876e-4fbe0443fa29 req-12b9720a-2a89-422a-876e-4fbe0443fa29 ] Request (TenantUsagesNegativeTestJSON:setUpClass): 201 POST http://10.180.1.21/identity/v3/users 0.894s
2025-05-19 19:42:46.838 69615 INFO tempest.lib.common.rest_client [req-1d9318d8-f646-4992-bcb3-e2f45a05493c req-1d9318d8-f646-4992-bcb3-e2f45a05493c ] Request (ServersAdminTestJSON:setUpClass): 201 POST http://10.180.1.21/identity/v3/projects 0.855s
2025-05-19 19:42:46.841 69635 INFO tempest.lib.common.rest_client [req-b98e32d0-43ae-4e20-b7f5-7202084a1b62 req-b98e32d0-43ae-4e20-b7f5-7202084a1b62 ] Request (AggregatesAdminNegativeTestJSON:setUpClass): 201 POST http://10.180.1.21/identity/v3/users 0.823s
2025-05-19 19:42:46.898 69657 INFO tempest.lib.common.rest_client [req-1037ab3b-cb2e-4880-b880-6c262530845c req-1037ab3b-cb2e-4880-b880-6c262530845c ] Request (ServicesAdminTestJSON:setUpClass): 201 POST http://10.180.1.21/identity/v3/users 0.739s
2025-05-19 19:42:46.899 69671 INFO tempest.lib.common.rest_client [req-59dd1076-28e2-42da-a5c7-72264bd83961 req-59dd1076-28e2-42da-a5c7-72264bd83961 ] Request (FlavorsExtraSpecsNegativeTestJSON:setUpClass): 201 POST http://10.180.1.21/identity/v3/users 0.803s
2025-05-19 19:42:46.923 69647 INFO tempest.lib.common.rest_client [req-3e035271-bd7b-42ee-95b5-a6fd5e867736 req-3e035271-bd7b-42ee-95b5-a6fd5e867736 ] Request (AZAdminV2TestJSON:tearDownClass): 201 POST http://10.180.1.21/identity/v3/auth/tokens 0.715s
2025-05-19 19:42:46.934 69653 INFO tempest.lib.common.rest_client [req-a72f57c6-b892-49bf-a191-53c20a58a559 req-a72f57c6-b892-49bf-a191-53c20a58a559 ] Request (ServersWithSpecificFlavorTestJSON:setUpClass): 201 POST http://10.180.1.21:9696/networking/v2.0/subnets 0.281s
2025-05-19 19:42:46.952 69613 INFO tempest.lib.common.rest_client [req-1837faec-1bec-46d5-8209-ebcadefa89f8 req-1837faec-1bec-46d5-8209-ebcadefa89f8 ] Request (QuotaClassesAdmin257Test:setUpClass): 201 POST http://10.180.1.21/identity/v3/users 0.682s
2025-05-19 19:42:46.974 69675 INFO tempest.lib.common.rest_client [req-3ab3bcd8-fc46-4e0a-b68e-3856ddcc7f06 req-3ab3bcd8-fc46-4e0a-b68e-3856ddcc7f06 ] Request (HypervisorAdminTestJSON:setUpClass): 200 GET http://10.180.1.21/identity/v3/roles 0.641s
2025-05-19 19:42:47.012 69639 INFO tempest.lib.common.rest_client [req-bb7e3061-f4b4-4ae4-9c23-4112d52f241a req-bb7e3061-f4b4-4ae4-9c23-4112d52f241a ] Request (FlavorMetadataValidation:test_flavor_update_with_custom_namespace): 200 POST http://10.180.1.21/compute/v2.1/flavors 0.904s
2025-05-19 19:42:47.015 69627 INFO tempest.lib.common.rest_client [req-f0ac253f-f12b-4be5-b587-43970fc50958 req-f0ac253f-f12b-4be5-b587-43970fc50958 ] Request (ServerDiagnosticsV248Test:setUpClass): 200 GET http://10.180.1.21/identity/v3/roles 0.623s
2025-05-19 19:42:47.021 69661 INFO tempest.lib.common.rest_client [req-1f186211-bb66-467e-baf6-3bdbdd239e81 req-1f186211-bb66-467e-baf6-3bdbdd239e81 ] Request (QuotasAdminTestV236:setUpClass): 201 POST http://10.180.1.21/identity/v3/users 0.687s
2025-05-19 19:42:47.041 69625 INFO tempest.lib.common.rest_client [req-02bfee82-8b14-4647-81ca-66f32381736a req-02bfee82-8b14-4647-81ca-66f32381736a ] Request (FlavorsAdminTestJSON:_run_cleanups): 202 DELETE http://10.180.1.21/compute/v2.1/flavors/383313166 0.318s
2025-05-19 19:42:47.042 69633 INFO tempest.lib.common.rest_client [req-98aac372-61df-487f-93c9-b1d995f67e4d req-98aac372-61df-487f-93c9-b1d995f67e4d ] Request (QuotasAdminTestV257:setUpClass): 201 POST http://10.180.1.21/identity/v3/users 0.647s
2025-05-19 19:42:47.055 69667 INFO tempest.lib.common.rest_client [req-03a5ee50-08c9-4ee3-a13f-3cb075b3f6b3 req-03a5ee50-08c9-4ee3-a13f-3cb075b3f6b3 ] Request (ServersAdmin275Test:setUpClass): 201 POST http://10.180.1.21/identity/v3/users 0.602s
2025-05-19 19:42:47.064 69651 INFO tempest.lib.common.rest_client [req-d9a29d81-ca21-416f-ad5a-38a0050b6702 req-d9a29d81-ca21-416f-ad5a-38a0050b6702 ] Request (AZAdminNegativeTestJSON:setUpClass): 200 GET http://10.180.1.21/identity/v3/roles 0.609s
2025-05-19 19:42:47.065 69665 INFO tempest.lib.common.rest_client [req-05aef5ff-3bd8-4181-8e73-143e9656d117 req-05aef5ff-3bd8-4181-8e73-143e9656d117 ] Request (FlavorsV2TestJSON:test_list_flavors_detailed_limit_results): 200 GET http://10.180.1.21/compute/v2.1/flavors/detail?limit=1 0.298s
2025-05-19 19:42:47.088 69621 INFO tempest.lib.common.rest_client [req-b80b6216-3565-4d34-905d-a894afd0aea9 req-b80b6216-3565-4d34-905d-a894afd0aea9 ] Request (MigrationsAdminTest:test_resize_server_revert_deleted_flavor): 200 POST http://10.180.1.21/compute/v2.1/flavors 0.311s
2025-05-19 19:42:47.093 69631 INFO tempest.lib.common.rest_client [req-a41e168a-b008-41a7-b824-074fed8f4946 req-a41e168a-b008-41a7-b824-074fed8f4946 ] Request (DeleteServersAdminTestJSON:setUpClass): 200 GET http://10.180.1.21/identity/v3/roles 0.577s
2025-05-19 19:42:47.123 69655 INFO tempest.lib.common.rest_client [req-2a333400-d44a-4102-a953-0e4336d7db22 req-2a333400-d44a-4102-a953-0e4336d7db22 ] Request (HostsAdminTestJSON:setUpClass): 200 GET http://10.180.1.21/identity/v3/roles 0.550s
2025-05-19 19:42:47.141 69643 INFO tempest.lib.common.rest_client [req-45ecc574-35c1-40d8-a345-dcef5f150c54 req-45ecc574-35c1-40d8-a345-dcef5f150c54 ] Request (QuotaClassesAdminTestJSON:setUpClass): 201 POST http://10.180.1.21/identity/v3/auth/tokens 0.634s
2025-05-19 19:42:47.151 69673 INFO tempest.lib.common.rest_client [req-05a20da5-420a-4410-8728-a9f8f5d25172 req-05a20da5-420a-4410-8728-a9f8f5d25172 ] Request (KeyPairsV22TestJSON:setUpClass): 201 POST http://10.180.1.21/identity/v3/auth/tokens 0.562s
2025-05-19 19:42:47.186 69629 INFO tempest.lib.common.rest_client [req-808fa12d-5e73-4033-8887-fb0e2f1ef9ee req-808fa12d-5e73-4033-8887-fb0e2f1ef9ee ] Request (FlavorsAccessNegativeTestJSON:setUpClass): 204 PUT http://10.180.1.21/identity/v3/projects/05cb8206461e4cc8947e1240dc32e3b0/users/63f6c8c778f74b6bb7594934aa68a002/roles/6ab3e519bbb84e7e9f318f20dfaac417 0.431s
2025-05-19 19:42:47.189 69639 INFO tempest.lib.common.rest_client [req-dd3f2aac-bf0f-4533-a4f5-f9790fb671ee req-dd3f2aac-bf0f-4533-a4f5-f9790fb671ee ] Request (FlavorMetadataValidation:test_flavor_update_with_custom_namespace): 200 POST http://10.180.1.21/compute/v2.1/flavors/466535281/os-extra_specs 0.173s
2025-05-19 19:42:47.202 69645 INFO tempest.lib.common.rest_client [req-f88d65fc-e835-4622-8db9-afdfcef0714b req-f88d65fc-e835-4622-8db9-afdfcef0714b ] Request (HypervisorAdminNegativeTestJSON:setUpClass): 201 POST http://10.180.1.21/identity/v3/auth/tokens 0.563s
2025-05-19 19:42:47.208 69625 INFO tempest.lib.common.rest_client [req-9da420e1-fee6-4626-9787-755ef1e0a636 req-9da420e1-fee6-4626-9787-755ef1e0a636 ] Request (FlavorsAdminTestJSON:_run_cleanups): 200 GET http://10.180.1.21/compute/v2.1/flavors/detail 0.167s
2025-05-19 19:42:47.223 69665 INFO tempest.lib.common.rest_client [req-d9653715-dc61-4020-b1b4-6cd552efcfb1 req-d9653715-dc61-4020-b1b4-6cd552efcfb1 ] Request (FlavorsV2TestJSON:test_list_flavors_detailed_using_marker): 200 GET http://10.180.1.21/compute/v2.1/flavors/42 0.150s
2025-05-19 19:42:47.234 69621 INFO tempest.lib.common.rest_client [req-f0c67937-a446-4324-a4db-62c0e5e8223f req-f0c67937-a446-4324-a4db-62c0e5e8223f ] Request (MigrationsAdminTest:test_resize_server_revert_deleted_flavor): 200 GET http://10.180.1.21/compute/v2.1/flavors/42/os-extra_specs 0.137s
2025-05-19 19:42:47.243 69659 INFO tempest.lib.common.rest_client [req-ebc21d33-94c4-43b1-aa88-5191cedcf95e req-ebc21d33-94c4-43b1-aa88-5191cedcf95e ] Request (FlavorsAccessTestJSON:setUpClass): 200 GET http://10.180.1.21/identity/v3/roles 0.486s
2025-05-19 19:42:47.262 69637 INFO tempest.lib.common.rest_client [req-4d7dcc9a-df58-428c-9344-c834900eb744 req-4d7dcc9a-df58-428c-9344-c834900eb744 ] Request (InstanceUsageAuditLogTestJSON:setUpClass): 200 GET http://10.180.1.21/identity/v3/roles 0.479s
2025-05-19 19:42:47.281 69663 INFO tempest.lib.common.rest_client [req-1ecdaf48-6f1f-46ba-94da-a41dbb053ca2 req-1ecdaf48-6f1f-46ba-94da-a41dbb053ca2 ] Request (KeyPairsV210TestJSON:setUpClass): 200 GET http://10.180.1.21/identity/v3/roles 0.493s
2025-05-19 19:42:47.296 69617 INFO tempest.lib.common.rest_client [req-3ce16206-6cff-40cb-8afc-e75df9d0740a req-3ce16206-6cff-40cb-8afc-e75df9d0740a ] Request (HypervisorAdminNegativeUnderV252Test:setUpClass): 204 PUT http://10.180.1.21/identity/v3/projects/36a87fac33e04e5f946df082f240a538/users/e941d81a5f65429f85c9d6771566546f/roles/6ab3e519bbb84e7e9f318f20dfaac417 0.489s
2025-05-19 19:42:47.296 69617 INFO tempest.lib.common.dynamic_creds [-] Dynamic test user e941d81a5f65429f85c9d6771566546f is created with scope project and roles: ['admin']
2025-05-19 19:42:47.297 69617 INFO tempest.lib.common.dynamic_creds [-] Acquired dynamic creds: credentials: Credentials: {'domain_id': 'default', 'domain_name': 'Default', 'username': 'tempest-HypervisorAdminNegativeUnderV252Test-302325489-project-admin', 'project_domain_id': 'default', 'project_domain_name': 'Default', 'project_id': '36a87fac33e04e5f946df082f240a538', 'project_name': 'tempest-HypervisorAdminNegativeUnderV252Test-302325489', 'tenant_id': '36a87fac33e04e5f946df082f240a538', 'tenant_name': 'tempest-HypervisorAdminNegativeUnderV252Test-302325489', 'user_domain_id': 'default', 'user_domain_name': 'Default', 'user_id': 'e941d81a5f65429f85c9d6771566546f', 'system': None}, Network: None, Subnet: None, Router: None
2025-05-19 19:42:47.297 69617 INFO tempest.lib.common.dynamic_creds [-] Created isolated network resources for: credentials: Credentials: {'domain_id': 'default', 'domain_name': 'Default', 'username': 'tempest-HypervisorAdminNegativeUnderV252Test-302325489-project-admin', 'project_domain_id': 'default', 'project_domain_name': 'Default', 'project_id': '36a87fac33e04e5f946df082f240a538', 'project_name': 'tempest-HypervisorAdminNegativeUnderV252Test-302325489', 'tenant_id': '36a87fac33e04e5f946df082f240a538', 'tenant_name': 'tempest-HypervisorAdminNegativeUnderV252Test-302325489', 'user_domain_id': 'default', 'user_domain_name': 'Default', 'user_id': 'e941d81a5f65429f85c9d6771566546f', 'system': None}, Network: None, Subnet: None, Router: None
2025-05-19 19:42:47.307 69669 INFO tempest.lib.common.rest_client [req-21091eba-ac2c-461d-addf-96c8a450a506 req-21091eba-ac2c-461d-addf-96c8a450a506 ] Request (TenantUsagesNegativeTestJSON:setUpClass): 200 GET http://10.180.1.21/identity/v3/roles 0.493s
2025-05-19 19:42:47.355 69623 INFO tempest.lib.common.rest_client [req-9d90b78e-ba16-46f2-97d2-4bbb8f5f1cd4 req-9d90b78e-ba16-46f2-97d2-4bbb8f5f1cd4 ] Request (FloatingIPsAssociationTestJSON:setUpClass): 201 POST http://10.180.1.21:9696/networking/v2.0/routers 1.070s
2025-05-19 19:42:47.357 69635 INFO tempest.lib.common.rest_client [req-acd1b8b9-eb47-4b49-89d7-c65ae94484f5 req-acd1b8b9-eb47-4b49-89d7-c65ae94484f5 ] Request (AggregatesAdminNegativeTestJSON:setUpClass): 200 GET http://10.180.1.21/identity/v3/roles 0.516s
2025-05-19 19:42:47.361 69615 INFO tempest.lib.common.rest_client [req-d9f47111-e7d5-4914-b0b5-7fc80de0f656 req-d9f47111-e7d5-4914-b0b5-7fc80de0f656 ] Request (ServersAdminTestJSON:setUpClass): 201 POST http://10.180.1.21/identity/v3/users 0.522s
2025-05-19 19:42:47.375 69671 INFO tempest.lib.common.rest_client [req-e75e6ebd-0414-4b3d-bbfd-6cbaa1c994e5 req-e75e6ebd-0414-4b3d-bbfd-6cbaa1c994e5 ] Request (FlavorsExtraSpecsNegativeTestJSON:setUpClass): 200 GET http://10.180.1.21/identity/v3/roles 0.475s
2025-05-19 19:42:47.376 69657 INFO tempest.lib.common.rest_client [req-0ed7faa8-3b23-477c-a2f5-26226000fd99 req-0ed7faa8-3b23-477c-a2f5-26226000fd99 ] Request (ServicesAdminTestJSON:setUpClass): 200 GET http://10.180.1.21/identity/v3/roles 0.477s
2025-05-19 19:42:47.435 69613 INFO tempest.lib.common.rest_client [req-62a219cc-934e-4993-a0d1-12fc30e2d4f4 req-62a219cc-934e-4993-a0d1-12fc30e2d4f4 ] Request (QuotaClassesAdmin257Test:setUpClass): 200 GET http://10.180.1.21/identity/v3/roles 0.483s
2025-05-19 19:42:47.450 69675 INFO tempest.lib.common.rest_client [req-77e389b9-2961-48a7-8822-88fa11153303 req-77e389b9-2961-48a7-8822-88fa11153303 ] Request (HypervisorAdminTestJSON:setUpClass): 204 PUT http://10.180.1.21/identity/v3/projects/0b94e50cff4f4d04855707c4f2f437ba/users/44e2b27a4a784009a9f4899778179d9c/roles/6ab3e519bbb84e7e9f318f20dfaac417 0.476s
2025-05-19 19:42:47.450 69675 INFO tempest.lib.common.dynamic_creds [-] Dynamic test user 44e2b27a4a784009a9f4899778179d9c is created with scope project and roles: ['admin']
2025-05-19 19:42:47.451 69675 INFO tempest.lib.common.dynamic_creds [-] Acquired dynamic creds: credentials: Credentials: {'domain_id': 'default', 'domain_name': 'Default', 'username': 'tempest-HypervisorAdminTestJSON-827222042-project-admin', 'project_domain_id': 'default', 'project_domain_name': 'Default', 'project_id': '0b94e50cff4f4d04855707c4f2f437ba', 'project_name': 'tempest-HypervisorAdminTestJSON-827222042', 'tenant_id': '0b94e50cff4f4d04855707c4f2f437ba', 'tenant_name': 'tempest-HypervisorAdminTestJSON-827222042', 'user_domain_id': 'default', 'user_domain_name': 'Default', 'user_id': '44e2b27a4a784009a9f4899778179d9c', 'system': None}, Network: None, Subnet: None, Router: None
2025-05-19 19:42:47.451 69675 INFO tempest.lib.common.dynamic_creds [-] Created isolated network resources for: credentials: Credentials: {'domain_id': 'default', 'domain_name': 'Default', 'username': 'tempest-HypervisorAdminTestJSON-827222042-project-admin', 'project_domain_id': 'default', 'project_domain_name': 'Default', 'project_id': '0b94e50cff4f4d04855707c4f2f437ba', 'project_name': 'tempest-HypervisorAdminTestJSON-827222042', 'tenant_id': '0b94e50cff4f4d04855707c4f2f437ba', 'tenant_name': 'tempest-HypervisorAdminTestJSON-827222042', 'user_domain_id': 'default', 'user_domain_name': 'Default', 'user_id': '44e2b27a4a784009a9f4899778179d9c', 'system': None}, Network: None, Subnet: None, Router: None
2025-05-19 19:42:47.461 69627 INFO tempest.lib.common.rest_client [req-3bdaae83-70a4-48db-b770-d18e1f36f2ff req-3bdaae83-70a4-48db-b770-d18e1f36f2ff ] Request (ServerDiagnosticsV248Test:setUpClass): 204 PUT http://10.180.1.21/identity/v3/projects/d375630308a244d19729f456194f2e7a/users/a15e23655cbd43a99443a25673cf3920/roles/6ab3e519bbb84e7e9f318f20dfaac417 0.445s
2025-05-19 19:42:47.504 69633 INFO tempest.lib.common.rest_client [req-a92fabda-0a1e-40bd-92c0-2342295205b6 req-a92fabda-0a1e-40bd-92c0-2342295205b6 ] Request (QuotasAdminTestV257:setUpClass): 200 GET http://10.180.1.21/identity/v3/roles 0.461s
2025-05-19 19:42:47.513 69642 INFO tempest.lib.common.rest_client [req-d7d1828e-a2f7-4bfd-aa62-804aef85aea5 req-d7d1828e-a2f7-4bfd-aa62-804aef85aea5 ] Request (HypervisorAdminV253TestBase:test_list_show_detail_hypervisors): 200 GET http://10.180.1.21/compute/v2.1/os-hypervisors/detail?with_servers=True 0.809s
2025-05-19 19:42:47.521 69667 INFO tempest.lib.common.rest_client [req-d896eb2f-e8ed-4483-9b19-6b3b724d0597 req-d896eb2f-e8ed-4483-9b19-6b3b724d0597 ] Request (ServersAdmin275Test:setUpClass): 200 GET http://10.180.1.21/identity/v3/roles 0.465s
2025-05-19 19:42:47.525 69661 INFO tempest.lib.common.rest_client [req-98d03f9b-093a-4e16-a670-5ac49f67885f req-98d03f9b-093a-4e16-a670-5ac49f67885f ] Request (QuotasAdminTestV236:setUpClass): 200 GET http://10.180.1.21/identity/v3/roles 0.504s
2025-05-19 19:42:47.549 69651 INFO tempest.lib.common.rest_client [req-7ed33601-e867-4288-8a89-a3ceab7c5c0e req-7ed33601-e867-4288-8a89-a3ceab7c5c0e ] Request (AZAdminNegativeTestJSON:setUpClass): 204 PUT http://10.180.1.21/identity/v3/projects/7e47d92dcc284ace872ab39899f48fe6/users/59ee44f8250b4d45a84d34de0ac6d382/roles/6ab3e519bbb84e7e9f318f20dfaac417 0.484s
2025-05-19 19:42:47.550 69631 INFO tempest.lib.common.rest_client [req-5c14745b-0dba-44b0-be82-268a2c0d0422 req-5c14745b-0dba-44b0-be82-268a2c0d0422 ] Request (DeleteServersAdminTestJSON:setUpClass): 204 PUT http://10.180.1.21/identity/v3/projects/acf8176692da4acbb69a2cad5037151a/users/0ff90e182f90473f89be91a244ac29ae/roles/6ab3e519bbb84e7e9f318f20dfaac417 0.456s
2025-05-19 19:42:47.600 69673 INFO tempest.lib.common.rest_client [req-642d3996-9935-4b14-a685-a19f6a613670 req-642d3996-9935-4b14-a685-a19f6a613670 ] Request (KeyPairsV22TestJSON:setUpClass): 201 POST http://10.180.1.21/identity/v3/auth/tokens 0.442s
2025-05-19 19:42:47.616 69629 INFO tempest.lib.common.rest_client [req-10b7c10d-dc9b-4390-aba0-ec9277b798cc req-10b7c10d-dc9b-4390-aba0-ec9277b798cc ] Request (FlavorsAccessNegativeTestJSON:setUpClass): 200 GET http://10.180.1.21/identity/v3/roles 0.429s
2025-05-19 19:42:47.625 69655 INFO tempest.lib.common.rest_client [req-e0d3c0f0-aa06-42f5-9931-9462ea66151c req-e0d3c0f0-aa06-42f5-9931-9462ea66151c ] Request (HostsAdminTestJSON:setUpClass): 204 PUT http://10.180.1.21/identity/v3/projects/fcda1eaf3c9744e085c2f22647e3a36c/users/67a81b01416640efa1faa3a19a260f72/roles/6ab3e519bbb84e7e9f318f20dfaac417 0.502s
2025-05-19 19:42:47.661 69619 INFO tempest.lib.common.rest_client [req-78ec4978-5948-4fb7-a4a9-0f198394ff0f req-78ec4978-5948-4fb7-a4a9-0f198394ff0f ] Request (ServerDiagnosticsTest:test_get_server_diagnostics): 200 GET http://10.180.1.21/compute/v2.1/servers/f969b380-0d0a-4517-a326-a026c63d09bd 0.504s
2025-05-19 19:42:47.671 69619 INFO tempest.common.waiters [-] State transition "BUILD/scheduling" ==> "ERROR/None" after 1 second wait
2025-05-19 19:42:47.681 69647 INFO tempest.lib.common.rest_client [req-70c9a946-070f-4d1a-9675-72dd7f36d82b req-70c9a946-070f-4d1a-9675-72dd7f36d82b ] Request (AZAdminV2TestJSON:tearDownClass): 200 GET http://10.180.1.21:9696/networking/v2.0/security-groups?tenant_id=6359875133124070acc6dd743b5de3fd&name=default 0.758s
2025-05-19 19:42:47.684 69649 INFO tempest.lib.common.rest_client [req-cb496d51-dd0d-4275-b2fe-0595e70c3919 req-cb496d51-dd0d-4275-b2fe-0595e70c3919 ] Request (VolumesAssistedSnapshotsTest:setUpClass): 200 PUT http://10.180.1.21:9696/networking/v2.0/routers/d8717e8b-b488-4b60-835d-6bc2e1e4e29e/add_router_interface 0.989s
2025-05-19 19:42:47.684 69649 INFO tempest.lib.common.dynamic_creds [-] Created isolated network resources for: credentials: Credentials: {'domain_id': 'default', 'domain_name': 'Default', 'username': 'tempest-VolumesAssistedSnapshotsTest-1501365885-project-member', 'project_domain_id': 'default', 'project_domain_name': 'Default', 'project_id': '7eabcf17a3a54657a49ef2287467333f', 'project_name': 'tempest-VolumesAssistedSnapshotsTest-1501365885', 'tenant_id': '7eabcf17a3a54657a49ef2287467333f', 'tenant_name': 'tempest-VolumesAssistedSnapshotsTest-1501365885', 'user_domain_id': 'default', 'user_domain_name': 'Default', 'user_id': 'b5916853a08647169dbd1f66a275f281', 'system': None}, Network: {'id': '5c411452-0af9-4dff-b626-3902fb3e9370', 'name': 'tempest-VolumesAssistedSnapshotsTest-323809371-network', 'tenant_id': '7eabcf17a3a54657a49ef2287467333f', 'admin_state_up': True, 'mtu': 8950, 'status': 'ACTIVE', 'subnets': [], 'shared': False, 'project_id': '7eabcf17a3a54657a49ef2287467333f', 'port_security_enabled': True, 'router:external': False, 'provider:network_type': 'vlan', 'provider:physical_network': 'default', 'provider:segmentation_id': 361, 'availability_zone_hints': [], 'availability_zones': [], 'ipv4_address_scope': None, 'ipv6_address_scope': None, 'description': '', 'tags': [], 'created_at': '2025-05-19T19:42:45Z', 'updated_at': '2025-05-19T19:42:45Z', 'revision_number': 1}, Subnet: {'id': '09ba9dd9-82f5-4bc7-aced-bc20172a6530', 'name': 'tempest-VolumesAssistedSnapshotsTest-323809371-subnet', 'tenant_id': '7eabcf17a3a54657a49ef2287467333f', 'network_id': '5c411452-0af9-4dff-b626-3902fb3e9370', 'ip_version': 4, 'subnetpool_id': None, 'enable_dhcp': True, 'ipv6_ra_mode': None, 'ipv6_address_mode': None, 'gateway_ip': '192.168.128.1', 'cidr': '192.168.128.0/28', 'allocation_pools': [{'start': '192.168.128.2', 'end': '192.168.128.14'}], 'host_routes': [], 'dns_nameservers': [], 'description': '', 'router:external': False, 'service_types': [], 'tags': [], 'created_at': '2025-05-19T19:42:45Z', 'updated_at': '2025-05-19T19:42:45Z', 'revision_number': 0, 'project_id': '7eabcf17a3a54657a49ef2287467333f'}, Router: {'id': 'd8717e8b-b488-4b60-835d-6bc2e1e4e29e', 'name': 'tempest-VolumesAssistedSnapshotsTest-323809371-router', 'tenant_id': '7eabcf17a3a54657a49ef2287467333f', 'admin_state_up': True, 'status': 'ACTIVE', 'external_gateway_info': {'network_id': 'c164de13-0661-44a9-b45b-9d6f7a8847f2', 'external_fixed_ips': [{'subnet_id': 'caa1390f-75a9-4ec8-aa9e-6e01aca8e0ea', 'ip_address': '10.180.180.174'}], 'enable_snat': True}, 'description': '', 'availability_zones': [], 'distributed': False, 'ha': False, 'availability_zone_hints': [], 'routes': [], 'flavor_id': None, 'tags': [], 'created_at': '2025-05-19T19:42:46Z', 'updated_at': '2025-05-19T19:42:46Z', 'revision_number': 2, 'project_id': '7eabcf17a3a54657a49ef2287467333f'}
2025-05-19 19:42:47.686 69659 INFO tempest.lib.common.rest_client [req-44148f7b-a864-4d53-8981-d6c1a7a67f7c req-44148f7b-a864-4d53-8981-d6c1a7a67f7c ] Request (FlavorsAccessTestJSON:setUpClass): 204 PUT http://10.180.1.21/identity/v3/projects/d196eeb8f3564948b05822ecd37fa3db/users/d317d89952ac441db0e69c5434c892c5/roles/6ab3e519bbb84e7e9f318f20dfaac417 0.442s
2025-05-19 19:42:47.691 69639 INFO tempest.lib.common.rest_client [req-60d778bf-1743-488c-a74f-a711e8e16648 req-60d778bf-1743-488c-a74f-a711e8e16648 ] Request (FlavorMetadataValidation:_run_cleanups): 202 DELETE http://10.180.1.21/compute/v2.1/flavors/466535281 0.500s
2025-05-19 19:42:47.742 69637 INFO tempest.lib.common.rest_client [req-93eda584-b337-48ca-a1df-c3a0ef9c635a req-93eda584-b337-48ca-a1df-c3a0ef9c635a ] Request (InstanceUsageAuditLogTestJSON:setUpClass): 204 PUT http://10.180.1.21/identity/v3/projects/6f9d754604a445e0996a471e093c7f73/users/5578f33af4ef4b6093ada777126fc2c1/roles/6ab3e519bbb84e7e9f318f20dfaac417 0.480s
2025-05-19 19:42:47.753 69663 INFO tempest.lib.common.rest_client [req-9a40a2aa-073f-4c99-80f5-aa1eb500cc99 req-9a40a2aa-073f-4c99-80f5-aa1eb500cc99 ] Request (KeyPairsV210TestJSON:setUpClass): 204 PUT http://10.180.1.21/identity/v3/projects/5bf8aae9265c4091afa46a6c5f3ace0a/users/438f2470db4a4e69b6ffe1ed33728b51/roles/6ab3e519bbb84e7e9f318f20dfaac417 0.470s
2025-05-19 19:42:47.754 69643 INFO tempest.lib.common.rest_client [req-1932a224-1bde-466e-b0d8-d7e367763a77 req-1932a224-1bde-466e-b0d8-d7e367763a77 ] Request (QuotaClassesAdminTestJSON:test_update_default_quotas): 200 GET http://10.180.1.21/compute/v2.1/os-quota-class-sets/default 0.611s
2025-05-19 19:42:47.791 69625 INFO tempest.lib.common.rest_client [req-dcc16273-39f0-4c42-8b64-af66af07e255 req-dcc16273-39f0-4c42-8b64-af66af07e255 ] Request (FlavorsAdminTestJSON:test_create_flavor_verify_entry_in_list_details): 200 POST http://10.180.1.21/compute/v2.1/flavors 0.570s
2025-05-19 19:42:47.820 69647 INFO tempest.lib.common.rest_client [req-646de300-bc60-48c9-aac3-f57baee7e0aa req-646de300-bc60-48c9-aac3-f57baee7e0aa ] Request (AZAdminV2TestJSON:tearDownClass): 204 DELETE http://10.180.1.21:9696/networking/v2.0/security-groups/8b39005b-5e80-466a-a4af-5a20ef864687 0.138s
2025-05-19 19:42:47.836 69669 INFO tempest.lib.common.rest_client [req-fc5dd444-c617-4ece-85db-10202e6ae004 req-fc5dd444-c617-4ece-85db-10202e6ae004 ] Request (TenantUsagesNegativeTestJSON:setUpClass): 204 PUT http://10.180.1.21/identity/v3/projects/6cd9fba3f99a4cb1af9db1b6e450ff2d/users/c9a97b831bf9481884098492e2b7937c/roles/6ab3e519bbb84e7e9f318f20dfaac417 0.528s
2025-05-19 19:42:47.839 69665 INFO tempest.lib.common.rest_client [req-527a0c46-be59-40b4-8d85-b63c8a77def7 req-527a0c46-be59-40b4-8d85-b63c8a77def7 ] Request (FlavorsV2TestJSON:test_list_flavors_detailed_using_marker): 200 GET http://10.180.1.21/compute/v2.1/flavors/detail?marker=42 0.611s
2025-05-19 19:42:47.842 69653 INFO tempest.lib.common.rest_client [req-d1421ba5-94ac-477f-b23d-47accfe0ca3d req-d1421ba5-94ac-477f-b23d-47accfe0ca3d ] Request (ServersWithSpecificFlavorTestJSON:setUpClass): 201 POST http://10.180.1.21:9696/networking/v2.0/routers 0.907s
2025-05-19 19:42:47.848 69617 INFO tempest.lib.common.rest_client [req-639718fd-467f-4448-a33b-2a456c5db8de req-639718fd-467f-4448-a33b-2a456c5db8de ] Request (HypervisorAdminNegativeUnderV252Test:setUpClass): 201 POST http://10.180.1.21/identity/v3/auth/tokens 0.549s
2025-05-19 19:42:47.874 69621 INFO tempest.lib.common.rest_client [req-488de670-9a22-4c20-ad5e-ad6c6205dbfa req-488de670-9a22-4c20-ad5e-ad6c6205dbfa ] Request (MigrationsAdminTest:test_resize_server_revert_deleted_flavor): 200 POST http://10.180.1.21/compute/v2.1/flavors/bbfc1a43-f61c-420a-8a7f-8479c8fe9d81/os-extra_specs 0.639s
2025-05-19 19:42:47.909 69615 INFO tempest.lib.common.rest_client [req-3b7f0dce-1463-4191-8935-76bbbea6491b req-3b7f0dce-1463-4191-8935-76bbbea6491b ] Request (ServersAdminTestJSON:setUpClass): 200 GET http://10.180.1.21/identity/v3/roles 0.548s
2025-05-19 19:42:47.936 69635 INFO tempest.lib.common.rest_client [req-89f481e6-4294-4d56-abbb-2369e08fd738 req-89f481e6-4294-4d56-abbb-2369e08fd738 ] Request (AggregatesAdminNegativeTestJSON:setUpClass): 204 PUT http://10.180.1.21/identity/v3/projects/ba50cb24f04b4b7eb8f27113f0c552af/users/061389d77d6f41949b4a80f212a43d8f/roles/6ab3e519bbb84e7e9f318f20dfaac417 0.578s
2025-05-19 19:42:47.947 69671 INFO tempest.lib.common.rest_client [req-0499483c-6c1e-4669-b40b-054b2e1babbe req-0499483c-6c1e-4669-b40b-054b2e1babbe ] Request (FlavorsExtraSpecsNegativeTestJSON:setUpClass): 204 PUT http://10.180.1.21/identity/v3/projects/a7ac6aa345114172827435a0dcf32a43/users/b6f594c23ec649b0bb851cf35d126a3e/roles/6ab3e519bbb84e7e9f318f20dfaac417 0.571s
2025-05-19 19:42:48.029 69657 INFO tempest.lib.common.rest_client [req-2dbb011a-5c59-42b4-9a73-e743f3334988 req-2dbb011a-5c59-42b4-9a73-e743f3334988 ] Request (ServicesAdminTestJSON:setUpClass): 204 PUT http://10.180.1.21/identity/v3/projects/1c7bd420f10b460e9662b15300188b21/users/70e299a38b954e1f917ace485bf33e51/roles/6ab3e519bbb84e7e9f318f20dfaac417 0.653s
2025-05-19 19:42:48.052 69613 INFO tempest.lib.common.rest_client [req-fc621956-95fa-4785-ba8a-980ba1e59aa3 req-fc621956-95fa-4785-ba8a-980ba1e59aa3 ] Request (QuotaClassesAdmin257Test:setUpClass): 204 PUT http://10.180.1.21/identity/v3/projects/ed90763057274e839fc1105fa62b4103/users/834cfe7d8daa487180e31d9766dfa342/roles/6ab3e519bbb84e7e9f318f20dfaac417 0.615s
2025-05-19 19:42:48.107 69627 INFO tempest.lib.common.rest_client [req-1d1cba62-a7a5-4a1c-bd14-ebded3782d53 req-1d1cba62-a7a5-4a1c-bd14-ebded3782d53 ] Request (ServerDiagnosticsV248Test:setUpClass): 200 GET http://10.180.1.21/identity/v3/roles 0.646s
2025-05-19 19:42:48.134 69633 INFO tempest.lib.common.rest_client [req-69d49f25-9615-447c-b1e9-fffb49cb062d req-69d49f25-9615-447c-b1e9-fffb49cb062d ] Request (QuotasAdminTestV257:setUpClass): 204 PUT http://10.180.1.21/identity/v3/projects/70b3f5ab138d41f195d3e9233f7b9b0f/users/5d688f5f1c2a40c4b9543d3b7f725fa8/roles/6ab3e519bbb84e7e9f318f20dfaac417 0.629s
2025-05-19 19:42:48.134 69675 INFO tempest.lib.common.rest_client [req-9125ea0a-4584-4c8c-b115-a9d2fdaa4181 req-9125ea0a-4584-4c8c-b115-a9d2fdaa4181 ] Request (HypervisorAdminTestJSON:setUpClass): 201 POST http://10.180.1.21/identity/v3/auth/tokens 0.681s
2025-05-19 19:42:48.153 69619 INFO tempest.lib.common.rest_client [req-985c07f9-bc56-498c-b6b9-b82722aae09b req-985c07f9-bc56-498c-b6b9-b82722aae09b ] Request (ServerDiagnosticsTest:test_get_server_diagnostics): 204 DELETE http://10.180.1.21/compute/v2.1/servers/f969b380-0d0a-4517-a326-a026c63d09bd 0.481s
2025-05-19 19:42:48.178 69639 INFO tempest.lib.common.rest_client [req-5d7018fd-9a10-428b-a921-67b31674e47d req-5d7018fd-9a10-428b-a921-67b31674e47d ] Request (FlavorMetadataValidation:_run_cleanups): 200 GET http://10.180.1.21/compute/v2.1/flavors/detail 0.486s
2025-05-19 19:42:48.200 69667 INFO tempest.lib.common.rest_client [req-c43cfc3a-1452-4ee6-9d1a-a5695ce282b4 req-c43cfc3a-1452-4ee6-9d1a-a5695ce282b4 ] Request (ServersAdmin275Test:setUpClass): 204 PUT http://10.180.1.21/identity/v3/projects/cab86c4e35ab4ca0bfea4aeb323967c4/users/b37873a5601341b3a11df2bdd30ed134/roles/6ab3e519bbb84e7e9f318f20dfaac417 0.679s
2025-05-19 19:42:48.206 69661 INFO tempest.lib.common.rest_client [req-c3cc4af2-2a52-47ce-8086-043d8f9dca87 req-c3cc4af2-2a52-47ce-8086-043d8f9dca87 ] Request (QuotasAdminTestV236:setUpClass): 204 PUT http://10.180.1.21/identity/v3/projects/8620f150d9464caaa46be47a10de8231/users/f7df9b83da6d4304a7effbbd0fb5c147/roles/6ab3e519bbb84e7e9f318f20dfaac417 0.681s
2025-05-19 19:42:48.262 69651 INFO tempest.lib.common.rest_client [req-eb33eaed-613d-4a29-8e03-0e98cb5077ff req-eb33eaed-613d-4a29-8e03-0e98cb5077ff ] Request (AZAdminNegativeTestJSON:setUpClass): 200 GET http://10.180.1.21/identity/v3/roles 0.713s
2025-05-19 19:42:48.280 69631 INFO tempest.lib.common.rest_client [req-c98cc815-6810-41da-a4a7-5e874624daab req-c98cc815-6810-41da-a4a7-5e874624daab ] Request (DeleteServersAdminTestJSON:setUpClass): 200 GET http://10.180.1.21/identity/v3/roles 0.730s
2025-05-19 19:42:48.308 69673 INFO tempest.lib.common.rest_client [req-869bfa89-33e7-43d3-a17d-a2fd1e228341 req-869bfa89-33e7-43d3-a17d-a2fd1e228341 ] Request (KeyPairsV22TestJSON:setUpClass): 200 GET http://10.180.1.21/identity/v3/domains?name=Default 0.707s
2025-05-19 19:42:48.335 69643 INFO tempest.lib.common.rest_client [req-3fdc0347-3b82-4631-b22b-1c80022d4d4d req-3fdc0347-3b82-4631-b22b-1c80022d4d4d ] Request (QuotaClassesAdminTestJSON:test_update_default_quotas): 200 PUT http://10.180.1.21/compute/v2.1/os-quota-class-sets/default 0.579s
2025-05-19 19:42:48.349 69642 INFO tempest.lib.common.rest_client [req-6f9beaa7-b6a4-4ab8-847f-db1a398efd7c req-6f9beaa7-b6a4-4ab8-847f-db1a398efd7c ] Request (HypervisorAdminV253TestBase:tearDownClass): 204 DELETE http://10.180.1.21/identity/v3/users/cf2ff61ff53a4d9e8e5c2b5d02410825 0.820s
2025-05-19 19:42:48.361 69625 INFO tempest.lib.common.rest_client [req-0be13e1e-b51e-4dc0-97dc-de058e5191df req-0be13e1e-b51e-4dc0-97dc-de058e5191df ] Request (FlavorsAdminTestJSON:test_create_flavor_verify_entry_in_list_details): 200 GET http://10.180.1.21/compute/v2.1/flavors/detail 0.565s
2025-05-19 19:42:48.368 69629 INFO tempest.lib.common.rest_client [req-18e9acc5-1498-4e10-a98b-3199af177906 req-18e9acc5-1498-4e10-a98b-3199af177906 ] Request (FlavorsAccessNegativeTestJSON:setUpClass): 204 PUT http://10.180.1.21/identity/v3/projects/05cb8206461e4cc8947e1240dc32e3b0/users/63f6c8c778f74b6bb7594934aa68a002/roles/6ab3e519bbb84e7e9f318f20dfaac417 0.751s
2025-05-19 19:42:48.368 69629 INFO tempest.lib.common.dynamic_creds [-] Dynamic test user 63f6c8c778f74b6bb7594934aa68a002 is created with scope project and roles: ['admin']
2025-05-19 19:42:48.369 69629 INFO tempest.lib.common.dynamic_creds [-] Acquired dynamic creds: credentials: Credentials: {'domain_id': 'default', 'domain_name': 'Default', 'username': 'tempest-FlavorsAccessNegativeTestJSON-825806589-project-admin', 'project_domain_id': 'default', 'project_domain_name': 'Default', 'project_id': '05cb8206461e4cc8947e1240dc32e3b0', 'project_name': 'tempest-FlavorsAccessNegativeTestJSON-825806589', 'tenant_id': '05cb8206461e4cc8947e1240dc32e3b0', 'tenant_name': 'tempest-FlavorsAccessNegativeTestJSON-825806589', 'user_domain_id': 'default', 'user_domain_name': 'Default', 'user_id': '63f6c8c778f74b6bb7594934aa68a002', 'system': None}, Network: None, Subnet: None, Router: None
2025-05-19 19:42:48.369 69629 INFO tempest.lib.common.dynamic_creds [-] Created isolated network resources for: credentials: Credentials: {'domain_id': 'default', 'domain_name': 'Default', 'username': 'tempest-FlavorsAccessNegativeTestJSON-825806589-project-admin', 'project_domain_id': 'default', 'project_domain_name': 'Default', 'project_id': '05cb8206461e4cc8947e1240dc32e3b0', 'project_name': 'tempest-FlavorsAccessNegativeTestJSON-825806589', 'tenant_id': '05cb8206461e4cc8947e1240dc32e3b0', 'tenant_name': 'tempest-FlavorsAccessNegativeTestJSON-825806589', 'user_domain_id': 'default', 'user_domain_name': 'Default', 'user_id': '63f6c8c778f74b6bb7594934aa68a002', 'system': None}, Network: None, Subnet: None, Router: None
2025-05-19 19:42:48.380 69665 INFO tempest.lib.common.rest_client [req-57198daa-fa9e-4e0c-a448-fe7d742f5050 req-57198daa-fa9e-4e0c-a448-fe7d742f5050 ] Request (FlavorsV2TestJSON:test_list_flavors_filter_by_min_disk): 200 GET http://10.180.1.21/compute/v2.1/flavors/42 0.534s
2025-05-19 19:42:48.437 69659 INFO tempest.lib.common.rest_client [req-0d523657-9380-4adc-b7e0-23104a85ab32 req-0d523657-9380-4adc-b7e0-23104a85ab32 ] Request (FlavorsAccessTestJSON:setUpClass): 200 GET http://10.180.1.21/identity/v3/roles 0.750s
2025-05-19 19:42:48.437 69655 INFO tempest.lib.common.rest_client [req-2eaf7e5a-a2d5-4ed6-a7f5-518e0776c68f req-2eaf7e5a-a2d5-4ed6-a7f5-518e0776c68f ] Request (HostsAdminTestJSON:setUpClass): 200 GET http://10.180.1.21/identity/v3/roles 0.811s
2025-05-19 19:42:48.498 69649 INFO tempest.lib.common.rest_client [req-22578d25-ed94-4570-ad1d-c5382d83446b req-22578d25-ed94-4570-ad1d-c5382d83446b ] Request (VolumesAssistedSnapshotsTest:setUpClass): 201 POST http://10.180.1.21/identity/v3/auth/tokens 0.759s
2025-05-19 19:42:48.521 69637 INFO tempest.lib.common.rest_client [req-27f7dee3-e7d8-4191-9033-d6507d384b4c req-27f7dee3-e7d8-4191-9033-d6507d384b4c ] Request (InstanceUsageAuditLogTestJSON:setUpClass): 200 GET http://10.180.1.21/identity/v3/roles 0.778s
2025-05-19 19:42:48.545 69645 INFO tempest.lib.common.rest_client [req-a05ed124-7fe5-4eef-aec3-02101658c395 req-a05ed124-7fe5-4eef-aec3-02101658c395 ] Request (HypervisorAdminNegativeTestJSON:test_get_hypervisor_list_details_with_non_admin_user): 403 GET http://10.180.1.21/compute/v2.1/os-hypervisors/detail 1.342s
