2025-05-19 19:43:29.593 69671 INFO tempest.lib.common.rest_client [req-6ca29d63-3afc-4aa7-86b8-3c989ce6d446 req-6ca29d63-3afc-4aa7-86b8-3c989ce6d446 ] Request (InstanceUsageAuditLogNegativeTestJSON:setUpClass): 204 PUT http://10.180.1.21/identity/v3/projects/85d6d61663024080b35c7975dbaffa19/users/ca224af130e3475faaef1c77f5690a5e/roles/6ab3e519bbb84e7e9f318f20dfaac417 0.034s
2025-05-19 19:43:29.637 69619 INFO tempest.lib.common.rest_client [req-08bafb7e-2f66-4a1c-9422-158146d7fa2b req-08bafb7e-2f66-4a1c-9422-158146d7fa2b ] Request (ValidationResourcesFixture:setUp): 201 POST http://10.180.1.21:9696/networking/v2.0/security-group-rules 0.254s
2025-05-19 19:43:29.654 69671 INFO tempest.lib.common.rest_client [req-cd9ff71a-9933-4d1f-9b1c-d0f5cab21fbd req-cd9ff71a-9933-4d1f-9b1c-d0f5cab21fbd ] Request (InstanceUsageAuditLogNegativeTestJSON:setUpClass): 200 GET http://10.180.1.21/identity/v3/roles 0.060s
2025-05-19 19:43:29.671 69671 INFO tempest.lib.common.rest_client [req-e0f3e4af-63ff-425e-ae3d-31377a7c714a req-e0f3e4af-63ff-425e-ae3d-31377a7c714a ] Request (InstanceUsageAuditLogNegativeTestJSON:setUpClass): 204 PUT http://10.180.1.21/identity/v3/projects/85d6d61663024080b35c7975dbaffa19/users/ca224af130e3475faaef1c77f5690a5e/roles/6ab3e519bbb84e7e9f318f20dfaac417 0.017s
2025-05-19 19:43:29.672 69671 INFO tempest.lib.common.dynamic_creds [-] Dynamic test user ca224af130e3475faaef1c77f5690a5e is created with scope project and roles: ['admin']
2025-05-19 19:43:29.672 69671 INFO tempest.lib.common.dynamic_creds [-] Acquired dynamic creds: credentials: Credentials: {'domain_id': 'default', 'domain_name': 'Default', 'username': 'tempest-InstanceUsageAuditLogNegativeTestJSON-1213632194-project-admin', 'project_domain_id': 'default', 'project_domain_name': 'Default', 'project_id': '85d6d61663024080b35c7975dbaffa19', 'project_name': 'tempest-InstanceUsageAuditLogNegativeTestJSON-1213632194', 'tenant_id': '85d6d61663024080b35c7975dbaffa19', 'tenant_name': 'tempest-InstanceUsageAuditLogNegativeTestJSON-1213632194', 'user_domain_id': 'default', 'user_domain_name': 'Default', 'user_id': 'ca224af130e3475faaef1c77f5690a5e', 'system': None}, Network: None, Subnet: None, Router: None
2025-05-19 19:43:29.672 69671 INFO tempest.lib.common.dynamic_creds [-] Created isolated network resources for: credentials: Credentials: {'domain_id': 'default', 'domain_name': 'Default', 'username': 'tempest-InstanceUsageAuditLogNegativeTestJSON-1213632194-project-admin', 'project_domain_id': 'default', 'project_domain_name': 'Default', 'project_id': '85d6d61663024080b35c7975dbaffa19', 'project_name': 'tempest-InstanceUsageAuditLogNegativeTestJSON-1213632194', 'tenant_id': '85d6d61663024080b35c7975dbaffa19', 'tenant_name': 'tempest-InstanceUsageAuditLogNegativeTestJSON-1213632194', 'user_domain_id': 'default', 'user_domain_name': 'Default', 'user_id': 'ca224af130e3475faaef1c77f5690a5e', 'system': None}, Network: None, Subnet: None, Router: None
2025-05-19 19:43:29.690 69645 INFO tempest.lib.common.rest_client [req-c17ec4cd-5979-48be-8c1d-35d2311a3a05 req-c17ec4cd-5979-48be-8c1d-35d2311a3a05 ] Request (FloatingIPDetailsTestJSON:setUpClass): 200 POST http://10.180.1.21/compute/v2.1/os-floating-ips 4.252s
2025-05-19 19:43:29.763 69671 INFO tempest.lib.common.rest_client [req-13b4d6d0-c5fe-49ef-bf13-76ffcce1c46d req-13b4d6d0-c5fe-49ef-bf13-76ffcce1c46d ] Request (InstanceUsageAuditLogNegativeTestJSON:setUpClass): 201 POST http://10.180.1.21/identity/v3/auth/tokens 0.088s
2025-05-19 19:43:29.768 69667 INFO tempest.lib.common.rest_client [req-84cf923a-9ff6-4a11-a367-5da2ba626978 req-84cf923a-9ff6-4a11-a367-5da2ba626978 ] Request (ServerActionsTestJSON:setUpClass): 201 POST http://10.180.1.21:9696/networking/v2.0/security-group-rules 0.303s
2025-05-19 19:43:29.840 69661 INFO tempest.lib.common.rest_client [req-fa8e4a7c-5183-402d-a460-c45cde247749 req-fa8e4a7c-5183-402d-a460-c45cde247749 ] Request (ServerActionsTestOtherB:setUpClass): 200 POST http://10.180.1.21/compute/v2.1/os-keypairs 3.157s
2025-05-19 19:43:29.934 69651 INFO tempest.lib.common.rest_client [req-a85c1558-8b14-437b-8dfb-1cae2a601c47 req-a85c1558-8b14-437b-8dfb-1cae2a601c47 ] Request (ServersTestJSON:setUpClass): 200 GET http://10.180.1.21/compute/v2.1/servers/3b3a2142-bb7a-4e33-be5b-73809c77178e 3.221s
2025-05-19 19:43:29.986 69633 INFO tempest.lib.common.rest_client [req-3b25eff8-07dc-4815-aac0-8ea4359bbcdf req-3b25eff8-07dc-4815-aac0-8ea4359bbcdf ] Request (ServerActionsV293TestJSON:setUpClass): 200 PUT http://10.180.1.21:9696/networking/v2.0/routers/d1b32221-0dd5-41a0-bae0-15bc0d297359/add_router_interface 3.903s
2025-05-19 19:43:29.987 69633 INFO tempest.lib.common.dynamic_creds [-] Created isolated network resources for: credentials: Credentials: {'domain_id': 'default', 'domain_name': 'Default', 'username': 'tempest-ServerActionsV293TestJSON-506167618-project-member', 'project_domain_id': 'default', 'project_domain_name': 'Default', 'project_id': '758c1b481dd64015a2f230dcadb7f528', 'project_name': 'tempest-ServerActionsV293TestJSON-506167618', 'tenant_id': '758c1b481dd64015a2f230dcadb7f528', 'tenant_name': 'tempest-ServerActionsV293TestJSON-506167618', 'user_domain_id': 'default', 'user_domain_name': 'Default', 'user_id': 'a38d5e7a84804e0693f92f3d2c49a7db', 'system': None}, Network: {'id': '4cb5c11b-114c-45aa-8c6c-ae7c65bf9534', 'name': 'tempest-ServerActionsV293TestJSON-922518190-network', 'tenant_id': '758c1b481dd64015a2f230dcadb7f528', 'admin_state_up': True, 'mtu': 8950, 'status': 'ACTIVE', 'subnets': [], 'shared': False, 'project_id': '758c1b481dd64015a2f230dcadb7f528', 'port_security_enabled': True, 'router:external': False, 'provider:network_type': 'vlan', 'provider:physical_network': 'default', 'provider:segmentation_id': 711, 'availability_zone_hints': [], 'availability_zones': [], 'ipv4_address_scope': None, 'ipv6_address_scope': None, 'description': '', 'tags': [], 'created_at': '2025-05-19T19:43:20Z', 'updated_at': '2025-05-19T19:43:20Z', 'revision_number': 1}, Subnet: {'id': 'e1bd3367-6f2b-4f45-a5cc-44762de56f8c', 'name': 'tempest-ServerActionsV293TestJSON-922518190-subnet', 'tenant_id': '758c1b481dd64015a2f230dcadb7f528', 'network_id': '4cb5c11b-114c-45aa-8c6c-ae7c65bf9534', 'ip_version': 4, 'subnetpool_id': None, 'enable_dhcp': True, 'ipv6_ra_mode': None, 'ipv6_address_mode': None, 'gateway_ip': '192.168.128.1', 'cidr': '192.168.128.0/28', 'allocation_pools': [{'start': '192.168.128.2', 'end': '192.168.128.14'}], 'host_routes': [], 'dns_nameservers': [], 'description': '', 'router:external': False, 'service_types': [], 'tags': [], 'created_at': '2025-05-19T19:43:21Z', 'updated_at': '2025-05-19T19:43:21Z', 'revision_number': 0, 'project_id': '758c1b481dd64015a2f230dcadb7f528'}, Router: {'id': 'd1b32221-0dd5-41a0-bae0-15bc0d297359', 'name': 'tempest-ServerActionsV293TestJSON-922518190-router', 'tenant_id': '758c1b481dd64015a2f230dcadb7f528', 'admin_state_up': True, 'status': 'ACTIVE', 'external_gateway_info': {'network_id': 'c164de13-0661-44a9-b45b-9d6f7a8847f2', 'external_fixed_ips': [{'subnet_id': 'caa1390f-75a9-4ec8-aa9e-6e01aca8e0ea', 'ip_address': '10.180.180.210'}], 'enable_snat': True}, 'description': '', 'availability_zones': [], 'distributed': False, 'ha': False, 'availability_zone_hints': [], 'routes': [], 'flavor_id': None, 'tags': [], 'created_at': '2025-05-19T19:43:22Z', 'updated_at': '2025-05-19T19:43:23Z', 'revision_number': 2, 'project_id': '758c1b481dd64015a2f230dcadb7f528'}
2025-05-19 19:43:30.030 69639 INFO tempest.lib.common.rest_client [req-d9eb9fcb-29fd-477c-94b7-cf08ab94b982 req-d9eb9fcb-29fd-477c-94b7-cf08ab94b982 ] Request (ImagesOneServerNegativeTestJSON:setUpClass): 202 POST http://10.180.1.21/compute/v2.1/servers 3.415s
2025-05-19 19:43:30.043 69667 INFO tempest.lib.common.rest_client [req-7d5db23e-ae72-4d47-804b-641c7c2913f7 req-7d5db23e-ae72-4d47-804b-641c7c2913f7 ] Request (ServerActionsTestJSON:setUpClass): 201 POST http://10.180.1.21:9696/networking/v2.0/security-group-rules 0.275s
2025-05-19 19:43:30.126 69661 INFO tempest.lib.common.rest_client [req-19ec11ae-4fce-44d1-a5ea-4686d5003891 req-19ec11ae-4fce-44d1-a5ea-4686d5003891 ] Request (ServerActionsTestOtherB:setUpClass): 201 POST http://10.180.1.21:9696/networking/v2.0/security-groups 0.283s
2025-05-19 19:43:30.128 69633 INFO tempest.lib.common.rest_client [req-6224c51c-fc0c-42f6-b013-f872a02b6966 req-6224c51c-fc0c-42f6-b013-f872a02b6966 ] Request (ServerActionsV293TestJSON:setUpClass): 201 POST http://10.180.1.21/identity/v3/auth/tokens 0.138s
2025-05-19 19:43:30.130 69649 INFO tempest.lib.common.rest_client [req-39149a91-f5e0-40a6-afd6-76a0c0c0a47d req-39149a91-f5e0-40a6-afd6-76a0c0c0a47d ] Request (VolumesAssistedSnapshotsTest:_run_cleanups): 404 GET http://10.180.1.21/volume/v3/volumes/07990563-d4a7-460a-97d6-c5064ea796f1 0.036s
2025-05-19 19:43:30.131 69659 INFO tempest.lib.common.rest_client [req-5bd42bc5-f2ab-499f-af04-17d0546b716c req-5bd42bc5-f2ab-499f-af04-17d0546b716c ] Request (QuotasAdminNegativeTest:_run_cleanups): 200 PUT http://10.180.1.21/compute/v2.1/os-quota-sets/33c33ca9238a42319aa78a9cda5b327a 2.819s
2025-05-19 19:43:30.142 69655 INFO tempest.lib.common.rest_client [req-f13a5905-f2e5-4e1e-9473-bf70c1f91501 req-f13a5905-f2e5-4e1e-9473-bf70c1f91501 ] Request (InstanceActionsTestJSON:setUpClass): 200 GET http://10.180.1.21/compute/v2.1/servers/b2be6c58-986d-4b7f-a230-9206fc11dd32 2.766s
2025-05-19 19:43:30.161 69637 INFO tempest.lib.common.rest_client [req-6146e4f1-4f68-4170-9228-895c96004850 req-6146e4f1-4f68-4170-9228-895c96004850 ] Request (ServerDiagnosticsNegativeTest:test_get_server_diagnostics_by_non_admin): 404 GET http://10.180.1.21/compute/v2.1/servers/35451f09-548e-46ad-9763-2dc9e49dcd1c 2.621s
2025-05-19 19:43:30.205 69647 INFO tempest.lib.common.rest_client [req-b1d97ecc-8455-4c9b-bfa9-2634e5e06201 req-b1d97ecc-8455-4c9b-bfa9-2634e5e06201 ] Request (ImagesMetadataTestJSON:test_delete_image_metadata_item): 200 GET http://10.180.1.21/compute/v2.1/images/2868d32e-2365-4d52-9ca7-ada375862e84/metadata 2.491s
2025-05-19 19:43:30.310 69637 INFO tempest.lib.common.rest_client [req-eb37b902-2868-4b5c-9fd8-80b786d31059 req-eb37b902-2868-4b5c-9fd8-80b786d31059 ] Request (ServerDiagnosticsNegativeTest:tearDownClass): 204 DELETE http://10.180.1.21/identity/v3/users/69fbb945cea34039b5fe7c6ebc695ca7 0.136s
2025-05-19 19:43:30.327 69643 INFO tempest.lib.common.rest_client [req-099de746-3dac-4000-bf30-1459727d87b0 req-099de746-3dac-4000-bf30-1459727d87b0 ] Request (ServersListShow296Test:test_list_show_update_rebuild_server_296): 200 GET http://10.180.1.21/compute/v2.1/servers/ea7a9120-aa63-4690-b217-8301f8aa87b9 2.711s
2025-05-19 19:43:30.344 69629 INFO tempest.lib.common.rest_client [req-9c360adf-4681-4a68-b04c-d8a26385505b req-9c360adf-4681-4a68-b04c-d8a26385505b ] Request (FlavorsAccessNegativeTestJSON:test_remove_flavor_access_not_found): 200 POST http://10.180.1.21/compute/v2.1/flavors 2.591s
2025-05-19 19:43:30.371 69625 INFO tempest.lib.common.rest_client [req-a8dc568f-5183-4972-8d60-e99be9e5fcd7 req-a8dc568f-5183-4972-8d60-e99be9e5fcd7 ] Request (FlavorsAdminTestJSON:test_is_public_string_variations): 200 GET http://10.180.1.21/compute/v2.1/flavors/detail?is_public=t 2.601s
2025-05-19 19:43:30.388 69673 INFO tempest.lib.common.rest_client [req-2bd6a7ea-afe8-4ad1-a9ac-b8a266e2cb1b req-2bd6a7ea-afe8-4ad1-a9ac-b8a266e2cb1b ] Request (KeyPairsV22TestJSON:_run_cleanups): 204 DELETE http://10.180.1.21/compute/v2.1/os-keypairs/tempest-keypair-295578924 2.611s
2025-05-19 19:43:30.412 69635 INFO tempest.lib.common.rest_client [req-eb8c9b05-9927-475e-90fd-f2e81332a3f5 req-eb8c9b05-9927-475e-90fd-f2e81332a3f5 ] Request (AggregatesAdminNegativeTestJSON:test_aggregate_get_details_as_user): 200 POST http://10.180.1.21/compute/v2.1/os-aggregates 2.623s
2025-05-19 19:43:30.424 69631 INFO tempest.lib.common.rest_client [req-ac0de096-359a-462d-9108-95d1b24682dd req-ac0de096-359a-462d-9108-95d1b24682dd ] Request (FlavorsExtraSpecsTestJSON:test_flavor_non_admin_get_specific_key): 200 GET http://10.180.1.21/compute/v2.1/flavors/866521759/os-extra_specs/hw:numa_nodes 2.605s
2025-05-19 19:43:30.435 69637 INFO tempest.lib.common.rest_client [req-1e1d27bb-43f9-4621-914c-a0a518b6fc76 req-1e1d27bb-43f9-4621-914c-a0a518b6fc76 ] Request (ServerDiagnosticsNegativeTest:tearDownClass): 204 DELETE http://10.180.1.21/identity/v3/users/67277a010c23471c8957f6be98ac5477 0.124s
2025-05-19 19:43:30.435 69637 INFO tempest.lib.common.dynamic_creds [-] Deleting project and security group for project: 4b6ad1e053674434a4dce45326274479
2025-05-19 19:43:30.438 69621 INFO tempest.lib.common.rest_client [req-50ca594a-d501-4ba2-973a-c22e45f6f713 req-50ca594a-d501-4ba2-973a-c22e45f6f713 ] Request (QuotasAdminTestJSON:test_delete_quota): 202 DELETE http://10.180.1.21/compute/v2.1/os-quota-sets/1af3393a970b41f08b0a24fd002c773f 2.373s
2025-05-19 19:43:30.495 69637 INFO tempest.lib.common.rest_client [req-1e62c9e6-fcff-42b2-8a60-0039b67a6244 req-1e62c9e6-fcff-42b2-8a60-0039b67a6244 ] Request (ServerDiagnosticsNegativeTest:tearDownClass): 201 POST http://10.180.1.21/identity/v3/auth/tokens 0.060s
2025-05-19 19:43:30.496 69673 INFO tempest.lib.common.rest_client [req-44662f8c-c5a4-46ad-a05c-06faa9af7856 req-44662f8c-c5a4-46ad-a05c-06faa9af7856 ] Request (KeyPairsV22TestJSON:tearDownClass): 204 DELETE http://10.180.1.21/identity/v3/users/fb901e824903439cb7c4aa583311f62f 0.107s
2025-05-19 19:43:30.497 69673 INFO tempest.lib.common.dynamic_creds [-] Deleting project and security group for project: 17fa51889973475d98bd8310a4b2bcdb
2025-05-19 19:43:30.551 69673 INFO tempest.lib.common.rest_client [req-af8968ba-6160-46de-8626-04827fea0b13 req-af8968ba-6160-46de-8626-04827fea0b13 ] Request (KeyPairsV22TestJSON:tearDownClass): 201 POST http://10.180.1.21/identity/v3/auth/tokens 0.054s
2025-05-19 19:43:30.612 69661 INFO tempest.lib.common.rest_client [req-799b5a44-7dc7-4008-aab5-dfadc934a5b3 req-799b5a44-7dc7-4008-aab5-dfadc934a5b3 ] Request (ServerActionsTestOtherB:setUpClass): 201 POST http://10.180.1.21:9696/networking/v2.0/security-group-rules 0.485s
2025-05-19 19:43:30.671 69675 INFO tempest.lib.common.rest_client [req-7756fa77-f261-4a7d-b1fb-714ad6e1dc73 req-7756fa77-f261-4a7d-b1fb-714ad6e1dc73 ] Request (ValidationResourcesFixture:setUp): 200 POST http://10.180.1.21/compute/v2.1/os-keypairs 2.560s
2025-05-19 19:43:30.832 69663 INFO tempest.lib.common.rest_client [req-5d9b7023-e864-4fcd-9e8d-a08f5e29bfd2 req-5d9b7023-e864-4fcd-9e8d-a08f5e29bfd2 ] Request (ServersTestManualDisk:setUpClass): 202 POST http://10.180.1.21/compute/v2.1/servers 3.100s
2025-05-19 19:43:30.886 69661 INFO tempest.lib.common.rest_client [req-023d55d1-d335-4483-96ea-3bd3bfc59f3c req-023d55d1-d335-4483-96ea-3bd3bfc59f3c ] Request (ServerActionsTestOtherB:setUpClass): 201 POST http://10.180.1.21:9696/networking/v2.0/security-group-rules 0.274s
2025-05-19 19:43:30.889 69637 INFO tempest.lib.common.rest_client [req-e41989e7-2e42-4193-8a45-61e7bb6c5a65 req-e41989e7-2e42-4193-8a45-61e7bb6c5a65 ] Request (ServerDiagnosticsNegativeTest:tearDownClass): 200 GET http://10.180.1.21:9696/networking/v2.0/security-groups?tenant_id=4b6ad1e053674434a4dce45326274479&name=default 0.393s
2025-05-19 19:43:30.959 69653 INFO tempest.lib.common.rest_client [req-7e09cf6a-f7eb-40d9-87de-a7e5c363d196 req-7e09cf6a-f7eb-40d9-87de-a7e5c363d196 ] Request (ServersWithSpecificFlavorTestJSON:test_verify_created_server_ephemeral_disk): 204 DELETE http://10.180.1.21/compute/v2.1/servers/a8088e90-c770-471d-8df4-44429b7dd478 2.763s
2025-05-19 19:43:31.035 69673 INFO tempest.lib.common.rest_client [req-ed35ec34-5f11-4940-a1b2-723cc1517639 req-ed35ec34-5f11-4940-a1b2-723cc1517639 ] Request (KeyPairsV22TestJSON:tearDownClass): 200 GET http://10.180.1.21:9696/networking/v2.0/security-groups?tenant_id=17fa51889973475d98bd8310a4b2bcdb&name=default 0.484s
2025-05-19 19:43:31.054 69675 INFO tempest.lib.common.rest_client [req-372bc404-5507-4b84-9f49-94d39a5dfabe req-372bc404-5507-4b84-9f49-94d39a5dfabe ] Request (ValidationResourcesFixture:setUp): 201 POST http://10.180.1.21:9696/networking/v2.0/security-groups 0.380s
2025-05-19 19:43:31.058 69642 INFO tempest.lib.common.rest_client [req-2bbc4243-9240-44b0-8b46-59163ad37b4e req-2bbc4243-9240-44b0-8b46-59163ad37b4e ] Request (ServersNegativeTestJSON:setUpClass): 200 PUT http://10.180.1.21:9696/networking/v2.0/routers/73f655b1-2b30-4430-a25f-af5373be618c/add_router_interface 2.833s
2025-05-19 19:43:31.058 69642 INFO tempest.lib.common.dynamic_creds [-] Created isolated network resources for: credentials: Credentials: {'domain_id': 'default', 'domain_name': 'Default', 'username': 'tempest-ServersNegativeTestJSON-1419089950-project-member', 'project_domain_id': 'default', 'project_domain_name': 'Default', 'project_id': '66266b1a747d4fb183beca3c92f81c37', 'project_name': 'tempest-ServersNegativeTestJSON-1419089950', 'tenant_id': '66266b1a747d4fb183beca3c92f81c37', 'tenant_name': 'tempest-ServersNegativeTestJSON-1419089950', 'user_domain_id': 'default', 'user_domain_name': 'Default', 'user_id': '53e3635c11c842d68255f9ec20f753c3', 'system': None}, Network: {'id': '853d6784-95ee-4fc9-b160-bc9fd0a9db98', 'name': 'tempest-ServersNegativeTestJSON-735617892-network', 'tenant_id': '66266b1a747d4fb183beca3c92f81c37', 'admin_state_up': True, 'mtu': 8950, 'status': 'ACTIVE', 'subnets': [], 'shared': False, 'project_id': '66266b1a747d4fb183beca3c92f81c37', 'port_security_enabled': True, 'router:external': False, 'provider:network_type': 'vlan', 'provider:physical_network': 'default', 'provider:segmentation_id': 158, 'availability_zone_hints': [], 'availability_zones': [], 'ipv4_address_scope': None, 'ipv6_address_scope': None, 'description': '', 'tags': [], 'created_at': '2025-05-19T19:43:22Z', 'updated_at': '2025-05-19T19:43:22Z', 'revision_number': 1}, Subnet: {'id': '86803b46-c13a-4015-bdcf-0fc1ea40f47c', 'name': 'tempest-ServersNegativeTestJSON-735617892-subnet', 'tenant_id': '66266b1a747d4fb183beca3c92f81c37', 'network_id': '853d6784-95ee-4fc9-b160-bc9fd0a9db98', 'ip_version': 4, 'subnetpool_id': None, 'enable_dhcp': True, 'ipv6_ra_mode': None, 'ipv6_address_mode': None, 'gateway_ip': '192.168.128.1', 'cidr': '192.168.128.0/28', 'allocation_pools': [{'start': '192.168.128.2', 'end': '192.168.128.14'}], 'host_routes': [], 'dns_nameservers': [], 'description': '', 'router:external': False, 'service_types': [], 'tags': [], 'created_at': '2025-05-19T19:43:23Z', 'updated_at': '2025-05-19T19:43:23Z', 'revision_number': 0, 'project_id': '66266b1a747d4fb183beca3c92f81c37'}, Router: {'id': '73f655b1-2b30-4430-a25f-af5373be618c', 'name': 'tempest-ServersNegativeTestJSON-735617892-router', 'tenant_id': '66266b1a747d4fb183beca3c92f81c37', 'admin_state_up': True, 'status': 'ACTIVE', 'external_gateway_info': {'network_id': 'c164de13-0661-44a9-b45b-9d6f7a8847f2', 'external_fixed_ips': [{'subnet_id': 'caa1390f-75a9-4ec8-aa9e-6e01aca8e0ea', 'ip_address': '10.180.180.221'}], 'enable_snat': True}, 'description': '', 'availability_zones': [], 'distributed': False, 'ha': False, 'availability_zone_hints': [], 'routes': [], 'flavor_id': None, 'tags': [], 'created_at': '2025-05-19T19:43:24Z', 'updated_at': '2025-05-19T19:43:26Z', 'revision_number': 2, 'project_id': '66266b1a747d4fb183beca3c92f81c37'}
2025-05-19 19:43:31.062 69627 INFO tempest.lib.common.rest_client [req-171bd144-d963-458d-add8-beb5ec87e1c2 req-171bd144-d963-458d-add8-beb5ec87e1c2 ] Request (VolumesAdminNegativeTest:test_update_attached_volume_with_nonexistent_volume_in_body): 200 POST http://10.180.1.21/compute/v2.1/os-keypairs 2.179s
2025-05-19 19:43:31.094 69619 INFO tempest.lib.common.rest_client [req-152e050f-2f1c-4883-996c-4b8f05a1791d req-152e050f-2f1c-4883-996c-4b8f05a1791d ] Request (ValidationResourcesFixture:setUp): 201 POST http://10.180.1.21:9696/networking/v2.0/floatingips 1.456s
2025-05-19 19:43:31.142 69613 INFO tempest.lib.common.rest_client [req-3e7dc8b0-b289-4aa2-a25c-cddd0da0aa01 req-3e7dc8b0-b289-4aa2-a25c-cddd0da0aa01 ] Request (SecurityGroupsTestAdminJSON:_run_cleanups): 202 DELETE http://10.180.1.21/compute/v2.1/os-security-groups/3fc9db4c-b28f-4710-ab56-53f195cee994 2.590s
2025-05-19 19:43:31.153 69657 INFO tempest.lib.common.rest_client [req-3a9f42f8-4f49-4202-8897-17e232eea89f req-3a9f42f8-4f49-4202-8897-17e232eea89f ] Request (VolumesNegativeTest:test_create_volume_with_size_zero): 400 POST http://10.180.1.21/compute/v2.1/os-volumes 2.122s
2025-05-19 19:43:31.162 69642 INFO tempest.lib.common.rest_client [req-1ce16218-d8c6-48de-9803-0d81f7823eff req-1ce16218-d8c6-48de-9803-0d81f7823eff ] Request (ServersNegativeTestJSON:setUpClass): 201 POST http://10.180.1.21/identity/v3/auth/tokens 0.100s
2025-05-19 19:43:31.164 69637 INFO tempest.lib.common.rest_client [req-5c2fd6f2-bd40-4dd2-93b8-e90c038b2dac req-5c2fd6f2-bd40-4dd2-93b8-e90c038b2dac ] Request (ServerDiagnosticsNegativeTest:tearDownClass): 204 DELETE http://10.180.1.21:9696/networking/v2.0/security-groups/1a4914c0-aa19-4140-affd-e6546f9ef84d 0.274s
2025-05-19 19:43:31.173 69619 INFO tempest.lib.common.rest_client [req-3f39f0b6-001a-4595-9292-b08fa20a9693 req-3f39f0b6-001a-4595-9292-b08fa20a9693 ] Request (AttachInterfacesUnderV243Test:test_add_remove_fixed_ip): 201 POST http://10.180.1.21/identity/v3/auth/tokens 0.074s
2025-05-19 19:43:31.173 69619 INFO tempest.lib.common.fixed_network [-] (AttachInterfacesUnderV243Test:test_add_remove_fixed_ip) Found network {'id': 'ec0ac165-a66a-41ab-9f8d-1ab889065585', 'name': 'tempest-AttachInterfacesUnderV243Test-1523279014-network', 'tenant_id': 'b018b3f0cdf7498186c6519495399605', 'admin_state_up': True, 'mtu': 8950, 'status': 'ACTIVE', 'subnets': [], 'shared': False, 'project_id': 'b018b3f0cdf7498186c6519495399605', 'port_security_enabled': True, 'router:external': False, 'provider:network_type': 'vlan', 'provider:physical_network': 'default', 'provider:segmentation_id': 273, 'availability_zone_hints': [], 'availability_zones': [], 'ipv4_address_scope': None, 'ipv6_address_scope': None, 'description': '', 'tags': [], 'created_at': '2025-05-19T19:43:13Z', 'updated_at': '2025-05-19T19:43:14Z', 'revision_number': 1} available for tenant
2025-05-19 19:43:31.200 69642 INFO tempest.lib.common.rest_client [req-b42a3c1f-9be7-470b-a3a6-b90ac94ae137 req-b42a3c1f-9be7-470b-a3a6-b90ac94ae137 ] Request (ServersNegativeTestJSON:setUpClass): 201 POST http://10.180.1.21/identity/v3/auth/tokens 0.032s
2025-05-19 19:43:31.201 69642 INFO tempest.lib.common.fixed_network [-] (ServersNegativeTestJSON:setUpClass) Found network {'id': '853d6784-95ee-4fc9-b160-bc9fd0a9db98', 'name': 'tempest-ServersNegativeTestJSON-735617892-network', 'tenant_id': '66266b1a747d4fb183beca3c92f81c37', 'admin_state_up': True, 'mtu': 8950, 'status': 'ACTIVE', 'subnets': [], 'shared': False, 'project_id': '66266b1a747d4fb183beca3c92f81c37', 'port_security_enabled': True, 'router:external': False, 'provider:network_type': 'vlan', 'provider:physical_network': 'default', 'provider:segmentation_id': 158, 'availability_zone_hints': [], 'availability_zones': [], 'ipv4_address_scope': None, 'ipv6_address_scope': None, 'description': '', 'tags': [], 'created_at': '2025-05-19T19:43:22Z', 'updated_at': '2025-05-19T19:43:22Z', 'revision_number': 1} available for tenant
2025-05-19 19:43:31.244 69637 INFO tempest.lib.common.rest_client [req-8f3eca7a-8d41-4574-a88f-4ac0a074641b req-8f3eca7a-8d41-4574-a88f-4ac0a074641b ] Request (ServerDiagnosticsNegativeTest:tearDownClass): 204 DELETE http://10.180.1.21/identity/v3/projects/4b6ad1e053674434a4dce45326274479 0.080s
2025-05-19 19:43:31.244 69637 INFO tempest.lib.common.dynamic_creds [-] Deleting project and security group for project: 3d2bd63cd5bd4341aee2f497a99894d9
2025-05-19 19:43:31.391 69673 INFO tempest.lib.common.rest_client [req-1fa6983f-a579-4210-9cf6-839680e55bd3 req-1fa6983f-a579-4210-9cf6-839680e55bd3 ] Request (KeyPairsV22TestJSON:tearDownClass): 204 DELETE http://10.180.1.21:9696/networking/v2.0/security-groups/b4e7eb91-6865-455d-ab6e-523b323d69d6 0.356s
2025-05-19 19:43:31.431 69665 INFO tempest.lib.common.rest_client [req-0a09f28f-9122-408b-b9d2-cb11daa56790 req-0a09f28f-9122-408b-b9d2-cb11daa56790 ] Request (ServersListShow2100Test:test_list_show_rebuild_update_server_2100): 204 DELETE http://10.180.1.21/compute/v2.1/servers/781e962b-419b-4f91-a5e8-9e95d8ee65d3 2.230s
2025-05-19 19:43:31.469 69667 INFO tempest.lib.common.rest_client [req-0578c280-bed2-46ff-9bb0-775dd57131ea req-0578c280-bed2-46ff-9bb0-775dd57131ea ] Request (ServerActionsTestJSON:setUpClass): 201 POST http://10.180.1.21:9696/networking/v2.0/floatingips 1.425s
2025-05-19 19:43:31.487 69675 INFO tempest.lib.common.rest_client [req-369823f6-2693-4fb2-b7c9-6c0e5994a02c req-369823f6-2693-4fb2-b7c9-6c0e5994a02c ] Request (ValidationResourcesFixture:setUp): 201 POST http://10.180.1.21:9696/networking/v2.0/security-group-rules 0.432s
2025-05-19 19:43:31.504 69637 INFO tempest.lib.common.rest_client [req-3a4abf7e-6953-49b3-a0fb-e36a182c4436 req-3a4abf7e-6953-49b3-a0fb-e36a182c4436 ] Request (ServerDiagnosticsNegativeTest:tearDownClass): 200 GET http://10.180.1.21:9696/networking/v2.0/security-groups?tenant_id=3d2bd63cd5bd4341aee2f497a99894d9&name=default 0.259s
2025-05-19 19:43:31.522 69627 INFO tempest.lib.common.rest_client [req-772cf46e-15fb-4ea9-804f-c481599ce034 req-772cf46e-15fb-4ea9-804f-c481599ce034 ] Request (VolumesAdminNegativeTest:test_update_attached_volume_with_nonexistent_volume_in_body): 201 POST http://10.180.1.21:9696/networking/v2.0/security-groups 0.459s
2025-05-19 19:43:31.561 69673 INFO tempest.lib.common.rest_client [req-09ef203e-bbf3-40a7-955d-a85878dc6a27 req-09ef203e-bbf3-40a7-955d-a85878dc6a27 ] Request (KeyPairsV22TestJSON:tearDownClass): 204 DELETE http://10.180.1.21/identity/v3/projects/17fa51889973475d98bd8310a4b2bcdb 0.168s
2025-05-19 19:43:31.628 69617 INFO tempest.lib.common.rest_client [req-adbb8173-8615-4a41-9457-b7aaefd2f4dc req-adbb8173-8615-4a41-9457-b7aaefd2f4dc ] Request (ServersV294TestFqdnHostnames:setUpClass): 201 POST http://10.180.1.21/compute/v2.1/os-keypairs 2.233s
2025-05-19 19:43:31.648 69673 INFO tempest.lib.common.rest_client [req-9f8a8ff6-0711-41e0-b6d1-1c795cd285f1 req-9f8a8ff6-0711-41e0-b6d1-1c795cd285f1 ] Request (SecurityGroupRulesNegativeTestJSON:setUpClass): 201 POST http://10.180.1.21/identity/v3/auth/tokens 0.083s
2025-05-19 19:43:31.652 69667 INFO tempest.lib.common.rest_client [req-80b27f72-3564-441c-a7c3-00b5e7be2f46 req-80b27f72-3564-441c-a7c3-00b5e7be2f46 ] Request (ServerActionsTestJSON:setUpClass): 201 POST http://10.180.1.21/identity/v3/auth/tokens 0.179s
2025-05-19 19:43:31.653 69667 INFO tempest.lib.common.fixed_network [-] (ServerActionsTestJSON:setUpClass) Found network {'id': 'cc439685-2c4e-43c6-8275-896aa016a7c2', 'name': 'tempest-ServerActionsTestJSON-660031350-network', 'tenant_id': 'c363e8d8378f4467a69f4dcba24986ea', 'admin_state_up': True, 'mtu': 8950, 'status': 'ACTIVE', 'subnets': [], 'shared': False, 'project_id': 'c363e8d8378f4467a69f4dcba24986ea', 'port_security_enabled': True, 'router:external': False, 'provider:network_type': 'vlan', 'provider:physical_network': 'default', 'provider:segmentation_id': 660, 'availability_zone_hints': [], 'availability_zones': [], 'ipv4_address_scope': None, 'ipv6_address_scope': None, 'description': '', 'tags': [], 'created_at': '2025-05-19T19:43:12Z', 'updated_at': '2025-05-19T19:43:12Z', 'revision_number': 1} available for tenant
2025-05-19 19:43:31.677 69673 INFO tempest.lib.common.rest_client [req-75062240-18b3-4915-94a1-80b4207a9822 req-75062240-18b3-4915-94a1-80b4207a9822 ] Request (SecurityGroupRulesNegativeTestJSON:setUpClass): 201 POST http://10.180.1.21/identity/v3/auth/tokens 0.027s
2025-05-19 19:43:31.687 69637 INFO tempest.lib.common.rest_client [req-2d1ed11e-071e-4294-b297-1fa7ceaea3d9 req-2d1ed11e-071e-4294-b297-1fa7ceaea3d9 ] Request (ServerDiagnosticsNegativeTest:tearDownClass): 204 DELETE http://10.180.1.21:9696/networking/v2.0/security-groups/ec811695-97db-404f-a64a-8e469ef6559e 0.183s
2025-05-19 19:43:31.699 69669 INFO tempest.lib.common.rest_client [req-b255a66c-e097-46d4-8efb-8be1aa0eaebc req-b255a66c-e097-46d4-8efb-8be1aa0eaebc ] Request (ServerRescueNegativeTestJSON:setUpClass): 200 PUT http://10.180.1.21:9696/networking/v2.0/routers/d5841060-9992-46bd-9b13-e97c2e6ff0ec/add_router_interface 2.180s
2025-05-19 19:43:31.700 69669 INFO tempest.lib.common.dynamic_creds [-] Created isolated network resources for: credentials: Credentials: {'domain_id': 'default', 'domain_name': 'Default', 'username': 'tempest-ServerRescueNegativeTestJSON-1105023164-project-member', 'project_domain_id': 'default', 'project_domain_name': 'Default', 'project_id': 'c7c184b564b94b68ba98033110be176a', 'project_name': 'tempest-ServerRescueNegativeTestJSON-1105023164', 'tenant_id': 'c7c184b564b94b68ba98033110be176a', 'tenant_name': 'tempest-ServerRescueNegativeTestJSON-1105023164', 'user_domain_id': 'default', 'user_domain_name': 'Default', 'user_id': '4b0a0c981c1a45c7b3d07571adddb266', 'system': None}, Network: {'id': 'ce2500a6-66fd-4640-9e9d-46bab51cc432', 'name': 'tempest-ServerRescueNegativeTestJSON-1200264215-network', 'tenant_id': 'c7c184b564b94b68ba98033110be176a', 'admin_state_up': True, 'mtu': 8950, 'status': 'ACTIVE', 'subnets': [], 'shared': False, 'project_id': 'c7c184b564b94b68ba98033110be176a', 'port_security_enabled': True, 'router:external': False, 'provider:network_type': 'vlan', 'provider:physical_network': 'default', 'provider:segmentation_id': 532, 'availability_zone_hints': [], 'availability_zones': [], 'ipv4_address_scope': None, 'ipv6_address_scope': None, 'description': '', 'tags': [], 'created_at': '2025-05-19T19:43:24Z', 'updated_at': '2025-05-19T19:43:24Z', 'revision_number': 1}, Subnet: {'id': 'a032fdc5-ff6f-461b-aaea-7cc18cf5a4bc', 'name': 'tempest-ServerRescueNegativeTestJSON-1200264215-subnet', 'tenant_id': 'c7c184b564b94b68ba98033110be176a', 'network_id': 'ce2500a6-66fd-4640-9e9d-46bab51cc432', 'ip_version': 4, 'subnetpool_id': None, 'enable_dhcp': True, 'ipv6_ra_mode': None, 'ipv6_address_mode': None, 'gateway_ip': '192.168.128.1', 'cidr': '192.168.128.0/28', 'allocation_pools': [{'start': '192.168.128.2', 'end': '192.168.128.14'}], 'host_routes': [], 'dns_nameservers': [], 'description': '', 'router:external': False, 'service_types': [], 'tags': [], 'created_at': '2025-05-19T19:43:25Z', 'updated_at': '2025-05-19T19:43:25Z', 'revision_number': 0, 'project_id': 'c7c184b564b94b68ba98033110be176a'}, Router: {'id': 'd5841060-9992-46bd-9b13-e97c2e6ff0ec', 'name': 'tempest-ServerRescueNegativeTestJSON-1200264215-router', 'tenant_id': 'c7c184b564b94b68ba98033110be176a', 'admin_state_up': True, 'status': 'ACTIVE', 'external_gateway_info': {'network_id': 'c164de13-0661-44a9-b45b-9d6f7a8847f2', 'external_fixed_ips': [{'subnet_id': 'caa1390f-75a9-4ec8-aa9e-6e01aca8e0ea', 'ip_address': '10.180.180.184'}], 'enable_snat': True}, 'description': '', 'availability_zones': [], 'distributed': False, 'ha': False, 'availability_zone_hints': [], 'routes': [], 'flavor_id': None, 'tags': [], 'created_at': '2025-05-19T19:43:26Z', 'updated_at': '2025-05-19T19:43:28Z', 'revision_number': 2, 'project_id': 'c7c184b564b94b68ba98033110be176a'}
2025-05-19 19:43:31.709 69673 INFO tempest.lib.common.rest_client [req-39e3565c-5553-497b-a17a-6ce08c980911 req-39e3565c-5553-497b-a17a-6ce08c980911 ] Request (SecurityGroupRulesNegativeTestJSON:setUpClass): 200 GET http://10.180.1.21/identity/v3/domains?name=Default 0.031s
2025-05-19 19:43:31.749 69623 INFO tempest.lib.common.rest_client [req-25c47fa8-e81e-47a2-a206-b87d5599739f req-25c47fa8-e81e-47a2-a206-b87d5599739f ] Request (ServersTestFqdnHostnames:test_create_server_with_fqdn_name): 202 POST http://10.180.1.21/compute/v2.1/servers 2.852s
2025-05-19 19:43:31.780 69615 INFO tempest.lib.common.rest_client [req-38996c2d-3e4e-4093-92f7-0774075e4377 req-38996c2d-3e4e-4093-92f7-0774075e4377 ] Request (ImagesMetadataNegativeTestJSON:test_delete_nonexistent_image_metadata_item): 404 DELETE http://10.180.1.21/compute/v2.1/images/c3306dd4-aa28-44a9-aa02-b5db5db667dc/metadata/os_distro 2.330s
2025-05-19 19:43:31.805 69637 INFO tempest.lib.common.rest_client [req-510c3456-d356-4ba3-a061-e6ab24cf0a46 req-510c3456-d356-4ba3-a061-e6ab24cf0a46 ] Request (ServerDiagnosticsNegativeTest:tearDownClass): 204 DELETE http://10.180.1.21/identity/v3/projects/3d2bd63cd5bd4341aee2f497a99894d9 0.117s
2025-05-19 19:43:31.817 69669 INFO tempest.lib.common.rest_client [req-9d927d2c-a75d-41f0-81e0-e7bc4f626359 req-9d927d2c-a75d-41f0-81e0-e7bc4f626359 ] Request (ServerRescueNegativeTestJSON:setUpClass): 201 POST http://10.180.1.21/identity/v3/auth/tokens 0.113s
2025-05-19 19:43:31.846 69675 INFO tempest.lib.common.rest_client [req-b55374b4-bb03-4612-b20e-b721f2bcdcd0 req-b55374b4-bb03-4612-b20e-b721f2bcdcd0 ] Request (ValidationResourcesFixture:setUp): 201 POST http://10.180.1.21:9696/networking/v2.0/security-group-rules 0.358s
2025-05-19 19:43:31.869 69673 INFO tempest.lib.common.rest_client [req-b61b0f5b-13f3-4acb-93d5-c31b6cb3bb89 req-b61b0f5b-13f3-4acb-93d5-c31b6cb3bb89 ] Request (SecurityGroupRulesNegativeTestJSON:setUpClass): 201 POST http://10.180.1.21/identity/v3/projects 0.159s
2025-05-19 19:43:31.906 69671 INFO tempest.lib.common.rest_client [req-c48901d5-bba2-4ca1-83f3-2adc9e7c1649 req-c48901d5-bba2-4ca1-83f3-2adc9e7c1649 ] Request (InstanceUsageAuditLogNegativeTestJSON:test_get_instance_usage_audit_logs_with_invalid_time): 400 GET http://10.180.1.21/compute/v2.1/os-instance_usage_audit_log/invalid_time 2.141s
2025-05-19 19:43:31.943 69637 INFO tempest.lib.common.rest_client [req-bdb49e84-3289-4305-8247-754c5ca1cf53 req-bdb49e84-3289-4305-8247-754c5ca1cf53 ] Request (InstanceActionsV221TestJSON:setUpClass): 201 POST http://10.180.1.21/identity/v3/auth/tokens 0.136s
2025-05-19 19:43:31.953 69669 INFO tempest.lib.common.rest_client [req-0f389b5a-1c47-4ecd-a7be-108931717b43 req-0f389b5a-1c47-4ecd-a7be-108931717b43 ] Request (ServerRescueNegativeTestJSON:setUpClass): 201 POST http://10.180.1.21/identity/v3/auth/tokens 0.132s
2025-05-19 19:43:31.953 69669 INFO tempest.lib.common.fixed_network [-] (ServerRescueNegativeTestJSON:setUpClass) Found network {'id': 'ce2500a6-66fd-4640-9e9d-46bab51cc432', 'name': 'tempest-ServerRescueNegativeTestJSON-1200264215-network', 'tenant_id': 'c7c184b564b94b68ba98033110be176a', 'admin_state_up': True, 'mtu': 8950, 'status': 'ACTIVE', 'subnets': [], 'shared': False, 'project_id': 'c7c184b564b94b68ba98033110be176a', 'port_security_enabled': True, 'router:external': False, 'provider:network_type': 'vlan', 'provider:physical_network': 'default', 'provider:segmentation_id': 532, 'availability_zone_hints': [], 'availability_zones': [], 'ipv4_address_scope': None, 'ipv6_address_scope': None, 'description': '', 'tags': [], 'created_at': '2025-05-19T19:43:24Z', 'updated_at': '2025-05-19T19:43:24Z', 'revision_number': 1} available for tenant
2025-05-19 19:43:31.972 69673 INFO tempest.lib.common.rest_client [req-2614fb90-55c0-43b5-aeb1-03309637d93a req-2614fb90-55c0-43b5-aeb1-03309637d93a ] Request (SecurityGroupRulesNegativeTestJSON:setUpClass): 201 POST http://10.180.1.21/identity/v3/users 0.103s
2025-05-19 19:43:31.982 69637 INFO tempest.lib.common.rest_client [req-b0ff317a-f8a7-454e-a5ae-6b5920664706 req-b0ff317a-f8a7-454e-a5ae-6b5920664706 ] Request (InstanceActionsV221TestJSON:setUpClass): 201 POST http://10.180.1.21/identity/v3/auth/tokens 0.036s
2025-05-19 19:43:31.995 69673 INFO tempest.lib.common.rest_client [req-c59fd00c-2335-4c33-9286-0b44f83e118c req-c59fd00c-2335-4c33-9286-0b44f83e118c ] Request (SecurityGroupRulesNegativeTestJSON:setUpClass): 200 GET http://10.180.1.21/identity/v3/roles 0.022s
2025-05-19 19:43:32.007 69637 INFO tempest.lib.common.rest_client [req-4287b4ed-0a7e-4528-abe0-37fdcc3a4d30 req-4287b4ed-0a7e-4528-abe0-37fdcc3a4d30 ] Request (InstanceActionsV221TestJSON:setUpClass): 200 GET http://10.180.1.21/identity/v3/domains?name=Default 0.024s
2025-05-19 19:43:32.031 69673 INFO tempest.lib.common.rest_client [req-de44355f-74f1-46fe-8f88-277e9586521d req-de44355f-74f1-46fe-8f88-277e9586521d ] Request (SecurityGroupRulesNegativeTestJSON:setUpClass): 204 PUT http://10.180.1.21/identity/v3/projects/9b7576ce65c24b17b71dcec0385cafbf/users/6a11bb5b22cd49569d79ebbd9e9494a5/roles/90d12add8f714bf8b246aba4e01e6ca7 0.035s
2025-05-19 19:43:32.031 69673 INFO tempest.lib.common.dynamic_creds [-] Dynamic test user 6a11bb5b22cd49569d79ebbd9e9494a5 is created with scope project and roles: ['member']
2025-05-19 19:43:32.032 69673 INFO tempest.lib.common.dynamic_creds [-] Acquired dynamic creds: credentials: Credentials: {'domain_id': 'default', 'domain_name': 'Default', 'username': 'tempest-SecurityGroupRulesNegativeTestJSON-1771182110-project-member', 'project_domain_id': 'default', 'project_domain_name': 'Default', 'project_id': '9b7576ce65c24b17b71dcec0385cafbf', 'project_name': 'tempest-SecurityGroupRulesNegativeTestJSON-1771182110', 'tenant_id': '9b7576ce65c24b17b71dcec0385cafbf', 'tenant_name': 'tempest-SecurityGroupRulesNegativeTestJSON-1771182110', 'user_domain_id': 'default', 'user_domain_name': 'Default', 'user_id': '6a11bb5b22cd49569d79ebbd9e9494a5', 'system': None}, Network: None, Subnet: None, Router: None
2025-05-19 19:43:32.038 69637 INFO tempest.lib.common.rest_client [req-5e77e4ae-ac97-41ee-8d3f-32ed7e65a63f req-5e77e4ae-ac97-41ee-8d3f-32ed7e65a63f ] Request (InstanceActionsV221TestJSON:setUpClass): 201 POST http://10.180.1.21/identity/v3/projects 0.030s
2025-05-19 19:43:32.058 69627 INFO tempest.lib.common.rest_client [req-dedecf6e-2634-404a-b0d1-9c6de44e1b6f req-dedecf6e-2634-404a-b0d1-9c6de44e1b6f ] Request (VolumesAdminNegativeTest:test_update_attached_volume_with_nonexistent_volume_in_body): 201 POST http://10.180.1.21:9696/networking/v2.0/security-group-rules 0.534s
2025-05-19 19:43:32.124 69673 INFO tempest.lib.common.rest_client [req-32d1a2c2-4095-490e-8573-a65bbfd485f5 req-32d1a2c2-4095-490e-8573-a65bbfd485f5 ] Request (SecurityGroupRulesNegativeTestJSON:setUpClass): 201 POST http://10.180.1.21/identity/v3/auth/tokens 0.092s
2025-05-19 19:43:32.133 69637 INFO tempest.lib.common.rest_client [req-6fc379df-8675-47ea-8a0b-8b8ab0ee10c3 req-6fc379df-8675-47ea-8a0b-8b8ab0ee10c3 ] Request (InstanceActionsV221TestJSON:setUpClass): 201 POST http://10.180.1.21/identity/v3/users 0.095s
2025-05-19 19:43:32.138 69617 INFO tempest.lib.common.rest_client [req-a9905cfe-1c66-4a91-bf21-a0ea66e64229 req-a9905cfe-1c66-4a91-bf21-a0ea66e64229 ] Request (ServersV294TestFqdnHostnames:setUpClass): 201 POST http://10.180.1.21:9696/networking/v2.0/security-groups 0.509s
2025-05-19 19:43:32.163 69637 INFO tempest.lib.common.rest_client [req-2ebc645c-14ec-47ff-be70-dc8c906d07a6 req-2ebc645c-14ec-47ff-be70-dc8c906d07a6 ] Request (InstanceActionsV221TestJSON:setUpClass): 200 GET http://10.180.1.21/identity/v3/roles 0.030s
2025-05-19 19:43:32.223 69637 INFO tempest.lib.common.rest_client [req-f93c5a87-baa9-4525-b8ac-d8999ff76a2e req-f93c5a87-baa9-4525-b8ac-d8999ff76a2e ] Request (InstanceActionsV221TestJSON:setUpClass): 204 PUT http://10.180.1.21/identity/v3/projects/087ed596878e48f8b31dde730b24af87/users/bbd2198e2a22486c913f4866a29d489a/roles/90d12add8f714bf8b246aba4e01e6ca7 0.059s
2025-05-19 19:43:32.223 69637 INFO tempest.lib.common.dynamic_creds [-] Dynamic test user bbd2198e2a22486c913f4866a29d489a is created with scope project and roles: ['member']
2025-05-19 19:43:32.223 69637 INFO tempest.lib.common.dynamic_creds [-] Acquired dynamic creds: credentials: Credentials: {'domain_id': 'default', 'domain_name': 'Default', 'username': 'tempest-InstanceActionsV221TestJSON-322547799-project-member', 'project_domain_id': 'default', 'project_domain_name': 'Default', 'project_id': '087ed596878e48f8b31dde730b24af87', 'project_name': 'tempest-InstanceActionsV221TestJSON-322547799', 'tenant_id': '087ed596878e48f8b31dde730b24af87', 'tenant_name': 'tempest-InstanceActionsV221TestJSON-322547799', 'user_domain_id': 'default', 'user_domain_name': 'Default', 'user_id': 'bbd2198e2a22486c913f4866a29d489a', 'system': None}, Network: None, Subnet: None, Router: None
2025-05-19 19:43:32.230 69651 INFO tempest.lib.common.rest_client [req-46a7cc03-dce2-4117-aa1f-c56c37cb99b0 req-46a7cc03-dce2-4117-aa1f-c56c37cb99b0 ] Request (ServersTestJSON:setUpClass): 204 DELETE http://10.180.1.21/compute/v2.1/servers/3b3a2142-bb7a-4e33-be5b-73809c77178e 2.280s
2025-05-19 19:43:32.306 69627 INFO tempest.lib.common.rest_client [req-c9cf5630-accc-47ed-b408-c6bbb261d254 req-c9cf5630-accc-47ed-b408-c6bbb261d254 ] Request (VolumesAdminNegativeTest:test_update_attached_volume_with_nonexistent_volume_in_body): 201 POST http://10.180.1.21:9696/networking/v2.0/security-group-rules 0.247s
2025-05-19 19:43:32.315 69637 INFO tempest.lib.common.rest_client [req-2fa8ef4d-e4b9-42a4-9a26-72153458b159 req-2fa8ef4d-e4b9-42a4-9a26-72153458b159 ] Request (InstanceActionsV221TestJSON:setUpClass): 201 POST http://10.180.1.21/identity/v3/auth/tokens 0.091s
2025-05-19 19:43:32.334 69639 INFO tempest.lib.common.rest_client [req-61b9a98f-7610-4c70-9be0-874cb3e3282e req-61b9a98f-7610-4c70-9be0-874cb3e3282e ] Request (ImagesOneServerNegativeTestJSON:setUpClass): 200 GET http://10.180.1.21/compute/v2.1/servers/08308895-2b19-405d-8533-71d403a9c8d0 2.298s
2025-05-19 19:43:32.352 69661 INFO tempest.lib.common.rest_client [req-8184b038-5677-453a-bb55-d321a050df2e req-8184b038-5677-453a-bb55-d321a050df2e ] Request (ServerActionsTestOtherB:setUpClass): 201 POST http://10.180.1.21:9696/networking/v2.0/floatingips 1.465s
2025-05-19 19:43:32.421 69661 INFO tempest.lib.common.rest_client [req-b19a7b98-5f18-479c-b0eb-4c0fded770f6 req-b19a7b98-5f18-479c-b0eb-4c0fded770f6 ] Request (ServerActionsTestOtherB:setUpClass): 201 POST http://10.180.1.21/identity/v3/auth/tokens 0.065s
2025-05-19 19:43:32.421 69661 INFO tempest.lib.common.fixed_network [-] (ServerActionsTestOtherB:setUpClass) Found network {'id': '2bd2144a-35b2-405f-b4d1-cafd8472cae3', 'name': 'tempest-ServerActionsTestOtherB-2054054625-network', 'tenant_id': '59cc8abb155f48f2abdd30974f87a19f', 'admin_state_up': True, 'mtu': 8950, 'status': 'ACTIVE', 'subnets': [], 'shared': False, 'project_id': '59cc8abb155f48f2abdd30974f87a19f', 'port_security_enabled': True, 'router:external': False, 'provider:network_type': 'vlan', 'provider:physical_network': 'default', 'provider:segmentation_id': 853, 'availability_zone_hints': [], 'availability_zones': [], 'ipv4_address_scope': None, 'ipv6_address_scope': None, 'description': '', 'tags': [], 'created_at': '2025-05-19T19:43:14Z', 'updated_at': '2025-05-19T19:43:14Z', 'revision_number': 1} available for tenant
2025-05-19 19:43:32.454 69617 INFO tempest.lib.common.rest_client [req-92369686-a910-4d6c-8ee1-4afe870e6833 req-92369686-a910-4d6c-8ee1-4afe870e6833 ] Request (ServersV294TestFqdnHostnames:setUpClass): 201 POST http://10.180.1.21:9696/networking/v2.0/security-group-rules 0.314s
2025-05-19 19:43:32.470 69633 INFO tempest.lib.common.rest_client [req-db06c86d-bc7e-4134-8422-e07b3440ac45 req-db06c86d-bc7e-4134-8422-e07b3440ac45 ] Request (ServerActionsV293TestJSON:setUpClass): 201 POST http://10.180.1.21/compute/v2.1/os-keypairs 2.339s
2025-05-19 19:43:32.549 69659 INFO tempest.lib.common.rest_client [req-5bbd3446-12a9-492e-bdd8-aa8ea510f33e req-5bbd3446-12a9-492e-bdd8-aa8ea510f33e ] Request (QuotasAdminNegativeTest:test_create_server_when_instances_quota_is_full): 200 GET http://10.180.1.21/compute/v2.1/os-quota-sets/33c33ca9238a42319aa78a9cda5b327a 2.414s
2025-05-19 19:43:32.568 69649 INFO tempest.lib.common.rest_client [req-a1f7b9cf-cf54-4e0f-ad0b-b9658f84f218 req-a1f7b9cf-cf54-4e0f-ad0b-b9658f84f218 ] Request (VolumesAssistedSnapshotsTest:tearDownClass): 202 DELETE http://10.180.1.21/compute/v2.1/os-keypairs/tempest-keypair-2057420038 2.430s
2025-05-19 19:43:32.780 69647 INFO tempest.lib.common.rest_client [req-ee8d6f72-4c62-4e71-bec7-20ef70542296 req-ee8d6f72-4c62-4e71-bec7-20ef70542296 ] Request (ImagesMetadataTestJSON:setUp): 200 PUT http://10.180.1.21/compute/v2.1/images/2868d32e-2365-4d52-9ca7-ada375862e84/metadata 2.573s
2025-05-19 19:43:32.799 69617 INFO tempest.lib.common.rest_client [req-cbcfbe4e-a89b-4e96-84ea-3b8260622708 req-cbcfbe4e-a89b-4e96-84ea-3b8260622708 ] Request (ServersV294TestFqdnHostnames:setUpClass): 201 POST http://10.180.1.21:9696/networking/v2.0/security-group-rules 0.345s
2025-05-19 19:43:32.814 69633 INFO tempest.lib.common.rest_client [req-784d547c-2311-46c5-80f9-0802b4f6da6f req-784d547c-2311-46c5-80f9-0802b4f6da6f ] Request (ServerActionsV293TestJSON:setUpClass): 201 POST http://10.180.1.21:9696/networking/v2.0/security-groups 0.342s
2025-05-19 19:43:32.856 69649 INFO tempest.lib.common.rest_client [req-66d8061a-2d67-46cc-9417-adeb87728961 req-66d8061a-2d67-46cc-9417-adeb87728961 ] Request (VolumesAssistedSnapshotsTest:tearDownClass): 204 DELETE http://10.180.1.21:9696/networking/v2.0/security-groups/62872314-3750-46ba-8bc9-2585582ced91 0.287s
2025-05-19 19:43:32.909 69649 INFO tempest.lib.common.rest_client [req-78fb69ff-7c4c-45dc-b8f0-2ec967342903 req-78fb69ff-7c4c-45dc-b8f0-2ec967342903 ] Request (VolumesAssistedSnapshotsTest:tearDownClass): 404 GET http://10.180.1.21:9696/networking/v2.0/security-groups/62872314-3750-46ba-8bc9-2585582ced91 0.053s
2025-05-19 19:43:32.939 69673 INFO tempest.lib.common.rest_client [req-6cd80649-4983-401c-b8dd-50092c264123 req-6cd80649-4983-401c-b8dd-50092c264123 ] Request (SecurityGroupRulesNegativeTestJSON:setUpClass): 201 POST http://10.180.1.21:9696/networking/v2.0/networks 0.811s
2025-05-19 19:43:32.982 69675 INFO tempest.lib.common.rest_client [req-4bd747bd-fa06-419f-9e5e-df14c2bb520e req-4bd747bd-fa06-419f-9e5e-df14c2bb520e ] Request (ValidationResourcesFixture:setUp): 201 POST http://10.180.1.21:9696/networking/v2.0/floatingips 1.135s
2025-05-19 19:43:32.992 69645 INFO tempest.lib.common.rest_client [req-71982853-c84f-4b3c-98cc-a4af7dbad160 req-71982853-c84f-4b3c-98cc-a4af7dbad160 ] Request (FloatingIPDetailsTestJSON:test_get_floating_ip_details): 200 POST http://10.180.1.21/compute/v2.1/os-floating-ips 3.298s
2025-05-19 19:43:33.003 69637 INFO tempest.lib.common.rest_client [req-5480a359-a911-49a0-8977-eab14b802828 req-5480a359-a911-49a0-8977-eab14b802828 ] Request (InstanceActionsV221TestJSON:setUpClass): 201 POST http://10.180.1.21:9696/networking/v2.0/networks 0.687s
2025-05-19 19:43:33.063 69675 INFO tempest.lib.common.rest_client [req-d0f1e5f6-ad20-42de-811f-a52cf5a0b154 req-d0f1e5f6-ad20-42de-811f-a52cf5a0b154 ] Request (AttachVolumeTestJSON:test_attach_detach_volume): 201 POST http://10.180.1.21/identity/v3/auth/tokens 0.077s
2025-05-19 19:43:33.064 69675 INFO tempest.lib.common.fixed_network [-] (AttachVolumeTestJSON:test_attach_detach_volume) Found network {'id': 'de78d780-92c9-4140-ae5c-9c5f79ce6683', 'name': 'tempest-AttachVolumeTestJSON-1669055605-network', 'tenant_id': '924e6f82129748cba841a7b411e0e7b8', 'admin_state_up': True, 'mtu': 8950, 'status': 'ACTIVE', 'subnets': [], 'shared': False, 'project_id': '924e6f82129748cba841a7b411e0e7b8', 'port_security_enabled': True, 'router:external': False, 'provider:network_type': 'vlan', 'provider:physical_network': 'default', 'provider:segmentation_id': 940, 'availability_zone_hints': [], 'availability_zones': [], 'ipv4_address_scope': None, 'ipv6_address_scope': None, 'description': '', 'tags': [], 'created_at': '2025-05-19T19:43:16Z', 'updated_at': '2025-05-19T19:43:16Z', 'revision_number': 1} available for tenant
2025-05-19 19:43:33.115 69629 INFO tempest.lib.common.rest_client [req-40ceefeb-2aa1-4db3-96d6-d8f81c0a3eb4 req-40ceefeb-2aa1-4db3-96d6-d8f81c0a3eb4 ] Request (FlavorsAccessNegativeTestJSON:test_remove_flavor_access_not_found): 404 POST http://10.180.1.21/compute/v2.1/flavors/454727114/action 2.768s
2025-05-19 19:43:33.149 69625 INFO tempest.lib.common.rest_client [req-160f776d-a957-4e13-a71f-eddafc0a7ea5 req-160f776d-a957-4e13-a71f-eddafc0a7ea5 ] Request (FlavorsAdminTestJSON:test_is_public_string_variations): 200 GET http://10.180.1.21/compute/v2.1/flavors/detail?is_public=true 2.773s
2025-05-19 19:43:33.160 69635 INFO tempest.lib.common.rest_client [req-097f78e9-5347-4be9-b478-db02a66062bd req-097f78e9-5347-4be9-b478-db02a66062bd ] Request (AggregatesAdminNegativeTestJSON:test_aggregate_get_details_as_user): 403 GET http://10.180.1.21/compute/v2.1/os-aggregates/6 2.744s
2025-05-19 19:43:33.162 69633 INFO tempest.lib.common.rest_client [req-361faadd-1b51-4ba1-97b0-cbbd5a0f13e7 req-361faadd-1b51-4ba1-97b0-cbbd5a0f13e7 ] Request (ServerActionsV293TestJSON:setUpClass): 201 POST http://10.180.1.21:9696/networking/v2.0/security-group-rules 0.347s
2025-05-19 19:43:33.183 69631 INFO tempest.lib.common.rest_client [req-2ab5ab26-6774-4f5b-a397-dd454bfce43d req-2ab5ab26-6774-4f5b-a397-dd454bfce43d ] Request (FlavorsExtraSpecsTestJSON:test_flavor_set_get_update_show_unset_keys): 200 POST http://10.180.1.21/compute/v2.1/flavors/866521759/os-extra_specs 2.757s
2025-05-19 19:43:33.284 69643 INFO tempest.lib.common.rest_client [req-54a8e5b6-8dd6-4752-9233-45d409a315f4 req-54a8e5b6-8dd6-4752-9233-45d409a315f4 ] Request (ServersListShow296Test:test_list_show_update_rebuild_server_296): 204 DELETE http://10.180.1.21/compute/v2.1/servers/ea7a9120-aa63-4690-b217-8301f8aa87b9 2.944s
2025-05-19 19:43:33.291 69621 INFO tempest.lib.common.rest_client [req-5a8aa775-14ae-4558-bb8a-d1c25cd22f51 req-5a8aa775-14ae-4558-bb8a-d1c25cd22f51 ] Request (QuotasAdminTestJSON:test_delete_quota): 200 GET http://10.180.1.21/compute/v2.1/os-quota-sets/1af3393a970b41f08b0a24fd002c773f 2.853s
2025-05-19 19:43:33.316 69653 INFO tempest.lib.common.rest_client [req-d664de73-408a-4499-8249-b598baaa3525 req-d664de73-408a-4499-8249-b598baaa3525 ] Request (ServersWithSpecificFlavorTestJSON:test_verify_created_server_ephemeral_disk): 404 GET http://10.180.1.21/compute/v2.1/servers/a8088e90-c770-471d-8df4-44429b7dd478 2.357s
