2025-05-19 19:44:08.669 69659 INFO tempest.lib.common.rest_client [req-689e5230-fb79-4610-b246-e7020972cfc9 req-689e5230-fb79-4610-b246-e7020972cfc9 ] Request (ValidationResourcesFixture:setUp): 201 POST http://10.180.1.21:9696/networking/v2.0/security-group-rules 0.522s
2025-05-19 19:44:08.680 69655 INFO tempest.lib.common.rest_client [req-a2b80f8a-2037-4f50-8102-5c2fdb9642bd req-a2b80f8a-2037-4f50-8102-5c2fdb9642bd ] Request (ServerMetadataNegativeTestJSON:tearDownClass): 200 GET http://10.180.1.21:9696/networking/v2.0/security-groups?tenant_id=c14f6eec0f87487f882c49fcb921f998&name=default 0.112s
2025-05-19 19:44:08.718 69621 INFO tempest.lib.common.rest_client [req-f3b96805-855f-4e1a-835f-06c04df02ea3 req-f3b96805-855f-4e1a-835f-06c04df02ea3 ] Request (ListImageFiltersNegativeTestJSON:setUpClass): 200 GET http://10.180.1.21/identity/v3/domains?name=Default 0.087s
2025-05-19 19:44:08.760 69623 INFO tempest.lib.common.rest_client [req-2439015a-7c29-4733-a1fd-0c2bf2c3fe57 req-2439015a-7c29-4733-a1fd-0c2bf2c3fe57 ] Request (ServerPasswordTestJSON:setUpClass): 201 POST http://10.180.1.21/identity/v3/users 0.101s
2025-05-19 19:44:08.791 69621 INFO tempest.lib.common.rest_client [req-1a4ae863-a902-4597-ba28-20d0d5a75dca req-1a4ae863-a902-4597-ba28-20d0d5a75dca ] Request (ListImageFiltersNegativeTestJSON:setUpClass): 201 POST http://10.180.1.21/identity/v3/projects 0.073s
2025-05-19 19:44:08.797 69623 INFO tempest.lib.common.rest_client [req-b4216578-521b-4850-a4b0-e3511aec52bc req-b4216578-521b-4850-a4b0-e3511aec52bc ] Request (ServerPasswordTestJSON:setUpClass): 200 GET http://10.180.1.21/identity/v3/roles 0.036s
2025-05-19 19:44:08.809 69653 INFO tempest.lib.common.rest_client [req-29e3a006-e825-49b3-a077-ac9376d6be24 req-29e3a006-e825-49b3-a077-ac9376d6be24 ] Request (HostsAdminNegativeTestJSON:setUpClass): 200 GET http://10.180.1.21/compute/v2.1/os-hosts 0.999s
2025-05-19 19:44:08.870 69621 INFO tempest.lib.common.rest_client [req-4d22a2fa-7d37-4ec3-96d8-cad74e932d8a req-4d22a2fa-7d37-4ec3-96d8-cad74e932d8a ] Request (ListImageFiltersNegativeTestJSON:setUpClass): 201 POST http://10.180.1.21/identity/v3/users 0.078s
2025-05-19 19:44:08.875 69623 INFO tempest.lib.common.rest_client [req-d1803f4b-2b01-426f-87de-077461587d74 req-d1803f4b-2b01-426f-87de-077461587d74 ] Request (ServerPasswordTestJSON:setUpClass): 204 PUT http://10.180.1.21/identity/v3/projects/7cb558dd7ff34b2db6c438f01f2be3d8/users/f52aa986c97d423a8703a85012cb1fcd/roles/90d12add8f714bf8b246aba4e01e6ca7 0.078s
2025-05-19 19:44:08.876 69623 INFO tempest.lib.common.dynamic_creds [-] Dynamic test user f52aa986c97d423a8703a85012cb1fcd is created with scope project and roles: ['member']
2025-05-19 19:44:08.876 69623 INFO tempest.lib.common.dynamic_creds [-] Acquired dynamic creds: credentials: Credentials: {'domain_id': 'default', 'domain_name': 'Default', 'username': 'tempest-ServerPasswordTestJSON-286176305-project-member', 'project_domain_id': 'default', 'project_domain_name': 'Default', 'project_id': '7cb558dd7ff34b2db6c438f01f2be3d8', 'project_name': 'tempest-ServerPasswordTestJSON-286176305', 'tenant_id': '7cb558dd7ff34b2db6c438f01f2be3d8', 'tenant_name': 'tempest-ServerPasswordTestJSON-286176305', 'user_domain_id': 'default', 'user_domain_name': 'Default', 'user_id': 'f52aa986c97d423a8703a85012cb1fcd', 'system': None}, Network: None, Subnet: None, Router: None
2025-05-19 19:44:08.877 69635 INFO tempest.lib.common.rest_client [req-b9f47553-d3e4-499f-8ceb-1f8f33fbdd6f req-b9f47553-d3e4-499f-8ceb-1f8f33fbdd6f ] Request (FlavorsV255TestJSON:tearDownClass): 200 GET http://10.180.1.21:9696/networking/v2.0/security-groups?tenant_id=f88b3587d8ef47e78536cb0173bf9153&name=default 0.475s
2025-05-19 19:44:08.922 69621 INFO tempest.lib.common.rest_client [req-1d59b23e-00e9-40bc-a1c2-c3ed0c2be0b2 req-1d59b23e-00e9-40bc-a1c2-c3ed0c2be0b2 ] Request (ListImageFiltersNegativeTestJSON:setUpClass): 200 GET http://10.180.1.21/identity/v3/roles 0.051s
2025-05-19 19:44:08.931 69623 INFO tempest.lib.common.rest_client [req-b6e20fd1-4afb-412e-94c6-c9a73bd0d725 req-b6e20fd1-4afb-412e-94c6-c9a73bd0d725 ] Request (ServerPasswordTestJSON:setUpClass): 201 POST http://10.180.1.21/identity/v3/auth/tokens 0.055s
2025-05-19 19:44:08.937 69625 INFO tempest.lib.common.rest_client [req-f0b5d504-7013-4a2a-a700-59b8124b9f48 req-f0b5d504-7013-4a2a-a700-59b8124b9f48 ] Request (MultipleCreateNegativeTestJSON:tearDownClass): 200 GET http://10.180.1.21:9696/networking/v2.0/security-groups?tenant_id=768814b267a8470d80394107ea3b3bec&name=default 0.934s
2025-05-19 19:44:08.948 69621 INFO tempest.lib.common.rest_client [req-14d089bb-6536-45fa-8fdf-4a1d1038504c req-14d089bb-6536-45fa-8fdf-4a1d1038504c ] Request (ListImageFiltersNegativeTestJSON:setUpClass): 204 PUT http://10.180.1.21/identity/v3/projects/be705d3b6d10493f81a193ac496c9bc1/users/902fdd07d965418a80d845f69785ffac/roles/90d12add8f714bf8b246aba4e01e6ca7 0.025s
2025-05-19 19:44:08.948 69621 INFO tempest.lib.common.dynamic_creds [-] Dynamic test user 902fdd07d965418a80d845f69785ffac is created with scope project and roles: ['member']
2025-05-19 19:44:08.948 69621 INFO tempest.lib.common.dynamic_creds [-] Acquired dynamic creds: credentials: Credentials: {'domain_id': 'default', 'domain_name': 'Default', 'username': 'tempest-ListImageFiltersNegativeTestJSON-635525777-project-member', 'project_domain_id': 'default', 'project_domain_name': 'Default', 'project_id': 'be705d3b6d10493f81a193ac496c9bc1', 'project_name': 'tempest-ListImageFiltersNegativeTestJSON-635525777', 'tenant_id': 'be705d3b6d10493f81a193ac496c9bc1', 'tenant_name': 'tempest-ListImageFiltersNegativeTestJSON-635525777', 'user_domain_id': 'default', 'user_domain_name': 'Default', 'user_id': '902fdd07d965418a80d845f69785ffac', 'system': None}, Network: None, Subnet: None, Router: None
2025-05-19 19:44:08.948 69621 INFO tempest.lib.common.dynamic_creds [-] Created isolated network resources for: credentials: Credentials: {'domain_id': 'default', 'domain_name': 'Default', 'username': 'tempest-ListImageFiltersNegativeTestJSON-635525777-project-member', 'project_domain_id': 'default', 'project_domain_name': 'Default', 'project_id': 'be705d3b6d10493f81a193ac496c9bc1', 'project_name': 'tempest-ListImageFiltersNegativeTestJSON-635525777', 'tenant_id': 'be705d3b6d10493f81a193ac496c9bc1', 'tenant_name': 'tempest-ListImageFiltersNegativeTestJSON-635525777', 'user_domain_id': 'default', 'user_domain_name': 'Default', 'user_id': '902fdd07d965418a80d845f69785ffac', 'system': None}, Network: None, Subnet: None, Router: None
2025-05-19 19:44:09.019 69621 INFO tempest.lib.common.rest_client [req-0ac9031c-57f2-4b22-9c2d-60d663c2497b req-0ac9031c-57f2-4b22-9c2d-60d663c2497b ] Request (ListImageFiltersNegativeTestJSON:setUpClass): 201 POST http://10.180.1.21/identity/v3/auth/tokens 0.068s
2025-05-19 19:44:09.093 69649 INFO tempest.lib.common.rest_client [req-bcdf7def-4873-4160-bf48-7f8b7a21c23b req-bcdf7def-4873-4160-bf48-7f8b7a21c23b ] Request (ListImageFiltersTestJSON:setUpClass): 204 DELETE http://10.180.1.21/compute/v2.1/servers/16220732-4005-49f7-9329-7ce58053900e 1.037s
2025-05-19 19:44:09.124 69639 INFO tempest.lib.common.rest_client [req-aa9020bc-aa00-475f-a560-b34f94ec2afe req-aa9020bc-aa00-475f-a560-b34f94ec2afe ] Request (ServerDiskConfigTestJSON:test_rebuild_server_with_auto_disk_config): 404 GET http://10.180.1.21/compute/v2.1/servers/81cdab9c-19d0-486a-af19-e6af76dd30d3 0.934s
2025-05-19 19:44:09.130 69629 INFO tempest.lib.common.rest_client [req-86b29566-c1b8-43da-9625-1c7f5e57244f req-86b29566-c1b8-43da-9625-1c7f5e57244f ] Request (ImagesNegativeTestJSON:test_create_image_from_invalid_server): 404 POST http://10.180.1.21/compute/v2.1/servers/tempest-invalid-866813645/action 0.908s
2025-05-19 19:44:09.156 69615 INFO tempest.lib.common.rest_client [req-31c9307c-8f5d-4113-880f-cb74adf5ca2b req-31c9307c-8f5d-4113-880f-cb74adf5ca2b ] Request (DeleteServersTestJSON:test_delete_active_server): 404 GET http://10.180.1.21/compute/v2.1/servers/a2869de7-1dd6-42f9-b774-835cc3a19ecc 0.749s
2025-05-19 19:44:09.184 69617 INFO tempest.lib.common.rest_client [req-91f2d33a-a1a9-4ab9-9836-6848cf065424 req-91f2d33a-a1a9-4ab9-9836-6848cf065424 ] Request (ServerShowV254Test:test_rebuild_server): 404 GET http://10.180.1.21/compute/v2.1/servers/c88798b2-a997-4aa1-bf90-e18578843d5d 0.608s
2025-05-19 19:44:09.218 69639 INFO tempest.lib.common.rest_client [req-64b7f2d3-dd9f-4c9f-91d2-c828beb2dc60 req-64b7f2d3-dd9f-4c9f-91d2-c828beb2dc60 ] Request (ServerDiskConfigTestJSON:test_rebuild_server_with_manual_disk_config): 201 POST http://10.180.1.21/identity/v3/auth/tokens 0.088s
2025-05-19 19:44:09.218 69639 INFO tempest.lib.common.fixed_network [-] (ServerDiskConfigTestJSON:test_rebuild_server_with_manual_disk_config) Found network {'id': '4d6cd389-38a2-4eed-ad37-e93c5ebce9bf', 'name': 'tempest-ServerDiskConfigTestJSON-164174199-network', 'tenant_id': '2033a24a284a430eb8826a939634ed3c', 'admin_state_up': True, 'mtu': 8950, 'status': 'ACTIVE', 'subnets': [], 'shared': False, 'project_id': '2033a24a284a430eb8826a939634ed3c', 'port_security_enabled': True, 'router:external': False, 'provider:network_type': 'vlan', 'provider:physical_network': 'default', 'provider:segmentation_id': 163, 'availability_zone_hints': [], 'availability_zones': [], 'ipv4_address_scope': None, 'ipv6_address_scope': None, 'description': '', 'tags': [], 'created_at': '2025-05-19T19:43:45Z', 'updated_at': '2025-05-19T19:43:45Z', 'revision_number': 1} available for tenant
2025-05-19 19:44:09.248 69615 INFO tempest.lib.common.rest_client [req-7d41898e-b2ec-47a7-9633-c00b883af2c7 req-7d41898e-b2ec-47a7-9633-c00b883af2c7 ] Request (DeleteServersTestJSON:test_delete_server_while_in_attached_volume): 201 POST http://10.180.1.21/identity/v3/auth/tokens 0.082s
2025-05-19 19:44:09.249 69615 INFO tempest.lib.common.fixed_network [-] (DeleteServersTestJSON:test_delete_server_while_in_attached_volume) Found network {'id': '202f15b9-bcd6-4084-a335-87fa91be700a', 'name': 'tempest-DeleteServersTestJSON-1420746167-network', 'tenant_id': 'b0a5fe78b7d942d9b35c68f61fd104e1', 'admin_state_up': True, 'mtu': 8950, 'status': 'ACTIVE', 'subnets': [], 'shared': False, 'project_id': 'b0a5fe78b7d942d9b35c68f61fd104e1', 'port_security_enabled': True, 'router:external': False, 'provider:network_type': 'vlan', 'provider:physical_network': 'default', 'provider:segmentation_id': 118, 'availability_zone_hints': [], 'availability_zones': [], 'ipv4_address_scope': None, 'ipv6_address_scope': None, 'description': '', 'tags': [], 'created_at': '2025-05-19T19:43:44Z', 'updated_at': '2025-05-19T19:43:44Z', 'revision_number': 1} available for tenant
2025-05-19 19:44:09.255 69655 INFO tempest.lib.common.rest_client [req-12b098e8-6794-4f7b-81b9-35a1330d842d req-12b098e8-6794-4f7b-81b9-35a1330d842d ] Request (ServerMetadataNegativeTestJSON:tearDownClass): 204 DELETE http://10.180.1.21:9696/networking/v2.0/security-groups/496c206b-4e0e-41cf-aae9-3dd4e22de4aa 0.574s
2025-05-19 19:44:09.302 69617 INFO tempest.lib.common.rest_client [req-33a2f2cc-a1df-47e5-92b3-fed7bb5b45f0 req-33a2f2cc-a1df-47e5-92b3-fed7bb5b45f0 ] Request (ServerShowV254Test:tearDownClass): 204 DELETE http://10.180.1.21/identity/v3/users/246ff39d0689438ba174abc5f1775f7a 0.113s
2025-05-19 19:44:09.302 69617 INFO tempest.lib.common.dynamic_creds [-] Deleting project and security group for project: af3601a01b7d409e88f7901dd475dbe9
2025-05-19 19:44:09.305 69673 INFO tempest.lib.common.rest_client [req-2f436f9c-a8b6-455c-be32-ce9d6e8e2d97 req-2f436f9c-a8b6-455c-be32-ce9d6e8e2d97 ] Request (SecurityGroupRulesNegativeTestJSON:tearDownClass): 200 PUT http://10.180.1.21:9696/networking/v2.0/routers/5ccb226a-7db6-4fbb-bc8a-628fa44f2e57/remove_router_interface 5.141s
2025-05-19 19:44:09.359 69613 INFO tempest.lib.common.rest_client [req-611942f0-4cbb-4c70-ab51-d6f199b14424 req-611942f0-4cbb-4c70-ab51-d6f199b14424 ] Request (ServerAddressesTestJSON:setUpClass): 200 GET http://10.180.1.21/compute/v2.1/servers/71b890d8-660c-4058-9ca9-09a68a755653 0.546s
2025-05-19 19:44:09.363 69655 INFO tempest.lib.common.rest_client [req-1178920d-5fa9-4a4d-9323-efe465742ce6 req-1178920d-5fa9-4a4d-9323-efe465742ce6 ] Request (ServerMetadataNegativeTestJSON:tearDownClass): 204 DELETE http://10.180.1.21/identity/v3/projects/c14f6eec0f87487f882c49fcb921f998 0.107s
2025-05-19 19:44:09.372 69617 INFO tempest.lib.common.rest_client [req-27a70e37-9b2e-4f1e-bc65-391b8fd0faca req-27a70e37-9b2e-4f1e-bc65-391b8fd0faca ] Request (ServerShowV254Test:tearDownClass): 201 POST http://10.180.1.21/identity/v3/auth/tokens 0.069s
2025-05-19 19:44:09.427 69635 INFO tempest.lib.common.rest_client [req-fa8c3c13-8191-4417-8823-f37547ad3728 req-fa8c3c13-8191-4417-8823-f37547ad3728 ] Request (FlavorsV255TestJSON:tearDownClass): 204 DELETE http://10.180.1.21:9696/networking/v2.0/security-groups/b954d79e-9ce6-4f79-bedf-e4145f163241 0.550s
2025-05-19 19:44:09.447 69645 INFO tempest.lib.common.rest_client [req-4ab5785d-6401-4645-97e0-92361eea4cd6 req-4ab5785d-6401-4645-97e0-92361eea4cd6 ] Request (AttachInterfacesV270Test:setUpClass): 201 POST http://10.180.1.21:9696/networking/v2.0/routers 5.240s
2025-05-19 19:44:09.480 69675 INFO tempest.lib.common.rest_client [req-3302bb9b-e2e1-4227-9759-f8651b36cfe3 req-3302bb9b-e2e1-4227-9759-f8651b36cfe3 ] Request (AttachVolumeTestJSON:_run_cleanups): 204 DELETE http://10.180.1.21:9696/networking/v2.0/floatingips/8aeba4c4-8558-4fa4-a537-266d78a426ba 1.117s
2025-05-19 19:44:09.483 69653 INFO tempest.lib.common.rest_client [req-686d05ed-c74a-46e6-8878-0ddedfa4435e req-686d05ed-c74a-46e6-8878-0ddedfa4435e ] Request (HostsAdminNegativeTestJSON:test_list_hosts_with_non_admin_user): 403 GET http://10.180.1.21/compute/v2.1/os-hosts 0.663s
2025-05-19 19:44:09.518 69625 INFO tempest.lib.common.rest_client [req-94aa518e-f2e8-42e4-9bdd-5a0413f6f1d6 req-94aa518e-f2e8-42e4-9bdd-5a0413f6f1d6 ] Request (MultipleCreateNegativeTestJSON:tearDownClass): 204 DELETE http://10.180.1.21:9696/networking/v2.0/security-groups/582649c9-15c1-4609-9b5f-5885993f6ed9 0.580s
2025-05-19 19:44:09.571 69635 INFO tempest.lib.common.rest_client [req-fa555317-5a77-4aaf-9940-3c80c33cb468 req-fa555317-5a77-4aaf-9940-3c80c33cb468 ] Request (FlavorsV255TestJSON:tearDownClass): 204 DELETE http://10.180.1.21/identity/v3/projects/f88b3587d8ef47e78536cb0173bf9153 0.143s
2025-05-19 19:44:09.576 69637 INFO tempest.lib.common.rest_client [req-acd00a4e-8b5d-478d-af43-25e7fabf60de req-acd00a4e-8b5d-478d-af43-25e7fabf60de ] Request (ListServerFiltersTestJSON:setUpClass): 202 POST http://10.180.1.21/compute/v2.1/servers 1.570s
2025-05-19 19:44:09.604 69649 INFO tempest.lib.common.rest_client [req-993e1ef1-16a1-4bb1-9977-ee1b6b88349c req-993e1ef1-16a1-4bb1-9977-ee1b6b88349c ] Request (ListImageFiltersTestJSON:setUpClass): 404 GET http://10.180.1.21/compute/v2.1/servers/16220732-4005-49f7-9329-7ce58053900e 0.510s
2025-05-19 19:44:09.604 69649 INFO tempest.test [-] raised in ListImageFiltersTestJSON.setUpClass. Invoking tearDownClass.
2025-05-19 19:44:09.610 69629 INFO tempest.lib.common.rest_client [req-36d8d0fe-4afe-4ca8-a967-232cc410cf40 req-36d8d0fe-4afe-4ca8-a967-232cc410cf40 ] Request (ImagesNegativeTestJSON:test_create_image_specify_uuid_35_characters_or_less): 404 POST http://10.180.1.21/compute/v2.1/servers/aaaaaaaaaaaaaaaaaaaaaaaaaaaaaaaaaaa/action 0.476s
2025-05-19 19:44:09.630 69621 INFO tempest.lib.common.rest_client [req-342f07c4-92bb-4ff3-8b7f-1e4c770eb188 req-342f07c4-92bb-4ff3-8b7f-1e4c770eb188 ] Request (ListImageFiltersNegativeTestJSON:test_get_nonexistent_image): 404 GET http://10.180.1.21/compute/v2.1/images/ced7b643-4e15-494e-b1c6-1962852a96fb 0.609s
2025-05-19 19:44:09.645 69635 INFO tempest.lib.common.rest_client [req-b26537d0-fb9c-4d78-9a78-e085c5ab0860 req-b26537d0-fb9c-4d78-9a78-e085c5ab0860 ] Request (FlavorsV261TestJSON:setUpClass): 201 POST http://10.180.1.21/identity/v3/auth/tokens 0.074s
2025-05-19 19:44:09.646 69627 INFO tempest.lib.common.rest_client [req-c6e3aaa9-addd-4987-845b-5942ccbdf3b4 req-c6e3aaa9-addd-4987-845b-5942ccbdf3b4 ] Request (VolumesAdminNegativeTest:tearDownClass): 200 PUT http://10.180.1.21:9696/networking/v2.0/routers/90dba471-b634-4242-9d58-e608419c524d/remove_router_interface 5.335s
2025-05-19 19:44:09.703 69625 INFO tempest.lib.common.rest_client [req-009fcf73-4b36-4b1b-92c3-45e9a4965f4d req-009fcf73-4b36-4b1b-92c3-45e9a4965f4d ] Request (MultipleCreateNegativeTestJSON:tearDownClass): 204 DELETE http://10.180.1.21/identity/v3/projects/768814b267a8470d80394107ea3b3bec 0.184s
2025-05-19 19:44:09.712 69637 INFO tempest.lib.common.rest_client [req-3a762573-28ab-480f-83ee-8aaef1a9dafc req-3a762573-28ab-480f-83ee-8aaef1a9dafc ] Request (ListServerFiltersTestJSON:setUpClass): 201 POST http://10.180.1.21/identity/v3/auth/tokens 0.128s
2025-05-19 19:44:09.712 69637 INFO tempest.lib.common.fixed_network [-] (ListServerFiltersTestJSON:setUpClass) Found network {'id': '878730a2-b354-40ec-bdab-f30c2de59153', 'name': 'tempest-ListServerFiltersTestJSON-1460152007-network', 'tenant_id': '9992fde829d7436a83480bb201ffe7cb', 'admin_state_up': True, 'mtu': 8950, 'status': 'ACTIVE', 'subnets': [], 'shared': False, 'project_id': '9992fde829d7436a83480bb201ffe7cb', 'port_security_enabled': True, 'router:external': False, 'provider:network_type': 'vlan', 'provider:physical_network': 'default', 'provider:segmentation_id': 937, 'availability_zone_hints': [], 'availability_zones': [], 'ipv4_address_scope': None, 'ipv6_address_scope': None, 'description': '', 'tags': [], 'created_at': '2025-05-19T19:44:02Z', 'updated_at': '2025-05-19T19:44:03Z', 'revision_number': 1} available for tenant
2025-05-19 19:44:09.771 69635 INFO tempest.lib.common.rest_client [req-23a7ca4d-e273-43bd-8f04-c0e6462a775a req-23a7ca4d-e273-43bd-8f04-c0e6462a775a ] Request (FlavorsV261TestJSON:setUpClass): 201 POST http://10.180.1.21/identity/v3/auth/tokens 0.120s
2025-05-19 19:44:09.772 69631 INFO tempest.lib.common.rest_client [req-a7e244a6-6d6e-423c-a4cb-036b53b0c40f req-a7e244a6-6d6e-423c-a4cb-036b53b0c40f ] Request (FloatingIPsTestJSON:setUpClass): 200 PUT http://10.180.1.21:9696/networking/v2.0/routers/b2feffb4-fff1-4f6d-9952-976beea7e252/add_router_interface 6.407s
2025-05-19 19:44:09.773 69631 INFO tempest.lib.common.dynamic_creds [-] Created isolated network resources for: credentials: Credentials: {'domain_id': 'default', 'domain_name': 'Default', 'username': 'tempest-FloatingIPsTestJSON-1349473394-project-member', 'project_domain_id': 'default', 'project_domain_name': 'Default', 'project_id': 'a54372bd068343e6afb7c3850fd9343c', 'project_name': 'tempest-FloatingIPsTestJSON-1349473394', 'tenant_id': 'a54372bd068343e6afb7c3850fd9343c', 'tenant_name': 'tempest-FloatingIPsTestJSON-1349473394', 'user_domain_id': 'default', 'user_domain_name': 'Default', 'user_id': 'f8c7fe9b43694f0e9b2c7a7c289ddad2', 'system': None}, Network: {'id': '15578b4f-5827-4cbc-b299-f97a4d6f115e', 'name': 'tempest-FloatingIPsTestJSON-1616099556-network', 'tenant_id': 'a54372bd068343e6afb7c3850fd9343c', 'admin_state_up': True, 'mtu': 8950, 'status': 'ACTIVE', 'subnets': [], 'shared': False, 'project_id': 'a54372bd068343e6afb7c3850fd9343c', 'port_security_enabled': True, 'router:external': False, 'provider:network_type': 'vlan', 'provider:physical_network': 'default', 'provider:segmentation_id': 350, 'availability_zone_hints': [], 'availability_zones': [], 'ipv4_address_scope': None, 'ipv6_address_scope': None, 'description': '', 'tags': [], 'created_at': '2025-05-19T19:43:56Z', 'updated_at': '2025-05-19T19:43:56Z', 'revision_number': 1}, Subnet: {'id': 'ba5b393d-a164-4b6f-bef1-c5f2422ef518', 'name': 'tempest-FloatingIPsTestJSON-1616099556-subnet', 'tenant_id': 'a54372bd068343e6afb7c3850fd9343c', 'network_id': '15578b4f-5827-4cbc-b299-f97a4d6f115e', 'ip_version': 4, 'subnetpool_id': None, 'enable_dhcp': True, 'ipv6_ra_mode': None, 'ipv6_address_mode': None, 'gateway_ip': '192.168.128.1', 'cidr': '192.168.128.0/28', 'allocation_pools': [{'start': '192.168.128.2', 'end': '192.168.128.14'}], 'host_routes': [], 'dns_nameservers': [], 'description': '', 'router:external': False, 'service_types': [], 'tags': [], 'created_at': '2025-05-19T19:43:57Z', 'updated_at': '2025-05-19T19:43:57Z', 'revision_number': 0, 'project_id': 'a54372bd068343e6afb7c3850fd9343c'}, Router: {'id': 'b2feffb4-fff1-4f6d-9952-976beea7e252', 'name': 'tempest-FloatingIPsTestJSON-1616099556-router', 'tenant_id': 'a54372bd068343e6afb7c3850fd9343c', 'admin_state_up': True, 'status': 'ACTIVE', 'external_gateway_info': {'network_id': 'c164de13-0661-44a9-b45b-9d6f7a8847f2', 'external_fixed_ips': [{'subnet_id': 'caa1390f-75a9-4ec8-aa9e-6e01aca8e0ea', 'ip_address': '10.180.180.182'}], 'enable_snat': True}, 'description': '', 'availability_zones': [], 'distributed': False, 'ha': False, 'availability_zone_hints': [], 'routes': [], 'flavor_id': None, 'tags': [], 'created_at': '2025-05-19T19:43:59Z', 'updated_at': '2025-05-19T19:44:01Z', 'revision_number': 2, 'project_id': 'a54372bd068343e6afb7c3850fd9343c'}
2025-05-19 19:44:09.816 69621 INFO tempest.lib.common.rest_client [req-abd06852-b9fc-40e9-8435-0d5021136ff9 req-abd06852-b9fc-40e9-8435-0d5021136ff9 ] Request (ListImageFiltersNegativeTestJSON:tearDownClass): 204 DELETE http://10.180.1.21/identity/v3/users/902fdd07d965418a80d845f69785ffac 0.185s
2025-05-19 19:44:09.816 69621 INFO tempest.lib.common.dynamic_creds [-] Deleting project and security group for project: be705d3b6d10493f81a193ac496c9bc1
2025-05-19 19:44:09.837 69625 INFO tempest.lib.common.rest_client [req-39dd2f98-78f6-47df-9954-83de0d580dda req-39dd2f98-78f6-47df-9954-83de0d580dda ] Request (ServerMetadataTestJSON:setUpClass): 201 POST http://10.180.1.21/identity/v3/auth/tokens 0.133s
2025-05-19 19:44:09.881 69635 INFO tempest.lib.common.rest_client [req-4be29a93-ad10-40d5-a051-0559851fae60 req-4be29a93-ad10-40d5-a051-0559851fae60 ] Request (FlavorsV261TestJSON:setUpClass): 200 GET http://10.180.1.21/identity/v3/domains?name=Default 0.109s
2025-05-19 19:44:09.906 69631 INFO tempest.lib.common.rest_client [req-21a1427e-c72c-4bf5-a56b-7ef136a11c8f req-21a1427e-c72c-4bf5-a56b-7ef136a11c8f ] Request (FloatingIPsTestJSON:setUpClass): 201 POST http://10.180.1.21/identity/v3/auth/tokens 0.128s
2025-05-19 19:44:09.913 69621 INFO tempest.lib.common.rest_client [req-f5cddef5-1eb0-42b1-a03a-3f6cbbf375bf req-f5cddef5-1eb0-42b1-a03a-3f6cbbf375bf ] Request (ListImageFiltersNegativeTestJSON:tearDownClass): 201 POST http://10.180.1.21/identity/v3/auth/tokens 0.096s
2025-05-19 19:44:09.932 69625 INFO tempest.lib.common.rest_client [req-316e3e4f-6d76-44d3-a144-c85ddb9f70cb req-316e3e4f-6d76-44d3-a144-c85ddb9f70cb ] Request (ServerMetadataTestJSON:setUpClass): 201 POST http://10.180.1.21/identity/v3/auth/tokens 0.091s
2025-05-19 19:44:09.939 69635 INFO tempest.lib.common.rest_client [req-9df15559-5661-4d5e-956b-ca3e40668832 req-9df15559-5661-4d5e-956b-ca3e40668832 ] Request (FlavorsV261TestJSON:setUpClass): 201 POST http://10.180.1.21/identity/v3/projects 0.057s
2025-05-19 19:44:09.947 69633 INFO tempest.lib.common.rest_client [req-1abce3e3-cad3-4db1-8e77-461bf5743fde req-1abce3e3-cad3-4db1-8e77-461bf5743fde ] Request (ServerActionsV293TestJSON:tearDownClass): 200 PUT http://10.180.1.21:9696/networking/v2.0/routers/d1b32221-0dd5-41a0-bae0-15bc0d297359/remove_router_interface 3.412s
2025-05-19 19:44:09.989 69625 INFO tempest.lib.common.rest_client [req-ca2cc31b-ad6b-4ad2-89f0-de26990343bf req-ca2cc31b-ad6b-4ad2-89f0-de26990343bf ] Request (ServerMetadataTestJSON:setUpClass): 200 GET http://10.180.1.21/identity/v3/domains?name=Default 0.057s
2025-05-19 19:44:10.018 69635 INFO tempest.lib.common.rest_client [req-46dc58b2-91f6-4e6e-8189-7f2be9ddceff req-46dc58b2-91f6-4e6e-8189-7f2be9ddceff ] Request (FlavorsV261TestJSON:setUpClass): 201 POST http://10.180.1.21/identity/v3/users 0.078s
2025-05-19 19:44:10.035 69663 INFO tempest.lib.common.rest_client [req-874957bf-3f0f-4f55-ac9a-fca30c89ccc3 req-874957bf-3f0f-4f55-ac9a-fca30c89ccc3 ] Request (ServerActionsTestOtherA:setUpClass): 200 PUT http://10.180.1.21:9696/networking/v2.0/routers/d2ffb9d3-41ba-4c79-abeb-6c916d76ce2c/add_router_interface 6.502s
2025-05-19 19:44:10.036 69663 INFO tempest.lib.common.dynamic_creds [-] Created isolated network resources for: credentials: Credentials: {'domain_id': 'default', 'domain_name': 'Default', 'username': 'tempest-ServerActionsTestOtherA-1243636962-project-member', 'project_domain_id': 'default', 'project_domain_name': 'Default', 'project_id': '3210b5699ead4fee890a7f7d68d367d2', 'project_name': 'tempest-ServerActionsTestOtherA-1243636962', 'tenant_id': '3210b5699ead4fee890a7f7d68d367d2', 'tenant_name': 'tempest-ServerActionsTestOtherA-1243636962', 'user_domain_id': 'default', 'user_domain_name': 'Default', 'user_id': '650da3d9c13e488e8ddeaf604b457b37', 'system': None}, Network: {'id': 'f7d75324-d673-40aa-b79b-61a9f2a548c6', 'name': 'tempest-ServerActionsTestOtherA-544604434-network', 'tenant_id': '3210b5699ead4fee890a7f7d68d367d2', 'admin_state_up': True, 'mtu': 8950, 'status': 'ACTIVE', 'subnets': [], 'shared': False, 'project_id': '3210b5699ead4fee890a7f7d68d367d2', 'port_security_enabled': True, 'router:external': False, 'provider:network_type': 'vlan', 'provider:physical_network': 'default', 'provider:segmentation_id': 836, 'availability_zone_hints': [], 'availability_zones': [], 'ipv4_address_scope': None, 'ipv6_address_scope': None, 'description': '', 'tags': [], 'created_at': '2025-05-19T19:43:56Z', 'updated_at': '2025-05-19T19:43:56Z', 'revision_number': 1}, Subnet: {'id': '429ff2f9-7e99-4c9f-a278-201ae8ee45ca', 'name': 'tempest-ServerActionsTestOtherA-544604434-subnet', 'tenant_id': '3210b5699ead4fee890a7f7d68d367d2', 'network_id': 'f7d75324-d673-40aa-b79b-61a9f2a548c6', 'ip_version': 4, 'subnetpool_id': None, 'enable_dhcp': True, 'ipv6_ra_mode': None, 'ipv6_address_mode': None, 'gateway_ip': '192.168.128.1', 'cidr': '192.168.128.0/28', 'allocation_pools': [{'start': '192.168.128.2', 'end': '192.168.128.14'}], 'host_routes': [], 'dns_nameservers': [], 'description': '', 'router:external': False, 'service_types': [], 'tags': [], 'created_at': '2025-05-19T19:43:57Z', 'updated_at': '2025-05-19T19:43:57Z', 'revision_number': 0, 'project_id': '3210b5699ead4fee890a7f7d68d367d2'}, Router: {'id': 'd2ffb9d3-41ba-4c79-abeb-6c916d76ce2c', 'name': 'tempest-ServerActionsTestOtherA-544604434-router', 'tenant_id': '3210b5699ead4fee890a7f7d68d367d2', 'admin_state_up': True, 'status': 'ACTIVE', 'external_gateway_info': {'network_id': 'c164de13-0661-44a9-b45b-9d6f7a8847f2', 'external_fixed_ips': [{'subnet_id': 'caa1390f-75a9-4ec8-aa9e-6e01aca8e0ea', 'ip_address': '10.180.180.194'}], 'enable_snat': True}, 'description': '', 'availability_zones': [], 'distributed': False, 'ha': False, 'availability_zone_hints': [], 'routes': [], 'flavor_id': None, 'tags': [], 'created_at': '2025-05-19T19:43:59Z', 'updated_at': '2025-05-19T19:44:01Z', 'revision_number': 2, 'project_id': '3210b5699ead4fee890a7f7d68d367d2'}
2025-05-19 19:44:10.043 69635 INFO tempest.lib.common.rest_client [req-de8e4159-9d84-40c1-a400-0459c781dfdf req-de8e4159-9d84-40c1-a400-0459c781dfdf ] Request (FlavorsV261TestJSON:setUpClass): 200 GET http://10.180.1.21/identity/v3/roles 0.024s
2025-05-19 19:44:10.052 69625 INFO tempest.lib.common.rest_client [req-a74efb88-d32d-4cc8-b625-3af7a87d0332 req-a74efb88-d32d-4cc8-b625-3af7a87d0332 ] Request (ServerMetadataTestJSON:setUpClass): 201 POST http://10.180.1.21/identity/v3/projects 0.061s
2025-05-19 19:44:10.119 69635 INFO tempest.lib.common.rest_client [req-8dc5ffd8-b22e-44eb-a058-c2dc654170e7 req-8dc5ffd8-b22e-44eb-a058-c2dc654170e7 ] Request (FlavorsV261TestJSON:setUpClass): 204 PUT http://10.180.1.21/identity/v3/projects/d6858d54420d4440b913424579d2c918/users/d85d747d9abb4143b3e1069a9afaddfd/roles/90d12add8f714bf8b246aba4e01e6ca7 0.076s
2025-05-19 19:44:10.120 69635 INFO tempest.lib.common.dynamic_creds [-] Dynamic test user d85d747d9abb4143b3e1069a9afaddfd is created with scope project and roles: ['member']
2025-05-19 19:44:10.120 69635 INFO tempest.lib.common.dynamic_creds [-] Acquired dynamic creds: credentials: Credentials: {'domain_id': 'default', 'domain_name': 'Default', 'username': 'tempest-FlavorsV261TestJSON-1278835518-project-member', 'project_domain_id': 'default', 'project_domain_name': 'Default', 'project_id': 'd6858d54420d4440b913424579d2c918', 'project_name': 'tempest-FlavorsV261TestJSON-1278835518', 'tenant_id': 'd6858d54420d4440b913424579d2c918', 'tenant_name': 'tempest-FlavorsV261TestJSON-1278835518', 'user_domain_id': 'default', 'user_domain_name': 'Default', 'user_id': 'd85d747d9abb4143b3e1069a9afaddfd', 'system': None}, Network: None, Subnet: None, Router: None
2025-05-19 19:44:10.120 69635 INFO tempest.lib.common.dynamic_creds [-] Created isolated network resources for: credentials: Credentials: {'domain_id': 'default', 'domain_name': 'Default', 'username': 'tempest-FlavorsV261TestJSON-1278835518-project-member', 'project_domain_id': 'default', 'project_domain_name': 'Default', 'project_id': 'd6858d54420d4440b913424579d2c918', 'project_name': 'tempest-FlavorsV261TestJSON-1278835518', 'tenant_id': 'd6858d54420d4440b913424579d2c918', 'tenant_name': 'tempest-FlavorsV261TestJSON-1278835518', 'user_domain_id': 'default', 'user_domain_name': 'Default', 'user_id': 'd85d747d9abb4143b3e1069a9afaddfd', 'system': None}, Network: None, Subnet: None, Router: None
2025-05-19 19:44:10.135 69663 INFO tempest.lib.common.rest_client [req-0a2c5280-6ba4-4129-a0f3-f4ff619316e0 req-0a2c5280-6ba4-4129-a0f3-f4ff619316e0 ] Request (ServerActionsTestOtherA:setUpClass): 201 POST http://10.180.1.21/identity/v3/auth/tokens 0.095s
2025-05-19 19:44:10.222 69625 INFO tempest.lib.common.rest_client [req-7586aabc-8f92-4310-864e-7d2b36161046 req-7586aabc-8f92-4310-864e-7d2b36161046 ] Request (ServerMetadataTestJSON:setUpClass): 201 POST http://10.180.1.21/identity/v3/users 0.169s
2025-05-19 19:44:10.247 69635 INFO tempest.lib.common.rest_client [req-1e6b10ed-a266-496e-a89e-fadfe3579bb6 req-1e6b10ed-a266-496e-a89e-fadfe3579bb6 ] Request (FlavorsV261TestJSON:setUpClass): 201 POST http://10.180.1.21/identity/v3/auth/tokens 0.122s
2025-05-19 19:44:10.253 69625 INFO tempest.lib.common.rest_client [req-82ea3532-92ea-411a-9d2c-7967b3ae10e1 req-82ea3532-92ea-411a-9d2c-7967b3ae10e1 ] Request (ServerMetadataTestJSON:setUpClass): 200 GET http://10.180.1.21/identity/v3/roles 0.029s
2025-05-19 19:44:10.289 69635 INFO tempest.lib.common.rest_client [req-5a7d1bcd-2db9-4498-9b7b-3b2657434b30 req-5a7d1bcd-2db9-4498-9b7b-3b2657434b30 ] Request (FlavorsV261TestJSON:setUpClass): 201 POST http://10.180.1.21/identity/v3/projects 0.041s
2025-05-19 19:44:10.296 69625 INFO tempest.lib.common.rest_client [req-dbe70887-ef7e-4aa1-b254-2f84506babaf req-dbe70887-ef7e-4aa1-b254-2f84506babaf ] Request (ServerMetadataTestJSON:setUpClass): 204 PUT http://10.180.1.21/identity/v3/projects/b900700317724056bf2a5bc59a534b75/users/c138b870d3c9402e91aeb6852849a8fc/roles/90d12add8f714bf8b246aba4e01e6ca7 0.042s
2025-05-19 19:44:10.297 69625 INFO tempest.lib.common.dynamic_creds [-] Dynamic test user c138b870d3c9402e91aeb6852849a8fc is created with scope project and roles: ['member']
2025-05-19 19:44:10.297 69625 INFO tempest.lib.common.dynamic_creds [-] Acquired dynamic creds: credentials: Credentials: {'domain_id': 'default', 'domain_name': 'Default', 'username': 'tempest-ServerMetadataTestJSON-1870531766-project-member', 'project_domain_id': 'default', 'project_domain_name': 'Default', 'project_id': 'b900700317724056bf2a5bc59a534b75', 'project_name': 'tempest-ServerMetadataTestJSON-1870531766', 'tenant_id': 'b900700317724056bf2a5bc59a534b75', 'tenant_name': 'tempest-ServerMetadataTestJSON-1870531766', 'user_domain_id': 'default', 'user_domain_name': 'Default', 'user_id': 'c138b870d3c9402e91aeb6852849a8fc', 'system': None}, Network: None, Subnet: None, Router: None
2025-05-19 19:44:10.355 69625 INFO tempest.lib.common.rest_client [req-108b0309-65ca-414c-807f-c95ae54042e6 req-108b0309-65ca-414c-807f-c95ae54042e6 ] Request (ServerMetadataTestJSON:setUpClass): 201 POST http://10.180.1.21/identity/v3/auth/tokens 0.058s
2025-05-19 19:44:10.387 69635 INFO tempest.lib.common.rest_client [req-c8987a03-8b15-4ffa-8f34-ae7446c9e7b2 req-c8987a03-8b15-4ffa-8f34-ae7446c9e7b2 ] Request (FlavorsV261TestJSON:setUpClass): 201 POST http://10.180.1.21/identity/v3/users 0.097s
2025-05-19 19:44:10.408 69635 INFO tempest.lib.common.rest_client [req-adbf775a-a9ee-4aaa-b8d8-62d19eadf2c7 req-adbf775a-a9ee-4aaa-b8d8-62d19eadf2c7 ] Request (FlavorsV261TestJSON:setUpClass): 200 GET http://10.180.1.21/identity/v3/roles 0.020s
2025-05-19 19:44:10.437 69617 INFO tempest.lib.common.rest_client [req-aad72940-e171-46cd-9ba0-2811cd63de17 req-aad72940-e171-46cd-9ba0-2811cd63de17 ] Request (ServerShowV254Test:tearDownClass): 200 GET http://10.180.1.21:9696/networking/v2.0/security-groups?tenant_id=af3601a01b7d409e88f7901dd475dbe9&name=default 1.065s
2025-05-19 19:44:10.439 69635 INFO tempest.lib.common.rest_client [req-3a5f1e68-ab01-4178-b183-48d7b0015d72 req-3a5f1e68-ab01-4178-b183-48d7b0015d72 ] Request (FlavorsV261TestJSON:setUpClass): 204 PUT http://10.180.1.21/identity/v3/projects/0106e8ec732847fdacb39c2936b989f2/users/4e675a5bf73f4f9e98739b324463ad21/roles/6ab3e519bbb84e7e9f318f20dfaac417 0.031s
2025-05-19 19:44:10.498 69635 INFO tempest.lib.common.rest_client [req-7fd41256-ef4d-48ba-8f9b-733bb45296d2 req-7fd41256-ef4d-48ba-8f9b-733bb45296d2 ] Request (FlavorsV261TestJSON:setUpClass): 200 GET http://10.180.1.21/identity/v3/roles 0.058s
2025-05-19 19:44:10.518 69635 INFO tempest.lib.common.rest_client [req-324b5808-19bf-4485-bd88-58cea7d1319b req-324b5808-19bf-4485-bd88-58cea7d1319b ] Request (FlavorsV261TestJSON:setUpClass): 204 PUT http://10.180.1.21/identity/v3/projects/0106e8ec732847fdacb39c2936b989f2/users/4e675a5bf73f4f9e98739b324463ad21/roles/6ab3e519bbb84e7e9f318f20dfaac417 0.020s
2025-05-19 19:44:10.519 69635 INFO tempest.lib.common.dynamic_creds [-] Dynamic test user 4e675a5bf73f4f9e98739b324463ad21 is created with scope project and roles: ['admin']
2025-05-19 19:44:10.519 69635 INFO tempest.lib.common.dynamic_creds [-] Acquired dynamic creds: credentials: Credentials: {'domain_id': 'default', 'domain_name': 'Default', 'username': 'tempest-FlavorsV261TestJSON-582866566-project-admin', 'project_domain_id': 'default', 'project_domain_name': 'Default', 'project_id': '0106e8ec732847fdacb39c2936b989f2', 'project_name': 'tempest-FlavorsV261TestJSON-582866566', 'tenant_id': '0106e8ec732847fdacb39c2936b989f2', 'tenant_name': 'tempest-FlavorsV261TestJSON-582866566', 'user_domain_id': 'default', 'user_domain_name': 'Default', 'user_id': '4e675a5bf73f4f9e98739b324463ad21', 'system': None}, Network: None, Subnet: None, Router: None
2025-05-19 19:44:10.519 69635 INFO tempest.lib.common.dynamic_creds [-] Created isolated network resources for: credentials: Credentials: {'domain_id': 'default', 'domain_name': 'Default', 'username': 'tempest-FlavorsV261TestJSON-582866566-project-admin', 'project_domain_id': 'default', 'project_domain_name': 'Default', 'project_id': '0106e8ec732847fdacb39c2936b989f2', 'project_name': 'tempest-FlavorsV261TestJSON-582866566', 'tenant_id': '0106e8ec732847fdacb39c2936b989f2', 'tenant_name': 'tempest-FlavorsV261TestJSON-582866566', 'user_domain_id': 'default', 'user_domain_name': 'Default', 'user_id': '4e675a5bf73f4f9e98739b324463ad21', 'system': None}, Network: None, Subnet: None, Router: None
2025-05-19 19:44:10.524 69623 INFO tempest.lib.common.rest_client [req-00763ea5-ae66-45e7-a9e1-569c36750d50 req-00763ea5-ae66-45e7-a9e1-569c36750d50 ] Request (ServerPasswordTestJSON:setUpClass): 201 POST http://10.180.1.21:9696/networking/v2.0/networks 1.592s
2025-05-19 19:44:10.595 69635 INFO tempest.lib.common.rest_client [req-5d49c9a5-c18f-42ce-935c-ce6e0406ebc6 req-5d49c9a5-c18f-42ce-935c-ce6e0406ebc6 ] Request (FlavorsV261TestJSON:setUpClass): 201 POST http://10.180.1.21/identity/v3/auth/tokens 0.071s
2025-05-19 19:44:10.639 69621 INFO tempest.lib.common.rest_client [req-3c7dcd01-ab2f-4265-acbf-8a723b00e968 req-3c7dcd01-ab2f-4265-acbf-8a723b00e968 ] Request (ListImageFiltersNegativeTestJSON:tearDownClass): 200 GET http://10.180.1.21:9696/networking/v2.0/security-groups?tenant_id=be705d3b6d10493f81a193ac496c9bc1&name=default 0.726s
2025-05-19 19:44:10.729 69639 INFO tempest.lib.common.rest_client [req-81e0171a-48eb-4045-8533-7afcf4ab5073 req-81e0171a-48eb-4045-8533-7afcf4ab5073 ] Request (ServerDiskConfigTestJSON:test_rebuild_server_with_manual_disk_config): 202 POST http://10.180.1.21/compute/v2.1/servers 1.510s
2025-05-19 19:44:10.882 69617 INFO tempest.lib.common.rest_client [req-8c96d436-1c8f-4fd9-b15c-aef3a6e3627f req-8c96d436-1c8f-4fd9-b15c-aef3a6e3627f ] Request (ServerShowV254Test:tearDownClass): 204 DELETE http://10.180.1.21:9696/networking/v2.0/security-groups/45966d22-ca12-4ca8-af3c-ec9db64b3ad7 0.445s
2025-05-19 19:44:11.037 69617 INFO tempest.lib.common.rest_client [req-b29da7ac-809d-43c4-8d2e-1cdc86624bc5 req-b29da7ac-809d-43c4-8d2e-1cdc86624bc5 ] Request (ServerShowV254Test:tearDownClass): 204 DELETE http://10.180.1.21/identity/v3/projects/af3601a01b7d409e88f7901dd475dbe9 0.154s
2025-05-19 19:44:11.051 69613 INFO tempest.lib.common.rest_client [req-1e4e12f1-a225-46a6-b288-e60bfe717fd5 req-1e4e12f1-a225-46a6-b288-e60bfe717fd5 ] Request (ServerAddressesTestJSON:setUpClass): 204 DELETE http://10.180.1.21/compute/v2.1/servers/71b890d8-660c-4058-9ca9-09a68a755653 1.683s
2025-05-19 19:44:11.062 69653 INFO tempest.lib.common.rest_client [req-fdf68bdc-9748-41b6-b94d-2187c05f0a28 req-fdf68bdc-9748-41b6-b94d-2187c05f0a28 ] Request (HostsAdminNegativeTestJSON:test_reboot_host_with_non_admin_user): 403 GET http://10.180.1.21/compute/v2.1/os-hosts/devstack/reboot 1.572s
2025-05-19 19:44:11.073 69615 INFO tempest.lib.common.rest_client [req-f7e63a63-a98e-4097-8425-7253709882c4 req-f7e63a63-a98e-4097-8425-7253709882c4 ] Request (DeleteServersTestJSON:test_delete_server_while_in_attached_volume): 202 POST http://10.180.1.21/compute/v2.1/servers 1.823s
2025-05-19 19:44:11.092 69621 INFO tempest.lib.common.rest_client [req-d102911d-7563-4271-b50b-6bbca859790f req-d102911d-7563-4271-b50b-6bbca859790f ] Request (ListImageFiltersNegativeTestJSON:tearDownClass): 204 DELETE http://10.180.1.21:9696/networking/v2.0/security-groups/764a26bf-96e8-4acc-a806-0e0a2ab6445a 0.453s
2025-05-19 19:44:11.150 69617 INFO tempest.lib.common.rest_client [req-66215fea-d01f-4da0-ac7c-c2b34d03603a req-66215fea-d01f-4da0-ac7c-c2b34d03603a ] Request (VolumesTestJSON:setUpClass): 201 POST http://10.180.1.21/identity/v3/auth/tokens 0.110s
2025-05-19 19:44:11.173 69647 INFO tempest.lib.common.rest_client [req-76ccc09e-0198-4c93-9379-557278ade2f1 req-76ccc09e-0198-4c93-9379-557278ade2f1 ] Request (ServerShowV247Test:test_update_rebuild_list_server): 200 GET http://10.180.1.21/compute/v2.1/servers/936e8821-8c69-4390-88fe-3b48255ab3b5 1.582s
2025-05-19 19:44:11.178 69629 INFO tempest.lib.common.rest_client [req-b2436604-1ecc-48df-a389-0f129ee6e38b req-b2436604-1ecc-48df-a389-0f129ee6e38b ] Request (ImagesNegativeTestJSON:test_create_image_specify_uuid_37_characters_or_more): 404 POST http://10.180.1.21/compute/v2.1/servers/aaaaaaaaaaaaaaaaaaaaaaaaaaaaaaaaaaaaa/action 1.566s
2025-05-19 19:44:11.185 69617 INFO tempest.lib.common.rest_client [req-d856bbcb-0ae9-44d1-affc-61c3be957e81 req-d856bbcb-0ae9-44d1-affc-61c3be957e81 ] Request (VolumesTestJSON:setUpClass): 201 POST http://10.180.1.21/identity/v3/auth/tokens 0.032s
2025-05-19 19:44:11.195 69673 INFO tempest.lib.common.rest_client [req-ad4dcc03-da12-4d48-9d63-bfce6fc75830 req-ad4dcc03-da12-4d48-9d63-bfce6fc75830 ] Request (SecurityGroupRulesNegativeTestJSON:tearDownClass): 204 DELETE http://10.180.1.21:9696/networking/v2.0/routers/5ccb226a-7db6-4fbb-bc8a-628fa44f2e57 1.889s
2025-05-19 19:44:11.218 69617 INFO tempest.lib.common.rest_client [req-226730c0-6208-467c-8a38-9ae49c163554 req-226730c0-6208-467c-8a38-9ae49c163554 ] Request (VolumesTestJSON:setUpClass): 200 GET http://10.180.1.21/identity/v3/domains?name=Default 0.032s
2025-05-19 19:44:11.253 69617 INFO tempest.lib.common.rest_client [req-afcba362-d613-4193-90d6-fb1017f4c5e5 req-afcba362-d613-4193-90d6-fb1017f4c5e5 ] Request (VolumesTestJSON:setUpClass): 201 POST http://10.180.1.21/identity/v3/projects 0.033s
2025-05-19 19:44:11.296 69621 INFO tempest.lib.common.rest_client [req-03dd3734-134a-4400-bf36-b195650487c6 req-03dd3734-134a-4400-bf36-b195650487c6 ] Request (ListImageFiltersNegativeTestJSON:tearDownClass): 204 DELETE http://10.180.1.21/identity/v3/projects/be705d3b6d10493f81a193ac496c9bc1 0.203s
2025-05-19 19:44:11.343 69621 INFO tempest.lib.common.rest_client [req-0bfffef1-336e-44a6-a2bb-455cb1551bb3 req-0bfffef1-336e-44a6-a2bb-455cb1551bb3 ] Request (ListServersNegativeTestJSON:setUpClass): 201 POST http://10.180.1.21/identity/v3/auth/tokens 0.046s
2025-05-19 19:44:11.352 69617 INFO tempest.lib.common.rest_client [req-71a06519-de85-4ced-89af-3849e7f2cd0a req-71a06519-de85-4ced-89af-3849e7f2cd0a ] Request (VolumesTestJSON:setUpClass): 201 POST http://10.180.1.21/identity/v3/users 0.098s
2025-05-19 19:44:11.387 69621 INFO tempest.lib.common.rest_client [req-b1a49494-4e76-4525-afb3-1d0ae60e859e req-b1a49494-4e76-4525-afb3-1d0ae60e859e ] Request (ListServersNegativeTestJSON:setUpClass): 201 POST http://10.180.1.21/identity/v3/auth/tokens 0.041s
2025-05-19 19:44:11.394 69617 INFO tempest.lib.common.rest_client [req-31c56c16-1254-4673-9d44-a8f03145b883 req-31c56c16-1254-4673-9d44-a8f03145b883 ] Request (VolumesTestJSON:setUpClass): 200 GET http://10.180.1.21/identity/v3/roles 0.041s
2025-05-19 19:44:11.419 69649 INFO tempest.lib.common.rest_client [req-d2128862-11b9-40eb-afea-440a7838fd38 req-d2128862-11b9-40eb-afea-440a7838fd38 ] Request (ListImageFiltersTestJSON:tearDownClass): 204 DELETE http://10.180.1.21/compute/v2.1/servers/51248b89-7f10-4525-9d6f-edae0fb12986 1.815s
2025-05-19 19:44:11.436 69621 INFO tempest.lib.common.rest_client [req-022df484-44b3-48d5-b733-6ce89c6307ef req-022df484-44b3-48d5-b733-6ce89c6307ef ] Request (ListServersNegativeTestJSON:setUpClass): 200 GET http://10.180.1.21/identity/v3/domains?name=Default 0.049s
2025-05-19 19:44:11.444 69617 INFO tempest.lib.common.rest_client [req-100bd8af-fb94-47f6-b093-3a25c10d101c req-100bd8af-fb94-47f6-b093-3a25c10d101c ] Request (VolumesTestJSON:setUpClass): 204 PUT http://10.180.1.21/identity/v3/projects/4b8f7d3df14c4d67922ebb6b1d4b93ea/users/dbb1d9babef74b5e94f45a8320ed5ae3/roles/90d12add8f714bf8b246aba4e01e6ca7 0.050s
2025-05-19 19:44:11.445 69617 INFO tempest.lib.common.dynamic_creds [-] Dynamic test user dbb1d9babef74b5e94f45a8320ed5ae3 is created with scope project and roles: ['member']
2025-05-19 19:44:11.445 69617 INFO tempest.lib.common.dynamic_creds [-] Acquired dynamic creds: credentials: Credentials: {'domain_id': 'default', 'domain_name': 'Default', 'username': 'tempest-VolumesTestJSON-166406244-project-member', 'project_domain_id': 'default', 'project_domain_name': 'Default', 'project_id': '4b8f7d3df14c4d67922ebb6b1d4b93ea', 'project_name': 'tempest-VolumesTestJSON-166406244', 'tenant_id': '4b8f7d3df14c4d67922ebb6b1d4b93ea', 'tenant_name': 'tempest-VolumesTestJSON-166406244', 'user_domain_id': 'default', 'user_domain_name': 'Default', 'user_id': 'dbb1d9babef74b5e94f45a8320ed5ae3', 'system': None}, Network: None, Subnet: None, Router: None
2025-05-19 19:44:11.445 69617 INFO tempest.lib.common.dynamic_creds [-] Created isolated network resources for: credentials: Credentials: {'domain_id': 'default', 'domain_name': 'Default', 'username': 'tempest-VolumesTestJSON-166406244-project-member', 'project_domain_id': 'default', 'project_domain_name': 'Default', 'project_id': '4b8f7d3df14c4d67922ebb6b1d4b93ea', 'project_name': 'tempest-VolumesTestJSON-166406244', 'tenant_id': '4b8f7d3df14c4d67922ebb6b1d4b93ea', 'tenant_name': 'tempest-VolumesTestJSON-166406244', 'user_domain_id': 'default', 'user_domain_name': 'Default', 'user_id': 'dbb1d9babef74b5e94f45a8320ed5ae3', 'system': None}, Network: None, Subnet: None, Router: None
2025-05-19 19:44:11.487 69659 INFO tempest.lib.common.rest_client [req-06fc7b42-818e-4277-b60a-b0e0ee611b9e req-06fc7b42-818e-4277-b60a-b0e0ee611b9e ] Request (ValidationResourcesFixture:setUp): 201 POST http://10.180.1.21:9696/networking/v2.0/floatingips 2.816s
2025-05-19 19:44:11.488 69623 INFO tempest.lib.common.rest_client [req-f6e178e8-2a78-4a52-b456-74488a8033c9 req-f6e178e8-2a78-4a52-b456-74488a8033c9 ] Request (ServerPasswordTestJSON:setUpClass): 201 POST http://10.180.1.21:9696/networking/v2.0/subnets 0.963s
2025-05-19 19:44:11.499 69625 INFO tempest.lib.common.rest_client [req-3012d113-9141-443b-a351-bc2396a3a728 req-3012d113-9141-443b-a351-bc2396a3a728 ] Request (ServerMetadataTestJSON:setUpClass): 201 POST http://10.180.1.21:9696/networking/v2.0/networks 1.143s
2025-05-19 19:44:11.520 69621 INFO tempest.lib.common.rest_client [req-9287fe6b-f003-4102-9062-d1ea6bc9500a req-9287fe6b-f003-4102-9062-d1ea6bc9500a ] Request (ListServersNegativeTestJSON:setUpClass): 201 POST http://10.180.1.21/identity/v3/projects 0.083s
2025-05-19 19:44:11.594 69617 INFO tempest.lib.common.rest_client [req-7fe569d1-a379-4f97-85ee-6b4c91bbb84d req-7fe569d1-a379-4f97-85ee-6b4c91bbb84d ] Request (VolumesTestJSON:setUpClass): 201 POST http://10.180.1.21/identity/v3/auth/tokens 0.141s
2025-05-19 19:44:11.647 69659 INFO tempest.lib.common.rest_client [req-30e0337d-d482-4ed9-83cf-83fa88be7620 req-30e0337d-d482-4ed9-83cf-83fa88be7620 ] Request (AttachInterfacesTestJSON:test_create_list_show_delete_interfaces_by_fixed_ip): 201 POST http://10.180.1.21/identity/v3/auth/tokens 0.157s
2025-05-19 19:44:11.648 69659 INFO tempest.lib.common.fixed_network [-] (AttachInterfacesTestJSON:test_create_list_show_delete_interfaces_by_fixed_ip) Found network {'id': 'e1c1246a-be4a-4c10-81f7-8e654e7d8fd9', 'name': 'tempest-AttachInterfacesTestJSON-193557214-network', 'tenant_id': '234e91c9f3c94d579e7629d40c08f278', 'admin_state_up': True, 'mtu': 8950, 'status': 'ACTIVE', 'subnets': [], 'shared': False, 'project_id': '234e91c9f3c94d579e7629d40c08f278', 'port_security_enabled': True, 'router:external': False, 'provider:network_type': 'vlan', 'provider:physical_network': 'default', 'provider:segmentation_id': 397, 'availability_zone_hints': [], 'availability_zones': [], 'ipv4_address_scope': None, 'ipv6_address_scope': None, 'description': '', 'tags': [], 'created_at': '2025-05-19T19:43:55Z', 'updated_at': '2025-05-19T19:43:55Z', 'revision_number': 1} available for tenant
2025-05-19 19:44:11.654 69673 INFO tempest.lib.common.rest_client [req-43ed6079-35c3-4fcf-bc82-7692927561b8 req-43ed6079-35c3-4fcf-bc82-7692927561b8 ] Request (SecurityGroupRulesNegativeTestJSON:tearDownClass): 204 DELETE http://10.180.1.21:9696/networking/v2.0/subnets/55e5dae6-30b3-4b45-8105-78d83afd654e 0.459s
2025-05-19 19:44:11.654 69619 INFO tempest.lib.common.rest_client [req-72bd0d59-490d-428d-b192-621acb7c547a req-72bd0d59-490d-428d-b192-621acb7c547a ] Request (ServerTagsTestJSON:setUpClass): 200 PUT http://10.180.1.21:9696/networking/v2.0/routers/c8055aeb-2351-4000-9311-3e8017eea71f/add_router_interface 6.121s
