2025-05-19 19:44:26.632 69645 INFO tempest.lib.common.rest_client [req-f5280ef3-ab02-4b27-817f-f17722d52265 req-f5280ef3-ab02-4b27-817f-f17722d52265 ] Request (ServerGroupTestJSON:setUpClass): 201 POST http://10.180.1.21/identity/v3/users 0.102s
2025-05-19 19:44:26.670 69653 INFO tempest.lib.common.rest_client [req-11cc7eb7-b831-407a-8239-46c2baf77f6a req-11cc7eb7-b831-407a-8239-46c2baf77f6a ] Request (HostsAdminNegativeTestJSON:tearDownClass): 204 DELETE http://10.180.1.21/identity/v3/users/cb3d9b0e17ea4a32ad153e8a573f4e07 0.142s
2025-05-19 19:44:26.683 69623 INFO tempest.lib.common.rest_client [req-b57dc238-a660-4eb1-86f8-4c5e3f41235e req-b57dc238-a660-4eb1-86f8-4c5e3f41235e ] Request (ServerPasswordTestJSON:setUpClass): 200 GET http://10.180.1.21/compute/v2.1/servers/a9421a2d-fe10-4db2-913a-b38a69f44cff 0.634s
2025-05-19 19:44:26.697 69645 INFO tempest.lib.common.rest_client [req-b82a85e4-0a4c-4a19-be59-b2965daa6df9 req-b82a85e4-0a4c-4a19-be59-b2965daa6df9 ] Request (ServerGroupTestJSON:setUpClass): 200 GET http://10.180.1.21/identity/v3/roles 0.065s
2025-05-19 19:44:26.700 69635 INFO tempest.lib.common.rest_client [req-4dc65661-d58f-4817-aaa2-31a5b1ba3126 req-4dc65661-d58f-4817-aaa2-31a5b1ba3126 ] Request (SecurityGroupsNegativeTestJSON:setUpClass): 201 POST http://10.180.1.21:9696/networking/v2.0/routers 2.980s
2025-05-19 19:44:26.719 69661 INFO tempest.lib.common.rest_client [req-b8c47f2f-9606-4c43-96ca-f618746a38ce req-b8c47f2f-9606-4c43-96ca-f618746a38ce ] Request (AttachVolumeNegativeTest:test_attach_attached_volume_to_different_server): 404 GET http://10.180.1.21/compute/v2.1/servers/1fc7d99a-d48d-428b-a6ca-447306274a4f 0.311s
2025-05-19 19:44:26.720 69663 INFO tempest.lib.common.rest_client [req-01491af7-ede8-409e-84e6-19655b3eea10 req-01491af7-ede8-409e-84e6-19655b3eea10 ] Request (ServerActionsTestOtherA:tearDownClass): 204 DELETE http://10.180.1.21:9696/networking/v2.0/security-groups/5f543698-8b25-45c1-a920-3aad36d742e9 0.259s
2025-05-19 19:44:26.765 69645 INFO tempest.lib.common.rest_client [req-48c9b5bb-92ca-48bc-ab46-bd38d508abf1 req-48c9b5bb-92ca-48bc-ab46-bd38d508abf1 ] Request (ServerGroupTestJSON:setUpClass): 204 PUT http://10.180.1.21/identity/v3/projects/7028acd8489d4bb2bc8eccf4d054e14b/users/0179847d5b964cf79ad2d717f4393bbc/roles/90d12add8f714bf8b246aba4e01e6ca7 0.067s
2025-05-19 19:44:26.765 69663 INFO tempest.lib.common.rest_client [req-a3b9157a-516d-4523-925a-c11f5b0a2136 req-a3b9157a-516d-4523-925a-c11f5b0a2136 ] Request (ServerActionsTestOtherA:tearDownClass): 404 GET http://10.180.1.21:9696/networking/v2.0/security-groups/5f543698-8b25-45c1-a920-3aad36d742e9 0.045s
2025-05-19 19:44:26.766 69645 INFO tempest.lib.common.dynamic_creds [-] Dynamic test user 0179847d5b964cf79ad2d717f4393bbc is created with scope project and roles: ['member']
2025-05-19 19:44:26.766 69645 INFO tempest.lib.common.dynamic_creds [-] Acquired dynamic creds: credentials: Credentials: {'domain_id': 'default', 'domain_name': 'Default', 'username': 'tempest-ServerGroupTestJSON-538807932-project-member', 'project_domain_id': 'default', 'project_domain_name': 'Default', 'project_id': '7028acd8489d4bb2bc8eccf4d054e14b', 'project_name': 'tempest-ServerGroupTestJSON-538807932', 'tenant_id': '7028acd8489d4bb2bc8eccf4d054e14b', 'tenant_name': 'tempest-ServerGroupTestJSON-538807932', 'user_domain_id': 'default', 'user_domain_name': 'Default', 'user_id': '0179847d5b964cf79ad2d717f4393bbc', 'system': None}, Network: None, Subnet: None, Router: None
2025-05-19 19:44:26.787 69637 INFO tempest.lib.common.rest_client [req-23795479-fcc1-4d73-a29d-d6ce352f1899 req-23795479-fcc1-4d73-a29d-d6ce352f1899 ] Request (ListServerFiltersTestJSON:tearDownClass): 204 DELETE http://10.180.1.21:9696/networking/v2.0/security-groups/abe13bdb-d579-4932-882d-29c4671f054b 0.212s
2025-05-19 19:44:26.831 69645 INFO tempest.lib.common.rest_client [req-48aeafbf-08af-4dcb-8e14-5d5b4ee07d63 req-48aeafbf-08af-4dcb-8e14-5d5b4ee07d63 ] Request (ServerGroupTestJSON:setUpClass): 201 POST http://10.180.1.21/identity/v3/auth/tokens 0.064s
2025-05-19 19:44:26.842 69653 INFO tempest.lib.common.rest_client [req-7e62fb86-1673-4cb7-8781-817a0a2a8950 req-7e62fb86-1673-4cb7-8781-817a0a2a8950 ] Request (HostsAdminNegativeTestJSON:tearDownClass): 204 DELETE http://10.180.1.21/identity/v3/users/200ae7068af9446c82d5dfc1e2e86084 0.172s
2025-05-19 19:44:26.843 69653 INFO tempest.lib.common.dynamic_creds [-] Deleting project and security group for project: 19c785524f054e408393085cff5f18f3
2025-05-19 19:44:26.922 69637 INFO tempest.lib.common.rest_client [req-2f15108b-f469-4896-a7a2-9e5905e767ab req-2f15108b-f469-4896-a7a2-9e5905e767ab ] Request (ListServerFiltersTestJSON:tearDownClass): 204 DELETE http://10.180.1.21/identity/v3/projects/9992fde829d7436a83480bb201ffe7cb 0.134s
2025-05-19 19:44:26.976 69625 INFO tempest.lib.common.rest_client [req-e6f4d849-1d92-4da4-b471-94dedd76e237 req-e6f4d849-1d92-4da4-b471-94dedd76e237 ] Request (ServerMetadataTestJSON:setUpClass): 204 DELETE http://10.180.1.21/compute/v2.1/servers/6dd39b96-6056-4ac8-93b9-5fd843b72d27 0.531s
2025-05-19 19:44:26.976 69653 INFO tempest.lib.common.rest_client [req-ee803f1b-35f7-4908-871c-615d06804a1f req-ee803f1b-35f7-4908-871c-615d06804a1f ] Request (HostsAdminNegativeTestJSON:tearDownClass): 201 POST http://10.180.1.21/identity/v3/auth/tokens 0.133s
2025-05-19 19:44:27.019 69617 INFO tempest.lib.common.rest_client [req-615411e8-2171-47db-bed8-ba87a3b3afeb req-615411e8-2171-47db-bed8-ba87a3b3afeb ] Request (VolumesTestJSON:test_volume_list_with_detail_param_offset_and_limit): 200 GET http://10.180.1.21/compute/v2.1/os-volumes/detail 0.512s
2025-05-19 19:44:27.113 69627 INFO tempest.lib.common.rest_client [req-22b55cec-74e0-43c5-ac99-ebc5f3f17ffd req-22b55cec-74e0-43c5-ac99-ebc5f3f17ffd ] Request (ImagesTestJSON:test_create_image_from_stopped_server): 200 GET http://10.180.1.21/compute/v2.1/servers/b4ce380b-c051-494e-992c-abbd8fd006a9 0.570s
2025-05-19 19:44:27.117 69619 INFO tempest.lib.common.rest_client [-] Request (TestVersions:test_list_api_versions): 200 GET http://10.180.1.21/compute/ 0.494s
2025-05-19 19:44:27.231 69619 INFO tempest.lib.common.rest_client [req-b7031b6b-d68c-48e8-9ff0-5d2b3f1c3c6f req-b7031b6b-d68c-48e8-9ff0-5d2b3f1c3c6f ] Request (TestVersions:tearDownClass): 204 DELETE http://10.180.1.21/identity/v3/users/87d689d543c74bb396eac8964371e520 0.102s
2025-05-19 19:44:27.231 69619 INFO tempest.lib.common.dynamic_creds [-] Deleting project and security group for project: 7d71736ad6684108b04a7ef017343c53
2025-05-19 19:44:27.313 69619 INFO tempest.lib.common.rest_client [req-b5d77996-a759-41ad-9806-4c60845ad63c req-b5d77996-a759-41ad-9806-4c60845ad63c ] Request (TestVersions:tearDownClass): 201 POST http://10.180.1.21/identity/v3/auth/tokens 0.081s
2025-05-19 19:44:27.383 69623 INFO tempest.lib.common.rest_client [req-28171de0-e2f0-41a7-b89c-1f4e10e0044b req-28171de0-e2f0-41a7-b89c-1f4e10e0044b ] Request (ServerPasswordTestJSON:setUpClass): 204 DELETE http://10.180.1.21/compute/v2.1/servers/a9421a2d-fe10-4db2-913a-b38a69f44cff 0.688s
2025-05-19 19:44:27.397 69661 INFO tempest.lib.common.rest_client [req-9324b66d-ea6f-4ed5-ab95-7370b3b3e04f req-9324b66d-ea6f-4ed5-ab95-7370b3b3e04f ] Request (AttachVolumeNegativeTest:_run_cleanups): 202 DELETE http://10.180.1.21/compute/v2.1/os-keypairs/tempest-keypair-2051135006 0.677s
2025-05-19 19:44:27.417 69625 INFO tempest.lib.common.rest_client [req-1764097f-a584-4c37-bfa3-f50d17e0138e req-1764097f-a584-4c37-bfa3-f50d17e0138e ] Request (ServerMetadataTestJSON:setUpClass): 404 GET http://10.180.1.21/compute/v2.1/servers/6dd39b96-6056-4ac8-93b9-5fd843b72d27 0.440s
2025-05-19 19:44:27.417 69625 INFO tempest.test [-] raised in ServerMetadataTestJSON.setUpClass. Invoking tearDownClass.
2025-05-19 19:44:27.435 69649 INFO tempest.lib.common.rest_client [req-2a941b64-be5d-4372-b108-df58573a928d req-2a941b64-be5d-4372-b108-df58573a928d ] Request (ServersTestBootFromVolume:setUpClass): 200 PUT http://10.180.1.21:9696/networking/v2.0/routers/200b9c54-2271-453f-9807-9af525b08c43/add_router_interface 3.719s
2025-05-19 19:44:27.435 69649 INFO tempest.lib.common.dynamic_creds [-] Created isolated network resources for: credentials: Credentials: {'domain_id': 'default', 'domain_name': 'Default', 'username': 'tempest-ServersTestBootFromVolume-1792215783-project-member', 'project_domain_id': 'default', 'project_domain_name': 'Default', 'project_id': '14d2161618994650a2dd66418d01da7e', 'project_name': 'tempest-ServersTestBootFromVolume-1792215783', 'tenant_id': '14d2161618994650a2dd66418d01da7e', 'tenant_name': 'tempest-ServersTestBootFromVolume-1792215783', 'user_domain_id': 'default', 'user_domain_name': 'Default', 'user_id': 'b4c4e14b52b84de09d9ad5cb0aa6792d', 'system': None}, Network: {'id': 'b324829e-af02-4b7f-bc50-5544db917ea7', 'name': 'tempest-ServersTestBootFromVolume-877909909-network', 'tenant_id': '14d2161618994650a2dd66418d01da7e', 'admin_state_up': True, 'mtu': 8950, 'status': 'ACTIVE', 'subnets': [], 'shared': False, 'project_id': '14d2161618994650a2dd66418d01da7e', 'port_security_enabled': True, 'router:external': False, 'provider:network_type': 'vlan', 'provider:physical_network': 'default', 'provider:segmentation_id': 41, 'availability_zone_hints': [], 'availability_zones': [], 'ipv4_address_scope': None, 'ipv6_address_scope': None, 'description': '', 'tags': [], 'created_at': '2025-05-19T19:44:19Z', 'updated_at': '2025-05-19T19:44:19Z', 'revision_number': 1}, Subnet: {'id': 'd69a7f04-7a99-4b77-b3c3-7f642f294c0e', 'name': 'tempest-ServersTestBootFromVolume-877909909-subnet', 'tenant_id': '14d2161618994650a2dd66418d01da7e', 'network_id': 'b324829e-af02-4b7f-bc50-5544db917ea7', 'ip_version': 4, 'subnetpool_id': None, 'enable_dhcp': True, 'ipv6_ra_mode': None, 'ipv6_address_mode': None, 'gateway_ip': '192.168.128.1', 'cidr': '192.168.128.0/28', 'allocation_pools': [{'start': '192.168.128.2', 'end': '192.168.128.14'}], 'host_routes': [], 'dns_nameservers': [], 'description': '', 'router:external': False, 'service_types': [], 'tags': [], 'created_at': '2025-05-19T19:44:20Z', 'updated_at': '2025-05-19T19:44:20Z', 'revision_number': 0, 'project_id': '14d2161618994650a2dd66418d01da7e'}, Router: {'id': '200b9c54-2271-453f-9807-9af525b08c43', 'name': 'tempest-ServersTestBootFromVolume-877909909-router', 'tenant_id': '14d2161618994650a2dd66418d01da7e', 'admin_state_up': True, 'status': 'ACTIVE', 'external_gateway_info': {'network_id': 'c164de13-0661-44a9-b45b-9d6f7a8847f2', 'external_fixed_ips': [{'subnet_id': 'caa1390f-75a9-4ec8-aa9e-6e01aca8e0ea', 'ip_address': '10.180.180.188'}], 'enable_snat': True}, 'description': '', 'availability_zones': [], 'distributed': False, 'ha': False, 'availability_zone_hints': [], 'routes': [], 'flavor_id': None, 'tags': [], 'created_at': '2025-05-19T19:44:20Z', 'updated_at': '2025-05-19T19:44:22Z', 'revision_number': 2, 'project_id': '14d2161618994650a2dd66418d01da7e'}
2025-05-19 19:44:27.460 69617 INFO tempest.lib.common.rest_client [req-4c79a705-0f00-4273-91b4-08e04ef395a0 req-4c79a705-0f00-4273-91b4-08e04ef395a0 ] Request (VolumesTestJSON:test_volume_list_with_detail_param_offset_and_limit): 200 GET http://10.180.1.21/compute/v2.1/os-volumes/detail?offset=1&limit=1 0.436s
2025-05-19 19:44:27.519 69649 INFO tempest.lib.common.rest_client [req-15bf9eb0-fd92-4f1f-8366-6c22d2b2e023 req-15bf9eb0-fd92-4f1f-8366-6c22d2b2e023 ] Request (ServersTestBootFromVolume:setUpClass): 201 POST http://10.180.1.21/identity/v3/auth/tokens 0.081s
2025-05-19 19:44:27.633 69653 INFO tempest.lib.common.rest_client [req-0920ee2b-5a6f-4fdd-8d53-6aa5fceac892 req-0920ee2b-5a6f-4fdd-8d53-6aa5fceac892 ] Request (HostsAdminNegativeTestJSON:tearDownClass): 200 GET http://10.180.1.21:9696/networking/v2.0/security-groups?tenant_id=19c785524f054e408393085cff5f18f3&name=default 0.656s
2025-05-19 19:44:27.673 69629 INFO tempest.lib.common.rest_client [req-89e817a9-e00d-4ce6-b416-44b43d337bd1 req-89e817a9-e00d-4ce6-b416-44b43d337bd1 ] Request (ServersTestMultiNic:setUpClass): 200 PUT http://10.180.1.21:9696/networking/v2.0/routers/5a2b4cd2-1df3-4110-a2e7-10c8be9ab86b/add_router_interface 3.830s
2025-05-19 19:44:27.674 69629 INFO tempest.lib.common.dynamic_creds [-] Created isolated network resources for: credentials: Credentials: {'domain_id': 'default', 'domain_name': 'Default', 'username': 'tempest-ServersTestMultiNic-1998377714-project-member', 'project_domain_id': 'default', 'project_domain_name': 'Default', 'project_id': '236a2b29e56347cd90504a097f325602', 'project_name': 'tempest-ServersTestMultiNic-1998377714', 'tenant_id': '236a2b29e56347cd90504a097f325602', 'tenant_name': 'tempest-ServersTestMultiNic-1998377714', 'user_domain_id': 'default', 'user_domain_name': 'Default', 'user_id': 'd74350a87a10404a8bec6fba8256ea6a', 'system': None}, Network: {'id': 'a8f4b9b0-2505-451a-b32a-55eb78c149c9', 'name': 'tempest-ServersTestMultiNic-362034089-network', 'tenant_id': '236a2b29e56347cd90504a097f325602', 'admin_state_up': True, 'mtu': 8950, 'status': 'ACTIVE', 'subnets': [], 'shared': False, 'project_id': '236a2b29e56347cd90504a097f325602', 'port_security_enabled': True, 'router:external': False, 'provider:network_type': 'vlan', 'provider:physical_network': 'default', 'provider:segmentation_id': 606, 'availability_zone_hints': [], 'availability_zones': [], 'ipv4_address_scope': None, 'ipv6_address_scope': None, 'description': '', 'tags': [], 'created_at': '2025-05-19T19:44:19Z', 'updated_at': '2025-05-19T19:44:19Z', 'revision_number': 1}, Subnet: {'id': '373b1b46-e8ee-43a2-bbb8-774e052b8614', 'name': 'tempest-ServersTestMultiNic-362034089-subnet', 'tenant_id': '236a2b29e56347cd90504a097f325602', 'network_id': 'a8f4b9b0-2505-451a-b32a-55eb78c149c9', 'ip_version': 4, 'subnetpool_id': None, 'enable_dhcp': True, 'ipv6_ra_mode': None, 'ipv6_address_mode': None, 'gateway_ip': '192.168.128.1', 'cidr': '192.168.128.0/28', 'allocation_pools': [{'start': '192.168.128.2', 'end': '192.168.128.14'}], 'host_routes': [], 'dns_nameservers': [], 'description': '', 'router:external': False, 'service_types': [], 'tags': [], 'created_at': '2025-05-19T19:44:20Z', 'updated_at': '2025-05-19T19:44:20Z', 'revision_number': 0, 'project_id': '236a2b29e56347cd90504a097f325602'}, Router: {'id': '5a2b4cd2-1df3-4110-a2e7-10c8be9ab86b', 'name': 'tempest-ServersTestMultiNic-362034089-router', 'tenant_id': '236a2b29e56347cd90504a097f325602', 'admin_state_up': True, 'status': 'ACTIVE', 'external_gateway_info': {'network_id': 'c164de13-0661-44a9-b45b-9d6f7a8847f2', 'external_fixed_ips': [{'subnet_id': 'caa1390f-75a9-4ec8-aa9e-6e01aca8e0ea', 'ip_address': '10.180.180.166'}], 'enable_snat': True}, 'description': '', 'availability_zones': [], 'distributed': False, 'ha': False, 'availability_zone_hints': [], 'routes': [], 'flavor_id': None, 'tags': [], 'created_at': '2025-05-19T19:44:21Z', 'updated_at': '2025-05-19T19:44:22Z', 'revision_number': 2, 'project_id': '236a2b29e56347cd90504a097f325602'}
2025-05-19 19:44:27.688 69639 INFO tempest.lib.common.rest_client [req-6f5c04f2-af17-4bdb-9d2c-ea93b9b652db req-6f5c04f2-af17-4bdb-9d2c-ea93b9b652db ] Request (ServerDiskConfigTestJSON:test_resize_server_from_manual_to_auto): 202 POST http://10.180.1.21/compute/v2.1/servers 1.437s
2025-05-19 19:44:27.694 69627 INFO tempest.lib.common.rest_client [req-3d318916-7eba-4d98-89b9-dbdb5ef5cac1 req-3d318916-7eba-4d98-89b9-dbdb5ef5cac1 ] Request (ImagesTestJSON:test_create_image_from_stopped_server): 204 DELETE http://10.180.1.21/compute/v2.1/servers/b4ce380b-c051-494e-992c-abbd8fd006a9 0.572s
2025-05-19 19:44:27.703 69673 INFO tempest.lib.common.rest_client [req-fb07e955-6fb1-4228-bf9c-2f4d9c2526c9 req-fb07e955-6fb1-4228-bf9c-2f4d9c2526c9 ] Request (ValidationResourcesFixture:setUp): 201 POST http://10.180.1.21:9696/networking/v2.0/floatingips 1.922s
2025-05-19 19:44:27.722 69623 INFO tempest.lib.common.rest_client [req-b9af8ec8-2c80-4cd1-a449-56049ca4a63f req-b9af8ec8-2c80-4cd1-a449-56049ca4a63f ] Request (ServerPasswordTestJSON:setUpClass): 404 GET http://10.180.1.21/compute/v2.1/servers/a9421a2d-fe10-4db2-913a-b38a69f44cff 0.338s
2025-05-19 19:44:27.723 69623 INFO tempest.test [-] raised in ServerPasswordTestJSON.setUpClass. Invoking tearDownClass.
2025-05-19 19:44:27.726 69661 INFO tempest.lib.common.rest_client [req-b74118a3-76c2-4bbb-83a9-cf95128fc927 req-b74118a3-76c2-4bbb-83a9-cf95128fc927 ] Request (AttachVolumeNegativeTest:_run_cleanups): 204 DELETE http://10.180.1.21:9696/networking/v2.0/security-groups/b94ebe81-08b4-46a6-a981-e57f60a75d4b 0.328s
2025-05-19 19:44:27.761 69617 INFO tempest.lib.common.rest_client [req-3fdc55b1-a12c-45f3-82bf-fb7d69cb7819 req-3fdc55b1-a12c-45f3-82bf-fb7d69cb7819 ] Request (VolumesTestJSON:test_volume_list_with_details): 200 GET http://10.180.1.21/compute/v2.1/os-volumes/detail 0.296s
2025-05-19 19:44:27.768 69663 INFO tempest.lib.common.rest_client [req-df96528c-27a1-4eda-9f8e-92d389ad74fa req-df96528c-27a1-4eda-9f8e-92d389ad74fa ] Request (ServerActionsTestOtherA:tearDownClass): 204 DELETE http://10.180.1.21:9696/networking/v2.0/floatingips/6775e911-480a-408a-ab0b-62d6726663d3 1.002s
2025-05-19 19:44:27.779 69673 INFO tempest.lib.common.rest_client [req-e58de56e-00a1-4bd3-89ac-484262b03daf req-e58de56e-00a1-4bd3-89ac-484262b03daf ] Request (AttachVolumeShelveTestJSON:test_attach_volume_shelved_or_offload_server): 201 POST http://10.180.1.21/identity/v3/auth/tokens 0.072s
2025-05-19 19:44:27.780 69673 INFO tempest.lib.common.fixed_network [-] (AttachVolumeShelveTestJSON:test_attach_volume_shelved_or_offload_server) Found network {'id': 'ad6b69f0-05e2-404b-87cd-7d58a49d9f2d', 'name': 'tempest-AttachVolumeShelveTestJSON-2120492582-network', 'tenant_id': '2e21902889034958bb5c79561f21d993', 'admin_state_up': True, 'mtu': 8950, 'status': 'ACTIVE', 'subnets': [], 'shared': False, 'project_id': '2e21902889034958bb5c79561f21d993', 'port_security_enabled': True, 'router:external': False, 'provider:network_type': 'vlan', 'provider:physical_network': 'default', 'provider:segmentation_id': 524, 'availability_zone_hints': [], 'availability_zones': [], 'ipv4_address_scope': None, 'ipv6_address_scope': None, 'description': '', 'tags': [], 'created_at': '2025-05-19T19:44:14Z', 'updated_at': '2025-05-19T19:44:14Z', 'revision_number': 1} available for tenant
2025-05-19 19:44:27.788 69629 INFO tempest.lib.common.rest_client [req-186ac7b3-1453-4664-b6d5-9dce09db0dd9 req-186ac7b3-1453-4664-b6d5-9dce09db0dd9 ] Request (ServersTestMultiNic:setUpClass): 201 POST http://10.180.1.21/identity/v3/auth/tokens 0.109s
2025-05-19 19:44:27.805 69661 INFO tempest.lib.common.rest_client [req-38863e98-b648-42ad-9c51-69de8824e3ad req-38863e98-b648-42ad-9c51-69de8824e3ad ] Request (AttachVolumeNegativeTest:_run_cleanups): 404 GET http://10.180.1.21:9696/networking/v2.0/security-groups/b94ebe81-08b4-46a6-a981-e57f60a75d4b 0.079s
2025-05-19 19:44:27.822 69617 INFO tempest.lib.common.rest_client [req-990da72c-4390-4f58-bb02-1dfb56005966 req-990da72c-4390-4f58-bb02-1dfb56005966 ] Request (VolumesTestJSON:tearDownClass): 202 DELETE http://10.180.1.21/volume/v3/volumes/c18f0415-e72b-401d-b8c3-e1af51de65fb 0.052s
2025-05-19 19:44:27.835 69621 INFO tempest.lib.common.rest_client [req-8a76b91e-cf20-44ad-a9bd-802970711e47 req-8a76b91e-cf20-44ad-a9bd-802970711e47 ] Request (ListServersNegativeTestJSON:setUpClass): 200 GET http://10.180.1.21/compute/v2.1/servers/131dd1b6-06e1-4c9e-a288-db34d4dc0bcf 0.598s
2025-05-19 19:44:27.851 69617 INFO tempest.lib.common.rest_client [req-a76c41f2-7977-44f3-91d8-0a4f288dc0c7 req-a76c41f2-7977-44f3-91d8-0a4f288dc0c7 ] Request (VolumesTestJSON:tearDownClass): 200 GET http://10.180.1.21/volume/v3/volumes/c18f0415-e72b-401d-b8c3-e1af51de65fb 0.028s
2025-05-19 19:44:27.896 69615 INFO tempest.lib.common.rest_client [req-9dbf5198-ef37-49e5-98e1-9d533d3e28fa req-9dbf5198-ef37-49e5-98e1-9d533d3e28fa ] Request (DeleteServersTestJSON:test_delete_server_while_in_shelved_state): 200 GET http://10.180.1.21/compute/v2.1/servers/b42c814d-01c7-4653-8bc2-20d06277bd7a 0.426s
2025-05-19 19:44:27.906 69615 INFO tempest.common.waiters [-] State transition "BUILD/scheduling" ==> "ERROR/None" after 1 second wait
2025-05-19 19:44:27.945 69649 INFO tempest.lib.common.rest_client [req-2c52981a-89b7-49c0-9668-9275e72ca32c req-2c52981a-89b7-49c0-9668-9275e72ca32c ] Request (ServersTestBootFromVolume:setUpClass): 200 POST http://10.180.1.21/compute/v2.1/os-keypairs 0.424s
2025-05-19 19:44:27.952 69645 INFO tempest.lib.common.rest_client [req-6d24ea38-b1aa-4f43-a455-66c9c60cd0db req-6d24ea38-b1aa-4f43-a455-66c9c60cd0db ] Request (ServerGroupTestJSON:setUpClass): 201 POST http://10.180.1.21:9696/networking/v2.0/networks 1.121s
2025-05-19 19:44:27.966 69619 INFO tempest.lib.common.rest_client [req-d493bcc5-b2ac-451e-aef8-c230b41edc16 req-d493bcc5-b2ac-451e-aef8-c230b41edc16 ] Request (TestVersions:tearDownClass): 200 GET http://10.180.1.21:9696/networking/v2.0/security-groups?tenant_id=7d71736ad6684108b04a7ef017343c53&name=default 0.652s
2025-05-19 19:44:28.020 69639 INFO tempest.lib.common.rest_client [req-893a39fa-265a-433b-8dc1-d202de660326 req-893a39fa-265a-433b-8dc1-d202de660326 ] Request (ServerDiskConfigTestJSON:test_resize_server_from_manual_to_auto): 200 GET http://10.180.1.21/compute/v2.1/servers/80e8ea28-f569-4680-9c6f-b88bf787bc50 0.328s
2025-05-19 19:44:28.047 69627 INFO tempest.lib.common.rest_client [req-f02497ed-d4c9-4320-8fe5-9571d8944371 req-f02497ed-d4c9-4320-8fe5-9571d8944371 ] Request (ImagesTestJSON:test_create_image_from_stopped_server): 404 GET http://10.180.1.21/compute/v2.1/servers/b4ce380b-c051-494e-992c-abbd8fd006a9 0.352s
2025-05-19 19:44:28.068 69653 INFO tempest.lib.common.rest_client [req-04d504e9-eaa0-496b-81b2-f1feb8f046da req-04d504e9-eaa0-496b-81b2-f1feb8f046da ] Request (HostsAdminNegativeTestJSON:tearDownClass): 204 DELETE http://10.180.1.21:9696/networking/v2.0/security-groups/f223317a-6074-4ddd-89dc-8518f793d29d 0.435s
2025-05-19 19:44:28.127 69633 INFO tempest.lib.common.rest_client [req-f4bc497a-fc10-4c15-af84-4402e5f7c440 req-f4bc497a-fc10-4c15-af84-4402e5f7c440 ] Request (ServersTestJSON:test_create_server_specify_multibyte_character_name): 200 GET http://10.180.1.21/compute/v2.1/servers/64977d9f-ddb0-4ceb-a92c-f9d784f7403c 0.502s
2025-05-19 19:44:28.144 69633 INFO tempest.common.waiters [-] State transition "BUILD/scheduling" ==> "ERROR/None" after 2 second wait
2025-05-19 19:44:28.153 69627 INFO tempest.lib.common.rest_client [req-40cb62b7-03b0-49b5-8ecd-2eb2ebcd0cd3 req-40cb62b7-03b0-49b5-8ecd-2eb2ebcd0cd3 ] Request (ImagesTestJSON:test_create_image_from_suspended_server): 201 POST http://10.180.1.21/identity/v3/auth/tokens 0.101s
2025-05-19 19:44:28.154 69627 INFO tempest.lib.common.fixed_network [-] (ImagesTestJSON:test_create_image_from_suspended_server) Found network {'id': 'ccf3f555-c521-4a75-b5ad-ae94bfc389d8', 'name': 'tempest-ImagesTestJSON-1595922244-network', 'tenant_id': '154613724e694337b8fcc489dd7bc6f3', 'admin_state_up': True, 'mtu': 8950, 'status': 'ACTIVE', 'subnets': [], 'shared': False, 'project_id': '154613724e694337b8fcc489dd7bc6f3', 'port_security_enabled': True, 'router:external': False, 'provider:network_type': 'vlan', 'provider:physical_network': 'default', 'provider:segmentation_id': 503, 'availability_zone_hints': [], 'availability_zones': [], 'ipv4_address_scope': None, 'ipv6_address_scope': None, 'description': '', 'tags': [], 'created_at': '2025-05-19T19:44:15Z', 'updated_at': '2025-05-19T19:44:15Z', 'revision_number': 1} available for tenant
2025-05-19 19:44:28.218 69653 INFO tempest.lib.common.rest_client [req-bc273658-8e75-4ec6-be29-77bfb4b9e128 req-bc273658-8e75-4ec6-be29-77bfb4b9e128 ] Request (HostsAdminNegativeTestJSON:tearDownClass): 204 DELETE http://10.180.1.21/identity/v3/projects/19c785524f054e408393085cff5f18f3 0.149s
2025-05-19 19:44:28.218 69653 INFO tempest.lib.common.dynamic_creds [-] Deleting project and security group for project: 233fc428db1842aca01ee0f5398bb264
2025-05-19 19:44:28.461 69659 INFO tempest.lib.common.rest_client [req-d884c367-52e5-481b-bc4f-243787744888 req-d884c367-52e5-481b-bc4f-243787744888 ] Request (ValidationResourcesFixture:setUp): 201 POST http://10.180.1.21:9696/networking/v2.0/floatingips 2.415s
2025-05-19 19:44:28.545 69659 INFO tempest.lib.common.rest_client [req-1a1f4440-90ad-42e4-981a-368bb61450fc req-1a1f4440-90ad-42e4-981a-368bb61450fc ] Request (AttachInterfacesTestJSON:test_create_list_show_delete_interfaces_by_network_port): 201 POST http://10.180.1.21/identity/v3/auth/tokens 0.078s
2025-05-19 19:44:28.545 69659 INFO tempest.lib.common.fixed_network [-] (AttachInterfacesTestJSON:test_create_list_show_delete_interfaces_by_network_port) Found network {'id': 'e1c1246a-be4a-4c10-81f7-8e654e7d8fd9', 'name': 'tempest-AttachInterfacesTestJSON-193557214-network', 'tenant_id': '234e91c9f3c94d579e7629d40c08f278', 'admin_state_up': True, 'mtu': 8950, 'status': 'ACTIVE', 'subnets': [], 'shared': False, 'project_id': '234e91c9f3c94d579e7629d40c08f278', 'port_security_enabled': True, 'router:external': False, 'provider:network_type': 'vlan', 'provider:physical_network': 'default', 'provider:segmentation_id': 397, 'availability_zone_hints': [], 'availability_zones': [], 'ipv4_address_scope': None, 'ipv6_address_scope': None, 'description': '', 'tags': [], 'created_at': '2025-05-19T19:43:55Z', 'updated_at': '2025-05-19T19:43:55Z', 'revision_number': 1} available for tenant
2025-05-19 19:44:28.595 69621 INFO tempest.lib.common.rest_client [req-c890d2db-e971-43ee-bf66-9b5a1904198b req-c890d2db-e971-43ee-bf66-9b5a1904198b ] Request (ListServersNegativeTestJSON:setUpClass): 204 DELETE http://10.180.1.21/compute/v2.1/servers/131dd1b6-06e1-4c9e-a288-db34d4dc0bcf 0.752s
2025-05-19 19:44:28.680 69619 INFO tempest.lib.common.rest_client [req-6467efb9-1603-4628-8b15-f0c0574fb9dc req-6467efb9-1603-4628-8b15-f0c0574fb9dc ] Request (TestVersions:tearDownClass): 204 DELETE http://10.180.1.21:9696/networking/v2.0/security-groups/8c429975-68c9-43d2-9d85-b2f846a05796 0.714s
2025-05-19 19:44:28.699 69653 INFO tempest.lib.common.rest_client [req-6c9ee9a5-06fa-4c35-9117-bc82a6712acd req-6c9ee9a5-06fa-4c35-9117-bc82a6712acd ] Request (HostsAdminNegativeTestJSON:tearDownClass): 200 GET http://10.180.1.21:9696/networking/v2.0/security-groups?tenant_id=233fc428db1842aca01ee0f5398bb264&name=default 0.481s
2025-05-19 19:44:28.701 69629 INFO tempest.lib.common.rest_client [req-993b2268-33d6-4481-b79e-7d8c30cca914 req-993b2268-33d6-4481-b79e-7d8c30cca914 ] Request (ServersTestMultiNic:test_verify_duplicate_network_nics): 201 POST http://10.180.1.21:9696/networking/v2.0/networks 0.911s
2025-05-19 19:44:28.739 69661 INFO tempest.lib.common.rest_client [req-84ed5ad7-23d2-4a32-97fb-e8ceb8f071e6 req-84ed5ad7-23d2-4a32-97fb-e8ceb8f071e6 ] Request (AttachVolumeNegativeTest:_run_cleanups): 204 DELETE http://10.180.1.21:9696/networking/v2.0/floatingips/319c4239-3d49-4c4d-ae82-81e045ad4a5e 0.933s
2025-05-19 19:44:28.782 69649 INFO tempest.lib.common.rest_client [req-c1f1c044-45ae-4eab-a515-404e53917c6b req-c1f1c044-45ae-4eab-a515-404e53917c6b ] Request (ServersTestBootFromVolume:setUpClass): 201 POST http://10.180.1.21:9696/networking/v2.0/security-groups 0.835s
2025-05-19 19:44:28.849 69619 INFO tempest.lib.common.rest_client [req-7ee6bfb5-eecd-44aa-8670-59b2b86c5766 req-7ee6bfb5-eecd-44aa-8670-59b2b86c5766 ] Request (TestVersions:tearDownClass): 204 DELETE http://10.180.1.21/identity/v3/projects/7d71736ad6684108b04a7ef017343c53 0.168s
2025-05-19 19:44:28.878 69617 INFO tempest.lib.common.rest_client [req-f55defa7-cdb1-498d-b4cd-53985ca27a86 req-f55defa7-cdb1-498d-b4cd-53985ca27a86 ] Request (VolumesTestJSON:tearDownClass): 404 GET http://10.180.1.21/volume/v3/volumes/c18f0415-e72b-401d-b8c3-e1af51de65fb 0.019s
2025-05-19 19:44:28.884 69615 INFO tempest.lib.common.rest_client [req-18e08970-cfae-4010-9de5-1a74b3bd3e77 req-18e08970-cfae-4010-9de5-1a74b3bd3e77 ] Request (DeleteServersTestJSON:test_delete_server_while_in_shelved_state): 204 DELETE http://10.180.1.21/compute/v2.1/servers/b42c814d-01c7-4653-8bc2-20d06277bd7a 0.977s
2025-05-19 19:44:28.927 69617 INFO tempest.lib.common.rest_client [req-bc1374ac-12f8-4bb2-8581-a9446f8b5422 req-bc1374ac-12f8-4bb2-8581-a9446f8b5422 ] Request (VolumesTestJSON:tearDownClass): 202 DELETE http://10.180.1.21/volume/v3/volumes/4cbe087f-8d02-4201-951b-bc61a78688a5 0.048s
2025-05-19 19:44:28.953 69617 INFO tempest.lib.common.rest_client [req-66324ed3-8e87-4357-a81e-a0f2884786d7 req-66324ed3-8e87-4357-a81e-a0f2884786d7 ] Request (VolumesTestJSON:tearDownClass): 200 GET http://10.180.1.21/volume/v3/volumes/4cbe087f-8d02-4201-951b-bc61a78688a5 0.026s
2025-05-19 19:44:29.047 69645 INFO tempest.lib.common.rest_client [req-0904f625-cbc1-40a9-9574-e97e1c6bebac req-0904f625-cbc1-40a9-9574-e97e1c6bebac ] Request (ServerGroupTestJSON:setUpClass): 201 POST http://10.180.1.21:9696/networking/v2.0/subnets 1.094s
2025-05-19 19:44:29.122 69649 INFO tempest.lib.common.rest_client [req-f6063b87-7fb0-49ba-9156-2e834e82f5c7 req-f6063b87-7fb0-49ba-9156-2e834e82f5c7 ] Request (ServersTestBootFromVolume:setUpClass): 201 POST http://10.180.1.21:9696/networking/v2.0/security-group-rules 0.339s
2025-05-19 19:44:29.168 69633 INFO tempest.lib.common.rest_client [req-a9281050-c47d-48d8-b719-d5ed659156da req-a9281050-c47d-48d8-b719-d5ed659156da ] Request (ServersTestJSON:test_create_server_specify_multibyte_character_name): 204 DELETE http://10.180.1.21/compute/v2.1/servers/64977d9f-ddb0-4ceb-a92c-f9d784f7403c 1.023s
2025-05-19 19:44:29.285 69631 INFO tempest.lib.common.rest_client [req-fef4ff31-5331-4b03-91c9-9f03266132b8 req-fef4ff31-5331-4b03-91c9-9f03266132b8 ] Request (FloatingIPsTestJSON:tearDownClass): 200 PUT http://10.180.1.21:9696/networking/v2.0/routers/b2feffb4-fff1-4f6d-9952-976beea7e252/remove_router_interface 2.963s
2025-05-19 19:44:29.338 69653 INFO tempest.lib.common.rest_client [req-b450f4b7-2968-4037-a83e-2eeab2da25a0 req-b450f4b7-2968-4037-a83e-2eeab2da25a0 ] Request (HostsAdminNegativeTestJSON:tearDownClass): 204 DELETE http://10.180.1.21:9696/networking/v2.0/security-groups/6df0fc82-d593-48fc-9c1e-bb4f03ce090a 0.638s
2025-05-19 19:44:29.408 69649 INFO tempest.lib.common.rest_client [req-3271fd94-d704-4660-8309-936b2d7fa554 req-3271fd94-d704-4660-8309-936b2d7fa554 ] Request (ServersTestBootFromVolume:setUpClass): 201 POST http://10.180.1.21:9696/networking/v2.0/security-group-rules 0.286s
2025-05-19 19:44:29.441 69653 INFO tempest.lib.common.rest_client [req-516f74e4-a66c-4d6f-9373-da8670ecde07 req-516f74e4-a66c-4d6f-9373-da8670ecde07 ] Request (HostsAdminNegativeTestJSON:tearDownClass): 204 DELETE http://10.180.1.21/identity/v3/projects/233fc428db1842aca01ee0f5398bb264 0.103s
2025-05-19 19:44:29.445 69673 INFO tempest.lib.common.rest_client [req-d9d57cf5-0870-493a-90b4-a50f512245c8 req-d9d57cf5-0870-493a-90b4-a50f512245c8 ] Request (AttachVolumeShelveTestJSON:test_attach_volume_shelved_or_offload_server): 202 POST http://10.180.1.21/compute/v2.1/servers 1.664s
2025-05-19 19:44:29.521 69653 INFO tempest.lib.common.rest_client [req-144c956a-ee84-457d-8c9b-ad6283c9d903 req-144c956a-ee84-457d-8c9b-ad6283c9d903 ] Request (KeyPairsV2TestJSON:setUpClass): 201 POST http://10.180.1.21/identity/v3/auth/tokens 0.077s
2025-05-19 19:44:29.561 69653 INFO tempest.lib.common.rest_client [req-5cb42665-3011-4250-ac94-91202d43ec40 req-5cb42665-3011-4250-ac94-91202d43ec40 ] Request (KeyPairsV2TestJSON:setUpClass): 201 POST http://10.180.1.21/identity/v3/auth/tokens 0.037s
2025-05-19 19:44:29.597 69653 INFO tempest.lib.common.rest_client [req-2221c88e-b1c6-4c6e-893d-c453dc114e91 req-2221c88e-b1c6-4c6e-893d-c453dc114e91 ] Request (KeyPairsV2TestJSON:setUpClass): 200 GET http://10.180.1.21/identity/v3/domains?name=Default 0.036s
2025-05-19 19:44:29.626 69653 INFO tempest.lib.common.rest_client [req-a39dc1d0-8b7d-4d63-9838-23d68ed84e98 req-a39dc1d0-8b7d-4d63-9838-23d68ed84e98 ] Request (KeyPairsV2TestJSON:setUpClass): 201 POST http://10.180.1.21/identity/v3/projects 0.028s
2025-05-19 19:44:29.691 69653 INFO tempest.lib.common.rest_client [req-ebdbefd4-a641-4aca-8326-6f6eae673c3c req-ebdbefd4-a641-4aca-8326-6f6eae673c3c ] Request (KeyPairsV2TestJSON:setUpClass): 201 POST http://10.180.1.21/identity/v3/users 0.065s
2025-05-19 19:44:29.711 69653 INFO tempest.lib.common.rest_client [req-83c42f32-4188-4b1b-b23e-3393ff9d427e req-83c42f32-4188-4b1b-b23e-3393ff9d427e ] Request (KeyPairsV2TestJSON:setUpClass): 200 GET http://10.180.1.21/identity/v3/roles 0.020s
2025-05-19 19:44:29.744 69653 INFO tempest.lib.common.rest_client [req-f567b036-5203-4968-9bc5-6210a2b0ff6d req-f567b036-5203-4968-9bc5-6210a2b0ff6d ] Request (KeyPairsV2TestJSON:setUpClass): 204 PUT http://10.180.1.21/identity/v3/projects/01087f7f60f144b8bebbe49ecff24865/users/5ec1c867340a43eaa2dd37bbefca6a93/roles/90d12add8f714bf8b246aba4e01e6ca7 0.032s
2025-05-19 19:44:29.744 69653 INFO tempest.lib.common.dynamic_creds [-] Dynamic test user 5ec1c867340a43eaa2dd37bbefca6a93 is created with scope project and roles: ['member']
2025-05-19 19:44:29.745 69653 INFO tempest.lib.common.dynamic_creds [-] Acquired dynamic creds: credentials: Credentials: {'domain_id': 'default', 'domain_name': 'Default', 'username': 'tempest-KeyPairsV2TestJSON-1369818915-project-member', 'project_domain_id': 'default', 'project_domain_name': 'Default', 'project_id': '01087f7f60f144b8bebbe49ecff24865', 'project_name': 'tempest-KeyPairsV2TestJSON-1369818915', 'tenant_id': '01087f7f60f144b8bebbe49ecff24865', 'tenant_name': 'tempest-KeyPairsV2TestJSON-1369818915', 'user_domain_id': 'default', 'user_domain_name': 'Default', 'user_id': '5ec1c867340a43eaa2dd37bbefca6a93', 'system': None}, Network: None, Subnet: None, Router: None
2025-05-19 19:44:29.745 69653 INFO tempest.lib.common.dynamic_creds [-] Created isolated network resources for: credentials: Credentials: {'domain_id': 'default', 'domain_name': 'Default', 'username': 'tempest-KeyPairsV2TestJSON-1369818915-project-member', 'project_domain_id': 'default', 'project_domain_name': 'Default', 'project_id': '01087f7f60f144b8bebbe49ecff24865', 'project_name': 'tempest-KeyPairsV2TestJSON-1369818915', 'tenant_id': '01087f7f60f144b8bebbe49ecff24865', 'tenant_name': 'tempest-KeyPairsV2TestJSON-1369818915', 'user_domain_id': 'default', 'user_domain_name': 'Default', 'user_id': '5ec1c867340a43eaa2dd37bbefca6a93', 'system': None}, Network: None, Subnet: None, Router: None
2025-05-19 19:44:29.816 69653 INFO tempest.lib.common.rest_client [req-aaa0313f-355d-4d86-9907-68f7028b82f2 req-aaa0313f-355d-4d86-9907-68f7028b82f2 ] Request (KeyPairsV2TestJSON:setUpClass): 201 POST http://10.180.1.21/identity/v3/auth/tokens 0.067s
2025-05-19 19:44:29.922 69627 INFO tempest.lib.common.rest_client [req-b70a8fce-6107-48a9-9fcb-75564d3fa134 req-b70a8fce-6107-48a9-9fcb-75564d3fa134 ] Request (ImagesTestJSON:test_create_image_from_suspended_server): 202 POST http://10.180.1.21/compute/v2.1/servers 1.766s
2025-05-19 19:44:29.974 69617 INFO tempest.lib.common.rest_client [req-3ffc4bb8-4ce7-44c6-8bde-c8fc28ec5b34 req-3ffc4bb8-4ce7-44c6-8bde-c8fc28ec5b34 ] Request (VolumesTestJSON:tearDownClass): 404 GET http://10.180.1.21/volume/v3/volumes/4cbe087f-8d02-4201-951b-bc61a78688a5 0.013s
2025-05-19 19:44:30.031 69617 INFO tempest.lib.common.rest_client [req-4f58dc18-b9f1-434c-9791-82cb218bf5fe req-4f58dc18-b9f1-434c-9791-82cb218bf5fe ] Request (VolumesTestJSON:tearDownClass): 202 DELETE http://10.180.1.21/volume/v3/volumes/fd4bf408-3871-447c-b5e4-8319a006cd18 0.057s
2025-05-19 19:44:30.051 69629 INFO tempest.lib.common.rest_client [req-81d472b2-60cb-4c2c-a025-7bb156c00c62 req-81d472b2-60cb-4c2c-a025-7bb156c00c62 ] Request (ServersTestMultiNic:test_verify_duplicate_network_nics): 201 POST http://10.180.1.21:9696/networking/v2.0/subnets 1.350s
2025-05-19 19:44:30.060 69617 INFO tempest.lib.common.rest_client [req-352d69bf-8873-49b2-974b-e0881c93a15a req-352d69bf-8873-49b2-974b-e0881c93a15a ] Request (VolumesTestJSON:tearDownClass): 200 GET http://10.180.1.21/volume/v3/volumes/fd4bf408-3871-447c-b5e4-8319a006cd18 0.028s
2025-05-19 19:44:30.314 69635 INFO tempest.lib.common.rest_client [req-f77c946c-fffc-461e-bcfa-9b3fa752923b req-f77c946c-fffc-461e-bcfa-9b3fa752923b ] Request (SecurityGroupsNegativeTestJSON:setUpClass): 200 PUT http://10.180.1.21:9696/networking/v2.0/routers/bd26d2ef-8640-4786-860d-c9f2dca3b44e/add_router_interface 3.613s
2025-05-19 19:44:30.314 69635 INFO tempest.lib.common.dynamic_creds [-] Created isolated network resources for: credentials: Credentials: {'domain_id': 'default', 'domain_name': 'Default', 'username': 'tempest-SecurityGroupsNegativeTestJSON-875106447-project-member', 'project_domain_id': 'default', 'project_domain_name': 'Default', 'project_id': '67674753bd184069916a48a45a5e72ab', 'project_name': 'tempest-SecurityGroupsNegativeTestJSON-875106447', 'tenant_id': '67674753bd184069916a48a45a5e72ab', 'tenant_name': 'tempest-SecurityGroupsNegativeTestJSON-875106447', 'user_domain_id': 'default', 'user_domain_name': 'Default', 'user_id': 'b19b6c600d4b4dca8aff501777e00c45', 'system': None}, Network: {'id': 'e071bc22-8c11-4c80-ba6d-65574d2e7d45', 'name': 'tempest-SecurityGroupsNegativeTestJSON-671473968-network', 'tenant_id': '67674753bd184069916a48a45a5e72ab', 'admin_state_up': True, 'mtu': 8950, 'status': 'ACTIVE', 'subnets': [], 'shared': False, 'project_id': '67674753bd184069916a48a45a5e72ab', 'port_security_enabled': True, 'router:external': False, 'provider:network_type': 'vlan', 'provider:physical_network': 'default', 'provider:segmentation_id': 586, 'availability_zone_hints': [], 'availability_zones': [], 'ipv4_address_scope': None, 'ipv6_address_scope': None, 'description': '', 'tags': [], 'created_at': '2025-05-19T19:44:23Z', 'updated_at': '2025-05-19T19:44:23Z', 'revision_number': 1}, Subnet: {'id': 'dd959738-e699-4ec2-915a-210323fe147d', 'name': 'tempest-SecurityGroupsNegativeTestJSON-671473968-subnet', 'tenant_id': '67674753bd184069916a48a45a5e72ab', 'network_id': 'e071bc22-8c11-4c80-ba6d-65574d2e7d45', 'ip_version': 4, 'subnetpool_id': None, 'enable_dhcp': True, 'ipv6_ra_mode': None, 'ipv6_address_mode': None, 'gateway_ip': '192.168.128.1', 'cidr': '192.168.128.0/28', 'allocation_pools': [{'start': '192.168.128.2', 'end': '192.168.128.14'}], 'host_routes': [], 'dns_nameservers': [], 'description': '', 'router:external': False, 'service_types': [], 'tags': [], 'created_at': '2025-05-19T19:44:23Z', 'updated_at': '2025-05-19T19:44:23Z', 'revision_number': 0, 'project_id': '67674753bd184069916a48a45a5e72ab'}, Router: {'id': 'bd26d2ef-8640-4786-860d-c9f2dca3b44e', 'name': 'tempest-SecurityGroupsNegativeTestJSON-671473968-router', 'tenant_id': '67674753bd184069916a48a45a5e72ab', 'admin_state_up': True, 'status': 'ACTIVE', 'external_gateway_info': {'network_id': 'c164de13-0661-44a9-b45b-9d6f7a8847f2', 'external_fixed_ips': [{'subnet_id': 'caa1390f-75a9-4ec8-aa9e-6e01aca8e0ea', 'ip_address': '10.180.180.196'}], 'enable_snat': True}, 'description': '', 'availability_zones': [], 'distributed': False, 'ha': False, 'availability_zone_hints': [], 'routes': [], 'flavor_id': None, 'tags': [], 'created_at': '2025-05-19T19:44:23Z', 'updated_at': '2025-05-19T19:44:25Z', 'revision_number': 2, 'project_id': '67674753bd184069916a48a45a5e72ab'}
2025-05-19 19:44:30.351 69621 INFO tempest.lib.common.rest_client [req-456c6cae-b722-4b4c-ab46-e7c8594b0149 req-456c6cae-b722-4b4c-ab46-e7c8594b0149 ] Request (ListServersNegativeTestJSON:setUpClass): 204 DELETE http://10.180.1.21/compute/v2.1/servers/655c94aa-cbd7-48b7-84a3-499edbe6f7f5 1.756s
2025-05-19 19:44:30.391 69661 INFO tempest.lib.common.rest_client [req-b55f97d3-1745-4665-bb3c-bce1c7d38f28 req-b55f97d3-1745-4665-bb3c-bce1c7d38f28 ] Request (ValidationResourcesFixture:setUp): 200 POST http://10.180.1.21/compute/v2.1/os-keypairs 1.650s
2025-05-19 19:44:30.391 69663 INFO tempest.lib.common.rest_client [req-d9ac9257-7ce8-49d1-a169-6c0b4726c493 req-d9ac9257-7ce8-49d1-a169-6c0b4726c493 ] Request (ServerActionsTestOtherA:tearDownClass): 200 PUT http://10.180.1.21:9696/networking/v2.0/routers/d2ffb9d3-41ba-4c79-abeb-6c916d76ce2c/remove_router_interface 2.623s
2025-05-19 19:44:30.398 69623 INFO tempest.lib.common.rest_client [req-9553a444-8254-456f-9aa0-f4f70b392e6b req-9553a444-8254-456f-9aa0-f4f70b392e6b ] Request (ServerPasswordTestJSON:tearDownClass): 200 PUT http://10.180.1.21:9696/networking/v2.0/routers/0205f056-e622-41a9-ac26-39c73bc9d3f0/remove_router_interface 2.675s
2025-05-19 19:44:30.417 69615 INFO tempest.lib.common.rest_client [req-c62fdae8-7520-421c-b4dd-8a8309d0f899 req-c62fdae8-7520-421c-b4dd-8a8309d0f899 ] Request (DeleteServersTestJSON:test_delete_server_while_in_shelved_state): 404 GET http://10.180.1.21/compute/v2.1/servers/b42c814d-01c7-4653-8bc2-20d06277bd7a 1.533s
2025-05-19 19:44:30.422 69635 INFO tempest.lib.common.rest_client [req-2427634b-c39a-461d-b245-6f357ea82803 req-2427634b-c39a-461d-b245-6f357ea82803 ] Request (SecurityGroupsNegativeTestJSON:setUpClass): 201 POST http://10.180.1.21/identity/v3/auth/tokens 0.105s
2025-05-19 19:44:30.487 69659 INFO tempest.lib.common.rest_client [req-73715e97-896c-4af0-b02e-fc6b0556c2c8 req-73715e97-896c-4af0-b02e-fc6b0556c2c8 ] Request (AttachInterfacesTestJSON:test_create_list_show_delete_interfaces_by_network_port): 202 POST http://10.180.1.21/compute/v2.1/servers 1.941s
2025-05-19 19:44:30.492 69615 INFO tempest.lib.common.rest_client [req-89132f7d-f54a-4e10-a19f-b49ad5adf156 req-89132f7d-f54a-4e10-a19f-b49ad5adf156 ] Request (DeleteServersTestJSON:test_delete_server_while_in_shutoff_state): 201 POST http://10.180.1.21/identity/v3/auth/tokens 0.069s
2025-05-19 19:44:30.492 69615 INFO tempest.lib.common.fixed_network [-] (DeleteServersTestJSON:test_delete_server_while_in_shutoff_state) Found network {'id': '202f15b9-bcd6-4084-a335-87fa91be700a', 'name': 'tempest-DeleteServersTestJSON-1420746167-network', 'tenant_id': 'b0a5fe78b7d942d9b35c68f61fd104e1', 'admin_state_up': True, 'mtu': 8950, 'status': 'ACTIVE', 'subnets': [], 'shared': False, 'project_id': 'b0a5fe78b7d942d9b35c68f61fd104e1', 'port_security_enabled': True, 'router:external': False, 'provider:network_type': 'vlan', 'provider:physical_network': 'default', 'provider:segmentation_id': 118, 'availability_zone_hints': [], 'availability_zones': [], 'ipv4_address_scope': None, 'ipv6_address_scope': None, 'description': '', 'tags': [], 'created_at': '2025-05-19T19:43:44Z', 'updated_at': '2025-05-19T19:43:44Z', 'revision_number': 1} available for tenant
2025-05-19 19:44:30.503 69639 INFO tempest.lib.common.rest_client [req-0bb47027-692b-4fec-ae61-91bb04330459 req-0bb47027-692b-4fec-ae61-91bb04330459 ] Request (ServerDiskConfigTestJSON:test_resize_server_from_manual_to_auto): 200 GET http://10.180.1.21/compute/v2.1/servers/80e8ea28-f569-4680-9c6f-b88bf787bc50 1.471s
2025-05-19 19:44:30.512 69633 INFO tempest.lib.common.rest_client [req-5b1e2f55-84c9-407f-9bcc-3b4cb178a0ca req-5b1e2f55-84c9-407f-9bcc-3b4cb178a0ca ] Request (ServersTestJSON:test_create_server_specify_multibyte_character_name): 404 GET http://10.180.1.21/compute/v2.1/servers/64977d9f-ddb0-4ceb-a92c-f9d784f7403c 1.343s
2025-05-19 19:44:30.512 69633 ERROR tempest.lib.decorators [-] Hints: This test was made for the bug_type 1730756. The failure could be related to https://launchpad.net/bugs/1730756: tempest.exceptions.BuildErrorException: Server 64977d9f-ddb0-4ceb-a92c-f9d784f7403c failed to build and is in ERROR status
2025-05-19 19:44:30.516 69639 INFO tempest.common.waiters [-] State transition "BUILD/scheduling" ==> "ERROR/None" after 2 second wait
2025-05-19 19:44:30.579 69633 INFO tempest.lib.common.rest_client [req-5aa032fd-f9ea-47a6-8cd6-bc11d5f04206 req-5aa032fd-f9ea-47a6-8cd6-bc11d5f04206 ] Request (ServersTestJSON:test_create_server_with_admin_password): 201 POST http://10.180.1.21/identity/v3/auth/tokens 0.060s
2025-05-19 19:44:30.579 69633 INFO tempest.lib.common.fixed_network [-] (ServersTestJSON:test_create_server_with_admin_password) Found network {'id': '1499b22d-e97a-4647-ac1c-c29bbd25a96d', 'name': 'tempest-ServersTestJSON-3423933-network', 'tenant_id': '921e00c833e44e84b90c77ea4da655ab', 'admin_state_up': True, 'mtu': 8950, 'status': 'ACTIVE', 'subnets': [], 'shared': False, 'project_id': '921e00c833e44e84b90c77ea4da655ab', 'port_security_enabled': True, 'router:external': False, 'provider:network_type': 'vlan', 'provider:physical_network': 'default', 'provider:segmentation_id': 648, 'availability_zone_hints': [], 'availability_zones': [], 'ipv4_address_scope': None, 'ipv6_address_scope': None, 'description': '', 'tags': [], 'created_at': '2025-05-19T19:44:16Z', 'updated_at': '2025-05-19T19:44:16Z', 'revision_number': 1} available for tenant
2025-05-19 19:44:30.622 69673 INFO tempest.lib.common.rest_client [req-0bf90588-9190-427b-8eae-02c45a07820c req-0bf90588-9190-427b-8eae-02c45a07820c ] Request (AttachVolumeShelveTestJSON:test_attach_volume_shelved_or_offload_server): 200 GET http://10.180.1.21/compute/v2.1/servers/330f103c-499d-42e5-86fc-803dfa2d972c 1.175s
2025-05-19 19:44:30.664 69653 INFO tempest.lib.common.rest_client [req-6aa473aa-740a-471b-a62d-c8f58190d2d4 req-6aa473aa-740a-471b-a62d-c8f58190d2d4 ] Request (KeyPairsV2TestJSON:test_get_keypair_detail): 200 POST http://10.180.1.21/compute/v2.1/os-keypairs 0.846s
2025-05-19 19:44:30.693 69627 INFO tempest.lib.common.rest_client [req-bbee2ec8-42ce-4186-a279-8b47cdcae69a req-bbee2ec8-42ce-4186-a279-8b47cdcae69a ] Request (ImagesTestJSON:test_create_image_from_suspended_server): 200 GET http://10.180.1.21/compute/v2.1/servers/f4c87de6-b495-40b2-9347-0a0e026bb065 0.769s
2025-05-19 19:44:30.766 69629 INFO tempest.lib.common.rest_client [req-aa3c37d9-8f24-414e-91fe-d00302e2752b req-aa3c37d9-8f24-414e-91fe-d00302e2752b ] Request (ServersTestMultiNic:test_verify_duplicate_network_nics): 201 POST http://10.180.1.21:9696/networking/v2.0/networks 0.715s
2025-05-19 19:44:30.775 69635 INFO tempest.lib.common.rest_client [req-b6accb33-eb8e-4b27-819e-60a4f84bbf27 req-b6accb33-eb8e-4b27-819e-60a4f84bbf27 ] Request (SecurityGroupsNegativeTestJSON:test_delete_nonexistent_security_group): 404 DELETE http://10.180.1.21/compute/v2.1/os-security-groups/448750b4-9d86-4a61-94bc-da0c98f54e19 0.351s
2025-05-19 19:44:30.847 69659 INFO tempest.lib.common.rest_client [req-78bb604c-4ca2-415a-8d5a-cd8beca456ce req-78bb604c-4ca2-415a-8d5a-cd8beca456ce ] Request (AttachInterfacesTestJSON:test_create_list_show_delete_interfaces_by_network_port): 200 GET http://10.180.1.21/compute/v2.1/servers/fbe549fb-814e-47e5-8cfa-883cd13df8ce 0.358s
2025-05-19 19:44:30.916 69621 INFO tempest.lib.common.rest_client [req-6101d271-4b69-43a6-b2f7-368083667147 req-6101d271-4b69-43a6-b2f7-368083667147 ] Request (ListServersNegativeTestJSON:setUpClass): 204 DELETE http://10.180.1.21/compute/v2.1/servers/a1dad3c9-2289-49c7-84b5-a017547598df 0.564s
2025-05-19 19:44:31.019 69625 INFO tempest.lib.common.rest_client [req-17056c29-3e64-46c5-8371-2583a28a82dc req-17056c29-3e64-46c5-8371-2583a28a82dc ] Request (ServerMetadataTestJSON:tearDownClass): 200 PUT http://10.180.1.21:9696/networking/v2.0/routers/6c487255-3f55-498d-baf0-8aa90872a6df/remove_router_interface 3.601s
2025-05-19 19:44:31.093 69661 INFO tempest.lib.common.rest_client [req-1bf04962-5cc8-4b66-82ed-8248c0fc330c req-1bf04962-5cc8-4b66-82ed-8248c0fc330c ] Request (ValidationResourcesFixture:setUp): 201 POST http://10.180.1.21:9696/networking/v2.0/security-groups 0.700s
2025-05-19 19:44:31.094 69617 INFO tempest.lib.common.rest_client [req-49476c3f-c592-4b1e-9cd0-5ef01603c5f5 req-49476c3f-c592-4b1e-9cd0-5ef01603c5f5 ] Request (VolumesTestJSON:tearDownClass): 404 GET http://10.180.1.21/volume/v3/volumes/fd4bf408-3871-447c-b5e4-8319a006cd18 0.021s
2025-05-19 19:44:31.119 69631 INFO tempest.lib.common.rest_client [req-68b20ae7-893a-46e8-8026-d65ad17b563b req-68b20ae7-893a-46e8-8026-d65ad17b563b ] Request (FloatingIPsTestJSON:tearDownClass): 204 DELETE http://10.180.1.21:9696/networking/v2.0/routers/b2feffb4-fff1-4f6d-9952-976beea7e252 1.833s
2025-05-19 19:44:31.210 69639 INFO tempest.lib.common.rest_client [req-d98d78f0-25eb-4f1f-b915-57ea4db4cb51 req-d98d78f0-25eb-4f1f-b915-57ea4db4cb51 ] Request (ServerDiskConfigTestJSON:test_resize_server_from_manual_to_auto): 204 DELETE http://10.180.1.21/compute/v2.1/servers/80e8ea28-f569-4680-9c6f-b88bf787bc50 0.694s
2025-05-19 19:44:31.255 69617 INFO tempest.lib.common.rest_client [req-ea4ab12c-7030-4dbd-97a4-f48b97bfb603 req-ea4ab12c-7030-4dbd-97a4-f48b97bfb603 ] Request (VolumesTestJSON:tearDownClass): 204 DELETE http://10.180.1.21/identity/v3/users/dbb1d9babef74b5e94f45a8320ed5ae3 0.160s
2025-05-19 19:44:31.256 69617 INFO tempest.lib.common.dynamic_creds [-] Deleting project and security group for project: 4b8f7d3df14c4d67922ebb6b1d4b93ea
2025-05-19 19:44:31.341 69617 INFO tempest.lib.common.rest_client [req-9ca0c16a-b3ba-4e25-9f06-7d324198cc5c req-9ca0c16a-b3ba-4e25-9f06-7d324198cc5c ] Request (VolumesTestJSON:tearDownClass): 201 POST http://10.180.1.21/identity/v3/auth/tokens 0.085s
2025-05-19 19:44:31.465 69649 INFO tempest.lib.common.rest_client [req-cde73520-d6bb-4e50-895f-115391495eab req-cde73520-d6bb-4e50-895f-115391495eab ] Request (ServersTestBootFromVolume:setUpClass): 201 POST http://10.180.1.21:9696/networking/v2.0/floatingips 2.056s
2025-05-19 19:44:31.473 69661 INFO tempest.lib.common.rest_client [req-55a41651-292f-4685-867b-30332d54dba6 req-55a41651-292f-4685-867b-30332d54dba6 ] Request (ValidationResourcesFixture:setUp): 201 POST http://10.180.1.21:9696/networking/v2.0/security-group-rules 0.379s
2025-05-19 19:44:31.520 69663 INFO tempest.lib.common.rest_client [req-3a786608-f4fc-4c9e-a1c6-2207e1bf3a74 req-3a786608-f4fc-4c9e-a1c6-2207e1bf3a74 ] Request (ServerActionsTestOtherA:tearDownClass): 204 DELETE http://10.180.1.21:9696/networking/v2.0/routers/d2ffb9d3-41ba-4c79-abeb-6c916d76ce2c 1.128s
