2025-06-03 12:47:18.762 61887 INFO tempest.lib.common.rest_client [req-f5305553-9cbb-4271-98e2-282b092705eb req-f5305553-9cbb-4271-98e2-282b092705eb ] Request (AbsoluteLimitsTestJSON:tearDownClass): 201 POST http://10.180.1.21/identity/v3/auth/tokens 0.069s
2025-06-03 12:47:18.775 61902 INFO tempest.lib.common.rest_client [req-71cfe37b-35c1-4ffc-9d02-e4f68dac52c8 req-71cfe37b-35c1-4ffc-9d02-e4f68dac52c8 ] Request (VolumesAdminNegativeTest:setUpClass): 201 POST http://10.180.1.21:9696/networking/v2.0/routers 1.602s
2025-06-03 12:47:18.861 61897 INFO tempest.lib.common.rest_client [req-7d2147c0-3768-4bcd-b734-f1e39c6d659f req-7d2147c0-3768-4bcd-b734-f1e39c6d659f ] Request (InstanceActionsV221TestJSON:test_get_list_deleted_instance_actions): 200 GET http://10.180.1.21/compute/v2.1/servers/1dda6a7b-ff1e-488a-af42-2e4ffc16b5a3 1.737s
2025-06-03 12:47:18.938 61905 INFO tempest.lib.common.rest_client [req-de688e08-c2e2-436e-802c-59d3607283e4 req-de688e08-c2e2-436e-802c-59d3607283e4 ] Request (ServerActionsV293TestJSON:setUpClass): 200 PUT http://10.180.1.21:9696/networking/v2.0/routers/e9d7c2c7-3371-4942-8893-33c81c994954/add_router_interface 2.038s
2025-06-03 12:47:18.938 61905 INFO tempest.lib.common.dynamic_creds [-] Created isolated network resources for: credentials: Credentials: {'domain_id': 'default', 'domain_name': 'Default', 'username': 'tempest-ServerActionsV293TestJSON-1352632226-project-member', 'project_domain_id': 'default', 'project_domain_name': 'Default', 'project_id': '723b7377d6c8413cb6ef900c8404b0b5', 'project_name': 'tempest-ServerActionsV293TestJSON-1352632226', 'tenant_id': '723b7377d6c8413cb6ef900c8404b0b5', 'tenant_name': 'tempest-ServerActionsV293TestJSON-1352632226', 'user_domain_id': 'default', 'user_domain_name': 'Default', 'user_id': '8c752932387242eaac2e453dc8d8b7cb', 'system': None}, Network: {'id': '1d9a30ee-02cb-4684-9776-a725dcfd5617', 'name': 'tempest-ServerActionsV293TestJSON-857592221-network', 'tenant_id': '723b7377d6c8413cb6ef900c8404b0b5', 'admin_state_up': True, 'mtu': 8950, 'status': 'ACTIVE', 'subnets': [], 'shared': False, 'project_id': '723b7377d6c8413cb6ef900c8404b0b5', 'port_security_enabled': True, 'router:external': False, 'provider:network_type': 'vlan', 'provider:physical_network': 'default', 'provider:segmentation_id': 248, 'availability_zone_hints': [], 'availability_zones': [], 'ipv4_address_scope': None, 'ipv6_address_scope': None, 'description': '', 'tags': [], 'created_at': '2025-06-03T12:47:14Z', 'updated_at': '2025-06-03T12:47:14Z', 'revision_number': 1}, Subnet: {'id': '09a8e985-42e4-4d31-8c16-141acac7262a', 'name': 'tempest-ServerActionsV293TestJSON-857592221-subnet', 'tenant_id': '723b7377d6c8413cb6ef900c8404b0b5', 'network_id': '1d9a30ee-02cb-4684-9776-a725dcfd5617', 'ip_version': 4, 'subnetpool_id': None, 'enable_dhcp': True, 'ipv6_ra_mode': None, 'ipv6_address_mode': None, 'gateway_ip': '192.168.128.1', 'cidr': '192.168.128.0/28', 'allocation_pools': [{'start': '192.168.128.2', 'end': '192.168.128.14'}], 'host_routes': [], 'dns_nameservers': [], 'description': '', 'router:external': False, 'service_types': [], 'tags': [], 'created_at': '2025-06-03T12:47:14Z', 'updated_at': '2025-06-03T12:47:14Z', 'revision_number': 0, 'project_id': '723b7377d6c8413cb6ef900c8404b0b5'}, Router: {'id': 'e9d7c2c7-3371-4942-8893-33c81c994954', 'name': 'tempest-ServerActionsV293TestJSON-857592221-router', 'tenant_id': '723b7377d6c8413cb6ef900c8404b0b5', 'admin_state_up': True, 'status': 'ACTIVE', 'external_gateway_info': {'network_id': 'a034a911-7d23-467a-bb69-9a62a9fa4a81', 'external_fixed_ips': [{'subnet_id': 'fcd3390b-5a65-4bea-b514-5dbd2da3e2a7', 'ip_address': '10.180.180.161'}], 'enable_snat': True}, 'description': '', 'availability_zones': [], 'distributed': False, 'ha': False, 'availability_zone_hints': [], 'routes': [], 'flavor_id': None, 'tags': [], 'created_at': '2025-06-03T12:47:15Z', 'updated_at': '2025-06-03T12:47:16Z', 'revision_number': 2, 'project_id': '723b7377d6c8413cb6ef900c8404b0b5'}
2025-06-03 12:47:19.027 61893 INFO tempest.lib.common.rest_client [req-d35634a0-bae6-4ddf-b520-44fe7aa84260 req-d35634a0-bae6-4ddf-b520-44fe7aa84260 ] Request (QuotasAdminNegativeTest:test_create_server_when_memory_quota_is_full): 403 POST http://10.180.1.21/compute/v2.1/servers 1.851s
2025-06-03 12:47:19.035 61905 INFO tempest.lib.common.rest_client [req-d0d600b2-0171-4b02-a989-e0db32d3fbd9 req-d0d600b2-0171-4b02-a989-e0db32d3fbd9 ] Request (ServerActionsV293TestJSON:setUpClass): 201 POST http://10.180.1.21/identity/v3/auth/tokens 0.092s
2025-06-03 12:47:19.059 61875 INFO tempest.lib.common.rest_client [req-4428f4d1-ed3b-47c8-ac8e-e98200ddbcbe req-4428f4d1-ed3b-47c8-ac8e-e98200ddbcbe ] Request (FloatingIPsAssociationTestJSON:setUpClass): 200 GET http://10.180.1.21/compute/v2.1/servers/d7ed99e5-3f96-4053-9b9a-a4b7edb1f351 1.801s
2025-06-03 12:47:19.069 61875 INFO tempest.common.waiters [-] State transition "BUILD/None" ==> "BUILD/spawning" after 20 second wait
2025-06-03 12:47:19.087 61867 INFO tempest.lib.common.rest_client [req-825437b8-950c-4ac1-89df-38f34366bd37 req-825437b8-950c-4ac1-89df-38f34366bd37 ] Request (ServicesAdminNegativeV253TestJSON:test_disable_service_with_invalid_service_id): 404 PUT http://10.180.1.21/compute/v2.1/os-services/7486140d-540f-4bdb-bd39-171274f33a4c 1.776s
2025-06-03 12:47:19.138 61899 INFO tempest.lib.common.rest_client [req-b8d8fb6f-712c-4fe0-85a8-48e7f5b33d4c req-b8d8fb6f-712c-4fe0-85a8-48e7f5b33d4c ] Request (FloatingIPsAssociationNegativeTestJSON:setUpClass): 200 GET http://10.180.1.21/compute/v2.1/servers/1bf6b40d-8b9d-4e3e-8dda-9170d88e002d 1.871s
2025-06-03 12:47:19.143 61865 INFO tempest.lib.common.rest_client [req-cced1833-0e99-4321-9038-9c4e84ac3f4f req-cced1833-0e99-4321-9038-9c4e84ac3f4f ] Request (FloatingIPsNegativeTestJSON:test_allocate_floating_ip_from_nonexistent_pool): 404 POST http://10.180.1.21/compute/v2.1/os-floating-ips 1.627s
2025-06-03 12:47:19.171 61873 INFO tempest.lib.common.rest_client [req-bf2f40af-7873-4142-a612-80366a656fe1 req-bf2f40af-7873-4142-a612-80366a656fe1 ] Request (AggregatesAdminNegativeTestJSON:test_aggregate_get_details_as_user): 200 POST http://10.180.1.21/compute/v2.1/os-aggregates 1.651s
2025-06-03 12:47:19.276 61883 INFO tempest.lib.common.rest_client [req-6e54ffc6-85b6-4dde-ac48-500190ed43a8 req-6e54ffc6-85b6-4dde-ac48-500190ed43a8 ] Request (TenantUsagesTestJSON:tearDownClass): 200 GET http://10.180.1.21/compute/v2.1/servers/256e48c1-81de-4d32-97dc-ba80541a9239 1.604s
2025-06-03 12:47:19.304 61927 INFO tempest.lib.common.rest_client [req-4e4c2c48-d9bb-42a4-b8d6-241371796880 req-4e4c2c48-d9bb-42a4-b8d6-241371796880 ] Request (HypervisorAdminNegativeTestJSON:test_show_hypervisor_with_non_admin_user): 200 GET http://10.180.1.21/compute/v2.1/os-hypervisors 1.611s
2025-06-03 12:47:19.307 61887 INFO tempest.lib.common.rest_client [req-9d1dd775-e12c-4ba4-bbd5-79160bb7e471 req-9d1dd775-e12c-4ba4-bbd5-79160bb7e471 ] Request (AbsoluteLimitsTestJSON:tearDownClass): 200 GET http://10.180.1.21:9696/networking/v2.0/security-groups?tenant_id=41277fb7e047427ab05b79ace62af2f4&name=default 0.545s
2025-06-03 12:47:19.326 61881 INFO tempest.lib.common.rest_client [req-75a5943b-fca6-4467-bae4-4e2bf1d16313 req-75a5943b-fca6-4467-bae4-4e2bf1d16313 ] Request (FlavorsAdminTestJSON:_run_cleanups): 202 DELETE http://10.180.1.21/compute/v2.1/flavors/1203606388 1.614s
2025-06-03 12:47:19.349 61885 INFO tempest.lib.common.rest_client [req-69434c33-6678-44ce-847a-c29e80bea057 req-69434c33-6678-44ce-847a-c29e80bea057 ] Request (MigrationsAdminTest:test_list_migrations_in_flavor_resize_situation): 200 GET http://10.180.1.21/compute/v2.1/servers/eced4107-b99e-479e-b22c-2157320ecf95 1.831s
2025-06-03 12:47:19.370 61911 INFO tempest.lib.common.rest_client [req-db773c48-8895-4ba6-bb82-5295ac40b161 req-db773c48-8895-4ba6-bb82-5295ac40b161 ] Request (InstanceActionsTestJSON:test_get_instance_action): 200 GET http://10.180.1.21/compute/v2.1/servers/4f879b20-bae0-4d50-b5e9-378356341962/os-instance-actions/req-9468e292-c285-4306-96f5-d8ad2febb656 1.095s
2025-06-03 12:47:19.437 61909 INFO tempest.lib.common.rest_client [req-ddedd833-f7c3-4f62-b998-93afad7f2225 req-ddedd833-f7c3-4f62-b998-93afad7f2225 ] Request (QuotaClassesAdminTestJSON:_run_cleanups): 200 PUT http://10.180.1.21/compute/v2.1/os-quota-class-sets/default 0.966s
2025-06-03 12:47:19.439 61917 INFO tempest.lib.common.rest_client [req-05eed49d-de5b-467b-8849-d97191b81616 req-05eed49d-de5b-467b-8849-d97191b81616 ] Request (DeleteServersAdminTestJSON:test_admin_delete_servers_of_others): 200 GET http://10.180.1.21/compute/v2.1/servers/2a43ac48-cdea-48c8-b3d2-e939c69ce2dc 1.059s
2025-06-03 12:47:19.530 61877 INFO tempest.lib.common.rest_client [req-d2e2cd45-6b85-4769-b184-b15d65de43c1 req-d2e2cd45-6b85-4769-b184-b15d65de43c1 ] Request (ServersWithSpecificFlavorTestJSON:test_verify_created_server_ephemeral_disk): 200 GET http://10.180.1.21/compute/v2.1/servers/e8c954ec-de76-4d3e-9a63-6c30523d5b63 0.914s
2025-06-03 12:47:19.530 61913 INFO tempest.lib.common.rest_client [req-a95248cf-9f61-4a7d-9a72-2f2e746508e7 req-a95248cf-9f61-4a7d-9a72-2f2e746508e7 ] Request (ServerDiagnosticsV248Test:tearDownClass): 200 GET http://10.180.1.21/compute/v2.1/servers/579fb20b-083f-4227-9a13-c0f1ea36e272 0.917s
2025-06-03 12:47:19.537 61887 INFO tempest.lib.common.rest_client [req-bbc0b7e1-1fc1-4507-927a-3e7dd0ab7026 req-bbc0b7e1-1fc1-4507-927a-3e7dd0ab7026 ] Request (AbsoluteLimitsTestJSON:tearDownClass): 204 DELETE http://10.180.1.21:9696/networking/v2.0/security-groups/f99ae257-bf97-4d6e-ad99-e8a16d5bd896 0.229s
2025-06-03 12:47:19.562 61925 INFO tempest.lib.common.rest_client [req-73823108-453e-42e6-8c46-2f1bc49685bb req-73823108-453e-42e6-8c46-2f1bc49685bb ] Request (FlavorsAccessNegativeTestJSON:_run_cleanups): 202 DELETE http://10.180.1.21/compute/v2.1/flavors/173702816 0.891s
2025-06-03 12:47:19.601 61909 INFO tempest.lib.common.rest_client [req-f5d9bd27-2a14-494b-94c3-1805b0ddfcad req-f5d9bd27-2a14-494b-94c3-1805b0ddfcad ] Request (QuotaClassesAdminTestJSON:tearDownClass): 204 DELETE http://10.180.1.21/identity/v3/users/343c2a36ea73492d8d78d983f572bd4d 0.155s
2025-06-03 12:47:19.611 61895 INFO tempest.lib.common.rest_client [req-adaa6f98-a321-47b8-9f41-946b72f6582e req-adaa6f98-a321-47b8-9f41-946b72f6582e ] Request (ServersTestFqdnHostnames:test_create_server_with_fqdn_name): 200 GET http://10.180.1.21/compute/v2.1/servers/b2579785-d1a4-48da-ba27-6ee3098578f1 0.928s
2025-06-03 12:47:19.622 61895 INFO tempest.common.waiters [-] State transition "BUILD/None" ==> "BUILD/networking" after 19 second wait
2025-06-03 12:47:19.668 61887 INFO tempest.lib.common.rest_client [req-3bb5cc4d-8fd7-4eb0-a508-adde9a1c8969 req-3bb5cc4d-8fd7-4eb0-a508-adde9a1c8969 ] Request (AbsoluteLimitsTestJSON:tearDownClass): 204 DELETE http://10.180.1.21/identity/v3/projects/41277fb7e047427ab05b79ace62af2f4 0.130s
2025-06-03 12:47:19.684 61871 INFO tempest.lib.common.rest_client [req-bd6403bf-40d0-479e-840a-33a39ff6975c req-bd6403bf-40d0-479e-840a-33a39ff6975c ] Request (ServerDiagnosticsTest:tearDownClass): 200 GET http://10.180.1.21/compute/v2.1/servers/5d9eadff-7f13-4720-8119-5829b4802c21 0.990s
2025-06-03 12:47:19.699 61887 INFO tempest.lib.common.rest_client [req-00981b7b-ef44-4084-8dea-5742d815051e req-00981b7b-ef44-4084-8dea-5742d815051e ] Request (MultipleCreateTestJSON:setUpClass): 201 POST http://10.180.1.21/identity/v3/auth/tokens 0.029s
2025-06-03 12:47:19.704 61907 INFO tempest.lib.common.rest_client [req-03b647b8-3825-4d1e-b11a-12526e234262 req-03b647b8-3825-4d1e-b11a-12526e234262 ] Request (ImagesNegativeTestJSON:test_create_image_from_deleted_server): 200 GET http://10.180.1.21/compute/v2.1/servers/8214216a-0256-467e-ac4c-1d14b0f73b77 0.955s
2025-06-03 12:47:19.759 61909 INFO tempest.lib.common.rest_client [req-b4678483-9743-477e-b9a1-3c9eafc9f893 req-b4678483-9743-477e-b9a1-3c9eafc9f893 ] Request (QuotaClassesAdminTestJSON:tearDownClass): 204 DELETE http://10.180.1.21/identity/v3/users/0efced26fedf476ea7aa1e21c388c628 0.157s
2025-06-03 12:47:19.759 61909 INFO tempest.lib.common.dynamic_creds [-] Deleting project and security group for project: 6e01c552f59348e98fc31bb511e868c6
2025-06-03 12:47:19.834 61887 INFO tempest.lib.common.rest_client [req-0ab79d04-5788-49e6-9ef3-601bee121058 req-0ab79d04-5788-49e6-9ef3-601bee121058 ] Request (MultipleCreateTestJSON:setUpClass): 201 POST http://10.180.1.21/identity/v3/auth/tokens 0.129s
2025-06-03 12:47:19.925 61909 INFO tempest.lib.common.rest_client [req-1e76d357-5fbd-43a3-bfa7-ec23c10a45d6 req-1e76d357-5fbd-43a3-bfa7-ec23c10a45d6 ] Request (QuotaClassesAdminTestJSON:tearDownClass): 201 POST http://10.180.1.21/identity/v3/auth/tokens 0.165s
2025-06-03 12:47:19.949 61887 INFO tempest.lib.common.rest_client [req-91b21419-8908-4b81-9deb-f5e3875ee977 req-91b21419-8908-4b81-9deb-f5e3875ee977 ] Request (MultipleCreateTestJSON:setUpClass): 200 GET http://10.180.1.21/identity/v3/domains?name=Default 0.115s
2025-06-03 12:47:19.960 61893 INFO tempest.lib.common.rest_client [req-8c5d2e27-1613-4add-bf05-cd41667f2255 req-8c5d2e27-1613-4add-bf05-cd41667f2255 ] Request (QuotasAdminNegativeTest:_run_cleanups): 200 PUT http://10.180.1.21/compute/v2.1/os-quota-sets/3293cd826edd4e2ebe9f9a181457413b 0.932s
2025-06-03 12:47:19.978 61867 INFO tempest.lib.common.rest_client [req-70d37047-1ad2-453e-809c-91a9faa5df6e req-70d37047-1ad2-453e-809c-91a9faa5df6e ] Request (ServicesAdminNegativeV253TestJSON:test_enable_service_with_invalid_service_id): 404 PUT http://10.180.1.21/compute/v2.1/os-services/7486140d-540f-4bdb-bd39-171274f33a4c 0.889s
2025-06-03 12:47:19.992 61887 INFO tempest.lib.common.rest_client [req-f7227bd5-205a-41f9-a4e6-b7d19455ab7d req-f7227bd5-205a-41f9-a4e6-b7d19455ab7d ] Request (MultipleCreateTestJSON:setUpClass): 201 POST http://10.180.1.21/identity/v3/projects 0.042s
2025-06-03 12:47:19.994 61905 INFO tempest.lib.common.rest_client [req-6fdceb7f-c6b8-431a-a153-a74b5c7381ec req-6fdceb7f-c6b8-431a-a153-a74b5c7381ec ] Request (ServerActionsV293TestJSON:setUpClass): 201 POST http://10.180.1.21/compute/v2.1/os-keypairs 0.957s
2025-06-03 12:47:20.004 61873 INFO tempest.lib.common.rest_client [req-176517bd-fc39-44f6-95ce-8e874267b894 req-176517bd-fc39-44f6-95ce-8e874267b894 ] Request (AggregatesAdminNegativeTestJSON:test_aggregate_get_details_as_user): 403 GET http://10.180.1.21/compute/v2.1/os-aggregates/6 0.830s
2025-06-03 12:47:20.025 61865 INFO tempest.lib.common.rest_client [req-979064e2-d113-4bba-ad9c-01fbb70f26c7 req-979064e2-d113-4bba-ad9c-01fbb70f26c7 ] Request (FloatingIPsNegativeTestJSON:test_delete_nonexistent_floating_ip): 404 DELETE http://10.180.1.21/compute/v2.1/os-floating-ips/c6e41273-e3fa-4ff8-8672-e6105c436975 0.880s
2025-06-03 12:47:20.038 61927 INFO tempest.lib.common.rest_client [req-05101c7b-534c-47dc-803f-cc84881c007c req-05101c7b-534c-47dc-803f-cc84881c007c ] Request (HypervisorAdminNegativeTestJSON:test_show_hypervisor_with_non_admin_user): 403 GET http://10.180.1.21/compute/v2.1/os-hypervisors/1 0.732s
2025-06-03 12:47:20.055 61887 INFO tempest.lib.common.rest_client [req-e96b8037-11ac-4666-b8ba-f8d1bcd21336 req-e96b8037-11ac-4666-b8ba-f8d1bcd21336 ] Request (MultipleCreateTestJSON:setUpClass): 201 POST http://10.180.1.21/identity/v3/users 0.062s
2025-06-03 12:47:20.069 61881 INFO tempest.lib.common.rest_client [req-9ceacb14-0805-44e5-a395-227fee594e9b req-9ceacb14-0805-44e5-a395-227fee594e9b ] Request (FlavorsAdminTestJSON:_run_cleanups): 200 GET http://10.180.1.21/compute/v2.1/flavors/detail 0.742s
2025-06-03 12:47:20.080 61887 INFO tempest.lib.common.rest_client [req-d442bfe0-727d-4378-bbf9-c339450b3448 req-d442bfe0-727d-4378-bbf9-c339450b3448 ] Request (MultipleCreateTestJSON:setUpClass): 200 GET http://10.180.1.21/identity/v3/roles 0.024s
2025-06-03 12:47:20.108 61887 INFO tempest.lib.common.rest_client [req-45c1caf2-a63d-48e8-9576-041ffdeb3295 req-45c1caf2-a63d-48e8-9576-041ffdeb3295 ] Request (MultipleCreateTestJSON:setUpClass): 204 PUT http://10.180.1.21/identity/v3/projects/5d2daf4ae4164d9c83882d0e64124316/users/c4943bc31b1c4f4396688c44c677db0f/roles/0d3763051dc74fe2bce89d058cb49d83 0.028s
2025-06-03 12:47:20.108 61887 INFO tempest.lib.common.dynamic_creds [-] Dynamic test user c4943bc31b1c4f4396688c44c677db0f is created with scope project and roles: ['member']
2025-06-03 12:47:20.108 61887 INFO tempest.lib.common.dynamic_creds [-] Acquired dynamic creds: credentials: Credentials: {'domain_id': 'default', 'domain_name': 'Default', 'username': 'tempest-MultipleCreateTestJSON-1583574743-project-member', 'project_domain_id': 'default', 'project_domain_name': 'Default', 'project_id': '5d2daf4ae4164d9c83882d0e64124316', 'project_name': 'tempest-MultipleCreateTestJSON-1583574743', 'tenant_id': '5d2daf4ae4164d9c83882d0e64124316', 'tenant_name': 'tempest-MultipleCreateTestJSON-1583574743', 'user_domain_id': 'default', 'user_domain_name': 'Default', 'user_id': 'c4943bc31b1c4f4396688c44c677db0f', 'system': None}, Network: None, Subnet: None, Router: None
2025-06-03 12:47:20.144 61911 INFO tempest.lib.common.rest_client [req-69096d48-1447-43b2-a853-6f9b7d06b064 req-69096d48-1447-43b2-a853-6f9b7d06b064 ] Request (InstanceActionsTestJSON:test_list_instance_actions): 202 POST http://10.180.1.21/compute/v2.1/servers/4f879b20-bae0-4d50-b5e9-378356341962/action 0.769s
2025-06-03 12:47:20.171 61887 INFO tempest.lib.common.rest_client [req-d4aff45d-991a-47a7-8827-a07e045d2d60 req-d4aff45d-991a-47a7-8827-a07e045d2d60 ] Request (MultipleCreateTestJSON:setUpClass): 201 POST http://10.180.1.21/identity/v3/auth/tokens 0.063s
2025-06-03 12:47:20.242 61879 INFO tempest.lib.common.rest_client [req-a5b3043e-7af3-443b-b0f2-e051fa2e334b req-a5b3043e-7af3-443b-b0f2-e051fa2e334b ] Request (ServerDiagnosticsNegativeTest:tearDownClass): 200 GET http://10.180.1.21/compute/v2.1/servers/1a551e66-1b98-44fd-ad16-c20113d9b1a6 0.863s
2025-06-03 12:47:20.332 61915 INFO tempest.lib.common.rest_client [req-323349fc-6302-4e01-b3d2-f19f97479be1 req-323349fc-6302-4e01-b3d2-f19f97479be1 ] Request (ServersAdminNegativeTestJSON:setUpClass): 200 GET http://10.180.1.21/compute/v2.1/servers/8a3ac91d-8949-4745-9161-1a70899c0293 1.119s
2025-06-03 12:47:20.340 61915 INFO tempest.common.waiters [-] State transition "BUILD/spawning" ==> "ACTIVE/None" after 26 second wait
2025-06-03 12:47:20.399 61909 INFO tempest.lib.common.rest_client [req-efe8cbde-efa9-4c1d-85d6-f611a871acaf req-efe8cbde-efa9-4c1d-85d6-f611a871acaf ] Request (QuotaClassesAdminTestJSON:tearDownClass): 200 GET http://10.180.1.21:9696/networking/v2.0/security-groups?tenant_id=6e01c552f59348e98fc31bb511e868c6&name=default 0.473s
2025-06-03 12:47:20.449 61905 INFO tempest.lib.common.rest_client [req-b1254851-92ad-4ff6-8d9a-c6a20fc53be8 req-b1254851-92ad-4ff6-8d9a-c6a20fc53be8 ] Request (ServerActionsV293TestJSON:setUpClass): 201 POST http://10.180.1.21:9696/networking/v2.0/security-groups 0.453s
2025-06-03 12:47:20.491 61903 INFO tempest.lib.common.rest_client [req-ab0d5020-3f10-4309-81c0-b0405df3ab26 req-ab0d5020-3f10-4309-81c0-b0405df3ab26 ] Request (ServersAdmin275Test:test_rebuild_update_server_275): 200 GET http://10.180.1.21/compute/v2.1/servers/5719daa8-a5bc-4604-b465-a57097695c6d 1.027s
2025-06-03 12:47:20.506 61903 INFO tempest.common.waiters [-] State transition "BUILD/spawning" ==> "ACTIVE/None" after 24 second wait
2025-06-03 12:47:20.647 61889 INFO tempest.lib.common.rest_client [req-8159e7ed-0f9c-4828-a5ee-406dff25b5a8 req-8159e7ed-0f9c-4828-a5ee-406dff25b5a8 ] Request (QuotaClassesAdmin257Test:test_update_default_quotas): 200 GET http://10.180.1.21/compute/v2.1/os-quota-class-sets/default 1.108s
2025-06-03 12:47:20.683 61925 INFO tempest.lib.common.rest_client [req-420515ef-e089-4312-85e5-17c3c1752847 req-420515ef-e089-4312-85e5-17c3c1752847 ] Request (FlavorsAccessNegativeTestJSON:_run_cleanups): 200 GET http://10.180.1.21/compute/v2.1/flavors/detail 1.120s
2025-06-03 12:47:20.704 61902 INFO tempest.lib.common.rest_client [req-bfe0ace8-bc5d-4242-b233-6266b9d1bb54 req-bfe0ace8-bc5d-4242-b233-6266b9d1bb54 ] Request (VolumesAdminNegativeTest:setUpClass): 200 PUT http://10.180.1.21:9696/networking/v2.0/routers/73ad288b-b035-4d7e-b91c-b536e15bed6b/add_router_interface 1.929s
2025-06-03 12:47:20.704 61902 INFO tempest.lib.common.dynamic_creds [-] Created isolated network resources for: credentials: Credentials: {'domain_id': 'default', 'domain_name': 'Default', 'username': 'tempest-VolumesAdminNegativeTest-2067435148-project-member', 'project_domain_id': 'default', 'project_domain_name': 'Default', 'project_id': '39f1a55fa71c4ec28278ebd71a4bf4d3', 'project_name': 'tempest-VolumesAdminNegativeTest-2067435148', 'tenant_id': '39f1a55fa71c4ec28278ebd71a4bf4d3', 'tenant_name': 'tempest-VolumesAdminNegativeTest-2067435148', 'user_domain_id': 'default', 'user_domain_name': 'Default', 'user_id': 'cb62f61940d74d3e9db31ff7f3e2456b', 'system': None}, Network: {'id': 'd43bb417-a08b-414d-aadd-b9e754ff3612', 'name': 'tempest-VolumesAdminNegativeTest-1610703633-network', 'tenant_id': '39f1a55fa71c4ec28278ebd71a4bf4d3', 'admin_state_up': True, 'mtu': 8950, 'status': 'ACTIVE', 'subnets': [], 'shared': False, 'project_id': '39f1a55fa71c4ec28278ebd71a4bf4d3', 'port_security_enabled': True, 'router:external': False, 'provider:network_type': 'vlan', 'provider:physical_network': 'default', 'provider:segmentation_id': 974, 'availability_zone_hints': [], 'availability_zones': [], 'ipv4_address_scope': None, 'ipv6_address_scope': None, 'description': '', 'tags': [], 'created_at': '2025-06-03T12:47:16Z', 'updated_at': '2025-06-03T12:47:16Z', 'revision_number': 1}, Subnet: {'id': '667e174b-1bfe-4b9e-aa33-3a4ad4f9277d', 'name': 'tempest-VolumesAdminNegativeTest-1610703633-subnet', 'tenant_id': '39f1a55fa71c4ec28278ebd71a4bf4d3', 'network_id': 'd43bb417-a08b-414d-aadd-b9e754ff3612', 'ip_version': 4, 'subnetpool_id': None, 'enable_dhcp': True, 'ipv6_ra_mode': None, 'ipv6_address_mode': None, 'gateway_ip': '192.168.128.1', 'cidr': '192.168.128.0/28', 'allocation_pools': [{'start': '192.168.128.2', 'end': '192.168.128.14'}], 'host_routes': [], 'dns_nameservers': [], 'description': '', 'router:external': False, 'service_types': [], 'tags': [], 'created_at': '2025-06-03T12:47:16Z', 'updated_at': '2025-06-03T12:47:16Z', 'revision_number': 0, 'project_id': '39f1a55fa71c4ec28278ebd71a4bf4d3'}, Router: {'id': '73ad288b-b035-4d7e-b91c-b536e15bed6b', 'name': 'tempest-VolumesAdminNegativeTest-1610703633-router', 'tenant_id': '39f1a55fa71c4ec28278ebd71a4bf4d3', 'admin_state_up': True, 'status': 'ACTIVE', 'external_gateway_info': {'network_id': 'a034a911-7d23-467a-bb69-9a62a9fa4a81', 'external_fixed_ips': [{'subnet_id': 'fcd3390b-5a65-4bea-b514-5dbd2da3e2a7', 'ip_address': '10.180.180.227'}], 'enable_snat': True}, 'description': '', 'availability_zones': [], 'distributed': False, 'ha': False, 'availability_zone_hints': [], 'routes': [], 'flavor_id': None, 'tags': [], 'created_at': '2025-06-03T12:47:17Z', 'updated_at': '2025-06-03T12:47:18Z', 'revision_number': 2, 'project_id': '39f1a55fa71c4ec28278ebd71a4bf4d3'}
2025-06-03 12:47:20.710 61909 INFO tempest.lib.common.rest_client [req-9bb353ff-1e50-4a84-a094-89d12a038315 req-9bb353ff-1e50-4a84-a094-89d12a038315 ] Request (QuotaClassesAdminTestJSON:tearDownClass): 204 DELETE http://10.180.1.21:9696/networking/v2.0/security-groups/bd78d259-a344-4a41-a87c-7e377e4047db 0.311s
2025-06-03 12:47:20.751 61905 INFO tempest.lib.common.rest_client [req-4f490e13-efbd-4894-bea2-fba65a1f3cb8 req-4f490e13-efbd-4894-bea2-fba65a1f3cb8 ] Request (ServerActionsV293TestJSON:setUpClass): 201 POST http://10.180.1.21:9696/networking/v2.0/security-group-rules 0.301s
2025-06-03 12:47:20.835 61925 INFO tempest.lib.common.rest_client [req-d9cab9c9-ae05-4421-818e-d2c3165e0a82 req-d9cab9c9-ae05-4421-818e-d2c3165e0a82 ] Request (FlavorsAccessNegativeTestJSON:tearDownClass): 204 DELETE http://10.180.1.21/identity/v3/users/79d48d323cae440199235295fb799d96 0.141s
2025-06-03 12:47:20.836 61909 INFO tempest.lib.common.rest_client [req-2ab6138b-ebc7-4526-80d5-ed384bbbea23 req-2ab6138b-ebc7-4526-80d5-ed384bbbea23 ] Request (QuotaClassesAdminTestJSON:tearDownClass): 204 DELETE http://10.180.1.21/identity/v3/projects/6e01c552f59348e98fc31bb511e868c6 0.125s
2025-06-03 12:47:20.836 61909 INFO tempest.lib.common.dynamic_creds [-] Deleting project and security group for project: f750e6ea674f46419defb43b49a191be
2025-06-03 12:47:20.866 61891 WARNING tempest.lib.common.ssh [-] Failed to establish authenticated ssh connection to cirros@10.180.180.176 ([Errno None] Unable to connect to port 22 on 10.180.180.176). Number attempts: 3. Retry after 4 seconds.: paramiko.ssh_exception.NoValidConnectionsError: [Errno None] Unable to connect to port 22 on 10.180.180.176
2025-06-03 12:47:20.923 61902 INFO tempest.lib.common.rest_client [req-893b7d79-2912-4fd1-be7c-c97f5492e797 req-893b7d79-2912-4fd1-be7c-c97f5492e797 ] Request (VolumesAdminNegativeTest:setUpClass): 201 POST http://10.180.1.21/identity/v3/auth/tokens 0.211s
2025-06-03 12:47:20.936 61921 INFO tempest.lib.common.rest_client [req-7036a746-d577-49f3-aa83-2c8efa833b74 req-7036a746-d577-49f3-aa83-2c8efa833b74 ] Request (ImagesTestJSON:test_create_image_from_stopped_server): 200 GET http://10.180.1.21/compute/v2.1/servers/26a6b40e-f8a4-4cc6-bdbb-586ca592901c 1.345s
2025-06-03 12:47:21.045 61925 INFO tempest.lib.common.rest_client [req-5bed83b8-c69e-4ad1-9e07-a5a73af6076e req-5bed83b8-c69e-4ad1-9e07-a5a73af6076e ] Request (FlavorsAccessNegativeTestJSON:tearDownClass): 204 DELETE http://10.180.1.21/identity/v3/users/efc76499d1da44aca672e288fc04aec3 0.209s
2025-06-03 12:47:21.057 61905 INFO tempest.lib.common.rest_client [req-9eafedba-2ec9-4aa0-b301-ec67bfa73235 req-9eafedba-2ec9-4aa0-b301-ec67bfa73235 ] Request (ServerActionsV293TestJSON:setUpClass): 201 POST http://10.180.1.21:9696/networking/v2.0/security-group-rules 0.305s
2025-06-03 12:47:21.117 61923 INFO tempest.lib.common.rest_client [req-bfdbfc90-4c6e-4104-bbbf-e031d2cbc224 req-bfdbfc90-4c6e-4104-bbbf-e031d2cbc224 ] Request (VolumesAssistedSnapshotsTest:test_volume_assisted_snapshot_create_delete): 200 GET http://10.180.1.21/compute/v2.1/servers/0554c462-1dc5-4043-94ac-7a3d28ed05e1 1.656s
2025-06-03 12:47:21.132 61893 INFO tempest.lib.common.rest_client [req-a9f2b6fa-c652-46c1-98f1-ecc69ea6efbd req-a9f2b6fa-c652-46c1-98f1-ecc69ea6efbd ] Request (QuotasAdminNegativeTest:test_update_quota_normal_user): 403 PUT http://10.180.1.21/compute/v2.1/os-quota-sets/3293cd826edd4e2ebe9f9a181457413b 1.168s
2025-06-03 12:47:21.141 61869 INFO tempest.lib.common.rest_client [req-20a4ecfe-4029-4dec-a86b-e00476ee1b2c req-20a4ecfe-4029-4dec-a86b-e00476ee1b2c ] Request (AttachInterfacesUnderV243Test:setUpClass): 201 POST http://10.180.1.21:9696/networking/v2.0/routers 2.640s
2025-06-03 12:47:21.167 61867 INFO tempest.lib.common.rest_client [req-8e0f6a89-6c87-482a-a3fd-ccdad47efc94 req-8e0f6a89-6c87-482a-a3fd-ccdad47efc94 ] Request (ServicesAdminNegativeV253TestJSON:test_get_service_by_invalid_params): 200 GET http://10.180.1.21/compute/v2.1/os-services 1.187s
2025-06-03 12:47:21.168 61902 INFO tempest.lib.common.rest_client [req-12d68726-53f4-41bb-9f1f-7a72ee2c0765 req-12d68726-53f4-41bb-9f1f-7a72ee2c0765 ] Request (VolumesAdminNegativeTest:setUpClass): 201 POST http://10.180.1.21/identity/v3/projects 0.244s
2025-06-03 12:47:21.195 61873 INFO tempest.lib.common.rest_client [req-19c533c8-96f6-48be-af05-ce6ef872c5ad req-19c533c8-96f6-48be-af05-ce6ef872c5ad ] Request (AggregatesAdminNegativeTestJSON:_run_cleanups): 200 DELETE http://10.180.1.21/compute/v2.1/os-aggregates/6 1.189s
2025-06-03 12:47:21.207 61927 INFO tempest.lib.common.rest_client [req-b962a584-9f2f-4175-9613-87da171cb547 req-b962a584-9f2f-4175-9613-87da171cb547 ] Request (HypervisorAdminNegativeTestJSON:test_show_nonexistent_hypervisor): 404 GET http://10.180.1.21/compute/v2.1/os-hypervisors/c36f207c-3f53-4fb2-9c2f-b8b22deea50a 1.167s
2025-06-03 12:47:21.236 61909 INFO tempest.lib.common.rest_client [req-a0a00f35-293c-4ac7-a3ed-429ba7ff9b4b req-a0a00f35-293c-4ac7-a3ed-429ba7ff9b4b ] Request (QuotaClassesAdminTestJSON:tearDownClass): 200 GET http://10.180.1.21:9696/networking/v2.0/security-groups?tenant_id=f750e6ea674f46419defb43b49a191be&name=default 0.400s
2025-06-03 12:47:21.282 61925 INFO tempest.lib.common.rest_client [req-94974fe8-2986-476e-b8ec-d28f4c7076be req-94974fe8-2986-476e-b8ec-d28f4c7076be ] Request (FlavorsAccessNegativeTestJSON:tearDownClass): 204 DELETE http://10.180.1.21/identity/v3/users/8b7cbfa7011b4406bedd5e2d2d245fb4 0.236s
2025-06-03 12:47:21.282 61925 INFO tempest.lib.common.dynamic_creds [-] Deleting project and security group for project: 7f681195cc1c410f80570cff2b9ab51c
2025-06-03 12:47:21.361 61902 INFO tempest.lib.common.rest_client [req-6a0bf6d2-a3e0-4a58-8dcb-0f7e8491ee4d req-6a0bf6d2-a3e0-4a58-8dcb-0f7e8491ee4d ] Request (VolumesAdminNegativeTest:setUpClass): 201 POST http://10.180.1.21/identity/v3/users 0.191s
2025-06-03 12:47:21.377 61893 INFO tempest.lib.common.rest_client [req-24690e46-3adb-4104-8354-6d0cdc855005 req-24690e46-3adb-4104-8354-6d0cdc855005 ] Request (QuotasAdminNegativeTest:tearDownClass): 204 DELETE http://10.180.1.21/identity/v3/users/b24dce45705944e0960f6e01586616e5 0.244s
2025-06-03 12:47:21.446 61925 INFO tempest.lib.common.rest_client [req-14279389-762f-4cd6-8542-db61136d9315 req-14279389-762f-4cd6-8542-db61136d9315 ] Request (FlavorsAccessNegativeTestJSON:tearDownClass): 201 POST http://10.180.1.21/identity/v3/auth/tokens 0.163s
2025-06-03 12:47:21.487 61927 INFO tempest.lib.common.rest_client [req-888f30a2-38a1-403a-9b6c-ee60c3a5976d req-888f30a2-38a1-403a-9b6c-ee60c3a5976d ] Request (HypervisorAdminNegativeTestJSON:tearDownClass): 204 DELETE http://10.180.1.21/identity/v3/users/43e4f7c58db8403b80256c30719b0fcb 0.275s
2025-06-03 12:47:21.533 61902 INFO tempest.lib.common.rest_client [req-21499861-87af-4e68-a691-37b808dc66a2 req-21499861-87af-4e68-a691-37b808dc66a2 ] Request (VolumesAdminNegativeTest:setUpClass): 200 GET http://10.180.1.21/identity/v3/roles 0.172s
2025-06-03 12:47:21.554 61897 INFO tempest.lib.common.rest_client [req-ffafd485-2522-4686-8ea6-9c0378e4e182 req-ffafd485-2522-4686-8ea6-9c0378e4e182 ] Request (InstanceActionsV221TestJSON:test_get_list_deleted_instance_actions): 200 GET http://10.180.1.21/compute/v2.1/servers/1dda6a7b-ff1e-488a-af42-2e4ffc16b5a3 1.679s
2025-06-03 12:47:21.564 61875 INFO tempest.lib.common.rest_client [req-ac0a571d-6fdc-4885-a575-727da2aeace5 req-ac0a571d-6fdc-4885-a575-727da2aeace5 ] Request (FloatingIPsAssociationTestJSON:setUpClass): 200 GET http://10.180.1.21/compute/v2.1/servers/d7ed99e5-3f96-4053-9b9a-a4b7edb1f351 1.493s
2025-06-03 12:47:21.586 61909 INFO tempest.lib.common.rest_client [req-38e1607a-11b7-4284-a2c9-2e8811152043 req-38e1607a-11b7-4284-a2c9-2e8811152043 ] Request (QuotaClassesAdminTestJSON:tearDownClass): 204 DELETE http://10.180.1.21:9696/networking/v2.0/security-groups/380e3636-219c-4727-98c9-768a1ad9b31a 0.347s
2025-06-03 12:47:21.601 61881 INFO tempest.lib.common.rest_client [req-7030cffb-d97f-4ef8-adba-6012fce4ddbe req-7030cffb-d97f-4ef8-adba-6012fce4ddbe ] Request (FlavorsAdminTestJSON:test_is_public_string_variations): 200 POST http://10.180.1.21/compute/v2.1/flavors 1.523s
2025-06-03 12:47:21.606 61887 INFO tempest.lib.common.rest_client [req-85d09cdc-3078-470b-91ed-be9b679b4d73 req-85d09cdc-3078-470b-91ed-be9b679b4d73 ] Request (MultipleCreateTestJSON:setUpClass): 201 POST http://10.180.1.21:9696/networking/v2.0/networks 1.434s
2025-06-03 12:47:21.649 61893 INFO tempest.lib.common.rest_client [req-1833c6bc-6cd1-4b19-9e66-82dd885ab295 req-1833c6bc-6cd1-4b19-9e66-82dd885ab295 ] Request (QuotasAdminNegativeTest:tearDownClass): 204 DELETE http://10.180.1.21/identity/v3/users/2a299eecc77c444a8c4a2c939ebc1e9c 0.271s
2025-06-03 12:47:21.649 61893 INFO tempest.lib.common.dynamic_creds [-] Deleting project and security group for project: 241226ef6af549f5a646acc37209a7c8
2025-06-03 12:47:21.721 61899 INFO tempest.lib.common.rest_client [req-37bce9bd-45ef-48a6-8cd6-6cf7fedd711f req-37bce9bd-45ef-48a6-8cd6-6cf7fedd711f ] Request (FloatingIPsAssociationNegativeTestJSON:setUpClass): 200 GET http://10.180.1.21/compute/v2.1/servers/1bf6b40d-8b9d-4e3e-8dda-9170d88e002d 1.570s
2025-06-03 12:47:21.736 61902 INFO tempest.lib.common.rest_client [req-275b6106-959d-4887-b722-1c5b297ca52e req-275b6106-959d-4887-b722-1c5b297ca52e ] Request (VolumesAdminNegativeTest:setUpClass): 204 PUT http://10.180.1.21/identity/v3/projects/0e8ff049b81b4019816c803e15b4e473/users/d30752ad531d4b38abac65479f220b58/roles/b5aa74d186714b029c2df122f5c5b90d 0.203s
2025-06-03 12:47:21.821 61927 INFO tempest.lib.common.rest_client [req-76694d72-050a-4d50-b609-14c252c97c36 req-76694d72-050a-4d50-b609-14c252c97c36 ] Request (HypervisorAdminNegativeTestJSON:tearDownClass): 204 DELETE http://10.180.1.21/identity/v3/users/a2dc77803be24ed185a2158ed4ae39a1 0.333s
2025-06-03 12:47:21.821 61927 INFO tempest.lib.common.dynamic_creds [-] Deleting project and security group for project: 874a0268ed8c471c8d99630dd7faf6cd
2025-06-03 12:47:21.894 61911 INFO tempest.lib.common.rest_client [req-d3b6b1e4-e076-4d13-8ff2-c02392825407 req-d3b6b1e4-e076-4d13-8ff2-c02392825407 ] Request (InstanceActionsTestJSON:test_list_instance_actions): 200 GET http://10.180.1.21/compute/v2.1/servers/4f879b20-bae0-4d50-b5e9-378356341962 1.750s
2025-06-03 12:47:21.922 61893 INFO tempest.lib.common.rest_client [req-8e0d1407-e211-4d43-9e73-ff5b7d5f5bd4 req-8e0d1407-e211-4d43-9e73-ff5b7d5f5bd4 ] Request (QuotasAdminNegativeTest:tearDownClass): 201 POST http://10.180.1.21/identity/v3/auth/tokens 0.273s
2025-06-03 12:47:21.934 61883 INFO tempest.lib.common.rest_client [req-ef281db0-8a15-440b-a387-5da05f51ad1c req-ef281db0-8a15-440b-a387-5da05f51ad1c ] Request (TenantUsagesTestJSON:tearDownClass): 200 GET http://10.180.1.21/compute/v2.1/servers/256e48c1-81de-4d32-97dc-ba80541a9239 1.647s
2025-06-03 12:47:21.962 61909 INFO tempest.lib.common.rest_client [req-59a8caeb-25df-44dc-8964-45ac66d8ba2d req-59a8caeb-25df-44dc-8964-45ac66d8ba2d ] Request (QuotaClassesAdminTestJSON:tearDownClass): 204 DELETE http://10.180.1.21/identity/v3/projects/f750e6ea674f46419defb43b49a191be 0.376s
2025-06-03 12:47:22.040 61902 INFO tempest.lib.common.rest_client [req-2fe90b71-e36e-4974-9c90-4d869f232bf1 req-2fe90b71-e36e-4974-9c90-4d869f232bf1 ] Request (VolumesAdminNegativeTest:setUpClass): 200 GET http://10.180.1.21/identity/v3/roles 0.303s
2025-06-03 12:47:22.138 61927 INFO tempest.lib.common.rest_client [req-a36cefaf-551d-4fbb-b51d-fc73a06eeffb req-a36cefaf-551d-4fbb-b51d-fc73a06eeffb ] Request (HypervisorAdminNegativeTestJSON:tearDownClass): 201 POST http://10.180.1.21/identity/v3/auth/tokens 0.316s
2025-06-03 12:47:22.190 61915 INFO tempest.lib.common.rest_client [req-88c1f318-8373-471e-ba49-04847da88b24 req-88c1f318-8373-471e-ba49-04847da88b24 ] Request (ServersAdminNegativeTestJSON:test_migrate_non_existent_server): 404 POST http://10.180.1.21/compute/v2.1/servers/cc969d5b-8e45-4561-b5c9-f63cd0992a6b/action 1.848s
2025-06-03 12:47:22.198 61902 INFO tempest.lib.common.rest_client [req-bcd684a6-c73a-4560-b3df-fd021ab668f1 req-bcd684a6-c73a-4560-b3df-fd021ab668f1 ] Request (VolumesAdminNegativeTest:setUpClass): 204 PUT http://10.180.1.21/identity/v3/projects/0e8ff049b81b4019816c803e15b4e473/users/d30752ad531d4b38abac65479f220b58/roles/b5aa74d186714b029c2df122f5c5b90d 0.156s
2025-06-03 12:47:22.198 61902 INFO tempest.lib.common.dynamic_creds [-] Dynamic test user d30752ad531d4b38abac65479f220b58 is created with scope project and roles: ['admin']
2025-06-03 12:47:22.198 61902 INFO tempest.lib.common.dynamic_creds [-] Acquired dynamic creds: credentials: Credentials: {'domain_id': 'default', 'domain_name': 'Default', 'username': 'tempest-VolumesAdminNegativeTest-276056641-project-admin', 'project_domain_id': 'default', 'project_domain_name': 'Default', 'project_id': '0e8ff049b81b4019816c803e15b4e473', 'project_name': 'tempest-VolumesAdminNegativeTest-276056641', 'tenant_id': '0e8ff049b81b4019816c803e15b4e473', 'tenant_name': 'tempest-VolumesAdminNegativeTest-276056641', 'user_domain_id': 'default', 'user_domain_name': 'Default', 'user_id': 'd30752ad531d4b38abac65479f220b58', 'system': None}, Network: None, Subnet: None, Router: None
2025-06-03 12:47:22.333 61925 INFO tempest.lib.common.rest_client [req-63a30a5e-e659-4dbb-85fc-2ecd78c72355 req-63a30a5e-e659-4dbb-85fc-2ecd78c72355 ] Request (FlavorsAccessNegativeTestJSON:tearDownClass): 200 GET http://10.180.1.21:9696/networking/v2.0/security-groups?tenant_id=7f681195cc1c410f80570cff2b9ab51c&name=default 0.886s
2025-06-03 12:47:22.347 61915 INFO tempest.lib.common.rest_client [req-aede7784-0e94-4c73-9774-54a34307870d req-aede7784-0e94-4c73-9774-54a34307870d ] Request (ServersAdminNegativeTestJSON:test_migrate_server_invalid_state): 201 POST http://10.180.1.21/identity/v3/auth/tokens 0.141s
2025-06-03 12:47:22.347 61915 INFO tempest.lib.common.fixed_network [-] (ServersAdminNegativeTestJSON:test_migrate_server_invalid_state) Found network None available for tenant
2025-06-03 12:47:22.413 61917 INFO tempest.lib.common.rest_client [req-01f6d5c9-e1e6-419e-8837-f297b651b196 req-01f6d5c9-e1e6-419e-8837-f297b651b196 ] Request (DeleteServersAdminTestJSON:test_admin_delete_servers_of_others): 200 GET http://10.180.1.21/compute/v2.1/servers/2a43ac48-cdea-48c8-b3d2-e939c69ce2dc 1.967s
2025-06-03 12:47:22.665 61865 INFO tempest.lib.common.rest_client [req-7283c370-70e9-4aa7-92f1-fb620832fd2f req-7283c370-70e9-4aa7-92f1-fb620832fd2f ] Request (FloatingIPsNegativeTestJSON:tearDownClass): 200 PUT http://10.180.1.21:9696/networking/v2.0/routers/150202d3-acd9-4a3c-828e-8b47c7da7dff/remove_router_interface 2.638s
2025-06-03 12:47:22.683 61885 INFO tempest.lib.common.rest_client [req-42810ede-dfc8-453d-b726-591cb32329ac req-42810ede-dfc8-453d-b726-591cb32329ac ] Request (MigrationsAdminTest:test_list_migrations_in_flavor_resize_situation): 200 GET http://10.180.1.21/compute/v2.1/servers/eced4107-b99e-479e-b22c-2157320ecf95 2.320s
2025-06-03 12:47:22.781 61903 INFO tempest.lib.common.rest_client [req-5c89a273-67e6-45d2-ae3a-73341b79563d req-5c89a273-67e6-45d2-ae3a-73341b79563d ] Request (ServersAdmin275Test:test_rebuild_update_server_275): 202 POST http://10.180.1.21/compute/v2.1/servers/5719daa8-a5bc-4604-b465-a57097695c6d/action 2.274s
2025-06-03 12:47:22.807 61905 INFO tempest.lib.common.rest_client [req-3175c843-ed8b-467c-943a-a9a75df00719 req-3175c843-ed8b-467c-943a-a9a75df00719 ] Request (ServerActionsV293TestJSON:setUpClass): 201 POST http://10.180.1.21:9696/networking/v2.0/floatingips 1.749s
2025-06-03 12:47:22.831 61877 INFO tempest.lib.common.rest_client [req-84ae7a41-292b-4ab7-8c62-bf728162872f req-84ae7a41-292b-4ab7-8c62-bf728162872f ] Request (ServersWithSpecificFlavorTestJSON:test_verify_created_server_ephemeral_disk): 200 GET http://10.180.1.21/compute/v2.1/servers/e8c954ec-de76-4d3e-9a63-6c30523d5b63 2.289s
2025-06-03 12:47:22.893 61905 INFO tempest.lib.common.rest_client [req-752f413d-a7d9-411d-9255-02a3cf31d7a9 req-752f413d-a7d9-411d-9255-02a3cf31d7a9 ] Request (ServerActionsV293TestJSON:setUpClass): 201 POST http://10.180.1.21/identity/v3/auth/tokens 0.082s
2025-06-03 12:47:22.893 61905 INFO tempest.lib.common.fixed_network [-] (ServerActionsV293TestJSON:setUpClass) Found network {'id': '1d9a30ee-02cb-4684-9776-a725dcfd5617', 'name': 'tempest-ServerActionsV293TestJSON-857592221-network', 'tenant_id': '723b7377d6c8413cb6ef900c8404b0b5', 'admin_state_up': True, 'mtu': 8950, 'status': 'ACTIVE', 'subnets': [], 'shared': False, 'project_id': '723b7377d6c8413cb6ef900c8404b0b5', 'port_security_enabled': True, 'router:external': False, 'provider:network_type': 'vlan', 'provider:physical_network': 'default', 'provider:segmentation_id': 248, 'availability_zone_hints': [], 'availability_zones': [], 'ipv4_address_scope': None, 'ipv6_address_scope': None, 'description': '', 'tags': [], 'created_at': '2025-06-03T12:47:14Z', 'updated_at': '2025-06-03T12:47:14Z', 'revision_number': 1} available for tenant
2025-06-03 12:47:22.951 61913 INFO tempest.lib.common.rest_client [req-dcd859df-65b8-48e1-90a0-e092b446879e req-dcd859df-65b8-48e1-90a0-e092b446879e ] Request (ServerDiagnosticsV248Test:tearDownClass): 200 GET http://10.180.1.21/compute/v2.1/servers/579fb20b-083f-4227-9a13-c0f1ea36e272 2.399s
2025-06-03 12:47:22.960 61925 INFO tempest.lib.common.rest_client [req-ccea73a6-c14c-4100-bd28-7a6c98494217 req-ccea73a6-c14c-4100-bd28-7a6c98494217 ] Request (FlavorsAccessNegativeTestJSON:tearDownClass): 204 DELETE http://10.180.1.21:9696/networking/v2.0/security-groups/ec283469-f5c8-4c26-9c27-47b3f256cea4 0.627s
2025-06-03 12:47:22.964 61913 INFO tempest.common.waiters [-] State transition "ACTIVE/deleting" ==> "DELETED/None" after 5 second wait
2025-06-03 12:47:23.015 61889 INFO tempest.lib.common.rest_client [req-4979fc65-0805-4d38-990d-c4e32d3fef32 req-4979fc65-0805-4d38-990d-c4e32d3fef32 ] Request (QuotaClassesAdmin257Test:test_update_default_quotas): 200 PUT http://10.180.1.21/compute/v2.1/os-quota-class-sets/default 2.366s
2025-06-03 12:47:23.035 61927 INFO tempest.lib.common.rest_client [req-30b367d7-43d6-4cb1-b035-9c875123b35a req-30b367d7-43d6-4cb1-b035-9c875123b35a ] Request (HypervisorAdminNegativeTestJSON:tearDownClass): 200 GET http://10.180.1.21:9696/networking/v2.0/security-groups?tenant_id=874a0268ed8c471c8d99630dd7faf6cd&name=default 0.896s
2025-06-03 12:47:23.068 61887 INFO tempest.lib.common.rest_client [req-ef5cbf48-2e29-4bb9-922b-6f1c32f45967 req-ef5cbf48-2e29-4bb9-922b-6f1c32f45967 ] Request (MultipleCreateTestJSON:setUpClass): 201 POST http://10.180.1.21:9696/networking/v2.0/subnets 1.462s
2025-06-03 12:47:23.086 61925 INFO tempest.lib.common.rest_client [req-9752a42b-8339-4f89-a8dd-cf0f86b89554 req-9752a42b-8339-4f89-a8dd-cf0f86b89554 ] Request (FlavorsAccessNegativeTestJSON:tearDownClass): 204 DELETE http://10.180.1.21/identity/v3/projects/7f681195cc1c410f80570cff2b9ab51c 0.126s
2025-06-03 12:47:23.086 61925 INFO tempest.lib.common.dynamic_creds [-] Deleting project and security group for project: 66fc62678c3c48a5a39c91bedc0318e4
2025-06-03 12:47:23.194 61893 INFO tempest.lib.common.rest_client [req-3548a226-9075-4397-ac1a-bc87572fc8fd req-3548a226-9075-4397-ac1a-bc87572fc8fd ] Request (QuotasAdminNegativeTest:tearDownClass): 200 GET http://10.180.1.21:9696/networking/v2.0/security-groups?tenant_id=241226ef6af549f5a646acc37209a7c8&name=default 1.272s
2025-06-03 12:47:23.218 61871 INFO tempest.lib.common.rest_client [req-f313d40b-0130-475b-821a-c637515dca3b req-f313d40b-0130-475b-821a-c637515dca3b ] Request (ServerDiagnosticsTest:tearDownClass): 200 GET http://10.180.1.21/compute/v2.1/servers/5d9eadff-7f13-4720-8119-5829b4802c21 2.523s
2025-06-03 12:47:23.352 61907 INFO tempest.lib.common.rest_client [req-3e8890f8-6c5f-4deb-b2ad-28e7ebb483d6 req-3e8890f8-6c5f-4deb-b2ad-28e7ebb483d6 ] Request (ImagesNegativeTestJSON:test_create_image_from_deleted_server): 200 GET http://10.180.1.21/compute/v2.1/servers/8214216a-0256-467e-ac4c-1d14b0f73b77 2.638s
2025-06-03 12:47:23.363 61907 INFO tempest.common.waiters [-] State transition "BUILD/None" ==> "BUILD/spawning" after 23 second wait
2025-06-03 12:47:23.378 61895 INFO tempest.lib.common.rest_client [req-b6d30d2a-76ea-4f36-96fc-b23e9b005365 req-b6d30d2a-76ea-4f36-96fc-b23e9b005365 ] Request (ServersTestFqdnHostnames:test_create_server_with_fqdn_name): 200 GET http://10.180.1.21/compute/v2.1/servers/b2579785-d1a4-48da-ba27-6ee3098578f1 2.755s
2025-06-03 12:47:23.380 61867 INFO tempest.lib.common.rest_client [req-3953ff59-2a03-46d9-9cf5-41f195e24115 req-3953ff59-2a03-46d9-9cf5-41f195e24115 ] Request (ServicesAdminNegativeV253TestJSON:test_get_service_by_invalid_params): 200 GET http://10.180.1.21/compute/v2.1/os-services?xxx=nova-compute 2.205s
2025-06-03 12:47:23.387 61873 INFO tempest.lib.common.rest_client [req-3aad3005-15b5-45d7-a9b6-d6569c8ea2d6 req-3aad3005-15b5-45d7-a9b6-d6569c8ea2d6 ] Request (AggregatesAdminNegativeTestJSON:test_aggregate_get_details_with_invalid_id): 404 GET http://10.180.1.21/compute/v2.1/os-aggregates/-1 2.190s
2025-06-03 12:47:23.392 61895 INFO tempest.common.waiters [-] State transition "BUILD/networking" ==> "BUILD/spawning" after 23 second wait
2025-06-03 12:47:23.420 61881 INFO tempest.lib.common.rest_client [req-7bb0a7b9-1b3f-4f12-9fdf-6f2721d4bd9b req-7bb0a7b9-1b3f-4f12-9fdf-6f2721d4bd9b ] Request (FlavorsAdminTestJSON:test_is_public_string_variations): 200 POST http://10.180.1.21/compute/v2.1/flavors 1.816s
2025-06-03 12:47:23.523 61879 INFO tempest.lib.common.rest_client [req-1643ba94-2f1b-4085-9fb3-bb1b5ad8534d req-1643ba94-2f1b-4085-9fb3-bb1b5ad8534d ] Request (ServerDiagnosticsNegativeTest:tearDownClass): 200 GET http://10.180.1.21/compute/v2.1/servers/1a551e66-1b98-44fd-ad16-c20113d9b1a6 2.269s
2025-06-03 12:47:23.537 61921 INFO tempest.lib.common.rest_client [req-324891c0-ed60-408d-81d7-162bcd9f63e7 req-324891c0-ed60-408d-81d7-162bcd9f63e7 ] Request (ImagesTestJSON:test_create_image_from_stopped_server): 200 GET http://10.180.1.21/compute/v2.1/servers/26a6b40e-f8a4-4cc6-bdbb-586ca592901c 1.582s
2025-06-03 12:47:23.562 61902 INFO tempest.lib.common.rest_client [req-7d475775-bf1d-483c-9351-159b0e146c58 req-7d475775-bf1d-483c-9351-159b0e146c58 ] Request (VolumesAdminNegativeTest:setUpClass): 201 POST http://10.180.1.21:9696/networking/v2.0/networks 1.363s
2025-06-03 12:47:23.591 61927 INFO tempest.lib.common.rest_client [req-da00eb26-92ec-4bbe-aa6c-dc023cbc3ce2 req-da00eb26-92ec-4bbe-aa6c-dc023cbc3ce2 ] Request (HypervisorAdminNegativeTestJSON:tearDownClass): 204 DELETE http://10.180.1.21:9696/networking/v2.0/security-groups/3a9c7d2c-6fd0-4bda-850c-c8d5dbe16e12 0.556s
2025-06-03 12:47:23.606 61905 INFO tempest.lib.common.rest_client [req-3cf2c0fc-ff25-4bae-b3eb-9538d99f4027 req-3cf2c0fc-ff25-4bae-b3eb-9538d99f4027 ] Request (ServerActionsV293TestJSON:setUpClass): 202 POST http://10.180.1.21/volume/v3/volumes 0.712s
2025-06-03 12:47:23.612 61925 INFO tempest.lib.common.rest_client [req-5cff8fa1-9e0e-49b9-a481-7065140e1e79 req-5cff8fa1-9e0e-49b9-a481-7065140e1e79 ] Request (FlavorsAccessNegativeTestJSON:tearDownClass): 200 GET http://10.180.1.21:9696/networking/v2.0/security-groups?tenant_id=66fc62678c3c48a5a39c91bedc0318e4&name=default 0.525s
2025-06-03 12:47:23.657 61893 INFO tempest.lib.common.rest_client [req-01b6d74a-7a1f-4540-8eff-3dae666a9f55 req-01b6d74a-7a1f-4540-8eff-3dae666a9f55 ] Request (QuotasAdminNegativeTest:tearDownClass): 204 DELETE http://10.180.1.21:9696/networking/v2.0/security-groups/6f1c986b-5225-425e-8998-c1d1e352daeb 0.462s
2025-06-03 12:47:23.681 61905 INFO tempest.lib.common.rest_client [req-f28a2d34-994b-4b86-bb82-b106088b04ee req-f28a2d34-994b-4b86-bb82-b106088b04ee ] Request (ServerActionsV293TestJSON:setUpClass): 200 GET http://10.180.1.21/volume/v3/volumes/7578d319-27d0-4d5d-99aa-9bce7818396d 0.060s
2025-06-03 12:47:23.794 61927 INFO tempest.lib.common.rest_client [req-27d6f3b9-027c-4d6e-8173-96791e9272a4 req-27d6f3b9-027c-4d6e-8173-96791e9272a4 ] Request (HypervisorAdminNegativeTestJSON:tearDownClass): 204 DELETE http://10.180.1.21/identity/v3/projects/874a0268ed8c471c8d99630dd7faf6cd 0.201s
2025-06-03 12:47:23.794 61927 INFO tempest.lib.common.dynamic_creds [-] Deleting project and security group for project: 8c5d81554898497a849cb22638f27b66
2025-06-03 12:47:23.843 61923 INFO tempest.lib.common.rest_client [req-e9150191-e5ea-455c-a310-80938b5dd6e0 req-e9150191-e5ea-455c-a310-80938b5dd6e0 ] Request (VolumesAssistedSnapshotsTest:test_volume_assisted_snapshot_create_delete): 200 GET http://10.180.1.21/compute/v2.1/servers/0554c462-1dc5-4043-94ac-7a3d28ed05e1 1.710s
2025-06-03 12:47:23.966 61893 INFO tempest.lib.common.rest_client [req-6c42b01a-9d3c-4332-8966-8ff961313e86 req-6c42b01a-9d3c-4332-8966-8ff961313e86 ] Request (QuotasAdminNegativeTest:tearDownClass): 204 DELETE http://10.180.1.21/identity/v3/projects/241226ef6af549f5a646acc37209a7c8 0.308s
2025-06-03 12:47:23.966 61893 INFO tempest.lib.common.dynamic_creds [-] Deleting project and security group for project: 3293cd826edd4e2ebe9f9a181457413b
2025-06-03 12:47:24.137 61865 INFO tempest.lib.common.rest_client [req-d4e8c733-25dc-4f15-a2a4-e616113c6934 req-d4e8c733-25dc-4f15-a2a4-e616113c6934 ] Request (FloatingIPsNegativeTestJSON:tearDownClass): 204 DELETE http://10.180.1.21:9696/networking/v2.0/routers/150202d3-acd9-4a3c-828e-8b47c7da7dff 1.472s
2025-06-03 12:47:24.277 61925 INFO tempest.lib.common.rest_client [req-a93abfd6-a58b-43dc-9669-faa8fd735350 req-a93abfd6-a58b-43dc-9669-faa8fd735350 ] Request (FlavorsAccessNegativeTestJSON:tearDownClass): 204 DELETE http://10.180.1.21:9696/networking/v2.0/security-groups/6d47e1ff-2033-40bf-a845-d650baecf6c7 0.665s
2025-06-03 12:47:24.394 61915 INFO tempest.lib.common.rest_client [req-2c42426e-d2b4-46e0-b2a4-efd2bad360c0 req-2c42426e-d2b4-46e0-b2a4-efd2bad360c0 ] Request (ServersAdminNegativeTestJSON:test_migrate_server_invalid_state): 202 POST http://10.180.1.21/compute/v2.1/servers 2.046s
2025-06-03 12:47:24.444 61897 INFO tempest.lib.common.rest_client [req-bdd8973b-db87-4f06-ad51-d9155a227b3c req-bdd8973b-db87-4f06-ad51-d9155a227b3c ] Request (InstanceActionsV221TestJSON:test_get_list_deleted_instance_actions): 200 GET http://10.180.1.21/compute/v2.1/servers/1dda6a7b-ff1e-488a-af42-2e4ffc16b5a3 1.866s
2025-06-03 12:47:24.469 61925 INFO tempest.lib.common.rest_client [req-fb21a8a8-5a86-48fa-b59e-e06990ebdf60 req-fb21a8a8-5a86-48fa-b59e-e06990ebdf60 ] Request (FlavorsAccessNegativeTestJSON:tearDownClass): 204 DELETE http://10.180.1.21/identity/v3/projects/66fc62678c3c48a5a39c91bedc0318e4 0.191s
2025-06-03 12:47:24.469 61925 INFO tempest.lib.common.dynamic_creds [-] Deleting project and security group for project: f7081b989d73497096a230fe728015be
