2025-06-03 12:48:20.314 61925 INFO tempest.lib.common.rest_client [req-4b7206c6-12cd-416a-b17d-758902df4ac9 req-4b7206c6-12cd-416a-b17d-758902df4ac9 ] Request (ServerMetadataTestJSON:setUpClass): 200 GET http://10.180.1.21/compute/v2.1/servers/2a0576f9-d740-4dfa-9783-17eb3987840b 1.333s
2025-06-03 12:48:20.395 61879 INFO tempest.lib.common.rest_client [req-8bdb3268-47b5-4cae-b2c0-efb7bd844265 req-8bdb3268-47b5-4cae-b2c0-efb7bd844265 ] Request (ListImageFiltersTestJSON:setUpClass): 200 GET http://10.180.1.21/compute/v2.1/servers/7d2bad05-c461-43b9-9dd0-bdefbd33e3a2 1.294s
2025-06-03 12:48:20.461 61921 INFO tempest.lib.common.rest_client [req-8312e14b-9457-4bd9-9a20-ea85599aec6c req-8312e14b-9457-4bd9-9a20-ea85599aec6c ] Request (ImagesTestJSON:test_create_image_from_suspended_server): 200 GET http://10.180.1.21/compute/v2.1/servers/13db992b-db13-451f-a853-9b7de28b9184 1.132s
2025-06-03 12:48:20.532 61877 WARNING tempest.lib.common.ssh [-] Failed to establish authenticated ssh connection to cirros@10.180.180.168 ([Errno None] Unable to connect to port 22 on 10.180.180.168). Number attempts: 5. Retry after 6 seconds.: paramiko.ssh_exception.NoValidConnectionsError: [Errno None] Unable to connect to port 22 on 10.180.180.168
2025-06-03 12:48:20.696 61887 INFO tempest.lib.common.rest_client [req-948e3dcb-1bbf-47da-b3a2-69b82f55d6f6 req-948e3dcb-1bbf-47da-b3a2-69b82f55d6f6 ] Request (MultipleCreateTestJSON:test_multiple_create): 200 GET http://10.180.1.21/compute/v2.1/servers/72656070-cfd0-4104-a9c7-ec20c5a6238a 1.334s
2025-06-03 12:48:20.708 61887 INFO tempest.common.waiters [-] State transition "BUILD/spawning" ==> "ACTIVE/None" after 44 second wait
2025-06-03 12:48:20.799 61893 INFO tempest.lib.common.rest_client [req-03ff984f-088f-4f34-96dd-614643380f90 req-03ff984f-088f-4f34-96dd-614643380f90 ] Request (ServerExternalEventsTest:tearDownClass): 200 GET http://10.180.1.21/compute/v2.1/servers/9dbff26a-210c-4e80-812f-c91debe3e9c1 1.162s
2025-06-03 12:48:20.814 61893 INFO tempest.common.waiters [-] State transition "ACTIVE/deleting" ==> "DELETED/None" after 5 second wait
2025-06-03 12:48:20.846 61891 WARNING tempest.lib.common.ssh [-] Failed to establish authenticated ssh connection to cirros@10.180.180.176 ([Errno None] Unable to connect to port 22 on 10.180.180.176). Number attempts: 3. Retry after 4 seconds.: paramiko.ssh_exception.NoValidConnectionsError: [Errno None] Unable to connect to port 22 on 10.180.180.176
2025-06-03 12:48:20.895 61905 INFO tempest.lib.common.rest_client [req-8281b9c0-b22d-4913-b78c-2c3a011b911f req-8281b9c0-b22d-4913-b78c-2c3a011b911f ] Request (ServerActionsV293TestJSON:setUpClass): 200 GET http://10.180.1.21/compute/v2.1/servers/26e339f1-182b-4f00-b7c2-a2a32e942d04 1.130s
2025-06-03 12:48:21.045 61871 INFO tempest.lib.common.rest_client [req-91455120-6cf3-482c-b6d6-64230605969a req-91455120-6cf3-482c-b6d6-64230605969a ] Request (DeleteServersTestJSON:test_delete_active_server): 202 POST http://10.180.1.21/compute/v2.1/servers 1.753s
2025-06-03 12:48:21.099 61897 INFO tempest.lib.common.rest_client [req-9e8b9257-c790-44fe-979e-ea58f5a7b613 req-9e8b9257-c790-44fe-979e-ea58f5a7b613 ] Request (ServerShowV247Test:test_show_server): 202 POST http://10.180.1.21/compute/v2.1/servers 1.269s
2025-06-03 12:48:21.158 61875 INFO tempest.lib.common.rest_client [req-46973be2-521b-4da5-a9b5-e523f7711af2 req-46973be2-521b-4da5-a9b5-e523f7711af2 ] Request (FloatingIPsAssociationTestJSON:test_associate_already_associated_floating_ip): 200 GET http://10.180.1.21/compute/v2.1/servers/5a284df5-88ea-43bf-9944-ef344f99591c 1.318s
2025-06-03 12:48:21.189 61883 INFO tempest.lib.common.rest_client [req-88a3d87d-84da-48ac-83ca-e922f85f5f93 req-88a3d87d-84da-48ac-83ca-e922f85f5f93 ] Request (ServersV294TestFqdnHostnames:setUpClass): 200 GET http://10.180.1.21/compute/v2.1/servers/9cf6dd9e-40e9-4df6-9342-2850e0f93d85 1.241s
2025-06-03 12:48:21.289 61889 INFO tempest.lib.common.rest_client [req-c95807cc-2d24-492f-9199-997cb9b0b819 req-c95807cc-2d24-492f-9199-997cb9b0b819 ] Request (ServersAdminTestJSON:setUpClass): 200 GET http://10.180.1.21/compute/v2.1/servers/8d838d3b-32ad-4bb2-839e-6bd81c363447 0.949s
2025-06-03 12:48:21.410 61867 INFO tempest.lib.common.rest_client [req-0d5e3534-d82a-425b-9a25-04469b325c27 req-0d5e3534-d82a-425b-9a25-04469b325c27 ] Request (ServerMetadataNegativeTestJSON:setUpClass): 200 GET http://10.180.1.21/compute/v2.1/servers/1722d63d-e604-44fe-8198-13e6c5bce016 0.964s
2025-06-03 12:48:21.434 61885 INFO tempest.lib.common.rest_client [req-a5f482a6-0dd2-4eb8-815d-e3b8c7601955 req-a5f482a6-0dd2-4eb8-815d-e3b8c7601955 ] Request (MigrationsAdminTest:test_list_migrations_in_flavor_resize_situation): 200 GET http://10.180.1.21/compute/v2.1/servers/eced4107-b99e-479e-b22c-2157320ecf95 1.199s
2025-06-03 12:48:21.527 61881 INFO tempest.lib.common.rest_client [req-3d2dd731-c2e3-4e60-879d-593800f785ba req-3d2dd731-c2e3-4e60-879d-593800f785ba ] Request (SecurityGroupsTestJSON:test_list_security_groups_by_server): 200 GET http://10.180.1.21/compute/v2.1/servers/ced5bde7-07b9-4d07-8b13-49f6fb006eed 0.989s
2025-06-03 12:48:21.629 61917 INFO tempest.lib.common.rest_client [req-93cb9ddf-4afe-4f43-8edb-5c3d04cab959 req-93cb9ddf-4afe-4f43-8edb-5c3d04cab959 ] Request (DeleteServersAdminTestJSON:test_delete_server_while_in_error_state): 200 GET http://10.180.1.21/compute/v2.1/servers/c1b1ac1a-32da-442d-86ef-d754165f5a81 1.014s
2025-06-03 12:48:21.688 61902 INFO tempest.lib.common.rest_client [req-e0fcd086-3473-4ff0-a404-a00177b6c004 req-e0fcd086-3473-4ff0-a404-a00177b6c004 ] Request (VolumesAdminNegativeTest:test_update_attached_volume_with_nonexistent_volume_in_body): 200 GET http://10.180.1.21/compute/v2.1/servers/d7e25ea6-7076-4ab2-aed6-fe5232c2665d 1.235s
2025-06-03 12:48:21.698 61902 INFO tempest.common.waiters [-] State transition "BUILD/None" ==> "BUILD/block_device_mapping" after 44 second wait
2025-06-03 12:48:21.724 61915 INFO tempest.lib.common.rest_client [req-2649f71d-8ea1-4dd1-a9ba-e4a0796ec7fb req-2649f71d-8ea1-4dd1-a9ba-e4a0796ec7fb ] Request (ServersAdminNegativeTestJSON:tearDownClass): 200 GET http://10.180.1.21/compute/v2.1/servers/43cf4c96-2c8b-4520-8926-c1be5a87734e 1.087s
2025-06-03 12:48:21.798 61911 INFO tempest.lib.common.rest_client [req-79e24074-d2d6-4ae7-880b-307009a76586 req-79e24074-d2d6-4ae7-880b-307009a76586 ] Request (ServersAaction247Test:test_create_backup): 200 GET http://10.180.1.21/compute/v2.1/servers/6f2a4514-4de9-427d-91be-f445235696bf 1.096s
2025-06-03 12:48:21.892 61887 INFO tempest.lib.common.rest_client [req-3cf491f8-d518-47b5-ab29-747d99713005 req-3cf491f8-d518-47b5-ab29-747d99713005 ] Request (MultipleCreateTestJSON:test_multiple_create): 200 GET http://10.180.1.21/compute/v2.1/servers/79ba6f70-c967-4abf-a2a7-c70046a2602d 1.184s
2025-06-03 12:48:21.899 61903 INFO tempest.lib.common.rest_client [req-6ea3a8cb-c5c6-4ac0-90ca-8314e1ff5036 req-6ea3a8cb-c5c6-4ac0-90ca-8314e1ff5036 ] Request (ServersAdmin275Test:tearDownClass): 200 GET http://10.180.1.21/compute/v2.1/servers/5719daa8-a5bc-4604-b465-a57097695c6d 1.143s
2025-06-03 12:48:21.988 61865 INFO tempest.lib.common.rest_client [req-6bda1321-1182-4d10-aa12-0387283ae066 req-6bda1321-1182-4d10-aa12-0387283ae066 ] Request (ServerRescueNegativeTestJSON:setUpClass): 200 GET http://10.180.1.21/compute/v2.1/servers/e21de424-8121-4e2f-84c2-8096ba8048cc 1.181s
2025-06-03 12:48:21.989 61899 INFO tempest.lib.common.rest_client [req-7f95f9ae-e94a-441e-8fab-504fc3a93091 req-7f95f9ae-e94a-441e-8fab-504fc3a93091 ] Request (ServerRescueTestJSONUnderV235:setUpClass): 200 GET http://10.180.1.21/compute/v2.1/servers/609ba431-b42b-4b0d-9c16-06e19bee114c 1.167s
2025-06-03 12:48:22.069 61871 INFO tempest.lib.common.rest_client [req-574a54bc-9a19-4663-9344-1b4246300a1d req-574a54bc-9a19-4663-9344-1b4246300a1d ] Request (DeleteServersTestJSON:test_delete_active_server): 200 GET http://10.180.1.21/compute/v2.1/servers/60edf62d-3fb8-4d85-9a4e-ef71c565d940 1.021s
2025-06-03 12:48:22.082 61907 INFO tempest.lib.common.rest_client [req-369b92d8-150a-471c-9dd2-8f1c3735c50a req-369b92d8-150a-471c-9dd2-8f1c3735c50a ] Request (ImagesNegativeTestJSON:test_create_image_from_deleted_server): 200 GET http://10.180.1.21/compute/v2.1/servers/8214216a-0256-467e-ac4c-1d14b0f73b77 1.161s
2025-06-03 12:48:22.143 61873 INFO tempest.lib.common.rest_client [req-19a972db-dd7d-4d88-8f4d-29888e1ab2bf req-19a972db-dd7d-4d88-8f4d-29888e1ab2bf ] Request (ServerPasswordTestJSON:setUpClass): 200 GET http://10.180.1.21/compute/v2.1/servers/a127cc27-7155-4a7a-871a-c3e67a99bfc8 0.922s
2025-06-03 12:48:22.174 61897 INFO tempest.lib.common.rest_client [req-f8a511e7-4fdf-4c6b-aaf3-34be90655933 req-f8a511e7-4fdf-4c6b-aaf3-34be90655933 ] Request (ServerShowV247Test:test_show_server): 200 GET http://10.180.1.21/compute/v2.1/servers/69c59bd5-1f57-4fa2-afab-348e5f57501e 1.073s
2025-06-03 12:48:22.225 61897 INFO tempest.lib.common.rest_client [req-f33c7e33-0f02-433c-9eec-7c3a70a961f9 req-f33c7e33-0f02-433c-9eec-7c3a70a961f9 ] Request (ServerShowV247Test:test_update_rebuild_list_server): 201 POST http://10.180.1.21/identity/v3/auth/tokens 0.034s
2025-06-03 12:48:22.225 61897 INFO tempest.lib.common.fixed_network [-] (ServerShowV247Test:test_update_rebuild_list_server) Found network None available for tenant
2025-06-03 12:48:22.243 61913 INFO tempest.lib.common.rest_client [req-36762370-dbda-472a-893a-2b2b18807911 req-36762370-dbda-472a-893a-2b2b18807911 ] Request (ListServersNegativeTestJSON:setUpClass): 200 GET http://10.180.1.21/compute/v2.1/servers/5b2fb040-a964-479f-ae3f-4f428248d64b 0.924s
2025-06-03 12:48:22.258 61895 WARNING tempest.lib.common.ssh [-] Failed to establish authenticated ssh connection to cirros@10.180.180.164 ([Errno None] Unable to connect to port 22 on 10.180.180.164). Number attempts: 6. Retry after 7 seconds.: paramiko.ssh_exception.NoValidConnectionsError: [Errno None] Unable to connect to port 22 on 10.180.180.164
2025-06-03 12:48:22.289 61927 INFO tempest.lib.common.rest_client [req-e4665c3b-fc6c-4698-96ee-6d431c63d878 req-e4665c3b-fc6c-4698-96ee-6d431c63d878 ] Request (ServerRescueTestJSON:setUpClass): 200 GET http://10.180.1.21/compute/v2.1/servers/4b29ebc4-d913-447c-bc57-890953cf8d49 1.058s
2025-06-03 12:48:22.321 61925 INFO tempest.lib.common.rest_client [req-c818edd6-37d1-4898-968f-83449441642f req-c818edd6-37d1-4898-968f-83449441642f ] Request (ServerMetadataTestJSON:setUpClass): 200 GET http://10.180.1.21/compute/v2.1/servers/2a0576f9-d740-4dfa-9783-17eb3987840b 0.995s
2025-06-03 12:48:22.355 61879 INFO tempest.lib.common.rest_client [req-94c67700-93f9-4e3d-bcb3-2e8e1ece897e req-94c67700-93f9-4e3d-bcb3-2e8e1ece897e ] Request (ListImageFiltersTestJSON:setUpClass): 200 GET http://10.180.1.21/compute/v2.1/servers/7d2bad05-c461-43b9-9dd0-bdefbd33e3a2 0.949s
2025-06-03 12:48:22.374 61921 INFO tempest.lib.common.rest_client [req-566bc57b-9773-4e2e-a6e5-6dcf25c5ecac req-566bc57b-9773-4e2e-a6e5-6dcf25c5ecac ] Request (ImagesTestJSON:test_create_image_from_suspended_server): 200 GET http://10.180.1.21/compute/v2.1/servers/13db992b-db13-451f-a853-9b7de28b9184 0.902s
2025-06-03 12:48:22.451 61893 INFO tempest.lib.common.rest_client [req-83f1d881-e5ff-4ace-beeb-ad380f1e3a15 req-83f1d881-e5ff-4ace-beeb-ad380f1e3a15 ] Request (ServerExternalEventsTest:tearDownClass): 200 GET http://10.180.1.21/compute/v2.1/servers/9dbff26a-210c-4e80-812f-c91debe3e9c1 0.635s
2025-06-03 12:48:22.457 61905 INFO tempest.lib.common.rest_client [req-040037ec-fb76-49a0-ac0d-73fd2010c617 req-040037ec-fb76-49a0-ac0d-73fd2010c617 ] Request (ServerActionsV293TestJSON:setUpClass): 200 GET http://10.180.1.21/compute/v2.1/servers/26e339f1-182b-4f00-b7c2-a2a32e942d04 0.550s
2025-06-03 12:48:22.505 61875 INFO tempest.lib.common.rest_client [req-c6d46a09-2104-4422-9053-406760c4d4ca req-c6d46a09-2104-4422-9053-406760c4d4ca ] Request (FloatingIPsAssociationTestJSON:test_associate_already_associated_floating_ip): 200 GET http://10.180.1.21/compute/v2.1/servers/5a284df5-88ea-43bf-9944-ef344f99591c 0.339s
2025-06-03 12:48:22.516 61869 WARNING tempest.lib.common.ssh [-] Failed to establish authenticated ssh connection to cirros@10.180.180.228 ([Errno None] Unable to connect to port 22 on 10.180.180.228). Number attempts: 1. Retry after 2 seconds.: paramiko.ssh_exception.NoValidConnectionsError: [Errno None] Unable to connect to port 22 on 10.180.180.228
2025-06-03 12:48:22.517 61883 INFO tempest.lib.common.rest_client [req-4ad588cc-1645-472c-8f2a-01e4f2cd1ea6 req-4ad588cc-1645-472c-8f2a-01e4f2cd1ea6 ] Request (ServersV294TestFqdnHostnames:setUpClass): 200 GET http://10.180.1.21/compute/v2.1/servers/9cf6dd9e-40e9-4df6-9342-2850e0f93d85 0.317s
2025-06-03 12:48:22.566 61889 INFO tempest.lib.common.rest_client [req-93c6efaf-4dd4-41d6-a5ef-cd7b0ae0ae46 req-93c6efaf-4dd4-41d6-a5ef-cd7b0ae0ae46 ] Request (ServersAdminTestJSON:setUpClass): 200 GET http://10.180.1.21/compute/v2.1/servers/8d838d3b-32ad-4bb2-839e-6bd81c363447 0.267s
2025-06-03 12:48:22.617 61867 INFO tempest.lib.common.rest_client [req-31566595-ea13-4ac8-8ef6-85eb1017d464 req-31566595-ea13-4ac8-8ef6-85eb1017d464 ] Request (ServerMetadataNegativeTestJSON:setUpClass): 200 GET http://10.180.1.21/compute/v2.1/servers/1722d63d-e604-44fe-8198-13e6c5bce016 0.195s
2025-06-03 12:48:22.625 61897 INFO tempest.lib.common.rest_client [req-ea78d035-cc15-419d-9565-399e887e5e58 req-ea78d035-cc15-419d-9565-399e887e5e58 ] Request (ServerShowV247Test:test_update_rebuild_list_server): 202 POST http://10.180.1.21/compute/v2.1/servers 0.399s
2025-06-03 12:48:22.696 61881 INFO tempest.lib.common.rest_client [req-133168b2-4ffd-47e9-a735-7c63225ae579 req-133168b2-4ffd-47e9-a735-7c63225ae579 ] Request (SecurityGroupsTestJSON:test_list_security_groups_by_server): 200 GET http://10.180.1.21/compute/v2.1/servers/ced5bde7-07b9-4d07-8b13-49f6fb006eed 0.155s
2025-06-03 12:48:22.733 61897 INFO tempest.lib.common.rest_client [req-3fcabcc4-1bc8-482a-a13f-463286967d8a req-3fcabcc4-1bc8-482a-a13f-463286967d8a ] Request (ServerShowV247Test:test_update_rebuild_list_server): 200 PUT http://10.180.1.21/compute/v2.1/servers/602bd42d-6afa-4419-8352-73a9daab2fe0 0.106s
2025-06-03 12:48:22.804 61917 INFO tempest.lib.common.rest_client [req-d78147d3-3f82-4eda-b29a-ba0d5386c2ee req-d78147d3-3f82-4eda-b29a-ba0d5386c2ee ] Request (DeleteServersAdminTestJSON:test_delete_server_while_in_error_state): 200 GET http://10.180.1.21/compute/v2.1/servers/c1b1ac1a-32da-442d-86ef-d754165f5a81 0.164s
2025-06-03 12:48:22.832 61885 INFO tempest.lib.common.rest_client [req-1a3c7051-09d4-4def-9fd9-4c51fe0ae949 req-1a3c7051-09d4-4def-9fd9-4c51fe0ae949 ] Request (MigrationsAdminTest:test_list_migrations_in_flavor_resize_situation): 200 GET http://10.180.1.21/compute/v2.1/servers/eced4107-b99e-479e-b22c-2157320ecf95 0.388s
2025-06-03 12:48:22.933 61915 INFO tempest.lib.common.rest_client [req-45789e0b-e8b7-44a0-96fd-593bef981e79 req-45789e0b-e8b7-44a0-96fd-593bef981e79 ] Request (ServersAdminNegativeTestJSON:tearDownClass): 200 GET http://10.180.1.21/compute/v2.1/servers/43cf4c96-2c8b-4520-8926-c1be5a87734e 0.198s
2025-06-03 12:48:22.940 61915 INFO tempest.common.waiters [-] State transition "SUSPENDED/deleting" ==> "DELETED/None" after 3 second wait
2025-06-03 12:48:22.954 61902 INFO tempest.lib.common.rest_client [req-58418fab-acbf-4bb0-afa3-3e2b9b866d98 req-58418fab-acbf-4bb0-afa3-3e2b9b866d98 ] Request (VolumesAdminNegativeTest:test_update_attached_volume_with_nonexistent_volume_in_body): 200 GET http://10.180.1.21/compute/v2.1/servers/d7e25ea6-7076-4ab2-aed6-fe5232c2665d 0.254s
2025-06-03 12:48:22.961 61902 INFO tempest.common.waiters [-] State transition "BUILD/block_device_mapping" ==> "BUILD/spawning" after 45 second wait
2025-06-03 12:48:22.985 61897 INFO tempest.lib.common.rest_client [req-4edee1aa-e6cd-45d4-b5f5-2dbce48d7085 req-4edee1aa-e6cd-45d4-b5f5-2dbce48d7085 ] Request (ServerShowV247Test:test_update_rebuild_list_server): 200 GET http://10.180.1.21/compute/v2.1/servers/602bd42d-6afa-4419-8352-73a9daab2fe0 0.238s
2025-06-03 12:48:23.022 61911 INFO tempest.lib.common.rest_client [req-7238b285-56d3-4bdd-8ece-a0656a77ae35 req-7238b285-56d3-4bdd-8ece-a0656a77ae35 ] Request (ServersAaction247Test:test_create_backup): 200 GET http://10.180.1.21/compute/v2.1/servers/6f2a4514-4de9-427d-91be-f445235696bf 0.214s
2025-06-03 12:48:23.109 61903 INFO tempest.lib.common.rest_client [req-4e953ab8-0eba-4a2c-a814-c3200e349715 req-4e953ab8-0eba-4a2c-a814-c3200e349715 ] Request (ServersAdmin275Test:tearDownClass): 200 GET http://10.180.1.21/compute/v2.1/servers/5719daa8-a5bc-4604-b465-a57097695c6d 0.198s
2025-06-03 12:48:23.121 61887 INFO tempest.lib.common.rest_client [req-b7f5a255-19e1-40b4-8535-3ff0b22fb6e3 req-b7f5a255-19e1-40b4-8535-3ff0b22fb6e3 ] Request (MultipleCreateTestJSON:test_multiple_create): 200 GET http://10.180.1.21/compute/v2.1/servers/79ba6f70-c967-4abf-a2a7-c70046a2602d 0.213s
2025-06-03 12:48:23.153 61923 WARNING tempest.lib.common.ssh [-] Failed to establish authenticated ssh connection to cirros@10.180.180.222 ([Errno None] Unable to connect to port 22 on 10.180.180.222). Number attempts: 7. Retry after 8 seconds.: paramiko.ssh_exception.NoValidConnectionsError: [Errno None] Unable to connect to port 22 on 10.180.180.222
2025-06-03 12:48:23.165 61865 INFO tempest.lib.common.rest_client [req-3ac16fb9-94df-4dd4-8335-2d2f986e3160 req-3ac16fb9-94df-4dd4-8335-2d2f986e3160 ] Request (ServerRescueNegativeTestJSON:setUpClass): 200 GET http://10.180.1.21/compute/v2.1/servers/e21de424-8121-4e2f-84c2-8096ba8048cc 0.170s
2025-06-03 12:48:23.170 61899 INFO tempest.lib.common.rest_client [req-70842a55-3092-40fb-bdc8-2246d750c9c0 req-70842a55-3092-40fb-bdc8-2246d750c9c0 ] Request (ServerRescueTestJSONUnderV235:setUpClass): 200 GET http://10.180.1.21/compute/v2.1/servers/609ba431-b42b-4b0d-9c16-06e19bee114c 0.169s
2025-06-03 12:48:23.190 61907 INFO tempest.lib.common.rest_client [req-cf7973f2-7999-49a9-9ed2-0ded3c857b4d req-cf7973f2-7999-49a9-9ed2-0ded3c857b4d ] Request (ImagesNegativeTestJSON:test_create_image_from_deleted_server): 404 GET http://10.180.1.21/compute/v2.1/servers/8214216a-0256-467e-ac4c-1d14b0f73b77 0.098s
2025-06-03 12:48:23.214 61871 INFO tempest.lib.common.rest_client [req-db09732e-3f7d-4b97-b024-5c0d28d69cf6 req-db09732e-3f7d-4b97-b024-5c0d28d69cf6 ] Request (DeleteServersTestJSON:test_delete_active_server): 200 GET http://10.180.1.21/compute/v2.1/servers/60edf62d-3fb8-4d85-9a4e-ef71c565d940 0.132s
2025-06-03 12:48:23.234 61907 INFO tempest.lib.common.rest_client [req-3487223c-291f-499b-b5bf-f8eba3889ae0 req-3487223c-291f-499b-b5bf-f8eba3889ae0 ] Request (ImagesNegativeTestJSON:test_create_image_from_deleted_server): 404 POST http://10.180.1.21/compute/v2.1/servers/8214216a-0256-467e-ac4c-1d14b0f73b77/action 0.044s
2025-06-03 12:48:23.243 61907 INFO tempest.lib.common.rest_client [req-0156f7be-2c41-494e-be53-331668bd5a18 req-0156f7be-2c41-494e-be53-331668bd5a18 ] Request (ImagesNegativeTestJSON:test_create_image_from_invalid_server): 404 POST http://10.180.1.21/compute/v2.1/servers/tempest-invalid-438871946/action 0.007s
2025-06-03 12:48:23.255 61873 INFO tempest.lib.common.rest_client [req-c0a1733a-924b-4db2-a5da-d24620923cb6 req-c0a1733a-924b-4db2-a5da-d24620923cb6 ] Request (ServerPasswordTestJSON:setUpClass): 200 GET http://10.180.1.21/compute/v2.1/servers/a127cc27-7155-4a7a-871a-c3e67a99bfc8 0.103s
2025-06-03 12:48:23.256 61907 INFO tempest.lib.common.rest_client [req-74414aa2-2321-432d-8394-781936d0c940 req-74414aa2-2321-432d-8394-781936d0c940 ] Request (ImagesNegativeTestJSON:test_create_image_specify_uuid_35_characters_or_less): 404 POST http://10.180.1.21/compute/v2.1/servers/aaaaaaaaaaaaaaaaaaaaaaaaaaaaaaaaaaa/action 0.012s
2025-06-03 12:48:23.266 61907 INFO tempest.lib.common.rest_client [req-f92e1c64-e327-482c-90ca-6db1e9fec6ce req-f92e1c64-e327-482c-90ca-6db1e9fec6ce ] Request (ImagesNegativeTestJSON:test_create_image_specify_uuid_37_characters_or_more): 404 POST http://10.180.1.21/compute/v2.1/servers/aaaaaaaaaaaaaaaaaaaaaaaaaaaaaaaaaaaaa/action 0.008s
2025-06-03 12:48:23.287 61907 INFO tempest.lib.common.rest_client [req-5a1fe2a4-5583-4eba-a0ae-8d35ff9cebb7 req-5a1fe2a4-5583-4eba-a0ae-8d35ff9cebb7 ] Request (ImagesNegativeTestJSON:tearDownClass): 404 DELETE http://10.180.1.21/compute/v2.1/servers/8214216a-0256-467e-ac4c-1d14b0f73b77 0.020s
2025-06-03 12:48:23.308 61907 INFO tempest.lib.common.rest_client [req-e719647f-88bd-47c3-9d50-a8b62d4113c9 req-e719647f-88bd-47c3-9d50-a8b62d4113c9 ] Request (ImagesNegativeTestJSON:tearDownClass): 404 GET http://10.180.1.21/compute/v2.1/servers/8214216a-0256-467e-ac4c-1d14b0f73b77 0.021s
2025-06-03 12:48:23.311 61913 INFO tempest.lib.common.rest_client [req-1a1b2026-5dcf-4a64-b028-fa1ae2b32966 req-1a1b2026-5dcf-4a64-b028-fa1ae2b32966 ] Request (ListServersNegativeTestJSON:setUpClass): 200 GET http://10.180.1.21/compute/v2.1/servers/5b2fb040-a964-479f-ae3f-4f428248d64b 0.058s
2025-06-03 12:48:23.401 61925 INFO tempest.lib.common.rest_client [req-13aa9eac-2583-4d3b-9fd3-3e2ab07a5ba4 req-13aa9eac-2583-4d3b-9fd3-3e2ab07a5ba4 ] Request (ServerMetadataTestJSON:setUpClass): 200 GET http://10.180.1.21/compute/v2.1/servers/2a0576f9-d740-4dfa-9783-17eb3987840b 0.070s
2025-06-03 12:48:23.479 61879 INFO tempest.lib.common.rest_client [req-60b132a6-9945-48b6-808d-c1bf92faa041 req-60b132a6-9945-48b6-808d-c1bf92faa041 ] Request (ListImageFiltersTestJSON:setUpClass): 200 GET http://10.180.1.21/compute/v2.1/servers/7d2bad05-c461-43b9-9dd0-bdefbd33e3a2 0.115s
2025-06-03 12:48:23.491 61927 INFO tempest.lib.common.rest_client [req-8dd0e165-b3f0-40c6-9881-ec08a1f558f1 req-8dd0e165-b3f0-40c6-9881-ec08a1f558f1 ] Request (ServerRescueTestJSON:setUpClass): 200 GET http://10.180.1.21/compute/v2.1/servers/4b29ebc4-d913-447c-bc57-890953cf8d49 0.186s
2025-06-03 12:48:23.535 61921 INFO tempest.lib.common.rest_client [req-26c91a92-38d9-46b8-8203-ff85d62a111d req-26c91a92-38d9-46b8-8203-ff85d62a111d ] Request (ImagesTestJSON:test_create_image_from_suspended_server): 200 GET http://10.180.1.21/compute/v2.1/servers/13db992b-db13-451f-a853-9b7de28b9184 0.150s
2025-06-03 12:48:23.556 61893 INFO tempest.lib.common.rest_client [req-efb9665e-49ba-4ca8-b56a-facf87a2dffb req-efb9665e-49ba-4ca8-b56a-facf87a2dffb ] Request (ServerExternalEventsTest:tearDownClass): 200 GET http://10.180.1.21/compute/v2.1/servers/9dbff26a-210c-4e80-812f-c91debe3e9c1 0.097s
2025-06-03 12:48:23.597 61905 INFO tempest.lib.common.rest_client [req-619e5078-ec33-45a8-b3c1-a972beeeb69e req-619e5078-ec33-45a8-b3c1-a972beeeb69e ] Request (ServerActionsV293TestJSON:setUpClass): 200 GET http://10.180.1.21/compute/v2.1/servers/26e339f1-182b-4f00-b7c2-a2a32e942d04 0.126s
2025-06-03 12:48:23.625 61875 INFO tempest.lib.common.rest_client [req-78fde4a6-200b-4fea-a3eb-b5e22f649e80 req-78fde4a6-200b-4fea-a3eb-b5e22f649e80 ] Request (FloatingIPsAssociationTestJSON:test_associate_already_associated_floating_ip): 200 GET http://10.180.1.21/compute/v2.1/servers/5a284df5-88ea-43bf-9944-ef344f99591c 0.112s
2025-06-03 12:48:23.673 61883 INFO tempest.lib.common.rest_client [req-e10f13e9-807c-4c0c-b314-f90ab57b0f5b req-e10f13e9-807c-4c0c-b314-f90ab57b0f5b ] Request (ServersV294TestFqdnHostnames:setUpClass): 200 GET http://10.180.1.21/compute/v2.1/servers/9cf6dd9e-40e9-4df6-9342-2850e0f93d85 0.145s
2025-06-03 12:48:23.693 61889 INFO tempest.lib.common.rest_client [req-92714293-8461-4076-9a71-c83b57700e72 req-92714293-8461-4076-9a71-c83b57700e72 ] Request (ServersAdminTestJSON:setUpClass): 200 GET http://10.180.1.21/compute/v2.1/servers/8d838d3b-32ad-4bb2-839e-6bd81c363447 0.119s
2025-06-03 12:48:23.749 61867 INFO tempest.lib.common.rest_client [req-87fbd816-1c8e-4d9f-8409-0fc41c774d15 req-87fbd816-1c8e-4d9f-8409-0fc41c774d15 ] Request (ServerMetadataNegativeTestJSON:setUpClass): 200 GET http://10.180.1.21/compute/v2.1/servers/1722d63d-e604-44fe-8198-13e6c5bce016 0.124s
2025-06-03 12:48:23.788 61881 INFO tempest.lib.common.rest_client [req-d92c2833-9d05-4a0e-ac6f-1aab4e61bb1f req-d92c2833-9d05-4a0e-ac6f-1aab4e61bb1f ] Request (SecurityGroupsTestJSON:test_list_security_groups_by_server): 200 GET http://10.180.1.21/compute/v2.1/servers/ced5bde7-07b9-4d07-8b13-49f6fb006eed 0.079s
2025-06-03 12:48:23.891 61917 INFO tempest.lib.common.rest_client [req-e7808c95-345b-4e54-915b-ef138336e068 req-e7808c95-345b-4e54-915b-ef138336e068 ] Request (DeleteServersAdminTestJSON:test_delete_server_while_in_error_state): 200 GET http://10.180.1.21/compute/v2.1/servers/c1b1ac1a-32da-442d-86ef-d754165f5a81 0.076s
2025-06-03 12:48:23.988 61885 INFO tempest.lib.common.rest_client [req-050a56ae-8fa4-42ce-98c9-0a85de7f697a req-050a56ae-8fa4-42ce-98c9-0a85de7f697a ] Request (MigrationsAdminTest:test_list_migrations_in_flavor_resize_situation): 200 GET http://10.180.1.21/compute/v2.1/servers/eced4107-b99e-479e-b22c-2157320ecf95 0.149s
2025-06-03 12:48:24.025 61915 INFO tempest.lib.common.rest_client [req-41c920f9-ddf0-47a0-99bf-7fbd13751004 req-41c920f9-ddf0-47a0-99bf-7fbd13751004 ] Request (ServersAdminNegativeTestJSON:tearDownClass): 200 GET http://10.180.1.21/compute/v2.1/servers/43cf4c96-2c8b-4520-8926-c1be5a87734e 0.084s
2025-06-03 12:48:24.105 61897 INFO tempest.lib.common.rest_client [req-0068b367-3619-42f3-9597-09057f641e80 req-0068b367-3619-42f3-9597-09057f641e80 ] Request (ServerShowV247Test:test_update_rebuild_list_server): 200 GET http://10.180.1.21/compute/v2.1/servers/602bd42d-6afa-4419-8352-73a9daab2fe0 0.110s
2025-06-03 12:48:24.131 61902 INFO tempest.lib.common.rest_client [req-507a152a-fa83-4bb7-8237-129f5d97ff64 req-507a152a-fa83-4bb7-8237-129f5d97ff64 ] Request (VolumesAdminNegativeTest:test_update_attached_volume_with_nonexistent_volume_in_body): 200 GET http://10.180.1.21/compute/v2.1/servers/d7e25ea6-7076-4ab2-aed6-fe5232c2665d 0.170s
2025-06-03 12:48:24.161 61911 INFO tempest.lib.common.rest_client [req-9e3920b7-1840-483e-b1d9-4f6e607f85fe req-9e3920b7-1840-483e-b1d9-4f6e607f85fe ] Request (ServersAaction247Test:test_create_backup): 200 GET http://10.180.1.21/compute/v2.1/servers/6f2a4514-4de9-427d-91be-f445235696bf 0.127s
2025-06-03 12:48:24.217 61903 INFO tempest.lib.common.rest_client [req-5a264b0d-516b-4791-8c42-2353fb175232 req-5a264b0d-516b-4791-8c42-2353fb175232 ] Request (ServersAdmin275Test:tearDownClass): 200 GET http://10.180.1.21/compute/v2.1/servers/5719daa8-a5bc-4604-b465-a57097695c6d 0.097s
2025-06-03 12:48:24.290 61865 INFO tempest.lib.common.rest_client [req-3bd791d3-6cc6-4ef4-921b-9ef13f548f44 req-3bd791d3-6cc6-4ef4-921b-9ef13f548f44 ] Request (ServerRescueNegativeTestJSON:setUpClass): 200 GET http://10.180.1.21/compute/v2.1/servers/e21de424-8121-4e2f-84c2-8096ba8048cc 0.116s
2025-06-03 12:48:24.313 61887 INFO tempest.lib.common.rest_client [req-192418d2-a8f2-430b-b74d-b863ac88e964 req-192418d2-a8f2-430b-b74d-b863ac88e964 ] Request (MultipleCreateTestJSON:test_multiple_create): 200 GET http://10.180.1.21/compute/v2.1/servers/79ba6f70-c967-4abf-a2a7-c70046a2602d 0.184s
2025-06-03 12:48:24.346 61899 INFO tempest.lib.common.rest_client [req-f84ffd6b-4453-4948-964a-c38681dd1294 req-f84ffd6b-4453-4948-964a-c38681dd1294 ] Request (ServerRescueTestJSONUnderV235:setUpClass): 200 GET http://10.180.1.21/compute/v2.1/servers/609ba431-b42b-4b0d-9c16-06e19bee114c 0.168s
2025-06-03 12:48:24.375 61871 INFO tempest.lib.common.rest_client [req-24946848-5c21-47aa-9ffd-caf430e3524b req-24946848-5c21-47aa-9ffd-caf430e3524b ] Request (DeleteServersTestJSON:test_delete_active_server): 200 GET http://10.180.1.21/compute/v2.1/servers/60edf62d-3fb8-4d85-9a4e-ef71c565d940 0.153s
2025-06-03 12:48:24.414 61873 INFO tempest.lib.common.rest_client [req-82098e30-3c81-4429-8ebe-93c145d5a1d1 req-82098e30-3c81-4429-8ebe-93c145d5a1d1 ] Request (ServerPasswordTestJSON:setUpClass): 200 GET http://10.180.1.21/compute/v2.1/servers/a127cc27-7155-4a7a-871a-c3e67a99bfc8 0.144s
2025-06-03 12:48:24.450 61913 INFO tempest.lib.common.rest_client [req-6e759aaf-d6a6-493c-b26d-640af635970f req-6e759aaf-d6a6-493c-b26d-640af635970f ] Request (ListServersNegativeTestJSON:setUpClass): 200 GET http://10.180.1.21/compute/v2.1/servers/5b2fb040-a964-479f-ae3f-4f428248d64b 0.132s
2025-06-03 12:48:24.486 61925 INFO tempest.lib.common.rest_client [req-b406a6e1-1a88-4b0b-86ee-3281c4e5d762 req-b406a6e1-1a88-4b0b-86ee-3281c4e5d762 ] Request (ServerMetadataTestJSON:setUpClass): 200 GET http://10.180.1.21/compute/v2.1/servers/2a0576f9-d740-4dfa-9783-17eb3987840b 0.077s
2025-06-03 12:48:24.549 61879 INFO tempest.lib.common.rest_client [req-66c14421-e967-45ab-a93c-bc76111377d5 req-66c14421-e967-45ab-a93c-bc76111377d5 ] Request (ListImageFiltersTestJSON:setUpClass): 200 GET http://10.180.1.21/compute/v2.1/servers/7d2bad05-c461-43b9-9dd0-bdefbd33e3a2 0.062s
2025-06-03 12:48:24.618 61921 INFO tempest.lib.common.rest_client [req-d283441c-a1ca-40c1-8bcc-33ae6a3a882f req-d283441c-a1ca-40c1-8bcc-33ae6a3a882f ] Request (ImagesTestJSON:test_create_image_from_suspended_server): 200 GET http://10.180.1.21/compute/v2.1/servers/13db992b-db13-451f-a853-9b7de28b9184 0.075s
2025-06-03 12:48:24.697 61907 INFO tempest.lib.common.rest_client [req-e9ee5c90-8541-4f1c-a6ae-19869cdb55d1 req-e9ee5c90-8541-4f1c-a6ae-19869cdb55d1 ] Request (ImagesNegativeTestJSON:tearDownClass): 200 PUT http://10.180.1.21:9696/networking/v2.0/routers/80fa11f4-6c7d-4d8b-b20a-ad630e7de22e/remove_router_interface 1.388s
2025-06-03 12:48:24.710 61893 INFO tempest.lib.common.rest_client [req-cd08f508-ae03-4c6e-a1dc-84c63099211b req-cd08f508-ae03-4c6e-a1dc-84c63099211b ] Request (ServerExternalEventsTest:tearDownClass): 200 GET http://10.180.1.21/compute/v2.1/servers/9dbff26a-210c-4e80-812f-c91debe3e9c1 0.144s
2025-06-03 12:48:24.721 61927 INFO tempest.lib.common.rest_client [req-a802027d-d022-4635-9041-458fc40c83b5 req-a802027d-d022-4635-9041-458fc40c83b5 ] Request (ServerRescueTestJSON:setUpClass): 200 GET http://10.180.1.21/compute/v2.1/servers/4b29ebc4-d913-447c-bc57-890953cf8d49 0.217s
2025-06-03 12:48:24.783 61905 INFO tempest.lib.common.rest_client [req-51744857-7cda-42e3-b5af-1990ff12bbd4 req-51744857-7cda-42e3-b5af-1990ff12bbd4 ] Request (ServerActionsV293TestJSON:setUpClass): 200 GET http://10.180.1.21/compute/v2.1/servers/26e339f1-182b-4f00-b7c2-a2a32e942d04 0.175s
2025-06-03 12:48:24.787 61875 INFO tempest.lib.common.rest_client [req-fc88a7a9-367a-4311-a272-0d93b2dd619d req-fc88a7a9-367a-4311-a272-0d93b2dd619d ] Request (FloatingIPsAssociationTestJSON:test_associate_already_associated_floating_ip): 200 GET http://10.180.1.21/compute/v2.1/servers/5a284df5-88ea-43bf-9944-ef344f99591c 0.149s
2025-06-03 12:48:24.846 61883 INFO tempest.lib.common.rest_client [req-b3cc19fb-e6c1-4198-bfd2-4788b8a07268 req-b3cc19fb-e6c1-4198-bfd2-4788b8a07268 ] Request (ServersV294TestFqdnHostnames:setUpClass): 200 GET http://10.180.1.21/compute/v2.1/servers/9cf6dd9e-40e9-4df6-9342-2850e0f93d85 0.163s
2025-06-03 12:48:24.851 61889 INFO tempest.lib.common.rest_client [req-a71af30d-7f5f-440e-b064-2309e0bd1611 req-a71af30d-7f5f-440e-b064-2309e0bd1611 ] Request (ServersAdminTestJSON:setUpClass): 200 GET http://10.180.1.21/compute/v2.1/servers/8d838d3b-32ad-4bb2-839e-6bd81c363447 0.150s
2025-06-03 12:48:24.925 61867 INFO tempest.lib.common.rest_client [req-f69895b2-7443-4154-b064-25e0e7ab49f7 req-f69895b2-7443-4154-b064-25e0e7ab49f7 ] Request (ServerMetadataNegativeTestJSON:setUpClass): 200 GET http://10.180.1.21/compute/v2.1/servers/1722d63d-e604-44fe-8198-13e6c5bce016 0.164s
2025-06-03 12:48:24.934 61881 INFO tempest.lib.common.rest_client [req-09e1a057-b4e9-4f96-95c2-0b13faa7222a req-09e1a057-b4e9-4f96-95c2-0b13faa7222a ] Request (SecurityGroupsTestJSON:test_list_security_groups_by_server): 200 GET http://10.180.1.21/compute/v2.1/servers/ced5bde7-07b9-4d07-8b13-49f6fb006eed 0.138s
2025-06-03 12:48:25.007 61917 INFO tempest.lib.common.rest_client [req-3e5109ce-49bf-4e7e-b024-37fb9274911e req-3e5109ce-49bf-4e7e-b024-37fb9274911e ] Request (DeleteServersAdminTestJSON:test_delete_server_while_in_error_state): 200 GET http://10.180.1.21/compute/v2.1/servers/c1b1ac1a-32da-442d-86ef-d754165f5a81 0.109s
2025-06-03 12:48:25.106 61907 INFO tempest.lib.common.rest_client [req-b7e73555-9b7e-4e9e-bd7f-2e0f695e1cd3 req-b7e73555-9b7e-4e9e-bd7f-2e0f695e1cd3 ] Request (ImagesNegativeTestJSON:tearDownClass): 204 DELETE http://10.180.1.21:9696/networking/v2.0/routers/80fa11f4-6c7d-4d8b-b20a-ad630e7de22e 0.409s
2025-06-03 12:48:25.228 61907 INFO tempest.lib.common.rest_client [req-c6a674a6-4a30-43c0-bde8-5c7998539607 req-c6a674a6-4a30-43c0-bde8-5c7998539607 ] Request (ImagesNegativeTestJSON:tearDownClass): 204 DELETE http://10.180.1.21:9696/networking/v2.0/subnets/3222c561-cc6b-4577-bd49-e611daecb45a 0.121s
2025-06-03 12:48:25.285 61915 INFO tempest.lib.common.rest_client [req-9db27045-46ae-4c8f-baf1-4e6e860cc276 req-9db27045-46ae-4c8f-baf1-4e6e860cc276 ] Request (ServersAdminNegativeTestJSON:tearDownClass): 200 GET http://10.180.1.21/compute/v2.1/servers/43cf4c96-2c8b-4520-8926-c1be5a87734e 0.251s
2025-06-03 12:48:25.352 61891 WARNING tempest.lib.common.ssh [-] Failed to establish authenticated ssh connection to cirros@10.180.180.176 ([Errno None] Unable to connect to port 22 on 10.180.180.176). Number attempts: 4. Retry after 5 seconds.: paramiko.ssh_exception.NoValidConnectionsError: [Errno None] Unable to connect to port 22 on 10.180.180.176
2025-06-03 12:48:25.376 61897 INFO tempest.lib.common.rest_client [req-17ac5682-3bca-46f0-b55a-7431e99fbd09 req-17ac5682-3bca-46f0-b55a-7431e99fbd09 ] Request (ServerShowV247Test:test_update_rebuild_list_server): 200 GET http://10.180.1.21/compute/v2.1/servers/602bd42d-6afa-4419-8352-73a9daab2fe0 0.260s
2025-06-03 12:48:25.429 61885 INFO tempest.lib.common.rest_client [req-889e8f70-834e-4349-bf86-20cc2db76a1a req-889e8f70-834e-4349-bf86-20cc2db76a1a ] Request (MigrationsAdminTest:test_list_migrations_in_flavor_resize_situation): 200 GET http://10.180.1.21/compute/v2.1/servers/eced4107-b99e-479e-b22c-2157320ecf95 0.431s
2025-06-03 12:48:25.482 61907 INFO tempest.lib.common.rest_client [req-a0bc2cc9-baeb-4cfc-9f75-1d588c65be08 req-a0bc2cc9-baeb-4cfc-9f75-1d588c65be08 ] Request (ImagesNegativeTestJSON:tearDownClass): 204 DELETE http://10.180.1.21:9696/networking/v2.0/networks/9faf910d-15c6-4c14-95e6-1cad711ba111 0.254s
2025-06-03 12:48:25.540 61911 INFO tempest.lib.common.rest_client [req-97ed44ee-bdd3-42fd-b6f7-97c243ea931d req-97ed44ee-bdd3-42fd-b6f7-97c243ea931d ] Request (ServersAaction247Test:test_create_backup): 200 GET http://10.180.1.21/compute/v2.1/servers/6f2a4514-4de9-427d-91be-f445235696bf 0.370s
2025-06-03 12:48:25.587 61869 WARNING tempest.lib.common.ssh [-] Failed to establish authenticated ssh connection to cirros@10.180.180.228 ([Errno None] Unable to connect to port 22 on 10.180.180.228). Number attempts: 2. Retry after 3 seconds.: paramiko.ssh_exception.NoValidConnectionsError: [Errno None] Unable to connect to port 22 on 10.180.180.228
2025-06-03 12:48:25.625 61902 INFO tempest.lib.common.rest_client [req-9a7e86e1-b179-4321-9b56-ad6d8c7815aa req-9a7e86e1-b179-4321-9b56-ad6d8c7815aa ] Request (VolumesAdminNegativeTest:test_update_attached_volume_with_nonexistent_volume_in_body): 200 GET http://10.180.1.21/compute/v2.1/servers/d7e25ea6-7076-4ab2-aed6-fe5232c2665d 0.474s
2025-06-03 12:48:25.635 61903 INFO tempest.lib.common.rest_client [req-ffb3bbcd-03b9-4561-bedf-b408ddcc9b57 req-ffb3bbcd-03b9-4561-bedf-b408ddcc9b57 ] Request (ServersAdmin275Test:tearDownClass): 200 GET http://10.180.1.21/compute/v2.1/servers/5719daa8-a5bc-4604-b465-a57097695c6d 0.406s
2025-06-03 12:48:25.655 61907 INFO tempest.lib.common.rest_client [req-7e9dcb79-3378-4383-a5b4-164c4259f350 req-7e9dcb79-3378-4383-a5b4-164c4259f350 ] Request (ImagesNegativeTestJSON:tearDownClass): 204 DELETE http://10.180.1.21/identity/v3/users/a4cac6ff129749928a47576d5247364d 0.172s
2025-06-03 12:48:25.655 61907 INFO tempest.lib.common.dynamic_creds [-] Deleting project and security group for project: 6d4e84d3c1e741aa985cf8f6527112b2
2025-06-03 12:48:25.693 61907 INFO tempest.lib.common.rest_client [req-077c30e7-4a4d-4d0e-9d1c-dc930514a182 req-077c30e7-4a4d-4d0e-9d1c-dc930514a182 ] Request (ImagesNegativeTestJSON:tearDownClass): 200 GET http://10.180.1.21:9696/networking/v2.0/security-groups?tenant_id=6d4e84d3c1e741aa985cf8f6527112b2&name=default 0.038s
2025-06-03 12:48:25.703 61865 INFO tempest.lib.common.rest_client [req-ae58396a-e039-463d-8c09-4e7b54e6743e req-ae58396a-e039-463d-8c09-4e7b54e6743e ] Request (ServerRescueNegativeTestJSON:setUpClass): 200 GET http://10.180.1.21/compute/v2.1/servers/e21de424-8121-4e2f-84c2-8096ba8048cc 0.405s
2025-06-03 12:48:25.761 61899 INFO tempest.lib.common.rest_client [req-193962ba-99b8-4976-90bc-55b0759d459f req-193962ba-99b8-4976-90bc-55b0759d459f ] Request (ServerRescueTestJSONUnderV235:setUpClass): 200 GET http://10.180.1.21/compute/v2.1/servers/609ba431-b42b-4b0d-9c16-06e19bee114c 0.402s
2025-06-03 12:48:25.800 61907 INFO tempest.lib.common.rest_client [req-e10c12f3-e2c9-4a27-b673-74ea69638045 req-e10c12f3-e2c9-4a27-b673-74ea69638045 ] Request (ImagesNegativeTestJSON:tearDownClass): 204 DELETE http://10.180.1.21:9696/networking/v2.0/security-groups/500d868a-59d3-4e7e-a5ec-63123eb42a2d 0.107s
2025-06-03 12:48:25.814 61887 INFO tempest.lib.common.rest_client [req-c3dd7de9-9538-4815-8090-21cfb42cd760 req-c3dd7de9-9538-4815-8090-21cfb42cd760 ] Request (MultipleCreateTestJSON:test_multiple_create): 200 GET http://10.180.1.21/compute/v2.1/servers/79ba6f70-c967-4abf-a2a7-c70046a2602d 0.493s
2025-06-03 12:48:25.821 61871 INFO tempest.lib.common.rest_client [req-e2e85b44-5cdd-4482-85c5-bc7e4f20d20b req-e2e85b44-5cdd-4482-85c5-bc7e4f20d20b ] Request (DeleteServersTestJSON:test_delete_active_server): 200 GET http://10.180.1.21/compute/v2.1/servers/60edf62d-3fb8-4d85-9a4e-ef71c565d940 0.431s
2025-06-03 12:48:25.823 61887 INFO tempest.common.waiters [-] State transition "BUILD/spawning" ==> "ACTIVE/None" after 4 second wait
2025-06-03 12:48:25.871 61873 INFO tempest.lib.common.rest_client [req-d25e7abf-4407-4f63-97f2-487c646e0644 req-d25e7abf-4407-4f63-97f2-487c646e0644 ] Request (ServerPasswordTestJSON:setUpClass): 200 GET http://10.180.1.21/compute/v2.1/servers/a127cc27-7155-4a7a-871a-c3e67a99bfc8 0.443s
2025-06-03 12:48:25.878 61913 INFO tempest.lib.common.rest_client [req-81eea44f-80b6-4b86-829f-ebec0be3a945 req-81eea44f-80b6-4b86-829f-ebec0be3a945 ] Request (ListServersNegativeTestJSON:setUpClass): 200 GET http://10.180.1.21/compute/v2.1/servers/5b2fb040-a964-479f-ae3f-4f428248d64b 0.419s
2025-06-03 12:48:25.915 61907 INFO tempest.lib.common.rest_client [req-46743521-5c04-4dfb-bcf1-fa8590e5c2f0 req-46743521-5c04-4dfb-bcf1-fa8590e5c2f0 ] Request (ImagesNegativeTestJSON:tearDownClass): 204 DELETE http://10.180.1.21/identity/v3/projects/6d4e84d3c1e741aa985cf8f6527112b2 0.114s
2025-06-03 12:48:25.935 61925 INFO tempest.lib.common.rest_client [req-86328f43-e87d-4670-a535-4b7448bf2bcb req-86328f43-e87d-4670-a535-4b7448bf2bcb ] Request (ServerMetadataTestJSON:setUpClass): 200 GET http://10.180.1.21/compute/v2.1/servers/2a0576f9-d740-4dfa-9783-17eb3987840b 0.438s
2025-06-03 12:48:25.942 61879 INFO tempest.lib.common.rest_client [req-3ae56a55-a288-470a-8b8b-8f9ea5d59143 req-3ae56a55-a288-470a-8b8b-8f9ea5d59143 ] Request (ListImageFiltersTestJSON:setUpClass): 200 GET http://10.180.1.21/compute/v2.1/servers/7d2bad05-c461-43b9-9dd0-bdefbd33e3a2 0.384s
2025-06-03 12:48:25.984 61907 INFO tempest.lib.common.rest_client [req-2b65e55c-b48c-4497-acd9-47a177f2ff64 req-2b65e55c-b48c-4497-acd9-47a177f2ff64 ] Request (AttachInterfacesV270Test:setUpClass): 201 POST http://10.180.1.21/identity/v3/auth/tokens 0.067s
2025-06-03 12:48:25.993 61921 INFO tempest.lib.common.rest_client [req-2cb02bf4-e075-47b1-99a2-b3645bacfbea req-2cb02bf4-e075-47b1-99a2-b3645bacfbea ] Request (ImagesTestJSON:test_create_image_from_suspended_server): 200 GET http://10.180.1.21/compute/v2.1/servers/13db992b-db13-451f-a853-9b7de28b9184 0.364s
2025-06-03 12:48:26.001 61893 INFO tempest.lib.common.rest_client [req-886b0e68-df0c-4369-97c6-830914ea428b req-886b0e68-df0c-4369-97c6-830914ea428b ] Request (ServerExternalEventsTest:tearDownClass): 200 GET http://10.180.1.21/compute/v2.1/servers/9dbff26a-210c-4e80-812f-c91debe3e9c1 0.277s
2025-06-03 12:48:26.016 61907 INFO tempest.lib.common.rest_client [req-9177e9fb-968d-477b-9a2b-552ef7cc2935 req-9177e9fb-968d-477b-9a2b-552ef7cc2935 ] Request (AttachInterfacesV270Test:setUpClass): 201 POST http://10.180.1.21/identity/v3/auth/tokens 0.028s
2025-06-03 12:48:26.041 61907 INFO tempest.lib.common.rest_client [req-7e9304bb-31d9-4463-9cd8-b180a27d1eb9 req-7e9304bb-31d9-4463-9cd8-b180a27d1eb9 ] Request (AttachInterfacesV270Test:setUpClass): 200 GET http://10.180.1.21/identity/v3/domains?name=Default 0.025s
2025-06-03 12:48:26.064 61905 INFO tempest.lib.common.rest_client [req-87a12bd6-f098-41bd-b2e0-d4f24d349c8a req-87a12bd6-f098-41bd-b2e0-d4f24d349c8a ] Request (ServerActionsV293TestJSON:setUpClass): 200 GET http://10.180.1.21/compute/v2.1/servers/26e339f1-182b-4f00-b7c2-a2a32e942d04 0.270s
2025-06-03 12:48:26.075 61907 INFO tempest.lib.common.rest_client [req-c76e2a3a-fa41-48c8-8690-aa94531c76da req-c76e2a3a-fa41-48c8-8690-aa94531c76da ] Request (AttachInterfacesV270Test:setUpClass): 201 POST http://10.180.1.21/identity/v3/projects 0.033s
2025-06-03 12:48:26.118 61875 INFO tempest.lib.common.rest_client [req-5f98c2fd-6a58-49cd-89fe-95e1e645f68f req-5f98c2fd-6a58-49cd-89fe-95e1e645f68f ] Request (FloatingIPsAssociationTestJSON:test_associate_already_associated_floating_ip): 200 GET http://10.180.1.21/compute/v2.1/servers/5a284df5-88ea-43bf-9944-ef344f99591c 0.320s
2025-06-03 12:48:26.124 61927 INFO tempest.lib.common.rest_client [req-5776ef4c-ee56-4ea6-82b9-cc59d260e9a9 req-5776ef4c-ee56-4ea6-82b9-cc59d260e9a9 ] Request (ServerRescueTestJSON:setUpClass): 200 GET http://10.180.1.21/compute/v2.1/servers/4b29ebc4-d913-447c-bc57-890953cf8d49 0.393s
2025-06-03 12:48:26.145 61907 INFO tempest.lib.common.rest_client [req-19077bd6-6f76-4be8-80b9-711435d85638 req-19077bd6-6f76-4be8-80b9-711435d85638 ] Request (AttachInterfacesV270Test:setUpClass): 201 POST http://10.180.1.21/identity/v3/users 0.069s
2025-06-03 12:48:26.181 61907 INFO tempest.lib.common.rest_client [req-9608ffff-76f9-4bce-a7cc-ff0c01e562fb req-9608ffff-76f9-4bce-a7cc-ff0c01e562fb ] Request (AttachInterfacesV270Test:setUpClass): 200 GET http://10.180.1.21/identity/v3/roles 0.035s
2025-06-03 12:48:26.183 61883 INFO tempest.lib.common.rest_client [req-61f34668-531a-447b-8c3c-4050551ff1dd req-61f34668-531a-447b-8c3c-4050551ff1dd ] Request (ServersV294TestFqdnHostnames:setUpClass): 200 GET http://10.180.1.21/compute/v2.1/servers/9cf6dd9e-40e9-4df6-9342-2850e0f93d85 0.327s
2025-06-03 12:48:26.214 61907 INFO tempest.lib.common.rest_client [req-9c8fbd95-6255-4379-b83d-e8190a46d407 req-9c8fbd95-6255-4379-b83d-e8190a46d407 ] Request (AttachInterfacesV270Test:setUpClass): 204 PUT http://10.180.1.21/identity/v3/projects/826b68db604949ea9d17124d5a2ecefb/users/569bd13278d748da986eed7c1f1ba18a/roles/0d3763051dc74fe2bce89d058cb49d83 0.032s
2025-06-03 12:48:26.214 61907 INFO tempest.lib.common.dynamic_creds [-] Dynamic test user 569bd13278d748da986eed7c1f1ba18a is created with scope project and roles: ['member']
2025-06-03 12:48:26.214 61907 INFO tempest.lib.common.dynamic_creds [-] Acquired dynamic creds: credentials: Credentials: {'domain_id': 'default', 'domain_name': 'Default', 'username': 'tempest-AttachInterfacesV270Test-504789276-project-member', 'project_domain_id': 'default', 'project_domain_name': 'Default', 'project_id': '826b68db604949ea9d17124d5a2ecefb', 'project_name': 'tempest-AttachInterfacesV270Test-504789276', 'tenant_id': '826b68db604949ea9d17124d5a2ecefb', 'tenant_name': 'tempest-AttachInterfacesV270Test-504789276', 'user_domain_id': 'default', 'user_domain_name': 'Default', 'user_id': '569bd13278d748da986eed7c1f1ba18a', 'system': None}, Network: None, Subnet: None, Router: None
2025-06-03 12:48:26.230 61887 INFO tempest.lib.common.rest_client [req-ab422579-5fc8-4b80-94b5-b2698b77f238 req-ab422579-5fc8-4b80-94b5-b2698b77f238 ] Request (MultipleCreateTestJSON:_run_cleanups): 204 DELETE http://10.180.1.21/compute/v2.1/servers/79ba6f70-c967-4abf-a2a7-c70046a2602d 0.406s
2025-06-03 12:48:26.237 61889 INFO tempest.lib.common.rest_client [req-b40b4a2b-dffa-49bb-841c-6d13ec839456 req-b40b4a2b-dffa-49bb-841c-6d13ec839456 ] Request (ServersAdminTestJSON:setUpClass): 200 GET http://10.180.1.21/compute/v2.1/servers/8d838d3b-32ad-4bb2-839e-6bd81c363447 0.375s
2025-06-03 12:48:26.282 61867 INFO tempest.lib.common.rest_client [req-2402f489-667d-4b0a-aba1-c2b3d30a6e05 req-2402f489-667d-4b0a-aba1-c2b3d30a6e05 ] Request (ServerMetadataNegativeTestJSON:setUpClass): 200 GET http://10.180.1.21/compute/v2.1/servers/1722d63d-e604-44fe-8198-13e6c5bce016 0.345s
2025-06-03 12:48:26.288 61907 INFO tempest.lib.common.rest_client [req-9c566cde-85e8-4d1a-8916-07835ee72b11 req-9c566cde-85e8-4d1a-8916-07835ee72b11 ] Request (AttachInterfacesV270Test:setUpClass): 201 POST http://10.180.1.21/identity/v3/auth/tokens 0.073s
2025-06-03 12:48:26.294 61881 INFO tempest.lib.common.rest_client [req-29dd97f3-5835-4ce6-b139-7e5a887ecda0 req-29dd97f3-5835-4ce6-b139-7e5a887ecda0 ] Request (SecurityGroupsTestJSON:test_list_security_groups_by_server): 200 GET http://10.180.1.21/compute/v2.1/servers/ced5bde7-07b9-4d07-8b13-49f6fb006eed 0.349s
2025-06-03 12:48:26.347 61917 INFO tempest.lib.common.rest_client [req-bfe87f2a-5546-4829-8b07-28ef8d8d8af6 req-bfe87f2a-5546-4829-8b07-28ef8d8d8af6 ] Request (DeleteServersAdminTestJSON:test_delete_server_while_in_error_state): 200 GET http://10.180.1.21/compute/v2.1/servers/c1b1ac1a-32da-442d-86ef-d754165f5a81 0.333s
2025-06-03 12:48:26.369 61887 INFO tempest.lib.common.rest_client [req-de67c4ae-ff04-4f32-8770-3937feaad8fc req-de67c4ae-ff04-4f32-8770-3937feaad8fc ] Request (MultipleCreateTestJSON:_run_cleanups): 204 DELETE http://10.180.1.21/compute/v2.1/servers/72656070-cfd0-4104-a9c7-ec20c5a6238a 0.138s
2025-06-03 12:48:26.410 61915 INFO tempest.lib.common.rest_client [req-3ce1d93f-5102-4da0-9131-407f203d3741 req-3ce1d93f-5102-4da0-9131-407f203d3741 ] Request (ServersAdminNegativeTestJSON:tearDownClass): 200 GET http://10.180.1.21/compute/v2.1/servers/43cf4c96-2c8b-4520-8926-c1be5a87734e 0.111s
2025-06-03 12:48:26.467 61897 INFO tempest.lib.common.rest_client [req-1ebd3fa6-c581-467e-b24d-9b568cb56726 req-1ebd3fa6-c581-467e-b24d-9b568cb56726 ] Request (ServerShowV247Test:test_update_rebuild_list_server): 200 GET http://10.180.1.21/compute/v2.1/servers/602bd42d-6afa-4419-8352-73a9daab2fe0 0.078s
2025-06-03 12:48:26.505 61887 INFO tempest.lib.common.rest_client [req-ce02af56-f443-4982-943d-0415f645a9f2 req-ce02af56-f443-4982-943d-0415f645a9f2 ] Request (MultipleCreateTestJSON:_run_cleanups): 200 GET http://10.180.1.21/compute/v2.1/servers/79ba6f70-c967-4abf-a2a7-c70046a2602d 0.135s
2025-06-03 12:48:26.586 61885 INFO tempest.lib.common.rest_client [req-894ad004-ecec-400c-9de7-95912aec20ce req-894ad004-ecec-400c-9de7-95912aec20ce ] Request (MigrationsAdminTest:test_list_migrations_in_flavor_resize_situation): 200 GET http://10.180.1.21/compute/v2.1/servers/eced4107-b99e-479e-b22c-2157320ecf95 0.148s
2025-06-03 12:48:26.616 61911 INFO tempest.lib.common.rest_client [req-7979ae54-1646-4df3-9430-bf6e5f516c8e req-7979ae54-1646-4df3-9430-bf6e5f516c8e ] Request (ServersAaction247Test:test_create_backup): 200 GET http://10.180.1.21/compute/v2.1/servers/6f2a4514-4de9-427d-91be-f445235696bf 0.065s
2025-06-03 12:48:26.654 61907 INFO tempest.lib.common.rest_client [req-427f0e45-5ba3-4bde-b504-d4a338c3e4c9 req-427f0e45-5ba3-4bde-b504-d4a338c3e4c9 ] Request (AttachInterfacesV270Test:setUpClass): 201 POST http://10.180.1.21:9696/networking/v2.0/networks 0.365s
2025-06-03 12:48:26.727 61903 INFO tempest.lib.common.rest_client [req-cd50f27f-8af6-4af8-abd2-5c1fc715e0d8 req-cd50f27f-8af6-4af8-abd2-5c1fc715e0d8 ] Request (ServersAdmin275Test:tearDownClass): 200 GET http://10.180.1.21/compute/v2.1/servers/5719daa8-a5bc-4604-b465-a57097695c6d 0.081s
2025-06-03 12:48:26.813 61865 INFO tempest.lib.common.rest_client [req-bafe886b-879f-4c55-945f-d305e3bff98b req-bafe886b-879f-4c55-945f-d305e3bff98b ] Request (ServerRescueNegativeTestJSON:setUpClass): 200 GET http://10.180.1.21/compute/v2.1/servers/e21de424-8121-4e2f-84c2-8096ba8048cc 0.102s
2025-06-03 12:48:26.914 61899 INFO tempest.lib.common.rest_client [req-ac43e579-5dca-42de-9259-cf61c71d44f5 req-ac43e579-5dca-42de-9259-cf61c71d44f5 ] Request (ServerRescueTestJSONUnderV235:setUpClass): 200 GET http://10.180.1.21/compute/v2.1/servers/609ba431-b42b-4b0d-9c16-06e19bee114c 0.144s
2025-06-03 12:48:26.949 61902 INFO tempest.lib.common.rest_client [req-9132600b-9b31-4c7f-8c53-352b9a148123 req-9132600b-9b31-4c7f-8c53-352b9a148123 ] Request (VolumesAdminNegativeTest:test_update_attached_volume_with_nonexistent_volume_in_body): 200 GET http://10.180.1.21/compute/v2.1/servers/d7e25ea6-7076-4ab2-aed6-fe5232c2665d 0.315s
2025-06-03 12:48:27.009 61871 INFO tempest.lib.common.rest_client [req-3dfe0ab5-54f1-448a-9f70-028470bf5613 req-3dfe0ab5-54f1-448a-9f70-028470bf5613 ] Request (DeleteServersTestJSON:test_delete_active_server): 200 GET http://10.180.1.21/compute/v2.1/servers/60edf62d-3fb8-4d85-9a4e-ef71c565d940 0.177s
2025-06-03 12:48:27.022 61873 INFO tempest.lib.common.rest_client [req-fcd7d1f1-a6d0-40e5-bfa0-94406d6211b5 req-fcd7d1f1-a6d0-40e5-bfa0-94406d6211b5 ] Request (ServerPasswordTestJSON:setUpClass): 200 GET http://10.180.1.21/compute/v2.1/servers/a127cc27-7155-4a7a-871a-c3e67a99bfc8 0.143s
2025-06-03 12:48:27.101 61913 INFO tempest.lib.common.rest_client [req-e9498af2-9dad-48fa-bc43-9ef48c002860 req-e9498af2-9dad-48fa-bc43-9ef48c002860 ] Request (ListServersNegativeTestJSON:setUpClass): 200 GET http://10.180.1.21/compute/v2.1/servers/5b2fb040-a964-479f-ae3f-4f428248d64b 0.215s
