2025-06-03 12:48:07.504 61883 INFO tempest.lib.common.dynamic_creds [-] Created isolated network resources for: credentials: Credentials: {'domain_id': 'default', 'domain_name': 'Default', 'username': 'tempest-ServersV294TestFqdnHostnames-598528889-project-member', 'project_domain_id': 'default', 'project_domain_name': 'Default', 'project_id': 'f50ef718e3a64a50b3c40ff4bc29e673', 'project_name': 'tempest-ServersV294TestFqdnHostnames-598528889', 'tenant_id': 'f50ef718e3a64a50b3c40ff4bc29e673', 'tenant_name': 'tempest-ServersV294TestFqdnHostnames-598528889', 'user_domain_id': 'default', 'user_domain_name': 'Default', 'user_id': '6e3c2a266409412ab551abbbb9a17312', 'system': None}, Network: {'id': '07247a37-d94b-40cb-a352-293d3390a79f', 'name': 'tempest-ServersV294TestFqdnHostnames-512329380-network', 'tenant_id': 'f50ef718e3a64a50b3c40ff4bc29e673', 'admin_state_up': True, 'mtu': 8950, 'status': 'ACTIVE', 'subnets': [], 'shared': False, 'project_id': 'f50ef718e3a64a50b3c40ff4bc29e673', 'port_security_enabled': True, 'router:external': False, 'provider:network_type': 'vlan', 'provider:physical_network': 'default', 'provider:segmentation_id': 8, 'availability_zone_hints': [], 'availability_zones': [], 'ipv4_address_scope': None, 'ipv6_address_scope': None, 'description': '', 'tags': [], 'created_at': '2025-06-03T12:48:03Z', 'updated_at': '2025-06-03T12:48:03Z', 'revision_number': 1}, Subnet: {'id': '99264577-cf39-4afc-b17b-56844125b5c1', 'name': 'tempest-ServersV294TestFqdnHostnames-512329380-subnet', 'tenant_id': 'f50ef718e3a64a50b3c40ff4bc29e673', 'network_id': '07247a37-d94b-40cb-a352-293d3390a79f', 'ip_version': 4, 'subnetpool_id': None, 'enable_dhcp': True, 'ipv6_ra_mode': None, 'ipv6_address_mode': None, 'gateway_ip': '192.168.128.1', 'cidr': '192.168.128.0/28', 'allocation_pools': [{'start': '192.168.128.2', 'end': '192.168.128.14'}], 'host_routes': [], 'dns_nameservers': [], 'description': '', 'router:external': False, 'service_types': [], 'tags': [], 'created_at': '2025-06-03T12:48:03Z', 'updated_at': '2025-06-03T12:48:03Z', 'revision_number': 0, 'project_id': 'f50ef718e3a64a50b3c40ff4bc29e673'}, Router: {'id': 'b0c99eec-25d2-4bd9-8d5c-4de4d6657adc', 'name': 'tempest-ServersV294TestFqdnHostnames-512329380-router', 'tenant_id': 'f50ef718e3a64a50b3c40ff4bc29e673', 'admin_state_up': True, 'status': 'ACTIVE', 'external_gateway_info': {'network_id': 'a034a911-7d23-467a-bb69-9a62a9fa4a81', 'external_fixed_ips': [{'subnet_id': 'fcd3390b-5a65-4bea-b514-5dbd2da3e2a7', 'ip_address': '10.180.180.194'}], 'enable_snat': True}, 'description': '', 'availability_zones': [], 'distributed': False, 'ha': False, 'availability_zone_hints': [], 'routes': [], 'flavor_id': None, 'tags': [], 'created_at': '2025-06-03T12:48:04Z', 'updated_at': '2025-06-03T12:48:04Z', 'revision_number': 2, 'project_id': 'f50ef718e3a64a50b3c40ff4bc29e673'}
2025-06-03 12:48:07.577 61899 INFO tempest.lib.common.rest_client [req-aca5d186-c9a5-4c2c-9130-6be40171c449 req-aca5d186-c9a5-4c2c-9130-6be40171c449 ] Request (ServerRescueTestJSONUnderV235:setUpClass): 201 POST http://10.180.1.21/identity/v3/auth/tokens 0.098s
2025-06-03 12:48:07.617 61891 INFO tempest.lib.common.rest_client [req-1c4483ed-b76c-460a-9f81-2f76d5831e63 req-1c4483ed-b76c-460a-9f81-2f76d5831e63 ] Request (ServerActionsTestJSON:test_reboot_server_hard): 200 GET http://10.180.1.21/compute/v2.1/servers/844f01ed-4dae-4e13-9d1c-09a73f413201 1.805s
2025-06-03 12:48:07.631 61891 INFO tempest.lib.common.ssh [-] Creating ssh connection to '10.180.180.176:22' as 'cirros' with public key authentication
2025-06-03 12:48:07.675 61883 INFO tempest.lib.common.rest_client [req-3576f072-cfbe-4cce-8647-c0363ce608ad req-3576f072-cfbe-4cce-8647-c0363ce608ad ] Request (ServersV294TestFqdnHostnames:setUpClass): 201 POST http://10.180.1.21/identity/v3/auth/tokens 0.166s
2025-06-03 12:48:07.684 61899 INFO tempest.lib.common.rest_client [req-f5e0f9ac-90f7-4617-8017-9f1323ee8eca req-f5e0f9ac-90f7-4617-8017-9f1323ee8eca ] Request (ServerRescueTestJSONUnderV235:setUpClass): 201 POST http://10.180.1.21/identity/v3/auth/tokens 0.103s
2025-06-03 12:48:07.685 61899 INFO tempest.lib.common.fixed_network [-] (ServerRescueTestJSONUnderV235:setUpClass) Found network {'id': '63a7ad86-09da-4985-898c-dda30d7e3d2f', 'name': 'tempest-ServerRescueTestJSONUnderV235-1084327320-network', 'tenant_id': 'd9fac909b8894a1d92f0a9bcd9739d15', 'admin_state_up': True, 'mtu': 8950, 'status': 'ACTIVE', 'subnets': [], 'shared': False, 'project_id': 'd9fac909b8894a1d92f0a9bcd9739d15', 'port_security_enabled': True, 'router:external': False, 'provider:network_type': 'vlan', 'provider:physical_network': 'default', 'provider:segmentation_id': 99, 'availability_zone_hints': [], 'availability_zones': [], 'ipv4_address_scope': None, 'ipv6_address_scope': None, 'description': '', 'tags': [], 'created_at': '2025-06-03T12:48:03Z', 'updated_at': '2025-06-03T12:48:03Z', 'revision_number': 1} available for tenant
2025-06-03 12:48:07.704 61869 INFO tempest.lib.common.rest_client [req-e25b5845-8ed1-4e24-93e9-fed3b678d406 req-e25b5845-8ed1-4e24-93e9-fed3b678d406 ] Request (AttachInterfacesUnderV243Test:test_add_remove_fixed_ip): 200 GET http://10.180.1.21/compute/v2.1/servers/6a6c77f1-39ac-46ad-aa3c-82ed3cc70b7f 1.840s
2025-06-03 12:48:07.749 61902 INFO tempest.lib.common.rest_client [req-5d883ca9-202c-4247-b8a4-4ad3c2954bad req-5d883ca9-202c-4247-b8a4-4ad3c2954bad ] Request (VolumesAdminNegativeTest:test_update_attached_volume_with_nonexistent_volume_in_body): 200 GET http://10.180.1.21/compute/v2.1/servers/d7e25ea6-7076-4ab2-aed6-fe5232c2665d 1.773s
2025-06-03 12:48:07.826 61903 INFO tempest.lib.common.rest_client [req-f68c1e30-9bf8-4516-b27c-e8512b64f991 req-f68c1e30-9bf8-4516-b27c-e8512b64f991 ] Request (ServersAdmin275Test:tearDownClass): 200 GET http://10.180.1.21/compute/v2.1/servers/5719daa8-a5bc-4604-b465-a57097695c6d 1.712s
2025-06-03 12:48:08.025 61871 INFO tempest.lib.common.rest_client [req-65f66058-769d-4aec-9c45-17d196f7facd req-65f66058-769d-4aec-9c45-17d196f7facd ] Request (SecurityGroupRulesTestJSON:tearDownClass): 202 DELETE http://10.180.1.21/compute/v2.1/os-security-groups/b0c13486-1519-48d7-bf92-79c8692016dc 1.556s
2025-06-03 12:48:08.165 61881 INFO tempest.lib.common.rest_client [req-0a5a2c73-60b9-424d-9591-cf2e1aecc9bd req-0a5a2c73-60b9-424d-9591-cf2e1aecc9bd ] Request (SecurityGroupsTestJSON:setUpClass): 200 PUT http://10.180.1.21:9696/networking/v2.0/routers/b7fb830e-7041-4063-8e96-e97fb9311f7e/add_router_interface 1.729s
2025-06-03 12:48:08.165 61881 INFO tempest.lib.common.dynamic_creds [-] Created isolated network resources for: credentials: Credentials: {'domain_id': 'default', 'domain_name': 'Default', 'username': 'tempest-SecurityGroupsTestJSON-958481474-project-member', 'project_domain_id': 'default', 'project_domain_name': 'Default', 'project_id': 'f29228f7495747ca97b16aa485960e14', 'project_name': 'tempest-SecurityGroupsTestJSON-958481474', 'tenant_id': 'f29228f7495747ca97b16aa485960e14', 'tenant_name': 'tempest-SecurityGroupsTestJSON-958481474', 'user_domain_id': 'default', 'user_domain_name': 'Default', 'user_id': 'd6b70f49819d45aaa5fa2b56cb8cd3e6', 'system': None}, Network: {'id': '4bb0b530-45da-4447-9e8c-35cdc4872914', 'name': 'tempest-SecurityGroupsTestJSON-399449310-network', 'tenant_id': 'f29228f7495747ca97b16aa485960e14', 'admin_state_up': True, 'mtu': 8950, 'status': 'ACTIVE', 'subnets': [], 'shared': False, 'project_id': 'f29228f7495747ca97b16aa485960e14', 'port_security_enabled': True, 'router:external': False, 'provider:network_type': 'vlan', 'provider:physical_network': 'default', 'provider:segmentation_id': 942, 'availability_zone_hints': [], 'availability_zones': [], 'ipv4_address_scope': None, 'ipv6_address_scope': None, 'description': '', 'tags': [], 'created_at': '2025-06-03T12:48:03Z', 'updated_at': '2025-06-03T12:48:03Z', 'revision_number': 1}, Subnet: {'id': 'ec8f32c7-8fae-4a91-aa22-df365a6c0557', 'name': 'tempest-SecurityGroupsTestJSON-399449310-subnet', 'tenant_id': 'f29228f7495747ca97b16aa485960e14', 'network_id': '4bb0b530-45da-4447-9e8c-35cdc4872914', 'ip_version': 4, 'subnetpool_id': None, 'enable_dhcp': True, 'ipv6_ra_mode': None, 'ipv6_address_mode': None, 'gateway_ip': '192.168.128.1', 'cidr': '192.168.128.0/28', 'allocation_pools': [{'start': '192.168.128.2', 'end': '192.168.128.14'}], 'host_routes': [], 'dns_nameservers': [], 'description': '', 'router:external': False, 'service_types': [], 'tags': [], 'created_at': '2025-06-03T12:48:03Z', 'updated_at': '2025-06-03T12:48:03Z', 'revision_number': 0, 'project_id': 'f29228f7495747ca97b16aa485960e14'}, Router: {'id': 'b7fb830e-7041-4063-8e96-e97fb9311f7e', 'name': 'tempest-SecurityGroupsTestJSON-399449310-router', 'tenant_id': 'f29228f7495747ca97b16aa485960e14', 'admin_state_up': True, 'status': 'ACTIVE', 'external_gateway_info': {'network_id': 'a034a911-7d23-467a-bb69-9a62a9fa4a81', 'external_fixed_ips': [{'subnet_id': 'fcd3390b-5a65-4bea-b514-5dbd2da3e2a7', 'ip_address': '10.180.180.145'}], 'enable_snat': True}, 'description': '', 'availability_zones': [], 'distributed': False, 'ha': False, 'availability_zone_hints': [], 'routes': [], 'flavor_id': None, 'tags': [], 'created_at': '2025-06-03T12:48:03Z', 'updated_at': '2025-06-03T12:48:04Z', 'revision_number': 2, 'project_id': 'f29228f7495747ca97b16aa485960e14'}
2025-06-03 12:48:08.256 61893 INFO tempest.lib.common.rest_client [req-bdb1a865-1056-44a9-8e13-ef1b9861a950 req-bdb1a865-1056-44a9-8e13-ef1b9861a950 ] Request (ServerExternalEventsTest:test_create_server_external_events): 200 GET http://10.180.1.21/compute/v2.1/servers/9dbff26a-210c-4e80-812f-c91debe3e9c1 1.449s
2025-06-03 12:48:08.264 61881 INFO tempest.lib.common.rest_client [req-88d5c949-3de9-4c70-a7d3-b9b1d7407b7a req-88d5c949-3de9-4c70-a7d3-b9b1d7407b7a ] Request (SecurityGroupsTestJSON:setUpClass): 201 POST http://10.180.1.21/identity/v3/auth/tokens 0.093s
2025-06-03 12:48:08.326 61865 INFO tempest.lib.common.rest_client [req-2076a091-4981-4df7-ab48-5672b6281cd3 req-2076a091-4981-4df7-ab48-5672b6281cd3 ] Request (ServerRescueNegativeTestJSON:setUpClass): 200 GET http://10.180.1.21/compute/v2.1/servers/e21de424-8121-4e2f-84c2-8096ba8048cc 1.405s
2025-06-03 12:48:08.397 61907 INFO tempest.lib.common.rest_client [req-4824157f-0576-4344-973c-d0b336a59fa7 req-4824157f-0576-4344-973c-d0b336a59fa7 ] Request (ImagesNegativeTestJSON:test_create_image_from_deleted_server): 200 GET http://10.180.1.21/compute/v2.1/servers/8214216a-0256-467e-ac4c-1d14b0f73b77 1.438s
2025-06-03 12:48:08.456 61927 INFO tempest.lib.common.rest_client [req-a901aded-53ff-41c7-a674-c429681728db req-a901aded-53ff-41c7-a674-c429681728db ] Request (ServerRescueTestJSON:setUpClass): 200 GET http://10.180.1.21/compute/v2.1/servers/4b29ebc4-d913-447c-bc57-890953cf8d49 1.379s
2025-06-03 12:48:08.527 61913 INFO tempest.lib.common.rest_client [req-b622ba01-6bf1-4e83-8799-56669730b673 req-b622ba01-6bf1-4e83-8799-56669730b673 ] Request (ListServersNegativeTestJSON:setUpClass): 202 POST http://10.180.1.21/compute/v2.1/servers 1.867s
2025-06-03 12:48:08.572 61917 INFO tempest.lib.common.rest_client [req-51e38014-1744-4db0-83f3-c8ddd2a7528e req-51e38014-1744-4db0-83f3-c8ddd2a7528e ] Request (DeleteServersAdminTestJSON:test_delete_server_while_in_error_state): 200 GET http://10.180.1.21/compute/v2.1/servers/c1b1ac1a-32da-442d-86ef-d754165f5a81 1.370s
2025-06-03 12:48:08.583 61917 INFO tempest.common.waiters [-] State transition "BUILD/spawning" ==> "ACTIVE/None" after 40 second wait
2025-06-03 12:48:08.631 61873 INFO tempest.lib.common.rest_client [req-15d78c29-f115-4e1e-a8d0-7b2e15aa2812 req-15d78c29-f115-4e1e-a8d0-7b2e15aa2812 ] Request (ServerPasswordTestJSON:setUpClass): 200 GET http://10.180.1.21/compute/v2.1/servers/a127cc27-7155-4a7a-871a-c3e67a99bfc8 1.302s
2025-06-03 12:48:08.700 61879 INFO tempest.lib.common.rest_client [req-671dcdc2-ccc4-4e41-a8a4-10db2a06012e req-671dcdc2-ccc4-4e41-a8a4-10db2a06012e ] Request (ListImageFiltersTestJSON:setUpClass): 200 GET http://10.180.1.21/compute/v2.1/servers/7d2bad05-c461-43b9-9dd0-bdefbd33e3a2 1.113s
2025-06-03 12:48:08.718 61887 INFO tempest.lib.common.rest_client [req-899c0d12-631f-4d85-a182-7ce8ff56acae req-899c0d12-631f-4d85-a182-7ce8ff56acae ] Request (MultipleCreateTestJSON:test_multiple_create): 200 GET http://10.180.1.21/compute/v2.1/servers/72656070-cfd0-4104-a9c7-ec20c5a6238a 1.296s
2025-06-03 12:48:08.727 61887 INFO tempest.common.waiters [-] State transition "BUILD/networking" ==> "BUILD/spawning" after 32 second wait
2025-06-03 12:48:08.755 61925 INFO tempest.lib.common.rest_client [req-4a8c795f-8e45-46f8-93d5-68450f2ed12a req-4a8c795f-8e45-46f8-93d5-68450f2ed12a ] Request (ServerMetadataTestJSON:setUpClass): 200 GET http://10.180.1.21/compute/v2.1/servers/2a0576f9-d740-4dfa-9783-17eb3987840b 1.091s
2025-06-03 12:48:08.807 61883 INFO tempest.lib.common.rest_client [req-9ff35336-cbe3-4087-bd59-7e61e3aa8123 req-9ff35336-cbe3-4087-bd59-7e61e3aa8123 ] Request (ServersV294TestFqdnHostnames:setUpClass): 201 POST http://10.180.1.21/compute/v2.1/os-keypairs 1.130s
2025-06-03 12:48:09.059 61885 INFO tempest.lib.common.rest_client [req-0b0484db-d207-4c96-a2af-5ad070da07e8 req-0b0484db-d207-4c96-a2af-5ad070da07e8 ] Request (MigrationsAdminTest:test_list_migrations_in_flavor_resize_situation): 200 GET http://10.180.1.21/compute/v2.1/servers/eced4107-b99e-479e-b22c-2157320ecf95 1.132s
2025-06-03 12:48:09.080 61883 INFO tempest.lib.common.rest_client [req-14a49f23-ed76-477d-8117-b1de56a7cb35 req-14a49f23-ed76-477d-8117-b1de56a7cb35 ] Request (ServersV294TestFqdnHostnames:setUpClass): 201 POST http://10.180.1.21:9696/networking/v2.0/security-groups 0.271s
2025-06-03 12:48:09.304 61915 INFO tempest.lib.common.rest_client [req-b367e75c-b274-4c7d-a37d-03b0c979b76a req-b367e75c-b274-4c7d-a37d-03b0c979b76a ] Request (ServersAdminNegativeTestJSON:test_migrate_server_invalid_state): 200 GET http://10.180.1.21/compute/v2.1/servers/43cf4c96-2c8b-4520-8926-c1be5a87734e 1.333s
2025-06-03 12:48:09.313 61915 INFO tempest.common.waiters [-] State transition "ACTIVE/suspending" ==> "SUSPENDED/None" after 3 second wait
2025-06-03 12:48:09.348 61883 INFO tempest.lib.common.rest_client [req-d6e54f0b-94e9-447a-a079-d8da9859a72a req-d6e54f0b-94e9-447a-a079-d8da9859a72a ] Request (ServersV294TestFqdnHostnames:setUpClass): 201 POST http://10.180.1.21:9696/networking/v2.0/security-group-rules 0.266s
2025-06-03 12:48:09.371 61899 INFO tempest.lib.common.rest_client [req-eb857bce-6591-4553-8eba-39f69b9afc2c req-eb857bce-6591-4553-8eba-39f69b9afc2c ] Request (ServerRescueTestJSONUnderV235:setUpClass): 202 POST http://10.180.1.21/compute/v2.1/servers 1.685s
2025-06-03 12:48:09.441 61905 INFO tempest.lib.common.rest_client [req-185a194f-c83e-44eb-a282-ac89391c71ab req-185a194f-c83e-44eb-a282-ac89391c71ab ] Request (ServerActionsV293TestJSON:setUpClass): 200 GET http://10.180.1.21/compute/v2.1/servers/26e339f1-182b-4f00-b7c2-a2a32e942d04 1.411s
2025-06-03 12:48:09.462 61871 INFO tempest.lib.common.rest_client [req-47d2fe6b-e876-46dc-90c9-3c50f40eb9d5 req-47d2fe6b-e876-46dc-90c9-3c50f40eb9d5 ] Request (SecurityGroupRulesTestJSON:tearDownClass): 202 DELETE http://10.180.1.21/compute/v2.1/os-security-groups/68883392-9db1-4974-a282-863f6307b2de 1.436s
2025-06-03 12:48:09.476 61883 INFO tempest.lib.common.rest_client [req-18218530-deb9-4d9a-b018-630a483ff91f req-18218530-deb9-4d9a-b018-630a483ff91f ] Request (ServersV294TestFqdnHostnames:setUpClass): 201 POST http://10.180.1.21:9696/networking/v2.0/security-group-rules 0.128s
2025-06-03 12:48:09.509 61875 INFO tempest.lib.common.rest_client [req-c1b01e8e-27cf-4962-a27f-07318959c2e9 req-c1b01e8e-27cf-4962-a27f-07318959c2e9 ] Request (FloatingIPsAssociationTestJSON:test_associate_already_associated_floating_ip): 200 GET http://10.180.1.21/compute/v2.1/servers/5a284df5-88ea-43bf-9944-ef344f99591c 1.427s
2025-06-03 12:48:09.538 61911 INFO tempest.lib.common.rest_client [req-f86529c0-18c4-4e98-b480-aaabe02a260c req-f86529c0-18c4-4e98-b480-aaabe02a260c ] Request (InstanceActionsTestJSON:tearDownClass): 404 GET http://10.180.1.21/compute/v2.1/servers/4f879b20-bae0-4d50-b5e9-378356341962 1.356s
2025-06-03 12:48:09.552 61889 INFO tempest.lib.common.rest_client [req-ceeccf24-cffc-4265-8482-5ef8b3d48dab req-ceeccf24-cffc-4265-8482-5ef8b3d48dab ] Request (ServersAdminTestJSON:setUpClass): 200 GET http://10.180.1.21/compute/v2.1/servers/8d838d3b-32ad-4bb2-839e-6bd81c363447 1.426s
2025-06-03 12:48:09.598 61921 INFO tempest.lib.common.rest_client [req-be8e1cc1-136b-4a03-8f8a-871b4412df75 req-be8e1cc1-136b-4a03-8f8a-871b4412df75 ] Request (ImagesTestJSON:test_create_image_from_stopped_server): 200 GET http://10.180.1.21/compute/v2.1/images/68473fee-5958-47fb-a73e-d1afcfee7aae 1.415s
2025-06-03 12:48:09.696 61867 INFO tempest.lib.common.rest_client [req-b75b9ca8-502e-41f5-bb51-e765713d8ab9 req-b75b9ca8-502e-41f5-bb51-e765713d8ab9 ] Request (ServerMetadataNegativeTestJSON:setUpClass): 200 GET http://10.180.1.21/compute/v2.1/servers/1722d63d-e604-44fe-8198-13e6c5bce016 1.409s
2025-06-03 12:48:09.786 61897 INFO tempest.lib.common.rest_client [req-5437478f-5691-446b-9822-f114e1699413 req-5437478f-5691-446b-9822-f114e1699413 ] Request (InstanceActionsV221TestJSON:test_get_list_deleted_instance_actions): 200 GET http://10.180.1.21/compute/v2.1/servers/1dda6a7b-ff1e-488a-af42-2e4ffc16b5a3 1.457s
2025-06-03 12:48:09.810 61881 INFO tempest.lib.common.rest_client [req-327e84d6-c093-4489-bc64-2e9bcdbdf029 req-327e84d6-c093-4489-bc64-2e9bcdbdf029 ] Request (SecurityGroupsTestJSON:test_list_security_groups_by_server): 200 POST http://10.180.1.21/compute/v2.1/os-security-groups 1.544s
2025-06-03 12:48:09.886 61913 INFO tempest.lib.common.rest_client [req-ca335e9d-41fb-4390-a761-23b010f6c238 req-ca335e9d-41fb-4390-a761-23b010f6c238 ] Request (ListServersNegativeTestJSON:setUpClass): 200 GET http://10.180.1.21/compute/v2.1/servers 1.356s
2025-06-03 12:48:09.950 61917 INFO tempest.lib.common.rest_client [req-9e8e9320-5417-434a-9fa8-f9778166829c req-9e8e9320-5417-434a-9fa8-f9778166829c ] Request (DeleteServersAdminTestJSON:test_delete_server_while_in_error_state): 202 POST http://10.180.1.21/compute/v2.1/servers/c1b1ac1a-32da-442d-86ef-d754165f5a81/action 1.366s
2025-06-03 12:48:10.049 61902 INFO tempest.lib.common.rest_client [req-e1bd2098-26c4-463e-8170-1e22826b0f84 req-e1bd2098-26c4-463e-8170-1e22826b0f84 ] Request (VolumesAdminNegativeTest:test_update_attached_volume_with_nonexistent_volume_in_body): 200 GET http://10.180.1.21/compute/v2.1/servers/d7e25ea6-7076-4ab2-aed6-fe5232c2665d 1.289s
2025-06-03 12:48:10.279 61869 INFO tempest.lib.common.rest_client [req-0ebfd04f-8017-4ea3-b68c-b1cac3b782cf req-0ebfd04f-8017-4ea3-b68c-b1cac3b782cf ] Request (AttachInterfacesUnderV243Test:test_add_remove_fixed_ip): 200 GET http://10.180.1.21/compute/v2.1/servers/6a6c77f1-39ac-46ad-aa3c-82ed3cc70b7f 1.563s
2025-06-03 12:48:10.283 61903 INFO tempest.lib.common.rest_client [req-4c51647f-aa12-4564-9383-71e14d4a95b7 req-4c51647f-aa12-4564-9383-71e14d4a95b7 ] Request (ServersAdmin275Test:tearDownClass): 200 GET http://10.180.1.21/compute/v2.1/servers/5719daa8-a5bc-4604-b465-a57097695c6d 1.440s
2025-06-03 12:48:10.381 61915 INFO tempest.lib.common.rest_client [req-9e923a39-4e08-4018-9d03-ec982ac3b8ff req-9e923a39-4e08-4018-9d03-ec982ac3b8ff ] Request (ServersAdminNegativeTestJSON:test_migrate_server_invalid_state): 409 POST http://10.180.1.21/compute/v2.1/servers/43cf4c96-2c8b-4520-8926-c1be5a87734e/action 1.067s
2025-06-03 12:48:10.419 61893 INFO tempest.lib.common.rest_client [req-0cc61755-3018-41bb-866b-d83027ca5995 req-0cc61755-3018-41bb-866b-d83027ca5995 ] Request (ServerExternalEventsTest:test_create_server_external_events): 200 GET http://10.180.1.21/compute/v2.1/servers/9dbff26a-210c-4e80-812f-c91debe3e9c1 1.152s
2025-06-03 12:48:10.445 61865 INFO tempest.lib.common.rest_client [req-5180585c-4fb2-4122-8145-af3c1f7e91b4 req-5180585c-4fb2-4122-8145-af3c1f7e91b4 ] Request (ServerRescueNegativeTestJSON:setUpClass): 200 GET http://10.180.1.21/compute/v2.1/servers/e21de424-8121-4e2f-84c2-8096ba8048cc 1.106s
2025-06-03 12:48:10.497 61899 INFO tempest.lib.common.rest_client [req-153e3748-dcd9-4209-afa4-9d0e102ce8a6 req-153e3748-dcd9-4209-afa4-9d0e102ce8a6 ] Request (ServerRescueTestJSONUnderV235:setUpClass): 200 GET http://10.180.1.21/compute/v2.1/servers/609ba431-b42b-4b0d-9c16-06e19bee114c 1.125s
2025-06-03 12:48:10.506 61883 INFO tempest.lib.common.rest_client [req-c6ad2297-150c-48e0-abf7-6f1cd7c58ca5 req-c6ad2297-150c-48e0-abf7-6f1cd7c58ca5 ] Request (ServersV294TestFqdnHostnames:setUpClass): 201 POST http://10.180.1.21:9696/networking/v2.0/floatingips 1.029s
2025-06-03 12:48:10.533 61907 INFO tempest.lib.common.rest_client [req-87b879be-1676-42ce-a1c7-3b045cfe4404 req-87b879be-1676-42ce-a1c7-3b045cfe4404 ] Request (ImagesNegativeTestJSON:test_create_image_from_deleted_server): 200 GET http://10.180.1.21/compute/v2.1/servers/8214216a-0256-467e-ac4c-1d14b0f73b77 1.126s
2025-06-03 12:48:10.567 61883 INFO tempest.lib.common.rest_client [req-a8b37f8e-5bff-4c74-8e5b-69956fdb0073 req-a8b37f8e-5bff-4c74-8e5b-69956fdb0073 ] Request (ServersV294TestFqdnHostnames:setUpClass): 201 POST http://10.180.1.21/identity/v3/auth/tokens 0.057s
2025-06-03 12:48:10.567 61883 INFO tempest.lib.common.fixed_network [-] (ServersV294TestFqdnHostnames:setUpClass) Found network {'id': '07247a37-d94b-40cb-a352-293d3390a79f', 'name': 'tempest-ServersV294TestFqdnHostnames-512329380-network', 'tenant_id': 'f50ef718e3a64a50b3c40ff4bc29e673', 'admin_state_up': True, 'mtu': 8950, 'status': 'ACTIVE', 'subnets': [], 'shared': False, 'project_id': 'f50ef718e3a64a50b3c40ff4bc29e673', 'port_security_enabled': True, 'router:external': False, 'provider:network_type': 'vlan', 'provider:physical_network': 'default', 'provider:segmentation_id': 8, 'availability_zone_hints': [], 'availability_zones': [], 'ipv4_address_scope': None, 'ipv6_address_scope': None, 'description': '', 'tags': [], 'created_at': '2025-06-03T12:48:03Z', 'updated_at': '2025-06-03T12:48:03Z', 'revision_number': 1} available for tenant
2025-06-03 12:48:10.596 61927 INFO tempest.lib.common.rest_client [req-1c8a19fd-2f38-47fa-a863-50da3a3b4e07 req-1c8a19fd-2f38-47fa-a863-50da3a3b4e07 ] Request (ServerRescueTestJSON:setUpClass): 200 GET http://10.180.1.21/compute/v2.1/servers/4b29ebc4-d913-447c-bc57-890953cf8d49 1.121s
2025-06-03 12:48:10.660 61873 INFO tempest.lib.common.rest_client [req-1edd47b9-2b44-4872-9f8c-02ace2fd2dfa req-1edd47b9-2b44-4872-9f8c-02ace2fd2dfa ] Request (ServerPasswordTestJSON:setUpClass): 200 GET http://10.180.1.21/compute/v2.1/servers/a127cc27-7155-4a7a-871a-c3e67a99bfc8 1.020s
2025-06-03 12:48:10.674 61871 INFO tempest.lib.common.rest_client [req-bded9037-84f9-422d-aecf-035ac881f342 req-bded9037-84f9-422d-aecf-035ac881f342 ] Request (SecurityGroupRulesTestJSON:tearDownClass): 202 DELETE http://10.180.1.21/compute/v2.1/os-security-groups/5d85e2f0-6fde-4651-88a6-c6d1aabf41c7 1.211s
2025-06-03 12:48:10.773 61879 INFO tempest.lib.common.rest_client [req-a173bbd1-b60e-4497-a100-79e10281ffa9 req-a173bbd1-b60e-4497-a100-79e10281ffa9 ] Request (ListImageFiltersTestJSON:setUpClass): 200 GET http://10.180.1.21/compute/v2.1/servers/7d2bad05-c461-43b9-9dd0-bdefbd33e3a2 1.060s
2025-06-03 12:48:10.855 61925 INFO tempest.lib.common.rest_client [req-b729c090-6f15-4af8-853b-2ceb65e42931 req-b729c090-6f15-4af8-853b-2ceb65e42931 ] Request (ServerMetadataTestJSON:setUpClass): 200 GET http://10.180.1.21/compute/v2.1/servers/2a0576f9-d740-4dfa-9783-17eb3987840b 1.089s
2025-06-03 12:48:10.900 61887 INFO tempest.lib.common.rest_client [req-30e5eabd-c8ba-42e4-9787-99946082eb49 req-30e5eabd-c8ba-42e4-9787-99946082eb49 ] Request (MultipleCreateTestJSON:test_multiple_create): 200 GET http://10.180.1.21/compute/v2.1/servers/72656070-cfd0-4104-a9c7-ec20c5a6238a 1.172s
2025-06-03 12:48:10.979 61913 INFO tempest.lib.common.rest_client [req-289376f3-2b65-40f4-86c1-f45f81ca857f req-289376f3-2b65-40f4-86c1-f45f81ca857f ] Request (ListServersNegativeTestJSON:setUpClass): 200 GET http://10.180.1.21/compute/v2.1/servers/5b2fb040-a964-479f-ae3f-4f428248d64b 1.083s
2025-06-03 12:48:11.041 61911 INFO tempest.lib.common.rest_client [req-4b2766e3-2340-4810-835f-3cc608b2c1c1 req-4b2766e3-2340-4810-835f-3cc608b2c1c1 ] Request (InstanceActionsTestJSON:tearDownClass): 200 PUT http://10.180.1.21:9696/networking/v2.0/routers/93765503-fe76-48c4-ad67-76e13badce9e/remove_router_interface 1.501s
2025-06-03 12:48:11.072 61881 INFO tempest.lib.common.rest_client [req-97dcbbf8-cbd4-4bd0-b037-a78cefe5198c req-97dcbbf8-cbd4-4bd0-b037-a78cefe5198c ] Request (SecurityGroupsTestJSON:test_list_security_groups_by_server): 200 POST http://10.180.1.21/compute/v2.1/os-security-groups 1.256s
2025-06-03 12:48:11.128 61881 INFO tempest.lib.common.rest_client [req-e2b92484-454d-4ea3-a0a3-d997a765e3e9 req-e2b92484-454d-4ea3-a0a3-d997a765e3e9 ] Request (SecurityGroupsTestJSON:test_list_security_groups_by_server): 201 POST http://10.180.1.21/identity/v3/auth/tokens 0.048s
2025-06-03 12:48:11.129 61881 INFO tempest.lib.common.fixed_network [-] (SecurityGroupsTestJSON:test_list_security_groups_by_server) Found network {'id': '4bb0b530-45da-4447-9e8c-35cdc4872914', 'name': 'tempest-SecurityGroupsTestJSON-399449310-network', 'tenant_id': 'f29228f7495747ca97b16aa485960e14', 'admin_state_up': True, 'mtu': 8950, 'status': 'ACTIVE', 'subnets': [], 'shared': False, 'project_id': 'f29228f7495747ca97b16aa485960e14', 'port_security_enabled': True, 'router:external': False, 'provider:network_type': 'vlan', 'provider:physical_network': 'default', 'provider:segmentation_id': 942, 'availability_zone_hints': [], 'availability_zones': [], 'ipv4_address_scope': None, 'ipv6_address_scope': None, 'description': '', 'tags': [], 'created_at': '2025-06-03T12:48:03Z', 'updated_at': '2025-06-03T12:48:03Z', 'revision_number': 1} available for tenant
2025-06-03 12:48:11.411 61911 INFO tempest.lib.common.rest_client [req-cd02c00e-a536-4d2d-b809-882bc7da1327 req-cd02c00e-a536-4d2d-b809-882bc7da1327 ] Request (InstanceActionsTestJSON:tearDownClass): 204 DELETE http://10.180.1.21:9696/networking/v2.0/routers/93765503-fe76-48c4-ad67-76e13badce9e 0.369s
2025-06-03 12:48:11.526 61911 INFO tempest.lib.common.rest_client [req-0ccc9da1-0825-4808-a171-9a513be25fb1 req-0ccc9da1-0825-4808-a171-9a513be25fb1 ] Request (InstanceActionsTestJSON:tearDownClass): 204 DELETE http://10.180.1.21:9696/networking/v2.0/subnets/ab55f424-8302-4a2c-83e5-64dc8dcfefe6 0.115s
2025-06-03 12:48:11.543 61917 INFO tempest.lib.common.rest_client [req-cd75fbc9-946a-482c-bdad-f83f8d07823c req-cd75fbc9-946a-482c-bdad-f83f8d07823c ] Request (DeleteServersAdminTestJSON:test_delete_server_while_in_error_state): 200 GET http://10.180.1.21/compute/v2.1/servers/c1b1ac1a-32da-442d-86ef-d754165f5a81 1.593s
2025-06-03 12:48:11.548 61915 INFO tempest.lib.common.rest_client [req-79e389c9-acd3-4d87-bfb6-5a1f6357b903 req-79e389c9-acd3-4d87-bfb6-5a1f6357b903 ] Request (ServersAdminNegativeTestJSON:test_reset_state_server_invalid_state): 400 POST http://10.180.1.21/compute/v2.1/servers/8a3ac91d-8949-4745-9161-1a70899c0293/action 1.166s
2025-06-03 12:48:11.559 61885 INFO tempest.lib.common.rest_client [req-d8833d51-7ebe-4367-8827-188172e35bf9 req-d8833d51-7ebe-4367-8827-188172e35bf9 ] Request (MigrationsAdminTest:test_list_migrations_in_flavor_resize_situation): 200 GET http://10.180.1.21/compute/v2.1/servers/eced4107-b99e-479e-b22c-2157320ecf95 1.482s
2025-06-03 12:48:11.636 61905 INFO tempest.lib.common.rest_client [req-f61ced86-2d16-4abe-942d-20c4f41cd9a8 req-f61ced86-2d16-4abe-942d-20c4f41cd9a8 ] Request (ServerActionsV293TestJSON:setUpClass): 200 GET http://10.180.1.21/compute/v2.1/servers/26e339f1-182b-4f00-b7c2-a2a32e942d04 1.179s
2025-06-03 12:48:11.665 61875 INFO tempest.lib.common.rest_client [req-692bc29e-d212-4022-b3ee-2ef0db6d5840 req-692bc29e-d212-4022-b3ee-2ef0db6d5840 ] Request (FloatingIPsAssociationTestJSON:test_associate_already_associated_floating_ip): 200 GET http://10.180.1.21/compute/v2.1/servers/5a284df5-88ea-43bf-9944-ef344f99591c 1.148s
2025-06-03 12:48:11.782 61889 INFO tempest.lib.common.rest_client [req-b9e427ec-746c-4647-9e17-a252aac8c3e7 req-b9e427ec-746c-4647-9e17-a252aac8c3e7 ] Request (ServersAdminTestJSON:setUpClass): 200 GET http://10.180.1.21/compute/v2.1/servers/8d838d3b-32ad-4bb2-839e-6bd81c363447 1.212s
2025-06-03 12:48:11.803 61911 INFO tempest.lib.common.rest_client [req-9358df5f-951f-489a-ada8-ab9cb8251cd9 req-9358df5f-951f-489a-ada8-ab9cb8251cd9 ] Request (InstanceActionsTestJSON:tearDownClass): 204 DELETE http://10.180.1.21:9696/networking/v2.0/networks/2437aa91-36dd-4084-a14b-9ed28ba4c29f 0.276s
2025-06-03 12:48:11.832 61921 INFO tempest.lib.common.rest_client [req-dd61631c-89aa-465e-a184-13c3fdfd4a98 req-dd61631c-89aa-465e-a184-13c3fdfd4a98 ] Request (ImagesTestJSON:test_create_image_from_stopped_server): 200 GET http://10.180.1.21/compute/v2.1/images/68473fee-5958-47fb-a73e-d1afcfee7aae 1.227s
2025-06-03 12:48:11.916 61911 INFO tempest.lib.common.rest_client [req-f41865d3-6a5c-4c08-b2b4-56d1c2620302 req-f41865d3-6a5c-4c08-b2b4-56d1c2620302 ] Request (InstanceActionsTestJSON:tearDownClass): 204 DELETE http://10.180.1.21/identity/v3/users/f6252bf3af7f4c4a9464791d884de264 0.112s
2025-06-03 12:48:11.916 61911 INFO tempest.lib.common.dynamic_creds [-] Deleting project and security group for project: 9e59cf3bff474453a38297e54e84ec89
2025-06-03 12:48:11.944 61911 INFO tempest.lib.common.rest_client [req-407a841a-7005-4f22-9917-6a04cb83598a req-407a841a-7005-4f22-9917-6a04cb83598a ] Request (InstanceActionsTestJSON:tearDownClass): 200 GET http://10.180.1.21:9696/networking/v2.0/security-groups?tenant_id=9e59cf3bff474453a38297e54e84ec89&name=default 0.027s
2025-06-03 12:48:11.951 61867 INFO tempest.lib.common.rest_client [req-e7abf910-7856-4627-b033-e9bbb1a443bc req-e7abf910-7856-4627-b033-e9bbb1a443bc ] Request (ServerMetadataNegativeTestJSON:setUpClass): 200 GET http://10.180.1.21/compute/v2.1/servers/1722d63d-e604-44fe-8198-13e6c5bce016 1.240s
2025-06-03 12:48:11.953 61877 WARNING tempest.lib.common.ssh [-] Failed to establish authenticated ssh connection to cirros@10.180.180.168 ([Errno None] Unable to connect to port 22 on 10.180.180.168). Number attempts: 4. Retry after 5 seconds.: paramiko.ssh_exception.NoValidConnectionsError: [Errno None] Unable to connect to port 22 on 10.180.180.168
2025-06-03 12:48:12.043 61911 INFO tempest.lib.common.rest_client [req-d53ba2da-a847-4eef-acfe-da736cc76928 req-d53ba2da-a847-4eef-acfe-da736cc76928 ] Request (InstanceActionsTestJSON:tearDownClass): 204 DELETE http://10.180.1.21:9696/networking/v2.0/security-groups/7fc67a55-ecea-4935-9926-a0733e53d126 0.098s
2025-06-03 12:48:12.071 61897 INFO tempest.lib.common.rest_client [req-f775ede5-8fd5-4c62-a0f5-12677d6467a4 req-f775ede5-8fd5-4c62-a0f5-12677d6467a4 ] Request (InstanceActionsV221TestJSON:test_get_list_deleted_instance_actions): 200 GET http://10.180.1.21/compute/v2.1/servers/1dda6a7b-ff1e-488a-af42-2e4ffc16b5a3 1.267s
2025-06-03 12:48:12.157 61911 INFO tempest.lib.common.rest_client [req-01d19dd0-aad1-42fa-b9e3-789a09c31f55 req-01d19dd0-aad1-42fa-b9e3-789a09c31f55 ] Request (InstanceActionsTestJSON:tearDownClass): 204 DELETE http://10.180.1.21/identity/v3/projects/9e59cf3bff474453a38297e54e84ec89 0.113s
2025-06-03 12:48:12.212 61902 INFO tempest.lib.common.rest_client [req-b3691bef-d90b-4167-8030-caeff35b6bba req-b3691bef-d90b-4167-8030-caeff35b6bba ] Request (VolumesAdminNegativeTest:test_update_attached_volume_with_nonexistent_volume_in_body): 200 GET http://10.180.1.21/compute/v2.1/servers/d7e25ea6-7076-4ab2-aed6-fe5232c2665d 1.154s
2025-06-03 12:48:12.232 61911 INFO tempest.lib.common.rest_client [req-d18ba4a4-e7ae-4b73-80f9-bbcc2b3cd6bf req-d18ba4a4-e7ae-4b73-80f9-bbcc2b3cd6bf ] Request (ServersAaction247Test:setUpClass): 201 POST http://10.180.1.21/identity/v3/auth/tokens 0.073s
2025-06-03 12:48:12.283 61911 INFO tempest.lib.common.rest_client [req-4ac1ee47-00e4-42ae-b4f3-9347cb5fdf2d req-4ac1ee47-00e4-42ae-b4f3-9347cb5fdf2d ] Request (ServersAaction247Test:setUpClass): 201 POST http://10.180.1.21/identity/v3/auth/tokens 0.047s
2025-06-03 12:48:12.313 61911 INFO tempest.lib.common.rest_client [req-d2c38e01-3517-4b92-a98a-e22a0915b6fa req-d2c38e01-3517-4b92-a98a-e22a0915b6fa ] Request (ServersAaction247Test:setUpClass): 200 GET http://10.180.1.21/identity/v3/domains?name=Default 0.028s
2025-06-03 12:48:12.347 61911 INFO tempest.lib.common.rest_client [req-dcc8c21c-f194-4c17-b74a-38ba3c0b5c41 req-dcc8c21c-f194-4c17-b74a-38ba3c0b5c41 ] Request (ServersAaction247Test:setUpClass): 201 POST http://10.180.1.21/identity/v3/projects 0.033s
2025-06-03 12:48:12.412 61911 INFO tempest.lib.common.rest_client [req-4b8dc662-9e83-4442-8786-0c5ac0ea2e33 req-4b8dc662-9e83-4442-8786-0c5ac0ea2e33 ] Request (ServersAaction247Test:setUpClass): 201 POST http://10.180.1.21/identity/v3/users 0.064s
2025-06-03 12:48:12.437 61911 INFO tempest.lib.common.rest_client [req-9afa616d-54a2-4b81-9908-767f52126a59 req-9afa616d-54a2-4b81-9908-767f52126a59 ] Request (ServersAaction247Test:setUpClass): 200 GET http://10.180.1.21/identity/v3/roles 0.025s
2025-06-03 12:48:12.465 61911 INFO tempest.lib.common.rest_client [req-ca135f23-5540-4f99-8529-dda9e238b0a3 req-ca135f23-5540-4f99-8529-dda9e238b0a3 ] Request (ServersAaction247Test:setUpClass): 204 PUT http://10.180.1.21/identity/v3/projects/2430d37bfaae467da3903baeb2ad99b0/users/ea4436c958df4c669fa5b822c854adfc/roles/0d3763051dc74fe2bce89d058cb49d83 0.027s
2025-06-03 12:48:12.465 61911 INFO tempest.lib.common.dynamic_creds [-] Dynamic test user ea4436c958df4c669fa5b822c854adfc is created with scope project and roles: ['member']
2025-06-03 12:48:12.465 61911 INFO tempest.lib.common.dynamic_creds [-] Acquired dynamic creds: credentials: Credentials: {'domain_id': 'default', 'domain_name': 'Default', 'username': 'tempest-ServersAaction247Test-759052924-project-member', 'project_domain_id': 'default', 'project_domain_name': 'Default', 'project_id': '2430d37bfaae467da3903baeb2ad99b0', 'project_name': 'tempest-ServersAaction247Test-759052924', 'tenant_id': '2430d37bfaae467da3903baeb2ad99b0', 'tenant_name': 'tempest-ServersAaction247Test-759052924', 'user_domain_id': 'default', 'user_domain_name': 'Default', 'user_id': 'ea4436c958df4c669fa5b822c854adfc', 'system': None}, Network: None, Subnet: None, Router: None
2025-06-03 12:48:12.465 61911 INFO tempest.lib.common.dynamic_creds [-] Created isolated network resources for: credentials: Credentials: {'domain_id': 'default', 'domain_name': 'Default', 'username': 'tempest-ServersAaction247Test-759052924-project-member', 'project_domain_id': 'default', 'project_domain_name': 'Default', 'project_id': '2430d37bfaae467da3903baeb2ad99b0', 'project_name': 'tempest-ServersAaction247Test-759052924', 'tenant_id': '2430d37bfaae467da3903baeb2ad99b0', 'tenant_name': 'tempest-ServersAaction247Test-759052924', 'user_domain_id': 'default', 'user_domain_name': 'Default', 'user_id': 'ea4436c958df4c669fa5b822c854adfc', 'system': None}, Network: None, Subnet: None, Router: None
2025-06-03 12:48:12.554 61911 INFO tempest.lib.common.rest_client [req-fc11dcb6-a964-4a49-8ede-d640a7c0e0ca req-fc11dcb6-a964-4a49-8ede-d640a7c0e0ca ] Request (ServersAaction247Test:setUpClass): 201 POST http://10.180.1.21/identity/v3/auth/tokens 0.085s
2025-06-03 12:48:12.590 61911 INFO tempest.lib.common.rest_client [req-5048b661-f515-4a2a-842b-6e5793ccea26 req-5048b661-f515-4a2a-842b-6e5793ccea26 ] Request (ServersAaction247Test:test_create_backup): 201 POST http://10.180.1.21/identity/v3/auth/tokens 0.032s
2025-06-03 12:48:12.591 61911 INFO tempest.lib.common.fixed_network [-] (ServersAaction247Test:test_create_backup) Found network None available for tenant
2025-06-03 12:48:12.593 61923 WARNING tempest.lib.common.ssh [-] Failed to establish authenticated ssh connection to cirros@10.180.180.222 ([Errno None] Unable to connect to port 22 on 10.180.180.222). Number attempts: 6. Retry after 7 seconds.: paramiko.ssh_exception.NoValidConnectionsError: [Errno None] Unable to connect to port 22 on 10.180.180.222
2025-06-03 12:48:12.657 61895 WARNING tempest.lib.common.ssh [-] Failed to establish authenticated ssh connection to cirros@10.180.180.164 ([Errno None] Unable to connect to port 22 on 10.180.180.164). Number attempts: 5. Retry after 6 seconds.: paramiko.ssh_exception.NoValidConnectionsError: [Errno None] Unable to connect to port 22 on 10.180.180.164
2025-06-03 12:48:12.680 61883 INFO tempest.lib.common.rest_client [req-8787b054-00b4-44df-8989-6938469dfd5e req-8787b054-00b4-44df-8989-6938469dfd5e ] Request (ServersV294TestFqdnHostnames:setUpClass): 202 POST http://10.180.1.21/compute/v2.1/servers 2.111s
2025-06-03 12:48:12.913 61869 INFO tempest.lib.common.rest_client [req-b7394c85-6e96-443a-910e-3d837b80ba33 req-b7394c85-6e96-443a-910e-3d837b80ba33 ] Request (AttachInterfacesUnderV243Test:test_add_remove_fixed_ip): 200 GET http://10.180.1.21/compute/v2.1/servers/6a6c77f1-39ac-46ad-aa3c-82ed3cc70b7f 1.627s
2025-06-03 12:48:13.223 61881 INFO tempest.lib.common.rest_client [req-3fceed2b-d8c6-46fe-9364-3f08ef055bc7 req-3fceed2b-d8c6-46fe-9364-3f08ef055bc7 ] Request (SecurityGroupsTestJSON:test_list_security_groups_by_server): 202 POST http://10.180.1.21/compute/v2.1/servers 2.094s
2025-06-03 12:48:13.264 61903 INFO tempest.lib.common.rest_client [req-bb7c211c-c7f4-48fb-9cbc-a045865bdb6a req-bb7c211c-c7f4-48fb-9cbc-a045865bdb6a ] Request (ServersAdmin275Test:tearDownClass): 200 GET http://10.180.1.21/compute/v2.1/servers/5719daa8-a5bc-4604-b465-a57097695c6d 1.969s
2025-06-03 12:48:13.330 61865 INFO tempest.lib.common.rest_client [req-f752e8d1-5eaa-49ec-8d6f-9ffdea000315 req-f752e8d1-5eaa-49ec-8d6f-9ffdea000315 ] Request (ServerRescueNegativeTestJSON:setUpClass): 200 GET http://10.180.1.21/compute/v2.1/servers/e21de424-8121-4e2f-84c2-8096ba8048cc 1.874s
2025-06-03 12:48:13.349 61871 INFO tempest.lib.common.rest_client [req-6add5a9d-3a7b-49c3-9238-3a6a29743398 req-6add5a9d-3a7b-49c3-9238-3a6a29743398 ] Request (SecurityGroupRulesTestJSON:tearDownClass): 200 PUT http://10.180.1.21:9696/networking/v2.0/routers/ef020088-4aff-4d9a-ae93-61faa979c68a/remove_router_interface 2.675s
2025-06-03 12:48:13.409 61899 INFO tempest.lib.common.rest_client [req-3e8efca3-35e5-4e3a-ae27-770d34a7bd91 req-3e8efca3-35e5-4e3a-ae27-770d34a7bd91 ] Request (ServerRescueTestJSONUnderV235:setUpClass): 200 GET http://10.180.1.21/compute/v2.1/servers/609ba431-b42b-4b0d-9c16-06e19bee114c 1.900s
2025-06-03 12:48:13.432 61893 INFO tempest.lib.common.rest_client [req-36f46613-1a94-44d3-a0d6-0b81188f773b req-36f46613-1a94-44d3-a0d6-0b81188f773b ] Request (ServerExternalEventsTest:test_create_server_external_events): 200 GET http://10.180.1.21/compute/v2.1/servers/9dbff26a-210c-4e80-812f-c91debe3e9c1 2.005s
2025-06-03 12:48:13.437 61915 INFO tempest.lib.common.rest_client [req-2845b910-2558-4018-ba6c-989c11f0998f req-2845b910-2558-4018-ba6c-989c11f0998f ] Request (ServersAdminNegativeTestJSON:test_reset_state_server_invalid_type): 400 POST http://10.180.1.21/compute/v2.1/servers/8a3ac91d-8949-4745-9161-1a70899c0293/action 1.887s
2025-06-03 12:48:13.441 61893 INFO tempest.common.waiters [-] State transition "BUILD/spawning" ==> "ACTIVE/None" after 41 second wait
2025-06-03 12:48:13.494 61907 INFO tempest.lib.common.rest_client [req-d3783a73-e732-457f-a22c-5e12602a89f4 req-d3783a73-e732-457f-a22c-5e12602a89f4 ] Request (ImagesNegativeTestJSON:test_create_image_from_deleted_server): 200 GET http://10.180.1.21/compute/v2.1/servers/8214216a-0256-467e-ac4c-1d14b0f73b77 1.950s
2025-06-03 12:48:13.517 61917 INFO tempest.lib.common.rest_client [req-43583ea1-278f-48fa-b51d-b2263b84eca5 req-43583ea1-278f-48fa-b51d-b2263b84eca5 ] Request (DeleteServersAdminTestJSON:test_delete_server_while_in_error_state): 204 DELETE http://10.180.1.21/compute/v2.1/servers/c1b1ac1a-32da-442d-86ef-d754165f5a81 1.960s
2025-06-03 12:48:13.594 61927 INFO tempest.lib.common.rest_client [req-c2c0543a-8d33-49f7-b185-cc5a8501c40d req-c2c0543a-8d33-49f7-b185-cc5a8501c40d ] Request (ServerRescueTestJSON:setUpClass): 200 GET http://10.180.1.21/compute/v2.1/servers/4b29ebc4-d913-447c-bc57-890953cf8d49 1.989s
2025-06-03 12:48:13.595 61873 INFO tempest.lib.common.rest_client [req-247fb912-1b55-40e2-812c-e91b3e2cb05d req-247fb912-1b55-40e2-812c-e91b3e2cb05d ] Request (ServerPasswordTestJSON:setUpClass): 200 GET http://10.180.1.21/compute/v2.1/servers/a127cc27-7155-4a7a-871a-c3e67a99bfc8 1.918s
2025-06-03 12:48:13.660 61925 INFO tempest.lib.common.rest_client [req-2d4cf485-0449-4b9c-9532-cf3cbf3a184b req-2d4cf485-0449-4b9c-9532-cf3cbf3a184b ] Request (ServerMetadataTestJSON:setUpClass): 200 GET http://10.180.1.21/compute/v2.1/servers/2a0576f9-d740-4dfa-9783-17eb3987840b 1.795s
2025-06-03 12:48:13.665 61879 INFO tempest.lib.common.rest_client [req-7d0d99b1-470d-48a0-be1f-69bd18e70e6b req-7d0d99b1-470d-48a0-be1f-69bd18e70e6b ] Request (ListImageFiltersTestJSON:setUpClass): 200 GET http://10.180.1.21/compute/v2.1/servers/7d2bad05-c461-43b9-9dd0-bdefbd33e3a2 1.880s
2025-06-03 12:48:13.740 61913 INFO tempest.lib.common.rest_client [req-35840815-b576-40cf-ada2-69196ebaa8ee req-35840815-b576-40cf-ada2-69196ebaa8ee ] Request (ListServersNegativeTestJSON:setUpClass): 200 GET http://10.180.1.21/compute/v2.1/servers/5b2fb040-a964-479f-ae3f-4f428248d64b 1.752s
2025-06-03 12:48:13.816 61887 INFO tempest.lib.common.rest_client [req-c2de6c2a-ad92-4884-af7f-7b04293178f2 req-c2de6c2a-ad92-4884-af7f-7b04293178f2 ] Request (MultipleCreateTestJSON:test_multiple_create): 200 GET http://10.180.1.21/compute/v2.1/servers/72656070-cfd0-4104-a9c7-ec20c5a6238a 1.903s
2025-06-03 12:48:13.855 61871 INFO tempest.lib.common.rest_client [req-2c3555b1-00f9-4a52-b735-91b89a22c2bd req-2c3555b1-00f9-4a52-b735-91b89a22c2bd ] Request (SecurityGroupRulesTestJSON:tearDownClass): 204 DELETE http://10.180.1.21:9696/networking/v2.0/routers/ef020088-4aff-4d9a-ae93-61faa979c68a 0.506s
2025-06-03 12:48:13.978 61885 INFO tempest.lib.common.rest_client [req-541610f7-4a6f-4eae-9056-fd651b89fc7a req-541610f7-4a6f-4eae-9056-fd651b89fc7a ] Request (MigrationsAdminTest:test_list_migrations_in_flavor_resize_situation): 200 GET http://10.180.1.21/compute/v2.1/servers/eced4107-b99e-479e-b22c-2157320ecf95 1.404s
2025-06-03 12:48:14.058 61905 INFO tempest.lib.common.rest_client [req-092c6b5e-206e-4239-987c-435a390f6b0a req-092c6b5e-206e-4239-987c-435a390f6b0a ] Request (ServerActionsV293TestJSON:setUpClass): 200 GET http://10.180.1.21/compute/v2.1/servers/26e339f1-182b-4f00-b7c2-a2a32e942d04 1.404s
2025-06-03 12:48:14.072 61905 INFO tempest.common.waiters [-] State transition "BUILD/scheduling" ==> "BUILD/None" after 28 second wait
2025-06-03 12:48:14.112 61911 INFO tempest.lib.common.rest_client [req-71349279-cea7-4c9c-aff1-2b9ecf10b625 req-71349279-cea7-4c9c-aff1-2b9ecf10b625 ] Request (ServersAaction247Test:test_create_backup): 202 POST http://10.180.1.21/compute/v2.1/servers 1.521s
2025-06-03 12:48:14.128 61875 INFO tempest.lib.common.rest_client [req-13c4fbc7-7b8d-4340-b2b0-a6105952c2d9 req-13c4fbc7-7b8d-4340-b2b0-a6105952c2d9 ] Request (FloatingIPsAssociationTestJSON:test_associate_already_associated_floating_ip): 200 GET http://10.180.1.21/compute/v2.1/servers/5a284df5-88ea-43bf-9944-ef344f99591c 1.444s
2025-06-03 12:48:14.134 61871 INFO tempest.lib.common.rest_client [req-b385c4aa-30e8-460e-9161-d5c628307d3f req-b385c4aa-30e8-460e-9161-d5c628307d3f ] Request (SecurityGroupRulesTestJSON:tearDownClass): 204 DELETE http://10.180.1.21:9696/networking/v2.0/subnets/c3779c96-e383-404a-b6d8-c2c264ca1068 0.278s
2025-06-03 12:48:14.186 61883 INFO tempest.lib.common.rest_client [req-fc67dbd3-bab2-4ec0-b5b1-0e993e833f4c req-fc67dbd3-bab2-4ec0-b5b1-0e993e833f4c ] Request (ServersV294TestFqdnHostnames:setUpClass): 200 GET http://10.180.1.21/compute/v2.1/servers/9cf6dd9e-40e9-4df6-9342-2850e0f93d85 1.505s
2025-06-03 12:48:14.211 61889 INFO tempest.lib.common.rest_client [req-8df99f82-2a44-4f24-9c06-8e0cbb8f5320 req-8df99f82-2a44-4f24-9c06-8e0cbb8f5320 ] Request (ServersAdminTestJSON:setUpClass): 200 GET http://10.180.1.21/compute/v2.1/servers/8d838d3b-32ad-4bb2-839e-6bd81c363447 1.422s
2025-06-03 12:48:14.226 61921 INFO tempest.lib.common.rest_client [req-838b5549-b128-4f98-8a06-3bb1edde8e6e req-838b5549-b128-4f98-8a06-3bb1edde8e6e ] Request (ImagesTestJSON:test_create_image_from_stopped_server): 200 GET http://10.180.1.21/compute/v2.1/images/68473fee-5958-47fb-a73e-d1afcfee7aae 1.390s
2025-06-03 12:48:14.251 61897 INFO tempest.lib.common.rest_client [req-bb6008ac-44b3-4411-b9b2-21c076a90369 req-bb6008ac-44b3-4411-b9b2-21c076a90369 ] Request (InstanceActionsV221TestJSON:test_get_list_deleted_instance_actions): 404 GET http://10.180.1.21/compute/v2.1/servers/1dda6a7b-ff1e-488a-af42-2e4ffc16b5a3 1.078s
2025-06-03 12:48:14.271 61867 INFO tempest.lib.common.rest_client [req-93348017-f283-4886-be7d-eceb205b91e1 req-93348017-f283-4886-be7d-eceb205b91e1 ] Request (ServerMetadataNegativeTestJSON:setUpClass): 200 GET http://10.180.1.21/compute/v2.1/servers/1722d63d-e604-44fe-8198-13e6c5bce016 1.311s
2025-06-03 12:48:14.315 61902 INFO tempest.lib.common.rest_client [req-a03fd6ec-3c17-45f8-a30e-a8d44df23ba8 req-a03fd6ec-3c17-45f8-a30e-a8d44df23ba8 ] Request (VolumesAdminNegativeTest:test_update_attached_volume_with_nonexistent_volume_in_body): 200 GET http://10.180.1.21/compute/v2.1/servers/d7e25ea6-7076-4ab2-aed6-fe5232c2665d 1.094s
2025-06-03 12:48:14.322 61915 INFO tempest.lib.common.rest_client [req-ba0cd758-086e-49b9-922e-e402b8c140ad req-ba0cd758-086e-49b9-922e-e402b8c140ad ] Request (ServersAdminNegativeTestJSON:test_reset_state_server_nonexistent_server): 404 POST http://10.180.1.21/compute/v2.1/servers/999/action 0.884s
2025-06-03 12:48:14.336 61881 INFO tempest.lib.common.rest_client [req-d9be3612-4db6-46b9-8835-96566427207e req-d9be3612-4db6-46b9-8835-96566427207e ] Request (SecurityGroupsTestJSON:test_list_security_groups_by_server): 200 GET http://10.180.1.21/compute/v2.1/servers/ced5bde7-07b9-4d07-8b13-49f6fb006eed 1.111s
2025-06-03 12:48:14.441 61893 INFO tempest.lib.common.rest_client [req-a3782ced-d511-43f3-8bb8-50a5b05c64dd req-a3782ced-d511-43f3-8bb8-50a5b05c64dd ] Request (ServerExternalEventsTest:test_create_server_external_events): 200 POST http://10.180.1.21/compute/v2.1/os-server-external-events 1.000s
2025-06-03 12:48:14.544 61917 INFO tempest.lib.common.rest_client [req-1cff9206-f611-412c-9388-b7895ca1d1ef req-1cff9206-f611-412c-9388-b7895ca1d1ef ] Request (DeleteServersAdminTestJSON:test_delete_server_while_in_error_state): 200 GET http://10.180.1.21/compute/v2.1/servers/c1b1ac1a-32da-442d-86ef-d754165f5a81 1.027s
2025-06-03 12:48:14.589 61869 INFO tempest.lib.common.rest_client [req-f8c8df6a-92c7-4237-8c11-6771b6d0f516 req-f8c8df6a-92c7-4237-8c11-6771b6d0f516 ] Request (AttachInterfacesUnderV243Test:test_add_remove_fixed_ip): 200 GET http://10.180.1.21/compute/v2.1/servers/6a6c77f1-39ac-46ad-aa3c-82ed3cc70b7f 0.669s
2025-06-03 12:48:14.591 61871 INFO tempest.lib.common.rest_client [req-33a30fc8-d833-439c-9c24-a63568307d6e req-33a30fc8-d833-439c-9c24-a63568307d6e ] Request (SecurityGroupRulesTestJSON:tearDownClass): 204 DELETE http://10.180.1.21:9696/networking/v2.0/networks/41213796-fd18-4725-87f6-7e2cd7e8054b 0.456s
2025-06-03 12:48:14.605 61911 INFO tempest.lib.common.rest_client [req-6dd62d9e-3581-4e8e-b151-fe5a2d040fd1 req-6dd62d9e-3581-4e8e-b151-fe5a2d040fd1 ] Request (ServersAaction247Test:test_create_backup): 200 GET http://10.180.1.21/compute/v2.1/servers/6f2a4514-4de9-427d-91be-f445235696bf 0.491s
2025-06-03 12:48:14.643 61897 INFO tempest.lib.common.rest_client [req-68e899a7-3cd1-468a-9cb0-290340fe75c7 req-68e899a7-3cd1-468a-9cb0-290340fe75c7 ] Request (InstanceActionsV221TestJSON:test_get_list_deleted_instance_actions): 200 GET http://10.180.1.21/compute/v2.1/servers/1dda6a7b-ff1e-488a-af42-2e4ffc16b5a3/os-instance-actions 0.391s
2025-06-03 12:48:14.690 61903 INFO tempest.lib.common.rest_client [req-f16f1319-485e-44d8-a921-80f5a62ae7d8 req-f16f1319-485e-44d8-a921-80f5a62ae7d8 ] Request (ServersAdmin275Test:tearDownClass): 200 GET http://10.180.1.21/compute/v2.1/servers/5719daa8-a5bc-4604-b465-a57097695c6d 0.413s
2025-06-03 12:48:14.749 61871 INFO tempest.lib.common.rest_client [req-bf960a1f-9433-46c6-bb80-6d9c36710fbb req-bf960a1f-9433-46c6-bb80-6d9c36710fbb ] Request (SecurityGroupRulesTestJSON:tearDownClass): 204 DELETE http://10.180.1.21/identity/v3/users/62f98454400049a4a054e6c1307c779a 0.158s
2025-06-03 12:48:14.749 61871 INFO tempest.lib.common.dynamic_creds [-] Deleting project and security group for project: 30a78e38dc804a8bb087ec76fded1731
2025-06-03 12:48:14.767 61865 INFO tempest.lib.common.rest_client [req-06b3193e-aea2-4bb6-a764-9d7bbf8916e2 req-06b3193e-aea2-4bb6-a764-9d7bbf8916e2 ] Request (ServerRescueNegativeTestJSON:setUpClass): 200 GET http://10.180.1.21/compute/v2.1/servers/e21de424-8121-4e2f-84c2-8096ba8048cc 0.425s
2025-06-03 12:48:14.797 61871 INFO tempest.lib.common.rest_client [req-a68b42e6-b1a1-4a4b-9d6f-1f1a8348a3c4 req-a68b42e6-b1a1-4a4b-9d6f-1f1a8348a3c4 ] Request (SecurityGroupRulesTestJSON:tearDownClass): 200 GET http://10.180.1.21:9696/networking/v2.0/security-groups?tenant_id=30a78e38dc804a8bb087ec76fded1731&name=default 0.047s
2025-06-03 12:48:14.802 61915 INFO tempest.lib.common.rest_client [req-5ea337e1-4e5b-4939-baf5-1265d645c642 req-5ea337e1-4e5b-4939-baf5-1265d645c642 ] Request (ServersAdminNegativeTestJSON:test_resize_server_using_overlimit_ram): 200 GET http://10.180.1.21/compute/v2.1/os-quota-sets/a6876d28e58c4782ac540435d53fbc6f 0.476s
