2025-06-03 12:46:42.790 61891 INFO tempest.lib.common.dynamic_creds [-] Created isolated network resources for: credentials: Credentials: {'domain_id': 'default', 'domain_name': 'Default', 'username': 'tempest-ServerActionsTestJSON-1581508737-project-member', 'project_domain_id': 'default', 'project_domain_name': 'Default', 'project_id': 'aa2360863a5f4eff8a88eca0c88fa76d', 'project_name': 'tempest-ServerActionsTestJSON-1581508737', 'tenant_id': 'aa2360863a5f4eff8a88eca0c88fa76d', 'tenant_name': 'tempest-ServerActionsTestJSON-1581508737', 'user_domain_id': 'default', 'user_domain_name': 'Default', 'user_id': 'cb00c18cd27541359ae0adf45f5c4171', 'system': None}, Network: {'id': '96b02d05-dca0-4f69-8812-b6215a881ccb', 'name': 'tempest-ServerActionsTestJSON-1974724146-network', 'tenant_id': 'aa2360863a5f4eff8a88eca0c88fa76d', 'admin_state_up': True, 'mtu': 8950, 'status': 'ACTIVE', 'subnets': [], 'shared': False, 'project_id': 'aa2360863a5f4eff8a88eca0c88fa76d', 'port_security_enabled': True, 'router:external': False, 'provider:network_type': 'vlan', 'provider:physical_network': 'default', 'provider:segmentation_id': 929, 'availability_zone_hints': [], 'availability_zones': [], 'ipv4_address_scope': None, 'ipv6_address_scope': None, 'description': '', 'tags': [], 'created_at': '2025-06-03T12:46:38Z', 'updated_at': '2025-06-03T12:46:38Z', 'revision_number': 1}, Subnet: {'id': '476122f5-9dfe-4580-91c8-d146cabeb087', 'name': 'tempest-ServerActionsTestJSON-1974724146-subnet', 'tenant_id': 'aa2360863a5f4eff8a88eca0c88fa76d', 'network_id': '96b02d05-dca0-4f69-8812-b6215a881ccb', 'ip_version': 4, 'subnetpool_id': None, 'enable_dhcp': True, 'ipv6_ra_mode': None, 'ipv6_address_mode': None, 'gateway_ip': '192.168.128.1', 'cidr': '192.168.128.0/28', 'allocation_pools': [{'start': '192.168.128.2', 'end': '192.168.128.14'}], 'host_routes': [], 'dns_nameservers': [], 'description': '', 'router:external': False, 'service_types': [], 'tags': [], 'created_at': '2025-06-03T12:46:39Z', 'updated_at': '2025-06-03T12:46:39Z', 'revision_number': 0, 'project_id': 'aa2360863a5f4eff8a88eca0c88fa76d'}, Router: {'id': '0091be6a-d4a4-4f8b-a191-9e8f5137bcc0', 'name': 'tempest-ServerActionsTestJSON-1974724146-router', 'tenant_id': 'aa2360863a5f4eff8a88eca0c88fa76d', 'admin_state_up': True, 'status': 'ACTIVE', 'external_gateway_info': {'network_id': 'a034a911-7d23-467a-bb69-9a62a9fa4a81', 'external_fixed_ips': [{'subnet_id': 'fcd3390b-5a65-4bea-b514-5dbd2da3e2a7', 'ip_address': '10.180.180.193'}], 'enable_snat': True}, 'description': '', 'availability_zones': [], 'distributed': False, 'ha': False, 'availability_zone_hints': [], 'routes': [], 'flavor_id': None, 'tags': [], 'created_at': '2025-06-03T12:46:39Z', 'updated_at': '2025-06-03T12:46:40Z', 'revision_number': 2, 'project_id': 'aa2360863a5f4eff8a88eca0c88fa76d'}
2025-06-03 12:46:42.826 61911 INFO tempest.lib.common.rest_client [req-4ab529b4-9173-4100-af3b-70bc529d39a6 req-4ab529b4-9173-4100-af3b-70bc529d39a6 ] Request (InstanceActionsTestJSON:setUpClass): 201 POST http://10.180.1.21/identity/v3/users 0.094s
2025-06-03 12:46:42.845 61920 INFO tempest.lib.common.rest_client [req-590d5efa-bb5a-4bc3-95ff-ac3da9dc8253 req-590d5efa-bb5a-4bc3-95ff-ac3da9dc8253 ] Request (AZAdminV2TestJSON:tearDownClass): 204 DELETE http://10.180.1.21:9696/networking/v2.0/security-groups/a609e695-fe80-49bf-a0e6-a6676ef38da1 0.255s
2025-06-03 12:46:42.850 61883 INFO tempest.lib.common.rest_client [req-272b581e-6c07-4c38-9b4e-2a3023dbe8bd req-272b581e-6c07-4c38-9b4e-2a3023dbe8bd ] Request (TenantUsagesTestJSON:setUpClass): 200 GET http://10.180.1.21/compute/v2.1/servers/256e48c1-81de-4d32-97dc-ba80541a9239 1.013s
2025-06-03 12:46:42.857 61911 INFO tempest.lib.common.rest_client [req-d7949da9-911c-4453-8fbf-2b0bf9f4b3c4 req-d7949da9-911c-4453-8fbf-2b0bf9f4b3c4 ] Request (InstanceActionsTestJSON:setUpClass): 200 GET http://10.180.1.21/identity/v3/roles 0.030s
2025-06-03 12:46:42.894 61891 INFO tempest.lib.common.rest_client [req-2cce719b-cba3-4490-93cc-1406146327fb req-2cce719b-cba3-4490-93cc-1406146327fb ] Request (ServerActionsTestJSON:setUpClass): 201 POST http://10.180.1.21/identity/v3/auth/tokens 0.097s
2025-06-03 12:46:42.914 61873 INFO tempest.lib.common.rest_client [req-5b86b050-c73f-49ef-bc05-24fd51ab5c7f req-5b86b050-c73f-49ef-bc05-24fd51ab5c7f ] Request (AggregatesAdminNegativeTestJSON:test_aggregate_add_existent_host): 409 POST http://10.180.1.21/compute/v2.1/os-aggregates/1/action 1.071s
2025-06-03 12:46:42.919 61911 INFO tempest.lib.common.rest_client [req-c211fa7d-e373-4752-9536-3666d3e76cf9 req-c211fa7d-e373-4752-9536-3666d3e76cf9 ] Request (InstanceActionsTestJSON:setUpClass): 204 PUT http://10.180.1.21/identity/v3/projects/9e59cf3bff474453a38297e54e84ec89/users/f6252bf3af7f4c4a9464791d884de264/roles/0d3763051dc74fe2bce89d058cb49d83 0.060s
2025-06-03 12:46:42.919 61911 INFO tempest.lib.common.dynamic_creds [-] Dynamic test user f6252bf3af7f4c4a9464791d884de264 is created with scope project and roles: ['member']
2025-06-03 12:46:42.919 61911 INFO tempest.lib.common.dynamic_creds [-] Acquired dynamic creds: credentials: Credentials: {'domain_id': 'default', 'domain_name': 'Default', 'username': 'tempest-InstanceActionsTestJSON-1766073935-project-member', 'project_domain_id': 'default', 'project_domain_name': 'Default', 'project_id': '9e59cf3bff474453a38297e54e84ec89', 'project_name': 'tempest-InstanceActionsTestJSON-1766073935', 'tenant_id': '9e59cf3bff474453a38297e54e84ec89', 'tenant_name': 'tempest-InstanceActionsTestJSON-1766073935', 'user_domain_id': 'default', 'user_domain_name': 'Default', 'user_id': 'f6252bf3af7f4c4a9464791d884de264', 'system': None}, Network: None, Subnet: None, Router: None
2025-06-03 12:46:42.922 61895 INFO tempest.lib.common.rest_client [req-308847b2-76da-496e-9eb2-7f8885b922c7 req-308847b2-76da-496e-9eb2-7f8885b922c7 ] Request (InstanceUsageAuditLogNegativeTestJSON:test_instance_usage_audit_logs_with_nonadmin_user): 403 GET http://10.180.1.21/compute/v2.1/os-instance_usage_audit_log/2025-06-03%2012%3A46%3A42 0.905s
2025-06-03 12:46:42.947 61915 INFO tempest.lib.common.rest_client [req-593f7500-0cee-4cfe-93b9-78b8ab21a884 req-593f7500-0cee-4cfe-93b9-78b8ab21a884 ] Request (HypervisorAdminTestJSON:test_get_hypervisor_show_details): 200 GET http://10.180.1.21/compute/v2.1/os-hypervisors/1 0.898s
2025-06-03 12:46:42.955 61920 INFO tempest.lib.common.rest_client [req-80f644b9-7f8d-44d8-8247-1382eef169e9 req-80f644b9-7f8d-44d8-8247-1382eef169e9 ] Request (AZAdminV2TestJSON:tearDownClass): 204 DELETE http://10.180.1.21/identity/v3/projects/c3b5231878224d3daf4ebb3e8ea683f8 0.109s
2025-06-03 12:46:42.971 61881 INFO tempest.lib.common.rest_client [req-cb722482-af51-4ab6-bf53-ef6205b4b402 req-cb722482-af51-4ab6-bf53-ef6205b4b402 ] Request (FlavorsAdminTestJSON:test_create_flavor_verify_entry_in_list_details): 200 POST http://10.180.1.21/compute/v2.1/flavors 0.881s
2025-06-03 12:46:42.989 61911 INFO tempest.lib.common.rest_client [req-4411a316-e10e-46ce-b554-720b6c170281 req-4411a316-e10e-46ce-b554-720b6c170281 ] Request (InstanceActionsTestJSON:setUpClass): 201 POST http://10.180.1.21/identity/v3/auth/tokens 0.070s
2025-06-03 12:46:43.023 61920 INFO tempest.lib.common.rest_client [req-d4277ce6-e01e-4868-99f2-3055ac539a4a req-d4277ce6-e01e-4868-99f2-3055ac539a4a ] Request (HypervisorAdminNegativeUnderV252Test:setUpClass): 201 POST http://10.180.1.21/identity/v3/auth/tokens 0.067s
2025-06-03 12:46:43.065 61895 INFO tempest.lib.common.rest_client [req-214805c4-cc37-4685-bdd3-9071ff77f116 req-214805c4-cc37-4685-bdd3-9071ff77f116 ] Request (InstanceUsageAuditLogNegativeTestJSON:tearDownClass): 204 DELETE http://10.180.1.21/identity/v3/users/7287420ad4e24717896597e67aa485bd 0.141s
2025-06-03 12:46:43.096 61913 INFO tempest.lib.common.rest_client [req-5abec66f-45da-4804-9df0-4dbace6d5a8c req-5abec66f-45da-4804-9df0-4dbace6d5a8c ] Request (ServerDiagnosticsV248Test:test_get_server_diagnostics): 200 GET http://10.180.1.21/compute/v2.1/servers/579fb20b-083f-4227-9a13-c0f1ea36e272 0.878s
2025-06-03 12:46:43.127 61920 INFO tempest.lib.common.rest_client [req-2f7288be-d126-431e-8d97-e5eb63995950 req-2f7288be-d126-431e-8d97-e5eb63995950 ] Request (HypervisorAdminNegativeUnderV252Test:setUpClass): 201 POST http://10.180.1.21/identity/v3/auth/tokens 0.101s
2025-06-03 12:46:43.137 61897 INFO tempest.lib.common.rest_client [req-037c6ac2-44d1-4143-a889-ae8dd56cf151 req-037c6ac2-44d1-4143-a889-ae8dd56cf151 ] Request (NetworksTest:tearDownClass): 204 DELETE http://10.180.1.21:9696/networking/v2.0/security-groups/7d0efa01-25ae-4917-aca1-f9959ba9afa6 0.378s
2025-06-03 12:46:43.175 61871 INFO tempest.lib.common.rest_client [req-f50f824b-c721-4c5a-aa9f-d0714bb5257e req-f50f824b-c721-4c5a-aa9f-d0714bb5257e ] Request (ServerDiagnosticsTest:test_get_server_diagnostics): 200 GET http://10.180.1.21/compute/v2.1/servers/5d9eadff-7f13-4720-8119-5829b4802c21 0.897s
2025-06-03 12:46:43.196 61895 INFO tempest.lib.common.rest_client [req-affdc06c-605a-49de-9bc6-f94c4fcf1a7e req-affdc06c-605a-49de-9bc6-f94c4fcf1a7e ] Request (InstanceUsageAuditLogNegativeTestJSON:tearDownClass): 204 DELETE http://10.180.1.21/identity/v3/users/6adb7ee1c7634cfa9805a55596779ef9 0.130s
2025-06-03 12:46:43.196 61895 INFO tempest.lib.common.dynamic_creds [-] Deleting project and security group for project: dca1e17b4d944c35b4153ed571c25b74
2025-06-03 12:46:43.249 61920 INFO tempest.lib.common.rest_client [req-9217382a-60cd-4e7c-8559-6b350affa6ef req-9217382a-60cd-4e7c-8559-6b350affa6ef ] Request (HypervisorAdminNegativeUnderV252Test:setUpClass): 200 GET http://10.180.1.21/identity/v3/domains?name=Default 0.121s
2025-06-03 12:46:43.277 61895 INFO tempest.lib.common.rest_client [req-06b8f46e-dac0-4baf-9224-8cd05588f009 req-06b8f46e-dac0-4baf-9224-8cd05588f009 ] Request (InstanceUsageAuditLogNegativeTestJSON:tearDownClass): 201 POST http://10.180.1.21/identity/v3/auth/tokens 0.080s
2025-06-03 12:46:43.317 61897 INFO tempest.lib.common.rest_client [req-70603788-4076-43d2-803e-340bf5c5e9c2 req-70603788-4076-43d2-803e-340bf5c5e9c2 ] Request (NetworksTest:tearDownClass): 204 DELETE http://10.180.1.21/identity/v3/projects/cebfd9ac1c014b3dadabc726124b16a4 0.178s
2025-06-03 12:46:43.317 61897 INFO tempest.lib.common.dynamic_creds [-] Deleting project and security group for project: 8690ff20263543ee8ab0e9838090eee9
2025-06-03 12:46:43.345 61920 INFO tempest.lib.common.rest_client [req-951af9c6-b332-4237-8721-d41066d9fcf9 req-951af9c6-b332-4237-8721-d41066d9fcf9 ] Request (HypervisorAdminNegativeUnderV252Test:setUpClass): 201 POST http://10.180.1.21/identity/v3/projects 0.096s
2025-06-03 12:46:43.457 61920 INFO tempest.lib.common.rest_client [req-2592a3bf-27ac-41b9-a111-68d53881d522 req-2592a3bf-27ac-41b9-a111-68d53881d522 ] Request (HypervisorAdminNegativeUnderV252Test:setUpClass): 201 POST http://10.180.1.21/identity/v3/users 0.111s
2025-06-03 12:46:43.478 61897 INFO tempest.lib.common.rest_client [req-4fdebc2c-d3ae-4575-8c9a-83fc68450134 req-4fdebc2c-d3ae-4575-8c9a-83fc68450134 ] Request (NetworksTest:tearDownClass): 200 GET http://10.180.1.21:9696/networking/v2.0/security-groups?tenant_id=8690ff20263543ee8ab0e9838090eee9&name=default 0.161s
2025-06-03 12:46:43.486 61920 INFO tempest.lib.common.rest_client [req-98173fc0-c253-42a3-a683-f61e1a2aca78 req-98173fc0-c253-42a3-a683-f61e1a2aca78 ] Request (HypervisorAdminNegativeUnderV252Test:setUpClass): 200 GET http://10.180.1.21/identity/v3/roles 0.028s
2025-06-03 12:46:43.512 61920 INFO tempest.lib.common.rest_client [req-469f4ac5-e3a9-4882-8e64-a38c460492a0 req-469f4ac5-e3a9-4882-8e64-a38c460492a0 ] Request (HypervisorAdminNegativeUnderV252Test:setUpClass): 204 PUT http://10.180.1.21/identity/v3/projects/d1656572f0c941c3b18bb63ff4cef0ee/users/d51ba6983e654452837cdccbaa2e9311/roles/0d3763051dc74fe2bce89d058cb49d83 0.026s
2025-06-03 12:46:43.512 61920 INFO tempest.lib.common.dynamic_creds [-] Dynamic test user d51ba6983e654452837cdccbaa2e9311 is created with scope project and roles: ['member']
2025-06-03 12:46:43.513 61920 INFO tempest.lib.common.dynamic_creds [-] Acquired dynamic creds: credentials: Credentials: {'domain_id': 'default', 'domain_name': 'Default', 'username': 'tempest-HypervisorAdminNegativeUnderV252Test-104525022-project-member', 'project_domain_id': 'default', 'project_domain_name': 'Default', 'project_id': 'd1656572f0c941c3b18bb63ff4cef0ee', 'project_name': 'tempest-HypervisorAdminNegativeUnderV252Test-104525022', 'tenant_id': 'd1656572f0c941c3b18bb63ff4cef0ee', 'tenant_name': 'tempest-HypervisorAdminNegativeUnderV252Test-104525022', 'user_domain_id': 'default', 'user_domain_name': 'Default', 'user_id': 'd51ba6983e654452837cdccbaa2e9311', 'system': None}, Network: None, Subnet: None, Router: None
2025-06-03 12:46:43.513 61920 INFO tempest.lib.common.dynamic_creds [-] Created isolated network resources for: credentials: Credentials: {'domain_id': 'default', 'domain_name': 'Default', 'username': 'tempest-HypervisorAdminNegativeUnderV252Test-104525022-project-member', 'project_domain_id': 'default', 'project_domain_name': 'Default', 'project_id': 'd1656572f0c941c3b18bb63ff4cef0ee', 'project_name': 'tempest-HypervisorAdminNegativeUnderV252Test-104525022', 'tenant_id': 'd1656572f0c941c3b18bb63ff4cef0ee', 'tenant_name': 'tempest-HypervisorAdminNegativeUnderV252Test-104525022', 'user_domain_id': 'default', 'user_domain_name': 'Default', 'user_id': 'd51ba6983e654452837cdccbaa2e9311', 'system': None}, Network: None, Subnet: None, Router: None
2025-06-03 12:46:43.514 61902 INFO tempest.lib.common.rest_client [req-33b95b55-53a2-4960-8346-089fcda13554 req-33b95b55-53a2-4960-8346-089fcda13554 ] Request (QuotasAdminTestV236:test_get_updated_quotas): 200 PUT http://10.180.1.21/compute/v2.1/os-quota-sets/7cfcc9c7ca8b412ca88f6d018b2df662?user_id=45c34f830fa84c6fbde78d3eeeafd4df 1.217s
2025-06-03 12:46:43.537 61869 INFO tempest.lib.common.rest_client [req-b2e8aba7-50ca-4d57-b75c-d1f13bc2773b req-b2e8aba7-50ca-4d57-b75c-d1f13bc2773b ] Request (FlavorsExtraSpecsTestJSON:test_flavor_non_admin_get_specific_key): 200 POST http://10.180.1.21/compute/v2.1/flavors/1042549719/os-extra_specs 1.221s
2025-06-03 12:46:43.550 61911 INFO tempest.lib.common.rest_client [req-c2395a3e-4ca8-469d-9b61-07dd023c6403 req-c2395a3e-4ca8-469d-9b61-07dd023c6403 ] Request (InstanceActionsTestJSON:setUpClass): 201 POST http://10.180.1.21:9696/networking/v2.0/networks 0.560s
2025-06-03 12:46:43.620 61920 INFO tempest.lib.common.rest_client [req-710e9f35-d4df-4001-9c34-b724906e178b req-710e9f35-d4df-4001-9c34-b724906e178b ] Request (HypervisorAdminNegativeUnderV252Test:setUpClass): 201 POST http://10.180.1.21/identity/v3/auth/tokens 0.103s
2025-06-03 12:46:43.623 61897 INFO tempest.lib.common.rest_client [req-af47836a-b30c-4f36-a82b-e22301d3fa46 req-af47836a-b30c-4f36-a82b-e22301d3fa46 ] Request (NetworksTest:tearDownClass): 204 DELETE http://10.180.1.21:9696/networking/v2.0/security-groups/0d7e7df0-b927-49a5-85d7-751f46f04f80 0.145s
2025-06-03 12:46:43.679 61895 INFO tempest.lib.common.rest_client [req-52e01d4e-f3ce-4922-a99a-7b41ed315e72 req-52e01d4e-f3ce-4922-a99a-7b41ed315e72 ] Request (InstanceUsageAuditLogNegativeTestJSON:tearDownClass): 200 GET http://10.180.1.21:9696/networking/v2.0/security-groups?tenant_id=dca1e17b4d944c35b4153ed571c25b74&name=default 0.400s
2025-06-03 12:46:43.680 61920 INFO tempest.lib.common.rest_client [req-f3f415da-c869-4ab0-85cb-eba0b1755fb2 req-f3f415da-c869-4ab0-85cb-eba0b1755fb2 ] Request (HypervisorAdminNegativeUnderV252Test:setUpClass): 201 POST http://10.180.1.21/identity/v3/projects 0.059s
2025-06-03 12:46:43.684 61909 INFO tempest.lib.common.rest_client [req-6d640844-1fbc-4f7c-b87d-8a1607218241 req-6d640844-1fbc-4f7c-b87d-8a1607218241 ] Request (FlavorsAccessTestJSON:test_flavor_access_add_remove): 200 POST http://10.180.1.21/compute/v2.1/flavors/1189940813/action 1.356s
2025-06-03 12:46:43.686 61921 INFO tempest.lib.common.rest_client [req-6a8a4c2b-fd09-4e28-9dc0-06bb828acc4b req-6a8a4c2b-fd09-4e28-9dc0-06bb828acc4b ] Request (FloatingIPDetailsTestJSON:setUpClass): 200 POST http://10.180.1.21/compute/v2.1/os-floating-ips 2.296s
2025-06-03 12:46:43.715 61907 INFO tempest.lib.common.rest_client [req-9858e600-2598-4c0e-b8b0-38a484305ca9 req-9858e600-2598-4c0e-b8b0-38a484305ca9 ] Request (HypervisorAdminUnderV252Test:test_search_hypervisor): 200 GET http://10.180.1.21/compute/v2.1/os-hypervisors/domain-c8.fc996f14-c53b-4953-92e3-bdfa48f5cc28/search 1.235s
2025-06-03 12:46:43.734 61897 INFO tempest.lib.common.rest_client [req-071edcf8-e717-4cee-be85-73240a85ea20 req-071edcf8-e717-4cee-be85-73240a85ea20 ] Request (NetworksTest:tearDownClass): 204 DELETE http://10.180.1.21/identity/v3/projects/8690ff20263543ee8ab0e9838090eee9 0.109s
2025-06-03 12:46:43.766 61905 INFO tempest.lib.common.rest_client [req-cbf85eeb-a36a-4f01-b71f-3a446fe1f566 req-cbf85eeb-a36a-4f01-b71f-3a446fe1f566 ] Request (KeyPairsV210TestJSON:test_admin_manage_keypairs_for_other_users): 201 POST http://10.180.1.21/compute/v2.1/os-keypairs 1.274s
2025-06-03 12:46:43.799 61903 INFO tempest.lib.common.rest_client [req-0596bc7b-5c82-434c-869c-f63d6b0c1bd0 req-0596bc7b-5c82-434c-869c-f63d6b0c1bd0 ] Request (FlavorMetadataValidation:_run_cleanups): 200 GET http://10.180.1.21/compute/v2.1/flavors/detail 1.279s
2025-06-03 12:46:43.805 61920 INFO tempest.lib.common.rest_client [req-81b87b64-72c5-47d0-9128-104b8c3a206c req-81b87b64-72c5-47d0-9128-104b8c3a206c ] Request (HypervisorAdminNegativeUnderV252Test:setUpClass): 201 POST http://10.180.1.21/identity/v3/users 0.124s
2025-06-03 12:46:43.836 61897 INFO tempest.lib.common.rest_client [req-69395982-2792-4901-95fd-257d0ed8e5fd req-69395982-2792-4901-95fd-257d0ed8e5fd ] Request (InstanceActionsV221TestJSON:setUpClass): 201 POST http://10.180.1.21/identity/v3/auth/tokens 0.101s
2025-06-03 12:46:43.840 61899 INFO tempest.lib.common.rest_client [req-a37f0214-e524-46d3-8661-c84188c3d6a6 req-a37f0214-e524-46d3-8661-c84188c3d6a6 ] Request (FlavorsExtraSpecsNegativeTestJSON:test_flavor_non_admin_unset_keys): 200 POST http://10.180.1.21/compute/v2.1/flavors/1390559703/os-extra_specs 1.307s
2025-06-03 12:46:43.877 61865 INFO tempest.lib.common.rest_client [req-0734c5fb-2c05-4e74-9cd0-9c3dd9cefbab req-0734c5fb-2c05-4e74-9cd0-9c3dd9cefbab ] Request (FlavorsV2TestJSON:test_list_flavors_detailed_filter_by_min_ram): 200 GET http://10.180.1.21/compute/v2.1/flavors/detail?minRam=193 1.329s
2025-06-03 12:46:43.881 61907 INFO tempest.lib.common.rest_client [req-5be1c1dc-3371-4c77-86e5-74481038c599 req-5be1c1dc-3371-4c77-86e5-74481038c599 ] Request (HypervisorAdminUnderV252Test:tearDownClass): 204 DELETE http://10.180.1.21/identity/v3/users/746f7152942b4fec8fb2a311e7ac48c9 0.163s
2025-06-03 12:46:43.894 61895 INFO tempest.lib.common.rest_client [req-c44a3a21-d3c1-45e5-920c-7303bebf3aea req-c44a3a21-d3c1-45e5-920c-7303bebf3aea ] Request (InstanceUsageAuditLogNegativeTestJSON:tearDownClass): 204 DELETE http://10.180.1.21:9696/networking/v2.0/security-groups/181d6b44-6b64-488a-afd5-1cf608619618 0.214s
2025-06-03 12:46:43.896 61875 INFO tempest.lib.common.rest_client [req-75158226-d8e9-47cc-8205-538921e3300d req-75158226-d8e9-47cc-8205-538921e3300d ] Request (ServicesAdminNegativeTestJSON:test_get_service_with_valid_service_and_invalid_host): 200 GET http://10.180.1.21/compute/v2.1/os-services?host=xxx&binary=nova-scheduler 1.318s
2025-06-03 12:46:43.943 61920 INFO tempest.lib.common.rest_client [req-b3fb26fe-9f8f-43a9-b635-e6b9171c89ec req-b3fb26fe-9f8f-43a9-b635-e6b9171c89ec ] Request (HypervisorAdminNegativeUnderV252Test:setUpClass): 200 GET http://10.180.1.21/identity/v3/roles 0.137s
2025-06-03 12:46:44.008 61903 INFO tempest.lib.common.rest_client [req-a40c15f3-3535-46bc-b7ed-5afeb15b43d8 req-a40c15f3-3535-46bc-b7ed-5afeb15b43d8 ] Request (FlavorMetadataValidation:tearDownClass): 204 DELETE http://10.180.1.21/identity/v3/users/3e5ce9ab23474e70872517fdd9c119a4 0.191s
2025-06-03 12:46:44.012 61925 INFO tempest.lib.common.rest_client [req-f8ee9971-4420-452f-85b6-3bbde338701e req-f8ee9971-4420-452f-85b6-3bbde338701e ] Request (FlavorsAccessNegativeTestJSON:_run_cleanups): 200 POST http://10.180.1.21/compute/v2.1/flavors/619693931/action 1.561s
2025-06-03 12:46:44.032 61911 INFO tempest.lib.common.rest_client [req-24ba8f49-57a5-4dbe-a1ad-b8db90863b5b req-24ba8f49-57a5-4dbe-a1ad-b8db90863b5b ] Request (InstanceActionsTestJSON:setUpClass): 201 POST http://10.180.1.21:9696/networking/v2.0/subnets 0.481s
2025-06-03 12:46:44.060 61887 INFO tempest.lib.common.rest_client [req-d938341a-539d-4782-b24b-70d2b837d1bc req-d938341a-539d-4782-b24b-70d2b837d1bc ] Request (KeyPairsV22TestJSON:test_keypair_create_with_pub_key): 201 POST http://10.180.1.21/compute/v2.1/os-keypairs 1.356s
2025-06-03 12:46:44.064 61923 INFO tempest.lib.common.rest_client [req-1de615db-8ec8-4677-baea-fe6631f8ee4c req-1de615db-8ec8-4677-baea-fe6631f8ee4c ] Request (VolumesAssistedSnapshotsTest:setUpClass): 200 PUT http://10.180.1.21:9696/networking/v2.0/routers/426256f8-ad78-4eac-a981-2a0b1737a00f/add_router_interface 1.573s
2025-06-03 12:46:44.064 61923 INFO tempest.lib.common.dynamic_creds [-] Created isolated network resources for: credentials: Credentials: {'domain_id': 'default', 'domain_name': 'Default', 'username': 'tempest-VolumesAssistedSnapshotsTest-2023006652-project', 'project_domain_id': 'default', 'project_domain_name': 'Default', 'project_id': '5a4c2d27c84d47e3a3e17cb7740f9096', 'project_name': 'tempest-VolumesAssistedSnapshotsTest-2023006652', 'tenant_id': '5a4c2d27c84d47e3a3e17cb7740f9096', 'tenant_name': 'tempest-VolumesAssistedSnapshotsTest-2023006652', 'user_domain_id': 'default', 'user_domain_name': 'Default', 'user_id': 'a660e74a515f433e994d5eb3f45f3732', 'system': None}, Network: {'id': 'c7788550-36b4-4f71-aed4-809b7be1fa4f', 'name': 'tempest-VolumesAssistedSnapshotsTest-1648364380-network', 'tenant_id': '5a4c2d27c84d47e3a3e17cb7740f9096', 'admin_state_up': True, 'mtu': 8950, 'status': 'ACTIVE', 'subnets': [], 'shared': False, 'project_id': '5a4c2d27c84d47e3a3e17cb7740f9096', 'port_security_enabled': True, 'router:external': False, 'provider:network_type': 'vlan', 'provider:physical_network': 'default', 'provider:segmentation_id': 564, 'availability_zone_hints': [], 'availability_zones': [], 'ipv4_address_scope': None, 'ipv6_address_scope': None, 'description': '', 'tags': [], 'created_at': '2025-06-03T12:46:40Z', 'updated_at': '2025-06-03T12:46:40Z', 'revision_number': 1}, Subnet: {'id': 'afeaba2d-1d45-4578-87e5-fcd13333505e', 'name': 'tempest-VolumesAssistedSnapshotsTest-1648364380-subnet', 'tenant_id': '5a4c2d27c84d47e3a3e17cb7740f9096', 'network_id': 'c7788550-36b4-4f71-aed4-809b7be1fa4f', 'ip_version': 4, 'subnetpool_id': None, 'enable_dhcp': True, 'ipv6_ra_mode': None, 'ipv6_address_mode': None, 'gateway_ip': '192.168.128.1', 'cidr': '192.168.128.0/28', 'allocation_pools': [{'start': '192.168.128.2', 'end': '192.168.128.14'}], 'host_routes': [], 'dns_nameservers': [], 'description': '', 'router:external': False, 'service_types': [], 'tags': [], 'created_at': '2025-06-03T12:46:40Z', 'updated_at': '2025-06-03T12:46:40Z', 'revision_number': 0, 'project_id': '5a4c2d27c84d47e3a3e17cb7740f9096'}, Router: {'id': '426256f8-ad78-4eac-a981-2a0b1737a00f', 'name': 'tempest-VolumesAssistedSnapshotsTest-1648364380-router', 'tenant_id': '5a4c2d27c84d47e3a3e17cb7740f9096', 'admin_state_up': True, 'status': 'ACTIVE', 'external_gateway_info': {'network_id': 'a034a911-7d23-467a-bb69-9a62a9fa4a81', 'external_fixed_ips': [{'subnet_id': 'fcd3390b-5a65-4bea-b514-5dbd2da3e2a7', 'ip_address': '10.180.180.204'}], 'enable_snat': True}, 'description': '', 'availability_zones': [], 'distributed': False, 'ha': False, 'availability_zone_hints': [], 'routes': [], 'flavor_id': None, 'tags': [], 'created_at': '2025-06-03T12:46:40Z', 'updated_at': '2025-06-03T12:46:41Z', 'revision_number': 2, 'project_id': '5a4c2d27c84d47e3a3e17cb7740f9096'}
2025-06-03 12:46:44.073 61897 INFO tempest.lib.common.rest_client [req-d0b98f6c-640d-41b7-baef-b8b29a68d247 req-d0b98f6c-640d-41b7-baef-b8b29a68d247 ] Request (InstanceActionsV221TestJSON:setUpClass): 201 POST http://10.180.1.21/identity/v3/auth/tokens 0.233s
2025-06-03 12:46:44.088 61893 INFO tempest.lib.common.rest_client [req-e0c6cd43-ad4b-4dfc-b405-902371609354 req-e0c6cd43-ad4b-4dfc-b405-902371609354 ] Request (FlavorsV261TestJSON:_run_cleanups): 200 GET http://10.180.1.21/compute/v2.1/flavors/detail 1.355s
2025-06-03 12:46:44.095 61927 INFO tempest.lib.common.rest_client [req-f4a76035-382c-4869-b1cb-c13162a7f875 req-f4a76035-382c-4869-b1cb-c13162a7f875 ] Request (HostsAdminNegativeTestJSON:test_show_host_detail_with_non_admin_user): 403 GET http://10.180.1.21/compute/v2.1/os-hosts/devstack 1.340s
2025-06-03 12:46:44.136 61895 INFO tempest.lib.common.rest_client [req-75d7c871-6e33-4eab-8221-3dee726dc431 req-75d7c871-6e33-4eab-8221-3dee726dc431 ] Request (InstanceUsageAuditLogNegativeTestJSON:tearDownClass): 204 DELETE http://10.180.1.21/identity/v3/projects/dca1e17b4d944c35b4153ed571c25b74 0.241s
2025-06-03 12:46:44.136 61895 INFO tempest.lib.common.dynamic_creds [-] Deleting project and security group for project: 9bc83f4310cd40898d32ec21b06c7263
2025-06-03 12:46:44.145 61907 INFO tempest.lib.common.rest_client [req-7a712b04-4c2a-47ee-ab50-cc937e6a84d3 req-7a712b04-4c2a-47ee-ab50-cc937e6a84d3 ] Request (HypervisorAdminUnderV252Test:tearDownClass): 204 DELETE http://10.180.1.21/identity/v3/users/05f3341e178f4e5794cd65d3556b4d41 0.264s
2025-06-03 12:46:44.146 61907 INFO tempest.lib.common.dynamic_creds [-] Deleting project and security group for project: 24333c8958ae4a5a84447b4616227b4e
2025-06-03 12:46:44.249 61920 INFO tempest.lib.common.rest_client [req-e79d4ef9-4e9d-4e68-acc3-ba2a39863ab3 req-e79d4ef9-4e9d-4e68-acc3-ba2a39863ab3 ] Request (HypervisorAdminNegativeUnderV252Test:setUpClass): 204 PUT http://10.180.1.21/identity/v3/projects/1b8feb20909b49c2b4bacaa2d228645d/users/ec84b65023124f6cb64472aa63bc74ad/roles/b5aa74d186714b029c2df122f5c5b90d 0.306s
2025-06-03 12:46:44.283 61895 INFO tempest.lib.common.rest_client [req-cb41c91a-8029-4b4d-8f34-860182b15ed6 req-cb41c91a-8029-4b4d-8f34-860182b15ed6 ] Request (InstanceUsageAuditLogNegativeTestJSON:tearDownClass): 200 GET http://10.180.1.21:9696/networking/v2.0/security-groups?tenant_id=9bc83f4310cd40898d32ec21b06c7263&name=default 0.146s
2025-06-03 12:46:44.332 61877 INFO tempest.lib.common.rest_client [req-f5252005-2426-4494-bc15-417452856b6c req-f5252005-2426-4494-bc15-417452856b6c ] Request (ServersWithSpecificFlavorTestJSON:test_verify_created_server_ephemeral_disk): 200 POST http://10.180.1.21/compute/v2.1/flavors 1.645s
2025-06-03 12:46:44.383 61923 INFO tempest.lib.common.rest_client [req-2dc535ba-68ea-40b5-a3eb-0a94045f2b57 req-2dc535ba-68ea-40b5-a3eb-0a94045f2b57 ] Request (VolumesAssistedSnapshotsTest:setUpClass): 201 POST http://10.180.1.21/identity/v3/auth/tokens 0.314s
2025-06-03 12:46:44.388 61895 INFO tempest.lib.common.rest_client [req-c90e0d2a-2d56-4d3c-947c-5262dd1b34e4 req-c90e0d2a-2d56-4d3c-947c-5262dd1b34e4 ] Request (InstanceUsageAuditLogNegativeTestJSON:tearDownClass): 204 DELETE http://10.180.1.21:9696/networking/v2.0/security-groups/c0c578b5-5c18-4802-8b82-9bbd0b7adcb0 0.105s
2025-06-03 12:46:44.411 61903 INFO tempest.lib.common.rest_client [req-d8da75ca-45c1-4265-9c34-e518c5bea983 req-d8da75ca-45c1-4265-9c34-e518c5bea983 ] Request (FlavorMetadataValidation:tearDownClass): 204 DELETE http://10.180.1.21/identity/v3/users/752fe2d0bb0f49fbb225738b7c314c8a 0.402s
2025-06-03 12:46:44.411 61903 INFO tempest.lib.common.dynamic_creds [-] Deleting project and security group for project: 6c010db2d88b4555b52cb89f114dac51
2025-06-03 12:46:44.450 61897 INFO tempest.lib.common.rest_client [req-46d0ca1f-79a5-4eed-a59e-59902cd90f4d req-46d0ca1f-79a5-4eed-a59e-59902cd90f4d ] Request (InstanceActionsV221TestJSON:setUpClass): 200 GET http://10.180.1.21/identity/v3/domains?name=Default 0.377s
2025-06-03 12:46:44.515 61907 INFO tempest.lib.common.rest_client [req-c9cbbe4a-7f7d-4d85-97ae-0e96ff8edae3 req-c9cbbe4a-7f7d-4d85-97ae-0e96ff8edae3 ] Request (HypervisorAdminUnderV252Test:tearDownClass): 201 POST http://10.180.1.21/identity/v3/auth/tokens 0.369s
2025-06-03 12:46:44.539 61920 INFO tempest.lib.common.rest_client [req-9255ca77-b592-4682-a3d3-f48b3dc9cd7c req-9255ca77-b592-4682-a3d3-f48b3dc9cd7c ] Request (HypervisorAdminNegativeUnderV252Test:setUpClass): 200 GET http://10.180.1.21/identity/v3/roles 0.289s
2025-06-03 12:46:44.552 61891 INFO tempest.lib.common.rest_client [req-74cd2b0e-1fed-495e-9a8c-235e2a19696b req-74cd2b0e-1fed-495e-9a8c-235e2a19696b ] Request (ServerActionsTestJSON:setUpClass): 200 POST http://10.180.1.21/compute/v2.1/os-keypairs 1.656s
2025-06-03 12:46:44.562 61893 INFO tempest.lib.common.rest_client [req-774eed4b-f91e-4e39-a9a9-9eb604d51a73 req-774eed4b-f91e-4e39-a9a9-9eb604d51a73 ] Request (FlavorsV261TestJSON:tearDownClass): 204 DELETE http://10.180.1.21/identity/v3/users/31561b01172d4e98ab4194bba592b55a 0.458s
2025-06-03 12:46:44.571 61915 INFO tempest.lib.common.rest_client [req-4017eaf9-56b2-4d11-8cf3-c0dad3bbb091 req-4017eaf9-56b2-4d11-8cf3-c0dad3bbb091 ] Request (HypervisorAdminTestJSON:test_get_hypervisor_stats): 200 GET http://10.180.1.21/compute/v2.1/os-hypervisors/statistics 1.620s
2025-06-03 12:46:44.598 61881 INFO tempest.lib.common.rest_client [req-3f999e93-ce9e-47d3-a3f3-fd00f2b16245 req-3f999e93-ce9e-47d3-a3f3-fd00f2b16245 ] Request (FlavorsAdminTestJSON:test_create_flavor_verify_entry_in_list_details): 200 GET http://10.180.1.21/compute/v2.1/flavors/detail 1.625s
2025-06-03 12:46:44.653 61895 INFO tempest.lib.common.rest_client [req-99bbf1c8-7d98-4c2f-aaaa-738a88be6d20 req-99bbf1c8-7d98-4c2f-aaaa-738a88be6d20 ] Request (InstanceUsageAuditLogNegativeTestJSON:tearDownClass): 204 DELETE http://10.180.1.21/identity/v3/projects/9bc83f4310cd40898d32ec21b06c7263 0.264s
2025-06-03 12:46:44.675 61891 INFO tempest.lib.common.rest_client [req-22135976-1797-4976-9438-907d9b09d2fe req-22135976-1797-4976-9438-907d9b09d2fe ] Request (ServerActionsTestJSON:setUpClass): 201 POST http://10.180.1.21:9696/networking/v2.0/security-groups 0.121s
2025-06-03 12:46:44.707 61885 INFO tempest.lib.common.rest_client [req-20977ad9-0bd3-40cc-b256-a9dd9fe4d599 req-20977ad9-0bd3-40cc-b256-a9dd9fe4d599 ] Request (MigrationsAdminTest:test_list_migrations_in_flavor_resize_situation): 200 GET http://10.180.1.21/compute/v2.1/servers/eced4107-b99e-479e-b22c-2157320ecf95 1.685s
2025-06-03 12:46:44.727 61903 INFO tempest.lib.common.rest_client [req-7194f1c5-2461-440a-a78c-c5de9d38d8cd req-7194f1c5-2461-440a-a78c-c5de9d38d8cd ] Request (FlavorMetadataValidation:tearDownClass): 201 POST http://10.180.1.21/identity/v3/auth/tokens 0.316s
2025-06-03 12:46:44.737 61897 INFO tempest.lib.common.rest_client [req-48e1159d-7697-4b85-84b9-d5eda576bbb7 req-48e1159d-7697-4b85-84b9-d5eda576bbb7 ] Request (InstanceActionsV221TestJSON:setUpClass): 201 POST http://10.180.1.21/identity/v3/projects 0.286s
2025-06-03 12:46:44.798 61920 INFO tempest.lib.common.rest_client [req-27a4ce0a-4162-4fc6-b917-d86c3433b29c req-27a4ce0a-4162-4fc6-b917-d86c3433b29c ] Request (HypervisorAdminNegativeUnderV252Test:setUpClass): 204 PUT http://10.180.1.21/identity/v3/projects/1b8feb20909b49c2b4bacaa2d228645d/users/ec84b65023124f6cb64472aa63bc74ad/roles/b5aa74d186714b029c2df122f5c5b90d 0.258s
2025-06-03 12:46:44.798 61920 INFO tempest.lib.common.dynamic_creds [-] Dynamic test user ec84b65023124f6cb64472aa63bc74ad is created with scope project and roles: ['admin']
2025-06-03 12:46:44.798 61920 INFO tempest.lib.common.dynamic_creds [-] Acquired dynamic creds: credentials: Credentials: {'domain_id': 'default', 'domain_name': 'Default', 'username': 'tempest-HypervisorAdminNegativeUnderV252Test-1565676896-project-admin', 'project_domain_id': 'default', 'project_domain_name': 'Default', 'project_id': '1b8feb20909b49c2b4bacaa2d228645d', 'project_name': 'tempest-HypervisorAdminNegativeUnderV252Test-1565676896', 'tenant_id': '1b8feb20909b49c2b4bacaa2d228645d', 'tenant_name': 'tempest-HypervisorAdminNegativeUnderV252Test-1565676896', 'user_domain_id': 'default', 'user_domain_name': 'Default', 'user_id': 'ec84b65023124f6cb64472aa63bc74ad', 'system': None}, Network: None, Subnet: None, Router: None
2025-06-03 12:46:44.799 61920 INFO tempest.lib.common.dynamic_creds [-] Created isolated network resources for: credentials: Credentials: {'domain_id': 'default', 'domain_name': 'Default', 'username': 'tempest-HypervisorAdminNegativeUnderV252Test-1565676896-project-admin', 'project_domain_id': 'default', 'project_domain_name': 'Default', 'project_id': '1b8feb20909b49c2b4bacaa2d228645d', 'project_name': 'tempest-HypervisorAdminNegativeUnderV252Test-1565676896', 'tenant_id': '1b8feb20909b49c2b4bacaa2d228645d', 'tenant_name': 'tempest-HypervisorAdminNegativeUnderV252Test-1565676896', 'user_domain_id': 'default', 'user_domain_name': 'Default', 'user_id': 'ec84b65023124f6cb64472aa63bc74ad', 'system': None}, Network: None, Subnet: None, Router: None
2025-06-03 12:46:44.818 61891 INFO tempest.lib.common.rest_client [req-15a7d961-03b8-44cd-b40a-db638c8c2170 req-15a7d961-03b8-44cd-b40a-db638c8c2170 ] Request (ServerActionsTestJSON:setUpClass): 201 POST http://10.180.1.21:9696/networking/v2.0/security-group-rules 0.142s
2025-06-03 12:46:44.913 61893 INFO tempest.lib.common.rest_client [req-846e77a8-f78c-462c-9c4f-67b58a7cee74 req-846e77a8-f78c-462c-9c4f-67b58a7cee74 ] Request (FlavorsV261TestJSON:tearDownClass): 204 DELETE http://10.180.1.21/identity/v3/users/1bce49271dfd4a7e84d173e79f9bc39b 0.351s
2025-06-03 12:46:44.914 61893 INFO tempest.lib.common.dynamic_creds [-] Deleting project and security group for project: 53a2814c620c4058ac0d6e6308c32db8
2025-06-03 12:46:44.917 61891 INFO tempest.lib.common.rest_client [req-3a2cb8af-cbae-401a-90f0-fa51642825d9 req-3a2cb8af-cbae-401a-90f0-fa51642825d9 ] Request (ServerActionsTestJSON:setUpClass): 201 POST http://10.180.1.21:9696/networking/v2.0/security-group-rules 0.099s
2025-06-03 12:46:44.925 61915 INFO tempest.lib.common.rest_client [req-006f3ef3-e6c5-4335-8434-c7408078b9a6 req-006f3ef3-e6c5-4335-8434-c7408078b9a6 ] Request (HypervisorAdminTestJSON:tearDownClass): 204 DELETE http://10.180.1.21/identity/v3/users/2f77555629dd4fc699114968b35ec9ef 0.348s
2025-06-03 12:46:44.932 61923 INFO tempest.lib.common.rest_client [req-a5c2ba86-a5be-40d6-8299-0f83ccdfb157 req-a5c2ba86-a5be-40d6-8299-0f83ccdfb157 ] Request (VolumesAssistedSnapshotsTest:test_volume_assisted_snapshot_create_delete): 202 POST http://10.180.1.21/volume/v3/volumes 0.547s
2025-06-03 12:46:45.001 61923 INFO tempest.lib.common.rest_client [req-29663887-b2f9-4b68-8642-af7674413f62 req-29663887-b2f9-4b68-8642-af7674413f62 ] Request (VolumesAssistedSnapshotsTest:test_volume_assisted_snapshot_create_delete): 200 GET http://10.180.1.21/volume/v3/volumes/ce082a16-643e-421e-a475-8e5507ec6ab0 0.060s
2025-06-03 12:46:45.010 61895 INFO tempest.lib.common.rest_client [req-b4ac3f57-6e2a-4fea-b35b-43b6a0bd76c6 req-b4ac3f57-6e2a-4fea-b35b-43b6a0bd76c6 ] Request (ServersTestFqdnHostnames:setUpClass): 201 POST http://10.180.1.21/identity/v3/auth/tokens 0.355s
2025-06-03 12:46:45.060 61897 INFO tempest.lib.common.rest_client [req-212295d2-0289-4900-ad8c-87370fcf0486 req-212295d2-0289-4900-ad8c-87370fcf0486 ] Request (InstanceActionsV221TestJSON:setUpClass): 201 POST http://10.180.1.21/identity/v3/users 0.323s
2025-06-03 12:46:45.099 61893 INFO tempest.lib.common.rest_client [req-e759144c-22d3-4672-9895-3546fe6405af req-e759144c-22d3-4672-9895-3546fe6405af ] Request (FlavorsV261TestJSON:tearDownClass): 201 POST http://10.180.1.21/identity/v3/auth/tokens 0.185s
2025-06-03 12:46:45.114 61917 INFO tempest.lib.common.rest_client [req-eb0eb052-297e-448d-86a0-33c4f828cb72 req-eb0eb052-297e-448d-86a0-33c4f828cb72 ] Request (DeleteServersAdminTestJSON:test_admin_delete_servers_of_others): 200 GET http://10.180.1.21/compute/v2.1/servers/2a43ac48-cdea-48c8-b3d2-e939c69ce2dc 1.615s
2025-06-03 12:46:45.125 61917 INFO tempest.common.waiters [-] State transition "BUILD/block_device_mapping" ==> "BUILD/spawning" after 6 second wait
2025-06-03 12:46:45.139 61920 INFO tempest.lib.common.rest_client [req-b552212a-a890-45e1-b23c-cf0e840e17ae req-b552212a-a890-45e1-b23c-cf0e840e17ae ] Request (HypervisorAdminNegativeUnderV252Test:setUpClass): 201 POST http://10.180.1.21/identity/v3/auth/tokens 0.336s
2025-06-03 12:46:45.159 61915 INFO tempest.lib.common.rest_client [req-e27c2fa8-ece6-4738-9e32-68063800879c req-e27c2fa8-ece6-4738-9e32-68063800879c ] Request (HypervisorAdminTestJSON:tearDownClass): 204 DELETE http://10.180.1.21/identity/v3/users/307b760090b44dc4a871e20f52b281d5 0.233s
2025-06-03 12:46:45.159 61915 INFO tempest.lib.common.dynamic_creds [-] Deleting project and security group for project: 92e1d13b41af499b8fd351ba11075e68
2025-06-03 12:46:45.214 61895 INFO tempest.lib.common.rest_client [req-3b7fd84e-b5cf-4241-b98c-94df0b077934 req-3b7fd84e-b5cf-4241-b98c-94df0b077934 ] Request (ServersTestFqdnHostnames:setUpClass): 201 POST http://10.180.1.21/identity/v3/auth/tokens 0.200s
2025-06-03 12:46:45.259 61897 INFO tempest.lib.common.rest_client [req-c0ee700e-9f1b-46a6-a3de-539118ba1a68 req-c0ee700e-9f1b-46a6-a3de-539118ba1a68 ] Request (InstanceActionsV221TestJSON:setUpClass): 200 GET http://10.180.1.21/identity/v3/roles 0.198s
2025-06-03 12:46:45.302 61915 INFO tempest.lib.common.rest_client [req-9e6fd766-3ad4-4b1d-be1e-b3e05e0f17e0 req-9e6fd766-3ad4-4b1d-be1e-b3e05e0f17e0 ] Request (HypervisorAdminTestJSON:tearDownClass): 201 POST http://10.180.1.21/identity/v3/auth/tokens 0.142s
2025-06-03 12:46:45.333 61895 INFO tempest.lib.common.rest_client [req-226b8887-ba9b-47fd-96b7-cab4c82d3cb2 req-226b8887-ba9b-47fd-96b7-cab4c82d3cb2 ] Request (ServersTestFqdnHostnames:setUpClass): 200 GET http://10.180.1.21/identity/v3/domains?name=Default 0.118s
2025-06-03 12:46:45.341 61897 INFO tempest.lib.common.rest_client [req-ce711646-cefb-46f5-a54b-487c03d85e8e req-ce711646-cefb-46f5-a54b-487c03d85e8e ] Request (InstanceActionsV221TestJSON:setUpClass): 204 PUT http://10.180.1.21/identity/v3/projects/1d941553019a47658b8a9366f722a571/users/3bdf488689af462dbfb665f91243105e/roles/0d3763051dc74fe2bce89d058cb49d83 0.081s
2025-06-03 12:46:45.341 61897 INFO tempest.lib.common.dynamic_creds [-] Dynamic test user 3bdf488689af462dbfb665f91243105e is created with scope project and roles: ['member']
2025-06-03 12:46:45.341 61897 INFO tempest.lib.common.dynamic_creds [-] Acquired dynamic creds: credentials: Credentials: {'domain_id': 'default', 'domain_name': 'Default', 'username': 'tempest-InstanceActionsV221TestJSON-1438125054-project-member', 'project_domain_id': 'default', 'project_domain_name': 'Default', 'project_id': '1d941553019a47658b8a9366f722a571', 'project_name': 'tempest-InstanceActionsV221TestJSON-1438125054', 'tenant_id': '1d941553019a47658b8a9366f722a571', 'tenant_name': 'tempest-InstanceActionsV221TestJSON-1438125054', 'user_domain_id': 'default', 'user_domain_name': 'Default', 'user_id': '3bdf488689af462dbfb665f91243105e', 'system': None}, Network: None, Subnet: None, Router: None
2025-06-03 12:46:45.344 61873 INFO tempest.lib.common.rest_client [req-79ce0cf8-edc5-4816-ae4e-62722cdad483 req-79ce0cf8-edc5-4816-ae4e-62722cdad483 ] Request (AggregatesAdminNegativeTestJSON:_run_cleanups): 200 POST http://10.180.1.21/compute/v2.1/os-aggregates/1/action 2.429s
2025-06-03 12:46:45.365 61869 INFO tempest.lib.common.rest_client [req-207c1661-dddb-4e7d-bce3-2f6c220b35d3 req-207c1661-dddb-4e7d-bce3-2f6c220b35d3 ] Request (FlavorsExtraSpecsTestJSON:test_flavor_non_admin_get_specific_key): 200 GET http://10.180.1.21/compute/v2.1/flavors/1042549719/os-extra_specs/hw:numa_nodes 1.827s
2025-06-03 12:46:45.371 61907 INFO tempest.lib.common.rest_client [req-3a5565ac-782c-43e7-90b6-271be24c8b15 req-3a5565ac-782c-43e7-90b6-271be24c8b15 ] Request (HypervisorAdminUnderV252Test:tearDownClass): 200 GET http://10.180.1.21:9696/networking/v2.0/security-groups?tenant_id=24333c8958ae4a5a84447b4616227b4e&name=default 0.855s
2025-06-03 12:46:45.456 61891 INFO tempest.lib.common.rest_client [req-3089d878-1d3a-49e1-9cd0-108458a32256 req-3089d878-1d3a-49e1-9cd0-108458a32256 ] Request (ServerActionsTestJSON:setUpClass): 201 POST http://10.180.1.21:9696/networking/v2.0/floatingips 0.538s
2025-06-03 12:46:45.463 61902 INFO tempest.lib.common.rest_client [req-e94c1874-d317-4cfe-8bd7-73b8982e6da7 req-e94c1874-d317-4cfe-8bd7-73b8982e6da7 ] Request (QuotasAdminTestV236:test_get_updated_quotas): 200 GET http://10.180.1.21/compute/v2.1/os-quota-sets/7cfcc9c7ca8b412ca88f6d018b2df662?user_id=45c34f830fa84c6fbde78d3eeeafd4df 1.947s
2025-06-03 12:46:45.469 61895 INFO tempest.lib.common.rest_client [req-87f2764d-dbfd-4f52-a714-7598488a358a req-87f2764d-dbfd-4f52-a714-7598488a358a ] Request (ServersTestFqdnHostnames:setUpClass): 201 POST http://10.180.1.21/identity/v3/projects 0.135s
2025-06-03 12:46:45.475 61897 INFO tempest.lib.common.rest_client [req-22cf635c-f279-479a-8bf3-ff1710cf337f req-22cf635c-f279-479a-8bf3-ff1710cf337f ] Request (InstanceActionsV221TestJSON:setUpClass): 201 POST http://10.180.1.21/identity/v3/auth/tokens 0.133s
2025-06-03 12:46:45.489 61903 INFO tempest.lib.common.rest_client [req-a2393bc0-9546-4f84-baee-a655aeb51d6a req-a2393bc0-9546-4f84-baee-a655aeb51d6a ] Request (FlavorMetadataValidation:tearDownClass): 200 GET http://10.180.1.21:9696/networking/v2.0/security-groups?tenant_id=6c010db2d88b4555b52cb89f114dac51&name=default 0.762s
2025-06-03 12:46:45.519 61893 INFO tempest.lib.common.rest_client [req-0e60068f-f826-4c98-966d-47f7d14e429f req-0e60068f-f826-4c98-966d-47f7d14e429f ] Request (FlavorsV261TestJSON:tearDownClass): 200 GET http://10.180.1.21:9696/networking/v2.0/security-groups?tenant_id=53a2814c620c4058ac0d6e6308c32db8&name=default 0.420s
2025-06-03 12:46:45.522 61891 INFO tempest.lib.common.rest_client [req-00c0d914-7012-4d72-bf44-65e403670ea8 req-00c0d914-7012-4d72-bf44-65e403670ea8 ] Request (ServerActionsTestJSON:setUpClass): 201 POST http://10.180.1.21/identity/v3/auth/tokens 0.062s
2025-06-03 12:46:45.523 61891 INFO tempest.lib.common.fixed_network [-] (ServerActionsTestJSON:setUpClass) Found network {'id': '96b02d05-dca0-4f69-8812-b6215a881ccb', 'name': 'tempest-ServerActionsTestJSON-1974724146-network', 'tenant_id': 'aa2360863a5f4eff8a88eca0c88fa76d', 'admin_state_up': True, 'mtu': 8950, 'status': 'ACTIVE', 'subnets': [], 'shared': False, 'project_id': 'aa2360863a5f4eff8a88eca0c88fa76d', 'port_security_enabled': True, 'router:external': False, 'provider:network_type': 'vlan', 'provider:physical_network': 'default', 'provider:segmentation_id': 929, 'availability_zone_hints': [], 'availability_zones': [], 'ipv4_address_scope': None, 'ipv6_address_scope': None, 'description': '', 'tags': [], 'created_at': '2025-06-03T12:46:38Z', 'updated_at': '2025-06-03T12:46:38Z', 'revision_number': 1} available for tenant
2025-06-03 12:46:45.558 61907 INFO tempest.lib.common.rest_client [req-94e69bc1-7a19-49db-b44e-bfad7accc2fa req-94e69bc1-7a19-49db-b44e-bfad7accc2fa ] Request (HypervisorAdminUnderV252Test:tearDownClass): 204 DELETE http://10.180.1.21:9696/networking/v2.0/security-groups/5cce9111-8c94-498a-9625-d95a5f00dfb9 0.187s
2025-06-03 12:46:45.592 61915 INFO tempest.lib.common.rest_client [req-531968e3-665d-4970-b3c9-c7716dec6cff req-531968e3-665d-4970-b3c9-c7716dec6cff ] Request (HypervisorAdminTestJSON:tearDownClass): 200 GET http://10.180.1.21:9696/networking/v2.0/security-groups?tenant_id=92e1d13b41af499b8fd351ba11075e68&name=default 0.289s
2025-06-03 12:46:45.627 61902 INFO tempest.lib.common.rest_client [req-25177d81-96d5-49a9-9237-5fec46b79ce5 req-25177d81-96d5-49a9-9237-5fec46b79ce5 ] Request (QuotasAdminTestV236:_run_cleanups): 204 DELETE http://10.180.1.21/identity/v3/users/45c34f830fa84c6fbde78d3eeeafd4df 0.162s
2025-06-03 12:46:45.637 61909 INFO tempest.lib.common.rest_client [req-404241ab-cc22-4c01-9c0b-3cf568fa9295 req-404241ab-cc22-4c01-9c0b-3cf568fa9295 ] Request (FlavorsAccessTestJSON:test_flavor_access_add_remove): 200 GET http://10.180.1.21/compute/v2.1/flavors/detail 1.951s
2025-06-03 12:46:45.647 61879 INFO tempest.lib.common.rest_client [req-282be109-1d8c-47f8-b9f3-95065e5c1110 req-282be109-1d8c-47f8-b9f3-95065e5c1110 ] Request (ServerDiagnosticsNegativeTest:test_get_server_diagnostics_by_non_admin): 200 GET http://10.180.1.21/compute/v2.1/servers/1a551e66-1b98-44fd-ad16-c20113d9b1a6 1.992s
2025-06-03 12:46:45.656 61879 INFO tempest.common.waiters [-] State transition "BUILD/None" ==> "BUILD/spawning" after 5 second wait
2025-06-03 12:46:45.659 61905 INFO tempest.lib.common.rest_client [req-52b45110-8980-47e7-bec1-98e9f09a0476 req-52b45110-8980-47e7-bec1-98e9f09a0476 ] Request (KeyPairsV210TestJSON:test_admin_manage_keypairs_for_other_users): 200 GET http://10.180.1.21/compute/v2.1/os-keypairs?user_id=a38528ea03a448df91ab09ddd764d04b 1.891s
2025-06-03 12:46:45.664 61899 INFO tempest.lib.common.rest_client [req-e31900df-27da-4fb5-9c56-5fc16f97eac8 req-e31900df-27da-4fb5-9c56-5fc16f97eac8 ] Request (FlavorsExtraSpecsNegativeTestJSON:test_flavor_non_admin_unset_keys): 403 DELETE http://10.180.1.21/compute/v2.1/flavors/1390559703/os-extra_specs/hw:numa_nodes 1.822s
2025-06-03 12:46:45.673 61915 INFO tempest.lib.common.rest_client [req-c5f7e97c-77c8-4219-9175-6043647a0988 req-c5f7e97c-77c8-4219-9175-6043647a0988 ] Request (HypervisorAdminTestJSON:tearDownClass): 204 DELETE http://10.180.1.21:9696/networking/v2.0/security-groups/07d779eb-583d-49af-a1c2-02bcb01b2321 0.080s
2025-06-03 12:46:45.697 61895 INFO tempest.lib.common.rest_client [req-d20dffba-c9a7-46db-9229-9e8a31922369 req-d20dffba-c9a7-46db-9229-9e8a31922369 ] Request (ServersTestFqdnHostnames:setUpClass): 201 POST http://10.180.1.21/identity/v3/users 0.228s
2025-06-03 12:46:45.748 61883 INFO tempest.lib.common.rest_client [req-21455c8f-643b-4f28-b0d6-831cb27a73f6 req-21455c8f-643b-4f28-b0d6-831cb27a73f6 ] Request (TenantUsagesTestJSON:setUpClass): 200 GET http://10.180.1.21/compute/v2.1/servers/256e48c1-81de-4d32-97dc-ba80541a9239 1.888s
2025-06-03 12:46:45.757 61883 INFO tempest.common.waiters [-] State transition "BUILD/None" ==> "BUILD/networking" after 5 second wait
2025-06-03 12:46:45.764 61865 INFO tempest.lib.common.rest_client [req-bf4969e5-afae-4cfb-a365-cc7922ca56d9 req-bf4969e5-afae-4cfb-a365-cc7922ca56d9 ] Request (FlavorsV2TestJSON:test_list_flavors_detailed_limit_results): 200 GET http://10.180.1.21/compute/v2.1/flavors/detail?limit=1 1.882s
2025-06-03 12:46:45.781 61907 INFO tempest.lib.common.rest_client [req-ce5df01e-441b-4df1-9416-53fe0ec9bcb3 req-ce5df01e-441b-4df1-9416-53fe0ec9bcb3 ] Request (HypervisorAdminUnderV252Test:tearDownClass): 204 DELETE http://10.180.1.21/identity/v3/projects/24333c8958ae4a5a84447b4616227b4e 0.222s
2025-06-03 12:46:45.781 61907 INFO tempest.lib.common.dynamic_creds [-] Deleting project and security group for project: c23084a3e1c04d078a809f3517786f56
2025-06-03 12:46:45.783 61903 INFO tempest.lib.common.rest_client [req-fc020ae5-b635-4b03-8409-d3c285a61e78 req-fc020ae5-b635-4b03-8409-d3c285a61e78 ] Request (FlavorMetadataValidation:tearDownClass): 204 DELETE http://10.180.1.21:9696/networking/v2.0/security-groups/b92405a4-8ccd-47e7-8c89-95ae9c8471e9 0.293s
2025-06-03 12:46:45.846 61893 INFO tempest.lib.common.rest_client [req-6ef88976-8d0d-419c-ad7d-3af222a3abfa req-6ef88976-8d0d-419c-ad7d-3af222a3abfa ] Request (FlavorsV261TestJSON:tearDownClass): 204 DELETE http://10.180.1.21:9696/networking/v2.0/security-groups/dbab7250-ff8d-4c13-a39c-d4f375b632ac 0.326s
2025-06-03 12:46:45.871 61902 INFO tempest.lib.common.rest_client [req-4a50b6a4-5e11-4231-aa83-93b587e1af28 req-4a50b6a4-5e11-4231-aa83-93b587e1af28 ] Request (QuotasAdminTestV236:_run_cleanups): 204 DELETE http://10.180.1.21/identity/v3/projects/7cfcc9c7ca8b412ca88f6d018b2df662 0.243s
2025-06-03 12:46:45.872 61915 INFO tempest.lib.common.rest_client [req-df58acd8-c1e7-47d1-82c3-f8ffe76002a1 req-df58acd8-c1e7-47d1-82c3-f8ffe76002a1 ] Request (HypervisorAdminTestJSON:tearDownClass): 204 DELETE http://10.180.1.21/identity/v3/projects/92e1d13b41af499b8fd351ba11075e68 0.198s
2025-06-03 12:46:45.872 61915 INFO tempest.lib.common.dynamic_creds [-] Deleting project and security group for project: cded9f102e3d4eee9da6ef1326c9487d
2025-06-03 12:46:45.895 61907 INFO tempest.lib.common.rest_client [req-7937725c-eeba-4128-aa89-915cdeb29aa1 req-7937725c-eeba-4128-aa89-915cdeb29aa1 ] Request (HypervisorAdminUnderV252Test:tearDownClass): 200 GET http://10.180.1.21:9696/networking/v2.0/security-groups?tenant_id=c23084a3e1c04d078a809f3517786f56&name=default 0.113s
2025-06-03 12:46:45.963 61895 INFO tempest.lib.common.rest_client [req-25231b62-ac81-499c-b2b3-602ca8a1d785 req-25231b62-ac81-499c-b2b3-602ca8a1d785 ] Request (ServersTestFqdnHostnames:setUpClass): 200 GET http://10.180.1.21/identity/v3/roles 0.265s
2025-06-03 12:46:45.977 61875 INFO tempest.lib.common.rest_client [req-868715a2-009d-4b89-8aaf-3cdb75b8e2fc req-868715a2-009d-4b89-8aaf-3cdb75b8e2fc ] Request (ServicesAdminNegativeTestJSON:test_list_services_with_non_admin_user): 403 GET http://10.180.1.21/compute/v2.1/os-services 2.077s
2025-06-03 12:46:46.000 61925 INFO tempest.lib.common.rest_client [req-b9151e5c-e532-4743-b16a-c22498e0fe12 req-b9151e5c-e532-4743-b16a-c22498e0fe12 ] Request (FlavorsAccessNegativeTestJSON:_run_cleanups): 202 DELETE http://10.180.1.21/compute/v2.1/flavors/619693931 1.987s
2025-06-03 12:46:46.019 61915 INFO tempest.lib.common.rest_client [req-16d9172f-e96c-4157-a32a-d18f5611456a req-16d9172f-e96c-4157-a32a-d18f5611456a ] Request (HypervisorAdminTestJSON:tearDownClass): 200 GET http://10.180.1.21:9696/networking/v2.0/security-groups?tenant_id=cded9f102e3d4eee9da6ef1326c9487d&name=default 0.146s
