2025-06-07 08:01:52.441 63140 INFO tempest.lib.common.rest_client [req-b0b342ba-0d7a-4d22-903f-a19b03b98e02 req-b0b342ba-0d7a-4d22-903f-a19b03b98e02 ] Request (ImagesNegativeTestJSON:setUpClass): 201 POST http://10.180.1.21:9696/networking/v2.0/subnets 0.596s
2025-06-07 08:01:52.539 63151 INFO tempest.lib.common.rest_client [req-2b4a1655-f916-46d6-94b8-46c16fc37735 req-2b4a1655-f916-46d6-94b8-46c16fc37735 ] Request (ServerExternalEventsTest:test_create_server_external_events): 200 GET http://10.180.1.21/compute/v2.1/servers/c56debdf-ab77-4151-bc20-6973ae594d87 2.002s
2025-06-07 08:01:52.640 63148 INFO tempest.lib.common.rest_client [req-061f5a14-d446-4a30-a789-0343457ba0c5 req-061f5a14-d446-4a30-a789-0343457ba0c5 ] Request (DeleteServersAdminTestJSON:test_admin_delete_servers_of_others): 200 GET http://10.180.1.21/compute/v2.1/servers/6ff9b201-b6a2-45a9-bb6b-0acb8c82405f 2.087s
2025-06-07 08:01:52.649 63122 INFO tempest.lib.common.rest_client [req-a3b9b370-2d3f-4467-a1b1-c7bca5024023 req-a3b9b370-2d3f-4467-a1b1-c7bca5024023 ] Request (FlavorsExtraSpecsNegativeTestJSON:tearDownClass): 204 DELETE http://10.180.1.21:9696/networking/v2.0/security-groups/cf98eb13-d410-4a84-9b3f-201770e67fe4 0.624s
2025-06-07 08:01:52.809 63122 INFO tempest.lib.common.rest_client [req-4540f9c9-db60-43e1-9ade-22ad6a78a69c req-4540f9c9-db60-43e1-9ade-22ad6a78a69c ] Request (FlavorsExtraSpecsNegativeTestJSON:tearDownClass): 204 DELETE http://10.180.1.21/identity/v3/projects/4027263dad194823be2fcb25ab25e8d8 0.159s
2025-06-07 08:01:52.846 63094 INFO tempest.lib.common.rest_client [req-fb1d7ecd-613f-4a60-960b-dbee1736d244 req-fb1d7ecd-613f-4a60-960b-dbee1736d244 ] Request (MigrationsAdminTest:test_list_migrations_in_flavor_resize_situation): 200 GET http://10.180.1.21/compute/v2.1/servers/022718e2-52ec-4130-81b0-fb39e57d6efe 2.040s
2025-06-07 08:01:52.856 63128 INFO tempest.lib.common.rest_client [req-ab96dc7d-1b74-4539-97e0-a8b71e880c6c req-ab96dc7d-1b74-4539-97e0-a8b71e880c6c ] Request (ServerDiagnosticsTest:test_get_server_diagnostics): 200 GET http://10.180.1.21/compute/v2.1/servers/012bbc43-f61f-4aef-bd66-32fbe66f8374 2.536s
2025-06-07 08:01:52.903 63122 INFO tempest.lib.common.rest_client [req-13840de4-379b-431a-9325-81b6c8c0d277 req-13840de4-379b-431a-9325-81b6c8c0d277 ] Request (HypervisorAdminV253TestBase:setUpClass): 201 POST http://10.180.1.21/identity/v3/auth/tokens 0.091s
2025-06-07 08:01:52.936 63122 INFO tempest.lib.common.rest_client [req-af9602ef-f0fa-4e47-b1ba-74c93d57c4b8 req-af9602ef-f0fa-4e47-b1ba-74c93d57c4b8 ] Request (HypervisorAdminV253TestBase:setUpClass): 201 POST http://10.180.1.21/identity/v3/auth/tokens 0.031s
2025-06-07 08:01:52.953 63154 INFO tempest.lib.common.rest_client [req-9d3f4333-07f9-4f8b-a2a1-74ab09e18f1f req-9d3f4333-07f9-4f8b-a2a1-74ab09e18f1f ] Request (ServerMetadataNegativeTestJSON:setUpClass): 200 GET http://10.180.1.21/compute/v2.1/servers/4357ed8f-14f7-4d44-8d1b-262ccaafe1e0 2.061s
2025-06-07 08:01:52.963 63122 INFO tempest.lib.common.rest_client [req-3a7d9a9d-33cf-4b1f-8af8-cb54076cd9f8 req-3a7d9a9d-33cf-4b1f-8af8-cb54076cd9f8 ] Request (HypervisorAdminV253TestBase:setUpClass): 200 GET http://10.180.1.21/identity/v3/domains?name=Default 0.026s
2025-06-07 08:01:53.004 63122 INFO tempest.lib.common.rest_client [req-35097f85-f980-4ccd-8e47-b1aee0623e05 req-35097f85-f980-4ccd-8e47-b1aee0623e05 ] Request (HypervisorAdminV253TestBase:setUpClass): 201 POST http://10.180.1.21/identity/v3/projects 0.040s
2025-06-07 08:01:53.031 63130 INFO tempest.lib.common.rest_client [req-de4a272c-dd8f-483c-a8af-eabfb8508cbb req-de4a272c-dd8f-483c-a8af-eabfb8508cbb ] Request (VolumesAssistedSnapshotsTest:test_volume_assisted_snapshot_create_delete): 200 POST http://10.180.1.21/compute/v2.1/os-keypairs 2.202s
2025-06-07 08:01:53.032 63136 INFO tempest.lib.common.rest_client [req-6668aaad-535c-4d87-b76b-c29acb1efb2e req-6668aaad-535c-4d87-b76b-c29acb1efb2e ] Request (ImagesOneServerNegativeTestJSON:setUpClass): 200 GET http://10.180.1.21/compute/v2.1/servers/76b0e03d-9636-4328-bfd5-17c434cfae72 1.947s
2025-06-07 08:01:53.065 63125 INFO tempest.lib.common.rest_client [req-8293fc3e-9073-464b-98ac-50d8207ca5ec req-8293fc3e-9073-464b-98ac-50d8207ca5ec ] Request (HostsAdminTestJSON:test_show_host_detail): 200 GET http://10.180.1.21/compute/v2.1/os-hosts 1.727s
2025-06-07 08:01:53.065 63104 INFO tempest.lib.common.rest_client [req-0b5f12a0-20b5-42d7-a475-5bca266b218f req-0b5f12a0-20b5-42d7-a475-5bca266b218f ] Request (VolumesGetTestJSON:tearDownClass): 404 GET http://10.180.1.21/compute/v2.1/os-volumes/6ef4e7c0-7ec1-4c52-933a-ce7cb6349915 1.764s
2025-06-07 08:01:53.094 63122 INFO tempest.lib.common.rest_client [req-5f96dbf6-55be-436a-918e-aa41c129e09a req-5f96dbf6-55be-436a-918e-aa41c129e09a ] Request (HypervisorAdminV253TestBase:setUpClass): 201 POST http://10.180.1.21/identity/v3/users 0.089s
2025-06-07 08:01:53.109 63098 INFO tempest.lib.common.rest_client [req-22160861-4fa3-4664-8d65-ef07c29e7c76 req-22160861-4fa3-4664-8d65-ef07c29e7c76 ] Request (HypervisorAdminNegativeTestJSON:test_get_hypervisor_uptime_with_non_admin_user): 403 GET http://10.180.1.21/compute/v2.1/os-hypervisors/1/uptime 1.593s
2025-06-07 08:01:53.125 63122 INFO tempest.lib.common.rest_client [req-fe095972-5b25-4efd-9f4a-a4d4c28a3c1b req-fe095972-5b25-4efd-9f4a-a4d4c28a3c1b ] Request (HypervisorAdminV253TestBase:setUpClass): 200 GET http://10.180.1.21/identity/v3/roles 0.030s
2025-06-07 08:01:53.181 63104 INFO tempest.lib.common.rest_client [req-6c5f4159-60ed-4e1e-a759-eb9b5b361527 req-6c5f4159-60ed-4e1e-a759-eb9b5b361527 ] Request (VolumesGetTestJSON:tearDownClass): 204 DELETE http://10.180.1.21/identity/v3/users/1cb795145bd84a588272c68e54c23adc 0.115s
2025-06-07 08:01:53.181 63104 INFO tempest.lib.common.dynamic_creds [-] Deleting project and security group for project: f67e57bb600943a88433db235b384973
2025-06-07 08:01:53.209 63122 INFO tempest.lib.common.rest_client [req-5e451348-4b63-4984-bafa-bc0d8fb58ce9 req-5e451348-4b63-4984-bafa-bc0d8fb58ce9 ] Request (HypervisorAdminV253TestBase:setUpClass): 204 PUT http://10.180.1.21/identity/v3/projects/8cf00aa33ec8452182c3dc8afff1a0cc/users/70358a1abfbf4eaf936f804f41fd05f9/roles/394b22ccebc64f5cadde6f7af9a3218e 0.083s
2025-06-07 08:01:53.209 63122 INFO tempest.lib.common.dynamic_creds [-] Dynamic test user 70358a1abfbf4eaf936f804f41fd05f9 is created with scope project and roles: ['member']
2025-06-07 08:01:53.209 63122 INFO tempest.lib.common.dynamic_creds [-] Acquired dynamic creds: credentials: Credentials: {'domain_id': 'default', 'domain_name': 'Default', 'username': 'tempest-HypervisorAdminV253TestBase-815511888-project-member', 'project_domain_id': 'default', 'project_domain_name': 'Default', 'project_id': '8cf00aa33ec8452182c3dc8afff1a0cc', 'project_name': 'tempest-HypervisorAdminV253TestBase-815511888', 'tenant_id': '8cf00aa33ec8452182c3dc8afff1a0cc', 'tenant_name': 'tempest-HypervisorAdminV253TestBase-815511888', 'user_domain_id': 'default', 'user_domain_name': 'Default', 'user_id': '70358a1abfbf4eaf936f804f41fd05f9', 'system': None}, Network: None, Subnet: None, Router: None
2025-06-07 08:01:53.209 63122 INFO tempest.lib.common.dynamic_creds [-] Created isolated network resources for: credentials: Credentials: {'domain_id': 'default', 'domain_name': 'Default', 'username': 'tempest-HypervisorAdminV253TestBase-815511888-project-member', 'project_domain_id': 'default', 'project_domain_name': 'Default', 'project_id': '8cf00aa33ec8452182c3dc8afff1a0cc', 'project_name': 'tempest-HypervisorAdminV253TestBase-815511888', 'tenant_id': '8cf00aa33ec8452182c3dc8afff1a0cc', 'tenant_name': 'tempest-HypervisorAdminV253TestBase-815511888', 'user_domain_id': 'default', 'user_domain_name': 'Default', 'user_id': '70358a1abfbf4eaf936f804f41fd05f9', 'system': None}, Network: None, Subnet: None, Router: None
2025-06-07 08:01:53.259 63104 INFO tempest.lib.common.rest_client [req-2b978962-dbca-45fd-883d-a35f312d00bb req-2b978962-dbca-45fd-883d-a35f312d00bb ] Request (VolumesGetTestJSON:tearDownClass): 201 POST http://10.180.1.21/identity/v3/auth/tokens 0.078s
2025-06-07 08:01:53.294 63122 INFO tempest.lib.common.rest_client [req-9f4d01af-0d9f-4603-b038-fb171bffbfaa req-9f4d01af-0d9f-4603-b038-fb171bffbfaa ] Request (HypervisorAdminV253TestBase:setUpClass): 201 POST http://10.180.1.21/identity/v3/auth/tokens 0.077s
2025-06-07 08:01:53.340 63122 INFO tempest.lib.common.rest_client [req-3a98c600-7422-49d1-9754-aa17a92291bc req-3a98c600-7422-49d1-9754-aa17a92291bc ] Request (HypervisorAdminV253TestBase:setUpClass): 201 POST http://10.180.1.21/identity/v3/projects 0.045s
2025-06-07 08:01:53.374 63130 INFO tempest.lib.common.rest_client [req-9a0f2348-fb27-4a1c-9dfe-210b43b9862e req-9a0f2348-fb27-4a1c-9dfe-210b43b9862e ] Request (VolumesAssistedSnapshotsTest:test_volume_assisted_snapshot_create_delete): 201 POST http://10.180.1.21:9696/networking/v2.0/security-groups 0.341s
2025-06-07 08:01:53.405 63122 INFO tempest.lib.common.rest_client [req-f7df8ea2-e95a-469e-b0fe-84baa5f347d9 req-f7df8ea2-e95a-469e-b0fe-84baa5f347d9 ] Request (HypervisorAdminV253TestBase:setUpClass): 201 POST http://10.180.1.21/identity/v3/users 0.064s
2025-06-07 08:01:53.430 63122 INFO tempest.lib.common.rest_client [req-f545e53e-a161-4fbe-b62f-619db790eea1 req-f545e53e-a161-4fbe-b62f-619db790eea1 ] Request (HypervisorAdminV253TestBase:setUpClass): 200 GET http://10.180.1.21/identity/v3/roles 0.025s
2025-06-07 08:01:53.471 63122 INFO tempest.lib.common.rest_client [req-7cbbb2b9-5104-4e3b-a779-2ca8e864cebe req-7cbbb2b9-5104-4e3b-a779-2ca8e864cebe ] Request (HypervisorAdminV253TestBase:setUpClass): 204 PUT http://10.180.1.21/identity/v3/projects/e6962b2b17af4e5595ab90982ddf7625/users/45c0109640934ee981d84b498e802efe/roles/e82ff90e36b84c7187eda0b257d70e2c 0.041s
2025-06-07 08:01:53.517 63112 INFO tempest.lib.common.rest_client [req-f15cf6ae-b8f2-4760-94a8-89fc1dfbd3d1 req-f15cf6ae-b8f2-4760-94a8-89fc1dfbd3d1 ] Request (SecurityGroupsTestAdminJSON:_run_cleanups): 202 DELETE http://10.180.1.21/compute/v2.1/os-security-groups/a633847f-0489-49b9-8035-8e584953335f 1.922s
2025-06-07 08:01:53.536 63118 INFO tempest.lib.common.rest_client [req-06bc73a9-e0a8-428a-90eb-d7a9bbd01090 req-06bc73a9-e0a8-428a-90eb-d7a9bbd01090 ] Request (ImagesOneServerTestJSON:setUpClass): 200 GET http://10.180.1.21/compute/v2.1/servers/4e911f12-5d9c-4713-b1e0-4d87a589a9d8 2.162s
2025-06-07 08:01:53.540 63122 INFO tempest.lib.common.rest_client [req-daf59cd4-c9bd-4e3d-803c-cda7c83b41f6 req-daf59cd4-c9bd-4e3d-803c-cda7c83b41f6 ] Request (HypervisorAdminV253TestBase:setUpClass): 200 GET http://10.180.1.21/identity/v3/roles 0.068s
2025-06-07 08:01:53.547 63109 INFO tempest.lib.common.rest_client [req-97017e8e-c41a-4946-9978-a6e6692d3943 req-97017e8e-c41a-4946-9978-a6e6692d3943 ] Request (HostsAdminNegativeTestJSON:test_startup_nonexistent_host): 404 GET http://10.180.1.21/compute/v2.1/os-hosts/nonexistent_hostname/startup 1.751s
2025-06-07 08:01:53.559 63122 INFO tempest.lib.common.rest_client [req-61075bf7-9778-493e-8e23-8b1736462ffc req-61075bf7-9778-493e-8e23-8b1736462ffc ] Request (HypervisorAdminV253TestBase:setUpClass): 204 PUT http://10.180.1.21/identity/v3/projects/e6962b2b17af4e5595ab90982ddf7625/users/45c0109640934ee981d84b498e802efe/roles/e82ff90e36b84c7187eda0b257d70e2c 0.019s
2025-06-07 08:01:53.560 63122 INFO tempest.lib.common.dynamic_creds [-] Dynamic test user 45c0109640934ee981d84b498e802efe is created with scope project and roles: ['admin']
2025-06-07 08:01:53.560 63122 INFO tempest.lib.common.dynamic_creds [-] Acquired dynamic creds: credentials: Credentials: {'domain_id': 'default', 'domain_name': 'Default', 'username': 'tempest-HypervisorAdminV253TestBase-1046742583-project-admin', 'project_domain_id': 'default', 'project_domain_name': 'Default', 'project_id': 'e6962b2b17af4e5595ab90982ddf7625', 'project_name': 'tempest-HypervisorAdminV253TestBase-1046742583', 'tenant_id': 'e6962b2b17af4e5595ab90982ddf7625', 'tenant_name': 'tempest-HypervisorAdminV253TestBase-1046742583', 'user_domain_id': 'default', 'user_domain_name': 'Default', 'user_id': '45c0109640934ee981d84b498e802efe', 'system': None}, Network: None, Subnet: None, Router: None
2025-06-07 08:01:53.560 63122 INFO tempest.lib.common.dynamic_creds [-] Created isolated network resources for: credentials: Credentials: {'domain_id': 'default', 'domain_name': 'Default', 'username': 'tempest-HypervisorAdminV253TestBase-1046742583-project-admin', 'project_domain_id': 'default', 'project_domain_name': 'Default', 'project_id': 'e6962b2b17af4e5595ab90982ddf7625', 'project_name': 'tempest-HypervisorAdminV253TestBase-1046742583', 'tenant_id': 'e6962b2b17af4e5595ab90982ddf7625', 'tenant_name': 'tempest-HypervisorAdminV253TestBase-1046742583', 'user_domain_id': 'default', 'user_domain_name': 'Default', 'user_id': '45c0109640934ee981d84b498e802efe', 'system': None}, Network: None, Subnet: None, Router: None
2025-06-07 08:01:53.713 63152 INFO tempest.lib.common.rest_client [req-906d3d2f-44a8-4c6c-b734-027a3bff7d39 req-906d3d2f-44a8-4c6c-b734-027a3bff7d39 ] Request (QuotasAdminNegativeTest:test_create_server_when_memory_quota_is_full): 200 GET http://10.180.1.21/compute/v2.1/os-quota-sets/26967c00d77c4e60a0215cd335fa0956 1.911s
2025-06-07 08:01:53.741 63104 INFO tempest.lib.common.rest_client [req-7a08cefb-f151-49c8-a140-140ab36e2e30 req-7a08cefb-f151-49c8-a140-140ab36e2e30 ] Request (VolumesGetTestJSON:tearDownClass): 200 GET http://10.180.1.21:9696/networking/v2.0/security-groups?tenant_id=f67e57bb600943a88433db235b384973&name=default 0.481s
2025-06-07 08:01:53.743 63102 INFO tempest.lib.common.rest_client [req-10bb14fb-01f7-4db6-ad82-a28a56cf83c5 req-10bb14fb-01f7-4db6-ad82-a28a56cf83c5 ] Request (ServersTestJSON:setUpClass): 200 POST http://10.180.1.21/compute/v2.1/os-keypairs 2.142s
2025-06-07 08:01:53.779 63126 INFO tempest.lib.common.rest_client [req-2a583754-2ba0-41ed-bc13-38a8dac4da22 req-2a583754-2ba0-41ed-bc13-38a8dac4da22 ] Request (FlavorsAccessTestJSON:_run_cleanups): 202 DELETE http://10.180.1.21/compute/v2.1/flavors/1463024230 1.706s
2025-06-07 08:01:53.792 63122 INFO tempest.lib.common.rest_client [req-5604a44d-4e58-41d1-9d4e-6f92f942abd1 req-5604a44d-4e58-41d1-9d4e-6f92f942abd1 ] Request (HypervisorAdminV253TestBase:setUpClass): 201 POST http://10.180.1.21/identity/v3/auth/tokens 0.229s
2025-06-07 08:01:53.799 63116 INFO tempest.lib.common.rest_client [req-0e094ac5-e5ee-4f6d-976c-47d34ed7a4e8 req-0e094ac5-e5ee-4f6d-976c-47d34ed7a4e8 ] Request (ServersWithSpecificFlavorTestJSON:test_verify_created_server_ephemeral_disk): 200 POST http://10.180.1.21/compute/v2.1/flavors 1.697s
2025-06-07 08:01:54.009 63100 INFO tempest.lib.common.rest_client [req-05eec112-2944-4bd8-b243-0213ea9943e4 req-05eec112-2944-4bd8-b243-0213ea9943e4 ] Request (ImagesMetadataTestJSON:setUp): 200 PUT http://10.180.1.21/compute/v2.1/images/944881bc-6c98-4049-80c5-63f71b2bcc85/metadata 2.163s
2025-06-07 08:01:54.033 63146 INFO tempest.lib.common.rest_client [req-35bff8d6-ee18-45eb-8675-de9fcfe623b7 req-35bff8d6-ee18-45eb-8675-de9fcfe623b7 ] Request (FlavorsExtraSpecsTestJSON:test_flavor_set_get_update_show_unset_keys): 200 DELETE http://10.180.1.21/compute/v2.1/flavors/528199855/os-extra_specs/hw:numa_nodes 1.783s
2025-06-07 08:01:54.111 63130 INFO tempest.lib.common.rest_client [req-c83b1d69-17bd-4e53-9592-7e1e9460c070 req-c83b1d69-17bd-4e53-9592-7e1e9460c070 ] Request (VolumesAssistedSnapshotsTest:test_volume_assisted_snapshot_create_delete): 201 POST http://10.180.1.21:9696/networking/v2.0/security-group-rules 0.737s
2025-06-07 08:01:54.119 63138 INFO tempest.lib.common.rest_client [req-ed2f4371-378b-40d1-b313-165db8e21c8d req-ed2f4371-378b-40d1-b313-165db8e21c8d ] Request (ServicesAdminNegativeV253TestJSON:test_list_services_with_non_admin_user): 403 GET http://10.180.1.21/compute/v2.1/os-services 1.843s
2025-06-07 08:01:54.138 63145 INFO tempest.lib.common.rest_client [req-a7170ba1-eb89-444b-9736-2ad9ada4d247 req-a7170ba1-eb89-444b-9736-2ad9ada4d247 ] Request (KeyPairsV2TestJSON:_run_cleanups): 202 DELETE http://10.180.1.21/compute/v2.1/os-keypairs/tempest-keypair-186921680 1.825s
2025-06-07 08:01:54.160 63142 INFO tempest.lib.common.rest_client [req-ccf48d64-49ba-415c-8545-835928cb5cb2 req-ccf48d64-49ba-415c-8545-835928cb5cb2 ] Request (AttachInterfacesUnderV243Test:test_add_remove_fixed_ip): 200 GET http://10.180.1.21/compute/v2.1/servers/09aa702f-a28c-429b-83d9-378be8606a29 1.934s
2025-06-07 08:01:54.186 63096 INFO tempest.lib.common.rest_client [req-22167ed2-6fae-40b0-b90a-51f1f30db4db req-22167ed2-6fae-40b0-b90a-51f1f30db4db ] Request (FlavorsAdminTestJSON:_run_cleanups): 202 DELETE http://10.180.1.21/compute/v2.1/flavors/c99edf25-a124-41bf-85a2-73b4c0cbd6a2 1.781s
2025-06-07 08:01:54.209 63156 INFO tempest.lib.common.rest_client [req-f08b5c00-118d-46b0-abaa-f3839e6e24ad req-f08b5c00-118d-46b0-abaa-f3839e6e24ad ] Request (AggregatesAdminNegativeTestJSON:test_aggregate_add_non_exist_host): 200 POST http://10.180.1.21/compute/v2.1/os-aggregates 1.783s
2025-06-07 08:01:54.261 63138 INFO tempest.lib.common.rest_client [req-939bc02e-5777-4c7d-b088-571223252a19 req-939bc02e-5777-4c7d-b088-571223252a19 ] Request (ServicesAdminNegativeV253TestJSON:tearDownClass): 204 DELETE http://10.180.1.21/identity/v3/users/66bf20a3faa64ca89eb4414f8a6e3c27 0.140s
2025-06-07 08:01:54.274 63104 INFO tempest.lib.common.rest_client [req-fa3137d3-18f5-4672-ae56-acaa6d88aa3f req-fa3137d3-18f5-4672-ae56-acaa6d88aa3f ] Request (VolumesGetTestJSON:tearDownClass): 204 DELETE http://10.180.1.21:9696/networking/v2.0/security-groups/15a3f521-55b7-4325-9e9a-ac7f44ac4f28 0.533s
2025-06-07 08:01:54.317 63110 INFO tempest.lib.common.rest_client [req-c3b8a46b-73f5-46c2-bcdc-edbb1f6eb941 req-c3b8a46b-73f5-46c2-bcdc-edbb1f6eb941 ] Request (QuotasAdminTestJSON:test_get_default_quotas): 200 GET http://10.180.1.21/compute/v2.1/os-quota-sets/2cb8ed220b784205be750b74eb6dae57/defaults 1.987s
2025-06-07 08:01:54.335 63102 INFO tempest.lib.common.rest_client [req-bfa03080-bebb-4cf1-977b-fce634658cb6 req-bfa03080-bebb-4cf1-977b-fce634658cb6 ] Request (ServersTestJSON:setUpClass): 201 POST http://10.180.1.21:9696/networking/v2.0/security-groups 0.588s
2025-06-07 08:01:54.386 63138 INFO tempest.lib.common.rest_client [req-b4b18e8b-2de1-4bae-9bd2-b4b8f1d59d68 req-b4b18e8b-2de1-4bae-9bd2-b4b8f1d59d68 ] Request (ServicesAdminNegativeV253TestJSON:tearDownClass): 204 DELETE http://10.180.1.21/identity/v3/users/c61d447703a24ac5b0fb331d8f2daacb 0.125s
2025-06-07 08:01:54.386 63138 INFO tempest.lib.common.dynamic_creds [-] Deleting project and security group for project: 0835ea5eadb74748a99381503a8b53cf
2025-06-07 08:01:54.463 63110 INFO tempest.lib.common.rest_client [req-3ac0642f-bee2-4c4c-a4b6-4fb11b8a6bc6 req-3ac0642f-bee2-4c4c-a4b6-4fb11b8a6bc6 ] Request (QuotasAdminTestJSON:test_get_updated_quotas): 200 GET http://10.180.1.21/identity/v3/domains?name=Default 0.141s
2025-06-07 08:01:54.514 63104 INFO tempest.lib.common.rest_client [req-e0d8d74f-3680-474b-a804-2708c8652e81 req-e0d8d74f-3680-474b-a804-2708c8652e81 ] Request (VolumesGetTestJSON:tearDownClass): 204 DELETE http://10.180.1.21/identity/v3/projects/f67e57bb600943a88433db235b384973 0.239s
2025-06-07 08:01:54.525 63138 INFO tempest.lib.common.rest_client [req-0b479267-57c8-435e-9060-1b714389da3a req-0b479267-57c8-435e-9060-1b714389da3a ] Request (ServicesAdminNegativeV253TestJSON:tearDownClass): 201 POST http://10.180.1.21/identity/v3/auth/tokens 0.138s
2025-06-07 08:01:54.550 63104 INFO tempest.lib.common.rest_client [req-1be31315-980f-4d8a-b30f-ac2d438e7a01 req-1be31315-980f-4d8a-b30f-ac2d438e7a01 ] Request (VolumesTestJSON:setUpClass): 201 POST http://10.180.1.21/identity/v3/auth/tokens 0.034s
2025-06-07 08:01:54.564 63130 INFO tempest.lib.common.rest_client [req-a3eb769b-86bc-4e74-a486-12f8d8686526 req-a3eb769b-86bc-4e74-a486-12f8d8686526 ] Request (VolumesAssistedSnapshotsTest:test_volume_assisted_snapshot_create_delete): 201 POST http://10.180.1.21:9696/networking/v2.0/security-group-rules 0.452s
2025-06-07 08:01:54.582 63104 INFO tempest.lib.common.rest_client [req-0bfee696-b5bb-4628-8ff0-a6384bf0f52a req-0bfee696-b5bb-4628-8ff0-a6384bf0f52a ] Request (VolumesTestJSON:setUpClass): 201 POST http://10.180.1.21/identity/v3/auth/tokens 0.030s
2025-06-07 08:01:54.589 63110 INFO tempest.lib.common.rest_client [req-ba30c156-4339-4d2c-aa10-050ad95dd0d7 req-ba30c156-4339-4d2c-aa10-050ad95dd0d7 ] Request (QuotasAdminTestJSON:test_get_updated_quotas): 201 POST http://10.180.1.21/identity/v3/projects 0.125s
2025-06-07 08:01:54.638 63104 INFO tempest.lib.common.rest_client [req-75dcf1a2-0061-476e-8122-74a89cd16eb6 req-75dcf1a2-0061-476e-8122-74a89cd16eb6 ] Request (VolumesTestJSON:setUpClass): 200 GET http://10.180.1.21/identity/v3/domains?name=Default 0.056s
2025-06-07 08:01:54.684 63104 INFO tempest.lib.common.rest_client [req-c7e55e14-07e1-46d0-81a0-fac2a84aca9c req-c7e55e14-07e1-46d0-81a0-fac2a84aca9c ] Request (VolumesTestJSON:setUpClass): 201 POST http://10.180.1.21/identity/v3/projects 0.045s
2025-06-07 08:01:54.701 63110 INFO tempest.lib.common.rest_client [req-ea5793f3-b415-4ef0-a325-e260813e112b req-ea5793f3-b415-4ef0-a325-e260813e112b ] Request (QuotasAdminTestJSON:test_get_updated_quotas): 200 GET http://10.180.1.21/identity/v3/domains?name=Default 0.112s
2025-06-07 08:01:54.770 63104 INFO tempest.lib.common.rest_client [req-2efa9ddf-b6d8-4916-88de-fa3fd2cbf936 req-2efa9ddf-b6d8-4916-88de-fa3fd2cbf936 ] Request (VolumesTestJSON:setUpClass): 201 POST http://10.180.1.21/identity/v3/users 0.086s
2025-06-07 08:01:54.797 63104 INFO tempest.lib.common.rest_client [req-4d22f566-4766-4a8c-96cb-209958e45b33 req-4d22f566-4766-4a8c-96cb-209958e45b33 ] Request (VolumesTestJSON:setUpClass): 200 GET http://10.180.1.21/identity/v3/roles 0.025s
2025-06-07 08:01:54.804 63134 INFO tempest.lib.common.rest_client [req-0d6d9725-29f2-45b1-ac5b-c59df8508e22 req-0d6d9725-29f2-45b1-ac5b-c59df8508e22 ] Request (ServerDiagnosticsNegativeTest:test_get_server_diagnostics_by_non_admin): 200 GET http://10.180.1.21/compute/v2.1/servers/7ab3a69a-9893-4ed2-b3e7-13ed81ee7c77 1.797s
2025-06-07 08:01:54.814 63102 INFO tempest.lib.common.rest_client [req-36860303-2217-4e76-b0e7-8a3be9beb351 req-36860303-2217-4e76-b0e7-8a3be9beb351 ] Request (ServersTestJSON:setUpClass): 201 POST http://10.180.1.21:9696/networking/v2.0/security-group-rules 0.477s
2025-06-07 08:01:54.840 63104 INFO tempest.lib.common.rest_client [req-32335128-93cd-4570-88ac-75e7e2e724a7 req-32335128-93cd-4570-88ac-75e7e2e724a7 ] Request (VolumesTestJSON:setUpClass): 204 PUT http://10.180.1.21/identity/v3/projects/5af06ac5c63e4fe0b9c8257c8cf43551/users/cad4fa38286f465aae39f1511f13fc8b/roles/394b22ccebc64f5cadde6f7af9a3218e 0.042s
2025-06-07 08:01:54.840 63104 INFO tempest.lib.common.dynamic_creds [-] Dynamic test user cad4fa38286f465aae39f1511f13fc8b is created with scope project and roles: ['member']
2025-06-07 08:01:54.840 63104 INFO tempest.lib.common.dynamic_creds [-] Acquired dynamic creds: credentials: Credentials: {'domain_id': 'default', 'domain_name': 'Default', 'username': 'tempest-VolumesTestJSON-828535834-project-member', 'project_domain_id': 'default', 'project_domain_name': 'Default', 'project_id': '5af06ac5c63e4fe0b9c8257c8cf43551', 'project_name': 'tempest-VolumesTestJSON-828535834', 'tenant_id': '5af06ac5c63e4fe0b9c8257c8cf43551', 'tenant_name': 'tempest-VolumesTestJSON-828535834', 'user_domain_id': 'default', 'user_domain_name': 'Default', 'user_id': 'cad4fa38286f465aae39f1511f13fc8b', 'system': None}, Network: None, Subnet: None, Router: None
2025-06-07 08:01:54.841 63104 INFO tempest.lib.common.dynamic_creds [-] Created isolated network resources for: credentials: Credentials: {'domain_id': 'default', 'domain_name': 'Default', 'username': 'tempest-VolumesTestJSON-828535834-project-member', 'project_domain_id': 'default', 'project_domain_name': 'Default', 'project_id': '5af06ac5c63e4fe0b9c8257c8cf43551', 'project_name': 'tempest-VolumesTestJSON-828535834', 'tenant_id': '5af06ac5c63e4fe0b9c8257c8cf43551', 'tenant_name': 'tempest-VolumesTestJSON-828535834', 'user_domain_id': 'default', 'user_domain_name': 'Default', 'user_id': 'cad4fa38286f465aae39f1511f13fc8b', 'system': None}, Network: None, Subnet: None, Router: None
2025-06-07 08:01:54.857 63125 INFO tempest.lib.common.rest_client [req-f4f48eee-1f0f-4ace-a72b-b166a047902e req-f4f48eee-1f0f-4ace-a72b-b166a047902e ] Request (HostsAdminTestJSON:test_show_host_detail): 200 GET http://10.180.1.21/compute/v2.1/os-hosts/cpu-1 1.787s
2025-06-07 08:01:54.862 63098 INFO tempest.lib.common.rest_client [req-c616e72e-7931-43ce-a72c-13ab5b9ab590 req-c616e72e-7931-43ce-a72c-13ab5b9ab590 ] Request (HypervisorAdminNegativeTestJSON:test_get_nonexistent_hypervisor_uptime): 404 GET http://10.180.1.21/compute/v2.1/os-hypervisors/cf7eef72-b079-4e31-a1ce-2bb01a1e6a8e/uptime 1.752s
2025-06-07 08:01:54.898 63120 INFO tempest.lib.common.rest_client [req-5e559e2b-13bf-40a4-98ab-70aa0ac0d3b1 req-5e559e2b-13bf-40a4-98ab-70aa0ac0d3b1 ] Request (ServersTestMultiNic:test_verify_duplicate_network_nics): 200 GET http://10.180.1.21/compute/v2.1/servers/65d620ad-0863-4947-945e-0e4b3c01d3a3 2.100s
2025-06-07 08:01:54.927 63104 INFO tempest.lib.common.rest_client [req-c71e5a2c-7dcd-4c99-88c1-2a07bf850c73 req-c71e5a2c-7dcd-4c99-88c1-2a07bf850c73 ] Request (VolumesTestJSON:setUpClass): 201 POST http://10.180.1.21/identity/v3/auth/tokens 0.084s
2025-06-07 08:01:55.003 63125 INFO tempest.lib.common.rest_client [req-af370211-ba0b-451d-b4cd-1f5db9a55139 req-af370211-ba0b-451d-b4cd-1f5db9a55139 ] Request (HostsAdminTestJSON:tearDownClass): 204 DELETE http://10.180.1.21/identity/v3/users/62183a66efb5434da127b13a68fb7815 0.144s
2025-06-07 08:01:55.053 63138 INFO tempest.lib.common.rest_client [req-44ae7447-7efd-4d9a-a23b-e5b3ea639991 req-44ae7447-7efd-4d9a-a23b-e5b3ea639991 ] Request (ServicesAdminNegativeV253TestJSON:tearDownClass): 200 GET http://10.180.1.21:9696/networking/v2.0/security-groups?tenant_id=0835ea5eadb74748a99381503a8b53cf&name=default 0.528s
2025-06-07 08:01:55.146 63125 INFO tempest.lib.common.rest_client [req-34062828-29d8-453b-89f3-be05cdb4f3e4 req-34062828-29d8-453b-89f3-be05cdb4f3e4 ] Request (HostsAdminTestJSON:tearDownClass): 204 DELETE http://10.180.1.21/identity/v3/users/32131b98b43c4ab9bda7a1ab54edbe8c 0.141s
2025-06-07 08:01:55.146 63125 INFO tempest.lib.common.dynamic_creds [-] Deleting project and security group for project: e459ebe6e7c0494497b46a0f7c758d59
2025-06-07 08:01:55.187 63140 INFO tempest.lib.common.rest_client [req-48afb213-ca06-46b4-991b-745902cb9529 req-48afb213-ca06-46b4-991b-745902cb9529 ] Request (ImagesNegativeTestJSON:setUpClass): 201 POST http://10.180.1.21:9696/networking/v2.0/routers 2.745s
2025-06-07 08:01:55.221 63125 INFO tempest.lib.common.rest_client [req-fb7a9a80-b671-4c11-8d7b-e44dde1536ba req-fb7a9a80-b671-4c11-8d7b-e44dde1536ba ] Request (HostsAdminTestJSON:tearDownClass): 201 POST http://10.180.1.21/identity/v3/auth/tokens 0.075s
2025-06-07 08:01:55.241 63102 INFO tempest.lib.common.rest_client [req-49be2b69-4970-4a12-bc0b-97f40cd58402 req-49be2b69-4970-4a12-bc0b-97f40cd58402 ] Request (ServersTestJSON:setUpClass): 201 POST http://10.180.1.21:9696/networking/v2.0/security-group-rules 0.426s
2025-06-07 08:01:55.246 63114 INFO tempest.lib.common.rest_client [req-fabfbefa-22f7-495e-bdbf-1ae2ac176e12 req-fabfbefa-22f7-495e-bdbf-1ae2ac176e12 ] Request (MultipleCreateTestJSON:test_multiple_create): 200 GET http://10.180.1.21/compute/v2.1/servers/9a448d2b-0dee-4a90-b131-e6ada542f342 1.852s
2025-06-07 08:01:55.446 63104 INFO tempest.lib.common.rest_client [req-abb700b0-3db0-4438-8190-bb27c3dbb225 req-abb700b0-3db0-4438-8190-bb27c3dbb225 ] Request (VolumesTestJSON:setUpClass): 202 POST http://10.180.1.21/volume/v3/5af06ac5c63e4fe0b9c8257c8cf43551/volumes 0.517s
2025-06-07 08:01:55.482 63104 INFO tempest.lib.common.rest_client [req-407ddfe1-4043-4037-853a-a48063e87c71 req-407ddfe1-4043-4037-853a-a48063e87c71 ] Request (VolumesTestJSON:setUpClass): 200 GET http://10.180.1.21/volume/v3/5af06ac5c63e4fe0b9c8257c8cf43551/volumes/54940b0b-aa26-43a9-ae83-0f3a13c69207 0.023s
2025-06-07 08:01:55.487 63138 INFO tempest.lib.common.rest_client [req-9d846890-da30-4fe3-b787-bf9b3748c0a1 req-9d846890-da30-4fe3-b787-bf9b3748c0a1 ] Request (ServicesAdminNegativeV253TestJSON:tearDownClass): 204 DELETE http://10.180.1.21:9696/networking/v2.0/security-groups/8715197e-59c0-41c5-bb8b-3bc287ea9c2e 0.433s
2025-06-07 08:01:55.496 63112 INFO tempest.lib.common.rest_client [req-d0720b3b-fdd5-4a4d-bfe8-b9bfa9d3e203 req-d0720b3b-fdd5-4a4d-bfe8-b9bfa9d3e203 ] Request (SecurityGroupsTestAdminJSON:_run_cleanups): 202 DELETE http://10.180.1.21/compute/v2.1/os-security-groups/4e665e96-0a9d-48c7-b37c-4f7f4a5c3df8 1.979s
2025-06-07 08:01:55.502 63109 INFO tempest.lib.common.rest_client [req-17fcac3c-99a6-4fb4-9982-b7441db8c0d3 req-17fcac3c-99a6-4fb4-9982-b7441db8c0d3 ] Request (HostsAdminNegativeTestJSON:test_update_host_with_invalid_maintenance_mode): 400 PUT http://10.180.1.21/compute/v2.1/os-hosts/devstack 1.953s
2025-06-07 08:01:55.555 63151 INFO tempest.lib.common.rest_client [req-db0b0a03-b61f-4501-8a1b-2279f71e0acb req-db0b0a03-b61f-4501-8a1b-2279f71e0acb ] Request (ServerExternalEventsTest:test_create_server_external_events): 200 GET http://10.180.1.21/compute/v2.1/servers/c56debdf-ab77-4151-bc20-6973ae594d87 2.008s
2025-06-07 08:01:55.581 63138 INFO tempest.lib.common.rest_client [req-868db8ba-1751-47b7-9471-d8820c9038a4 req-868db8ba-1751-47b7-9471-d8820c9038a4 ] Request (ServicesAdminNegativeV253TestJSON:tearDownClass): 204 DELETE http://10.180.1.21/identity/v3/projects/0835ea5eadb74748a99381503a8b53cf 0.093s
2025-06-07 08:01:55.581 63138 INFO tempest.lib.common.dynamic_creds [-] Deleting project and security group for project: d02241ab55d54e098884a97e9f22f504
2025-06-07 08:01:55.595 63112 INFO tempest.lib.common.rest_client [req-e1f0175a-6252-40b7-8f36-c77766e26cc2 req-e1f0175a-6252-40b7-8f36-c77766e26cc2 ] Request (SecurityGroupsTestAdminJSON:tearDownClass): 204 DELETE http://10.180.1.21/identity/v3/users/36626d7972cc43e98b7bf9f6c3801204 0.092s
2025-06-07 08:01:55.689 63112 INFO tempest.lib.common.rest_client [req-0a24555a-48f3-4a74-b31a-dcf65d259a19 req-0a24555a-48f3-4a74-b31a-dcf65d259a19 ] Request (SecurityGroupsTestAdminJSON:tearDownClass): 204 DELETE http://10.180.1.21/identity/v3/users/d807b18f626c4b39aff15e3ea00c7299 0.094s
2025-06-07 08:01:55.689 63112 INFO tempest.lib.common.dynamic_creds [-] Deleting project and security group for project: 5745eb8cd23e496ba63aa962281b4c89
2025-06-07 08:01:55.745 63132 INFO tempest.lib.common.rest_client [req-a29fa2c0-44a9-4156-81d4-8a89583b2a0d req-a29fa2c0-44a9-4156-81d4-8a89583b2a0d ] Request (FloatingIPsTestJSON:tearDownClass): 200 PUT http://10.180.1.21:9696/networking/v2.0/routers/65c5f202-ab58-4907-802b-c764acb0532c/remove_router_interface 3.712s
2025-06-07 08:01:55.750 63112 INFO tempest.lib.common.rest_client [req-ecae873a-510c-4d8a-9a5c-67e5ec8e0760 req-ecae873a-510c-4d8a-9a5c-67e5ec8e0760 ] Request (SecurityGroupsTestAdminJSON:tearDownClass): 201 POST http://10.180.1.21/identity/v3/auth/tokens 0.061s
2025-06-07 08:01:55.765 63152 INFO tempest.lib.common.rest_client [req-f631a9e2-d8e9-4cb3-a072-f873f13a5c3b req-f631a9e2-d8e9-4cb3-a072-f873f13a5c3b ] Request (QuotasAdminNegativeTest:test_create_server_when_memory_quota_is_full): 200 PUT http://10.180.1.21/compute/v2.1/os-quota-sets/26967c00d77c4e60a0215cd335fa0956 2.049s
2025-06-07 08:01:55.787 63126 INFO tempest.lib.common.rest_client [req-7c8df507-1c3f-437c-945b-79c4876d8112 req-7c8df507-1c3f-437c-945b-79c4876d8112 ] Request (FlavorsAccessTestJSON:_run_cleanups): 200 GET http://10.180.1.21/compute/v2.1/flavors/detail 2.007s
2025-06-07 08:01:55.840 63152 INFO tempest.lib.common.rest_client [req-00ac6141-d58d-44d5-9f0e-a8dc51fe4e4c req-00ac6141-d58d-44d5-9f0e-a8dc51fe4e4c ] Request (QuotasAdminNegativeTest:test_create_server_when_memory_quota_is_full): 201 POST http://10.180.1.21/identity/v3/auth/tokens 0.070s
2025-06-07 08:01:55.840 63152 INFO tempest.lib.common.fixed_network [-] (QuotasAdminNegativeTest:test_create_server_when_memory_quota_is_full) Found network None available for tenant
2025-06-07 08:01:55.868 63125 INFO tempest.lib.common.rest_client [req-791d898a-725c-4688-b655-81fa7ee30cff req-791d898a-725c-4688-b655-81fa7ee30cff ] Request (HostsAdminTestJSON:tearDownClass): 200 GET http://10.180.1.21:9696/networking/v2.0/security-groups?tenant_id=e459ebe6e7c0494497b46a0f7c758d59&name=default 0.647s
2025-06-07 08:01:55.935 63126 INFO tempest.lib.common.rest_client [req-44d11215-f5d6-4a32-b3a6-ebf2e2710df0 req-44d11215-f5d6-4a32-b3a6-ebf2e2710df0 ] Request (FlavorsAccessTestJSON:tearDownClass): 204 DELETE http://10.180.1.21/identity/v3/users/1c8f01124b8244b1b8cfa54fe1156ad7 0.138s
2025-06-07 08:01:55.980 63148 INFO tempest.lib.common.rest_client [req-6ebda3eb-0ae0-411a-91a3-c20af10443e8 req-6ebda3eb-0ae0-411a-91a3-c20af10443e8 ] Request (DeleteServersAdminTestJSON:test_admin_delete_servers_of_others): 200 GET http://10.180.1.21/compute/v2.1/servers/6ff9b201-b6a2-45a9-bb6b-0acb8c82405f 2.329s
2025-06-07 08:01:56.004 63122 INFO tempest.lib.common.rest_client [req-9b1841f2-d762-415f-af73-e7a9fb601de5 req-9b1841f2-d762-415f-af73-e7a9fb601de5 ] Request (HypervisorAdminV253TestBase:test_list_show_detail_hypervisors): 200 GET http://10.180.1.21/compute/v2.1/os-hypervisors/detail?with_servers=True 2.211s
2025-06-07 08:01:56.010 63116 INFO tempest.lib.common.rest_client [req-8bb27fdf-cdb9-4de2-9b51-c7c73405180f req-8bb27fdf-cdb9-4de2-9b51-c7c73405180f ] Request (ServersWithSpecificFlavorTestJSON:test_verify_created_server_ephemeral_disk): 200 GET http://10.180.1.21/compute/v2.1/flavors/42/os-extra_specs 2.209s
2025-06-07 08:01:56.013 63138 INFO tempest.lib.common.rest_client [req-56666e63-ccfb-4b29-96e9-b47056e394eb req-56666e63-ccfb-4b29-96e9-b47056e394eb ] Request (ServicesAdminNegativeV253TestJSON:tearDownClass): 200 GET http://10.180.1.21:9696/networking/v2.0/security-groups?tenant_id=d02241ab55d54e098884a97e9f22f504&name=default 0.431s
2025-06-07 08:01:56.031 63112 INFO tempest.lib.common.rest_client [req-005bc7a4-f106-4d9c-9811-154ce749574d req-005bc7a4-f106-4d9c-9811-154ce749574d ] Request (SecurityGroupsTestAdminJSON:tearDownClass): 200 GET http://10.180.1.21:9696/networking/v2.0/security-groups?tenant_id=5745eb8cd23e496ba63aa962281b4c89&name=default 0.280s
2025-06-07 08:01:56.082 63126 INFO tempest.lib.common.rest_client [req-6f0f0ea0-a462-454c-96ff-be6dc695fc76 req-6f0f0ea0-a462-454c-96ff-be6dc695fc76 ] Request (FlavorsAccessTestJSON:tearDownClass): 204 DELETE http://10.180.1.21/identity/v3/users/146c14164fd547ae9b37bd6134d4a8c5 0.147s
2025-06-07 08:01:56.082 63126 INFO tempest.lib.common.dynamic_creds [-] Deleting project and security group for project: 5e33bab728c64e4088ee5845abc0a3a3
2025-06-07 08:01:56.165 63126 INFO tempest.lib.common.rest_client [req-8335ed6f-70e6-48f5-89c4-f5618ca1a9a0 req-8335ed6f-70e6-48f5-89c4-f5618ca1a9a0 ] Request (FlavorsAccessTestJSON:tearDownClass): 201 POST http://10.180.1.21/identity/v3/auth/tokens 0.083s
2025-06-07 08:01:56.257 63128 INFO tempest.lib.common.rest_client [req-62c5c1a6-c530-4d98-8b42-76ae3ef3b0ec req-62c5c1a6-c530-4d98-8b42-76ae3ef3b0ec ] Request (ServerDiagnosticsTest:test_get_server_diagnostics): 200 GET http://10.180.1.21/compute/v2.1/servers/012bbc43-f61f-4aef-bd66-32fbe66f8374 2.392s
2025-06-07 08:01:56.280 63125 INFO tempest.lib.common.rest_client [req-ac89a82c-fd78-4d9a-b02b-c2c6ee2c3397 req-ac89a82c-fd78-4d9a-b02b-c2c6ee2c3397 ] Request (HostsAdminTestJSON:tearDownClass): 204 DELETE http://10.180.1.21:9696/networking/v2.0/security-groups/53481038-0a6f-49e9-8c4d-4ffe4b6261ce 0.409s
2025-06-07 08:01:56.349 63154 INFO tempest.lib.common.rest_client [req-35529818-6546-464f-aa75-ab5b7bd25101 req-35529818-6546-464f-aa75-ab5b7bd25101 ] Request (ServerMetadataNegativeTestJSON:setUpClass): 200 GET http://10.180.1.21/compute/v2.1/servers/4357ed8f-14f7-4d44-8d1b-262ccaafe1e0 2.383s
2025-06-07 08:01:56.362 63094 INFO tempest.lib.common.rest_client [req-8dcd564e-e6a8-4f3c-9eba-b555f2b1244a req-8dcd564e-e6a8-4f3c-9eba-b555f2b1244a ] Request (MigrationsAdminTest:test_list_migrations_in_flavor_resize_situation): 200 GET http://10.180.1.21/compute/v2.1/servers/022718e2-52ec-4130-81b0-fb39e57d6efe 2.501s
2025-06-07 08:01:56.401 63146 INFO tempest.lib.common.rest_client [req-021a7e91-3e03-43ca-bc4e-a4d97ea53e58 req-021a7e91-3e03-43ca-bc4e-a4d97ea53e58 ] Request (FlavorsExtraSpecsTestJSON:test_flavor_set_get_update_show_unset_keys): 200 DELETE http://10.180.1.21/compute/v2.1/flavors/528199855/os-extra_specs/hw:cpu_policy 2.367s
2025-06-07 08:01:56.422 63138 INFO tempest.lib.common.rest_client [req-ef22b89b-0eed-4df9-a26f-9487f5ed4e2e req-ef22b89b-0eed-4df9-a26f-9487f5ed4e2e ] Request (ServicesAdminNegativeV253TestJSON:tearDownClass): 204 DELETE http://10.180.1.21:9696/networking/v2.0/security-groups/d10626c2-f256-48f6-9128-ee2ff17983f2 0.405s
2025-06-07 08:01:56.432 63125 INFO tempest.lib.common.rest_client [req-0170392e-faaf-4c80-b392-355591644538 req-0170392e-faaf-4c80-b392-355591644538 ] Request (HostsAdminTestJSON:tearDownClass): 204 DELETE http://10.180.1.21/identity/v3/projects/e459ebe6e7c0494497b46a0f7c758d59 0.151s
2025-06-07 08:01:56.433 63125 INFO tempest.lib.common.dynamic_creds [-] Deleting project and security group for project: 66576721ef6949b4a6aa2ffa043b07df
2025-06-07 08:01:56.444 63112 INFO tempest.lib.common.rest_client [req-5365bab9-2140-475f-8d53-5ae0bc0bc953 req-5365bab9-2140-475f-8d53-5ae0bc0bc953 ] Request (SecurityGroupsTestAdminJSON:tearDownClass): 204 DELETE http://10.180.1.21:9696/networking/v2.0/security-groups/33965a1c-4aa7-4318-be7a-6d3cc7d3666e 0.412s
2025-06-07 08:01:56.503 63136 INFO tempest.lib.common.rest_client [req-159b4adf-ebe6-4294-acd1-ab7d825486bc req-159b4adf-ebe6-4294-acd1-ab7d825486bc ] Request (ImagesOneServerNegativeTestJSON:setUpClass): 200 GET http://10.180.1.21/compute/v2.1/servers/76b0e03d-9636-4328-bfd5-17c434cfae72 2.456s
2025-06-07 08:01:56.545 63104 INFO tempest.lib.common.rest_client [req-a5a32731-cb83-4476-b55d-7798803cab71 req-a5a32731-cb83-4476-b55d-7798803cab71 ] Request (VolumesTestJSON:setUpClass): 200 GET http://10.180.1.21/volume/v3/5af06ac5c63e4fe0b9c8257c8cf43551/volumes/54940b0b-aa26-43a9-ae83-0f3a13c69207 0.049s
2025-06-07 08:01:56.553 63104 INFO tempest.common.waiters [-] volume 54940b0b-aa26-43a9-ae83-0f3a13c69207 reached available after waiting for 1.553729 seconds
2025-06-07 08:01:56.562 63138 INFO tempest.lib.common.rest_client [req-d2169ed5-f77b-4b02-9a14-421c6c5fbf77 req-d2169ed5-f77b-4b02-9a14-421c6c5fbf77 ] Request (ServicesAdminNegativeV253TestJSON:tearDownClass): 204 DELETE http://10.180.1.21/identity/v3/projects/d02241ab55d54e098884a97e9f22f504 0.139s
2025-06-07 08:01:56.565 63100 INFO tempest.lib.common.rest_client [req-3c2e0c9b-32b7-4d06-8c46-6c4d4388f70a req-3c2e0c9b-32b7-4d06-8c46-6c4d4388f70a ] Request (ImagesMetadataTestJSON:test_delete_image_metadata_item): 204 DELETE http://10.180.1.21/compute/v2.1/images/944881bc-6c98-4049-80c5-63f71b2bcc85/metadata/os_version 2.555s
2025-06-07 08:01:56.570 63130 INFO tempest.lib.common.rest_client [req-e06f57b2-d46e-499b-8976-9ecf5568aeaf req-e06f57b2-d46e-499b-8976-9ecf5568aeaf ] Request (VolumesAssistedSnapshotsTest:test_volume_assisted_snapshot_create_delete): 201 POST http://10.180.1.21:9696/networking/v2.0/floatingips 2.006s
2025-06-07 08:01:56.572 63145 INFO tempest.lib.common.rest_client [req-7f8501ba-7591-4257-ae60-a0e792c1a093 req-7f8501ba-7591-4257-ae60-a0e792c1a093 ] Request (KeyPairsV2TestJSON:test_keypair_create_with_pub_key): 200 POST http://10.180.1.21/compute/v2.1/os-keypairs 2.432s
2025-06-07 08:01:56.582 63112 INFO tempest.lib.common.rest_client [req-d9d095a4-8630-4739-8c7a-167a7fedbc2b req-d9d095a4-8630-4739-8c7a-167a7fedbc2b ] Request (SecurityGroupsTestAdminJSON:tearDownClass): 204 DELETE http://10.180.1.21/identity/v3/projects/5745eb8cd23e496ba63aa962281b4c89 0.137s
2025-06-07 08:01:56.582 63112 INFO tempest.lib.common.dynamic_creds [-] Deleting project and security group for project: ac8d77f9d1e64e729c916db987f0d29e
2025-06-07 08:01:56.583 63096 INFO tempest.lib.common.rest_client [req-e73b853d-92f1-4330-8a8b-bf76deb51f6d req-e73b853d-92f1-4330-8a8b-bf76deb51f6d ] Request (FlavorsAdminTestJSON:_run_cleanups): 200 GET http://10.180.1.21/compute/v2.1/flavors/detail 2.397s
2025-06-07 08:01:56.600 63156 INFO tempest.lib.common.rest_client [req-dbf10952-b2dd-406e-824c-5536eca9200b req-dbf10952-b2dd-406e-824c-5536eca9200b ] Request (AggregatesAdminNegativeTestJSON:test_aggregate_add_non_exist_host): 404 POST http://10.180.1.21/compute/v2.1/os-aggregates/3/action 2.389s
2025-06-07 08:01:56.642 63138 INFO tempest.lib.common.rest_client [req-cd22961f-0ba5-4ba7-9397-1632434d23b6 req-cd22961f-0ba5-4ba7-9397-1632434d23b6 ] Request (FlavorsV2TestJSON:setUpClass): 201 POST http://10.180.1.21/identity/v3/auth/tokens 0.079s
2025-06-07 08:01:56.656 63130 INFO tempest.lib.common.rest_client [req-2f6b7abd-e794-42e3-9aa1-8af2d97852b2 req-2f6b7abd-e794-42e3-9aa1-8af2d97852b2 ] Request (VolumesAssistedSnapshotsTest:test_volume_assisted_snapshot_create_delete): 201 POST http://10.180.1.21/identity/v3/auth/tokens 0.078s
2025-06-07 08:01:56.657 63130 INFO tempest.lib.common.fixed_network [-] (VolumesAssistedSnapshotsTest:test_volume_assisted_snapshot_create_delete) Found network {'id': 'ce98ef2f-75cb-46a3-ae88-b7ad4ab9d400', 'name': 'tempest-VolumesAssistedSnapshotsTest-1116204265-network', 'tenant_id': '9ae484ce9d3544c2bbb91fa78da89162', 'admin_state_up': True, 'mtu': 8950, 'status': 'ACTIVE', 'subnets': [], 'shared': False, 'project_id': '9ae484ce9d3544c2bbb91fa78da89162', 'port_security_enabled': True, 'router:external': False, 'provider:network_type': 'vlan', 'provider:physical_network': 'default', 'provider:segmentation_id': 788, 'is_default': False, 'availability_zone_hints': [], 'availability_zones': [], 'ipv4_address_scope': None, 'ipv6_address_scope': None, 'description': '', 'tags': [], 'created_at': '2025-06-07T08:01:16Z', 'updated_at': '2025-06-07T08:01:16Z', 'revision_number': 1} available for tenant
2025-06-07 08:01:56.675 63126 INFO tempest.lib.common.rest_client [req-40fad82c-4cde-4230-ba4c-d2cf5a7e7139 req-40fad82c-4cde-4230-ba4c-d2cf5a7e7139 ] Request (FlavorsAccessTestJSON:tearDownClass): 200 GET http://10.180.1.21:9696/networking/v2.0/security-groups?tenant_id=5e33bab728c64e4088ee5845abc0a3a3&name=default 0.509s
2025-06-07 08:01:56.683 63138 INFO tempest.lib.common.rest_client [req-e8eb0030-2cbe-49e3-9e86-cd104e75e5e1 req-e8eb0030-2cbe-49e3-9e86-cd104e75e5e1 ] Request (FlavorsV2TestJSON:setUpClass): 201 POST http://10.180.1.21/identity/v3/auth/tokens 0.039s
2025-06-07 08:01:56.711 63138 INFO tempest.lib.common.rest_client [req-4268812e-18ec-438d-8186-bdf487b43b3b req-4268812e-18ec-438d-8186-bdf487b43b3b ] Request (FlavorsV2TestJSON:setUpClass): 200 GET http://10.180.1.21/identity/v3/domains?name=Default 0.027s
2025-06-07 08:01:56.713 63112 INFO tempest.lib.common.rest_client [req-dea9da77-45b5-4d4a-a84e-11a1a89ecabb req-dea9da77-45b5-4d4a-a84e-11a1a89ecabb ] Request (SecurityGroupsTestAdminJSON:tearDownClass): 200 GET http://10.180.1.21:9696/networking/v2.0/security-groups?tenant_id=ac8d77f9d1e64e729c916db987f0d29e&name=default 0.131s
2025-06-07 08:01:56.752 63138 INFO tempest.lib.common.rest_client [req-9dad398c-e786-48aa-b469-edeb150807fa req-9dad398c-e786-48aa-b469-edeb150807fa ] Request (FlavorsV2TestJSON:setUpClass): 201 POST http://10.180.1.21/identity/v3/projects 0.040s
2025-06-07 08:01:56.802 63110 INFO tempest.lib.common.rest_client [req-6f5663b8-ebcb-4c2b-9694-c6bfce75963e req-6f5663b8-ebcb-4c2b-9694-c6bfce75963e ] Request (QuotasAdminTestJSON:test_get_updated_quotas): 200 PUT http://10.180.1.21/compute/v2.1/os-quota-sets/e86619fb15de4e87ba5964921f12e6b7 2.100s
2025-06-07 08:01:56.823 63098 INFO tempest.lib.common.rest_client [req-f5c0b25a-01e5-473e-8a88-74d1f8a37fd7 req-f5c0b25a-01e5-473e-8a88-74d1f8a37fd7 ] Request (HypervisorAdminNegativeTestJSON:test_show_hypervisor_with_non_admin_user): 200 GET http://10.180.1.21/compute/v2.1/os-hypervisors 1.959s
2025-06-07 08:01:56.837 63138 INFO tempest.lib.common.rest_client [req-aea1f9ea-db9f-441e-b7de-770f3902e0e0 req-aea1f9ea-db9f-441e-b7de-770f3902e0e0 ] Request (FlavorsV2TestJSON:setUpClass): 201 POST http://10.180.1.21/identity/v3/users 0.084s
2025-06-07 08:01:56.851 63125 INFO tempest.lib.common.rest_client [req-edad31bb-85f8-4544-b8d3-f07f3a9859c8 req-edad31bb-85f8-4544-b8d3-f07f3a9859c8 ] Request (HostsAdminTestJSON:tearDownClass): 200 GET http://10.180.1.21:9696/networking/v2.0/security-groups?tenant_id=66576721ef6949b4a6aa2ffa043b07df&name=default 0.418s
2025-06-07 08:01:56.864 63138 INFO tempest.lib.common.rest_client [req-b7609521-2bf1-4b88-a72a-133d74b936cd req-b7609521-2bf1-4b88-a72a-133d74b936cd ] Request (FlavorsV2TestJSON:setUpClass): 200 GET http://10.180.1.21/identity/v3/roles 0.026s
2025-06-07 08:01:56.896 63138 INFO tempest.lib.common.rest_client [req-3ce9f087-b953-45b2-8a7a-325d5bc1d9a0 req-3ce9f087-b953-45b2-8a7a-325d5bc1d9a0 ] Request (FlavorsV2TestJSON:setUpClass): 204 PUT http://10.180.1.21/identity/v3/projects/8f1aa6c2917a47ee8752f6f2be8f2293/users/7ca7abb1f0d6414c8bcd65e8f039def1/roles/394b22ccebc64f5cadde6f7af9a3218e 0.032s
2025-06-07 08:01:56.897 63138 INFO tempest.lib.common.dynamic_creds [-] Dynamic test user 7ca7abb1f0d6414c8bcd65e8f039def1 is created with scope project and roles: ['member']
2025-06-07 08:01:56.897 63138 INFO tempest.lib.common.dynamic_creds [-] Acquired dynamic creds: credentials: Credentials: {'domain_id': 'default', 'domain_name': 'Default', 'username': 'tempest-FlavorsV2TestJSON-116016046-project-member', 'project_domain_id': 'default', 'project_domain_name': 'Default', 'project_id': '8f1aa6c2917a47ee8752f6f2be8f2293', 'project_name': 'tempest-FlavorsV2TestJSON-116016046', 'tenant_id': '8f1aa6c2917a47ee8752f6f2be8f2293', 'tenant_name': 'tempest-FlavorsV2TestJSON-116016046', 'user_domain_id': 'default', 'user_domain_name': 'Default', 'user_id': '7ca7abb1f0d6414c8bcd65e8f039def1', 'system': None}, Network: None, Subnet: None, Router: None
2025-06-07 08:01:56.897 63138 INFO tempest.lib.common.dynamic_creds [-] Created isolated network resources for: credentials: Credentials: {'domain_id': 'default', 'domain_name': 'Default', 'username': 'tempest-FlavorsV2TestJSON-116016046-project-member', 'project_domain_id': 'default', 'project_domain_name': 'Default', 'project_id': '8f1aa6c2917a47ee8752f6f2be8f2293', 'project_name': 'tempest-FlavorsV2TestJSON-116016046', 'tenant_id': '8f1aa6c2917a47ee8752f6f2be8f2293', 'tenant_name': 'tempest-FlavorsV2TestJSON-116016046', 'user_domain_id': 'default', 'user_domain_name': 'Default', 'user_id': '7ca7abb1f0d6414c8bcd65e8f039def1', 'system': None}, Network: None, Subnet: None, Router: None
2025-06-07 08:01:56.986 63138 INFO tempest.lib.common.rest_client [req-41d91714-be26-4c43-b61d-a676ea137d8d req-41d91714-be26-4c43-b61d-a676ea137d8d ] Request (FlavorsV2TestJSON:setUpClass): 201 POST http://10.180.1.21/identity/v3/auth/tokens 0.085s
2025-06-07 08:01:57.067 63126 INFO tempest.lib.common.rest_client [req-5917bf0f-94f1-4046-8424-f9d7b0af6c4a req-5917bf0f-94f1-4046-8424-f9d7b0af6c4a ] Request (FlavorsAccessTestJSON:tearDownClass): 204 DELETE http://10.180.1.21:9696/networking/v2.0/security-groups/9a4321f0-c8cc-4e10-81a4-3592fbb7bfdd 0.391s
2025-06-07 08:01:57.098 63112 INFO tempest.lib.common.rest_client [req-c3c16182-1e4f-4947-a8fc-58bbc843f669 req-c3c16182-1e4f-4947-a8fc-58bbc843f669 ] Request (SecurityGroupsTestAdminJSON:tearDownClass): 204 DELETE http://10.180.1.21:9696/networking/v2.0/security-groups/40d1139e-9353-41c3-bbc1-c869042f6ebd 0.384s
2025-06-07 08:01:57.122 63102 INFO tempest.lib.common.rest_client [req-94b99273-7e6c-4d57-b2c1-ce2a27444f3c req-94b99273-7e6c-4d57-b2c1-ce2a27444f3c ] Request (ServersTestJSON:setUpClass): 201 POST http://10.180.1.21:9696/networking/v2.0/floatingips 1.881s
2025-06-07 08:01:57.188 63126 INFO tempest.lib.common.rest_client [req-276ba7ff-bd56-4f94-9aa9-f651c857e75b req-276ba7ff-bd56-4f94-9aa9-f651c857e75b ] Request (FlavorsAccessTestJSON:tearDownClass): 204 DELETE http://10.180.1.21/identity/v3/projects/5e33bab728c64e4088ee5845abc0a3a3 0.121s
2025-06-07 08:01:57.188 63126 INFO tempest.lib.common.dynamic_creds [-] Deleting project and security group for project: 30512f5bdbdc4ad7a1470d22f2a1f058
2025-06-07 08:01:57.242 63132 INFO tempest.lib.common.rest_client [req-621ac1c7-adb1-4120-87fa-79d873ed365e req-621ac1c7-adb1-4120-87fa-79d873ed365e ] Request (FloatingIPsTestJSON:tearDownClass): 204 DELETE http://10.180.1.21:9696/networking/v2.0/routers/65c5f202-ab58-4907-802b-c764acb0532c 1.497s
2025-06-07 08:01:57.250 63102 INFO tempest.lib.common.rest_client [req-6db504cc-627d-4090-bc1f-482498d34938 req-6db504cc-627d-4090-bc1f-482498d34938 ] Request (ServersTestJSON:setUpClass): 201 POST http://10.180.1.21/identity/v3/auth/tokens 0.124s
2025-06-07 08:01:57.251 63102 INFO tempest.lib.common.fixed_network [-] (ServersTestJSON:setUpClass) Found network {'id': '5af48442-727e-4f96-a5c0-030e4ef040e6', 'name': 'tempest-ServersTestJSON-114279647-network', 'tenant_id': '2d18909325d74960ab3865346549348b', 'admin_state_up': True, 'mtu': 8950, 'status': 'ACTIVE', 'subnets': [], 'shared': False, 'project_id': '2d18909325d74960ab3865346549348b', 'port_security_enabled': True, 'router:external': False, 'provider:network_type': 'vlan', 'provider:physical_network': 'default', 'provider:segmentation_id': 824, 'is_default': False, 'availability_zone_hints': [], 'availability_zones': [], 'ipv4_address_scope': None, 'ipv6_address_scope': None, 'description': '', 'tags': [], 'created_at': '2025-06-07T08:01:41Z', 'updated_at': '2025-06-07T08:01:41Z', 'revision_number': 1} available for tenant
