2025-06-07 08:02:32.501 63109 INFO tempest.lib.common.dynamic_creds [-] Created isolated network resources for: credentials: Credentials: {'domain_id': 'default', 'domain_name': 'Default', 'username': 'tempest-ImagesTestJSON-1157233401-project-member', 'project_domain_id': 'default', 'project_domain_name': 'Default', 'project_id': '2388280fbe954822806f67fbfc1051a5', 'project_name': 'tempest-ImagesTestJSON-1157233401', 'tenant_id': '2388280fbe954822806f67fbfc1051a5', 'tenant_name': 'tempest-ImagesTestJSON-1157233401', 'user_domain_id': 'default', 'user_domain_name': 'Default', 'user_id': '65cea292e5c7400ca17d87dff9017b04', 'system': None}, Network: {'id': '40690b19-7561-468f-9fc9-f5e75cdddc4b', 'name': 'tempest-ImagesTestJSON-2096981974-network', 'tenant_id': '2388280fbe954822806f67fbfc1051a5', 'admin_state_up': True, 'mtu': 8950, 'status': 'ACTIVE', 'subnets': [], 'shared': False, 'project_id': '2388280fbe954822806f67fbfc1051a5', 'port_security_enabled': True, 'router:external': False, 'provider:network_type': 'vlan', 'provider:physical_network': 'default', 'provider:segmentation_id': 65, 'is_default': False, 'availability_zone_hints': [], 'availability_zones': [], 'ipv4_address_scope': None, 'ipv6_address_scope': None, 'description': '', 'tags': [], 'created_at': '2025-06-07T08:02:28Z', 'updated_at': '2025-06-07T08:02:28Z', 'revision_number': 1}, Subnet: {'id': '224a596f-e4e7-4244-af7b-f07b26f144fd', 'name': 'tempest-ImagesTestJSON-2096981974-subnet', 'tenant_id': '2388280fbe954822806f67fbfc1051a5', 'network_id': '40690b19-7561-468f-9fc9-f5e75cdddc4b', 'ip_version': 4, 'subnetpool_id': None, 'enable_dhcp': True, 'ipv6_ra_mode': None, 'ipv6_address_mode': None, 'gateway_ip': '192.168.128.1', 'cidr': '192.168.128.0/28', 'allocation_pools': [{'start': '192.168.128.2', 'end': '192.168.128.14'}], 'host_routes': [], 'dns_nameservers': [], 'description': '', 'service_types': [], 'tags': [], 'created_at': '2025-06-07T08:02:28Z', 'updated_at': '2025-06-07T08:02:28Z', 'revision_number': 0, 'project_id': '2388280fbe954822806f67fbfc1051a5'}, Router: {'id': '1fe92987-6ca1-41da-b086-04d98ee64a31', 'name': 'tempest-ImagesTestJSON-2096981974-router', 'tenant_id': '2388280fbe954822806f67fbfc1051a5', 'admin_state_up': True, 'status': 'ACTIVE', 'external_gateway_info': {'network_id': 'b8aadd28-7063-49dd-8155-084a148e3ba8', 'external_fixed_ips': [{'subnet_id': '593e18f7-acf9-472b-9916-d5ae538f3fa3', 'ip_address': '10.180.180.165'}], 'enable_snat': True}, 'description': '', 'availability_zones': [], 'distributed': False, 'ha': False, 'availability_zone_hints': [], 'routes': [], 'flavor_id': None, 'tags': [], 'created_at': '2025-06-07T08:02:29Z', 'updated_at': '2025-06-07T08:02:29Z', 'revision_number': 2, 'project_id': '2388280fbe954822806f67fbfc1051a5'}
2025-06-07 08:02:32.501 63146 INFO tempest.lib.common.rest_client [req-35279307-275d-4ddd-a0a6-c5b5f38952fb req-35279307-275d-4ddd-a0a6-c5b5f38952fb ] Request (ListImagesTestJSON:tearDownClass): 201 POST http://10.180.1.21/identity/v3/auth/tokens 0.090s
2025-06-07 08:02:32.524 63098 INFO tempest.lib.common.rest_client [req-669a4303-27fd-4144-8cab-ae8c71f96e40 req-669a4303-27fd-4144-8cab-ae8c71f96e40 ] Request (KeyPairsV22TestJSON:_run_cleanups): 204 DELETE http://10.180.1.21/compute/v2.1/os-keypairs/tempest-keypair-946895342 1.269s
2025-06-07 08:02:32.568 63142 INFO tempest.lib.common.rest_client [req-fe34511a-7a59-48d2-be29-43afc7adde9f req-fe34511a-7a59-48d2-be29-43afc7adde9f ] Request (AttachInterfacesUnderV243Test:test_add_remove_fixed_ip): 200 GET http://10.180.1.21/compute/v2.1/servers/09aa702f-a28c-429b-83d9-378be8606a29 1.334s
2025-06-07 08:02:32.585 63138 INFO tempest.lib.common.rest_client [req-89ba8634-9868-40c5-9cbf-8fee68847998 req-89ba8634-9868-40c5-9cbf-8fee68847998 ] Request (ServersV294TestFqdnHostnames:setUpClass): 201 POST http://10.180.1.21/identity/v3/auth/tokens 0.120s
2025-06-07 08:02:32.586 63138 INFO tempest.lib.common.fixed_network [-] (ServersV294TestFqdnHostnames:setUpClass) Found network {'id': '66bdcd85-23f9-4a15-a3d5-0c4e69866612', 'name': 'tempest-ServersV294TestFqdnHostnames-295462361-network', 'tenant_id': '2ada08969567484084f95bc6356d1a2d', 'admin_state_up': True, 'mtu': 8950, 'status': 'ACTIVE', 'subnets': [], 'shared': False, 'project_id': '2ada08969567484084f95bc6356d1a2d', 'port_security_enabled': True, 'router:external': False, 'provider:network_type': 'vlan', 'provider:physical_network': 'default', 'provider:segmentation_id': 260, 'is_default': False, 'availability_zone_hints': [], 'availability_zones': [], 'ipv4_address_scope': None, 'ipv6_address_scope': None, 'description': '', 'tags': [], 'created_at': '2025-06-07T08:02:24Z', 'updated_at': '2025-06-07T08:02:24Z', 'revision_number': 1} available for tenant
2025-06-07 08:02:32.590 63156 INFO tempest.lib.common.rest_client [req-0a1aa5d0-bffb-43e6-8992-14396d99b45a req-0a1aa5d0-bffb-43e6-8992-14396d99b45a ] Request (AggregatesAdminNegativeTestJSON:tearDownClass): 204 DELETE http://10.180.1.21/identity/v3/projects/7db2aae89f254cf383b3c0ddbf316942 0.129s
2025-06-07 08:02:32.591 63156 INFO tempest.test [-] raised in LiveMigrationRemoteConsolesV26Test.setUpClass. Invoking tearDownClass.
2025-06-07 08:02:32.607 63122 INFO tempest.lib.common.rest_client [req-c77f8ac9-0681-4794-b26c-58b6d953599b req-c77f8ac9-0681-4794-b26c-58b6d953599b ] Request (InstanceActionsNegativeTestJSON:setUpClass): 200 GET http://10.180.1.21/compute/v2.1/servers/338a113c-1d04-4243-8500-fcc6d458d3ed 1.308s
2025-06-07 08:02:32.622 63096 INFO tempest.lib.common.rest_client [req-0725d66a-0286-40fa-b871-e6a7418f378e req-0725d66a-0286-40fa-b871-e6a7418f378e ] Request (FlavorsAdminTestJSON:_run_cleanups): 200 GET http://10.180.1.21/compute/v2.1/flavors/detail 0.774s
2025-06-07 08:02:32.635 63148 INFO tempest.lib.common.rest_client [req-5cf5a6ba-4481-4d22-991d-8ffd76d1effe req-5cf5a6ba-4481-4d22-991d-8ffd76d1effe ] Request (DeleteServersAdminTestJSON:test_delete_server_while_in_error_state): 200 GET http://10.180.1.21/compute/v2.1/servers/a7f9eb88-e447-4f59-814e-6ebbb6a2ecb8 1.041s
2025-06-07 08:02:32.666 63109 INFO tempest.lib.common.rest_client [req-45406364-e248-4baa-8325-1f58a61581f2 req-45406364-e248-4baa-8325-1f58a61581f2 ] Request (ImagesTestJSON:setUpClass): 201 POST http://10.180.1.21/identity/v3/auth/tokens 0.160s
2025-06-07 08:02:32.711 63156 INFO tempest.lib.common.rest_client [req-e13865c6-70e1-4504-8269-4d469fd2c7df req-e13865c6-70e1-4504-8269-4d469fd2c7df ] Request (ServerDiagnosticsV248Test:setUpClass): 201 POST http://10.180.1.21/identity/v3/auth/tokens 0.118s
2025-06-07 08:02:32.733 63109 INFO tempest.lib.common.rest_client [req-2c85028d-8a81-4d28-bba6-65892b588227 req-2c85028d-8a81-4d28-bba6-65892b588227 ] Request (ImagesTestJSON:test_create_image_from_stopped_server): 201 POST http://10.180.1.21/identity/v3/auth/tokens 0.063s
2025-06-07 08:02:32.734 63109 INFO tempest.lib.common.fixed_network [-] (ImagesTestJSON:test_create_image_from_stopped_server) Found network {'id': '40690b19-7561-468f-9fc9-f5e75cdddc4b', 'name': 'tempest-ImagesTestJSON-2096981974-network', 'tenant_id': '2388280fbe954822806f67fbfc1051a5', 'admin_state_up': True, 'mtu': 8950, 'status': 'ACTIVE', 'subnets': [], 'shared': False, 'project_id': '2388280fbe954822806f67fbfc1051a5', 'port_security_enabled': True, 'router:external': False, 'provider:network_type': 'vlan', 'provider:physical_network': 'default', 'provider:segmentation_id': 65, 'is_default': False, 'availability_zone_hints': [], 'availability_zones': [], 'ipv4_address_scope': None, 'ipv6_address_scope': None, 'description': '', 'tags': [], 'created_at': '2025-06-07T08:02:28Z', 'updated_at': '2025-06-07T08:02:28Z', 'revision_number': 1} available for tenant
2025-06-07 08:02:32.761 63134 INFO tempest.lib.common.rest_client [req-03217d29-859e-4bb3-866f-3d65e0f748f3 req-03217d29-859e-4bb3-866f-3d65e0f748f3 ] Request (ServerDiagnosticsNegativeTest:test_get_server_diagnostics_by_non_admin): 200 GET http://10.180.1.21/compute/v2.1/servers/7ab3a69a-9893-4ed2-b3e7-13ed81ee7c77 0.739s
2025-06-07 08:02:32.769 63098 INFO tempest.lib.common.rest_client [req-7127c402-d02c-436b-86a3-2e4a5d78bbdf req-7127c402-d02c-436b-86a3-2e4a5d78bbdf ] Request (KeyPairsV22TestJSON:tearDownClass): 204 DELETE http://10.180.1.21/identity/v3/users/2292fa7567b64a24868c62d0566f85f8 0.237s
2025-06-07 08:02:32.770 63098 INFO tempest.lib.common.dynamic_creds [-] Deleting project and security group for project: d9eab597956d4b15ad212cbe5bbb47cc
2025-06-07 08:02:32.789 63156 INFO tempest.lib.common.rest_client [req-7ef98e52-5316-407d-8b21-63c5bce50583 req-7ef98e52-5316-407d-8b21-63c5bce50583 ] Request (ServerDiagnosticsV248Test:setUpClass): 201 POST http://10.180.1.21/identity/v3/auth/tokens 0.074s
2025-06-07 08:02:32.802 63118 INFO tempest.lib.common.rest_client [req-b485e203-8931-47bd-b966-94ebe3c2c11f req-b485e203-8931-47bd-b966-94ebe3c2c11f ] Request (ImagesOneServerTestJSON:setUpClass): 200 GET http://10.180.1.21/compute/v2.1/servers/4e911f12-5d9c-4713-b1e0-4d87a589a9d8 0.782s
2025-06-07 08:02:32.813 63100 INFO tempest.lib.common.rest_client [req-8a017e34-68fa-4f65-aee4-a36028f36392 req-8a017e34-68fa-4f65-aee4-a36028f36392 ] Request (SecurityGroupRulesNegativeTestJSON:test_create_security_group_rule_with_invalid_from_port): 400 POST http://10.180.1.21/compute/v2.1/os-security-group-rules 0.782s
2025-06-07 08:02:32.816 63146 INFO tempest.lib.common.rest_client [req-384abb42-0dce-4197-a8ad-963d945d66d8 req-384abb42-0dce-4197-a8ad-963d945d66d8 ] Request (ListImagesTestJSON:tearDownClass): 200 GET http://10.180.1.21:9696/networking/v2.0/security-groups?tenant_id=a956115dd7fb49aaa56927aa25fa404c&name=default 0.315s
2025-06-07 08:02:32.844 63098 INFO tempest.lib.common.rest_client [req-05d53f3e-503e-4ddb-8aae-254bd9d8db35 req-05d53f3e-503e-4ddb-8aae-254bd9d8db35 ] Request (KeyPairsV22TestJSON:tearDownClass): 201 POST http://10.180.1.21/identity/v3/auth/tokens 0.074s
2025-06-07 08:02:32.862 63156 INFO tempest.lib.common.rest_client [req-e3e62c50-2386-4a4e-96fd-f5c2c66d1c9c req-e3e62c50-2386-4a4e-96fd-f5c2c66d1c9c ] Request (ServerDiagnosticsV248Test:setUpClass): 200 GET http://10.180.1.21/identity/v3/domains?name=Default 0.072s
2025-06-07 08:02:32.878 63116 INFO tempest.lib.common.rest_client [req-1b258ab9-c7fe-4bb7-988c-febc5732009b req-1b258ab9-c7fe-4bb7-988c-febc5732009b ] Request (ServersWithSpecificFlavorTestJSON:test_verify_created_server_ephemeral_disk): 200 GET http://10.180.1.21/compute/v2.1/servers/52329a92-b534-4811-b117-2041b125f4c7 0.745s
2025-06-07 08:02:32.880 63102 INFO tempest.lib.common.rest_client [req-78271b75-5478-4cc1-b8fc-c4e93fdc680f req-78271b75-5478-4cc1-b8fc-c4e93fdc680f ] Request (ServersTestJSON:setUpClass): 200 GET http://10.180.1.21/compute/v2.1/servers/489b821e-f7d0-446f-8197-550c808e5a99 0.710s
2025-06-07 08:02:32.893 63156 INFO tempest.lib.common.rest_client [req-808e2fd7-b2d1-4d34-bd8a-6cc085e7fc72 req-808e2fd7-b2d1-4d34-bd8a-6cc085e7fc72 ] Request (ServerDiagnosticsV248Test:setUpClass): 201 POST http://10.180.1.21/identity/v3/projects 0.031s
2025-06-07 08:02:32.943 63136 INFO tempest.lib.common.rest_client [req-55d54ec2-da0d-4916-9df6-6b4afeda7a1b req-55d54ec2-da0d-4916-9df6-6b4afeda7a1b ] Request (ImagesOneServerNegativeTestJSON:setUpClass): 200 GET http://10.180.1.21/compute/v2.1/servers/76b0e03d-9636-4328-bfd5-17c434cfae72 0.698s
2025-06-07 08:02:32.944 63152 INFO tempest.lib.common.rest_client [req-66119eb4-433b-4364-b742-04633ff3e1a0 req-66119eb4-433b-4364-b742-04633ff3e1a0 ] Request (ServersAdminTestJSON:setUpClass): 200 GET http://10.180.1.21/compute/v2.1/servers/b845396e-1641-4668-b687-348f1ee8b6f0 0.675s
2025-06-07 08:02:32.957 63146 INFO tempest.lib.common.rest_client [req-9d85b3dc-7ad3-436c-a433-41f674bcf309 req-9d85b3dc-7ad3-436c-a433-41f674bcf309 ] Request (ListImagesTestJSON:tearDownClass): 204 DELETE http://10.180.1.21:9696/networking/v2.0/security-groups/1d2db51a-a982-4545-a02b-bc1ae0920515 0.140s
2025-06-07 08:02:32.967 63156 INFO tempest.lib.common.rest_client [req-ba5d1865-f0e7-4e59-ab91-d8bba06bb78f req-ba5d1865-f0e7-4e59-ab91-d8bba06bb78f ] Request (ServerDiagnosticsV248Test:setUpClass): 201 POST http://10.180.1.21/identity/v3/users 0.073s
2025-06-07 08:02:32.987 63156 INFO tempest.lib.common.rest_client [req-e53e7683-2923-4856-b656-b0464f4570c9 req-e53e7683-2923-4856-b656-b0464f4570c9 ] Request (ServerDiagnosticsV248Test:setUpClass): 200 GET http://10.180.1.21/identity/v3/roles 0.018s
2025-06-07 08:02:33.015 63156 INFO tempest.lib.common.rest_client [req-189a88eb-bd5e-4537-9d04-e627e2811320 req-189a88eb-bd5e-4537-9d04-e627e2811320 ] Request (ServerDiagnosticsV248Test:setUpClass): 204 PUT http://10.180.1.21/identity/v3/projects/2d4fe8591a974cc185e5ff0390a33028/users/fa27b8079c184975a72b8775b9455396/roles/394b22ccebc64f5cadde6f7af9a3218e 0.027s
2025-06-07 08:02:33.015 63156 INFO tempest.lib.common.dynamic_creds [-] Dynamic test user fa27b8079c184975a72b8775b9455396 is created with scope project and roles: ['member']
2025-06-07 08:02:33.016 63156 INFO tempest.lib.common.dynamic_creds [-] Acquired dynamic creds: credentials: Credentials: {'domain_id': 'default', 'domain_name': 'Default', 'username': 'tempest-ServerDiagnosticsV248Test-429699338-project-member', 'project_domain_id': 'default', 'project_domain_name': 'Default', 'project_id': '2d4fe8591a974cc185e5ff0390a33028', 'project_name': 'tempest-ServerDiagnosticsV248Test-429699338', 'tenant_id': '2d4fe8591a974cc185e5ff0390a33028', 'tenant_name': 'tempest-ServerDiagnosticsV248Test-429699338', 'user_domain_id': 'default', 'user_domain_name': 'Default', 'user_id': 'fa27b8079c184975a72b8775b9455396', 'system': None}, Network: None, Subnet: None, Router: None
2025-06-07 08:02:33.016 63156 INFO tempest.lib.common.dynamic_creds [-] Created isolated network resources for: credentials: Credentials: {'domain_id': 'default', 'domain_name': 'Default', 'username': 'tempest-ServerDiagnosticsV248Test-429699338-project-member', 'project_domain_id': 'default', 'project_domain_name': 'Default', 'project_id': '2d4fe8591a974cc185e5ff0390a33028', 'project_name': 'tempest-ServerDiagnosticsV248Test-429699338', 'tenant_id': '2d4fe8591a974cc185e5ff0390a33028', 'tenant_name': 'tempest-ServerDiagnosticsV248Test-429699338', 'user_domain_id': 'default', 'user_domain_name': 'Default', 'user_id': 'fa27b8079c184975a72b8775b9455396', 'system': None}, Network: None, Subnet: None, Router: None
2025-06-07 08:02:33.045 63146 INFO tempest.lib.common.rest_client [req-6aab5757-69a0-4072-9216-b175839fe02b req-6aab5757-69a0-4072-9216-b175839fe02b ] Request (ListImagesTestJSON:tearDownClass): 204 DELETE http://10.180.1.21/identity/v3/projects/a956115dd7fb49aaa56927aa25fa404c 0.086s
2025-06-07 08:02:33.102 63156 INFO tempest.lib.common.rest_client [req-c27276db-9275-4964-ad07-55f5c3adb88f req-c27276db-9275-4964-ad07-55f5c3adb88f ] Request (ServerDiagnosticsV248Test:setUpClass): 201 POST http://10.180.1.21/identity/v3/auth/tokens 0.081s
2025-06-07 08:02:33.213 63156 INFO tempest.lib.common.rest_client [req-9a39df0e-dc85-41fd-96dd-6603b6f3a2c3 req-9a39df0e-dc85-41fd-96dd-6603b6f3a2c3 ] Request (ServerDiagnosticsV248Test:setUpClass): 201 POST http://10.180.1.21/identity/v3/projects 0.110s
2025-06-07 08:02:33.274 63156 INFO tempest.lib.common.rest_client [req-0b4ef6cc-1e8f-4428-9a06-306d00a4de08 req-0b4ef6cc-1e8f-4428-9a06-306d00a4de08 ] Request (ServerDiagnosticsV248Test:setUpClass): 201 POST http://10.180.1.21/identity/v3/users 0.061s
2025-06-07 08:02:33.301 63098 INFO tempest.lib.common.rest_client [req-dd56bdc8-4a5f-421a-b0d5-5bb436f21055 req-dd56bdc8-4a5f-421a-b0d5-5bb436f21055 ] Request (KeyPairsV22TestJSON:tearDownClass): 200 GET http://10.180.1.21:9696/networking/v2.0/security-groups?tenant_id=d9eab597956d4b15ad212cbe5bbb47cc&name=default 0.455s
2025-06-07 08:02:33.304 63156 INFO tempest.lib.common.rest_client [req-33faa07a-349c-47ea-9e03-53656a4a4651 req-33faa07a-349c-47ea-9e03-53656a4a4651 ] Request (ServerDiagnosticsV248Test:setUpClass): 200 GET http://10.180.1.21/identity/v3/roles 0.028s
2025-06-07 08:02:33.334 63156 INFO tempest.lib.common.rest_client [req-413bf0f7-e333-4d81-9c45-e38517b8db01 req-413bf0f7-e333-4d81-9c45-e38517b8db01 ] Request (ServerDiagnosticsV248Test:setUpClass): 204 PUT http://10.180.1.21/identity/v3/projects/956acf9e5ccb4d4da3abe269dd104f21/users/f323bd0b78914eddb589543f06f9e886/roles/e82ff90e36b84c7187eda0b257d70e2c 0.030s
2025-06-07 08:02:33.340 63120 INFO tempest.lib.common.rest_client [req-57f55ab8-1807-4eff-8faf-7e3a4c54e851 req-57f55ab8-1807-4eff-8faf-7e3a4c54e851 ] Request (ServersTestMultiNic:test_verify_duplicate_network_nics): 200 GET http://10.180.1.21/compute/v2.1/servers/65d620ad-0863-4947-945e-0e4b3c01d3a3 0.900s
2025-06-07 08:02:33.362 63096 INFO tempest.lib.common.rest_client [req-2318e0b7-315f-479d-9572-3f91f2097142 req-2318e0b7-315f-479d-9572-3f91f2097142 ] Request (FlavorsAdminTestJSON:test_list_non_public_flavor): 200 POST http://10.180.1.21/compute/v2.1/flavors 0.734s
2025-06-07 08:02:33.388 63156 INFO tempest.lib.common.rest_client [req-bf5d7f12-bd6e-4fdd-b799-9859c8ad2aaa req-bf5d7f12-bd6e-4fdd-b799-9859c8ad2aaa ] Request (ServerDiagnosticsV248Test:setUpClass): 200 GET http://10.180.1.21/identity/v3/roles 0.053s
2025-06-07 08:02:33.413 63156 INFO tempest.lib.common.rest_client [req-f0c8d876-5f4b-4047-8a3f-d9145fb32829 req-f0c8d876-5f4b-4047-8a3f-d9145fb32829 ] Request (ServerDiagnosticsV248Test:setUpClass): 204 PUT http://10.180.1.21/identity/v3/projects/956acf9e5ccb4d4da3abe269dd104f21/users/f323bd0b78914eddb589543f06f9e886/roles/e82ff90e36b84c7187eda0b257d70e2c 0.025s
2025-06-07 08:02:33.413 63156 INFO tempest.lib.common.dynamic_creds [-] Dynamic test user f323bd0b78914eddb589543f06f9e886 is created with scope project and roles: ['admin']
2025-06-07 08:02:33.413 63156 INFO tempest.lib.common.dynamic_creds [-] Acquired dynamic creds: credentials: Credentials: {'domain_id': 'default', 'domain_name': 'Default', 'username': 'tempest-ServerDiagnosticsV248Test-2063339298-project-admin', 'project_domain_id': 'default', 'project_domain_name': 'Default', 'project_id': '956acf9e5ccb4d4da3abe269dd104f21', 'project_name': 'tempest-ServerDiagnosticsV248Test-2063339298', 'tenant_id': '956acf9e5ccb4d4da3abe269dd104f21', 'tenant_name': 'tempest-ServerDiagnosticsV248Test-2063339298', 'user_domain_id': 'default', 'user_domain_name': 'Default', 'user_id': 'f323bd0b78914eddb589543f06f9e886', 'system': None}, Network: None, Subnet: None, Router: None
2025-06-07 08:02:33.413 63156 INFO tempest.lib.common.dynamic_creds [-] Created isolated network resources for: credentials: Credentials: {'domain_id': 'default', 'domain_name': 'Default', 'username': 'tempest-ServerDiagnosticsV248Test-2063339298-project-admin', 'project_domain_id': 'default', 'project_domain_name': 'Default', 'project_id': '956acf9e5ccb4d4da3abe269dd104f21', 'project_name': 'tempest-ServerDiagnosticsV248Test-2063339298', 'tenant_id': '956acf9e5ccb4d4da3abe269dd104f21', 'tenant_name': 'tempest-ServerDiagnosticsV248Test-2063339298', 'user_domain_id': 'default', 'user_domain_name': 'Default', 'user_id': 'f323bd0b78914eddb589543f06f9e886', 'system': None}, Network: None, Subnet: None, Router: None
2025-06-07 08:02:33.472 63098 INFO tempest.lib.common.rest_client [req-0e861ce7-cd03-48fd-919d-95b414af25c7 req-0e861ce7-cd03-48fd-919d-95b414af25c7 ] Request (KeyPairsV22TestJSON:tearDownClass): 204 DELETE http://10.180.1.21:9696/networking/v2.0/security-groups/a3e5a3cc-6895-43ac-a5d5-256efc4d7f35 0.170s
2025-06-07 08:02:33.493 63156 INFO tempest.lib.common.rest_client [req-897531c8-3cb2-4768-93a9-b426b11bb629 req-897531c8-3cb2-4768-93a9-b426b11bb629 ] Request (ServerDiagnosticsV248Test:setUpClass): 201 POST http://10.180.1.21/identity/v3/auth/tokens 0.076s
2025-06-07 08:02:33.526 63154 INFO tempest.lib.common.rest_client [req-2e396ad9-8112-47cf-9c49-00b42e784eef req-2e396ad9-8112-47cf-9c49-00b42e784eef ] Request (ServerMetadataNegativeTestJSON:setUpClass): 200 GET http://10.180.1.21/compute/v2.1/servers/4357ed8f-14f7-4d44-8d1b-262ccaafe1e0 0.850s
2025-06-07 08:02:33.561 63156 INFO tempest.lib.common.rest_client [req-4e90fa6d-b752-4451-a978-29b4e66f05c1 req-4e90fa6d-b752-4451-a978-29b4e66f05c1 ] Request (ServerDiagnosticsV248Test:test_get_server_diagnostics): 201 POST http://10.180.1.21/identity/v3/auth/tokens 0.064s
2025-06-07 08:02:33.561 63156 INFO tempest.lib.common.fixed_network [-] (ServerDiagnosticsV248Test:test_get_server_diagnostics) Found network None available for tenant
2025-06-07 08:02:33.578 63098 INFO tempest.lib.common.rest_client [req-ba0266e4-3860-4038-91e3-bceedc4364bc req-ba0266e4-3860-4038-91e3-bceedc4364bc ] Request (KeyPairsV22TestJSON:tearDownClass): 204 DELETE http://10.180.1.21/identity/v3/projects/d9eab597956d4b15ad212cbe5bbb47cc 0.106s
2025-06-07 08:02:33.648 63110 INFO tempest.lib.common.rest_client [req-fdc97835-b896-4fef-95c9-e8be14412c20 req-fdc97835-b896-4fef-95c9-e8be14412c20 ] Request (ServerDiskConfigTestJSON:setUpClass): 201 POST http://10.180.1.21:9696/networking/v2.0/routers 1.187s
2025-06-07 08:02:33.673 63114 INFO tempest.lib.common.rest_client [req-be54a7f3-eeda-42e4-96da-2e71f78d0fdf req-be54a7f3-eeda-42e4-96da-2e71f78d0fdf ] Request (MultipleCreateTestJSON:test_multiple_create): 200 GET http://10.180.1.21/compute/v2.1/servers/9a448d2b-0dee-4a90-b131-e6ada542f342 0.960s
2025-06-07 08:02:33.703 63138 INFO tempest.lib.common.rest_client [req-be42db35-1275-4746-aa01-dc7440d88d06 req-be42db35-1275-4746-aa01-dc7440d88d06 ] Request (ServersV294TestFqdnHostnames:setUpClass): 202 POST http://10.180.1.21/compute/v2.1/servers 1.116s
2025-06-07 08:02:33.815 63140 INFO tempest.lib.common.rest_client [req-829b9dc8-2481-4cba-afaf-2d377320d92e req-829b9dc8-2481-4cba-afaf-2d377320d92e ] Request (ImagesNegativeTestJSON:test_create_image_from_deleted_server): 200 GET http://10.180.1.21/compute/v2.1/servers/51817412-7e0a-48fe-8f8e-766eea45e60c 1.043s
2025-06-07 08:02:33.823 63100 INFO tempest.lib.common.rest_client [req-ca635abf-e998-44fe-a656-131b26f6bbf2 req-ca635abf-e998-44fe-a656-131b26f6bbf2 ] Request (SecurityGroupRulesNegativeTestJSON:test_create_security_group_rule_with_invalid_id): 400 POST http://10.180.1.21/compute/v2.1/os-security-group-rules 1.008s
2025-06-07 08:02:33.907 63125 INFO tempest.lib.common.rest_client [req-ef771a3b-ce32-4316-8868-631e8af42c45 req-ef771a3b-ce32-4316-8868-631e8af42c45 ] Request (AttachInterfacesTestJSON:test_create_list_show_delete_interfaces_by_fixed_ip): 200 GET http://10.180.1.21/compute/v2.1/servers/70a8650c-112c-44c2-b3cb-1b8cab557cac 1.071s
2025-06-07 08:02:34.340 63151 INFO tempest.lib.common.rest_client [req-b697b86f-ccbb-4e88-9e58-ffe7f2c1d0c0 req-b697b86f-ccbb-4e88-9e58-ffe7f2c1d0c0 ] Request (ServerExternalEventsTest:test_create_server_external_events): 200 GET http://10.180.1.21/compute/v2.1/servers/c56debdf-ab77-4151-bc20-6973ae594d87 1.339s
2025-06-07 08:02:34.416 63112 INFO tempest.lib.common.rest_client [req-2d9f81c8-8db9-4102-b047-3f8c75cba9d9 req-2d9f81c8-8db9-4102-b047-3f8c75cba9d9 ] Request (InstanceActionsTestJSON:setUpClass): 200 GET http://10.180.1.21/compute/v2.1/servers/b9e1cb26-df61-44aa-952f-e50e24766a6f 1.343s
2025-06-07 08:02:34.481 63145 INFO tempest.lib.common.rest_client [req-b1543534-8770-4aa5-b46e-583931dca53a req-b1543534-8770-4aa5-b46e-583931dca53a ] Request (ServersTestJSON:test_create_server_specify_multibyte_character_name): 200 GET http://10.180.1.21/compute/v2.1/servers/3684a5c7-4998-4d5b-8cb6-7df3a9bf9270 1.352s
2025-06-07 08:02:34.511 63109 INFO tempest.lib.common.rest_client [req-2c38552a-fe03-4fdc-9a39-8ca3ee2ca58f req-2c38552a-fe03-4fdc-9a39-8ca3ee2ca58f ] Request (ImagesTestJSON:test_create_image_from_stopped_server): 202 POST http://10.180.1.21/compute/v2.1/servers 1.776s
2025-06-07 08:02:34.547 63106 INFO tempest.lib.common.rest_client [req-17d57e48-d20b-42df-86ed-827e9eb7bb58 req-17d57e48-d20b-42df-86ed-827e9eb7bb58 ] Request (ServersAdminNegativeTestJSON:setUpClass): 200 GET http://10.180.1.21/compute/v2.1/servers/51a8bec7-c8fd-4efb-ad91-eb34bb40a8fe 1.394s
2025-06-07 08:02:34.573 63132 INFO tempest.lib.common.rest_client [req-d45f1871-335d-4974-a0ea-abb8fbaa0fe9 req-d45f1871-335d-4974-a0ea-abb8fbaa0fe9 ] Request (ServerGroupTestJSON:test_create_server_with_scheduler_hint_group): 200 GET http://10.180.1.21/compute/v2.1/servers/4e783b92-0668-4e70-9848-4b4320318603 1.365s
2025-06-07 08:02:34.590 63096 INFO tempest.lib.common.rest_client [req-5f2ba7b8-886e-4fbd-bb67-10ba0ff9331b req-5f2ba7b8-886e-4fbd-bb67-10ba0ff9331b ] Request (FlavorsAdminTestJSON:test_list_non_public_flavor): 200 GET http://10.180.1.21/compute/v2.1/flavors/detail 1.223s
2025-06-07 08:02:34.608 63126 INFO tempest.lib.common.rest_client [req-7db7382a-1bf9-4f2a-8b68-1bd66bab0b7d req-7db7382a-1bf9-4f2a-8b68-1bd66bab0b7d ] Request (DeleteServersTestJSON:test_delete_active_server): 200 GET http://10.180.1.21/compute/v2.1/servers/704614e0-aaa3-48b6-8208-47af7ca0f367 1.357s
2025-06-07 08:02:34.705 63128 INFO tempest.lib.common.rest_client [req-92fe4a69-3814-448b-a522-a6433be7cfd6 req-92fe4a69-3814-448b-a522-a6433be7cfd6 ] Request (ServerDiagnosticsTest:test_get_server_diagnostics): 200 GET http://10.180.1.21/compute/v2.1/servers/012bbc43-f61f-4aef-bd66-32fbe66f8374 1.271s
2025-06-07 08:02:34.763 63130 INFO tempest.lib.common.rest_client [req-28052295-b690-4e13-859b-15aa21065024 req-28052295-b690-4e13-859b-15aa21065024 ] Request (VolumesAssistedSnapshotsTest:test_volume_assisted_snapshot_create_delete): 200 GET http://10.180.1.21/compute/v2.1/servers/356088a2-b55e-4ff1-9422-a53ab6830fc9 1.251s
2025-06-07 08:02:34.778 63094 INFO tempest.lib.common.rest_client [req-11188963-414e-48ee-9f21-809bdca64201 req-11188963-414e-48ee-9f21-809bdca64201 ] Request (MigrationsAdminTest:test_list_migrations_in_flavor_resize_situation): 200 GET http://10.180.1.21/compute/v2.1/servers/022718e2-52ec-4130-81b0-fb39e57d6efe 1.338s
2025-06-07 08:02:35.014 63156 INFO tempest.lib.common.rest_client [req-e2fe2488-28fd-41f7-968a-a894c48c1428 req-e2fe2488-28fd-41f7-968a-a894c48c1428 ] Request (ServerDiagnosticsV248Test:test_get_server_diagnostics): 202 POST http://10.180.1.21/compute/v2.1/servers 1.452s
2025-06-07 08:02:35.064 63142 INFO tempest.lib.common.rest_client [req-0ec481c2-d940-4911-a9d7-c9c4d9743e77 req-0ec481c2-d940-4911-a9d7-c9c4d9743e77 ] Request (AttachInterfacesUnderV243Test:test_add_remove_fixed_ip): 200 GET http://10.180.1.21/compute/v2.1/servers/09aa702f-a28c-429b-83d9-378be8606a29 1.485s
2025-06-07 08:02:35.073 63122 INFO tempest.lib.common.rest_client [req-124f3314-3f61-41c5-a3cf-f06a3bdba0a5 req-124f3314-3f61-41c5-a3cf-f06a3bdba0a5 ] Request (InstanceActionsNegativeTestJSON:setUpClass): 200 GET http://10.180.1.21/compute/v2.1/servers/338a113c-1d04-4243-8500-fcc6d458d3ed 1.450s
2025-06-07 08:02:35.138 63148 INFO tempest.lib.common.rest_client [req-a1b76334-b548-415f-946c-8fae522b958a req-a1b76334-b548-415f-946c-8fae522b958a ] Request (DeleteServersAdminTestJSON:test_delete_server_while_in_error_state): 200 GET http://10.180.1.21/compute/v2.1/servers/a7f9eb88-e447-4f59-814e-6ebbb6a2ecb8 1.492s
2025-06-07 08:02:35.160 63110 INFO tempest.lib.common.rest_client [req-cee2fcc9-96e9-434c-befc-8ba9a5dbf407 req-cee2fcc9-96e9-434c-befc-8ba9a5dbf407 ] Request (ServerDiskConfigTestJSON:setUpClass): 200 PUT http://10.180.1.21:9696/networking/v2.0/routers/546c16e5-6030-4fd4-b1ab-3c256eac438b/add_router_interface 1.511s
2025-06-07 08:02:35.160 63110 INFO tempest.lib.common.dynamic_creds [-] Created isolated network resources for: credentials: Credentials: {'domain_id': 'default', 'domain_name': 'Default', 'username': 'tempest-ServerDiskConfigTestJSON-1991547234-project-member', 'project_domain_id': 'default', 'project_domain_name': 'Default', 'project_id': 'c6a8daf87f4347cab7fa22bca88e4b7a', 'project_name': 'tempest-ServerDiskConfigTestJSON-1991547234', 'tenant_id': 'c6a8daf87f4347cab7fa22bca88e4b7a', 'tenant_name': 'tempest-ServerDiskConfigTestJSON-1991547234', 'user_domain_id': 'default', 'user_domain_name': 'Default', 'user_id': 'a468ce7382554e03a53f7daeebd84514', 'system': None}, Network: {'id': 'd383d093-94af-40cb-add0-c3fa18fa1703', 'name': 'tempest-ServerDiskConfigTestJSON-1835291984-network', 'tenant_id': 'c6a8daf87f4347cab7fa22bca88e4b7a', 'admin_state_up': True, 'mtu': 8950, 'status': 'ACTIVE', 'subnets': [], 'shared': False, 'project_id': 'c6a8daf87f4347cab7fa22bca88e4b7a', 'port_security_enabled': True, 'router:external': False, 'provider:network_type': 'vlan', 'provider:physical_network': 'default', 'provider:segmentation_id': 857, 'is_default': False, 'availability_zone_hints': [], 'availability_zones': [], 'ipv4_address_scope': None, 'ipv6_address_scope': None, 'description': '', 'tags': [], 'created_at': '2025-06-07T08:02:31Z', 'updated_at': '2025-06-07T08:02:31Z', 'revision_number': 1}, Subnet: {'id': '9216d84a-f845-4a05-9d77-acb374c9a865', 'name': 'tempest-ServerDiskConfigTestJSON-1835291984-subnet', 'tenant_id': 'c6a8daf87f4347cab7fa22bca88e4b7a', 'network_id': 'd383d093-94af-40cb-add0-c3fa18fa1703', 'ip_version': 4, 'subnetpool_id': None, 'enable_dhcp': True, 'ipv6_ra_mode': None, 'ipv6_address_mode': None, 'gateway_ip': '192.168.128.1', 'cidr': '192.168.128.0/28', 'allocation_pools': [{'start': '192.168.128.2', 'end': '192.168.128.14'}], 'host_routes': [], 'dns_nameservers': [], 'description': '', 'service_types': [], 'tags': [], 'created_at': '2025-06-07T08:02:32Z', 'updated_at': '2025-06-07T08:02:32Z', 'revision_number': 0, 'project_id': 'c6a8daf87f4347cab7fa22bca88e4b7a'}, Router: {'id': '546c16e5-6030-4fd4-b1ab-3c256eac438b', 'name': 'tempest-ServerDiskConfigTestJSON-1835291984-router', 'tenant_id': 'c6a8daf87f4347cab7fa22bca88e4b7a', 'admin_state_up': True, 'status': 'ACTIVE', 'external_gateway_info': {'network_id': 'b8aadd28-7063-49dd-8155-084a148e3ba8', 'external_fixed_ips': [{'subnet_id': '593e18f7-acf9-472b-9916-d5ae538f3fa3', 'ip_address': '10.180.180.169'}], 'enable_snat': True}, 'description': '', 'availability_zones': [], 'distributed': False, 'ha': False, 'availability_zone_hints': [], 'routes': [], 'flavor_id': None, 'tags': [], 'created_at': '2025-06-07T08:02:32Z', 'updated_at': '2025-06-07T08:02:33Z', 'revision_number': 2, 'project_id': 'c6a8daf87f4347cab7fa22bca88e4b7a'}
2025-06-07 08:02:35.177 63138 INFO tempest.lib.common.rest_client [req-5ea2c487-16ad-48e2-b841-eaa2cef012a5 req-5ea2c487-16ad-48e2-b841-eaa2cef012a5 ] Request (ServersV294TestFqdnHostnames:setUpClass): 200 GET http://10.180.1.21/compute/v2.1/servers/097bae8e-614d-4322-b767-d56e0dc1b658 1.459s
2025-06-07 08:02:35.266 63110 INFO tempest.lib.common.rest_client [req-120e0ff8-4b3e-467a-adb6-3ad7b14385ef req-120e0ff8-4b3e-467a-adb6-3ad7b14385ef ] Request (ServerDiskConfigTestJSON:setUpClass): 201 POST http://10.180.1.21/identity/v3/auth/tokens 0.103s
2025-06-07 08:02:35.291 63134 INFO tempest.lib.common.rest_client [req-87f39708-c547-4e52-90b5-5ee73d7be00a req-87f39708-c547-4e52-90b5-5ee73d7be00a ] Request (ServerDiagnosticsNegativeTest:test_get_server_diagnostics_by_non_admin): 200 GET http://10.180.1.21/compute/v2.1/servers/7ab3a69a-9893-4ed2-b3e7-13ed81ee7c77 1.516s
2025-06-07 08:02:35.307 63110 INFO tempest.lib.common.rest_client [req-c02e6257-fcdd-418c-86ba-ed0b279e941d req-c02e6257-fcdd-418c-86ba-ed0b279e941d ] Request (ServerDiskConfigTestJSON:test_rebuild_server_with_auto_disk_config): 201 POST http://10.180.1.21/identity/v3/auth/tokens 0.036s
2025-06-07 08:02:35.307 63110 INFO tempest.lib.common.fixed_network [-] (ServerDiskConfigTestJSON:test_rebuild_server_with_auto_disk_config) Found network {'id': 'd383d093-94af-40cb-add0-c3fa18fa1703', 'name': 'tempest-ServerDiskConfigTestJSON-1835291984-network', 'tenant_id': 'c6a8daf87f4347cab7fa22bca88e4b7a', 'admin_state_up': True, 'mtu': 8950, 'status': 'ACTIVE', 'subnets': [], 'shared': False, 'project_id': 'c6a8daf87f4347cab7fa22bca88e4b7a', 'port_security_enabled': True, 'router:external': False, 'provider:network_type': 'vlan', 'provider:physical_network': 'default', 'provider:segmentation_id': 857, 'is_default': False, 'availability_zone_hints': [], 'availability_zones': [], 'ipv4_address_scope': None, 'ipv6_address_scope': None, 'description': '', 'tags': [], 'created_at': '2025-06-07T08:02:31Z', 'updated_at': '2025-06-07T08:02:31Z', 'revision_number': 1} available for tenant
2025-06-07 08:02:35.309 63118 INFO tempest.lib.common.rest_client [req-c2e56b99-c4e0-4aff-a6fe-7ace0d6783d9 req-c2e56b99-c4e0-4aff-a6fe-7ace0d6783d9 ] Request (ImagesOneServerTestJSON:setUpClass): 200 GET http://10.180.1.21/compute/v2.1/servers/4e911f12-5d9c-4713-b1e0-4d87a589a9d8 1.494s
2025-06-07 08:02:35.360 63102 INFO tempest.lib.common.rest_client [req-81488136-1be0-4980-a460-637ea33608da req-81488136-1be0-4980-a460-637ea33608da ] Request (ServersTestJSON:setUpClass): 200 GET http://10.180.1.21/compute/v2.1/servers/489b821e-f7d0-446f-8197-550c808e5a99 1.470s
2025-06-07 08:02:35.407 63116 INFO tempest.lib.common.rest_client [req-5836c9ec-6a0b-4834-b702-ded7338dff33 req-5836c9ec-6a0b-4834-b702-ded7338dff33 ] Request (ServersWithSpecificFlavorTestJSON:test_verify_created_server_ephemeral_disk): 200 GET http://10.180.1.21/compute/v2.1/servers/52329a92-b534-4811-b117-2041b125f4c7 1.517s
2025-06-07 08:02:35.408 63100 INFO tempest.lib.common.rest_client [req-634bcd36-1b20-447b-9809-b3448d2ea3e4 req-634bcd36-1b20-447b-9809-b3448d2ea3e4 ] Request (SecurityGroupRulesNegativeTestJSON:test_create_security_group_rule_with_invalid_ip_protocol): 200 POST http://10.180.1.21/compute/v2.1/os-security-groups 1.584s
2025-06-07 08:02:35.455 63136 INFO tempest.lib.common.rest_client [req-cb77842c-27a2-41e9-8846-aef7fb737142 req-cb77842c-27a2-41e9-8846-aef7fb737142 ] Request (ImagesOneServerNegativeTestJSON:setUpClass): 200 GET http://10.180.1.21/compute/v2.1/servers/76b0e03d-9636-4328-bfd5-17c434cfae72 1.501s
2025-06-07 08:02:35.456 63152 INFO tempest.lib.common.rest_client [req-f1967c31-e541-4bf6-bd8a-e997ab178389 req-f1967c31-e541-4bf6-bd8a-e997ab178389 ] Request (ServersAdminTestJSON:setUpClass): 200 GET http://10.180.1.21/compute/v2.1/servers/b845396e-1641-4668-b687-348f1ee8b6f0 1.500s
2025-06-07 08:02:35.501 63109 INFO tempest.lib.common.rest_client [req-c219be4d-520e-47dc-8bc9-042b4d756581 req-c219be4d-520e-47dc-8bc9-042b4d756581 ] Request (ImagesTestJSON:test_create_image_from_stopped_server): 200 GET http://10.180.1.21/compute/v2.1/servers/22549912-2253-42bb-b2d7-8d0512c2a9d7 0.988s
2025-06-07 08:02:35.564 63120 INFO tempest.lib.common.rest_client [req-e45ab2e3-ecaf-4402-8a24-c01a47fc4519 req-e45ab2e3-ecaf-4402-8a24-c01a47fc4519 ] Request (ServersTestMultiNic:test_verify_duplicate_network_nics): 200 GET http://10.180.1.21/compute/v2.1/servers/65d620ad-0863-4947-945e-0e4b3c01d3a3 1.214s
2025-06-07 08:02:35.585 63096 INFO tempest.lib.common.rest_client [req-0340ff91-44c8-43f1-8e9e-bbc63a1e13bd req-0340ff91-44c8-43f1-8e9e-bbc63a1e13bd ] Request (FlavorsAdminTestJSON:test_list_non_public_flavor): 200 GET http://10.180.1.21/compute/v2.1/flavors/detail 0.991s
2025-06-07 08:02:35.648 63154 INFO tempest.lib.common.rest_client [req-715c95b6-d1ff-47e4-9707-5aaacadd7395 req-715c95b6-d1ff-47e4-9707-5aaacadd7395 ] Request (ServerMetadataNegativeTestJSON:setUpClass): 200 GET http://10.180.1.21/compute/v2.1/servers/4357ed8f-14f7-4d44-8d1b-262ccaafe1e0 1.104s
2025-06-07 08:02:35.679 63114 INFO tempest.lib.common.rest_client [req-3ddefa3d-ca53-43d0-9bca-85e395d5aff7 req-3ddefa3d-ca53-43d0-9bca-85e395d5aff7 ] Request (MultipleCreateTestJSON:test_multiple_create): 200 GET http://10.180.1.21/compute/v2.1/servers/9a448d2b-0dee-4a90-b131-e6ada542f342 0.991s
2025-06-07 08:02:35.695 63140 INFO tempest.lib.common.rest_client [req-db017ce0-5e4b-49ed-bdc4-05d51ce39596 req-db017ce0-5e4b-49ed-bdc4-05d51ce39596 ] Request (ImagesNegativeTestJSON:test_create_image_from_deleted_server): 200 GET http://10.180.1.21/compute/v2.1/servers/51817412-7e0a-48fe-8f8e-766eea45e60c 0.872s
2025-06-07 08:02:35.726 63125 INFO tempest.lib.common.rest_client [req-e541ffdc-f1db-4cdf-96f6-5a868c19c151 req-e541ffdc-f1db-4cdf-96f6-5a868c19c151 ] Request (AttachInterfacesTestJSON:test_create_list_show_delete_interfaces_by_fixed_ip): 200 GET http://10.180.1.21/compute/v2.1/servers/70a8650c-112c-44c2-b3cb-1b8cab557cac 0.806s
2025-06-07 08:02:35.776 63156 INFO tempest.lib.common.rest_client [req-53dce602-0edc-4534-9cf6-314c14a3f45b req-53dce602-0edc-4534-9cf6-314c14a3f45b ] Request (ServerDiagnosticsV248Test:test_get_server_diagnostics): 200 GET http://10.180.1.21/compute/v2.1/servers/7cdd84be-1e0a-4e4a-9e40-b4d589f08914 0.760s
2025-06-07 08:02:35.883 63151 INFO tempest.lib.common.rest_client [req-6b39aad2-9c36-4773-aa54-095d942b33c9 req-6b39aad2-9c36-4773-aa54-095d942b33c9 ] Request (ServerExternalEventsTest:test_create_server_external_events): 200 GET http://10.180.1.21/compute/v2.1/servers/c56debdf-ab77-4151-bc20-6973ae594d87 0.533s
2025-06-07 08:02:35.908 63100 INFO tempest.lib.common.rest_client [req-885b088e-dae3-4ead-a07e-92eaa8f38e18 req-885b088e-dae3-4ead-a07e-92eaa8f38e18 ] Request (SecurityGroupRulesNegativeTestJSON:test_create_security_group_rule_with_invalid_ip_protocol): 400 POST http://10.180.1.21/compute/v2.1/os-security-group-rules 0.497s
2025-06-07 08:02:35.961 63112 INFO tempest.lib.common.rest_client [req-5b921b97-c2d0-4eee-abba-c420873098a4 req-5b921b97-c2d0-4eee-abba-c420873098a4 ] Request (InstanceActionsTestJSON:setUpClass): 200 GET http://10.180.1.21/compute/v2.1/servers/b9e1cb26-df61-44aa-952f-e50e24766a6f 0.536s
2025-06-07 08:02:36.012 63145 INFO tempest.lib.common.rest_client [req-a0c5ee80-cd5e-49f7-b559-987108671b8c req-a0c5ee80-cd5e-49f7-b559-987108671b8c ] Request (ServersTestJSON:test_create_server_specify_multibyte_character_name): 200 GET http://10.180.1.21/compute/v2.1/servers/3684a5c7-4998-4d5b-8cb6-7df3a9bf9270 0.520s
2025-06-07 08:02:36.065 63106 INFO tempest.lib.common.rest_client [req-9efb44b0-d6ff-4858-889f-e6c92aac2033 req-9efb44b0-d6ff-4858-889f-e6c92aac2033 ] Request (ServersAdminNegativeTestJSON:setUpClass): 200 GET http://10.180.1.21/compute/v2.1/servers/51a8bec7-c8fd-4efb-ad91-eb34bb40a8fe 0.507s
2025-06-07 08:02:36.128 63110 INFO tempest.lib.common.rest_client [req-339dccd5-967e-4e11-925b-b1d62468c6e5 req-339dccd5-967e-4e11-925b-b1d62468c6e5 ] Request (ServerDiskConfigTestJSON:test_rebuild_server_with_auto_disk_config): 202 POST http://10.180.1.21/compute/v2.1/servers 0.820s
2025-06-07 08:02:36.130 63132 INFO tempest.lib.common.rest_client [req-afe89532-3115-4a78-8057-db5789c4634e req-afe89532-3115-4a78-8057-db5789c4634e ] Request (ServerGroupTestJSON:test_create_server_with_scheduler_hint_group): 200 GET http://10.180.1.21/compute/v2.1/servers/4e783b92-0668-4e70-9848-4b4320318603 0.546s
2025-06-07 08:02:36.145 63096 INFO tempest.lib.common.rest_client [req-f920e4c8-5d44-4b65-8d8f-f080adff7614 req-f920e4c8-5d44-4b65-8d8f-f080adff7614 ] Request (FlavorsAdminTestJSON:_run_cleanups): 202 DELETE http://10.180.1.21/compute/v2.1/flavors/1356610543 0.555s
2025-06-07 08:02:36.199 63126 INFO tempest.lib.common.rest_client [req-a97d62a5-08c9-41e9-8e8c-e42f2027df49 req-a97d62a5-08c9-41e9-8e8c-e42f2027df49 ] Request (DeleteServersTestJSON:test_delete_active_server): 200 GET http://10.180.1.21/compute/v2.1/servers/704614e0-aaa3-48b6-8208-47af7ca0f367 0.583s
2025-06-07 08:02:36.255 63130 INFO tempest.lib.common.rest_client [req-3a563a13-52a1-48c7-9b3c-57fef88954d4 req-3a563a13-52a1-48c7-9b3c-57fef88954d4 ] Request (VolumesAssistedSnapshotsTest:test_volume_assisted_snapshot_create_delete): 200 GET http://10.180.1.21/compute/v2.1/servers/356088a2-b55e-4ff1-9422-a53ab6830fc9 0.481s
2025-06-07 08:02:36.266 63128 INFO tempest.lib.common.rest_client [req-8520f763-bef7-4c9a-8d71-73c5cced26d8 req-8520f763-bef7-4c9a-8d71-73c5cced26d8 ] Request (ServerDiagnosticsTest:test_get_server_diagnostics): 200 GET http://10.180.1.21/compute/v2.1/servers/012bbc43-f61f-4aef-bd66-32fbe66f8374 0.550s
2025-06-07 08:02:36.375 63100 INFO tempest.lib.common.rest_client [req-9fe53678-8bc7-406f-828e-937a585cbf2e req-9fe53678-8bc7-406f-828e-937a585cbf2e ] Request (SecurityGroupRulesNegativeTestJSON:test_create_security_group_rule_with_invalid_port_range): 200 POST http://10.180.1.21/compute/v2.1/os-security-groups 0.466s
2025-06-07 08:02:36.423 63094 INFO tempest.lib.common.rest_client [req-06a940de-3ebe-40cc-a749-f12cd2ec5ab8 req-06a940de-3ebe-40cc-a749-f12cd2ec5ab8 ] Request (MigrationsAdminTest:test_list_migrations_in_flavor_resize_situation): 200 GET http://10.180.1.21/compute/v2.1/servers/022718e2-52ec-4130-81b0-fb39e57d6efe 0.632s
2025-06-07 08:02:36.482 63142 INFO tempest.lib.common.rest_client [req-02b9e44b-dc2b-4826-ad9f-c21e8e091a36 req-02b9e44b-dc2b-4826-ad9f-c21e8e091a36 ] Request (AttachInterfacesUnderV243Test:test_add_remove_fixed_ip): 200 GET http://10.180.1.21/compute/v2.1/servers/09aa702f-a28c-429b-83d9-378be8606a29 0.407s
2025-06-07 08:02:36.486 63122 INFO tempest.lib.common.rest_client [req-9aa845dd-7a28-4c78-95af-a35e1a27a11d req-9aa845dd-7a28-4c78-95af-a35e1a27a11d ] Request (InstanceActionsNegativeTestJSON:setUpClass): 200 GET http://10.180.1.21/compute/v2.1/servers/338a113c-1d04-4243-8500-fcc6d458d3ed 0.395s
2025-06-07 08:02:36.500 63096 INFO tempest.lib.common.rest_client [req-51027292-3bd8-480c-99c9-7998f0ee912f req-51027292-3bd8-480c-99c9-7998f0ee912f ] Request (FlavorsAdminTestJSON:_run_cleanups): 200 GET http://10.180.1.21/compute/v2.1/flavors/detail 0.354s
2025-06-07 08:02:36.544 63110 INFO tempest.lib.common.rest_client [req-f22a1200-ea97-445f-b63c-3bb4b02b000f req-f22a1200-ea97-445f-b63c-3bb4b02b000f ] Request (ServerDiskConfigTestJSON:test_rebuild_server_with_auto_disk_config): 200 GET http://10.180.1.21/compute/v2.1/servers/f863dfb3-98d5-473b-9e41-85984e350070 0.414s
2025-06-07 08:02:36.554 63148 INFO tempest.lib.common.rest_client [req-483e9a39-f5f6-4d18-b0bb-ff47c4bab4f8 req-483e9a39-f5f6-4d18-b0bb-ff47c4bab4f8 ] Request (DeleteServersAdminTestJSON:test_delete_server_while_in_error_state): 200 GET http://10.180.1.21/compute/v2.1/servers/a7f9eb88-e447-4f59-814e-6ebbb6a2ecb8 0.407s
2025-06-07 08:02:36.628 63138 INFO tempest.lib.common.rest_client [req-8f0d0ca4-b2a4-40cb-8c3c-03b8aed1da5a req-8f0d0ca4-b2a4-40cb-8c3c-03b8aed1da5a ] Request (ServersV294TestFqdnHostnames:setUpClass): 200 GET http://10.180.1.21/compute/v2.1/servers/097bae8e-614d-4322-b767-d56e0dc1b658 0.436s
2025-06-07 08:02:36.655 63134 INFO tempest.lib.common.rest_client [req-2900450f-4f77-445d-b896-7d1b3e763c16 req-2900450f-4f77-445d-b896-7d1b3e763c16 ] Request (ServerDiagnosticsNegativeTest:test_get_server_diagnostics_by_non_admin): 200 GET http://10.180.1.21/compute/v2.1/servers/7ab3a69a-9893-4ed2-b3e7-13ed81ee7c77 0.351s
2025-06-07 08:02:36.706 63102 INFO tempest.lib.common.rest_client [req-bd84d106-ad7e-4df3-ba76-7e23012b75cb req-bd84d106-ad7e-4df3-ba76-7e23012b75cb ] Request (ServersTestJSON:setUpClass): 200 GET http://10.180.1.21/compute/v2.1/servers/489b821e-f7d0-446f-8197-550c808e5a99 0.339s
2025-06-07 08:02:36.735 63100 INFO tempest.lib.common.rest_client [req-31269071-344b-45a9-b606-8ac0496d49b2 req-31269071-344b-45a9-b606-8ac0496d49b2 ] Request (SecurityGroupRulesNegativeTestJSON:test_create_security_group_rule_with_invalid_port_range): 400 POST http://10.180.1.21/compute/v2.1/os-security-group-rules 0.357s
2025-06-07 08:02:36.776 63118 INFO tempest.lib.common.rest_client [req-3197c0c0-a0ff-42dc-aa95-79eb7486fa75 req-3197c0c0-a0ff-42dc-aa95-79eb7486fa75 ] Request (ImagesOneServerTestJSON:setUpClass): 200 GET http://10.180.1.21/compute/v2.1/servers/4e911f12-5d9c-4713-b1e0-4d87a589a9d8 0.458s
2025-06-07 08:02:36.786 63116 INFO tempest.lib.common.rest_client [req-728bbc0f-00ee-4a1d-a92d-d2d866b3a5f8 req-728bbc0f-00ee-4a1d-a92d-d2d866b3a5f8 ] Request (ServersWithSpecificFlavorTestJSON:test_verify_created_server_ephemeral_disk): 200 GET http://10.180.1.21/compute/v2.1/servers/52329a92-b534-4811-b117-2041b125f4c7 0.372s
2025-06-07 08:02:36.838 63136 INFO tempest.lib.common.rest_client [req-bcf6fd6d-df5a-4a51-ac40-a8b47fa021e0 req-bcf6fd6d-df5a-4a51-ac40-a8b47fa021e0 ] Request (ImagesOneServerNegativeTestJSON:setUpClass): 200 GET http://10.180.1.21/compute/v2.1/servers/76b0e03d-9636-4328-bfd5-17c434cfae72 0.376s
2025-06-07 08:02:36.852 63152 INFO tempest.lib.common.rest_client [req-d0b169fe-9e12-4809-8596-b4bd2385b468 req-d0b169fe-9e12-4809-8596-b4bd2385b468 ] Request (ServersAdminTestJSON:setUpClass): 200 GET http://10.180.1.21/compute/v2.1/servers/b845396e-1641-4668-b687-348f1ee8b6f0 0.387s
2025-06-07 08:02:36.854 63096 INFO tempest.lib.common.rest_client [req-1b290faa-f955-4ed9-9490-4ac056add503 req-1b290faa-f955-4ed9-9490-4ac056add503 ] Request (FlavorsAdminTestJSON:test_list_public_flavor_with_other_user): 200 POST http://10.180.1.21/compute/v2.1/flavors 0.347s
2025-06-07 08:02:36.912 63109 INFO tempest.lib.common.rest_client [req-72e60608-f2da-4d61-afd7-a4670e8f8b24 req-72e60608-f2da-4d61-afd7-a4670e8f8b24 ] Request (ImagesTestJSON:test_create_image_from_stopped_server): 200 GET http://10.180.1.21/compute/v2.1/servers/22549912-2253-42bb-b2d7-8d0512c2a9d7 0.404s
2025-06-07 08:02:36.978 63120 INFO tempest.lib.common.rest_client [req-1e197cd2-49c5-49b8-a635-29c54460ea7b req-1e197cd2-49c5-49b8-a635-29c54460ea7b ] Request (ServersTestMultiNic:test_verify_duplicate_network_nics): 200 GET http://10.180.1.21/compute/v2.1/servers/65d620ad-0863-4947-945e-0e4b3c01d3a3 0.406s
2025-06-07 08:02:37.010 63154 INFO tempest.lib.common.rest_client [req-1a518689-36ad-4ee4-a0de-0823100527db req-1a518689-36ad-4ee4-a0de-0823100527db ] Request (ServerMetadataNegativeTestJSON:setUpClass): 200 GET http://10.180.1.21/compute/v2.1/servers/4357ed8f-14f7-4d44-8d1b-262ccaafe1e0 0.355s
2025-06-07 08:02:37.060 63140 INFO tempest.lib.common.rest_client [req-d98d8234-de75-44b8-b15e-64d74fe055de req-d98d8234-de75-44b8-b15e-64d74fe055de ] Request (ImagesNegativeTestJSON:test_create_image_from_deleted_server): 200 GET http://10.180.1.21/compute/v2.1/servers/51817412-7e0a-48fe-8f8e-766eea45e60c 0.357s
2025-06-07 08:02:37.121 63125 INFO tempest.lib.common.rest_client [req-309c88e2-d283-4276-ae93-8b475b3fc6c7 req-309c88e2-d283-4276-ae93-8b475b3fc6c7 ] Request (AttachInterfacesTestJSON:test_create_list_show_delete_interfaces_by_fixed_ip): 200 GET http://10.180.1.21/compute/v2.1/servers/70a8650c-112c-44c2-b3cb-1b8cab557cac 0.387s
2025-06-07 08:02:37.130 63114 INFO tempest.lib.common.rest_client [req-57f01d85-8a98-4ee8-83aa-c95ac9fb90ef req-57f01d85-8a98-4ee8-83aa-c95ac9fb90ef ] Request (MultipleCreateTestJSON:test_multiple_create): 200 GET http://10.180.1.21/compute/v2.1/servers/9a448d2b-0dee-4a90-b131-e6ada542f342 0.443s
2025-06-07 08:02:37.204 63156 INFO tempest.lib.common.rest_client [req-c58a4922-ff02-4471-8362-0df1989b12a3 req-c58a4922-ff02-4471-8362-0df1989b12a3 ] Request (ServerDiagnosticsV248Test:test_get_server_diagnostics): 200 GET http://10.180.1.21/compute/v2.1/servers/7cdd84be-1e0a-4e4a-9e40-b4d589f08914 0.418s
2025-06-07 08:02:37.217 63100 INFO tempest.lib.common.rest_client [req-5b2a9c86-0780-4f75-be19-be9fe1092818 req-5b2a9c86-0780-4f75-be19-be9fe1092818 ] Request (SecurityGroupRulesNegativeTestJSON:test_create_security_group_rule_with_invalid_to_port): 200 POST http://10.180.1.21/compute/v2.1/os-security-groups 0.480s
2025-06-07 08:02:37.219 63096 INFO tempest.lib.common.rest_client [req-e089da1f-748d-4ab7-b362-11863beedd34 req-e089da1f-748d-4ab7-b362-11863beedd34 ] Request (FlavorsAdminTestJSON:test_list_public_flavor_with_other_user): 200 GET http://10.180.1.21/compute/v2.1/flavors/detail 0.362s
2025-06-07 08:02:37.265 63112 INFO tempest.lib.common.rest_client [req-03551008-344b-4904-8b98-3f1f3a3b52f2 req-03551008-344b-4904-8b98-3f1f3a3b52f2 ] Request (InstanceActionsTestJSON:setUpClass): 200 GET http://10.180.1.21/compute/v2.1/servers/b9e1cb26-df61-44aa-952f-e50e24766a6f 0.296s
2025-06-07 08:02:37.312 63145 INFO tempest.lib.common.rest_client [req-15fd9eb7-9644-44e3-976f-43cc762e3a41 req-15fd9eb7-9644-44e3-976f-43cc762e3a41 ] Request (ServersTestJSON:test_create_server_specify_multibyte_character_name): 200 GET http://10.180.1.21/compute/v2.1/servers/3684a5c7-4998-4d5b-8cb6-7df3a9bf9270 0.288s
2025-06-07 08:02:37.318 63151 INFO tempest.lib.common.rest_client [req-d701d76e-cead-4608-8e28-de5070cfe0b9 req-d701d76e-cead-4608-8e28-de5070cfe0b9 ] Request (ServerExternalEventsTest:test_create_server_external_events): 200 GET http://10.180.1.21/compute/v2.1/servers/c56debdf-ab77-4151-bc20-6973ae594d87 0.426s
2025-06-07 08:02:37.358 63106 INFO tempest.lib.common.rest_client [req-e7ec0ff4-c1aa-4711-aaae-a8da47129158 req-e7ec0ff4-c1aa-4711-aaae-a8da47129158 ] Request (ServersAdminNegativeTestJSON:setUpClass): 200 GET http://10.180.1.21/compute/v2.1/servers/51a8bec7-c8fd-4efb-ad91-eb34bb40a8fe 0.280s
2025-06-07 08:02:37.361 63132 INFO tempest.lib.common.rest_client [req-4e1a5d60-ca86-43c3-a657-ad37269d9b03 req-4e1a5d60-ca86-43c3-a657-ad37269d9b03 ] Request (ServerGroupTestJSON:test_create_server_with_scheduler_hint_group): 200 GET http://10.180.1.21/compute/v2.1/servers/4e783b92-0668-4e70-9848-4b4320318603 0.218s
2025-06-07 08:02:37.385 63100 INFO tempest.lib.common.rest_client [req-da5921a0-6a09-464d-9117-d8f0d1aa1949 req-da5921a0-6a09-464d-9117-d8f0d1aa1949 ] Request (SecurityGroupRulesNegativeTestJSON:test_create_security_group_rule_with_invalid_to_port): 400 POST http://10.180.1.21/compute/v2.1/os-security-group-rules 0.165s
2025-06-07 08:02:37.398 63096 INFO tempest.lib.common.rest_client [req-8c89dfe7-815f-4188-9993-98c13dd74b48 req-8c89dfe7-815f-4188-9993-98c13dd74b48 ] Request (FlavorsAdminTestJSON:_run_cleanups): 202 DELETE http://10.180.1.21/compute/v2.1/flavors/1523066084 0.174s
2025-06-07 08:02:37.402 63126 INFO tempest.lib.common.rest_client [req-23ce49f4-08ef-4a68-b1ac-71a590fd4704 req-23ce49f4-08ef-4a68-b1ac-71a590fd4704 ] Request (DeleteServersTestJSON:test_delete_active_server): 200 GET http://10.180.1.21/compute/v2.1/servers/704614e0-aaa3-48b6-8208-47af7ca0f367 0.196s
