2025-06-07 08:02:41.970 63134 INFO tempest.lib.common.rest_client [req-3a9c78ee-69e7-447d-94ef-5449e927b291 req-3a9c78ee-69e7-447d-94ef-5449e927b291 ] Request (ServerDiagnosticsNegativeTest:test_get_server_diagnostics_by_non_admin): 200 GET http://10.180.1.21/compute/v2.1/servers/7ab3a69a-9893-4ed2-b3e7-13ed81ee7c77 0.335s
2025-06-07 08:02:41.998 63096 INFO tempest.lib.common.rest_client [req-cdfc737d-0d43-4e67-9418-1e86abc45c23 req-cdfc737d-0d43-4e67-9418-1e86abc45c23 ] Request (FlavorsAccessNegativeTestJSON:test_flavor_non_admin_add): 403 POST http://10.180.1.21/compute/v2.1/flavors/191646496/action 0.350s
2025-06-07 08:02:42.019 63100 INFO tempest.lib.common.rest_client [req-ee278e91-b7b5-47c0-83b1-37effe6bf7fb req-ee278e91-b7b5-47c0-83b1-37effe6bf7fb ] Request (SecurityGroupRulesNegativeTestJSON:tearDownClass): 204 DELETE http://10.180.1.21/identity/v3/projects/932b2e7fc12b4156992f40054f713235 0.097s
2025-06-07 08:02:42.049 63136 INFO tempest.lib.common.rest_client [req-b23cc8a1-e42a-4d4a-845a-d78cebb309af req-b23cc8a1-e42a-4d4a-845a-d78cebb309af ] Request (ImagesOneServerNegativeTestJSON:setUpClass): 200 GET http://10.180.1.21/compute/v2.1/servers/76b0e03d-9636-4328-bfd5-17c434cfae72 0.360s
2025-06-07 08:02:42.090 63100 INFO tempest.lib.common.rest_client [req-7103589b-81b0-4cb9-a0a1-d364d2b4872a req-7103589b-81b0-4cb9-a0a1-d364d2b4872a ] Request (ServerActionsV293TestJSON:setUpClass): 201 POST http://10.180.1.21/identity/v3/auth/tokens 0.069s
2025-06-07 08:02:42.114 63109 INFO tempest.lib.common.rest_client [req-f386df37-aa6a-41f3-a63a-7c6eebed0494 req-f386df37-aa6a-41f3-a63a-7c6eebed0494 ] Request (ImagesTestJSON:test_create_image_from_stopped_server): 200 GET http://10.180.1.21/compute/v2.1/servers/22549912-2253-42bb-b2d7-8d0512c2a9d7 0.395s
2025-06-07 08:02:42.126 63100 INFO tempest.lib.common.rest_client [req-257640f5-079b-46b2-825a-dd10d8cf11c7 req-257640f5-079b-46b2-825a-dd10d8cf11c7 ] Request (ServerActionsV293TestJSON:setUpClass): 201 POST http://10.180.1.21/identity/v3/auth/tokens 0.033s
2025-06-07 08:02:42.131 63118 INFO tempest.lib.common.rest_client [req-7ac2c7f0-51fe-4446-9ea4-81d76c5f0f75 req-7ac2c7f0-51fe-4446-9ea4-81d76c5f0f75 ] Request (ImagesOneServerTestJSON:setUpClass): 200 GET http://10.180.1.21/compute/v2.1/servers/4e911f12-5d9c-4713-b1e0-4d87a589a9d8 0.467s
2025-06-07 08:02:42.156 63100 INFO tempest.lib.common.rest_client [req-e5d4b4b0-1f56-4071-8c8c-fdd4c9ac5530 req-e5d4b4b0-1f56-4071-8c8c-fdd4c9ac5530 ] Request (ServerActionsV293TestJSON:setUpClass): 200 GET http://10.180.1.21/identity/v3/domains?name=Default 0.030s
2025-06-07 08:02:42.169 63152 INFO tempest.lib.common.rest_client [req-62e2537b-c10e-4348-a655-9d5393e5dba9 req-62e2537b-c10e-4348-a655-9d5393e5dba9 ] Request (ServersAdminTestJSON:setUpClass): 200 GET http://10.180.1.21/compute/v2.1/servers/b845396e-1641-4668-b687-348f1ee8b6f0 0.420s
2025-06-07 08:02:42.183 63140 INFO tempest.lib.common.rest_client [req-5920fdd3-fa09-4c2b-aa15-b56de05c90f6 req-5920fdd3-fa09-4c2b-aa15-b56de05c90f6 ] Request (ImagesNegativeTestJSON:test_create_image_from_deleted_server): 200 GET http://10.180.1.21/compute/v2.1/servers/51817412-7e0a-48fe-8f8e-766eea45e60c 0.378s
2025-06-07 08:02:42.185 63100 INFO tempest.lib.common.rest_client [req-774d0368-2405-4b31-b87c-1574393bc1fe req-774d0368-2405-4b31-b87c-1574393bc1fe ] Request (ServerActionsV293TestJSON:setUpClass): 201 POST http://10.180.1.21/identity/v3/projects 0.028s
2025-06-07 08:02:42.215 63125 INFO tempest.lib.common.rest_client [req-cd802a9d-f27a-4fe9-b080-82c456003586 req-cd802a9d-f27a-4fe9-b080-82c456003586 ] Request (AttachInterfacesTestJSON:test_create_list_show_delete_interfaces_by_fixed_ip): 200 GET http://10.180.1.21/compute/v2.1/servers/70a8650c-112c-44c2-b3cb-1b8cab557cac 0.359s
2025-06-07 08:02:42.230 63096 INFO tempest.lib.common.rest_client [req-aa9208ae-7008-4876-b5c2-469a8fab95e8 req-aa9208ae-7008-4876-b5c2-469a8fab95e8 ] Request (FlavorsAccessNegativeTestJSON:_run_cleanups): 202 DELETE http://10.180.1.21/compute/v2.1/flavors/191646496 0.231s
2025-06-07 08:02:42.247 63100 INFO tempest.lib.common.rest_client [req-e840afb9-1c56-4a24-a48d-c63e44118cb4 req-e840afb9-1c56-4a24-a48d-c63e44118cb4 ] Request (ServerActionsV293TestJSON:setUpClass): 201 POST http://10.180.1.21/identity/v3/users 0.061s
2025-06-07 08:02:42.265 63100 INFO tempest.lib.common.rest_client [req-03bbfc08-fe47-4d42-81d8-5b1459120555 req-03bbfc08-fe47-4d42-81d8-5b1459120555 ] Request (ServerActionsV293TestJSON:setUpClass): 200 GET http://10.180.1.21/identity/v3/roles 0.017s
2025-06-07 08:02:42.293 63154 INFO tempest.lib.common.rest_client [req-6a9b9e61-ccfe-4e24-97ec-235de2159c05 req-6a9b9e61-ccfe-4e24-97ec-235de2159c05 ] Request (ServerMetadataNegativeTestJSON:setUpClass): 200 GET http://10.180.1.21/compute/v2.1/servers/4357ed8f-14f7-4d44-8d1b-262ccaafe1e0 0.329s
2025-06-07 08:02:42.297 63100 INFO tempest.lib.common.rest_client [req-7803eab9-82fe-4328-847a-cf934b602cf2 req-7803eab9-82fe-4328-847a-cf934b602cf2 ] Request (ServerActionsV293TestJSON:setUpClass): 204 PUT http://10.180.1.21/identity/v3/projects/259932b94b6a4f07846a8f4c52a44802/users/9c18f4d50eef4e7dbfeeb0d9907d7c76/roles/394b22ccebc64f5cadde6f7af9a3218e 0.032s
2025-06-07 08:02:42.297 63100 INFO tempest.lib.common.dynamic_creds [-] Dynamic test user 9c18f4d50eef4e7dbfeeb0d9907d7c76 is created with scope project and roles: ['member']
2025-06-07 08:02:42.297 63100 INFO tempest.lib.common.dynamic_creds [-] Acquired dynamic creds: credentials: Credentials: {'domain_id': 'default', 'domain_name': 'Default', 'username': 'tempest-ServerActionsV293TestJSON-132017951-project-member', 'project_domain_id': 'default', 'project_domain_name': 'Default', 'project_id': '259932b94b6a4f07846a8f4c52a44802', 'project_name': 'tempest-ServerActionsV293TestJSON-132017951', 'tenant_id': '259932b94b6a4f07846a8f4c52a44802', 'tenant_name': 'tempest-ServerActionsV293TestJSON-132017951', 'user_domain_id': 'default', 'user_domain_name': 'Default', 'user_id': '9c18f4d50eef4e7dbfeeb0d9907d7c76', 'system': None}, Network: None, Subnet: None, Router: None
2025-06-07 08:02:42.340 63112 INFO tempest.lib.common.rest_client [req-73c2e2f0-dcd3-483d-8e90-05fc5bb8b795 req-73c2e2f0-dcd3-483d-8e90-05fc5bb8b795 ] Request (InstanceActionsTestJSON:setUpClass): 200 GET http://10.180.1.21/compute/v2.1/servers/b9e1cb26-df61-44aa-952f-e50e24766a6f 0.284s
2025-06-07 08:02:42.352 63100 INFO tempest.lib.common.rest_client [req-506757ed-a8f4-40bc-bfc8-5848bd53235e req-506757ed-a8f4-40bc-bfc8-5848bd53235e ] Request (ServerActionsV293TestJSON:setUpClass): 201 POST http://10.180.1.21/identity/v3/auth/tokens 0.055s
2025-06-07 08:02:42.375 63114 INFO tempest.lib.common.rest_client [req-2c9a1cdd-729f-422f-a3f7-e1a31bab0115 req-2c9a1cdd-729f-422f-a3f7-e1a31bab0115 ] Request (MultipleCreateTestJSON:test_multiple_create): 200 GET http://10.180.1.21/compute/v2.1/servers/9a448d2b-0dee-4a90-b131-e6ada542f342 0.375s
2025-06-07 08:02:42.428 63156 INFO tempest.lib.common.rest_client [req-52e786f4-11b8-4309-8acb-6c5b42f7a936 req-52e786f4-11b8-4309-8acb-6c5b42f7a936 ] Request (ServerDiagnosticsV248Test:test_get_server_diagnostics): 200 GET http://10.180.1.21/compute/v2.1/servers/7cdd84be-1e0a-4e4a-9e40-b4d589f08914 0.296s
2025-06-07 08:02:42.462 63120 INFO tempest.lib.common.rest_client [req-ce64d657-596b-4196-adc2-77789029cdeb req-ce64d657-596b-4196-adc2-77789029cdeb ] Request (ServersTestMultiNic:test_verify_duplicate_network_nics): 200 GET http://10.180.1.21/compute/v2.1/servers/65d620ad-0863-4947-945e-0e4b3c01d3a3 0.387s
2025-06-07 08:02:42.475 63145 INFO tempest.lib.common.rest_client [req-9c8df3da-7b7a-47e5-b55f-c7a2848527f1 req-9c8df3da-7b7a-47e5-b55f-c7a2848527f1 ] Request (ServersTestJSON:test_create_server_specify_multibyte_character_name): 200 GET http://10.180.1.21/compute/v2.1/servers/3684a5c7-4998-4d5b-8cb6-7df3a9bf9270 0.337s
2025-06-07 08:02:42.489 63096 INFO tempest.lib.common.rest_client [req-969ec3c6-c79c-4e86-9fef-eaf856b684b3 req-969ec3c6-c79c-4e86-9fef-eaf856b684b3 ] Request (FlavorsAccessNegativeTestJSON:_run_cleanups): 200 GET http://10.180.1.21/compute/v2.1/flavors/detail 0.258s
2025-06-07 08:02:42.515 63106 INFO tempest.lib.common.rest_client [req-86fe39c2-acd4-4d2a-a918-865e6f45d1c3 req-86fe39c2-acd4-4d2a-a918-865e6f45d1c3 ] Request (ServersAdminNegativeTestJSON:setUpClass): 200 GET http://10.180.1.21/compute/v2.1/servers/51a8bec7-c8fd-4efb-ad91-eb34bb40a8fe 0.313s
2025-06-07 08:02:42.539 63126 INFO tempest.lib.common.rest_client [req-271798bf-3f96-4cce-884e-4f2aa11222a6 req-271798bf-3f96-4cce-884e-4f2aa11222a6 ] Request (DeleteServersTestJSON:test_delete_active_server): 200 GET http://10.180.1.21/compute/v2.1/servers/704614e0-aaa3-48b6-8208-47af7ca0f367 0.278s
2025-06-07 08:02:42.588 63130 INFO tempest.lib.common.rest_client [req-0baef516-106e-44be-93a0-7362170ee74f req-0baef516-106e-44be-93a0-7362170ee74f ] Request (VolumesAssistedSnapshotsTest:test_volume_assisted_snapshot_create_delete): 200 GET http://10.180.1.21/compute/v2.1/servers/356088a2-b55e-4ff1-9422-a53ab6830fc9 0.269s
2025-06-07 08:02:42.639 63132 INFO tempest.lib.common.rest_client [req-37bd2d6e-bd11-40a3-bc5f-d41438eafc61 req-37bd2d6e-bd11-40a3-bc5f-d41438eafc61 ] Request (ServerGroupTestJSON:test_create_server_with_scheduler_hint_group): 200 GET http://10.180.1.21/compute/v2.1/servers/4e783b92-0668-4e70-9848-4b4320318603 0.276s
2025-06-07 08:02:42.660 63100 INFO tempest.lib.common.rest_client [req-5dc1141f-f3f9-4025-a137-efa433fcdd96 req-5dc1141f-f3f9-4025-a137-efa433fcdd96 ] Request (ServerActionsV293TestJSON:setUpClass): 201 POST http://10.180.1.21:9696/networking/v2.0/networks 0.307s
2025-06-07 08:02:42.662 63151 INFO tempest.lib.common.rest_client [req-14264754-4970-435a-9a54-bb68e2623427 req-14264754-4970-435a-9a54-bb68e2623427 ] Request (ServerExternalEventsTest:test_create_server_external_events): 200 GET http://10.180.1.21/compute/v2.1/servers/c56debdf-ab77-4151-bc20-6973ae594d87 0.359s
2025-06-07 08:02:42.709 63122 INFO tempest.lib.common.rest_client [req-2bc55de4-ce60-49a7-a536-1c79e94391c5 req-2bc55de4-ce60-49a7-a536-1c79e94391c5 ] Request (InstanceActionsNegativeTestJSON:setUpClass): 200 GET http://10.180.1.21/compute/v2.1/servers/338a113c-1d04-4243-8500-fcc6d458d3ed 0.289s
2025-06-07 08:02:42.713 63110 INFO tempest.lib.common.rest_client [req-c85677da-b69d-4858-8786-62645eb8fb7f req-c85677da-b69d-4858-8786-62645eb8fb7f ] Request (ServerDiskConfigTestJSON:test_rebuild_server_with_auto_disk_config): 200 GET http://10.180.1.21/compute/v2.1/servers/f863dfb3-98d5-473b-9e41-85984e350070 0.244s
2025-06-07 08:02:42.724 63096 INFO tempest.lib.common.rest_client [req-a8126a5b-73d0-43b2-a0f7-8c5a5986a83c req-a8126a5b-73d0-43b2-a0f7-8c5a5986a83c ] Request (FlavorsAccessNegativeTestJSON:test_flavor_non_admin_remove): 200 POST http://10.180.1.21/compute/v2.1/flavors 0.228s
2025-06-07 08:02:42.809 63128 INFO tempest.lib.common.rest_client [req-60fce7fd-3c00-4fb5-a59b-f58a8256a853 req-60fce7fd-3c00-4fb5-a59b-f58a8256a853 ] Request (ServerDiagnosticsTest:test_get_server_diagnostics): 200 GET http://10.180.1.21/compute/v2.1/servers/012bbc43-f61f-4aef-bd66-32fbe66f8374 0.235s
2025-06-07 08:02:42.855 63148 INFO tempest.lib.common.rest_client [req-beb5b04c-1b0e-4bb8-a3ef-8eae416931b8 req-beb5b04c-1b0e-4bb8-a3ef-8eae416931b8 ] Request (DeleteServersAdminTestJSON:test_delete_server_while_in_error_state): 200 GET http://10.180.1.21/compute/v2.1/servers/a7f9eb88-e447-4f59-814e-6ebbb6a2ecb8 0.216s
2025-06-07 08:02:42.901 63102 INFO tempest.lib.common.rest_client [req-955ed190-7fa5-430d-b840-46db2a71cee8 req-955ed190-7fa5-430d-b840-46db2a71cee8 ] Request (ServersTestJSON:setUpClass): 200 GET http://10.180.1.21/compute/v2.1/servers/489b821e-f7d0-446f-8197-550c808e5a99 0.217s
2025-06-07 08:02:42.928 63142 INFO tempest.lib.common.rest_client [req-fec62153-a2d5-45d1-b590-07152cfcf9b8 req-fec62153-a2d5-45d1-b590-07152cfcf9b8 ] Request (AttachInterfacesUnderV243Test:test_add_remove_fixed_ip): 200 GET http://10.180.1.21/compute/v2.1/servers/09aa702f-a28c-429b-83d9-378be8606a29 0.306s
2025-06-07 08:02:42.942 63100 INFO tempest.lib.common.rest_client [req-176ed632-76f5-4501-a41a-5d083617ad1e req-176ed632-76f5-4501-a41a-5d083617ad1e ] Request (ServerActionsV293TestJSON:setUpClass): 201 POST http://10.180.1.21:9696/networking/v2.0/subnets 0.281s
2025-06-07 08:02:43.035 63096 INFO tempest.lib.common.rest_client [req-abf704e2-f0ba-4661-9f95-62b2c683cb91 req-abf704e2-f0ba-4661-9f95-62b2c683cb91 ] Request (FlavorsAccessNegativeTestJSON:test_flavor_non_admin_remove): 200 POST http://10.180.1.21/compute/v2.1/flavors/1133874807/action 0.309s
2025-06-07 08:02:43.089 63094 INFO tempest.lib.common.rest_client [req-51fbc26d-1b8f-4336-a389-129d62946ba9 req-51fbc26d-1b8f-4336-a389-129d62946ba9 ] Request (MigrationsAdminTest:test_list_migrations_in_flavor_resize_situation): 200 GET http://10.180.1.21/compute/v2.1/servers/022718e2-52ec-4130-81b0-fb39e57d6efe 0.292s
2025-06-07 08:02:43.112 63116 INFO tempest.lib.common.rest_client [req-e1c983dd-f8c9-40ce-8276-9f1f2b9f8bba req-e1c983dd-f8c9-40ce-8276-9f1f2b9f8bba ] Request (ServersWithSpecificFlavorTestJSON:test_verify_created_server_ephemeral_disk): 200 GET http://10.180.1.21/compute/v2.1/servers/52329a92-b534-4811-b117-2041b125f4c7 0.243s
2025-06-07 08:02:43.167 63138 INFO tempest.lib.common.rest_client [req-f3e8524c-347f-4ac6-b1a7-cdbd93f8d573 req-f3e8524c-347f-4ac6-b1a7-cdbd93f8d573 ] Request (ServersV294TestFqdnHostnames:setUpClass): 200 GET http://10.180.1.21/compute/v2.1/servers/097bae8e-614d-4322-b767-d56e0dc1b658 0.261s
2025-06-07 08:02:43.178 63096 INFO tempest.lib.common.rest_client [req-5850cd71-2288-4f11-8ce9-b821805b6f89 req-5850cd71-2288-4f11-8ce9-b821805b6f89 ] Request (FlavorsAccessNegativeTestJSON:test_flavor_non_admin_remove): 403 POST http://10.180.1.21/compute/v2.1/flavors/1133874807/action 0.140s
2025-06-07 08:02:43.236 63134 INFO tempest.lib.common.rest_client [req-94fc9e15-7bc8-4588-88ed-c873258f35f9 req-94fc9e15-7bc8-4588-88ed-c873258f35f9 ] Request (ServerDiagnosticsNegativeTest:test_get_server_diagnostics_by_non_admin): 200 GET http://10.180.1.21/compute/v2.1/servers/7ab3a69a-9893-4ed2-b3e7-13ed81ee7c77 0.258s
2025-06-07 08:02:43.262 63136 INFO tempest.lib.common.rest_client [req-b6ab6ef1-945e-49f0-9faf-b2e76a23f744 req-b6ab6ef1-945e-49f0-9faf-b2e76a23f744 ] Request (ImagesOneServerNegativeTestJSON:setUpClass): 200 GET http://10.180.1.21/compute/v2.1/servers/76b0e03d-9636-4328-bfd5-17c434cfae72 0.201s
2025-06-07 08:02:43.304 63109 INFO tempest.lib.common.rest_client [req-93e713fd-3f1e-40cd-ae4e-a9ca0790a2de req-93e713fd-3f1e-40cd-ae4e-a9ca0790a2de ] Request (ImagesTestJSON:test_create_image_from_stopped_server): 200 GET http://10.180.1.21/compute/v2.1/servers/22549912-2253-42bb-b2d7-8d0512c2a9d7 0.180s
2025-06-07 08:02:43.355 63152 INFO tempest.lib.common.rest_client [req-3722a52c-bd60-4775-9905-cdaac05bb9bc req-3722a52c-bd60-4775-9905-cdaac05bb9bc ] Request (ServersAdminTestJSON:setUpClass): 200 GET http://10.180.1.21/compute/v2.1/servers/b845396e-1641-4668-b687-348f1ee8b6f0 0.178s
2025-06-07 08:02:43.394 63096 INFO tempest.lib.common.rest_client [req-6b5495ef-a6ee-450d-9c18-ce9c8284d0f8 req-6b5495ef-a6ee-450d-9c18-ce9c8284d0f8 ] Request (FlavorsAccessNegativeTestJSON:_run_cleanups): 200 POST http://10.180.1.21/compute/v2.1/flavors/1133874807/action 0.216s
2025-06-07 08:02:43.445 63140 INFO tempest.lib.common.rest_client [req-977a58d9-b0d9-42e3-8e3c-b0b56de12783 req-977a58d9-b0d9-42e3-8e3c-b0b56de12783 ] Request (ImagesNegativeTestJSON:test_create_image_from_deleted_server): 200 GET http://10.180.1.21/compute/v2.1/servers/51817412-7e0a-48fe-8f8e-766eea45e60c 0.256s
2025-06-07 08:02:43.482 63118 INFO tempest.lib.common.rest_client [req-9d5593b6-6090-427e-a9e8-6adc0ade2d10 req-9d5593b6-6090-427e-a9e8-6adc0ade2d10 ] Request (ImagesOneServerTestJSON:setUpClass): 200 GET http://10.180.1.21/compute/v2.1/servers/4e911f12-5d9c-4713-b1e0-4d87a589a9d8 0.340s
2025-06-07 08:02:43.514 63125 INFO tempest.lib.common.rest_client [req-c96cec2b-34af-4cfe-b4cc-d6e7c0a39dd2 req-c96cec2b-34af-4cfe-b4cc-d6e7c0a39dd2 ] Request (AttachInterfacesTestJSON:test_create_list_show_delete_interfaces_by_fixed_ip): 200 GET http://10.180.1.21/compute/v2.1/servers/70a8650c-112c-44c2-b3cb-1b8cab557cac 0.291s
2025-06-07 08:02:43.572 63112 INFO tempest.lib.common.rest_client [req-919f72c6-4386-4019-919e-f88a426a38b8 req-919f72c6-4386-4019-919e-f88a426a38b8 ] Request (InstanceActionsTestJSON:setUpClass): 200 GET http://10.180.1.21/compute/v2.1/servers/b9e1cb26-df61-44aa-952f-e50e24766a6f 0.223s
2025-06-07 08:02:43.691 63154 INFO tempest.lib.common.rest_client [req-e1a99db9-545d-4901-a84d-2b60500dd7f7 req-e1a99db9-545d-4901-a84d-2b60500dd7f7 ] Request (ServerMetadataNegativeTestJSON:setUpClass): 200 GET http://10.180.1.21/compute/v2.1/servers/4357ed8f-14f7-4d44-8d1b-262ccaafe1e0 0.389s
2025-06-07 08:02:43.705 63096 INFO tempest.lib.common.rest_client [req-162c9eff-a7d9-4336-b6c3-f6005eb7c618 req-162c9eff-a7d9-4336-b6c3-f6005eb7c618 ] Request (FlavorsAccessNegativeTestJSON:_run_cleanups): 202 DELETE http://10.180.1.21/compute/v2.1/flavors/1133874807 0.310s
2025-06-07 08:02:43.743 63114 INFO tempest.lib.common.rest_client [req-07ffd36b-a71e-4a60-a21e-b36afaa14126 req-07ffd36b-a71e-4a60-a21e-b36afaa14126 ] Request (MultipleCreateTestJSON:test_multiple_create): 200 GET http://10.180.1.21/compute/v2.1/servers/9a448d2b-0dee-4a90-b131-e6ada542f342 0.359s
2025-06-07 08:02:43.769 63156 INFO tempest.lib.common.rest_client [req-b0fb6247-7387-416a-899b-d0ccf9750dde req-b0fb6247-7387-416a-899b-d0ccf9750dde ] Request (ServerDiagnosticsV248Test:test_get_server_diagnostics): 200 GET http://10.180.1.21/compute/v2.1/servers/7cdd84be-1e0a-4e4a-9e40-b4d589f08914 0.331s
2025-06-07 08:02:43.838 63145 INFO tempest.lib.common.rest_client [req-78904bd9-8751-476a-8fae-2107846e4876 req-78904bd9-8751-476a-8fae-2107846e4876 ] Request (ServersTestJSON:test_create_server_specify_multibyte_character_name): 200 GET http://10.180.1.21/compute/v2.1/servers/3684a5c7-4998-4d5b-8cb6-7df3a9bf9270 0.356s
2025-06-07 08:02:43.860 63120 INFO tempest.lib.common.rest_client [req-c30bdc3f-1417-47e6-a6e5-0cbf60b6e94c req-c30bdc3f-1417-47e6-a6e5-0cbf60b6e94c ] Request (ServersTestMultiNic:test_verify_duplicate_network_nics): 200 GET http://10.180.1.21/compute/v2.1/servers/65d620ad-0863-4947-945e-0e4b3c01d3a3 0.388s
2025-06-07 08:02:43.900 63106 INFO tempest.lib.common.rest_client [req-d48df922-fb87-425e-bd7d-a4f0fd9d418a req-d48df922-fb87-425e-bd7d-a4f0fd9d418a ] Request (ServersAdminNegativeTestJSON:setUpClass): 200 GET http://10.180.1.21/compute/v2.1/servers/51a8bec7-c8fd-4efb-ad91-eb34bb40a8fe 0.376s
2025-06-07 08:02:43.915 63126 INFO tempest.lib.common.rest_client [req-9754a36c-e080-4df0-8775-a6a6cf7366a9 req-9754a36c-e080-4df0-8775-a6a6cf7366a9 ] Request (DeleteServersTestJSON:test_delete_active_server): 200 GET http://10.180.1.21/compute/v2.1/servers/704614e0-aaa3-48b6-8208-47af7ca0f367 0.368s
2025-06-07 08:02:43.960 63130 INFO tempest.lib.common.rest_client [req-605251cd-53ad-4309-b035-375d8d3c7c66 req-605251cd-53ad-4309-b035-375d8d3c7c66 ] Request (VolumesAssistedSnapshotsTest:test_volume_assisted_snapshot_create_delete): 200 GET http://10.180.1.21/compute/v2.1/servers/356088a2-b55e-4ff1-9422-a53ab6830fc9 0.364s
2025-06-07 08:02:43.983 63132 INFO tempest.lib.common.rest_client [req-4f0f8f18-2152-422a-9013-877e755a2dce req-4f0f8f18-2152-422a-9013-877e755a2dce ] Request (ServerGroupTestJSON:test_create_server_with_scheduler_hint_group): 200 GET http://10.180.1.21/compute/v2.1/servers/4e783b92-0668-4e70-9848-4b4320318603 0.328s
2025-06-07 08:02:43.997 63096 INFO tempest.lib.common.rest_client [req-2a691a2e-e718-42a4-bfa6-4dd3913ef226 req-2a691a2e-e718-42a4-bfa6-4dd3913ef226 ] Request (FlavorsAccessNegativeTestJSON:_run_cleanups): 200 GET http://10.180.1.21/compute/v2.1/flavors/detail 0.291s
2025-06-07 08:02:44.055 63122 INFO tempest.lib.common.rest_client [req-3e2da62c-a20b-429a-87f1-13045444b5de req-3e2da62c-a20b-429a-87f1-13045444b5de ] Request (InstanceActionsNegativeTestJSON:setUpClass): 200 GET http://10.180.1.21/compute/v2.1/servers/338a113c-1d04-4243-8500-fcc6d458d3ed 0.338s
2025-06-07 08:02:44.092 63151 INFO tempest.lib.common.rest_client [req-2f24dfe5-6d5f-4308-957f-5f8106792867 req-2f24dfe5-6d5f-4308-957f-5f8106792867 ] Request (ServerExternalEventsTest:test_create_server_external_events): 200 GET http://10.180.1.21/compute/v2.1/servers/c56debdf-ab77-4151-bc20-6973ae594d87 0.421s
2025-06-07 08:02:44.109 63110 INFO tempest.lib.common.rest_client [req-831de4b4-0901-47e3-9520-0298fff67874 req-831de4b4-0901-47e3-9520-0298fff67874 ] Request (ServerDiskConfigTestJSON:test_rebuild_server_with_auto_disk_config): 200 GET http://10.180.1.21/compute/v2.1/servers/f863dfb3-98d5-473b-9e41-85984e350070 0.388s
2025-06-07 08:02:44.163 63148 INFO tempest.lib.common.rest_client [req-059b4711-a25e-4766-9656-671a986f15f5 req-059b4711-a25e-4766-9656-671a986f15f5 ] Request (DeleteServersAdminTestJSON:test_delete_server_while_in_error_state): 200 GET http://10.180.1.21/compute/v2.1/servers/a7f9eb88-e447-4f59-814e-6ebbb6a2ecb8 0.300s
2025-06-07 08:02:44.213 63102 INFO tempest.lib.common.rest_client [req-360b3a58-1236-439f-9d0c-9445dcd8eec8 req-360b3a58-1236-439f-9d0c-9445dcd8eec8 ] Request (ServersTestJSON:setUpClass): 200 GET http://10.180.1.21/compute/v2.1/servers/489b821e-f7d0-446f-8197-550c808e5a99 0.305s
2025-06-07 08:02:44.218 63100 INFO tempest.lib.common.rest_client [req-c88bb54d-e81a-489f-96e0-f176025a6fd1 req-c88bb54d-e81a-489f-96e0-f176025a6fd1 ] Request (ServerActionsV293TestJSON:setUpClass): 201 POST http://10.180.1.21:9696/networking/v2.0/routers 1.275s
2025-06-07 08:02:44.247 63128 INFO tempest.lib.common.rest_client [req-4d79b43f-e163-4691-b58e-0ed3ef1732a3 req-4d79b43f-e163-4691-b58e-0ed3ef1732a3 ] Request (ServerDiagnosticsTest:test_get_server_diagnostics): 200 GET http://10.180.1.21/compute/v2.1/servers/012bbc43-f61f-4aef-bd66-32fbe66f8374 0.428s
2025-06-07 08:02:44.262 63096 INFO tempest.lib.common.rest_client [req-ca9a4651-ba66-4ffa-96a6-6a9270eb12b9 req-ca9a4651-ba66-4ffa-96a6-6a9270eb12b9 ] Request (FlavorsAccessNegativeTestJSON:test_remove_flavor_access_not_found): 200 POST http://10.180.1.21/compute/v2.1/flavors 0.258s
2025-06-07 08:02:44.368 63094 INFO tempest.lib.common.rest_client [req-134521ac-fe56-4ced-972e-81b92672e80c req-134521ac-fe56-4ced-972e-81b92672e80c ] Request (MigrationsAdminTest:test_list_migrations_in_flavor_resize_situation): 200 GET http://10.180.1.21/compute/v2.1/servers/022718e2-52ec-4130-81b0-fb39e57d6efe 0.269s
2025-06-07 08:02:44.423 63116 INFO tempest.lib.common.rest_client [req-00d3c542-da52-4644-adcb-55387d2e0de1 req-00d3c542-da52-4644-adcb-55387d2e0de1 ] Request (ServersWithSpecificFlavorTestJSON:test_verify_created_server_ephemeral_disk): 200 GET http://10.180.1.21/compute/v2.1/servers/52329a92-b534-4811-b117-2041b125f4c7 0.302s
2025-06-07 08:02:44.490 63138 INFO tempest.lib.common.rest_client [req-fdb64293-be25-4898-bb82-288b65554242 req-fdb64293-be25-4898-bb82-288b65554242 ] Request (ServersV294TestFqdnHostnames:setUpClass): 200 GET http://10.180.1.21/compute/v2.1/servers/097bae8e-614d-4322-b767-d56e0dc1b658 0.307s
2025-06-07 08:02:44.567 63142 INFO tempest.lib.common.rest_client [req-83c23735-2bf2-4226-9c32-ecf9f7f8c502 req-83c23735-2bf2-4226-9c32-ecf9f7f8c502 ] Request (AttachInterfacesUnderV243Test:test_add_remove_fixed_ip): 200 GET http://10.180.1.21/compute/v2.1/servers/09aa702f-a28c-429b-83d9-378be8606a29 0.630s
2025-06-07 08:02:44.598 63134 INFO tempest.lib.common.rest_client [req-292edbbd-910f-4c05-91d4-fabc438fe28a req-292edbbd-910f-4c05-91d4-fabc438fe28a ] Request (ServerDiagnosticsNegativeTest:test_get_server_diagnostics_by_non_admin): 200 GET http://10.180.1.21/compute/v2.1/servers/7ab3a69a-9893-4ed2-b3e7-13ed81ee7c77 0.348s
2025-06-07 08:02:44.609 63096 INFO tempest.lib.common.rest_client [req-cf483a89-ad1a-4d3b-9557-209fe3fa7c68 req-cf483a89-ad1a-4d3b-9557-209fe3fa7c68 ] Request (FlavorsAccessNegativeTestJSON:test_remove_flavor_access_not_found): 404 POST http://10.180.1.21/compute/v2.1/flavors/1430755048/action 0.344s
2025-06-07 08:02:44.650 63136 INFO tempest.lib.common.rest_client [req-b5289b6a-f0a0-434f-88a9-a0d91970091f req-b5289b6a-f0a0-434f-88a9-a0d91970091f ] Request (ImagesOneServerNegativeTestJSON:setUpClass): 200 GET http://10.180.1.21/compute/v2.1/servers/76b0e03d-9636-4328-bfd5-17c434cfae72 0.378s
2025-06-07 08:02:44.673 63109 INFO tempest.lib.common.rest_client [req-9c8d4619-ba4d-4a4f-83c8-3a7af70b15fe req-9c8d4619-ba4d-4a4f-83c8-3a7af70b15fe ] Request (ImagesTestJSON:test_create_image_from_stopped_server): 200 GET http://10.180.1.21/compute/v2.1/servers/22549912-2253-42bb-b2d7-8d0512c2a9d7 0.361s
2025-06-07 08:02:44.699 63152 INFO tempest.lib.common.rest_client [req-55c5c10e-5383-49ba-8f90-d93fc04ef5db req-55c5c10e-5383-49ba-8f90-d93fc04ef5db ] Request (ServersAdminTestJSON:setUpClass): 200 GET http://10.180.1.21/compute/v2.1/servers/b845396e-1641-4668-b687-348f1ee8b6f0 0.335s
2025-06-07 08:02:44.737 63140 INFO tempest.lib.common.rest_client [req-5c47091c-d8ee-4238-962b-a2ce0d9c1e50 req-5c47091c-d8ee-4238-962b-a2ce0d9c1e50 ] Request (ImagesNegativeTestJSON:test_create_image_from_deleted_server): 200 GET http://10.180.1.21/compute/v2.1/servers/51817412-7e0a-48fe-8f8e-766eea45e60c 0.281s
2025-06-07 08:02:44.793 63125 INFO tempest.lib.common.rest_client [req-1e162ac0-46f9-4a5f-aa4e-27d0dfb3176b req-1e162ac0-46f9-4a5f-aa4e-27d0dfb3176b ] Request (AttachInterfacesTestJSON:test_create_list_show_delete_interfaces_by_fixed_ip): 200 GET http://10.180.1.21/compute/v2.1/servers/70a8650c-112c-44c2-b3cb-1b8cab557cac 0.265s
2025-06-07 08:02:44.796 63118 INFO tempest.lib.common.rest_client [req-8f240b8a-a6b2-484e-bf6f-9d074f85c2c4 req-8f240b8a-a6b2-484e-bf6f-9d074f85c2c4 ] Request (ImagesOneServerTestJSON:setUpClass): 200 GET http://10.180.1.21/compute/v2.1/servers/4e911f12-5d9c-4713-b1e0-4d87a589a9d8 0.305s
2025-06-07 08:02:44.809 63096 INFO tempest.lib.common.rest_client [req-b595d87a-d084-4e1e-8b4b-ba1d97b7d788 req-b595d87a-d084-4e1e-8b4b-ba1d97b7d788 ] Request (FlavorsAccessNegativeTestJSON:_run_cleanups): 202 DELETE http://10.180.1.21/compute/v2.1/flavors/1430755048 0.199s
2025-06-07 08:02:44.845 63112 INFO tempest.lib.common.rest_client [req-a89c3368-f454-4c2e-bfdd-eb4575f18637 req-a89c3368-f454-4c2e-bfdd-eb4575f18637 ] Request (InstanceActionsTestJSON:setUpClass): 200 GET http://10.180.1.21/compute/v2.1/servers/b9e1cb26-df61-44aa-952f-e50e24766a6f 0.263s
2025-06-07 08:02:44.954 63154 INFO tempest.lib.common.rest_client [req-b9352537-f095-4cfc-a353-0224f0b15ec4 req-b9352537-f095-4cfc-a353-0224f0b15ec4 ] Request (ServerMetadataNegativeTestJSON:setUpClass): 200 GET http://10.180.1.21/compute/v2.1/servers/4357ed8f-14f7-4d44-8d1b-262ccaafe1e0 0.253s
2025-06-07 08:02:44.993 63114 INFO tempest.lib.common.rest_client [req-49f9897d-6718-40e2-b4ad-5b8a8aeb6116 req-49f9897d-6718-40e2-b4ad-5b8a8aeb6116 ] Request (MultipleCreateTestJSON:test_multiple_create): 200 GET http://10.180.1.21/compute/v2.1/servers/9a448d2b-0dee-4a90-b131-e6ada542f342 0.241s
2025-06-07 08:02:45.009 63096 INFO tempest.lib.common.rest_client [req-20d2eaaa-9bed-4f37-ac2e-a475be88a461 req-20d2eaaa-9bed-4f37-ac2e-a475be88a461 ] Request (FlavorsAccessNegativeTestJSON:_run_cleanups): 200 GET http://10.180.1.21/compute/v2.1/flavors/detail 0.199s
2025-06-07 08:02:45.012 63156 INFO tempest.lib.common.rest_client [req-2f7faa78-5002-4281-ae15-2fea33b7fbb9 req-2f7faa78-5002-4281-ae15-2fea33b7fbb9 ] Request (ServerDiagnosticsV248Test:test_get_server_diagnostics): 200 GET http://10.180.1.21/compute/v2.1/servers/7cdd84be-1e0a-4e4a-9e40-b4d589f08914 0.230s
2025-06-07 08:02:45.074 63145 INFO tempest.lib.common.rest_client [req-ad1b2a99-badd-4e06-b341-304306261cc6 req-ad1b2a99-badd-4e06-b341-304306261cc6 ] Request (ServersTestJSON:test_create_server_specify_multibyte_character_name): 200 GET http://10.180.1.21/compute/v2.1/servers/3684a5c7-4998-4d5b-8cb6-7df3a9bf9270 0.229s
2025-06-07 08:02:45.150 63106 INFO tempest.lib.common.rest_client [req-cbe9e851-c7dd-477a-9900-9964dc40efe9 req-cbe9e851-c7dd-477a-9900-9964dc40efe9 ] Request (ServersAdminNegativeTestJSON:setUpClass): 200 GET http://10.180.1.21/compute/v2.1/servers/51a8bec7-c8fd-4efb-ad91-eb34bb40a8fe 0.242s
2025-06-07 08:02:45.153 63096 INFO tempest.lib.common.rest_client [req-4199f0c1-641d-4a98-a7cf-4fc9daeaa0a9 req-4199f0c1-641d-4a98-a7cf-4fc9daeaa0a9 ] Request (FlavorsAccessNegativeTestJSON:tearDownClass): 204 DELETE http://10.180.1.21/identity/v3/users/cb74f750182d447fa9f22f6e79a9cd06 0.135s
2025-06-07 08:02:45.238 63126 INFO tempest.lib.common.rest_client [req-5f5711fa-f5d2-4d8e-bf39-fed4f3202132 req-5f5711fa-f5d2-4d8e-bf39-fed4f3202132 ] Request (DeleteServersTestJSON:test_delete_active_server): 200 GET http://10.180.1.21/compute/v2.1/servers/704614e0-aaa3-48b6-8208-47af7ca0f367 0.309s
2025-06-07 08:02:45.258 63120 INFO tempest.lib.common.rest_client [req-b0ec34c4-2720-4323-b2f4-9a18a0e7c6c6 req-b0ec34c4-2720-4323-b2f4-9a18a0e7c6c6 ] Request (ServersTestMultiNic:test_verify_duplicate_network_nics): 200 GET http://10.180.1.21/compute/v2.1/servers/65d620ad-0863-4947-945e-0e4b3c01d3a3 0.389s
2025-06-07 08:02:45.292 63096 INFO tempest.lib.common.rest_client [req-30f37ba5-cc67-451d-b6fb-32ec2384d366 req-30f37ba5-cc67-451d-b6fb-32ec2384d366 ] Request (FlavorsAccessNegativeTestJSON:tearDownClass): 204 DELETE http://10.180.1.21/identity/v3/users/945ce8e4921b47ecb891cb532108c670 0.138s
2025-06-07 08:02:45.303 63130 INFO tempest.lib.common.rest_client [req-cbf9d31c-5dad-4871-9b27-82d27f203e18 req-cbf9d31c-5dad-4871-9b27-82d27f203e18 ] Request (VolumesAssistedSnapshotsTest:test_volume_assisted_snapshot_create_delete): 200 GET http://10.180.1.21/compute/v2.1/servers/356088a2-b55e-4ff1-9422-a53ab6830fc9 0.332s
2025-06-07 08:02:45.316 63132 INFO tempest.lib.common.rest_client [req-836237f5-fb8c-49df-a95f-63a063dfc2c9 req-836237f5-fb8c-49df-a95f-63a063dfc2c9 ] Request (ServerGroupTestJSON:test_create_server_with_scheduler_hint_group): 200 GET http://10.180.1.21/compute/v2.1/servers/4e783b92-0668-4e70-9848-4b4320318603 0.324s
2025-06-07 08:02:45.368 63122 INFO tempest.lib.common.rest_client [req-f6c854c4-0755-457b-b341-560f0789a99c req-f6c854c4-0755-457b-b341-560f0789a99c ] Request (InstanceActionsNegativeTestJSON:setUpClass): 200 GET http://10.180.1.21/compute/v2.1/servers/338a113c-1d04-4243-8500-fcc6d458d3ed 0.304s
2025-06-07 08:02:45.393 63096 INFO tempest.lib.common.rest_client [req-186b8a97-7a94-4d41-8e29-54a9e47b863b req-186b8a97-7a94-4d41-8e29-54a9e47b863b ] Request (FlavorsAccessNegativeTestJSON:tearDownClass): 204 DELETE http://10.180.1.21/identity/v3/users/561fe42957cb45b78b92577fee210537 0.101s
2025-06-07 08:02:45.395 63096 INFO tempest.lib.common.dynamic_creds [-] Deleting project and security group for project: ebc05d0d7a7b4395a58413a9682a7cd9
2025-06-07 08:02:45.420 63151 INFO tempest.lib.common.rest_client [req-3568f30f-93b0-4a2e-9105-d1047d763021 req-3568f30f-93b0-4a2e-9105-d1047d763021 ] Request (ServerExternalEventsTest:test_create_server_external_events): 200 GET http://10.180.1.21/compute/v2.1/servers/c56debdf-ab77-4151-bc20-6973ae594d87 0.319s
2025-06-07 08:02:45.431 63110 INFO tempest.lib.common.rest_client [req-15d5006c-2b32-4e11-bd00-c47744e4c8e2 req-15d5006c-2b32-4e11-bd00-c47744e4c8e2 ] Request (ServerDiskConfigTestJSON:test_rebuild_server_with_auto_disk_config): 200 GET http://10.180.1.21/compute/v2.1/servers/f863dfb3-98d5-473b-9e41-85984e350070 0.314s
2025-06-07 08:02:45.461 63096 INFO tempest.lib.common.rest_client [req-d460a52b-0b9c-4998-8714-1d55464ec5ae req-d460a52b-0b9c-4998-8714-1d55464ec5ae ] Request (FlavorsAccessNegativeTestJSON:tearDownClass): 201 POST http://10.180.1.21/identity/v3/auth/tokens 0.065s
2025-06-07 08:02:45.470 63148 INFO tempest.lib.common.rest_client [req-b40f6f10-7cdf-4d3e-9d05-776eb516b76e req-b40f6f10-7cdf-4d3e-9d05-776eb516b76e ] Request (DeleteServersAdminTestJSON:test_delete_server_while_in_error_state): 200 GET http://10.180.1.21/compute/v2.1/servers/a7f9eb88-e447-4f59-814e-6ebbb6a2ecb8 0.300s
2025-06-07 08:02:45.503 63102 INFO tempest.lib.common.rest_client [req-0ba9c129-2ae4-4fd5-a2a0-c7ada594bfba req-0ba9c129-2ae4-4fd5-a2a0-c7ada594bfba ] Request (ServersTestJSON:setUpClass): 200 GET http://10.180.1.21/compute/v2.1/servers/489b821e-f7d0-446f-8197-550c808e5a99 0.279s
2025-06-07 08:02:45.595 63128 INFO tempest.lib.common.rest_client [req-30ac8bb0-fab4-4014-87b6-dcb5b2954c69 req-30ac8bb0-fab4-4014-87b6-dcb5b2954c69 ] Request (ServerDiagnosticsTest:test_get_server_diagnostics): 200 GET http://10.180.1.21/compute/v2.1/servers/012bbc43-f61f-4aef-bd66-32fbe66f8374 0.339s
2025-06-07 08:02:45.658 63116 INFO tempest.lib.common.rest_client [req-e5f4971a-0e03-4222-8483-0aba2b58527a req-e5f4971a-0e03-4222-8483-0aba2b58527a ] Request (ServersWithSpecificFlavorTestJSON:test_verify_created_server_ephemeral_disk): 200 GET http://10.180.1.21/compute/v2.1/servers/52329a92-b534-4811-b117-2041b125f4c7 0.220s
2025-06-07 08:02:45.669 63096 INFO tempest.lib.common.rest_client [req-8552c51c-ae16-4b59-afb7-a82e33e6373f req-8552c51c-ae16-4b59-afb7-a82e33e6373f ] Request (FlavorsAccessNegativeTestJSON:tearDownClass): 200 GET http://10.180.1.21:9696/networking/v2.0/security-groups?tenant_id=ebc05d0d7a7b4395a58413a9682a7cd9&name=default 0.207s
2025-06-07 08:02:45.721 63138 INFO tempest.lib.common.rest_client [req-8b45a520-0562-4d5e-99fc-e5a8e0466f5a req-8b45a520-0562-4d5e-99fc-e5a8e0466f5a ] Request (ServersV294TestFqdnHostnames:setUpClass): 200 GET http://10.180.1.21/compute/v2.1/servers/097bae8e-614d-4322-b767-d56e0dc1b658 0.216s
2025-06-07 08:02:45.765 63094 INFO tempest.lib.common.rest_client [req-515ac468-67cd-476e-9819-c004dcaf1f00 req-515ac468-67cd-476e-9819-c004dcaf1f00 ] Request (MigrationsAdminTest:test_list_migrations_in_flavor_resize_situation): 200 GET http://10.180.1.21/compute/v2.1/servers/022718e2-52ec-4130-81b0-fb39e57d6efe 0.390s
2025-06-07 08:02:45.824 63142 INFO tempest.lib.common.rest_client [req-9a2eab94-e649-475c-8965-327dc8d539e2 req-9a2eab94-e649-475c-8965-327dc8d539e2 ] Request (AttachInterfacesUnderV243Test:test_add_remove_fixed_ip): 200 GET http://10.180.1.21/compute/v2.1/servers/09aa702f-a28c-429b-83d9-378be8606a29 0.246s
2025-06-07 08:02:45.880 63136 INFO tempest.lib.common.rest_client [req-c3747178-a5bf-4000-8015-8ad311fa2a6b req-c3747178-a5bf-4000-8015-8ad311fa2a6b ] Request (ImagesOneServerNegativeTestJSON:setUpClass): 200 GET http://10.180.1.21/compute/v2.1/servers/76b0e03d-9636-4328-bfd5-17c434cfae72 0.221s
2025-06-07 08:02:45.888 63096 INFO tempest.lib.common.rest_client [req-b22456d4-7563-44fa-baad-4aa58fdfcf18 req-b22456d4-7563-44fa-baad-4aa58fdfcf18 ] Request (FlavorsAccessNegativeTestJSON:tearDownClass): 204 DELETE http://10.180.1.21:9696/networking/v2.0/security-groups/aff280aa-7d88-44fc-aba5-18258797c245 0.219s
2025-06-07 08:02:45.917 63100 INFO tempest.lib.common.rest_client [req-24cf32ec-878a-427d-ba21-35bba7434e5d req-24cf32ec-878a-427d-ba21-35bba7434e5d ] Request (ServerActionsV293TestJSON:setUpClass): 200 PUT http://10.180.1.21:9696/networking/v2.0/routers/da6ab98b-9ba3-4694-9a8f-88481f8d4bf4/add_router_interface 1.698s
2025-06-07 08:02:45.918 63100 INFO tempest.lib.common.dynamic_creds [-] Created isolated network resources for: credentials: Credentials: {'domain_id': 'default', 'domain_name': 'Default', 'username': 'tempest-ServerActionsV293TestJSON-132017951-project-member', 'project_domain_id': 'default', 'project_domain_name': 'Default', 'project_id': '259932b94b6a4f07846a8f4c52a44802', 'project_name': 'tempest-ServerActionsV293TestJSON-132017951', 'tenant_id': '259932b94b6a4f07846a8f4c52a44802', 'tenant_name': 'tempest-ServerActionsV293TestJSON-132017951', 'user_domain_id': 'default', 'user_domain_name': 'Default', 'user_id': '9c18f4d50eef4e7dbfeeb0d9907d7c76', 'system': None}, Network: {'id': '5cafb007-1ddc-4bb5-a968-f503a68fc7a2', 'name': 'tempest-ServerActionsV293TestJSON-1110775670-network', 'tenant_id': '259932b94b6a4f07846a8f4c52a44802', 'admin_state_up': True, 'mtu': 8950, 'status': 'ACTIVE', 'subnets': [], 'shared': False, 'project_id': '259932b94b6a4f07846a8f4c52a44802', 'port_security_enabled': True, 'router:external': False, 'provider:network_type': 'vlan', 'provider:physical_network': 'default', 'provider:segmentation_id': 901, 'is_default': False, 'availability_zone_hints': [], 'availability_zones': [], 'ipv4_address_scope': None, 'ipv6_address_scope': None, 'description': '', 'tags': [], 'created_at': '2025-06-07T08:02:42Z', 'updated_at': '2025-06-07T08:02:42Z', 'revision_number': 1}, Subnet: {'id': '1aacb306-5286-439c-b5ee-364d56b87e1d', 'name': 'tempest-ServerActionsV293TestJSON-1110775670-subnet', 'tenant_id': '259932b94b6a4f07846a8f4c52a44802', 'network_id': '5cafb007-1ddc-4bb5-a968-f503a68fc7a2', 'ip_version': 4, 'subnetpool_id': None, 'enable_dhcp': True, 'ipv6_ra_mode': None, 'ipv6_address_mode': None, 'gateway_ip': '192.168.128.1', 'cidr': '192.168.128.0/28', 'allocation_pools': [{'start': '192.168.128.2', 'end': '192.168.128.14'}], 'host_routes': [], 'dns_nameservers': [], 'description': '', 'service_types': [], 'tags': [], 'created_at': '2025-06-07T08:02:42Z', 'updated_at': '2025-06-07T08:02:42Z', 'revision_number': 0, 'project_id': '259932b94b6a4f07846a8f4c52a44802'}, Router: {'id': 'da6ab98b-9ba3-4694-9a8f-88481f8d4bf4', 'name': 'tempest-ServerActionsV293TestJSON-1110775670-router', 'tenant_id': '259932b94b6a4f07846a8f4c52a44802', 'admin_state_up': True, 'status': 'ACTIVE', 'external_gateway_info': {'network_id': 'b8aadd28-7063-49dd-8155-084a148e3ba8', 'external_fixed_ips': [{'subnet_id': '593e18f7-acf9-472b-9916-d5ae538f3fa3', 'ip_address': '10.180.180.225'}], 'enable_snat': True}, 'description': '', 'availability_zones': [], 'distributed': False, 'ha': False, 'availability_zone_hints': [], 'routes': [], 'flavor_id': None, 'tags': [], 'created_at': '2025-06-07T08:02:42Z', 'updated_at': '2025-06-07T08:02:43Z', 'revision_number': 2, 'project_id': '259932b94b6a4f07846a8f4c52a44802'}
2025-06-07 08:02:45.932 63134 INFO tempest.lib.common.rest_client [req-b0f95545-e99c-4251-88d2-9c4002969518 req-b0f95545-e99c-4251-88d2-9c4002969518 ] Request (ServerDiagnosticsNegativeTest:test_get_server_diagnostics_by_non_admin): 200 GET http://10.180.1.21/compute/v2.1/servers/7ab3a69a-9893-4ed2-b3e7-13ed81ee7c77 0.323s
2025-06-07 08:02:45.939 63109 INFO tempest.lib.common.rest_client [req-f9acb3fb-d017-40fa-acc4-9865439719a8 req-f9acb3fb-d017-40fa-acc4-9865439719a8 ] Request (ImagesTestJSON:test_create_image_from_stopped_server): 200 GET http://10.180.1.21/compute/v2.1/servers/22549912-2253-42bb-b2d7-8d0512c2a9d7 0.255s
2025-06-07 08:02:45.967 63096 INFO tempest.lib.common.rest_client [req-463e34a2-67da-40c8-9e90-e7869c4b4f52 req-463e34a2-67da-40c8-9e90-e7869c4b4f52 ] Request (FlavorsAccessNegativeTestJSON:tearDownClass): 204 DELETE http://10.180.1.21/identity/v3/projects/ebc05d0d7a7b4395a58413a9682a7cd9 0.078s
2025-06-07 08:02:45.967 63096 INFO tempest.lib.common.dynamic_creds [-] Deleting project and security group for project: 3f136786a5de44e397a3fc728072acae
2025-06-07 08:02:45.991 63152 INFO tempest.lib.common.rest_client [req-1f6784fb-b50c-456a-a626-2c24f907dea3 req-1f6784fb-b50c-456a-a626-2c24f907dea3 ] Request (ServersAdminTestJSON:setUpClass): 200 GET http://10.180.1.21/compute/v2.1/servers/b845396e-1641-4668-b687-348f1ee8b6f0 0.283s
2025-06-07 08:02:46.005 63140 INFO tempest.lib.common.rest_client [req-1f34ae3f-d3dc-493c-b357-1db010e72277 req-1f34ae3f-d3dc-493c-b357-1db010e72277 ] Request (ImagesNegativeTestJSON:test_create_image_from_deleted_server): 200 GET http://10.180.1.21/compute/v2.1/servers/51817412-7e0a-48fe-8f8e-766eea45e60c 0.259s
2025-06-07 08:02:46.006 63100 INFO tempest.lib.common.rest_client [req-41f8a25a-13cd-44d7-94f7-4b4b463e4ce6 req-41f8a25a-13cd-44d7-94f7-4b4b463e4ce6 ] Request (ServerActionsV293TestJSON:setUpClass): 201 POST http://10.180.1.21/identity/v3/auth/tokens 0.081s
2025-06-07 08:02:46.060 63125 INFO tempest.lib.common.rest_client [req-7aa15424-a70f-4d3a-8d63-e5787cf64a3e req-7aa15424-a70f-4d3a-8d63-e5787cf64a3e ] Request (AttachInterfacesTestJSON:test_create_list_show_delete_interfaces_by_fixed_ip): 200 GET http://10.180.1.21/compute/v2.1/servers/70a8650c-112c-44c2-b3cb-1b8cab557cac 0.258s
2025-06-07 08:02:46.099 63096 INFO tempest.lib.common.rest_client [req-ff979069-0005-4c45-9347-79445ec1ab33 req-ff979069-0005-4c45-9347-79445ec1ab33 ] Request (FlavorsAccessNegativeTestJSON:tearDownClass): 200 GET http://10.180.1.21:9696/networking/v2.0/security-groups?tenant_id=3f136786a5de44e397a3fc728072acae&name=default 0.131s
2025-06-07 08:02:46.130 63118 INFO tempest.lib.common.rest_client [req-f8cc9e39-c963-4394-9c52-6ac89da3f5a6 req-f8cc9e39-c963-4394-9c52-6ac89da3f5a6 ] Request (ImagesOneServerTestJSON:setUpClass): 200 GET http://10.180.1.21/compute/v2.1/servers/4e911f12-5d9c-4713-b1e0-4d87a589a9d8 0.327s
2025-06-07 08:02:46.133 63112 INFO tempest.lib.common.rest_client [req-40c83446-06a6-40b0-91f3-a77f5fe3c96b req-40c83446-06a6-40b0-91f3-a77f5fe3c96b ] Request (InstanceActionsTestJSON:setUpClass): 200 GET http://10.180.1.21/compute/v2.1/servers/b9e1cb26-df61-44aa-952f-e50e24766a6f 0.280s
2025-06-07 08:02:46.236 63096 INFO tempest.lib.common.rest_client [req-4bc43d41-abf1-4b84-9586-1dd2fcc5527a req-4bc43d41-abf1-4b84-9586-1dd2fcc5527a ] Request (FlavorsAccessNegativeTestJSON:tearDownClass): 204 DELETE http://10.180.1.21:9696/networking/v2.0/security-groups/b3fd8d2b-2bb6-41d1-b97b-3b915250009c 0.137s
2025-06-07 08:02:46.256 63100 INFO tempest.lib.common.rest_client [req-4a3b5218-4cc1-4803-9fe3-784f12bd10bf req-4a3b5218-4cc1-4803-9fe3-784f12bd10bf ] Request (ServerActionsV293TestJSON:setUpClass): 201 POST http://10.180.1.21/compute/v2.1/os-keypairs 0.248s
2025-06-07 08:02:46.263 63154 INFO tempest.lib.common.rest_client [req-90e9025d-e074-4b20-a66d-4b45a7f7dbf0 req-90e9025d-e074-4b20-a66d-4b45a7f7dbf0 ] Request (ServerMetadataNegativeTestJSON:setUpClass): 200 GET http://10.180.1.21/compute/v2.1/servers/4357ed8f-14f7-4d44-8d1b-262ccaafe1e0 0.301s
2025-06-07 08:02:46.346 63096 INFO tempest.lib.common.rest_client [req-e2724c80-3bda-462d-9b15-779907a35d12 req-e2724c80-3bda-462d-9b15-779907a35d12 ] Request (FlavorsAccessNegativeTestJSON:tearDownClass): 204 DELETE http://10.180.1.21/identity/v3/projects/3f136786a5de44e397a3fc728072acae 0.109s
2025-06-07 08:02:46.346 63096 INFO tempest.lib.common.dynamic_creds [-] Deleting project and security group for project: 2dcb28cad50148c2a0261bdb0f20cca8
2025-06-07 08:02:46.388 63114 INFO tempest.lib.common.rest_client [req-886acaa9-f56d-43f9-a418-4b3cdfbe472f req-886acaa9-f56d-43f9-a418-4b3cdfbe472f ] Request (MultipleCreateTestJSON:test_multiple_create): 200 GET http://10.180.1.21/compute/v2.1/servers/9a448d2b-0dee-4a90-b131-e6ada542f342 0.379s
2025-06-07 08:02:46.458 63145 INFO tempest.lib.common.rest_client [req-539471cf-9d7f-4c26-9ee8-bf4f4522c4d4 req-539471cf-9d7f-4c26-9ee8-bf4f4522c4d4 ] Request (ServersTestJSON:test_create_server_specify_multibyte_character_name): 200 GET http://10.180.1.21/compute/v2.1/servers/3684a5c7-4998-4d5b-8cb6-7df3a9bf9270 0.374s
2025-06-07 08:02:46.459 63096 INFO tempest.lib.common.rest_client [req-6fe0eca4-f517-4ec6-bca3-4bac3606b790 req-6fe0eca4-f517-4ec6-bca3-4bac3606b790 ] Request (FlavorsAccessNegativeTestJSON:tearDownClass): 200 GET http://10.180.1.21:9696/networking/v2.0/security-groups?tenant_id=2dcb28cad50148c2a0261bdb0f20cca8&name=default 0.112s
2025-06-07 08:02:46.512 63106 INFO tempest.lib.common.rest_client [req-f51798e6-41bd-40e4-9120-13e84f7e041a req-f51798e6-41bd-40e4-9120-13e84f7e041a ] Request (ServersAdminNegativeTestJSON:setUpClass): 200 GET http://10.180.1.21/compute/v2.1/servers/51a8bec7-c8fd-4efb-ad91-eb34bb40a8fe 0.348s
2025-06-07 08:02:46.532 63156 INFO tempest.lib.common.rest_client [req-71820118-dcd6-4775-919b-bef59cb32175 req-71820118-dcd6-4775-919b-bef59cb32175 ] Request (ServerDiagnosticsV248Test:test_get_server_diagnostics): 200 GET http://10.180.1.21/compute/v2.1/servers/7cdd84be-1e0a-4e4a-9e40-b4d589f08914 0.509s
2025-06-07 08:02:46.571 63096 INFO tempest.lib.common.rest_client [req-b8efca86-3c56-4d7a-8347-859e2ca733fd req-b8efca86-3c56-4d7a-8347-859e2ca733fd ] Request (FlavorsAccessNegativeTestJSON:tearDownClass): 204 DELETE http://10.180.1.21:9696/networking/v2.0/security-groups/6ea5afc8-48d9-4cbc-869f-26976356dfbc 0.111s
2025-06-07 08:02:46.571 63126 INFO tempest.lib.common.rest_client [req-82cb30c5-931c-4fcf-848d-7279ff74f5c3 req-82cb30c5-931c-4fcf-848d-7279ff74f5c3 ] Request (DeleteServersTestJSON:test_delete_active_server): 200 GET http://10.180.1.21/compute/v2.1/servers/704614e0-aaa3-48b6-8208-47af7ca0f367 0.324s
2025-06-07 08:02:46.574 63100 INFO tempest.lib.common.rest_client [req-d2e5c588-2809-451f-94c4-b990b9f6251d req-d2e5c588-2809-451f-94c4-b990b9f6251d ] Request (ServerActionsV293TestJSON:setUpClass): 201 POST http://10.180.1.21:9696/networking/v2.0/security-groups 0.316s
2025-06-07 08:02:46.631 63130 INFO tempest.lib.common.rest_client [req-7d6f8ecb-fef6-452d-9b94-254eee39a7c6 req-7d6f8ecb-fef6-452d-9b94-254eee39a7c6 ] Request (VolumesAssistedSnapshotsTest:test_volume_assisted_snapshot_create_delete): 200 GET http://10.180.1.21/compute/v2.1/servers/356088a2-b55e-4ff1-9422-a53ab6830fc9 0.314s
2025-06-07 08:02:46.653 63120 INFO tempest.lib.common.rest_client [req-6a167fa6-179d-45dc-acd4-ae0509d317ea req-6a167fa6-179d-45dc-acd4-ae0509d317ea ] Request (ServersTestMultiNic:test_verify_duplicate_network_nics): 200 GET http://10.180.1.21/compute/v2.1/servers/65d620ad-0863-4947-945e-0e4b3c01d3a3 0.387s
2025-06-07 08:02:46.679 63096 INFO tempest.lib.common.rest_client [req-d8727cd9-3647-4537-9880-4fb1fa759748 req-d8727cd9-3647-4537-9880-4fb1fa759748 ] Request (FlavorsAccessNegativeTestJSON:tearDownClass): 204 DELETE http://10.180.1.21/identity/v3/projects/2dcb28cad50148c2a0261bdb0f20cca8 0.108s
2025-06-07 08:02:46.695 63132 INFO tempest.lib.common.rest_client [req-a2d96160-2cb3-4f93-9384-63dbcd633abc req-a2d96160-2cb3-4f93-9384-63dbcd633abc ] Request (ServerGroupTestJSON:test_create_server_with_scheduler_hint_group): 200 GET http://10.180.1.21/compute/v2.1/servers/4e783b92-0668-4e70-9848-4b4320318603 0.371s
2025-06-07 08:02:46.702 63100 INFO tempest.lib.common.rest_client [req-b4ee899c-75b9-40b8-8b34-e82ed63f3033 req-b4ee899c-75b9-40b8-8b34-e82ed63f3033 ] Request (ServerActionsV293TestJSON:setUpClass): 201 POST http://10.180.1.21:9696/networking/v2.0/security-group-rules 0.128s
2025-06-07 08:02:46.711 63122 INFO tempest.lib.common.rest_client [req-a541acde-ceb0-4207-98e3-1413581e6995 req-a541acde-ceb0-4207-98e3-1413581e6995 ] Request (InstanceActionsNegativeTestJSON:setUpClass): 200 GET http://10.180.1.21/compute/v2.1/servers/338a113c-1d04-4243-8500-fcc6d458d3ed 0.331s
2025-06-07 08:02:46.749 63096 INFO tempest.lib.common.rest_client [req-12e7850d-da82-4062-9c83-6d7175995c37 req-12e7850d-da82-4062-9c83-6d7175995c37 ] Request (ServersAdmin275Test:setUpClass): 201 POST http://10.180.1.21/identity/v3/auth/tokens 0.068s
2025-06-07 08:02:46.767 63110 INFO tempest.lib.common.rest_client [req-a7ee2366-31c7-4c62-9b9f-a86f6f740dee req-a7ee2366-31c7-4c62-9b9f-a86f6f740dee ] Request (ServerDiskConfigTestJSON:test_rebuild_server_with_auto_disk_config): 200 GET http://10.180.1.21/compute/v2.1/servers/f863dfb3-98d5-473b-9e41-85984e350070 0.326s
2025-06-07 08:02:46.787 63096 INFO tempest.lib.common.rest_client [req-7520e938-a3f9-47ca-871d-9161f7575bb6 req-7520e938-a3f9-47ca-871d-9161f7575bb6 ] Request (ServersAdmin275Test:setUpClass): 201 POST http://10.180.1.21/identity/v3/auth/tokens 0.036s
2025-06-07 08:02:46.810 63096 INFO tempest.lib.common.rest_client [req-17fd1709-a22d-44a7-96aa-b2163e3e7728 req-17fd1709-a22d-44a7-96aa-b2163e3e7728 ] Request (ServersAdmin275Test:setUpClass): 200 GET http://10.180.1.21/identity/v3/domains?name=Default 0.023s
2025-06-07 08:02:46.828 63148 INFO tempest.lib.common.rest_client [req-19b7ba19-49ab-422c-ba39-ed96cc76aceb req-19b7ba19-49ab-422c-ba39-ed96cc76aceb ] Request (DeleteServersAdminTestJSON:test_delete_server_while_in_error_state): 200 GET http://10.180.1.21/compute/v2.1/servers/a7f9eb88-e447-4f59-814e-6ebbb6a2ecb8 0.344s
2025-06-07 08:02:46.830 63151 INFO tempest.lib.common.rest_client [req-f8c82b85-c9be-44db-8fc9-148d0ba533cf req-f8c82b85-c9be-44db-8fc9-148d0ba533cf ] Request (ServerExternalEventsTest:test_create_server_external_events): 200 GET http://10.180.1.21/compute/v2.1/servers/c56debdf-ab77-4151-bc20-6973ae594d87 0.402s
2025-06-07 08:02:46.831 63100 INFO tempest.lib.common.rest_client [req-b527f771-4620-4790-bfc4-8777a76095fa req-b527f771-4620-4790-bfc4-8777a76095fa ] Request (ServerActionsV293TestJSON:setUpClass): 201 POST http://10.180.1.21:9696/networking/v2.0/security-group-rules 0.129s
2025-06-07 08:02:46.854 63096 INFO tempest.lib.common.rest_client [req-ea0e0b82-555c-4870-89f9-fa65a45407d5 req-ea0e0b82-555c-4870-89f9-fa65a45407d5 ] Request (ServersAdmin275Test:setUpClass): 201 POST http://10.180.1.21/identity/v3/projects 0.043s
2025-06-07 08:02:46.892 63102 INFO tempest.lib.common.rest_client [req-ef5eeceb-8bfa-45c4-ba27-22934a42d0c5 req-ef5eeceb-8bfa-45c4-ba27-22934a42d0c5 ] Request (ServersTestJSON:setUpClass): 200 GET http://10.180.1.21/compute/v2.1/servers/489b821e-f7d0-446f-8197-550c808e5a99 0.377s
2025-06-07 08:02:46.936 63096 INFO tempest.lib.common.rest_client [req-878b3cd0-97e8-46a2-b716-cb5a418763f0 req-878b3cd0-97e8-46a2-b716-cb5a418763f0 ] Request (ServersAdmin275Test:setUpClass): 201 POST http://10.180.1.21/identity/v3/users 0.082s
2025-06-07 08:02:46.944 63128 INFO tempest.lib.common.rest_client [req-57a0a095-7075-4463-9a13-19a5516299ec req-57a0a095-7075-4463-9a13-19a5516299ec ] Request (ServerDiagnosticsTest:test_get_server_diagnostics): 200 GET http://10.180.1.21/compute/v2.1/servers/012bbc43-f61f-4aef-bd66-32fbe66f8374 0.334s
