2025-06-07 08:03:24.100 63145 INFO tempest.lib.common.rest_client [req-1048c837-789f-4b3e-b075-6b9ad2eda293 req-1048c837-789f-4b3e-b075-6b9ad2eda293 ] Request (ServersTestJSON:test_create_server_specify_multibyte_character_name): 200 GET http://10.180.1.21/compute/v2.1/servers/3684a5c7-4998-4d5b-8cb6-7df3a9bf9270 0.098s
2025-06-07 08:03:24.150 63156 INFO tempest.lib.common.rest_client [req-a42d94a5-45cb-4ae3-a500-3da5e022a425 req-a42d94a5-45cb-4ae3-a500-3da5e022a425 ] Request (ServerDiagnosticsV248Test:test_get_server_diagnostics): 200 GET http://10.180.1.21/compute/v2.1/servers/7cdd84be-1e0a-4e4a-9e40-b4d589f08914 0.083s
2025-06-07 08:03:24.195 63151 INFO tempest.lib.common.rest_client [req-d82ba5fd-42b1-4b36-9006-6e39a2ee270c req-d82ba5fd-42b1-4b36-9006-6e39a2ee270c ] Request (ServerExternalEventsTest:test_create_server_external_events): 200 GET http://10.180.1.21/compute/v2.1/servers/c56debdf-ab77-4151-bc20-6973ae594d87 0.183s
2025-06-07 08:03:24.197 63126 INFO tempest.lib.common.rest_client [req-b0d6f706-9062-447c-8d1c-9e70c9a6bebe req-b0d6f706-9062-447c-8d1c-9e70c9a6bebe ] Request (DeleteServersTestJSON:test_delete_active_server): 200 GET http://10.180.1.21/compute/v2.1/servers/704614e0-aaa3-48b6-8208-47af7ca0f367 0.086s
2025-06-07 08:03:24.243 63132 INFO tempest.lib.common.rest_client [req-ecb09034-3cce-4a21-80c2-3d6f2a68488a req-ecb09034-3cce-4a21-80c2-3d6f2a68488a ] Request (ServerGroupTestJSON:test_create_server_with_scheduler_hint_group): 200 GET http://10.180.1.21/compute/v2.1/servers/4e783b92-0668-4e70-9848-4b4320318603 0.085s
2025-06-07 08:03:24.259 63130 INFO tempest.lib.common.rest_client [req-63294b66-6e5b-4de3-a0d3-4d2f56d20311 req-63294b66-6e5b-4de3-a0d3-4d2f56d20311 ] Request (VolumesAssistedSnapshotsTest:test_volume_assisted_snapshot_create_delete): 200 GET http://10.180.1.21/compute/v2.1/servers/356088a2-b55e-4ff1-9422-a53ab6830fc9 0.051s
2025-06-07 08:03:24.288 63106 INFO tempest.lib.common.rest_client [req-96076780-153d-4adc-9773-9f7a75d8ab31 req-96076780-153d-4adc-9773-9f7a75d8ab31 ] Request (ServersAdminNegativeTestJSON:setUpClass): 200 GET http://10.180.1.21/compute/v2.1/servers/51a8bec7-c8fd-4efb-ad91-eb34bb40a8fe 0.059s
2025-06-07 08:03:24.323 63122 INFO tempest.lib.common.rest_client [req-fb971279-0f65-4581-a3dd-17abb7982ca5 req-fb971279-0f65-4581-a3dd-17abb7982ca5 ] Request (InstanceActionsNegativeTestJSON:setUpClass): 200 GET http://10.180.1.21/compute/v2.1/servers/338a113c-1d04-4243-8500-fcc6d458d3ed 0.046s
2025-06-07 08:03:24.408 63148 INFO tempest.lib.common.rest_client [req-ad00fd2b-a6ff-4d36-a96b-600c3963d33c req-ad00fd2b-a6ff-4d36-a96b-600c3963d33c ] Request (DeleteServersAdminTestJSON:test_delete_server_while_in_error_state): 200 GET http://10.180.1.21/compute/v2.1/servers/a7f9eb88-e447-4f59-814e-6ebbb6a2ecb8 0.050s
2025-06-07 08:03:24.463 63100 INFO tempest.lib.common.rest_client [req-c3d8539e-446c-45be-8bb4-c76353ffca7e req-c3d8539e-446c-45be-8bb4-c76353ffca7e ] Request (ServerActionsV293TestJSON:setUpClass): 200 GET http://10.180.1.21/compute/v2.1/servers/5b935b76-027b-4b4a-a61b-3e4cc2f36c08 0.052s
2025-06-07 08:03:24.502 63120 INFO tempest.lib.common.rest_client [req-2ca9d174-1920-4b2e-8c32-74cb40d05adb req-2ca9d174-1920-4b2e-8c32-74cb40d05adb ] Request (ServersTestMultiNic:test_verify_duplicate_network_nics): 200 GET http://10.180.1.21/compute/v2.1/servers/65d620ad-0863-4947-945e-0e4b3c01d3a3 0.188s
2025-06-07 08:03:24.513 63102 INFO tempest.lib.common.rest_client [req-be727d10-dbd8-4562-8c4a-c6757d95c5be req-be727d10-dbd8-4562-8c4a-c6757d95c5be ] Request (ServersTestJSON:setUpClass): 200 GET http://10.180.1.21/compute/v2.1/servers/489b821e-f7d0-446f-8197-550c808e5a99 0.059s
2025-06-07 08:03:24.643 63128 INFO tempest.lib.common.rest_client [req-69c7da16-f6f2-4894-a5e2-7fbe2a602bcf req-69c7da16-f6f2-4894-a5e2-7fbe2a602bcf ] Request (ServerDiagnosticsTest:test_get_server_diagnostics): 200 GET http://10.180.1.21/compute/v2.1/servers/012bbc43-f61f-4aef-bd66-32fbe66f8374 0.096s
2025-06-07 08:03:24.644 63110 INFO tempest.lib.common.rest_client [req-9cb2cf2d-a72b-4e9e-864f-df6d478bae9a req-9cb2cf2d-a72b-4e9e-864f-df6d478bae9a ] Request (ServerDiskConfigTestJSON:test_rebuild_server_with_auto_disk_config): 200 GET http://10.180.1.21/compute/v2.1/servers/f863dfb3-98d5-473b-9e41-85984e350070 0.048s
2025-06-07 08:03:24.694 63116 INFO tempest.lib.common.rest_client [req-1ba26b91-bf2a-4000-ba79-4a2caeec275e req-1ba26b91-bf2a-4000-ba79-4a2caeec275e ] Request (ServersWithSpecificFlavorTestJSON:test_verify_created_server_ephemeral_disk): 200 GET http://10.180.1.21/compute/v2.1/servers/52329a92-b534-4811-b117-2041b125f4c7 0.050s
2025-06-07 08:03:24.740 63109 INFO tempest.lib.common.rest_client [req-89ec6219-465c-4551-9cae-0df65ea494e5 req-89ec6219-465c-4551-9cae-0df65ea494e5 ] Request (ImagesTestJSON:test_create_image_from_stopped_server): 200 GET http://10.180.1.21/compute/v2.1/servers/22549912-2253-42bb-b2d7-8d0512c2a9d7 0.095s
2025-06-07 08:03:24.792 63138 INFO tempest.lib.common.rest_client [req-8cff920c-9920-44d8-aa28-f72931f258fd req-8cff920c-9920-44d8-aa28-f72931f258fd ] Request (ServersV294TestFqdnHostnames:setUpClass): 200 GET http://10.180.1.21/compute/v2.1/servers/097bae8e-614d-4322-b767-d56e0dc1b658 0.094s
2025-06-07 08:03:24.899 63114 INFO tempest.lib.common.rest_client [req-3827cb3d-918b-4b1f-822f-c78d814e546b req-3827cb3d-918b-4b1f-822f-c78d814e546b ] Request (MultipleCreateTestJSON:test_multiple_create): 200 GET http://10.180.1.21/compute/v2.1/servers/9a448d2b-0dee-4a90-b131-e6ada542f342 0.298s
2025-06-07 08:03:24.924 63142 INFO tempest.lib.common.rest_client [req-06cbfc98-d508-42ea-be5f-2dd584d28711 req-06cbfc98-d508-42ea-be5f-2dd584d28711 ] Request (AttachInterfacesUnderV243Test:test_add_remove_fixed_ip): 200 GET http://10.180.1.21/compute/v2.1/servers/09aa702f-a28c-429b-83d9-378be8606a29 0.183s
2025-06-07 08:03:24.943 63094 INFO tempest.lib.common.rest_client [req-3ff2509b-6f2f-4c54-b202-5a200c029126 req-3ff2509b-6f2f-4c54-b202-5a200c029126 ] Request (MigrationsAdminTest:test_resize_server_revert_deleted_flavor): 200 GET http://10.180.1.21/compute/v2.1/servers/8852d058-a494-47e4-977d-289b5126f7ae 0.157s
2025-06-07 08:03:24.990 63152 INFO tempest.lib.common.rest_client [req-6b922aa5-b68a-4201-b1a9-e3945d8ef466 req-6b922aa5-b68a-4201-b1a9-e3945d8ef466 ] Request (ServersAdminTestJSON:setUpClass): 200 GET http://10.180.1.21/compute/v2.1/servers/b845396e-1641-4668-b687-348f1ee8b6f0 0.149s
2025-06-07 08:03:25.013 63134 INFO tempest.lib.common.rest_client [req-efa0d5fe-38c0-4c14-9b40-5f5f9959cd6c req-efa0d5fe-38c0-4c14-9b40-5f5f9959cd6c ] Request (ServerDiagnosticsNegativeTest:test_get_server_diagnostics_by_non_admin): 200 GET http://10.180.1.21/compute/v2.1/servers/7ab3a69a-9893-4ed2-b3e7-13ed81ee7c77 0.222s
2025-06-07 08:03:25.058 63140 INFO tempest.lib.common.rest_client [req-44f52420-ebd8-4bdf-a304-763de14029b9 req-44f52420-ebd8-4bdf-a304-763de14029b9 ] Request (ImagesNegativeTestJSON:test_create_image_from_deleted_server): 200 GET http://10.180.1.21/compute/v2.1/servers/51817412-7e0a-48fe-8f8e-766eea45e60c 0.160s
2025-06-07 08:03:25.110 63096 INFO tempest.lib.common.rest_client [req-0525443e-6e85-4233-8c16-cb5c26d33bc3 req-0525443e-6e85-4233-8c16-cb5c26d33bc3 ] Request (ServersAdmin275Test:test_rebuild_update_server_275): 200 GET http://10.180.1.21/compute/v2.1/servers/952194e3-6318-4ecc-8d48-bda3811c4d49 0.158s
2025-06-07 08:03:25.117 63118 INFO tempest.lib.common.rest_client [req-210dfdfa-eaab-4d54-bd7e-1f0ff34ec102 req-210dfdfa-eaab-4d54-bd7e-1f0ff34ec102 ] Request (ImagesOneServerTestJSON:setUpClass): 200 GET http://10.180.1.21/compute/v2.1/servers/4e911f12-5d9c-4713-b1e0-4d87a589a9d8 0.233s
2025-06-07 08:03:25.154 63112 INFO tempest.lib.common.rest_client [req-d379a081-9eda-4b8b-b673-51c9109eb148 req-d379a081-9eda-4b8b-b673-51c9109eb148 ] Request (InstanceActionsTestJSON:setUpClass): 200 GET http://10.180.1.21/compute/v2.1/servers/b9e1cb26-df61-44aa-952f-e50e24766a6f 0.158s
2025-06-07 08:03:25.199 63125 INFO tempest.lib.common.rest_client [req-3db16a2d-3299-4cc5-8558-6613d633c17d req-3db16a2d-3299-4cc5-8558-6613d633c17d ] Request (AttachInterfacesTestJSON:test_create_list_show_delete_interfaces_by_fixed_ip): 200 GET http://10.180.1.21/compute/v2.1/servers/70a8650c-112c-44c2-b3cb-1b8cab557cac 0.146s
2025-06-07 08:03:25.210 63136 INFO tempest.lib.common.rest_client [req-cacdb580-cdf9-412e-893a-47c8bac984b6 req-cacdb580-cdf9-412e-893a-47c8bac984b6 ] Request (ImagesOneServerNegativeTestJSON:setUpClass): 200 GET http://10.180.1.21/compute/v2.1/servers/76b0e03d-9636-4328-bfd5-17c434cfae72 0.202s
2025-06-07 08:03:25.258 63145 INFO tempest.lib.common.rest_client [req-3b901396-981a-4b60-bf64-b81953d8ea16 req-3b901396-981a-4b60-bf64-b81953d8ea16 ] Request (ServersTestJSON:test_create_server_specify_multibyte_character_name): 200 GET http://10.180.1.21/compute/v2.1/servers/3684a5c7-4998-4d5b-8cb6-7df3a9bf9270 0.149s
2025-06-07 08:03:25.293 63154 INFO tempest.lib.common.rest_client [req-53ca1dac-9d93-447f-af97-3a7eeb9b074c req-53ca1dac-9d93-447f-af97-3a7eeb9b074c ] Request (ServerMetadataNegativeTestJSON:setUpClass): 200 GET http://10.180.1.21/compute/v2.1/servers/4357ed8f-14f7-4d44-8d1b-262ccaafe1e0 0.203s
2025-06-07 08:03:25.305 63156 INFO tempest.lib.common.rest_client [req-aa06edee-c82b-40ea-a5ed-555e1570ec1d req-aa06edee-c82b-40ea-a5ed-555e1570ec1d ] Request (ServerDiagnosticsV248Test:test_get_server_diagnostics): 200 GET http://10.180.1.21/compute/v2.1/servers/7cdd84be-1e0a-4e4a-9e40-b4d589f08914 0.144s
2025-06-07 08:03:25.350 63126 INFO tempest.lib.common.rest_client [req-7c699b9a-0c6b-4cbc-bb55-ecd96deeed11 req-7c699b9a-0c6b-4cbc-bb55-ecd96deeed11 ] Request (DeleteServersTestJSON:test_delete_active_server): 200 GET http://10.180.1.21/compute/v2.1/servers/704614e0-aaa3-48b6-8208-47af7ca0f367 0.145s
2025-06-07 08:03:25.385 63151 INFO tempest.lib.common.rest_client [req-237b7473-9c60-4bb6-8cc3-1aaa8fb0bf62 req-237b7473-9c60-4bb6-8cc3-1aaa8fb0bf62 ] Request (ServerExternalEventsTest:test_create_server_external_events): 200 GET http://10.180.1.21/compute/v2.1/servers/c56debdf-ab77-4151-bc20-6973ae594d87 0.182s
2025-06-07 08:03:25.397 63132 INFO tempest.lib.common.rest_client [req-3813a657-dbc7-46b3-a387-c68d9560da7e req-3813a657-dbc7-46b3-a387-c68d9560da7e ] Request (ServerGroupTestJSON:test_create_server_with_scheduler_hint_group): 200 GET http://10.180.1.21/compute/v2.1/servers/4e783b92-0668-4e70-9848-4b4320318603 0.147s
2025-06-07 08:03:25.430 63130 INFO tempest.lib.common.rest_client [req-12f7cff9-0c5e-45c3-b51b-43f0b886df42 req-12f7cff9-0c5e-45c3-b51b-43f0b886df42 ] Request (VolumesAssistedSnapshotsTest:test_volume_assisted_snapshot_create_delete): 200 GET http://10.180.1.21/compute/v2.1/servers/356088a2-b55e-4ff1-9422-a53ab6830fc9 0.163s
2025-06-07 08:03:25.442 63106 INFO tempest.lib.common.rest_client [req-c477fdea-e5ac-4c7a-8ca7-2f72c717a09b req-c477fdea-e5ac-4c7a-8ca7-2f72c717a09b ] Request (ServersAdminNegativeTestJSON:setUpClass): 200 GET http://10.180.1.21/compute/v2.1/servers/51a8bec7-c8fd-4efb-ad91-eb34bb40a8fe 0.145s
2025-06-07 08:03:25.476 63122 INFO tempest.lib.common.rest_client [req-b651c035-1276-4a7c-b918-04c4acdd4d1c req-b651c035-1276-4a7c-b918-04c4acdd4d1c ] Request (InstanceActionsNegativeTestJSON:setUpClass): 200 GET http://10.180.1.21/compute/v2.1/servers/338a113c-1d04-4243-8500-fcc6d458d3ed 0.145s
2025-06-07 08:03:25.487 63148 INFO tempest.lib.common.rest_client [req-59984d6d-4069-4891-9d7f-510ea0e42654 req-59984d6d-4069-4891-9d7f-510ea0e42654 ] Request (DeleteServersAdminTestJSON:test_delete_server_while_in_error_state): 200 GET http://10.180.1.21/compute/v2.1/servers/a7f9eb88-e447-4f59-814e-6ebbb6a2ecb8 0.071s
2025-06-07 08:03:25.526 63100 INFO tempest.lib.common.rest_client [req-31b908db-3491-4c43-a6fd-2afd1784b0b2 req-31b908db-3491-4c43-a6fd-2afd1784b0b2 ] Request (ServerActionsV293TestJSON:setUpClass): 200 GET http://10.180.1.21/compute/v2.1/servers/5b935b76-027b-4b4a-a61b-3e4cc2f36c08 0.053s
2025-06-07 08:03:25.572 63102 INFO tempest.lib.common.rest_client [req-998109f6-0eba-477e-91bc-c070b8b0c420 req-998109f6-0eba-477e-91bc-c070b8b0c420 ] Request (ServersTestJSON:setUpClass): 200 GET http://10.180.1.21/compute/v2.1/servers/489b821e-f7d0-446f-8197-550c808e5a99 0.051s
2025-06-07 08:03:25.611 63120 INFO tempest.lib.common.rest_client [req-cfb4ff4c-59e5-4d49-aba3-12067c43e00c req-cfb4ff4c-59e5-4d49-aba3-12067c43e00c ] Request (ServersTestMultiNic:test_verify_duplicate_network_nics): 200 GET http://10.180.1.21/compute/v2.1/servers/65d620ad-0863-4947-945e-0e4b3c01d3a3 0.101s
2025-06-07 08:03:25.700 63110 INFO tempest.lib.common.rest_client [req-066fed91-43ef-4819-9724-9b9889759b27 req-066fed91-43ef-4819-9724-9b9889759b27 ] Request (ServerDiskConfigTestJSON:test_rebuild_server_with_auto_disk_config): 200 GET http://10.180.1.21/compute/v2.1/servers/f863dfb3-98d5-473b-9e41-85984e350070 0.048s
2025-06-07 08:03:25.745 63128 INFO tempest.lib.common.rest_client [req-da31121f-51ce-44ed-8693-e1d48531d6ad req-da31121f-51ce-44ed-8693-e1d48531d6ad ] Request (ServerDiagnosticsTest:test_get_server_diagnostics): 200 GET http://10.180.1.21/compute/v2.1/servers/012bbc43-f61f-4aef-bd66-32fbe66f8374 0.094s
2025-06-07 08:03:25.748 63116 INFO tempest.lib.common.rest_client [req-39cbb9a4-97fa-4f91-8a6e-b9240fca5527 req-39cbb9a4-97fa-4f91-8a6e-b9240fca5527 ] Request (ServersWithSpecificFlavorTestJSON:test_verify_created_server_ephemeral_disk): 200 GET http://10.180.1.21/compute/v2.1/servers/52329a92-b534-4811-b117-2041b125f4c7 0.046s
2025-06-07 08:03:25.794 63109 INFO tempest.lib.common.rest_client [req-e6e0cd71-3519-437f-b78a-7a7bb42be88b req-e6e0cd71-3519-437f-b78a-7a7bb42be88b ] Request (ImagesTestJSON:test_create_image_from_stopped_server): 200 GET http://10.180.1.21/compute/v2.1/servers/22549912-2253-42bb-b2d7-8d0512c2a9d7 0.047s
2025-06-07 08:03:25.857 63138 INFO tempest.lib.common.rest_client [req-78dce87b-6a14-4cfa-8af1-bb806cfd83b7 req-78dce87b-6a14-4cfa-8af1-bb806cfd83b7 ] Request (ServersV294TestFqdnHostnames:setUpClass): 200 GET http://10.180.1.21/compute/v2.1/servers/097bae8e-614d-4322-b767-d56e0dc1b658 0.054s
2025-06-07 08:03:26.006 63114 INFO tempest.lib.common.rest_client [req-b45c753c-c01e-4d39-b61b-62f8ab3cd190 req-b45c753c-c01e-4d39-b61b-62f8ab3cd190 ] Request (MultipleCreateTestJSON:test_multiple_create): 200 GET http://10.180.1.21/compute/v2.1/servers/9a448d2b-0dee-4a90-b131-e6ada542f342 0.099s
2025-06-07 08:03:26.052 63142 INFO tempest.lib.common.rest_client [req-281653d4-f453-4b2f-b864-4adaa8f7491f req-281653d4-f453-4b2f-b864-4adaa8f7491f ] Request (AttachInterfacesUnderV243Test:test_add_remove_fixed_ip): 200 GET http://10.180.1.21/compute/v2.1/servers/09aa702f-a28c-429b-83d9-378be8606a29 0.120s
2025-06-07 08:03:26.057 63094 INFO tempest.lib.common.rest_client [req-5971537a-1e16-45d7-94e7-b264c4ebc57d req-5971537a-1e16-45d7-94e7-b264c4ebc57d ] Request (MigrationsAdminTest:test_resize_server_revert_deleted_flavor): 200 GET http://10.180.1.21/compute/v2.1/servers/8852d058-a494-47e4-977d-289b5126f7ae 0.106s
2025-06-07 08:03:26.099 63152 INFO tempest.lib.common.rest_client [req-6472eab8-f717-41e1-b7fc-15019488d6a2 req-6472eab8-f717-41e1-b7fc-15019488d6a2 ] Request (ServersAdminTestJSON:setUpClass): 200 GET http://10.180.1.21/compute/v2.1/servers/b845396e-1641-4668-b687-348f1ee8b6f0 0.101s
2025-06-07 08:03:26.148 63140 INFO tempest.lib.common.rest_client [req-e4e2caea-2800-4826-8f67-961560076577 req-e4e2caea-2800-4826-8f67-961560076577 ] Request (ImagesNegativeTestJSON:test_create_image_from_deleted_server): 200 GET http://10.180.1.21/compute/v2.1/servers/51817412-7e0a-48fe-8f8e-766eea45e60c 0.082s
2025-06-07 08:03:26.196 63134 INFO tempest.lib.common.rest_client [req-312e11e4-98a2-4583-8062-d6abde907104 req-312e11e4-98a2-4583-8062-d6abde907104 ] Request (ServerDiagnosticsNegativeTest:test_get_server_diagnostics_by_non_admin): 200 GET http://10.180.1.21/compute/v2.1/servers/7ab3a69a-9893-4ed2-b3e7-13ed81ee7c77 0.176s
2025-06-07 08:03:26.200 63096 INFO tempest.lib.common.rest_client [req-dd3011c7-0737-4ec8-a3a4-6423beceb028 req-dd3011c7-0737-4ec8-a3a4-6423beceb028 ] Request (ServersAdmin275Test:test_rebuild_update_server_275): 200 GET http://10.180.1.21/compute/v2.1/servers/952194e3-6318-4ecc-8d48-bda3811c4d49 0.079s
2025-06-07 08:03:26.248 63112 INFO tempest.lib.common.rest_client [req-9afa391c-7c29-4d1f-b4f1-52fb4acfa96d req-9afa391c-7c29-4d1f-b4f1-52fb4acfa96d ] Request (InstanceActionsTestJSON:setUpClass): 200 GET http://10.180.1.21/compute/v2.1/servers/b9e1cb26-df61-44aa-952f-e50e24766a6f 0.085s
2025-06-07 08:03:26.300 63125 INFO tempest.lib.common.rest_client [req-1cb7ebc4-8d2e-4af6-9434-d3052304b558 req-1cb7ebc4-8d2e-4af6-9434-d3052304b558 ] Request (AttachInterfacesTestJSON:test_create_list_show_delete_interfaces_by_fixed_ip): 200 GET http://10.180.1.21/compute/v2.1/servers/70a8650c-112c-44c2-b3cb-1b8cab557cac 0.092s
2025-06-07 08:03:26.355 63118 INFO tempest.lib.common.rest_client [req-ee15be6c-914c-42d5-85f9-8db56a4cb356 req-ee15be6c-914c-42d5-85f9-8db56a4cb356 ] Request (ImagesOneServerTestJSON:setUpClass): 200 GET http://10.180.1.21/compute/v2.1/servers/4e911f12-5d9c-4713-b1e0-4d87a589a9d8 0.230s
2025-06-07 08:03:26.402 63136 INFO tempest.lib.common.rest_client [req-f0202936-f8be-42c2-948f-56de0424993d req-f0202936-f8be-42c2-948f-56de0424993d ] Request (ImagesOneServerNegativeTestJSON:setUpClass): 200 GET http://10.180.1.21/compute/v2.1/servers/76b0e03d-9636-4328-bfd5-17c434cfae72 0.184s
2025-06-07 08:03:26.408 63145 INFO tempest.lib.common.rest_client [req-cbbc8cfc-7ec9-46db-8b8f-27377b1387fe req-cbbc8cfc-7ec9-46db-8b8f-27377b1387fe ] Request (ServersTestJSON:test_create_server_specify_multibyte_character_name): 200 GET http://10.180.1.21/compute/v2.1/servers/3684a5c7-4998-4d5b-8cb6-7df3a9bf9270 0.142s
2025-06-07 08:03:26.467 63156 INFO tempest.lib.common.rest_client [req-d90d260a-704a-4eb6-91ed-7840ade72b76 req-d90d260a-704a-4eb6-91ed-7840ade72b76 ] Request (ServerDiagnosticsV248Test:test_get_server_diagnostics): 200 GET http://10.180.1.21/compute/v2.1/servers/7cdd84be-1e0a-4e4a-9e40-b4d589f08914 0.152s
2025-06-07 08:03:26.529 63126 INFO tempest.lib.common.rest_client [req-d058995a-93bd-4ba1-910c-f56fdb85ab88 req-d058995a-93bd-4ba1-910c-f56fdb85ab88 ] Request (DeleteServersTestJSON:test_delete_active_server): 200 GET http://10.180.1.21/compute/v2.1/servers/704614e0-aaa3-48b6-8208-47af7ca0f367 0.171s
2025-06-07 08:03:26.551 63154 INFO tempest.lib.common.rest_client [req-c07cd4ed-c345-42d0-9f1c-8ddbb34c08da req-c07cd4ed-c345-42d0-9f1c-8ddbb34c08da ] Request (ServerMetadataNegativeTestJSON:setUpClass): 200 GET http://10.180.1.21/compute/v2.1/servers/4357ed8f-14f7-4d44-8d1b-262ccaafe1e0 0.251s
2025-06-07 08:03:26.600 63132 INFO tempest.lib.common.rest_client [req-178af0cf-ce13-49b7-9e86-079cfcb881d2 req-178af0cf-ce13-49b7-9e86-079cfcb881d2 ] Request (ServerGroupTestJSON:test_create_server_with_scheduler_hint_group): 200 GET http://10.180.1.21/compute/v2.1/servers/4e783b92-0668-4e70-9848-4b4320318603 0.194s
2025-06-07 08:03:26.637 63151 INFO tempest.lib.common.rest_client [req-bfe4eb6d-3ee5-47d8-8a94-fd2c3f2f1f5c req-bfe4eb6d-3ee5-47d8-8a94-fd2c3f2f1f5c ] Request (ServerExternalEventsTest:test_create_server_external_events): 200 GET http://10.180.1.21/compute/v2.1/servers/c56debdf-ab77-4151-bc20-6973ae594d87 0.243s
2025-06-07 08:03:26.650 63130 INFO tempest.lib.common.rest_client [req-52f9e621-7ed0-4b8c-a66c-46e63813f7fa req-52f9e621-7ed0-4b8c-a66c-46e63813f7fa ] Request (VolumesAssistedSnapshotsTest:test_volume_assisted_snapshot_create_delete): 200 GET http://10.180.1.21/compute/v2.1/servers/356088a2-b55e-4ff1-9422-a53ab6830fc9 0.212s
2025-06-07 08:03:26.688 63106 INFO tempest.lib.common.rest_client [req-86f20a0e-66a5-4ca9-9ee8-5686916319e5 req-86f20a0e-66a5-4ca9-9ee8-5686916319e5 ] Request (ServersAdminNegativeTestJSON:setUpClass): 200 GET http://10.180.1.21/compute/v2.1/servers/51a8bec7-c8fd-4efb-ad91-eb34bb40a8fe 0.238s
2025-06-07 08:03:26.700 63122 INFO tempest.lib.common.rest_client [req-bdef6378-5bb7-4c43-ac35-b64de166391b req-bdef6378-5bb7-4c43-ac35-b64de166391b ] Request (InstanceActionsNegativeTestJSON:setUpClass): 200 GET http://10.180.1.21/compute/v2.1/servers/338a113c-1d04-4243-8500-fcc6d458d3ed 0.216s
2025-06-07 08:03:26.737 63148 INFO tempest.lib.common.rest_client [req-91c60490-7d50-4507-bc28-970c1c9d29eb req-91c60490-7d50-4507-bc28-970c1c9d29eb ] Request (DeleteServersAdminTestJSON:test_delete_server_while_in_error_state): 200 GET http://10.180.1.21/compute/v2.1/servers/a7f9eb88-e447-4f59-814e-6ebbb6a2ecb8 0.242s
2025-06-07 08:03:26.757 63100 INFO tempest.lib.common.rest_client [req-646d39e1-5717-492e-ad5e-b6e37bb669d8 req-646d39e1-5717-492e-ad5e-b6e37bb669d8 ] Request (ServerActionsV293TestJSON:setUpClass): 200 GET http://10.180.1.21/compute/v2.1/servers/5b935b76-027b-4b4a-a61b-3e4cc2f36c08 0.220s
2025-06-07 08:03:26.792 63102 INFO tempest.lib.common.rest_client [req-f1afc441-6cc3-4c72-a126-a2242e6c15e8 req-f1afc441-6cc3-4c72-a126-a2242e6c15e8 ] Request (ServersTestJSON:setUpClass): 200 GET http://10.180.1.21/compute/v2.1/servers/489b821e-f7d0-446f-8197-550c808e5a99 0.212s
2025-06-07 08:03:26.849 63110 INFO tempest.lib.common.rest_client [req-d3b96ed2-fde7-466b-a95a-99536b9b339b req-d3b96ed2-fde7-466b-a95a-99536b9b339b ] Request (ServerDiskConfigTestJSON:test_rebuild_server_with_auto_disk_config): 200 GET http://10.180.1.21/compute/v2.1/servers/f863dfb3-98d5-473b-9e41-85984e350070 0.141s
2025-06-07 08:03:26.874 63120 INFO tempest.lib.common.rest_client [req-289def6d-ea99-4373-aec1-981b04b22c77 req-289def6d-ea99-4373-aec1-981b04b22c77 ] Request (ServersTestMultiNic:test_verify_duplicate_network_nics): 200 GET http://10.180.1.21/compute/v2.1/servers/65d620ad-0863-4947-945e-0e4b3c01d3a3 0.254s
2025-06-07 08:03:26.932 63116 INFO tempest.lib.common.rest_client [req-8e7a82fc-999c-4043-9e78-d6788a82da46 req-8e7a82fc-999c-4043-9e78-d6788a82da46 ] Request (ServersWithSpecificFlavorTestJSON:test_verify_created_server_ephemeral_disk): 200 GET http://10.180.1.21/compute/v2.1/servers/52329a92-b534-4811-b117-2041b125f4c7 0.176s
2025-06-07 08:03:26.945 63128 INFO tempest.lib.common.rest_client [req-24027757-e355-463a-a523-7aa22cb37cfe req-24027757-e355-463a-a523-7aa22cb37cfe ] Request (ServerDiagnosticsTest:test_get_server_diagnostics): 200 GET http://10.180.1.21/compute/v2.1/servers/012bbc43-f61f-4aef-bd66-32fbe66f8374 0.192s
2025-06-07 08:03:26.989 63109 INFO tempest.lib.common.rest_client [req-8d9c52ea-d216-44e2-ae64-90bc212490cc req-8d9c52ea-d216-44e2-ae64-90bc212490cc ] Request (ImagesTestJSON:test_create_image_from_stopped_server): 200 GET http://10.180.1.21/compute/v2.1/servers/22549912-2253-42bb-b2d7-8d0512c2a9d7 0.187s
2025-06-07 08:03:27.006 63138 INFO tempest.lib.common.rest_client [req-8aedc1e0-6755-4793-801c-6696d0d4867f req-8aedc1e0-6755-4793-801c-6696d0d4867f ] Request (ServersV294TestFqdnHostnames:setUpClass): 200 GET http://10.180.1.21/compute/v2.1/servers/097bae8e-614d-4322-b767-d56e0dc1b658 0.138s
2025-06-07 08:03:27.116 63114 INFO tempest.lib.common.rest_client [req-12b84e3c-f1be-4cb9-84eb-863be86e28ad req-12b84e3c-f1be-4cb9-84eb-863be86e28ad ] Request (MultipleCreateTestJSON:test_multiple_create): 200 GET http://10.180.1.21/compute/v2.1/servers/9a448d2b-0dee-4a90-b131-e6ada542f342 0.101s
2025-06-07 08:03:27.160 63142 INFO tempest.lib.common.rest_client [req-d7ee2ba7-5e86-4a36-a6a6-3095226be6bc req-d7ee2ba7-5e86-4a36-a6a6-3095226be6bc ] Request (AttachInterfacesUnderV243Test:test_add_remove_fixed_ip): 200 GET http://10.180.1.21/compute/v2.1/servers/09aa702f-a28c-429b-83d9-378be8606a29 0.101s
2025-06-07 08:03:27.164 63094 INFO tempest.lib.common.rest_client [req-ae29470b-7168-4aac-8552-1808ff98ed26 req-ae29470b-7168-4aac-8552-1808ff98ed26 ] Request (MigrationsAdminTest:test_resize_server_revert_deleted_flavor): 200 GET http://10.180.1.21/compute/v2.1/servers/8852d058-a494-47e4-977d-289b5126f7ae 0.099s
2025-06-07 08:03:27.208 63152 INFO tempest.lib.common.rest_client [req-236bac17-4de9-49b1-ad30-9d5a6bfad4b1 req-236bac17-4de9-49b1-ad30-9d5a6bfad4b1 ] Request (ServersAdminTestJSON:setUpClass): 200 GET http://10.180.1.21/compute/v2.1/servers/b845396e-1641-4668-b687-348f1ee8b6f0 0.100s
2025-06-07 08:03:27.211 63140 INFO tempest.lib.common.rest_client [req-93b66058-da5e-4cac-985f-5a4e935ce7ca req-93b66058-da5e-4cac-985f-5a4e935ce7ca ] Request (ImagesNegativeTestJSON:test_create_image_from_deleted_server): 200 GET http://10.180.1.21/compute/v2.1/servers/51817412-7e0a-48fe-8f8e-766eea45e60c 0.055s
2025-06-07 08:03:27.266 63096 INFO tempest.lib.common.rest_client [req-3a34d8d8-8d07-4f27-b18b-810c8aa6e753 req-3a34d8d8-8d07-4f27-b18b-810c8aa6e753 ] Request (ServersAdmin275Test:test_rebuild_update_server_275): 200 GET http://10.180.1.21/compute/v2.1/servers/952194e3-6318-4ecc-8d48-bda3811c4d49 0.056s
2025-06-07 08:03:27.308 63134 INFO tempest.lib.common.rest_client [req-667ed8cb-1cdf-4ddb-a538-e02e9d93cec4 req-667ed8cb-1cdf-4ddb-a538-e02e9d93cec4 ] Request (ServerDiagnosticsNegativeTest:test_get_server_diagnostics_by_non_admin): 200 GET http://10.180.1.21/compute/v2.1/servers/7ab3a69a-9893-4ed2-b3e7-13ed81ee7c77 0.103s
2025-06-07 08:03:27.316 63112 INFO tempest.lib.common.rest_client [req-376266ca-b331-44a6-a360-d029f738da67 req-376266ca-b331-44a6-a360-d029f738da67 ] Request (InstanceActionsTestJSON:setUpClass): 200 GET http://10.180.1.21/compute/v2.1/servers/b9e1cb26-df61-44aa-952f-e50e24766a6f 0.058s
2025-06-07 08:03:27.357 63125 INFO tempest.lib.common.rest_client [req-5c64c9c9-b863-41df-af9a-73e4b16e4ffa req-5c64c9c9-b863-41df-af9a-73e4b16e4ffa ] Request (AttachInterfacesTestJSON:test_create_list_show_delete_interfaces_by_fixed_ip): 200 GET http://10.180.1.21/compute/v2.1/servers/70a8650c-112c-44c2-b3cb-1b8cab557cac 0.049s
2025-06-07 08:03:27.468 63118 INFO tempest.lib.common.rest_client [req-5b753e19-19b3-4f8a-a26f-1c0281035d09 req-5b753e19-19b3-4f8a-a26f-1c0281035d09 ] Request (ImagesOneServerTestJSON:setUpClass): 200 GET http://10.180.1.21/compute/v2.1/servers/4e911f12-5d9c-4713-b1e0-4d87a589a9d8 0.104s
2025-06-07 08:03:27.517 63145 INFO tempest.lib.common.rest_client [req-e622e5c2-108b-4e9c-9be3-94654b99ce22 req-e622e5c2-108b-4e9c-9be3-94654b99ce22 ] Request (ServersTestJSON:test_create_server_specify_multibyte_character_name): 200 GET http://10.180.1.21/compute/v2.1/servers/3684a5c7-4998-4d5b-8cb6-7df3a9bf9270 0.101s
2025-06-07 08:03:27.552 63136 INFO tempest.lib.common.rest_client [req-54ae4149-ce8a-4d6c-8d2c-33ccdf2e84ea req-54ae4149-ce8a-4d6c-8d2c-33ccdf2e84ea ] Request (ImagesOneServerNegativeTestJSON:setUpClass): 200 GET http://10.180.1.21/compute/v2.1/servers/76b0e03d-9636-4328-bfd5-17c434cfae72 0.143s
2025-06-07 08:03:27.566 63156 INFO tempest.lib.common.rest_client [req-cdc0f043-d0a7-41de-9d08-08c3bd226fb4 req-cdc0f043-d0a7-41de-9d08-08c3bd226fb4 ] Request (ServerDiagnosticsV248Test:test_get_server_diagnostics): 200 GET http://10.180.1.21/compute/v2.1/servers/7cdd84be-1e0a-4e4a-9e40-b4d589f08914 0.089s
2025-06-07 08:03:27.604 63126 INFO tempest.lib.common.rest_client [req-7efd3c9e-e447-405a-876e-f721d37eb400 req-7efd3c9e-e447-405a-876e-f721d37eb400 ] Request (DeleteServersTestJSON:test_delete_active_server): 200 GET http://10.180.1.21/compute/v2.1/servers/704614e0-aaa3-48b6-8208-47af7ca0f367 0.066s
2025-06-07 08:03:27.661 63132 INFO tempest.lib.common.rest_client [req-a0387f79-d204-4470-b022-a69c03f2fbe1 req-a0387f79-d204-4470-b022-a69c03f2fbe1 ] Request (ServerGroupTestJSON:test_create_server_with_scheduler_hint_group): 200 GET http://10.180.1.21/compute/v2.1/servers/4e783b92-0668-4e70-9848-4b4320318603 0.054s
2025-06-07 08:03:27.663 63154 INFO tempest.lib.common.rest_client [req-c77b1efb-99df-46be-ab85-baf90edb603b req-c77b1efb-99df-46be-ab85-baf90edb603b ] Request (ServerMetadataNegativeTestJSON:setUpClass): 200 GET http://10.180.1.21/compute/v2.1/servers/4357ed8f-14f7-4d44-8d1b-262ccaafe1e0 0.106s
2025-06-07 08:03:27.710 63130 INFO tempest.lib.common.rest_client [req-18124b7b-9b48-421c-a3ba-264cd2d0abeb req-18124b7b-9b48-421c-a3ba-264cd2d0abeb ] Request (VolumesAssistedSnapshotsTest:test_volume_assisted_snapshot_create_delete): 200 GET http://10.180.1.21/compute/v2.1/servers/356088a2-b55e-4ff1-9422-a53ab6830fc9 0.052s
2025-06-07 08:03:27.755 63151 INFO tempest.lib.common.rest_client [req-b8f3d32e-fbab-4f0b-adc9-ceefa2e78917 req-b8f3d32e-fbab-4f0b-adc9-ceefa2e78917 ] Request (ServerExternalEventsTest:test_create_server_external_events): 200 GET http://10.180.1.21/compute/v2.1/servers/c56debdf-ab77-4151-bc20-6973ae594d87 0.109s
2025-06-07 08:03:27.757 63106 INFO tempest.lib.common.rest_client [req-f3d54573-fb31-4d9b-b195-02763cf66f4a req-f3d54573-fb31-4d9b-b195-02763cf66f4a ] Request (ServersAdminNegativeTestJSON:setUpClass): 200 GET http://10.180.1.21/compute/v2.1/servers/51a8bec7-c8fd-4efb-ad91-eb34bb40a8fe 0.061s
2025-06-07 08:03:27.803 63122 INFO tempest.lib.common.rest_client [req-790b5558-9ce1-4e61-9275-a304962fd616 req-790b5558-9ce1-4e61-9275-a304962fd616 ] Request (InstanceActionsNegativeTestJSON:setUpClass): 200 GET http://10.180.1.21/compute/v2.1/servers/338a113c-1d04-4243-8500-fcc6d458d3ed 0.094s
2025-06-07 08:03:27.804 63148 INFO tempest.lib.common.rest_client [req-073d6e59-cbff-48e7-b023-e7efb5b39901 req-073d6e59-cbff-48e7-b023-e7efb5b39901 ] Request (DeleteServersAdminTestJSON:test_delete_server_while_in_error_state): 200 GET http://10.180.1.21/compute/v2.1/servers/a7f9eb88-e447-4f59-814e-6ebbb6a2ecb8 0.058s
2025-06-07 08:03:27.855 63102 INFO tempest.lib.common.rest_client [req-d690749c-64de-4168-91b6-6e15dbfb9d48 req-d690749c-64de-4168-91b6-6e15dbfb9d48 ] Request (ServersTestJSON:setUpClass): 200 GET http://10.180.1.21/compute/v2.1/servers/489b821e-f7d0-446f-8197-550c808e5a99 0.051s
2025-06-07 08:03:27.860 63100 INFO tempest.lib.common.rest_client [req-d9983912-3fe0-4236-ab82-6718f979b6ae req-d9983912-3fe0-4236-ab82-6718f979b6ae ] Request (ServerActionsV293TestJSON:setUpClass): 200 GET http://10.180.1.21/compute/v2.1/servers/5b935b76-027b-4b4a-a61b-3e4cc2f36c08 0.088s
2025-06-07 08:03:27.904 63110 INFO tempest.lib.common.rest_client [req-badc565f-c572-43e1-87ed-1c9191ca49ae req-badc565f-c572-43e1-87ed-1c9191ca49ae ] Request (ServerDiskConfigTestJSON:test_rebuild_server_with_auto_disk_config): 200 GET http://10.180.1.21/compute/v2.1/servers/f863dfb3-98d5-473b-9e41-85984e350070 0.047s
2025-06-07 08:03:27.995 63116 INFO tempest.lib.common.rest_client [req-5e706471-1b48-48e8-8a54-ce737b7359b1 req-5e706471-1b48-48e8-8a54-ce737b7359b1 ] Request (ServersWithSpecificFlavorTestJSON:test_verify_created_server_ephemeral_disk): 200 GET http://10.180.1.21/compute/v2.1/servers/52329a92-b534-4811-b117-2041b125f4c7 0.051s
2025-06-07 08:03:28.070 63120 INFO tempest.lib.common.rest_client [req-8ab58397-745b-474a-a895-62428d653755 req-8ab58397-745b-474a-a895-62428d653755 ] Request (ServersTestMultiNic:test_verify_duplicate_network_nics): 200 GET http://10.180.1.21/compute/v2.1/servers/65d620ad-0863-4947-945e-0e4b3c01d3a3 0.183s
2025-06-07 08:03:28.118 63109 INFO tempest.lib.common.rest_client [req-f036c21d-a447-4248-a8ed-7a05adb85589 req-f036c21d-a447-4248-a8ed-7a05adb85589 ] Request (ImagesTestJSON:test_create_image_from_stopped_server): 200 GET http://10.180.1.21/compute/v2.1/servers/22549912-2253-42bb-b2d7-8d0512c2a9d7 0.120s
2025-06-07 08:03:28.131 63128 INFO tempest.lib.common.rest_client [req-9dbca259-b161-4040-bf4e-b3dfa38311b2 req-9dbca259-b161-4040-bf4e-b3dfa38311b2 ] Request (ServerDiagnosticsTest:test_get_server_diagnostics): 200 GET http://10.180.1.21/compute/v2.1/servers/012bbc43-f61f-4aef-bd66-32fbe66f8374 0.174s
2025-06-07 08:03:28.176 63138 INFO tempest.lib.common.rest_client [req-02a9e888-75c4-4686-acd4-7a76a653d0ae req-02a9e888-75c4-4686-acd4-7a76a653d0ae ] Request (ServersV294TestFqdnHostnames:setUpClass): 200 GET http://10.180.1.21/compute/v2.1/servers/097bae8e-614d-4322-b767-d56e0dc1b658 0.159s
2025-06-07 08:03:28.263 63114 INFO tempest.lib.common.rest_client [req-0c3d4b8e-16f6-4d76-8ab1-5209d0de2f14 req-0c3d4b8e-16f6-4d76-8ab1-5209d0de2f14 ] Request (MultipleCreateTestJSON:test_multiple_create): 200 GET http://10.180.1.21/compute/v2.1/servers/9a448d2b-0dee-4a90-b131-e6ada542f342 0.135s
2025-06-07 08:03:28.271 63142 INFO tempest.lib.common.rest_client [req-493e7076-4fd7-4fe8-8d96-eee298672d55 req-493e7076-4fd7-4fe8-8d96-eee298672d55 ] Request (AttachInterfacesUnderV243Test:test_add_remove_fixed_ip): 200 GET http://10.180.1.21/compute/v2.1/servers/09aa702f-a28c-429b-83d9-378be8606a29 0.101s
2025-06-07 08:03:28.311 63094 INFO tempest.lib.common.rest_client [req-4d2e1c0b-9eab-469b-a754-85bb3a3fa21f req-4d2e1c0b-9eab-469b-a754-85bb3a3fa21f ] Request (MigrationsAdminTest:test_resize_server_revert_deleted_flavor): 200 GET http://10.180.1.21/compute/v2.1/servers/8852d058-a494-47e4-977d-289b5126f7ae 0.141s
2025-06-07 08:03:28.318 63152 INFO tempest.lib.common.rest_client [req-25ac8301-71d3-4944-bfab-a6d7decfdc46 req-25ac8301-71d3-4944-bfab-a6d7decfdc46 ] Request (ServersAdminTestJSON:setUpClass): 200 GET http://10.180.1.21/compute/v2.1/servers/b845396e-1641-4668-b687-348f1ee8b6f0 0.103s
2025-06-07 08:03:28.357 63140 INFO tempest.lib.common.rest_client [req-d53040c7-21f5-4d5f-801c-595c984d759f req-d53040c7-21f5-4d5f-801c-595c984d759f ] Request (ImagesNegativeTestJSON:test_create_image_from_deleted_server): 200 GET http://10.180.1.21/compute/v2.1/servers/51817412-7e0a-48fe-8f8e-766eea45e60c 0.138s
2025-06-07 08:03:28.373 63096 INFO tempest.lib.common.rest_client [req-f47f4cda-d1ab-403c-ac39-aaeff6e28872 req-f47f4cda-d1ab-403c-ac39-aaeff6e28872 ] Request (ServersAdmin275Test:test_rebuild_update_server_275): 200 GET http://10.180.1.21/compute/v2.1/servers/952194e3-6318-4ecc-8d48-bda3811c4d49 0.096s
2025-06-07 08:03:28.420 63112 INFO tempest.lib.common.rest_client [req-d836186b-d55b-413e-940b-e87ccbc6ad6e req-d836186b-d55b-413e-940b-e87ccbc6ad6e ] Request (InstanceActionsTestJSON:setUpClass): 200 GET http://10.180.1.21/compute/v2.1/servers/b9e1cb26-df61-44aa-952f-e50e24766a6f 0.095s
2025-06-07 08:03:28.454 63134 INFO tempest.lib.common.rest_client [req-fcee468b-aae2-4121-b662-cd6e561eae6e req-fcee468b-aae2-4121-b662-cd6e561eae6e ] Request (ServerDiagnosticsNegativeTest:test_get_server_diagnostics_by_non_admin): 200 GET http://10.180.1.21/compute/v2.1/servers/7ab3a69a-9893-4ed2-b3e7-13ed81ee7c77 0.138s
2025-06-07 08:03:28.467 63125 INFO tempest.lib.common.rest_client [req-e8d03762-a6a6-4aab-8219-9f859b5b82f0 req-e8d03762-a6a6-4aab-8219-9f859b5b82f0 ] Request (AttachInterfacesTestJSON:test_create_list_show_delete_interfaces_by_fixed_ip): 200 GET http://10.180.1.21/compute/v2.1/servers/70a8650c-112c-44c2-b3cb-1b8cab557cac 0.102s
2025-06-07 08:03:28.577 63145 INFO tempest.lib.common.rest_client [req-bbfa39be-969c-48f3-b2f6-e3ed4837d00f req-bbfa39be-969c-48f3-b2f6-e3ed4837d00f ] Request (ServersTestJSON:test_create_server_specify_multibyte_character_name): 200 GET http://10.180.1.21/compute/v2.1/servers/3684a5c7-4998-4d5b-8cb6-7df3a9bf9270 0.052s
2025-06-07 08:03:28.584 63118 INFO tempest.lib.common.rest_client [req-72b1f5a2-bb13-41d2-bb59-5e86a3b53670 req-72b1f5a2-bb13-41d2-bb59-5e86a3b53670 ] Request (ImagesOneServerTestJSON:setUpClass): 200 GET http://10.180.1.21/compute/v2.1/servers/4e911f12-5d9c-4713-b1e0-4d87a589a9d8 0.107s
2025-06-07 08:03:28.633 63156 INFO tempest.lib.common.rest_client [req-938d4b61-673d-4942-b75d-9fbbcab1ff89 req-938d4b61-673d-4942-b75d-9fbbcab1ff89 ] Request (ServerDiagnosticsV248Test:test_get_server_diagnostics): 200 GET http://10.180.1.21/compute/v2.1/servers/7cdd84be-1e0a-4e4a-9e40-b4d589f08914 0.058s
2025-06-07 08:03:28.668 63136 INFO tempest.lib.common.rest_client [req-d956b8f8-6818-4c6d-a307-56f523d805a0 req-d956b8f8-6818-4c6d-a307-56f523d805a0 ] Request (ImagesOneServerNegativeTestJSON:setUpClass): 200 GET http://10.180.1.21/compute/v2.1/servers/76b0e03d-9636-4328-bfd5-17c434cfae72 0.108s
2025-06-07 08:03:28.683 63126 INFO tempest.lib.common.rest_client [req-c2c352b0-0430-4328-bf98-0a0e8b131946 req-c2c352b0-0430-4328-bf98-0a0e8b131946 ] Request (DeleteServersTestJSON:test_delete_active_server): 200 GET http://10.180.1.21/compute/v2.1/servers/704614e0-aaa3-48b6-8208-47af7ca0f367 0.072s
2025-06-07 08:03:28.718 63132 INFO tempest.lib.common.rest_client [req-d30766f4-eb0e-4942-9a5a-969054e735f1 req-d30766f4-eb0e-4942-9a5a-969054e735f1 ] Request (ServerGroupTestJSON:test_create_server_with_scheduler_hint_group): 200 GET http://10.180.1.21/compute/v2.1/servers/4e783b92-0668-4e70-9848-4b4320318603 0.049s
2025-06-07 08:03:28.765 63130 INFO tempest.lib.common.rest_client [req-ae78c7ad-f111-4ada-93dc-52bb341b97a5 req-ae78c7ad-f111-4ada-93dc-52bb341b97a5 ] Request (VolumesAssistedSnapshotsTest:test_volume_assisted_snapshot_create_delete): 200 GET http://10.180.1.21/compute/v2.1/servers/356088a2-b55e-4ff1-9422-a53ab6830fc9 0.047s
2025-06-07 08:03:28.782 63154 INFO tempest.lib.common.rest_client [req-d805b64e-c976-4732-984a-8b27ffef3511 req-d805b64e-c976-4732-984a-8b27ffef3511 ] Request (ServerMetadataNegativeTestJSON:setUpClass): 200 GET http://10.180.1.21/compute/v2.1/servers/4357ed8f-14f7-4d44-8d1b-262ccaafe1e0 0.111s
2025-06-07 08:03:28.829 63106 INFO tempest.lib.common.rest_client [req-ea6a409b-3d8e-4805-8e25-b3f084e08f9d req-ea6a409b-3d8e-4805-8e25-b3f084e08f9d ] Request (ServersAdminNegativeTestJSON:setUpClass): 200 GET http://10.180.1.21/compute/v2.1/servers/51a8bec7-c8fd-4efb-ad91-eb34bb40a8fe 0.064s
2025-06-07 08:03:28.860 63151 INFO tempest.lib.common.rest_client [req-17ea55ce-02b8-4651-b2f5-41cdad25e5ed req-17ea55ce-02b8-4651-b2f5-41cdad25e5ed ] Request (ServerExternalEventsTest:test_create_server_external_events): 200 GET http://10.180.1.21/compute/v2.1/servers/c56debdf-ab77-4151-bc20-6973ae594d87 0.097s
2025-06-07 08:03:28.876 63148 INFO tempest.lib.common.rest_client [req-e0c1c47f-d3d3-4e52-8fe6-08837c46abcd req-e0c1c47f-d3d3-4e52-8fe6-08837c46abcd ] Request (DeleteServersAdminTestJSON:test_delete_server_while_in_error_state): 200 GET http://10.180.1.21/compute/v2.1/servers/a7f9eb88-e447-4f59-814e-6ebbb6a2ecb8 0.064s
2025-06-07 08:03:28.907 63122 INFO tempest.lib.common.rest_client [req-f5f9bb87-89fb-4381-9b27-c15f8264c620 req-f5f9bb87-89fb-4381-9b27-c15f8264c620 ] Request (InstanceActionsNegativeTestJSON:setUpClass): 200 GET http://10.180.1.21/compute/v2.1/servers/338a113c-1d04-4243-8500-fcc6d458d3ed 0.095s
2025-06-07 08:03:28.921 63102 INFO tempest.lib.common.rest_client [req-dc94dfb1-1385-466c-b66c-1d00704b4040 req-dc94dfb1-1385-466c-b66c-1d00704b4040 ] Request (ServersTestJSON:setUpClass): 200 GET http://10.180.1.21/compute/v2.1/servers/489b821e-f7d0-446f-8197-550c808e5a99 0.058s
2025-06-07 08:03:28.959 63100 INFO tempest.lib.common.rest_client [req-01dbb7f4-44ed-4d98-b4d6-137a43f3677b req-01dbb7f4-44ed-4d98-b4d6-137a43f3677b ] Request (ServerActionsV293TestJSON:setUpClass): 200 GET http://10.180.1.21/compute/v2.1/servers/5b935b76-027b-4b4a-a61b-3e4cc2f36c08 0.090s
2025-06-07 08:03:28.968 63110 INFO tempest.lib.common.rest_client [req-cd6338db-200f-4c99-b45f-5e3e54f9aaab req-cd6338db-200f-4c99-b45f-5e3e54f9aaab ] Request (ServerDiskConfigTestJSON:test_rebuild_server_with_auto_disk_config): 200 GET http://10.180.1.21/compute/v2.1/servers/f863dfb3-98d5-473b-9e41-85984e350070 0.058s
2025-06-07 08:03:29.052 63116 INFO tempest.lib.common.rest_client [req-160222c6-b5ac-437f-8ea1-3c16e007dc0a req-160222c6-b5ac-437f-8ea1-3c16e007dc0a ] Request (ServersWithSpecificFlavorTestJSON:test_verify_created_server_ephemeral_disk): 200 GET http://10.180.1.21/compute/v2.1/servers/52329a92-b534-4811-b117-2041b125f4c7 0.049s
2025-06-07 08:03:29.176 63109 INFO tempest.lib.common.rest_client [req-2758b39f-e093-45c0-9cf7-42415f5734a0 req-2758b39f-e093-45c0-9cf7-42415f5734a0 ] Request (ImagesTestJSON:test_create_image_from_stopped_server): 200 GET http://10.180.1.21/compute/v2.1/servers/22549912-2253-42bb-b2d7-8d0512c2a9d7 0.051s
2025-06-07 08:03:29.179 63120 INFO tempest.lib.common.rest_client [req-fd23434a-5ee4-483e-8ab4-60c2a03628bc req-fd23434a-5ee4-483e-8ab4-60c2a03628bc ] Request (ServersTestMultiNic:test_verify_duplicate_network_nics): 200 GET http://10.180.1.21/compute/v2.1/servers/65d620ad-0863-4947-945e-0e4b3c01d3a3 0.101s
2025-06-07 08:03:29.238 63138 INFO tempest.lib.common.rest_client [req-2a0e7f0b-caf9-40a7-abed-10e3a75f5692 req-2a0e7f0b-caf9-40a7-abed-10e3a75f5692 ] Request (ServersV294TestFqdnHostnames:setUpClass): 200 GET http://10.180.1.21/compute/v2.1/servers/097bae8e-614d-4322-b767-d56e0dc1b658 0.052s
2025-06-07 08:03:29.267 63128 INFO tempest.lib.common.rest_client [req-dd5860ca-c63c-4868-aa64-8262f5a5c7ac req-dd5860ca-c63c-4868-aa64-8262f5a5c7ac ] Request (ServerDiagnosticsTest:test_get_server_diagnostics): 200 GET http://10.180.1.21/compute/v2.1/servers/012bbc43-f61f-4aef-bd66-32fbe66f8374 0.125s
2025-06-07 08:03:29.368 63114 INFO tempest.lib.common.rest_client [req-448e5624-ab81-425c-a142-5e7cda0cd118 req-448e5624-ab81-425c-a142-5e7cda0cd118 ] Request (MultipleCreateTestJSON:test_multiple_create): 200 GET http://10.180.1.21/compute/v2.1/servers/9a448d2b-0dee-4a90-b131-e6ada542f342 0.095s
2025-06-07 08:03:29.371 63142 INFO tempest.lib.common.rest_client [req-f99348bd-d3b1-461a-b0ce-f5ac1f3e4ec7 req-f99348bd-d3b1-461a-b0ce-f5ac1f3e4ec7 ] Request (AttachInterfacesUnderV243Test:test_add_remove_fixed_ip): 200 GET http://10.180.1.21/compute/v2.1/servers/09aa702f-a28c-429b-83d9-378be8606a29 0.093s
2025-06-07 08:03:29.415 63094 INFO tempest.lib.common.rest_client [req-c806eb98-1cc2-45fe-9219-bd934582b7be req-c806eb98-1cc2-45fe-9219-bd934582b7be ] Request (MigrationsAdminTest:test_resize_server_revert_deleted_flavor): 200 GET http://10.180.1.21/compute/v2.1/servers/8852d058-a494-47e4-977d-289b5126f7ae 0.095s
2025-06-07 08:03:29.417 63152 INFO tempest.lib.common.rest_client [req-c092b6f5-5e84-41b4-adbf-8d5f340c0d93 req-c092b6f5-5e84-41b4-adbf-8d5f340c0d93 ] Request (ServersAdminTestJSON:setUpClass): 200 GET http://10.180.1.21/compute/v2.1/servers/b845396e-1641-4668-b687-348f1ee8b6f0 0.090s
2025-06-07 08:03:29.461 63140 INFO tempest.lib.common.rest_client [req-8f887d93-7bc6-4c65-a5a8-1d5ead8f9fc6 req-8f887d93-7bc6-4c65-a5a8-1d5ead8f9fc6 ] Request (ImagesNegativeTestJSON:test_create_image_from_deleted_server): 200 GET http://10.180.1.21/compute/v2.1/servers/51817412-7e0a-48fe-8f8e-766eea45e60c 0.097s
2025-06-07 08:03:29.473 63096 INFO tempest.lib.common.rest_client [req-7b2c7de7-2ace-4972-848f-5187dab15cd8 req-7b2c7de7-2ace-4972-848f-5187dab15cd8 ] Request (ServersAdmin275Test:test_rebuild_update_server_275): 200 GET http://10.180.1.21/compute/v2.1/servers/952194e3-6318-4ecc-8d48-bda3811c4d49 0.090s
2025-06-07 08:03:29.507 63112 INFO tempest.lib.common.rest_client [req-856ef1d1-66db-4563-8839-41e5f28a9953 req-856ef1d1-66db-4563-8839-41e5f28a9953 ] Request (InstanceActionsTestJSON:setUpClass): 200 GET http://10.180.1.21/compute/v2.1/servers/b9e1cb26-df61-44aa-952f-e50e24766a6f 0.080s
2025-06-07 08:03:29.550 63125 INFO tempest.lib.common.rest_client [req-9e3d87cf-1d0b-4f74-a3f7-1896fc70284b req-9e3d87cf-1d0b-4f74-a3f7-1896fc70284b ] Request (AttachInterfacesTestJSON:test_create_list_show_delete_interfaces_by_fixed_ip): 200 GET http://10.180.1.21/compute/v2.1/servers/70a8650c-112c-44c2-b3cb-1b8cab557cac 0.076s
2025-06-07 08:03:29.563 63134 INFO tempest.lib.common.rest_client [req-be526b73-07e5-41ce-9053-f761c6715c2d req-be526b73-07e5-41ce-9053-f761c6715c2d ] Request (ServerDiagnosticsNegativeTest:test_get_server_diagnostics_by_non_admin): 200 GET http://10.180.1.21/compute/v2.1/servers/7ab3a69a-9893-4ed2-b3e7-13ed81ee7c77 0.102s
2025-06-07 08:03:29.635 63145 INFO tempest.lib.common.rest_client [req-7ae68ed6-90ce-4f2b-a708-49bf480fbd7a req-7ae68ed6-90ce-4f2b-a708-49bf480fbd7a ] Request (ServersTestJSON:test_create_server_specify_multibyte_character_name): 200 GET http://10.180.1.21/compute/v2.1/servers/3684a5c7-4998-4d5b-8cb6-7df3a9bf9270 0.049s
2025-06-07 08:03:29.685 63118 INFO tempest.lib.common.rest_client [req-23e321c2-fc02-4fe9-900e-1028357381cd req-23e321c2-fc02-4fe9-900e-1028357381cd ] Request (ImagesOneServerTestJSON:setUpClass): 200 GET http://10.180.1.21/compute/v2.1/servers/4e911f12-5d9c-4713-b1e0-4d87a589a9d8 0.092s
2025-06-07 08:03:29.693 63156 INFO tempest.lib.common.rest_client [req-97039879-ddd6-4116-acda-37a64a6533c0 req-97039879-ddd6-4116-acda-37a64a6533c0 ] Request (ServerDiagnosticsV248Test:test_get_server_diagnostics): 200 GET http://10.180.1.21/compute/v2.1/servers/7cdd84be-1e0a-4e4a-9e40-b4d589f08914 0.050s
2025-06-07 08:03:29.739 63126 INFO tempest.lib.common.rest_client [req-1a5db9d4-462f-4b2e-8b05-c51a2fcc3aa2 req-1a5db9d4-462f-4b2e-8b05-c51a2fcc3aa2 ] Request (DeleteServersTestJSON:test_delete_active_server): 200 GET http://10.180.1.21/compute/v2.1/servers/704614e0-aaa3-48b6-8208-47af7ca0f367 0.047s
2025-06-07 08:03:29.773 63136 INFO tempest.lib.common.rest_client [req-2474def9-3a0c-4d51-b8f2-225ba9e6807d req-2474def9-3a0c-4d51-b8f2-225ba9e6807d ] Request (ImagesOneServerNegativeTestJSON:setUpClass): 200 GET http://10.180.1.21/compute/v2.1/servers/76b0e03d-9636-4328-bfd5-17c434cfae72 0.094s
2025-06-07 08:03:29.783 63132 INFO tempest.lib.common.rest_client [req-61bb2486-694c-491e-8eb2-5d35d475de24 req-61bb2486-694c-491e-8eb2-5d35d475de24 ] Request (ServerGroupTestJSON:test_create_server_with_scheduler_hint_group): 200 GET http://10.180.1.21/compute/v2.1/servers/4e783b92-0668-4e70-9848-4b4320318603 0.057s
2025-06-07 08:03:29.821 63130 INFO tempest.lib.common.rest_client [req-df69603f-c27f-4d52-ab0d-8d51f42b5a45 req-df69603f-c27f-4d52-ab0d-8d51f42b5a45 ] Request (VolumesAssistedSnapshotsTest:test_volume_assisted_snapshot_create_delete): 200 GET http://10.180.1.21/compute/v2.1/servers/356088a2-b55e-4ff1-9422-a53ab6830fc9 0.048s
2025-06-07 08:03:29.883 63154 INFO tempest.lib.common.rest_client [req-412205d4-64ba-44cb-8368-c4e13e6579b6 req-412205d4-64ba-44cb-8368-c4e13e6579b6 ] Request (ServerMetadataNegativeTestJSON:setUpClass): 200 GET http://10.180.1.21/compute/v2.1/servers/4357ed8f-14f7-4d44-8d1b-262ccaafe1e0 0.094s
2025-06-07 08:03:29.884 63106 INFO tempest.lib.common.rest_client [req-187440f3-66c6-4944-b7ff-a708ebc48e6d req-187440f3-66c6-4944-b7ff-a708ebc48e6d ] Request (ServersAdminNegativeTestJSON:setUpClass): 200 GET http://10.180.1.21/compute/v2.1/servers/51a8bec7-c8fd-4efb-ad91-eb34bb40a8fe 0.047s
2025-06-07 08:03:29.931 63148 INFO tempest.lib.common.rest_client [req-702e8e86-ffde-4ef6-a09e-fca9ebc90ff6 req-702e8e86-ffde-4ef6-a09e-fca9ebc90ff6 ] Request (DeleteServersAdminTestJSON:test_delete_server_while_in_error_state): 200 GET http://10.180.1.21/compute/v2.1/servers/a7f9eb88-e447-4f59-814e-6ebbb6a2ecb8 0.046s
2025-06-07 08:03:29.971 63151 INFO tempest.lib.common.rest_client [req-cb8a0438-19be-4534-a91d-6e6ab61e7146 req-cb8a0438-19be-4534-a91d-6e6ab61e7146 ] Request (ServerExternalEventsTest:test_create_server_external_events): 200 GET http://10.180.1.21/compute/v2.1/servers/c56debdf-ab77-4151-bc20-6973ae594d87 0.103s
2025-06-07 08:03:29.975 63122 INFO tempest.lib.common.rest_client [req-d6ebeef5-e6f8-4492-9945-1e58a2130a83 req-d6ebeef5-e6f8-4492-9945-1e58a2130a83 ] Request (InstanceActionsNegativeTestJSON:setUpClass): 200 GET http://10.180.1.21/compute/v2.1/servers/338a113c-1d04-4243-8500-fcc6d458d3ed 0.059s
2025-06-07 08:03:30.016 63102 INFO tempest.lib.common.rest_client [req-652b611b-c57b-4509-866f-3e57507df3a3 req-652b611b-c57b-4509-866f-3e57507df3a3 ] Request (ServersTestJSON:setUpClass): 200 GET http://10.180.1.21/compute/v2.1/servers/489b821e-f7d0-446f-8197-550c808e5a99 0.087s
2025-06-07 08:03:30.024 63100 INFO tempest.lib.common.rest_client [req-061272c8-b08e-495d-a8d1-8d47c4362f2c req-061272c8-b08e-495d-a8d1-8d47c4362f2c ] Request (ServerActionsV293TestJSON:setUpClass): 200 GET http://10.180.1.21/compute/v2.1/servers/5b935b76-027b-4b4a-a61b-3e4cc2f36c08 0.055s
2025-06-07 08:03:30.061 63110 INFO tempest.lib.common.rest_client [req-83604afd-2678-4c0b-ba2a-6f790569713c req-83604afd-2678-4c0b-ba2a-6f790569713c ] Request (ServerDiskConfigTestJSON:test_rebuild_server_with_auto_disk_config): 200 GET http://10.180.1.21/compute/v2.1/servers/f863dfb3-98d5-473b-9e41-85984e350070 0.085s
2025-06-07 08:03:30.107 63116 INFO tempest.lib.common.rest_client [req-7e202d82-15c4-40c3-b7e7-7437b7278531 req-7e202d82-15c4-40c3-b7e7-7437b7278531 ] Request (ServersWithSpecificFlavorTestJSON:test_verify_created_server_ephemeral_disk): 200 GET http://10.180.1.21/compute/v2.1/servers/52329a92-b534-4811-b117-2041b125f4c7 0.048s
2025-06-07 08:03:30.233 63109 INFO tempest.lib.common.rest_client [req-8001e31e-16ac-4e75-ade1-a370f4a0f115 req-8001e31e-16ac-4e75-ade1-a370f4a0f115 ] Request (ImagesTestJSON:test_create_image_from_stopped_server): 200 GET http://10.180.1.21/compute/v2.1/servers/22549912-2253-42bb-b2d7-8d0512c2a9d7 0.049s
2025-06-07 08:03:30.289 63120 INFO tempest.lib.common.rest_client [req-5821fa36-7847-43f5-857c-a71503af0836 req-5821fa36-7847-43f5-857c-a71503af0836 ] Request (ServersTestMultiNic:test_verify_duplicate_network_nics): 200 GET http://10.180.1.21/compute/v2.1/servers/65d620ad-0863-4947-945e-0e4b3c01d3a3 0.101s
2025-06-07 08:03:30.301 63138 INFO tempest.lib.common.rest_client [req-10e2f421-0654-473a-89a6-7b6c97aeb884 req-10e2f421-0654-473a-89a6-7b6c97aeb884 ] Request (ServersV294TestFqdnHostnames:setUpClass): 200 GET http://10.180.1.21/compute/v2.1/servers/097bae8e-614d-4322-b767-d56e0dc1b658 0.053s
2025-06-07 08:03:30.381 63128 INFO tempest.lib.common.rest_client [req-da7dd094-defe-465f-9819-9068da5dc319 req-da7dd094-defe-465f-9819-9068da5dc319 ] Request (ServerDiagnosticsTest:test_get_server_diagnostics): 200 GET http://10.180.1.21/compute/v2.1/servers/012bbc43-f61f-4aef-bd66-32fbe66f8374 0.105s
