2025-06-07 08:04:26.067 63116 INFO tempest.lib.common.rest_client [req-a3c3d913-5b5d-490b-b66a-c8d2eecfbc94 req-a3c3d913-5b5d-490b-b66a-c8d2eecfbc94 ] Request (ServersWithSpecificFlavorTestJSON:test_verify_created_server_ephemeral_disk): 200 GET http://10.180.1.21/compute/v2.1/servers/52329a92-b534-4811-b117-2041b125f4c7 0.083s
2025-06-07 08:04:26.112 63109 INFO tempest.lib.common.rest_client [req-cef653f1-2c49-4523-9fa2-01c0e4aa16e6 req-cef653f1-2c49-4523-9fa2-01c0e4aa16e6 ] Request (ImagesTestJSON:test_create_image_from_stopped_server): 200 GET http://10.180.1.21/compute/v2.1/servers/22549912-2253-42bb-b2d7-8d0512c2a9d7 0.102s
2025-06-07 08:04:26.120 63100 INFO tempest.lib.common.rest_client [req-2bdc69a2-3a2f-49aa-8bd1-3c39601a5b61 req-2bdc69a2-3a2f-49aa-8bd1-3c39601a5b61 ] Request (ServerActionsV293TestJSON:setUpClass): 200 GET http://10.180.1.21/compute/v2.1/servers/5b935b76-027b-4b4a-a61b-3e4cc2f36c08 0.056s
2025-06-07 08:04:26.301 63120 INFO tempest.lib.common.rest_client [req-477400e0-56c4-43a1-94a8-c96d86e32b1b req-477400e0-56c4-43a1-94a8-c96d86e32b1b ] Request (ServersTestMultiNic:test_verify_duplicate_network_nics): 200 GET http://10.180.1.21/compute/v2.1/servers/65d620ad-0863-4947-945e-0e4b3c01d3a3 0.216s
2025-06-07 08:04:26.321 63154 INFO tempest.lib.common.rest_client [req-b6b7c48c-4492-4042-aa95-013ce72e57ad req-b6b7c48c-4492-4042-aa95-013ce72e57ad ] Request (ServerMetadataNegativeTestJSON:setUpClass): 200 GET http://10.180.1.21/compute/v2.1/servers/4357ed8f-14f7-4d44-8d1b-262ccaafe1e0 0.174s
2025-06-07 08:04:26.374 63151 INFO tempest.lib.common.rest_client [req-00bd6f31-41f9-4508-9fb3-54d8209b6a65 req-00bd6f31-41f9-4508-9fb3-54d8209b6a65 ] Request (SecurityGroupsTestJSON:test_list_security_groups_by_server): 200 GET http://10.180.1.21/compute/v2.1/servers/99a760f5-19cd-4f1f-86d7-ebb09bb54ef4 0.089s
2025-06-07 08:04:26.421 63128 INFO tempest.lib.common.rest_client [req-29c7d22c-1b16-455d-a4ff-a3775a4df3a1 req-29c7d22c-1b16-455d-a4ff-a3775a4df3a1 ] Request (ServerDiagnosticsTest:test_get_server_diagnostics): 200 GET http://10.180.1.21/compute/v2.1/servers/012bbc43-f61f-4aef-bd66-32fbe66f8374 0.226s
2025-06-07 08:04:26.489 63138 INFO tempest.lib.common.rest_client [req-c577cf5d-51a1-46c6-95c3-458737c2d699 req-c577cf5d-51a1-46c6-95c3-458737c2d699 ] Request (ServersV294TestFqdnHostnames:setUpClass): 200 GET http://10.180.1.21/compute/v2.1/servers/097bae8e-614d-4322-b767-d56e0dc1b658 0.136s
2025-06-07 08:04:26.519 63114 INFO tempest.lib.common.rest_client [req-5c39d08d-6457-4f81-ace9-91b2b4df4dcd req-5c39d08d-6457-4f81-ace9-91b2b4df4dcd ] Request (MultipleCreateTestJSON:test_multiple_create): 200 GET http://10.180.1.21/compute/v2.1/servers/9a448d2b-0dee-4a90-b131-e6ada542f342 0.192s
2025-06-07 08:04:26.537 63140 INFO tempest.lib.common.rest_client [req-d11a884c-df5a-4436-89fe-b4c3a12398af req-d11a884c-df5a-4436-89fe-b4c3a12398af ] Request (ImagesNegativeTestJSON:test_create_image_from_deleted_server): 200 GET http://10.180.1.21/compute/v2.1/servers/51817412-7e0a-48fe-8f8e-766eea45e60c 0.144s
2025-06-07 08:04:26.591 63152 INFO tempest.lib.common.rest_client [req-c0a75844-c8af-4e17-8ff8-b7a39bcfc70e req-c0a75844-c8af-4e17-8ff8-b7a39bcfc70e ] Request (ServersAdminTestJSON:setUpClass): 200 GET http://10.180.1.21/compute/v2.1/servers/b845396e-1641-4668-b687-348f1ee8b6f0 0.153s
2025-06-07 08:04:26.618 63142 INFO tempest.lib.common.rest_client [req-61abfd85-7635-4dc3-9eb6-92d76eb83b86 req-61abfd85-7635-4dc3-9eb6-92d76eb83b86 ] Request (AttachInterfacesUnderV243Test:test_add_remove_fixed_ip): 200 GET http://10.180.1.21/compute/v2.1/servers/09aa702f-a28c-429b-83d9-378be8606a29 0.201s
2025-06-07 08:04:26.642 63094 INFO tempest.lib.common.rest_client [req-8d0cbf0a-3daa-439d-914d-27d439f6ef00 req-8d0cbf0a-3daa-439d-914d-27d439f6ef00 ] Request (MigrationsAdminTest:test_resize_server_revert_deleted_flavor): 200 GET http://10.180.1.21/compute/v2.1/servers/8852d058-a494-47e4-977d-289b5126f7ae 0.161s
2025-06-07 08:04:26.691 63145 INFO tempest.lib.common.rest_client [req-77b32d2e-f167-40ac-9974-cb91db8a0899 req-77b32d2e-f167-40ac-9974-cb91db8a0899 ] Request (ServersTestJSON:test_create_server_specify_multibyte_character_name): 200 GET http://10.180.1.21/compute/v2.1/servers/3684a5c7-4998-4d5b-8cb6-7df3a9bf9270 0.165s
2025-06-07 08:04:26.738 63112 INFO tempest.lib.common.rest_client [req-22fc269d-0584-4f9b-942e-15caae282d08 req-22fc269d-0584-4f9b-942e-15caae282d08 ] Request (InstanceActionsTestJSON:setUpClass): 200 GET http://10.180.1.21/compute/v2.1/servers/b9e1cb26-df61-44aa-952f-e50e24766a6f 0.185s
2025-06-07 08:04:26.757 63130 INFO tempest.lib.common.rest_client [req-efa4f542-467a-4ccb-8c8e-eaae28843d71 req-efa4f542-467a-4ccb-8c8e-eaae28843d71 ] Request (VolumesAssistedSnapshotsTest:test_volume_assisted_snapshot_create_delete): 200 GET http://10.180.1.21/compute/v2.1/servers/356088a2-b55e-4ff1-9422-a53ab6830fc9 0.248s
2025-06-07 08:04:26.786 63125 INFO tempest.lib.common.rest_client [req-606cf799-5ab3-41a3-be51-fa60372c8ae4 req-606cf799-5ab3-41a3-be51-fa60372c8ae4 ] Request (AttachInterfacesTestJSON:test_create_list_show_delete_interfaces_by_fixed_ip): 200 GET http://10.180.1.21/compute/v2.1/servers/70a8650c-112c-44c2-b3cb-1b8cab557cac 0.216s
2025-06-07 08:04:26.805 63132 INFO tempest.lib.common.rest_client [req-3a20fdf8-5143-4fb8-9a2e-7fe962c4491f req-3a20fdf8-5143-4fb8-9a2e-7fe962c4491f ] Request (ServerGroupTestJSON:test_create_server_with_scheduler_hint_group): 200 GET http://10.180.1.21/compute/v2.1/servers/4e783b92-0668-4e70-9848-4b4320318603 0.206s
2025-06-07 08:04:26.838 63106 INFO tempest.lib.common.rest_client [req-d1e88f75-05df-4443-bb9c-cfeca0a4d098 req-d1e88f75-05df-4443-bb9c-cfeca0a4d098 ] Request (ServersAdminNegativeTestJSON:setUpClass): 200 GET http://10.180.1.21/compute/v2.1/servers/51a8bec7-c8fd-4efb-ad91-eb34bb40a8fe 0.221s
2025-06-07 08:04:26.861 63096 INFO tempest.lib.common.rest_client [req-509ef578-93c8-448b-bfd1-4082fddac707 req-509ef578-93c8-448b-bfd1-4082fddac707 ] Request (ServersAdmin275Test:test_rebuild_update_server_275): 200 GET http://10.180.1.21/compute/v2.1/servers/952194e3-6318-4ecc-8d48-bda3811c4d49 0.195s
2025-06-07 08:04:26.887 63102 INFO tempest.lib.common.rest_client [req-0a11cb1b-f0ae-481e-a4d4-9887bb7dbdb1 req-0a11cb1b-f0ae-481e-a4d4-9887bb7dbdb1 ] Request (ServersTestJSON:setUpClass): 200 GET http://10.180.1.21/compute/v2.1/servers/489b821e-f7d0-446f-8197-550c808e5a99 0.187s
2025-06-07 08:04:26.914 63126 INFO tempest.lib.common.rest_client [req-8aea94e4-98a1-42f6-b51c-7fbea4f42e07 req-8aea94e4-98a1-42f6-b51c-7fbea4f42e07 ] Request (DeleteServersTestJSON:test_delete_active_server): 200 GET http://10.180.1.21/compute/v2.1/servers/704614e0-aaa3-48b6-8208-47af7ca0f367 0.172s
2025-06-07 08:04:26.966 63156 INFO tempest.lib.common.rest_client [req-0309bb42-5ce9-4afb-85cf-8ae38b90ed12 req-0309bb42-5ce9-4afb-85cf-8ae38b90ed12 ] Request (ServerDiagnosticsV248Test:test_get_server_diagnostics): 200 GET http://10.180.1.21/compute/v2.1/servers/7cdd84be-1e0a-4e4a-9e40-b4d589f08914 0.098s
2025-06-07 08:04:26.984 63118 INFO tempest.lib.common.rest_client [req-7812321c-689d-4c6d-a679-f1e4e990fc67 req-7812321c-689d-4c6d-a679-f1e4e990fc67 ] Request (ImagesOneServerTestJSON:setUpClass): 200 GET http://10.180.1.21/compute/v2.1/servers/4e911f12-5d9c-4713-b1e0-4d87a589a9d8 0.204s
2025-06-07 08:04:27.013 63122 INFO tempest.lib.common.rest_client [req-cdacf7e9-8809-478e-a0d5-d351e515309d req-cdacf7e9-8809-478e-a0d5-d351e515309d ] Request (InstanceActionsNegativeTestJSON:setUpClass): 200 GET http://10.180.1.21/compute/v2.1/servers/338a113c-1d04-4243-8500-fcc6d458d3ed 0.084s
2025-06-07 08:04:27.059 63148 INFO tempest.lib.common.rest_client [req-1330111d-e4f4-4fcb-aac4-e949bc6e5d92 req-1330111d-e4f4-4fcb-aac4-e949bc6e5d92 ] Request (DeleteServersAdminTestJSON:test_delete_server_while_in_error_state): 200 GET http://10.180.1.21/compute/v2.1/servers/a7f9eb88-e447-4f59-814e-6ebbb6a2ecb8 0.081s
2025-06-07 08:04:27.079 63134 INFO tempest.lib.common.rest_client [req-50c585ec-0453-426a-b4ee-107141ef2007 req-50c585ec-0453-426a-b4ee-107141ef2007 ] Request (ServerDiagnosticsNegativeTest:test_get_server_diagnostics_by_non_admin): 200 GET http://10.180.1.21/compute/v2.1/servers/7ab3a69a-9893-4ed2-b3e7-13ed81ee7c77 0.151s
2025-06-07 08:04:27.105 63110 INFO tempest.lib.common.rest_client [req-01bde304-8fd0-4fb5-81c7-008ab3a9ce5c req-01bde304-8fd0-4fb5-81c7-008ab3a9ce5c ] Request (ServerDiskConfigTestJSON:test_rebuild_server_with_auto_disk_config): 200 GET http://10.180.1.21/compute/v2.1/servers/f863dfb3-98d5-473b-9e41-85984e350070 0.076s
2025-06-07 08:04:27.154 63116 INFO tempest.lib.common.rest_client [req-a1d9cff9-a6d3-46a5-946f-76ed18ae01e5 req-a1d9cff9-a6d3-46a5-946f-76ed18ae01e5 ] Request (ServersWithSpecificFlavorTestJSON:test_verify_created_server_ephemeral_disk): 200 GET http://10.180.1.21/compute/v2.1/servers/52329a92-b534-4811-b117-2041b125f4c7 0.078s
2025-06-07 08:04:27.179 63136 INFO tempest.lib.common.rest_client [req-e7bda179-4df6-4a33-9235-591e70ca77e4 req-e7bda179-4df6-4a33-9235-591e70ca77e4 ] Request (ImagesOneServerNegativeTestJSON:setUpClass): 200 GET http://10.180.1.21/compute/v2.1/servers/76b0e03d-9636-4328-bfd5-17c434cfae72 0.109s
2025-06-07 08:04:27.202 63109 INFO tempest.lib.common.rest_client [req-fa73ce83-cb48-43ed-930d-ab1870c7130e req-fa73ce83-cb48-43ed-930d-ab1870c7130e ] Request (ImagesTestJSON:test_create_image_from_stopped_server): 200 GET http://10.180.1.21/compute/v2.1/servers/22549912-2253-42bb-b2d7-8d0512c2a9d7 0.082s
2025-06-07 08:04:27.232 63100 INFO tempest.lib.common.rest_client [req-57a53918-96c3-4c55-8f90-1a0b8fef662b req-57a53918-96c3-4c55-8f90-1a0b8fef662b ] Request (ServerActionsV293TestJSON:setUpClass): 200 GET http://10.180.1.21/compute/v2.1/servers/5b935b76-027b-4b4a-a61b-3e4cc2f36c08 0.101s
2025-06-07 08:04:27.470 63154 INFO tempest.lib.common.rest_client [req-93bcca2b-0157-4a44-9fff-65cab63f67ad req-93bcca2b-0157-4a44-9fff-65cab63f67ad ] Request (ServerMetadataNegativeTestJSON:setUpClass): 200 GET http://10.180.1.21/compute/v2.1/servers/4357ed8f-14f7-4d44-8d1b-262ccaafe1e0 0.137s
2025-06-07 08:04:27.520 63151 INFO tempest.lib.common.rest_client [req-7c5a4187-f7df-476b-bb1b-30b2f8ff3d70 req-7c5a4187-f7df-476b-bb1b-30b2f8ff3d70 ] Request (SecurityGroupsTestJSON:test_list_security_groups_by_server): 200 GET http://10.180.1.21/compute/v2.1/servers/99a760f5-19cd-4f1f-86d7-ebb09bb54ef4 0.138s
2025-06-07 08:04:27.614 63128 INFO tempest.lib.common.rest_client [req-bcdf360e-8490-42b3-b37d-d3e38a07ee7d req-bcdf360e-8490-42b3-b37d-d3e38a07ee7d ] Request (ServerDiagnosticsTest:test_get_server_diagnostics): 200 GET http://10.180.1.21/compute/v2.1/servers/012bbc43-f61f-4aef-bd66-32fbe66f8374 0.185s
2025-06-07 08:04:27.667 63138 INFO tempest.lib.common.rest_client [req-15bbd4d0-a55a-49e7-9c19-3683b7a18853 req-15bbd4d0-a55a-49e7-9c19-3683b7a18853 ] Request (ServersV294TestFqdnHostnames:setUpClass): 200 GET http://10.180.1.21/compute/v2.1/servers/097bae8e-614d-4322-b767-d56e0dc1b658 0.167s
2025-06-07 08:04:27.673 63120 INFO tempest.lib.common.rest_client [req-e2d06e15-a9a4-4036-83b4-469608ad1fd9 req-e2d06e15-a9a4-4036-83b4-469608ad1fd9 ] Request (ServersTestMultiNic:test_verify_duplicate_network_nics): 200 GET http://10.180.1.21/compute/v2.1/servers/65d620ad-0863-4947-945e-0e4b3c01d3a3 0.363s
2025-06-07 08:04:27.718 63140 INFO tempest.lib.common.rest_client [req-af9e9b58-035e-4fa9-9cdc-9d380da3f195 req-af9e9b58-035e-4fa9-9cdc-9d380da3f195 ] Request (ImagesNegativeTestJSON:test_create_image_from_deleted_server): 200 GET http://10.180.1.21/compute/v2.1/servers/51817412-7e0a-48fe-8f8e-766eea45e60c 0.173s
2025-06-07 08:04:27.763 63152 INFO tempest.lib.common.rest_client [req-605818c4-41ca-44d3-9f55-46237b5d811d req-605818c4-41ca-44d3-9f55-46237b5d811d ] Request (ServersAdminTestJSON:setUpClass): 200 GET http://10.180.1.21/compute/v2.1/servers/b845396e-1641-4668-b687-348f1ee8b6f0 0.163s
2025-06-07 08:04:27.795 63114 INFO tempest.lib.common.rest_client [req-ee5cd2e4-f9e3-442b-bde1-b2a233513ed0 req-ee5cd2e4-f9e3-442b-bde1-b2a233513ed0 ] Request (MultipleCreateTestJSON:test_multiple_create): 200 GET http://10.180.1.21/compute/v2.1/servers/9a448d2b-0dee-4a90-b131-e6ada542f342 0.265s
2025-06-07 08:04:27.842 63094 INFO tempest.lib.common.rest_client [req-c5b71eba-b0ac-4161-a39d-aba71f279569 req-c5b71eba-b0ac-4161-a39d-aba71f279569 ] Request (MigrationsAdminTest:test_resize_server_revert_deleted_flavor): 200 GET http://10.180.1.21/compute/v2.1/servers/8852d058-a494-47e4-977d-289b5126f7ae 0.188s
2025-06-07 08:04:27.886 63145 INFO tempest.lib.common.rest_client [req-5c33d15f-2551-44e2-bade-c73987d9d84c req-5c33d15f-2551-44e2-bade-c73987d9d84c ] Request (ServersTestJSON:test_create_server_specify_multibyte_character_name): 200 GET http://10.180.1.21/compute/v2.1/servers/3684a5c7-4998-4d5b-8cb6-7df3a9bf9270 0.186s
2025-06-07 08:04:27.895 63142 INFO tempest.lib.common.rest_client [req-50abe82a-165d-4580-b632-d42695f19acd req-50abe82a-165d-4580-b632-d42695f19acd ] Request (AttachInterfacesUnderV243Test:test_add_remove_fixed_ip): 200 GET http://10.180.1.21/compute/v2.1/servers/09aa702f-a28c-429b-83d9-378be8606a29 0.269s
2025-06-07 08:04:27.933 63112 INFO tempest.lib.common.rest_client [req-fa46a4e9-286e-44ef-a0e5-85c580eb2593 req-fa46a4e9-286e-44ef-a0e5-85c580eb2593 ] Request (InstanceActionsTestJSON:setUpClass): 200 GET http://10.180.1.21/compute/v2.1/servers/b9e1cb26-df61-44aa-952f-e50e24766a6f 0.187s
2025-06-07 08:04:27.978 63125 INFO tempest.lib.common.rest_client [req-0a8cd6ed-34f5-4b85-9192-45ea22a35eb0 req-0a8cd6ed-34f5-4b85-9192-45ea22a35eb0 ] Request (AttachInterfacesTestJSON:test_create_list_show_delete_interfaces_by_fixed_ip): 200 GET http://10.180.1.21/compute/v2.1/servers/70a8650c-112c-44c2-b3cb-1b8cab557cac 0.182s
2025-06-07 08:04:27.984 63130 INFO tempest.lib.common.rest_client [req-6b9a6fdb-869d-49ff-9473-ce798cf6b778 req-6b9a6fdb-869d-49ff-9473-ce798cf6b778 ] Request (VolumesAssistedSnapshotsTest:test_volume_assisted_snapshot_create_delete): 200 GET http://10.180.1.21/compute/v2.1/servers/356088a2-b55e-4ff1-9422-a53ab6830fc9 0.220s
2025-06-07 08:04:28.027 63132 INFO tempest.lib.common.rest_client [req-8ab21eb8-8b28-4582-a6e6-3c595755c1b6 req-8ab21eb8-8b28-4582-a6e6-3c595755c1b6 ] Request (ServerGroupTestJSON:test_create_server_with_scheduler_hint_group): 200 GET http://10.180.1.21/compute/v2.1/servers/4e783b92-0668-4e70-9848-4b4320318603 0.208s
2025-06-07 08:04:28.037 63106 INFO tempest.lib.common.rest_client [req-222267fc-3f84-47d7-9023-b9e4e9641183 req-222267fc-3f84-47d7-9023-b9e4e9641183 ] Request (ServersAdminNegativeTestJSON:setUpClass): 200 GET http://10.180.1.21/compute/v2.1/servers/51a8bec7-c8fd-4efb-ad91-eb34bb40a8fe 0.190s
2025-06-07 08:04:28.081 63096 INFO tempest.lib.common.rest_client [req-598817a6-5d06-4c6b-9981-89fb7a800656 req-598817a6-5d06-4c6b-9981-89fb7a800656 ] Request (ServersAdmin275Test:test_rebuild_update_server_275): 200 GET http://10.180.1.21/compute/v2.1/servers/952194e3-6318-4ecc-8d48-bda3811c4d49 0.209s
2025-06-07 08:04:28.083 63102 INFO tempest.lib.common.rest_client [req-5df75336-5993-4445-ac16-5f7350bbc3da req-5df75336-5993-4445-ac16-5f7350bbc3da ] Request (ServersTestJSON:setUpClass): 200 GET http://10.180.1.21/compute/v2.1/servers/489b821e-f7d0-446f-8197-550c808e5a99 0.188s
2025-06-07 08:04:28.128 63126 INFO tempest.lib.common.rest_client [req-7ea530b2-280a-44ba-a67f-b7b508a1384b req-7ea530b2-280a-44ba-a67f-b7b508a1384b ] Request (DeleteServersTestJSON:test_delete_active_server): 200 GET http://10.180.1.21/compute/v2.1/servers/704614e0-aaa3-48b6-8208-47af7ca0f367 0.203s
2025-06-07 08:04:28.130 63156 INFO tempest.lib.common.rest_client [req-07847f4f-5fe5-4595-8b5f-8a580c2f2dea req-07847f4f-5fe5-4595-8b5f-8a580c2f2dea ] Request (ServerDiagnosticsV248Test:test_get_server_diagnostics): 200 GET http://10.180.1.21/compute/v2.1/servers/7cdd84be-1e0a-4e4a-9e40-b4d589f08914 0.155s
2025-06-07 08:04:28.175 63122 INFO tempest.lib.common.rest_client [req-a82054ff-d62c-430c-9c1b-86c1abc1d8cb req-a82054ff-d62c-430c-9c1b-86c1abc1d8cb ] Request (InstanceActionsNegativeTestJSON:setUpClass): 200 GET http://10.180.1.21/compute/v2.1/servers/338a113c-1d04-4243-8500-fcc6d458d3ed 0.150s
2025-06-07 08:04:28.216 63118 INFO tempest.lib.common.rest_client [req-44afb00c-d190-427f-912c-f1e6cb9f430a req-44afb00c-d190-427f-912c-f1e6cb9f430a ] Request (ImagesOneServerTestJSON:setUpClass): 200 GET http://10.180.1.21/compute/v2.1/servers/4e911f12-5d9c-4713-b1e0-4d87a589a9d8 0.225s
2025-06-07 08:04:28.220 63148 INFO tempest.lib.common.rest_client [req-301ab7d2-a2ba-4fdd-a7db-6d65018dd6a9 req-301ab7d2-a2ba-4fdd-a7db-6d65018dd6a9 ] Request (DeleteServersAdminTestJSON:test_delete_server_while_in_error_state): 200 GET http://10.180.1.21/compute/v2.1/servers/a7f9eb88-e447-4f59-814e-6ebbb6a2ecb8 0.154s
2025-06-07 08:04:28.265 63110 INFO tempest.lib.common.rest_client [req-0dc0ed35-16a1-4cda-be23-62dd8fd1b5ae req-0dc0ed35-16a1-4cda-be23-62dd8fd1b5ae ] Request (ServerDiskConfigTestJSON:test_rebuild_server_with_auto_disk_config): 200 GET http://10.180.1.21/compute/v2.1/servers/f863dfb3-98d5-473b-9e41-85984e350070 0.150s
2025-06-07 08:04:28.305 63134 INFO tempest.lib.common.rest_client [req-dfe279a9-1635-4207-81e1-a5b027d3c56e req-dfe279a9-1635-4207-81e1-a5b027d3c56e ] Request (ServerDiagnosticsNegativeTest:test_get_server_diagnostics_by_non_admin): 200 GET http://10.180.1.21/compute/v2.1/servers/7ab3a69a-9893-4ed2-b3e7-13ed81ee7c77 0.214s
2025-06-07 08:04:28.308 63116 INFO tempest.lib.common.rest_client [req-ea7f0567-7938-472e-837b-19554104dd6a req-ea7f0567-7938-472e-837b-19554104dd6a ] Request (ServersWithSpecificFlavorTestJSON:test_verify_created_server_ephemeral_disk): 200 GET http://10.180.1.21/compute/v2.1/servers/52329a92-b534-4811-b117-2041b125f4c7 0.146s
2025-06-07 08:04:28.352 63109 INFO tempest.lib.common.rest_client [req-1cc7006d-6b01-42f4-948c-886fc40009dc req-1cc7006d-6b01-42f4-948c-886fc40009dc ] Request (ImagesTestJSON:test_create_image_from_stopped_server): 200 GET http://10.180.1.21/compute/v2.1/servers/22549912-2253-42bb-b2d7-8d0512c2a9d7 0.142s
2025-06-07 08:04:28.394 63136 INFO tempest.lib.common.rest_client [req-6df89177-2c3f-4767-a84b-e14b3440143b req-6df89177-2c3f-4767-a84b-e14b3440143b ] Request (ImagesOneServerNegativeTestJSON:setUpClass): 200 GET http://10.180.1.21/compute/v2.1/servers/76b0e03d-9636-4328-bfd5-17c434cfae72 0.207s
2025-06-07 08:04:28.400 63100 INFO tempest.lib.common.rest_client [req-b5539951-8309-454c-8d87-24a871b5fbd8 req-b5539951-8309-454c-8d87-24a871b5fbd8 ] Request (ServerActionsV293TestJSON:setUpClass): 200 GET http://10.180.1.21/compute/v2.1/servers/5b935b76-027b-4b4a-a61b-3e4cc2f36c08 0.157s
2025-06-07 08:04:28.572 63154 INFO tempest.lib.common.rest_client [req-a38c8398-788f-42ff-989f-3106d12d833f req-a38c8398-788f-42ff-989f-3106d12d833f ] Request (ServerMetadataNegativeTestJSON:setUpClass): 200 GET http://10.180.1.21/compute/v2.1/servers/4357ed8f-14f7-4d44-8d1b-262ccaafe1e0 0.094s
2025-06-07 08:04:28.579 63151 INFO tempest.lib.common.rest_client [req-f7d597d8-0cca-41eb-aea9-374ee2948d9d req-f7d597d8-0cca-41eb-aea9-374ee2948d9d ] Request (SecurityGroupsTestJSON:test_list_security_groups_by_server): 200 GET http://10.180.1.21/compute/v2.1/servers/99a760f5-19cd-4f1f-86d7-ebb09bb54ef4 0.051s
2025-06-07 08:04:28.714 63128 INFO tempest.lib.common.rest_client [req-d7075a55-ec42-4f89-89c5-b3c66810094e req-d7075a55-ec42-4f89-89c5-b3c66810094e ] Request (ServerDiagnosticsTest:test_get_server_diagnostics): 200 GET http://10.180.1.21/compute/v2.1/servers/012bbc43-f61f-4aef-bd66-32fbe66f8374 0.091s
2025-06-07 08:04:28.730 63138 INFO tempest.lib.common.rest_client [req-543cd70a-3429-4a5a-8fb3-6ef0ef270840 req-543cd70a-3429-4a5a-8fb3-6ef0ef270840 ] Request (ServersV294TestFqdnHostnames:setUpClass): 200 GET http://10.180.1.21/compute/v2.1/servers/097bae8e-614d-4322-b767-d56e0dc1b658 0.052s
2025-06-07 08:04:28.774 63140 INFO tempest.lib.common.rest_client [req-9c82c70c-ad20-4ed3-a559-9ca3f720796f req-9c82c70c-ad20-4ed3-a559-9ca3f720796f ] Request (ImagesNegativeTestJSON:test_create_image_from_deleted_server): 200 GET http://10.180.1.21/compute/v2.1/servers/51817412-7e0a-48fe-8f8e-766eea45e60c 0.048s
2025-06-07 08:04:28.818 63152 INFO tempest.lib.common.rest_client [req-e4cfd724-2889-4b17-ba3e-e7faeb497c52 req-e4cfd724-2889-4b17-ba3e-e7faeb497c52 ] Request (ServersAdminTestJSON:setUpClass): 200 GET http://10.180.1.21/compute/v2.1/servers/b845396e-1641-4668-b687-348f1ee8b6f0 0.047s
2025-06-07 08:04:28.913 63114 INFO tempest.lib.common.rest_client [req-f55650b2-4ac1-45b9-b699-2cdb328af536 req-f55650b2-4ac1-45b9-b699-2cdb328af536 ] Request (MultipleCreateTestJSON:test_multiple_create): 200 GET http://10.180.1.21/compute/v2.1/servers/9a448d2b-0dee-4a90-b131-e6ada542f342 0.110s
2025-06-07 08:04:28.970 63094 INFO tempest.lib.common.rest_client [req-eba3548c-fa5f-42d8-83a4-d0d0b3fa7621 req-eba3548c-fa5f-42d8-83a4-d0d0b3fa7621 ] Request (MigrationsAdminTest:test_resize_server_revert_deleted_flavor): 200 GET http://10.180.1.21/compute/v2.1/servers/8852d058-a494-47e4-977d-289b5126f7ae 0.120s
2025-06-07 08:04:28.997 63120 INFO tempest.lib.common.rest_client [req-dc0132c2-a300-4372-885f-c27b83f67d83 req-dc0132c2-a300-4372-885f-c27b83f67d83 ] Request (ServersTestMultiNic:test_verify_duplicate_network_nics): 200 GET http://10.180.1.21/compute/v2.1/servers/65d620ad-0863-4947-945e-0e4b3c01d3a3 0.316s
2025-06-07 08:04:29.017 63145 INFO tempest.lib.common.rest_client [req-1e1f0767-5c96-4af9-be44-29ca71aaebc4 req-1e1f0767-5c96-4af9-be44-29ca71aaebc4 ] Request (ServersTestJSON:test_create_server_specify_multibyte_character_name): 200 GET http://10.180.1.21/compute/v2.1/servers/3684a5c7-4998-4d5b-8cb6-7df3a9bf9270 0.124s
2025-06-07 08:04:29.061 63112 INFO tempest.lib.common.rest_client [req-02571724-4b0d-4554-a9bd-02dba3a30f8e req-02571724-4b0d-4554-a9bd-02dba3a30f8e ] Request (InstanceActionsTestJSON:setUpClass): 200 GET http://10.180.1.21/compute/v2.1/servers/b9e1cb26-df61-44aa-952f-e50e24766a6f 0.120s
2025-06-07 08:04:29.106 63125 INFO tempest.lib.common.rest_client [req-3904b48d-ccfa-4d12-a769-93559ec76fe9 req-3904b48d-ccfa-4d12-a769-93559ec76fe9 ] Request (AttachInterfacesTestJSON:test_create_list_show_delete_interfaces_by_fixed_ip): 200 GET http://10.180.1.21/compute/v2.1/servers/70a8650c-112c-44c2-b3cb-1b8cab557cac 0.120s
2025-06-07 08:04:29.128 63142 INFO tempest.lib.common.rest_client [req-fbfc037b-801e-4f3f-96a3-e821652bf33c req-fbfc037b-801e-4f3f-96a3-e821652bf33c ] Request (AttachInterfacesUnderV243Test:test_add_remove_fixed_ip): 200 GET http://10.180.1.21/compute/v2.1/servers/09aa702f-a28c-429b-83d9-378be8606a29 0.226s
2025-06-07 08:04:29.174 63132 INFO tempest.lib.common.rest_client [req-bdacabe7-e981-4f1c-9bf0-34b02bfcb750 req-bdacabe7-e981-4f1c-9bf0-34b02bfcb750 ] Request (ServerGroupTestJSON:test_create_server_with_scheduler_hint_group): 200 GET http://10.180.1.21/compute/v2.1/servers/4e783b92-0668-4e70-9848-4b4320318603 0.138s
2025-06-07 08:04:29.202 63130 INFO tempest.lib.common.rest_client [req-a2107765-95b6-428e-8d41-b46e0c17a8f8 req-a2107765-95b6-428e-8d41-b46e0c17a8f8 ] Request (VolumesAssistedSnapshotsTest:test_volume_assisted_snapshot_create_delete): 200 GET http://10.180.1.21/compute/v2.1/servers/356088a2-b55e-4ff1-9422-a53ab6830fc9 0.210s
2025-06-07 08:04:29.220 63106 INFO tempest.lib.common.rest_client [req-74885d96-c7a3-41f0-8605-99c0f8f2eaf6 req-74885d96-c7a3-41f0-8605-99c0f8f2eaf6 ] Request (ServersAdminNegativeTestJSON:setUpClass): 200 GET http://10.180.1.21/compute/v2.1/servers/51a8bec7-c8fd-4efb-ad91-eb34bb40a8fe 0.175s
2025-06-07 08:04:29.253 63096 INFO tempest.lib.common.rest_client [req-70a894af-7c60-4dd3-9e0a-011074630605 req-70a894af-7c60-4dd3-9e0a-011074630605 ] Request (ServersAdmin275Test:test_rebuild_update_server_275): 200 GET http://10.180.1.21/compute/v2.1/servers/952194e3-6318-4ecc-8d48-bda3811c4d49 0.162s
2025-06-07 08:04:29.267 63102 INFO tempest.lib.common.rest_client [req-0ed193e9-84c4-4f1f-beca-c50bb87b14ab req-0ed193e9-84c4-4f1f-beca-c50bb87b14ab ] Request (ServersTestJSON:setUpClass): 200 GET http://10.180.1.21/compute/v2.1/servers/489b821e-f7d0-446f-8197-550c808e5a99 0.176s
2025-06-07 08:04:29.299 63126 INFO tempest.lib.common.rest_client [req-d9945460-aacd-4307-aa50-5fe7e653af17 req-d9945460-aacd-4307-aa50-5fe7e653af17 ] Request (DeleteServersTestJSON:test_delete_active_server): 200 GET http://10.180.1.21/compute/v2.1/servers/704614e0-aaa3-48b6-8208-47af7ca0f367 0.162s
2025-06-07 08:04:29.316 63156 INFO tempest.lib.common.rest_client [req-d42d71df-4021-41b8-a282-32c45e251c13 req-d42d71df-4021-41b8-a282-32c45e251c13 ] Request (ServerDiagnosticsV248Test:test_get_server_diagnostics): 200 GET http://10.180.1.21/compute/v2.1/servers/7cdd84be-1e0a-4e4a-9e40-b4d589f08914 0.176s
2025-06-07 08:04:29.347 63122 INFO tempest.lib.common.rest_client [req-4106b217-ff1c-459d-b691-3019567a7c17 req-4106b217-ff1c-459d-b691-3019567a7c17 ] Request (InstanceActionsNegativeTestJSON:setUpClass): 200 GET http://10.180.1.21/compute/v2.1/servers/338a113c-1d04-4243-8500-fcc6d458d3ed 0.164s
2025-06-07 08:04:29.393 63148 INFO tempest.lib.common.rest_client [req-afa81992-146b-4ddc-96b3-9b5dd581d3b8 req-afa81992-146b-4ddc-96b3-9b5dd581d3b8 ] Request (DeleteServersAdminTestJSON:test_delete_server_while_in_error_state): 200 GET http://10.180.1.21/compute/v2.1/servers/a7f9eb88-e447-4f59-814e-6ebbb6a2ecb8 0.164s
2025-06-07 08:04:29.443 63110 INFO tempest.lib.common.rest_client [req-8a258bb0-775e-48a7-a02c-9993e3cd52af req-8a258bb0-775e-48a7-a02c-9993e3cd52af ] Request (ServerDiskConfigTestJSON:test_rebuild_server_with_auto_disk_config): 200 GET http://10.180.1.21/compute/v2.1/servers/f863dfb3-98d5-473b-9e41-85984e350070 0.170s
2025-06-07 08:04:29.449 63118 INFO tempest.lib.common.rest_client [req-064ddd7b-81d4-49b1-bb5c-00ee6bc83187 req-064ddd7b-81d4-49b1-bb5c-00ee6bc83187 ] Request (ImagesOneServerTestJSON:setUpClass): 200 GET http://10.180.1.21/compute/v2.1/servers/4e911f12-5d9c-4713-b1e0-4d87a589a9d8 0.225s
2025-06-07 08:04:29.493 63116 INFO tempest.lib.common.rest_client [req-45c3095a-f1f6-4368-8551-ffe15f5c7cb1 req-45c3095a-f1f6-4368-8551-ffe15f5c7cb1 ] Request (ServersWithSpecificFlavorTestJSON:test_verify_created_server_ephemeral_disk): 200 GET http://10.180.1.21/compute/v2.1/servers/52329a92-b534-4811-b117-2041b125f4c7 0.177s
2025-06-07 08:04:29.539 63109 INFO tempest.lib.common.rest_client [req-dbb34d74-ad58-4bf0-8e62-c9210045096c req-dbb34d74-ad58-4bf0-8e62-c9210045096c ] Request (ImagesTestJSON:test_create_image_from_stopped_server): 200 GET http://10.180.1.21/compute/v2.1/servers/22549912-2253-42bb-b2d7-8d0512c2a9d7 0.179s
2025-06-07 08:04:29.574 63134 INFO tempest.lib.common.rest_client [req-d6de9894-a322-4bae-ae96-5d61f328b038 req-d6de9894-a322-4bae-ae96-5d61f328b038 ] Request (ServerDiagnosticsNegativeTest:test_get_server_diagnostics_by_non_admin): 200 GET http://10.180.1.21/compute/v2.1/servers/7ab3a69a-9893-4ed2-b3e7-13ed81ee7c77 0.261s
2025-06-07 08:04:29.623 63100 INFO tempest.lib.common.rest_client [req-beea1757-be7d-49c7-903c-23bec96ba8bc req-beea1757-be7d-49c7-903c-23bec96ba8bc ] Request (ServerActionsV293TestJSON:setUpClass): 200 GET http://10.180.1.21/compute/v2.1/servers/5b935b76-027b-4b4a-a61b-3e4cc2f36c08 0.212s
2025-06-07 08:04:29.669 63136 INFO tempest.lib.common.rest_client [req-e7dae9db-8e75-4d22-b3ff-9fca7891614c req-e7dae9db-8e75-4d22-b3ff-9fca7891614c ] Request (ImagesOneServerNegativeTestJSON:setUpClass): 200 GET http://10.180.1.21/compute/v2.1/servers/76b0e03d-9636-4328-bfd5-17c434cfae72 0.268s
2025-06-07 08:04:29.714 63154 INFO tempest.lib.common.rest_client [req-f1dbbd61-f701-478f-b200-dc5367332b3c req-f1dbbd61-f701-478f-b200-dc5367332b3c ] Request (ServerMetadataNegativeTestJSON:setUpClass): 200 GET http://10.180.1.21/compute/v2.1/servers/4357ed8f-14f7-4d44-8d1b-262ccaafe1e0 0.134s
2025-06-07 08:04:29.715 63151 INFO tempest.lib.common.rest_client [req-79a037ef-1381-4fdc-8562-91f0e014819d req-79a037ef-1381-4fdc-8562-91f0e014819d ] Request (SecurityGroupsTestJSON:test_list_security_groups_by_server): 200 GET http://10.180.1.21/compute/v2.1/servers/99a760f5-19cd-4f1f-86d7-ebb09bb54ef4 0.129s
2025-06-07 08:04:29.792 63138 INFO tempest.lib.common.rest_client [req-f96db49b-8fba-4058-98a1-e0a0dd1f1e74 req-f96db49b-8fba-4058-98a1-e0a0dd1f1e74 ] Request (ServersV294TestFqdnHostnames:setUpClass): 200 GET http://10.180.1.21/compute/v2.1/servers/097bae8e-614d-4322-b767-d56e0dc1b658 0.052s
2025-06-07 08:04:29.817 63128 INFO tempest.lib.common.rest_client [req-40641848-33b8-4818-97cb-6c87d9604189 req-40641848-33b8-4818-97cb-6c87d9604189 ] Request (ServerDiagnosticsTest:test_get_server_diagnostics): 200 GET http://10.180.1.21/compute/v2.1/servers/012bbc43-f61f-4aef-bd66-32fbe66f8374 0.095s
2025-06-07 08:04:29.837 63140 INFO tempest.lib.common.rest_client [req-41edbd92-3029-4057-9266-556ab3e0c36d req-41edbd92-3029-4057-9266-556ab3e0c36d ] Request (ImagesNegativeTestJSON:test_create_image_from_deleted_server): 200 GET http://10.180.1.21/compute/v2.1/servers/51817412-7e0a-48fe-8f8e-766eea45e60c 0.055s
2025-06-07 08:04:29.874 63152 INFO tempest.lib.common.rest_client [req-b833c307-1c80-49c0-8d1d-7b21043c13d5 req-b833c307-1c80-49c0-8d1d-7b21043c13d5 ] Request (ServersAdminTestJSON:setUpClass): 200 GET http://10.180.1.21/compute/v2.1/servers/b845396e-1641-4668-b687-348f1ee8b6f0 0.046s
2025-06-07 08:04:30.025 63114 INFO tempest.lib.common.rest_client [req-51cec310-2832-4a8f-9178-77ca9ef16e09 req-51cec310-2832-4a8f-9178-77ca9ef16e09 ] Request (MultipleCreateTestJSON:test_multiple_create): 200 GET http://10.180.1.21/compute/v2.1/servers/9a448d2b-0dee-4a90-b131-e6ada542f342 0.094s
2025-06-07 08:04:30.026 63094 INFO tempest.lib.common.rest_client [req-cb19d840-2b15-42db-9a84-7e9ee1de25d9 req-cb19d840-2b15-42db-9a84-7e9ee1de25d9 ] Request (MigrationsAdminTest:test_resize_server_revert_deleted_flavor): 200 GET http://10.180.1.21/compute/v2.1/servers/8852d058-a494-47e4-977d-289b5126f7ae 0.048s
2025-06-07 08:04:30.071 63145 INFO tempest.lib.common.rest_client [req-734c340d-3e7a-48d7-9d64-1b0326ab576b req-734c340d-3e7a-48d7-9d64-1b0326ab576b ] Request (ServersTestJSON:test_create_server_specify_multibyte_character_name): 200 GET http://10.180.1.21/compute/v2.1/servers/3684a5c7-4998-4d5b-8cb6-7df3a9bf9270 0.045s
2025-06-07 08:04:30.114 63112 INFO tempest.lib.common.rest_client [req-ee04ba55-8291-4f6a-8238-86ea770231aa req-ee04ba55-8291-4f6a-8238-86ea770231aa ] Request (InstanceActionsTestJSON:setUpClass): 200 GET http://10.180.1.21/compute/v2.1/servers/b9e1cb26-df61-44aa-952f-e50e24766a6f 0.045s
2025-06-07 08:04:30.128 63120 INFO tempest.lib.common.rest_client [req-1c7375d2-cbcc-40de-90f8-fde29d6cb7fe req-1c7375d2-cbcc-40de-90f8-fde29d6cb7fe ] Request (ServersTestMultiNic:test_verify_duplicate_network_nics): 200 GET http://10.180.1.21/compute/v2.1/servers/65d620ad-0863-4947-945e-0e4b3c01d3a3 0.123s
2025-06-07 08:04:30.167 63125 INFO tempest.lib.common.rest_client [req-06e0769f-c380-4f0d-936b-2f8eacdbf20e req-06e0769f-c380-4f0d-936b-2f8eacdbf20e ] Request (AttachInterfacesTestJSON:test_create_list_show_delete_interfaces_by_fixed_ip): 200 GET http://10.180.1.21/compute/v2.1/servers/70a8650c-112c-44c2-b3cb-1b8cab557cac 0.052s
2025-06-07 08:04:30.229 63142 INFO tempest.lib.common.rest_client [req-e71a2488-be24-4790-b2c1-5d8f2963f207 req-e71a2488-be24-4790-b2c1-5d8f2963f207 ] Request (AttachInterfacesUnderV243Test:test_add_remove_fixed_ip): 200 GET http://10.180.1.21/compute/v2.1/servers/09aa702f-a28c-429b-83d9-378be8606a29 0.093s
2025-06-07 08:04:30.230 63132 INFO tempest.lib.common.rest_client [req-8ef28d1b-9245-446d-b4a2-3a0c3bbafcf3 req-8ef28d1b-9245-446d-b4a2-3a0c3bbafcf3 ] Request (ServerGroupTestJSON:test_create_server_with_scheduler_hint_group): 200 GET http://10.180.1.21/compute/v2.1/servers/4e783b92-0668-4e70-9848-4b4320318603 0.048s
2025-06-07 08:04:30.273 63106 INFO tempest.lib.common.rest_client [req-65c64892-3473-443d-af3a-f043aaf02570 req-65c64892-3473-443d-af3a-f043aaf02570 ] Request (ServersAdminNegativeTestJSON:setUpClass): 200 GET http://10.180.1.21/compute/v2.1/servers/51a8bec7-c8fd-4efb-ad91-eb34bb40a8fe 0.045s
2025-06-07 08:04:30.320 63096 INFO tempest.lib.common.rest_client [req-e5884813-f0fe-406b-a6df-644ccc7dd25f req-e5884813-f0fe-406b-a6df-644ccc7dd25f ] Request (ServersAdmin275Test:test_rebuild_update_server_275): 200 GET http://10.180.1.21/compute/v2.1/servers/952194e3-6318-4ecc-8d48-bda3811c4d49 0.057s
2025-06-07 08:04:30.356 63130 INFO tempest.lib.common.rest_client [req-a6c01a2a-064d-41e7-958e-401130ac4aa3 req-a6c01a2a-064d-41e7-958e-401130ac4aa3 ] Request (VolumesAssistedSnapshotsTest:test_volume_assisted_snapshot_create_delete): 200 GET http://10.180.1.21/compute/v2.1/servers/356088a2-b55e-4ff1-9422-a53ab6830fc9 0.146s
2025-06-07 08:04:30.365 63102 INFO tempest.lib.common.rest_client [req-6f636d07-e1d6-4f75-a83f-67a5a6a422bc req-6f636d07-e1d6-4f75-a83f-67a5a6a422bc ] Request (ServersTestJSON:setUpClass): 200 GET http://10.180.1.21/compute/v2.1/servers/489b821e-f7d0-446f-8197-550c808e5a99 0.090s
2025-06-07 08:04:30.401 63126 INFO tempest.lib.common.rest_client [req-863e1cac-4251-4b5a-8db5-cecc562690b0 req-863e1cac-4251-4b5a-8db5-cecc562690b0 ] Request (DeleteServersTestJSON:test_delete_active_server): 200 GET http://10.180.1.21/compute/v2.1/servers/704614e0-aaa3-48b6-8208-47af7ca0f367 0.094s
2025-06-07 08:04:30.411 63156 INFO tempest.lib.common.rest_client [req-2fd8b8e1-422c-447c-bceb-bad771ff75b7 req-2fd8b8e1-422c-447c-bceb-bad771ff75b7 ] Request (ServerDiagnosticsV248Test:test_get_server_diagnostics): 200 GET http://10.180.1.21/compute/v2.1/servers/7cdd84be-1e0a-4e4a-9e40-b4d589f08914 0.084s
2025-06-07 08:04:30.447 63122 INFO tempest.lib.common.rest_client [req-fac40070-2619-4af8-ae23-172aef4c0a4c req-fac40070-2619-4af8-ae23-172aef4c0a4c ] Request (InstanceActionsNegativeTestJSON:setUpClass): 200 GET http://10.180.1.21/compute/v2.1/servers/338a113c-1d04-4243-8500-fcc6d458d3ed 0.092s
2025-06-07 08:04:30.459 63148 INFO tempest.lib.common.rest_client [req-dcf0df04-1321-44a1-a1b1-21962db9c337 req-dcf0df04-1321-44a1-a1b1-21962db9c337 ] Request (DeleteServersAdminTestJSON:test_delete_server_while_in_error_state): 200 GET http://10.180.1.21/compute/v2.1/servers/a7f9eb88-e447-4f59-814e-6ebbb6a2ecb8 0.058s
2025-06-07 08:04:30.496 63110 INFO tempest.lib.common.rest_client [req-9b7ffda9-9540-4d2b-89b9-0f5adfb4285a req-9b7ffda9-9540-4d2b-89b9-0f5adfb4285a ] Request (ServerDiskConfigTestJSON:test_rebuild_server_with_auto_disk_config): 200 GET http://10.180.1.21/compute/v2.1/servers/f863dfb3-98d5-473b-9e41-85984e350070 0.045s
2025-06-07 08:04:30.547 63116 INFO tempest.lib.common.rest_client [req-4884721e-73f5-44a5-82cd-8cd9fcb21273 req-4884721e-73f5-44a5-82cd-8cd9fcb21273 ] Request (ServersWithSpecificFlavorTestJSON:test_verify_created_server_ephemeral_disk): 200 GET http://10.180.1.21/compute/v2.1/servers/52329a92-b534-4811-b117-2041b125f4c7 0.045s
2025-06-07 08:04:30.585 63118 INFO tempest.lib.common.rest_client [req-413d818f-8b0b-404d-b8e2-caa21ac998eb req-413d818f-8b0b-404d-b8e2-caa21ac998eb ] Request (ImagesOneServerTestJSON:setUpClass): 200 GET http://10.180.1.21/compute/v2.1/servers/4e911f12-5d9c-4713-b1e0-4d87a589a9d8 0.128s
2025-06-07 08:04:30.592 63109 INFO tempest.lib.common.rest_client [req-5da6a454-8065-4c52-9ffc-53a61ee332f6 req-5da6a454-8065-4c52-9ffc-53a61ee332f6 ] Request (ImagesTestJSON:test_create_image_from_stopped_server): 200 GET http://10.180.1.21/compute/v2.1/servers/22549912-2253-42bb-b2d7-8d0512c2a9d7 0.047s
2025-06-07 08:04:30.678 63134 INFO tempest.lib.common.rest_client [req-3bfb6a61-ea2e-4fd5-b3a4-32a34b4a31fc req-3bfb6a61-ea2e-4fd5-b3a4-32a34b4a31fc ] Request (ServerDiagnosticsNegativeTest:test_get_server_diagnostics_by_non_admin): 200 GET http://10.180.1.21/compute/v2.1/servers/7ab3a69a-9893-4ed2-b3e7-13ed81ee7c77 0.094s
2025-06-07 08:04:30.692 63100 INFO tempest.lib.common.rest_client [req-525e5e0b-f247-47d5-8859-a21ba4cf7bfe req-525e5e0b-f247-47d5-8859-a21ba4cf7bfe ] Request (ServerActionsV293TestJSON:setUpClass): 200 GET http://10.180.1.21/compute/v2.1/servers/5b935b76-027b-4b4a-a61b-3e4cc2f36c08 0.058s
2025-06-07 08:04:30.807 63136 INFO tempest.lib.common.rest_client [req-dc33919c-bcc6-4ea4-b50d-a0998c755be7 req-dc33919c-bcc6-4ea4-b50d-a0998c755be7 ] Request (ImagesOneServerNegativeTestJSON:setUpClass): 200 GET http://10.180.1.21/compute/v2.1/servers/76b0e03d-9636-4328-bfd5-17c434cfae72 0.130s
2025-06-07 08:04:30.813 63154 INFO tempest.lib.common.rest_client [req-6fa2b75f-ff32-4e6e-8b62-424d4e4104e6 req-6fa2b75f-ff32-4e6e-8b62-424d4e4104e6 ] Request (ServerMetadataNegativeTestJSON:setUpClass): 200 GET http://10.180.1.21/compute/v2.1/servers/4357ed8f-14f7-4d44-8d1b-262ccaafe1e0 0.091s
2025-06-07 08:04:30.852 63151 INFO tempest.lib.common.rest_client [req-e288bd28-7b45-4699-945f-c8eb5c6b3ea4 req-e288bd28-7b45-4699-945f-c8eb5c6b3ea4 ] Request (SecurityGroupsTestJSON:test_list_security_groups_by_server): 200 GET http://10.180.1.21/compute/v2.1/servers/99a760f5-19cd-4f1f-86d7-ebb09bb54ef4 0.129s
2025-06-07 08:04:30.862 63138 INFO tempest.lib.common.rest_client [req-7671f737-c86e-4b3f-abdc-72f61a8564e9 req-7671f737-c86e-4b3f-abdc-72f61a8564e9 ] Request (ServersV294TestFqdnHostnames:setUpClass): 200 GET http://10.180.1.21/compute/v2.1/servers/097bae8e-614d-4322-b767-d56e0dc1b658 0.059s
2025-06-07 08:04:30.905 63140 INFO tempest.lib.common.rest_client [req-12ae619c-4eef-4d03-8931-713d4bf6b0f6 req-12ae619c-4eef-4d03-8931-713d4bf6b0f6 ] Request (ImagesNegativeTestJSON:test_create_image_from_deleted_server): 200 GET http://10.180.1.21/compute/v2.1/servers/51817412-7e0a-48fe-8f8e-766eea45e60c 0.060s
2025-06-07 08:04:30.941 63128 INFO tempest.lib.common.rest_client [req-ce25ae54-7e5b-437e-ab46-e078d57e2cf7 req-ce25ae54-7e5b-437e-ab46-e078d57e2cf7 ] Request (ServerDiagnosticsTest:test_get_server_diagnostics): 200 GET http://10.180.1.21/compute/v2.1/servers/012bbc43-f61f-4aef-bd66-32fbe66f8374 0.115s
2025-06-07 08:04:30.951 63152 INFO tempest.lib.common.rest_client [req-7fbbc6aa-050d-43ee-ac49-2b0044bf77f9 req-7fbbc6aa-050d-43ee-ac49-2b0044bf77f9 ] Request (ServersAdminTestJSON:setUpClass): 200 GET http://10.180.1.21/compute/v2.1/servers/b845396e-1641-4668-b687-348f1ee8b6f0 0.069s
2025-06-07 08:04:31.084 63094 INFO tempest.lib.common.rest_client [req-746e9481-7578-475a-9b09-1c927e33eb2e req-746e9481-7578-475a-9b09-1c927e33eb2e ] Request (MigrationsAdminTest:test_resize_server_revert_deleted_flavor): 200 GET http://10.180.1.21/compute/v2.1/servers/8852d058-a494-47e4-977d-289b5126f7ae 0.050s
2025-06-07 08:04:31.130 63114 INFO tempest.lib.common.rest_client [req-20e7491f-8f9c-42f5-b6f3-648af820cdf0 req-20e7491f-8f9c-42f5-b6f3-648af820cdf0 ] Request (MultipleCreateTestJSON:test_multiple_create): 200 GET http://10.180.1.21/compute/v2.1/servers/9a448d2b-0dee-4a90-b131-e6ada542f342 0.097s
2025-06-07 08:04:31.134 63145 INFO tempest.lib.common.rest_client [req-e3ee289d-871f-449b-b828-4acb5998ed81 req-e3ee289d-871f-449b-b828-4acb5998ed81 ] Request (ServersTestJSON:test_create_server_specify_multibyte_character_name): 200 GET http://10.180.1.21/compute/v2.1/servers/3684a5c7-4998-4d5b-8cb6-7df3a9bf9270 0.054s
2025-06-07 08:04:31.176 63112 INFO tempest.lib.common.rest_client [req-00509138-ea2a-4d55-b56f-5a36cf15102d req-00509138-ea2a-4d55-b56f-5a36cf15102d ] Request (InstanceActionsTestJSON:setUpClass): 200 GET http://10.180.1.21/compute/v2.1/servers/b9e1cb26-df61-44aa-952f-e50e24766a6f 0.054s
2025-06-07 08:04:31.220 63125 INFO tempest.lib.common.rest_client [req-ea0a8024-c377-4a2e-9e00-4bfe739c040b req-ea0a8024-c377-4a2e-9e00-4bfe739c040b ] Request (AttachInterfacesTestJSON:test_create_list_show_delete_interfaces_by_fixed_ip): 200 GET http://10.180.1.21/compute/v2.1/servers/70a8650c-112c-44c2-b3cb-1b8cab557cac 0.045s
2025-06-07 08:04:31.234 63120 INFO tempest.lib.common.rest_client [req-9efcbadf-00e6-47f7-b7b3-fafbb9299bc6 req-9efcbadf-00e6-47f7-b7b3-fafbb9299bc6 ] Request (ServersTestMultiNic:test_verify_duplicate_network_nics): 200 GET http://10.180.1.21/compute/v2.1/servers/65d620ad-0863-4947-945e-0e4b3c01d3a3 0.097s
2025-06-07 08:04:31.285 63132 INFO tempest.lib.common.rest_client [req-99bf419c-30c0-4564-8e3f-b8ef12499551 req-99bf419c-30c0-4564-8e3f-b8ef12499551 ] Request (ServerGroupTestJSON:test_create_server_with_scheduler_hint_group): 200 GET http://10.180.1.21/compute/v2.1/servers/4e783b92-0668-4e70-9848-4b4320318603 0.048s
2025-06-07 08:04:31.328 63142 INFO tempest.lib.common.rest_client [req-f9f7a6d6-eef6-456c-9ee4-a5b1e21dbf2a req-f9f7a6d6-eef6-456c-9ee4-a5b1e21dbf2a ] Request (AttachInterfacesUnderV243Test:test_add_remove_fixed_ip): 200 GET http://10.180.1.21/compute/v2.1/servers/09aa702f-a28c-429b-83d9-378be8606a29 0.091s
2025-06-07 08:04:31.328 63106 INFO tempest.lib.common.rest_client [req-772e289b-a95c-41b4-aceb-8349bbdbc288 req-772e289b-a95c-41b4-aceb-8349bbdbc288 ] Request (ServersAdminNegativeTestJSON:setUpClass): 200 GET http://10.180.1.21/compute/v2.1/servers/51a8bec7-c8fd-4efb-ad91-eb34bb40a8fe 0.047s
2025-06-07 08:04:31.381 63096 INFO tempest.lib.common.rest_client [req-e97e7f89-c60c-4d6d-ab0b-1b089481fb09 req-e97e7f89-c60c-4d6d-ab0b-1b089481fb09 ] Request (ServersAdmin275Test:test_rebuild_update_server_275): 200 GET http://10.180.1.21/compute/v2.1/servers/952194e3-6318-4ecc-8d48-bda3811c4d49 0.050s
2025-06-07 08:04:31.424 63102 INFO tempest.lib.common.rest_client [req-0e0581c7-9095-4a6b-b98b-f7aac7f2e809 req-0e0581c7-9095-4a6b-b98b-f7aac7f2e809 ] Request (ServersTestJSON:setUpClass): 200 GET http://10.180.1.21/compute/v2.1/servers/489b821e-f7d0-446f-8197-550c808e5a99 0.051s
2025-06-07 08:04:31.457 63130 INFO tempest.lib.common.rest_client [req-9d64984b-3263-434f-a4db-ceed57c0a1e3 req-9d64984b-3263-434f-a4db-ceed57c0a1e3 ] Request (VolumesAssistedSnapshotsTest:test_volume_assisted_snapshot_create_delete): 200 GET http://10.180.1.21/compute/v2.1/servers/356088a2-b55e-4ff1-9422-a53ab6830fc9 0.093s
2025-06-07 08:04:31.471 63126 INFO tempest.lib.common.rest_client [req-fb6b3e7a-8f62-4424-ae84-7535b57ed448 req-fb6b3e7a-8f62-4424-ae84-7535b57ed448 ] Request (DeleteServersTestJSON:test_delete_active_server): 200 GET http://10.180.1.21/compute/v2.1/servers/704614e0-aaa3-48b6-8208-47af7ca0f367 0.061s
2025-06-07 08:04:31.505 63156 INFO tempest.lib.common.rest_client [req-31d3f892-ec38-4a96-bafc-df4c6ce950af req-31d3f892-ec38-4a96-bafc-df4c6ce950af ] Request (ServerDiagnosticsV248Test:test_get_server_diagnostics): 200 GET http://10.180.1.21/compute/v2.1/servers/7cdd84be-1e0a-4e4a-9e40-b4d589f08914 0.084s
2025-06-07 08:04:31.518 63122 INFO tempest.lib.common.rest_client [req-053e05e2-2134-4033-b91d-79686a574504 req-053e05e2-2134-4033-b91d-79686a574504 ] Request (InstanceActionsNegativeTestJSON:setUpClass): 200 GET http://10.180.1.21/compute/v2.1/servers/338a113c-1d04-4243-8500-fcc6d458d3ed 0.063s
2025-06-07 08:04:31.552 63148 INFO tempest.lib.common.rest_client [req-fb61ea03-64da-4451-8c77-c9cf41c265de req-fb61ea03-64da-4451-8c77-c9cf41c265de ] Request (DeleteServersAdminTestJSON:test_delete_server_while_in_error_state): 200 GET http://10.180.1.21/compute/v2.1/servers/a7f9eb88-e447-4f59-814e-6ebbb6a2ecb8 0.086s
2025-06-07 08:04:31.563 63110 INFO tempest.lib.common.rest_client [req-bb09649a-33ba-4b79-9944-15c32336ccfc req-bb09649a-33ba-4b79-9944-15c32336ccfc ] Request (ServerDiskConfigTestJSON:test_rebuild_server_with_auto_disk_config): 200 GET http://10.180.1.21/compute/v2.1/servers/f863dfb3-98d5-473b-9e41-85984e350070 0.059s
2025-06-07 08:04:31.601 63116 INFO tempest.lib.common.rest_client [req-728f3457-1fe7-4d49-bcc8-ab9862e9bb2a req-728f3457-1fe7-4d49-bcc8-ab9862e9bb2a ] Request (ServersWithSpecificFlavorTestJSON:test_verify_created_server_ephemeral_disk): 200 GET http://10.180.1.21/compute/v2.1/servers/52329a92-b534-4811-b117-2041b125f4c7 0.046s
2025-06-07 08:04:31.646 63109 INFO tempest.lib.common.rest_client [req-47624f81-b25a-4ade-8ea8-45fe4ad22a68 req-47624f81-b25a-4ade-8ea8-45fe4ad22a68 ] Request (ImagesTestJSON:test_create_image_from_stopped_server): 200 GET http://10.180.1.21/compute/v2.1/servers/22549912-2253-42bb-b2d7-8d0512c2a9d7 0.046s
2025-06-07 08:04:31.682 63118 INFO tempest.lib.common.rest_client [req-4e7665d0-3333-4973-b5f1-8b59a3e157ce req-4e7665d0-3333-4973-b5f1-8b59a3e157ce ] Request (ImagesOneServerTestJSON:setUpClass): 200 GET http://10.180.1.21/compute/v2.1/servers/4e911f12-5d9c-4713-b1e0-4d87a589a9d8 0.090s
2025-06-07 08:04:31.756 63100 INFO tempest.lib.common.rest_client [req-a8e139f4-ab93-4946-b9e0-a400eac9ef2a req-a8e139f4-ab93-4946-b9e0-a400eac9ef2a ] Request (ServerActionsV293TestJSON:setUpClass): 200 GET http://10.180.1.21/compute/v2.1/servers/5b935b76-027b-4b4a-a61b-3e4cc2f36c08 0.053s
2025-06-07 08:04:31.778 63134 INFO tempest.lib.common.rest_client [req-88a88b8d-196d-4fdc-91d1-0715e0364290 req-88a88b8d-196d-4fdc-91d1-0715e0364290 ] Request (ServerDiagnosticsNegativeTest:test_get_server_diagnostics_by_non_admin): 200 GET http://10.180.1.21/compute/v2.1/servers/7ab3a69a-9893-4ed2-b3e7-13ed81ee7c77 0.093s
2025-06-07 08:04:31.909 63136 INFO tempest.lib.common.rest_client [req-557b2968-a9b3-47e1-8ccb-358b61865875 req-557b2968-a9b3-47e1-8ccb-358b61865875 ] Request (ImagesOneServerNegativeTestJSON:setUpClass): 200 GET http://10.180.1.21/compute/v2.1/servers/76b0e03d-9636-4328-bfd5-17c434cfae72 0.095s
2025-06-07 08:04:31.949 63154 INFO tempest.lib.common.rest_client [req-4b5538a0-7510-48fb-a02a-2c2356965fe0 req-4b5538a0-7510-48fb-a02a-2c2356965fe0 ] Request (ServerMetadataNegativeTestJSON:setUpClass): 200 GET http://10.180.1.21/compute/v2.1/servers/4357ed8f-14f7-4d44-8d1b-262ccaafe1e0 0.129s
2025-06-07 08:04:31.953 63151 INFO tempest.lib.common.rest_client [req-a2e822db-64a1-41a3-aa29-57a29c8245c5 req-a2e822db-64a1-41a3-aa29-57a29c8245c5 ] Request (SecurityGroupsTestJSON:test_list_security_groups_by_server): 200 GET http://10.180.1.21/compute/v2.1/servers/99a760f5-19cd-4f1f-86d7-ebb09bb54ef4 0.094s
2025-06-07 08:04:31.996 63140 INFO tempest.lib.common.rest_client [req-49f61e31-b10b-49f0-860a-acc26f000bdb req-49f61e31-b10b-49f0-860a-acc26f000bdb ] Request (ImagesNegativeTestJSON:test_create_image_from_deleted_server): 200 GET http://10.180.1.21/compute/v2.1/servers/51817412-7e0a-48fe-8f8e-766eea45e60c 0.083s
2025-06-07 08:04:31.998 63138 INFO tempest.lib.common.rest_client [req-2493897b-b439-4086-9892-4af0a66558b1 req-2493897b-b439-4086-9892-4af0a66558b1 ] Request (ServersV294TestFqdnHostnames:setUpClass): 200 GET http://10.180.1.21/compute/v2.1/servers/097bae8e-614d-4322-b767-d56e0dc1b658 0.125s
2025-06-07 08:04:32.044 63152 INFO tempest.lib.common.rest_client [req-00c486c4-029f-43da-b3d0-31d0a90882a1 req-00c486c4-029f-43da-b3d0-31d0a90882a1 ] Request (ServersAdminTestJSON:setUpClass): 200 GET http://10.180.1.21/compute/v2.1/servers/b845396e-1641-4668-b687-348f1ee8b6f0 0.085s
2025-06-07 08:04:32.123 63128 INFO tempest.lib.common.rest_client [req-a23625b4-fcab-4a70-ba6b-0873247b07ff req-a23625b4-fcab-4a70-ba6b-0873247b07ff ] Request (ServerDiagnosticsTest:test_get_server_diagnostics): 200 GET http://10.180.1.21/compute/v2.1/servers/012bbc43-f61f-4aef-bd66-32fbe66f8374 0.174s
2025-06-07 08:04:32.146 63094 INFO tempest.lib.common.rest_client [req-96c47978-727d-49ae-ab2f-ffa50d8e23a2 req-96c47978-727d-49ae-ab2f-ffa50d8e23a2 ] Request (MigrationsAdminTest:test_resize_server_revert_deleted_flavor): 200 GET http://10.180.1.21/compute/v2.1/servers/8852d058-a494-47e4-977d-289b5126f7ae 0.054s
2025-06-07 08:04:32.191 63145 INFO tempest.lib.common.rest_client [req-6572d6e5-55b0-468c-8774-4eac80db78c2 req-6572d6e5-55b0-468c-8774-4eac80db78c2 ] Request (ServersTestJSON:test_create_server_specify_multibyte_character_name): 200 GET http://10.180.1.21/compute/v2.1/servers/3684a5c7-4998-4d5b-8cb6-7df3a9bf9270 0.049s
2025-06-07 08:04:32.235 63112 INFO tempest.lib.common.rest_client [req-7456780a-0cf3-45c4-a6d3-d191e6111cc0 req-7456780a-0cf3-45c4-a6d3-d191e6111cc0 ] Request (InstanceActionsTestJSON:setUpClass): 200 GET http://10.180.1.21/compute/v2.1/servers/b9e1cb26-df61-44aa-952f-e50e24766a6f 0.050s
2025-06-07 08:04:32.240 63114 INFO tempest.lib.common.rest_client [req-e530be6b-2f31-4d38-a60d-99b1419125b7 req-e530be6b-2f31-4d38-a60d-99b1419125b7 ] Request (MultipleCreateTestJSON:test_multiple_create): 200 GET http://10.180.1.21/compute/v2.1/servers/9a448d2b-0dee-4a90-b131-e6ada542f342 0.099s
2025-06-07 08:04:32.280 63125 INFO tempest.lib.common.rest_client [req-f6c0e901-8c6c-4308-9da8-fa68e78bb04c req-f6c0e901-8c6c-4308-9da8-fa68e78bb04c ] Request (AttachInterfacesTestJSON:test_create_list_show_delete_interfaces_by_fixed_ip): 200 GET http://10.180.1.21/compute/v2.1/servers/70a8650c-112c-44c2-b3cb-1b8cab557cac 0.051s
2025-06-07 08:04:32.341 63132 INFO tempest.lib.common.rest_client [req-d7637134-35f6-4a10-8542-3319b02fd141 req-d7637134-35f6-4a10-8542-3319b02fd141 ] Request (ServerGroupTestJSON:test_create_server_with_scheduler_hint_group): 200 GET http://10.180.1.21/compute/v2.1/servers/4e783b92-0668-4e70-9848-4b4320318603 0.048s
2025-06-07 08:04:32.390 63106 INFO tempest.lib.common.rest_client [req-65cf17f7-0887-489f-afdd-3e5537d8f18e req-65cf17f7-0887-489f-afdd-3e5537d8f18e ] Request (ServersAdminNegativeTestJSON:setUpClass): 200 GET http://10.180.1.21/compute/v2.1/servers/51a8bec7-c8fd-4efb-ad91-eb34bb40a8fe 0.054s
2025-06-07 08:04:32.416 63120 INFO tempest.lib.common.rest_client [req-e3e000db-90dc-480e-8302-aee7b941e6c0 req-e3e000db-90dc-480e-8302-aee7b941e6c0 ] Request (ServersTestMultiNic:test_verify_duplicate_network_nics): 200 GET http://10.180.1.21/compute/v2.1/servers/65d620ad-0863-4947-945e-0e4b3c01d3a3 0.175s
2025-06-07 08:04:32.467 63096 INFO tempest.lib.common.rest_client [req-d392e1e4-0539-4a39-adc6-72f0d3f8a4e7 req-d392e1e4-0539-4a39-adc6-72f0d3f8a4e7 ] Request (ServersAdmin275Test:test_rebuild_update_server_275): 200 GET http://10.180.1.21/compute/v2.1/servers/952194e3-6318-4ecc-8d48-bda3811c4d49 0.075s
