2025-06-07 08:03:11.614 63145 INFO tempest.lib.common.rest_client [req-e9a2eb82-9d72-4b4c-ac48-d54105e59d29 req-e9a2eb82-9d72-4b4c-ac48-d54105e59d29 ] Request (ServersTestJSON:test_create_server_specify_multibyte_character_name): 200 GET http://10.180.1.21/compute/v2.1/servers/3684a5c7-4998-4d5b-8cb6-7df3a9bf9270 0.120s
2025-06-07 08:03:11.657 63128 INFO tempest.lib.common.rest_client [req-c9fa7987-602f-4303-86e3-a25ddef2652e req-c9fa7987-602f-4303-86e3-a25ddef2652e ] Request (ServerDiagnosticsTest:test_get_server_diagnostics): 200 GET http://10.180.1.21/compute/v2.1/servers/012bbc43-f61f-4aef-bd66-32fbe66f8374 0.136s
2025-06-07 08:03:11.674 63106 INFO tempest.lib.common.rest_client [req-6303f082-5d6d-4bd0-b668-e92df6841ded req-6303f082-5d6d-4bd0-b668-e92df6841ded ] Request (ServersAdminNegativeTestJSON:setUpClass): 200 GET http://10.180.1.21/compute/v2.1/servers/51a8bec7-c8fd-4efb-ad91-eb34bb40a8fe 0.118s
2025-06-07 08:03:11.705 63156 INFO tempest.lib.common.rest_client [req-e8375c93-2d4d-458a-9681-b44c05593fe0 req-e8375c93-2d4d-458a-9681-b44c05593fe0 ] Request (ServerDiagnosticsV248Test:test_get_server_diagnostics): 200 GET http://10.180.1.21/compute/v2.1/servers/7cdd84be-1e0a-4e4a-9e40-b4d589f08914 0.132s
2025-06-07 08:03:11.737 63094 INFO tempest.lib.common.rest_client [req-9bf8d425-fd81-4b26-ad7b-6ab236b22484 req-9bf8d425-fd81-4b26-ad7b-6ab236b22484 ] Request (MigrationsAdminTest:test_list_migrations_in_flavor_resize_situation): 200 GET http://10.180.1.21/compute/v2.1/servers/022718e2-52ec-4130-81b0-fb39e57d6efe 0.134s
2025-06-07 08:03:11.746 63094 INFO tempest.common.waiters [-] State transition "BUILD/spawning" ==> "ERROR/None" after 106 second wait
2025-06-07 08:03:11.753 63126 INFO tempest.lib.common.rest_client [req-34defe79-cc64-438e-a72b-12453b9ac76d req-34defe79-cc64-438e-a72b-12453b9ac76d ] Request (DeleteServersTestJSON:test_delete_active_server): 200 GET http://10.180.1.21/compute/v2.1/servers/704614e0-aaa3-48b6-8208-47af7ca0f367 0.129s
2025-06-07 08:03:11.788 63132 INFO tempest.lib.common.rest_client [req-a036c2cb-87da-4ecc-89b9-470a6cbb4070 req-a036c2cb-87da-4ecc-89b9-470a6cbb4070 ] Request (ServerGroupTestJSON:test_create_server_with_scheduler_hint_group): 200 GET http://10.180.1.21/compute/v2.1/servers/4e783b92-0668-4e70-9848-4b4320318603 0.130s
2025-06-07 08:03:11.803 63130 INFO tempest.lib.common.rest_client [req-1a9b04bc-b2db-4f4b-917f-cfd0e800de00 req-1a9b04bc-b2db-4f4b-917f-cfd0e800de00 ] Request (VolumesAssistedSnapshotsTest:test_volume_assisted_snapshot_create_delete): 200 GET http://10.180.1.21/compute/v2.1/servers/356088a2-b55e-4ff1-9422-a53ab6830fc9 0.124s
2025-06-07 08:03:11.853 63148 INFO tempest.lib.common.rest_client [req-4a800afb-c431-48f3-9c0c-926e2d4dca59 req-4a800afb-c431-48f3-9c0c-926e2d4dca59 ] Request (DeleteServersAdminTestJSON:test_delete_server_while_in_error_state): 200 GET http://10.180.1.21/compute/v2.1/servers/a7f9eb88-e447-4f59-814e-6ebbb6a2ecb8 0.133s
2025-06-07 08:03:11.864 63122 INFO tempest.lib.common.rest_client [req-51e895be-3255-4887-8962-1bc820cc3813 req-51e895be-3255-4887-8962-1bc820cc3813 ] Request (InstanceActionsNegativeTestJSON:setUpClass): 200 GET http://10.180.1.21/compute/v2.1/servers/338a113c-1d04-4243-8500-fcc6d458d3ed 0.123s
2025-06-07 08:03:11.925 63100 INFO tempest.lib.common.rest_client [req-1fed3894-ca52-4f33-a1e1-0c8e59fccdd6 req-1fed3894-ca52-4f33-a1e1-0c8e59fccdd6 ] Request (ServerActionsV293TestJSON:setUpClass): 200 GET http://10.180.1.21/compute/v2.1/servers/5b935b76-027b-4b4a-a61b-3e4cc2f36c08 0.133s
2025-06-07 08:03:12.024 63142 INFO tempest.lib.common.rest_client [req-b113ec9c-f9d0-4112-bb9a-2d2cebe163ec req-b113ec9c-f9d0-4112-bb9a-2d2cebe163ec ] Request (AttachInterfacesUnderV243Test:test_add_remove_fixed_ip): 200 GET http://10.180.1.21/compute/v2.1/servers/09aa702f-a28c-429b-83d9-378be8606a29 0.197s
2025-06-07 08:03:12.081 63102 INFO tempest.lib.common.rest_client [req-0fb47da7-b08b-4286-8fc6-d68b7870e4fd req-0fb47da7-b08b-4286-8fc6-d68b7870e4fd ] Request (ServersTestJSON:setUpClass): 200 GET http://10.180.1.21/compute/v2.1/servers/489b821e-f7d0-446f-8197-550c808e5a99 0.230s
2025-06-07 08:03:12.131 63110 INFO tempest.lib.common.rest_client [req-cf2302e8-7c66-4d23-b853-0c94c829ff9c req-cf2302e8-7c66-4d23-b853-0c94c829ff9c ] Request (ServerDiskConfigTestJSON:test_rebuild_server_with_auto_disk_config): 200 GET http://10.180.1.21/compute/v2.1/servers/f863dfb3-98d5-473b-9e41-85984e350070 0.258s
2025-06-07 08:03:12.141 63094 INFO tempest.lib.common.rest_client [req-55419a12-6414-412a-93ef-ad516e45fc5c req-55419a12-6414-412a-93ef-ad516e45fc5c ] Request (MigrationsAdminTest:test_list_migrations_in_flavor_resize_situation): 204 DELETE http://10.180.1.21/compute/v2.1/servers/022718e2-52ec-4130-81b0-fb39e57d6efe 0.394s
2025-06-07 08:03:12.187 63116 INFO tempest.lib.common.rest_client [req-74e7aa84-4855-4b3e-94bb-bdb86ec680b6 req-74e7aa84-4855-4b3e-94bb-bdb86ec680b6 ] Request (ServersWithSpecificFlavorTestJSON:test_verify_created_server_ephemeral_disk): 200 GET http://10.180.1.21/compute/v2.1/servers/52329a92-b534-4811-b117-2041b125f4c7 0.285s
2025-06-07 08:03:12.194 63109 INFO tempest.lib.common.rest_client [req-9d78eae7-4ebe-4d18-b9a3-aac940277fcc req-9d78eae7-4ebe-4d18-b9a3-aac940277fcc ] Request (ImagesTestJSON:test_create_image_from_stopped_server): 200 GET http://10.180.1.21/compute/v2.1/servers/22549912-2253-42bb-b2d7-8d0512c2a9d7 0.278s
2025-06-07 08:03:12.238 63138 INFO tempest.lib.common.rest_client [req-e55ce3c7-0c2d-4720-b193-c9ec5323688e req-e55ce3c7-0c2d-4720-b193-c9ec5323688e ] Request (ServersV294TestFqdnHostnames:setUpClass): 200 GET http://10.180.1.21/compute/v2.1/servers/097bae8e-614d-4322-b767-d56e0dc1b658 0.266s
2025-06-07 08:03:12.319 63134 INFO tempest.lib.common.rest_client [req-a9f7ae7b-7458-4608-936e-23ed579230a3 req-a9f7ae7b-7458-4608-936e-23ed579230a3 ] Request (ServerDiagnosticsNegativeTest:test_get_server_diagnostics_by_non_admin): 200 GET http://10.180.1.21/compute/v2.1/servers/7ab3a69a-9893-4ed2-b3e7-13ed81ee7c77 0.266s
2025-06-07 08:03:12.337 63094 INFO tempest.lib.common.rest_client [req-1f110f18-9517-4d95-99b8-42c4146f7ad0 req-1f110f18-9517-4d95-99b8-42c4146f7ad0 ] Request (MigrationsAdminTest:test_list_migrations_in_flavor_resize_situation): 404 GET http://10.180.1.21/compute/v2.1/servers/022718e2-52ec-4130-81b0-fb39e57d6efe 0.196s
2025-06-07 08:03:12.389 63118 INFO tempest.lib.common.rest_client [req-8e7fbe0e-2019-407b-8508-c28e3a9c71a0 req-8e7fbe0e-2019-407b-8508-c28e3a9c71a0 ] Request (ImagesOneServerTestJSON:setUpClass): 200 GET http://10.180.1.21/compute/v2.1/servers/4e911f12-5d9c-4713-b1e0-4d87a589a9d8 0.303s
2025-06-07 08:03:12.489 63154 INFO tempest.lib.common.rest_client [req-83a58219-3e56-478e-83ef-fd872dfa7beb req-83a58219-3e56-478e-83ef-fd872dfa7beb ] Request (ServerMetadataNegativeTestJSON:setUpClass): 200 GET http://10.180.1.21/compute/v2.1/servers/4357ed8f-14f7-4d44-8d1b-262ccaafe1e0 0.326s
2025-06-07 08:03:12.552 63136 INFO tempest.lib.common.rest_client [req-02efd492-5f37-4fbf-9da4-98c09a076376 req-02efd492-5f37-4fbf-9da4-98c09a076376 ] Request (ImagesOneServerNegativeTestJSON:setUpClass): 200 GET http://10.180.1.21/compute/v2.1/servers/76b0e03d-9636-4328-bfd5-17c434cfae72 0.406s
2025-06-07 08:03:12.559 63136 INFO tempest.common.waiters [-] State transition "BUILD/None" ==> "BUILD/spawning" after 79 second wait
2025-06-07 08:03:12.562 63094 INFO tempest.lib.common.rest_client [req-6f56e91d-d893-4c01-88f4-c05ddc3c63d5 req-6f56e91d-d893-4c01-88f4-c05ddc3c63d5 ] Request (MigrationsAdminTest:test_resize_server_revert_deleted_flavor): 200 GET http://10.180.1.21/compute/v2.1/flavors/42 0.222s
2025-06-07 08:03:12.581 63151 INFO tempest.lib.common.rest_client [req-5bac401c-3031-4b8e-8cb2-39c8e5a902b8 req-5bac401c-3031-4b8e-8cb2-39c8e5a902b8 ] Request (ServerExternalEventsTest:test_create_server_external_events): 200 GET http://10.180.1.21/compute/v2.1/servers/c56debdf-ab77-4151-bc20-6973ae594d87 0.324s
2025-06-07 08:03:12.678 63120 INFO tempest.lib.common.rest_client [req-5ff8980e-214b-424a-9a07-e182fb63e8db req-5ff8980e-214b-424a-9a07-e182fb63e8db ] Request (ServersTestMultiNic:test_verify_duplicate_network_nics): 200 GET http://10.180.1.21/compute/v2.1/servers/65d620ad-0863-4947-945e-0e4b3c01d3a3 0.219s
2025-06-07 08:03:12.705 63114 INFO tempest.lib.common.rest_client [req-5db57046-bc9f-4621-884a-c169f7ffeb5e req-5db57046-bc9f-4621-884a-c169f7ffeb5e ] Request (MultipleCreateTestJSON:test_multiple_create): 200 GET http://10.180.1.21/compute/v2.1/servers/9a448d2b-0dee-4a90-b131-e6ada542f342 0.290s
2025-06-07 08:03:12.732 63152 INFO tempest.lib.common.rest_client [req-9377cd5f-ad33-4795-aeea-aa5d2337ca9e req-9377cd5f-ad33-4795-aeea-aa5d2337ca9e ] Request (ServersAdminTestJSON:setUpClass): 200 GET http://10.180.1.21/compute/v2.1/servers/b845396e-1641-4668-b687-348f1ee8b6f0 0.258s
2025-06-07 08:03:12.764 63140 INFO tempest.lib.common.rest_client [req-94af4da8-2946-44e0-b582-909643349fae req-94af4da8-2946-44e0-b582-909643349fae ] Request (ImagesNegativeTestJSON:test_create_image_from_deleted_server): 200 GET http://10.180.1.21/compute/v2.1/servers/51817412-7e0a-48fe-8f8e-766eea45e60c 0.249s
2025-06-07 08:03:12.780 63094 INFO tempest.lib.common.rest_client [req-ddcd1ec4-f7cd-44ce-a6ae-eb7697cdaba1 req-ddcd1ec4-f7cd-44ce-a6ae-eb7697cdaba1 ] Request (MigrationsAdminTest:test_resize_server_revert_deleted_flavor): 200 POST http://10.180.1.21/compute/v2.1/flavors 0.215s
2025-06-07 08:03:12.785 63096 INFO tempest.lib.common.rest_client [req-400946a1-9800-4097-8fe1-09850bfe293a req-400946a1-9800-4097-8fe1-09850bfe293a ] Request (ServersAdmin275Test:test_rebuild_update_server_275): 200 GET http://10.180.1.21/compute/v2.1/servers/952194e3-6318-4ecc-8d48-bda3811c4d49 0.260s
2025-06-07 08:03:12.831 63112 INFO tempest.lib.common.rest_client [req-51b378b7-e6f2-427e-b786-99220154079d req-51b378b7-e6f2-427e-b786-99220154079d ] Request (InstanceActionsTestJSON:setUpClass): 200 GET http://10.180.1.21/compute/v2.1/servers/b9e1cb26-df61-44aa-952f-e50e24766a6f 0.265s
2025-06-07 08:03:12.832 63125 INFO tempest.lib.common.rest_client [req-2d39fe95-b43c-4f66-821e-426026151dea req-2d39fe95-b43c-4f66-821e-426026151dea ] Request (AttachInterfacesTestJSON:test_create_list_show_delete_interfaces_by_fixed_ip): 200 GET http://10.180.1.21/compute/v2.1/servers/70a8650c-112c-44c2-b3cb-1b8cab557cac 0.264s
2025-06-07 08:03:12.886 63145 INFO tempest.lib.common.rest_client [req-67ee71e8-5deb-4c4d-8e08-12d47fffb673 req-67ee71e8-5deb-4c4d-8e08-12d47fffb673 ] Request (ServersTestJSON:test_create_server_specify_multibyte_character_name): 200 GET http://10.180.1.21/compute/v2.1/servers/3684a5c7-4998-4d5b-8cb6-7df3a9bf9270 0.263s
2025-06-07 08:03:12.934 63128 INFO tempest.lib.common.rest_client [req-a642b3b7-8103-4991-a681-f6b1f61a23ef req-a642b3b7-8103-4991-a681-f6b1f61a23ef ] Request (ServerDiagnosticsTest:test_get_server_diagnostics): 200 GET http://10.180.1.21/compute/v2.1/servers/012bbc43-f61f-4aef-bd66-32fbe66f8374 0.269s
2025-06-07 08:03:12.939 63106 INFO tempest.lib.common.rest_client [req-de4b2a59-aa33-498a-b172-5e4ce3b9facc req-de4b2a59-aa33-498a-b172-5e4ce3b9facc ] Request (ServersAdminNegativeTestJSON:setUpClass): 200 GET http://10.180.1.21/compute/v2.1/servers/51a8bec7-c8fd-4efb-ad91-eb34bb40a8fe 0.258s
2025-06-07 08:03:12.995 63156 INFO tempest.lib.common.rest_client [req-f0068069-9491-47e5-87d4-842c39149110 req-f0068069-9491-47e5-87d4-842c39149110 ] Request (ServerDiagnosticsV248Test:test_get_server_diagnostics): 200 GET http://10.180.1.21/compute/v2.1/servers/7cdd84be-1e0a-4e4a-9e40-b4d589f08914 0.279s
2025-06-07 08:03:13.005 63094 INFO tempest.lib.common.rest_client [req-c63cf7eb-1789-4990-a1d4-4873f05b6934 req-c63cf7eb-1789-4990-a1d4-4873f05b6934 ] Request (MigrationsAdminTest:test_resize_server_revert_deleted_flavor): 200 GET http://10.180.1.21/compute/v2.1/flavors/42/os-extra_specs 0.223s
2025-06-07 08:03:13.014 63126 INFO tempest.lib.common.rest_client [req-68a0dd8c-8cff-4e72-894e-4d315efadc4d req-68a0dd8c-8cff-4e72-894e-4d315efadc4d ] Request (DeleteServersTestJSON:test_delete_active_server): 200 GET http://10.180.1.21/compute/v2.1/servers/704614e0-aaa3-48b6-8208-47af7ca0f367 0.253s
2025-06-07 08:03:13.059 63132 INFO tempest.lib.common.rest_client [req-dc435c4c-cb6d-4459-94f6-e43ed8c8a82d req-dc435c4c-cb6d-4459-94f6-e43ed8c8a82d ] Request (ServerGroupTestJSON:test_create_server_with_scheduler_hint_group): 200 GET http://10.180.1.21/compute/v2.1/servers/4e783b92-0668-4e70-9848-4b4320318603 0.262s
2025-06-07 08:03:13.063 63130 INFO tempest.lib.common.rest_client [req-f76f7ea2-bccd-4382-bf98-e2b657c4d154 req-f76f7ea2-bccd-4382-bf98-e2b657c4d154 ] Request (VolumesAssistedSnapshotsTest:test_volume_assisted_snapshot_create_delete): 200 GET http://10.180.1.21/compute/v2.1/servers/356088a2-b55e-4ff1-9422-a53ab6830fc9 0.250s
2025-06-07 08:03:13.118 63122 INFO tempest.lib.common.rest_client [req-365a5d45-5fae-4930-bc40-0bc92964cf07 req-365a5d45-5fae-4930-bc40-0bc92964cf07 ] Request (InstanceActionsNegativeTestJSON:setUpClass): 200 GET http://10.180.1.21/compute/v2.1/servers/338a113c-1d04-4243-8500-fcc6d458d3ed 0.246s
2025-06-07 08:03:13.120 63148 INFO tempest.lib.common.rest_client [req-b09dbc2a-6b9f-45fc-84ce-8faf19ab5ee1 req-b09dbc2a-6b9f-45fc-84ce-8faf19ab5ee1 ] Request (DeleteServersAdminTestJSON:test_delete_server_while_in_error_state): 200 GET http://10.180.1.21/compute/v2.1/servers/a7f9eb88-e447-4f59-814e-6ebbb6a2ecb8 0.259s
2025-06-07 08:03:13.143 63094 INFO tempest.lib.common.rest_client [req-502d8c51-de2d-42fa-922d-04e2d3f8deeb req-502d8c51-de2d-42fa-922d-04e2d3f8deeb ] Request (MigrationsAdminTest:test_resize_server_revert_deleted_flavor): 200 POST http://10.180.1.21/compute/v2.1/flavors/6305103e-a106-4e7f-b5e0-6a535f008c60/os-extra_specs 0.137s
2025-06-07 08:03:13.184 63100 INFO tempest.lib.common.rest_client [req-412365aa-7dd7-4772-a2de-6264ca2ec723 req-412365aa-7dd7-4772-a2de-6264ca2ec723 ] Request (ServerActionsV293TestJSON:setUpClass): 200 GET http://10.180.1.21/compute/v2.1/servers/5b935b76-027b-4b4a-a61b-3e4cc2f36c08 0.250s
2025-06-07 08:03:13.218 63094 INFO tempest.lib.common.rest_client [req-28a95492-7e86-4804-9edd-a4a183cedadd req-28a95492-7e86-4804-9edd-a4a183cedadd ] Request (MigrationsAdminTest:test_resize_server_revert_deleted_flavor): 201 POST http://10.180.1.21/identity/v3/auth/tokens 0.071s
2025-06-07 08:03:13.219 63094 INFO tempest.lib.common.fixed_network [-] (MigrationsAdminTest:test_resize_server_revert_deleted_flavor) Found network None available for tenant
2025-06-07 08:03:13.248 63102 INFO tempest.lib.common.rest_client [req-69350bf1-bc01-459c-8c78-78c07bae5bc0 req-69350bf1-bc01-459c-8c78-78c07bae5bc0 ] Request (ServersTestJSON:setUpClass): 200 GET http://10.180.1.21/compute/v2.1/servers/489b821e-f7d0-446f-8197-550c808e5a99 0.159s
2025-06-07 08:03:13.298 63110 INFO tempest.lib.common.rest_client [req-fb5af764-9afb-4a63-9538-daf78a8d7723 req-fb5af764-9afb-4a63-9538-daf78a8d7723 ] Request (ServerDiskConfigTestJSON:test_rebuild_server_with_auto_disk_config): 200 GET http://10.180.1.21/compute/v2.1/servers/f863dfb3-98d5-473b-9e41-85984e350070 0.157s
2025-06-07 08:03:13.349 63116 INFO tempest.lib.common.rest_client [req-286c91d0-5f74-4302-a1eb-e02e182b8c26 req-286c91d0-5f74-4302-a1eb-e02e182b8c26 ] Request (ServersWithSpecificFlavorTestJSON:test_verify_created_server_ephemeral_disk): 200 GET http://10.180.1.21/compute/v2.1/servers/52329a92-b534-4811-b117-2041b125f4c7 0.151s
2025-06-07 08:03:13.398 63109 INFO tempest.lib.common.rest_client [req-db999787-96cb-4f6f-92e6-602acb2cd9c5 req-db999787-96cb-4f6f-92e6-602acb2cd9c5 ] Request (ImagesTestJSON:test_create_image_from_stopped_server): 200 GET http://10.180.1.21/compute/v2.1/servers/22549912-2253-42bb-b2d7-8d0512c2a9d7 0.197s
2025-06-07 08:03:13.398 63142 INFO tempest.lib.common.rest_client [req-40d5eacc-10d2-436a-aeec-afca1984372e req-40d5eacc-10d2-436a-aeec-afca1984372e ] Request (AttachInterfacesUnderV243Test:test_add_remove_fixed_ip): 200 GET http://10.180.1.21/compute/v2.1/servers/09aa702f-a28c-429b-83d9-378be8606a29 0.365s
2025-06-07 08:03:13.461 63138 INFO tempest.lib.common.rest_client [req-e27af396-fb66-424f-b2a5-a633c8e3d7f7 req-e27af396-fb66-424f-b2a5-a633c8e3d7f7 ] Request (ServersV294TestFqdnHostnames:setUpClass): 200 GET http://10.180.1.21/compute/v2.1/servers/097bae8e-614d-4322-b767-d56e0dc1b658 0.212s
2025-06-07 08:03:13.551 63134 INFO tempest.lib.common.rest_client [req-6d53c378-60ff-442c-93f4-9a68c649267d req-6d53c378-60ff-442c-93f4-9a68c649267d ] Request (ServerDiagnosticsNegativeTest:test_get_server_diagnostics_by_non_admin): 200 GET http://10.180.1.21/compute/v2.1/servers/7ab3a69a-9893-4ed2-b3e7-13ed81ee7c77 0.224s
2025-06-07 08:03:13.606 63094 INFO tempest.lib.common.rest_client [req-fcde9f16-cd7a-4130-a398-399d73f669f4 req-fcde9f16-cd7a-4130-a398-399d73f669f4 ] Request (MigrationsAdminTest:test_resize_server_revert_deleted_flavor): 202 POST http://10.180.1.21/compute/v2.1/servers 0.386s
2025-06-07 08:03:13.649 63118 INFO tempest.lib.common.rest_client [req-af540595-94a1-4be5-8004-64095cd08f51 req-af540595-94a1-4be5-8004-64095cd08f51 ] Request (ImagesOneServerTestJSON:setUpClass): 200 GET http://10.180.1.21/compute/v2.1/servers/4e911f12-5d9c-4713-b1e0-4d87a589a9d8 0.244s
2025-06-07 08:03:13.742 63154 INFO tempest.lib.common.rest_client [req-5a976046-573c-4cb7-9c85-9a399fb4dff3 req-5a976046-573c-4cb7-9c85-9a399fb4dff3 ] Request (ServerMetadataNegativeTestJSON:setUpClass): 200 GET http://10.180.1.21/compute/v2.1/servers/4357ed8f-14f7-4d44-8d1b-262ccaafe1e0 0.244s
2025-06-07 08:03:13.797 63136 INFO tempest.lib.common.rest_client [req-437ac4e6-6e5e-40a3-8d77-d4f993d3e78f req-437ac4e6-6e5e-40a3-8d77-d4f993d3e78f ] Request (ImagesOneServerNegativeTestJSON:setUpClass): 200 GET http://10.180.1.21/compute/v2.1/servers/76b0e03d-9636-4328-bfd5-17c434cfae72 0.237s
2025-06-07 08:03:13.842 63094 INFO tempest.lib.common.rest_client [req-9fbebe56-3419-4197-bcb4-e264d0be4538 req-9fbebe56-3419-4197-bcb4-e264d0be4538 ] Request (MigrationsAdminTest:test_resize_server_revert_deleted_flavor): 200 GET http://10.180.1.21/compute/v2.1/servers/8852d058-a494-47e4-977d-289b5126f7ae 0.234s
2025-06-07 08:03:13.894 63151 INFO tempest.lib.common.rest_client [req-9aae88b3-8efa-480a-9ec1-c2bd05e94f3e req-9aae88b3-8efa-480a-9ec1-c2bd05e94f3e ] Request (ServerExternalEventsTest:test_create_server_external_events): 200 GET http://10.180.1.21/compute/v2.1/servers/c56debdf-ab77-4151-bc20-6973ae594d87 0.306s
2025-06-07 08:03:13.973 63120 INFO tempest.lib.common.rest_client [req-dca7ea2a-fb80-416d-89bd-ec6d031fe89e req-dca7ea2a-fb80-416d-89bd-ec6d031fe89e ] Request (ServersTestMultiNic:test_verify_duplicate_network_nics): 200 GET http://10.180.1.21/compute/v2.1/servers/65d620ad-0863-4947-945e-0e4b3c01d3a3 0.283s
2025-06-07 08:03:14.019 63152 INFO tempest.lib.common.rest_client [req-c3c5d443-10a7-461f-a67f-7e45eaf48094 req-c3c5d443-10a7-461f-a67f-7e45eaf48094 ] Request (ServersAdminTestJSON:setUpClass): 200 GET http://10.180.1.21/compute/v2.1/servers/b845396e-1641-4668-b687-348f1ee8b6f0 0.279s
2025-06-07 08:03:14.068 63140 INFO tempest.lib.common.rest_client [req-d09a09a7-5851-4324-9d4d-eb094ed71d1e req-d09a09a7-5851-4324-9d4d-eb094ed71d1e ] Request (ImagesNegativeTestJSON:test_create_image_from_deleted_server): 200 GET http://10.180.1.21/compute/v2.1/servers/51817412-7e0a-48fe-8f8e-766eea45e60c 0.295s
2025-06-07 08:03:14.132 63096 INFO tempest.lib.common.rest_client [req-09f1c8ee-eb2d-4d32-9b52-c90e90f0f6a1 req-09f1c8ee-eb2d-4d32-9b52-c90e90f0f6a1 ] Request (ServersAdmin275Test:test_rebuild_update_server_275): 200 GET http://10.180.1.21/compute/v2.1/servers/952194e3-6318-4ecc-8d48-bda3811c4d49 0.337s
2025-06-07 08:03:14.181 63114 INFO tempest.lib.common.rest_client [req-675e2e7c-d286-4f4f-b4a3-bfde9b31d06e req-675e2e7c-d286-4f4f-b4a3-bfde9b31d06e ] Request (MultipleCreateTestJSON:test_multiple_create): 200 GET http://10.180.1.21/compute/v2.1/servers/9a448d2b-0dee-4a90-b131-e6ada542f342 0.467s
2025-06-07 08:03:14.185 63112 INFO tempest.lib.common.rest_client [req-94229c6f-2d1e-4ada-89fa-bf10feda8d6f req-94229c6f-2d1e-4ada-89fa-bf10feda8d6f ] Request (InstanceActionsTestJSON:setUpClass): 200 GET http://10.180.1.21/compute/v2.1/servers/b9e1cb26-df61-44aa-952f-e50e24766a6f 0.345s
2025-06-07 08:03:14.226 63125 INFO tempest.lib.common.rest_client [req-29fd787b-9a1d-4e6f-a0fa-524b8c0c6ecd req-29fd787b-9a1d-4e6f-a0fa-524b8c0c6ecd ] Request (AttachInterfacesTestJSON:test_create_list_show_delete_interfaces_by_fixed_ip): 200 GET http://10.180.1.21/compute/v2.1/servers/70a8650c-112c-44c2-b3cb-1b8cab557cac 0.385s
2025-06-07 08:03:14.231 63145 INFO tempest.lib.common.rest_client [req-69280ab9-cd07-4b9f-9d84-2bb0b39278c3 req-69280ab9-cd07-4b9f-9d84-2bb0b39278c3 ] Request (ServersTestJSON:test_create_server_specify_multibyte_character_name): 200 GET http://10.180.1.21/compute/v2.1/servers/3684a5c7-4998-4d5b-8cb6-7df3a9bf9270 0.335s
2025-06-07 08:03:14.280 63106 INFO tempest.lib.common.rest_client [req-cb3dbc99-2265-4330-8de9-9671effab940 req-cb3dbc99-2265-4330-8de9-9671effab940 ] Request (ServersAdminNegativeTestJSON:setUpClass): 200 GET http://10.180.1.21/compute/v2.1/servers/51a8bec7-c8fd-4efb-ad91-eb34bb40a8fe 0.334s
2025-06-07 08:03:14.328 63156 INFO tempest.lib.common.rest_client [req-ddffceac-5c7b-45cd-a129-796cabd4ea8a req-ddffceac-5c7b-45cd-a129-796cabd4ea8a ] Request (ServerDiagnosticsV248Test:test_get_server_diagnostics): 200 GET http://10.180.1.21/compute/v2.1/servers/7cdd84be-1e0a-4e4a-9e40-b4d589f08914 0.316s
2025-06-07 08:03:14.330 63128 INFO tempest.lib.common.rest_client [req-89d27ede-6883-441e-81e9-5d54d0683608 req-89d27ede-6883-441e-81e9-5d54d0683608 ] Request (ServerDiagnosticsTest:test_get_server_diagnostics): 200 GET http://10.180.1.21/compute/v2.1/servers/012bbc43-f61f-4aef-bd66-32fbe66f8374 0.389s
2025-06-07 08:03:14.374 63126 INFO tempest.lib.common.rest_client [req-b05bfe20-4f7e-47dd-a1ff-1db8bb385f74 req-b05bfe20-4f7e-47dd-a1ff-1db8bb385f74 ] Request (DeleteServersTestJSON:test_delete_active_server): 200 GET http://10.180.1.21/compute/v2.1/servers/704614e0-aaa3-48b6-8208-47af7ca0f367 0.352s
2025-06-07 08:03:14.380 63132 INFO tempest.lib.common.rest_client [req-c674ffdf-992c-47f0-9980-b19469c60131 req-c674ffdf-992c-47f0-9980-b19469c60131 ] Request (ServerGroupTestJSON:test_create_server_with_scheduler_hint_group): 200 GET http://10.180.1.21/compute/v2.1/servers/4e783b92-0668-4e70-9848-4b4320318603 0.312s
2025-06-07 08:03:14.424 63130 INFO tempest.lib.common.rest_client [req-a18b8cb1-7a54-4a93-a19f-ba1d2962a40a req-a18b8cb1-7a54-4a93-a19f-ba1d2962a40a ] Request (VolumesAssistedSnapshotsTest:test_volume_assisted_snapshot_create_delete): 200 GET http://10.180.1.21/compute/v2.1/servers/356088a2-b55e-4ff1-9422-a53ab6830fc9 0.353s
2025-06-07 08:03:14.426 63122 INFO tempest.lib.common.rest_client [req-f02b3bb7-6bd0-4e9c-b8e5-e451a807b838 req-f02b3bb7-6bd0-4e9c-b8e5-e451a807b838 ] Request (InstanceActionsNegativeTestJSON:setUpClass): 200 GET http://10.180.1.21/compute/v2.1/servers/338a113c-1d04-4243-8500-fcc6d458d3ed 0.299s
2025-06-07 08:03:14.470 63148 INFO tempest.lib.common.rest_client [req-e633cd33-9623-437d-b84c-a48d84bae593 req-e633cd33-9623-437d-b84c-a48d84bae593 ] Request (DeleteServersAdminTestJSON:test_delete_server_while_in_error_state): 200 GET http://10.180.1.21/compute/v2.1/servers/a7f9eb88-e447-4f59-814e-6ebbb6a2ecb8 0.342s
2025-06-07 08:03:14.474 63100 INFO tempest.lib.common.rest_client [req-de33bfbd-9624-42fd-912a-3aa5a94799fe req-de33bfbd-9624-42fd-912a-3aa5a94799fe ] Request (ServerActionsV293TestJSON:setUpClass): 200 GET http://10.180.1.21/compute/v2.1/servers/5b935b76-027b-4b4a-a61b-3e4cc2f36c08 0.273s
2025-06-07 08:03:14.517 63110 INFO tempest.lib.common.rest_client [req-aa221744-167e-469f-a9f1-dd4ae2d7b91d req-aa221744-167e-469f-a9f1-dd4ae2d7b91d ] Request (ServerDiskConfigTestJSON:test_rebuild_server_with_auto_disk_config): 200 GET http://10.180.1.21/compute/v2.1/servers/f863dfb3-98d5-473b-9e41-85984e350070 0.210s
2025-06-07 08:03:14.518 63102 INFO tempest.lib.common.rest_client [req-62f93880-7986-43ff-84ef-45e2282aa5e3 req-62f93880-7986-43ff-84ef-45e2282aa5e3 ] Request (ServersTestJSON:setUpClass): 200 GET http://10.180.1.21/compute/v2.1/servers/489b821e-f7d0-446f-8197-550c808e5a99 0.259s
2025-06-07 08:03:14.561 63116 INFO tempest.lib.common.rest_client [req-2ef81c38-244c-46db-bdde-d7190b726a43 req-2ef81c38-244c-46db-bdde-d7190b726a43 ] Request (ServersWithSpecificFlavorTestJSON:test_verify_created_server_ephemeral_disk): 200 GET http://10.180.1.21/compute/v2.1/servers/52329a92-b534-4811-b117-2041b125f4c7 0.202s
2025-06-07 08:03:14.609 63109 INFO tempest.lib.common.rest_client [req-2f78e596-8fa6-46d3-803e-470e145bc736 req-2f78e596-8fa6-46d3-803e-470e145bc736 ] Request (ImagesTestJSON:test_create_image_from_stopped_server): 200 GET http://10.180.1.21/compute/v2.1/servers/22549912-2253-42bb-b2d7-8d0512c2a9d7 0.193s
2025-06-07 08:03:14.656 63142 INFO tempest.lib.common.rest_client [req-11d5a3c1-ab60-4690-b1c4-0f3d392404f8 req-11d5a3c1-ab60-4690-b1c4-0f3d392404f8 ] Request (AttachInterfacesUnderV243Test:test_add_remove_fixed_ip): 200 GET http://10.180.1.21/compute/v2.1/servers/09aa702f-a28c-429b-83d9-378be8606a29 0.243s
2025-06-07 08:03:14.660 63138 INFO tempest.lib.common.rest_client [req-7b74470a-9d05-48ee-b4ad-fc40b16d81d0 req-7b74470a-9d05-48ee-b4ad-fc40b16d81d0 ] Request (ServersV294TestFqdnHostnames:setUpClass): 200 GET http://10.180.1.21/compute/v2.1/servers/097bae8e-614d-4322-b767-d56e0dc1b658 0.189s
2025-06-07 08:03:14.747 63134 INFO tempest.lib.common.rest_client [req-ae9af608-0e68-4dd7-ba26-3cf5f24ff75e req-ae9af608-0e68-4dd7-ba26-3cf5f24ff75e ] Request (ServerDiagnosticsNegativeTest:test_get_server_diagnostics_by_non_admin): 200 GET http://10.180.1.21/compute/v2.1/servers/7ab3a69a-9893-4ed2-b3e7-13ed81ee7c77 0.188s
2025-06-07 08:03:14.794 63118 INFO tempest.lib.common.rest_client [req-26acca17-9d14-4411-a8c1-fcaee5585b67 req-26acca17-9d14-4411-a8c1-fcaee5585b67 ] Request (ImagesOneServerTestJSON:setUpClass): 200 GET http://10.180.1.21/compute/v2.1/servers/4e911f12-5d9c-4713-b1e0-4d87a589a9d8 0.137s
2025-06-07 08:03:14.890 63154 INFO tempest.lib.common.rest_client [req-1429c9f3-2444-4282-b359-271999163f0d req-1429c9f3-2444-4282-b359-271999163f0d ] Request (ServerMetadataNegativeTestJSON:setUpClass): 200 GET http://10.180.1.21/compute/v2.1/servers/4357ed8f-14f7-4d44-8d1b-262ccaafe1e0 0.138s
2025-06-07 08:03:14.901 63136 INFO tempest.lib.common.rest_client [req-613c6624-46b2-44fe-b631-e00f52656152 req-613c6624-46b2-44fe-b631-e00f52656152 ] Request (ImagesOneServerNegativeTestJSON:setUpClass): 200 GET http://10.180.1.21/compute/v2.1/servers/76b0e03d-9636-4328-bfd5-17c434cfae72 0.096s
2025-06-07 08:03:14.937 63094 INFO tempest.lib.common.rest_client [req-4be6999e-b8c0-466f-b1b0-c5b836083c8a req-4be6999e-b8c0-466f-b1b0-c5b836083c8a ] Request (MigrationsAdminTest:test_resize_server_revert_deleted_flavor): 200 GET http://10.180.1.21/compute/v2.1/servers/8852d058-a494-47e4-977d-289b5126f7ae 0.088s
2025-06-07 08:03:15.003 63151 INFO tempest.lib.common.rest_client [req-e8b664c4-ec21-47b9-9d8f-a7b90e1117cb req-e8b664c4-ec21-47b9-9d8f-a7b90e1117cb ] Request (ServerExternalEventsTest:test_create_server_external_events): 200 GET http://10.180.1.21/compute/v2.1/servers/c56debdf-ab77-4151-bc20-6973ae594d87 0.101s
2025-06-07 08:03:15.075 63152 INFO tempest.lib.common.rest_client [req-b576ed19-fce1-43f7-98d5-d9d1f422fbc2 req-b576ed19-fce1-43f7-98d5-d9d1f422fbc2 ] Request (ServersAdminTestJSON:setUpClass): 200 GET http://10.180.1.21/compute/v2.1/servers/b845396e-1641-4668-b687-348f1ee8b6f0 0.048s
2025-06-07 08:03:15.088 63120 INFO tempest.lib.common.rest_client [req-7e477049-35d7-449a-837e-d7514688ca31 req-7e477049-35d7-449a-837e-d7514688ca31 ] Request (ServersTestMultiNic:test_verify_duplicate_network_nics): 200 GET http://10.180.1.21/compute/v2.1/servers/65d620ad-0863-4947-945e-0e4b3c01d3a3 0.107s
2025-06-07 08:03:15.121 63140 INFO tempest.lib.common.rest_client [req-78bbd464-9a3a-465a-96a9-26993885a515 req-78bbd464-9a3a-465a-96a9-26993885a515 ] Request (ImagesNegativeTestJSON:test_create_image_from_deleted_server): 200 GET http://10.180.1.21/compute/v2.1/servers/51817412-7e0a-48fe-8f8e-766eea45e60c 0.045s
2025-06-07 08:03:15.197 63096 INFO tempest.lib.common.rest_client [req-6a15b7a8-8c8f-40d1-8791-638d2e7a9e1d req-6a15b7a8-8c8f-40d1-8791-638d2e7a9e1d ] Request (ServersAdmin275Test:test_rebuild_update_server_275): 200 GET http://10.180.1.21/compute/v2.1/servers/952194e3-6318-4ecc-8d48-bda3811c4d49 0.054s
2025-06-07 08:03:15.240 63112 INFO tempest.lib.common.rest_client [req-97ca398f-d2de-4fa0-b17c-f26dbb5a86bd req-97ca398f-d2de-4fa0-b17c-f26dbb5a86bd ] Request (InstanceActionsTestJSON:setUpClass): 200 GET http://10.180.1.21/compute/v2.1/servers/b9e1cb26-df61-44aa-952f-e50e24766a6f 0.047s
2025-06-07 08:03:15.283 63125 INFO tempest.lib.common.rest_client [req-cffeab6f-0f27-4dd4-9f62-f208b4555148 req-cffeab6f-0f27-4dd4-9f62-f208b4555148 ] Request (AttachInterfacesTestJSON:test_create_list_show_delete_interfaces_by_fixed_ip): 200 GET http://10.180.1.21/compute/v2.1/servers/70a8650c-112c-44c2-b3cb-1b8cab557cac 0.049s
2025-06-07 08:03:15.321 63114 INFO tempest.lib.common.rest_client [req-0159e394-8b7b-4d4c-b295-95c2ea0d880b req-0159e394-8b7b-4d4c-b295-95c2ea0d880b ] Request (MultipleCreateTestJSON:test_multiple_create): 200 GET http://10.180.1.21/compute/v2.1/servers/9a448d2b-0dee-4a90-b131-e6ada542f342 0.133s
2025-06-07 08:03:15.328 63145 INFO tempest.lib.common.rest_client [req-5b0390b3-27ad-4eb1-b009-7385b8d4e727 req-5b0390b3-27ad-4eb1-b009-7385b8d4e727 ] Request (ServersTestJSON:test_create_server_specify_multibyte_character_name): 200 GET http://10.180.1.21/compute/v2.1/servers/3684a5c7-4998-4d5b-8cb6-7df3a9bf9270 0.088s
2025-06-07 08:03:15.366 63106 INFO tempest.lib.common.rest_client [req-6fa21ee3-d2dc-4e33-a3f8-d3a9463a0eef req-6fa21ee3-d2dc-4e33-a3f8-d3a9463a0eef ] Request (ServersAdminNegativeTestJSON:setUpClass): 200 GET http://10.180.1.21/compute/v2.1/servers/51a8bec7-c8fd-4efb-ad91-eb34bb40a8fe 0.079s
2025-06-07 08:03:15.385 63156 INFO tempest.lib.common.rest_client [req-f6fd5a27-c35b-4e03-b0d3-20c0e9625dfa req-f6fd5a27-c35b-4e03-b0d3-20c0e9625dfa ] Request (ServerDiagnosticsV248Test:test_get_server_diagnostics): 200 GET http://10.180.1.21/compute/v2.1/servers/7cdd84be-1e0a-4e4a-9e40-b4d589f08914 0.048s
2025-06-07 08:03:15.432 63126 INFO tempest.lib.common.rest_client [req-f921da51-b23e-447a-b4ca-a51d9017bd93 req-f921da51-b23e-447a-b4ca-a51d9017bd93 ] Request (DeleteServersTestJSON:test_delete_active_server): 200 GET http://10.180.1.21/compute/v2.1/servers/704614e0-aaa3-48b6-8208-47af7ca0f367 0.046s
2025-06-07 08:03:15.456 63128 INFO tempest.lib.common.rest_client [req-c7bd9cb4-bfec-420f-9616-084ec705eeae req-c7bd9cb4-bfec-420f-9616-084ec705eeae ] Request (ServerDiagnosticsTest:test_get_server_diagnostics): 200 GET http://10.180.1.21/compute/v2.1/servers/012bbc43-f61f-4aef-bd66-32fbe66f8374 0.117s
2025-06-07 08:03:15.479 63132 INFO tempest.lib.common.rest_client [req-cbe850e8-9e6b-42ec-8ba0-07e2a5f2e4c4 req-cbe850e8-9e6b-42ec-8ba0-07e2a5f2e4c4 ] Request (ServerGroupTestJSON:test_create_server_with_scheduler_hint_group): 200 GET http://10.180.1.21/compute/v2.1/servers/4e783b92-0668-4e70-9848-4b4320318603 0.091s
2025-06-07 08:03:15.503 63130 INFO tempest.lib.common.rest_client [req-955088f0-aafc-4b0b-8810-56b9835ef6af req-955088f0-aafc-4b0b-8810-56b9835ef6af ] Request (VolumesAssistedSnapshotsTest:test_volume_assisted_snapshot_create_delete): 200 GET http://10.180.1.21/compute/v2.1/servers/356088a2-b55e-4ff1-9422-a53ab6830fc9 0.071s
2025-06-07 08:03:15.525 63122 INFO tempest.lib.common.rest_client [req-a6cd1b6a-cccf-4ced-a668-5bcfaebf8407 req-a6cd1b6a-cccf-4ced-a668-5bcfaebf8407 ] Request (InstanceActionsNegativeTestJSON:setUpClass): 200 GET http://10.180.1.21/compute/v2.1/servers/338a113c-1d04-4243-8500-fcc6d458d3ed 0.093s
2025-06-07 08:03:15.549 63148 INFO tempest.lib.common.rest_client [req-fba3bfda-68fe-4c59-8c29-230a44093fbe req-fba3bfda-68fe-4c59-8c29-230a44093fbe ] Request (DeleteServersAdminTestJSON:test_delete_server_while_in_error_state): 200 GET http://10.180.1.21/compute/v2.1/servers/a7f9eb88-e447-4f59-814e-6ebbb6a2ecb8 0.071s
2025-06-07 08:03:15.580 63100 INFO tempest.lib.common.rest_client [req-7629e97f-fa7e-48d8-ba33-41acc18c1428 req-7629e97f-fa7e-48d8-ba33-41acc18c1428 ] Request (ServerActionsV293TestJSON:setUpClass): 200 GET http://10.180.1.21/compute/v2.1/servers/5b935b76-027b-4b4a-a61b-3e4cc2f36c08 0.095s
2025-06-07 08:03:15.594 63102 INFO tempest.lib.common.rest_client [req-7c2a631c-bd44-4db0-8eca-7458d7758757 req-7c2a631c-bd44-4db0-8eca-7458d7758757 ] Request (ServersTestJSON:setUpClass): 200 GET http://10.180.1.21/compute/v2.1/servers/489b821e-f7d0-446f-8197-550c808e5a99 0.068s
2025-06-07 08:03:15.623 63110 INFO tempest.lib.common.rest_client [req-efccb06a-5720-430c-84f4-489f28a19bfc req-efccb06a-5720-430c-84f4-489f28a19bfc ] Request (ServerDiskConfigTestJSON:test_rebuild_server_with_auto_disk_config): 200 GET http://10.180.1.21/compute/v2.1/servers/f863dfb3-98d5-473b-9e41-85984e350070 0.098s
2025-06-07 08:03:15.639 63116 INFO tempest.lib.common.rest_client [req-2688a3c9-f168-4aa7-ab60-7bdcf78530ed req-2688a3c9-f168-4aa7-ab60-7bdcf78530ed ] Request (ServersWithSpecificFlavorTestJSON:test_verify_created_server_ephemeral_disk): 200 GET http://10.180.1.21/compute/v2.1/servers/52329a92-b534-4811-b117-2041b125f4c7 0.070s
2025-06-07 08:03:15.669 63109 INFO tempest.lib.common.rest_client [req-d72b5053-adf8-4c3f-b074-083d1dff21c5 req-d72b5053-adf8-4c3f-b074-083d1dff21c5 ] Request (ImagesTestJSON:test_create_image_from_stopped_server): 200 GET http://10.180.1.21/compute/v2.1/servers/22549912-2253-42bb-b2d7-8d0512c2a9d7 0.054s
2025-06-07 08:03:15.722 63138 INFO tempest.lib.common.rest_client [req-fd565ff7-6428-4eaa-9621-5c3d0bb5bd70 req-fd565ff7-6428-4eaa-9621-5c3d0bb5bd70 ] Request (ServersV294TestFqdnHostnames:setUpClass): 200 GET http://10.180.1.21/compute/v2.1/servers/097bae8e-614d-4322-b767-d56e0dc1b658 0.051s
2025-06-07 08:03:15.762 63142 INFO tempest.lib.common.rest_client [req-1bbba8f5-e1ff-4c4a-900a-ef65f5fac6fb req-1bbba8f5-e1ff-4c4a-900a-ef65f5fac6fb ] Request (AttachInterfacesUnderV243Test:test_add_remove_fixed_ip): 200 GET http://10.180.1.21/compute/v2.1/servers/09aa702f-a28c-429b-83d9-378be8606a29 0.098s
2025-06-07 08:03:15.858 63134 INFO tempest.lib.common.rest_client [req-934f61bd-dd2f-4d0f-ab65-2b0be8bc5d2b req-934f61bd-dd2f-4d0f-ab65-2b0be8bc5d2b ] Request (ServerDiagnosticsNegativeTest:test_get_server_diagnostics_by_non_admin): 200 GET http://10.180.1.21/compute/v2.1/servers/7ab3a69a-9893-4ed2-b3e7-13ed81ee7c77 0.102s
2025-06-07 08:03:15.895 63118 INFO tempest.lib.common.rest_client [req-359126c1-56be-4201-84cb-03ae709ad07f req-359126c1-56be-4201-84cb-03ae709ad07f ] Request (ImagesOneServerTestJSON:setUpClass): 200 GET http://10.180.1.21/compute/v2.1/servers/4e911f12-5d9c-4713-b1e0-4d87a589a9d8 0.092s
2025-06-07 08:03:15.990 63154 INFO tempest.lib.common.rest_client [req-c461d1ce-2d25-4dc1-8fee-e483714d02cf req-c461d1ce-2d25-4dc1-8fee-e483714d02cf ] Request (ServerMetadataNegativeTestJSON:setUpClass): 200 GET http://10.180.1.21/compute/v2.1/servers/4357ed8f-14f7-4d44-8d1b-262ccaafe1e0 0.092s
2025-06-07 08:03:16.000 63136 INFO tempest.lib.common.rest_client [req-dcdbfc3f-f0cf-4e4d-ba8c-5de38e511b8b req-dcdbfc3f-f0cf-4e4d-ba8c-5de38e511b8b ] Request (ImagesOneServerNegativeTestJSON:setUpClass): 200 GET http://10.180.1.21/compute/v2.1/servers/76b0e03d-9636-4328-bfd5-17c434cfae72 0.090s
2025-06-07 08:03:16.038 63094 INFO tempest.lib.common.rest_client [req-7591ea66-745f-4db5-a665-dff950e3bc17 req-7591ea66-745f-4db5-a665-dff950e3bc17 ] Request (MigrationsAdminTest:test_resize_server_revert_deleted_flavor): 200 GET http://10.180.1.21/compute/v2.1/servers/8852d058-a494-47e4-977d-289b5126f7ae 0.093s
2025-06-07 08:03:16.107 63151 INFO tempest.lib.common.rest_client [req-e5f8f9a4-1148-4dd6-a989-aa9ddf467cbc req-e5f8f9a4-1148-4dd6-a989-aa9ddf467cbc ] Request (ServerExternalEventsTest:test_create_server_external_events): 200 GET http://10.180.1.21/compute/v2.1/servers/c56debdf-ab77-4151-bc20-6973ae594d87 0.091s
2025-06-07 08:03:16.133 63152 INFO tempest.lib.common.rest_client [req-b4ac37c2-0e23-4057-9b1f-5454053f96ba req-b4ac37c2-0e23-4057-9b1f-5454053f96ba ] Request (ServersAdminTestJSON:setUpClass): 200 GET http://10.180.1.21/compute/v2.1/servers/b845396e-1641-4668-b687-348f1ee8b6f0 0.049s
2025-06-07 08:03:16.179 63140 INFO tempest.lib.common.rest_client [req-d1f628da-0d37-4fd9-84f6-19bdcdfe0275 req-d1f628da-0d37-4fd9-84f6-19bdcdfe0275 ] Request (ImagesNegativeTestJSON:test_create_image_from_deleted_server): 200 GET http://10.180.1.21/compute/v2.1/servers/51817412-7e0a-48fe-8f8e-766eea45e60c 0.050s
2025-06-07 08:03:16.262 63096 INFO tempest.lib.common.rest_client [req-59db2fbe-5175-4e9b-a878-86d066f2bd6d req-59db2fbe-5175-4e9b-a878-86d066f2bd6d ] Request (ServersAdmin275Test:test_rebuild_update_server_275): 200 GET http://10.180.1.21/compute/v2.1/servers/952194e3-6318-4ecc-8d48-bda3811c4d49 0.055s
2025-06-07 08:03:16.288 63120 INFO tempest.lib.common.rest_client [req-68555796-b0d9-4b83-8891-f3e8fc5d43e2 req-68555796-b0d9-4b83-8891-f3e8fc5d43e2 ] Request (ServersTestMultiNic:test_verify_duplicate_network_nics): 200 GET http://10.180.1.21/compute/v2.1/servers/65d620ad-0863-4947-945e-0e4b3c01d3a3 0.192s
2025-06-07 08:03:16.310 63112 INFO tempest.lib.common.rest_client [req-99a9ffad-a3b5-44dc-8475-ef549d506afb req-99a9ffad-a3b5-44dc-8475-ef549d506afb ] Request (InstanceActionsTestJSON:setUpClass): 200 GET http://10.180.1.21/compute/v2.1/servers/b9e1cb26-df61-44aa-952f-e50e24766a6f 0.062s
2025-06-07 08:03:16.339 63125 INFO tempest.lib.common.rest_client [req-96548d43-25c7-43d2-b2db-797c5ac53d12 req-96548d43-25c7-43d2-b2db-797c5ac53d12 ] Request (AttachInterfacesTestJSON:test_create_list_show_delete_interfaces_by_fixed_ip): 200 GET http://10.180.1.21/compute/v2.1/servers/70a8650c-112c-44c2-b3cb-1b8cab557cac 0.048s
2025-06-07 08:03:16.384 63145 INFO tempest.lib.common.rest_client [req-7fb147ef-9060-40ce-8008-98b6c7d893e4 req-7fb147ef-9060-40ce-8008-98b6c7d893e4 ] Request (ServersTestJSON:test_create_server_specify_multibyte_character_name): 200 GET http://10.180.1.21/compute/v2.1/servers/3684a5c7-4998-4d5b-8cb6-7df3a9bf9270 0.048s
2025-06-07 08:03:16.431 63106 INFO tempest.lib.common.rest_client [req-8021812a-adfe-4149-a90e-d004b1efb6cc req-8021812a-adfe-4149-a90e-d004b1efb6cc ] Request (ServersAdminNegativeTestJSON:setUpClass): 200 GET http://10.180.1.21/compute/v2.1/servers/51a8bec7-c8fd-4efb-ad91-eb34bb40a8fe 0.057s
2025-06-07 08:03:16.465 63114 INFO tempest.lib.common.rest_client [req-21b05e35-4152-4020-a28c-c70450614b44 req-21b05e35-4152-4020-a28c-c70450614b44 ] Request (MultipleCreateTestJSON:test_multiple_create): 200 GET http://10.180.1.21/compute/v2.1/servers/9a448d2b-0dee-4a90-b131-e6ada542f342 0.136s
2025-06-07 08:03:16.478 63156 INFO tempest.lib.common.rest_client [req-404a4c70-fbe4-4ff2-b9e1-018a287102e1 req-404a4c70-fbe4-4ff2-b9e1-018a287102e1 ] Request (ServerDiagnosticsV248Test:test_get_server_diagnostics): 200 GET http://10.180.1.21/compute/v2.1/servers/7cdd84be-1e0a-4e4a-9e40-b4d589f08914 0.082s
2025-06-07 08:03:16.511 63126 INFO tempest.lib.common.rest_client [req-237c170b-c9dd-4fdb-9b25-373f6b4dc65a req-237c170b-c9dd-4fdb-9b25-373f6b4dc65a ] Request (DeleteServersTestJSON:test_delete_active_server): 200 GET http://10.180.1.21/compute/v2.1/servers/704614e0-aaa3-48b6-8208-47af7ca0f367 0.070s
2025-06-07 08:03:16.558 63132 INFO tempest.lib.common.rest_client [req-53dca492-5c29-4d51-b563-ef1b4270cb9e req-53dca492-5c29-4d51-b563-ef1b4270cb9e ] Request (ServerGroupTestJSON:test_create_server_with_scheduler_hint_group): 200 GET http://10.180.1.21/compute/v2.1/servers/4e783b92-0668-4e70-9848-4b4320318603 0.072s
2025-06-07 08:03:16.571 63128 INFO tempest.lib.common.rest_client [req-4ba815d4-eceb-423c-8b02-27a9fa33a988 req-4ba815d4-eceb-423c-8b02-27a9fa33a988 ] Request (ServerDiagnosticsTest:test_get_server_diagnostics): 200 GET http://10.180.1.21/compute/v2.1/servers/012bbc43-f61f-4aef-bd66-32fbe66f8374 0.107s
2025-06-07 08:03:16.604 63130 INFO tempest.lib.common.rest_client [req-6638d25d-0cae-4583-8ad5-e6c13eb881c4 req-6638d25d-0cae-4583-8ad5-e6c13eb881c4 ] Request (VolumesAssistedSnapshotsTest:test_volume_assisted_snapshot_create_delete): 200 GET http://10.180.1.21/compute/v2.1/servers/356088a2-b55e-4ff1-9422-a53ab6830fc9 0.093s
2025-06-07 08:03:16.614 63122 INFO tempest.lib.common.rest_client [req-dae2b083-1490-4c11-a6a8-f3a11841c079 req-dae2b083-1490-4c11-a6a8-f3a11841c079 ] Request (InstanceActionsNegativeTestJSON:setUpClass): 200 GET http://10.180.1.21/compute/v2.1/servers/338a113c-1d04-4243-8500-fcc6d458d3ed 0.081s
2025-06-07 08:03:16.651 63148 INFO tempest.lib.common.rest_client [req-0eb8044e-9580-4a32-8f8e-4330c1513ce9 req-0eb8044e-9580-4a32-8f8e-4330c1513ce9 ] Request (DeleteServersAdminTestJSON:test_delete_server_while_in_error_state): 200 GET http://10.180.1.21/compute/v2.1/servers/a7f9eb88-e447-4f59-814e-6ebbb6a2ecb8 0.091s
2025-06-07 08:03:16.668 63100 INFO tempest.lib.common.rest_client [req-7e8fa6e0-77c6-4493-9d01-bfc6e9675d0f req-7e8fa6e0-77c6-4493-9d01-bfc6e9675d0f ] Request (ServerActionsV293TestJSON:setUpClass): 200 GET http://10.180.1.21/compute/v2.1/servers/5b935b76-027b-4b4a-a61b-3e4cc2f36c08 0.078s
2025-06-07 08:03:16.702 63102 INFO tempest.lib.common.rest_client [req-9c242a81-a45e-4005-b8d6-d19f1a36509c req-9c242a81-a45e-4005-b8d6-d19f1a36509c ] Request (ServersTestJSON:setUpClass): 200 GET http://10.180.1.21/compute/v2.1/servers/489b821e-f7d0-446f-8197-550c808e5a99 0.100s
2025-06-07 08:03:16.714 63110 INFO tempest.lib.common.rest_client [req-d2bf9e43-1c8b-41a6-853d-ed248deb4f36 req-d2bf9e43-1c8b-41a6-853d-ed248deb4f36 ] Request (ServerDiskConfigTestJSON:test_rebuild_server_with_auto_disk_config): 200 GET http://10.180.1.21/compute/v2.1/servers/f863dfb3-98d5-473b-9e41-85984e350070 0.082s
2025-06-07 08:03:16.747 63116 INFO tempest.lib.common.rest_client [req-37dc7989-b3e7-444a-8306-61896e8bb009 req-37dc7989-b3e7-444a-8306-61896e8bb009 ] Request (ServersWithSpecificFlavorTestJSON:test_verify_created_server_ephemeral_disk): 200 GET http://10.180.1.21/compute/v2.1/servers/52329a92-b534-4811-b117-2041b125f4c7 0.101s
2025-06-07 08:03:16.758 63109 INFO tempest.lib.common.rest_client [req-2861d08d-8880-4126-af41-cac8ad5551f6 req-2861d08d-8880-4126-af41-cac8ad5551f6 ] Request (ImagesTestJSON:test_create_image_from_stopped_server): 200 GET http://10.180.1.21/compute/v2.1/servers/22549912-2253-42bb-b2d7-8d0512c2a9d7 0.081s
2025-06-07 08:03:16.797 63138 INFO tempest.lib.common.rest_client [req-9934ec1a-7bc7-4522-9652-eb188a8ed2a1 req-9934ec1a-7bc7-4522-9652-eb188a8ed2a1 ] Request (ServersV294TestFqdnHostnames:setUpClass): 200 GET http://10.180.1.21/compute/v2.1/servers/097bae8e-614d-4322-b767-d56e0dc1b658 0.064s
2025-06-07 08:03:16.868 63142 INFO tempest.lib.common.rest_client [req-2e501f07-bc77-4f6b-86ab-56fd2eb6f7b5 req-2e501f07-bc77-4f6b-86ab-56fd2eb6f7b5 ] Request (AttachInterfacesUnderV243Test:test_add_remove_fixed_ip): 200 GET http://10.180.1.21/compute/v2.1/servers/09aa702f-a28c-429b-83d9-378be8606a29 0.098s
2025-06-07 08:03:16.997 63118 INFO tempest.lib.common.rest_client [req-0f31d0f6-766a-4cd1-a23a-834a71ffa7a4 req-0f31d0f6-766a-4cd1-a23a-834a71ffa7a4 ] Request (ImagesOneServerTestJSON:setUpClass): 200 GET http://10.180.1.21/compute/v2.1/servers/4e911f12-5d9c-4713-b1e0-4d87a589a9d8 0.094s
2025-06-07 08:03:17.003 63134 INFO tempest.lib.common.rest_client [req-e454ea48-0eac-4bb0-bbb7-945961a3fed5 req-e454ea48-0eac-4bb0-bbb7-945961a3fed5 ] Request (ServerDiagnosticsNegativeTest:test_get_server_diagnostics_by_non_admin): 200 GET http://10.180.1.21/compute/v2.1/servers/7ab3a69a-9893-4ed2-b3e7-13ed81ee7c77 0.135s
2025-06-07 08:03:17.090 63154 INFO tempest.lib.common.rest_client [req-832e9017-69fc-4b32-a675-6d3b851cba95 req-832e9017-69fc-4b32-a675-6d3b851cba95 ] Request (ServerMetadataNegativeTestJSON:setUpClass): 200 GET http://10.180.1.21/compute/v2.1/servers/4357ed8f-14f7-4d44-8d1b-262ccaafe1e0 0.092s
2025-06-07 08:03:17.106 63136 INFO tempest.lib.common.rest_client [req-d2d2ad12-d1ea-491a-83a3-00e90dd273b9 req-d2d2ad12-d1ea-491a-83a3-00e90dd273b9 ] Request (ImagesOneServerNegativeTestJSON:setUpClass): 200 GET http://10.180.1.21/compute/v2.1/servers/76b0e03d-9636-4328-bfd5-17c434cfae72 0.097s
2025-06-07 08:03:17.134 63094 INFO tempest.lib.common.rest_client [req-eb8f16e3-16c6-445b-9a5c-2a39206c4b89 req-eb8f16e3-16c6-445b-9a5c-2a39206c4b89 ] Request (MigrationsAdminTest:test_resize_server_revert_deleted_flavor): 200 GET http://10.180.1.21/compute/v2.1/servers/8852d058-a494-47e4-977d-289b5126f7ae 0.088s
2025-06-07 08:03:17.187 63152 INFO tempest.lib.common.rest_client [req-d73a02cf-cb1d-4a7b-a215-49ee1cd0bf4a req-d73a02cf-cb1d-4a7b-a215-49ee1cd0bf4a ] Request (ServersAdminTestJSON:setUpClass): 200 GET http://10.180.1.21/compute/v2.1/servers/b845396e-1641-4668-b687-348f1ee8b6f0 0.047s
2025-06-07 08:03:17.222 63151 INFO tempest.lib.common.rest_client [req-1438a068-8bf5-4cae-815a-a2bb2bd8ecf6 req-1438a068-8bf5-4cae-815a-a2bb2bd8ecf6 ] Request (ServerExternalEventsTest:test_create_server_external_events): 200 GET http://10.180.1.21/compute/v2.1/servers/c56debdf-ab77-4151-bc20-6973ae594d87 0.107s
2025-06-07 08:03:17.233 63140 INFO tempest.lib.common.rest_client [req-506de31f-d7bd-4a5a-9c5f-c0e93cac3b6a req-506de31f-d7bd-4a5a-9c5f-c0e93cac3b6a ] Request (ImagesNegativeTestJSON:test_create_image_from_deleted_server): 200 GET http://10.180.1.21/compute/v2.1/servers/51817412-7e0a-48fe-8f8e-766eea45e60c 0.047s
2025-06-07 08:03:17.325 63096 INFO tempest.lib.common.rest_client [req-89a69168-1dc2-4cd7-b764-2a8abbb925d2 req-89a69168-1dc2-4cd7-b764-2a8abbb925d2 ] Request (ServersAdmin275Test:test_rebuild_update_server_275): 200 GET http://10.180.1.21/compute/v2.1/servers/952194e3-6318-4ecc-8d48-bda3811c4d49 0.053s
2025-06-07 08:03:17.371 63112 INFO tempest.lib.common.rest_client [req-45e13e17-4af1-4a02-afe3-7c32f18118d9 req-45e13e17-4af1-4a02-afe3-7c32f18118d9 ] Request (InstanceActionsTestJSON:setUpClass): 200 GET http://10.180.1.21/compute/v2.1/servers/b9e1cb26-df61-44aa-952f-e50e24766a6f 0.054s
2025-06-07 08:03:17.400 63120 INFO tempest.lib.common.rest_client [req-cce2467e-1950-446a-8e14-c4728ed74c7d req-cce2467e-1950-446a-8e14-c4728ed74c7d ] Request (ServersTestMultiNic:test_verify_duplicate_network_nics): 200 GET http://10.180.1.21/compute/v2.1/servers/65d620ad-0863-4947-945e-0e4b3c01d3a3 0.103s
2025-06-07 08:03:17.418 63125 INFO tempest.lib.common.rest_client [req-3ffe92dd-a5f1-4ef0-9572-d687cb656ad6 req-3ffe92dd-a5f1-4ef0-9572-d687cb656ad6 ] Request (AttachInterfacesTestJSON:test_create_list_show_delete_interfaces_by_fixed_ip): 200 GET http://10.180.1.21/compute/v2.1/servers/70a8650c-112c-44c2-b3cb-1b8cab557cac 0.070s
2025-06-07 08:03:17.445 63145 INFO tempest.lib.common.rest_client [req-78acca90-267c-4023-9b1c-289f28ce663a req-78acca90-267c-4023-9b1c-289f28ce663a ] Request (ServersTestJSON:test_create_server_specify_multibyte_character_name): 200 GET http://10.180.1.21/compute/v2.1/servers/3684a5c7-4998-4d5b-8cb6-7df3a9bf9270 0.052s
2025-06-07 08:03:17.489 63106 INFO tempest.lib.common.rest_client [req-82e6f9bd-59e3-4392-8a91-e6d4230128e2 req-82e6f9bd-59e3-4392-8a91-e6d4230128e2 ] Request (ServersAdminNegativeTestJSON:setUpClass): 200 GET http://10.180.1.21/compute/v2.1/servers/51a8bec7-c8fd-4efb-ad91-eb34bb40a8fe 0.050s
2025-06-07 08:03:17.536 63156 INFO tempest.lib.common.rest_client [req-b0d7b00e-8462-48ae-8b25-b6dd0bfde42e req-b0d7b00e-8462-48ae-8b25-b6dd0bfde42e ] Request (ServerDiagnosticsV248Test:test_get_server_diagnostics): 200 GET http://10.180.1.21/compute/v2.1/servers/7cdd84be-1e0a-4e4a-9e40-b4d589f08914 0.049s
2025-06-07 08:03:17.569 63114 INFO tempest.lib.common.rest_client [req-624cf039-1b52-43cb-86b3-eb5d943d5949 req-624cf039-1b52-43cb-86b3-eb5d943d5949 ] Request (MultipleCreateTestJSON:test_multiple_create): 200 GET http://10.180.1.21/compute/v2.1/servers/9a448d2b-0dee-4a90-b131-e6ada542f342 0.097s
2025-06-07 08:03:17.585 63126 INFO tempest.lib.common.rest_client [req-a4f61f2a-e533-4562-84bc-b1df05e118f9 req-a4f61f2a-e533-4562-84bc-b1df05e118f9 ] Request (DeleteServersTestJSON:test_delete_active_server): 200 GET http://10.180.1.21/compute/v2.1/servers/704614e0-aaa3-48b6-8208-47af7ca0f367 0.066s
2025-06-07 08:03:17.614 63132 INFO tempest.lib.common.rest_client [req-84bb48a4-26b3-4264-8842-b85296c3b864 req-84bb48a4-26b3-4264-8842-b85296c3b864 ] Request (ServerGroupTestJSON:test_create_server_with_scheduler_hint_group): 200 GET http://10.180.1.21/compute/v2.1/servers/4e783b92-0668-4e70-9848-4b4320318603 0.048s
2025-06-07 08:03:17.661 63130 INFO tempest.lib.common.rest_client [req-d205ed30-99d5-40d1-aedf-00f54b7db10e req-d205ed30-99d5-40d1-aedf-00f54b7db10e ] Request (VolumesAssistedSnapshotsTest:test_volume_assisted_snapshot_create_delete): 200 GET http://10.180.1.21/compute/v2.1/servers/356088a2-b55e-4ff1-9422-a53ab6830fc9 0.049s
2025-06-07 08:03:17.679 63128 INFO tempest.lib.common.rest_client [req-81869537-8966-4452-a707-71e9078a16cf req-81869537-8966-4452-a707-71e9078a16cf ] Request (ServerDiagnosticsTest:test_get_server_diagnostics): 200 GET http://10.180.1.21/compute/v2.1/servers/012bbc43-f61f-4aef-bd66-32fbe66f8374 0.100s
2025-06-07 08:03:17.708 63122 INFO tempest.lib.common.rest_client [req-b74838da-0375-408a-bbd7-032abff88d29 req-b74838da-0375-408a-bbd7-032abff88d29 ] Request (InstanceActionsNegativeTestJSON:setUpClass): 200 GET http://10.180.1.21/compute/v2.1/servers/338a113c-1d04-4243-8500-fcc6d458d3ed 0.086s
