2025-06-07 08:01:25.181 63142 INFO tempest.lib.common.dynamic_creds [-] Created isolated network resources for: credentials: Credentials: {'domain_id': 'default', 'domain_name': 'Default', 'username': 'tempest-AttachInterfacesUnderV243Test-321837802-project-member', 'project_domain_id': 'default', 'project_domain_name': 'Default', 'project_id': '6cf85b5a0bb04dd0a3d7e75b40622ec0', 'project_name': 'tempest-AttachInterfacesUnderV243Test-321837802', 'tenant_id': '6cf85b5a0bb04dd0a3d7e75b40622ec0', 'tenant_name': 'tempest-AttachInterfacesUnderV243Test-321837802', 'user_domain_id': 'default', 'user_domain_name': 'Default', 'user_id': 'a12b6f20b5234b47b780a8226d6a6a2c', 'system': None}, Network: {'id': '39e6ef5c-b951-48c3-ac9c-3efbb9b7349c', 'name': 'tempest-AttachInterfacesUnderV243Test-1616664542-network', 'tenant_id': '6cf85b5a0bb04dd0a3d7e75b40622ec0', 'admin_state_up': True, 'mtu': 8950, 'status': 'ACTIVE', 'subnets': [], 'shared': False, 'project_id': '6cf85b5a0bb04dd0a3d7e75b40622ec0', 'port_security_enabled': True, 'router:external': False, 'provider:network_type': 'vlan', 'provider:physical_network': 'default', 'provider:segmentation_id': 246, 'is_default': False, 'availability_zone_hints': [], 'availability_zones': [], 'ipv4_address_scope': None, 'ipv6_address_scope': None, 'description': '', 'tags': [], 'created_at': '2025-06-07T08:01:16Z', 'updated_at': '2025-06-07T08:01:16Z', 'revision_number': 1}, Subnet: {'id': 'bb322083-67dd-45d1-846e-e27af99e8667', 'name': 'tempest-AttachInterfacesUnderV243Test-1616664542-subnet', 'tenant_id': '6cf85b5a0bb04dd0a3d7e75b40622ec0', 'network_id': '39e6ef5c-b951-48c3-ac9c-3efbb9b7349c', 'ip_version': 4, 'subnetpool_id': None, 'enable_dhcp': True, 'ipv6_ra_mode': None, 'ipv6_address_mode': None, 'gateway_ip': '192.168.128.1', 'cidr': '192.168.128.0/28', 'allocation_pools': [{'start': '192.168.128.2', 'end': '192.168.128.14'}], 'host_routes': [], 'dns_nameservers': [], 'description': '', 'service_types': [], 'tags': [], 'created_at': '2025-06-07T08:01:17Z', 'updated_at': '2025-06-07T08:01:17Z', 'revision_number': 0, 'project_id': '6cf85b5a0bb04dd0a3d7e75b40622ec0'}, Router: {'id': 'a94d7622-1e0e-44e0-9d5d-990273d37ec3', 'name': 'tempest-AttachInterfacesUnderV243Test-1616664542-router', 'tenant_id': '6cf85b5a0bb04dd0a3d7e75b40622ec0', 'admin_state_up': True, 'status': 'ACTIVE', 'external_gateway_info': {'network_id': 'b8aadd28-7063-49dd-8155-084a148e3ba8', 'external_fixed_ips': [{'subnet_id': '593e18f7-acf9-472b-9916-d5ae538f3fa3', 'ip_address': '10.180.180.237'}], 'enable_snat': True}, 'description': '', 'availability_zones': [], 'distributed': False, 'ha': False, 'availability_zone_hints': [], 'routes': [], 'flavor_id': None, 'tags': [], 'created_at': '2025-06-07T08:01:18Z', 'updated_at': '2025-06-07T08:01:19Z', 'revision_number': 2, 'project_id': '6cf85b5a0bb04dd0a3d7e75b40622ec0'}
2025-06-07 08:01:25.182 63122 INFO tempest.lib.common.rest_client [req-80e26f04-6145-4fc9-8e19-1e74d170cf47 req-80e26f04-6145-4fc9-8e19-1e74d170cf47 ] Request (FlavorsExtraSpecsNegativeTestJSON:test_flavor_non_admin_update_specific_key): 200 POST http://10.180.1.21/compute/v2.1/flavors/1416352474/os-extra_specs 3.112s
2025-06-07 08:01:25.224 63134 INFO tempest.lib.common.rest_client [req-0bb091e7-eb8f-466a-9386-dc1731501cdd req-0bb091e7-eb8f-466a-9386-dc1731501cdd ] Request (HypervisorAdminV228Test:tearDownClass): 201 POST http://10.180.1.21/identity/v3/auth/tokens 0.367s
2025-06-07 08:01:25.226 63104 INFO tempest.lib.common.rest_client [req-d5bd917f-4d0e-4dd9-aa06-371fb7f0638b req-d5bd917f-4d0e-4dd9-aa06-371fb7f0638b ] Request (FlavorMetadataValidation:_run_cleanups): 202 DELETE http://10.180.1.21/compute/v2.1/flavors/1061338634 3.006s
2025-06-07 08:01:25.241 63096 INFO tempest.lib.common.rest_client [req-cf91deca-fdd3-450a-bc26-e9bff94ad885 req-cf91deca-fdd3-450a-bc26-e9bff94ad885 ] Request (FlavorsAdminTestJSON:test_create_flavor_verify_entry_in_list_details): 200 POST http://10.180.1.21/compute/v2.1/flavors 2.991s
2025-06-07 08:01:25.258 63106 INFO tempest.lib.common.rest_client [req-9222d552-192d-4180-a9a9-169e42e6eca9 req-9222d552-192d-4180-a9a9-169e42e6eca9 ] Request (QuotaClassesAdmin257Test:setUpClass): 201 POST http://10.180.1.21/identity/v3/auth/tokens 0.294s
2025-06-07 08:01:25.329 63152 INFO tempest.lib.common.rest_client [req-ae4c3e22-dc0a-4d64-9967-98bc49213bfa req-ae4c3e22-dc0a-4d64-9967-98bc49213bfa ] Request (QuotasAdminNegativeTest:test_create_server_when_cpu_quota_is_full): 201 POST http://10.180.1.21/identity/v3/auth/tokens 0.349s
2025-06-07 08:01:25.330 63152 INFO tempest.lib.common.fixed_network [-] (QuotasAdminNegativeTest:test_create_server_when_cpu_quota_is_full) Found network None available for tenant
2025-06-07 08:01:25.331 63140 INFO tempest.lib.common.rest_client [req-c282ca27-7b0a-4ca4-a146-d32dcf3e2520 req-c282ca27-7b0a-4ca4-a146-d32dcf3e2520 ] Request (InstanceUsageAuditLogTestJSON:tearDownClass): 204 DELETE http://10.180.1.21/identity/v3/projects/3fa1d31f4ba2429894bd7c5ab7ad471c 0.424s
2025-06-07 08:01:25.417 63110 INFO tempest.lib.common.rest_client [req-cf868c4b-bd7a-49f9-a9f2-c9fd76f0b010 req-cf868c4b-bd7a-49f9-a9f2-c9fd76f0b010 ] Request (QuotasAdminTestJSON:setUpClass): 200 GET http://10.180.1.21/identity/v3/domains?name=Default 0.375s
2025-06-07 08:01:25.480 63106 INFO tempest.lib.common.rest_client [req-ee4cf8c4-5922-443c-a6bf-d044c8fd2b6f req-ee4cf8c4-5922-443c-a6bf-d044c8fd2b6f ] Request (QuotaClassesAdmin257Test:setUpClass): 201 POST http://10.180.1.21/identity/v3/auth/tokens 0.220s
2025-06-07 08:01:25.494 63112 INFO tempest.lib.common.rest_client [req-33e408c8-7123-4de3-8bf8-a92449b39800 req-33e408c8-7123-4de3-8bf8-a92449b39800 ] Request (SecurityGroupsTestAdminJSON:test_list_security_groups_list_all_tenants_filter): 200 POST http://10.180.1.21/compute/v2.1/os-security-groups 3.749s
2025-06-07 08:01:25.514 63132 INFO tempest.lib.common.rest_client [req-ee7c4d29-5fa7-4c42-9f1d-1d7da316cde0 req-ee7c4d29-5fa7-4c42-9f1d-1d7da316cde0 ] Request (FloatingIPsTestJSON:test_allocate_floating_ip): 200 GET http://10.180.1.21/compute/v2.1/os-floating-ips 2.839s
2025-06-07 08:01:25.527 63142 INFO tempest.lib.common.rest_client [req-ffa0ac83-9d97-4d0e-94cd-7663cf167b90 req-ffa0ac83-9d97-4d0e-94cd-7663cf167b90 ] Request (AttachInterfacesUnderV243Test:setUpClass): 201 POST http://10.180.1.21/identity/v3/auth/tokens 0.340s
2025-06-07 08:01:25.537 63140 INFO tempest.lib.common.rest_client [req-c7b6e135-6756-4b95-ba90-7d8c14efd68c req-c7b6e135-6756-4b95-ba90-7d8c14efd68c ] Request (ServicesAdminTestJSON:setUpClass): 201 POST http://10.180.1.21/identity/v3/auth/tokens 0.204s
2025-06-07 08:01:25.546 63100 INFO tempest.lib.common.rest_client [req-9488b7ac-9ba4-4121-a570-895c5bf8c5de req-9488b7ac-9ba4-4121-a570-895c5bf8c5de ] Request (ServicesAdminNegativeTestJSON:test_get_service_by_invalid_service_and_valid_host): 200 GET http://10.180.1.21/compute/v2.1/os-services 2.725s
2025-06-07 08:01:25.557 63106 INFO tempest.lib.common.rest_client [req-3185785c-8a68-4d89-95e7-df9824920d4b req-3185785c-8a68-4d89-95e7-df9824920d4b ] Request (QuotaClassesAdmin257Test:setUpClass): 200 GET http://10.180.1.21/identity/v3/domains?name=Default 0.077s
2025-06-07 08:01:25.559 63128 INFO tempest.lib.common.rest_client [req-0d409a8a-f249-4518-a4c0-56a717afdd3d req-0d409a8a-f249-4518-a4c0-56a717afdd3d ] Request (InstanceUsageAuditLogNegativeTestJSON:test_instance_usage_audit_logs_with_nonadmin_user): 403 GET http://10.180.1.21/compute/v2.1/os-instance_usage_audit_log/2025-06-07%2008%3A01%3A23 2.466s
2025-06-07 08:01:25.588 63140 INFO tempest.lib.common.rest_client [req-07664ae9-5752-4d3d-b542-e46224fc2642 req-07664ae9-5752-4d3d-b542-e46224fc2642 ] Request (ServicesAdminTestJSON:setUpClass): 201 POST http://10.180.1.21/identity/v3/auth/tokens 0.048s
2025-06-07 08:01:25.591 63110 INFO tempest.lib.common.rest_client [req-e79ec7c9-6d62-40fd-9931-3191eff25df1 req-e79ec7c9-6d62-40fd-9931-3191eff25df1 ] Request (QuotasAdminTestJSON:setUpClass): 201 POST http://10.180.1.21/identity/v3/projects 0.172s
2025-06-07 08:01:25.655 63106 INFO tempest.lib.common.rest_client [req-ee98e0ca-0df9-40fb-913a-0bbdd44da65c req-ee98e0ca-0df9-40fb-913a-0bbdd44da65c ] Request (QuotaClassesAdmin257Test:setUpClass): 201 POST http://10.180.1.21/identity/v3/projects 0.097s
2025-06-07 08:01:25.684 63148 INFO tempest.lib.common.rest_client [req-5de575f4-aa46-4dfb-be52-cc251749eadf req-5de575f4-aa46-4dfb-be52-cc251749eadf ] Request (DeleteServersAdminTestJSON:test_admin_delete_servers_of_others): 200 GET http://10.180.1.21/compute/v2.1/servers/6ff9b201-b6a2-45a9-bb6b-0acb8c82405f 2.929s
2025-06-07 08:01:25.710 63128 INFO tempest.lib.common.rest_client [req-f206b9fd-bf7d-4ad4-b139-93bcb103c09b req-f206b9fd-bf7d-4ad4-b139-93bcb103c09b ] Request (InstanceUsageAuditLogNegativeTestJSON:tearDownClass): 204 DELETE http://10.180.1.21/identity/v3/users/a4f4ca8c9e73433d90765b86709ea922 0.149s
2025-06-07 08:01:25.729 63134 INFO tempest.lib.common.rest_client [req-4021e0a3-95b0-46bb-af72-aacc4f27ae54 req-4021e0a3-95b0-46bb-af72-aacc4f27ae54 ] Request (HypervisorAdminV228Test:tearDownClass): 200 GET http://10.180.1.21:9696/networking/v2.0/security-groups?tenant_id=843e560785ad4bd1af4d938e687d43a5&name=default 0.504s
2025-06-07 08:01:25.765 63140 INFO tempest.lib.common.rest_client [req-cb863088-544c-45ab-90b8-f74fbc0807b7 req-cb863088-544c-45ab-90b8-f74fbc0807b7 ] Request (ServicesAdminTestJSON:setUpClass): 200 GET http://10.180.1.21/identity/v3/domains?name=Default 0.175s
2025-06-07 08:01:25.797 63110 INFO tempest.lib.common.rest_client [req-0fd9dd26-f103-4c67-aa57-6120f233e4dd req-0fd9dd26-f103-4c67-aa57-6120f233e4dd ] Request (QuotasAdminTestJSON:setUpClass): 201 POST http://10.180.1.21/identity/v3/users 0.205s
2025-06-07 08:01:25.801 63130 INFO tempest.lib.common.rest_client [req-54a3cb1d-ab6b-4c28-9c7e-7f4fcc8438af req-54a3cb1d-ab6b-4c28-9c7e-7f4fcc8438af ] Request (VolumesAssistedSnapshotsTest:setUpClass): 201 POST http://10.180.1.21:9696/networking/v2.0/networks 0.860s
2025-06-07 08:01:25.802 63106 INFO tempest.lib.common.rest_client [req-accd38da-334e-40d6-8d8f-c472f17670eb req-accd38da-334e-40d6-8d8f-c472f17670eb ] Request (QuotaClassesAdmin257Test:setUpClass): 201 POST http://10.180.1.21/identity/v3/users 0.147s
2025-06-07 08:01:25.817 63136 INFO tempest.lib.common.rest_client [req-e6a47020-fc09-43df-a367-5294155d7998 req-e6a47020-fc09-43df-a367-5294155d7998 ] Request (FloatingIPDetailsNegativeTestJSON:setUpClass): 200 PUT http://10.180.1.21:9696/networking/v2.0/routers/232b769d-3c14-4bfd-94b1-611d2ded1a90/add_router_interface 4.581s
2025-06-07 08:01:25.817 63136 INFO tempest.lib.common.dynamic_creds [-] Created isolated network resources for: credentials: Credentials: {'domain_id': 'default', 'domain_name': 'Default', 'username': 'tempest-FloatingIPDetailsNegativeTestJSON-275180016-project-member', 'project_domain_id': 'default', 'project_domain_name': 'Default', 'project_id': 'b7c5143efe5d499cafd845608897e722', 'project_name': 'tempest-FloatingIPDetailsNegativeTestJSON-275180016', 'tenant_id': 'b7c5143efe5d499cafd845608897e722', 'tenant_name': 'tempest-FloatingIPDetailsNegativeTestJSON-275180016', 'user_domain_id': 'default', 'user_domain_name': 'Default', 'user_id': 'f8852a62850143d6989cd4b246be4c00', 'system': None}, Network: {'id': 'cb21b204-1076-47df-96b6-7b8680ebaecb', 'name': 'tempest-FloatingIPDetailsNegativeTestJSON-338866218-network', 'tenant_id': 'b7c5143efe5d499cafd845608897e722', 'admin_state_up': True, 'mtu': 8950, 'status': 'ACTIVE', 'subnets': [], 'shared': False, 'project_id': 'b7c5143efe5d499cafd845608897e722', 'port_security_enabled': True, 'router:external': False, 'provider:network_type': 'vlan', 'provider:physical_network': 'default', 'provider:segmentation_id': 485, 'is_default': False, 'availability_zone_hints': [], 'availability_zones': [], 'ipv4_address_scope': None, 'ipv6_address_scope': None, 'description': '', 'tags': [], 'created_at': '2025-06-07T08:01:16Z', 'updated_at': '2025-06-07T08:01:16Z', 'revision_number': 1}, Subnet: {'id': 'a95f2d70-cb3c-4de9-820c-40ef9ff685cc', 'name': 'tempest-FloatingIPDetailsNegativeTestJSON-338866218-subnet', 'tenant_id': 'b7c5143efe5d499cafd845608897e722', 'network_id': 'cb21b204-1076-47df-96b6-7b8680ebaecb', 'ip_version': 4, 'subnetpool_id': None, 'enable_dhcp': True, 'ipv6_ra_mode': None, 'ipv6_address_mode': None, 'gateway_ip': '192.168.128.1', 'cidr': '192.168.128.0/28', 'allocation_pools': [{'start': '192.168.128.2', 'end': '192.168.128.14'}], 'host_routes': [], 'dns_nameservers': [], 'description': '', 'service_types': [], 'tags': [], 'created_at': '2025-06-07T08:01:16Z', 'updated_at': '2025-06-07T08:01:16Z', 'revision_number': 0, 'project_id': 'b7c5143efe5d499cafd845608897e722'}, Router: {'id': '232b769d-3c14-4bfd-94b1-611d2ded1a90', 'name': 'tempest-FloatingIPDetailsNegativeTestJSON-338866218-router', 'tenant_id': 'b7c5143efe5d499cafd845608897e722', 'admin_state_up': True, 'status': 'ACTIVE', 'external_gateway_info': {'network_id': 'b8aadd28-7063-49dd-8155-084a148e3ba8', 'external_fixed_ips': [{'subnet_id': '593e18f7-acf9-472b-9916-d5ae538f3fa3', 'ip_address': '10.180.180.234'}], 'enable_snat': True}, 'description': '', 'availability_zones': [], 'distributed': False, 'ha': False, 'availability_zone_hints': [], 'routes': [], 'flavor_id': None, 'tags': [], 'created_at': '2025-06-07T08:01:17Z', 'updated_at': '2025-06-07T08:01:19Z', 'revision_number': 2, 'project_id': 'b7c5143efe5d499cafd845608897e722'}
2025-06-07 08:01:25.832 63140 INFO tempest.lib.common.rest_client [req-cd1ef9a5-5bcf-41fc-946b-d82233739899 req-cd1ef9a5-5bcf-41fc-946b-d82233739899 ] Request (ServicesAdminTestJSON:setUpClass): 201 POST http://10.180.1.21/identity/v3/projects 0.066s
2025-06-07 08:01:25.891 63151 INFO tempest.lib.common.rest_client [req-d5a074f6-6601-4809-8efd-fd2e215edcce req-d5a074f6-6601-4809-8efd-fd2e215edcce ] Request (ServerExternalEventsTest:test_create_server_external_events): 200 GET http://10.180.1.21/compute/v2.1/servers/c56debdf-ab77-4151-bc20-6973ae594d87 2.241s
2025-06-07 08:01:25.897 63128 INFO tempest.lib.common.rest_client [req-ad12a8e1-8ec3-4bf1-b0b6-ff48458f839b req-ad12a8e1-8ec3-4bf1-b0b6-ff48458f839b ] Request (InstanceUsageAuditLogNegativeTestJSON:tearDownClass): 204 DELETE http://10.180.1.21/identity/v3/users/b6c0a4bc1080430ea9cc209b19a282af 0.187s
2025-06-07 08:01:25.898 63128 INFO tempest.lib.common.dynamic_creds [-] Deleting project and security group for project: 92b13b5f46c9488ab469e188332637aa
2025-06-07 08:01:25.899 63109 INFO tempest.lib.common.rest_client [req-f45710d6-48e3-4209-931d-b6376e567a9e req-f45710d6-48e3-4209-931d-b6376e567a9e ] Request (HostsAdminNegativeTestJSON:test_reboot_host_with_non_admin_user): 403 GET http://10.180.1.21/compute/v2.1/os-hosts/devstack/reboot 1.951s
2025-06-07 08:01:25.913 63110 INFO tempest.lib.common.rest_client [req-e7ab9c82-26a7-48ff-93a9-4ddbe2082b55 req-e7ab9c82-26a7-48ff-93a9-4ddbe2082b55 ] Request (QuotasAdminTestJSON:setUpClass): 200 GET http://10.180.1.21/identity/v3/roles 0.116s
2025-06-07 08:01:25.953 63094 INFO tempest.lib.common.rest_client [req-2e1111a1-ab16-4d1b-bbfa-c039b9d96ba8 req-2e1111a1-ab16-4d1b-bbfa-c039b9d96ba8 ] Request (MigrationsAdminTest:test_list_migrations_in_flavor_resize_situation): 200 GET http://10.180.1.21/compute/v2.1/servers/022718e2-52ec-4130-81b0-fb39e57d6efe 2.027s
2025-06-07 08:01:25.996 63106 INFO tempest.lib.common.rest_client [req-fa4acdda-00de-4eb5-982f-fa2d1d7e6b67 req-fa4acdda-00de-4eb5-982f-fa2d1d7e6b67 ] Request (QuotaClassesAdmin257Test:setUpClass): 200 GET http://10.180.1.21/identity/v3/roles 0.190s
2025-06-07 08:01:25.999 63136 INFO tempest.lib.common.rest_client [req-911c3ee5-d598-41c7-9224-d552f98b824c req-911c3ee5-d598-41c7-9224-d552f98b824c ] Request (FloatingIPDetailsNegativeTestJSON:setUpClass): 201 POST http://10.180.1.21/identity/v3/auth/tokens 0.177s
2025-06-07 08:01:26.028 63128 INFO tempest.lib.common.rest_client [req-1463f130-ed05-4eb3-b081-aa207f58682e req-1463f130-ed05-4eb3-b081-aa207f58682e ] Request (InstanceUsageAuditLogNegativeTestJSON:tearDownClass): 201 POST http://10.180.1.21/identity/v3/auth/tokens 0.129s
2025-06-07 08:01:26.044 63140 INFO tempest.lib.common.rest_client [req-9f9aa77f-0d35-48f2-88c7-19a641e6453e req-9f9aa77f-0d35-48f2-88c7-19a641e6453e ] Request (ServicesAdminTestJSON:setUpClass): 201 POST http://10.180.1.21/identity/v3/users 0.211s
2025-06-07 08:01:26.064 63110 INFO tempest.lib.common.rest_client [req-c85c6d70-9220-4fd6-9065-7536da592138 req-c85c6d70-9220-4fd6-9065-7536da592138 ] Request (QuotasAdminTestJSON:setUpClass): 204 PUT http://10.180.1.21/identity/v3/projects/2cb8ed220b784205be750b74eb6dae57/users/ce83bd50bb1045e29fbb346d75ec6422/roles/394b22ccebc64f5cadde6f7af9a3218e 0.150s
2025-06-07 08:01:26.064 63110 INFO tempest.lib.common.dynamic_creds [-] Dynamic test user ce83bd50bb1045e29fbb346d75ec6422 is created with scope project and roles: ['member']
2025-06-07 08:01:26.065 63110 INFO tempest.lib.common.dynamic_creds [-] Acquired dynamic creds: credentials: Credentials: {'domain_id': 'default', 'domain_name': 'Default', 'username': 'tempest-QuotasAdminTestJSON-1077095998-project-member', 'project_domain_id': 'default', 'project_domain_name': 'Default', 'project_id': '2cb8ed220b784205be750b74eb6dae57', 'project_name': 'tempest-QuotasAdminTestJSON-1077095998', 'tenant_id': '2cb8ed220b784205be750b74eb6dae57', 'tenant_name': 'tempest-QuotasAdminTestJSON-1077095998', 'user_domain_id': 'default', 'user_domain_name': 'Default', 'user_id': 'ce83bd50bb1045e29fbb346d75ec6422', 'system': None}, Network: None, Subnet: None, Router: None
2025-06-07 08:01:26.065 63110 INFO tempest.lib.common.dynamic_creds [-] Created isolated network resources for: credentials: Credentials: {'domain_id': 'default', 'domain_name': 'Default', 'username': 'tempest-QuotasAdminTestJSON-1077095998-project-member', 'project_domain_id': 'default', 'project_domain_name': 'Default', 'project_id': '2cb8ed220b784205be750b74eb6dae57', 'project_name': 'tempest-QuotasAdminTestJSON-1077095998', 'tenant_id': '2cb8ed220b784205be750b74eb6dae57', 'tenant_name': 'tempest-QuotasAdminTestJSON-1077095998', 'user_domain_id': 'default', 'user_domain_name': 'Default', 'user_id': 'ce83bd50bb1045e29fbb346d75ec6422', 'system': None}, Network: None, Subnet: None, Router: None
2025-06-07 08:01:26.080 63106 INFO tempest.lib.common.rest_client [req-da6b573f-7261-44a2-93e2-3541a31d5f94 req-da6b573f-7261-44a2-93e2-3541a31d5f94 ] Request (QuotaClassesAdmin257Test:setUpClass): 204 PUT http://10.180.1.21/identity/v3/projects/e66910deff154b22b6d7ed09721c19d6/users/eb296aaffae345b5b9413bf28b76982c/roles/394b22ccebc64f5cadde6f7af9a3218e 0.083s
2025-06-07 08:01:26.080 63106 INFO tempest.lib.common.dynamic_creds [-] Dynamic test user eb296aaffae345b5b9413bf28b76982c is created with scope project and roles: ['member']
2025-06-07 08:01:26.080 63106 INFO tempest.lib.common.dynamic_creds [-] Acquired dynamic creds: credentials: Credentials: {'domain_id': 'default', 'domain_name': 'Default', 'username': 'tempest-QuotaClassesAdmin257Test-2026171478-project-member', 'project_domain_id': 'default', 'project_domain_name': 'Default', 'project_id': 'e66910deff154b22b6d7ed09721c19d6', 'project_name': 'tempest-QuotaClassesAdmin257Test-2026171478', 'tenant_id': 'e66910deff154b22b6d7ed09721c19d6', 'tenant_name': 'tempest-QuotaClassesAdmin257Test-2026171478', 'user_domain_id': 'default', 'user_domain_name': 'Default', 'user_id': 'eb296aaffae345b5b9413bf28b76982c', 'system': None}, Network: None, Subnet: None, Router: None
2025-06-07 08:01:26.081 63106 INFO tempest.lib.common.dynamic_creds [-] Created isolated network resources for: credentials: Credentials: {'domain_id': 'default', 'domain_name': 'Default', 'username': 'tempest-QuotaClassesAdmin257Test-2026171478-project-member', 'project_domain_id': 'default', 'project_domain_name': 'Default', 'project_id': 'e66910deff154b22b6d7ed09721c19d6', 'project_name': 'tempest-QuotaClassesAdmin257Test-2026171478', 'tenant_id': 'e66910deff154b22b6d7ed09721c19d6', 'tenant_name': 'tempest-QuotaClassesAdmin257Test-2026171478', 'user_domain_id': 'default', 'user_domain_name': 'Default', 'user_id': 'eb296aaffae345b5b9413bf28b76982c', 'system': None}, Network: None, Subnet: None, Router: None
2025-06-07 08:01:26.166 63140 INFO tempest.lib.common.rest_client [req-e8c2e59e-4a0a-452b-af44-262950068f73 req-e8c2e59e-4a0a-452b-af44-262950068f73 ] Request (ServicesAdminTestJSON:setUpClass): 200 GET http://10.180.1.21/identity/v3/roles 0.122s
2025-06-07 08:01:26.172 63145 INFO tempest.lib.common.rest_client [req-3378e8f8-a794-46a1-925f-3b65f359f9ab req-3378e8f8-a794-46a1-925f-3b65f359f9ab ] Request (QuotaClassesAdminTestJSON:test_update_default_quotas): 200 PUT http://10.180.1.21/compute/v2.1/os-quota-class-sets/default 1.876s
2025-06-07 08:01:26.194 63125 INFO tempest.lib.common.rest_client [req-6fd14110-e00f-4fde-a316-e4dc13160431 req-6fd14110-e00f-4fde-a316-e4dc13160431 ] Request (HostsAdminTestJSON:test_list_hosts_with_nonexistent_zone): 200 GET http://10.180.1.21/compute/v2.1/os-hosts?zone=xxx 1.872s
2025-06-07 08:01:26.258 63110 INFO tempest.lib.common.rest_client [req-6b58c866-e9af-4aeb-9450-1a4c0f2e75d3 req-6b58c866-e9af-4aeb-9450-1a4c0f2e75d3 ] Request (QuotasAdminTestJSON:setUpClass): 201 POST http://10.180.1.21/identity/v3/auth/tokens 0.185s
2025-06-07 08:01:26.278 63106 INFO tempest.lib.common.rest_client [req-d9435171-11cc-4946-81dd-bc3941a4e255 req-d9435171-11cc-4946-81dd-bc3941a4e255 ] Request (QuotaClassesAdmin257Test:setUpClass): 201 POST http://10.180.1.21/identity/v3/auth/tokens 0.193s
2025-06-07 08:01:26.293 63140 INFO tempest.lib.common.rest_client [req-6b969b24-b9fc-4e47-890d-31231b84fc80 req-6b969b24-b9fc-4e47-890d-31231b84fc80 ] Request (ServicesAdminTestJSON:setUpClass): 204 PUT http://10.180.1.21/identity/v3/projects/55b31608f41543baab63e53fe70632ab/users/dbbb78ac58664b3c9903633345de11ca/roles/394b22ccebc64f5cadde6f7af9a3218e 0.126s
2025-06-07 08:01:26.293 63140 INFO tempest.lib.common.dynamic_creds [-] Dynamic test user dbbb78ac58664b3c9903633345de11ca is created with scope project and roles: ['member']
2025-06-07 08:01:26.294 63140 INFO tempest.lib.common.dynamic_creds [-] Acquired dynamic creds: credentials: Credentials: {'domain_id': 'default', 'domain_name': 'Default', 'username': 'tempest-ServicesAdminTestJSON-20527395-project-member', 'project_domain_id': 'default', 'project_domain_name': 'Default', 'project_id': '55b31608f41543baab63e53fe70632ab', 'project_name': 'tempest-ServicesAdminTestJSON-20527395', 'tenant_id': '55b31608f41543baab63e53fe70632ab', 'tenant_name': 'tempest-ServicesAdminTestJSON-20527395', 'user_domain_id': 'default', 'user_domain_name': 'Default', 'user_id': 'dbbb78ac58664b3c9903633345de11ca', 'system': None}, Network: None, Subnet: None, Router: None
2025-06-07 08:01:26.294 63140 INFO tempest.lib.common.dynamic_creds [-] Created isolated network resources for: credentials: Credentials: {'domain_id': 'default', 'domain_name': 'Default', 'username': 'tempest-ServicesAdminTestJSON-20527395-project-member', 'project_domain_id': 'default', 'project_domain_name': 'Default', 'project_id': '55b31608f41543baab63e53fe70632ab', 'project_name': 'tempest-ServicesAdminTestJSON-20527395', 'tenant_id': '55b31608f41543baab63e53fe70632ab', 'tenant_name': 'tempest-ServicesAdminTestJSON-20527395', 'user_domain_id': 'default', 'user_domain_name': 'Default', 'user_id': 'dbbb78ac58664b3c9903633345de11ca', 'system': None}, Network: None, Subnet: None, Router: None
2025-06-07 08:01:26.334 63130 INFO tempest.lib.common.rest_client [req-f01d3454-ff9c-4459-9c8a-8c9cc4d782c0 req-f01d3454-ff9c-4459-9c8a-8c9cc4d782c0 ] Request (VolumesAssistedSnapshotsTest:setUpClass): 201 POST http://10.180.1.21:9696/networking/v2.0/subnets 0.531s
2025-06-07 08:01:26.380 63110 INFO tempest.lib.common.rest_client [req-083714c7-4fe8-4d15-931a-9db7b95f8dd3 req-083714c7-4fe8-4d15-931a-9db7b95f8dd3 ] Request (QuotasAdminTestJSON:setUpClass): 201 POST http://10.180.1.21/identity/v3/projects 0.121s
2025-06-07 08:01:26.457 63106 INFO tempest.lib.common.rest_client [req-1b30da5e-7489-4a22-9c87-56b37a769c48 req-1b30da5e-7489-4a22-9c87-56b37a769c48 ] Request (QuotaClassesAdmin257Test:setUpClass): 201 POST http://10.180.1.21/identity/v3/projects 0.178s
2025-06-07 08:01:26.477 63126 INFO tempest.lib.common.rest_client [req-5866fa38-cca7-4145-8732-f1b1ff869b20 req-5866fa38-cca7-4145-8732-f1b1ff869b20 ] Request (FlavorsAccessTestJSON:test_flavor_access_add_remove): 200 GET http://10.180.1.21/compute/v2.1/flavors/detail 2.145s
2025-06-07 08:01:26.505 63102 INFO tempest.lib.common.rest_client [req-6995f43b-6356-4e1d-b2ab-e06ed08ac9fa req-6995f43b-6356-4e1d-b2ab-e06ed08ac9fa ] Request (HypervisorAdminTestJSON:test_get_hypervisor_show_details): 200 GET http://10.180.1.21/compute/v2.1/os-hypervisors 2.140s
2025-06-07 08:01:26.535 63110 INFO tempest.lib.common.rest_client [req-81c617b6-01f3-44ad-968a-717fd878305a req-81c617b6-01f3-44ad-968a-717fd878305a ] Request (QuotasAdminTestJSON:setUpClass): 201 POST http://10.180.1.21/identity/v3/users 0.154s
2025-06-07 08:01:26.542 63140 INFO tempest.lib.common.rest_client [req-47f55729-de67-4c97-b62b-e3c3410790d7 req-47f55729-de67-4c97-b62b-e3c3410790d7 ] Request (ServicesAdminTestJSON:setUpClass): 201 POST http://10.180.1.21/identity/v3/auth/tokens 0.243s
2025-06-07 08:01:26.550 63134 INFO tempest.lib.common.rest_client [req-f6a8043c-7e0e-432e-acb6-03cae483b45a req-f6a8043c-7e0e-432e-acb6-03cae483b45a ] Request (HypervisorAdminV228Test:tearDownClass): 204 DELETE http://10.180.1.21:9696/networking/v2.0/security-groups/f1ad9976-8dbb-4fbe-851b-6d3c1e2a4116 0.821s
2025-06-07 08:01:26.561 63106 INFO tempest.lib.common.rest_client [req-d84b554d-d597-419f-8e79-944f430e314b req-d84b554d-d597-419f-8e79-944f430e314b ] Request (QuotaClassesAdmin257Test:setUpClass): 201 POST http://10.180.1.21/identity/v3/users 0.104s
2025-06-07 08:01:26.583 63110 INFO tempest.lib.common.rest_client [req-da5b6373-c295-4ca1-8cb0-2b5eef426001 req-da5b6373-c295-4ca1-8cb0-2b5eef426001 ] Request (QuotasAdminTestJSON:setUpClass): 200 GET http://10.180.1.21/identity/v3/roles 0.047s
2025-06-07 08:01:26.619 63140 INFO tempest.lib.common.rest_client [req-04eea8bc-9afd-4a70-ace2-73fb8e48b780 req-04eea8bc-9afd-4a70-ace2-73fb8e48b780 ] Request (ServicesAdminTestJSON:setUpClass): 201 POST http://10.180.1.21/identity/v3/projects 0.076s
2025-06-07 08:01:26.692 63106 INFO tempest.lib.common.rest_client [req-2a14f700-7198-40d4-8590-7d9711fb65e2 req-2a14f700-7198-40d4-8590-7d9711fb65e2 ] Request (QuotaClassesAdmin257Test:setUpClass): 200 GET http://10.180.1.21/identity/v3/roles 0.131s
2025-06-07 08:01:26.722 63110 INFO tempest.lib.common.rest_client [req-2117c3c4-5b9b-45c5-81e3-c822fb5e57ce req-2117c3c4-5b9b-45c5-81e3-c822fb5e57ce ] Request (QuotasAdminTestJSON:setUpClass): 204 PUT http://10.180.1.21/identity/v3/projects/a0de3901b736489399db5652e996a2f9/users/5e86cffe710c45caa3df5344b5e69f5a/roles/e82ff90e36b84c7187eda0b257d70e2c 0.138s
2025-06-07 08:01:26.740 63134 INFO tempest.lib.common.rest_client [req-5da22deb-b398-43d6-84b8-9e3d66ef9b09 req-5da22deb-b398-43d6-84b8-9e3d66ef9b09 ] Request (HypervisorAdminV228Test:tearDownClass): 204 DELETE http://10.180.1.21/identity/v3/projects/843e560785ad4bd1af4d938e687d43a5 0.190s
2025-06-07 08:01:26.741 63134 INFO tempest.lib.common.dynamic_creds [-] Deleting project and security group for project: 92700074ac90479983a4e2799369a717
2025-06-07 08:01:26.805 63140 INFO tempest.lib.common.rest_client [req-b161a692-154e-4b84-a374-d0249bbb0243 req-b161a692-154e-4b84-a374-d0249bbb0243 ] Request (ServicesAdminTestJSON:setUpClass): 201 POST http://10.180.1.21/identity/v3/users 0.186s
2025-06-07 08:01:26.830 63106 INFO tempest.lib.common.rest_client [req-ce59e12c-b520-41b7-aba9-c965befffa92 req-ce59e12c-b520-41b7-aba9-c965befffa92 ] Request (QuotaClassesAdmin257Test:setUpClass): 204 PUT http://10.180.1.21/identity/v3/projects/3b89182aa0cb4583946a11edf441ce44/users/e2a1bee6f4b04eb0a0779c0a341692b2/roles/e82ff90e36b84c7187eda0b257d70e2c 0.137s
2025-06-07 08:01:26.844 63110 INFO tempest.lib.common.rest_client [req-dd50ad88-439e-463f-b912-51b38b887b42 req-dd50ad88-439e-463f-b912-51b38b887b42 ] Request (QuotasAdminTestJSON:setUpClass): 200 GET http://10.180.1.21/identity/v3/roles 0.121s
2025-06-07 08:01:26.883 63128 INFO tempest.lib.common.rest_client [req-e273e27f-fdd5-474c-97bb-16cfd76a6e40 req-e273e27f-fdd5-474c-97bb-16cfd76a6e40 ] Request (InstanceUsageAuditLogNegativeTestJSON:tearDownClass): 200 GET http://10.180.1.21:9696/networking/v2.0/security-groups?tenant_id=92b13b5f46c9488ab469e188332637aa&name=default 0.855s
2025-06-07 08:01:26.892 63106 INFO tempest.lib.common.rest_client [req-d25172e7-70a3-4a8f-b908-864231df290f req-d25172e7-70a3-4a8f-b908-864231df290f ] Request (QuotaClassesAdmin257Test:setUpClass): 200 GET http://10.180.1.21/identity/v3/roles 0.061s
2025-06-07 08:01:26.907 63140 INFO tempest.lib.common.rest_client [req-a887cfb2-88b3-43fe-82c2-6bfe1b868372 req-a887cfb2-88b3-43fe-82c2-6bfe1b868372 ] Request (ServicesAdminTestJSON:setUpClass): 200 GET http://10.180.1.21/identity/v3/roles 0.100s
2025-06-07 08:01:26.916 63110 INFO tempest.lib.common.rest_client [req-b90c62e0-6083-473d-950d-c95cb96166f9 req-b90c62e0-6083-473d-950d-c95cb96166f9 ] Request (QuotasAdminTestJSON:setUpClass): 204 PUT http://10.180.1.21/identity/v3/projects/a0de3901b736489399db5652e996a2f9/users/5e86cffe710c45caa3df5344b5e69f5a/roles/e82ff90e36b84c7187eda0b257d70e2c 0.072s
2025-06-07 08:01:26.916 63110 INFO tempest.lib.common.dynamic_creds [-] Dynamic test user 5e86cffe710c45caa3df5344b5e69f5a is created with scope project and roles: ['admin']
2025-06-07 08:01:26.916 63110 INFO tempest.lib.common.dynamic_creds [-] Acquired dynamic creds: credentials: Credentials: {'domain_id': 'default', 'domain_name': 'Default', 'username': 'tempest-QuotasAdminTestJSON-978185537-project-admin', 'project_domain_id': 'default', 'project_domain_name': 'Default', 'project_id': 'a0de3901b736489399db5652e996a2f9', 'project_name': 'tempest-QuotasAdminTestJSON-978185537', 'tenant_id': 'a0de3901b736489399db5652e996a2f9', 'tenant_name': 'tempest-QuotasAdminTestJSON-978185537', 'user_domain_id': 'default', 'user_domain_name': 'Default', 'user_id': '5e86cffe710c45caa3df5344b5e69f5a', 'system': None}, Network: None, Subnet: None, Router: None
2025-06-07 08:01:26.917 63110 INFO tempest.lib.common.dynamic_creds [-] Created isolated network resources for: credentials: Credentials: {'domain_id': 'default', 'domain_name': 'Default', 'username': 'tempest-QuotasAdminTestJSON-978185537-project-admin', 'project_domain_id': 'default', 'project_domain_name': 'Default', 'project_id': 'a0de3901b736489399db5652e996a2f9', 'project_name': 'tempest-QuotasAdminTestJSON-978185537', 'tenant_id': 'a0de3901b736489399db5652e996a2f9', 'tenant_name': 'tempest-QuotasAdminTestJSON-978185537', 'user_domain_id': 'default', 'user_domain_name': 'Default', 'user_id': '5e86cffe710c45caa3df5344b5e69f5a', 'system': None}, Network: None, Subnet: None, Router: None
2025-06-07 08:01:26.922 63106 INFO tempest.lib.common.rest_client [req-a9449700-aca0-4439-8258-17d04e3b7879 req-a9449700-aca0-4439-8258-17d04e3b7879 ] Request (QuotaClassesAdmin257Test:setUpClass): 204 PUT http://10.180.1.21/identity/v3/projects/3b89182aa0cb4583946a11edf441ce44/users/e2a1bee6f4b04eb0a0779c0a341692b2/roles/e82ff90e36b84c7187eda0b257d70e2c 0.029s
2025-06-07 08:01:26.922 63106 INFO tempest.lib.common.dynamic_creds [-] Dynamic test user e2a1bee6f4b04eb0a0779c0a341692b2 is created with scope project and roles: ['admin']
2025-06-07 08:01:26.925 63106 INFO tempest.lib.common.dynamic_creds [-] Acquired dynamic creds: credentials: Credentials: {'domain_id': 'default', 'domain_name': 'Default', 'username': 'tempest-QuotaClassesAdmin257Test-937540996-project-admin', 'project_domain_id': 'default', 'project_domain_name': 'Default', 'project_id': '3b89182aa0cb4583946a11edf441ce44', 'project_name': 'tempest-QuotaClassesAdmin257Test-937540996', 'tenant_id': '3b89182aa0cb4583946a11edf441ce44', 'tenant_name': 'tempest-QuotaClassesAdmin257Test-937540996', 'user_domain_id': 'default', 'user_domain_name': 'Default', 'user_id': 'e2a1bee6f4b04eb0a0779c0a341692b2', 'system': None}, Network: None, Subnet: None, Router: None
2025-06-07 08:01:26.925 63106 INFO tempest.lib.common.dynamic_creds [-] Created isolated network resources for: credentials: Credentials: {'domain_id': 'default', 'domain_name': 'Default', 'username': 'tempest-QuotaClassesAdmin257Test-937540996-project-admin', 'project_domain_id': 'default', 'project_domain_name': 'Default', 'project_id': '3b89182aa0cb4583946a11edf441ce44', 'project_name': 'tempest-QuotaClassesAdmin257Test-937540996', 'tenant_id': '3b89182aa0cb4583946a11edf441ce44', 'tenant_name': 'tempest-QuotaClassesAdmin257Test-937540996', 'user_domain_id': 'default', 'user_domain_name': 'Default', 'user_id': 'e2a1bee6f4b04eb0a0779c0a341692b2', 'system': None}, Network: None, Subnet: None, Router: None
2025-06-07 08:01:27.051 63110 INFO tempest.lib.common.rest_client [req-3b87fe01-9b32-4af8-8e9c-14c16601226c req-3b87fe01-9b32-4af8-8e9c-14c16601226c ] Request (QuotasAdminTestJSON:setUpClass): 201 POST http://10.180.1.21/identity/v3/auth/tokens 0.129s
2025-06-07 08:01:27.052 63110 WARNING tempest.lib.common.rest_client [-] Deprecated: "tenant_id" property is deprecated for removal, use "project_id" instead
2025-06-07 08:01:27.089 63140 INFO tempest.lib.common.rest_client [req-b00b5b85-f2dd-46bb-a87f-0d636fddf1c4 req-b00b5b85-f2dd-46bb-a87f-0d636fddf1c4 ] Request (ServicesAdminTestJSON:setUpClass): 204 PUT http://10.180.1.21/identity/v3/projects/b0f77dcaea1b42e48c37f96fa7382d5e/users/c3defb906e3148cb97f4d37bf86c5895/roles/e82ff90e36b84c7187eda0b257d70e2c 0.182s
2025-06-07 08:01:27.158 63140 INFO tempest.lib.common.rest_client [req-585cf5cf-f8c4-4e00-9484-85c26f9c4b81 req-585cf5cf-f8c4-4e00-9484-85c26f9c4b81 ] Request (ServicesAdminTestJSON:setUpClass): 200 GET http://10.180.1.21/identity/v3/roles 0.067s
2025-06-07 08:01:27.164 63106 INFO tempest.lib.common.rest_client [req-35a89833-f75d-4736-bf86-a1d95aab846e req-35a89833-f75d-4736-bf86-a1d95aab846e ] Request (QuotaClassesAdmin257Test:setUpClass): 201 POST http://10.180.1.21/identity/v3/auth/tokens 0.235s
2025-06-07 08:01:27.178 63140 INFO tempest.lib.common.rest_client [req-43daba7e-84f5-40e0-8f99-ca061be8d2cc req-43daba7e-84f5-40e0-8f99-ca061be8d2cc ] Request (ServicesAdminTestJSON:setUpClass): 204 PUT http://10.180.1.21/identity/v3/projects/b0f77dcaea1b42e48c37f96fa7382d5e/users/c3defb906e3148cb97f4d37bf86c5895/roles/e82ff90e36b84c7187eda0b257d70e2c 0.019s
2025-06-07 08:01:27.178 63140 INFO tempest.lib.common.dynamic_creds [-] Dynamic test user c3defb906e3148cb97f4d37bf86c5895 is created with scope project and roles: ['admin']
2025-06-07 08:01:27.178 63140 INFO tempest.lib.common.dynamic_creds [-] Acquired dynamic creds: credentials: Credentials: {'domain_id': 'default', 'domain_name': 'Default', 'username': 'tempest-ServicesAdminTestJSON-1540288683-project-admin', 'project_domain_id': 'default', 'project_domain_name': 'Default', 'project_id': 'b0f77dcaea1b42e48c37f96fa7382d5e', 'project_name': 'tempest-ServicesAdminTestJSON-1540288683', 'tenant_id': 'b0f77dcaea1b42e48c37f96fa7382d5e', 'tenant_name': 'tempest-ServicesAdminTestJSON-1540288683', 'user_domain_id': 'default', 'user_domain_name': 'Default', 'user_id': 'c3defb906e3148cb97f4d37bf86c5895', 'system': None}, Network: None, Subnet: None, Router: None
2025-06-07 08:01:27.178 63140 INFO tempest.lib.common.dynamic_creds [-] Created isolated network resources for: credentials: Credentials: {'domain_id': 'default', 'domain_name': 'Default', 'username': 'tempest-ServicesAdminTestJSON-1540288683-project-admin', 'project_domain_id': 'default', 'project_domain_name': 'Default', 'project_id': 'b0f77dcaea1b42e48c37f96fa7382d5e', 'project_name': 'tempest-ServicesAdminTestJSON-1540288683', 'tenant_id': 'b0f77dcaea1b42e48c37f96fa7382d5e', 'tenant_name': 'tempest-ServicesAdminTestJSON-1540288683', 'user_domain_id': 'default', 'user_domain_name': 'Default', 'user_id': 'c3defb906e3148cb97f4d37bf86c5895', 'system': None}, Network: None, Subnet: None, Router: None
2025-06-07 08:01:27.285 63140 INFO tempest.lib.common.rest_client [req-f78ae223-f927-4de9-bea5-ef7535dfe6e8 req-f78ae223-f927-4de9-bea5-ef7535dfe6e8 ] Request (ServicesAdminTestJSON:setUpClass): 201 POST http://10.180.1.21/identity/v3/auth/tokens 0.104s
2025-06-07 08:01:27.500 63134 INFO tempest.lib.common.rest_client [req-e97d19fa-8a42-441a-955a-00bdf36fbec7 req-e97d19fa-8a42-441a-955a-00bdf36fbec7 ] Request (HypervisorAdminV228Test:tearDownClass): 200 GET http://10.180.1.21:9696/networking/v2.0/security-groups?tenant_id=92700074ac90479983a4e2799369a717&name=default 0.759s
2025-06-07 08:01:27.504 63128 INFO tempest.lib.common.rest_client [req-64e13f68-114e-4273-852a-7afb0968bb75 req-64e13f68-114e-4273-852a-7afb0968bb75 ] Request (InstanceUsageAuditLogNegativeTestJSON:tearDownClass): 204 DELETE http://10.180.1.21:9696/networking/v2.0/security-groups/ca223767-88d9-44a6-94be-17ce2f3a564d 0.621s
2025-06-07 08:01:27.643 63128 INFO tempest.lib.common.rest_client [req-c1b04a37-ce8b-4479-9539-e8dfb383044e req-c1b04a37-ce8b-4479-9539-e8dfb383044e ] Request (InstanceUsageAuditLogNegativeTestJSON:tearDownClass): 204 DELETE http://10.180.1.21/identity/v3/projects/92b13b5f46c9488ab469e188332637aa 0.138s
2025-06-07 08:01:27.644 63128 INFO tempest.lib.common.dynamic_creds [-] Deleting project and security group for project: e749f675ee434143b6611d6bb2a30e3f
2025-06-07 08:01:28.095 63128 INFO tempest.lib.common.rest_client [req-1850d78e-7b3c-486d-aeac-c879be2a2f0d req-1850d78e-7b3c-486d-aeac-c879be2a2f0d ] Request (InstanceUsageAuditLogNegativeTestJSON:tearDownClass): 200 GET http://10.180.1.21:9696/networking/v2.0/security-groups?tenant_id=e749f675ee434143b6611d6bb2a30e3f&name=default 0.451s
2025-06-07 08:01:28.123 63134 INFO tempest.lib.common.rest_client [req-836d0d89-dda8-4802-867b-2ae7fa54bae0 req-836d0d89-dda8-4802-867b-2ae7fa54bae0 ] Request (HypervisorAdminV228Test:tearDownClass): 204 DELETE http://10.180.1.21:9696/networking/v2.0/security-groups/34bbfbe7-61b4-4025-8638-3d0ecba3b80a 0.622s
2025-06-07 08:01:28.239 63134 INFO tempest.lib.common.rest_client [req-abe2e9ed-f8cc-4f48-93dc-aa3a391977c9 req-abe2e9ed-f8cc-4f48-93dc-aa3a391977c9 ] Request (HypervisorAdminV228Test:tearDownClass): 204 DELETE http://10.180.1.21/identity/v3/projects/92700074ac90479983a4e2799369a717 0.116s
2025-06-07 08:01:28.355 63134 INFO tempest.lib.common.rest_client [req-beedd895-f365-4b01-9ec2-ba0ffa5b4eb3 req-beedd895-f365-4b01-9ec2-ba0ffa5b4eb3 ] Request (ServerDiagnosticsNegativeTest:setUpClass): 201 POST http://10.180.1.21/identity/v3/auth/tokens 0.114s
2025-06-07 08:01:28.385 63118 INFO tempest.lib.common.rest_client [req-657d982d-27a4-4023-a12a-10bba4584243 req-657d982d-27a4-4023-a12a-10bba4584243 ] Request (ImagesOneServerTestJSON:setUpClass): 202 POST http://10.180.1.21/compute/v2.1/servers 3.680s
2025-06-07 08:01:28.398 63134 INFO tempest.lib.common.rest_client [req-ee9a8bfe-5a73-4621-9683-75428211b8de req-ee9a8bfe-5a73-4621-9683-75428211b8de ] Request (ServerDiagnosticsNegativeTest:setUpClass): 201 POST http://10.180.1.21/identity/v3/auth/tokens 0.040s
2025-06-07 08:01:28.433 63134 INFO tempest.lib.common.rest_client [req-0f2964d8-abe6-452e-a9fa-dfd8403baced req-0f2964d8-abe6-452e-a9fa-dfd8403baced ] Request (ServerDiagnosticsNegativeTest:setUpClass): 200 GET http://10.180.1.21/identity/v3/domains?name=Default 0.034s
2025-06-07 08:01:28.551 63146 INFO tempest.lib.common.rest_client [req-f7047462-c3ca-43bd-a696-d2d10e5f1b7f req-f7047462-c3ca-43bd-a696-d2d10e5f1b7f ] Request (FlavorsExtraSpecsTestJSON:test_flavor_non_admin_get_all_keys): 200 GET http://10.180.1.21/compute/v2.1/flavors/528199855/os-extra_specs 3.535s
2025-06-07 08:01:28.617 63134 INFO tempest.lib.common.rest_client [req-7546f760-0b70-4c44-a91b-0fa457af114a req-7546f760-0b70-4c44-a91b-0fa457af114a ] Request (ServerDiagnosticsNegativeTest:setUpClass): 201 POST http://10.180.1.21/identity/v3/projects 0.183s
2025-06-07 08:01:28.633 63154 INFO tempest.lib.common.rest_client [req-331a6d5c-af15-4cee-a804-6e4e6ed4d925 req-331a6d5c-af15-4cee-a804-6e4e6ed4d925 ] Request (TenantUsagesNegativeTestJSON:test_list_usage_all_tenants_with_non_admin_user): 403 GET http://10.180.1.21/compute/v2.1/os-simple-tenant-usage?start=2025-06-06T08%3A01%3A19.867362&end=2025-06-08T08%3A01%3A19.867362&detailed=1 3.608s
2025-06-07 08:01:28.659 63138 INFO tempest.lib.common.rest_client [req-453e2df1-1f40-493e-bcf8-986a178834b8 req-453e2df1-1f40-493e-bcf8-986a178834b8 ] Request (ServicesAdminNegativeV253TestJSON:test_enable_service_with_invalid_service_id): 404 PUT http://10.180.1.21/compute/v2.1/os-services/2bd125e3-020d-49c1-8d98-d6d2d55ba060 3.616s
2025-06-07 08:01:28.696 63128 INFO tempest.lib.common.rest_client [req-a7c40c18-e25a-4bfe-882c-439efe15cd24 req-a7c40c18-e25a-4bfe-882c-439efe15cd24 ] Request (InstanceUsageAuditLogNegativeTestJSON:tearDownClass): 204 DELETE http://10.180.1.21:9696/networking/v2.0/security-groups/27dafc1a-7120-4fcd-893a-fb3f9144e8f7 0.600s
2025-06-07 08:01:28.730 63134 INFO tempest.lib.common.rest_client [req-cd218313-f24d-47c4-b070-38225b08d5e8 req-cd218313-f24d-47c4-b070-38225b08d5e8 ] Request (ServerDiagnosticsNegativeTest:setUpClass): 201 POST http://10.180.1.21/identity/v3/users 0.112s
2025-06-07 08:01:28.847 63128 INFO tempest.lib.common.rest_client [req-c3b02497-854f-4fc9-8f13-f52f014908eb req-c3b02497-854f-4fc9-8f13-f52f014908eb ] Request (InstanceUsageAuditLogNegativeTestJSON:tearDownClass): 204 DELETE http://10.180.1.21/identity/v3/projects/e749f675ee434143b6611d6bb2a30e3f 0.151s
2025-06-07 08:01:28.860 63154 INFO tempest.lib.common.rest_client [req-836c87e7-40b4-4d59-adb6-66cbc44f02a1 req-836c87e7-40b4-4d59-adb6-66cbc44f02a1 ] Request (TenantUsagesNegativeTestJSON:tearDownClass): 204 DELETE http://10.180.1.21/identity/v3/users/1d2a76269bad4751a073e6d00b716455 0.225s
2025-06-07 08:01:28.951 63134 INFO tempest.lib.common.rest_client [req-090f0ac3-c08e-4eb4-88d9-35b7c0aa1725 req-090f0ac3-c08e-4eb4-88d9-35b7c0aa1725 ] Request (ServerDiagnosticsNegativeTest:setUpClass): 200 GET http://10.180.1.21/identity/v3/roles 0.219s
2025-06-07 08:01:28.956 63128 INFO tempest.lib.common.rest_client [req-bb2cde4e-9428-487b-8fcd-a205e2978a45 req-bb2cde4e-9428-487b-8fcd-a205e2978a45 ] Request (ServerDiagnosticsTest:setUpClass): 201 POST http://10.180.1.21/identity/v3/auth/tokens 0.104s
2025-06-07 08:01:29.077 63154 INFO tempest.lib.common.rest_client [req-cc6f7ebd-8bf7-4a51-b5a3-987047601120 req-cc6f7ebd-8bf7-4a51-b5a3-987047601120 ] Request (TenantUsagesNegativeTestJSON:tearDownClass): 204 DELETE http://10.180.1.21/identity/v3/users/9704278468be40ab97a2d4d5d2cfee4b 0.217s
2025-06-07 08:01:29.078 63154 INFO tempest.lib.common.dynamic_creds [-] Deleting project and security group for project: 5749434d81134536bcd7ee09c5caf0b8
2025-06-07 08:01:29.163 63134 INFO tempest.lib.common.rest_client [req-c6e15492-6f9e-44ba-b48e-6d3852add5e8 req-c6e15492-6f9e-44ba-b48e-6d3852add5e8 ] Request (ServerDiagnosticsNegativeTest:setUpClass): 204 PUT http://10.180.1.21/identity/v3/projects/cf1206472d7348938ff7fd4ac59296c0/users/b3ee8ef20e0e43d18f3c097db0244117/roles/394b22ccebc64f5cadde6f7af9a3218e 0.211s
2025-06-07 08:01:29.163 63134 INFO tempest.lib.common.dynamic_creds [-] Dynamic test user b3ee8ef20e0e43d18f3c097db0244117 is created with scope project and roles: ['member']
2025-06-07 08:01:29.164 63134 INFO tempest.lib.common.dynamic_creds [-] Acquired dynamic creds: credentials: Credentials: {'domain_id': 'default', 'domain_name': 'Default', 'username': 'tempest-ServerDiagnosticsNegativeTest-213310705-project-member', 'project_domain_id': 'default', 'project_domain_name': 'Default', 'project_id': 'cf1206472d7348938ff7fd4ac59296c0', 'project_name': 'tempest-ServerDiagnosticsNegativeTest-213310705', 'tenant_id': 'cf1206472d7348938ff7fd4ac59296c0', 'tenant_name': 'tempest-ServerDiagnosticsNegativeTest-213310705', 'user_domain_id': 'default', 'user_domain_name': 'Default', 'user_id': 'b3ee8ef20e0e43d18f3c097db0244117', 'system': None}, Network: None, Subnet: None, Router: None
2025-06-07 08:01:29.164 63134 INFO tempest.lib.common.dynamic_creds [-] Created isolated network resources for: credentials: Credentials: {'domain_id': 'default', 'domain_name': 'Default', 'username': 'tempest-ServerDiagnosticsNegativeTest-213310705-project-member', 'project_domain_id': 'default', 'project_domain_name': 'Default', 'project_id': 'cf1206472d7348938ff7fd4ac59296c0', 'project_name': 'tempest-ServerDiagnosticsNegativeTest-213310705', 'tenant_id': 'cf1206472d7348938ff7fd4ac59296c0', 'tenant_name': 'tempest-ServerDiagnosticsNegativeTest-213310705', 'user_domain_id': 'default', 'user_domain_name': 'Default', 'user_id': 'b3ee8ef20e0e43d18f3c097db0244117', 'system': None}, Network: None, Subnet: None, Router: None
2025-06-07 08:01:29.189 63116 INFO tempest.lib.common.rest_client [req-056ec5e9-d9a5-4ae3-b967-b207f496cf61 req-056ec5e9-d9a5-4ae3-b967-b207f496cf61 ] Request (ServersWithSpecificFlavorTestJSON:setUpClass): 201 POST http://10.180.1.21:9696/networking/v2.0/routers 4.202s
2025-06-07 08:01:29.198 63128 INFO tempest.lib.common.rest_client [req-e7081768-b6d4-4040-9160-3f17934cc7df req-e7081768-b6d4-4040-9160-3f17934cc7df ] Request (ServerDiagnosticsTest:setUpClass): 201 POST http://10.180.1.21/identity/v3/auth/tokens 0.240s
2025-06-07 08:01:29.249 63154 INFO tempest.lib.common.rest_client [req-0a05a56d-0c7c-4306-ba6e-db7f7c494199 req-0a05a56d-0c7c-4306-ba6e-db7f7c494199 ] Request (TenantUsagesNegativeTestJSON:tearDownClass): 201 POST http://10.180.1.21/identity/v3/auth/tokens 0.171s
2025-06-07 08:01:29.287 63128 INFO tempest.lib.common.rest_client [req-06dafbc3-e406-4882-addd-be952efce778 req-06dafbc3-e406-4882-addd-be952efce778 ] Request (ServerDiagnosticsTest:setUpClass): 200 GET http://10.180.1.21/identity/v3/domains?name=Default 0.088s
2025-06-07 08:01:29.289 63120 INFO tempest.lib.common.rest_client [req-78248832-78c0-4940-91b7-beb1458cdb8f req-78248832-78c0-4940-91b7-beb1458cdb8f ] Request (ServersTestMultiNic:test_verify_duplicate_network_nics): 202 POST http://10.180.1.21/compute/v2.1/servers 5.155s
2025-06-07 08:01:29.305 63134 INFO tempest.lib.common.rest_client [req-09c68f0a-69c3-441b-9099-ee105b47ed59 req-09c68f0a-69c3-441b-9099-ee105b47ed59 ] Request (ServerDiagnosticsNegativeTest:setUpClass): 201 POST http://10.180.1.21/identity/v3/auth/tokens 0.136s
2025-06-07 08:01:29.323 63098 INFO tempest.lib.common.rest_client [req-95b05848-fc2d-43f8-956b-44d8ddb9e4a8 req-95b05848-fc2d-43f8-956b-44d8ddb9e4a8 ] Request (HypervisorAdminUnderV252Test:test_search_hypervisor): 200 GET http://10.180.1.21/compute/v2.1/os-hypervisors/domain-c8.fc996f14-c53b-4953-92e3-bdfa48f5cc28/search 4.191s
2025-06-07 08:01:29.346 63114 INFO tempest.lib.common.rest_client [req-58eefe68-80f6-481a-a66a-161c5836e5d5 req-58eefe68-80f6-481a-a66a-161c5836e5d5 ] Request (ImagesDeleteNegativeTestJSON:test_delete_non_existent_image): 404 DELETE http://10.180.1.21/compute/v2.1/images/3ffaae9c-9dc5-4ec9-9314-2f3b4aa0d427 4.187s
2025-06-07 08:01:29.353 63122 INFO tempest.lib.common.rest_client [req-d51f98e4-3a5d-4b0b-b35e-5a717ae6d314 req-d51f98e4-3a5d-4b0b-b35e-5a717ae6d314 ] Request (FlavorsExtraSpecsNegativeTestJSON:test_flavor_non_admin_update_specific_key): 403 PUT http://10.180.1.21/compute/v2.1/flavors/1416352474/os-extra_specs/hw:numa_nodes 4.169s
2025-06-07 08:01:29.390 63104 INFO tempest.lib.common.rest_client [req-e9efd11d-adda-4acc-b428-8e69b836d185 req-e9efd11d-adda-4acc-b428-8e69b836d185 ] Request (FlavorMetadataValidation:_run_cleanups): 200 GET http://10.180.1.21/compute/v2.1/flavors/detail 4.163s
2025-06-07 08:01:29.422 63096 INFO tempest.lib.common.rest_client [req-213a7614-e265-4542-ae52-58d861dc163a req-213a7614-e265-4542-ae52-58d861dc163a ] Request (FlavorsAdminTestJSON:test_create_flavor_verify_entry_in_list_details): 200 GET http://10.180.1.21/compute/v2.1/flavors/detail 4.174s
2025-06-07 08:01:29.435 63128 INFO tempest.lib.common.rest_client [req-6e8002fe-cce8-4382-9347-a03e0166d44d req-6e8002fe-cce8-4382-9347-a03e0166d44d ] Request (ServerDiagnosticsTest:setUpClass): 201 POST http://10.180.1.21/identity/v3/projects 0.148s
2025-06-07 08:01:29.450 63134 INFO tempest.lib.common.rest_client [req-763afaa5-3c20-4ce0-9231-044d12ec9b09 req-763afaa5-3c20-4ce0-9231-044d12ec9b09 ] Request (ServerDiagnosticsNegativeTest:setUpClass): 201 POST http://10.180.1.21/identity/v3/projects 0.144s
2025-06-07 08:01:29.498 63130 INFO tempest.lib.common.rest_client [req-978d7958-289f-4f4b-9c3d-f50a204e01ba req-978d7958-289f-4f4b-9c3d-f50a204e01ba ] Request (VolumesAssistedSnapshotsTest:setUpClass): 201 POST http://10.180.1.21:9696/networking/v2.0/routers 3.163s
2025-06-07 08:01:29.595 63114 INFO tempest.lib.common.rest_client [req-60c7c624-8505-406f-aa50-a066ebbb39a8 req-60c7c624-8505-406f-aa50-a066ebbb39a8 ] Request (ImagesDeleteNegativeTestJSON:tearDownClass): 204 DELETE http://10.180.1.21/identity/v3/users/4023149cb78647ebb96ab8d0f235e9bf 0.247s
2025-06-07 08:01:29.595 63114 INFO tempest.lib.common.dynamic_creds [-] Deleting project and security group for project: 5cd5f195397843a79edefa1ea16e702c
2025-06-07 08:01:29.623 63098 INFO tempest.lib.common.rest_client [req-7c5aa9ab-50a5-4154-abd9-d4152dbe99b1 req-7c5aa9ab-50a5-4154-abd9-d4152dbe99b1 ] Request (HypervisorAdminUnderV252Test:tearDownClass): 204 DELETE http://10.180.1.21/identity/v3/users/03336f3c1313410cb59aa7512db8d55b 0.296s
2025-06-07 08:01:29.809 63156 INFO tempest.lib.common.rest_client [req-a11b205b-5198-43c8-befc-ec904efe1330 req-a11b205b-5198-43c8-befc-ec904efe1330 ] Request (AggregatesAdminNegativeTestJSON:test_aggregate_add_existent_host): 200 POST http://10.180.1.21/compute/v2.1/os-aggregates/1/action 4.708s
