2025-06-07 08:02:00.628 63122 INFO tempest.lib.common.rest_client [req-1c6fda15-ad3a-474c-ab22-2208a2e5e998 req-1c6fda15-ad3a-474c-ab22-2208a2e5e998 ] Request (HypervisorAdminV253TestBase:tearDownClass): 200 GET http://10.180.1.21:9696/networking/v2.0/security-groups?tenant_id=8cf00aa33ec8452182c3dc8afff1a0cc&name=default 0.114s
2025-06-07 08:02:00.685 63116 INFO tempest.lib.common.rest_client [req-eeff1744-6af8-42fe-9064-381083eef564 req-eeff1744-6af8-42fe-9064-381083eef564 ] Request (ServersWithSpecificFlavorTestJSON:test_verify_created_server_ephemeral_disk): 201 POST http://10.180.1.21/identity/v3/auth/tokens 0.163s
2025-06-07 08:02:00.685 63116 INFO tempest.lib.common.fixed_network [-] (ServersWithSpecificFlavorTestJSON:test_verify_created_server_ephemeral_disk) Found network {'id': '6a3d6723-4f49-4c4a-bf43-368b85b204d8', 'name': 'tempest-ServersWithSpecificFlavorTestJSON-1572341572-network', 'tenant_id': '686911f19de14b7a8e2d14c90d814d7e', 'admin_state_up': True, 'mtu': 8950, 'status': 'ACTIVE', 'subnets': [], 'shared': False, 'project_id': '686911f19de14b7a8e2d14c90d814d7e', 'port_security_enabled': True, 'router:external': False, 'provider:network_type': 'vlan', 'provider:physical_network': 'default', 'provider:segmentation_id': 368, 'is_default': False, 'availability_zone_hints': [], 'availability_zones': [], 'ipv4_address_scope': None, 'ipv6_address_scope': None, 'description': '', 'tags': [], 'created_at': '2025-06-07T08:01:15Z', 'updated_at': '2025-06-07T08:01:15Z', 'revision_number': 1} available for tenant
2025-06-07 08:02:00.714 63112 INFO tempest.lib.common.rest_client [req-f0b41009-030c-4651-836f-cc2f2d436f66 req-f0b41009-030c-4651-836f-cc2f2d436f66 ] Request (InstanceActionsTestJSON:setUpClass): 201 POST http://10.180.1.21/identity/v3/auth/tokens 0.131s
2025-06-07 08:02:00.738 63112 INFO tempest.lib.common.rest_client [req-3816768d-4c68-47d8-96fe-707b5f637326 req-3816768d-4c68-47d8-96fe-707b5f637326 ] Request (InstanceActionsTestJSON:setUpClass): 200 GET http://10.180.1.21/identity/v3/domains?name=Default 0.024s
2025-06-07 08:02:00.744 63122 INFO tempest.lib.common.rest_client [req-ff75ec6e-ba79-42ef-86ef-057a8ddbaa36 req-ff75ec6e-ba79-42ef-86ef-057a8ddbaa36 ] Request (HypervisorAdminV253TestBase:tearDownClass): 204 DELETE http://10.180.1.21:9696/networking/v2.0/security-groups/d91c12c6-61d1-42d6-bb63-02c76b68d61d 0.116s
2025-06-07 08:02:00.778 63112 INFO tempest.lib.common.rest_client [req-40bc2515-c85e-4896-ada5-4d8e2907f6dd req-40bc2515-c85e-4896-ada5-4d8e2907f6dd ] Request (InstanceActionsTestJSON:setUpClass): 201 POST http://10.180.1.21/identity/v3/projects 0.039s
2025-06-07 08:02:00.786 63110 INFO tempest.lib.common.rest_client [req-c90ada22-5dd1-4b46-bc48-078d9c35154f req-c90ada22-5dd1-4b46-bc48-078d9c35154f ] Request (QuotasAdminTestJSON:test_get_updated_quotas): 200 PUT http://10.180.1.21/compute/v2.1/os-quota-sets/e86619fb15de4e87ba5964921f12e6b7?user_id=070da287af6a4c5bb1a7b51bb389d836 2.117s
2025-06-07 08:02:00.816 63122 INFO tempest.lib.common.rest_client [req-6985d2c9-be43-488f-962d-8135adc4443f req-6985d2c9-be43-488f-962d-8135adc4443f ] Request (HypervisorAdminV253TestBase:tearDownClass): 204 DELETE http://10.180.1.21/identity/v3/projects/8cf00aa33ec8452182c3dc8afff1a0cc 0.072s
2025-06-07 08:02:00.872 63112 INFO tempest.lib.common.rest_client [req-5fdc903f-cb0d-4ad5-88e5-423ecc5501dd req-5fdc903f-cb0d-4ad5-88e5-423ecc5501dd ] Request (InstanceActionsTestJSON:setUpClass): 201 POST http://10.180.1.21/identity/v3/users 0.093s
2025-06-07 08:02:00.897 63122 INFO tempest.lib.common.rest_client [req-7a455864-43a8-4739-9be4-b10a6f6830d1 req-7a455864-43a8-4739-9be4-b10a6f6830d1 ] Request (InstanceActionsNegativeTestJSON:setUpClass): 201 POST http://10.180.1.21/identity/v3/auth/tokens 0.079s
2025-06-07 08:02:00.921 63112 INFO tempest.lib.common.rest_client [req-bd6f45d0-c4eb-4ae6-8fb7-b5847235df33 req-bd6f45d0-c4eb-4ae6-8fb7-b5847235df33 ] Request (InstanceActionsTestJSON:setUpClass): 200 GET http://10.180.1.21/identity/v3/roles 0.048s
2025-06-07 08:02:00.932 63122 INFO tempest.lib.common.rest_client [req-85b9bc40-7a89-4af0-b4f6-fee359958f64 req-85b9bc40-7a89-4af0-b4f6-fee359958f64 ] Request (InstanceActionsNegativeTestJSON:setUpClass): 201 POST http://10.180.1.21/identity/v3/auth/tokens 0.032s
2025-06-07 08:02:00.952 63122 INFO tempest.lib.common.rest_client [req-70642e28-f439-4cb1-b3cb-1729d1b0de46 req-70642e28-f439-4cb1-b3cb-1729d1b0de46 ] Request (InstanceActionsNegativeTestJSON:setUpClass): 200 GET http://10.180.1.21/identity/v3/domains?name=Default 0.020s
2025-06-07 08:02:00.953 63112 INFO tempest.lib.common.rest_client [req-c3a8bc89-5342-4448-a5a7-3a2f10e92600 req-c3a8bc89-5342-4448-a5a7-3a2f10e92600 ] Request (InstanceActionsTestJSON:setUpClass): 204 PUT http://10.180.1.21/identity/v3/projects/cf74d469eee54e9ea3521ec1445e0cb3/users/1065c334558649c190b0fc46c73f726e/roles/394b22ccebc64f5cadde6f7af9a3218e 0.031s
2025-06-07 08:02:00.953 63112 INFO tempest.lib.common.dynamic_creds [-] Dynamic test user 1065c334558649c190b0fc46c73f726e is created with scope project and roles: ['member']
2025-06-07 08:02:00.953 63112 INFO tempest.lib.common.dynamic_creds [-] Acquired dynamic creds: credentials: Credentials: {'domain_id': 'default', 'domain_name': 'Default', 'username': 'tempest-InstanceActionsTestJSON-1307636854-project-member', 'project_domain_id': 'default', 'project_domain_name': 'Default', 'project_id': 'cf74d469eee54e9ea3521ec1445e0cb3', 'project_name': 'tempest-InstanceActionsTestJSON-1307636854', 'tenant_id': 'cf74d469eee54e9ea3521ec1445e0cb3', 'tenant_name': 'tempest-InstanceActionsTestJSON-1307636854', 'user_domain_id': 'default', 'user_domain_name': 'Default', 'user_id': '1065c334558649c190b0fc46c73f726e', 'system': None}, Network: None, Subnet: None, Router: None
2025-06-07 08:02:01.012 63112 INFO tempest.lib.common.rest_client [req-753b4ec0-ebc5-4529-8095-6607d9a9a9d3 req-753b4ec0-ebc5-4529-8095-6607d9a9a9d3 ] Request (InstanceActionsTestJSON:setUpClass): 201 POST http://10.180.1.21/identity/v3/auth/tokens 0.059s
2025-06-07 08:02:01.022 63122 INFO tempest.lib.common.rest_client [req-d4407095-9a8e-4151-bd8c-0844566de3e4 req-d4407095-9a8e-4151-bd8c-0844566de3e4 ] Request (InstanceActionsNegativeTestJSON:setUpClass): 201 POST http://10.180.1.21/identity/v3/projects 0.068s
2025-06-07 08:02:01.071 63098 INFO tempest.lib.common.rest_client [req-e0b7fee5-e994-4ac2-8a24-e917f7d5d3f1 req-e0b7fee5-e994-4ac2-8a24-e917f7d5d3f1 ] Request (HypervisorAdminNegativeTestJSON:tearDownClass): 200 GET http://10.180.1.21:9696/networking/v2.0/security-groups?tenant_id=9a22e39620d346e68fcdbfba8846347b&name=default 0.646s
2025-06-07 08:02:01.093 63120 INFO tempest.lib.common.rest_client [req-f1d17b0c-5b2b-4ae1-bbaf-34ec6cdb67fd req-f1d17b0c-5b2b-4ae1-bbaf-34ec6cdb67fd ] Request (ServersTestMultiNic:test_verify_duplicate_network_nics): 200 GET http://10.180.1.21/compute/v2.1/servers/65d620ad-0863-4947-945e-0e4b3c01d3a3 2.393s
2025-06-07 08:02:01.100 63122 INFO tempest.lib.common.rest_client [req-c240e7e2-86c5-4231-81f0-2bb57a10cbc2 req-c240e7e2-86c5-4231-81f0-2bb57a10cbc2 ] Request (InstanceActionsNegativeTestJSON:setUpClass): 201 POST http://10.180.1.21/identity/v3/users 0.077s
2025-06-07 08:02:01.128 63122 INFO tempest.lib.common.rest_client [req-4b3834b0-0eab-4aca-b51f-da9cb68a0b48 req-4b3834b0-0eab-4aca-b51f-da9cb68a0b48 ] Request (InstanceActionsNegativeTestJSON:setUpClass): 200 GET http://10.180.1.21/identity/v3/roles 0.028s
2025-06-07 08:02:01.163 63122 INFO tempest.lib.common.rest_client [req-b6ca0c5a-25e0-4af1-944a-e615d6f29d4b req-b6ca0c5a-25e0-4af1-944a-e615d6f29d4b ] Request (InstanceActionsNegativeTestJSON:setUpClass): 204 PUT http://10.180.1.21/identity/v3/projects/2a4897c233f1474b9606d3ca8d9aa1b4/users/206c19d661c64c07a21d67761279ad2f/roles/394b22ccebc64f5cadde6f7af9a3218e 0.034s
2025-06-07 08:02:01.163 63122 INFO tempest.lib.common.dynamic_creds [-] Dynamic test user 206c19d661c64c07a21d67761279ad2f is created with scope project and roles: ['member']
2025-06-07 08:02:01.163 63122 INFO tempest.lib.common.dynamic_creds [-] Acquired dynamic creds: credentials: Credentials: {'domain_id': 'default', 'domain_name': 'Default', 'username': 'tempest-InstanceActionsNegativeTestJSON-1061991352-project-member', 'project_domain_id': 'default', 'project_domain_name': 'Default', 'project_id': '2a4897c233f1474b9606d3ca8d9aa1b4', 'project_name': 'tempest-InstanceActionsNegativeTestJSON-1061991352', 'tenant_id': '2a4897c233f1474b9606d3ca8d9aa1b4', 'tenant_name': 'tempest-InstanceActionsNegativeTestJSON-1061991352', 'user_domain_id': 'default', 'user_domain_name': 'Default', 'user_id': '206c19d661c64c07a21d67761279ad2f', 'system': None}, Network: None, Subnet: None, Router: None
2025-06-07 08:02:01.184 63130 INFO tempest.lib.common.rest_client [req-bcac72ce-d899-468d-9d6a-aad24235ce8d req-bcac72ce-d899-468d-9d6a-aad24235ce8d ] Request (VolumesAssistedSnapshotsTest:test_volume_assisted_snapshot_create_delete): 200 GET http://10.180.1.21/compute/v2.1/servers/356088a2-b55e-4ff1-9422-a53ab6830fc9 2.353s
2025-06-07 08:02:01.193 63109 INFO tempest.lib.common.rest_client [req-d5c10858-7913-4e61-a1cf-83f6b4e83931 req-d5c10858-7913-4e61-a1cf-83f6b4e83931 ] Request (HostsAdminNegativeTestJSON:test_update_host_without_param): 400 PUT http://10.180.1.21/compute/v2.1/os-hosts/devstack 2.225s
2025-06-07 08:02:01.231 63122 INFO tempest.lib.common.rest_client [req-9a95211a-97d5-4681-abb1-ddee01845f2d req-9a95211a-97d5-4681-abb1-ddee01845f2d ] Request (InstanceActionsNegativeTestJSON:setUpClass): 201 POST http://10.180.1.21/identity/v3/auth/tokens 0.067s
2025-06-07 08:02:01.258 63098 INFO tempest.lib.common.rest_client [req-a1962b29-0682-437a-9fc8-012d04559961 req-a1962b29-0682-437a-9fc8-012d04559961 ] Request (HypervisorAdminNegativeTestJSON:tearDownClass): 204 DELETE http://10.180.1.21:9696/networking/v2.0/security-groups/f66c4c6a-75ff-4509-a64b-99067bdca947 0.187s
2025-06-07 08:02:01.325 63098 INFO tempest.lib.common.rest_client [req-0c083ccb-0924-4e62-8fe3-c7f5cc6d3308 req-0c083ccb-0924-4e62-8fe3-c7f5cc6d3308 ] Request (HypervisorAdminNegativeTestJSON:tearDownClass): 204 DELETE http://10.180.1.21/identity/v3/projects/9a22e39620d346e68fcdbfba8846347b 0.066s
2025-06-07 08:02:01.325 63098 INFO tempest.lib.common.dynamic_creds [-] Deleting project and security group for project: 94c7a75b2b784a95a5dcf80df3509493
2025-06-07 08:02:01.448 63114 INFO tempest.lib.common.rest_client [req-583ce2a8-fdea-4cb6-842f-7241447bc9b0 req-583ce2a8-fdea-4cb6-842f-7241447bc9b0 ] Request (MultipleCreateTestJSON:test_multiple_create): 200 GET http://10.180.1.21/compute/v2.1/servers/9a448d2b-0dee-4a90-b131-e6ada542f342 2.393s
2025-06-07 08:02:01.459 63112 INFO tempest.lib.common.rest_client [req-4386d164-7ef0-4e9b-a4a2-8366202bcd0f req-4386d164-7ef0-4e9b-a4a2-8366202bcd0f ] Request (InstanceActionsTestJSON:setUpClass): 201 POST http://10.180.1.21:9696/networking/v2.0/networks 0.446s
2025-06-07 08:02:01.464 63140 INFO tempest.lib.common.rest_client [req-b71de503-8c74-4fab-8038-bdcb0be7868c req-b71de503-8c74-4fab-8038-bdcb0be7868c ] Request (ImagesNegativeTestJSON:test_create_image_from_deleted_server): 202 POST http://10.180.1.21/compute/v2.1/servers 2.744s
2025-06-07 08:02:01.543 63102 INFO tempest.lib.common.rest_client [req-52996529-67bc-4328-9918-c8d9587188ee req-52996529-67bc-4328-9918-c8d9587188ee ] Request (ServersTestJSON:setUpClass): 200 GET http://10.180.1.21/compute/v2.1/servers/489b821e-f7d0-446f-8197-550c808e5a99 2.306s
2025-06-07 08:02:01.576 63098 INFO tempest.lib.common.rest_client [req-3fc86662-1e50-45a6-9e84-48aa518085d6 req-3fc86662-1e50-45a6-9e84-48aa518085d6 ] Request (HypervisorAdminNegativeTestJSON:tearDownClass): 200 GET http://10.180.1.21:9696/networking/v2.0/security-groups?tenant_id=94c7a75b2b784a95a5dcf80df3509493&name=default 0.250s
2025-06-07 08:02:01.578 63132 INFO tempest.lib.common.rest_client [req-f956ad0d-df94-4721-987b-1b60554bc5ce req-f956ad0d-df94-4721-987b-1b60554bc5ce ] Request (ServerGroupTestJSON:setUpClass): 201 POST http://10.180.1.21:9696/networking/v2.0/routers 1.892s
2025-06-07 08:02:01.630 63126 INFO tempest.lib.common.rest_client [req-a8583976-9d68-4def-9073-7ed4515673f9 req-a8583976-9d68-4def-9073-7ed4515673f9 ] Request (FlavorsV255TestJSON:test_crud_flavor): 200 POST http://10.180.1.21/compute/v2.1/flavors 2.400s
2025-06-07 08:02:01.726 63122 INFO tempest.lib.common.rest_client [req-43352722-886c-4115-988f-f8eea67ca474 req-43352722-886c-4115-988f-f8eea67ca474 ] Request (InstanceActionsNegativeTestJSON:setUpClass): 201 POST http://10.180.1.21:9696/networking/v2.0/networks 0.495s
2025-06-07 08:02:01.795 63104 INFO tempest.lib.common.rest_client [req-31e9a79f-b36c-4018-834f-b32d4a7014e9 req-31e9a79f-b36c-4018-834f-b32d4a7014e9 ] Request (VolumesTestJSON:setUpClass): 200 GET http://10.180.1.21/compute/v2.1/os-volumes/a66d99b9-6a33-49dc-977b-ed61406c548d 2.542s
2025-06-07 08:02:01.796 63151 INFO tempest.lib.common.rest_client [req-50c99066-76dc-44f4-a890-abb7696e9074 req-50c99066-76dc-44f4-a890-abb7696e9074 ] Request (ServerExternalEventsTest:test_create_server_external_events): 200 GET http://10.180.1.21/compute/v2.1/servers/c56debdf-ab77-4151-bc20-6973ae594d87 2.552s
2025-06-07 08:02:01.812 63152 INFO tempest.lib.common.rest_client [req-e91c886d-5c4b-482c-94f1-5c50b3d637c7 req-e91c886d-5c4b-482c-94f1-5c50b3d637c7 ] Request (QuotasAdminNegativeTest:test_update_quota_normal_user): 403 PUT http://10.180.1.21/compute/v2.1/os-quota-sets/26967c00d77c4e60a0215cd335fa0956 2.159s
2025-06-07 08:02:01.820 63146 INFO tempest.lib.common.rest_client [req-6d1cc4fd-6ccd-414f-a889-24996b7862f1 req-6d1cc4fd-6ccd-414f-a889-24996b7862f1 ] Request (FlavorsExtraSpecsTestJSON:tearDownClass): 200 GET http://10.180.1.21/compute/v2.1/flavors/detail 2.358s
2025-06-07 08:02:01.882 63145 INFO tempest.lib.common.rest_client [req-c82d5213-3ac5-4802-9b34-8541636d421d req-c82d5213-3ac5-4802-9b34-8541636d421d ] Request (KeyPairsV2TestJSON:test_keypairs_create_list_delete): 200 POST http://10.180.1.21/compute/v2.1/os-keypairs 2.195s
2025-06-07 08:02:01.887 63112 INFO tempest.lib.common.rest_client [req-5353b9fb-bbdf-4851-a84c-46577484f7ea req-5353b9fb-bbdf-4851-a84c-46577484f7ea ] Request (InstanceActionsTestJSON:setUpClass): 201 POST http://10.180.1.21:9696/networking/v2.0/subnets 0.427s
2025-06-07 08:02:01.893 63098 INFO tempest.lib.common.rest_client [req-d65d6b1c-de0d-4d30-8e46-0388893122f3 req-d65d6b1c-de0d-4d30-8e46-0388893122f3 ] Request (HypervisorAdminNegativeTestJSON:tearDownClass): 204 DELETE http://10.180.1.21:9696/networking/v2.0/security-groups/65a3520b-2530-4676-8f88-ef03e3e858df 0.317s
2025-06-07 08:02:01.904 63096 INFO tempest.lib.common.rest_client [req-010ab4c6-8f01-4d58-88e9-a6182aa4a368 req-010ab4c6-8f01-4d58-88e9-a6182aa4a368 ] Request (FlavorsAdminTestJSON:_run_cleanups): 200 GET http://10.180.1.21/compute/v2.1/flavors/detail 2.201s
2025-06-07 08:02:01.908 63156 INFO tempest.lib.common.rest_client [req-ab09f4ed-bc08-4967-8983-63891600ae99 req-ab09f4ed-bc08-4967-8983-63891600ae99 ] Request (AggregatesAdminNegativeTestJSON:test_aggregate_create_aggregate_name_length_less_than_1): 400 POST http://10.180.1.21/compute/v2.1/os-aggregates 2.199s
2025-06-07 08:02:01.950 63100 INFO tempest.lib.common.rest_client [req-e39bb1d6-cb54-4733-a8c3-6b870ae41006 req-e39bb1d6-cb54-4733-a8c3-6b870ae41006 ] Request (ImagesMetadataTestJSON:test_get_image_metadata_item): 200 GET http://10.180.1.21/compute/v2.1/images/944881bc-6c98-4049-80c5-63f71b2bcc85/metadata/os_distro 2.230s
2025-06-07 08:02:01.986 63104 INFO tempest.lib.common.rest_client [req-b94e1be4-788f-46df-bbb0-64c60701734f req-b94e1be4-788f-46df-bbb0-64c60701734f ] Request (VolumesTestJSON:setUpClass): 202 POST http://10.180.1.21/volume/v3/5af06ac5c63e4fe0b9c8257c8cf43551/volumes 0.187s
2025-06-07 08:02:01.989 63148 INFO tempest.lib.common.rest_client [req-0e14ca80-9520-4d9b-8f32-4fa42cd64911 req-0e14ca80-9520-4d9b-8f32-4fa42cd64911 ] Request (DeleteServersAdminTestJSON:test_admin_delete_servers_of_others): 200 GET http://10.180.1.21/compute/v2.1/servers/6ff9b201-b6a2-45a9-bb6b-0acb8c82405f 2.306s
2025-06-07 08:02:01.999 63146 INFO tempest.lib.common.rest_client [req-480aa8da-aa62-4fd9-a395-152f2bd6ac1a req-480aa8da-aa62-4fd9-a395-152f2bd6ac1a ] Request (FlavorsExtraSpecsTestJSON:tearDownClass): 204 DELETE http://10.180.1.21/identity/v3/users/e7345324f94a4f4e89a1e0362d1c120a 0.169s
2025-06-07 08:02:02.032 63152 INFO tempest.lib.common.rest_client [req-b13a248f-a24c-43f5-a9c1-611e67beb841 req-b13a248f-a24c-43f5-a9c1-611e67beb841 ] Request (QuotasAdminNegativeTest:tearDownClass): 204 DELETE http://10.180.1.21/identity/v3/users/3a187721cd6c419796b83dc36ef8f496 0.218s
2025-06-07 08:02:02.039 63104 INFO tempest.lib.common.rest_client [req-cf3ce022-f078-44a1-a956-c24587d4ff52 req-cf3ce022-f078-44a1-a956-c24587d4ff52 ] Request (VolumesTestJSON:setUpClass): 200 GET http://10.180.1.21/volume/v3/5af06ac5c63e4fe0b9c8257c8cf43551/volumes/716836a0-702f-4544-9139-32672d75ffe6 0.047s
2025-06-07 08:02:02.188 63146 INFO tempest.lib.common.rest_client [req-7f30fd40-062d-43e3-8a45-195a94673e9e req-7f30fd40-062d-43e3-8a45-195a94673e9e ] Request (FlavorsExtraSpecsTestJSON:tearDownClass): 204 DELETE http://10.180.1.21/identity/v3/users/6fd486af4b584dbba71f94ccfd171fd0 0.189s
2025-06-07 08:02:02.188 63146 INFO tempest.lib.common.dynamic_creds [-] Deleting project and security group for project: 723ecdd6ff5a4ff2ae3e72120c02d7b1
2025-06-07 08:02:02.191 63098 INFO tempest.lib.common.rest_client [req-306dd910-c11d-414a-ac16-f265bb3984d6 req-306dd910-c11d-414a-ac16-f265bb3984d6 ] Request (HypervisorAdminNegativeTestJSON:tearDownClass): 204 DELETE http://10.180.1.21/identity/v3/projects/94c7a75b2b784a95a5dcf80df3509493 0.297s
2025-06-07 08:02:02.192 63098 INFO tempest.test [-] raised in LiveAutoBlockMigrationV225Test.setUpClass. Invoking tearDownClass.
2025-06-07 08:02:02.194 63098 INFO tempest.test [-] raised in TestMultiAttachVolumeSwap.setUpClass. Invoking tearDownClass.
2025-06-07 08:02:02.217 63128 INFO tempest.lib.common.rest_client [req-9b504b98-3a22-4575-8cc4-04c532805d65 req-9b504b98-3a22-4575-8cc4-04c532805d65 ] Request (ServerDiagnosticsTest:test_get_server_diagnostics): 200 GET http://10.180.1.21/compute/v2.1/servers/012bbc43-f61f-4aef-bd66-32fbe66f8374 2.248s
2025-06-07 08:02:02.258 63154 INFO tempest.lib.common.rest_client [req-afffb2c9-d94f-4f7b-9583-959710d90418 req-afffb2c9-d94f-4f7b-9583-959710d90418 ] Request (ServerMetadataNegativeTestJSON:setUpClass): 200 GET http://10.180.1.21/compute/v2.1/servers/4357ed8f-14f7-4d44-8d1b-262ccaafe1e0 2.203s
2025-06-07 08:02:02.259 63146 INFO tempest.lib.common.rest_client [req-981c2d64-4f99-4ff9-9f45-4f3ea8a95658 req-981c2d64-4f99-4ff9-9f45-4f3ea8a95658 ] Request (FlavorsExtraSpecsTestJSON:tearDownClass): 201 POST http://10.180.1.21/identity/v3/auth/tokens 0.070s
2025-06-07 08:02:02.272 63122 INFO tempest.lib.common.rest_client [req-1be09c92-9042-43d4-b353-9e893dfba708 req-1be09c92-9042-43d4-b353-9e893dfba708 ] Request (InstanceActionsNegativeTestJSON:setUpClass): 201 POST http://10.180.1.21:9696/networking/v2.0/subnets 0.544s
2025-06-07 08:02:02.301 63152 INFO tempest.lib.common.rest_client [req-edb85f86-1250-4ab1-b94d-946dcb5a7c73 req-edb85f86-1250-4ab1-b94d-946dcb5a7c73 ] Request (QuotasAdminNegativeTest:tearDownClass): 204 DELETE http://10.180.1.21/identity/v3/users/adc0263e85684129b0f2a92d0a41472d 0.268s
2025-06-07 08:02:02.301 63152 INFO tempest.lib.common.dynamic_creds [-] Deleting project and security group for project: 26967c00d77c4e60a0215cd335fa0956
2025-06-07 08:02:02.321 63098 INFO tempest.lib.common.rest_client [req-f0cd012d-251c-46b7-b64b-8cf9a41611a8 req-f0cd012d-251c-46b7-b64b-8cf9a41611a8 ] Request (KeyPairsV22TestJSON:setUpClass): 201 POST http://10.180.1.21/identity/v3/auth/tokens 0.125s
2025-06-07 08:02:02.348 63136 INFO tempest.lib.common.rest_client [req-47083ae3-5eea-4570-9855-de8be5f550f8 req-47083ae3-5eea-4570-9855-de8be5f550f8 ] Request (ImagesOneServerNegativeTestJSON:setUpClass): 200 GET http://10.180.1.21/compute/v2.1/servers/76b0e03d-9636-4328-bfd5-17c434cfae72 2.080s
2025-06-07 08:02:02.391 63152 INFO tempest.lib.common.rest_client [req-dd8a8389-6c4e-4d9f-ad66-dc2ca9952454 req-dd8a8389-6c4e-4d9f-ad66-dc2ca9952454 ] Request (QuotasAdminNegativeTest:tearDownClass): 201 POST http://10.180.1.21/identity/v3/auth/tokens 0.089s
2025-06-07 08:02:02.413 63098 INFO tempest.lib.common.rest_client [req-f5825029-4a4c-40a7-a037-56618a102835 req-f5825029-4a4c-40a7-a037-56618a102835 ] Request (KeyPairsV22TestJSON:setUpClass): 201 POST http://10.180.1.21/identity/v3/auth/tokens 0.087s
2025-06-07 08:02:02.436 63098 INFO tempest.lib.common.rest_client [req-6e18dcfa-dca1-4c35-a90b-f3231556be86 req-6e18dcfa-dca1-4c35-a90b-f3231556be86 ] Request (KeyPairsV22TestJSON:setUpClass): 200 GET http://10.180.1.21/identity/v3/domains?name=Default 0.022s
2025-06-07 08:02:02.462 63098 INFO tempest.lib.common.rest_client [req-e451bfef-5178-45d8-96bc-377af18b2d8f req-e451bfef-5178-45d8-96bc-377af18b2d8f ] Request (KeyPairsV22TestJSON:setUpClass): 201 POST http://10.180.1.21/identity/v3/projects 0.026s
2025-06-07 08:02:02.468 63125 INFO tempest.lib.common.rest_client [req-8e30be7d-d407-4c7a-ae29-02ecdf787bd6 req-8e30be7d-d407-4c7a-ae29-02ecdf787bd6 ] Request (NetworksTest:test_get_network): 200 GET http://10.180.1.21/compute/v2.1/os-networks/b8aadd28-7063-49dd-8155-084a148e3ba8 2.036s
2025-06-07 08:02:02.487 63138 INFO tempest.lib.common.rest_client [req-7cfa235f-82b0-46d0-b947-069155920f31 req-7cfa235f-82b0-46d0-b947-069155920f31 ] Request (FlavorsV2TestJSON:test_list_flavors): 200 GET http://10.180.1.21/compute/v2.1/flavors/42 2.032s
2025-06-07 08:02:02.553 63098 INFO tempest.lib.common.rest_client [req-1b9fe2d8-2489-4478-b223-43362ed2eec6 req-1b9fe2d8-2489-4478-b223-43362ed2eec6 ] Request (KeyPairsV22TestJSON:setUpClass): 201 POST http://10.180.1.21/identity/v3/users 0.090s
2025-06-07 08:02:02.574 63098 INFO tempest.lib.common.rest_client [req-f7b0c465-9e35-4777-b3a8-23bc866898b3 req-f7b0c465-9e35-4777-b3a8-23bc866898b3 ] Request (KeyPairsV22TestJSON:setUpClass): 200 GET http://10.180.1.21/identity/v3/roles 0.020s
2025-06-07 08:02:02.605 63098 INFO tempest.lib.common.rest_client [req-674bd822-94c3-4268-9173-a0ef39674328 req-674bd822-94c3-4268-9173-a0ef39674328 ] Request (KeyPairsV22TestJSON:setUpClass): 204 PUT http://10.180.1.21/identity/v3/projects/d9eab597956d4b15ad212cbe5bbb47cc/users/2292fa7567b64a24868c62d0566f85f8/roles/394b22ccebc64f5cadde6f7af9a3218e 0.030s
2025-06-07 08:02:02.605 63098 INFO tempest.lib.common.dynamic_creds [-] Dynamic test user 2292fa7567b64a24868c62d0566f85f8 is created with scope project and roles: ['member']
2025-06-07 08:02:02.605 63098 INFO tempest.lib.common.dynamic_creds [-] Acquired dynamic creds: credentials: Credentials: {'domain_id': 'default', 'domain_name': 'Default', 'username': 'tempest-KeyPairsV22TestJSON-1990959314-project-member', 'project_domain_id': 'default', 'project_domain_name': 'Default', 'project_id': 'd9eab597956d4b15ad212cbe5bbb47cc', 'project_name': 'tempest-KeyPairsV22TestJSON-1990959314', 'tenant_id': 'd9eab597956d4b15ad212cbe5bbb47cc', 'tenant_name': 'tempest-KeyPairsV22TestJSON-1990959314', 'user_domain_id': 'default', 'user_domain_name': 'Default', 'user_id': '2292fa7567b64a24868c62d0566f85f8', 'system': None}, Network: None, Subnet: None, Router: None
2025-06-07 08:02:02.605 63098 INFO tempest.lib.common.dynamic_creds [-] Created isolated network resources for: credentials: Credentials: {'domain_id': 'default', 'domain_name': 'Default', 'username': 'tempest-KeyPairsV22TestJSON-1990959314-project-member', 'project_domain_id': 'default', 'project_domain_name': 'Default', 'project_id': 'd9eab597956d4b15ad212cbe5bbb47cc', 'project_name': 'tempest-KeyPairsV22TestJSON-1990959314', 'tenant_id': 'd9eab597956d4b15ad212cbe5bbb47cc', 'tenant_name': 'tempest-KeyPairsV22TestJSON-1990959314', 'user_domain_id': 'default', 'user_domain_name': 'Default', 'user_id': '2292fa7567b64a24868c62d0566f85f8', 'system': None}, Network: None, Subnet: None, Router: None
2025-06-07 08:02:02.692 63094 INFO tempest.lib.common.rest_client [req-c88e9301-1f7e-44fb-9bf9-11b7c1e6a4b6 req-c88e9301-1f7e-44fb-9bf9-11b7c1e6a4b6 ] Request (MigrationsAdminTest:test_list_migrations_in_flavor_resize_situation): 200 GET http://10.180.1.21/compute/v2.1/servers/022718e2-52ec-4130-81b0-fb39e57d6efe 2.508s
2025-06-07 08:02:02.695 63098 INFO tempest.lib.common.rest_client [req-ee8a378c-6f4a-4fe7-a512-5b9bef8d9114 req-ee8a378c-6f4a-4fe7-a512-5b9bef8d9114 ] Request (KeyPairsV22TestJSON:setUpClass): 201 POST http://10.180.1.21/identity/v3/auth/tokens 0.082s
2025-06-07 08:02:02.828 63110 INFO tempest.lib.common.rest_client [req-6b51b087-83ca-4167-81a2-873066c0026d req-6b51b087-83ca-4167-81a2-873066c0026d ] Request (QuotasAdminTestJSON:test_get_updated_quotas): 200 GET http://10.180.1.21/compute/v2.1/os-quota-sets/e86619fb15de4e87ba5964921f12e6b7?user_id=070da287af6a4c5bb1a7b51bb389d836 2.040s
2025-06-07 08:02:02.925 63110 INFO tempest.lib.common.rest_client [req-b295ed0e-a798-465e-a232-11a7510a8579 req-b295ed0e-a798-465e-a232-11a7510a8579 ] Request (QuotasAdminTestJSON:_run_cleanups): 204 DELETE http://10.180.1.21/identity/v3/users/070da287af6a4c5bb1a7b51bb389d836 0.095s
2025-06-07 08:02:02.998 63146 INFO tempest.lib.common.rest_client [req-294b3b82-44ab-4ee4-95bf-ed0c80b5ec6c req-294b3b82-44ab-4ee4-95bf-ed0c80b5ec6c ] Request (FlavorsExtraSpecsTestJSON:tearDownClass): 200 GET http://10.180.1.21:9696/networking/v2.0/security-groups?tenant_id=723ecdd6ff5a4ff2ae3e72120c02d7b1&name=default 0.738s
2025-06-07 08:02:03.072 63152 INFO tempest.lib.common.rest_client [req-78bb7ea6-5dc5-47dc-9a29-d210b671fd20 req-78bb7ea6-5dc5-47dc-9a29-d210b671fd20 ] Request (QuotasAdminNegativeTest:tearDownClass): 200 GET http://10.180.1.21:9696/networking/v2.0/security-groups?tenant_id=26967c00d77c4e60a0215cd335fa0956&name=default 0.681s
2025-06-07 08:02:03.088 63104 INFO tempest.lib.common.rest_client [req-6dbc8853-8869-4b99-886b-88706dd1f33d req-6dbc8853-8869-4b99-886b-88706dd1f33d ] Request (VolumesTestJSON:setUpClass): 200 GET http://10.180.1.21/volume/v3/5af06ac5c63e4fe0b9c8257c8cf43551/volumes/716836a0-702f-4544-9139-32672d75ffe6 0.041s
2025-06-07 08:02:03.096 63104 INFO tempest.common.waiters [-] volume 716836a0-702f-4544-9139-32672d75ffe6 reached available after waiting for 1.096090 seconds
2025-06-07 08:02:03.099 63110 INFO tempest.lib.common.rest_client [req-c91d5fbb-7e97-41bd-bbdd-f24fe4eb3c77 req-c91d5fbb-7e97-41bd-bbdd-f24fe4eb3c77 ] Request (QuotasAdminTestJSON:_run_cleanups): 204 DELETE http://10.180.1.21/identity/v3/projects/e86619fb15de4e87ba5964921f12e6b7 0.173s
2025-06-07 08:02:03.209 63116 INFO tempest.lib.common.rest_client [req-1f435e39-67ab-414c-8190-340cf106387e req-1f435e39-67ab-414c-8190-340cf106387e ] Request (ServersWithSpecificFlavorTestJSON:test_verify_created_server_ephemeral_disk): 202 POST http://10.180.1.21/compute/v2.1/servers 2.523s
2025-06-07 08:02:03.335 63152 INFO tempest.lib.common.rest_client [req-67d02500-b6c4-4c58-a131-15ae4f26efb1 req-67d02500-b6c4-4c58-a131-15ae4f26efb1 ] Request (QuotasAdminNegativeTest:tearDownClass): 204 DELETE http://10.180.1.21:9696/networking/v2.0/security-groups/8006af7b-3849-41f5-8983-0374a5814d57 0.261s
2025-06-07 08:02:03.357 63146 INFO tempest.lib.common.rest_client [req-e4cc796f-8107-491e-816a-fedf3f8c466c req-e4cc796f-8107-491e-816a-fedf3f8c466c ] Request (FlavorsExtraSpecsTestJSON:tearDownClass): 204 DELETE http://10.180.1.21:9696/networking/v2.0/security-groups/1c939c9d-0c2c-4c2c-97ef-b924aabd8e93 0.359s
2025-06-07 08:02:03.363 63142 INFO tempest.lib.common.rest_client [req-93439573-c0a8-47f0-a16a-e41cc63b7e05 req-93439573-c0a8-47f0-a16a-e41cc63b7e05 ] Request (AttachInterfacesUnderV243Test:test_add_remove_fixed_ip): 200 GET http://10.180.1.21/compute/v2.1/servers/09aa702f-a28c-429b-83d9-378be8606a29 2.353s
2025-06-07 08:02:03.383 63109 INFO tempest.lib.common.rest_client [req-f6c9818b-c4aa-4c26-b29c-2d7809f920f0 req-f6c9818b-c4aa-4c26-b29c-2d7809f920f0 ] Request (HostsAdminNegativeTestJSON:test_update_nonexistent_host): 404 PUT http://10.180.1.21/compute/v2.1/os-hosts/nonexistent_hostname 2.188s
2025-06-07 08:02:03.452 63140 INFO tempest.lib.common.rest_client [req-edf9b681-cf49-4a8c-8741-76d3b5255911 req-edf9b681-cf49-4a8c-8741-76d3b5255911 ] Request (ImagesNegativeTestJSON:test_create_image_from_deleted_server): 200 GET http://10.180.1.21/compute/v2.1/servers/51817412-7e0a-48fe-8f8e-766eea45e60c 1.986s
2025-06-07 08:02:03.501 63118 INFO tempest.lib.common.rest_client [req-e2ed12e9-c559-4f3b-a1ff-4915e484a7f8 req-e2ed12e9-c559-4f3b-a1ff-4915e484a7f8 ] Request (ImagesOneServerTestJSON:setUpClass): 200 GET http://10.180.1.21/compute/v2.1/servers/4e911f12-5d9c-4713-b1e0-4d87a589a9d8 2.404s
2025-06-07 08:02:03.505 63146 INFO tempest.lib.common.rest_client [req-4b4cac87-9379-49b4-82b6-29aaa4d9ab40 req-4b4cac87-9379-49b4-82b6-29aaa4d9ab40 ] Request (FlavorsExtraSpecsTestJSON:tearDownClass): 204 DELETE http://10.180.1.21/identity/v3/projects/723ecdd6ff5a4ff2ae3e72120c02d7b1 0.148s
2025-06-07 08:02:03.505 63146 INFO tempest.lib.common.dynamic_creds [-] Deleting project and security group for project: f174b92d476d4bf89006ecd692ef7fb5
2025-06-07 08:02:03.523 63152 INFO tempest.lib.common.rest_client [req-b1687f31-a10b-4875-88b1-8f057c067ee9 req-b1687f31-a10b-4875-88b1-8f057c067ee9 ] Request (QuotasAdminNegativeTest:tearDownClass): 204 DELETE http://10.180.1.21/identity/v3/projects/26967c00d77c4e60a0215cd335fa0956 0.188s
2025-06-07 08:02:03.523 63152 INFO tempest.lib.common.dynamic_creds [-] Deleting project and security group for project: acd8cac18bde4801b25f087bf27dc85d
2025-06-07 08:02:03.638 63109 INFO tempest.lib.common.rest_client [req-ce9207ef-c21a-4fca-bf59-30d6fc54bcf4 req-ce9207ef-c21a-4fca-bf59-30d6fc54bcf4 ] Request (HostsAdminNegativeTestJSON:tearDownClass): 204 DELETE http://10.180.1.21/identity/v3/users/74bd344d03254a52b91c27dd68262655 0.250s
2025-06-07 08:02:03.701 63126 INFO tempest.lib.common.rest_client [req-ce3ebdd0-9d75-4f2b-b554-acf952a3b0a7 req-ce3ebdd0-9d75-4f2b-b554-acf952a3b0a7 ] Request (FlavorsV255TestJSON:test_crud_flavor): 200 GET http://10.180.1.21/compute/v2.1/flavors/1263358666 2.069s
2025-06-07 08:02:03.753 63145 INFO tempest.lib.common.rest_client [req-2e3e52fd-c1ca-4bf1-bb18-1339f186e66a req-2e3e52fd-c1ca-4bf1-bb18-1339f186e66a ] Request (KeyPairsV2TestJSON:test_keypairs_create_list_delete): 200 POST http://10.180.1.21/compute/v2.1/os-keypairs 1.867s
2025-06-07 08:02:03.762 63156 INFO tempest.lib.common.rest_client [req-04cd8ac7-e84f-4323-86f9-3f1c314e1512 req-04cd8ac7-e84f-4323-86f9-3f1c314e1512 ] Request (AggregatesAdminNegativeTestJSON:test_aggregate_create_as_user): 403 POST http://10.180.1.21/compute/v2.1/os-aggregates 1.852s
2025-06-07 08:02:03.762 63109 INFO tempest.lib.common.rest_client [req-c6bd0ea4-59a7-4eb1-830b-84c8b2e0894e req-c6bd0ea4-59a7-4eb1-830b-84c8b2e0894e ] Request (HostsAdminNegativeTestJSON:tearDownClass): 204 DELETE http://10.180.1.21/identity/v3/users/7074aa3934d64ca2b7ffafcf7e468a64 0.123s
2025-06-07 08:02:03.762 63109 INFO tempest.lib.common.dynamic_creds [-] Deleting project and security group for project: 65ebf3cfd86f4b5faa2bed18b03d1969
2025-06-07 08:02:03.779 63096 INFO tempest.lib.common.rest_client [req-e9bea779-7e7c-48a3-aec4-84391fe13d6e req-e9bea779-7e7c-48a3-aec4-84391fe13d6e ] Request (FlavorsAdminTestJSON:test_create_list_flavor_without_extra_data): 200 POST http://10.180.1.21/compute/v2.1/flavors 1.867s
2025-06-07 08:02:03.800 63112 INFO tempest.lib.common.rest_client [req-ed78a90b-b2bd-4b97-b97a-5bc9f3f2fade req-ed78a90b-b2bd-4b97-b97a-5bc9f3f2fade ] Request (InstanceActionsTestJSON:setUpClass): 201 POST http://10.180.1.21:9696/networking/v2.0/routers 1.912s
2025-06-07 08:02:03.806 63134 INFO tempest.lib.common.rest_client [req-00a63db2-bdf8-4fd7-a8d2-9be030781bfd req-00a63db2-bdf8-4fd7-a8d2-9be030781bfd ] Request (ServerDiagnosticsNegativeTest:test_get_server_diagnostics_by_non_admin): 200 GET http://10.180.1.21/compute/v2.1/servers/7ab3a69a-9893-4ed2-b3e7-13ed81ee7c77 2.339s
2025-06-07 08:02:03.841 63109 INFO tempest.lib.common.rest_client [req-4a9ffee9-e933-4927-9111-4da07d29a913 req-4a9ffee9-e933-4927-9111-4da07d29a913 ] Request (HostsAdminNegativeTestJSON:tearDownClass): 201 POST http://10.180.1.21/identity/v3/auth/tokens 0.079s
2025-06-07 08:02:03.932 63100 INFO tempest.lib.common.rest_client [req-465b5b98-5e5c-4641-bd33-c458e0c508f0 req-465b5b98-5e5c-4641-bd33-c458e0c508f0 ] Request (ImagesMetadataTestJSON:setUp): 200 PUT http://10.180.1.21/compute/v2.1/images/944881bc-6c98-4049-80c5-63f71b2bcc85/metadata 1.980s
2025-06-07 08:02:03.984 63130 INFO tempest.lib.common.rest_client [req-7601917f-c0e8-4536-98aa-7ffb7d178851 req-7601917f-c0e8-4536-98aa-7ffb7d178851 ] Request (VolumesAssistedSnapshotsTest:test_volume_assisted_snapshot_create_delete): 200 GET http://10.180.1.21/compute/v2.1/servers/356088a2-b55e-4ff1-9422-a53ab6830fc9 1.786s
2025-06-07 08:02:04.013 63109 INFO tempest.lib.common.rest_client [req-6bcd6f05-a18c-49b0-8c5e-f679135006ca req-6bcd6f05-a18c-49b0-8c5e-f679135006ca ] Request (HostsAdminNegativeTestJSON:tearDownClass): 200 GET http://10.180.1.21:9696/networking/v2.0/security-groups?tenant_id=65ebf3cfd86f4b5faa2bed18b03d1969&name=default 0.172s
2025-06-07 08:02:04.173 63152 INFO tempest.lib.common.rest_client [req-376f9e47-c5d4-4061-9626-58295d0318a5 req-376f9e47-c5d4-4061-9626-58295d0318a5 ] Request (QuotasAdminNegativeTest:tearDownClass): 200 GET http://10.180.1.21:9696/networking/v2.0/security-groups?tenant_id=acd8cac18bde4801b25f087bf27dc85d&name=default 0.649s
2025-06-07 08:02:04.183 63109 INFO tempest.lib.common.rest_client [req-2089c403-7f9e-4f6b-a191-216ec8f36287 req-2089c403-7f9e-4f6b-a191-216ec8f36287 ] Request (HostsAdminNegativeTestJSON:tearDownClass): 204 DELETE http://10.180.1.21:9696/networking/v2.0/security-groups/0643c7ba-590b-4ffc-94ea-ca6483783737 0.169s
2025-06-07 08:02:04.191 63146 INFO tempest.lib.common.rest_client [req-15f5e6b2-44cf-419e-8cb3-9334a84c529e req-15f5e6b2-44cf-419e-8cb3-9334a84c529e ] Request (FlavorsExtraSpecsTestJSON:tearDownClass): 200 GET http://10.180.1.21:9696/networking/v2.0/security-groups?tenant_id=f174b92d476d4bf89006ecd692ef7fb5&name=default 0.685s
2025-06-07 08:02:04.215 63114 INFO tempest.lib.common.rest_client [req-1e97cef2-5509-4c78-b380-8d0a4df69636 req-1e97cef2-5509-4c78-b380-8d0a4df69636 ] Request (MultipleCreateTestJSON:test_multiple_create): 200 GET http://10.180.1.21/compute/v2.1/servers/9a448d2b-0dee-4a90-b131-e6ada542f342 1.756s
2025-06-07 08:02:04.275 63109 INFO tempest.lib.common.rest_client [req-9b9df207-cab5-42d4-8855-9b9d6509e887 req-9b9df207-cab5-42d4-8855-9b9d6509e887 ] Request (HostsAdminNegativeTestJSON:tearDownClass): 204 DELETE http://10.180.1.21/identity/v3/projects/65ebf3cfd86f4b5faa2bed18b03d1969 0.091s
2025-06-07 08:02:04.276 63109 INFO tempest.lib.common.dynamic_creds [-] Deleting project and security group for project: 8839369d32bc4c5a82b0374a09060b83
2025-06-07 08:02:04.373 63120 INFO tempest.lib.common.rest_client [req-f9d46907-b0b6-4322-a3a3-eab3c4313527 req-f9d46907-b0b6-4322-a3a3-eab3c4313527 ] Request (ServersTestMultiNic:test_verify_duplicate_network_nics): 200 GET http://10.180.1.21/compute/v2.1/servers/65d620ad-0863-4947-945e-0e4b3c01d3a3 2.264s
2025-06-07 08:02:04.385 63138 INFO tempest.lib.common.rest_client [req-645cefc6-f1ea-471d-ba1f-f659aa82e282 req-645cefc6-f1ea-471d-ba1f-f659aa82e282 ] Request (FlavorsV2TestJSON:test_list_flavors_detailed_filter_by_min_disk): 200 GET http://10.180.1.21/compute/v2.1/flavors/42 1.894s
2025-06-07 08:02:04.446 63125 INFO tempest.lib.common.rest_client [req-ebff38bf-7978-4d3e-b34d-c6a191ffbeae req-ebff38bf-7978-4d3e-b34d-c6a191ffbeae ] Request (NetworksTest:test_list_all_networks): 200 GET http://10.180.1.21/compute/v2.1/os-networks 1.976s
2025-06-07 08:02:04.481 63102 INFO tempest.lib.common.rest_client [req-2f70b0d8-777d-4d56-93c7-acdd8093b63a req-2f70b0d8-777d-4d56-93c7-acdd8093b63a ] Request (ServersTestJSON:setUpClass): 200 GET http://10.180.1.21/compute/v2.1/servers/489b821e-f7d0-446f-8197-550c808e5a99 1.929s
2025-06-07 08:02:04.487 63152 INFO tempest.lib.common.rest_client [req-1b4100cf-7db0-4d15-9114-25b8f7c5107a req-1b4100cf-7db0-4d15-9114-25b8f7c5107a ] Request (QuotasAdminNegativeTest:tearDownClass): 204 DELETE http://10.180.1.21:9696/networking/v2.0/security-groups/02aee633-4041-497e-a0f5-d6c747fd2043 0.314s
2025-06-07 08:02:04.498 63146 INFO tempest.lib.common.rest_client [req-8410a8f7-f953-46af-9fd4-7293fab1be50 req-8410a8f7-f953-46af-9fd4-7293fab1be50 ] Request (FlavorsExtraSpecsTestJSON:tearDownClass): 204 DELETE http://10.180.1.21:9696/networking/v2.0/security-groups/60d107c8-8456-4912-9529-f545d0e8fc70 0.307s
2025-06-07 08:02:04.543 63109 INFO tempest.lib.common.rest_client [req-34744776-0a6f-4b50-b016-fa007dc47547 req-34744776-0a6f-4b50-b016-fa007dc47547 ] Request (HostsAdminNegativeTestJSON:tearDownClass): 200 GET http://10.180.1.21:9696/networking/v2.0/security-groups?tenant_id=8839369d32bc4c5a82b0374a09060b83&name=default 0.267s
2025-06-07 08:02:04.608 63125 INFO tempest.lib.common.rest_client [req-4617b2b6-9f1b-416c-8ee3-b9783b7234f5 req-4617b2b6-9f1b-416c-8ee3-b9783b7234f5 ] Request (NetworksTest:tearDownClass): 204 DELETE http://10.180.1.21/identity/v3/users/b09ddc861e8b4887ab4d48b77b1ba09e 0.160s
2025-06-07 08:02:04.633 63109 INFO tempest.lib.common.rest_client [req-cf70ac3f-664e-44b6-ac79-33c5b8e4a963 req-cf70ac3f-664e-44b6-ac79-33c5b8e4a963 ] Request (HostsAdminNegativeTestJSON:tearDownClass): 204 DELETE http://10.180.1.21:9696/networking/v2.0/security-groups/b4aa7768-e79d-4f29-a16a-6083814997d5 0.089s
2025-06-07 08:02:04.634 63098 INFO tempest.lib.common.rest_client [req-f10323d8-a43e-4745-8307-5a6bf50fb3c4 req-f10323d8-a43e-4745-8307-5a6bf50fb3c4 ] Request (KeyPairsV22TestJSON:test_get_keypair_detail): 201 POST http://10.180.1.21/compute/v2.1/os-keypairs 1.936s
2025-06-07 08:02:04.694 63152 INFO tempest.lib.common.rest_client [req-4c8d738f-6a39-4aad-a9f9-4e144249b19f req-4c8d738f-6a39-4aad-a9f9-4e144249b19f ] Request (QuotasAdminNegativeTest:tearDownClass): 204 DELETE http://10.180.1.21/identity/v3/projects/acd8cac18bde4801b25f087bf27dc85d 0.206s
2025-06-07 08:02:04.717 63146 INFO tempest.lib.common.rest_client [req-96b64443-942d-475a-8d45-5c5fdbb75262 req-96b64443-942d-475a-8d45-5c5fdbb75262 ] Request (FlavorsExtraSpecsTestJSON:tearDownClass): 204 DELETE http://10.180.1.21/identity/v3/projects/f174b92d476d4bf89006ecd692ef7fb5 0.219s
2025-06-07 08:02:04.743 63148 INFO tempest.lib.common.rest_client [req-66717866-b24b-4805-b095-ec65a7d2b9ff req-66717866-b24b-4805-b095-ec65a7d2b9ff ] Request (DeleteServersAdminTestJSON:test_admin_delete_servers_of_others): 200 GET http://10.180.1.21/compute/v2.1/servers/6ff9b201-b6a2-45a9-bb6b-0acb8c82405f 1.741s
2025-06-07 08:02:04.788 63104 INFO tempest.lib.common.rest_client [req-b169c20c-8e7c-46f0-9fbe-2c759a2256b1 req-b169c20c-8e7c-46f0-9fbe-2c759a2256b1 ] Request (VolumesTestJSON:setUpClass): 200 GET http://10.180.1.21/compute/v2.1/os-volumes/716836a0-702f-4544-9139-32672d75ffe6 1.692s
2025-06-07 08:02:04.802 63151 INFO tempest.lib.common.rest_client [req-eb92179b-fdcb-494e-83c8-fda9d05d886a req-eb92179b-fdcb-494e-83c8-fda9d05d886a ] Request (ServerExternalEventsTest:test_create_server_external_events): 200 GET http://10.180.1.21/compute/v2.1/servers/c56debdf-ab77-4151-bc20-6973ae594d87 1.994s
2025-06-07 08:02:04.816 63109 INFO tempest.lib.common.rest_client [req-e3e04642-320a-4354-b28b-b2d81c2f9f83 req-e3e04642-320a-4354-b28b-b2d81c2f9f83 ] Request (HostsAdminNegativeTestJSON:tearDownClass): 204 DELETE http://10.180.1.21/identity/v3/projects/8839369d32bc4c5a82b0374a09060b83 0.182s
2025-06-07 08:02:04.829 63125 INFO tempest.lib.common.rest_client [req-0121c72e-d08a-4a77-af9a-46f3f88f39f3 req-0121c72e-d08a-4a77-af9a-46f3f88f39f3 ] Request (NetworksTest:tearDownClass): 204 DELETE http://10.180.1.21/identity/v3/users/92b744a0706e4abb8ca18f90749815e0 0.220s
2025-06-07 08:02:04.829 63125 INFO tempest.lib.common.dynamic_creds [-] Deleting project and security group for project: 635ce871d5e64b218c298c889b105bb5
2025-06-07 08:02:04.881 63152 INFO tempest.lib.common.rest_client [req-b9120486-d551-45d2-a9ba-1201e67bd686 req-b9120486-d551-45d2-a9ba-1201e67bd686 ] Request (QuotasSecurityGroupAdminNegativeTest:setUpClass): 201 POST http://10.180.1.21/identity/v3/auth/tokens 0.185s
2025-06-07 08:02:04.887 63146 INFO tempest.lib.common.rest_client [req-ed2449bf-4996-422d-bf19-f4baa2bb0003 req-ed2449bf-4996-422d-bf19-f4baa2bb0003 ] Request (KeyPairsV210TestJSON:setUpClass): 201 POST http://10.180.1.21/identity/v3/auth/tokens 0.167s
2025-06-07 08:02:04.900 63116 INFO tempest.lib.common.rest_client [req-5cabb12c-dc8d-408c-8990-911b16c4e3dd req-5cabb12c-dc8d-408c-8990-911b16c4e3dd ] Request (ServersWithSpecificFlavorTestJSON:test_verify_created_server_ephemeral_disk): 200 GET http://10.180.1.21/compute/v2.1/servers/52329a92-b534-4811-b117-2041b125f4c7 1.688s
2025-06-07 08:02:04.914 63125 INFO tempest.lib.common.rest_client [req-7047cb0f-8d6c-47e8-9c54-15c4a0b68591 req-7047cb0f-8d6c-47e8-9c54-15c4a0b68591 ] Request (NetworksTest:tearDownClass): 201 POST http://10.180.1.21/identity/v3/auth/tokens 0.083s
2025-06-07 08:02:04.920 63109 INFO tempest.lib.common.rest_client [req-bb1fd5e6-24ab-4431-9003-9cc6cc2a0456 req-bb1fd5e6-24ab-4431-9003-9cc6cc2a0456 ] Request (QuotasAdminTestV257:setUpClass): 201 POST http://10.180.1.21/identity/v3/auth/tokens 0.102s
2025-06-07 08:02:04.951 63146 INFO tempest.lib.common.rest_client [req-c71f8305-4907-49bd-8150-10d4d092eb65 req-c71f8305-4907-49bd-8150-10d4d092eb65 ] Request (KeyPairsV210TestJSON:setUpClass): 201 POST http://10.180.1.21/identity/v3/auth/tokens 0.061s
2025-06-07 08:02:04.978 63152 INFO tempest.lib.common.rest_client [req-d7821b3c-4041-499e-b9da-9b80e8575107 req-d7821b3c-4041-499e-b9da-9b80e8575107 ] Request (QuotasSecurityGroupAdminNegativeTest:setUpClass): 201 POST http://10.180.1.21/identity/v3/auth/tokens 0.095s
2025-06-07 08:02:05.022 63110 INFO tempest.lib.common.rest_client [req-03006283-8702-4c86-83e6-aede466cd334 req-03006283-8702-4c86-83e6-aede466cd334 ] Request (QuotasAdminTestJSON:test_update_all_quota_resources_for_tenant): 200 GET http://10.180.1.21/compute/v2.1/os-quota-sets/2cb8ed220b784205be750b74eb6dae57/defaults 1.921s
2025-06-07 08:02:05.037 63109 INFO tempest.lib.common.rest_client [req-17652ef2-7133-4cf1-b37e-82a7b0a63bf9 req-17652ef2-7133-4cf1-b37e-82a7b0a63bf9 ] Request (QuotasAdminTestV257:setUpClass): 201 POST http://10.180.1.21/identity/v3/auth/tokens 0.115s
2025-06-07 08:02:05.067 63146 INFO tempest.lib.common.rest_client [req-64fad0b0-0d71-4479-b120-d84bb4acc5f1 req-64fad0b0-0d71-4479-b120-d84bb4acc5f1 ] Request (KeyPairsV210TestJSON:setUpClass): 200 GET http://10.180.1.21/identity/v3/domains?name=Default 0.116s
2025-06-07 08:02:05.067 63152 INFO tempest.lib.common.rest_client [req-9e89a0bd-44ae-4ffd-823f-ac9f146e2e60 req-9e89a0bd-44ae-4ffd-823f-ac9f146e2e60 ] Request (QuotasSecurityGroupAdminNegativeTest:setUpClass): 200 GET http://10.180.1.21/identity/v3/domains?name=Default 0.088s
2025-06-07 08:02:05.089 63109 INFO tempest.lib.common.rest_client [req-a9d24ab6-82f5-4f4e-a53d-9332a878ee48 req-a9d24ab6-82f5-4f4e-a53d-9332a878ee48 ] Request (QuotasAdminTestV257:setUpClass): 200 GET http://10.180.1.21/identity/v3/domains?name=Default 0.052s
2025-06-07 08:02:05.098 63154 INFO tempest.lib.common.rest_client [req-71f8eb36-e4f8-47d7-911a-0cee2c181066 req-71f8eb36-e4f8-47d7-911a-0cee2c181066 ] Request (ServerMetadataNegativeTestJSON:setUpClass): 200 GET http://10.180.1.21/compute/v2.1/servers/4357ed8f-14f7-4d44-8d1b-262ccaafe1e0 1.829s
2025-06-07 08:02:05.102 63146 INFO tempest.lib.common.rest_client [req-8c81f54b-7d5f-4ca0-8f4c-2d228614e7ce req-8c81f54b-7d5f-4ca0-8f4c-2d228614e7ce ] Request (KeyPairsV210TestJSON:setUpClass): 201 POST http://10.180.1.21/identity/v3/projects 0.033s
2025-06-07 08:02:05.125 63152 INFO tempest.lib.common.rest_client [req-b84844fb-f4fa-423b-ac7a-1d413c4bf00f req-b84844fb-f4fa-423b-ac7a-1d413c4bf00f ] Request (QuotasSecurityGroupAdminNegativeTest:setUpClass): 201 POST http://10.180.1.21/identity/v3/projects 0.057s
2025-06-07 08:02:05.173 63136 INFO tempest.lib.common.rest_client [req-cf487b1c-5e0c-4c8f-b091-297ff3d33be4 req-cf487b1c-5e0c-4c8f-b091-297ff3d33be4 ] Request (ImagesOneServerNegativeTestJSON:setUpClass): 200 GET http://10.180.1.21/compute/v2.1/servers/76b0e03d-9636-4328-bfd5-17c434cfae72 1.814s
2025-06-07 08:02:05.195 63109 INFO tempest.lib.common.rest_client [req-4264f5b5-fab6-4884-8e55-a4638335a858 req-4264f5b5-fab6-4884-8e55-a4638335a858 ] Request (QuotasAdminTestV257:setUpClass): 201 POST http://10.180.1.21/identity/v3/projects 0.105s
2025-06-07 08:02:05.199 63146 INFO tempest.lib.common.rest_client [req-00e214d7-91b0-4065-959b-ffb33bc78763 req-00e214d7-91b0-4065-959b-ffb33bc78763 ] Request (KeyPairsV210TestJSON:setUpClass): 201 POST http://10.180.1.21/identity/v3/users 0.096s
2025-06-07 08:02:05.203 63125 INFO tempest.lib.common.rest_client [req-3419c15f-203b-4a11-9fb7-62c9f82ce951 req-3419c15f-203b-4a11-9fb7-62c9f82ce951 ] Request (NetworksTest:tearDownClass): 200 GET http://10.180.1.21:9696/networking/v2.0/security-groups?tenant_id=635ce871d5e64b218c298c889b105bb5&name=default 0.288s
2025-06-07 08:02:05.208 63126 INFO tempest.lib.common.rest_client [req-5ec4065c-8f53-4042-822f-3508a11542df req-5ec4065c-8f53-4042-822f-3508a11542df ] Request (FlavorsV255TestJSON:test_crud_flavor): 200 PUT http://10.180.1.21/compute/v2.1/flavors/1263358666 1.501s
2025-06-07 08:02:05.248 63152 INFO tempest.lib.common.rest_client [req-79e653d9-b601-4f7d-9979-35bac7002ff5 req-79e653d9-b601-4f7d-9979-35bac7002ff5 ] Request (QuotasSecurityGroupAdminNegativeTest:setUpClass): 201 POST http://10.180.1.21/identity/v3/users 0.123s
2025-06-07 08:02:05.262 63146 INFO tempest.lib.common.rest_client [req-e2966ce7-7e72-4eaa-be67-9b514485b114 req-e2966ce7-7e72-4eaa-be67-9b514485b114 ] Request (KeyPairsV210TestJSON:setUpClass): 200 GET http://10.180.1.21/identity/v3/roles 0.063s
2025-06-07 08:02:05.264 63109 INFO tempest.lib.common.rest_client [req-88b2c24a-fa9a-4ecc-9e18-16371e5d5a74 req-88b2c24a-fa9a-4ecc-9e18-16371e5d5a74 ] Request (QuotasAdminTestV257:setUpClass): 201 POST http://10.180.1.21/identity/v3/users 0.068s
2025-06-07 08:02:05.276 63152 INFO tempest.lib.common.rest_client [req-caf85d1c-08e0-4948-acb8-81201d961681 req-caf85d1c-08e0-4948-acb8-81201d961681 ] Request (QuotasSecurityGroupAdminNegativeTest:setUpClass): 200 GET http://10.180.1.21/identity/v3/roles 0.027s
2025-06-07 08:02:05.291 63146 INFO tempest.lib.common.rest_client [req-8c290565-d6bd-4f9a-bb12-7bf78a6665a0 req-8c290565-d6bd-4f9a-bb12-7bf78a6665a0 ] Request (KeyPairsV210TestJSON:setUpClass): 204 PUT http://10.180.1.21/identity/v3/projects/20ee96eebd4641a7a15881078fe8f0c6/users/fe3bb049faa0464fb6c8cc95d6c15793/roles/394b22ccebc64f5cadde6f7af9a3218e 0.029s
2025-06-07 08:02:05.291 63146 INFO tempest.lib.common.dynamic_creds [-] Dynamic test user fe3bb049faa0464fb6c8cc95d6c15793 is created with scope project and roles: ['member']
2025-06-07 08:02:05.292 63146 INFO tempest.lib.common.dynamic_creds [-] Acquired dynamic creds: credentials: Credentials: {'domain_id': 'default', 'domain_name': 'Default', 'username': 'tempest-KeyPairsV210TestJSON-343463624-project-member', 'project_domain_id': 'default', 'project_domain_name': 'Default', 'project_id': '20ee96eebd4641a7a15881078fe8f0c6', 'project_name': 'tempest-KeyPairsV210TestJSON-343463624', 'tenant_id': '20ee96eebd4641a7a15881078fe8f0c6', 'tenant_name': 'tempest-KeyPairsV210TestJSON-343463624', 'user_domain_id': 'default', 'user_domain_name': 'Default', 'user_id': 'fe3bb049faa0464fb6c8cc95d6c15793', 'system': None}, Network: None, Subnet: None, Router: None
2025-06-07 08:02:05.292 63146 INFO tempest.lib.common.dynamic_creds [-] Created isolated network resources for: credentials: Credentials: {'domain_id': 'default', 'domain_name': 'Default', 'username': 'tempest-KeyPairsV210TestJSON-343463624-project-member', 'project_domain_id': 'default', 'project_domain_name': 'Default', 'project_id': '20ee96eebd4641a7a15881078fe8f0c6', 'project_name': 'tempest-KeyPairsV210TestJSON-343463624', 'tenant_id': '20ee96eebd4641a7a15881078fe8f0c6', 'tenant_name': 'tempest-KeyPairsV210TestJSON-343463624', 'user_domain_id': 'default', 'user_domain_name': 'Default', 'user_id': 'fe3bb049faa0464fb6c8cc95d6c15793', 'system': None}, Network: None, Subnet: None, Router: None
2025-06-07 08:02:05.295 63109 INFO tempest.lib.common.rest_client [req-64f5b265-1702-47f1-bb30-af3274c4694c req-64f5b265-1702-47f1-bb30-af3274c4694c ] Request (QuotasAdminTestV257:setUpClass): 200 GET http://10.180.1.21/identity/v3/roles 0.031s
2025-06-07 08:02:05.338 63094 INFO tempest.lib.common.rest_client [req-e0a51ddb-964c-471e-a52d-de1bb5205396 req-e0a51ddb-964c-471e-a52d-de1bb5205396 ] Request (MigrationsAdminTest:test_list_migrations_in_flavor_resize_situation): 200 GET http://10.180.1.21/compute/v2.1/servers/022718e2-52ec-4130-81b0-fb39e57d6efe 1.630s
2025-06-07 08:02:05.346 63128 INFO tempest.lib.common.rest_client [req-28386339-563f-41d9-9b2e-c0befb40af18 req-28386339-563f-41d9-9b2e-c0befb40af18 ] Request (ServerDiagnosticsTest:test_get_server_diagnostics): 200 GET http://10.180.1.21/compute/v2.1/servers/012bbc43-f61f-4aef-bd66-32fbe66f8374 2.117s
2025-06-07 08:02:05.353 63145 INFO tempest.lib.common.rest_client [req-0ab31aae-fdc5-4583-a82e-65898dff6ec3 req-0ab31aae-fdc5-4583-a82e-65898dff6ec3 ] Request (KeyPairsV2TestJSON:test_keypairs_create_list_delete): 200 GET http://10.180.1.21/compute/v2.1/os-keypairs 1.599s
