2025-12-01 06:38:32.058 65851 INFO tempest.lib.common.dynamic_creds [-] Created isolated network resources for: credentials: Credentials: {'domain_id': 'default', 'domain_name': 'Default', 'username': 'tempest-ListServersNegativeTestJSON-1944015600-project-member', 'project_domain_id': 'default', 'project_domain_name': 'Default', 'project_id': '9d4f88c2b65b4fe18528f8ae2751b2fc', 'project_name': 'tempest-ListServersNegativeTestJSON-1944015600', 'tenant_id': '9d4f88c2b65b4fe18528f8ae2751b2fc', 'tenant_name': 'tempest-ListServersNegativeTestJSON-1944015600', 'user_domain_id': 'default', 'user_domain_name': 'Default', 'user_id': '50687fa8b45245cc83ea2367520afeac', 'system': None}, Network: {'id': 'ac620c33-92a5-4ef3-a18e-b7d51363e427', 'name': 'tempest-ListServersNegativeTestJSON-1801497766-network', 'tenant_id': '9d4f88c2b65b4fe18528f8ae2751b2fc', 'project_id': '9d4f88c2b65b4fe18528f8ae2751b2fc', 'admin_state_up': True, 'mtu': 8950, 'status': 'ACTIVE', 'subnets': [], 'shared': False, 'port_security_enabled': True, 'router:external': False, 'provider:network_type': 'vlan', 'provider:physical_network': 'default', 'provider:segmentation_id': 827, 'availability_zone_hints': [], 'availability_zones': [], 'ipv4_address_scope': None, 'ipv6_address_scope': None, 'description': '', 'tags': [], 'created_at': '2025-12-01T06:38:29Z', 'updated_at': '2025-12-01T06:38:29Z', 'revision_number': 1}, Subnet: {'id': 'a0a61882-e7e3-4ba1-ad32-3845feead94c', 'name': 'tempest-ListServersNegativeTestJSON-1801497766-subnet', 'tenant_id': '9d4f88c2b65b4fe18528f8ae2751b2fc', 'network_id': 'ac620c33-92a5-4ef3-a18e-b7d51363e427', 'ip_version': 4, 'subnetpool_id': None, 'enable_dhcp': True, 'ipv6_ra_mode': None, 'ipv6_address_mode': None, 'gateway_ip': '192.168.128.1', 'cidr': '192.168.128.0/28', 'allocation_pools': [{'start': '192.168.128.2', 'end': '192.168.128.14'}], 'host_routes': [], 'dns_nameservers': [], 'description': '', 'router:external': False, 'service_types': [], 'tags': [], 'created_at': '2025-12-01T06:38:29Z', 'updated_at': '2025-12-01T06:38:29Z', 'revision_number': 0, 'project_id': '9d4f88c2b65b4fe18528f8ae2751b2fc'}, Router: {'id': '5d3a2175-b6d0-49da-8828-0b870cc645c3', 'name': 'tempest-ListServersNegativeTestJSON-1801497766-router', 'tenant_id': '9d4f88c2b65b4fe18528f8ae2751b2fc', 'admin_state_up': True, 'status': 'ACTIVE', 'external_gateway_info': {'network_id': 'da0d9792-bc8f-4a91-8490-8c72fa9a6a39', 'external_fixed_ips': [{'subnet_id': 'b85f7174-9c56-4f87-a28e-1a78c845abcf', 'ip_address': '10.180.180.162'}], 'enable_snat': True}, 'description': '', 'availability_zones': [], 'distributed': False, 'ha': False, 'availability_zone_hints': [], 'routes': [], 'flavor_id': None, 'tags': [], 'created_at': '2025-12-01T06:38:30Z', 'updated_at': '2025-12-01T06:38:30Z', 'revision_number': 2, 'project_id': '9d4f88c2b65b4fe18528f8ae2751b2fc'}
2025-12-01 06:38:32.201 65851 INFO tempest.lib.common.rest_client [req-dad949b7-dcde-48d7-b638-824b6b38a445 req-dad949b7-dcde-48d7-b638-824b6b38a445 ] Request (ListServersNegativeTestJSON:setUpClass): 201 POST http://10.180.1.21/identity/v3/auth/tokens 0.138s
2025-12-01 06:38:32.242 65851 INFO tempest.lib.common.rest_client [req-182c8500-5295-4f3d-a94d-d6b3ffeb37ee req-182c8500-5295-4f3d-a94d-d6b3ffeb37ee ] Request (ListServersNegativeTestJSON:setUpClass): 201 POST http://10.180.1.21/identity/v3/auth/tokens 0.034s
2025-12-01 06:38:32.242 65851 INFO tempest.lib.common.fixed_network [-] (ListServersNegativeTestJSON:setUpClass) Found network {'id': 'ac620c33-92a5-4ef3-a18e-b7d51363e427', 'name': 'tempest-ListServersNegativeTestJSON-1801497766-network', 'tenant_id': '9d4f88c2b65b4fe18528f8ae2751b2fc', 'project_id': '9d4f88c2b65b4fe18528f8ae2751b2fc', 'admin_state_up': True, 'mtu': 8950, 'status': 'ACTIVE', 'subnets': [], 'shared': False, 'port_security_enabled': True, 'router:external': False, 'provider:network_type': 'vlan', 'provider:physical_network': 'default', 'provider:segmentation_id': 827, 'availability_zone_hints': [], 'availability_zones': [], 'ipv4_address_scope': None, 'ipv6_address_scope': None, 'description': '', 'tags': [], 'created_at': '2025-12-01T06:38:29Z', 'updated_at': '2025-12-01T06:38:29Z', 'revision_number': 1} available for tenant
2025-12-01 06:38:32.489 65869 WARNING tempest.lib.common.ssh [-] Failed to establish authenticated ssh connection to cirros@10.180.180.227 ([Errno None] Unable to connect to port 22 on 10.180.180.227). Number attempts: 6. Retry after 7 seconds.: paramiko.ssh_exception.NoValidConnectionsError: [Errno None] Unable to connect to port 22 on 10.180.180.227
2025-12-01 06:38:32.538 65859 INFO tempest.lib.common.rest_client [req-84aa4a29-2980-4455-917a-637f99d9c833 req-84aa4a29-2980-4455-917a-637f99d9c833 ] Request (ServerRescueTestJSONUnderV235:setUpClass): 200 PUT http://10.180.1.21/networking/v2.0/routers/95ff7873-db75-4106-b44b-280a203be5e3/add_router_interface 1.370s
2025-12-01 06:38:32.539 65859 INFO tempest.lib.common.dynamic_creds [-] Created isolated network resources for: credentials: Credentials: {'domain_id': 'default', 'domain_name': 'Default', 'username': 'tempest-ServerRescueTestJSONUnderV235-754676929-project-member', 'project_domain_id': 'default', 'project_domain_name': 'Default', 'project_id': 'feac7598136042e6a4c92ed10d88d31a', 'project_name': 'tempest-ServerRescueTestJSONUnderV235-754676929', 'tenant_id': 'feac7598136042e6a4c92ed10d88d31a', 'tenant_name': 'tempest-ServerRescueTestJSONUnderV235-754676929', 'user_domain_id': 'default', 'user_domain_name': 'Default', 'user_id': 'bb4e0eb73f654bf499a5016be25eb11c', 'system': None}, Network: {'id': '1add4c67-f099-4f3d-a714-e91d1eafef3c', 'name': 'tempest-ServerRescueTestJSONUnderV235-1125750476-network', 'tenant_id': 'feac7598136042e6a4c92ed10d88d31a', 'project_id': 'feac7598136042e6a4c92ed10d88d31a', 'admin_state_up': True, 'mtu': 8950, 'status': 'ACTIVE', 'subnets': [], 'shared': False, 'port_security_enabled': True, 'router:external': False, 'provider:network_type': 'vlan', 'provider:physical_network': 'default', 'provider:segmentation_id': 924, 'availability_zone_hints': [], 'availability_zones': [], 'ipv4_address_scope': None, 'ipv6_address_scope': None, 'description': '', 'tags': [], 'created_at': '2025-12-01T06:38:29Z', 'updated_at': '2025-12-01T06:38:29Z', 'revision_number': 1}, Subnet: {'id': '45791637-54fe-410f-9cd2-3b0c7ae8a30a', 'name': 'tempest-ServerRescueTestJSONUnderV235-1125750476-subnet', 'tenant_id': 'feac7598136042e6a4c92ed10d88d31a', 'network_id': '1add4c67-f099-4f3d-a714-e91d1eafef3c', 'ip_version': 4, 'subnetpool_id': None, 'enable_dhcp': False, 'ipv6_ra_mode': None, 'ipv6_address_mode': None, 'gateway_ip': '192.168.128.1', 'cidr': '192.168.128.0/28', 'allocation_pools': [{'start': '192.168.128.2', 'end': '192.168.128.14'}], 'host_routes': [], 'dns_nameservers': [], 'description': '', 'router:external': False, 'service_types': [], 'tags': [], 'created_at': '2025-12-01T06:38:29Z', 'updated_at': '2025-12-01T06:38:29Z', 'revision_number': 0, 'project_id': 'feac7598136042e6a4c92ed10d88d31a'}, Router: {'id': '95ff7873-db75-4106-b44b-280a203be5e3', 'name': 'tempest-ServerRescueTestJSONUnderV235-1125750476-router', 'tenant_id': 'feac7598136042e6a4c92ed10d88d31a', 'admin_state_up': True, 'status': 'ACTIVE', 'external_gateway_info': {'network_id': 'da0d9792-bc8f-4a91-8490-8c72fa9a6a39', 'external_fixed_ips': [{'subnet_id': 'b85f7174-9c56-4f87-a28e-1a78c845abcf', 'ip_address': '10.180.180.197'}], 'enable_snat': True}, 'description': '', 'availability_zones': [], 'distributed': False, 'ha': False, 'availability_zone_hints': [], 'routes': [], 'flavor_id': None, 'tags': [], 'created_at': '2025-12-01T06:38:30Z', 'updated_at': '2025-12-01T06:38:30Z', 'revision_number': 2, 'project_id': 'feac7598136042e6a4c92ed10d88d31a'}
2025-12-01 06:38:32.562 65841 INFO tempest.lib.common.rest_client [req-47bebd2e-8afc-4733-8c4e-0f88a69b63b1 req-47bebd2e-8afc-4733-8c4e-0f88a69b63b1 ] Request (ServerDiskConfigTestJSON:test_rebuild_server_with_manual_disk_config): 200 GET http://10.180.1.21/compute/v2.1/servers/b762d58c-6361-4521-852f-735f795dedc9 5.968s
2025-12-01 06:38:32.610 65879 INFO tempest.lib.common.rest_client [req-2aa33a29-5c6c-46d7-aa96-938009cb0f56 req-2aa33a29-5c6c-46d7-aa96-938009cb0f56 ] Request (AggregatesAdminNegativeTestJSON:test_aggregate_remove_nonexistent_host): 404 POST http://10.180.1.21/compute/v2.1/os-aggregates/8/action 4.550s
2025-12-01 06:38:32.649 65859 INFO tempest.lib.common.rest_client [req-437167db-f0fd-447e-9fa3-f74bca450c0c req-437167db-f0fd-447e-9fa3-f74bca450c0c ] Request (ServerRescueTestJSONUnderV235:setUpClass): 201 POST http://10.180.1.21/identity/v3/auth/tokens 0.107s
2025-12-01 06:38:32.696 65859 INFO tempest.lib.common.rest_client [req-db7223b5-ed6e-43f2-bfdf-b6151a2501b9 req-db7223b5-ed6e-43f2-bfdf-b6151a2501b9 ] Request (ServerRescueTestJSONUnderV235:setUpClass): 201 POST http://10.180.1.21/identity/v3/auth/tokens 0.041s
2025-12-01 06:38:32.696 65859 INFO tempest.lib.common.fixed_network [-] (ServerRescueTestJSONUnderV235:setUpClass) Found network {'id': '1add4c67-f099-4f3d-a714-e91d1eafef3c', 'name': 'tempest-ServerRescueTestJSONUnderV235-1125750476-network', 'tenant_id': 'feac7598136042e6a4c92ed10d88d31a', 'project_id': 'feac7598136042e6a4c92ed10d88d31a', 'admin_state_up': True, 'mtu': 8950, 'status': 'ACTIVE', 'subnets': [], 'shared': False, 'port_security_enabled': True, 'router:external': False, 'provider:network_type': 'vlan', 'provider:physical_network': 'default', 'provider:segmentation_id': 924, 'availability_zone_hints': [], 'availability_zones': [], 'ipv4_address_scope': None, 'ipv6_address_scope': None, 'description': '', 'tags': [], 'created_at': '2025-12-01T06:38:29Z', 'updated_at': '2025-12-01T06:38:29Z', 'revision_number': 1} available for tenant
2025-12-01 06:38:32.791 65873 INFO tempest.lib.common.rest_client [req-6b3be315-61c6-4c6e-b66e-62f35fe0fc3f req-6b3be315-61c6-4c6e-b66e-62f35fe0fc3f ] Request (MultipleCreateTestJSON:_run_cleanups): 200 GET http://10.180.1.21/compute/v2.1/servers/ca41d270-6883-4b9a-bda9-1606148e4ce9 4.281s
2025-12-01 06:38:33.053 65855 INFO tempest.lib.common.rest_client [req-7818a975-5ebb-4e03-a838-63ee0191abe7 req-7818a975-5ebb-4e03-a838-63ee0191abe7 ] Request (SecurityGroupsTestJSON:test_list_security_groups_by_server): 202 POST http://10.180.1.21/compute/v2.1/servers/c5e60097-9a02-49d5-9c05-ec74e5e8a69f/action 5.253s
2025-12-01 06:38:33.088 65843 INFO tempest.lib.common.rest_client [req-dad8bd10-a8c1-442b-bb6c-9595a10a88de req-dad8bd10-a8c1-442b-bb6c-9595a10a88de ] Request (ServersTestFqdnHostnames:setUpClass): 200 PUT http://10.180.1.21/networking/v2.0/routers/059e20b8-46b1-4ae7-98be-6dbdfadc48fc/add_router_interface 1.534s
2025-12-01 06:38:33.088 65843 INFO tempest.lib.common.dynamic_creds [-] Created isolated network resources for: credentials: Credentials: {'domain_id': 'default', 'domain_name': 'Default', 'username': 'tempest-ServersTestFqdnHostnames-1018418724-project-member', 'project_domain_id': 'default', 'project_domain_name': 'Default', 'project_id': '18263a5736e54231ad71a3cacb29b028', 'project_name': 'tempest-ServersTestFqdnHostnames-1018418724', 'tenant_id': '18263a5736e54231ad71a3cacb29b028', 'tenant_name': 'tempest-ServersTestFqdnHostnames-1018418724', 'user_domain_id': 'default', 'user_domain_name': 'Default', 'user_id': 'b586ea7910524692b0593e70c28640d4', 'system': None}, Network: {'id': '23b783d2-2f24-49dc-b787-9bc360a03cd3', 'name': 'tempest-ServersTestFqdnHostnames-1959578541-network', 'tenant_id': '18263a5736e54231ad71a3cacb29b028', 'project_id': '18263a5736e54231ad71a3cacb29b028', 'admin_state_up': True, 'mtu': 8950, 'status': 'ACTIVE', 'subnets': [], 'shared': False, 'port_security_enabled': True, 'router:external': False, 'provider:network_type': 'vlan', 'provider:physical_network': 'default', 'provider:segmentation_id': 988, 'availability_zone_hints': [], 'availability_zones': [], 'ipv4_address_scope': None, 'ipv6_address_scope': None, 'description': '', 'tags': [], 'created_at': '2025-12-01T06:38:29Z', 'updated_at': '2025-12-01T06:38:29Z', 'revision_number': 1}, Subnet: {'id': '85c80564-e88e-4944-93ce-c9ab5fa24ee4', 'name': 'tempest-ServersTestFqdnHostnames-1959578541-subnet', 'tenant_id': '18263a5736e54231ad71a3cacb29b028', 'network_id': '23b783d2-2f24-49dc-b787-9bc360a03cd3', 'ip_version': 4, 'subnetpool_id': None, 'enable_dhcp': True, 'ipv6_ra_mode': None, 'ipv6_address_mode': None, 'gateway_ip': '192.168.128.1', 'cidr': '192.168.128.0/28', 'allocation_pools': [{'start': '192.168.128.2', 'end': '192.168.128.14'}], 'host_routes': [], 'dns_nameservers': [], 'description': '', 'router:external': False, 'service_types': [], 'tags': [], 'created_at': '2025-12-01T06:38:30Z', 'updated_at': '2025-12-01T06:38:30Z', 'revision_number': 0, 'project_id': '18263a5736e54231ad71a3cacb29b028'}, Router: {'id': '059e20b8-46b1-4ae7-98be-6dbdfadc48fc', 'name': 'tempest-ServersTestFqdnHostnames-1959578541-router', 'tenant_id': '18263a5736e54231ad71a3cacb29b028', 'admin_state_up': True, 'status': 'ACTIVE', 'external_gateway_info': {'network_id': 'da0d9792-bc8f-4a91-8490-8c72fa9a6a39', 'external_fixed_ips': [{'subnet_id': 'b85f7174-9c56-4f87-a28e-1a78c845abcf', 'ip_address': '10.180.180.173'}], 'enable_snat': True}, 'description': '', 'availability_zones': [], 'distributed': False, 'ha': False, 'availability_zone_hints': [], 'routes': [], 'flavor_id': None, 'tags': [], 'created_at': '2025-12-01T06:38:30Z', 'updated_at': '2025-12-01T06:38:31Z', 'revision_number': 2, 'project_id': '18263a5736e54231ad71a3cacb29b028'}
2025-12-01 06:38:33.117 65839 INFO tempest.lib.common.rest_client [req-d8ad3c94-eb75-4f5a-87d2-4cfdbec2333a req-d8ad3c94-eb75-4f5a-87d2-4cfdbec2333a ] Request (ServersTestJSON:setUpClass): 200 GET http://10.180.1.21/compute/v2.1/servers/fdca127b-6482-4d08-bddc-a43167df9cfb 4.076s
2025-12-01 06:38:33.149 65863 INFO tempest.lib.common.rest_client [req-375fc987-9041-4419-b4fc-1cbd289b4f2d req-375fc987-9041-4419-b4fc-1cbd289b4f2d ] Request (ListServerFiltersTestJSON:setUpClass): 200 GET http://10.180.1.21/compute/v2.1/servers/ef8ee289-43ea-4622-a923-2c5399847b57 4.426s
2025-12-01 06:38:33.200 65843 INFO tempest.lib.common.rest_client [req-0ca6f321-c423-4775-baa8-375ceebaf415 req-0ca6f321-c423-4775-baa8-375ceebaf415 ] Request (ServersTestFqdnHostnames:setUpClass): 201 POST http://10.180.1.21/identity/v3/auth/tokens 0.108s
2025-12-01 06:38:33.224 65893 INFO tempest.lib.common.rest_client [req-3f549bde-f3fb-4bed-b630-e7f99062e528 req-3f549bde-f3fb-4bed-b630-e7f99062e528 ] Request (AttachInterfacesTestJSON:test_create_list_show_delete_interfaces_by_fixed_ip): 200 GET http://10.180.1.21/compute/v2.1/servers/cb77d6e3-13d9-46b0-96e4-54b43f7c7a0a 3.716s
2025-12-01 06:38:33.280 65861 INFO tempest.lib.common.rest_client [req-090f6a18-1160-4b38-b01a-f8d266d32329 req-090f6a18-1160-4b38-b01a-f8d266d32329 ] Request (ServerRescueTestJSON:setUpClass): 200 GET http://10.180.1.21/compute/v2.1/servers/049aaccd-0332-4fa4-a1ba-17d7722decdb 4.120s
2025-12-01 06:38:33.285 65847 INFO tempest.lib.common.rest_client [req-691a887a-b042-4b28-aabd-9b0de38638eb req-691a887a-b042-4b28-aabd-9b0de38638eb ] Request (ServerActionsTestOtherA:setUpClass): 200 GET http://10.180.1.21/compute/v2.1/servers/d5e7faa5-7b22-4c5b-816b-a0469646f77f 3.757s
2025-12-01 06:38:33.289 65861 INFO tempest.common.waiters [-] State transition "BUILD/networking" ==> "BUILD/spawning" after 34 second wait
2025-12-01 06:38:33.349 65853 INFO tempest.lib.common.rest_client [req-bb137606-ce5f-411d-b9d6-8e2441d881fb req-bb137606-ce5f-411d-b9d6-8e2441d881fb ] Request (ServerDiagnosticsTest:tearDownClass): 200 GET http://10.180.1.21/compute/v2.1/servers/1321d4fa-a370-4159-84e3-cdddaa0e1ede 3.688s
2025-12-01 06:38:33.358 65877 INFO tempest.lib.common.rest_client [req-627fbf4f-1c0f-434b-88db-a2844ceb14b3 req-627fbf4f-1c0f-434b-88db-a2844ceb14b3 ] Request (ServersListShow296Test:test_list_show_update_rebuild_server_296): 200 GET http://10.180.1.21/compute/v2.1/servers/79bf8ea9-1923-4e70-8e2c-e11af4aa5973 3.507s
2025-12-01 06:38:33.439 65845 INFO tempest.lib.common.rest_client [req-dda3658a-d714-4816-866f-419d6c624ae0 req-dda3658a-d714-4816-866f-419d6c624ae0 ] Request (ServersTestManualDisk:tearDownClass): 200 GET http://10.180.1.21/compute/v2.1/servers/4a3485fd-919f-49c1-9c7f-d13ad3d279b1 2.910s
2025-12-01 06:38:33.460 65865 INFO tempest.lib.common.rest_client [req-a7cb0cd0-009f-42aa-bbfd-988d0a32f628 req-a7cb0cd0-009f-42aa-bbfd-988d0a32f628 ] Request (FlavorsV2TestJSON:test_list_flavors_with_detail): 200 GET http://10.180.1.21/compute/v2.1/flavors/detail 2.583s
2025-12-01 06:38:33.481 65885 INFO tempest.lib.common.rest_client [req-e6397a49-b337-4c5e-80a1-891afa5e64d1 req-e6397a49-b337-4c5e-80a1-891afa5e64d1 ] Request (KeyPairsV22TestJSON:_run_cleanups): 204 DELETE http://10.180.1.21/compute/v2.1/os-keypairs/tempest-KeyPairsV22TestJSON-keypair-1768693272 2.598s
2025-12-01 06:38:33.518 65837 INFO tempest.lib.common.rest_client [req-b77d2fab-550e-42b7-95e9-6ba90ece3add req-b77d2fab-550e-42b7-95e9-6ba90ece3add ] Request (ServersAdminTestJSON:test_inject_network_info): 200 GET http://10.180.1.21/compute/v2.1/servers/6d7b881c-facf-4138-be2d-391633018358 3.005s
2025-12-01 06:38:33.524 65867 INFO tempest.lib.common.rest_client [req-8a41759f-a51a-4726-b20d-856b2bfd2228 req-8a41759f-a51a-4726-b20d-856b2bfd2228 ] Request (VolumesAssistedSnapshotsTest:test_volume_assisted_snapshot_create_delete): 204 DELETE http://10.180.1.21/compute/v2.1/os-assisted-volume-snapshots/None?delete_info=%7B%22volume_id%22%3A+%227170b6db-734f-4c17-9070-7299c4539897%22%7D 2.496s
2025-12-01 06:38:33.540 65871 INFO tempest.lib.common.rest_client [req-7ad6aa73-12ff-4544-9288-a9c2c7f23704 req-7ad6aa73-12ff-4544-9288-a9c2c7f23704 ] Request (MigrationsAdminTest:test_resize_server_revert_deleted_flavor): 200 GET http://10.180.1.21/compute/v2.1/flavors/42 1.938s
2025-12-01 06:38:33.560 65867 INFO tempest.lib.common.rest_client [req-d56398a1-bf03-4dd7-a73a-0431572700f0 req-d56398a1-bf03-4dd7-a73a-0431572700f0 ] Request (VolumesAssistedSnapshotsTest:_run_cleanups): 200 GET http://10.180.1.21/volume/v3/volumes/7170b6db-734f-4c17-9070-7299c4539897 0.035s
2025-12-01 06:38:33.592 65895 INFO tempest.lib.common.rest_client [req-faa678b6-b545-408b-bf91-bfa6a413cd22 req-faa678b6-b545-408b-bf91-bfa6a413cd22 ] Request (ListImageFiltersTestJSON:setUpClass): 200 GET http://10.180.1.21/compute/v2.1/images/30f8a48d-6aa8-4ab7-a4fa-2b92793bbae0 1.948s
2025-12-01 06:38:33.594 65849 INFO tempest.lib.common.rest_client [req-c59c1367-f6ce-4006-acc7-bb3923cfa313 req-c59c1367-f6ce-4006-acc7-bb3923cfa313 ] Request (KeyPairsNegativeTestJSON:test_create_keypair_with_long_keynames): 400 POST http://10.180.1.21/compute/v2.1/os-keypairs 1.873s
2025-12-01 06:38:33.606 65887 INFO tempest.lib.common.rest_client [req-7384ac4f-2ef2-4a49-8f29-f8c1771de3b6 req-7384ac4f-2ef2-4a49-8f29-f8c1771de3b6 ] Request (AttachInterfacesUnderV243Test:_run_cleanups): 200 GET http://10.180.1.21/compute/v2.1/servers/ba75545a-61a2-4a80-b5bf-72bfc47badb1 2.450s
2025-12-01 06:38:33.684 65883 INFO tempest.lib.common.rest_client [req-1861fb52-93f5-453b-867d-e40a1b41a55b req-1861fb52-93f5-453b-867d-e40a1b41a55b ] Request (ServersAdmin275Test:tearDownClass): 200 GET http://10.180.1.21/compute/v2.1/servers/f15c8c2f-4a13-44c0-8949-b862d531010f 1.799s
2025-12-01 06:38:33.706 65835 INFO tempest.lib.common.rest_client [req-4c479c98-44e0-4a4f-bf97-5edc5365859b req-4c479c98-44e0-4a4f-bf97-5edc5365859b ] Request (TenantUsagesTestJSON:setUpClass): 200 GET http://10.180.1.21/compute/v2.1/servers/2aa6b1a6-9104-4ad5-9cd5-4548c0561c14 1.849s
2025-12-01 06:38:33.716 65835 INFO tempest.common.waiters [-] State transition "BUILD/spawning" ==> "ACTIVE/None" after 39 second wait
2025-12-01 06:38:33.782 65881 INFO tempest.lib.common.rest_client [req-d079adb0-c6df-4476-855a-b86eb695fdb9 req-d079adb0-c6df-4476-855a-b86eb695fdb9 ] Request (ServersTestBootFromVolume:tearDownClass): 200 GET http://10.180.1.21/compute/v2.1/servers/c7d1d70d-3d48-4bec-b648-e76e4608d4cb 1.192s
2025-12-01 06:38:33.812 65875 INFO tempest.lib.common.rest_client [req-1b5c7cfe-ad60-4198-b161-9eabaf752935 req-1b5c7cfe-ad60-4198-b161-9eabaf752935 ] Request (DeleteServersAdminTestJSON:test_delete_server_while_in_error_state): 404 GET http://10.180.1.21/compute/v2.1/servers/aaf107bd-50d1-4507-a4d4-824a3f775623 1.213s
2025-12-01 06:38:33.833 65879 INFO tempest.lib.common.rest_client [req-0f564e34-15ef-441b-a28f-a25103d104fb req-0f564e34-15ef-441b-a28f-a25103d104fb ] Request (AggregatesAdminNegativeTestJSON:_run_cleanups): 200 DELETE http://10.180.1.21/compute/v2.1/os-aggregates/8 1.222s
2025-12-01 06:38:33.925 65879 INFO tempest.lib.common.rest_client [req-bba029bb-d7c9-4bb3-8c97-4a261ba71e81 req-bba029bb-d7c9-4bb3-8c97-4a261ba71e81 ] Request (AggregatesAdminNegativeTestJSON:tearDownClass): 204 DELETE http://10.180.1.21/identity/v3/users/2ad511fa4b9e4c0b8324994f6a56b841 0.088s
2025-12-01 06:38:34.026 65879 INFO tempest.lib.common.rest_client [req-b680ac75-1848-45c2-9e80-05b985e552c5 req-b680ac75-1848-45c2-9e80-05b985e552c5 ] Request (AggregatesAdminNegativeTestJSON:tearDownClass): 204 DELETE http://10.180.1.21/identity/v3/users/20863741324740db9a34fc6a95188eb2 0.101s
2025-12-01 06:38:34.026 65879 INFO tempest.lib.common.dynamic_creds [-] Deleting project and security group for project: 6dd4bb8351224bd7b7de0a24c246742a
2025-12-01 06:38:34.052 65895 INFO tempest.lib.common.rest_client [req-c92c2fea-7c75-43b4-a141-7cf9131abd16 req-c92c2fea-7c75-43b4-a141-7cf9131abd16 ] Request (ListImageFiltersTestJSON:setUpClass): 201 POST http://10.180.1.21/image/v2/images 0.455s
2025-12-01 06:38:34.094 65879 INFO tempest.lib.common.rest_client [req-9b7dde04-4c3f-412a-8980-d83c2127f7a0 req-9b7dde04-4c3f-412a-8980-d83c2127f7a0 ] Request (AggregatesAdminNegativeTestJSON:tearDownClass): 201 POST http://10.180.1.21/identity/v3/auth/tokens 0.067s
2025-12-01 06:38:34.177 65851 INFO tempest.lib.common.rest_client [req-a5fff8ec-ef94-4805-9606-d6c07981f854 req-a5fff8ec-ef94-4805-9606-d6c07981f854 ] Request (ListServersNegativeTestJSON:setUpClass): 202 POST http://10.180.1.21/compute/v2.1/servers 1.933s
2025-12-01 06:38:34.260 65859 INFO tempest.lib.common.rest_client [req-c902e8ee-8ade-49fb-990e-9074e62d5b73 req-c902e8ee-8ade-49fb-990e-9074e62d5b73 ] Request (ServerRescueTestJSONUnderV235:setUpClass): 202 POST http://10.180.1.21/compute/v2.1/servers 1.563s
2025-12-01 06:38:34.336 65879 INFO tempest.lib.common.rest_client [req-c67a3c31-01da-4dcf-8606-5b6c5cc5e8d6 req-c67a3c31-01da-4dcf-8606-5b6c5cc5e8d6 ] Request (AggregatesAdminNegativeTestJSON:tearDownClass): 200 GET http://10.180.1.21/networking/v2.0/security-groups?tenant_id=6dd4bb8351224bd7b7de0a24c246742a&name=default 0.240s
2025-12-01 06:38:34.383 65855 INFO tempest.lib.common.rest_client [req-ee46305f-2e7d-4935-8377-78cbaed7524c req-ee46305f-2e7d-4935-8377-78cbaed7524c ] Request (SecurityGroupsTestJSON:test_list_security_groups_by_server): 200 GET http://10.180.1.21/compute/v2.1/servers/c5e60097-9a02-49d5-9c05-ec74e5e8a69f/os-security-groups 1.329s
2025-12-01 06:38:34.513 65879 INFO tempest.lib.common.rest_client [req-0416a726-8415-45df-b4ab-ff366b8c352b req-0416a726-8415-45df-b4ab-ff366b8c352b ] Request (AggregatesAdminNegativeTestJSON:tearDownClass): 204 DELETE http://10.180.1.21/networking/v2.0/security-groups/67b3fd5f-8244-426c-8687-18045a058063 0.177s
2025-12-01 06:38:34.599 65843 INFO tempest.lib.common.rest_client [req-b192f931-e3aa-4689-a012-60749d2158bc req-b192f931-e3aa-4689-a012-60749d2158bc ] Request (ServersTestFqdnHostnames:test_create_server_with_fqdn_name): 200 POST http://10.180.1.21/compute/v2.1/os-keypairs 1.397s
2025-12-01 06:38:34.620 65865 INFO tempest.lib.common.rest_client [req-45d25b9d-35f3-453b-8ad0-ad0976e82f3a req-45d25b9d-35f3-453b-8ad0-ad0976e82f3a ] Request (FlavorsV2TestJSON:test_list_flavors_with_detail): 200 GET http://10.180.1.21/compute/v2.1/flavors/42 1.153s
2025-12-01 06:38:34.639 65885 INFO tempest.lib.common.rest_client [req-fd8323cc-7ba8-4d0b-9866-055baec8ce4d req-fd8323cc-7ba8-4d0b-9866-055baec8ce4d ] Request (KeyPairsV22TestJSON:_run_cleanups): 204 DELETE http://10.180.1.21/compute/v2.1/os-keypairs/tempest-KeyPairsV22TestJSON-keypair-1341403651 1.157s
2025-12-01 06:38:34.642 65879 INFO tempest.lib.common.rest_client [req-92463d7c-0c78-4682-9028-d14b41ba732d req-92463d7c-0c78-4682-9028-d14b41ba732d ] Request (AggregatesAdminNegativeTestJSON:tearDownClass): 204 DELETE http://10.180.1.21/identity/v3/projects/6dd4bb8351224bd7b7de0a24c246742a 0.128s
2025-12-01 06:38:34.642 65879 INFO tempest.lib.common.dynamic_creds [-] Deleting project and security group for project: aeb2939712dc4ed1a74dae1e43cf96cf
2025-12-01 06:38:34.655 65871 INFO tempest.lib.common.rest_client [req-531e9cd6-4355-4ddc-ad88-4d6f0dc95edd req-531e9cd6-4355-4ddc-ad88-4d6f0dc95edd ] Request (MigrationsAdminTest:test_resize_server_revert_deleted_flavor): 200 POST http://10.180.1.21/compute/v2.1/flavors 1.113s
2025-12-01 06:38:34.732 65843 INFO tempest.lib.common.rest_client [req-ae31456a-b614-40d9-abc7-0b52a3e07fc1 req-ae31456a-b614-40d9-abc7-0b52a3e07fc1 ] Request (ServersTestFqdnHostnames:test_create_server_with_fqdn_name): 201 POST http://10.180.1.21/networking/v2.0/security-groups 0.131s
2025-12-01 06:38:34.779 65865 INFO tempest.lib.common.rest_client [req-ebe1a5b6-5330-4fd4-900e-9baa2fa09923 req-ebe1a5b6-5330-4fd4-900e-9baa2fa09923 ] Request (FlavorsV2TestJSON:tearDownClass): 204 DELETE http://10.180.1.21/identity/v3/users/6672501f7757474badc8d4c7eb25ca60 0.154s
2025-12-01 06:38:34.780 65865 INFO tempest.lib.common.dynamic_creds [-] Deleting project and security group for project: 383887735d0844f8bc0ac6af34b6bf65
2025-12-01 06:38:34.846 65867 INFO tempest.lib.common.rest_client [req-08baf245-0f2d-4b2a-86d2-54a5e874b05b req-08baf245-0f2d-4b2a-86d2-54a5e874b05b ] Request (VolumesAssistedSnapshotsTest:_run_cleanups): 202 DELETE http://10.180.1.21/compute/v2.1/servers/edf956cd-6b97-41e7-9878-3e324e8689bf/os-volume_attachments/7170b6db-734f-4c17-9070-7299c4539897 1.277s
2025-12-01 06:38:34.865 65879 INFO tempest.lib.common.rest_client [req-e316ad59-0852-45ea-81cf-68828780a171 req-e316ad59-0852-45ea-81cf-68828780a171 ] Request (AggregatesAdminNegativeTestJSON:tearDownClass): 200 GET http://10.180.1.21/networking/v2.0/security-groups?tenant_id=aeb2939712dc4ed1a74dae1e43cf96cf&name=default 0.223s
2025-12-01 06:38:34.876 65865 INFO tempest.lib.common.rest_client [req-a1996945-97d4-485f-a4c7-71125abc9d9d req-a1996945-97d4-485f-a4c7-71125abc9d9d ] Request (FlavorsV2TestJSON:tearDownClass): 201 POST http://10.180.1.21/identity/v3/auth/tokens 0.096s
2025-12-01 06:38:34.973 65843 INFO tempest.lib.common.rest_client [req-47d4c075-1bd0-4b5d-9f1e-09f6e15300f6 req-47d4c075-1bd0-4b5d-9f1e-09f6e15300f6 ] Request (ServersTestFqdnHostnames:test_create_server_with_fqdn_name): 201 POST http://10.180.1.21/networking/v2.0/security-group-rules 0.240s
2025-12-01 06:38:34.986 65879 INFO tempest.lib.common.rest_client [req-9647bbe3-2b69-471b-82db-e06e192f507c req-9647bbe3-2b69-471b-82db-e06e192f507c ] Request (AggregatesAdminNegativeTestJSON:tearDownClass): 204 DELETE http://10.180.1.21/networking/v2.0/security-groups/bae169e1-a7c3-4a25-9e18-e2b8ce6fd9cc 0.120s
2025-12-01 06:38:35.022 65863 INFO tempest.lib.common.rest_client [req-df5692fb-4363-4f2c-bea5-cf1cbb1469bb req-df5692fb-4363-4f2c-bea5-cf1cbb1469bb ] Request (ListServerFiltersTestJSON:setUpClass): 200 GET http://10.180.1.21/compute/v2.1/servers/ff720f13-03ae-4d1f-b714-21ea4423a29d 1.864s
2025-12-01 06:38:35.034 65841 INFO tempest.lib.common.rest_client [req-befbd264-6775-4711-8ec1-429b566cfb7e req-befbd264-6775-4711-8ec1-429b566cfb7e ] Request (ServerDiskConfigTestJSON:test_rebuild_server_with_manual_disk_config): 200 GET http://10.180.1.21/compute/v2.1/servers/b762d58c-6361-4521-852f-735f795dedc9 1.461s
2025-12-01 06:38:35.066 65849 INFO tempest.lib.common.rest_client [req-669afe3b-aed2-4adf-b3c2-7ae017af9d76 req-669afe3b-aed2-4adf-b3c2-7ae017af9d76 ] Request (KeyPairsNegativeTestJSON:test_keypair_create_with_invalid_pub_key): 400 POST http://10.180.1.21/compute/v2.1/os-keypairs 1.467s
2025-12-01 06:38:35.089 65879 INFO tempest.lib.common.rest_client [req-1b3f714b-3817-42df-a04d-be69e940f444 req-1b3f714b-3817-42df-a04d-be69e940f444 ] Request (AggregatesAdminNegativeTestJSON:tearDownClass): 204 DELETE http://10.180.1.21/identity/v3/projects/aeb2939712dc4ed1a74dae1e43cf96cf 0.103s
2025-12-01 06:38:35.133 65843 INFO tempest.lib.common.rest_client [req-f0ee499b-595e-4281-843b-563af797ab6f req-f0ee499b-595e-4281-843b-563af797ab6f ] Request (ServersTestFqdnHostnames:test_create_server_with_fqdn_name): 201 POST http://10.180.1.21/networking/v2.0/security-group-rules 0.159s
2025-12-01 06:38:35.179 65891 WARNING tempest.lib.common.ssh [-] Failed to establish authenticated ssh connection to cirros@10.180.180.190 ([Errno None] Unable to connect to port 22 on 10.180.180.190). Number attempts: 5. Retry after 6 seconds.: paramiko.ssh_exception.NoValidConnectionsError: [Errno None] Unable to connect to port 22 on 10.180.180.190
2025-12-01 06:38:35.192 65865 INFO tempest.lib.common.rest_client [req-024d2a0c-f440-4781-b525-8f7a420d7c4e req-024d2a0c-f440-4781-b525-8f7a420d7c4e ] Request (FlavorsV2TestJSON:tearDownClass): 200 GET http://10.180.1.21/networking/v2.0/security-groups?tenant_id=383887735d0844f8bc0ac6af34b6bf65&name=default 0.315s
2025-12-01 06:38:35.222 65873 INFO tempest.lib.common.rest_client [req-45d24518-a514-4903-8792-78f6e41ccc58 req-45d24518-a514-4903-8792-78f6e41ccc58 ] Request (MultipleCreateTestJSON:_run_cleanups): 200 GET http://10.180.1.21/compute/v2.1/servers/ca41d270-6883-4b9a-bda9-1606148e4ce9 1.422s
2025-12-01 06:38:35.228 65879 INFO tempest.lib.common.rest_client [req-4076a56a-af7a-4140-a278-2c094c660429 req-4076a56a-af7a-4140-a278-2c094c660429 ] Request (FlavorsExtraSpecsTestJSON:setUpClass): 201 POST http://10.180.1.21/identity/v3/auth/tokens 0.136s
2025-12-01 06:38:35.237 65835 INFO tempest.lib.common.rest_client [req-d573f0d9-33d8-4dc0-ae8e-9ec8f466e3c9 req-d573f0d9-33d8-4dc0-ae8e-9ec8f466e3c9 ] Request (TenantUsagesTestJSON:test_get_usage_tenant): 200 GET http://10.180.1.21/compute/v2.1/os-simple-tenant-usage/8d0c8398f47c49ffae640d6416590e03?start=2025-11-30T06%3A38%3A33.716656&end=2025-12-02T06%3A38%3A33.716656 1.519s
2025-12-01 06:38:35.245 65875 INFO tempest.lib.common.rest_client [req-9efefb0c-c299-4f5e-966a-fb672624ab8b req-9efefb0c-c299-4f5e-966a-fb672624ab8b ] Request (DeleteServersAdminTestJSON:tearDownClass): 404 DELETE http://10.180.1.21/compute/v2.1/servers/aaf107bd-50d1-4507-a4d4-824a3f775623 1.432s
2025-12-01 06:38:35.264 65879 INFO tempest.lib.common.rest_client [req-e9cf0bbb-c38d-44c8-8dba-d15c3ee43bc3 req-e9cf0bbb-c38d-44c8-8dba-d15c3ee43bc3 ] Request (FlavorsExtraSpecsTestJSON:setUpClass): 201 POST http://10.180.1.21/identity/v3/auth/tokens 0.029s
2025-12-01 06:38:35.296 65879 INFO tempest.lib.common.rest_client [req-ddcb1e3b-79ba-4651-a605-79b684be26f1 req-ddcb1e3b-79ba-4651-a605-79b684be26f1 ] Request (FlavorsExtraSpecsTestJSON:setUpClass): 200 GET http://10.180.1.21/identity/v3/domains?name=Default 0.031s
2025-12-01 06:38:35.301 65865 INFO tempest.lib.common.rest_client [req-b1d4f8fe-281d-4b8a-9e86-9e1cf7ff7302 req-b1d4f8fe-281d-4b8a-9e86-9e1cf7ff7302 ] Request (FlavorsV2TestJSON:tearDownClass): 204 DELETE http://10.180.1.21/networking/v2.0/security-groups/65eb50f4-c754-40a5-bae0-3ab2232194ad 0.108s
2025-12-01 06:38:35.305 65851 INFO tempest.lib.common.rest_client [req-2f9d3bc3-b346-41b3-8bcc-d2f6256ade35 req-2f9d3bc3-b346-41b3-8bcc-d2f6256ade35 ] Request (ListServersNegativeTestJSON:setUpClass): 200 GET http://10.180.1.21/compute/v2.1/servers 1.126s
2025-12-01 06:38:35.330 65839 INFO tempest.lib.common.rest_client [req-43ff8d31-22d1-41a8-808e-eeca8bdd734a req-43ff8d31-22d1-41a8-808e-eeca8bdd734a ] Request (ServersTestJSON:setUpClass): 200 GET http://10.180.1.21/compute/v2.1/servers/fdca127b-6482-4d08-bddc-a43167df9cfb 1.199s
2025-12-01 06:38:35.333 65879 INFO tempest.lib.common.rest_client [req-dc4aafdc-bfc7-436b-baff-d88acd03637d req-dc4aafdc-bfc7-436b-baff-d88acd03637d ] Request (FlavorsExtraSpecsTestJSON:setUpClass): 201 POST http://10.180.1.21/identity/v3/projects 0.037s
2025-12-01 06:38:35.361 65893 INFO tempest.lib.common.rest_client [req-1824403a-1adb-46e9-bbde-c96d3c87e966 req-1824403a-1adb-46e9-bbde-c96d3c87e966 ] Request (AttachInterfacesTestJSON:test_create_list_show_delete_interfaces_by_fixed_ip): 200 GET http://10.180.1.21/compute/v2.1/servers/cb77d6e3-13d9-46b0-96e4-54b43f7c7a0a 1.129s
2025-12-01 06:38:35.395 65859 INFO tempest.lib.common.rest_client [req-8d14cc00-f628-4fbf-a26c-546e7db450a9 req-8d14cc00-f628-4fbf-a26c-546e7db450a9 ] Request (ServerRescueTestJSONUnderV235:setUpClass): 200 GET http://10.180.1.21/compute/v2.1/servers/49cb9f90-9eb8-4c27-a4a1-51fc6ec238c4 1.131s
2025-12-01 06:38:35.421 65879 INFO tempest.lib.common.rest_client [req-776f64e9-e6b5-4821-bef9-ce80e4734e40 req-776f64e9-e6b5-4821-bef9-ce80e4734e40 ] Request (FlavorsExtraSpecsTestJSON:setUpClass): 201 POST http://10.180.1.21/identity/v3/users 0.087s
2025-12-01 06:38:35.436 65865 INFO tempest.lib.common.rest_client [req-c1ca46b4-8bf1-4fda-b8c4-ab68e57aad14 req-c1ca46b4-8bf1-4fda-b8c4-ab68e57aad14 ] Request (FlavorsV2TestJSON:tearDownClass): 204 DELETE http://10.180.1.21/identity/v3/projects/383887735d0844f8bc0ac6af34b6bf65 0.134s
2025-12-01 06:38:35.437 65865 INFO tempest.test [-] raised in NoVNCConsoleTestJSON.setUpClass. Invoking tearDownClass.
2025-12-01 06:38:35.484 65847 INFO tempest.lib.common.rest_client [req-1ad8a886-ebe8-48a8-8e15-15086272ce86 req-1ad8a886-ebe8-48a8-8e15-15086272ce86 ] Request (ServerActionsTestOtherA:setUpClass): 200 GET http://10.180.1.21/compute/v2.1/servers/d5e7faa5-7b22-4c5b-816b-a0469646f77f 1.188s
2025-12-01 06:38:35.505 65879 INFO tempest.lib.common.rest_client [req-ea394b2e-2a9e-4799-bf8a-9fe158b1af24 req-ea394b2e-2a9e-4799-bf8a-9fe158b1af24 ] Request (FlavorsExtraSpecsTestJSON:setUpClass): 200 GET http://10.180.1.21/identity/v3/roles 0.083s
2025-12-01 06:38:35.506 65861 INFO tempest.lib.common.rest_client [req-3257c98e-8c18-47ba-bbed-07d324ae7204 req-3257c98e-8c18-47ba-bbed-07d324ae7204 ] Request (ServerRescueTestJSON:setUpClass): 200 GET http://10.180.1.21/compute/v2.1/servers/049aaccd-0332-4fa4-a1ba-17d7722decdb 1.215s
2025-12-01 06:38:35.558 65865 INFO tempest.lib.common.rest_client [req-47f5719a-c470-453d-ad8a-8ebd2847ce31 req-47f5719a-c470-453d-ad8a-8ebd2847ce31 ] Request (QuotasTestJSON:setUpClass): 201 POST http://10.180.1.21/identity/v3/auth/tokens 0.116s
2025-12-01 06:38:35.566 65879 INFO tempest.lib.common.rest_client [req-d5589cba-1a5e-4e45-b994-4ed8f52bee8f req-d5589cba-1a5e-4e45-b994-4ed8f52bee8f ] Request (FlavorsExtraSpecsTestJSON:setUpClass): 204 PUT http://10.180.1.21/identity/v3/projects/ebeaa0a1a501480ba3cb806f6954c5b9/users/31237ce5c8b24cb79145197b19c0f479/roles/dde0a18b4b564027a72418980ba0ee63 0.060s
2025-12-01 06:38:35.566 65879 INFO tempest.lib.common.dynamic_creds [-] Dynamic test user 31237ce5c8b24cb79145197b19c0f479 is created with scope project and roles: ['member']
2025-12-01 06:38:35.566 65879 INFO tempest.lib.common.dynamic_creds [-] Acquired dynamic creds: credentials: Credentials: {'domain_id': 'default', 'domain_name': 'Default', 'username': 'tempest-FlavorsExtraSpecsTestJSON-1544242862-project-member', 'project_domain_id': 'default', 'project_domain_name': 'Default', 'project_id': 'ebeaa0a1a501480ba3cb806f6954c5b9', 'project_name': 'tempest-FlavorsExtraSpecsTestJSON-1544242862', 'tenant_id': 'ebeaa0a1a501480ba3cb806f6954c5b9', 'tenant_name': 'tempest-FlavorsExtraSpecsTestJSON-1544242862', 'user_domain_id': 'default', 'user_domain_name': 'Default', 'user_id': '31237ce5c8b24cb79145197b19c0f479', 'system': None}, Network: None, Subnet: None, Router: None
2025-12-01 06:38:35.566 65879 INFO tempest.lib.common.dynamic_creds [-] Created isolated network resources for: credentials: Credentials: {'domain_id': 'default', 'domain_name': 'Default', 'username': 'tempest-FlavorsExtraSpecsTestJSON-1544242862-project-member', 'project_domain_id': 'default', 'project_domain_name': 'Default', 'project_id': 'ebeaa0a1a501480ba3cb806f6954c5b9', 'project_name': 'tempest-FlavorsExtraSpecsTestJSON-1544242862', 'tenant_id': 'ebeaa0a1a501480ba3cb806f6954c5b9', 'tenant_name': 'tempest-FlavorsExtraSpecsTestJSON-1544242862', 'user_domain_id': 'default', 'user_domain_name': 'Default', 'user_id': '31237ce5c8b24cb79145197b19c0f479', 'system': None}, Network: None, Subnet: None, Router: None
2025-12-01 06:38:35.640 65865 INFO tempest.lib.common.rest_client [req-feff040b-bf38-4c9b-8b8c-7ad5f6a794c5 req-feff040b-bf38-4c9b-8b8c-7ad5f6a794c5 ] Request (QuotasTestJSON:setUpClass): 201 POST http://10.180.1.21/identity/v3/auth/tokens 0.075s
2025-12-01 06:38:35.665 65877 INFO tempest.lib.common.rest_client [req-f5dc1674-2bcb-4cea-8fc3-17caf5b905ea req-f5dc1674-2bcb-4cea-8fc3-17caf5b905ea ] Request (ServersListShow296Test:test_list_show_update_rebuild_server_296): 200 GET http://10.180.1.21/compute/v2.1/servers/79bf8ea9-1923-4e70-8e2c-e11af4aa5973 1.291s
2025-12-01 06:38:35.671 65853 INFO tempest.lib.common.rest_client [req-7ae38f19-a216-48b7-9d02-1417e7a28971 req-7ae38f19-a216-48b7-9d02-1417e7a28971 ] Request (ServerDiagnosticsTest:tearDownClass): 200 GET http://10.180.1.21/compute/v2.1/servers/1321d4fa-a370-4159-84e3-cdddaa0e1ede 1.306s
2025-12-01 06:38:35.681 65877 INFO tempest.common.waiters [-] State transition "BUILD/None" ==> "BUILD/networking" after 36 second wait
2025-12-01 06:38:35.740 65865 INFO tempest.lib.common.rest_client [req-5ddb0c18-878d-4c56-a544-79ac6fc414f7 req-5ddb0c18-878d-4c56-a544-79ac6fc414f7 ] Request (QuotasTestJSON:setUpClass): 200 GET http://10.180.1.21/identity/v3/domains?name=Default 0.099s
2025-12-01 06:38:35.744 65843 INFO tempest.lib.common.rest_client [req-1b18ba34-3c8a-4fd9-a360-a3f383cef752 req-1b18ba34-3c8a-4fd9-a360-a3f383cef752 ] Request (ServersTestFqdnHostnames:test_create_server_with_fqdn_name): 201 POST http://10.180.1.21/networking/v2.0/floatingips 0.610s
2025-12-01 06:38:35.748 65879 INFO tempest.lib.common.rest_client [req-a97b8278-7ce3-4364-8b6d-eb37ad2fc2de req-a97b8278-7ce3-4364-8b6d-eb37ad2fc2de ] Request (FlavorsExtraSpecsTestJSON:setUpClass): 201 POST http://10.180.1.21/identity/v3/auth/tokens 0.177s
2025-12-01 06:38:35.774 65865 INFO tempest.lib.common.rest_client [req-0369c02a-cf20-4739-8750-72771ea53bf5 req-0369c02a-cf20-4739-8750-72771ea53bf5 ] Request (QuotasTestJSON:setUpClass): 201 POST http://10.180.1.21/identity/v3/projects 0.033s
2025-12-01 06:38:35.828 65845 INFO tempest.lib.common.rest_client [req-d12d154e-34f9-4bad-bb24-1f835b51dc15 req-d12d154e-34f9-4bad-bb24-1f835b51dc15 ] Request (ServersTestManualDisk:tearDownClass): 200 GET http://10.180.1.21/compute/v2.1/servers/4a3485fd-919f-49c1-9c7f-d13ad3d279b1 1.377s
2025-12-01 06:38:35.838 65843 INFO tempest.lib.common.rest_client [req-7103c91a-2bfa-4455-b443-5128c6079e36 req-7103c91a-2bfa-4455-b443-5128c6079e36 ] Request (ServersTestFqdnHostnames:test_create_server_with_fqdn_name): 201 POST http://10.180.1.21/identity/v3/auth/tokens 0.091s
2025-12-01 06:38:35.838 65843 INFO tempest.lib.common.fixed_network [-] (ServersTestFqdnHostnames:test_create_server_with_fqdn_name) Found network {'id': '23b783d2-2f24-49dc-b787-9bc360a03cd3', 'name': 'tempest-ServersTestFqdnHostnames-1959578541-network', 'tenant_id': '18263a5736e54231ad71a3cacb29b028', 'project_id': '18263a5736e54231ad71a3cacb29b028', 'admin_state_up': True, 'mtu': 8950, 'status': 'ACTIVE', 'subnets': [], 'shared': False, 'port_security_enabled': True, 'router:external': False, 'provider:network_type': 'vlan', 'provider:physical_network': 'default', 'provider:segmentation_id': 988, 'availability_zone_hints': [], 'availability_zones': [], 'ipv4_address_scope': None, 'ipv6_address_scope': None, 'description': '', 'tags': [], 'created_at': '2025-12-01T06:38:29Z', 'updated_at': '2025-12-01T06:38:29Z', 'revision_number': 1} available for tenant
2025-12-01 06:38:35.901 65855 INFO tempest.lib.common.rest_client [req-b3d13891-6df4-42bf-a480-cac0a7ba4aea req-b3d13891-6df4-42bf-a480-cac0a7ba4aea ] Request (SecurityGroupsTestJSON:test_security_group_create_get_delete): 200 POST http://10.180.1.21/compute/v2.1/os-security-groups 1.512s
2025-12-01 06:38:35.903 65879 INFO tempest.lib.common.rest_client [req-1d419aea-e6c8-41c4-8fd4-2666d3cb0c33 req-1d419aea-e6c8-41c4-8fd4-2666d3cb0c33 ] Request (FlavorsExtraSpecsTestJSON:setUpClass): 201 POST http://10.180.1.21/identity/v3/projects 0.153s
2025-12-01 06:38:35.992 65865 INFO tempest.lib.common.rest_client [req-96bef992-0bdc-43bc-90aa-4afc1655327c req-96bef992-0bdc-43bc-90aa-4afc1655327c ] Request (QuotasTestJSON:setUpClass): 201 POST http://10.180.1.21/identity/v3/users 0.217s
2025-12-01 06:38:36.019 65879 INFO tempest.lib.common.rest_client [req-25b4788e-a27d-4fe6-8e56-de4d361822d3 req-25b4788e-a27d-4fe6-8e56-de4d361822d3 ] Request (FlavorsExtraSpecsTestJSON:setUpClass): 201 POST http://10.180.1.21/identity/v3/users 0.116s
2025-12-01 06:38:36.049 65887 INFO tempest.lib.common.rest_client [req-8ef5f8c0-d4ad-4b48-8ecf-2f30d55e7902 req-8ef5f8c0-d4ad-4b48-8ecf-2f30d55e7902 ] Request (AttachInterfacesUnderV243Test:_run_cleanups): 200 GET http://10.180.1.21/compute/v2.1/servers/ba75545a-61a2-4a80-b5bf-72bfc47badb1 1.432s
2025-12-01 06:38:36.055 65865 INFO tempest.lib.common.rest_client [req-b3200c26-4018-4fa1-bc58-9c1fe0a8fab4 req-b3200c26-4018-4fa1-bc58-9c1fe0a8fab4 ] Request (QuotasTestJSON:setUpClass): 200 GET http://10.180.1.21/identity/v3/roles 0.061s
2025-12-01 06:38:36.079 65879 INFO tempest.lib.common.rest_client [req-12044a10-7b52-49b2-9015-2f9b400c288f req-12044a10-7b52-49b2-9015-2f9b400c288f ] Request (FlavorsExtraSpecsTestJSON:setUpClass): 200 GET http://10.180.1.21/identity/v3/roles 0.059s
2025-12-01 06:38:36.085 65885 INFO tempest.lib.common.rest_client [req-d60df6a4-2cad-49e7-a12f-edbb082e3dd2 req-d60df6a4-2cad-49e7-a12f-edbb082e3dd2 ] Request (KeyPairsV22TestJSON:_run_cleanups): 204 DELETE http://10.180.1.21/compute/v2.1/os-keypairs/tempest-KeyPairsV22TestJSON-keypair-1427809439 1.444s
2025-12-01 06:38:36.088 65837 INFO tempest.lib.common.rest_client [req-29970cd1-5954-4d7f-8dea-2a7b64d866e0 req-29970cd1-5954-4d7f-8dea-2a7b64d866e0 ] Request (ServersAdminTestJSON:test_inject_network_info): 200 GET http://10.180.1.21/compute/v2.1/servers/6d7b881c-facf-4138-be2d-391633018358 1.555s
2025-12-01 06:38:36.103 65871 INFO tempest.lib.common.rest_client [req-644773d0-0695-4e69-87c8-f8458bb94e8e req-644773d0-0695-4e69-87c8-f8458bb94e8e ] Request (MigrationsAdminTest:test_resize_server_revert_deleted_flavor): 200 GET http://10.180.1.21/compute/v2.1/flavors/42/os-extra_specs 1.444s
2025-12-01 06:38:36.125 65865 INFO tempest.lib.common.rest_client [req-f6be6a7b-ba50-4fbe-b317-5c6135bc5803 req-f6be6a7b-ba50-4fbe-b317-5c6135bc5803 ] Request (QuotasTestJSON:setUpClass): 204 PUT http://10.180.1.21/identity/v3/projects/4bb8b19589a34e6ca961806904c4478c/users/60ae2c103dc54feeba4cb4273c6b3a1e/roles/dde0a18b4b564027a72418980ba0ee63 0.070s
2025-12-01 06:38:36.126 65865 INFO tempest.lib.common.dynamic_creds [-] Dynamic test user 60ae2c103dc54feeba4cb4273c6b3a1e is created with scope project and roles: ['member']
2025-12-01 06:38:36.126 65865 INFO tempest.lib.common.dynamic_creds [-] Acquired dynamic creds: credentials: Credentials: {'domain_id': 'default', 'domain_name': 'Default', 'username': 'tempest-QuotasTestJSON-1429630673-project-member', 'project_domain_id': 'default', 'project_domain_name': 'Default', 'project_id': '4bb8b19589a34e6ca961806904c4478c', 'project_name': 'tempest-QuotasTestJSON-1429630673', 'tenant_id': '4bb8b19589a34e6ca961806904c4478c', 'tenant_name': 'tempest-QuotasTestJSON-1429630673', 'user_domain_id': 'default', 'user_domain_name': 'Default', 'user_id': '60ae2c103dc54feeba4cb4273c6b3a1e', 'system': None}, Network: None, Subnet: None, Router: None
2025-12-01 06:38:36.126 65865 INFO tempest.lib.common.dynamic_creds [-] Created isolated network resources for: credentials: Credentials: {'domain_id': 'default', 'domain_name': 'Default', 'username': 'tempest-QuotasTestJSON-1429630673-project-member', 'project_domain_id': 'default', 'project_domain_name': 'Default', 'project_id': '4bb8b19589a34e6ca961806904c4478c', 'project_name': 'tempest-QuotasTestJSON-1429630673', 'tenant_id': '4bb8b19589a34e6ca961806904c4478c', 'tenant_name': 'tempest-QuotasTestJSON-1429630673', 'user_domain_id': 'default', 'user_domain_name': 'Default', 'user_id': '60ae2c103dc54feeba4cb4273c6b3a1e', 'system': None}, Network: None, Subnet: None, Router: None
2025-12-01 06:38:36.140 65879 INFO tempest.lib.common.rest_client [req-7d70e9ab-c706-4bef-adc7-37220e95c222 req-7d70e9ab-c706-4bef-adc7-37220e95c222 ] Request (FlavorsExtraSpecsTestJSON:setUpClass): 204 PUT http://10.180.1.21/identity/v3/projects/94fd5d82e6744d0fa4747aebeea5f21e/users/c17fd36bed9e49419a10011eff6db761/roles/0e2aab8a27b447a9bc67c1252ca13f29 0.060s
2025-12-01 06:38:36.181 65895 INFO tempest.lib.common.rest_client [req-4bd7f945-75e8-4cb0-825a-7aa04fe7188d req-4bd7f945-75e8-4cb0-825a-7aa04fe7188d ] Request (ListImageFiltersTestJSON:setUpClass): 204 PUT http://10.180.1.21/image/v2/images/6c294042-1559-4157-9c9e-c80cb4cf1dbd/file 1.127s
2025-12-01 06:38:36.197 65883 INFO tempest.lib.common.rest_client [req-d53689f0-08b1-4917-849c-56da7ce19cab req-d53689f0-08b1-4917-849c-56da7ce19cab ] Request (ServersAdmin275Test:tearDownClass): 200 GET http://10.180.1.21/compute/v2.1/servers/f15c8c2f-4a13-44c0-8949-b862d531010f 1.495s
2025-12-01 06:38:36.205 65879 INFO tempest.lib.common.rest_client [req-165f2097-2dd9-4e1d-9587-c3fc1dc5d7b8 req-165f2097-2dd9-4e1d-9587-c3fc1dc5d7b8 ] Request (FlavorsExtraSpecsTestJSON:setUpClass): 200 GET http://10.180.1.21/identity/v3/roles 0.064s
2025-12-01 06:38:36.215 65881 INFO tempest.lib.common.rest_client [req-d9a1ddf1-44ef-4973-8e4b-22b203be9a7b req-d9a1ddf1-44ef-4973-8e4b-22b203be9a7b ] Request (ServersTestBootFromVolume:tearDownClass): 200 GET http://10.180.1.21/compute/v2.1/servers/c7d1d70d-3d48-4bec-b648-e76e4608d4cb 1.425s
2025-12-01 06:38:36.231 65879 INFO tempest.lib.common.rest_client [req-32489f23-be2c-43ad-ad7e-dd7c27a98344 req-32489f23-be2c-43ad-ad7e-dd7c27a98344 ] Request (FlavorsExtraSpecsTestJSON:setUpClass): 204 PUT http://10.180.1.21/identity/v3/projects/94fd5d82e6744d0fa4747aebeea5f21e/users/c17fd36bed9e49419a10011eff6db761/roles/0e2aab8a27b447a9bc67c1252ca13f29 0.025s
2025-12-01 06:38:36.231 65879 INFO tempest.lib.common.dynamic_creds [-] Dynamic test user c17fd36bed9e49419a10011eff6db761 is created with scope project and roles: ['admin']
2025-12-01 06:38:36.231 65879 INFO tempest.lib.common.dynamic_creds [-] Acquired dynamic creds: credentials: Credentials: {'domain_id': 'default', 'domain_name': 'Default', 'username': 'tempest-FlavorsExtraSpecsTestJSON-80423639-project-admin', 'project_domain_id': 'default', 'project_domain_name': 'Default', 'project_id': '94fd5d82e6744d0fa4747aebeea5f21e', 'project_name': 'tempest-FlavorsExtraSpecsTestJSON-80423639', 'tenant_id': '94fd5d82e6744d0fa4747aebeea5f21e', 'tenant_name': 'tempest-FlavorsExtraSpecsTestJSON-80423639', 'user_domain_id': 'default', 'user_domain_name': 'Default', 'user_id': 'c17fd36bed9e49419a10011eff6db761', 'system': None}, Network: None, Subnet: None, Router: None
2025-12-01 06:38:36.231 65879 INFO tempest.lib.common.dynamic_creds [-] Created isolated network resources for: credentials: Credentials: {'domain_id': 'default', 'domain_name': 'Default', 'username': 'tempest-FlavorsExtraSpecsTestJSON-80423639-project-admin', 'project_domain_id': 'default', 'project_domain_name': 'Default', 'project_id': '94fd5d82e6744d0fa4747aebeea5f21e', 'project_name': 'tempest-FlavorsExtraSpecsTestJSON-80423639', 'tenant_id': '94fd5d82e6744d0fa4747aebeea5f21e', 'tenant_name': 'tempest-FlavorsExtraSpecsTestJSON-80423639', 'user_domain_id': 'default', 'user_domain_name': 'Default', 'user_id': 'c17fd36bed9e49419a10011eff6db761', 'system': None}, Network: None, Subnet: None, Router: None
2025-12-01 06:38:36.232 65867 INFO tempest.lib.common.rest_client [req-e0f373c2-9827-4739-b601-4f29ef7fe085 req-e0f373c2-9827-4739-b601-4f29ef7fe085 ] Request (VolumesAssistedSnapshotsTest:_run_cleanups): 200 GET http://10.180.1.21/compute/v2.1/servers/edf956cd-6b97-41e7-9878-3e324e8689bf/os-volume_attachments 1.386s
2025-12-01 06:38:36.252 65849 INFO tempest.lib.common.rest_client [req-b040c3fd-b31a-46d3-802f-87c73c8713f9 req-b040c3fd-b31a-46d3-802f-87c73c8713f9 ] Request (KeyPairsNegativeTestJSON:test_keypair_delete_nonexistent_key): 404 DELETE http://10.180.1.21/compute/v2.1/os-keypairs/tempest-keypair-non-existent-385957037 1.182s
2025-12-01 06:38:36.276 65865 INFO tempest.lib.common.rest_client [req-902c0ae4-a514-4a86-942e-69f62344a27b req-902c0ae4-a514-4a86-942e-69f62344a27b ] Request (QuotasTestJSON:setUpClass): 201 POST http://10.180.1.21/identity/v3/auth/tokens 0.145s
2025-12-01 06:38:36.277 65865 WARNING tempest.lib.common.rest_client [-] Deprecated: "tenant_id" property is deprecated for removal, use "project_id" instead
2025-12-01 06:38:36.292 65835 INFO tempest.lib.common.rest_client [req-d6627098-adf4-4c91-b81d-255b1b2e24df req-d6627098-adf4-4c91-b81d-255b1b2e24df ] Request (TenantUsagesTestJSON:test_get_usage_tenant_with_non_admin_user): 200 GET http://10.180.1.21/compute/v2.1/os-simple-tenant-usage/8d0c8398f47c49ffae640d6416590e03?start=2025-11-30T06%3A38%3A33.716656&end=2025-12-02T06%3A38%3A33.716656 1.048s
2025-12-01 06:38:36.323 65875 INFO tempest.lib.common.rest_client [req-11b9bd69-9156-4073-b78d-7a2586aab85f req-11b9bd69-9156-4073-b78d-7a2586aab85f ] Request (DeleteServersAdminTestJSON:tearDownClass): 404 GET http://10.180.1.21/compute/v2.1/servers/aaf107bd-50d1-4507-a4d4-824a3f775623 1.078s
