2025-12-01 06:40:08.533 65841 INFO tempest.lib.common.rest_client [req-87e45ce2-ca08-46ab-86c2-db7aefc8bf48 req-87e45ce2-ca08-46ab-86c2-db7aefc8bf48 ] Request (ServerDiskConfigTestJSON:test_resize_server_from_auto_to_manual): 200 GET http://10.180.1.21/compute/v2.1/servers/a152d69b-743f-4385-a71c-9ab27df34c9b 0.282s
2025-12-01 06:40:08.575 65895 INFO tempest.lib.common.rest_client [req-4bd5d12e-7765-4265-bee1-4ac1987ce4e5 req-4bd5d12e-7765-4265-bee1-4ac1987ce4e5 ] Request (ListImageFiltersTestJSON:setUpClass): 200 GET http://10.180.1.21/compute/v2.1/images/7890049a-4620-4b89-b84b-45c349dba147 0.247s
2025-12-01 06:40:08.640 65893 INFO tempest.lib.common.rest_client [req-dc069c63-8736-40c9-abc1-806d879d9532 req-dc069c63-8736-40c9-abc1-806d879d9532 ] Request (AttachInterfacesTestJSON:test_create_list_show_delete_interfaces_by_fixed_ip): 202 DELETE http://10.180.1.21/compute/v2.1/servers/cb77d6e3-13d9-46b0-96e4-54b43f7c7a0a/os-interface/c97cb01d-08da-4b88-a97b-61c87e553cb6 0.304s
2025-12-01 06:40:08.666 65855 INFO tempest.lib.common.rest_client [req-8b25efa4-3a6d-46b3-8bb2-747bd04bff3f req-8b25efa4-3a6d-46b3-8bb2-747bd04bff3f ] Request (SecurityGroupsTestJSON:test_server_security_groups): 200 GET http://10.180.1.21/compute/v2.1/servers/e0bc5f61-ea72-491e-b5d1-f16b0f16455a 0.366s
2025-12-01 06:40:08.672 65855 INFO tempest.common.waiters [-] State transition "BUILD/None" ==> "BUILD/networking" after 53 second wait
2025-12-01 06:40:08.714 65837 INFO tempest.lib.common.rest_client [req-34fa90ea-1d9a-4e1c-ad6d-32cdeb7ea956 req-34fa90ea-1d9a-4e1c-ad6d-32cdeb7ea956 ] Request (ServersAdminTestJSON:tearDownClass): 200 GET http://10.180.1.21/compute/v2.1/servers/6d7b881c-facf-4138-be2d-391633018358 0.361s
2025-12-01 06:40:08.725 65867 INFO tempest.lib.common.rest_client [req-ffd92f99-b5ad-4689-8f4d-3f954ab5f2c5 req-ffd92f99-b5ad-4689-8f4d-3f954ab5f2c5 ] Request (ImagesTestJSON:test_create_image_from_stopped_server): 200 GET http://10.180.1.21/compute/v2.1/servers/877112a7-91d2-47a2-8eed-0d0b5187c237 0.335s
2025-12-01 06:40:08.771 65875 INFO tempest.lib.common.rest_client [req-4c50ab66-6128-46ad-ad84-efccab52efd0 req-4c50ab66-6128-46ad-ad84-efccab52efd0 ] Request (ServerMetadataNegativeTestJSON:setUpClass): 200 GET http://10.180.1.21/compute/v2.1/servers/2b9a726d-c8d3-4b51-861d-ee23f2367e84 0.361s
2025-12-01 06:40:08.801 65845 INFO tempest.lib.common.rest_client [req-22a2159a-3fd6-45b0-81f3-da558d015457 req-22a2159a-3fd6-45b0-81f3-da558d015457 ] Request (ServersTestMultiNic:_run_cleanups): 200 GET http://10.180.1.21/compute/v2.1/servers/da5e35d1-b7a4-4fd0-9128-2bb5a148da93 0.358s
2025-12-01 06:40:08.845 65839 INFO tempest.lib.common.rest_client [req-e62be470-5b31-448e-bf5f-de493ccc6647 req-e62be470-5b31-448e-bf5f-de493ccc6647 ] Request (ServersTestJSON:tearDownClass): 200 GET http://10.180.1.21/compute/v2.1/servers/fdca127b-6482-4d08-bddc-a43167df9cfb 0.379s
2025-12-01 06:40:08.867 65873 INFO tempest.lib.common.rest_client [req-ed9a60d8-e312-428f-a370-c4ab7905aa75 req-ed9a60d8-e312-428f-a370-c4ab7905aa75 ] Request (MultipleCreateTestJSON:tearDownClass): 200 GET http://10.180.1.21/compute/v2.1/servers/6475f10f-cd01-4930-ba6f-36ff45a94bd5 0.360s
2025-12-01 06:40:08.898 65879 INFO tempest.lib.common.rest_client [req-924889e1-c620-4dce-a7b1-586c58bea719 req-924889e1-c620-4dce-a7b1-586c58bea719 ] Request (ImagesOneServerTestJSON:setUpClass): 200 GET http://10.180.1.21/compute/v2.1/servers/41ab260a-be19-4c45-bf4c-50bcfac2aac2 0.313s
2025-12-01 06:40:08.946 65893 INFO tempest.lib.common.rest_client [req-8fe00717-238a-4d37-818b-5aa2dd7325a4 req-8fe00717-238a-4d37-818b-5aa2dd7325a4 ] Request (AttachInterfacesTestJSON:test_create_list_show_delete_interfaces_by_fixed_ip): 200 GET http://10.180.1.21/compute/v2.1/servers/cb77d6e3-13d9-46b0-96e4-54b43f7c7a0a/os-interface 0.305s
2025-12-01 06:40:08.968 65853 INFO tempest.lib.common.rest_client [req-ca14ec05-80a8-4d14-9856-08df3de8600b req-ca14ec05-80a8-4d14-9856-08df3de8600b ] Request (ServersAaction247Test:test_create_backup): 200 GET http://10.180.1.21/compute/v2.1/servers/05220b53-c822-4e7b-91ea-fcbca536dd92 0.313s
2025-12-01 06:40:09.018 65859 INFO tempest.lib.common.rest_client [req-1e5bfa3c-ba94-4175-8592-b31b87f4eef5 req-1e5bfa3c-ba94-4175-8592-b31b87f4eef5 ] Request (ServerRescueTestJSONUnderV235:tearDownClass): 200 GET http://10.180.1.21/compute/v2.1/servers/49cb9f90-9eb8-4c27-a4a1-51fc6ec238c4 0.345s
2025-12-01 06:40:09.029 65849 INFO tempest.lib.common.rest_client [req-2d082de8-2861-4304-8357-76d838680ff1 req-2d082de8-2861-4304-8357-76d838680ff1 ] Request (InstanceActionsTestJSON:tearDownClass): 200 GET http://10.180.1.21/compute/v2.1/servers/10594dfc-380a-4ca2-a33b-bbb3051efce0 0.287s
2025-12-01 06:40:09.084 65863 INFO tempest.lib.common.rest_client [req-d9eeb064-594b-4447-bb8f-2b03897aa6c0 req-d9eeb064-594b-4447-bb8f-2b03897aa6c0 ] Request (ListServerFiltersTestJSON:tearDownClass): 200 GET http://10.180.1.21/compute/v2.1/servers/6a10b233-a7c2-474c-857e-da389327e1c5 0.296s
2025-12-01 06:40:09.151 65861 INFO tempest.lib.common.rest_client [req-2ad4b7cd-5f47-4065-bc54-dc55e9486abd req-2ad4b7cd-5f47-4065-bc54-dc55e9486abd ] Request (ServerRescueTestJSON:test_rescue_unrescue_instance): 200 GET http://10.180.1.21/compute/v2.1/servers/08160ce9-8689-43b2-a934-2e9c1e4ce078 0.192s
2025-12-01 06:40:09.161 65851 INFO tempest.lib.common.rest_client [req-17e61ef8-93dc-49ab-ba36-aad03128d0cb req-17e61ef8-93dc-49ab-ba36-aad03128d0cb ] Request (ListServersNegativeTestJSON:tearDownClass): 200 GET http://10.180.1.21/compute/v2.1/servers/a4fa0aff-8c29-475a-a287-2aa3ee3bbf93 0.143s
2025-12-01 06:40:09.316 65877 INFO tempest.lib.common.rest_client [req-79b0203b-7f13-48f4-b9df-77e7819b18bd req-79b0203b-7f13-48f4-b9df-77e7819b18bd ] Request (ServersNegativeTestMultiTenantJSON:setUpClass): 200 GET http://10.180.1.21/compute/v2.1/servers/a164b9e8-a577-461f-bbc9-2ceb999bd5c5 0.092s
2025-12-01 06:40:09.348 65871 INFO tempest.lib.common.rest_client [req-15797a11-251a-4be2-a268-70c9ff907f5b req-15797a11-251a-4be2-a268-70c9ff907f5b ] Request (MigrationsAdminTest:test_resize_server_revert_deleted_flavor): 200 GET http://10.180.1.21/compute/v2.1/servers/4ab04750-f79c-4ba4-9522-f40d182a60de 0.135s
2025-12-01 06:40:09.360 65871 INFO tempest.common.waiters [-] State transition "RESIZE/resize_migrating" ==> "RESIZE/resize_migrated" after 40 second wait
2025-12-01 06:40:09.369 65883 INFO tempest.lib.common.rest_client [req-daca4888-b7e3-423c-800d-e5a16339fcd2 req-daca4888-b7e3-423c-800d-e5a16339fcd2 ] Request (ServersAdminNegativeTestJSON:test_migrate_server_invalid_state): 200 GET http://10.180.1.21/compute/v2.1/servers/fee5d44b-7a2c-473d-a791-31760563e635 0.097s
2025-12-01 06:40:09.462 65847 INFO tempest.lib.common.rest_client [req-f24b075c-04bb-4264-9f46-10aee9137c35 req-f24b075c-04bb-4264-9f46-10aee9137c35 ] Request (ServerActionsTestOtherA:test_rebuild_server_in_stop_state): 200 GET http://10.180.1.21/compute/v2.1/servers/a98557ef-a7ca-4d99-85be-5a71b1dce96c 0.060s
2025-12-01 06:40:09.471 65847 INFO tempest.common.waiters [-] State transition "BUILD/scheduling" ==> "BUILD/None" after 1 second wait
2025-12-01 06:40:09.574 65835 INFO tempest.lib.common.rest_client [req-2d90f724-26ae-4fc7-8e2d-aa9c070d2115 req-2d90f724-26ae-4fc7-8e2d-aa9c070d2115 ] Request (FloatingIPsAssociationNegativeTestJSON:setUpClass): 200 GET http://10.180.1.21/compute/v2.1/servers/3c624edd-c5db-45a3-af92-9788d9755023 0.125s
2025-12-01 06:40:09.598 65887 INFO tempest.lib.common.rest_client [req-82e51929-f41b-42ae-81bd-9980de1b764b req-82e51929-f41b-42ae-81bd-9980de1b764b ] Request (DeleteServersTestJSON:test_delete_active_server): 200 GET http://10.180.1.21/compute/v2.1/servers/c41e1bfd-f22d-4723-a4cf-a425f148e0bb 0.101s
2025-12-01 06:40:09.652 65895 INFO tempest.lib.common.rest_client [req-e25269d8-fe21-464e-a93b-cd246cb9ff75 req-e25269d8-fe21-464e-a93b-cd246cb9ff75 ] Request (ListImageFiltersTestJSON:setUpClass): 200 GET http://10.180.1.21/compute/v2.1/images/7890049a-4620-4b89-b84b-45c349dba147 0.069s
2025-12-01 06:40:09.676 65841 INFO tempest.lib.common.rest_client [req-90f0198e-ca30-48a2-9e8d-08665bef24b2 req-90f0198e-ca30-48a2-9e8d-08665bef24b2 ] Request (ServerDiskConfigTestJSON:test_resize_server_from_auto_to_manual): 200 GET http://10.180.1.21/compute/v2.1/servers/a152d69b-743f-4385-a71c-9ab27df34c9b 0.130s
2025-12-01 06:40:09.860 65855 INFO tempest.lib.common.rest_client [req-311ecb1d-caf9-4bba-8f64-671bb5afed91 req-311ecb1d-caf9-4bba-8f64-671bb5afed91 ] Request (SecurityGroupsTestJSON:test_server_security_groups): 200 GET http://10.180.1.21/compute/v2.1/servers/e0bc5f61-ea72-491e-b5d1-f16b0f16455a 0.186s
2025-12-01 06:40:09.867 65855 INFO tempest.common.waiters [-] State transition "BUILD/networking" ==> "BUILD/spawning" after 54 second wait
2025-12-01 06:40:09.876 65837 INFO tempest.lib.common.rest_client [req-b5503c80-4f52-4f7d-ad54-ba584da6d1ed req-b5503c80-4f52-4f7d-ad54-ba584da6d1ed ] Request (ServersAdminTestJSON:tearDownClass): 200 GET http://10.180.1.21/compute/v2.1/servers/6d7b881c-facf-4138-be2d-391633018358 0.153s
2025-12-01 06:40:09.922 65867 INFO tempest.lib.common.rest_client [req-ba91a69a-d07b-4c18-9d70-46e0efb8c491 req-ba91a69a-d07b-4c18-9d70-46e0efb8c491 ] Request (ImagesTestJSON:test_create_image_from_stopped_server): 200 GET http://10.180.1.21/compute/v2.1/servers/877112a7-91d2-47a2-8eed-0d0b5187c237 0.189s
2025-12-01 06:40:09.971 65875 INFO tempest.lib.common.rest_client [req-155f0aa8-a8e7-4539-9f54-880880b024f7 req-155f0aa8-a8e7-4539-9f54-880880b024f7 ] Request (ServerMetadataNegativeTestJSON:setUpClass): 200 GET http://10.180.1.21/compute/v2.1/servers/2b9a726d-c8d3-4b51-861d-ee23f2367e84 0.191s
2025-12-01 06:40:10.014 65845 INFO tempest.lib.common.rest_client [req-50772bfb-ccf2-4490-bd2b-a1a54172dbea req-50772bfb-ccf2-4490-bd2b-a1a54172dbea ] Request (ServersTestMultiNic:_run_cleanups): 200 GET http://10.180.1.21/compute/v2.1/servers/da5e35d1-b7a4-4fd0-9128-2bb5a148da93 0.205s
2025-12-01 06:40:10.092 65881 WARNING tempest.lib.common.ssh [-] Failed to establish authenticated ssh connection to cirros@10.180.180.233 ([Errno None] Unable to connect to port 22 on 10.180.180.233). Number attempts: 3. Retry after 4 seconds.: paramiko.ssh_exception.NoValidConnectionsError: [Errno None] Unable to connect to port 22 on 10.180.180.233
2025-12-01 06:40:10.093 65839 INFO tempest.lib.common.rest_client [req-a1ac0258-b627-4637-84dc-45b9e4f4b0b5 req-a1ac0258-b627-4637-84dc-45b9e4f4b0b5 ] Request (ServersTestJSON:tearDownClass): 200 GET http://10.180.1.21/compute/v2.1/servers/fdca127b-6482-4d08-bddc-a43167df9cfb 0.238s
2025-12-01 06:40:10.110 65873 INFO tempest.lib.common.rest_client [req-77008141-a79d-4caa-bf0f-9ddc958185d2 req-77008141-a79d-4caa-bf0f-9ddc958185d2 ] Request (MultipleCreateTestJSON:tearDownClass): 200 GET http://10.180.1.21/compute/v2.1/servers/6475f10f-cd01-4930-ba6f-36ff45a94bd5 0.230s
2025-12-01 06:40:10.190 65879 INFO tempest.lib.common.rest_client [req-89c42e6c-f035-4928-a116-8d9a90ec576e req-89c42e6c-f035-4928-a116-8d9a90ec576e ] Request (ImagesOneServerTestJSON:setUpClass): 200 GET http://10.180.1.21/compute/v2.1/servers/41ab260a-be19-4c45-bf4c-50bcfac2aac2 0.282s
2025-12-01 06:40:10.223 65893 INFO tempest.lib.common.rest_client [req-23cbacf4-1aaa-419a-9aa3-da85468f2ba4 req-23cbacf4-1aaa-419a-9aa3-da85468f2ba4 ] Request (AttachInterfacesTestJSON:test_create_list_show_delete_interfaces_by_fixed_ip): 200 GET http://10.180.1.21/compute/v2.1/servers/cb77d6e3-13d9-46b0-96e4-54b43f7c7a0a/os-interface 0.275s
2025-12-01 06:40:10.243 65853 INFO tempest.lib.common.rest_client [req-7c9d6f5f-a186-4567-b22f-77bd16995e92 req-7c9d6f5f-a186-4567-b22f-77bd16995e92 ] Request (ServersAaction247Test:test_create_backup): 200 GET http://10.180.1.21/compute/v2.1/servers/05220b53-c822-4e7b-91ea-fcbca536dd92 0.263s
2025-12-01 06:40:10.285 65859 INFO tempest.lib.common.rest_client [req-baff078e-7561-4ab3-97f7-545fd003d6ba req-baff078e-7561-4ab3-97f7-545fd003d6ba ] Request (ServerRescueTestJSONUnderV235:tearDownClass): 200 GET http://10.180.1.21/compute/v2.1/servers/49cb9f90-9eb8-4c27-a4a1-51fc6ec238c4 0.254s
2025-12-01 06:40:10.302 65849 INFO tempest.lib.common.rest_client [req-25dee791-e1a9-4d7d-9203-a59776a86342 req-25dee791-e1a9-4d7d-9203-a59776a86342 ] Request (InstanceActionsTestJSON:tearDownClass): 200 GET http://10.180.1.21/compute/v2.1/servers/10594dfc-380a-4ca2-a33b-bbb3051efce0 0.264s
2025-12-01 06:40:10.343 65863 INFO tempest.lib.common.rest_client [req-def7d50d-2994-4d04-8417-baacf5cc8424 req-def7d50d-2994-4d04-8417-baacf5cc8424 ] Request (ListServerFiltersTestJSON:tearDownClass): 200 GET http://10.180.1.21/compute/v2.1/servers/6a10b233-a7c2-474c-857e-da389327e1c5 0.250s
2025-12-01 06:40:10.405 65861 INFO tempest.lib.common.rest_client [req-c237486a-e53f-4390-8a90-83f2992aeb3d req-c237486a-e53f-4390-8a90-83f2992aeb3d ] Request (ServerRescueTestJSON:test_rescue_unrescue_instance): 200 GET http://10.180.1.21/compute/v2.1/servers/08160ce9-8689-43b2-a934-2e9c1e4ce078 0.246s
2025-12-01 06:40:10.425 65851 INFO tempest.lib.common.rest_client [req-0eb189dd-20bb-4764-a50c-56dda402e8ca req-0eb189dd-20bb-4764-a50c-56dda402e8ca ] Request (ListServersNegativeTestJSON:tearDownClass): 200 GET http://10.180.1.21/compute/v2.1/servers/a4fa0aff-8c29-475a-a287-2aa3ee3bbf93 0.253s
2025-12-01 06:40:10.488 65877 INFO tempest.lib.common.rest_client [req-4bf52e94-a71a-4788-af88-f7a1479599dc req-4bf52e94-a71a-4788-af88-f7a1479599dc ] Request (ServersNegativeTestMultiTenantJSON:setUpClass): 200 GET http://10.180.1.21/compute/v2.1/servers/a164b9e8-a577-461f-bbc9-2ceb999bd5c5 0.163s
2025-12-01 06:40:10.549 65883 INFO tempest.lib.common.rest_client [req-ecb01a64-d11a-4731-941b-52867ca7de2c req-ecb01a64-d11a-4731-941b-52867ca7de2c ] Request (ServersAdminNegativeTestJSON:test_migrate_server_invalid_state): 200 GET http://10.180.1.21/compute/v2.1/servers/fee5d44b-7a2c-473d-a791-31760563e635 0.172s
2025-12-01 06:40:10.618 65871 INFO tempest.lib.common.rest_client [req-96525834-6f68-484e-a0ec-4607436d6577 req-96525834-6f68-484e-a0ec-4607436d6577 ] Request (MigrationsAdminTest:test_resize_server_revert_deleted_flavor): 200 GET http://10.180.1.21/compute/v2.1/servers/4ab04750-f79c-4ba4-9522-f40d182a60de 0.257s
2025-12-01 06:40:10.635 65847 INFO tempest.lib.common.rest_client [req-900133e4-2808-42b4-b131-c3058e12b047 req-900133e4-2808-42b4-b131-c3058e12b047 ] Request (ServerActionsTestOtherA:test_rebuild_server_in_stop_state): 200 GET http://10.180.1.21/compute/v2.1/servers/a98557ef-a7ca-4d99-85be-5a71b1dce96c 0.164s
2025-12-01 06:40:10.734 65887 INFO tempest.lib.common.rest_client [req-b53a9e24-0e28-49e0-9e76-5b3c9566a29b req-b53a9e24-0e28-49e0-9e76-5b3c9566a29b ] Request (DeleteServersTestJSON:test_delete_active_server): 200 GET http://10.180.1.21/compute/v2.1/servers/c41e1bfd-f22d-4723-a4cf-a425f148e0bb 0.127s
2025-12-01 06:40:10.781 65895 INFO tempest.lib.common.rest_client [req-5ed107dc-c64f-4415-baae-c190a86060d8 req-5ed107dc-c64f-4415-baae-c190a86060d8 ] Request (ListImageFiltersTestJSON:setUpClass): 200 GET http://10.180.1.21/compute/v2.1/images/7890049a-4620-4b89-b84b-45c349dba147 0.123s
2025-12-01 06:40:10.814 65835 INFO tempest.lib.common.rest_client [req-9183c4c5-0150-4d62-8c13-b5e2cb496794 req-9183c4c5-0150-4d62-8c13-b5e2cb496794 ] Request (FloatingIPsAssociationNegativeTestJSON:setUpClass): 200 GET http://10.180.1.21/compute/v2.1/servers/3c624edd-c5db-45a3-af92-9788d9755023 0.227s
2025-12-01 06:40:10.862 65841 INFO tempest.lib.common.rest_client [req-45ec4ef8-93c1-43df-a7a1-92e660d81f21 req-45ec4ef8-93c1-43df-a7a1-92e660d81f21 ] Request (ServerDiskConfigTestJSON:test_resize_server_from_auto_to_manual): 200 GET http://10.180.1.21/compute/v2.1/servers/a152d69b-743f-4385-a71c-9ab27df34c9b 0.172s
2025-12-01 06:40:10.955 65837 INFO tempest.lib.common.rest_client [req-2d74145a-f919-4500-b488-8183b0176dd9 req-2d74145a-f919-4500-b488-8183b0176dd9 ] Request (ServersAdminTestJSON:tearDownClass): 200 GET http://10.180.1.21/compute/v2.1/servers/6d7b881c-facf-4138-be2d-391633018358 0.070s
2025-12-01 06:40:10.989 65855 INFO tempest.lib.common.rest_client [req-2111ccb6-3e67-4443-b6be-4b548d6a0b5e req-2111ccb6-3e67-4443-b6be-4b548d6a0b5e ] Request (SecurityGroupsTestJSON:test_server_security_groups): 200 GET http://10.180.1.21/compute/v2.1/servers/e0bc5f61-ea72-491e-b5d1-f16b0f16455a 0.121s
2025-12-01 06:40:11.041 65867 INFO tempest.lib.common.rest_client [req-329c3cc2-aef8-4e75-9a10-c8eeb84dcbad req-329c3cc2-aef8-4e75-9a10-c8eeb84dcbad ] Request (ImagesTestJSON:test_create_image_from_stopped_server): 200 GET http://10.180.1.21/compute/v2.1/servers/877112a7-91d2-47a2-8eed-0d0b5187c237 0.108s
2025-12-01 06:40:11.068 65875 INFO tempest.lib.common.rest_client [req-69bc7681-c859-4f64-9b31-3c1dd27c1b80 req-69bc7681-c859-4f64-9b31-3c1dd27c1b80 ] Request (ServerMetadataNegativeTestJSON:setUpClass): 200 GET http://10.180.1.21/compute/v2.1/servers/2b9a726d-c8d3-4b51-861d-ee23f2367e84 0.085s
2025-12-01 06:40:11.111 65845 INFO tempest.lib.common.rest_client [req-3a782632-a65f-4058-8f90-dbd6b4ab9404 req-3a782632-a65f-4058-8f90-dbd6b4ab9404 ] Request (ServersTestMultiNic:_run_cleanups): 200 GET http://10.180.1.21/compute/v2.1/servers/da5e35d1-b7a4-4fd0-9128-2bb5a148da93 0.089s
2025-12-01 06:40:11.130 65839 INFO tempest.lib.common.rest_client [req-584ea46d-3b5c-427e-bb4b-a6368353a2e8 req-584ea46d-3b5c-427e-bb4b-a6368353a2e8 ] Request (ServersTestJSON:tearDownClass): 404 GET http://10.180.1.21/compute/v2.1/servers/fdca127b-6482-4d08-bddc-a43167df9cfb 0.027s
2025-12-01 06:40:11.151 65839 INFO tempest.lib.common.rest_client [req-eba739ea-ddb3-40ed-a5c0-aadd2b04ae2d req-eba739ea-ddb3-40ed-a5c0-aadd2b04ae2d ] Request (ServersTestJSON:tearDownClass): 202 DELETE http://10.180.1.21/compute/v2.1/os-keypairs/tempest-keypair-1212467735 0.020s
2025-12-01 06:40:11.189 65873 INFO tempest.lib.common.rest_client [req-7fce6044-90ab-4073-b6c3-3325a2c1dd9a req-7fce6044-90ab-4073-b6c3-3325a2c1dd9a ] Request (MultipleCreateTestJSON:tearDownClass): 200 GET http://10.180.1.21/compute/v2.1/servers/6475f10f-cd01-4930-ba6f-36ff45a94bd5 0.066s
2025-12-01 06:40:11.258 65839 INFO tempest.lib.common.rest_client [req-9355d6d3-c16b-4f9d-9019-b0ad018a73b8 req-9355d6d3-c16b-4f9d-9019-b0ad018a73b8 ] Request (ServersTestJSON:tearDownClass): 204 DELETE http://10.180.1.21/networking/v2.0/security-groups/1b0b8b60-0115-46c7-8ab3-7efe52ca2274 0.107s
2025-12-01 06:40:11.267 65879 INFO tempest.lib.common.rest_client [req-a602d1a9-c10b-4fbe-a779-56a462602ce7 req-a602d1a9-c10b-4fbe-a779-56a462602ce7 ] Request (ImagesOneServerTestJSON:setUpClass): 200 GET http://10.180.1.21/compute/v2.1/servers/41ab260a-be19-4c45-bf4c-50bcfac2aac2 0.065s
2025-12-01 06:40:11.270 65839 INFO tempest.lib.common.rest_client [req-1c50ed8a-53e2-46fb-94f0-a52aadab30c3 req-1c50ed8a-53e2-46fb-94f0-a52aadab30c3 ] Request (ServersTestJSON:tearDownClass): 404 GET http://10.180.1.21/networking/v2.0/security-groups/1b0b8b60-0115-46c7-8ab3-7efe52ca2274 0.011s
2025-12-01 06:40:11.308 65893 INFO tempest.lib.common.rest_client [req-f76fd206-7a1a-4e2c-a655-20fe2f403f59 req-f76fd206-7a1a-4e2c-a655-20fe2f403f59 ] Request (AttachInterfacesTestJSON:test_create_list_show_delete_interfaces_by_fixed_ip): 200 GET http://10.180.1.21/compute/v2.1/servers/cb77d6e3-13d9-46b0-96e4-54b43f7c7a0a/os-interface 0.081s
2025-12-01 06:40:11.327 65853 INFO tempest.lib.common.rest_client [req-ce38092f-3608-44d1-9d1f-9fc284406f88 req-ce38092f-3608-44d1-9d1f-9fc284406f88 ] Request (ServersAaction247Test:test_create_backup): 200 GET http://10.180.1.21/compute/v2.1/servers/05220b53-c822-4e7b-91ea-fcbca536dd92 0.070s
2025-12-01 06:40:11.381 65859 INFO tempest.lib.common.rest_client [req-80c6e500-9831-4d2f-a5b8-2470687a6b6b req-80c6e500-9831-4d2f-a5b8-2470687a6b6b ] Request (ServerRescueTestJSONUnderV235:tearDownClass): 200 GET http://10.180.1.21/compute/v2.1/servers/49cb9f90-9eb8-4c27-a4a1-51fc6ec238c4 0.084s
2025-12-01 06:40:11.400 65849 INFO tempest.lib.common.rest_client [req-50ed0d1f-fcb8-412f-863b-d2af62798526 req-50ed0d1f-fcb8-412f-863b-d2af62798526 ] Request (InstanceActionsTestJSON:tearDownClass): 200 GET http://10.180.1.21/compute/v2.1/servers/10594dfc-380a-4ca2-a33b-bbb3051efce0 0.089s
2025-12-01 06:40:11.465 65863 INFO tempest.lib.common.rest_client [req-5d280dcb-3582-4567-8344-2fe2109570c8 req-5d280dcb-3582-4567-8344-2fe2109570c8 ] Request (ListServerFiltersTestJSON:tearDownClass): 200 GET http://10.180.1.21/compute/v2.1/servers/6a10b233-a7c2-474c-857e-da389327e1c5 0.113s
2025-12-01 06:40:11.514 65839 INFO tempest.lib.common.rest_client [req-8c604590-d7b4-4eb3-99ba-5645eb6761ec req-8c604590-d7b4-4eb3-99ba-5645eb6761ec ] Request (ServersTestJSON:tearDownClass): 204 DELETE http://10.180.1.21/networking/v2.0/floatingips/f87b74db-bbfb-4eed-b0cf-49366cd9959d 0.243s
2025-12-01 06:40:11.572 65851 INFO tempest.lib.common.rest_client [req-02579fd1-4bbb-456c-8677-8cb6ab260d92 req-02579fd1-4bbb-456c-8677-8cb6ab260d92 ] Request (ListServersNegativeTestJSON:tearDownClass): 200 GET http://10.180.1.21/compute/v2.1/servers/a4fa0aff-8c29-475a-a287-2aa3ee3bbf93 0.139s
2025-12-01 06:40:11.605 65861 INFO tempest.lib.common.rest_client [req-d7cfe3c7-eb0f-4ca7-9a30-61acd7b6c14a req-d7cfe3c7-eb0f-4ca7-9a30-61acd7b6c14a ] Request (ServerRescueTestJSON:test_rescue_unrescue_instance): 200 GET http://10.180.1.21/compute/v2.1/servers/08160ce9-8689-43b2-a934-2e9c1e4ce078 0.182s
2025-12-01 06:40:11.639 65877 INFO tempest.lib.common.rest_client [req-34d96e6b-dcda-4bf7-bff1-881ac9690ed2 req-34d96e6b-dcda-4bf7-bff1-881ac9690ed2 ] Request (ServersNegativeTestMultiTenantJSON:setUpClass): 200 GET http://10.180.1.21/compute/v2.1/servers/a164b9e8-a577-461f-bbc9-2ceb999bd5c5 0.142s
2025-12-01 06:40:11.680 65883 INFO tempest.lib.common.rest_client [req-6259bfe9-9116-479e-ab85-f17d6da5cfa5 req-6259bfe9-9116-479e-ab85-f17d6da5cfa5 ] Request (ServersAdminNegativeTestJSON:test_migrate_server_invalid_state): 200 GET http://10.180.1.21/compute/v2.1/servers/fee5d44b-7a2c-473d-a791-31760563e635 0.123s
2025-12-01 06:40:11.785 65847 INFO tempest.lib.common.rest_client [req-2d3574e4-724b-41ea-bd14-be4c5cb1db6b req-2d3574e4-724b-41ea-bd14-be4c5cb1db6b ] Request (ServerActionsTestOtherA:test_rebuild_server_in_stop_state): 200 GET http://10.180.1.21/compute/v2.1/servers/a98557ef-a7ca-4d99-85be-5a71b1dce96c 0.137s
2025-12-01 06:40:11.822 65871 INFO tempest.lib.common.rest_client [req-98e3cf47-4056-4a1a-bb62-3c35a7f556e5 req-98e3cf47-4056-4a1a-bb62-3c35a7f556e5 ] Request (MigrationsAdminTest:test_resize_server_revert_deleted_flavor): 200 GET http://10.180.1.21/compute/v2.1/servers/4ab04750-f79c-4ba4-9522-f40d182a60de 0.190s
2025-12-01 06:40:11.835 65871 INFO tempest.common.waiters [-] State transition "RESIZE/resize_migrated" ==> "RESIZE/resize_finish" after 42 second wait
2025-12-01 06:40:11.865 65895 INFO tempest.lib.common.rest_client [req-ecb5cdc4-c2da-45f6-83ee-41630d8c9a20 req-ecb5cdc4-c2da-45f6-83ee-41630d8c9a20 ] Request (ListImageFiltersTestJSON:setUpClass): 200 GET http://10.180.1.21/compute/v2.1/images/7890049a-4620-4b89-b84b-45c349dba147 0.076s
2025-12-01 06:40:11.874 65887 INFO tempest.lib.common.rest_client [req-bb3394f7-9855-4b23-904a-f3ce030d2a91 req-bb3394f7-9855-4b23-904a-f3ce030d2a91 ] Request (DeleteServersTestJSON:test_delete_active_server): 200 GET http://10.180.1.21/compute/v2.1/servers/c41e1bfd-f22d-4723-a4cf-a425f148e0bb 0.132s
2025-12-01 06:40:11.989 65841 INFO tempest.lib.common.rest_client [req-5fbffc8f-b42e-4ab8-827d-e688f0a8d997 req-5fbffc8f-b42e-4ab8-827d-e688f0a8d997 ] Request (ServerDiskConfigTestJSON:test_resize_server_from_auto_to_manual): 200 GET http://10.180.1.21/compute/v2.1/servers/a152d69b-743f-4385-a71c-9ab27df34c9b 0.120s
2025-12-01 06:40:12.035 65835 INFO tempest.lib.common.rest_client [req-e61191e7-8b06-4ddf-bde2-eebab497da6d req-e61191e7-8b06-4ddf-bde2-eebab497da6d ] Request (FloatingIPsAssociationNegativeTestJSON:setUpClass): 200 GET http://10.180.1.21/compute/v2.1/servers/3c624edd-c5db-45a3-af92-9788d9755023 0.211s
2025-12-01 06:40:12.058 65837 INFO tempest.lib.common.rest_client [req-a737a6b6-f825-4e85-86d0-10eced068608 req-a737a6b6-f825-4e85-86d0-10eced068608 ] Request (ServersAdminTestJSON:tearDownClass): 200 GET http://10.180.1.21/compute/v2.1/servers/6d7b881c-facf-4138-be2d-391633018358 0.092s
2025-12-01 06:40:12.123 65867 INFO tempest.lib.common.rest_client [req-11ba92ed-2dec-43e7-bc54-03b4016ed59c req-11ba92ed-2dec-43e7-bc54-03b4016ed59c ] Request (ImagesTestJSON:test_create_image_from_stopped_server): 200 GET http://10.180.1.21/compute/v2.1/servers/877112a7-91d2-47a2-8eed-0d0b5187c237 0.071s
2025-12-01 06:40:12.146 65855 INFO tempest.lib.common.rest_client [req-88d5c8fe-0a36-49b5-9a6e-d66ed1325640 req-88d5c8fe-0a36-49b5-9a6e-d66ed1325640 ] Request (SecurityGroupsTestJSON:test_server_security_groups): 200 GET http://10.180.1.21/compute/v2.1/servers/e0bc5f61-ea72-491e-b5d1-f16b0f16455a 0.145s
2025-12-01 06:40:12.177 65875 INFO tempest.lib.common.rest_client [req-2235ba09-1316-4b7e-af05-1a7940a5aad2 req-2235ba09-1316-4b7e-af05-1a7940a5aad2 ] Request (ServerMetadataNegativeTestJSON:setUpClass): 200 GET http://10.180.1.21/compute/v2.1/servers/2b9a726d-c8d3-4b51-861d-ee23f2367e84 0.099s
2025-12-01 06:40:12.206 65845 INFO tempest.lib.common.rest_client [req-a4df6b7b-66df-4e3d-a536-77eba1696510 req-a4df6b7b-66df-4e3d-a536-77eba1696510 ] Request (ServersTestMultiNic:_run_cleanups): 200 GET http://10.180.1.21/compute/v2.1/servers/da5e35d1-b7a4-4fd0-9128-2bb5a148da93 0.082s
2025-12-01 06:40:12.265 65873 INFO tempest.lib.common.rest_client [req-94090ef4-f744-4af0-bca5-e5985d8f386c req-94090ef4-f744-4af0-bca5-e5985d8f386c ] Request (MultipleCreateTestJSON:tearDownClass): 200 GET http://10.180.1.21/compute/v2.1/servers/6475f10f-cd01-4930-ba6f-36ff45a94bd5 0.067s
2025-12-01 06:40:12.305 65839 INFO tempest.lib.common.rest_client [req-b41d3dcd-f6ba-4ed4-aa9e-040498180937 req-b41d3dcd-f6ba-4ed4-aa9e-040498180937 ] Request (ServersTestJSON:tearDownClass): 200 PUT http://10.180.1.21/networking/v2.0/routers/38ac66fc-a36a-450c-bf71-804a17e58bbd/remove_router_interface 0.791s
2025-12-01 06:40:12.793 65839 INFO tempest.lib.common.rest_client [req-284a4dd5-fbeb-41f5-b35a-c60eefd957b3 req-284a4dd5-fbeb-41f5-b35a-c60eefd957b3 ] Request (ServersTestJSON:tearDownClass): 204 DELETE http://10.180.1.21/networking/v2.0/routers/38ac66fc-a36a-450c-bf71-804a17e58bbd 0.487s
2025-12-01 06:40:12.825 65879 INFO tempest.lib.common.rest_client [req-594fc6d0-3473-4842-8edb-c475e588402e req-594fc6d0-3473-4842-8edb-c475e588402e ] Request (ImagesOneServerTestJSON:setUpClass): 200 GET http://10.180.1.21/compute/v2.1/servers/41ab260a-be19-4c45-bf4c-50bcfac2aac2 0.549s
2025-12-01 06:40:12.893 65893 INFO tempest.lib.common.rest_client [req-19e0f8c1-8696-49ac-8671-cc36973a9087 req-19e0f8c1-8696-49ac-8671-cc36973a9087 ] Request (AttachInterfacesTestJSON:test_create_list_show_delete_interfaces_by_fixed_ip): 200 GET http://10.180.1.21/compute/v2.1/servers/cb77d6e3-13d9-46b0-96e4-54b43f7c7a0a/os-interface 0.581s
2025-12-01 06:40:12.969 65853 INFO tempest.lib.common.rest_client [req-246f6333-d3ef-4401-a49b-9f01a3b823e7 req-246f6333-d3ef-4401-a49b-9f01a3b823e7 ] Request (ServersAaction247Test:test_create_backup): 200 GET http://10.180.1.21/compute/v2.1/servers/05220b53-c822-4e7b-91ea-fcbca536dd92 0.629s
2025-12-01 06:40:12.981 65859 INFO tempest.lib.common.rest_client [req-bf910efe-450f-4faa-97b6-54b29de38bfb req-bf910efe-450f-4faa-97b6-54b29de38bfb ] Request (ServerRescueTestJSONUnderV235:tearDownClass): 200 GET http://10.180.1.21/compute/v2.1/servers/49cb9f90-9eb8-4c27-a4a1-51fc6ec238c4 0.587s
2025-12-01 06:40:13.004 65839 INFO tempest.lib.common.rest_client [req-f8b0e2ef-412b-487e-a15e-9ccf9ca34df1 req-f8b0e2ef-412b-487e-a15e-9ccf9ca34df1 ] Request (ServersTestJSON:tearDownClass): 204 DELETE http://10.180.1.21/networking/v2.0/subnets/f354a6d1-6f15-4fd0-a301-b1c2c14553ee 0.210s
2025-12-01 06:40:13.053 65849 INFO tempest.lib.common.rest_client [req-6f230fce-6dea-4226-a5ed-2f13dfb8f01a req-6f230fce-6dea-4226-a5ed-2f13dfb8f01a ] Request (InstanceActionsTestJSON:tearDownClass): 200 GET http://10.180.1.21/compute/v2.1/servers/10594dfc-380a-4ca2-a33b-bbb3051efce0 0.642s
2025-12-01 06:40:13.069 65863 INFO tempest.lib.common.rest_client [req-2c77faf8-2fe0-45a5-9382-31cd5b7ccdf7 req-2c77faf8-2fe0-45a5-9382-31cd5b7ccdf7 ] Request (ListServerFiltersTestJSON:tearDownClass): 200 GET http://10.180.1.21/compute/v2.1/servers/6a10b233-a7c2-474c-857e-da389327e1c5 0.594s
2025-12-01 06:40:13.207 65851 INFO tempest.lib.common.rest_client [req-bdadfcd2-3fc3-4c52-b650-575ceb80ab1a req-bdadfcd2-3fc3-4c52-b650-575ceb80ab1a ] Request (ListServersNegativeTestJSON:tearDownClass): 200 GET http://10.180.1.21/compute/v2.1/servers/a4fa0aff-8c29-475a-a287-2aa3ee3bbf93 0.622s
2025-12-01 06:40:13.267 65839 INFO tempest.lib.common.rest_client [req-dde6ccd5-0a48-48b1-a1a7-a3d1fc4f08e6 req-dde6ccd5-0a48-48b1-a1a7-a3d1fc4f08e6 ] Request (ServersTestJSON:tearDownClass): 204 DELETE http://10.180.1.21/networking/v2.0/networks/9c53ab52-af69-48de-b6d1-db8322e3af8f 0.262s
2025-12-01 06:40:13.286 65861 INFO tempest.lib.common.rest_client [req-b069513e-1dc7-49c3-b11e-2a2340a6c21f req-b069513e-1dc7-49c3-b11e-2a2340a6c21f ] Request (ServerRescueTestJSON:test_rescue_unrescue_instance): 200 GET http://10.180.1.21/compute/v2.1/servers/08160ce9-8689-43b2-a934-2e9c1e4ce078 0.672s
2025-12-01 06:40:13.289 65877 INFO tempest.lib.common.rest_client [req-ac0a322c-fe07-4b58-98ca-8b8e62695c67 req-ac0a322c-fe07-4b58-98ca-8b8e62695c67 ] Request (ServersNegativeTestMultiTenantJSON:setUpClass): 200 GET http://10.180.1.21/compute/v2.1/servers/a164b9e8-a577-461f-bbc9-2ceb999bd5c5 0.638s
2025-12-01 06:40:13.347 65883 INFO tempest.lib.common.rest_client [req-d2f4eaf3-d568-46b0-b2ee-912728f42a84 req-d2f4eaf3-d568-46b0-b2ee-912728f42a84 ] Request (ServersAdminNegativeTestJSON:test_migrate_server_invalid_state): 200 GET http://10.180.1.21/compute/v2.1/servers/fee5d44b-7a2c-473d-a791-31760563e635 0.658s
2025-12-01 06:40:13.348 65847 INFO tempest.lib.common.rest_client [req-c3831d7f-f7b4-495d-9d9b-dee413307de8 req-c3831d7f-f7b4-495d-9d9b-dee413307de8 ] Request (ServerActionsTestOtherA:test_rebuild_server_in_stop_state): 200 GET http://10.180.1.21/compute/v2.1/servers/a98557ef-a7ca-4d99-85be-5a71b1dce96c 0.554s
2025-12-01 06:40:13.393 65895 INFO tempest.lib.common.rest_client [req-b3ba67e8-7da7-4a6c-8248-130e4a0e4cec req-b3ba67e8-7da7-4a6c-8248-130e4a0e4cec ] Request (ListImageFiltersTestJSON:setUpClass): 200 GET http://10.180.1.21/compute/v2.1/images/7890049a-4620-4b89-b84b-45c349dba147 0.521s
2025-12-01 06:40:13.444 65839 INFO tempest.lib.common.rest_client [req-e03d04ff-678c-44ce-bb27-59f4c11fff25 req-e03d04ff-678c-44ce-bb27-59f4c11fff25 ] Request (ServersTestJSON:tearDownClass): 204 DELETE http://10.180.1.21/identity/v3/users/d16915ee26964f569e58400b9a69d7e5 0.177s
2025-12-01 06:40:13.445 65839 INFO tempest.lib.common.dynamic_creds [-] Deleting project and security group for project: ecbc3879f8b646788fc26fcac4c52dda
2025-12-01 06:40:13.463 65887 INFO tempest.lib.common.rest_client [req-fa037790-bf6e-42bf-a25a-4e8e2784f075 req-fa037790-bf6e-42bf-a25a-4e8e2784f075 ] Request (DeleteServersTestJSON:test_delete_active_server): 200 GET http://10.180.1.21/compute/v2.1/servers/c41e1bfd-f22d-4723-a4cf-a425f148e0bb 0.580s
2025-12-01 06:40:13.470 65871 INFO tempest.lib.common.rest_client [req-a0d3aac6-b100-4b04-98d9-800ebb85e1af req-a0d3aac6-b100-4b04-98d9-800ebb85e1af ] Request (MigrationsAdminTest:test_resize_server_revert_deleted_flavor): 200 GET http://10.180.1.21/compute/v2.1/servers/4ab04750-f79c-4ba4-9522-f40d182a60de 0.633s
2025-12-01 06:40:13.478 65839 INFO tempest.lib.common.rest_client [req-80ff78fd-6935-4e7c-a35c-a135a2b9b47e req-80ff78fd-6935-4e7c-a35c-a135a2b9b47e ] Request (ServersTestJSON:tearDownClass): 200 GET http://10.180.1.21/networking/v2.0/security-groups?tenant_id=ecbc3879f8b646788fc26fcac4c52dda&name=default 0.033s
2025-12-01 06:40:13.529 65841 INFO tempest.lib.common.rest_client [req-bf036b29-fdeb-440e-8b27-871e272d33f0 req-bf036b29-fdeb-440e-8b27-871e272d33f0 ] Request (ServerDiskConfigTestJSON:test_resize_server_from_auto_to_manual): 200 GET http://10.180.1.21/compute/v2.1/servers/a152d69b-743f-4385-a71c-9ab27df34c9b 0.529s
2025-12-01 06:40:13.611 65835 INFO tempest.lib.common.rest_client [req-75ac2908-7cf6-4bb4-8b47-aba8a471a8c7 req-75ac2908-7cf6-4bb4-8b47-aba8a471a8c7 ] Request (FloatingIPsAssociationNegativeTestJSON:setUpClass): 200 GET http://10.180.1.21/compute/v2.1/servers/3c624edd-c5db-45a3-af92-9788d9755023 0.568s
2025-12-01 06:40:13.612 65839 INFO tempest.lib.common.rest_client [req-dd8dbb63-1f2a-4e06-ae11-6648ed4f637d req-dd8dbb63-1f2a-4e06-ae11-6648ed4f637d ] Request (ServersTestJSON:tearDownClass): 204 DELETE http://10.180.1.21/networking/v2.0/security-groups/47df7171-203b-4cfb-9fca-f9a9f277948b 0.133s
2025-12-01 06:40:13.628 65837 INFO tempest.lib.common.rest_client [req-4bb0ab19-63b6-469f-bf05-54ede07e4b5f req-4bb0ab19-63b6-469f-bf05-54ede07e4b5f ] Request (ServersAdminTestJSON:tearDownClass): 200 GET http://10.180.1.21/compute/v2.1/servers/6d7b881c-facf-4138-be2d-391633018358 0.560s
2025-12-01 06:40:13.677 65867 INFO tempest.lib.common.rest_client [req-45678f0f-19e6-4bdc-a750-ea9af8c55850 req-45678f0f-19e6-4bdc-a750-ea9af8c55850 ] Request (ImagesTestJSON:test_create_image_from_stopped_server): 200 GET http://10.180.1.21/compute/v2.1/servers/877112a7-91d2-47a2-8eed-0d0b5187c237 0.544s
2025-12-01 06:40:13.736 65875 INFO tempest.lib.common.rest_client [req-cfecfed6-1416-4b6b-9612-3f5da78d9d46 req-cfecfed6-1416-4b6b-9612-3f5da78d9d46 ] Request (ServerMetadataNegativeTestJSON:setUpClass): 200 GET http://10.180.1.21/compute/v2.1/servers/2b9a726d-c8d3-4b51-861d-ee23f2367e84 0.550s
2025-12-01 06:40:13.742 65839 INFO tempest.lib.common.rest_client [req-458c020e-a0cb-4c2d-984b-5b19037c1641 req-458c020e-a0cb-4c2d-984b-5b19037c1641 ] Request (ServersTestJSON:tearDownClass): 204 DELETE http://10.180.1.21/identity/v3/projects/ecbc3879f8b646788fc26fcac4c52dda 0.129s
2025-12-01 06:40:13.780 65855 INFO tempest.lib.common.rest_client [req-8cb62fa6-73e5-47bf-aeb0-eba00081dcaf req-8cb62fa6-73e5-47bf-aeb0-eba00081dcaf ] Request (SecurityGroupsTestJSON:test_server_security_groups): 200 GET http://10.180.1.21/compute/v2.1/servers/e0bc5f61-ea72-491e-b5d1-f16b0f16455a 0.626s
2025-12-01 06:40:13.807 65845 INFO tempest.lib.common.rest_client [req-dc469c7d-b9e0-4fef-9329-9b261be7863a req-dc469c7d-b9e0-4fef-9329-9b261be7863a ] Request (ServersTestMultiNic:_run_cleanups): 200 GET http://10.180.1.21/compute/v2.1/servers/da5e35d1-b7a4-4fd0-9128-2bb5a148da93 0.592s
2025-12-01 06:40:13.816 65839 INFO tempest.lib.common.rest_client [req-0b289f73-03a9-439a-bec7-243035cc0d56 req-0b289f73-03a9-439a-bec7-243035cc0d56 ] Request (MultipleCreateNegativeTestJSON:setUpClass): 201 POST http://10.180.1.21/identity/v3/auth/tokens 0.072s
2025-12-01 06:40:13.842 65873 INFO tempest.lib.common.rest_client [req-ce4583cb-7cbd-4e48-bedf-e51f2c49a7dd req-ce4583cb-7cbd-4e48-bedf-e51f2c49a7dd ] Request (MultipleCreateTestJSON:tearDownClass): 200 GET http://10.180.1.21/compute/v2.1/servers/6475f10f-cd01-4930-ba6f-36ff45a94bd5 0.566s
2025-12-01 06:40:13.849 65839 INFO tempest.lib.common.rest_client [req-aefb623c-3669-41a9-ae41-d91a83eacd88 req-aefb623c-3669-41a9-ae41-d91a83eacd88 ] Request (MultipleCreateNegativeTestJSON:setUpClass): 201 POST http://10.180.1.21/identity/v3/auth/tokens 0.030s
2025-12-01 06:40:13.877 65839 INFO tempest.lib.common.rest_client [req-ae6bc3dd-467f-47ef-9257-e3e0e63881d3 req-ae6bc3dd-467f-47ef-9257-e3e0e63881d3 ] Request (MultipleCreateNegativeTestJSON:setUpClass): 200 GET http://10.180.1.21/identity/v3/domains?name=Default 0.028s
2025-12-01 06:40:13.901 65879 INFO tempest.lib.common.rest_client [req-a6b5652a-9bdd-402c-838b-a08d51304ebe req-a6b5652a-9bdd-402c-838b-a08d51304ebe ] Request (ImagesOneServerTestJSON:setUpClass): 200 GET http://10.180.1.21/compute/v2.1/servers/41ab260a-be19-4c45-bf4c-50bcfac2aac2 0.064s
2025-12-01 06:40:13.909 65839 INFO tempest.lib.common.rest_client [req-60d2684b-6af2-4630-a3f2-3d3ced17cc4d req-60d2684b-6af2-4630-a3f2-3d3ced17cc4d ] Request (MultipleCreateNegativeTestJSON:setUpClass): 201 POST http://10.180.1.21/identity/v3/projects 0.031s
2025-12-01 06:40:13.973 65839 INFO tempest.lib.common.rest_client [req-83b5e6d9-ead1-4020-a19e-d2e20f36b73d req-83b5e6d9-ead1-4020-a19e-d2e20f36b73d ] Request (MultipleCreateNegativeTestJSON:setUpClass): 201 POST http://10.180.1.21/identity/v3/users 0.063s
2025-12-01 06:40:14.006 65839 INFO tempest.lib.common.rest_client [req-69e6c18a-493b-4190-8438-b5d22115b80f req-69e6c18a-493b-4190-8438-b5d22115b80f ] Request (MultipleCreateNegativeTestJSON:setUpClass): 200 GET http://10.180.1.21/identity/v3/roles 0.032s
2025-12-01 06:40:14.028 65893 INFO tempest.lib.common.rest_client [req-991d0612-39a8-4095-97d4-64e741894a6e req-991d0612-39a8-4095-97d4-64e741894a6e ] Request (AttachInterfacesTestJSON:test_create_list_show_delete_interfaces_by_fixed_ip): 200 GET http://10.180.1.21/compute/v2.1/servers/cb77d6e3-13d9-46b0-96e4-54b43f7c7a0a/os-interface 0.130s
2025-12-01 06:40:14.052 65839 INFO tempest.lib.common.rest_client [req-6fe60cbe-0954-4ab4-97aa-e788a6af2ab0 req-6fe60cbe-0954-4ab4-97aa-e788a6af2ab0 ] Request (MultipleCreateNegativeTestJSON:setUpClass): 204 PUT http://10.180.1.21/identity/v3/projects/f09222ab4eec4fd9b2f7b22c60adb3be/users/ba75ac939b064943b3104403e8f180af/roles/dde0a18b4b564027a72418980ba0ee63 0.046s
2025-12-01 06:40:14.053 65839 INFO tempest.lib.common.dynamic_creds [-] Dynamic test user ba75ac939b064943b3104403e8f180af is created with scope project and roles: ['member']
2025-12-01 06:40:14.053 65839 INFO tempest.lib.common.dynamic_creds [-] Acquired dynamic creds: credentials: Credentials: {'domain_id': 'default', 'domain_name': 'Default', 'username': 'tempest-MultipleCreateNegativeTestJSON-1776037077-project-member', 'project_domain_id': 'default', 'project_domain_name': 'Default', 'project_id': 'f09222ab4eec4fd9b2f7b22c60adb3be', 'project_name': 'tempest-MultipleCreateNegativeTestJSON-1776037077', 'tenant_id': 'f09222ab4eec4fd9b2f7b22c60adb3be', 'tenant_name': 'tempest-MultipleCreateNegativeTestJSON-1776037077', 'user_domain_id': 'default', 'user_domain_name': 'Default', 'user_id': 'ba75ac939b064943b3104403e8f180af', 'system': None}, Network: None, Subnet: None, Router: None
2025-12-01 06:40:14.053 65839 INFO tempest.lib.common.dynamic_creds [-] Created isolated network resources for: credentials: Credentials: {'domain_id': 'default', 'domain_name': 'Default', 'username': 'tempest-MultipleCreateNegativeTestJSON-1776037077-project-member', 'project_domain_id': 'default', 'project_domain_name': 'Default', 'project_id': 'f09222ab4eec4fd9b2f7b22c60adb3be', 'project_name': 'tempest-MultipleCreateNegativeTestJSON-1776037077', 'tenant_id': 'f09222ab4eec4fd9b2f7b22c60adb3be', 'tenant_name': 'tempest-MultipleCreateNegativeTestJSON-1776037077', 'user_domain_id': 'default', 'user_domain_name': 'Default', 'user_id': 'ba75ac939b064943b3104403e8f180af', 'system': None}, Network: None, Subnet: None, Router: None
2025-12-01 06:40:14.056 65853 INFO tempest.lib.common.rest_client [req-b36e56bf-b8c1-4205-b728-93492f7c9613 req-b36e56bf-b8c1-4205-b728-93492f7c9613 ] Request (ServersAaction247Test:test_create_backup): 200 GET http://10.180.1.21/compute/v2.1/servers/05220b53-c822-4e7b-91ea-fcbca536dd92 0.074s
2025-12-01 06:40:14.094 65859 INFO tempest.lib.common.rest_client [req-d59e6704-387b-409c-a5fc-7cf67c0ea27a req-d59e6704-387b-409c-a5fc-7cf67c0ea27a ] Request (ServerRescueTestJSONUnderV235:tearDownClass): 200 GET http://10.180.1.21/compute/v2.1/servers/49cb9f90-9eb8-4c27-a4a1-51fc6ec238c4 0.104s
2025-12-01 06:40:14.137 65849 INFO tempest.lib.common.rest_client [req-579e5749-dc83-4b64-83b7-78322dac3e2b req-579e5749-dc83-4b64-83b7-78322dac3e2b ] Request (InstanceActionsTestJSON:tearDownClass): 200 GET http://10.180.1.21/compute/v2.1/servers/10594dfc-380a-4ca2-a33b-bbb3051efce0 0.073s
2025-12-01 06:40:14.141 65839 INFO tempest.lib.common.rest_client [req-8da9ca59-b287-4769-a000-39a08816e7ac req-8da9ca59-b287-4769-a000-39a08816e7ac ] Request (MultipleCreateNegativeTestJSON:setUpClass): 201 POST http://10.180.1.21/identity/v3/auth/tokens 0.084s
2025-12-01 06:40:14.158 65863 INFO tempest.lib.common.rest_client [req-8bcf3c48-c5cd-431d-97b4-e4dabe908cf6 req-8bcf3c48-c5cd-431d-97b4-e4dabe908cf6 ] Request (ListServerFiltersTestJSON:tearDownClass): 200 GET http://10.180.1.21/compute/v2.1/servers/6a10b233-a7c2-474c-857e-da389327e1c5 0.080s
2025-12-01 06:40:14.173 65839 INFO tempest.lib.common.rest_client [req-2ce63c18-ca20-45f6-aa53-95c6c29e3835 req-2ce63c18-ca20-45f6-aa53-95c6c29e3835 ] Request (MultipleCreateNegativeTestJSON:test_max_count_less_than_min_count): 201 POST http://10.180.1.21/identity/v3/auth/tokens 0.028s
2025-12-01 06:40:14.174 65839 INFO tempest.lib.common.fixed_network [-] (MultipleCreateNegativeTestJSON:test_max_count_less_than_min_count) Found network None available for tenant
2025-12-01 06:40:14.256 65839 INFO tempest.lib.common.rest_client [req-117e2a8c-9b00-408c-ba63-8424f79f83b8 req-117e2a8c-9b00-408c-ba63-8424f79f83b8 ] Request (MultipleCreateNegativeTestJSON:test_max_count_less_than_min_count): 400 POST http://10.180.1.21/compute/v2.1/servers 0.081s
2025-12-01 06:40:14.283 65851 INFO tempest.lib.common.rest_client [req-edf4af50-2377-4488-a7b3-f40a19e134ee req-edf4af50-2377-4488-a7b3-f40a19e134ee ] Request (ListServersNegativeTestJSON:tearDownClass): 200 GET http://10.180.1.21/compute/v2.1/servers/a4fa0aff-8c29-475a-a287-2aa3ee3bbf93 0.063s
2025-12-01 06:40:14.287 65839 INFO tempest.lib.common.rest_client [req-3744979f-9cf7-4de2-96b2-73e2b5a85f03 req-3744979f-9cf7-4de2-96b2-73e2b5a85f03 ] Request (MultipleCreateNegativeTestJSON:test_max_count_less_than_one): 201 POST http://10.180.1.21/identity/v3/auth/tokens 0.026s
2025-12-01 06:40:14.287 65839 INFO tempest.lib.common.fixed_network [-] (MultipleCreateNegativeTestJSON:test_max_count_less_than_one) Found network None available for tenant
2025-12-01 06:40:14.296 65839 INFO tempest.lib.common.rest_client [req-bddd2197-6383-42c7-bb13-41b72706c4ed req-bddd2197-6383-42c7-bb13-41b72706c4ed ] Request (MultipleCreateNegativeTestJSON:test_max_count_less_than_one): 400 POST http://10.180.1.21/compute/v2.1/servers 0.008s
2025-12-01 06:40:14.331 65839 INFO tempest.lib.common.rest_client [req-26d12d9c-388d-427c-8ed2-28074f98204c req-26d12d9c-388d-427c-8ed2-28074f98204c ] Request (MultipleCreateNegativeTestJSON:test_max_count_non_integer): 201 POST http://10.180.1.21/identity/v3/auth/tokens 0.031s
2025-12-01 06:40:14.331 65839 INFO tempest.lib.common.fixed_network [-] (MultipleCreateNegativeTestJSON:test_max_count_non_integer) Found network None available for tenant
2025-12-01 06:40:14.360 65877 INFO tempest.lib.common.rest_client [req-2f0ef70a-543f-4b1a-b645-814ed6999262 req-2f0ef70a-543f-4b1a-b645-814ed6999262 ] Request (ServersNegativeTestMultiTenantJSON:setUpClass): 200 GET http://10.180.1.21/compute/v2.1/servers/a164b9e8-a577-461f-bbc9-2ceb999bd5c5 0.062s
2025-12-01 06:40:14.365 65839 INFO tempest.lib.common.rest_client [req-3d0f2049-bc6c-44c5-8fcd-53c036ac82fa req-3d0f2049-bc6c-44c5-8fcd-53c036ac82fa ] Request (MultipleCreateNegativeTestJSON:test_max_count_non_integer): 400 POST http://10.180.1.21/compute/v2.1/servers 0.033s
2025-12-01 06:40:14.403 65839 INFO tempest.lib.common.rest_client [req-a1ab3bf9-e5e4-4f87-8d7c-f977ee94da32 req-a1ab3bf9-e5e4-4f87-8d7c-f977ee94da32 ] Request (MultipleCreateNegativeTestJSON:test_min_count_less_than_one): 201 POST http://10.180.1.21/identity/v3/auth/tokens 0.033s
2025-12-01 06:40:14.403 65839 INFO tempest.lib.common.fixed_network [-] (MultipleCreateNegativeTestJSON:test_min_count_less_than_one) Found network None available for tenant
2025-12-01 06:40:14.409 65861 INFO tempest.lib.common.rest_client [req-ddaf67ce-b4b2-4937-8993-1a9263987126 req-ddaf67ce-b4b2-4937-8993-1a9263987126 ] Request (ServerRescueTestJSON:test_rescue_unrescue_instance): 200 GET http://10.180.1.21/compute/v2.1/servers/08160ce9-8689-43b2-a934-2e9c1e4ce078 0.114s
2025-12-01 06:40:14.420 65883 INFO tempest.lib.common.rest_client [req-84d59677-a022-4383-91bc-8e3f6ca4a3a2 req-84d59677-a022-4383-91bc-8e3f6ca4a3a2 ] Request (ServersAdminNegativeTestJSON:test_migrate_server_invalid_state): 200 GET http://10.180.1.21/compute/v2.1/servers/fee5d44b-7a2c-473d-a791-31760563e635 0.065s
2025-12-01 06:40:14.461 65895 INFO tempest.lib.common.rest_client [req-d1ca92bf-85b0-431f-bc5a-84a254fad633 req-d1ca92bf-85b0-431f-bc5a-84a254fad633 ] Request (ListImageFiltersTestJSON:setUpClass): 200 GET http://10.180.1.21/compute/v2.1/images/7890049a-4620-4b89-b84b-45c349dba147 0.063s
2025-12-01 06:40:14.466 65847 INFO tempest.lib.common.rest_client [req-5e56061e-282c-4e81-92c1-6b92c0bd84b9 req-5e56061e-282c-4e81-92c1-6b92c0bd84b9 ] Request (ServerActionsTestOtherA:test_rebuild_server_in_stop_state): 200 GET http://10.180.1.21/compute/v2.1/servers/a98557ef-a7ca-4d99-85be-5a71b1dce96c 0.109s
2025-12-01 06:40:14.466 65839 INFO tempest.lib.common.rest_client [req-e2efab50-3e5e-4614-a844-161494bf879b req-e2efab50-3e5e-4614-a844-161494bf879b ] Request (MultipleCreateNegativeTestJSON:test_min_count_less_than_one): 400 POST http://10.180.1.21/compute/v2.1/servers 0.062s
2025-12-01 06:40:14.520 65839 INFO tempest.lib.common.rest_client [req-d4a45228-9d1b-43c0-87ab-3ad08cd9c82f req-d4a45228-9d1b-43c0-87ab-3ad08cd9c82f ] Request (MultipleCreateNegativeTestJSON:test_min_count_non_integer): 201 POST http://10.180.1.21/identity/v3/auth/tokens 0.049s
2025-12-01 06:40:14.521 65839 INFO tempest.lib.common.fixed_network [-] (MultipleCreateNegativeTestJSON:test_min_count_non_integer) Found network None available for tenant
2025-12-01 06:40:14.622 65887 INFO tempest.lib.common.rest_client [req-e41d3a30-8907-45a0-8c34-4cf9da59b830 req-e41d3a30-8907-45a0-8c34-4cf9da59b830 ] Request (DeleteServersTestJSON:test_delete_active_server): 200 GET http://10.180.1.21/compute/v2.1/servers/c41e1bfd-f22d-4723-a4cf-a425f148e0bb 0.149s
2025-12-01 06:40:14.631 65839 INFO tempest.lib.common.rest_client [req-4736f84f-8daa-4736-b4f1-09e320c5631e req-4736f84f-8daa-4736-b4f1-09e320c5631e ] Request (MultipleCreateNegativeTestJSON:test_min_count_non_integer): 400 POST http://10.180.1.21/compute/v2.1/servers 0.108s
2025-12-01 06:40:14.670 65871 INFO tempest.lib.common.rest_client [req-3f2f98f0-cda6-42d5-8001-d4b443d059a7 req-3f2f98f0-cda6-42d5-8001-d4b443d059a7 ] Request (MigrationsAdminTest:test_resize_server_revert_deleted_flavor): 200 GET http://10.180.1.21/compute/v2.1/servers/4ab04750-f79c-4ba4-9522-f40d182a60de 0.192s
2025-12-01 06:40:14.715 65841 INFO tempest.lib.common.rest_client [req-d5e86e20-3450-44ea-91d0-a75bc64b63e2 req-d5e86e20-3450-44ea-91d0-a75bc64b63e2 ] Request (ServerDiskConfigTestJSON:test_resize_server_from_auto_to_manual): 200 GET http://10.180.1.21/compute/v2.1/servers/a152d69b-743f-4385-a71c-9ab27df34c9b 0.177s
2025-12-01 06:40:14.815 65839 INFO tempest.lib.common.rest_client [req-f583094a-4fc4-4de1-b1ab-9c8d84dd11dc req-f583094a-4fc4-4de1-b1ab-9c8d84dd11dc ] Request (MultipleCreateNegativeTestJSON:tearDownClass): 204 DELETE http://10.180.1.21/identity/v3/users/ba75ac939b064943b3104403e8f180af 0.177s
2025-12-01 06:40:14.816 65839 INFO tempest.lib.common.dynamic_creds [-] Deleting project and security group for project: f09222ab4eec4fd9b2f7b22c60adb3be
2025-12-01 06:40:14.821 65837 INFO tempest.lib.common.rest_client [req-c53eb9e1-6154-481e-a50f-519655f056d5 req-c53eb9e1-6154-481e-a50f-519655f056d5 ] Request (ServersAdminTestJSON:tearDownClass): 200 GET http://10.180.1.21/compute/v2.1/servers/6d7b881c-facf-4138-be2d-391633018358 0.185s
2025-12-01 06:40:14.850 65835 INFO tempest.lib.common.rest_client [req-0a8fe1ca-e1e0-4739-8fee-0a83265b95a6 req-0a8fe1ca-e1e0-4739-8fee-0a83265b95a6 ] Request (FloatingIPsAssociationNegativeTestJSON:setUpClass): 200 GET http://10.180.1.21/compute/v2.1/servers/3c624edd-c5db-45a3-af92-9788d9755023 0.231s
2025-12-01 06:40:14.896 65867 INFO tempest.lib.common.rest_client [req-2b88eb0c-6342-4d27-ac65-3a1e2f825a52 req-2b88eb0c-6342-4d27-ac65-3a1e2f825a52 ] Request (ImagesTestJSON:test_create_image_from_stopped_server): 200 GET http://10.180.1.21/compute/v2.1/servers/877112a7-91d2-47a2-8eed-0d0b5187c237 0.212s
2025-12-01 06:40:14.902 65839 INFO tempest.lib.common.rest_client [req-92290b05-12fa-43db-860f-c7925f3dd5b1 req-92290b05-12fa-43db-860f-c7925f3dd5b1 ] Request (MultipleCreateNegativeTestJSON:tearDownClass): 201 POST http://10.180.1.21/identity/v3/auth/tokens 0.086s
2025-12-01 06:40:14.930 65875 INFO tempest.lib.common.rest_client [req-313dbb57-254c-4ee3-a244-312215f2fccf req-313dbb57-254c-4ee3-a244-312215f2fccf ] Request (ServerMetadataNegativeTestJSON:setUpClass): 200 GET http://10.180.1.21/compute/v2.1/servers/2b9a726d-c8d3-4b51-861d-ee23f2367e84 0.185s
2025-12-01 06:40:15.116 65839 INFO tempest.lib.common.rest_client [req-64495ff5-a632-47f1-b348-83338bee829c req-64495ff5-a632-47f1-b348-83338bee829c ] Request (MultipleCreateNegativeTestJSON:tearDownClass): 200 GET http://10.180.1.21/networking/v2.0/security-groups?tenant_id=f09222ab4eec4fd9b2f7b22c60adb3be&name=default 0.213s
2025-12-01 06:40:15.219 65845 INFO tempest.lib.common.rest_client [req-231b5ec9-9a02-4e70-964b-224860af240c req-231b5ec9-9a02-4e70-964b-224860af240c ] Request (ServersTestMultiNic:_run_cleanups): 200 GET http://10.180.1.21/compute/v2.1/servers/da5e35d1-b7a4-4fd0-9128-2bb5a148da93 0.404s
2025-12-01 06:40:15.312 65839 INFO tempest.lib.common.rest_client [req-9fff7785-065a-47b4-bc90-a7ed39e73f14 req-9fff7785-065a-47b4-bc90-a7ed39e73f14 ] Request (MultipleCreateNegativeTestJSON:tearDownClass): 204 DELETE http://10.180.1.21/networking/v2.0/security-groups/5ec13a2e-26c9-48fd-ae65-8912a5f49ba0 0.195s
