2025-12-01 06:40:26.969 65849 INFO tempest.lib.common.rest_client [req-a14abc35-c77c-4051-b818-b0c091bc7301 req-a14abc35-c77c-4051-b818-b0c091bc7301 ] Request (InstanceActionsTestJSON:tearDownClass): 204 DELETE http://10.180.1.21/networking/v2.0/networks/071a775a-9fba-4e94-87bc-9edff7c2a46f 0.266s
2025-12-01 06:40:26.971 65855 INFO tempest.common.waiters [-] State transition "HARD_REBOOT/rebooting_hard" ==> "ACTIVE/None" after 3 second wait
2025-12-01 06:40:27.115 65849 INFO tempest.lib.common.rest_client [req-24d6b179-1eb1-4e1c-88b0-2d2fe1654240 req-24d6b179-1eb1-4e1c-88b0-2d2fe1654240 ] Request (InstanceActionsTestJSON:tearDownClass): 204 DELETE http://10.180.1.21/identity/v3/users/019c4ede0540400f958ed15e79002957 0.145s
2025-12-01 06:40:27.115 65849 INFO tempest.lib.common.dynamic_creds [-] Deleting project and security group for project: 8c27a26192a84832b092a7d4bab3badb
2025-12-01 06:40:27.132 65851 INFO tempest.lib.common.rest_client [req-536737e1-03f7-4ba2-a596-383cd649b24d req-536737e1-03f7-4ba2-a596-383cd649b24d ] Request (ListServersNegativeTestJSON:tearDownClass): 200 GET http://10.180.1.21/compute/v2.1/servers/a4fa0aff-8c29-475a-a287-2aa3ee3bbf93 0.827s
2025-12-01 06:40:27.152 65879 INFO tempest.lib.common.rest_client [req-008c7613-22f9-46de-9504-15e3f987266c req-008c7613-22f9-46de-9504-15e3f987266c ] Request (ImagesOneServerTestJSON:setUpClass): 200 GET http://10.180.1.21/compute/v2.1/servers/41ab260a-be19-4c45-bf4c-50bcfac2aac2 0.806s
2025-12-01 06:40:27.166 65879 INFO tempest.common.waiters [-] State transition "BUILD/spawning" ==> "ACTIVE/None" after 71 second wait
2025-12-01 06:40:27.169 65849 INFO tempest.lib.common.rest_client [req-457f1845-0b9b-40a7-9283-e664b7439466 req-457f1845-0b9b-40a7-9283-e664b7439466 ] Request (InstanceActionsTestJSON:tearDownClass): 200 GET http://10.180.1.21/networking/v2.0/security-groups?tenant_id=8c27a26192a84832b092a7d4bab3badb&name=default 0.053s
2025-12-01 06:40:27.291 65849 INFO tempest.lib.common.rest_client [req-a38c000e-4ba5-4cc7-a873-a57293333fed req-a38c000e-4ba5-4cc7-a873-a57293333fed ] Request (InstanceActionsTestJSON:tearDownClass): 204 DELETE http://10.180.1.21/networking/v2.0/security-groups/0b12addc-823c-4a95-a085-d4bb69d13f36 0.121s
2025-12-01 06:40:27.307 65891 WARNING tempest.lib.common.ssh [-] Failed to establish authenticated ssh connection to cirros@10.180.180.190 ([Errno None] Unable to connect to port 22 on 10.180.180.190). Number attempts: 1. Retry after 2 seconds.: paramiko.ssh_exception.NoValidConnectionsError: [Errno None] Unable to connect to port 22 on 10.180.180.190
2025-12-01 06:40:27.368 65863 INFO tempest.lib.common.rest_client [req-7e8cba54-9506-4ec7-a1ed-751af785a1bc req-7e8cba54-9506-4ec7-a1ed-751af785a1bc ] Request (ListServerFiltersTestJSON:tearDownClass): 200 GET http://10.180.1.21/compute/v2.1/servers/6a10b233-a7c2-474c-857e-da389327e1c5 0.919s
2025-12-01 06:40:27.396 65849 INFO tempest.lib.common.rest_client [req-8534b799-82ea-487d-88a8-25d7c25612f7 req-8534b799-82ea-487d-88a8-25d7c25612f7 ] Request (InstanceActionsTestJSON:tearDownClass): 204 DELETE http://10.180.1.21/identity/v3/projects/8c27a26192a84832b092a7d4bab3badb 0.104s
2025-12-01 06:40:27.397 65871 INFO tempest.lib.common.rest_client [req-1b1c0b78-d792-40dc-8d68-f14c6a24c791 req-1b1c0b78-d792-40dc-8d68-f14c6a24c791 ] Request (MigrationsAdminTest:test_resize_server_revert_deleted_flavor): 200 GET http://10.180.1.21/compute/v2.1/servers/4ab04750-f79c-4ba4-9522-f40d182a60de 0.926s
2025-12-01 06:40:27.432 65877 INFO tempest.lib.common.rest_client [req-1ee513f0-36b0-49d0-9312-d8846919c2e2 req-1ee513f0-36b0-49d0-9312-d8846919c2e2 ] Request (ServersNegativeTestMultiTenantJSON:setUpClass): 200 GET http://10.180.1.21/compute/v2.1/servers/a164b9e8-a577-461f-bbc9-2ceb999bd5c5 0.903s
2025-12-01 06:40:27.452 65883 INFO tempest.lib.common.rest_client [req-cfe3d503-d324-45fe-bada-8e22f47c55dc req-cfe3d503-d324-45fe-bada-8e22f47c55dc ] Request (ServersAdminNegativeTestJSON:test_migrate_server_invalid_state): 200 GET http://10.180.1.21/compute/v2.1/servers/fee5d44b-7a2c-473d-a791-31760563e635 0.867s
2025-12-01 06:40:27.493 65847 INFO tempest.lib.common.rest_client [req-0dcbba8c-2c30-4022-bb0c-38aa4672e232 req-0dcbba8c-2c30-4022-bb0c-38aa4672e232 ] Request (ServerActionsTestOtherA:test_rebuild_server_in_stop_state): 200 GET http://10.180.1.21/compute/v2.1/servers/a98557ef-a7ca-4d99-85be-5a71b1dce96c 0.783s
2025-12-01 06:40:27.505 65895 INFO tempest.lib.common.rest_client [req-8b1d4fed-0c01-4fe7-978e-cc5dc3e17a19 req-8b1d4fed-0c01-4fe7-978e-cc5dc3e17a19 ] Request (ListImageFiltersTestJSON:setUpClass): 200 GET http://10.180.1.21/compute/v2.1/images/9dfd364e-fcfb-4381-8014-7daebc6fd649 0.788s
2025-12-01 06:40:27.685 65887 INFO tempest.lib.common.rest_client [req-d33031e5-07d0-48a5-9923-25080448f749 req-d33031e5-07d0-48a5-9923-25080448f749 ] Request (DeleteServersTestJSON:test_delete_active_server): 200 GET http://10.180.1.21/compute/v2.1/servers/c41e1bfd-f22d-4723-a4cf-a425f148e0bb 0.809s
2025-12-01 06:40:27.695 65835 INFO tempest.lib.common.rest_client [req-662510bc-33ab-454d-8fd1-e669229ba3b4 req-662510bc-33ab-454d-8fd1-e669229ba3b4 ] Request (FloatingIPsAssociationNegativeTestJSON:test_associate_nonexistent_floating_ip): 404 POST http://10.180.1.21/compute/v2.1/servers/3c624edd-c5db-45a3-af92-9788d9755023/action 0.822s
2025-12-01 06:40:27.771 65837 INFO tempest.lib.common.rest_client [req-88356dca-9e1c-4e27-a05d-18bdc6d7580b req-88356dca-9e1c-4e27-a05d-18bdc6d7580b ] Request (ServersAdminTestJSON:tearDownClass): 200 GET http://10.180.1.21/compute/v2.1/servers/6d7b881c-facf-4138-be2d-391633018358 0.656s
2025-12-01 06:40:27.814 65859 INFO tempest.lib.common.rest_client [req-e7858372-3d10-43ab-a6fb-3826e220995a req-e7858372-3d10-43ab-a6fb-3826e220995a ] Request (ServerRescueTestJSONUnderV235:tearDownClass): 200 PUT http://10.180.1.21/networking/v2.0/routers/95ff7873-db75-4106-b44b-280a203be5e3/remove_router_interface 0.855s
2025-12-01 06:40:28.079 65855 INFO tempest.lib.common.rest_client [req-49062660-096f-4918-969d-4e48d69f12d9 req-49062660-096f-4918-969d-4e48d69f12d9 ] Request (SecurityGroupsTestJSON:test_server_security_groups): 202 POST http://10.180.1.21/compute/v2.1/servers/e0bc5f61-ea72-491e-b5d1-f16b0f16455a/action 1.107s
2025-12-01 06:40:28.270 65841 INFO tempest.lib.common.rest_client [req-3273589a-1af6-443f-9e51-86bda8920d6f req-3273589a-1af6-443f-9e51-86bda8920d6f ] Request (ServerDiskConfigTestJSON:test_resize_server_from_auto_to_manual): 200 GET http://10.180.1.21/compute/v2.1/servers/a152d69b-743f-4385-a71c-9ab27df34c9b 0.963s
2025-12-01 06:40:28.277 65859 INFO tempest.lib.common.rest_client [req-cb38bbee-0db2-4579-887c-73060cd3e1d5 req-cb38bbee-0db2-4579-887c-73060cd3e1d5 ] Request (ServerRescueTestJSONUnderV235:tearDownClass): 204 DELETE http://10.180.1.21/networking/v2.0/routers/95ff7873-db75-4106-b44b-280a203be5e3 0.463s
2025-12-01 06:40:28.339 65867 INFO tempest.lib.common.rest_client [req-a5ddd6ec-8933-43d5-8c4a-c392f351d10f req-a5ddd6ec-8933-43d5-8c4a-c392f351d10f ] Request (ImagesTestJSON:test_create_image_from_stopped_server): 200 GET http://10.180.1.21/compute/v2.1/servers/877112a7-91d2-47a2-8eed-0d0b5187c237 0.927s
2025-12-01 06:40:28.409 65859 INFO tempest.lib.common.rest_client [req-73ccaa6f-68b4-4c1b-be80-2bc222f05a10 req-73ccaa6f-68b4-4c1b-be80-2bc222f05a10 ] Request (ServerRescueTestJSONUnderV235:tearDownClass): 204 DELETE http://10.180.1.21/networking/v2.0/subnets/45791637-54fe-410f-9cd2-3b0c7ae8a30a 0.131s
2025-12-01 06:40:28.420 65845 INFO tempest.lib.common.rest_client [req-be7b56d1-219f-4a38-b566-c3900bc6755c req-be7b56d1-219f-4a38-b566-c3900bc6755c ] Request (ServersTestMultiNic:_run_cleanups): 200 GET http://10.180.1.21/compute/v2.1/servers/da5e35d1-b7a4-4fd0-9128-2bb5a148da93 0.914s
2025-12-01 06:40:28.450 65835 INFO tempest.lib.common.rest_client [req-32de5c26-1fe0-4ed0-ac75-1d6e8c784ae7 req-32de5c26-1fe0-4ed0-ac75-1d6e8c784ae7 ] Request (FloatingIPsAssociationNegativeTestJSON:test_dissociate_nonexistent_floating_ip): 404 POST http://10.180.1.21/compute/v2.1/servers/3c624edd-c5db-45a3-af92-9788d9755023/action 0.748s
2025-12-01 06:40:28.461 65879 INFO tempest.lib.common.rest_client [req-41cafd53-3935-4b20-a772-f6b9272d60b7 req-41cafd53-3935-4b20-a772-f6b9272d60b7 ] Request (ImagesOneServerTestJSON:test_create_delete_image): 202 POST http://10.180.1.21/compute/v2.1/servers/41ab260a-be19-4c45-bf4c-50bcfac2aac2/action 1.294s
2025-12-01 06:40:28.539 65893 INFO tempest.lib.common.rest_client [req-157cb0cb-7c4f-4b7e-84e3-a7307dc2d992 req-157cb0cb-7c4f-4b7e-84e3-a7307dc2d992 ] Request (AttachInterfacesTestJSON:_run_cleanups): 200 GET http://10.180.1.21/compute/v2.1/servers/cb77d6e3-13d9-46b0-96e4-54b43f7c7a0a 0.738s
2025-12-01 06:40:28.552 65859 INFO tempest.lib.common.rest_client [req-4c02aec3-efe1-4fe5-ac4a-9356e53a6160 req-4c02aec3-efe1-4fe5-ac4a-9356e53a6160 ] Request (ServerRescueTestJSONUnderV235:tearDownClass): 204 DELETE http://10.180.1.21/networking/v2.0/networks/1add4c67-f099-4f3d-a714-e91d1eafef3c 0.142s
2025-12-01 06:40:28.570 65875 INFO tempest.lib.common.rest_client [req-2f93cceb-33b4-4ed5-ba07-8a892bb7c06b req-2f93cceb-33b4-4ed5-ba07-8a892bb7c06b ] Request (ServerMetadataNegativeTestJSON:setUpClass): 200 GET http://10.180.1.21/compute/v2.1/servers/2b9a726d-c8d3-4b51-861d-ee23f2367e84 0.829s
2025-12-01 06:40:28.579 65875 INFO tempest.common.waiters [-] State transition "BUILD/spawning" ==> "ACTIVE/None" after 61 second wait
2025-12-01 06:40:28.618 65861 INFO tempest.lib.common.rest_client [req-2f5b156e-258d-4d21-9ca0-3e6571e6ded5 req-2f5b156e-258d-4d21-9ca0-3e6571e6ded5 ] Request (ServerRescueTestJSON:tearDownClass): 200 GET http://10.180.1.21/compute/v2.1/servers/08160ce9-8689-43b2-a934-2e9c1e4ce078 0.800s
2025-12-01 06:40:28.666 65873 INFO tempest.lib.common.rest_client [req-374b9931-dbec-4980-a5f5-609f807126c0 req-374b9931-dbec-4980-a5f5-609f807126c0 ] Request (MultipleCreateTestJSON:tearDownClass): 200 GET http://10.180.1.21/compute/v2.1/servers/6475f10f-cd01-4930-ba6f-36ff45a94bd5 0.793s
2025-12-01 06:40:28.672 65875 INFO tempest.lib.common.rest_client [req-39fed54d-d4df-4e4e-8c13-a52582e53852 req-39fed54d-d4df-4e4e-8c13-a52582e53852 ] Request (ServerMetadataNegativeTestJSON:test_create_server_metadata_blank_key): 201 POST http://10.180.1.21/identity/v3/auth/tokens 0.087s
2025-12-01 06:40:28.674 65875 INFO tempest.lib.common.fixed_network [-] (ServerMetadataNegativeTestJSON:test_create_server_metadata_blank_key) Found network {'id': '3650c468-741f-41e1-858f-54de935e039b', 'name': 'tempest-ServerMetadataNegativeTestJSON-660240093-network', 'tenant_id': '4cf24b94c54c43db9e14e856f0c1c983', 'project_id': '4cf24b94c54c43db9e14e856f0c1c983', 'admin_state_up': True, 'mtu': 8950, 'status': 'ACTIVE', 'subnets': [], 'shared': False, 'port_security_enabled': True, 'router:external': False, 'provider:network_type': 'vlan', 'provider:physical_network': 'default', 'provider:segmentation_id': 791, 'availability_zone_hints': [], 'availability_zones': [], 'ipv4_address_scope': None, 'ipv6_address_scope': None, 'description': '', 'tags': [], 'created_at': '2025-12-01T06:39:20Z', 'updated_at': '2025-12-01T06:39:20Z', 'revision_number': 1} available for tenant
2025-12-01 06:40:28.704 65853 INFO tempest.lib.common.rest_client [req-ba51c7e3-aefd-473f-b827-d9c49124bc38 req-ba51c7e3-aefd-473f-b827-d9c49124bc38 ] Request (ServersAaction247Test:test_create_backup): 200 GET http://10.180.1.21/compute/v2.1/servers/05220b53-c822-4e7b-91ea-fcbca536dd92 0.753s
2025-12-01 06:40:28.731 65859 INFO tempest.lib.common.rest_client [req-e5d59795-29f7-43ff-a98c-0b7f0a425335 req-e5d59795-29f7-43ff-a98c-0b7f0a425335 ] Request (ServerRescueTestJSONUnderV235:tearDownClass): 204 DELETE http://10.180.1.21/identity/v3/users/bb4e0eb73f654bf499a5016be25eb11c 0.178s
2025-12-01 06:40:28.731 65859 INFO tempest.lib.common.dynamic_creds [-] Deleting project and security group for project: feac7598136042e6a4c92ed10d88d31a
2025-12-01 06:40:28.764 65859 INFO tempest.lib.common.rest_client [req-40eefeed-383e-470f-85b6-1d84162d5c4b req-40eefeed-383e-470f-85b6-1d84162d5c4b ] Request (ServerRescueTestJSONUnderV235:tearDownClass): 200 GET http://10.180.1.21/networking/v2.0/security-groups?tenant_id=feac7598136042e6a4c92ed10d88d31a&name=default 0.033s
2025-12-01 06:40:28.775 65855 INFO tempest.lib.common.rest_client [req-b14d38db-c2f4-4fa6-812d-e0b36430f8dc req-b14d38db-c2f4-4fa6-812d-e0b36430f8dc ] Request (SecurityGroupsTestJSON:test_server_security_groups): 400 DELETE http://10.180.1.21/compute/v2.1/os-security-groups/8b0676c5-6a62-4226-96fd-5670d77e6218 0.695s
2025-12-01 06:40:28.794 65851 INFO tempest.lib.common.rest_client [req-7bc65ee2-4424-478b-93a1-c7f6835a2c04 req-7bc65ee2-4424-478b-93a1-c7f6835a2c04 ] Request (ListServersNegativeTestJSON:tearDownClass): 200 GET http://10.180.1.21/compute/v2.1/servers/a4fa0aff-8c29-475a-a287-2aa3ee3bbf93 0.647s
2025-12-01 06:40:28.796 65863 INFO tempest.lib.common.rest_client [req-f4d65a1e-96d1-4a2e-b7d9-68852a01614f req-f4d65a1e-96d1-4a2e-b7d9-68852a01614f ] Request (ListServerFiltersTestJSON:tearDownClass): 404 GET http://10.180.1.21/compute/v2.1/servers/6a10b233-a7c2-474c-857e-da389327e1c5 0.418s
2025-12-01 06:40:28.849 65877 INFO tempest.lib.common.rest_client [req-ecf7af49-4202-4b54-9f6d-9c125716fa73 req-ecf7af49-4202-4b54-9f6d-9c125716fa73 ] Request (ServersNegativeTestMultiTenantJSON:setUpClass): 200 GET http://10.180.1.21/compute/v2.1/servers/a164b9e8-a577-461f-bbc9-2ceb999bd5c5 0.408s
2025-12-01 06:40:28.865 65859 INFO tempest.lib.common.rest_client [req-34805539-1155-4cf1-bec5-1930fa54e055 req-34805539-1155-4cf1-bec5-1930fa54e055 ] Request (ServerRescueTestJSONUnderV235:tearDownClass): 204 DELETE http://10.180.1.21/networking/v2.0/security-groups/adfc761e-fd03-4688-97d9-0d5bfa600956 0.101s
2025-12-01 06:40:28.944 65835 INFO tempest.lib.common.rest_client [req-6ede4f1b-2034-412e-bfc4-365abb35b2f5 req-6ede4f1b-2034-412e-bfc4-365abb35b2f5 ] Request (FloatingIPsAssociationNegativeTestJSON:tearDownClass): 204 DELETE http://10.180.1.21/compute/v2.1/servers/3c624edd-c5db-45a3-af92-9788d9755023 0.481s
2025-12-01 06:40:28.974 65871 INFO tempest.lib.common.rest_client [req-fcf1853a-aa2c-4b5d-bba1-c3a452d75e7f req-fcf1853a-aa2c-4b5d-bba1-c3a452d75e7f ] Request (MigrationsAdminTest:test_resize_server_revert_deleted_flavor): 200 GET http://10.180.1.21/compute/v2.1/servers/4ab04750-f79c-4ba4-9522-f40d182a60de 0.565s
2025-12-01 06:40:28.975 65859 INFO tempest.lib.common.rest_client [req-647ae3fd-6a22-4b58-9e8d-86a10ce85643 req-647ae3fd-6a22-4b58-9e8d-86a10ce85643 ] Request (ServerRescueTestJSONUnderV235:tearDownClass): 204 DELETE http://10.180.1.21/identity/v3/projects/feac7598136042e6a4c92ed10d88d31a 0.109s
2025-12-01 06:40:28.986 65879 INFO tempest.lib.common.rest_client [req-e08c7a03-5328-4a52-b8ec-e657b6577b1e req-e08c7a03-5328-4a52-b8ec-e657b6577b1e ] Request (ImagesOneServerTestJSON:test_create_delete_image): 200 GET http://10.180.1.21/compute/v2.1/images/46e0b510-764a-4afb-9e2f-e2226d229bbd 0.523s
2025-12-01 06:40:29.032 65883 INFO tempest.lib.common.rest_client [req-ef1e047f-9f48-4371-86e3-6fc75b2472d6 req-ef1e047f-9f48-4371-86e3-6fc75b2472d6 ] Request (ServersAdminNegativeTestJSON:test_migrate_server_invalid_state): 200 GET http://10.180.1.21/compute/v2.1/servers/fee5d44b-7a2c-473d-a791-31760563e635 0.567s
2025-12-01 06:40:29.052 65847 INFO tempest.lib.common.rest_client [req-b2c16257-a104-4d07-afb4-52dc4afa1599 req-b2c16257-a104-4d07-afb4-52dc4afa1599 ] Request (ServerActionsTestOtherA:test_rebuild_server_in_stop_state): 200 GET http://10.180.1.21/compute/v2.1/servers/a98557ef-a7ca-4d99-85be-5a71b1dce96c 0.546s
2025-12-01 06:40:29.056 65875 INFO tempest.lib.common.rest_client [req-d61a2a6d-d668-46fe-9a80-639d9a89b402 req-d61a2a6d-d668-46fe-9a80-639d9a89b402 ] Request (ServerMetadataNegativeTestJSON:test_create_server_metadata_blank_key): 400 POST http://10.180.1.21/compute/v2.1/servers 0.381s
2025-12-01 06:40:29.068 65859 INFO tempest.lib.common.rest_client [req-007d85d4-453e-4c74-97c4-af1d1c481142 req-007d85d4-453e-4c74-97c4-af1d1c481142 ] Request (ServersTestJSON:setUpClass): 201 POST http://10.180.1.21/identity/v3/auth/tokens 0.091s
2025-12-01 06:40:29.081 65895 INFO tempest.lib.common.rest_client [req-16c5e408-3a3e-4190-988e-7761854e9acc req-16c5e408-3a3e-4190-988e-7761854e9acc ] Request (ListImageFiltersTestJSON:setUpClass): 200 GET http://10.180.1.21/compute/v2.1/images/9dfd364e-fcfb-4381-8014-7daebc6fd649 0.571s
2025-12-01 06:40:29.100 65859 INFO tempest.lib.common.rest_client [req-0fb45b20-6525-4f75-a795-a18abf2be5e7 req-0fb45b20-6525-4f75-a795-a18abf2be5e7 ] Request (ServersTestJSON:setUpClass): 201 POST http://10.180.1.21/identity/v3/auth/tokens 0.029s
2025-12-01 06:40:29.125 65887 INFO tempest.lib.common.rest_client [req-f89a3987-fd4b-4242-a5a6-b7223fa4c9f4 req-f89a3987-fd4b-4242-a5a6-b7223fa4c9f4 ] Request (DeleteServersTestJSON:test_delete_active_server): 200 GET http://10.180.1.21/compute/v2.1/servers/c41e1bfd-f22d-4723-a4cf-a425f148e0bb 0.432s
2025-12-01 06:40:29.125 65859 INFO tempest.lib.common.rest_client [req-a9f40c95-b2b8-488d-bdc3-f446d0f46563 req-a9f40c95-b2b8-488d-bdc3-f446d0f46563 ] Request (ServersTestJSON:setUpClass): 200 GET http://10.180.1.21/identity/v3/domains?name=Default 0.025s
2025-12-01 06:40:29.154 65859 INFO tempest.lib.common.rest_client [req-9de6cc12-3aef-4dd3-9493-c2ac901f3853 req-9de6cc12-3aef-4dd3-9493-c2ac901f3853 ] Request (ServersTestJSON:setUpClass): 201 POST http://10.180.1.21/identity/v3/projects 0.029s
2025-12-01 06:40:29.159 65855 INFO tempest.lib.common.rest_client [req-57a26b2e-10b0-4314-9fda-5e472319dcea req-57a26b2e-10b0-4314-9fda-5e472319dcea ] Request (SecurityGroupsTestJSON:test_server_security_groups): 204 DELETE http://10.180.1.21/compute/v2.1/servers/e0bc5f61-ea72-491e-b5d1-f16b0f16455a 0.384s
2025-12-01 06:40:29.190 65837 INFO tempest.lib.common.rest_client [req-e09b5fae-b0dd-4fed-84d3-54303600820e req-e09b5fae-b0dd-4fed-84d3-54303600820e ] Request (ServersAdminTestJSON:tearDownClass): 200 GET http://10.180.1.21/compute/v2.1/servers/6d7b881c-facf-4138-be2d-391633018358 0.407s
2025-12-01 06:40:29.222 65859 INFO tempest.lib.common.rest_client [req-2742e64b-05bd-423c-a9c1-817194e19f63 req-2742e64b-05bd-423c-a9c1-817194e19f63 ] Request (ServersTestJSON:setUpClass): 201 POST http://10.180.1.21/identity/v3/users 0.067s
2025-12-01 06:40:29.244 65859 INFO tempest.lib.common.rest_client [req-56a02415-1584-418b-a00d-9dfd0bdead92 req-56a02415-1584-418b-a00d-9dfd0bdead92 ] Request (ServersTestJSON:setUpClass): 200 GET http://10.180.1.21/identity/v3/roles 0.021s
2025-12-01 06:40:29.246 65863 INFO tempest.lib.common.rest_client [req-689ccb3c-dcf4-472c-8fd9-e0c0b95ff68e req-689ccb3c-dcf4-472c-8fd9-e0c0b95ff68e ] Request (ListServerFiltersTestJSON:tearDownClass): 204 DELETE http://10.180.1.21/compute/v2.1/servers/ff720f13-03ae-4d1f-b714-21ea4423a29d 0.450s
2025-12-01 06:40:29.253 65875 INFO tempest.lib.common.rest_client [req-9a600716-50d4-48c2-b040-7ca74a08c0f6 req-9a600716-50d4-48c2-b040-7ca74a08c0f6 ] Request (ServerMetadataNegativeTestJSON:test_delete_metadata_non_existent_server): 404 DELETE http://10.180.1.21/compute/v2.1/servers/110db327-2899-41f1-8adc-2d727c0bf11f/metadata/d 0.191s
2025-12-01 06:40:29.273 65859 INFO tempest.lib.common.rest_client [req-38cf147d-8a1e-40e8-84bf-459dffef586c req-38cf147d-8a1e-40e8-84bf-459dffef586c ] Request (ServersTestJSON:setUpClass): 204 PUT http://10.180.1.21/identity/v3/projects/15252ee816994008ad066f985ca22c55/users/4359456eeae7445390cf40240a8b3392/roles/dde0a18b4b564027a72418980ba0ee63 0.028s
2025-12-01 06:40:29.274 65859 INFO tempest.lib.common.dynamic_creds [-] Dynamic test user 4359456eeae7445390cf40240a8b3392 is created with scope project and roles: ['member']
2025-12-01 06:40:29.274 65859 INFO tempest.lib.common.dynamic_creds [-] Acquired dynamic creds: credentials: Credentials: {'domain_id': 'default', 'domain_name': 'Default', 'username': 'tempest-ServersTestJSON-1187604356-project-member', 'project_domain_id': 'default', 'project_domain_name': 'Default', 'project_id': '15252ee816994008ad066f985ca22c55', 'project_name': 'tempest-ServersTestJSON-1187604356', 'tenant_id': '15252ee816994008ad066f985ca22c55', 'tenant_name': 'tempest-ServersTestJSON-1187604356', 'user_domain_id': 'default', 'user_domain_name': 'Default', 'user_id': '4359456eeae7445390cf40240a8b3392', 'system': None}, Network: None, Subnet: None, Router: None
2025-12-01 06:40:29.298 65835 INFO tempest.lib.common.rest_client [req-2303ea36-8349-448d-9e03-05d7672793b3 req-2303ea36-8349-448d-9e03-05d7672793b3 ] Request (FloatingIPsAssociationNegativeTestJSON:tearDownClass): 200 GET http://10.180.1.21/compute/v2.1/servers/3c624edd-c5db-45a3-af92-9788d9755023 0.353s
2025-12-01 06:40:29.350 65859 INFO tempest.lib.common.rest_client [req-3785bb6d-6ea2-4be5-a163-a59c6df37c62 req-3785bb6d-6ea2-4be5-a163-a59c6df37c62 ] Request (ServersTestJSON:setUpClass): 201 POST http://10.180.1.21/identity/v3/auth/tokens 0.075s
2025-12-01 06:40:29.365 65855 INFO tempest.lib.common.rest_client [req-03235a94-c3c6-4ba4-987f-00bb8a306caa req-03235a94-c3c6-4ba4-987f-00bb8a306caa ] Request (SecurityGroupsTestJSON:test_server_security_groups): 200 GET http://10.180.1.21/compute/v2.1/servers/e0bc5f61-ea72-491e-b5d1-f16b0f16455a 0.205s
2025-12-01 06:40:29.377 65875 INFO tempest.lib.common.rest_client [req-ba610004-a161-40d9-bc14-fe21870e2b2e req-ba610004-a161-40d9-bc14-fe21870e2b2e ] Request (ServerMetadataNegativeTestJSON:test_list_server_metadata_non_existent_server): 404 GET http://10.180.1.21/compute/v2.1/servers/39f467e0-30d5-4719-a78c-1dcca0a21523/metadata 0.121s
2025-12-01 06:40:29.418 65843 WARNING tempest.lib.common.ssh [-] Failed to establish authenticated ssh connection to cirros@10.180.180.175 ([Errno None] Unable to connect to port 22 on 10.180.180.175). Number attempts: 8. Retry after 9 seconds.: paramiko.ssh_exception.NoValidConnectionsError: [Errno None] Unable to connect to port 22 on 10.180.180.175
2025-12-01 06:40:29.600 65863 INFO tempest.lib.common.rest_client [req-259c3dfc-408b-476e-bfaf-b88fc6c36b2f req-259c3dfc-408b-476e-bfaf-b88fc6c36b2f ] Request (ListServerFiltersTestJSON:tearDownClass): 200 GET http://10.180.1.21/compute/v2.1/servers/ff720f13-03ae-4d1f-b714-21ea4423a29d 0.353s
2025-12-01 06:40:29.687 65841 INFO tempest.lib.common.rest_client [req-57318ef5-b2f1-4df6-9775-f4f071a03649 req-57318ef5-b2f1-4df6-9775-f4f071a03649 ] Request (ServerDiskConfigTestJSON:test_resize_server_from_auto_to_manual): 200 GET http://10.180.1.21/compute/v2.1/servers/a152d69b-743f-4385-a71c-9ab27df34c9b 0.407s
2025-12-01 06:40:29.708 65867 INFO tempest.lib.common.rest_client [req-24ef0150-456a-4c45-af84-bf9df6afbc2d req-24ef0150-456a-4c45-af84-bf9df6afbc2d ] Request (ImagesTestJSON:test_create_image_from_stopped_server): 200 GET http://10.180.1.21/compute/v2.1/servers/877112a7-91d2-47a2-8eed-0d0b5187c237 0.357s
2025-12-01 06:40:29.731 65859 INFO tempest.lib.common.rest_client [req-f5d0bf03-ddad-4520-8f05-055bb74d23d5 req-f5d0bf03-ddad-4520-8f05-055bb74d23d5 ] Request (ServersTestJSON:setUpClass): 201 POST http://10.180.1.21/networking/v2.0/networks 0.381s
2025-12-01 06:40:29.772 65845 INFO tempest.lib.common.rest_client [req-4d76b2f8-90b1-436c-836b-721101a3627c req-4d76b2f8-90b1-436c-836b-721101a3627c ] Request (ServersTestMultiNic:_run_cleanups): 200 GET http://10.180.1.21/compute/v2.1/servers/da5e35d1-b7a4-4fd0-9128-2bb5a148da93 0.341s
2025-12-01 06:40:29.812 65891 WARNING tempest.lib.common.ssh [-] Failed to establish authenticated ssh connection to cirros@10.180.180.190 ([Errno None] Unable to connect to port 22 on 10.180.180.190). Number attempts: 2. Retry after 3 seconds.: paramiko.ssh_exception.NoValidConnectionsError: [Errno None] Unable to connect to port 22 on 10.180.180.190
2025-12-01 06:40:29.819 65875 INFO tempest.lib.common.rest_client [req-cd494b8c-3dc7-490d-8e21-f53b934d4764 req-cd494b8c-3dc7-490d-8e21-f53b934d4764 ] Request (ServerMetadataNegativeTestJSON:test_metadata_items_limit): 200 GET http://10.180.1.21/compute/v2.1/os-quota-sets/4cf24b94c54c43db9e14e856f0c1c983 0.438s
2025-12-01 06:40:29.829 65893 INFO tempest.lib.common.rest_client [req-3585fc3a-c338-4194-9090-7c34aae21b60 req-3585fc3a-c338-4194-9090-7c34aae21b60 ] Request (AttachInterfacesTestJSON:_run_cleanups): 200 GET http://10.180.1.21/compute/v2.1/servers/cb77d6e3-13d9-46b0-96e4-54b43f7c7a0a 0.281s
2025-12-01 06:40:29.872 65861 INFO tempest.lib.common.rest_client [req-9457a899-32c7-441f-ae5c-c60cfb7e1f95 req-9457a899-32c7-441f-ae5c-c60cfb7e1f95 ] Request (ServerRescueTestJSON:tearDownClass): 200 GET http://10.180.1.21/compute/v2.1/servers/08160ce9-8689-43b2-a934-2e9c1e4ce078 0.244s
2025-12-01 06:40:29.889 65873 INFO tempest.lib.common.rest_client [req-14a68d01-8f2b-4efc-ac96-dda18c2bf73e req-14a68d01-8f2b-4efc-ac96-dda18c2bf73e ] Request (MultipleCreateTestJSON:tearDownClass): 200 GET http://10.180.1.21/compute/v2.1/servers/6475f10f-cd01-4930-ba6f-36ff45a94bd5 0.210s
2025-12-01 06:40:29.909 65859 INFO tempest.lib.common.rest_client [req-5268caac-23b3-430d-b211-c944004c5aeb req-5268caac-23b3-430d-b211-c944004c5aeb ] Request (ServersTestJSON:setUpClass): 201 POST http://10.180.1.21/networking/v2.0/subnets 0.178s
2025-12-01 06:40:29.923 65853 INFO tempest.lib.common.rest_client [req-9cbd7d06-aac4-4111-b254-46125b767a5f req-9cbd7d06-aac4-4111-b254-46125b767a5f ] Request (ServersAaction247Test:test_create_backup): 200 GET http://10.180.1.21/compute/v2.1/servers/05220b53-c822-4e7b-91ea-fcbca536dd92 0.207s
2025-12-01 06:40:29.951 65851 INFO tempest.lib.common.rest_client [req-30e3e6f3-bfe1-4840-9351-a5953f74a09c req-30e3e6f3-bfe1-4840-9351-a5953f74a09c ] Request (ListServersNegativeTestJSON:tearDownClass): 200 GET http://10.180.1.21/compute/v2.1/servers/a4fa0aff-8c29-475a-a287-2aa3ee3bbf93 0.149s
2025-12-01 06:40:29.978 65875 INFO tempest.lib.common.rest_client [req-005c43ec-f063-46b4-8acf-f31e04cc2935 req-005c43ec-f063-46b4-8acf-f31e04cc2935 ] Request (ServerMetadataNegativeTestJSON:test_metadata_items_limit): 403 PUT http://10.180.1.21/compute/v2.1/servers/2b9a726d-c8d3-4b51-861d-ee23f2367e84/metadata 0.157s
2025-12-01 06:40:30.013 65877 INFO tempest.lib.common.rest_client [req-7e4a3103-9baf-402a-b4ad-b12298280e67 req-7e4a3103-9baf-402a-b4ad-b12298280e67 ] Request (ServersNegativeTestMultiTenantJSON:setUpClass): 200 GET http://10.180.1.21/compute/v2.1/servers/a164b9e8-a577-461f-bbc9-2ceb999bd5c5 0.154s
2025-12-01 06:40:30.036 65875 INFO tempest.lib.common.rest_client [req-5375b4d4-5d73-497b-95cf-540a009fb490 req-5375b4d4-5d73-497b-95cf-540a009fb490 ] Request (ServerMetadataNegativeTestJSON:test_metadata_items_limit): 403 POST http://10.180.1.21/compute/v2.1/servers/2b9a726d-c8d3-4b51-861d-ee23f2367e84/metadata 0.057s
2025-12-01 06:40:30.078 65875 INFO tempest.lib.common.rest_client [req-e76b44df-39d8-4ccb-bb5e-89d038b370d1 req-e76b44df-39d8-4ccb-bb5e-89d038b370d1 ] Request (ServerMetadataNegativeTestJSON:test_server_create_metadata_key_too_long): 201 POST http://10.180.1.21/identity/v3/auth/tokens 0.036s
2025-12-01 06:40:30.078 65879 INFO tempest.lib.common.rest_client [req-0ef4a163-78fa-404a-938b-6f413bb0f4c7 req-0ef4a163-78fa-404a-938b-6f413bb0f4c7 ] Request (ImagesOneServerTestJSON:test_create_delete_image): 200 GET http://10.180.1.21/compute/v2.1/images/46e0b510-764a-4afb-9e2f-e2226d229bbd 0.087s
2025-12-01 06:40:30.079 65875 INFO tempest.lib.common.fixed_network [-] (ServerMetadataNegativeTestJSON:test_server_create_metadata_key_too_long) Found network {'id': '3650c468-741f-41e1-858f-54de935e039b', 'name': 'tempest-ServerMetadataNegativeTestJSON-660240093-network', 'tenant_id': '4cf24b94c54c43db9e14e856f0c1c983', 'project_id': '4cf24b94c54c43db9e14e856f0c1c983', 'admin_state_up': True, 'mtu': 8950, 'status': 'ACTIVE', 'subnets': [], 'shared': False, 'port_security_enabled': True, 'router:external': False, 'provider:network_type': 'vlan', 'provider:physical_network': 'default', 'provider:segmentation_id': 791, 'availability_zone_hints': [], 'availability_zones': [], 'ipv4_address_scope': None, 'ipv6_address_scope': None, 'description': '', 'tags': [], 'created_at': '2025-12-01T06:39:20Z', 'updated_at': '2025-12-01T06:39:20Z', 'revision_number': 1} available for tenant
2025-12-01 06:40:30.131 65871 INFO tempest.lib.common.rest_client [req-28620dac-bb39-4c2b-85fe-160fe75eb784 req-28620dac-bb39-4c2b-85fe-160fe75eb784 ] Request (MigrationsAdminTest:test_resize_server_revert_deleted_flavor): 200 GET http://10.180.1.21/compute/v2.1/servers/4ab04750-f79c-4ba4-9522-f40d182a60de 0.149s
2025-12-01 06:40:30.142 65883 INFO tempest.lib.common.rest_client [req-f742d81b-5d27-442a-b385-e4c7afe90613 req-f742d81b-5d27-442a-b385-e4c7afe90613 ] Request (ServersAdminNegativeTestJSON:test_migrate_server_invalid_state): 200 GET http://10.180.1.21/compute/v2.1/servers/fee5d44b-7a2c-473d-a791-31760563e635 0.100s
2025-12-01 06:40:30.149 65875 INFO tempest.lib.common.rest_client [req-81fdd830-1b09-454e-96d9-680986bfd6b3 req-81fdd830-1b09-454e-96d9-680986bfd6b3 ] Request (ServerMetadataNegativeTestJSON:test_server_create_metadata_key_too_long): 400 POST http://10.180.1.21/compute/v2.1/servers 0.069s
2025-12-01 06:40:30.180 65895 INFO tempest.lib.common.rest_client [req-519c5ff9-7bbd-4fc9-b0a3-d32079b0f275 req-519c5ff9-7bbd-4fc9-b0a3-d32079b0f275 ] Request (ListImageFiltersTestJSON:setUpClass): 200 GET http://10.180.1.21/compute/v2.1/images/9dfd364e-fcfb-4381-8014-7daebc6fd649 0.095s
2025-12-01 06:40:30.184 65875 INFO tempest.lib.common.rest_client [req-fd9892a4-0fd9-4d73-a0fb-65928ff1beb8 req-fd9892a4-0fd9-4d73-a0fb-65928ff1beb8 ] Request (ServerMetadataNegativeTestJSON:test_server_create_metadata_key_too_long): 201 POST http://10.180.1.21/identity/v3/auth/tokens 0.030s
2025-12-01 06:40:30.185 65875 INFO tempest.lib.common.fixed_network [-] (ServerMetadataNegativeTestJSON:test_server_create_metadata_key_too_long) Found network {'id': '3650c468-741f-41e1-858f-54de935e039b', 'name': 'tempest-ServerMetadataNegativeTestJSON-660240093-network', 'tenant_id': '4cf24b94c54c43db9e14e856f0c1c983', 'project_id': '4cf24b94c54c43db9e14e856f0c1c983', 'admin_state_up': True, 'mtu': 8950, 'status': 'ACTIVE', 'subnets': [], 'shared': False, 'port_security_enabled': True, 'router:external': False, 'provider:network_type': 'vlan', 'provider:physical_network': 'default', 'provider:segmentation_id': 791, 'availability_zone_hints': [], 'availability_zones': [], 'ipv4_address_scope': None, 'ipv6_address_scope': None, 'description': '', 'tags': [], 'created_at': '2025-12-01T06:39:20Z', 'updated_at': '2025-12-01T06:39:20Z', 'revision_number': 1} available for tenant
2025-12-01 06:40:30.187 65847 INFO tempest.lib.common.rest_client [req-272fec29-f17b-4605-a74f-7685bd028bca req-272fec29-f17b-4605-a74f-7685bd028bca ] Request (ServerActionsTestOtherA:test_rebuild_server_in_stop_state): 200 GET http://10.180.1.21/compute/v2.1/servers/a98557ef-a7ca-4d99-85be-5a71b1dce96c 0.120s
2025-12-01 06:40:30.198 65875 INFO tempest.lib.common.rest_client [req-21eb78de-f891-4003-a559-d0de1b4044c2 req-21eb78de-f891-4003-a559-d0de1b4044c2 ] Request (ServerMetadataNegativeTestJSON:test_server_create_metadata_key_too_long): 400 POST http://10.180.1.21/compute/v2.1/servers 0.013s
2025-12-01 06:40:30.234 65875 INFO tempest.lib.common.rest_client [req-47ded442-1b45-4064-9eb9-23c5be574f0f req-47ded442-1b45-4064-9eb9-23c5be574f0f ] Request (ServerMetadataNegativeTestJSON:test_server_create_metadata_key_too_long): 201 POST http://10.180.1.21/identity/v3/auth/tokens 0.031s
2025-12-01 06:40:30.234 65875 INFO tempest.lib.common.fixed_network [-] (ServerMetadataNegativeTestJSON:test_server_create_metadata_key_too_long) Found network {'id': '3650c468-741f-41e1-858f-54de935e039b', 'name': 'tempest-ServerMetadataNegativeTestJSON-660240093-network', 'tenant_id': '4cf24b94c54c43db9e14e856f0c1c983', 'project_id': '4cf24b94c54c43db9e14e856f0c1c983', 'admin_state_up': True, 'mtu': 8950, 'status': 'ACTIVE', 'subnets': [], 'shared': False, 'port_security_enabled': True, 'router:external': False, 'provider:network_type': 'vlan', 'provider:physical_network': 'default', 'provider:segmentation_id': 791, 'availability_zone_hints': [], 'availability_zones': [], 'ipv4_address_scope': None, 'ipv6_address_scope': None, 'description': '', 'tags': [], 'created_at': '2025-12-01T06:39:20Z', 'updated_at': '2025-12-01T06:39:20Z', 'revision_number': 1} available for tenant
2025-12-01 06:40:30.253 65887 INFO tempest.lib.common.rest_client [req-39e40c29-3d7e-44b7-bf0f-f8c57e71bb9c req-39e40c29-3d7e-44b7-bf0f-f8c57e71bb9c ] Request (DeleteServersTestJSON:test_delete_active_server): 200 GET http://10.180.1.21/compute/v2.1/servers/c41e1bfd-f22d-4723-a4cf-a425f148e0bb 0.120s
2025-12-01 06:40:30.258 65875 INFO tempest.lib.common.rest_client [req-4cd5dbfc-6748-480d-a92b-600a45f467f4 req-4cd5dbfc-6748-480d-a92b-600a45f467f4 ] Request (ServerMetadataNegativeTestJSON:test_server_create_metadata_key_too_long): 400 POST http://10.180.1.21/compute/v2.1/servers 0.023s
2025-12-01 06:40:30.288 65837 INFO tempest.lib.common.rest_client [req-3111f0f1-7f8b-4cf2-bd21-d85009946915 req-3111f0f1-7f8b-4cf2-bd21-d85009946915 ] Request (ServersAdminTestJSON:tearDownClass): 200 GET http://10.180.1.21/compute/v2.1/servers/6d7b881c-facf-4138-be2d-391633018358 0.088s
2025-12-01 06:40:30.307 65875 INFO tempest.lib.common.rest_client [req-d7dd0eca-7e63-4e87-8dad-cd15cd140fa8 req-d7dd0eca-7e63-4e87-8dad-cd15cd140fa8 ] Request (ServerMetadataNegativeTestJSON:test_server_create_metadata_key_too_long): 201 POST http://10.180.1.21/identity/v3/auth/tokens 0.046s
2025-12-01 06:40:30.308 65875 INFO tempest.lib.common.fixed_network [-] (ServerMetadataNegativeTestJSON:test_server_create_metadata_key_too_long) Found network {'id': '3650c468-741f-41e1-858f-54de935e039b', 'name': 'tempest-ServerMetadataNegativeTestJSON-660240093-network', 'tenant_id': '4cf24b94c54c43db9e14e856f0c1c983', 'project_id': '4cf24b94c54c43db9e14e856f0c1c983', 'admin_state_up': True, 'mtu': 8950, 'status': 'ACTIVE', 'subnets': [], 'shared': False, 'port_security_enabled': True, 'router:external': False, 'provider:network_type': 'vlan', 'provider:physical_network': 'default', 'provider:segmentation_id': 791, 'availability_zone_hints': [], 'availability_zones': [], 'ipv4_address_scope': None, 'ipv6_address_scope': None, 'description': '', 'tags': [], 'created_at': '2025-12-01T06:39:20Z', 'updated_at': '2025-12-01T06:39:20Z', 'revision_number': 1} available for tenant
2025-12-01 06:40:30.319 65875 INFO tempest.lib.common.rest_client [req-3e2cdd56-7092-4efe-b985-2533dc69ddde req-3e2cdd56-7092-4efe-b985-2533dc69ddde ] Request (ServerMetadataNegativeTestJSON:test_server_create_metadata_key_too_long): 400 POST http://10.180.1.21/compute/v2.1/servers 0.010s
2025-12-01 06:40:30.334 65875 INFO tempest.lib.common.rest_client [req-c037c8b3-b06a-4dea-8a5f-b6956a9c2a00 req-c037c8b3-b06a-4dea-8a5f-b6956a9c2a00 ] Request (ServerMetadataNegativeTestJSON:test_server_metadata_non_existent_server): 404 GET http://10.180.1.21/compute/v2.1/servers/021c4966-8e5b-41be-addc-7460b4fd8ed1/metadata/test2 0.013s
2025-12-01 06:40:30.369 65875 INFO tempest.lib.common.rest_client [req-bba996ae-30d1-4f82-bcc5-2b4e2a638070 req-bba996ae-30d1-4f82-bcc5-2b4e2a638070 ] Request (ServerMetadataNegativeTestJSON:test_set_metadata_invalid_key): 400 PUT http://10.180.1.21/compute/v2.1/servers/2b9a726d-c8d3-4b51-861d-ee23f2367e84/metadata/key 0.033s
2025-12-01 06:40:30.382 65875 INFO tempest.lib.common.rest_client [req-e14e834e-77dd-4e48-99e6-6c19959dec68 req-e14e834e-77dd-4e48-99e6-6c19959dec68 ] Request (ServerMetadataNegativeTestJSON:test_set_metadata_non_existent_server): 404 PUT http://10.180.1.21/compute/v2.1/servers/46421920-20d9-4b3e-8fd7-e8c435c65333/metadata 0.011s
2025-12-01 06:40:30.532 65835 INFO tempest.lib.common.rest_client [req-39265d5a-3a73-4b9b-997b-66963484d651 req-39265d5a-3a73-4b9b-997b-66963484d651 ] Request (FloatingIPsAssociationNegativeTestJSON:tearDownClass): 200 GET http://10.180.1.21/compute/v2.1/servers/3c624edd-c5db-45a3-af92-9788d9755023 0.222s
2025-12-01 06:40:30.537 65875 INFO tempest.lib.common.rest_client [req-29f55964-28c6-4d6e-b02e-64cb2f2cfb44 req-29f55964-28c6-4d6e-b02e-64cb2f2cfb44 ] Request (ServerMetadataNegativeTestJSON:test_set_server_metadata_blank_key): 400 PUT http://10.180.1.21/compute/v2.1/servers/2b9a726d-c8d3-4b51-861d-ee23f2367e84/metadata 0.154s
2025-12-01 06:40:30.546 65875 INFO tempest.lib.common.rest_client [req-ae419ff8-19bf-455d-84ea-5108c1e83cae req-ae419ff8-19bf-455d-84ea-5108c1e83cae ] Request (ServerMetadataNegativeTestJSON:test_set_server_metadata_missing_metadata): 400 PUT http://10.180.1.21/compute/v2.1/servers/2b9a726d-c8d3-4b51-861d-ee23f2367e84/metadata 0.007s
2025-12-01 06:40:30.562 65875 INFO tempest.lib.common.rest_client [req-5fe501b6-fa1a-4449-b988-ab0716f02ea3 req-5fe501b6-fa1a-4449-b988-ab0716f02ea3 ] Request (ServerMetadataNegativeTestJSON:test_update_metadata_non_existent_server): 404 POST http://10.180.1.21/compute/v2.1/servers/44911c24-789f-4030-adea-fc13cc5c8248/metadata 0.014s
2025-12-01 06:40:30.577 65875 INFO tempest.lib.common.rest_client [req-74490082-e84f-40f6-9592-6aa83c74f5f7 req-74490082-e84f-40f6-9592-6aa83c74f5f7 ] Request (ServerMetadataNegativeTestJSON:test_update_metadata_with_blank_key): 400 POST http://10.180.1.21/compute/v2.1/servers/2b9a726d-c8d3-4b51-861d-ee23f2367e84/metadata 0.011s
2025-12-01 06:40:30.580 65855 INFO tempest.lib.common.rest_client [req-c03c36e4-42ed-491b-a485-4e6b5a058b89 req-c03c36e4-42ed-491b-a485-4e6b5a058b89 ] Request (SecurityGroupsTestJSON:test_server_security_groups): 200 GET http://10.180.1.21/compute/v2.1/servers/e0bc5f61-ea72-491e-b5d1-f16b0f16455a 0.206s
2025-12-01 06:40:30.677 65875 INFO tempest.lib.common.rest_client [req-3dcddc49-f802-488b-b718-9bd256c7774d req-3dcddc49-f802-488b-b718-9bd256c7774d ] Request (ServerMetadataNegativeTestJSON:tearDownClass): 204 DELETE http://10.180.1.21/compute/v2.1/servers/2b9a726d-c8d3-4b51-861d-ee23f2367e84 0.099s
2025-12-01 06:40:30.741 65863 INFO tempest.lib.common.rest_client [req-f344e007-8351-4726-a473-cb426b4b4076 req-f344e007-8351-4726-a473-cb426b4b4076 ] Request (ListServerFiltersTestJSON:tearDownClass): 200 GET http://10.180.1.21/compute/v2.1/servers/ff720f13-03ae-4d1f-b714-21ea4423a29d 0.128s
2025-12-01 06:40:30.801 65875 INFO tempest.lib.common.rest_client [req-d1ae5c29-ec3b-4107-ae51-3dfd3a2d6651 req-d1ae5c29-ec3b-4107-ae51-3dfd3a2d6651 ] Request (ServerMetadataNegativeTestJSON:tearDownClass): 200 GET http://10.180.1.21/compute/v2.1/servers/2b9a726d-c8d3-4b51-861d-ee23f2367e84 0.123s
2025-12-01 06:40:30.833 65859 INFO tempest.lib.common.rest_client [req-b583e237-e20a-4255-86ec-67fa101ca326 req-b583e237-e20a-4255-86ec-67fa101ca326 ] Request (ServersTestJSON:setUpClass): 201 POST http://10.180.1.21/networking/v2.0/routers 0.923s
2025-12-01 06:40:30.873 65867 INFO tempest.lib.common.rest_client [req-5ea90fb1-8809-4c94-853d-2021e3ca6c31 req-5ea90fb1-8809-4c94-853d-2021e3ca6c31 ] Request (ImagesTestJSON:test_create_image_from_stopped_server): 200 GET http://10.180.1.21/compute/v2.1/servers/877112a7-91d2-47a2-8eed-0d0b5187c237 0.155s
2025-12-01 06:40:30.912 65841 INFO tempest.lib.common.rest_client [req-e1a37eae-5051-4672-a93b-416ba1a481c0 req-e1a37eae-5051-4672-a93b-416ba1a481c0 ] Request (ServerDiskConfigTestJSON:test_resize_server_from_auto_to_manual): 200 GET http://10.180.1.21/compute/v2.1/servers/a152d69b-743f-4385-a71c-9ab27df34c9b 0.215s
2025-12-01 06:40:30.958 65845 INFO tempest.lib.common.rest_client [req-8fa61101-fe55-4944-98fb-06cdb110f867 req-8fa61101-fe55-4944-98fb-06cdb110f867 ] Request (ServersTestMultiNic:_run_cleanups): 200 GET http://10.180.1.21/compute/v2.1/servers/da5e35d1-b7a4-4fd0-9128-2bb5a148da93 0.179s
2025-12-01 06:40:30.979 65893 INFO tempest.lib.common.rest_client [req-2738a018-2ad0-4366-af3b-2915bdf2dfbd req-2738a018-2ad0-4366-af3b-2915bdf2dfbd ] Request (AttachInterfacesTestJSON:_run_cleanups): 200 GET http://10.180.1.21/compute/v2.1/servers/cb77d6e3-13d9-46b0-96e4-54b43f7c7a0a 0.140s
2025-12-01 06:40:31.034 65861 INFO tempest.lib.common.rest_client [req-810b0b27-ef04-4a8d-badd-bc2fe5e47c5a req-810b0b27-ef04-4a8d-badd-bc2fe5e47c5a ] Request (ServerRescueTestJSON:tearDownClass): 200 GET http://10.180.1.21/compute/v2.1/servers/08160ce9-8689-43b2-a934-2e9c1e4ce078 0.149s
2025-12-01 06:40:31.059 65873 INFO tempest.lib.common.rest_client [req-a6170302-da4d-4e69-bf2c-3cee2d75e517 req-a6170302-da4d-4e69-bf2c-3cee2d75e517 ] Request (MultipleCreateTestJSON:tearDownClass): 200 GET http://10.180.1.21/compute/v2.1/servers/6475f10f-cd01-4930-ba6f-36ff45a94bd5 0.162s
2025-12-01 06:40:31.107 65853 INFO tempest.lib.common.rest_client [req-30bef259-50ce-4274-8b47-1b96ac0c90ad req-30bef259-50ce-4274-8b47-1b96ac0c90ad ] Request (ServersAaction247Test:test_create_backup): 200 GET http://10.180.1.21/compute/v2.1/servers/05220b53-c822-4e7b-91ea-fcbca536dd92 0.174s
2025-12-01 06:40:31.116 65853 INFO tempest.common.waiters [-] State transition "BUILD/None" ==> "BUILD/networking" after 59 second wait
2025-12-01 06:40:31.150 65851 INFO tempest.lib.common.rest_client [req-6175c4d3-780b-48a1-82be-811d357a1a34 req-6175c4d3-780b-48a1-82be-811d357a1a34 ] Request (ListServersNegativeTestJSON:tearDownClass): 200 GET http://10.180.1.21/compute/v2.1/servers/a4fa0aff-8c29-475a-a287-2aa3ee3bbf93 0.190s
2025-12-01 06:40:31.200 65879 INFO tempest.lib.common.rest_client [req-f9d1f798-8c5a-43d2-8d27-88f0cf31fef1 req-f9d1f798-8c5a-43d2-8d27-88f0cf31fef1 ] Request (ImagesOneServerTestJSON:test_create_delete_image): 200 GET http://10.180.1.21/compute/v2.1/images/46e0b510-764a-4afb-9e2f-e2226d229bbd 0.117s
2025-12-01 06:40:31.367 65877 INFO tempest.lib.common.rest_client [req-753345ae-7c5a-4baf-9a06-954571f3d00c req-753345ae-7c5a-4baf-9a06-954571f3d00c ] Request (ServersNegativeTestMultiTenantJSON:setUpClass): 200 GET http://10.180.1.21/compute/v2.1/servers/a164b9e8-a577-461f-bbc9-2ceb999bd5c5 0.348s
2025-12-01 06:40:31.458 65871 INFO tempest.lib.common.rest_client [req-311ead0d-e64c-495a-bcf6-2b7b2dfbf92b req-311ead0d-e64c-495a-bcf6-2b7b2dfbf92b ] Request (MigrationsAdminTest:test_resize_server_revert_deleted_flavor): 200 GET http://10.180.1.21/compute/v2.1/servers/4ab04750-f79c-4ba4-9522-f40d182a60de 0.317s
2025-12-01 06:40:31.477 65883 INFO tempest.lib.common.rest_client [req-342048ad-fd3b-4b02-8fd9-ff85635fde0f req-342048ad-fd3b-4b02-8fd9-ff85635fde0f ] Request (ServersAdminNegativeTestJSON:test_migrate_server_invalid_state): 200 GET http://10.180.1.21/compute/v2.1/servers/fee5d44b-7a2c-473d-a791-31760563e635 0.328s
2025-12-01 06:40:31.508 65895 INFO tempest.lib.common.rest_client [req-9736f9ff-e674-4bd5-9335-bb41d1c333e7 req-9736f9ff-e674-4bd5-9335-bb41d1c333e7 ] Request (ListImageFiltersTestJSON:setUpClass): 200 GET http://10.180.1.21/compute/v2.1/images/9dfd364e-fcfb-4381-8014-7daebc6fd649 0.323s
2025-12-01 06:40:31.750 65859 INFO tempest.lib.common.rest_client [req-e2968333-4a21-40ab-96af-0afc67cb4f3d req-e2968333-4a21-40ab-96af-0afc67cb4f3d ] Request (ServersTestJSON:setUpClass): 200 PUT http://10.180.1.21/networking/v2.0/routers/27db9d56-f118-43e3-8a2b-e607617d5b00/add_router_interface 0.917s
2025-12-01 06:40:31.751 65859 INFO tempest.lib.common.dynamic_creds [-] Created isolated network resources for: credentials: Credentials: {'domain_id': 'default', 'domain_name': 'Default', 'username': 'tempest-ServersTestJSON-1187604356-project-member', 'project_domain_id': 'default', 'project_domain_name': 'Default', 'project_id': '15252ee816994008ad066f985ca22c55', 'project_name': 'tempest-ServersTestJSON-1187604356', 'tenant_id': '15252ee816994008ad066f985ca22c55', 'tenant_name': 'tempest-ServersTestJSON-1187604356', 'user_domain_id': 'default', 'user_domain_name': 'Default', 'user_id': '4359456eeae7445390cf40240a8b3392', 'system': None}, Network: {'id': '16ddb0c6-fa03-4e78-97b9-b87bb1d48114', 'name': 'tempest-ServersTestJSON-695311857-network', 'tenant_id': '15252ee816994008ad066f985ca22c55', 'project_id': '15252ee816994008ad066f985ca22c55', 'admin_state_up': True, 'mtu': 8950, 'status': 'ACTIVE', 'subnets': [], 'shared': False, 'port_security_enabled': True, 'router:external': False, 'provider:network_type': 'vlan', 'provider:physical_network': 'default', 'provider:segmentation_id': 592, 'availability_zone_hints': [], 'availability_zones': [], 'ipv4_address_scope': None, 'ipv6_address_scope': None, 'description': '', 'tags': [], 'created_at': '2025-12-01T06:40:29Z', 'updated_at': '2025-12-01T06:40:29Z', 'revision_number': 1}, Subnet: {'id': 'f1ab928b-d3ef-4eba-bdc2-3fa6328f7e63', 'name': 'tempest-ServersTestJSON-695311857-subnet', 'tenant_id': '15252ee816994008ad066f985ca22c55', 'network_id': '16ddb0c6-fa03-4e78-97b9-b87bb1d48114', 'ip_version': 4, 'subnetpool_id': None, 'enable_dhcp': True, 'ipv6_ra_mode': None, 'ipv6_address_mode': None, 'gateway_ip': '192.168.128.1', 'cidr': '192.168.128.0/28', 'allocation_pools': [{'start': '192.168.128.2', 'end': '192.168.128.14'}], 'host_routes': [], 'dns_nameservers': [], 'description': '', 'router:external': False, 'service_types': [], 'tags': [], 'created_at': '2025-12-01T06:40:29Z', 'updated_at': '2025-12-01T06:40:29Z', 'revision_number': 0, 'project_id': '15252ee816994008ad066f985ca22c55'}, Router: {'id': '27db9d56-f118-43e3-8a2b-e607617d5b00', 'name': 'tempest-ServersTestJSON-695311857-router', 'tenant_id': '15252ee816994008ad066f985ca22c55', 'admin_state_up': True, 'status': 'ACTIVE', 'external_gateway_info': {'network_id': 'da0d9792-bc8f-4a91-8490-8c72fa9a6a39', 'external_fixed_ips': [{'subnet_id': 'b85f7174-9c56-4f87-a28e-1a78c845abcf', 'ip_address': '10.180.180.243'}], 'enable_snat': True}, 'description': '', 'availability_zones': [], 'distributed': False, 'ha': False, 'availability_zone_hints': [], 'routes': [], 'flavor_id': None, 'tags': [], 'created_at': '2025-12-01T06:40:29Z', 'updated_at': '2025-12-01T06:40:30Z', 'revision_number': 2, 'project_id': '15252ee816994008ad066f985ca22c55'}
2025-12-01 06:40:31.776 65847 INFO tempest.lib.common.rest_client [req-7fab6015-c07c-48ba-bf95-a7b26d843571 req-7fab6015-c07c-48ba-bf95-a7b26d843571 ] Request (ServerActionsTestOtherA:test_rebuild_server_in_stop_state): 200 GET http://10.180.1.21/compute/v2.1/servers/a98557ef-a7ca-4d99-85be-5a71b1dce96c 0.577s
2025-12-01 06:40:31.790 65887 INFO tempest.lib.common.rest_client [req-b80a253a-292b-4fd0-abc2-589e81e163d6 req-b80a253a-292b-4fd0-abc2-589e81e163d6 ] Request (DeleteServersTestJSON:test_delete_active_server): 200 GET http://10.180.1.21/compute/v2.1/servers/c41e1bfd-f22d-4723-a4cf-a425f148e0bb 0.525s
2025-12-01 06:40:31.850 65837 INFO tempest.lib.common.rest_client [req-d893feb5-c5c5-4ea2-9fae-6186473d70e5 req-d893feb5-c5c5-4ea2-9fae-6186473d70e5 ] Request (ServersAdminTestJSON:tearDownClass): 200 GET http://10.180.1.21/compute/v2.1/servers/6d7b881c-facf-4138-be2d-391633018358 0.550s
2025-12-01 06:40:31.882 65859 INFO tempest.lib.common.rest_client [req-57651774-ab04-4008-8a3a-635e6a023c3f req-57651774-ab04-4008-8a3a-635e6a023c3f ] Request (ServersTestJSON:setUpClass): 201 POST http://10.180.1.21/identity/v3/auth/tokens 0.128s
2025-12-01 06:40:31.893 65835 INFO tempest.lib.common.rest_client [req-f5d1547a-635f-43c0-b224-0df96a774f9f req-f5d1547a-635f-43c0-b224-0df96a774f9f ] Request (FloatingIPsAssociationNegativeTestJSON:tearDownClass): 200 GET http://10.180.1.21/compute/v2.1/servers/3c624edd-c5db-45a3-af92-9788d9755023 0.351s
2025-12-01 06:40:31.905 65859 INFO tempest.lib.common.rest_client [req-be1c7498-ff3c-4990-83e8-695af347c96f req-be1c7498-ff3c-4990-83e8-695af347c96f ] Request (ServersTestJSON:setUpClass): 200 GET http://10.180.1.21/identity/v3/projects/15252ee816994008ad066f985ca22c55 0.022s
2025-12-01 06:40:31.905 65859 INFO tempest.lib.common.dynamic_creds [-] Using the existing project 15252ee816994008ad066f985ca22c55 for scope project and roles: ['reader']
2025-12-01 06:40:31.910 65855 INFO tempest.lib.common.rest_client [req-12aee5e5-3a67-40a8-b316-c609c818b74f req-12aee5e5-3a67-40a8-b316-c609c818b74f ] Request (SecurityGroupsTestJSON:test_server_security_groups): 200 GET http://10.180.1.21/compute/v2.1/servers/e0bc5f61-ea72-491e-b5d1-f16b0f16455a 0.320s
2025-12-01 06:40:31.965 65859 INFO tempest.lib.common.rest_client [req-c528c45e-0ac1-42a9-a0c6-f6667e797e1b req-c528c45e-0ac1-42a9-a0c6-f6667e797e1b ] Request (ServersTestJSON:setUpClass): 201 POST http://10.180.1.21/identity/v3/users 0.060s
2025-12-01 06:40:31.990 65859 INFO tempest.lib.common.rest_client [req-614ae1c8-17db-4872-a7c2-f182ae7201d7 req-614ae1c8-17db-4872-a7c2-f182ae7201d7 ] Request (ServersTestJSON:setUpClass): 200 GET http://10.180.1.21/identity/v3/roles 0.024s
2025-12-01 06:40:32.033 65859 INFO tempest.lib.common.rest_client [req-b450b6fd-17cc-46db-9418-11503e6e5eaa req-b450b6fd-17cc-46db-9418-11503e6e5eaa ] Request (ServersTestJSON:setUpClass): 204 PUT http://10.180.1.21/identity/v3/projects/15252ee816994008ad066f985ca22c55/users/ab206c6dedcf4e7aa92cdbe666fa623a/roles/b6f8117a45574edabd59cc5ef1950d90 0.042s
2025-12-01 06:40:32.034 65859 INFO tempest.lib.common.dynamic_creds [-] Dynamic test user ab206c6dedcf4e7aa92cdbe666fa623a is created with scope project and roles: ['reader']
2025-12-01 06:40:32.034 65859 INFO tempest.lib.common.dynamic_creds [-] Acquired dynamic creds: credentials: Credentials: {'domain_id': 'default', 'domain_name': 'Default', 'username': 'tempest-ServersTestJSON-1187604356-project-reader', 'project_domain_id': 'default', 'project_domain_name': 'Default', 'project_id': '15252ee816994008ad066f985ca22c55', 'project_name': 'tempest-ServersTestJSON-1187604356', 'tenant_id': '15252ee816994008ad066f985ca22c55', 'tenant_name': 'tempest-ServersTestJSON-1187604356', 'user_domain_id': 'default', 'user_domain_name': 'Default', 'user_id': 'ab206c6dedcf4e7aa92cdbe666fa623a', 'system': None}, Network: None, Subnet: None, Router: None
