2025-12-01 06:39:17.503 65845 INFO tempest.lib.common.rest_client [req-df30d96f-dffa-4cbe-bb43-19ac7495592e req-df30d96f-dffa-4cbe-bb43-19ac7495592e ] Request (ServersTestMultiNic:test_verify_duplicate_network_nics): 200 GET http://10.180.1.21/compute/v2.1/servers/da5e35d1-b7a4-4fd0-9128-2bb5a148da93 1.826s
2025-12-01 06:39:17.677 65867 INFO tempest.lib.common.rest_client [req-42f4b140-6be8-40f5-850f-c449bc0324ed req-42f4b140-6be8-40f5-850f-c449bc0324ed ] Request (VolumesAssistedSnapshotsTest:tearDownClass): 204 DELETE http://10.180.1.21/networking/v2.0/subnets/b0cc6c5b-6466-4de4-a4e9-3921c4f82158 0.304s
2025-12-01 06:39:17.858 65875 INFO tempest.lib.common.rest_client [req-08cafd28-6e84-42c9-8dbf-e3b6c2d86118 req-08cafd28-6e84-42c9-8dbf-e3b6c2d86118 ] Request (QuotasAdminTestJSON:tearDownClass): 200 GET http://10.180.1.21/networking/v2.0/security-groups?tenant_id=13734d28d78747bdbd430b448c28ae1e&name=default 0.476s
2025-12-01 06:39:18.185 65893 WARNING tempest.lib.common.ssh [-] Failed to establish authenticated ssh connection to cirros@10.180.180.228 ([Errno None] Unable to connect to port 22 on 10.180.180.228). Number attempts: 3. Retry after 4 seconds.: paramiko.ssh_exception.NoValidConnectionsError: [Errno None] Unable to connect to port 22 on 10.180.180.228
2025-12-01 06:39:18.260 65867 INFO tempest.lib.common.rest_client [req-b12b5288-7ad1-4106-810b-849ce214ef0d req-b12b5288-7ad1-4106-810b-849ce214ef0d ] Request (VolumesAssistedSnapshotsTest:tearDownClass): 204 DELETE http://10.180.1.21/networking/v2.0/networks/28a4230b-8ab2-4455-aa8b-d0046c185096 0.582s
2025-12-01 06:39:18.367 65875 INFO tempest.lib.common.rest_client [req-0d7a0064-c12c-409f-99ef-e46a39b40c7c req-0d7a0064-c12c-409f-99ef-e46a39b40c7c ] Request (QuotasAdminTestJSON:tearDownClass): 204 DELETE http://10.180.1.21/networking/v2.0/security-groups/5512ee00-790c-47ec-9f60-5b529e63a02d 0.508s
2025-12-01 06:39:18.456 65875 INFO tempest.lib.common.rest_client [req-928df681-526c-4bdd-93e9-72690016fa2c req-928df681-526c-4bdd-93e9-72690016fa2c ] Request (QuotasAdminTestJSON:tearDownClass): 204 DELETE http://10.180.1.21/identity/v3/projects/13734d28d78747bdbd430b448c28ae1e 0.087s
2025-12-01 06:39:18.456 65875 INFO tempest.lib.common.dynamic_creds [-] Deleting project and security group for project: c9cfb00612b642febfa4994a604b648f
2025-12-01 06:39:18.484 65843 INFO tempest.lib.common.rest_client [req-f4620ab5-f219-4ded-a54d-5829978ff2c0 req-f4620ab5-f219-4ded-a54d-5829978ff2c0 ] Request (ServersTestFqdnHostnames:test_create_server_with_fqdn_name): 200 GET http://10.180.1.21/compute/v2.1/servers/c79ee824-399c-408f-913e-d2243a099169 2.669s
2025-12-01 06:39:18.487 65849 INFO tempest.lib.common.rest_client [req-da3ef69f-67ae-47e1-95e3-f00610c59b1c req-da3ef69f-67ae-47e1-95e3-f00610c59b1c ] Request (InstanceActionsTestJSON:setUpClass): 200 GET http://10.180.1.21/compute/v2.1/servers/10594dfc-380a-4ca2-a33b-bbb3051efce0 2.745s
2025-12-01 06:39:18.497 65849 INFO tempest.common.waiters [-] State transition "BUILD/None" ==> "BUILD/spawning" after 32 second wait
2025-12-01 06:39:18.570 65847 WARNING tempest.lib.common.ssh [-] Failed to establish authenticated ssh connection to cirros@10.180.180.220 ([Errno None] Unable to connect to port 22 on 10.180.180.220). Number attempts: 3. Retry after 4 seconds.: paramiko.ssh_exception.NoValidConnectionsError: [Errno None] Unable to connect to port 22 on 10.180.180.220
2025-12-01 06:39:18.695 65875 INFO tempest.lib.common.rest_client [req-e4ffbfa0-a0b4-42a9-909e-dadcbbd5fae7 req-e4ffbfa0-a0b4-42a9-909e-dadcbbd5fae7 ] Request (QuotasAdminTestJSON:tearDownClass): 200 GET http://10.180.1.21/networking/v2.0/security-groups?tenant_id=c9cfb00612b642febfa4994a604b648f&name=default 0.238s
2025-12-01 06:39:18.931 65875 INFO tempest.lib.common.rest_client [req-a0b056d7-8e3d-4b28-b946-cfb51d0f4780 req-a0b056d7-8e3d-4b28-b946-cfb51d0f4780 ] Request (QuotasAdminTestJSON:tearDownClass): 204 DELETE http://10.180.1.21/networking/v2.0/security-groups/40885b34-8598-4864-a4ee-c7f5e55bf93e 0.236s
2025-12-01 06:39:18.971 65851 INFO tempest.lib.common.rest_client [req-e2f32db6-04aa-46a3-88ff-889d6f079db8 req-e2f32db6-04aa-46a3-88ff-889d6f079db8 ] Request (ListServersNegativeTestJSON:setUpClass): 200 GET http://10.180.1.21/compute/v2.1/servers/a4fa0aff-8c29-475a-a287-2aa3ee3bbf93 3.048s
2025-12-01 06:39:19.017 65841 INFO tempest.lib.common.rest_client [req-d35eb9cf-1d3b-44ed-8053-e0e95249bbf0 req-d35eb9cf-1d3b-44ed-8053-e0e95249bbf0 ] Request (ServerDiskConfigTestJSON:test_rebuild_server_with_manual_disk_config): 200 GET http://10.180.1.21/compute/v2.1/servers/b762d58c-6361-4521-852f-735f795dedc9 2.745s
2025-12-01 06:39:19.024 65841 INFO tempest.common.waiters [-] State transition "REBUILD/rebuilding" ==> "REBUILD/rebuild_spawning" after 4 second wait
2025-12-01 06:39:19.069 65875 INFO tempest.lib.common.rest_client [req-7744d36e-6637-40cf-b9e3-6ddb28191af9 req-7744d36e-6637-40cf-b9e3-6ddb28191af9 ] Request (QuotasAdminTestJSON:tearDownClass): 204 DELETE http://10.180.1.21/identity/v3/projects/c9cfb00612b642febfa4994a604b648f 0.137s
2025-12-01 06:39:19.118 65887 INFO tempest.lib.common.rest_client [req-043ff197-f504-4d4f-9b87-5a65b22b84c0 req-043ff197-f504-4d4f-9b87-5a65b22b84c0 ] Request (DeleteServersTestJSON:test_delete_active_server): 200 GET http://10.180.1.21/compute/v2.1/servers/c41e1bfd-f22d-4723-a4cf-a425f148e0bb 2.633s
2025-12-01 06:39:19.148 65875 INFO tempest.lib.common.rest_client [req-5d52baf0-5b9d-4327-b180-55cceabbca8f req-5d52baf0-5b9d-4327-b180-55cceabbca8f ] Request (ServerMetadataNegativeTestJSON:setUpClass): 201 POST http://10.180.1.21/identity/v3/auth/tokens 0.078s
2025-12-01 06:39:19.181 65875 INFO tempest.lib.common.rest_client [req-dbd6c191-c540-4d68-aae8-add8f5a9d2e6 req-dbd6c191-c540-4d68-aae8-add8f5a9d2e6 ] Request (ServerMetadataNegativeTestJSON:setUpClass): 201 POST http://10.180.1.21/identity/v3/auth/tokens 0.031s
2025-12-01 06:39:19.219 65883 INFO tempest.lib.common.rest_client [req-62540f39-dd6f-44f3-b0e5-abd6c9f8be4a req-62540f39-dd6f-44f3-b0e5-abd6c9f8be4a ] Request (ServersAdminNegativeTestJSON:setUpClass): 200 GET http://10.180.1.21/compute/v2.1/servers/71532819-01aa-44e8-8a4e-b7cd091ae17e 2.710s
2025-12-01 06:39:19.222 65875 INFO tempest.lib.common.rest_client [req-eac52558-2e5a-4c4d-b730-bf4631ab3631 req-eac52558-2e5a-4c4d-b730-bf4631ab3631 ] Request (ServerMetadataNegativeTestJSON:setUpClass): 200 GET http://10.180.1.21/identity/v3/domains?name=Default 0.041s
2025-12-01 06:39:19.258 65875 INFO tempest.lib.common.rest_client [req-49231a9e-b1b1-4f90-bcaa-48197131511f req-49231a9e-b1b1-4f90-bcaa-48197131511f ] Request (ServerMetadataNegativeTestJSON:setUpClass): 201 POST http://10.180.1.21/identity/v3/projects 0.035s
2025-12-01 06:39:19.291 65867 INFO tempest.lib.common.rest_client [req-caca4d8f-9f5b-4901-8a56-9ac7f10efe77 req-caca4d8f-9f5b-4901-8a56-9ac7f10efe77 ] Request (VolumesAssistedSnapshotsTest:tearDownClass): 200 PUT http://10.180.1.21/networking/v2.0/routers/900694a3-73b8-4031-a5df-1a8d6fd91aad/remove_router_interface 1.030s
2025-12-01 06:39:19.340 65875 INFO tempest.lib.common.rest_client [req-be4fa2a3-1551-47ba-8e82-983e06ded761 req-be4fa2a3-1551-47ba-8e82-983e06ded761 ] Request (ServerMetadataNegativeTestJSON:setUpClass): 201 POST http://10.180.1.21/identity/v3/users 0.081s
2025-12-01 06:39:19.362 65835 INFO tempest.lib.common.rest_client [req-548b5c2e-59b2-467d-b97b-9a33ae35d62c req-548b5c2e-59b2-467d-b97b-9a33ae35d62c ] Request (FloatingIPsAssociationNegativeTestJSON:setUpClass): 200 GET http://10.180.1.21/compute/v2.1/servers/3c624edd-c5db-45a3-af92-9788d9755023 2.781s
2025-12-01 06:39:19.381 65855 INFO tempest.lib.common.rest_client [req-0a35c543-a3ea-47b3-8a0f-20c876b19fc6 req-0a35c543-a3ea-47b3-8a0f-20c876b19fc6 ] Request (SecurityGroupsTestJSON:test_server_security_groups): 200 GET http://10.180.1.21/compute/v2.1/servers/e0bc5f61-ea72-491e-b5d1-f16b0f16455a 2.761s
2025-12-01 06:39:19.385 65875 INFO tempest.lib.common.rest_client [req-534e6546-98f9-499a-bbc5-fdc9f558f837 req-534e6546-98f9-499a-bbc5-fdc9f558f837 ] Request (ServerMetadataNegativeTestJSON:setUpClass): 200 GET http://10.180.1.21/identity/v3/roles 0.044s
2025-12-01 06:39:19.443 65875 INFO tempest.lib.common.rest_client [req-da5de70c-8c45-4890-a665-c8e1cc78c27f req-da5de70c-8c45-4890-a665-c8e1cc78c27f ] Request (ServerMetadataNegativeTestJSON:setUpClass): 204 PUT http://10.180.1.21/identity/v3/projects/4cf24b94c54c43db9e14e856f0c1c983/users/94e3fea1584d4da887d947d58cc2605a/roles/dde0a18b4b564027a72418980ba0ee63 0.058s
2025-12-01 06:39:19.443 65875 INFO tempest.lib.common.dynamic_creds [-] Dynamic test user 94e3fea1584d4da887d947d58cc2605a is created with scope project and roles: ['member']
2025-12-01 06:39:19.443 65875 INFO tempest.lib.common.dynamic_creds [-] Acquired dynamic creds: credentials: Credentials: {'domain_id': 'default', 'domain_name': 'Default', 'username': 'tempest-ServerMetadataNegativeTestJSON-536775198-project-member', 'project_domain_id': 'default', 'project_domain_name': 'Default', 'project_id': '4cf24b94c54c43db9e14e856f0c1c983', 'project_name': 'tempest-ServerMetadataNegativeTestJSON-536775198', 'tenant_id': '4cf24b94c54c43db9e14e856f0c1c983', 'tenant_name': 'tempest-ServerMetadataNegativeTestJSON-536775198', 'user_domain_id': 'default', 'user_domain_name': 'Default', 'user_id': '94e3fea1584d4da887d947d58cc2605a', 'system': None}, Network: None, Subnet: None, Router: None
2025-12-01 06:39:19.466 65837 INFO tempest.lib.common.rest_client [req-8ad8329f-e2dd-45d1-b30e-2837b63578d9 req-8ad8329f-e2dd-45d1-b30e-2837b63578d9 ] Request (ServersAdminTestJSON:test_rebuild_server_in_error_state): 202 POST http://10.180.1.21/compute/v2.1/servers/5b571204-f656-4697-b62a-5caf8929d3d7/action 2.672s
2025-12-01 06:39:19.516 65853 INFO tempest.lib.common.rest_client [req-18753a96-ea51-4ca7-8869-d05e26a5d7a2 req-18753a96-ea51-4ca7-8869-d05e26a5d7a2 ] Request (KeyPairsV2TestJSON:test_keypair_create_with_pub_key): 200 POST http://10.180.1.21/compute/v2.1/os-keypairs 2.699s
2025-12-01 06:39:19.556 65875 INFO tempest.lib.common.rest_client [req-259f02d4-ca1d-46df-9e0b-45c66ccc012b req-259f02d4-ca1d-46df-9e0b-45c66ccc012b ] Request (ServerMetadataNegativeTestJSON:setUpClass): 201 POST http://10.180.1.21/identity/v3/auth/tokens 0.112s
2025-12-01 06:39:19.946 65867 INFO tempest.lib.common.rest_client [req-ab5dfbfc-5453-44c8-b3ca-1ddceef9a83b req-ab5dfbfc-5453-44c8-b3ca-1ddceef9a83b ] Request (VolumesAssistedSnapshotsTest:tearDownClass): 204 DELETE http://10.180.1.21/networking/v2.0/routers/900694a3-73b8-4031-a5df-1a8d6fd91aad 0.654s
2025-12-01 06:39:20.176 65875 INFO tempest.lib.common.rest_client [req-fb8b86be-a24b-44ab-8337-268b0fc215e2 req-fb8b86be-a24b-44ab-8337-268b0fc215e2 ] Request (ServerMetadataNegativeTestJSON:setUpClass): 201 POST http://10.180.1.21/networking/v2.0/networks 0.619s
2025-12-01 06:39:20.245 65871 INFO tempest.lib.common.rest_client [req-0407a768-38c3-4910-82b5-dd27bcb2b15c req-0407a768-38c3-4910-82b5-dd27bcb2b15c ] Request (MigrationsAdminTest:test_resize_server_revert_deleted_flavor): 200 GET http://10.180.1.21/compute/v2.1/servers/4ab04750-f79c-4ba4-9522-f40d182a60de 3.447s
2025-12-01 06:39:20.387 65867 INFO tempest.lib.common.rest_client [req-a41067b1-c11c-44eb-a02b-d5dc184714de req-a41067b1-c11c-44eb-a02b-d5dc184714de ] Request (VolumesAssistedSnapshotsTest:tearDownClass): 204 DELETE http://10.180.1.21/networking/v2.0/subnets/caaf4209-c53a-4fbe-82d3-54a885549342 0.440s
2025-12-01 06:39:20.423 65863 INFO tempest.lib.common.rest_client [req-a7e6d4ea-ed5d-434d-bc28-85f575897970 req-a7e6d4ea-ed5d-434d-bc28-85f575897970 ] Request (ListServerFiltersTestJSON:test_list_servers_filter_by_shutoff_status): 200 GET http://10.180.1.21/compute/v2.1/servers/ef8ee289-43ea-4622-a923-2c5399847b57 3.587s
2025-12-01 06:39:20.557 65839 WARNING tempest.lib.common.ssh [-] Failed to establish authenticated ssh connection to cirros@10.180.180.248 ([Errno None] Unable to connect to port 22 on 10.180.180.248). Number attempts: 5. Retry after 6 seconds.: paramiko.ssh_exception.NoValidConnectionsError: [Errno None] Unable to connect to port 22 on 10.180.180.248
2025-12-01 06:39:20.617 65875 INFO tempest.lib.common.rest_client [req-3ca7dce0-75b8-49bf-83f0-f33e770e612c req-3ca7dce0-75b8-49bf-83f0-f33e770e612c ] Request (ServerMetadataNegativeTestJSON:setUpClass): 201 POST http://10.180.1.21/networking/v2.0/subnets 0.440s
2025-12-01 06:39:20.702 65881 INFO tempest.lib.common.rest_client [req-07f3713a-1c5c-4b7c-8807-aa5e985d9759 req-07f3713a-1c5c-4b7c-8807-aa5e985d9759 ] Request (ServerActionsTestOtherB:setUpClass): 200 GET http://10.180.1.21/compute/v2.1/servers/ec77f991-9de4-4c4c-bb84-110fb8a5dec5 3.806s
2025-12-01 06:39:20.809 65869 WARNING tempest.lib.common.ssh [-] Failed to establish authenticated ssh connection to cirros@10.180.180.227 ([Errno None] Unable to connect to port 22 on 10.180.180.227). Number attempts: 10. Retry after 11 seconds.: paramiko.ssh_exception.NoValidConnectionsError: [Errno None] Unable to connect to port 22 on 10.180.180.227
2025-12-01 06:39:20.957 65867 INFO tempest.lib.common.rest_client [req-e834a26c-dd3e-43c5-9398-80dc82fc06b5 req-e834a26c-dd3e-43c5-9398-80dc82fc06b5 ] Request (VolumesAssistedSnapshotsTest:tearDownClass): 204 DELETE http://10.180.1.21/networking/v2.0/networks/23635b23-ef54-4e6f-9441-d0453a55f27f 0.570s
2025-12-01 06:39:20.985 65877 INFO tempest.lib.common.rest_client [req-2f354ba5-6722-4e08-bde2-c6898d487854 req-2f354ba5-6722-4e08-bde2-c6898d487854 ] Request (ServersListShow296Test:tearDownClass): 200 GET http://10.180.1.21/compute/v2.1/servers/79bf8ea9-1923-4e70-8e2c-e11af4aa5973 4.008s
2025-12-01 06:39:20.997 65877 INFO tempest.common.waiters [-] State transition "ACTIVE/deleting" ==> "DELETED/None" after 5 second wait
2025-12-01 06:39:21.711 65895 INFO tempest.lib.common.rest_client [req-cd20bd30-5176-4caf-b453-4ae0c3952c2b req-cd20bd30-5176-4caf-b453-4ae0c3952c2b ] Request (ListImageFiltersTestJSON:setUpClass): 200 GET http://10.180.1.21/compute/v2.1/servers/9a78abeb-8dd1-4b88-b88a-743131739851 4.729s
2025-12-01 06:39:21.778 65875 INFO tempest.lib.common.rest_client [req-3ae9c6a5-a3ff-4947-b34a-bdb063209e50 req-3ae9c6a5-a3ff-4947-b34a-bdb063209e50 ] Request (ServerMetadataNegativeTestJSON:setUpClass): 201 POST http://10.180.1.21/networking/v2.0/routers 1.161s
2025-12-01 06:39:22.001 65861 INFO tempest.lib.common.rest_client [req-29f9c4f2-ca12-4cc9-b078-30fbcee47f92 req-29f9c4f2-ca12-4cc9-b078-30fbcee47f92 ] Request (ServerRescueTestJSON:test_rescue_unrescue_instance): 200 GET http://10.180.1.21/compute/v2.1/servers/08160ce9-8689-43b2-a934-2e9c1e4ce078 4.278s
2025-12-01 06:39:22.498 65867 INFO tempest.lib.common.rest_client [req-b0078657-9b09-45e5-9229-86893eb708f8 req-b0078657-9b09-45e5-9229-86893eb708f8 ] Request (VolumesAssistedSnapshotsTest:tearDownClass): 200 PUT http://10.180.1.21/networking/v2.0/routers/77aca2a1-9a0a-45dc-9355-3ba254007899/remove_router_interface 1.540s
2025-12-01 06:39:22.564 65859 INFO tempest.lib.common.rest_client [req-b6c1bc0c-24ab-4c0e-ae38-6ceaba1af3b3 req-b6c1bc0c-24ab-4c0e-ae38-6ceaba1af3b3 ] Request (ServerRescueTestJSONUnderV235:setUpClass): 200 GET http://10.180.1.21/compute/v2.1/servers/49cb9f90-9eb8-4c27-a4a1-51fc6ec238c4 5.343s
2025-12-01 06:39:22.736 65879 INFO tempest.lib.common.rest_client [req-73233d36-3bda-4289-bd79-6537273117cf req-73233d36-3bda-4289-bd79-6537273117cf ] Request (ImagesOneServerTestJSON:setUpClass): 200 GET http://10.180.1.21/compute/v2.1/servers/41ab260a-be19-4c45-bf4c-50bcfac2aac2 4.936s
2025-12-01 06:39:23.005 65875 INFO tempest.lib.common.rest_client [req-9c9e0862-6191-4b64-aacd-bd7e82893246 req-9c9e0862-6191-4b64-aacd-bd7e82893246 ] Request (ServerMetadataNegativeTestJSON:setUpClass): 200 PUT http://10.180.1.21/networking/v2.0/routers/d49949e3-40a3-499c-a6d7-d18d6e349658/add_router_interface 1.226s
2025-12-01 06:39:23.005 65875 INFO tempest.lib.common.dynamic_creds [-] Created isolated network resources for: credentials: Credentials: {'domain_id': 'default', 'domain_name': 'Default', 'username': 'tempest-ServerMetadataNegativeTestJSON-536775198-project-member', 'project_domain_id': 'default', 'project_domain_name': 'Default', 'project_id': '4cf24b94c54c43db9e14e856f0c1c983', 'project_name': 'tempest-ServerMetadataNegativeTestJSON-536775198', 'tenant_id': '4cf24b94c54c43db9e14e856f0c1c983', 'tenant_name': 'tempest-ServerMetadataNegativeTestJSON-536775198', 'user_domain_id': 'default', 'user_domain_name': 'Default', 'user_id': '94e3fea1584d4da887d947d58cc2605a', 'system': None}, Network: {'id': '3650c468-741f-41e1-858f-54de935e039b', 'name': 'tempest-ServerMetadataNegativeTestJSON-660240093-network', 'tenant_id': '4cf24b94c54c43db9e14e856f0c1c983', 'project_id': '4cf24b94c54c43db9e14e856f0c1c983', 'admin_state_up': True, 'mtu': 8950, 'status': 'ACTIVE', 'subnets': [], 'shared': False, 'port_security_enabled': True, 'router:external': False, 'provider:network_type': 'vlan', 'provider:physical_network': 'default', 'provider:segmentation_id': 791, 'availability_zone_hints': [], 'availability_zones': [], 'ipv4_address_scope': None, 'ipv6_address_scope': None, 'description': '', 'tags': [], 'created_at': '2025-12-01T06:39:20Z', 'updated_at': '2025-12-01T06:39:20Z', 'revision_number': 1}, Subnet: {'id': '93c8fad3-d7d1-4aed-b437-462002bd9fd4', 'name': 'tempest-ServerMetadataNegativeTestJSON-660240093-subnet', 'tenant_id': '4cf24b94c54c43db9e14e856f0c1c983', 'network_id': '3650c468-741f-41e1-858f-54de935e039b', 'ip_version': 4, 'subnetpool_id': None, 'enable_dhcp': True, 'ipv6_ra_mode': None, 'ipv6_address_mode': None, 'gateway_ip': '192.168.128.1', 'cidr': '192.168.128.0/28', 'allocation_pools': [{'start': '192.168.128.2', 'end': '192.168.128.14'}], 'host_routes': [], 'dns_nameservers': [], 'description': '', 'router:external': False, 'service_types': [], 'tags': [], 'created_at': '2025-12-01T06:39:20Z', 'updated_at': '2025-12-01T06:39:20Z', 'revision_number': 0, 'project_id': '4cf24b94c54c43db9e14e856f0c1c983'}, Router: {'id': 'd49949e3-40a3-499c-a6d7-d18d6e349658', 'name': 'tempest-ServerMetadataNegativeTestJSON-660240093-router', 'tenant_id': '4cf24b94c54c43db9e14e856f0c1c983', 'admin_state_up': True, 'status': 'ACTIVE', 'external_gateway_info': {'network_id': 'da0d9792-bc8f-4a91-8490-8c72fa9a6a39', 'external_fixed_ips': [{'subnet_id': 'b85f7174-9c56-4f87-a28e-1a78c845abcf', 'ip_address': '10.180.180.239'}], 'enable_snat': True}, 'description': '', 'availability_zones': [], 'distributed': False, 'ha': False, 'availability_zone_hints': [], 'routes': [], 'flavor_id': None, 'tags': [], 'created_at': '2025-12-01T06:39:21Z', 'updated_at': '2025-12-01T06:39:21Z', 'revision_number': 2, 'project_id': '4cf24b94c54c43db9e14e856f0c1c983'}
2025-12-01 06:39:23.077 65873 INFO tempest.lib.common.rest_client [req-66d15a20-5a41-4f3a-889b-7ae7dde24aa7 req-66d15a20-5a41-4f3a-889b-7ae7dde24aa7 ] Request (MultipleCreateTestJSON:test_multiple_create_with_reservation_return): 200 GET http://10.180.1.21/compute/v2.1/servers/47372854-b82d-4be0-8781-4806ba7bf020 4.606s
2025-12-01 06:39:23.123 65875 INFO tempest.lib.common.rest_client [req-293981d4-ec4c-4384-b793-4e9844b39bd8 req-293981d4-ec4c-4384-b793-4e9844b39bd8 ] Request (ServerMetadataNegativeTestJSON:setUpClass): 201 POST http://10.180.1.21/identity/v3/auth/tokens 0.113s
2025-12-01 06:39:23.166 65875 INFO tempest.lib.common.rest_client [req-0fece2ea-16e6-4f96-8515-0653d788e8e9 req-0fece2ea-16e6-4f96-8515-0653d788e8e9 ] Request (ServerMetadataNegativeTestJSON:setUpClass): 201 POST http://10.180.1.21/identity/v3/auth/tokens 0.039s
2025-12-01 06:39:23.167 65875 INFO tempest.lib.common.fixed_network [-] (ServerMetadataNegativeTestJSON:setUpClass) Found network {'id': '3650c468-741f-41e1-858f-54de935e039b', 'name': 'tempest-ServerMetadataNegativeTestJSON-660240093-network', 'tenant_id': '4cf24b94c54c43db9e14e856f0c1c983', 'project_id': '4cf24b94c54c43db9e14e856f0c1c983', 'admin_state_up': True, 'mtu': 8950, 'status': 'ACTIVE', 'subnets': [], 'shared': False, 'port_security_enabled': True, 'router:external': False, 'provider:network_type': 'vlan', 'provider:physical_network': 'default', 'provider:segmentation_id': 791, 'availability_zone_hints': [], 'availability_zones': [], 'ipv4_address_scope': None, 'ipv6_address_scope': None, 'description': '', 'tags': [], 'created_at': '2025-12-01T06:39:20Z', 'updated_at': '2025-12-01T06:39:20Z', 'revision_number': 1} available for tenant
2025-12-01 06:39:23.172 65851 INFO tempest.lib.common.rest_client [req-358f934f-da4a-43b8-997d-07053d767a56 req-358f934f-da4a-43b8-997d-07053d767a56 ] Request (ListServersNegativeTestJSON:setUpClass): 204 DELETE http://10.180.1.21/compute/v2.1/servers/a49b81b8-33b3-415f-b9c5-7dde49a0835e 4.191s
2025-12-01 06:39:23.247 65867 INFO tempest.lib.common.rest_client [req-8fa2f1a1-ce6b-4a04-b77f-208492073e08 req-8fa2f1a1-ce6b-4a04-b77f-208492073e08 ] Request (VolumesAssistedSnapshotsTest:tearDownClass): 204 DELETE http://10.180.1.21/networking/v2.0/routers/77aca2a1-9a0a-45dc-9355-3ba254007899 0.749s
2025-12-01 06:39:23.281 65845 INFO tempest.lib.common.rest_client [req-76a3acd2-8d62-4e5d-a09c-ce3c0304e708 req-76a3acd2-8d62-4e5d-a09c-ce3c0304e708 ] Request (ServersTestMultiNic:test_verify_duplicate_network_nics): 200 GET http://10.180.1.21/compute/v2.1/servers/da5e35d1-b7a4-4fd0-9128-2bb5a148da93 4.769s
2025-12-01 06:39:23.411 65837 INFO tempest.lib.common.rest_client [req-b7f33fd6-2bdd-42ab-a472-27ec97b60183 req-b7f33fd6-2bdd-42ab-a472-27ec97b60183 ] Request (ServersAdminTestJSON:test_rebuild_server_in_error_state): 202 POST http://10.180.1.21/compute/v2.1/servers/5b571204-f656-4697-b62a-5caf8929d3d7/action 3.944s
2025-12-01 06:39:23.538 65867 INFO tempest.lib.common.rest_client [req-8393073c-e513-4210-babd-0d34ba8bf96b req-8393073c-e513-4210-babd-0d34ba8bf96b ] Request (VolumesAssistedSnapshotsTest:tearDownClass): 204 DELETE http://10.180.1.21/networking/v2.0/subnets/a1bf39c2-a52d-4741-96d5-a0b0db6804f7 0.290s
2025-12-01 06:39:23.950 65867 INFO tempest.lib.common.rest_client [req-76447cc2-59f1-430f-b4c9-a83ce623aa35 req-76447cc2-59f1-430f-b4c9-a83ce623aa35 ] Request (VolumesAssistedSnapshotsTest:tearDownClass): 204 DELETE http://10.180.1.21/networking/v2.0/networks/ab7d2251-a37d-469d-a944-27ba72699d43 0.411s
2025-12-01 06:39:24.035 65843 INFO tempest.lib.common.rest_client [req-3f2ff2a3-26de-4a38-84cc-014484ab4677 req-3f2ff2a3-26de-4a38-84cc-014484ab4677 ] Request (ServersTestFqdnHostnames:test_create_server_with_fqdn_name): 200 GET http://10.180.1.21/compute/v2.1/servers/c79ee824-399c-408f-913e-d2243a099169 4.542s
2025-12-01 06:39:24.045 65843 INFO tempest.common.waiters [-] State transition "BUILD/spawning" ==> "ACTIVE/None" after 46 second wait
2025-12-01 06:39:24.052 65867 INFO tempest.lib.common.rest_client [req-5150efcd-8d15-4a62-881d-c7895392d57c req-5150efcd-8d15-4a62-881d-c7895392d57c ] Request (VolumesAssistedSnapshotsTest:tearDownClass): 204 DELETE http://10.180.1.21/identity/v3/users/27594d02ffec454ba8c3eeac7b800dda 0.101s
2025-12-01 06:39:24.060 65853 INFO tempest.lib.common.rest_client [req-79740352-8e39-4000-b218-54db70ed4ddf req-79740352-8e39-4000-b218-54db70ed4ddf ] Request (KeyPairsV2TestJSON:_run_cleanups): 202 DELETE http://10.180.1.21/compute/v2.1/os-keypairs/tempest-keypair-1755897170 4.540s
2025-12-01 06:39:24.074 65849 INFO tempest.lib.common.rest_client [req-3459ab6f-ea91-409d-9efa-5b7c641271f6 req-3459ab6f-ea91-409d-9efa-5b7c641271f6 ] Request (InstanceActionsTestJSON:setUpClass): 200 GET http://10.180.1.21/compute/v2.1/servers/10594dfc-380a-4ca2-a33b-bbb3051efce0 4.576s
2025-12-01 06:39:24.229 65867 INFO tempest.lib.common.rest_client [req-6a54d4f2-5204-4063-b6e8-1769e7079d97 req-6a54d4f2-5204-4063-b6e8-1769e7079d97 ] Request (VolumesAssistedSnapshotsTest:tearDownClass): 204 DELETE http://10.180.1.21/identity/v3/users/10ac6da579eb4b1d97b5ae842fe3ac6f 0.176s
2025-12-01 06:39:24.336 65887 INFO tempest.lib.common.rest_client [req-a3f34296-30ef-4dc6-ab93-bc5bfda3fc39 req-a3f34296-30ef-4dc6-ab93-bc5bfda3fc39 ] Request (DeleteServersTestJSON:test_delete_active_server): 200 GET http://10.180.1.21/compute/v2.1/servers/c41e1bfd-f22d-4723-a4cf-a425f148e0bb 4.207s
2025-12-01 06:39:24.351 65887 INFO tempest.common.waiters [-] State transition "BUILD/scheduling" ==> "BUILD/None" after 20 second wait
2025-12-01 06:39:24.357 65867 INFO tempest.lib.common.rest_client [req-8e95adec-f1f0-4907-be5d-f07e9608da32 req-8e95adec-f1f0-4907-be5d-f07e9608da32 ] Request (VolumesAssistedSnapshotsTest:tearDownClass): 204 DELETE http://10.180.1.21/identity/v3/users/3faff093783c41ee92d73e9a0f159413 0.128s
2025-12-01 06:39:24.358 65867 INFO tempest.lib.common.dynamic_creds [-] Deleting project and security group for project: 9b724ffbc35a461e98811d1fba01d497
2025-12-01 06:39:24.382 65841 INFO tempest.lib.common.rest_client [req-48b3f646-0934-4daf-96bd-8eb24f661f70 req-48b3f646-0934-4daf-96bd-8eb24f661f70 ] Request (ServerDiskConfigTestJSON:test_rebuild_server_with_manual_disk_config): 200 GET http://10.180.1.21/compute/v2.1/servers/b762d58c-6361-4521-852f-735f795dedc9 4.356s
2025-12-01 06:39:24.403 65867 INFO tempest.lib.common.rest_client [req-d035ddd3-ba03-406e-9fad-aadd95e4a4c0 req-d035ddd3-ba03-406e-9fad-aadd95e4a4c0 ] Request (VolumesAssistedSnapshotsTest:tearDownClass): 200 GET http://10.180.1.21/networking/v2.0/security-groups?tenant_id=9b724ffbc35a461e98811d1fba01d497&name=default 0.045s
2025-12-01 06:39:24.608 65867 INFO tempest.lib.common.rest_client [req-bc6707fc-c5f6-4504-bee0-1195facde903 req-bc6707fc-c5f6-4504-bee0-1195facde903 ] Request (VolumesAssistedSnapshotsTest:tearDownClass): 204 DELETE http://10.180.1.21/networking/v2.0/security-groups/ca12aa50-dfb4-4feb-974e-366028470b47 0.204s
2025-12-01 06:39:24.645 65835 INFO tempest.lib.common.rest_client [req-f16b88aa-1c98-472f-8d8b-6ade2812804e req-f16b88aa-1c98-472f-8d8b-6ade2812804e ] Request (FloatingIPsAssociationNegativeTestJSON:setUpClass): 200 GET http://10.180.1.21/compute/v2.1/servers/3c624edd-c5db-45a3-af92-9788d9755023 4.269s
2025-12-01 06:39:24.675 65883 INFO tempest.lib.common.rest_client [req-6cceb9c8-a77c-4c75-a1dd-13b80a51dd03 req-6cceb9c8-a77c-4c75-a1dd-13b80a51dd03 ] Request (ServersAdminNegativeTestJSON:setUpClass): 200 GET http://10.180.1.21/compute/v2.1/servers/71532819-01aa-44e8-8a4e-b7cd091ae17e 4.446s
2025-12-01 06:39:24.684 65883 INFO tempest.common.waiters [-] State transition "BUILD/None" ==> "BUILD/spawning" after 31 second wait
2025-12-01 06:39:24.704 65855 INFO tempest.lib.common.rest_client [req-fa8311f4-4ca3-42f4-b49e-b43d5897a8b6 req-fa8311f4-4ca3-42f4-b49e-b43d5897a8b6 ] Request (SecurityGroupsTestJSON:test_server_security_groups): 200 GET http://10.180.1.21/compute/v2.1/servers/e0bc5f61-ea72-491e-b5d1-f16b0f16455a 4.311s
2025-12-01 06:39:24.733 65867 INFO tempest.lib.common.rest_client [req-3f479954-6697-487b-b9ce-3aa6eff6aba6 req-3f479954-6697-487b-b9ce-3aa6eff6aba6 ] Request (VolumesAssistedSnapshotsTest:tearDownClass): 204 DELETE http://10.180.1.21/identity/v3/projects/9b724ffbc35a461e98811d1fba01d497 0.124s
2025-12-01 06:39:24.733 65867 INFO tempest.lib.common.dynamic_creds [-] Deleting project and security group for project: b8dee507208e45fd9a85271c8d3dc3f6
2025-12-01 06:39:24.773 65867 INFO tempest.lib.common.rest_client [req-d60579a9-d450-42f4-a1fe-db628daef1f0 req-d60579a9-d450-42f4-a1fe-db628daef1f0 ] Request (VolumesAssistedSnapshotsTest:tearDownClass): 200 GET http://10.180.1.21/networking/v2.0/security-groups?tenant_id=b8dee507208e45fd9a85271c8d3dc3f6&name=default 0.040s
2025-12-01 06:39:24.874 65871 INFO tempest.lib.common.rest_client [req-ce922f96-036f-4c08-9f71-8144a35fd53b req-ce922f96-036f-4c08-9f71-8144a35fd53b ] Request (MigrationsAdminTest:test_resize_server_revert_deleted_flavor): 200 GET http://10.180.1.21/compute/v2.1/servers/4ab04750-f79c-4ba4-9522-f40d182a60de 3.618s
2025-12-01 06:39:24.881 65871 INFO tempest.common.waiters [-] State transition "BUILD/spawning" ==> "ACTIVE/None" after 44 second wait
2025-12-01 06:39:24.944 65867 INFO tempest.lib.common.rest_client [req-08532d5c-8d2c-48ae-bd68-4545aadb0c66 req-08532d5c-8d2c-48ae-bd68-4545aadb0c66 ] Request (VolumesAssistedSnapshotsTest:tearDownClass): 204 DELETE http://10.180.1.21/networking/v2.0/security-groups/c98521d6-8762-4cfa-8037-bc125526fd7f 0.170s
2025-12-01 06:39:24.983 65863 INFO tempest.lib.common.rest_client [req-aa154430-08df-4138-8804-9c1ce6566527 req-aa154430-08df-4138-8804-9c1ce6566527 ] Request (ListServerFiltersTestJSON:test_list_servers_filter_by_shutoff_status): 200 GET http://10.180.1.21/compute/v2.1/servers/ef8ee289-43ea-4622-a923-2c5399847b57 3.551s
2025-12-01 06:39:24.990 65863 INFO tempest.common.waiters [-] State transition "SHUTOFF/powering-on" ==> "ACTIVE/None" after 9 second wait
2025-12-01 06:39:25.002 65881 INFO tempest.lib.common.rest_client [req-c6530cac-e57d-465b-b7ec-df9ccec1069f req-c6530cac-e57d-465b-b7ec-df9ccec1069f ] Request (ServerActionsTestOtherB:setUpClass): 200 GET http://10.180.1.21/compute/v2.1/servers/ec77f991-9de4-4c4c-bb84-110fb8a5dec5 3.292s
2025-12-01 06:39:25.067 65877 INFO tempest.lib.common.rest_client [req-fc5f52ee-1ea2-4c1a-9129-ed28d9cb8db1 req-fc5f52ee-1ea2-4c1a-9129-ed28d9cb8db1 ] Request (ServersListShow296Test:tearDownClass): 200 GET http://10.180.1.21/compute/v2.1/servers/79bf8ea9-1923-4e70-8e2c-e11af4aa5973 3.069s
2025-12-01 06:39:25.077 65895 INFO tempest.lib.common.rest_client [req-37f8c7bf-b3c5-49fa-a01b-04e601175348 req-37f8c7bf-b3c5-49fa-a01b-04e601175348 ] Request (ListImageFiltersTestJSON:setUpClass): 200 GET http://10.180.1.21/compute/v2.1/servers/9a78abeb-8dd1-4b88-b88a-743131739851 2.359s
2025-12-01 06:39:25.081 65867 INFO tempest.lib.common.rest_client [req-81df2630-6773-440a-9f4b-2c06b9ab361c req-81df2630-6773-440a-9f4b-2c06b9ab361c ] Request (VolumesAssistedSnapshotsTest:tearDownClass): 204 DELETE http://10.180.1.21/identity/v3/projects/b8dee507208e45fd9a85271c8d3dc3f6 0.136s
2025-12-01 06:39:25.081 65867 INFO tempest.lib.common.dynamic_creds [-] Deleting project and security group for project: 570bc96419ea400e9f7bd8fbe93a4e93
2025-12-01 06:39:25.133 65867 INFO tempest.lib.common.rest_client [req-8f2b555e-bd92-4f0d-9e19-350f0c8ace57 req-8f2b555e-bd92-4f0d-9e19-350f0c8ace57 ] Request (VolumesAssistedSnapshotsTest:tearDownClass): 200 GET http://10.180.1.21/networking/v2.0/security-groups?tenant_id=570bc96419ea400e9f7bd8fbe93a4e93&name=default 0.050s
2025-12-01 06:39:25.168 65861 INFO tempest.lib.common.rest_client [req-4452d57d-da10-493a-a2a7-87c3db56ec2c req-4452d57d-da10-493a-a2a7-87c3db56ec2c ] Request (ServerRescueTestJSON:test_rescue_unrescue_instance): 200 GET http://10.180.1.21/compute/v2.1/servers/08160ce9-8689-43b2-a934-2e9c1e4ce078 2.159s
2025-12-01 06:39:25.180 65861 INFO tempest.common.waiters [-] State transition "BUILD/scheduling" ==> "BUILD/None" after 19 second wait
2025-12-01 06:39:25.289 65867 INFO tempest.lib.common.rest_client [req-35e474ea-9deb-4d3e-8845-aa7482ff60d9 req-35e474ea-9deb-4d3e-8845-aa7482ff60d9 ] Request (VolumesAssistedSnapshotsTest:tearDownClass): 204 DELETE http://10.180.1.21/networking/v2.0/security-groups/891e78a1-c230-4d85-bdc2-35237b6704ab 0.156s
2025-12-01 06:39:25.404 65867 INFO tempest.lib.common.rest_client [req-4b22c891-effe-43f4-9ce5-a11aef2675dc req-4b22c891-effe-43f4-9ce5-a11aef2675dc ] Request (VolumesAssistedSnapshotsTest:tearDownClass): 204 DELETE http://10.180.1.21/identity/v3/projects/570bc96419ea400e9f7bd8fbe93a4e93 0.113s
2025-12-01 06:39:25.405 65867 INFO tempest.test [-] raised in SpiceDirectConsoleTestJSON.setUpClass. Invoking tearDownClass.
2025-12-01 06:39:25.444 65851 INFO tempest.lib.common.rest_client [req-d94236df-6bee-4f86-b844-abee337e5745 req-d94236df-6bee-4f86-b844-abee337e5745 ] Request (ListServersNegativeTestJSON:setUpClass): 200 GET http://10.180.1.21/compute/v2.1/servers/a49b81b8-33b3-415f-b9c5-7dde49a0835e 2.272s
2025-12-01 06:39:25.475 65867 INFO tempest.lib.common.rest_client [req-21ba755a-b47c-488f-8cab-18cadb1e2247 req-21ba755a-b47c-488f-8cab-18cadb1e2247 ] Request (ImagesMetadataTestJSON:setUpClass): 201 POST http://10.180.1.21/identity/v3/auth/tokens 0.066s
2025-12-01 06:39:25.514 65867 INFO tempest.lib.common.rest_client [req-1e7efccb-694f-4920-975b-d15c6bd1a884 req-1e7efccb-694f-4920-975b-d15c6bd1a884 ] Request (ImagesMetadataTestJSON:setUpClass): 201 POST http://10.180.1.21/identity/v3/auth/tokens 0.034s
2025-12-01 06:39:25.561 65867 INFO tempest.lib.common.rest_client [req-8580787c-e2d0-46b1-bd1d-d671556f8fc3 req-8580787c-e2d0-46b1-bd1d-d671556f8fc3 ] Request (ImagesMetadataTestJSON:setUpClass): 200 GET http://10.180.1.21/identity/v3/domains?name=Default 0.046s
2025-12-01 06:39:25.616 65867 INFO tempest.lib.common.rest_client [req-b0e7825a-6675-4a55-b0cc-325b5336ebbb req-b0e7825a-6675-4a55-b0cc-325b5336ebbb ] Request (ImagesMetadataTestJSON:setUpClass): 201 POST http://10.180.1.21/identity/v3/projects 0.055s
2025-12-01 06:39:25.661 65837 INFO tempest.lib.common.rest_client [req-8052d436-b303-4aef-ba32-c435258315aa req-8052d436-b303-4aef-ba32-c435258315aa ] Request (ServersAdminTestJSON:test_rebuild_server_in_error_state): 200 GET http://10.180.1.21/compute/v2.1/servers/5b571204-f656-4697-b62a-5caf8929d3d7 2.239s
2025-12-01 06:39:25.702 65867 INFO tempest.lib.common.rest_client [req-1825f5d7-4f5e-428b-8f80-6b3be113ab45 req-1825f5d7-4f5e-428b-8f80-6b3be113ab45 ] Request (ImagesMetadataTestJSON:setUpClass): 201 POST http://10.180.1.21/identity/v3/users 0.085s
2025-12-01 06:39:25.728 65867 INFO tempest.lib.common.rest_client [req-2dda42f8-fb0a-4b66-8234-0e2d70c2489b req-2dda42f8-fb0a-4b66-8234-0e2d70c2489b ] Request (ImagesMetadataTestJSON:setUpClass): 200 GET http://10.180.1.21/identity/v3/roles 0.025s
2025-12-01 06:39:25.764 65867 INFO tempest.lib.common.rest_client [req-9ad0ec4a-74eb-49fb-8648-c7edc166eab6 req-9ad0ec4a-74eb-49fb-8648-c7edc166eab6 ] Request (ImagesMetadataTestJSON:setUpClass): 204 PUT http://10.180.1.21/identity/v3/projects/614d6130e2664e45a6d3b849bc627682/users/b96d663a278f4fabb60f58d1a91c6dc6/roles/dde0a18b4b564027a72418980ba0ee63 0.035s
2025-12-01 06:39:25.764 65867 INFO tempest.lib.common.dynamic_creds [-] Dynamic test user b96d663a278f4fabb60f58d1a91c6dc6 is created with scope project and roles: ['member']
2025-12-01 06:39:25.765 65867 INFO tempest.lib.common.dynamic_creds [-] Acquired dynamic creds: credentials: Credentials: {'domain_id': 'default', 'domain_name': 'Default', 'username': 'tempest-ImagesMetadataTestJSON-1893802511-project-member', 'project_domain_id': 'default', 'project_domain_name': 'Default', 'project_id': '614d6130e2664e45a6d3b849bc627682', 'project_name': 'tempest-ImagesMetadataTestJSON-1893802511', 'tenant_id': '614d6130e2664e45a6d3b849bc627682', 'tenant_name': 'tempest-ImagesMetadataTestJSON-1893802511', 'user_domain_id': 'default', 'user_domain_name': 'Default', 'user_id': 'b96d663a278f4fabb60f58d1a91c6dc6', 'system': None}, Network: None, Subnet: None, Router: None
2025-12-01 06:39:25.765 65867 INFO tempest.lib.common.dynamic_creds [-] Created isolated network resources for: credentials: Credentials: {'domain_id': 'default', 'domain_name': 'Default', 'username': 'tempest-ImagesMetadataTestJSON-1893802511-project-member', 'project_domain_id': 'default', 'project_domain_name': 'Default', 'project_id': '614d6130e2664e45a6d3b849bc627682', 'project_name': 'tempest-ImagesMetadataTestJSON-1893802511', 'tenant_id': '614d6130e2664e45a6d3b849bc627682', 'tenant_name': 'tempest-ImagesMetadataTestJSON-1893802511', 'user_domain_id': 'default', 'user_domain_name': 'Default', 'user_id': 'b96d663a278f4fabb60f58d1a91c6dc6', 'system': None}, Network: None, Subnet: None, Router: None
2025-12-01 06:39:25.802 65893 WARNING tempest.lib.common.ssh [-] Failed to establish authenticated ssh connection to cirros@10.180.180.228 ([Errno None] Unable to connect to port 22 on 10.180.180.228). Number attempts: 4. Retry after 5 seconds.: paramiko.ssh_exception.NoValidConnectionsError: [Errno None] Unable to connect to port 22 on 10.180.180.228
2025-12-01 06:39:25.849 65867 INFO tempest.lib.common.rest_client [req-9720172d-5e2c-40de-8e67-191e8d1c9508 req-9720172d-5e2c-40de-8e67-191e8d1c9508 ] Request (ImagesMetadataTestJSON:setUpClass): 201 POST http://10.180.1.21/identity/v3/auth/tokens 0.081s
2025-12-01 06:39:25.854 65859 INFO tempest.lib.common.rest_client [req-96cd6cee-3ced-432d-bef6-9b2012acba4f req-96cd6cee-3ced-432d-bef6-9b2012acba4f ] Request (ServerRescueTestJSONUnderV235:setUpClass): 200 GET http://10.180.1.21/compute/v2.1/servers/49cb9f90-9eb8-4c27-a4a1-51fc6ec238c4 2.279s
2025-12-01 06:39:25.919 65879 INFO tempest.lib.common.rest_client [req-4887668e-b9c8-45d6-86e1-1031a72c2eff req-4887668e-b9c8-45d6-86e1-1031a72c2eff ] Request (ImagesOneServerTestJSON:setUpClass): 200 GET http://10.180.1.21/compute/v2.1/servers/41ab260a-be19-4c45-bf4c-50bcfac2aac2 2.172s
2025-12-01 06:39:25.971 65875 INFO tempest.lib.common.rest_client [req-6e841594-0225-4a92-a18d-849d8ba956b7 req-6e841594-0225-4a92-a18d-849d8ba956b7 ] Request (ServerMetadataNegativeTestJSON:setUpClass): 202 POST http://10.180.1.21/compute/v2.1/servers 2.804s
2025-12-01 06:39:26.017 65843 INFO tempest.lib.common.rest_client [req-58147db8-d46c-485d-ae57-2b1034a0cb0f req-58147db8-d46c-485d-ae57-2b1034a0cb0f ] Request (ServersTestFqdnHostnames:test_create_server_with_fqdn_name): 200 GET http://10.180.1.21/compute/v2.1/servers/c79ee824-399c-408f-913e-d2243a099169/os-interface 1.971s
2025-12-01 06:39:26.020 65853 INFO tempest.lib.common.rest_client [req-0898966b-c1f2-44a9-9d73-9fbc43f6179e req-0898966b-c1f2-44a9-9d73-9fbc43f6179e ] Request (KeyPairsV2TestJSON:test_keypairs_create_list_delete): 200 POST http://10.180.1.21/compute/v2.1/os-keypairs 1.957s
2025-12-01 06:39:26.088 65845 INFO tempest.lib.common.rest_client [req-97cc4fd1-6877-44fb-923f-8842f2554d04 req-97cc4fd1-6877-44fb-923f-8842f2554d04 ] Request (ServersTestMultiNic:test_verify_duplicate_network_nics): 200 GET http://10.180.1.21/compute/v2.1/servers/da5e35d1-b7a4-4fd0-9128-2bb5a148da93 1.789s
2025-12-01 06:39:26.107 65873 INFO tempest.lib.common.rest_client [req-6aeac98a-dc11-4e40-ac57-b4f0821a8cb9 req-6aeac98a-dc11-4e40-ac57-b4f0821a8cb9 ] Request (MultipleCreateTestJSON:test_multiple_create_with_reservation_return): 200 GET http://10.180.1.21/compute/v2.1/servers/47372854-b82d-4be0-8781-4806ba7bf020 2.020s
2025-12-01 06:39:26.122 65863 INFO tempest.lib.common.rest_client [req-0f09ef78-f691-424d-81a7-35b7b6d198a5 req-0f09ef78-f691-424d-81a7-35b7b6d198a5 ] Request (ListServerFiltersTestJSON:test_list_servers_filter_by_zero_limit): 200 GET http://10.180.1.21/compute/v2.1/servers?limit=0 1.130s
2025-12-01 06:39:26.188 65847 WARNING tempest.lib.common.ssh [-] Failed to establish authenticated ssh connection to cirros@10.180.180.220 ([Errno None] Unable to connect to port 22 on 10.180.180.220). Number attempts: 4. Retry after 5 seconds.: paramiko.ssh_exception.NoValidConnectionsError: [Errno None] Unable to connect to port 22 on 10.180.180.220
2025-12-01 06:39:26.327 65871 INFO tempest.lib.common.rest_client [req-52f012aa-eca1-4aff-8185-dd99ec18ebc9 req-52f012aa-eca1-4aff-8185-dd99ec18ebc9 ] Request (MigrationsAdminTest:test_resize_server_revert_deleted_flavor): 200 GET http://10.180.1.21/compute/v2.1/servers/4ab04750-f79c-4ba4-9522-f40d182a60de 1.445s
2025-12-01 06:39:26.332 65867 INFO tempest.lib.common.rest_client [req-bce2915a-641f-4eb5-9e31-6eba43963e69 req-bce2915a-641f-4eb5-9e31-6eba43963e69 ] Request (ImagesMetadataTestJSON:setUpClass): 201 POST http://10.180.1.21/image/v2/images 0.482s
2025-12-01 06:39:26.696 65843 INFO tempest.lib.common.rest_client [req-7d27e5ab-8d60-4572-9a61-707af7b07bb0 req-7d27e5ab-8d60-4572-9a61-707af7b07bb0 ] Request (ServersTestFqdnHostnames:test_create_server_with_fqdn_name): 200 PUT http://10.180.1.21/networking/v2.0/floatingips/dfcf7ad5-11ff-4ab6-816d-0e4015550c98 0.673s
2025-12-01 06:39:26.697 65843 INFO tempest.lib.common.ssh [-] Creating ssh connection to '10.180.180.175:22' as 'cirros' with public key authentication
2025-12-01 06:39:26.739 65849 INFO tempest.lib.common.rest_client [req-195ebfa9-9220-4703-aad4-50b883e17e7f req-195ebfa9-9220-4703-aad4-50b883e17e7f ] Request (InstanceActionsTestJSON:setUpClass): 200 GET http://10.180.1.21/compute/v2.1/servers/10594dfc-380a-4ca2-a33b-bbb3051efce0 1.654s
2025-12-01 06:39:26.752 65887 INFO tempest.lib.common.rest_client [req-2b8536a0-e62d-4085-b3a9-521aac1f8352 req-2b8536a0-e62d-4085-b3a9-521aac1f8352 ] Request (DeleteServersTestJSON:test_delete_active_server): 200 GET http://10.180.1.21/compute/v2.1/servers/c41e1bfd-f22d-4723-a4cf-a425f148e0bb 1.399s
2025-12-01 06:39:26.856 65835 INFO tempest.lib.common.rest_client [req-11730a41-a98d-49c8-9304-4d84b76124f1 req-11730a41-a98d-49c8-9304-4d84b76124f1 ] Request (FloatingIPsAssociationNegativeTestJSON:setUpClass): 200 GET http://10.180.1.21/compute/v2.1/servers/3c624edd-c5db-45a3-af92-9788d9755023 1.202s
2025-12-01 06:39:26.881 65841 INFO tempest.lib.common.rest_client [req-092f4c7c-ed27-4b02-a517-1add48e5efbf req-092f4c7c-ed27-4b02-a517-1add48e5efbf ] Request (ServerDiskConfigTestJSON:test_rebuild_server_with_manual_disk_config): 200 GET http://10.180.1.21/compute/v2.1/servers/b762d58c-6361-4521-852f-735f795dedc9 1.491s
2025-12-01 06:39:26.892 65841 INFO tempest.common.waiters [-] State transition "REBUILD/rebuild_spawning" ==> "ACTIVE/None" after 11 second wait
2025-12-01 06:39:26.978 65855 INFO tempest.lib.common.rest_client [req-87f970c7-828c-4403-8694-9af8c4ac3504 req-87f970c7-828c-4403-8694-9af8c4ac3504 ] Request (SecurityGroupsTestJSON:test_server_security_groups): 200 GET http://10.180.1.21/compute/v2.1/servers/e0bc5f61-ea72-491e-b5d1-f16b0f16455a 1.260s
2025-12-01 06:39:27.004 65883 INFO tempest.lib.common.rest_client [req-a39e042b-f783-4f42-98ca-09f1df108879 req-a39e042b-f783-4f42-98ca-09f1df108879 ] Request (ServersAdminNegativeTestJSON:setUpClass): 200 GET http://10.180.1.21/compute/v2.1/servers/71532819-01aa-44e8-8a4e-b7cd091ae17e 1.317s
2025-12-01 06:39:27.068 65839 INFO paramiko.transport [-] Connected (version 2.0, client dropbear_2020.81)
2025-12-01 06:39:27.070 65875 INFO tempest.lib.common.rest_client [req-89d2a37b-da5d-481c-8a8b-e339bca31975 req-89d2a37b-da5d-481c-8a8b-e339bca31975 ] Request (ServerMetadataNegativeTestJSON:setUpClass): 200 GET http://10.180.1.21/compute/v2.1/servers/2b9a726d-c8d3-4b51-861d-ee23f2367e84 1.095s
2025-12-01 06:39:27.087 65881 INFO tempest.lib.common.rest_client [req-078203bb-ca93-41b7-ae4d-1f120766463b req-078203bb-ca93-41b7-ae4d-1f120766463b ] Request (ServerActionsTestOtherB:setUpClass): 200 GET http://10.180.1.21/compute/v2.1/servers/ec77f991-9de4-4c4c-bb84-110fb8a5dec5 1.075s
2025-12-01 06:39:27.119 65853 INFO tempest.lib.common.rest_client [req-2be77b41-07a7-4b4a-91e9-37887554fd72 req-2be77b41-07a7-4b4a-91e9-37887554fd72 ] Request (KeyPairsV2TestJSON:test_keypairs_create_list_delete): 200 POST http://10.180.1.21/compute/v2.1/os-keypairs 1.095s
2025-12-01 06:39:27.127 65867 INFO tempest.lib.common.rest_client [req-2ee2c001-747a-47e1-8344-8da4fc3d1238 req-2ee2c001-747a-47e1-8344-8da4fc3d1238 ] Request (ImagesMetadataTestJSON:setUpClass): 204 PUT http://10.180.1.21/image/v2/images/c43a2b51-a21d-4f8c-943e-2fa44eb19916/file 0.794s
2025-12-01 06:39:27.140 65839 INFO paramiko.transport [-] Authentication (publickey) successful!
2025-12-01 06:39:27.144 65839 INFO tempest.lib.common.ssh [-] ssh connection to cirros@10.180.180.248 successfully created
2025-12-01 06:39:27.215 65877 INFO tempest.lib.common.rest_client [req-df10568b-a78f-4e28-a7b2-086785748352 req-df10568b-a78f-4e28-a7b2-086785748352 ] Request (ServersListShow296Test:tearDownClass): 200 GET http://10.180.1.21/compute/v2.1/servers/79bf8ea9-1923-4e70-8e2c-e11af4aa5973 1.135s
2025-12-01 06:39:27.337 65895 INFO tempest.lib.common.rest_client [req-60b839e3-914c-4669-96a3-3dec1bda89ec req-60b839e3-914c-4669-96a3-3dec1bda89ec ] Request (ListImageFiltersTestJSON:setUpClass): 200 GET http://10.180.1.21/compute/v2.1/servers/9a78abeb-8dd1-4b88-b88a-743131739851 1.246s
2025-12-01 06:39:27.344 65895 INFO tempest.common.waiters [-] State transition "BUILD/None" ==> "BUILD/block_device_mapping" after 33 second wait
2025-12-01 06:39:27.405 65863 INFO tempest.lib.common.rest_client [req-98d182ac-fafb-4b33-b170-a33683b749a7 req-98d182ac-fafb-4b33-b170-a33683b749a7 ] Request (ListServerFiltersTestJSON:test_list_servers_filtered_by_ip): 200 GET http://10.180.1.21/compute/v2.1/servers/ef8ee289-43ea-4622-a923-2c5399847b57 1.278s
2025-12-01 06:39:27.418 65861 INFO tempest.lib.common.rest_client [req-b65343a0-cad4-45ee-838c-dc93a9a7fb86 req-b65343a0-cad4-45ee-838c-dc93a9a7fb86 ] Request (ServerRescueTestJSON:test_rescue_unrescue_instance): 200 GET http://10.180.1.21/compute/v2.1/servers/08160ce9-8689-43b2-a934-2e9c1e4ce078 1.236s
2025-12-01 06:39:27.426 65871 INFO tempest.lib.common.rest_client [req-21870bd0-373f-46e4-8710-6689f9b99669 req-21870bd0-373f-46e4-8710-6689f9b99669 ] Request (MigrationsAdminTest:test_resize_server_revert_deleted_flavor): 202 DELETE http://10.180.1.21/compute/v2.1/flavors/5abde74d-296d-4f27-9983-b22114c5bfd0 1.091s
2025-12-01 06:39:27.490 65851 INFO tempest.lib.common.rest_client [req-36daadba-cc69-4341-9fea-85428240f0ee req-36daadba-cc69-4341-9fea-85428240f0ee ] Request (ListServersNegativeTestJSON:setUpClass): 200 GET http://10.180.1.21/compute/v2.1/servers/a49b81b8-33b3-415f-b9c5-7dde49a0835e 1.036s
2025-12-01 06:39:27.497 65851 INFO tempest.common.waiters [-] State transition "ACTIVE/deleting" ==> "DELETED/None" after 2 second wait
2025-12-01 06:39:27.594 65837 INFO tempest.lib.common.rest_client [req-282a2c2f-79fb-4f01-8cdf-15a960716b24 req-282a2c2f-79fb-4f01-8cdf-15a960716b24 ] Request (ServersAdminTestJSON:test_rebuild_server_in_error_state): 200 GET http://10.180.1.21/compute/v2.1/servers/5b571204-f656-4697-b62a-5caf8929d3d7 0.925s
2025-12-01 06:39:27.605 65837 INFO tempest.common.waiters [-] State transition "REBUILD/rebuilding" ==> "REBUILD/rebuild_spawning" after 2 second wait
2025-12-01 06:39:27.724 65859 INFO tempest.lib.common.rest_client [req-86bd524c-121b-4c12-a32f-545d6c561dc4 req-86bd524c-121b-4c12-a32f-545d6c561dc4 ] Request (ServerRescueTestJSONUnderV235:setUpClass): 200 GET http://10.180.1.21/compute/v2.1/servers/49cb9f90-9eb8-4c27-a4a1-51fc6ec238c4 0.861s
2025-12-01 06:39:27.787 65879 INFO tempest.lib.common.rest_client [req-616c1559-bc9d-445f-9481-2e4f4d88a563 req-616c1559-bc9d-445f-9481-2e4f4d88a563 ] Request (ImagesOneServerTestJSON:setUpClass): 200 GET http://10.180.1.21/compute/v2.1/servers/41ab260a-be19-4c45-bf4c-50bcfac2aac2 0.860s
2025-12-01 06:39:27.817 65841 INFO tempest.lib.common.rest_client [req-9c7aafae-b167-4fe1-843a-f6b6b5638c57 req-9c7aafae-b167-4fe1-843a-f6b6b5638c57 ] Request (ServerDiskConfigTestJSON:test_rebuild_server_with_manual_disk_config): 200 GET http://10.180.1.21/compute/v2.1/servers/b762d58c-6361-4521-852f-735f795dedc9 0.925s
2025-12-01 06:39:27.842 65845 INFO tempest.lib.common.rest_client [req-1b2b9514-89a3-4303-be2a-aa59b614efc2 req-1b2b9514-89a3-4303-be2a-aa59b614efc2 ] Request (ServersTestMultiNic:test_verify_duplicate_network_nics): 200 GET http://10.180.1.21/compute/v2.1/servers/da5e35d1-b7a4-4fd0-9128-2bb5a148da93 0.739s
2025-12-01 06:39:27.871 65873 INFO tempest.lib.common.rest_client [req-eb936acc-a7ee-4e3e-a017-f53ffbc55afc req-eb936acc-a7ee-4e3e-a017-f53ffbc55afc ] Request (MultipleCreateTestJSON:test_multiple_create_with_reservation_return): 200 GET http://10.180.1.21/compute/v2.1/servers/47372854-b82d-4be0-8781-4806ba7bf020 0.751s
2025-12-01 06:39:27.879 65853 INFO tempest.lib.common.rest_client [req-d16180f6-a897-458e-a426-3729188e14d0 req-d16180f6-a897-458e-a426-3729188e14d0 ] Request (KeyPairsV2TestJSON:test_keypairs_create_list_delete): 200 POST http://10.180.1.21/compute/v2.1/os-keypairs 0.758s
2025-12-01 06:39:27.906 65867 INFO tempest.lib.common.rest_client [req-2ca5cf0b-8ba0-4e53-a520-1396a3f7d93b req-2ca5cf0b-8ba0-4e53-a520-1396a3f7d93b ] Request (ImagesMetadataTestJSON:setUpClass): 200 GET http://10.180.1.21/compute/v2.1/images/c43a2b51-a21d-4f8c-943e-2fa44eb19916 0.778s
2025-12-01 06:39:27.957 65839 INFO tempest.lib.common.rest_client [req-db090508-ea18-4575-ada8-9596b7cc5286 req-db090508-ea18-4575-ada8-9596b7cc5286 ] Request (ServersTestJSON:test_list_servers): 200 GET http://10.180.1.21/compute/v2.1/servers 0.803s
2025-12-01 06:39:27.981 65871 INFO tempest.lib.common.rest_client [req-0f204718-6b02-4dd2-be10-70c7f25e0555 req-0f204718-6b02-4dd2-be10-70c7f25e0555 ] Request (MigrationsAdminTest:test_resize_server_revert_deleted_flavor): 200 GET http://10.180.1.21/compute/v2.1/flavors/detail 0.554s
2025-12-01 06:39:28.008 65863 INFO tempest.lib.common.rest_client [req-6cb2a20a-dfbd-41b6-aec6-59fb576ff63d req-6cb2a20a-dfbd-41b6-aec6-59fb576ff63d ] Request (ListServerFiltersTestJSON:test_list_servers_filtered_by_ip): 200 GET http://10.180.1.21/compute/v2.1/servers/ff720f13-03ae-4d1f-b714-21ea4423a29d 0.596s
2025-12-01 06:39:28.100 65887 INFO tempest.lib.common.rest_client [req-d2c5ac88-ea8a-4017-a121-e9511b778d02 req-d2c5ac88-ea8a-4017-a121-e9511b778d02 ] Request (DeleteServersTestJSON:test_delete_active_server): 200 GET http://10.180.1.21/compute/v2.1/servers/c41e1bfd-f22d-4723-a4cf-a425f148e0bb 0.340s
2025-12-01 06:39:28.122 65849 INFO tempest.lib.common.rest_client [req-627f69c3-e9a7-4869-ba37-ed3c6b66c529 req-627f69c3-e9a7-4869-ba37-ed3c6b66c529 ] Request (InstanceActionsTestJSON:setUpClass): 200 GET http://10.180.1.21/compute/v2.1/servers/10594dfc-380a-4ca2-a33b-bbb3051efce0 0.374s
2025-12-01 06:39:28.172 65835 INFO tempest.lib.common.rest_client [req-b00afc4f-31fe-4989-be87-d1d22e71122f req-b00afc4f-31fe-4989-be87-d1d22e71122f ] Request (FloatingIPsAssociationNegativeTestJSON:setUpClass): 200 GET http://10.180.1.21/compute/v2.1/servers/3c624edd-c5db-45a3-af92-9788d9755023 0.303s
