2025-12-01 06:37:52.632 65877 INFO tempest.lib.common.rest_client [req-f9c12bf5-4621-4cf3-a5fb-50c768c95d5d req-f9c12bf5-4621-4cf3-a5fb-50c768c95d5d ] Request (AbsoluteLimitsNegativeTestJSON:tearDownClass): 204 DELETE http://10.180.1.21/identity/v3/projects/95b6f3501e9746239f8d72d4a280507b 0.085s
2025-12-01 06:37:52.633 65877 INFO tempest.test [-] raised in ServerStableDeviceRescueTest.setUpClass. Invoking tearDownClass.
2025-12-01 06:37:52.718 65877 INFO tempest.lib.common.rest_client [req-c57cc252-365c-4d64-b3cc-ea4a4e42db17 req-c57cc252-365c-4d64-b3cc-ea4a4e42db17 ] Request (ServersListShow296Test:setUpClass): 201 POST http://10.180.1.21/identity/v3/auth/tokens 0.083s
2025-12-01 06:37:52.737 65861 INFO tempest.lib.common.rest_client [req-1a49a6b6-3b2e-442a-9f7b-acfa97ab7da8 req-1a49a6b6-3b2e-442a-9f7b-acfa97ab7da8 ] Request (ServerRescueTestJSON:setUpClass): 200 PUT http://10.180.1.21/networking/v2.0/routers/e67389f7-97e7-4854-b548-dd8e6711510e/add_router_interface 1.126s
2025-12-01 06:37:52.737 65861 INFO tempest.lib.common.dynamic_creds [-] Created isolated network resources for: credentials: Credentials: {'domain_id': 'default', 'domain_name': 'Default', 'username': 'tempest-ServerRescueTestJSON-956084724-project-member', 'project_domain_id': 'default', 'project_domain_name': 'Default', 'project_id': '00f865d2358e4936a1eb6e5b30c31687', 'project_name': 'tempest-ServerRescueTestJSON-956084724', 'tenant_id': '00f865d2358e4936a1eb6e5b30c31687', 'tenant_name': 'tempest-ServerRescueTestJSON-956084724', 'user_domain_id': 'default', 'user_domain_name': 'Default', 'user_id': '9927dc8fd1e44c0a93cd9318b20c454d', 'system': None}, Network: {'id': '6c207998-80c5-4caa-96c4-fb3923757a6d', 'name': 'tempest-ServerRescueTestJSON-1166145294-network', 'tenant_id': '00f865d2358e4936a1eb6e5b30c31687', 'project_id': '00f865d2358e4936a1eb6e5b30c31687', 'admin_state_up': True, 'mtu': 8950, 'status': 'ACTIVE', 'subnets': [], 'shared': False, 'port_security_enabled': True, 'router:external': False, 'provider:network_type': 'vlan', 'provider:physical_network': 'default', 'provider:segmentation_id': 268, 'availability_zone_hints': [], 'availability_zones': [], 'ipv4_address_scope': None, 'ipv6_address_scope': None, 'description': '', 'tags': [], 'created_at': '2025-12-01T06:37:50Z', 'updated_at': '2025-12-01T06:37:50Z', 'revision_number': 1}, Subnet: {'id': 'e969365e-d4f5-4f2a-bdc4-22e081ef36df', 'name': 'tempest-ServerRescueTestJSON-1166145294-subnet', 'tenant_id': '00f865d2358e4936a1eb6e5b30c31687', 'network_id': '6c207998-80c5-4caa-96c4-fb3923757a6d', 'ip_version': 4, 'subnetpool_id': None, 'enable_dhcp': False, 'ipv6_ra_mode': None, 'ipv6_address_mode': None, 'gateway_ip': '192.168.128.1', 'cidr': '192.168.128.0/28', 'allocation_pools': [{'start': '192.168.128.2', 'end': '192.168.128.14'}], 'host_routes': [], 'dns_nameservers': [], 'description': '', 'router:external': False, 'service_types': [], 'tags': [], 'created_at': '2025-12-01T06:37:50Z', 'updated_at': '2025-12-01T06:37:50Z', 'revision_number': 0, 'project_id': '00f865d2358e4936a1eb6e5b30c31687'}, Router: {'id': 'e67389f7-97e7-4854-b548-dd8e6711510e', 'name': 'tempest-ServerRescueTestJSON-1166145294-router', 'tenant_id': '00f865d2358e4936a1eb6e5b30c31687', 'admin_state_up': True, 'status': 'ACTIVE', 'external_gateway_info': {'network_id': 'da0d9792-bc8f-4a91-8490-8c72fa9a6a39', 'external_fixed_ips': [{'subnet_id': 'b85f7174-9c56-4f87-a28e-1a78c845abcf', 'ip_address': '10.180.180.128'}], 'enable_snat': True}, 'description': '', 'availability_zones': [], 'distributed': False, 'ha': False, 'availability_zone_hints': [], 'routes': [], 'flavor_id': None, 'tags': [], 'created_at': '2025-12-01T06:37:50Z', 'updated_at': '2025-12-01T06:37:51Z', 'revision_number': 2, 'project_id': '00f865d2358e4936a1eb6e5b30c31687'}
2025-12-01 06:37:52.760 65877 INFO tempest.lib.common.rest_client [req-f9c8d3f6-4dba-45cf-99d1-3b2afeea2e46 req-f9c8d3f6-4dba-45cf-99d1-3b2afeea2e46 ] Request (ServersListShow296Test:setUpClass): 201 POST http://10.180.1.21/identity/v3/auth/tokens 0.038s
2025-12-01 06:37:52.767 65845 WARNING tempest.lib.common.ssh [-] Failed to establish authenticated ssh connection to cirros@10.180.180.231 ([Errno None] Unable to connect to port 22 on 10.180.180.231). Number attempts: 4. Retry after 5 seconds.: paramiko.ssh_exception.NoValidConnectionsError: [Errno None] Unable to connect to port 22 on 10.180.180.231
2025-12-01 06:37:52.791 65877 INFO tempest.lib.common.rest_client [req-9d7fe4bd-369d-48e8-9d52-8666a69f429f req-9d7fe4bd-369d-48e8-9d52-8666a69f429f ] Request (ServersListShow296Test:setUpClass): 200 GET http://10.180.1.21/identity/v3/domains?name=Default 0.030s
2025-12-01 06:37:52.820 65861 INFO tempest.lib.common.rest_client [req-7ec02b6e-d1df-454d-b9cf-c27f72c5ce28 req-7ec02b6e-d1df-454d-b9cf-c27f72c5ce28 ] Request (ServerRescueTestJSON:setUpClass): 201 POST http://10.180.1.21/identity/v3/auth/tokens 0.077s
2025-12-01 06:37:52.832 65877 INFO tempest.lib.common.rest_client [req-7114a149-c953-4617-aead-d481c948c750 req-7114a149-c953-4617-aead-d481c948c750 ] Request (ServersListShow296Test:setUpClass): 201 POST http://10.180.1.21/identity/v3/projects 0.041s
2025-12-01 06:37:52.887 65861 INFO tempest.lib.common.rest_client [req-aed62327-8048-4e4d-b481-e1ef5914ccdc req-aed62327-8048-4e4d-b481-e1ef5914ccdc ] Request (ServerRescueTestJSON:setUpClass): 201 POST http://10.180.1.21/identity/v3/auth/tokens 0.064s
2025-12-01 06:37:52.887 65861 INFO tempest.lib.common.fixed_network [-] (ServerRescueTestJSON:setUpClass) Found network {'id': '6c207998-80c5-4caa-96c4-fb3923757a6d', 'name': 'tempest-ServerRescueTestJSON-1166145294-network', 'tenant_id': '00f865d2358e4936a1eb6e5b30c31687', 'project_id': '00f865d2358e4936a1eb6e5b30c31687', 'admin_state_up': True, 'mtu': 8950, 'status': 'ACTIVE', 'subnets': [], 'shared': False, 'port_security_enabled': True, 'router:external': False, 'provider:network_type': 'vlan', 'provider:physical_network': 'default', 'provider:segmentation_id': 268, 'availability_zone_hints': [], 'availability_zones': [], 'ipv4_address_scope': None, 'ipv6_address_scope': None, 'description': '', 'tags': [], 'created_at': '2025-12-01T06:37:50Z', 'updated_at': '2025-12-01T06:37:50Z', 'revision_number': 1} available for tenant
2025-12-01 06:37:52.899 65869 INFO tempest.lib.common.rest_client [req-3b927d04-38d8-4b1b-bfb7-080defa6ea46 req-3b927d04-38d8-4b1b-bfb7-080defa6ea46 ] Request (ServersWithSpecificFlavorTestJSON:test_verify_created_server_ephemeral_disk): 200 GET http://10.180.1.21/compute/v2.1/servers/1b658449-9a0e-4695-b986-fb802b8a5c29 5.044s
2025-12-01 06:37:52.912 65869 INFO tempest.lib.common.ssh [-] Creating ssh connection to '10.180.180.227:22' as 'cirros' with public key authentication
2025-12-01 06:37:52.910 65877 INFO tempest.lib.common.rest_client [req-6fda59d8-5201-4be3-b747-76d1480e137a req-6fda59d8-5201-4be3-b747-76d1480e137a ] Request (ServersListShow296Test:setUpClass): 201 POST http://10.180.1.21/identity/v3/users 0.076s
2025-12-01 06:37:52.945 65877 INFO tempest.lib.common.rest_client [req-23ec17b0-5948-4ef1-bc11-d89b488f2770 req-23ec17b0-5948-4ef1-bc11-d89b488f2770 ] Request (ServersListShow296Test:setUpClass): 200 GET http://10.180.1.21/identity/v3/roles 0.032s
2025-12-01 06:37:52.959 65837 INFO tempest.lib.common.rest_client [req-e8634a5c-bb1f-4fd2-9dec-78405218cdb4 req-e8634a5c-bb1f-4fd2-9dec-78405218cdb4 ] Request (ServersAdminTestJSON:test_inject_network_info): 202 POST http://10.180.1.21/compute/v2.1/servers 5.756s
2025-12-01 06:37:52.988 65853 INFO tempest.lib.common.rest_client [req-4eb211a7-300a-4b25-b494-45e9fd9bbc2a req-4eb211a7-300a-4b25-b494-45e9fd9bbc2a ] Request (ServerDiagnosticsTest:test_get_server_diagnostics): 200 GET http://10.180.1.21/compute/v2.1/servers/1321d4fa-a370-4159-84e3-cdddaa0e1ede 5.131s
2025-12-01 06:37:52.993 65877 INFO tempest.lib.common.rest_client [req-0aeb8b2b-18a6-471d-8cdd-b9f0f8859cea req-0aeb8b2b-18a6-471d-8cdd-b9f0f8859cea ] Request (ServersListShow296Test:setUpClass): 204 PUT http://10.180.1.21/identity/v3/projects/5ba9e12608db4499b32a5ddb258a889a/users/ba64c034ef6e43e0a98dbf78e408c9eb/roles/dde0a18b4b564027a72418980ba0ee63 0.047s
2025-12-01 06:37:52.994 65877 INFO tempest.lib.common.dynamic_creds [-] Dynamic test user ba64c034ef6e43e0a98dbf78e408c9eb is created with scope project and roles: ['member']
2025-12-01 06:37:52.994 65877 INFO tempest.lib.common.dynamic_creds [-] Acquired dynamic creds: credentials: Credentials: {'domain_id': 'default', 'domain_name': 'Default', 'username': 'tempest-ServersListShow296Test-645992007-project-member', 'project_domain_id': 'default', 'project_domain_name': 'Default', 'project_id': '5ba9e12608db4499b32a5ddb258a889a', 'project_name': 'tempest-ServersListShow296Test-645992007', 'tenant_id': '5ba9e12608db4499b32a5ddb258a889a', 'tenant_name': 'tempest-ServersListShow296Test-645992007', 'user_domain_id': 'default', 'user_domain_name': 'Default', 'user_id': 'ba64c034ef6e43e0a98dbf78e408c9eb', 'system': None}, Network: None, Subnet: None, Router: None
2025-12-01 06:37:52.994 65877 INFO tempest.lib.common.dynamic_creds [-] Created isolated network resources for: credentials: Credentials: {'domain_id': 'default', 'domain_name': 'Default', 'username': 'tempest-ServersListShow296Test-645992007-project-member', 'project_domain_id': 'default', 'project_domain_name': 'Default', 'project_id': '5ba9e12608db4499b32a5ddb258a889a', 'project_name': 'tempest-ServersListShow296Test-645992007', 'tenant_id': '5ba9e12608db4499b32a5ddb258a889a', 'tenant_name': 'tempest-ServersListShow296Test-645992007', 'user_domain_id': 'default', 'user_domain_name': 'Default', 'user_id': 'ba64c034ef6e43e0a98dbf78e408c9eb', 'system': None}, Network: None, Subnet: None, Router: None
2025-12-01 06:37:52.999 65853 INFO tempest.common.waiters [-] State transition "BUILD/None" ==> "BUILD/block_device_mapping" after 9 second wait
2025-12-01 06:37:53.108 65877 INFO tempest.lib.common.rest_client [req-58248efe-ae90-4eb9-b26d-429e78952306 req-58248efe-ae90-4eb9-b26d-429e78952306 ] Request (ServersListShow296Test:setUpClass): 201 POST http://10.180.1.21/identity/v3/auth/tokens 0.109s
2025-12-01 06:37:53.146 65877 INFO tempest.lib.common.rest_client [req-88f58fb2-6edf-432c-8433-ecf86929e700 req-88f58fb2-6edf-432c-8433-ecf86929e700 ] Request (ServersListShow296Test:test_list_show_update_rebuild_server_296): 201 POST http://10.180.1.21/identity/v3/auth/tokens 0.033s
2025-12-01 06:37:53.147 65877 INFO tempest.lib.common.fixed_network [-] (ServersListShow296Test:test_list_show_update_rebuild_server_296) Found network None available for tenant
2025-12-01 06:37:53.212 65839 INFO tempest.lib.common.rest_client [req-0c9fb424-d188-4e5a-9938-24127c0748ea req-0c9fb424-d188-4e5a-9938-24127c0748ea ] Request (ServersTestJSON:setUpClass): 200 POST http://10.180.1.21/compute/v2.1/os-keypairs 4.961s
2025-12-01 06:37:53.335 65839 INFO tempest.lib.common.rest_client [req-0c9e542f-8264-4264-8ad3-877ca14ef062 req-0c9e542f-8264-4264-8ad3-877ca14ef062 ] Request (ServersTestJSON:setUpClass): 201 POST http://10.180.1.21/networking/v2.0/security-groups 0.121s
2025-12-01 06:37:53.394 65849 INFO tempest.lib.common.rest_client [req-30e55aef-a6d3-4c08-b8ba-0fc52c1f3916 req-30e55aef-a6d3-4c08-b8ba-0fc52c1f3916 ] Request (FloatingIPDetailsTestJSON:test_get_floating_ip_details): 200 GET http://10.180.1.21/compute/v2.1/os-floating-ips/a74c8e05-af51-43ce-a3f2-6fce9e6c2944 4.082s
2025-12-01 06:37:53.401 65879 INFO tempest.lib.common.rest_client [req-dc5c25af-ca67-4bed-aa52-b7d231c2c02c req-dc5c25af-ca67-4bed-aa52-b7d231c2c02c ] Request (AggregatesAdminNegativeTestJSON:test_aggregate_delete_as_user): 403 DELETE http://10.180.1.21/compute/v2.1/os-aggregates/5 3.934s
2025-12-01 06:37:53.439 65885 INFO tempest.lib.common.rest_client [req-68512a0d-1e92-4b5b-af7c-b4b7eaaf5ae1 req-68512a0d-1e92-4b5b-af7c-b4b7eaaf5ae1 ] Request (ImagesOneServerNegativeTestJSON:setUpClass): 204 DELETE http://10.180.1.21/compute/v2.1/servers/9564edc9-dbc7-48ad-9af0-f64007d8d2e6 5.285s
2025-12-01 06:37:53.441 65887 INFO tempest.lib.common.rest_client [req-e41867c2-c831-4ec7-ab12-99d8d4d1622d req-e41867c2-c831-4ec7-ab12-99d8d4d1622d ] Request (AttachInterfacesUnderV243Test:test_add_remove_fixed_ip): 200 GET http://10.180.1.21/compute/v2.1/servers/ba75545a-61a2-4a80-b5bf-72bfc47badb1/ips 3.893s
2025-12-01 06:37:53.466 65895 INFO tempest.lib.common.rest_client [req-70c1164c-02d9-434f-b10b-671092c3576d req-70c1164c-02d9-434f-b10b-671092c3576d ] Request (FlavorsAccessNegativeTestJSON:_run_cleanups): 202 DELETE http://10.180.1.21/compute/v2.1/flavors/130856716 3.391s
2025-12-01 06:37:53.526 65839 INFO tempest.lib.common.rest_client [req-bc3a2f24-90d4-4d2d-a3af-fb55b106a6f4 req-bc3a2f24-90d4-4d2d-a3af-fb55b106a6f4 ] Request (ServersTestJSON:setUpClass): 201 POST http://10.180.1.21/networking/v2.0/security-group-rules 0.190s
2025-12-01 06:37:53.584 65859 INFO tempest.lib.common.rest_client [req-c1cc6cb8-66b7-411e-825c-cf966574551b req-c1cc6cb8-66b7-411e-825c-cf966574551b ] Request (AttachInterfacesV270Test:tearDownClass): 204 DELETE http://10.180.1.21/compute/v2.1/servers/bdeb4a75-5ec3-49f6-993d-b7ddfe251a4b 3.452s
2025-12-01 06:37:53.750 65839 INFO tempest.lib.common.rest_client [req-8587ddaa-b677-4257-85bf-8191e0ba6088 req-8587ddaa-b677-4257-85bf-8191e0ba6088 ] Request (ServersTestJSON:setUpClass): 201 POST http://10.180.1.21/networking/v2.0/security-group-rules 0.223s
2025-12-01 06:37:53.883 65851 INFO tempest.lib.common.rest_client [req-fe056ee8-fa6a-41f3-b5d3-d5a0a003a4f7 req-fe056ee8-fa6a-41f3-b5d3-d5a0a003a4f7 ] Request (SecurityGroupRulesTestJSON:test_security_group_rules_list): 200 POST http://10.180.1.21/compute/v2.1/os-security-groups 3.709s
2025-12-01 06:37:53.913 65841 INFO tempest.lib.common.rest_client [req-45a573ab-6b59-4c87-bf93-f44f5564383e req-45a573ab-6b59-4c87-bf93-f44f5564383e ] Request (ServerDiskConfigTestJSON:test_rebuild_server_with_auto_disk_config): 200 GET http://10.180.1.21/compute/v2.1/servers/958fbfe5-9ecc-4adb-83ce-8267c0cb429d 4.198s
2025-12-01 06:37:53.920 65841 INFO tempest.common.waiters [-] State transition "BUILD/block_device_mapping" ==> "BUILD/spawning" after 13 second wait
2025-12-01 06:37:54.166 65867 WARNING tempest.lib.common.ssh [-] Failed to establish authenticated ssh connection to cirros@10.180.180.168 ([Errno None] Unable to connect to port 22 on 10.180.180.168). Number attempts: 4. Retry after 5 seconds.: paramiko.ssh_exception.NoValidConnectionsError: [Errno None] Unable to connect to port 22 on 10.180.180.168
2025-12-01 06:37:54.349 65839 INFO tempest.lib.common.rest_client [req-47e2872f-df86-4ea0-b9d7-c324e925c0ef req-47e2872f-df86-4ea0-b9d7-c324e925c0ef ] Request (ServersTestJSON:setUpClass): 201 POST http://10.180.1.21/networking/v2.0/floatingips 0.599s
2025-12-01 06:37:54.380 65891 INFO tempest.lib.common.rest_client [req-4769d832-e2a7-4bab-9357-81992d4b72f6 req-4769d832-e2a7-4bab-9357-81992d4b72f6 ] Request (AttachVolumeTestJSON:test_attach_detach_volume): 200 GET http://10.180.1.21/compute/v2.1/servers/7cc66662-7fc5-4de7-98ea-6f9b64c9c8de 4.002s
2025-12-01 06:37:54.390 65839 INFO tempest.lib.common.rest_client [req-e42ab43b-96a5-4239-aaad-cbe8c3b80b81 req-e42ab43b-96a5-4239-aaad-cbe8c3b80b81 ] Request (ServersTestJSON:setUpClass): 201 POST http://10.180.1.21/identity/v3/auth/tokens 0.038s
2025-12-01 06:37:54.391 65839 INFO tempest.lib.common.fixed_network [-] (ServersTestJSON:setUpClass) Found network {'id': '9c53ab52-af69-48de-b6d1-db8322e3af8f', 'name': 'tempest-ServersTestJSON-214288191-network', 'tenant_id': 'ecbc3879f8b646788fc26fcac4c52dda', 'project_id': 'ecbc3879f8b646788fc26fcac4c52dda', 'admin_state_up': True, 'mtu': 8950, 'status': 'ACTIVE', 'subnets': [], 'shared': False, 'port_security_enabled': True, 'router:external': False, 'provider:network_type': 'vlan', 'provider:physical_network': 'default', 'provider:segmentation_id': 83, 'availability_zone_hints': [], 'availability_zones': [], 'ipv4_address_scope': None, 'ipv6_address_scope': None, 'description': '', 'tags': [], 'created_at': '2025-12-01T06:37:45Z', 'updated_at': '2025-12-01T06:37:45Z', 'revision_number': 1} available for tenant
2025-12-01 06:37:54.399 65843 INFO tempest.lib.common.rest_client [req-db196d92-7a91-49dd-a15d-d3927c051c43 req-db196d92-7a91-49dd-a15d-d3927c051c43 ] Request (ServerDiagnosticsNegativeTest:tearDownClass): 200 GET http://10.180.1.21/compute/v2.1/servers/41189a93-ef52-4c0f-8716-e4a6a838d76a 3.945s
2025-12-01 06:37:54.410 65843 INFO tempest.common.waiters [-] State transition "ACTIVE/deleting" ==> "DELETED/None" after 5 second wait
2025-12-01 06:37:54.455 65863 INFO tempest.lib.common.rest_client [req-742abd05-5442-4175-bac9-7d37fe4fdd5b req-742abd05-5442-4175-bac9-7d37fe4fdd5b ] Request (ListServerFiltersTestJSON:setUpClass): 200 GET http://10.180.1.21/compute/v2.1/servers/6a10b233-a7c2-474c-857e-da389327e1c5 3.528s
2025-12-01 06:37:54.549 65873 INFO tempest.lib.common.rest_client [req-9acc3c9e-2fcb-44fc-b160-9c59e2f624f9 req-9acc3c9e-2fcb-44fc-b160-9c59e2f624f9 ] Request (MultipleCreateTestJSON:test_multiple_create): 200 GET http://10.180.1.21/compute/v2.1/servers/826f379a-e832-4f12-96a0-8028279392c0 3.402s
2025-12-01 06:37:54.705 65847 INFO tempest.lib.common.rest_client [req-a8db10f9-82ac-40e6-a49a-5dad4c2fb2e0 req-a8db10f9-82ac-40e6-a49a-5dad4c2fb2e0 ] Request (InstanceActionsNegativeTestJSON:tearDownClass): 200 GET http://10.180.1.21/compute/v2.1/servers/36b79d1e-615e-41bb-9bbf-95510dd640ae 3.388s
2025-12-01 06:37:54.726 65865 INFO tempest.lib.common.rest_client [req-30474cac-171a-4587-9976-9244f0187446 req-30474cac-171a-4587-9976-9244f0187446 ] Request (FlavorsV2TestJSON:test_list_flavors_detailed_filter_by_min_disk): 200 GET http://10.180.1.21/compute/v2.1/flavors/42 2.806s
2025-12-01 06:37:54.785 65875 INFO tempest.lib.common.rest_client [req-2c968e2b-f0a9-44ae-891c-5b97e0d9cc7f req-2c968e2b-f0a9-44ae-891c-5b97e0d9cc7f ] Request (DeleteServersAdminTestJSON:test_delete_server_while_in_error_state): 200 GET http://10.180.1.21/compute/v2.1/servers/aaf107bd-50d1-4507-a4d4-824a3f775623 3.533s
2025-12-01 06:37:54.795 65875 INFO tempest.common.waiters [-] State transition "BUILD/spawning" ==> "ACTIVE/None" after 19 second wait
2025-12-01 06:37:54.885 65835 INFO tempest.lib.common.rest_client [req-3bffb5d8-42d1-4bae-9192-b0763fcc031d req-3bffb5d8-42d1-4bae-9192-b0763fcc031d ] Request (TenantUsagesTestJSON:setUpClass): 200 GET http://10.180.1.21/compute/v2.1/servers/2aa6b1a6-9104-4ad5-9cd5-4548c0561c14 2.922s
2025-12-01 06:37:54.998 65893 INFO tempest.lib.common.rest_client [req-56d36519-f094-4262-9ea5-2fd6662e570a req-56d36519-f094-4262-9ea5-2fd6662e570a ] Request (SecurityGroupRulesNegativeTestJSON:test_delete_security_group_rule_with_non_existent_id): 404 DELETE http://10.180.1.21/compute/v2.1/os-security-group-rules/7ac1d3fc-2c99-42cb-b61b-6e9d74ec7bc3 2.967s
2025-12-01 06:37:55.064 65871 INFO tempest.lib.common.rest_client [req-a3d8f136-acf6-479e-91e3-85d4342d8b0d req-a3d8f136-acf6-479e-91e3-85d4342d8b0d ] Request (MigrationsAdminTest:test_list_migrations_in_flavor_resize_situation): 200 GET http://10.180.1.21/compute/v2.1/servers/df813b65-e6c1-402e-b3c5-8d0d4404c003 3.059s
2025-12-01 06:37:55.499 65883 INFO tempest.lib.common.rest_client [req-d426b053-c132-4db4-a49f-4ba1e8bf2688 req-d426b053-c132-4db4-a49f-4ba1e8bf2688 ] Request (ServersAdmin275Test:test_rebuild_update_server_275): 202 POST http://10.180.1.21/compute/v2.1/servers/f15c8c2f-4a13-44c0-8949-b862d531010f/action 3.105s
2025-12-01 06:37:55.542 65861 INFO tempest.lib.common.rest_client [req-c1bb6194-4379-4493-9e1e-c8fe66f77bc3 req-c1bb6194-4379-4493-9e1e-c8fe66f77bc3 ] Request (ServerRescueTestJSON:setUpClass): 202 POST http://10.180.1.21/compute/v2.1/servers 2.654s
2025-12-01 06:37:55.586 65837 INFO tempest.lib.common.rest_client [req-3aeb322e-9da4-4df1-ab83-42b5051aa155 req-3aeb322e-9da4-4df1-ab83-42b5051aa155 ] Request (ServersAdminTestJSON:test_inject_network_info): 200 GET http://10.180.1.21/compute/v2.1/servers/6d7b881c-facf-4138-be2d-391633018358 2.626s
2025-12-01 06:37:55.630 65855 INFO tempest.lib.common.rest_client [req-7eaad8b2-d88d-4a68-ab6e-5c297734e670 req-7eaad8b2-d88d-4a68-ab6e-5c297734e670 ] Request (SecurityGroupsTestJSON:test_list_security_groups_by_server): 200 GET http://10.180.1.21/compute/v2.1/servers/c5e60097-9a02-49d5-9c05-ec74e5e8a69f 2.519s
2025-12-01 06:37:55.746 65877 INFO tempest.lib.common.rest_client [req-b86a4def-5511-49f7-8365-627464713463 req-b86a4def-5511-49f7-8365-627464713463 ] Request (ServersListShow296Test:test_list_show_update_rebuild_server_296): 202 POST http://10.180.1.21/compute/v2.1/servers 2.598s
2025-12-01 06:37:55.763 65879 INFO tempest.lib.common.rest_client [req-686937ca-9c3a-4625-9e99-0b0a3023113e req-686937ca-9c3a-4625-9e99-0b0a3023113e ] Request (AggregatesAdminNegativeTestJSON:_run_cleanups): 200 DELETE http://10.180.1.21/compute/v2.1/os-aggregates/5 2.361s
2025-12-01 06:37:55.792 65885 INFO tempest.lib.common.rest_client [req-c10ac4e4-7456-4daa-bb3a-4b4c8139158f req-c10ac4e4-7456-4daa-bb3a-4b4c8139158f ] Request (ImagesOneServerNegativeTestJSON:setUpClass): 404 GET http://10.180.1.21/compute/v2.1/servers/9564edc9-dbc7-48ad-9af0-f64007d8d2e6 2.352s
2025-12-01 06:37:55.792 65885 INFO tempest.test [-] raised in ImagesOneServerNegativeTestJSON.setUpClass. Invoking tearDownClass.
2025-12-01 06:37:55.826 65887 INFO tempest.lib.common.rest_client [req-5c8588c4-5dae-49e1-991c-8275fd53d2f7 req-5c8588c4-5dae-49e1-991c-8275fd53d2f7 ] Request (AttachInterfacesUnderV243Test:test_add_remove_fixed_ip): 202 POST http://10.180.1.21/compute/v2.1/servers/ba75545a-61a2-4a80-b5bf-72bfc47badb1/action 2.383s
2025-12-01 06:37:55.850 65895 INFO tempest.lib.common.rest_client [req-f4c32973-8819-42c9-ac0c-437d1841681b req-f4c32973-8819-42c9-ac0c-437d1841681b ] Request (FlavorsAccessNegativeTestJSON:_run_cleanups): 200 GET http://10.180.1.21/compute/v2.1/flavors/detail 2.383s
2025-12-01 06:37:56.687 65885 INFO tempest.lib.common.rest_client [req-e2c54d24-9a96-4a97-a1c8-13e2a2e96f0f req-e2c54d24-9a96-4a97-a1c8-13e2a2e96f0f ] Request (ImagesOneServerNegativeTestJSON:tearDownClass): 200 PUT http://10.180.1.21/networking/v2.0/routers/486c9563-f62c-4cbb-8b71-7331beb1fbfc/remove_router_interface 0.894s
2025-12-01 06:37:56.931 65881 INFO paramiko.transport [-] Connected (version 2.0, client dropbear_2020.81)
2025-12-01 06:37:56.941 65859 INFO tempest.lib.common.rest_client [req-84ded887-025b-49d8-bc06-9a72b026e221 req-84ded887-025b-49d8-bc06-9a72b026e221 ] Request (AttachInterfacesV270Test:tearDownClass): 200 GET http://10.180.1.21/compute/v2.1/servers/bdeb4a75-5ec3-49f6-993d-b7ddfe251a4b 3.356s
2025-12-01 06:37:57.033 65869 WARNING tempest.lib.common.ssh [-] Failed to establish authenticated ssh connection to cirros@10.180.180.227 ([Errno None] Unable to connect to port 22 on 10.180.180.227). Number attempts: 1. Retry after 2 seconds.: paramiko.ssh_exception.NoValidConnectionsError: [Errno None] Unable to connect to port 22 on 10.180.180.227
2025-12-01 06:37:57.035 65881 INFO paramiko.transport [-] Authentication (publickey) successful!
2025-12-01 06:37:57.035 65881 INFO tempest.lib.common.ssh [-] ssh connection to cirros@10.180.180.130 successfully created
2025-12-01 06:37:57.327 65849 INFO tempest.lib.common.rest_client [req-8beb010d-e2b9-44f3-80fa-7e043655b1cd req-8beb010d-e2b9-44f3-80fa-7e043655b1cd ] Request (FloatingIPDetailsTestJSON:_run_cleanups): 202 DELETE http://10.180.1.21/compute/v2.1/os-floating-ips/a74c8e05-af51-43ce-a3f2-6fce9e6c2944 3.926s
2025-12-01 06:37:57.372 65885 INFO tempest.lib.common.rest_client [req-daead409-3a03-4e61-a392-208e53aa117d req-daead409-3a03-4e61-a392-208e53aa117d ] Request (ImagesOneServerNegativeTestJSON:tearDownClass): 204 DELETE http://10.180.1.21/networking/v2.0/routers/486c9563-f62c-4cbb-8b71-7331beb1fbfc 0.685s
2025-12-01 06:37:57.526 65851 INFO tempest.lib.common.rest_client [req-506ce0ab-5e0e-4081-8201-5d147d562a7d req-506ce0ab-5e0e-4081-8201-5d147d562a7d ] Request (SecurityGroupRulesTestJSON:test_security_group_rules_list): 200 POST http://10.180.1.21/compute/v2.1/os-security-group-rules 3.639s
2025-12-01 06:37:57.653 65885 INFO tempest.lib.common.rest_client [req-122ade58-60d6-4439-8900-b347872c41e5 req-122ade58-60d6-4439-8900-b347872c41e5 ] Request (ImagesOneServerNegativeTestJSON:tearDownClass): 204 DELETE http://10.180.1.21/networking/v2.0/subnets/ac9239bd-4bcd-4220-9e45-5ef6ee9bbb5b 0.280s
2025-12-01 06:37:57.724 65853 INFO tempest.lib.common.rest_client [req-f5008275-7c22-42dc-a197-2ff4711a4225 req-f5008275-7c22-42dc-a197-2ff4711a4225 ] Request (ServerDiagnosticsTest:test_get_server_diagnostics): 200 GET http://10.180.1.21/compute/v2.1/servers/1321d4fa-a370-4159-84e3-cdddaa0e1ede 3.723s
2025-12-01 06:37:57.734 65853 INFO tempest.common.waiters [-] State transition "BUILD/block_device_mapping" ==> "BUILD/spawning" after 14 second wait
2025-12-01 06:37:57.753 65865 INFO tempest.lib.common.rest_client [req-b4728cce-35a3-4c82-919b-dbb88e09fd24 req-b4728cce-35a3-4c82-919b-dbb88e09fd24 ] Request (FlavorsV2TestJSON:test_list_flavors_detailed_filter_by_min_disk): 200 GET http://10.180.1.21/compute/v2.1/flavors/detail?minDisk=2 3.022s
2025-12-01 06:37:57.829 65875 INFO tempest.lib.common.rest_client [req-88007ac4-bde3-44dd-84cd-e46080ceafc5 req-88007ac4-bde3-44dd-84cd-e46080ceafc5 ] Request (DeleteServersAdminTestJSON:test_delete_server_while_in_error_state): 202 POST http://10.180.1.21/compute/v2.1/servers/aaf107bd-50d1-4507-a4d4-824a3f775623/action 3.033s
2025-12-01 06:37:58.093 65885 INFO tempest.lib.common.rest_client [req-0f3384cc-71df-4f63-b7e9-dda7f950b49f req-0f3384cc-71df-4f63-b7e9-dda7f950b49f ] Request (ImagesOneServerNegativeTestJSON:tearDownClass): 204 DELETE http://10.180.1.21/networking/v2.0/networks/2369cfde-fdd7-4f4b-85d5-5c79f60c5b0c 0.440s
2025-12-01 06:37:58.249 65885 INFO tempest.lib.common.rest_client [req-f6f9c74d-9309-452b-888c-d69510c75b14 req-f6f9c74d-9309-452b-888c-d69510c75b14 ] Request (ImagesOneServerNegativeTestJSON:tearDownClass): 204 DELETE http://10.180.1.21/identity/v3/users/40867d452a2c471a9253b83c42d024e3 0.155s
2025-12-01 06:37:58.249 65885 INFO tempest.lib.common.dynamic_creds [-] Deleting project and security group for project: a479794f49534a82851547ffc3018122
2025-12-01 06:37:58.275 65845 INFO paramiko.transport [-] Connected (version 2.0, client dropbear_2020.81)
2025-12-01 06:37:58.296 65841 INFO tempest.lib.common.rest_client [req-b1913e06-f595-46b1-a78d-80d2a89370e5 req-b1913e06-f595-46b1-a78d-80d2a89370e5 ] Request (ServerDiskConfigTestJSON:test_rebuild_server_with_auto_disk_config): 200 GET http://10.180.1.21/compute/v2.1/servers/958fbfe5-9ecc-4adb-83ce-8267c0cb429d 3.374s
2025-12-01 06:37:58.307 65885 INFO tempest.lib.common.rest_client [req-e2f85357-cfea-4ecd-b4ca-b85bc41fa0a0 req-e2f85357-cfea-4ecd-b4ca-b85bc41fa0a0 ] Request (ImagesOneServerNegativeTestJSON:tearDownClass): 200 GET http://10.180.1.21/networking/v2.0/security-groups?tenant_id=a479794f49534a82851547ffc3018122&name=default 0.057s
2025-12-01 06:37:58.379 65845 INFO paramiko.transport [-] Authentication (publickey) successful!
2025-12-01 06:37:58.379 65845 INFO tempest.lib.common.ssh [-] ssh connection to cirros@10.180.180.231 successfully created
2025-12-01 06:37:58.428 65885 INFO tempest.lib.common.rest_client [req-ecb958af-2ed2-4a84-8563-8c9901795cea req-ecb958af-2ed2-4a84-8563-8c9901795cea ] Request (ImagesOneServerNegativeTestJSON:tearDownClass): 204 DELETE http://10.180.1.21/networking/v2.0/security-groups/411236fd-62ad-4aa5-b71d-c6ced8ac47b5 0.121s
2025-12-01 06:37:58.581 65893 INFO tempest.lib.common.rest_client [req-69f39697-ac78-4f63-9fac-915651a14de1 req-69f39697-ac78-4f63-9fac-915651a14de1 ] Request (SecurityGroupRulesNegativeTestJSON:tearDownClass): 202 DELETE http://10.180.1.21/compute/v2.1/os-security-groups/55346d32-d3c6-4ffc-8484-a2c741648977 3.582s
2025-12-01 06:37:58.590 65885 INFO tempest.lib.common.rest_client [req-d9274304-2e27-4bc6-afaa-53cbc4ee3f33 req-d9274304-2e27-4bc6-afaa-53cbc4ee3f33 ] Request (ImagesOneServerNegativeTestJSON:tearDownClass): 204 DELETE http://10.180.1.21/identity/v3/projects/a479794f49534a82851547ffc3018122 0.161s
2025-12-01 06:37:58.681 65885 INFO tempest.lib.common.rest_client [req-625ca58e-69eb-4586-998e-a614ce4d09cf req-625ca58e-69eb-4586-998e-a614ce4d09cf ] Request (KeyPairsV22TestJSON:setUpClass): 201 POST http://10.180.1.21/identity/v3/auth/tokens 0.085s
2025-12-01 06:37:58.717 65885 INFO tempest.lib.common.rest_client [req-da6db4ce-4cd7-4d72-926c-02727e35f196 req-da6db4ce-4cd7-4d72-926c-02727e35f196 ] Request (KeyPairsV22TestJSON:setUpClass): 201 POST http://10.180.1.21/identity/v3/auth/tokens 0.034s
2025-12-01 06:37:58.749 65885 INFO tempest.lib.common.rest_client [req-5144a52a-631c-4feb-b41c-a3fb6437e061 req-5144a52a-631c-4feb-b41c-a3fb6437e061 ] Request (KeyPairsV22TestJSON:setUpClass): 200 GET http://10.180.1.21/identity/v3/domains?name=Default 0.031s
2025-12-01 06:37:58.789 65885 INFO tempest.lib.common.rest_client [req-cd66132b-091c-496b-8761-4390f4274052 req-cd66132b-091c-496b-8761-4390f4274052 ] Request (KeyPairsV22TestJSON:setUpClass): 201 POST http://10.180.1.21/identity/v3/projects 0.039s
2025-12-01 06:37:58.822 65891 INFO tempest.lib.common.rest_client [req-60ef9490-ee7d-4137-88e1-8ce471448fef req-60ef9490-ee7d-4137-88e1-8ce471448fef ] Request (AttachVolumeTestJSON:test_attach_detach_volume): 200 GET http://10.180.1.21/compute/v2.1/servers/7cc66662-7fc5-4de7-98ea-6f9b64c9c8de 3.429s
2025-12-01 06:37:58.833 65891 INFO tempest.common.waiters [-] State transition "BUILD/None" ==> "BUILD/spawning" after 14 second wait
2025-12-01 06:37:58.877 65885 INFO tempest.lib.common.rest_client [req-88cebb9f-9656-4469-8030-9b7ae5258905 req-88cebb9f-9656-4469-8030-9b7ae5258905 ] Request (KeyPairsV22TestJSON:setUpClass): 201 POST http://10.180.1.21/identity/v3/users 0.088s
2025-12-01 06:37:58.885 65839 INFO tempest.lib.common.rest_client [req-9b17a9fd-f987-4617-929d-a6e0df8b4a66 req-9b17a9fd-f987-4617-929d-a6e0df8b4a66 ] Request (ServersTestJSON:setUpClass): 202 POST http://10.180.1.21/compute/v2.1/servers 4.493s
2025-12-01 06:37:58.901 65885 INFO tempest.lib.common.rest_client [req-16a0111f-e85d-4c91-ad1a-d9fc5975c1eb req-16a0111f-e85d-4c91-ad1a-d9fc5975c1eb ] Request (KeyPairsV22TestJSON:setUpClass): 200 GET http://10.180.1.21/identity/v3/roles 0.023s
2025-12-01 06:37:58.908 65843 INFO tempest.lib.common.rest_client [req-cd1506fd-15a1-47f2-9295-1a4001f2cb9b req-cd1506fd-15a1-47f2-9295-1a4001f2cb9b ] Request (ServerDiagnosticsNegativeTest:tearDownClass): 200 GET http://10.180.1.21/compute/v2.1/servers/41189a93-ef52-4c0f-8716-e4a6a838d76a 3.497s
2025-12-01 06:37:58.937 65885 INFO tempest.lib.common.rest_client [req-d0e95ea6-be91-4e2c-b12f-23ac1cff506f req-d0e95ea6-be91-4e2c-b12f-23ac1cff506f ] Request (KeyPairsV22TestJSON:setUpClass): 204 PUT http://10.180.1.21/identity/v3/projects/c0e8d4ca99724ef78a58efd873f0b419/users/7ddec56ce76a4da8a397dffcc66deaaf/roles/dde0a18b4b564027a72418980ba0ee63 0.036s
2025-12-01 06:37:58.938 65885 INFO tempest.lib.common.dynamic_creds [-] Dynamic test user 7ddec56ce76a4da8a397dffcc66deaaf is created with scope project and roles: ['member']
2025-12-01 06:37:58.938 65885 INFO tempest.lib.common.dynamic_creds [-] Acquired dynamic creds: credentials: Credentials: {'domain_id': 'default', 'domain_name': 'Default', 'username': 'tempest-KeyPairsV22TestJSON-866095378-project-member', 'project_domain_id': 'default', 'project_domain_name': 'Default', 'project_id': 'c0e8d4ca99724ef78a58efd873f0b419', 'project_name': 'tempest-KeyPairsV22TestJSON-866095378', 'tenant_id': 'c0e8d4ca99724ef78a58efd873f0b419', 'tenant_name': 'tempest-KeyPairsV22TestJSON-866095378', 'user_domain_id': 'default', 'user_domain_name': 'Default', 'user_id': '7ddec56ce76a4da8a397dffcc66deaaf', 'system': None}, Network: None, Subnet: None, Router: None
2025-12-01 06:37:58.938 65885 INFO tempest.lib.common.dynamic_creds [-] Created isolated network resources for: credentials: Credentials: {'domain_id': 'default', 'domain_name': 'Default', 'username': 'tempest-KeyPairsV22TestJSON-866095378-project-member', 'project_domain_id': 'default', 'project_domain_name': 'Default', 'project_id': 'c0e8d4ca99724ef78a58efd873f0b419', 'project_name': 'tempest-KeyPairsV22TestJSON-866095378', 'tenant_id': 'c0e8d4ca99724ef78a58efd873f0b419', 'tenant_name': 'tempest-KeyPairsV22TestJSON-866095378', 'user_domain_id': 'default', 'user_domain_name': 'Default', 'user_id': '7ddec56ce76a4da8a397dffcc66deaaf', 'system': None}, Network: None, Subnet: None, Router: None
2025-12-01 06:37:58.961 65863 INFO tempest.lib.common.rest_client [req-b9211ce4-08dc-4be0-b249-2205c9c93336 req-b9211ce4-08dc-4be0-b249-2205c9c93336 ] Request (ListServerFiltersTestJSON:setUpClass): 200 GET http://10.180.1.21/compute/v2.1/servers/6a10b233-a7c2-474c-857e-da389327e1c5 3.496s
2025-12-01 06:37:59.017 65883 INFO tempest.lib.common.rest_client [req-52f0ae56-e8d1-41e2-b6d5-3826e4bf8e1f req-52f0ae56-e8d1-41e2-b6d5-3826e4bf8e1f ] Request (ServersAdmin275Test:_run_cleanups): 200 GET http://10.180.1.21/compute/v2.1/servers/f15c8c2f-4a13-44c0-8949-b862d531010f 3.502s
2025-12-01 06:37:59.023 65885 INFO tempest.lib.common.rest_client [req-806d4188-c651-44f7-a3f2-e1763d235869 req-806d4188-c651-44f7-a3f2-e1763d235869 ] Request (KeyPairsV22TestJSON:setUpClass): 201 POST http://10.180.1.21/identity/v3/auth/tokens 0.080s
2025-12-01 06:37:59.030 65861 INFO tempest.lib.common.rest_client [req-9f2725ad-b3d6-43ef-aa1f-e913138f883b req-9f2725ad-b3d6-43ef-aa1f-e913138f883b ] Request (ServerRescueTestJSON:setUpClass): 200 GET http://10.180.1.21/compute/v2.1/servers/049aaccd-0332-4fa4-a1ba-17d7722decdb 3.486s
2025-12-01 06:37:59.082 65873 INFO tempest.lib.common.rest_client [req-5b4c3619-1595-44d3-a4ed-35dcc8cd323d req-5b4c3619-1595-44d3-a4ed-35dcc8cd323d ] Request (MultipleCreateTestJSON:test_multiple_create): 200 GET http://10.180.1.21/compute/v2.1/servers/826f379a-e832-4f12-96a0-8028279392c0 3.523s
2025-12-01 06:37:59.122 65847 INFO tempest.lib.common.rest_client [req-f844f9bf-b1b1-4774-b1a6-5d1fd020783e req-f844f9bf-b1b1-4774-b1a6-5d1fd020783e ] Request (InstanceActionsNegativeTestJSON:tearDownClass): 200 GET http://10.180.1.21/compute/v2.1/servers/36b79d1e-615e-41bb-9bbf-95510dd640ae 3.406s
2025-12-01 06:37:59.136 65879 INFO tempest.lib.common.rest_client [req-64d8ca65-6fd7-4e49-96a7-6f838fd6d9c4 req-64d8ca65-6fd7-4e49-96a7-6f838fd6d9c4 ] Request (AggregatesAdminNegativeTestJSON:test_aggregate_delete_with_invalid_id): 404 DELETE http://10.180.1.21/compute/v2.1/os-aggregates/-1 3.371s
2025-12-01 06:37:59.162 65887 INFO tempest.lib.common.rest_client [req-43ba2f6f-ca24-4a7d-8727-a427c0b99b84 req-43ba2f6f-ca24-4a7d-8727-a427c0b99b84 ] Request (AttachInterfacesUnderV243Test:test_add_remove_fixed_ip): 200 GET http://10.180.1.21/compute/v2.1/servers/ba75545a-61a2-4a80-b5bf-72bfc47badb1/ips 3.335s
2025-12-01 06:37:59.164 65877 INFO tempest.lib.common.rest_client [req-b7981382-62d1-47b6-83e6-27d2242003e6 req-b7981382-62d1-47b6-83e6-27d2242003e6 ] Request (ServersListShow296Test:test_list_show_update_rebuild_server_296): 200 GET http://10.180.1.21/compute/v2.1/servers/79bf8ea9-1923-4e70-8e2c-e11af4aa5973 3.416s
2025-12-01 06:37:59.179 65895 INFO tempest.lib.common.rest_client [req-7a8590ff-6b00-4209-b95d-8a4715b03c26 req-7a8590ff-6b00-4209-b95d-8a4715b03c26 ] Request (FlavorsAccessNegativeTestJSON:test_remove_flavor_access_not_found): 200 POST http://10.180.1.21/compute/v2.1/flavors 3.319s
2025-12-01 06:37:59.219 65835 INFO tempest.lib.common.rest_client [req-38f41999-0a0b-40c4-9bd1-fc96e6c6c699 req-38f41999-0a0b-40c4-9bd1-fc96e6c6c699 ] Request (TenantUsagesTestJSON:setUpClass): 200 GET http://10.180.1.21/compute/v2.1/servers/2aa6b1a6-9104-4ad5-9cd5-4548c0561c14 3.324s
2025-12-01 06:37:59.294 65837 INFO tempest.lib.common.rest_client [req-02936f66-c71a-4765-b3d9-67c499748499 req-02936f66-c71a-4765-b3d9-67c499748499 ] Request (ServersAdminTestJSON:test_inject_network_info): 200 GET http://10.180.1.21/compute/v2.1/servers/6d7b881c-facf-4138-be2d-391633018358 2.699s
2025-12-01 06:37:59.321 65871 INFO tempest.lib.common.rest_client [req-638ba249-1828-48e4-baa6-7a1f24256849 req-638ba249-1828-48e4-baa6-7a1f24256849 ] Request (MigrationsAdminTest:test_list_migrations_in_flavor_resize_situation): 200 GET http://10.180.1.21/compute/v2.1/servers/df813b65-e6c1-402e-b3c5-8d0d4404c003 3.249s
2025-12-01 06:37:59.365 65855 INFO tempest.lib.common.rest_client [req-d0667b6d-b9b9-4eeb-acbc-e7faea12f333 req-d0667b6d-b9b9-4eeb-acbc-e7faea12f333 ] Request (SecurityGroupsTestJSON:test_list_security_groups_by_server): 200 GET http://10.180.1.21/compute/v2.1/servers/c5e60097-9a02-49d5-9c05-ec74e5e8a69f 2.719s
2025-12-01 06:37:59.403 65881 INFO tempest.lib.common.rest_client [req-6c73db11-bef0-4316-a895-2c978d6d3f38 req-6c73db11-bef0-4316-a895-2c978d6d3f38 ] Request (ServersTestBootFromVolume:test_list_servers): 200 GET http://10.180.1.21/compute/v2.1/servers 2.360s
2025-12-01 06:37:59.674 65867 WARNING tempest.lib.common.ssh [-] Failed to establish authenticated ssh connection to cirros@10.180.180.168 ([Errno None] Unable to connect to port 22 on 10.180.180.168). Number attempts: 5. Retry after 6 seconds.: paramiko.ssh_exception.NoValidConnectionsError: [Errno None] Unable to connect to port 22 on 10.180.180.168
2025-12-01 06:37:59.825 65851 INFO tempest.lib.common.rest_client [req-93625201-778d-4e26-ad53-90ec9e2a5b4f req-93625201-778d-4e26-ad53-90ec9e2a5b4f ] Request (SecurityGroupRulesTestJSON:test_security_group_rules_list): 200 POST http://10.180.1.21/compute/v2.1/os-security-group-rules 2.297s
2025-12-01 06:37:59.841 65865 INFO tempest.lib.common.rest_client [req-2f8a67f5-1485-477b-8fb4-99988acb4d2e req-2f8a67f5-1485-477b-8fb4-99988acb4d2e ] Request (FlavorsV2TestJSON:test_list_flavors_detailed_filter_by_min_ram): 200 GET http://10.180.1.21/compute/v2.1/flavors/42 2.081s
2025-12-01 06:37:59.872 65849 INFO tempest.lib.common.rest_client [req-454234b8-3c8a-43a6-9e91-fa50f3ed2e24 req-454234b8-3c8a-43a6-9e91-fa50f3ed2e24 ] Request (FloatingIPDetailsTestJSON:test_list_floating_ips): 200 GET http://10.180.1.21/compute/v2.1/os-floating-ips 2.543s
2025-12-01 06:38:00.071 65859 INFO tempest.lib.common.rest_client [req-1e7c8792-9d01-4e2b-8e09-9d45b0360eed req-1e7c8792-9d01-4e2b-8e09-9d45b0360eed ] Request (AttachInterfacesV270Test:tearDownClass): 200 GET http://10.180.1.21/compute/v2.1/servers/bdeb4a75-5ec3-49f6-993d-b7ddfe251a4b 2.116s
2025-12-01 06:38:00.084 65859 INFO tempest.common.waiters [-] State transition "ACTIVE/deleting" ==> "DELETED/None" after 4 second wait
2025-12-01 06:38:00.096 65875 INFO tempest.lib.common.rest_client [req-06356733-03f6-4e12-8c0b-9fbaf6dbf837 req-06356733-03f6-4e12-8c0b-9fbaf6dbf837 ] Request (DeleteServersAdminTestJSON:test_delete_server_while_in_error_state): 200 GET http://10.180.1.21/compute/v2.1/servers/aaf107bd-50d1-4507-a4d4-824a3f775623 2.266s
2025-12-01 06:38:00.105 65869 WARNING tempest.lib.common.ssh [-] Failed to establish authenticated ssh connection to cirros@10.180.180.227 ([Errno None] Unable to connect to port 22 on 10.180.180.227). Number attempts: 2. Retry after 3 seconds.: paramiko.ssh_exception.NoValidConnectionsError: [Errno None] Unable to connect to port 22 on 10.180.180.227
2025-12-01 06:38:00.194 65845 INFO tempest.lib.common.rest_client [req-2b401090-687c-4b81-a11d-bee66824591f req-2b401090-687c-4b81-a11d-bee66824591f ] Request (ServersTestManualDisk:test_list_servers): 200 GET http://10.180.1.21/compute/v2.1/servers 1.806s
2025-12-01 06:38:00.255 65893 INFO tempest.lib.common.rest_client [req-db4ed14e-e925-4a9f-95d6-66113e2fb8ef req-db4ed14e-e925-4a9f-95d6-66113e2fb8ef ] Request (SecurityGroupRulesNegativeTestJSON:tearDownClass): 202 DELETE http://10.180.1.21/compute/v2.1/os-security-groups/3750cba0-32e7-400f-a3d3-de3cfdae1b3d 1.674s
2025-12-01 06:38:00.324 65839 INFO tempest.lib.common.rest_client [req-032e2a39-c3d8-4594-a745-2911ab5ee0aa req-032e2a39-c3d8-4594-a745-2911ab5ee0aa ] Request (ServersTestJSON:setUpClass): 200 GET http://10.180.1.21/compute/v2.1/servers/fdca127b-6482-4d08-bddc-a43167df9cfb 1.437s
2025-12-01 06:38:00.363 65853 INFO tempest.lib.common.rest_client [req-e579eb1e-7148-4495-bb27-c6283e52d4b7 req-e579eb1e-7148-4495-bb27-c6283e52d4b7 ] Request (ServerDiagnosticsTest:test_get_server_diagnostics): 200 GET http://10.180.1.21/compute/v2.1/servers/1321d4fa-a370-4159-84e3-cdddaa0e1ede 1.628s
2025-12-01 06:38:00.389 65879 INFO tempest.lib.common.rest_client [req-e9321daa-3aa4-447d-8532-5783f9d39d67 req-e9321daa-3aa4-447d-8532-5783f9d39d67 ] Request (AggregatesAdminNegativeTestJSON:test_aggregate_get_details_as_user): 200 POST http://10.180.1.21/compute/v2.1/os-aggregates 1.252s
2025-12-01 06:38:00.456 65885 INFO tempest.lib.common.rest_client [req-bed78c5a-2c87-49de-90c9-c3ebd7bda18c req-bed78c5a-2c87-49de-90c9-c3ebd7bda18c ] Request (KeyPairsV22TestJSON:test_get_keypair_detail): 201 POST http://10.180.1.21/compute/v2.1/os-keypairs 1.431s
2025-12-01 06:38:00.493 65895 INFO tempest.lib.common.rest_client [req-df75803c-e033-4bd4-882a-b9df6d367202 req-df75803c-e033-4bd4-882a-b9df6d367202 ] Request (FlavorsAccessNegativeTestJSON:test_remove_flavor_access_not_found): 404 POST http://10.180.1.21/compute/v2.1/flavors/2056509742/action 1.310s
2025-12-01 06:38:00.634 65841 INFO tempest.lib.common.rest_client [req-3bd8e827-d658-4f13-a0da-5360f6b3f8f3 req-3bd8e827-d658-4f13-a0da-5360f6b3f8f3 ] Request (ServerDiskConfigTestJSON:test_rebuild_server_with_auto_disk_config): 200 GET http://10.180.1.21/compute/v2.1/servers/958fbfe5-9ecc-4adb-83ce-8267c0cb429d 1.330s
2025-12-01 06:38:00.643 65841 INFO tempest.common.waiters [-] State transition "BUILD/spawning" ==> "ACTIVE/None" after 20 second wait
2025-12-01 06:38:00.678 65851 INFO tempest.lib.common.rest_client [req-94af7921-4829-4343-8cf9-0602ceec1f80 req-94af7921-4829-4343-8cf9-0602ceec1f80 ] Request (SecurityGroupRulesTestJSON:test_security_group_rules_list): 200 GET http://10.180.1.21/compute/v2.1/os-security-groups/a833a634-2c4d-469b-9191-c700bade6b5c 0.851s
2025-12-01 06:38:00.738 65881 INFO tempest.lib.common.rest_client [req-237b8cf7-4a53-4774-819f-a8e87f17dea0 req-237b8cf7-4a53-4774-819f-a8e87f17dea0 ] Request (ServersTestBootFromVolume:test_list_servers_with_detail): 200 GET http://10.180.1.21/compute/v2.1/servers/detail 1.328s
2025-12-01 06:38:00.769 65865 INFO tempest.lib.common.rest_client [req-2a6f7242-4c7d-4907-8ffa-550fb6cd1127 req-2a6f7242-4c7d-4907-8ffa-550fb6cd1127 ] Request (FlavorsV2TestJSON:test_list_flavors_detailed_filter_by_min_ram): 200 GET http://10.180.1.21/compute/v2.1/flavors/detail?minRam=193 0.926s
2025-12-01 06:38:00.805 65891 INFO tempest.lib.common.rest_client [req-7fb5e065-ad8a-49fd-9453-82fea6bf508a req-7fb5e065-ad8a-49fd-9453-82fea6bf508a ] Request (AttachVolumeTestJSON:test_attach_detach_volume): 200 GET http://10.180.1.21/compute/v2.1/servers/7cc66662-7fc5-4de7-98ea-6f9b64c9c8de 0.972s
2025-12-01 06:38:00.855 65843 INFO tempest.lib.common.rest_client [req-bd95afdd-4e06-4771-8a44-5de4b948fc2f req-bd95afdd-4e06-4771-8a44-5de4b948fc2f ] Request (ServerDiagnosticsNegativeTest:tearDownClass): 200 GET http://10.180.1.21/compute/v2.1/servers/41189a93-ef52-4c0f-8716-e4a6a838d76a 0.938s
2025-12-01 06:38:00.900 65863 INFO tempest.lib.common.rest_client [req-b8e7dde4-e6dd-404d-b5c5-7f2fcac736b1 req-b8e7dde4-e6dd-404d-b5c5-7f2fcac736b1 ] Request (ListServerFiltersTestJSON:setUpClass): 200 GET http://10.180.1.21/compute/v2.1/servers/6a10b233-a7c2-474c-857e-da389327e1c5 0.927s
2025-12-01 06:38:00.978 65883 INFO tempest.lib.common.rest_client [req-233f19ed-bcbf-46c2-acbe-1f6cefd872c4 req-233f19ed-bcbf-46c2-acbe-1f6cefd872c4 ] Request (ServersAdmin275Test:_run_cleanups): 200 GET http://10.180.1.21/compute/v2.1/servers/f15c8c2f-4a13-44c0-8949-b862d531010f 0.948s
2025-12-01 06:38:00.988 65883 INFO tempest.common.waiters [-] State transition "REBUILD/rebuild_block_device_mapping" ==> "REBUILD/rebuild_spawning" after 1 second wait
2025-12-01 06:38:01.034 65861 INFO tempest.lib.common.rest_client [req-77a7b199-01f6-479a-8c77-8f56025c305f req-77a7b199-01f6-479a-8c77-8f56025c305f ] Request (ServerRescueTestJSON:setUpClass): 200 GET http://10.180.1.21/compute/v2.1/servers/049aaccd-0332-4fa4-a1ba-17d7722decdb 0.993s
2025-12-01 06:38:01.116 65849 INFO tempest.lib.common.rest_client [req-e19cd016-2345-4866-ade2-64fe90cd91af req-e19cd016-2345-4866-ade2-64fe90cd91af ] Request (FloatingIPDetailsTestJSON:tearDownClass): 202 DELETE http://10.180.1.21/compute/v2.1/os-floating-ips/6aff2e75-2450-4bcf-b57a-65b86dd9c1a8 1.238s
2025-12-01 06:38:01.165 65873 INFO tempest.lib.common.rest_client [req-0c56293c-496d-4e1b-9335-30c12630ddc5 req-0c56293c-496d-4e1b-9335-30c12630ddc5 ] Request (MultipleCreateTestJSON:test_multiple_create): 200 GET http://10.180.1.21/compute/v2.1/servers/826f379a-e832-4f12-96a0-8028279392c0 1.072s
2025-12-01 06:38:01.174 65873 INFO tempest.common.waiters [-] State transition "BUILD/None" ==> "BUILD/networking" after 11 second wait
2025-12-01 06:38:01.203 65875 INFO tempest.lib.common.rest_client [req-1ba67a61-d07c-4e12-806e-064e4d0f4288 req-1ba67a61-d07c-4e12-806e-064e4d0f4288 ] Request (DeleteServersAdminTestJSON:test_delete_server_while_in_error_state): 204 DELETE http://10.180.1.21/compute/v2.1/servers/aaf107bd-50d1-4507-a4d4-824a3f775623 1.099s
2025-12-01 06:38:01.231 65887 INFO tempest.lib.common.rest_client [req-91ab27f2-73a2-4610-925b-c200fca47c27 req-91ab27f2-73a2-4610-925b-c200fca47c27 ] Request (AttachInterfacesUnderV243Test:test_add_remove_fixed_ip): 200 GET http://10.180.1.21/compute/v2.1/servers/ba75545a-61a2-4a80-b5bf-72bfc47badb1/ips 1.064s
2025-12-01 06:38:01.314 65847 INFO tempest.lib.common.rest_client [req-1c70a320-da70-4cfd-819c-ca70b27359ce req-1c70a320-da70-4cfd-819c-ca70b27359ce ] Request (InstanceActionsNegativeTestJSON:tearDownClass): 200 GET http://10.180.1.21/compute/v2.1/servers/36b79d1e-615e-41bb-9bbf-95510dd640ae 1.179s
2025-12-01 06:38:01.424 65877 INFO tempest.lib.common.rest_client [req-77ca048a-1e40-4e2f-9769-72bbfd1b89ee req-77ca048a-1e40-4e2f-9769-72bbfd1b89ee ] Request (ServersListShow296Test:test_list_show_update_rebuild_server_296): 200 GET http://10.180.1.21/compute/v2.1/servers/79bf8ea9-1923-4e70-8e2c-e11af4aa5973 1.245s
2025-12-01 06:38:01.553 65835 INFO tempest.lib.common.rest_client [req-82dd53e9-1843-499f-b6df-95bf54fc2664 req-82dd53e9-1843-499f-b6df-95bf54fc2664 ] Request (TenantUsagesTestJSON:setUpClass): 200 GET http://10.180.1.21/compute/v2.1/servers/2aa6b1a6-9104-4ad5-9cd5-4548c0561c14 1.325s
2025-12-01 06:38:01.788 65845 INFO tempest.lib.common.rest_client [req-2812febe-2cf6-4029-8583-b02a853610b1 req-2812febe-2cf6-4029-8583-b02a853610b1 ] Request (ServersTestManualDisk:test_list_servers_with_detail): 200 GET http://10.180.1.21/compute/v2.1/servers/detail 1.590s
2025-12-01 06:38:01.878 65893 INFO tempest.lib.common.rest_client [req-68dfb4ad-1c69-413f-9ee3-7b18f1e599bc req-68dfb4ad-1c69-413f-9ee3-7b18f1e599bc ] Request (SecurityGroupRulesNegativeTestJSON:tearDownClass): 202 DELETE http://10.180.1.21/compute/v2.1/os-security-groups/afc67bf9-2ab6-4bd1-b65a-07c7e67739ba 1.622s
2025-12-01 06:38:01.900 65837 INFO tempest.lib.common.rest_client [req-19b0cfc8-7b03-40c2-bb50-4486e5250dd5 req-19b0cfc8-7b03-40c2-bb50-4486e5250dd5 ] Request (ServersAdminTestJSON:test_inject_network_info): 200 GET http://10.180.1.21/compute/v2.1/servers/6d7b881c-facf-4138-be2d-391633018358 1.599s
2025-12-01 06:38:01.910 65837 INFO tempest.common.waiters [-] State transition "BUILD/scheduling" ==> "BUILD/None" after 6 second wait
2025-12-01 06:38:01.971 65855 INFO tempest.lib.common.rest_client [req-70483624-5df9-4685-9ffc-d4ce3e66c889 req-70483624-5df9-4685-9ffc-d4ce3e66c889 ] Request (SecurityGroupsTestJSON:test_list_security_groups_by_server): 200 GET http://10.180.1.21/compute/v2.1/servers/c5e60097-9a02-49d5-9c05-ec74e5e8a69f 1.595s
2025-12-01 06:38:01.977 65879 INFO tempest.lib.common.rest_client [req-3da2c69a-7463-4d4b-9aa5-17cba4179ad5 req-3da2c69a-7463-4d4b-9aa5-17cba4179ad5 ] Request (AggregatesAdminNegativeTestJSON:test_aggregate_get_details_as_user): 403 GET http://10.180.1.21/compute/v2.1/os-aggregates/6 1.585s
2025-12-01 06:38:01.989 65885 INFO tempest.lib.common.rest_client [req-e85924d5-95c2-4b9b-a126-799f1ff6c116 req-e85924d5-95c2-4b9b-a126-799f1ff6c116 ] Request (KeyPairsV22TestJSON:test_get_keypair_detail): 200 GET http://10.180.1.21/compute/v2.1/os-keypairs/tempest-keypair-573373447 1.531s
2025-12-01 06:38:02.004 65871 INFO tempest.lib.common.rest_client [req-65fd6cb6-a7f7-409f-b8f5-41b9f7ed0bfd req-65fd6cb6-a7f7-409f-b8f5-41b9f7ed0bfd ] Request (MigrationsAdminTest:test_list_migrations_in_flavor_resize_situation): 200 GET http://10.180.1.21/compute/v2.1/servers/df813b65-e6c1-402e-b3c5-8d0d4404c003 1.670s
2025-12-01 06:38:02.007 65895 INFO tempest.lib.common.rest_client [req-cd2f48b4-6f07-4741-a193-91e3d667e5e6 req-cd2f48b4-6f07-4741-a193-91e3d667e5e6 ] Request (FlavorsAccessNegativeTestJSON:_run_cleanups): 202 DELETE http://10.180.1.21/compute/v2.1/flavors/2056509742 1.513s
2025-12-01 06:38:02.213 65851 INFO tempest.lib.common.rest_client [req-ac7a9a2a-8b17-43cf-815e-8881fac87ce2 req-ac7a9a2a-8b17-43cf-815e-8881fac87ce2 ] Request (SecurityGroupRulesTestJSON:_run_cleanups): 202 DELETE http://10.180.1.21/compute/v2.1/os-security-group-rules/a52cb01d-6f82-401f-ac73-00fe52cc60cc 1.531s
2025-12-01 06:38:02.230 65881 INFO tempest.lib.common.rest_client [req-e683da40-8b1b-4b7d-9044-85df151e9784 req-e683da40-8b1b-4b7d-9044-85df151e9784 ] Request (ServersTestBootFromVolume:test_verify_created_server_vcpus): 200 GET http://10.180.1.21/compute/v2.1/flavors/42 1.482s
2025-12-01 06:38:02.233 65881 INFO tempest.lib.common.ssh [-] Creating ssh connection to '10.180.180.130:22' as 'cirros' with public key authentication
