2025-12-01 06:36:33.650 65873 INFO tempest.lib.common.dynamic_creds [-] Created isolated network resources for: credentials: Credentials: {'domain_id': 'default', 'domain_name': 'Default', 'username': 'tempest-InstanceActionsV221TestJSON-1115047219-project-member', 'project_domain_id': 'default', 'project_domain_name': 'Default', 'project_id': 'e21bc7456a054b6f8008dcea6e652f6e', 'project_name': 'tempest-InstanceActionsV221TestJSON-1115047219', 'tenant_id': 'e21bc7456a054b6f8008dcea6e652f6e', 'tenant_name': 'tempest-InstanceActionsV221TestJSON-1115047219', 'user_domain_id': 'default', 'user_domain_name': 'Default', 'user_id': '2b930c594a7743c39b611fe531c0b4cb', 'system': None}, Network: {'id': '73b4aa39-fd88-4a65-a2e8-79b8ea27ed6a', 'name': 'tempest-InstanceActionsV221TestJSON-2020560814-network', 'tenant_id': 'e21bc7456a054b6f8008dcea6e652f6e', 'project_id': 'e21bc7456a054b6f8008dcea6e652f6e', 'admin_state_up': True, 'mtu': 8950, 'status': 'ACTIVE', 'subnets': [], 'shared': False, 'port_security_enabled': True, 'router:external': False, 'provider:network_type': 'vlan', 'provider:physical_network': 'default', 'provider:segmentation_id': 174, 'availability_zone_hints': [], 'availability_zones': [], 'ipv4_address_scope': None, 'ipv6_address_scope': None, 'description': '', 'tags': [], 'created_at': '2025-12-01T06:36:25Z', 'updated_at': '2025-12-01T06:36:25Z', 'revision_number': 1}, Subnet: {'id': 'bc946255-2760-4d0e-8aeb-4b7c846340d8', 'name': 'tempest-InstanceActionsV221TestJSON-2020560814-subnet', 'tenant_id': 'e21bc7456a054b6f8008dcea6e652f6e', 'network_id': '73b4aa39-fd88-4a65-a2e8-79b8ea27ed6a', 'ip_version': 4, 'subnetpool_id': None, 'enable_dhcp': True, 'ipv6_ra_mode': None, 'ipv6_address_mode': None, 'gateway_ip': '192.168.128.1', 'cidr': '192.168.128.0/28', 'allocation_pools': [{'start': '192.168.128.2', 'end': '192.168.128.14'}], 'host_routes': [], 'dns_nameservers': [], 'description': '', 'router:external': False, 'service_types': [], 'tags': [], 'created_at': '2025-12-01T06:36:27Z', 'updated_at': '2025-12-01T06:36:27Z', 'revision_number': 0, 'project_id': 'e21bc7456a054b6f8008dcea6e652f6e'}, Router: {'id': '1b23dc03-96c0-4d22-b6d2-ac4827d3117d', 'name': 'tempest-InstanceActionsV221TestJSON-2020560814-router', 'tenant_id': 'e21bc7456a054b6f8008dcea6e652f6e', 'admin_state_up': True, 'status': 'ACTIVE', 'external_gateway_info': {'network_id': 'da0d9792-bc8f-4a91-8490-8c72fa9a6a39', 'external_fixed_ips': [{'subnet_id': 'b85f7174-9c56-4f87-a28e-1a78c845abcf', 'ip_address': '10.180.180.253'}], 'enable_snat': True}, 'description': '', 'availability_zones': [], 'distributed': False, 'ha': False, 'availability_zone_hints': [], 'routes': [], 'flavor_id': None, 'tags': [], 'created_at': '2025-12-01T06:36:29Z', 'updated_at': '2025-12-01T06:36:30Z', 'revision_number': 2, 'project_id': 'e21bc7456a054b6f8008dcea6e652f6e'}
2025-12-01 06:36:33.745 65873 INFO tempest.lib.common.rest_client [req-b2e07846-4b9c-4e81-9510-301fe89c12be req-b2e07846-4b9c-4e81-9510-301fe89c12be ] Request (InstanceActionsV221TestJSON:setUpClass): 201 POST http://10.180.1.21/identity/v3/auth/tokens 0.089s
2025-12-01 06:36:33.775 65873 INFO tempest.lib.common.rest_client [req-dacebdc8-16a5-4458-b3a8-1c805f8b31f7 req-dacebdc8-16a5-4458-b3a8-1c805f8b31f7 ] Request (InstanceActionsV221TestJSON:test_get_list_deleted_instance_actions): 201 POST http://10.180.1.21/identity/v3/auth/tokens 0.026s
2025-12-01 06:36:33.775 65873 INFO tempest.lib.common.fixed_network [-] (InstanceActionsV221TestJSON:test_get_list_deleted_instance_actions) Found network {'id': '73b4aa39-fd88-4a65-a2e8-79b8ea27ed6a', 'name': 'tempest-InstanceActionsV221TestJSON-2020560814-network', 'tenant_id': 'e21bc7456a054b6f8008dcea6e652f6e', 'project_id': 'e21bc7456a054b6f8008dcea6e652f6e', 'admin_state_up': True, 'mtu': 8950, 'status': 'ACTIVE', 'subnets': [], 'shared': False, 'port_security_enabled': True, 'router:external': False, 'provider:network_type': 'vlan', 'provider:physical_network': 'default', 'provider:segmentation_id': 174, 'availability_zone_hints': [], 'availability_zones': [], 'ipv4_address_scope': None, 'ipv6_address_scope': None, 'description': '', 'tags': [], 'created_at': '2025-12-01T06:36:25Z', 'updated_at': '2025-12-01T06:36:25Z', 'revision_number': 1} available for tenant
2025-12-01 06:36:33.810 65867 INFO tempest.lib.common.rest_client [req-4bfd0605-8dc6-498f-9233-4b42c557fb41 req-4bfd0605-8dc6-498f-9233-4b42c557fb41 ] Request (VolumesAssistedSnapshotsTest:setUpClass): 200 PUT http://10.180.1.21/networking/v2.0/routers/0e56be74-90b7-4741-ba67-a718e156e283/add_router_interface 3.293s
2025-12-01 06:36:33.811 65867 INFO tempest.lib.common.dynamic_creds [-] Created isolated network resources for: credentials: Credentials: {'domain_id': 'default', 'domain_name': 'Default', 'username': 'tempest-VolumesAssistedSnapshotsTest-699785816-project-member', 'project_domain_id': 'default', 'project_domain_name': 'Default', 'project_id': '570bc96419ea400e9f7bd8fbe93a4e93', 'project_name': 'tempest-VolumesAssistedSnapshotsTest-699785816', 'tenant_id': '570bc96419ea400e9f7bd8fbe93a4e93', 'tenant_name': 'tempest-VolumesAssistedSnapshotsTest-699785816', 'user_domain_id': 'default', 'user_domain_name': 'Default', 'user_id': '27594d02ffec454ba8c3eeac7b800dda', 'system': None}, Network: {'id': '28a4230b-8ab2-4455-aa8b-d0046c185096', 'name': 'tempest-VolumesAssistedSnapshotsTest-1148959166-network', 'tenant_id': '570bc96419ea400e9f7bd8fbe93a4e93', 'project_id': '570bc96419ea400e9f7bd8fbe93a4e93', 'admin_state_up': True, 'mtu': 8950, 'status': 'ACTIVE', 'subnets': [], 'shared': False, 'port_security_enabled': True, 'router:external': False, 'provider:network_type': 'vlan', 'provider:physical_network': 'default', 'provider:segmentation_id': 823, 'availability_zone_hints': [], 'availability_zones': [], 'ipv4_address_scope': None, 'ipv6_address_scope': None, 'description': '', 'tags': [], 'created_at': '2025-12-01T06:36:26Z', 'updated_at': '2025-12-01T06:36:26Z', 'revision_number': 1}, Subnet: {'id': 'b0cc6c5b-6466-4de4-a4e9-3921c4f82158', 'name': 'tempest-VolumesAssistedSnapshotsTest-1148959166-subnet', 'tenant_id': '570bc96419ea400e9f7bd8fbe93a4e93', 'network_id': '28a4230b-8ab2-4455-aa8b-d0046c185096', 'ip_version': 4, 'subnetpool_id': None, 'enable_dhcp': True, 'ipv6_ra_mode': None, 'ipv6_address_mode': None, 'gateway_ip': '192.168.128.1', 'cidr': '192.168.128.0/28', 'allocation_pools': [{'start': '192.168.128.2', 'end': '192.168.128.14'}], 'host_routes': [], 'dns_nameservers': [], 'description': '', 'router:external': False, 'service_types': [], 'tags': [], 'created_at': '2025-12-01T06:36:27Z', 'updated_at': '2025-12-01T06:36:27Z', 'revision_number': 0, 'project_id': '570bc96419ea400e9f7bd8fbe93a4e93'}, Router: {'id': '0e56be74-90b7-4741-ba67-a718e156e283', 'name': 'tempest-VolumesAssistedSnapshotsTest-1148959166-router', 'tenant_id': '570bc96419ea400e9f7bd8fbe93a4e93', 'admin_state_up': True, 'status': 'ACTIVE', 'external_gateway_info': {'network_id': 'da0d9792-bc8f-4a91-8490-8c72fa9a6a39', 'external_fixed_ips': [{'subnet_id': 'b85f7174-9c56-4f87-a28e-1a78c845abcf', 'ip_address': '10.180.180.218'}], 'enable_snat': True}, 'description': '', 'availability_zones': [], 'distributed': False, 'ha': False, 'availability_zone_hints': [], 'routes': [], 'flavor_id': None, 'tags': [], 'created_at': '2025-12-01T06:36:29Z', 'updated_at': '2025-12-01T06:36:30Z', 'revision_number': 2, 'project_id': '570bc96419ea400e9f7bd8fbe93a4e93'}
2025-12-01 06:36:33.884 65867 INFO tempest.lib.common.rest_client [req-eda80a32-7cc4-4c8d-9481-de2aeb4b9085 req-eda80a32-7cc4-4c8d-9481-de2aeb4b9085 ] Request (VolumesAssistedSnapshotsTest:setUpClass): 201 POST http://10.180.1.21/identity/v3/auth/tokens 0.066s
2025-12-01 06:36:33.891 65845 INFO tempest.lib.common.rest_client [req-055dbad1-c6fd-4800-9f3d-737280aa36a4 req-055dbad1-c6fd-4800-9f3d-737280aa36a4 ] Request (AZAdminV2TestJSON:tearDownClass): 200 GET http://10.180.1.21/networking/v2.0/security-groups?tenant_id=544a386ac52f4f7495f19e8345196a59&name=default 2.588s
2025-12-01 06:36:33.936 65867 INFO tempest.lib.common.rest_client [req-63f2c50d-c3f6-49d1-b011-bc342c705ef0 req-63f2c50d-c3f6-49d1-b011-bc342c705ef0 ] Request (VolumesAssistedSnapshotsTest:setUpClass): 201 POST http://10.180.1.21/identity/v3/projects 0.051s
2025-12-01 06:36:33.951 65863 INFO tempest.lib.common.rest_client [req-18cf9bc6-afa9-4320-bd0e-75955f37e54e req-18cf9bc6-afa9-4320-bd0e-75955f37e54e ] Request (QuotasSecurityGroupAdminNegativeTest:tearDownClass): 204 DELETE http://10.180.1.21/networking/v2.0/security-groups/6def8258-eab2-4627-94a8-6ecd5442cc62 2.155s
2025-12-01 06:36:33.975 65897 INFO tempest.lib.common.rest_client [req-5a6ff689-7950-4d03-9af6-2ed5a611f2d8 req-5a6ff689-7950-4d03-9af6-2ed5a611f2d8 ] Request (TenantUsagesNegativeTestJSON:tearDownClass): 204 DELETE http://10.180.1.21/networking/v2.0/security-groups/00a9ade1-bc9d-4251-99e0-5f8d2dd66b06 2.140s
2025-12-01 06:36:33.994 65867 INFO tempest.lib.common.rest_client [req-c3d7eee6-4ec6-4bc4-98e9-e5b2e6685564 req-c3d7eee6-4ec6-4bc4-98e9-e5b2e6685564 ] Request (VolumesAssistedSnapshotsTest:setUpClass): 201 POST http://10.180.1.21/identity/v3/users 0.057s
2025-12-01 06:36:34.052 65863 INFO tempest.lib.common.rest_client [req-742851fe-a8d5-4049-9576-577b01dbb2e3 req-742851fe-a8d5-4049-9576-577b01dbb2e3 ] Request (QuotasSecurityGroupAdminNegativeTest:tearDownClass): 204 DELETE http://10.180.1.21/identity/v3/projects/afc56f6a638e4048bf7747e5464a55ca 0.100s
2025-12-01 06:36:34.053 65863 INFO tempest.lib.common.dynamic_creds [-] Deleting project and security group for project: 99d59e90bf1e4e5aa7d687c0e83dc814
2025-12-01 06:36:34.061 65897 INFO tempest.lib.common.rest_client [req-100069c4-b6a1-4228-a176-38ff92d9cf94 req-100069c4-b6a1-4228-a176-38ff92d9cf94 ] Request (TenantUsagesNegativeTestJSON:tearDownClass): 204 DELETE http://10.180.1.21/identity/v3/projects/ab7e0b0dd6c94ffe880d8d0d97a69653 0.084s
2025-12-01 06:36:34.061 65897 INFO tempest.lib.common.dynamic_creds [-] Deleting project and security group for project: fa59ce6ae9194ec9b6d9df9e15e6cb9b
2025-12-01 06:36:34.084 65841 INFO tempest.lib.common.rest_client [req-df7e05fd-dcf6-4b68-9732-b5e05e85750d req-df7e05fd-dcf6-4b68-9732-b5e05e85750d ] Request (HypervisorAdminV228Test:tearDownClass): 204 DELETE http://10.180.1.21/networking/v2.0/security-groups/95251ea2-2792-484d-b03e-521ffb317beb 1.334s
2025-12-01 06:36:34.133 65867 INFO tempest.lib.common.rest_client [req-a0f1992e-a7b5-4b5e-84a9-cdad523a3cd4 req-a0f1992e-a7b5-4b5e-84a9-cdad523a3cd4 ] Request (VolumesAssistedSnapshotsTest:setUpClass): 200 GET http://10.180.1.21/identity/v3/roles 0.138s
2025-12-01 06:36:34.139 65837 INFO tempest.lib.common.rest_client [req-97c0620d-b757-4377-bd9d-25f53fe132ce req-97c0620d-b757-4377-bd9d-25f53fe132ce ] Request (ServersAdminTestJSON:setUpClass): 201 POST http://10.180.1.21/networking/v2.0/networks 2.059s
2025-12-01 06:36:34.168 65835 INFO tempest.lib.common.rest_client [req-8b90caa4-d7cb-420c-a31d-e45fdaffb3fe req-8b90caa4-d7cb-420c-a31d-e45fdaffb3fe ] Request (FlavorsAdminTestJSON:tearDownClass): 204 DELETE http://10.180.1.21/networking/v2.0/security-groups/60e163b4-dba0-4ef4-9ef5-3d3de850c294 1.317s
2025-12-01 06:36:34.171 65867 INFO tempest.lib.common.rest_client [req-2902222c-ba89-43c5-8308-402c4f603d68 req-2902222c-ba89-43c5-8308-402c4f603d68 ] Request (VolumesAssistedSnapshotsTest:setUpClass): 204 PUT http://10.180.1.21/identity/v3/projects/9b724ffbc35a461e98811d1fba01d497/users/10ac6da579eb4b1d97b5ae842fe3ac6f/roles/0e2aab8a27b447a9bc67c1252ca13f29 0.037s
2025-12-01 06:36:34.185 65841 INFO tempest.lib.common.rest_client [req-827b38b7-b93f-4039-a310-545587dfe7fe req-827b38b7-b93f-4039-a310-545587dfe7fe ] Request (HypervisorAdminV228Test:tearDownClass): 204 DELETE http://10.180.1.21/identity/v3/projects/82f0a3786918425fbe7c3edef3d1dbc1 0.100s
2025-12-01 06:36:34.237 65875 INFO tempest.lib.common.rest_client [req-5c4eb189-750d-4c29-be15-267d815c7fd1 req-5c4eb189-750d-4c29-be15-267d815c7fd1 ] Request (AZAdminNegativeTestJSON:tearDownClass): 204 DELETE http://10.180.1.21/networking/v2.0/security-groups/552fd86f-96f8-493a-8dad-92d7e5d1ab63 1.199s
2025-12-01 06:36:34.259 65867 INFO tempest.lib.common.rest_client [req-9fa89f31-51bb-47a3-bfc6-f53c77761200 req-9fa89f31-51bb-47a3-bfc6-f53c77761200 ] Request (VolumesAssistedSnapshotsTest:setUpClass): 200 GET http://10.180.1.21/identity/v3/roles 0.088s
2025-12-01 06:36:34.289 65835 INFO tempest.lib.common.rest_client [req-a5b47f30-bdad-4c1b-9ed4-eef237ce8704 req-a5b47f30-bdad-4c1b-9ed4-eef237ce8704 ] Request (FlavorsAdminTestJSON:tearDownClass): 204 DELETE http://10.180.1.21/identity/v3/projects/c606d2ab2fc948b98954e2dfaed02fa3 0.120s
2025-12-01 06:36:34.318 65841 INFO tempest.lib.common.rest_client [req-08c1e362-09d0-4a78-aedd-bceaf520ba6a req-08c1e362-09d0-4a78-aedd-bceaf520ba6a ] Request (ServicesAdminNegativeV253TestJSON:setUpClass): 201 POST http://10.180.1.21/identity/v3/auth/tokens 0.130s
2025-12-01 06:36:34.336 65867 INFO tempest.lib.common.rest_client [req-155b1018-2025-4a37-957c-d2b56628199b req-155b1018-2025-4a37-957c-d2b56628199b ] Request (VolumesAssistedSnapshotsTest:setUpClass): 204 PUT http://10.180.1.21/identity/v3/projects/9b724ffbc35a461e98811d1fba01d497/users/10ac6da579eb4b1d97b5ae842fe3ac6f/roles/0e2aab8a27b447a9bc67c1252ca13f29 0.076s
2025-12-01 06:36:34.337 65867 INFO tempest.lib.common.dynamic_creds [-] Dynamic test user 10ac6da579eb4b1d97b5ae842fe3ac6f is created with scope project and roles: ['admin']
2025-12-01 06:36:34.337 65867 INFO tempest.lib.common.dynamic_creds [-] Acquired dynamic creds: credentials: Credentials: {'domain_id': 'default', 'domain_name': 'Default', 'username': 'tempest-VolumesAssistedSnapshotsTest-1061676367-project-admin', 'project_domain_id': 'default', 'project_domain_name': 'Default', 'project_id': '9b724ffbc35a461e98811d1fba01d497', 'project_name': 'tempest-VolumesAssistedSnapshotsTest-1061676367', 'tenant_id': '9b724ffbc35a461e98811d1fba01d497', 'tenant_name': 'tempest-VolumesAssistedSnapshotsTest-1061676367', 'user_domain_id': 'default', 'user_domain_name': 'Default', 'user_id': '10ac6da579eb4b1d97b5ae842fe3ac6f', 'system': None}, Network: None, Subnet: None, Router: None
2025-12-01 06:36:34.384 65869 INFO tempest.lib.common.rest_client [req-48bc296b-78a0-4572-8d1f-f7829f2635ba req-48bc296b-78a0-4572-8d1f-f7829f2635ba ] Request (ServersWithSpecificFlavorTestJSON:setUpClass): 201 POST http://10.180.1.21/networking/v2.0/networks 1.182s
2025-12-01 06:36:34.417 65835 INFO tempest.lib.common.rest_client [req-003edeca-d9d8-4611-9c2f-4b9126efe430 req-003edeca-d9d8-4611-9c2f-4b9126efe430 ] Request (QuotasAdminTestV257:setUpClass): 201 POST http://10.180.1.21/identity/v3/auth/tokens 0.127s
2025-12-01 06:36:34.464 65875 INFO tempest.lib.common.rest_client [req-7d5b092f-fe8b-4688-84bc-01afacdc9fa6 req-7d5b092f-fe8b-4688-84bc-01afacdc9fa6 ] Request (AZAdminNegativeTestJSON:tearDownClass): 204 DELETE http://10.180.1.21/identity/v3/projects/83d60c9a1e8f43a391273facc94d6dee 0.226s
2025-12-01 06:36:34.464 65875 INFO tempest.lib.common.dynamic_creds [-] Deleting project and security group for project: afd767716778452297920a41a7755eb5
2025-12-01 06:36:34.491 65845 INFO tempest.lib.common.rest_client [req-dfbbfadd-8eeb-4f8f-a10e-2e122c465d81 req-dfbbfadd-8eeb-4f8f-a10e-2e122c465d81 ] Request (AZAdminV2TestJSON:tearDownClass): 204 DELETE http://10.180.1.21/networking/v2.0/security-groups/51b6fd55-2218-47a7-8d7d-1c94a9c100c5 0.599s
2025-12-01 06:36:34.495 65841 INFO tempest.lib.common.rest_client [req-768efb17-ee8f-4d27-8268-fad18d0a7e81 req-768efb17-ee8f-4d27-8268-fad18d0a7e81 ] Request (ServicesAdminNegativeV253TestJSON:setUpClass): 201 POST http://10.180.1.21/identity/v3/auth/tokens 0.173s
2025-12-01 06:36:34.526 65835 INFO tempest.lib.common.rest_client [req-3c16f72a-6510-45b1-aa34-788d6a2a3441 req-3c16f72a-6510-45b1-aa34-788d6a2a3441 ] Request (QuotasAdminTestV257:setUpClass): 201 POST http://10.180.1.21/identity/v3/auth/tokens 0.105s
2025-12-01 06:36:34.548 65845 INFO tempest.lib.common.rest_client [req-b5913067-e26f-4348-bbff-8b5d1f006671 req-b5913067-e26f-4348-bbff-8b5d1f006671 ] Request (AZAdminV2TestJSON:tearDownClass): 204 DELETE http://10.180.1.21/identity/v3/projects/544a386ac52f4f7495f19e8345196a59 0.057s
2025-12-01 06:36:34.548 65845 INFO tempest.lib.common.dynamic_creds [-] Deleting project and security group for project: f820128dc5df436e82f3aa6f4b07bdaf
2025-12-01 06:36:34.584 65841 INFO tempest.lib.common.rest_client [req-eff12aa8-ae32-4f7c-af5a-438949b42fdb req-eff12aa8-ae32-4f7c-af5a-438949b42fdb ] Request (ServicesAdminNegativeV253TestJSON:setUpClass): 200 GET http://10.180.1.21/identity/v3/domains?name=Default 0.088s
2025-12-01 06:36:34.606 65835 INFO tempest.lib.common.rest_client [req-e212933f-8ba1-41ba-957d-c2790d6531b5 req-e212933f-8ba1-41ba-957d-c2790d6531b5 ] Request (QuotasAdminTestV257:setUpClass): 200 GET http://10.180.1.21/identity/v3/domains?name=Default 0.080s
2025-12-01 06:36:34.634 65841 INFO tempest.lib.common.rest_client [req-136620b2-5bde-4236-b0e9-7e187d949298 req-136620b2-5bde-4236-b0e9-7e187d949298 ] Request (ServicesAdminNegativeV253TestJSON:setUpClass): 201 POST http://10.180.1.21/identity/v3/projects 0.049s
2025-12-01 06:36:34.640 65835 INFO tempest.lib.common.rest_client [req-1d12746d-cfb5-4361-9deb-c67a95785e7c req-1d12746d-cfb5-4361-9deb-c67a95785e7c ] Request (QuotasAdminTestV257:setUpClass): 201 POST http://10.180.1.21/identity/v3/projects 0.033s
2025-12-01 06:36:34.671 65863 INFO tempest.lib.common.rest_client [req-6473b738-5afc-48ea-b324-549cdeb5d33e req-6473b738-5afc-48ea-b324-549cdeb5d33e ] Request (QuotasSecurityGroupAdminNegativeTest:tearDownClass): 200 GET http://10.180.1.21/networking/v2.0/security-groups?tenant_id=99d59e90bf1e4e5aa7d687c0e83dc814&name=default 0.618s
2025-12-01 06:36:34.715 65841 INFO tempest.lib.common.rest_client [req-e65454f2-3c49-4a16-868a-4cf90ed87bd2 req-e65454f2-3c49-4a16-868a-4cf90ed87bd2 ] Request (ServicesAdminNegativeV253TestJSON:setUpClass): 201 POST http://10.180.1.21/identity/v3/users 0.080s
2025-12-01 06:36:34.715 65835 INFO tempest.lib.common.rest_client [req-a04911df-b9f2-4a01-939a-d224d0f69cd6 req-a04911df-b9f2-4a01-939a-d224d0f69cd6 ] Request (QuotasAdminTestV257:setUpClass): 201 POST http://10.180.1.21/identity/v3/users 0.071s
2025-12-01 06:36:34.734 65841 INFO tempest.lib.common.rest_client [req-77783a22-d9a3-466c-a192-aeecf8e10e24 req-77783a22-d9a3-466c-a192-aeecf8e10e24 ] Request (ServicesAdminNegativeV253TestJSON:setUpClass): 200 GET http://10.180.1.21/identity/v3/roles 0.019s
2025-12-01 06:36:34.735 65835 INFO tempest.lib.common.rest_client [req-799a3b5e-04ea-4421-b929-2162fb720d9e req-799a3b5e-04ea-4421-b929-2162fb720d9e ] Request (QuotasAdminTestV257:setUpClass): 200 GET http://10.180.1.21/identity/v3/roles 0.020s
2025-12-01 06:36:34.759 65897 INFO tempest.lib.common.rest_client [req-61b2a704-a7ba-42c8-ab5b-072f23fd08fe req-61b2a704-a7ba-42c8-ab5b-072f23fd08fe ] Request (TenantUsagesNegativeTestJSON:tearDownClass): 200 GET http://10.180.1.21/networking/v2.0/security-groups?tenant_id=fa59ce6ae9194ec9b6d9df9e15e6cb9b&name=default 0.697s
2025-12-01 06:36:34.760 65841 INFO tempest.lib.common.rest_client [req-fff94f42-e91f-49db-a150-2e2c83e165ee req-fff94f42-e91f-49db-a150-2e2c83e165ee ] Request (ServicesAdminNegativeV253TestJSON:setUpClass): 204 PUT http://10.180.1.21/identity/v3/projects/ab369d50a6e342f79257ded76ac290cd/users/c1dd93c9a40c4b97a2991bef172a0011/roles/dde0a18b4b564027a72418980ba0ee63 0.025s
2025-12-01 06:36:34.761 65841 INFO tempest.lib.common.dynamic_creds [-] Dynamic test user c1dd93c9a40c4b97a2991bef172a0011 is created with scope project and roles: ['member']
2025-12-01 06:36:34.761 65841 INFO tempest.lib.common.dynamic_creds [-] Acquired dynamic creds: credentials: Credentials: {'domain_id': 'default', 'domain_name': 'Default', 'username': 'tempest-ServicesAdminNegativeV253TestJSON-176730819-project-member', 'project_domain_id': 'default', 'project_domain_name': 'Default', 'project_id': 'ab369d50a6e342f79257ded76ac290cd', 'project_name': 'tempest-ServicesAdminNegativeV253TestJSON-176730819', 'tenant_id': 'ab369d50a6e342f79257ded76ac290cd', 'tenant_name': 'tempest-ServicesAdminNegativeV253TestJSON-176730819', 'user_domain_id': 'default', 'user_domain_name': 'Default', 'user_id': 'c1dd93c9a40c4b97a2991bef172a0011', 'system': None}, Network: None, Subnet: None, Router: None
2025-12-01 06:36:34.761 65841 INFO tempest.lib.common.dynamic_creds [-] Created isolated network resources for: credentials: Credentials: {'domain_id': 'default', 'domain_name': 'Default', 'username': 'tempest-ServicesAdminNegativeV253TestJSON-176730819-project-member', 'project_domain_id': 'default', 'project_domain_name': 'Default', 'project_id': 'ab369d50a6e342f79257ded76ac290cd', 'project_name': 'tempest-ServicesAdminNegativeV253TestJSON-176730819', 'tenant_id': 'ab369d50a6e342f79257ded76ac290cd', 'tenant_name': 'tempest-ServicesAdminNegativeV253TestJSON-176730819', 'user_domain_id': 'default', 'user_domain_name': 'Default', 'user_id': 'c1dd93c9a40c4b97a2991bef172a0011', 'system': None}, Network: None, Subnet: None, Router: None
2025-12-01 06:36:34.762 65835 INFO tempest.lib.common.rest_client [req-73022df0-09cc-46e0-8990-28f4ea68502c req-73022df0-09cc-46e0-8990-28f4ea68502c ] Request (QuotasAdminTestV257:setUpClass): 204 PUT http://10.180.1.21/identity/v3/projects/e15fe25a67bb4a448d8e375b669aeb05/users/ef33f01285674b8e9401643c520810d6/roles/dde0a18b4b564027a72418980ba0ee63 0.026s
2025-12-01 06:36:34.762 65835 INFO tempest.lib.common.dynamic_creds [-] Dynamic test user ef33f01285674b8e9401643c520810d6 is created with scope project and roles: ['member']
2025-12-01 06:36:34.762 65835 INFO tempest.lib.common.dynamic_creds [-] Acquired dynamic creds: credentials: Credentials: {'domain_id': 'default', 'domain_name': 'Default', 'username': 'tempest-QuotasAdminTestV257-718098284-project-member', 'project_domain_id': 'default', 'project_domain_name': 'Default', 'project_id': 'e15fe25a67bb4a448d8e375b669aeb05', 'project_name': 'tempest-QuotasAdminTestV257-718098284', 'tenant_id': 'e15fe25a67bb4a448d8e375b669aeb05', 'tenant_name': 'tempest-QuotasAdminTestV257-718098284', 'user_domain_id': 'default', 'user_domain_name': 'Default', 'user_id': 'ef33f01285674b8e9401643c520810d6', 'system': None}, Network: None, Subnet: None, Router: None
2025-12-01 06:36:34.762 65835 INFO tempest.lib.common.dynamic_creds [-] Created isolated network resources for: credentials: Credentials: {'domain_id': 'default', 'domain_name': 'Default', 'username': 'tempest-QuotasAdminTestV257-718098284-project-member', 'project_domain_id': 'default', 'project_domain_name': 'Default', 'project_id': 'e15fe25a67bb4a448d8e375b669aeb05', 'project_name': 'tempest-QuotasAdminTestV257-718098284', 'tenant_id': 'e15fe25a67bb4a448d8e375b669aeb05', 'tenant_name': 'tempest-QuotasAdminTestV257-718098284', 'user_domain_id': 'default', 'user_domain_name': 'Default', 'user_id': 'ef33f01285674b8e9401643c520810d6', 'system': None}, Network: None, Subnet: None, Router: None
2025-12-01 06:36:34.832 65841 INFO tempest.lib.common.rest_client [req-bea2ed11-977a-4e08-9301-782126fe4c20 req-bea2ed11-977a-4e08-9301-782126fe4c20 ] Request (ServicesAdminNegativeV253TestJSON:setUpClass): 201 POST http://10.180.1.21/identity/v3/auth/tokens 0.068s
2025-12-01 06:36:34.834 65835 INFO tempest.lib.common.rest_client [req-1670bae0-409a-455f-b639-318c928f5091 req-1670bae0-409a-455f-b639-318c928f5091 ] Request (QuotasAdminTestV257:setUpClass): 201 POST http://10.180.1.21/identity/v3/auth/tokens 0.068s
2025-12-01 06:36:34.901 65835 INFO tempest.lib.common.rest_client [req-7736f2c5-8de9-4b2c-bcb0-793ba628bd15 req-7736f2c5-8de9-4b2c-bcb0-793ba628bd15 ] Request (QuotasAdminTestV257:setUpClass): 201 POST http://10.180.1.21/identity/v3/projects 0.066s
2025-12-01 06:36:34.912 65841 INFO tempest.lib.common.rest_client [req-0789e890-60b5-41f2-85c5-c30c7aeaff7c req-0789e890-60b5-41f2-85c5-c30c7aeaff7c ] Request (ServicesAdminNegativeV253TestJSON:setUpClass): 201 POST http://10.180.1.21/identity/v3/projects 0.079s
2025-12-01 06:36:34.922 65837 INFO tempest.lib.common.rest_client [req-984b2803-916e-47d1-baf2-5f0394bbedb5 req-984b2803-916e-47d1-baf2-5f0394bbedb5 ] Request (ServersAdminTestJSON:setUpClass): 201 POST http://10.180.1.21/networking/v2.0/subnets 0.782s
2025-12-01 06:36:34.967 65841 INFO tempest.lib.common.rest_client [req-3485fbd9-00cc-468f-9248-f8ae88873e26 req-3485fbd9-00cc-468f-9248-f8ae88873e26 ] Request (ServicesAdminNegativeV253TestJSON:setUpClass): 201 POST http://10.180.1.21/identity/v3/users 0.055s
2025-12-01 06:36:34.989 65841 INFO tempest.lib.common.rest_client [req-d4d4e4ea-3f83-49dc-947a-407c33ef341c req-d4d4e4ea-3f83-49dc-947a-407c33ef341c ] Request (ServicesAdminNegativeV253TestJSON:setUpClass): 200 GET http://10.180.1.21/identity/v3/roles 0.021s
2025-12-01 06:36:34.996 65835 INFO tempest.lib.common.rest_client [req-35f43164-6e3e-4d60-8bf5-73c87db4c547 req-35f43164-6e3e-4d60-8bf5-73c87db4c547 ] Request (QuotasAdminTestV257:setUpClass): 201 POST http://10.180.1.21/identity/v3/users 0.094s
2025-12-01 06:36:35.015 65841 INFO tempest.lib.common.rest_client [req-f1cc39ff-6eca-4632-b9c7-86426b03bd62 req-f1cc39ff-6eca-4632-b9c7-86426b03bd62 ] Request (ServicesAdminNegativeV253TestJSON:setUpClass): 204 PUT http://10.180.1.21/identity/v3/projects/00805efc660e455bb61e3326ff3645ba/users/ba490298147042efac3d3c042070a16b/roles/0e2aab8a27b447a9bc67c1252ca13f29 0.026s
2025-12-01 06:36:35.020 65835 INFO tempest.lib.common.rest_client [req-11de241e-c57d-4338-9a74-25f5cf1c811f req-11de241e-c57d-4338-9a74-25f5cf1c811f ] Request (QuotasAdminTestV257:setUpClass): 200 GET http://10.180.1.21/identity/v3/roles 0.024s
2025-12-01 06:36:35.070 65841 INFO tempest.lib.common.rest_client [req-97c80975-928b-4d21-9bb0-84ddfe214eff req-97c80975-928b-4d21-9bb0-84ddfe214eff ] Request (ServicesAdminNegativeV253TestJSON:setUpClass): 200 GET http://10.180.1.21/identity/v3/roles 0.055s
2025-12-01 06:36:35.079 65835 INFO tempest.lib.common.rest_client [req-cf855eec-9ba8-4aa0-8e87-e8c853c9605f req-cf855eec-9ba8-4aa0-8e87-e8c853c9605f ] Request (QuotasAdminTestV257:setUpClass): 204 PUT http://10.180.1.21/identity/v3/projects/e2115ad223274369aca021995fd0a838/users/760ce899ae384b09b12eabfa59e711af/roles/0e2aab8a27b447a9bc67c1252ca13f29 0.058s
2025-12-01 06:36:35.096 65867 INFO tempest.lib.common.rest_client [req-f915335e-6dcc-4163-8372-94500bd40cdf req-f915335e-6dcc-4163-8372-94500bd40cdf ] Request (VolumesAssistedSnapshotsTest:setUpClass): 201 POST http://10.180.1.21/networking/v2.0/networks 0.759s
2025-12-01 06:36:35.133 65835 INFO tempest.lib.common.rest_client [req-75f8f7b5-51b5-4430-9e1f-22190ac07e5a req-75f8f7b5-51b5-4430-9e1f-22190ac07e5a ] Request (QuotasAdminTestV257:setUpClass): 200 GET http://10.180.1.21/identity/v3/roles 0.054s
2025-12-01 06:36:35.144 65841 INFO tempest.lib.common.rest_client [req-939dee4e-a874-4541-8a3c-4dc9d7698de1 req-939dee4e-a874-4541-8a3c-4dc9d7698de1 ] Request (ServicesAdminNegativeV253TestJSON:setUpClass): 204 PUT http://10.180.1.21/identity/v3/projects/00805efc660e455bb61e3326ff3645ba/users/ba490298147042efac3d3c042070a16b/roles/0e2aab8a27b447a9bc67c1252ca13f29 0.073s
2025-12-01 06:36:35.145 65841 INFO tempest.lib.common.dynamic_creds [-] Dynamic test user ba490298147042efac3d3c042070a16b is created with scope project and roles: ['admin']
2025-12-01 06:36:35.145 65841 INFO tempest.lib.common.dynamic_creds [-] Acquired dynamic creds: credentials: Credentials: {'domain_id': 'default', 'domain_name': 'Default', 'username': 'tempest-ServicesAdminNegativeV253TestJSON-427902217-project-admin', 'project_domain_id': 'default', 'project_domain_name': 'Default', 'project_id': '00805efc660e455bb61e3326ff3645ba', 'project_name': 'tempest-ServicesAdminNegativeV253TestJSON-427902217', 'tenant_id': '00805efc660e455bb61e3326ff3645ba', 'tenant_name': 'tempest-ServicesAdminNegativeV253TestJSON-427902217', 'user_domain_id': 'default', 'user_domain_name': 'Default', 'user_id': 'ba490298147042efac3d3c042070a16b', 'system': None}, Network: None, Subnet: None, Router: None
2025-12-01 06:36:35.145 65869 INFO tempest.lib.common.rest_client [req-201375b1-3a43-4bc0-b33a-5aec82d7c706 req-201375b1-3a43-4bc0-b33a-5aec82d7c706 ] Request (ServersWithSpecificFlavorTestJSON:setUpClass): 201 POST http://10.180.1.21/networking/v2.0/subnets 0.761s
2025-12-01 06:36:35.145 65841 INFO tempest.lib.common.dynamic_creds [-] Created isolated network resources for: credentials: Credentials: {'domain_id': 'default', 'domain_name': 'Default', 'username': 'tempest-ServicesAdminNegativeV253TestJSON-427902217-project-admin', 'project_domain_id': 'default', 'project_domain_name': 'Default', 'project_id': '00805efc660e455bb61e3326ff3645ba', 'project_name': 'tempest-ServicesAdminNegativeV253TestJSON-427902217', 'tenant_id': '00805efc660e455bb61e3326ff3645ba', 'tenant_name': 'tempest-ServicesAdminNegativeV253TestJSON-427902217', 'user_domain_id': 'default', 'user_domain_name': 'Default', 'user_id': 'ba490298147042efac3d3c042070a16b', 'system': None}, Network: None, Subnet: None, Router: None
2025-12-01 06:36:35.191 65835 INFO tempest.lib.common.rest_client [req-50e1a331-65d2-4659-824c-582644ea531c req-50e1a331-65d2-4659-824c-582644ea531c ] Request (QuotasAdminTestV257:setUpClass): 204 PUT http://10.180.1.21/identity/v3/projects/e2115ad223274369aca021995fd0a838/users/760ce899ae384b09b12eabfa59e711af/roles/0e2aab8a27b447a9bc67c1252ca13f29 0.057s
2025-12-01 06:36:35.191 65835 INFO tempest.lib.common.dynamic_creds [-] Dynamic test user 760ce899ae384b09b12eabfa59e711af is created with scope project and roles: ['admin']
2025-12-01 06:36:35.191 65835 INFO tempest.lib.common.dynamic_creds [-] Acquired dynamic creds: credentials: Credentials: {'domain_id': 'default', 'domain_name': 'Default', 'username': 'tempest-QuotasAdminTestV257-314235752-project-admin', 'project_domain_id': 'default', 'project_domain_name': 'Default', 'project_id': 'e2115ad223274369aca021995fd0a838', 'project_name': 'tempest-QuotasAdminTestV257-314235752', 'tenant_id': 'e2115ad223274369aca021995fd0a838', 'tenant_name': 'tempest-QuotasAdminTestV257-314235752', 'user_domain_id': 'default', 'user_domain_name': 'Default', 'user_id': '760ce899ae384b09b12eabfa59e711af', 'system': None}, Network: None, Subnet: None, Router: None
2025-12-01 06:36:35.191 65835 INFO tempest.lib.common.dynamic_creds [-] Created isolated network resources for: credentials: Credentials: {'domain_id': 'default', 'domain_name': 'Default', 'username': 'tempest-QuotasAdminTestV257-314235752-project-admin', 'project_domain_id': 'default', 'project_domain_name': 'Default', 'project_id': 'e2115ad223274369aca021995fd0a838', 'project_name': 'tempest-QuotasAdminTestV257-314235752', 'tenant_id': 'e2115ad223274369aca021995fd0a838', 'tenant_name': 'tempest-QuotasAdminTestV257-314235752', 'user_domain_id': 'default', 'user_domain_name': 'Default', 'user_id': '760ce899ae384b09b12eabfa59e711af', 'system': None}, Network: None, Subnet: None, Router: None
2025-12-01 06:36:35.218 65875 INFO tempest.lib.common.rest_client [req-26a0c5fb-1a4f-41f4-a1cd-27b9e94d3666 req-26a0c5fb-1a4f-41f4-a1cd-27b9e94d3666 ] Request (AZAdminNegativeTestJSON:tearDownClass): 200 GET http://10.180.1.21/networking/v2.0/security-groups?tenant_id=afd767716778452297920a41a7755eb5&name=default 0.754s
2025-12-01 06:36:35.231 65841 INFO tempest.lib.common.rest_client [req-ad68a4a3-16e4-4a53-8b04-d0cea160a855 req-ad68a4a3-16e4-4a53-8b04-d0cea160a855 ] Request (ServicesAdminNegativeV253TestJSON:setUpClass): 201 POST http://10.180.1.21/identity/v3/auth/tokens 0.081s
2025-12-01 06:36:35.247 65845 INFO tempest.lib.common.rest_client [req-b085e4ce-db7a-47a9-945c-55081cb48e0c req-b085e4ce-db7a-47a9-945c-55081cb48e0c ] Request (AZAdminV2TestJSON:tearDownClass): 200 GET http://10.180.1.21/networking/v2.0/security-groups?tenant_id=f820128dc5df436e82f3aa6f4b07bdaf&name=default 0.698s
2025-12-01 06:36:35.270 65835 INFO tempest.lib.common.rest_client [req-41a90d33-45a0-4d79-96ec-a28f11670d69 req-41a90d33-45a0-4d79-96ec-a28f11670d69 ] Request (QuotasAdminTestV257:setUpClass): 201 POST http://10.180.1.21/identity/v3/auth/tokens 0.076s
2025-12-01 06:36:35.271 65835 WARNING tempest.lib.common.rest_client [-] Deprecated: "tenant_id" property is deprecated for removal, use "project_id" instead
2025-12-01 06:36:35.304 65863 INFO tempest.lib.common.rest_client [req-2660e3f9-94f3-4d8a-aef1-1bc64dc2bf8a req-2660e3f9-94f3-4d8a-aef1-1bc64dc2bf8a ] Request (QuotasSecurityGroupAdminNegativeTest:tearDownClass): 204 DELETE http://10.180.1.21/networking/v2.0/security-groups/292e2d43-ec07-47dd-a642-aaa0eaf2d26c 0.633s
2025-12-01 06:36:35.317 65897 INFO tempest.lib.common.rest_client [req-be433419-7be2-4e61-853e-c8a7e3d011f3 req-be433419-7be2-4e61-853e-c8a7e3d011f3 ] Request (TenantUsagesNegativeTestJSON:tearDownClass): 204 DELETE http://10.180.1.21/networking/v2.0/security-groups/1ea4daf5-af21-4943-a7a4-a5592f9af894 0.558s
2025-12-01 06:36:35.434 65897 INFO tempest.lib.common.rest_client [req-0e998945-1090-4deb-949c-836c171ebb6a req-0e998945-1090-4deb-949c-836c171ebb6a ] Request (TenantUsagesNegativeTestJSON:tearDownClass): 204 DELETE http://10.180.1.21/identity/v3/projects/fa59ce6ae9194ec9b6d9df9e15e6cb9b 0.116s
2025-12-01 06:36:35.434 65863 INFO tempest.lib.common.rest_client [req-04ffeed2-c7a1-4f22-82a2-dbcf3d6173b9 req-04ffeed2-c7a1-4f22-82a2-dbcf3d6173b9 ] Request (QuotasSecurityGroupAdminNegativeTest:tearDownClass): 204 DELETE http://10.180.1.21/identity/v3/projects/99d59e90bf1e4e5aa7d687c0e83dc814 0.129s
2025-12-01 06:36:35.498 65897 INFO tempest.lib.common.rest_client [req-9815b68d-47b1-48ff-b545-0921562b7ca9 req-9815b68d-47b1-48ff-b545-0921562b7ca9 ] Request (ImagesDeleteNegativeTestJSON:setUpClass): 201 POST http://10.180.1.21/identity/v3/auth/tokens 0.062s
2025-12-01 06:36:35.499 65863 INFO tempest.lib.common.rest_client [req-4c3d1776-8c4b-483c-a4a4-de1736fe5bc8 req-4c3d1776-8c4b-483c-a4a4-de1736fe5bc8 ] Request (SecurityGroupsTestAdminJSON:setUpClass): 201 POST http://10.180.1.21/identity/v3/auth/tokens 0.063s
2025-12-01 06:36:35.529 65897 INFO tempest.lib.common.rest_client [req-1ed7b10c-aa0b-4d5d-bd9e-31400391c05b req-1ed7b10c-aa0b-4d5d-bd9e-31400391c05b ] Request (ImagesDeleteNegativeTestJSON:setUpClass): 201 POST http://10.180.1.21/identity/v3/auth/tokens 0.027s
2025-12-01 06:36:35.530 65863 INFO tempest.lib.common.rest_client [req-45782d2f-ad3b-48c3-9079-c12e4397a408 req-45782d2f-ad3b-48c3-9079-c12e4397a408 ] Request (SecurityGroupsTestAdminJSON:setUpClass): 201 POST http://10.180.1.21/identity/v3/auth/tokens 0.028s
2025-12-01 06:36:35.547 65867 INFO tempest.lib.common.rest_client [req-cb670949-54fb-48e5-ae27-df1891a2a52d req-cb670949-54fb-48e5-ae27-df1891a2a52d ] Request (VolumesAssistedSnapshotsTest:setUpClass): 201 POST http://10.180.1.21/networking/v2.0/subnets 0.449s
2025-12-01 06:36:35.552 65897 INFO tempest.lib.common.rest_client [req-ff14fe70-d7fe-4bef-bc36-f8907692da76 req-ff14fe70-d7fe-4bef-bc36-f8907692da76 ] Request (ImagesDeleteNegativeTestJSON:setUpClass): 200 GET http://10.180.1.21/identity/v3/domains?name=Default 0.022s
2025-12-01 06:36:35.552 65863 INFO tempest.lib.common.rest_client [req-61c0ea07-a679-418c-9bb1-7132f5216c46 req-61c0ea07-a679-418c-9bb1-7132f5216c46 ] Request (SecurityGroupsTestAdminJSON:setUpClass): 200 GET http://10.180.1.21/identity/v3/domains?name=Default 0.022s
2025-12-01 06:36:35.580 65897 INFO tempest.lib.common.rest_client [req-3f0d351d-bbd2-46e5-a16c-e4c7ed758dc6 req-3f0d351d-bbd2-46e5-a16c-e4c7ed758dc6 ] Request (ImagesDeleteNegativeTestJSON:setUpClass): 201 POST http://10.180.1.21/identity/v3/projects 0.027s
2025-12-01 06:36:35.580 65863 INFO tempest.lib.common.rest_client [req-50265693-f955-4ab6-bf90-e9fc47393bd5 req-50265693-f955-4ab6-bf90-e9fc47393bd5 ] Request (SecurityGroupsTestAdminJSON:setUpClass): 201 POST http://10.180.1.21/identity/v3/projects 0.027s
2025-12-01 06:36:35.640 65863 INFO tempest.lib.common.rest_client [req-63a2ba43-e903-4b04-9947-a15b3c84f7a3 req-63a2ba43-e903-4b04-9947-a15b3c84f7a3 ] Request (SecurityGroupsTestAdminJSON:setUpClass): 201 POST http://10.180.1.21/identity/v3/users 0.058s
2025-12-01 06:36:35.650 65897 INFO tempest.lib.common.rest_client [req-0e53cdd2-de24-40bd-bb57-7029cb30a68e req-0e53cdd2-de24-40bd-bb57-7029cb30a68e ] Request (ImagesDeleteNegativeTestJSON:setUpClass): 201 POST http://10.180.1.21/identity/v3/users 0.069s
2025-12-01 06:36:35.672 65897 INFO tempest.lib.common.rest_client [req-caa04922-a8f4-4824-8bdc-36c99f11614f req-caa04922-a8f4-4824-8bdc-36c99f11614f ] Request (ImagesDeleteNegativeTestJSON:setUpClass): 200 GET http://10.180.1.21/identity/v3/roles 0.022s
2025-12-01 06:36:35.674 65863 INFO tempest.lib.common.rest_client [req-636953f0-6b15-46ec-bad1-46d6f45b7ce3 req-636953f0-6b15-46ec-bad1-46d6f45b7ce3 ] Request (SecurityGroupsTestAdminJSON:setUpClass): 200 GET http://10.180.1.21/identity/v3/roles 0.033s
2025-12-01 06:36:35.702 65897 INFO tempest.lib.common.rest_client [req-e5e8f960-db6a-46ed-b485-80fb8795ff07 req-e5e8f960-db6a-46ed-b485-80fb8795ff07 ] Request (ImagesDeleteNegativeTestJSON:setUpClass): 204 PUT http://10.180.1.21/identity/v3/projects/af243a6505244a628da91c9d16d5dce3/users/e06a67c54f3c41679db317a547b9ccfb/roles/dde0a18b4b564027a72418980ba0ee63 0.029s
2025-12-01 06:36:35.702 65897 INFO tempest.lib.common.dynamic_creds [-] Dynamic test user e06a67c54f3c41679db317a547b9ccfb is created with scope project and roles: ['member']
2025-12-01 06:36:35.703 65897 INFO tempest.lib.common.dynamic_creds [-] Acquired dynamic creds: credentials: Credentials: {'domain_id': 'default', 'domain_name': 'Default', 'username': 'tempest-ImagesDeleteNegativeTestJSON-906049020-project-member', 'project_domain_id': 'default', 'project_domain_name': 'Default', 'project_id': 'af243a6505244a628da91c9d16d5dce3', 'project_name': 'tempest-ImagesDeleteNegativeTestJSON-906049020', 'tenant_id': 'af243a6505244a628da91c9d16d5dce3', 'tenant_name': 'tempest-ImagesDeleteNegativeTestJSON-906049020', 'user_domain_id': 'default', 'user_domain_name': 'Default', 'user_id': 'e06a67c54f3c41679db317a547b9ccfb', 'system': None}, Network: None, Subnet: None, Router: None
2025-12-01 06:36:35.703 65897 INFO tempest.lib.common.dynamic_creds [-] Created isolated network resources for: credentials: Credentials: {'domain_id': 'default', 'domain_name': 'Default', 'username': 'tempest-ImagesDeleteNegativeTestJSON-906049020-project-member', 'project_domain_id': 'default', 'project_domain_name': 'Default', 'project_id': 'af243a6505244a628da91c9d16d5dce3', 'project_name': 'tempest-ImagesDeleteNegativeTestJSON-906049020', 'tenant_id': 'af243a6505244a628da91c9d16d5dce3', 'tenant_name': 'tempest-ImagesDeleteNegativeTestJSON-906049020', 'user_domain_id': 'default', 'user_domain_name': 'Default', 'user_id': 'e06a67c54f3c41679db317a547b9ccfb', 'system': None}, Network: None, Subnet: None, Router: None
2025-12-01 06:36:35.704 65863 INFO tempest.lib.common.rest_client [req-a5234abe-e9f8-4ce5-ab71-08a15a2dd66c req-a5234abe-e9f8-4ce5-ab71-08a15a2dd66c ] Request (SecurityGroupsTestAdminJSON:setUpClass): 204 PUT http://10.180.1.21/identity/v3/projects/2a507627432f4c85808530aef5b77e0a/users/ebd4c10b891a445697e1c1a6b3899732/roles/dde0a18b4b564027a72418980ba0ee63 0.029s
2025-12-01 06:36:35.704 65863 INFO tempest.lib.common.dynamic_creds [-] Dynamic test user ebd4c10b891a445697e1c1a6b3899732 is created with scope project and roles: ['member']
2025-12-01 06:36:35.704 65863 INFO tempest.lib.common.dynamic_creds [-] Acquired dynamic creds: credentials: Credentials: {'domain_id': 'default', 'domain_name': 'Default', 'username': 'tempest-SecurityGroupsTestAdminJSON-984239685-project-member', 'project_domain_id': 'default', 'project_domain_name': 'Default', 'project_id': '2a507627432f4c85808530aef5b77e0a', 'project_name': 'tempest-SecurityGroupsTestAdminJSON-984239685', 'tenant_id': '2a507627432f4c85808530aef5b77e0a', 'tenant_name': 'tempest-SecurityGroupsTestAdminJSON-984239685', 'user_domain_id': 'default', 'user_domain_name': 'Default', 'user_id': 'ebd4c10b891a445697e1c1a6b3899732', 'system': None}, Network: None, Subnet: None, Router: None
2025-12-01 06:36:35.704 65863 INFO tempest.lib.common.dynamic_creds [-] Created isolated network resources for: credentials: Credentials: {'domain_id': 'default', 'domain_name': 'Default', 'username': 'tempest-SecurityGroupsTestAdminJSON-984239685-project-member', 'project_domain_id': 'default', 'project_domain_name': 'Default', 'project_id': '2a507627432f4c85808530aef5b77e0a', 'project_name': 'tempest-SecurityGroupsTestAdminJSON-984239685', 'tenant_id': '2a507627432f4c85808530aef5b77e0a', 'tenant_name': 'tempest-SecurityGroupsTestAdminJSON-984239685', 'user_domain_id': 'default', 'user_domain_name': 'Default', 'user_id': 'ebd4c10b891a445697e1c1a6b3899732', 'system': None}, Network: None, Subnet: None, Router: None
2025-12-01 06:36:35.780 65897 INFO tempest.lib.common.rest_client [req-1077b078-1e2f-4db4-be9f-74fb9541195f req-1077b078-1e2f-4db4-be9f-74fb9541195f ] Request (ImagesDeleteNegativeTestJSON:setUpClass): 201 POST http://10.180.1.21/identity/v3/auth/tokens 0.073s
2025-12-01 06:36:35.784 65863 INFO tempest.lib.common.rest_client [req-0e994501-24da-41ab-98df-ba8a8b96443e req-0e994501-24da-41ab-98df-ba8a8b96443e ] Request (SecurityGroupsTestAdminJSON:setUpClass): 201 POST http://10.180.1.21/identity/v3/auth/tokens 0.077s
2025-12-01 06:36:35.846 65863 INFO tempest.lib.common.rest_client [req-82c45058-712a-4590-b3d8-635dd4a85ead req-82c45058-712a-4590-b3d8-635dd4a85ead ] Request (SecurityGroupsTestAdminJSON:setUpClass): 201 POST http://10.180.1.21/identity/v3/projects 0.061s
2025-12-01 06:36:35.959 65863 INFO tempest.lib.common.rest_client [req-4320cdc5-52d7-4471-a7e1-ac49a88e2725 req-4320cdc5-52d7-4471-a7e1-ac49a88e2725 ] Request (SecurityGroupsTestAdminJSON:setUpClass): 201 POST http://10.180.1.21/identity/v3/users 0.112s
2025-12-01 06:36:35.985 65863 INFO tempest.lib.common.rest_client [req-f0a5ed6b-b945-45a2-81a2-babbf88e06dd req-f0a5ed6b-b945-45a2-81a2-babbf88e06dd ] Request (SecurityGroupsTestAdminJSON:setUpClass): 200 GET http://10.180.1.21/identity/v3/roles 0.024s
2025-12-01 06:36:36.017 65863 INFO tempest.lib.common.rest_client [req-596b1d6a-b448-4c5e-96f6-045263f2b1c0 req-596b1d6a-b448-4c5e-96f6-045263f2b1c0 ] Request (SecurityGroupsTestAdminJSON:setUpClass): 204 PUT http://10.180.1.21/identity/v3/projects/3d6053a987d342c493381cec564b2f11/users/2fc9297691be459b8925018895e21405/roles/0e2aab8a27b447a9bc67c1252ca13f29 0.031s
2025-12-01 06:36:36.021 65837 INFO tempest.lib.common.rest_client [req-0d84dfa7-ecfa-46ab-8786-ec21dbb2d6b1 req-0d84dfa7-ecfa-46ab-8786-ec21dbb2d6b1 ] Request (ServersAdminTestJSON:setUpClass): 201 POST http://10.180.1.21/networking/v2.0/routers 1.099s
2025-12-01 06:36:36.069 65863 INFO tempest.lib.common.rest_client [req-3823273b-60d4-4340-98e9-b345d50f6bcb req-3823273b-60d4-4340-98e9-b345d50f6bcb ] Request (SecurityGroupsTestAdminJSON:setUpClass): 200 GET http://10.180.1.21/identity/v3/roles 0.051s
2025-12-01 06:36:36.089 65863 INFO tempest.lib.common.rest_client [req-82948197-86c9-4cb6-bf25-72c748d35e52 req-82948197-86c9-4cb6-bf25-72c748d35e52 ] Request (SecurityGroupsTestAdminJSON:setUpClass): 204 PUT http://10.180.1.21/identity/v3/projects/3d6053a987d342c493381cec564b2f11/users/2fc9297691be459b8925018895e21405/roles/0e2aab8a27b447a9bc67c1252ca13f29 0.019s
2025-12-01 06:36:36.089 65863 INFO tempest.lib.common.dynamic_creds [-] Dynamic test user 2fc9297691be459b8925018895e21405 is created with scope project and roles: ['admin']
2025-12-01 06:36:36.089 65863 INFO tempest.lib.common.dynamic_creds [-] Acquired dynamic creds: credentials: Credentials: {'domain_id': 'default', 'domain_name': 'Default', 'username': 'tempest-SecurityGroupsTestAdminJSON-806097122-project-admin', 'project_domain_id': 'default', 'project_domain_name': 'Default', 'project_id': '3d6053a987d342c493381cec564b2f11', 'project_name': 'tempest-SecurityGroupsTestAdminJSON-806097122', 'tenant_id': '3d6053a987d342c493381cec564b2f11', 'tenant_name': 'tempest-SecurityGroupsTestAdminJSON-806097122', 'user_domain_id': 'default', 'user_domain_name': 'Default', 'user_id': '2fc9297691be459b8925018895e21405', 'system': None}, Network: None, Subnet: None, Router: None
2025-12-01 06:36:36.089 65863 INFO tempest.lib.common.dynamic_creds [-] Created isolated network resources for: credentials: Credentials: {'domain_id': 'default', 'domain_name': 'Default', 'username': 'tempest-SecurityGroupsTestAdminJSON-806097122-project-admin', 'project_domain_id': 'default', 'project_domain_name': 'Default', 'project_id': '3d6053a987d342c493381cec564b2f11', 'project_name': 'tempest-SecurityGroupsTestAdminJSON-806097122', 'tenant_id': '3d6053a987d342c493381cec564b2f11', 'tenant_name': 'tempest-SecurityGroupsTestAdminJSON-806097122', 'user_domain_id': 'default', 'user_domain_name': 'Default', 'user_id': '2fc9297691be459b8925018895e21405', 'system': None}, Network: None, Subnet: None, Router: None
2025-12-01 06:36:36.106 65875 INFO tempest.lib.common.rest_client [req-9d2f2667-d240-49a5-8bbe-0e4c72e7cacd req-9d2f2667-d240-49a5-8bbe-0e4c72e7cacd ] Request (AZAdminNegativeTestJSON:tearDownClass): 204 DELETE http://10.180.1.21/networking/v2.0/security-groups/b9d219d5-e9b8-4407-a1f3-1ac48263bae2 0.887s
2025-12-01 06:36:36.206 65863 INFO tempest.lib.common.rest_client [req-4b6c37e4-74cf-4b83-888d-cb4e3cb89e02 req-4b6c37e4-74cf-4b83-888d-cb4e3cb89e02 ] Request (SecurityGroupsTestAdminJSON:setUpClass): 201 POST http://10.180.1.21/identity/v3/auth/tokens 0.113s
2025-12-01 06:36:36.232 65845 INFO tempest.lib.common.rest_client [req-9b2d67e3-5042-43b4-88ed-657f648bdc4e req-9b2d67e3-5042-43b4-88ed-657f648bdc4e ] Request (AZAdminV2TestJSON:tearDownClass): 204 DELETE http://10.180.1.21/networking/v2.0/security-groups/1a759d35-f2f6-4f1a-ba43-581272d84fd1 0.984s
2025-12-01 06:36:36.272 65869 INFO tempest.lib.common.rest_client [req-7d9eed50-f53c-4693-aead-c4c82e9a0ddb req-7d9eed50-f53c-4693-aead-c4c82e9a0ddb ] Request (ServersWithSpecificFlavorTestJSON:setUpClass): 201 POST http://10.180.1.21/networking/v2.0/routers 1.126s
2025-12-01 06:36:36.275 65875 INFO tempest.lib.common.rest_client [req-2de1ea10-3fb1-4763-ac55-be5f1e3834b4 req-2de1ea10-3fb1-4763-ac55-be5f1e3834b4 ] Request (AZAdminNegativeTestJSON:tearDownClass): 204 DELETE http://10.180.1.21/identity/v3/projects/afd767716778452297920a41a7755eb5 0.169s
2025-12-01 06:36:36.289 65885 INFO tempest.lib.common.rest_client [req-0c540dab-4c87-4bd6-b309-4a3c7bc1caee req-0c540dab-4c87-4bd6-b309-4a3c7bc1caee ] Request (ServerExternalEventsTest:test_create_server_external_events): 202 POST http://10.180.1.21/compute/v2.1/servers 6.751s
2025-12-01 06:36:36.345 65875 INFO tempest.lib.common.rest_client [req-b9f7396d-ecfc-4287-a2d7-c07165802047 req-b9f7396d-ecfc-4287-a2d7-c07165802047 ] Request (DeleteServersAdminTestJSON:setUpClass): 201 POST http://10.180.1.21/identity/v3/auth/tokens 0.068s
2025-12-01 06:36:36.353 65893 INFO tempest.lib.common.rest_client [req-57460111-9488-4094-aee4-343e286555a3 req-57460111-9488-4094-aee4-343e286555a3 ] Request (HypervisorAdminV253TestBase:test_list_show_detail_hypervisors): 200 GET http://10.180.1.21/compute/v2.1/os-hypervisors?with_servers=True 6.656s
2025-12-01 06:36:36.360 65853 INFO tempest.lib.common.rest_client [req-1789e568-a8e5-45d1-bfc9-4af8c9b1595b req-1789e568-a8e5-45d1-bfc9-4af8c9b1595b ] Request (HostsAdminNegativeTestJSON:test_reboot_host_with_non_admin_user): 403 GET http://10.180.1.21/compute/v2.1/os-hosts/devstack/reboot 6.501s
2025-12-01 06:36:36.385 65845 INFO tempest.lib.common.rest_client [req-813b324f-d229-4cf4-9771-a07b0e165a5e req-813b324f-d229-4cf4-9771-a07b0e165a5e ] Request (AZAdminV2TestJSON:tearDownClass): 204 DELETE http://10.180.1.21/identity/v3/projects/f820128dc5df436e82f3aa6f4b07bdaf 0.152s
2025-12-01 06:36:36.396 65843 INFO tempest.lib.common.rest_client [req-54ade738-ff04-4690-9619-0569a990eb36 req-54ade738-ff04-4690-9619-0569a990eb36 ] Request (HostsAdminTestJSON:test_list_hosts_with_nonexistent_zone): 200 GET http://10.180.1.21/compute/v2.1/os-hosts?zone=xxx 6.515s
2025-12-01 06:36:36.433 65875 INFO tempest.lib.common.rest_client [req-285ce78d-a9ca-40ea-a6f2-e0b2722198f7 req-285ce78d-a9ca-40ea-a6f2-e0b2722198f7 ] Request (DeleteServersAdminTestJSON:setUpClass): 201 POST http://10.180.1.21/identity/v3/auth/tokens 0.085s
2025-12-01 06:36:36.442 65845 INFO tempest.lib.common.rest_client [req-14357d1a-0f75-4e4f-adae-fea14553c520 req-14357d1a-0f75-4e4f-adae-fea14553c520 ] Request (InstanceUsageAuditLogTestJSON:setUpClass): 201 POST http://10.180.1.21/identity/v3/auth/tokens 0.055s
2025-12-01 06:36:36.474 65875 INFO tempest.lib.common.rest_client [req-4480fc52-01eb-4ea0-ad4f-fe2ce426aac3 req-4480fc52-01eb-4ea0-ad4f-fe2ce426aac3 ] Request (DeleteServersAdminTestJSON:setUpClass): 200 GET http://10.180.1.21/identity/v3/domains?name=Default 0.041s
2025-12-01 06:36:36.514 65845 INFO tempest.lib.common.rest_client [req-0d1c9f98-1ea8-4a5d-992e-4e3fc962fb0d req-0d1c9f98-1ea8-4a5d-992e-4e3fc962fb0d ] Request (InstanceUsageAuditLogTestJSON:setUpClass): 201 POST http://10.180.1.21/identity/v3/auth/tokens 0.068s
2025-12-01 06:36:36.552 65875 INFO tempest.lib.common.rest_client [req-ca1e945e-8262-4996-8a61-983b07d837a8 req-ca1e945e-8262-4996-8a61-983b07d837a8 ] Request (DeleteServersAdminTestJSON:setUpClass): 201 POST http://10.180.1.21/identity/v3/projects 0.077s
2025-12-01 06:36:36.642 65875 INFO tempest.lib.common.rest_client [req-982edb58-4853-4841-a571-fc6c3a1a9f39 req-982edb58-4853-4841-a571-fc6c3a1a9f39 ] Request (DeleteServersAdminTestJSON:setUpClass): 201 POST http://10.180.1.21/identity/v3/users 0.089s
