2025-11-19 18:48:03.204 65685 INFO tempest.lib.common.dynamic_creds [-] Created isolated network resources for: credentials: Credentials: {'domain_id': 'default', 'domain_name': 'Default', 'username': 'tempest-FloatingIPsAssociationTestJSON-492174692-project-member', 'project_domain_id': 'default', 'project_domain_name': 'Default', 'project_id': 'fc25a182a43f4f3e8c40c2421b36c9c6', 'project_name': 'tempest-FloatingIPsAssociationTestJSON-492174692', 'tenant_id': 'fc25a182a43f4f3e8c40c2421b36c9c6', 'tenant_name': 'tempest-FloatingIPsAssociationTestJSON-492174692', 'user_domain_id': 'default', 'user_domain_name': 'Default', 'user_id': 'ce7128538c584987aa14798f691c3ca2', 'system': None}, Network: {'id': 'e5793996-1392-48b4-af85-d5daee21af65', 'name': 'tempest-FloatingIPsAssociationTestJSON-365193360-network', 'tenant_id': 'fc25a182a43f4f3e8c40c2421b36c9c6', 'project_id': 'fc25a182a43f4f3e8c40c2421b36c9c6', 'admin_state_up': True, 'mtu': 8950, 'status': 'ACTIVE', 'subnets': [], 'shared': False, 'port_security_enabled': True, 'router:external': False, 'provider:network_type': 'vlan', 'provider:physical_network': 'default', 'provider:segmentation_id': 51, 'availability_zone_hints': [], 'availability_zones': [], 'ipv4_address_scope': None, 'ipv6_address_scope': None, 'description': '', 'tags': [], 'created_at': '2025-11-19T18:47:59Z', 'updated_at': '2025-11-19T18:47:59Z', 'revision_number': 1}, Subnet: {'id': '5360ea2c-6989-4958-bff3-dff042dcb3f6', 'name': 'tempest-FloatingIPsAssociationTestJSON-365193360-subnet', 'tenant_id': 'fc25a182a43f4f3e8c40c2421b36c9c6', 'network_id': 'e5793996-1392-48b4-af85-d5daee21af65', 'ip_version': 4, 'subnetpool_id': None, 'enable_dhcp': True, 'ipv6_ra_mode': None, 'ipv6_address_mode': None, 'gateway_ip': '192.168.128.1', 'cidr': '192.168.128.0/28', 'allocation_pools': [{'start': '192.168.128.2', 'end': '192.168.128.14'}], 'host_routes': [], 'dns_nameservers': [], 'description': '', 'router:external': False, 'service_types': [], 'tags': [], 'created_at': '2025-11-19T18:48:00Z', 'updated_at': '2025-11-19T18:48:00Z', 'revision_number': 0, 'project_id': 'fc25a182a43f4f3e8c40c2421b36c9c6'}, Router: {'id': '4b5e8819-117b-4231-9d43-6a1b39865216', 'name': 'tempest-FloatingIPsAssociationTestJSON-365193360-router', 'tenant_id': 'fc25a182a43f4f3e8c40c2421b36c9c6', 'admin_state_up': True, 'status': 'ACTIVE', 'external_gateway_info': {'network_id': 'dcc9690b-5351-417b-bd1f-b51cdd11c0a2', 'external_fixed_ips': [{'subnet_id': '6afffef6-b5e6-495b-bfd3-785f7d63f226', 'ip_address': '10.180.180.225'}], 'enable_snat': True}, 'description': '', 'availability_zones': [], 'distributed': False, 'ha': False, 'availability_zone_hints': [], 'routes': [], 'flavor_id': None, 'tags': [], 'created_at': '2025-11-19T18:48:00Z', 'updated_at': '2025-11-19T18:48:01Z', 'revision_number': 2, 'project_id': 'fc25a182a43f4f3e8c40c2421b36c9c6'}
2025-11-19 18:48:03.318 65685 INFO tempest.lib.common.rest_client [req-60157a50-1c78-4876-b2f6-39674b4d5f9b req-60157a50-1c78-4876-b2f6-39674b4d5f9b ] Request (FloatingIPsAssociationTestJSON:setUpClass): 201 POST http://10.180.1.21/identity/v3/auth/tokens 0.110s
2025-11-19 18:48:03.382 65685 INFO tempest.lib.common.rest_client [req-1f30c8d7-7f97-48c4-b192-2d93772aac4d req-1f30c8d7-7f97-48c4-b192-2d93772aac4d ] Request (FloatingIPsAssociationTestJSON:setUpClass): 201 POST http://10.180.1.21/identity/v3/auth/tokens 0.059s
2025-11-19 18:48:03.382 65685 INFO tempest.lib.common.fixed_network [-] (FloatingIPsAssociationTestJSON:setUpClass) Found network {'id': 'e5793996-1392-48b4-af85-d5daee21af65', 'name': 'tempest-FloatingIPsAssociationTestJSON-365193360-network', 'tenant_id': 'fc25a182a43f4f3e8c40c2421b36c9c6', 'project_id': 'fc25a182a43f4f3e8c40c2421b36c9c6', 'admin_state_up': True, 'mtu': 8950, 'status': 'ACTIVE', 'subnets': [], 'shared': False, 'port_security_enabled': True, 'router:external': False, 'provider:network_type': 'vlan', 'provider:physical_network': 'default', 'provider:segmentation_id': 51, 'availability_zone_hints': [], 'availability_zones': [], 'ipv4_address_scope': None, 'ipv6_address_scope': None, 'description': '', 'tags': [], 'created_at': '2025-11-19T18:47:59Z', 'updated_at': '2025-11-19T18:47:59Z', 'revision_number': 1} available for tenant
2025-11-19 18:48:03.597 65715 INFO tempest.lib.common.rest_client [req-56022af8-82d8-427f-84a5-30e35266ab33 req-56022af8-82d8-427f-84a5-30e35266ab33 ] Request (ServerRescueTestJSON:setUpClass): 200 GET http://10.180.1.21/compute/v2.1/servers/9a8a66e3-e763-45f3-a694-6175dca3a37b 6.855s
2025-11-19 18:48:03.608 65715 INFO tempest.common.waiters [-] State transition "BUILD/spawning" ==> "ACTIVE/None" after 24 second wait
2025-11-19 18:48:03.821 65695 INFO tempest.lib.common.rest_client [req-6a8ab42e-a31c-43c3-a453-98cc15a186ba req-6a8ab42e-a31c-43c3-a453-98cc15a186ba ] Request (ServerGroupTestJSON:setUp): 200 POST http://10.180.1.21/compute/v2.1/os-server-groups 6.643s
2025-11-19 18:48:03.920 65709 INFO tempest.lib.common.rest_client [req-b9f61750-e4eb-47c5-9ea5-5810930e8b4a req-b9f61750-e4eb-47c5-9ea5-5810930e8b4a ] Request (ServersTestFqdnHostnames:tearDownClass): 204 DELETE http://10.180.1.21/compute/v2.1/servers/9425321f-5eda-4086-ab09-19276a238a86 6.240s
2025-11-19 18:48:04.210 65691 INFO tempest.lib.common.rest_client [req-7c57238f-bff3-426f-b36a-16da81f68cbf req-7c57238f-bff3-426f-b36a-16da81f68cbf ] Request (ServersTestJSON:setUpClass): 201 POST http://10.180.1.21/networking/v2.0/routers 1.072s
2025-11-19 18:48:04.998 65679 INFO paramiko.transport [-] Connected (version 2.0, client dropbear_2020.81)
2025-11-19 18:48:05.106 65679 INFO paramiko.transport [-] Authentication (publickey) successful!
2025-11-19 18:48:05.106 65679 INFO tempest.lib.common.ssh [-] ssh connection to cirros@10.180.180.235 successfully created
2025-11-19 18:48:05.114 65679 INFO tempest.lib.common.ssh [-] Creating ssh connection to '10.180.180.235:22' as 'cirros' with public key authentication
2025-11-19 18:48:05.117 65679 INFO paramiko.transport [-] Connected (version 2.0, client dropbear_2020.81)
2025-11-19 18:48:05.220 65679 INFO paramiko.transport [-] Authentication (publickey) successful!
2025-11-19 18:48:05.220 65679 INFO tempest.lib.common.ssh [-] ssh connection to cirros@10.180.180.235 successfully created
2025-11-19 18:48:05.610 65697 INFO tempest.lib.common.rest_client [req-7046cf94-218b-40f2-a4dc-ed3fb8c8d3f7 req-7046cf94-218b-40f2-a4dc-ed3fb8c8d3f7 ] Request (ServerRescueTestJSONUnderV235:setUpClass): 202 POST http://10.180.1.21/compute/v2.1/servers 8.703s
2025-11-19 18:48:05.616 65691 INFO tempest.lib.common.rest_client [req-a2e07a60-7f8e-4550-a08a-0407a9b1626d req-a2e07a60-7f8e-4550-a08a-0407a9b1626d ] Request (ServersTestJSON:setUpClass): 200 PUT http://10.180.1.21/networking/v2.0/routers/bc71bd89-a73b-4459-af7a-e1b1a6d93edf/add_router_interface 1.405s
2025-11-19 18:48:05.616 65691 INFO tempest.lib.common.dynamic_creds [-] Created isolated network resources for: credentials: Credentials: {'domain_id': 'default', 'domain_name': 'Default', 'username': 'tempest-ServersTestJSON-337806064-project-member', 'project_domain_id': 'default', 'project_domain_name': 'Default', 'project_id': '1bae1c5f661b4a28a535e0476d323069', 'project_name': 'tempest-ServersTestJSON-337806064', 'tenant_id': '1bae1c5f661b4a28a535e0476d323069', 'tenant_name': 'tempest-ServersTestJSON-337806064', 'user_domain_id': 'default', 'user_domain_name': 'Default', 'user_id': '5a1dc01313ae48348dee166f95fe2f54', 'system': None}, Network: {'id': '2856de00-f723-41b5-8ee3-88be8adf0f1b', 'name': 'tempest-ServersTestJSON-1059004839-network', 'tenant_id': '1bae1c5f661b4a28a535e0476d323069', 'project_id': '1bae1c5f661b4a28a535e0476d323069', 'admin_state_up': True, 'mtu': 8950, 'status': 'ACTIVE', 'subnets': [], 'shared': False, 'port_security_enabled': True, 'router:external': False, 'provider:network_type': 'vlan', 'provider:physical_network': 'default', 'provider:segmentation_id': 308, 'availability_zone_hints': [], 'availability_zones': [], 'ipv4_address_scope': None, 'ipv6_address_scope': None, 'description': '', 'tags': [], 'created_at': '2025-11-19T18:48:01Z', 'updated_at': '2025-11-19T18:48:01Z', 'revision_number': 1}, Subnet: {'id': '40b9aa06-2ee3-454c-b7bb-0e1ab6ae405b', 'name': 'tempest-ServersTestJSON-1059004839-subnet', 'tenant_id': '1bae1c5f661b4a28a535e0476d323069', 'network_id': '2856de00-f723-41b5-8ee3-88be8adf0f1b', 'ip_version': 4, 'subnetpool_id': None, 'enable_dhcp': True, 'ipv6_ra_mode': None, 'ipv6_address_mode': None, 'gateway_ip': '192.168.128.1', 'cidr': '192.168.128.0/28', 'allocation_pools': [{'start': '192.168.128.2', 'end': '192.168.128.14'}], 'host_routes': [], 'dns_nameservers': [], 'description': '', 'router:external': False, 'service_types': [], 'tags': [], 'created_at': '2025-11-19T18:48:02Z', 'updated_at': '2025-11-19T18:48:02Z', 'revision_number': 0, 'project_id': '1bae1c5f661b4a28a535e0476d323069'}, Router: {'id': 'bc71bd89-a73b-4459-af7a-e1b1a6d93edf', 'name': 'tempest-ServersTestJSON-1059004839-router', 'tenant_id': '1bae1c5f661b4a28a535e0476d323069', 'admin_state_up': True, 'status': 'ACTIVE', 'external_gateway_info': {'network_id': 'dcc9690b-5351-417b-bd1f-b51cdd11c0a2', 'external_fixed_ips': [{'subnet_id': '6afffef6-b5e6-495b-bfd3-785f7d63f226', 'ip_address': '10.180.180.250'}], 'enable_snat': True}, 'description': '', 'availability_zones': [], 'distributed': False, 'ha': False, 'availability_zone_hints': [], 'routes': [], 'flavor_id': None, 'tags': [], 'created_at': '2025-11-19T18:48:03Z', 'updated_at': '2025-11-19T18:48:03Z', 'revision_number': 2, 'project_id': '1bae1c5f661b4a28a535e0476d323069'}
2025-11-19 18:48:05.705 65691 INFO tempest.lib.common.rest_client [req-a3a227ba-3787-4728-8cef-816e00b9e354 req-a3a227ba-3787-4728-8cef-816e00b9e354 ] Request (ServersTestJSON:setUpClass): 201 POST http://10.180.1.21/identity/v3/auth/tokens 0.085s
2025-11-19 18:48:05.723 65681 INFO tempest.lib.common.rest_client [req-fed02296-0f01-44df-96c7-cc92153bba02 req-fed02296-0f01-44df-96c7-cc92153bba02 ] Request (VolumesTestJSON:setUpClass): 200 GET http://10.180.1.21/compute/v2.1/os-volumes/a06fb51d-149b-482f-90ea-93273ddf6d14 7.437s
2025-11-19 18:48:05.729 65691 INFO tempest.lib.common.rest_client [req-bb600948-c7f0-4165-9667-791519032ef5 req-bb600948-c7f0-4165-9667-791519032ef5 ] Request (ServersTestJSON:setUpClass): 200 GET http://10.180.1.21/identity/v3/projects/1bae1c5f661b4a28a535e0476d323069 0.023s
2025-11-19 18:48:05.729 65691 INFO tempest.lib.common.dynamic_creds [-] Using the existing project 1bae1c5f661b4a28a535e0476d323069 for scope project and roles: ['reader']
2025-11-19 18:48:05.785 65717 INFO tempest.lib.common.rest_client [req-40e4a1f4-7668-484d-97ab-81bb276532d0 req-40e4a1f4-7668-484d-97ab-81bb276532d0 ] Request (MigrationsAdminTest:test_list_migrations_in_flavor_resize_situation): 202 POST http://10.180.1.21/compute/v2.1/servers 7.808s
2025-11-19 18:48:05.787 65691 INFO tempest.lib.common.rest_client [req-91c7539f-d0e8-4e28-b9e1-676ce3c73b4a req-91c7539f-d0e8-4e28-b9e1-676ce3c73b4a ] Request (ServersTestJSON:setUpClass): 201 POST http://10.180.1.21/identity/v3/users 0.056s
2025-11-19 18:48:05.825 65691 INFO tempest.lib.common.rest_client [req-bd40f6bb-0b8d-405c-b369-f99a82b59406 req-bd40f6bb-0b8d-405c-b369-f99a82b59406 ] Request (ServersTestJSON:setUpClass): 200 GET http://10.180.1.21/identity/v3/roles 0.038s
2025-11-19 18:48:05.895 65691 INFO tempest.lib.common.rest_client [req-7166de74-bcfe-4894-894b-c1d86d790e66 req-7166de74-bcfe-4894-894b-c1d86d790e66 ] Request (ServersTestJSON:setUpClass): 204 PUT http://10.180.1.21/identity/v3/projects/1bae1c5f661b4a28a535e0476d323069/users/b760703457194a36a4c95c3bb7fbfa04/roles/7719b1547ca94f178099da6eef4dc8f6 0.069s
2025-11-19 18:48:05.895 65691 INFO tempest.lib.common.dynamic_creds [-] Dynamic test user b760703457194a36a4c95c3bb7fbfa04 is created with scope project and roles: ['reader']
2025-11-19 18:48:05.896 65691 INFO tempest.lib.common.dynamic_creds [-] Acquired dynamic creds: credentials: Credentials: {'domain_id': 'default', 'domain_name': 'Default', 'username': 'tempest-ServersTestJSON-337806064-project-reader', 'project_domain_id': 'default', 'project_domain_name': 'Default', 'project_id': '1bae1c5f661b4a28a535e0476d323069', 'project_name': 'tempest-ServersTestJSON-337806064', 'tenant_id': '1bae1c5f661b4a28a535e0476d323069', 'tenant_name': 'tempest-ServersTestJSON-337806064', 'user_domain_id': 'default', 'user_domain_name': 'Default', 'user_id': 'b760703457194a36a4c95c3bb7fbfa04', 'system': None}, Network: None, Subnet: None, Router: None
2025-11-19 18:48:05.896 65691 INFO tempest.lib.common.dynamic_creds [-] Network resources are not created for requested scope: project and credentials: Credentials: {'domain_id': 'default', 'domain_name': 'Default', 'username': 'tempest-ServersTestJSON-337806064-project-reader', 'project_domain_id': 'default', 'project_domain_name': 'Default', 'project_id': '1bae1c5f661b4a28a535e0476d323069', 'project_name': 'tempest-ServersTestJSON-337806064', 'tenant_id': '1bae1c5f661b4a28a535e0476d323069', 'tenant_name': 'tempest-ServersTestJSON-337806064', 'user_domain_id': 'default', 'user_domain_name': 'Default', 'user_id': 'b760703457194a36a4c95c3bb7fbfa04', 'system': None}, Network: None, Subnet: None, Router: None
2025-11-19 18:48:06.013 65683 INFO tempest.lib.common.rest_client [req-040c550f-1eb1-4661-b75e-0f920e40c774 req-040c550f-1eb1-4661-b75e-0f920e40c774 ] Request (ServerAddressesNegativeTestJSON:setUpClass): 200 GET http://10.180.1.21/compute/v2.1/servers/24c1cf6b-6004-4699-8bb5-705ff7cf45f8 7.323s
2025-11-19 18:48:06.034 65683 INFO tempest.common.waiters [-] State transition "BUILD/spawning" ==> "ACTIVE/None" after 20 second wait
2025-11-19 18:48:06.068 65681 INFO tempest.lib.common.rest_client [req-9e391093-a24d-4bde-a1f1-35e5a9a02015 req-9e391093-a24d-4bde-a1f1-35e5a9a02015 ] Request (VolumesTestJSON:setUpClass): 202 POST http://10.180.1.21/volume/v3/volumes 0.342s
2025-11-19 18:48:06.096 65691 INFO tempest.lib.common.rest_client [req-a866f57f-6f7d-453d-9864-0da5f4d33b48 req-a866f57f-6f7d-453d-9864-0da5f4d33b48 ] Request (ServersTestJSON:setUpClass): 201 POST http://10.180.1.21/identity/v3/auth/tokens 0.192s
2025-11-19 18:48:06.139 65681 INFO tempest.lib.common.rest_client [req-5ef70c0a-4cc6-4140-940d-254a4077e04b req-5ef70c0a-4cc6-4140-940d-254a4077e04b ] Request (VolumesTestJSON:setUpClass): 200 GET http://10.180.1.21/volume/v3/volumes/5d60e298-0ca5-4814-8eea-b434b2c392d9 0.061s
2025-11-19 18:48:06.238 65691 INFO tempest.lib.common.rest_client [req-967591d3-e20a-4ca9-b6dd-db07351f0150 req-967591d3-e20a-4ca9-b6dd-db07351f0150 ] Request (ServersTestJSON:test_create_server_specify_multibyte_character_name): 201 POST http://10.180.1.21/identity/v3/auth/tokens 0.133s
2025-11-19 18:48:06.239 65691 INFO tempest.lib.common.fixed_network [-] (ServersTestJSON:test_create_server_specify_multibyte_character_name) Found network {'id': '2856de00-f723-41b5-8ee3-88be8adf0f1b', 'name': 'tempest-ServersTestJSON-1059004839-network', 'tenant_id': '1bae1c5f661b4a28a535e0476d323069', 'project_id': '1bae1c5f661b4a28a535e0476d323069', 'admin_state_up': True, 'mtu': 8950, 'status': 'ACTIVE', 'subnets': [], 'shared': False, 'port_security_enabled': True, 'router:external': False, 'provider:network_type': 'vlan', 'provider:physical_network': 'default', 'provider:segmentation_id': 308, 'availability_zone_hints': [], 'availability_zones': [], 'ipv4_address_scope': None, 'ipv6_address_scope': None, 'description': '', 'tags': [], 'created_at': '2025-11-19T18:48:01Z', 'updated_at': '2025-11-19T18:48:01Z', 'revision_number': 1} available for tenant
2025-11-19 18:48:06.546 65669 INFO tempest.lib.common.rest_client [req-f0875280-f924-41cc-bfd9-31a1620ec358 req-f0875280-f924-41cc-bfd9-31a1620ec358 ] Request (ServersTestMultiNic:test_verify_duplicate_network_nics): 200 GET http://10.180.1.21/compute/v2.1/servers/83d0dec9-dd22-4254-9073-2d30b8bc3004 7.787s
2025-11-19 18:48:07.190 65681 INFO tempest.lib.common.rest_client [req-3ddace41-ac6b-4324-ac71-5ccb0b623843 req-3ddace41-ac6b-4324-ac71-5ccb0b623843 ] Request (VolumesTestJSON:setUpClass): 200 GET http://10.180.1.21/volume/v3/volumes/5d60e298-0ca5-4814-8eea-b434b2c392d9 0.041s
2025-11-19 18:48:07.198 65681 INFO tempest.common.waiters [-] volume 5d60e298-0ca5-4814-8eea-b434b2c392d9 reached available after waiting for 1.198846 seconds
2025-11-19 18:48:07.449 65690 INFO tempest.lib.common.rest_client [req-6f77b3ee-3f3a-46af-88a7-d65d26fac8d6 req-6f77b3ee-3f3a-46af-88a7-d65d26fac8d6 ] Request (FloatingIPsAssociationNegativeTestJSON:_run_cleanups): 202 DELETE http://10.180.1.21/compute/v2.1/os-floating-ips/8ca90598-ae2d-418a-9113-8d7e4512fbe1 8.694s
2025-11-19 18:48:07.479 65677 INFO tempest.lib.common.rest_client [req-268824ad-12d1-48a4-b129-c8224564f227 req-268824ad-12d1-48a4-b129-c8224564f227 ] Request (FlavorsAdminTestJSON:_run_cleanups): 200 GET http://10.180.1.21/compute/v2.1/flavors/detail 8.160s
2025-11-19 18:48:07.575 65673 INFO tempest.lib.common.rest_client [req-27c99428-33b6-409a-895f-567562e9ebb5 req-27c99428-33b6-409a-895f-567562e9ebb5 ] Request (ServersListShow296Test:test_list_show_update_rebuild_server_296): 202 POST http://10.180.1.21/compute/v2.1/servers/fca440b5-be5f-4733-9f1b-df608eb94a1f/action 8.282s
2025-11-19 18:48:07.595 65707 INFO tempest.lib.common.rest_client [req-f848826d-26f0-45b1-89ec-b7b0b37b6a88 req-f848826d-26f0-45b1-89ec-b7b0b37b6a88 ] Request (ServersAdminTestJSON:setUpClass): 200 GET http://10.180.1.21/compute/v2.1/servers/f809fdd3-4f64-43a8-a9c0-732e2c3b676b 8.115s
2025-11-19 18:48:07.599 65711 INFO tempest.lib.common.rest_client [req-b57e9f1a-7a46-4ac9-a5b2-4541961aabcd req-b57e9f1a-7a46-4ac9-a5b2-4541961aabcd ] Request (ServerTagsTestJSON:test_check_tag_existence): 204 GET http://10.180.1.21/compute/v2.1/servers/2a28c451-3aa1-439e-9d87-05a6b1cf9d5c/tags/tempest-tag-1622179945 8.113s
2025-11-19 18:48:07.630 65671 INFO tempest.lib.common.rest_client [req-a485cf45-e876-46d6-a578-100dbf4c50d3 req-a485cf45-e876-46d6-a578-100dbf4c50d3 ] Request (AggregatesAdminNegativeTestJSON:test_aggregate_remove_host_as_user): 200 POST http://10.180.1.21/compute/v2.1/os-aggregates 8.138s
2025-11-19 18:48:07.633 65675 INFO tempest.lib.common.rest_client [req-08a60f06-624f-4113-b602-386813637c90 req-08a60f06-624f-4113-b602-386813637c90 ] Request (FlavorsAccessNegativeTestJSON:_run_cleanups): 200 GET http://10.180.1.21/compute/v2.1/flavors/detail 8.111s
2025-11-19 18:48:07.659 65725 INFO tempest.lib.common.rest_client [req-a935d3c5-b8a0-4ab6-981c-4db8f8e8cede req-a935d3c5-b8a0-4ab6-981c-4db8f8e8cede ] Request (ImagesNegativeTestJSON:tearDownClass): 404 DELETE http://10.180.1.21/compute/v2.1/servers/5a5081c5-316c-46fd-b959-7b02e2cb1570 7.872s
2025-11-19 18:48:07.838 65675 INFO tempest.lib.common.rest_client [req-0260d8de-97dd-4883-91bc-8e1a4f588dcf req-0260d8de-97dd-4883-91bc-8e1a4f588dcf ] Request (FlavorsAccessNegativeTestJSON:tearDownClass): 204 DELETE http://10.180.1.21/identity/v3/users/750b141935d74ee4814d22f979197b99 0.198s
2025-11-19 18:48:07.859 65730 INFO tempest.lib.common.rest_client [req-5d26991d-6adb-4242-b0e7-9f24c8a20b14 req-5d26991d-6adb-4242-b0e7-9f24c8a20b14 ] Request (SecurityGroupRulesTestJSON:test_security_group_rules_delete_when_peer_group_deleted): 200 POST http://10.180.1.21/compute/v2.1/os-security-groups 8.082s
2025-11-19 18:48:07.953 65675 INFO tempest.lib.common.rest_client [req-c9da73fd-59d8-4bce-bc62-437016478846 req-c9da73fd-59d8-4bce-bc62-437016478846 ] Request (FlavorsAccessNegativeTestJSON:tearDownClass): 204 DELETE http://10.180.1.21/identity/v3/users/51d1993394da408ca391a821fa9fdc14 0.114s
2025-11-19 18:48:07.995 65721 INFO tempest.lib.common.rest_client [req-957f9352-c09f-428d-a714-a9f604beed76 req-957f9352-c09f-428d-a714-a9f604beed76 ] Request (ImagesMetadataTestJSON:test_update_image_metadata): 200 POST http://10.180.1.21/compute/v2.1/images/6983bfb3-fc1b-46ce-b772-1eeb3c4dd1ea/metadata 7.935s
2025-11-19 18:48:08.093 65675 INFO tempest.lib.common.rest_client [req-36e85348-8712-47f2-a612-3bea410697b1 req-36e85348-8712-47f2-a612-3bea410697b1 ] Request (FlavorsAccessNegativeTestJSON:tearDownClass): 204 DELETE http://10.180.1.21/identity/v3/users/4e42962b77ba48f0b99bacb3f8b7805c 0.139s
2025-11-19 18:48:08.093 65675 INFO tempest.lib.common.dynamic_creds [-] Deleting project and security group for project: 005ae535a1d1401c8f131de90cf311a3
2025-11-19 18:48:08.172 65675 INFO tempest.lib.common.rest_client [req-c57780f8-2b88-407f-bf07-b87e160368d4 req-c57780f8-2b88-407f-bf07-b87e160368d4 ] Request (FlavorsAccessNegativeTestJSON:tearDownClass): 201 POST http://10.180.1.21/identity/v3/auth/tokens 0.078s
2025-11-19 18:48:08.230 65701 WARNING tempest.lib.common.ssh [-] Failed to establish authenticated ssh connection to cirros@10.180.180.214 ([Errno None] Unable to connect to port 22 on 10.180.180.214). Number attempts: 6. Retry after 7 seconds.: paramiko.ssh_exception.NoValidConnectionsError: [Errno None] Unable to connect to port 22 on 10.180.180.214
2025-11-19 18:48:08.486 65719 INFO tempest.lib.common.rest_client [req-9d98473e-d61d-4ebb-b5c9-d5b8d7a231e9 req-9d98473e-d61d-4ebb-b5c9-d5b8d7a231e9 ] Request (ServerDiskConfigTestJSON:test_rebuild_server_with_auto_disk_config): 200 GET http://10.180.1.21/compute/v2.1/servers/ec40d182-7a65-4bdd-a948-4bfe0345ba29 6.869s
2025-11-19 18:48:08.544 65675 INFO tempest.lib.common.rest_client [req-2f7a4d19-dc73-4dcc-bfcc-150dbe2e5434 req-2f7a4d19-dc73-4dcc-bfcc-150dbe2e5434 ] Request (FlavorsAccessNegativeTestJSON:tearDownClass): 200 GET http://10.180.1.21/networking/v2.0/security-groups?tenant_id=005ae535a1d1401c8f131de90cf311a3&name=default 0.371s
2025-11-19 18:48:08.651 65693 INFO tempest.lib.common.rest_client [req-bd13464b-ed1e-412d-9944-0a7a9cd99ca1 req-bd13464b-ed1e-412d-9944-0a7a9cd99ca1 ] Request (QuotasAdminTestV257:test_get_updated_quotas): 200 GET http://10.180.1.21/compute/v2.1/os-quota-sets/251f69d63039476c9e378d3b539a190f/detail 6.796s
2025-11-19 18:48:08.692 65693 INFO tempest.lib.common.rest_client [req-73478c50-99f7-47f4-955b-1832bb815b8d req-73478c50-99f7-47f4-955b-1832bb815b8d ] Request (QuotasAdminTestV257:test_get_updated_quotas): 200 GET http://10.180.1.21/identity/v3/domains?name=Default 0.036s
2025-11-19 18:48:08.698 65675 INFO tempest.lib.common.rest_client [req-bec2999b-caf5-4d05-b898-56308028f34f req-bec2999b-caf5-4d05-b898-56308028f34f ] Request (FlavorsAccessNegativeTestJSON:tearDownClass): 204 DELETE http://10.180.1.21/networking/v2.0/security-groups/a6fa8df6-e620-4c38-b24b-9ff1f6098254 0.153s
2025-11-19 18:48:08.730 65693 INFO tempest.lib.common.rest_client [req-6fd4cc41-2233-4b39-8006-3269ecd3fbae req-6fd4cc41-2233-4b39-8006-3269ecd3fbae ] Request (QuotasAdminTestV257:test_get_updated_quotas): 201 POST http://10.180.1.21/identity/v3/users 0.037s
2025-11-19 18:48:08.761 65693 INFO tempest.lib.common.rest_client [req-f60bb8b9-4797-4769-a542-46efc1405e87 req-f60bb8b9-4797-4769-a542-46efc1405e87 ] Request (QuotasAdminTestV257:test_get_updated_quotas): 200 GET http://10.180.1.21/identity/v3/domains?name=Default 0.030s
2025-11-19 18:48:08.818 65675 INFO tempest.lib.common.rest_client [req-b61afb1f-26ea-4438-98d7-2a1be4e013a5 req-b61afb1f-26ea-4438-98d7-2a1be4e013a5 ] Request (FlavorsAccessNegativeTestJSON:tearDownClass): 204 DELETE http://10.180.1.21/identity/v3/projects/005ae535a1d1401c8f131de90cf311a3 0.120s
2025-11-19 18:48:08.819 65675 INFO tempest.lib.common.dynamic_creds [-] Deleting project and security group for project: 3da446d83bce4c09bb4bd4e014cc8feb
2025-11-19 18:48:08.852 65699 INFO tempest.lib.common.rest_client [req-517176c7-696e-469f-b8f2-80ca9603f721 req-517176c7-696e-469f-b8f2-80ca9603f721 ] Request (ImagesOneServerNegativeTestJSON:tearDown): 200 GET http://10.180.1.21/compute/v2.1/servers/afd4d0ce-df3b-4557-bcb8-a62de7a292f7 6.535s
2025-11-19 18:48:08.870 65713 INFO tempest.lib.common.rest_client [req-70c20c1a-50aa-42d3-af90-27c3fabbe944 req-70c20c1a-50aa-42d3-af90-27c3fabbe944 ] Request (DeleteServersAdminTestJSON:tearDownClass): 404 DELETE http://10.180.1.21/compute/v2.1/servers/ecbec47f-9841-4580-91fd-bc9a748f43db 5.900s
2025-11-19 18:48:08.940 65675 INFO tempest.lib.common.rest_client [req-ebab379f-3626-4772-9d27-1f6454fa5ad7 req-ebab379f-3626-4772-9d27-1f6454fa5ad7 ] Request (FlavorsAccessNegativeTestJSON:tearDownClass): 200 GET http://10.180.1.21/networking/v2.0/security-groups?tenant_id=3da446d83bce4c09bb4bd4e014cc8feb&name=default 0.121s
2025-11-19 18:48:08.994 65705 INFO tempest.lib.common.rest_client [req-025c5691-fbf9-404a-9e06-92f272b73b44 req-025c5691-fbf9-404a-9e06-92f272b73b44 ] Request (ValidationResourcesFixture:setUp): 200 POST http://10.180.1.21/compute/v2.1/os-keypairs 5.966s
2025-11-19 18:48:09.024 65675 INFO tempest.lib.common.rest_client [req-7621836a-83fb-4add-b739-c01e20d68108 req-7621836a-83fb-4add-b739-c01e20d68108 ] Request (FlavorsAccessNegativeTestJSON:tearDownClass): 204 DELETE http://10.180.1.21/networking/v2.0/security-groups/95e4e079-986a-4669-b02d-d8768f9e451d 0.083s
2025-11-19 18:48:09.107 65675 INFO tempest.lib.common.rest_client [req-e333f159-e1d5-478a-ad37-e64a13d176a7 req-e333f159-e1d5-478a-ad37-e64a13d176a7 ] Request (FlavorsAccessNegativeTestJSON:tearDownClass): 204 DELETE http://10.180.1.21/identity/v3/projects/3da446d83bce4c09bb4bd4e014cc8feb 0.083s
2025-11-19 18:48:09.108 65675 INFO tempest.lib.common.dynamic_creds [-] Deleting project and security group for project: 0ae300e3af414b23b3b166199121ac7f
2025-11-19 18:48:09.149 65705 INFO tempest.lib.common.rest_client [req-0ffb4c38-4873-4bcf-b9b7-c7e4e0791ecc req-0ffb4c38-4873-4bcf-b9b7-c7e4e0791ecc ] Request (ValidationResourcesFixture:setUp): 201 POST http://10.180.1.21/networking/v2.0/security-groups 0.153s
2025-11-19 18:48:09.351 65675 INFO tempest.lib.common.rest_client [req-50d85489-8272-4878-9bef-843f929c3054 req-50d85489-8272-4878-9bef-843f929c3054 ] Request (FlavorsAccessNegativeTestJSON:tearDownClass): 200 GET http://10.180.1.21/networking/v2.0/security-groups?tenant_id=0ae300e3af414b23b3b166199121ac7f&name=default 0.243s
2025-11-19 18:48:09.442 65705 INFO tempest.lib.common.rest_client [req-e21d3167-0264-41b5-b351-ce8dec2ad092 req-e21d3167-0264-41b5-b351-ce8dec2ad092 ] Request (ValidationResourcesFixture:setUp): 201 POST http://10.180.1.21/networking/v2.0/security-group-rules 0.293s
2025-11-19 18:48:09.474 65667 INFO tempest.lib.common.rest_client [req-0bf1f42e-f098-4559-9af2-03d53f911650 req-0bf1f42e-f098-4559-9af2-03d53f911650 ] Request (ImagesTestJSON:test_create_image_from_suspended_server): 200 GET http://10.180.1.21/compute/v2.1/servers/21183848-d024-4417-8847-196d6f8d22d4 6.263s
2025-11-19 18:48:09.591 65675 INFO tempest.lib.common.rest_client [req-c8d59fd5-3bd4-4433-94cc-ba0275b152bd req-c8d59fd5-3bd4-4433-94cc-ba0275b152bd ] Request (FlavorsAccessNegativeTestJSON:tearDownClass): 204 DELETE http://10.180.1.21/networking/v2.0/security-groups/e75c1cab-5237-4015-82e4-ee0dc2af0102 0.239s
2025-11-19 18:48:09.678 65705 INFO tempest.lib.common.rest_client [req-ebf24c8e-56ad-45e0-b07a-04c062ac0494 req-ebf24c8e-56ad-45e0-b07a-04c062ac0494 ] Request (ValidationResourcesFixture:setUp): 201 POST http://10.180.1.21/networking/v2.0/security-group-rules 0.235s
2025-11-19 18:48:09.705 65675 INFO tempest.lib.common.rest_client [req-5e0e53a4-cf19-4a45-98df-f057f518e669 req-5e0e53a4-cf19-4a45-98df-f057f518e669 ] Request (FlavorsAccessNegativeTestJSON:tearDownClass): 204 DELETE http://10.180.1.21/identity/v3/projects/0ae300e3af414b23b3b166199121ac7f 0.113s
2025-11-19 18:48:09.768 65675 INFO tempest.lib.common.rest_client [req-93825cce-bf73-46a0-95dd-f565239ead3d req-93825cce-bf73-46a0-95dd-f565239ead3d ] Request (FlavorMetadataValidation:setUpClass): 201 POST http://10.180.1.21/identity/v3/auth/tokens 0.061s
2025-11-19 18:48:09.801 65675 INFO tempest.lib.common.rest_client [req-53f0b4a0-4d02-41db-b057-48a3f2ec2086 req-53f0b4a0-4d02-41db-b057-48a3f2ec2086 ] Request (FlavorMetadataValidation:setUpClass): 201 POST http://10.180.1.21/identity/v3/auth/tokens 0.030s
2025-11-19 18:48:09.829 65675 INFO tempest.lib.common.rest_client [req-75918a4b-46ed-412d-9102-f48544352bc4 req-75918a4b-46ed-412d-9102-f48544352bc4 ] Request (FlavorMetadataValidation:setUpClass): 200 GET http://10.180.1.21/identity/v3/domains?name=Default 0.028s
2025-11-19 18:48:09.860 65675 INFO tempest.lib.common.rest_client [req-885838fe-fad7-43f8-9364-6724910f1a41 req-885838fe-fad7-43f8-9364-6724910f1a41 ] Request (FlavorMetadataValidation:setUpClass): 201 POST http://10.180.1.21/identity/v3/projects 0.031s
2025-11-19 18:48:09.941 65675 INFO tempest.lib.common.rest_client [req-6378014f-17bb-455a-863a-93b14b4ce19b req-6378014f-17bb-455a-863a-93b14b4ce19b ] Request (FlavorMetadataValidation:setUpClass): 201 POST http://10.180.1.21/identity/v3/users 0.080s
2025-11-19 18:48:09.963 65675 INFO tempest.lib.common.rest_client [req-3f9eb17c-c09d-463c-96c9-a4d0490e96b2 req-3f9eb17c-c09d-463c-96c9-a4d0490e96b2 ] Request (FlavorMetadataValidation:setUpClass): 200 GET http://10.180.1.21/identity/v3/roles 0.022s
2025-11-19 18:48:09.991 65675 INFO tempest.lib.common.rest_client [req-d0b3638c-d43c-47de-92cf-063e908c8406 req-d0b3638c-d43c-47de-92cf-063e908c8406 ] Request (FlavorMetadataValidation:setUpClass): 204 PUT http://10.180.1.21/identity/v3/projects/b07e2085c70e434eaad0ea99167e9270/users/e357e51e33f24a03a3cd7885217216e2/roles/749426f8947e44e0aa0fe8d77cd864b2 0.027s
2025-11-19 18:48:09.991 65675 INFO tempest.lib.common.dynamic_creds [-] Dynamic test user e357e51e33f24a03a3cd7885217216e2 is created with scope project and roles: ['member']
2025-11-19 18:48:09.992 65675 INFO tempest.lib.common.dynamic_creds [-] Acquired dynamic creds: credentials: Credentials: {'domain_id': 'default', 'domain_name': 'Default', 'username': 'tempest-FlavorMetadataValidation-1643228857-project-member', 'project_domain_id': 'default', 'project_domain_name': 'Default', 'project_id': 'b07e2085c70e434eaad0ea99167e9270', 'project_name': 'tempest-FlavorMetadataValidation-1643228857', 'tenant_id': 'b07e2085c70e434eaad0ea99167e9270', 'tenant_name': 'tempest-FlavorMetadataValidation-1643228857', 'user_domain_id': 'default', 'user_domain_name': 'Default', 'user_id': 'e357e51e33f24a03a3cd7885217216e2', 'system': None}, Network: None, Subnet: None, Router: None
2025-11-19 18:48:09.992 65675 INFO tempest.lib.common.dynamic_creds [-] Created isolated network resources for: credentials: Credentials: {'domain_id': 'default', 'domain_name': 'Default', 'username': 'tempest-FlavorMetadataValidation-1643228857-project-member', 'project_domain_id': 'default', 'project_domain_name': 'Default', 'project_id': 'b07e2085c70e434eaad0ea99167e9270', 'project_name': 'tempest-FlavorMetadataValidation-1643228857', 'tenant_id': 'b07e2085c70e434eaad0ea99167e9270', 'tenant_name': 'tempest-FlavorMetadataValidation-1643228857', 'user_domain_id': 'default', 'user_domain_name': 'Default', 'user_id': 'e357e51e33f24a03a3cd7885217216e2', 'system': None}, Network: None, Subnet: None, Router: None
2025-11-19 18:48:10.092 65675 INFO tempest.lib.common.rest_client [req-caee66cc-e6ff-4841-b48a-2e10e9528293 req-caee66cc-e6ff-4841-b48a-2e10e9528293 ] Request (FlavorMetadataValidation:setUpClass): 201 POST http://10.180.1.21/identity/v3/auth/tokens 0.097s
2025-11-19 18:48:10.158 65675 INFO tempest.lib.common.rest_client [req-c483eeaf-488e-4ddc-81ed-e4bf98b4eb3d req-c483eeaf-488e-4ddc-81ed-e4bf98b4eb3d ] Request (FlavorMetadataValidation:setUpClass): 201 POST http://10.180.1.21/identity/v3/projects 0.066s
2025-11-19 18:48:10.217 65675 INFO tempest.lib.common.rest_client [req-4ae93bea-22cf-4641-a83b-19889a062533 req-4ae93bea-22cf-4641-a83b-19889a062533 ] Request (FlavorMetadataValidation:setUpClass): 201 POST http://10.180.1.21/identity/v3/users 0.058s
2025-11-19 18:48:10.238 65675 INFO tempest.lib.common.rest_client [req-65efc110-4fa9-49ef-8469-100cf17d7a38 req-65efc110-4fa9-49ef-8469-100cf17d7a38 ] Request (FlavorMetadataValidation:setUpClass): 200 GET http://10.180.1.21/identity/v3/roles 0.020s
2025-11-19 18:48:10.240 65705 INFO tempest.lib.common.rest_client [req-46e17746-f10c-4649-a377-c9275dc8d8b1 req-46e17746-f10c-4649-a377-c9275dc8d8b1 ] Request (ValidationResourcesFixture:setUp): 201 POST http://10.180.1.21/networking/v2.0/floatingips 0.562s
2025-11-19 18:48:10.267 65675 INFO tempest.lib.common.rest_client [req-9dcffa92-8998-4799-9dfe-2766cfcd3c37 req-9dcffa92-8998-4799-9dfe-2766cfcd3c37 ] Request (FlavorMetadataValidation:setUpClass): 204 PUT http://10.180.1.21/identity/v3/projects/c7c17c8da9ba472eb423f8e2c2fe3cf4/users/eff71c6793f04210812207f1e8bef561/roles/8240286be26c4c2f96d2532b856ddd40 0.028s
2025-11-19 18:48:10.308 65705 INFO tempest.lib.common.rest_client [req-fb80c2f9-afa0-4d80-b673-fe1ee54ee9a3 req-fb80c2f9-afa0-4d80-b673-fe1ee54ee9a3 ] Request (AttachInterfacesUnderV243Test:test_add_remove_fixed_ip): 201 POST http://10.180.1.21/identity/v3/auth/tokens 0.064s
2025-11-19 18:48:10.309 65705 INFO tempest.lib.common.fixed_network [-] (AttachInterfacesUnderV243Test:test_add_remove_fixed_ip) Found network {'id': '5d393c60-3c6e-47ec-9363-c1c43ef5a40d', 'name': 'tempest-AttachInterfacesUnderV243Test-417013851-network', 'tenant_id': '24e84a5efd3942b1894d54d98a2c7e99', 'project_id': '24e84a5efd3942b1894d54d98a2c7e99', 'admin_state_up': True, 'mtu': 8950, 'status': 'ACTIVE', 'subnets': [], 'shared': False, 'port_security_enabled': True, 'router:external': False, 'provider:network_type': 'vlan', 'provider:physical_network': 'default', 'provider:segmentation_id': 171, 'availability_zone_hints': [], 'availability_zones': [], 'ipv4_address_scope': None, 'ipv6_address_scope': None, 'description': '', 'tags': [], 'created_at': '2025-11-19T18:47:58Z', 'updated_at': '2025-11-19T18:47:58Z', 'revision_number': 1} available for tenant
2025-11-19 18:48:10.327 65675 INFO tempest.lib.common.rest_client [req-7f2c10a8-cacb-4ecf-bd20-a484c85d159e req-7f2c10a8-cacb-4ecf-bd20-a484c85d159e ] Request (FlavorMetadataValidation:setUpClass): 200 GET http://10.180.1.21/identity/v3/roles 0.060s
2025-11-19 18:48:10.350 65675 INFO tempest.lib.common.rest_client [req-f02f6b70-b1b3-4a3f-a4ed-0da71b32eb95 req-f02f6b70-b1b3-4a3f-a4ed-0da71b32eb95 ] Request (FlavorMetadataValidation:setUpClass): 204 PUT http://10.180.1.21/identity/v3/projects/c7c17c8da9ba472eb423f8e2c2fe3cf4/users/eff71c6793f04210812207f1e8bef561/roles/8240286be26c4c2f96d2532b856ddd40 0.023s
2025-11-19 18:48:10.351 65675 INFO tempest.lib.common.dynamic_creds [-] Dynamic test user eff71c6793f04210812207f1e8bef561 is created with scope project and roles: ['admin']
2025-11-19 18:48:10.351 65675 INFO tempest.lib.common.dynamic_creds [-] Acquired dynamic creds: credentials: Credentials: {'domain_id': 'default', 'domain_name': 'Default', 'username': 'tempest-FlavorMetadataValidation-1047368874-project-admin', 'project_domain_id': 'default', 'project_domain_name': 'Default', 'project_id': 'c7c17c8da9ba472eb423f8e2c2fe3cf4', 'project_name': 'tempest-FlavorMetadataValidation-1047368874', 'tenant_id': 'c7c17c8da9ba472eb423f8e2c2fe3cf4', 'tenant_name': 'tempest-FlavorMetadataValidation-1047368874', 'user_domain_id': 'default', 'user_domain_name': 'Default', 'user_id': 'eff71c6793f04210812207f1e8bef561', 'system': None}, Network: None, Subnet: None, Router: None
2025-11-19 18:48:10.351 65675 INFO tempest.lib.common.dynamic_creds [-] Created isolated network resources for: credentials: Credentials: {'domain_id': 'default', 'domain_name': 'Default', 'username': 'tempest-FlavorMetadataValidation-1047368874-project-admin', 'project_domain_id': 'default', 'project_domain_name': 'Default', 'project_id': 'c7c17c8da9ba472eb423f8e2c2fe3cf4', 'project_name': 'tempest-FlavorMetadataValidation-1047368874', 'tenant_id': 'c7c17c8da9ba472eb423f8e2c2fe3cf4', 'tenant_name': 'tempest-FlavorMetadataValidation-1047368874', 'user_domain_id': 'default', 'user_domain_name': 'Default', 'user_id': 'eff71c6793f04210812207f1e8bef561', 'system': None}, Network: None, Subnet: None, Router: None
2025-11-19 18:48:10.457 65675 INFO tempest.lib.common.rest_client [req-f8ee6d74-a9bb-46dd-855e-9ec19e36b26d req-f8ee6d74-a9bb-46dd-855e-9ec19e36b26d ] Request (FlavorMetadataValidation:setUpClass): 201 POST http://10.180.1.21/identity/v3/auth/tokens 0.101s
2025-11-19 18:48:10.661 65685 INFO tempest.lib.common.rest_client [req-53b43fe6-4051-4847-bddd-af00e7456892 req-53b43fe6-4051-4847-bddd-af00e7456892 ] Request (FloatingIPsAssociationTestJSON:setUpClass): 202 POST http://10.180.1.21/compute/v2.1/servers 7.277s
2025-11-19 18:48:10.775 65715 INFO tempest.lib.common.rest_client [req-4e24e8bf-493c-4d54-9936-8a05403e5067 req-4e24e8bf-493c-4d54-9936-8a05403e5067 ] Request (ServerRescueTestJSON:setUpClass): 200 POST http://10.180.1.21/compute/v2.1/servers/9a8a66e3-e763-45f3-a694-6175dca3a37b/action 7.167s
2025-11-19 18:48:10.864 65695 INFO tempest.lib.common.rest_client [req-429bb2a3-9557-4ec0-a1a8-9753ffbbde3f req-429bb2a3-9557-4ec0-a1a8-9753ffbbde3f ] Request (ServerGroupTestJSON:test_create_delete_multiple_server_groups_with_same_name_policy): 200 POST http://10.180.1.21/compute/v2.1/os-server-groups 7.041s
2025-11-19 18:48:11.014 65709 INFO tempest.lib.common.rest_client [req-6d265f45-9211-415c-b3e1-423848d466d5 req-6d265f45-9211-415c-b3e1-423848d466d5 ] Request (ServersTestFqdnHostnames:tearDownClass): 200 GET http://10.180.1.21/compute/v2.1/servers/9425321f-5eda-4086-ab09-19276a238a86 7.093s
2025-11-19 18:48:12.279 65703 WARNING tempest.lib.common.ssh [-] Failed to establish authenticated ssh connection to cirros@10.180.180.140 ([Errno None] Unable to connect to port 22 on 10.180.180.140). Number attempts: 7. Retry after 8 seconds.: paramiko.ssh_exception.NoValidConnectionsError: [Errno None] Unable to connect to port 22 on 10.180.180.140
2025-11-19 18:48:12.517 65723 INFO tempest.lib.common.rest_client [req-93641180-30bd-4dbe-ba54-d403e0b5d834 req-93641180-30bd-4dbe-ba54-d403e0b5d834 ] Request (ServersAdminNegativeTestJSON:setUpClass): 200 GET http://10.180.1.21/compute/v2.1/servers/afe64b1d-598a-46a5-bbe4-923352d6b3db 8.558s
2025-11-19 18:48:12.525 65723 INFO tempest.common.waiters [-] State transition "BUILD/None" ==> "BUILD/spawning" after 10 second wait
2025-11-19 18:48:12.712 65697 INFO tempest.lib.common.rest_client [req-1db60576-a7d8-4acc-909a-97cb80bbd982 req-1db60576-a7d8-4acc-909a-97cb80bbd982 ] Request (ServerRescueTestJSONUnderV235:setUpClass): 200 GET http://10.180.1.21/compute/v2.1/servers/29d94691-9732-4ed4-b67f-5218a96ad1ef 7.100s
2025-11-19 18:48:12.766 65717 INFO tempest.lib.common.rest_client [req-fbf57980-eac1-4d53-96bd-11c052c5479d req-fbf57980-eac1-4d53-96bd-11c052c5479d ] Request (MigrationsAdminTest:test_list_migrations_in_flavor_resize_situation): 200 GET http://10.180.1.21/compute/v2.1/servers/889a5965-48c7-43bb-945a-2ab8053892c8 6.979s
2025-11-19 18:48:12.793 65683 INFO tempest.lib.common.rest_client [req-b5a8a94a-fe55-49b2-b4ab-573e13d18e91 req-b5a8a94a-fe55-49b2-b4ab-573e13d18e91 ] Request (ServerAddressesNegativeTestJSON:test_list_server_addresses_by_network_neg): 404 GET http://10.180.1.21/compute/v2.1/servers/24c1cf6b-6004-4699-8bb5-705ff7cf45f8/ips/invalid 6.757s
2025-11-19 18:48:13.277 65691 INFO tempest.lib.common.rest_client [req-f48a204c-93d6-4df0-ae4a-2ba6b0b040e4 req-f48a204c-93d6-4df0-ae4a-2ba6b0b040e4 ] Request (ServersTestJSON:test_create_server_specify_multibyte_character_name): 202 POST http://10.180.1.21/compute/v2.1/servers 7.038s
2025-11-19 18:48:13.326 65681 INFO tempest.lib.common.rest_client [req-74be0545-8c3f-45d0-83d0-0c7298934372 req-74be0545-8c3f-45d0-83d0-0c7298934372 ] Request (VolumesTestJSON:setUpClass): 200 GET http://10.180.1.21/compute/v2.1/os-volumes/5d60e298-0ca5-4814-8eea-b434b2c392d9 6.127s
2025-11-19 18:48:13.488 65681 INFO tempest.lib.common.rest_client [req-4405e0cb-75ed-4aa9-bb41-f243193d01ff req-4405e0cb-75ed-4aa9-bb41-f243193d01ff ] Request (VolumesTestJSON:setUpClass): 202 POST http://10.180.1.21/volume/v3/volumes 0.159s
2025-11-19 18:48:13.525 65681 INFO tempest.lib.common.rest_client [req-38962f6a-29d1-40e9-a23a-9c0fa231ec0e req-38962f6a-29d1-40e9-a23a-9c0fa231ec0e ] Request (VolumesTestJSON:setUpClass): 200 GET http://10.180.1.21/volume/v3/volumes/2c03845c-eff9-4f18-9f7e-d113f1b6f197 0.030s
2025-11-19 18:48:14.575 65681 INFO tempest.lib.common.rest_client [req-4858ff18-5402-4aa9-83c3-dac782346802 req-4858ff18-5402-4aa9-83c3-dac782346802 ] Request (VolumesTestJSON:setUpClass): 200 GET http://10.180.1.21/volume/v3/volumes/2c03845c-eff9-4f18-9f7e-d113f1b6f197 0.040s
2025-11-19 18:48:14.583 65681 INFO tempest.common.waiters [-] volume 2c03845c-eff9-4f18-9f7e-d113f1b6f197 reached available after waiting for 1.582987 seconds
2025-11-19 18:48:15.020 65690 INFO tempest.lib.common.rest_client [req-4bfdbad1-82a0-4346-b422-4d21db497da3 req-4bfdbad1-82a0-4346-b422-4d21db497da3 ] Request (FloatingIPsAssociationNegativeTestJSON:_run_cleanups): 202 POST http://10.180.1.21/compute/v2.1/servers/ba71e8b4-2dd9-49c2-a1c9-166ce2151bc6/action 7.570s
2025-11-19 18:48:15.047 65677 INFO tempest.lib.common.rest_client [req-013f68a4-ba46-4fe3-ab7c-e07ed8f72b4e req-013f68a4-ba46-4fe3-ab7c-e07ed8f72b4e ] Request (FlavorsAdminTestJSON:test_is_public_string_variations): 200 POST http://10.180.1.21/compute/v2.1/flavors 7.562s
2025-11-19 18:48:15.282 65669 INFO tempest.lib.common.rest_client [req-a22eadbb-492a-4b28-a069-8882d25a2221 req-a22eadbb-492a-4b28-a069-8882d25a2221 ] Request (ServersTestMultiNic:test_verify_duplicate_network_nics): 200 GET http://10.180.1.21/compute/v2.1/servers/83d0dec9-dd22-4254-9073-2d30b8bc3004 7.724s
2025-11-19 18:48:15.293 65669 INFO tempest.common.waiters [-] State transition "BUILD/spawning" ==> "ACTIVE/None" after 33 second wait
2025-11-19 18:48:15.382 65673 INFO tempest.lib.common.rest_client [req-efac9efe-d5fb-4708-8fa3-f697a1317205 req-efac9efe-d5fb-4708-8fa3-f697a1317205 ] Request (ServersListShow296Test:test_list_show_update_rebuild_server_296): 200 GET http://10.180.1.21/compute/v2.1/servers/fca440b5-be5f-4733-9f1b-df608eb94a1f 7.796s
2025-11-19 18:48:15.445 65711 INFO tempest.lib.common.rest_client [req-d163fa19-17df-4691-a85e-be62066814a3 req-d163fa19-17df-4691-a85e-be62066814a3 ] Request (ServerTagsTestJSON:_run_cleanups): 204 DELETE http://10.180.1.21/compute/v2.1/servers/2a28c451-3aa1-439e-9d87-05a6b1cf9d5c/tags 7.844s
2025-11-19 18:48:15.633 65671 INFO tempest.lib.common.rest_client [req-ef35f09d-6bc9-4de4-a7e7-dca12752bc6c req-ef35f09d-6bc9-4de4-a7e7-dca12752bc6c ] Request (AggregatesAdminNegativeTestJSON:test_aggregate_remove_host_as_user): 200 POST http://10.180.1.21/compute/v2.1/os-aggregates/7/action 8.001s
2025-11-19 18:48:15.663 65725 INFO tempest.lib.common.rest_client [req-e0e3ec0c-5b7c-413a-9cfd-46ce5e9eec8b req-e0e3ec0c-5b7c-413a-9cfd-46ce5e9eec8b ] Request (ImagesNegativeTestJSON:tearDownClass): 404 GET http://10.180.1.21/compute/v2.1/servers/5a5081c5-316c-46fd-b959-7b02e2cb1570 8.003s
2025-11-19 18:48:15.739 65701 WARNING tempest.lib.common.ssh [-] Failed to establish authenticated ssh connection to cirros@10.180.180.214 ([Errno None] Unable to connect to port 22 on 10.180.180.214). Number attempts: 7. Retry after 8 seconds.: paramiko.ssh_exception.NoValidConnectionsError: [Errno None] Unable to connect to port 22 on 10.180.180.214
2025-11-19 18:48:15.912 65730 INFO tempest.lib.common.rest_client [req-df8a8e2c-def2-40bb-821f-c7e45f978dcf req-df8a8e2c-def2-40bb-821f-c7e45f978dcf ] Request (SecurityGroupRulesTestJSON:test_security_group_rules_delete_when_peer_group_deleted): 200 POST http://10.180.1.21/compute/v2.1/os-security-group-rules 8.048s
2025-11-19 18:48:15.953 65721 INFO tempest.lib.common.rest_client [req-e16927e7-4a0c-4e55-a2a0-a56792875dca req-e16927e7-4a0c-4e55-a2a0-a56792875dca ] Request (ImagesMetadataTestJSON:test_update_image_metadata): 200 GET http://10.180.1.21/compute/v2.1/images/6983bfb3-fc1b-46ce-b772-1eeb3c4dd1ea/metadata 7.957s
2025-11-19 18:48:16.054 65721 INFO tempest.lib.common.rest_client [req-f89a1dbc-c44f-4d6d-9d68-ba4ac736a998 req-f89a1dbc-c44f-4d6d-9d68-ba4ac736a998 ] Request (ImagesMetadataTestJSON:tearDownClass): 204 DELETE http://10.180.1.21/image/v2/images/6983bfb3-fc1b-46ce-b772-1eeb3c4dd1ea 0.099s
2025-11-19 18:48:16.088 65719 INFO tempest.lib.common.rest_client [req-0d3c3a24-d80e-4c89-a357-612c15f8523e req-0d3c3a24-d80e-4c89-a357-612c15f8523e ] Request (ServerDiskConfigTestJSON:_run_cleanups): 204 DELETE http://10.180.1.21/compute/v2.1/servers/ec40d182-7a65-4bdd-a948-4bfe0345ba29 7.595s
2025-11-19 18:48:16.163 65719 INFO tempest.lib.common.rest_client [req-d1664c07-8a79-48ca-aef5-f9eb84b99d12 req-d1664c07-8a79-48ca-aef5-f9eb84b99d12 ] Request (ServerDiskConfigTestJSON:test_rebuild_server_with_manual_disk_config): 201 POST http://10.180.1.21/identity/v3/auth/tokens 0.069s
2025-11-19 18:48:16.163 65719 INFO tempest.lib.common.fixed_network [-] (ServerDiskConfigTestJSON:test_rebuild_server_with_manual_disk_config) Found network {'id': 'be05efe0-5e28-42ad-9cfe-a09b784cbaae', 'name': 'tempest-ServerDiskConfigTestJSON-616496041-network', 'tenant_id': 'c91c018c7d74401890017a938d48c99f', 'project_id': 'c91c018c7d74401890017a938d48c99f', 'admin_state_up': True, 'mtu': 8950, 'status': 'ACTIVE', 'subnets': [], 'shared': False, 'port_security_enabled': True, 'router:external': False, 'provider:network_type': 'vlan', 'provider:physical_network': 'default', 'provider:segmentation_id': 570, 'availability_zone_hints': [], 'availability_zones': [], 'ipv4_address_scope': None, 'ipv6_address_scope': None, 'description': '', 'tags': [], 'created_at': '2025-11-19T18:47:07Z', 'updated_at': '2025-11-19T18:47:07Z', 'revision_number': 1} available for tenant
2025-11-19 18:48:16.248 65721 INFO tempest.lib.common.rest_client [req-be70eb6e-379a-43fd-b5c5-6776fa033748 req-be70eb6e-379a-43fd-b5c5-6776fa033748 ] Request (ImagesMetadataTestJSON:tearDownClass): 204 DELETE http://10.180.1.21/identity/v3/users/f42fd6969c4f440cbcae2b4c8865e5d7 0.194s
2025-11-19 18:48:16.249 65721 INFO tempest.lib.common.dynamic_creds [-] Deleting project and security group for project: 6ee28c69dc3243c983350071ccd6c8fc
2025-11-19 18:48:16.343 65721 INFO tempest.lib.common.rest_client [req-683e2c01-a877-4222-aea0-c5439f9253b0 req-683e2c01-a877-4222-aea0-c5439f9253b0 ] Request (ImagesMetadataTestJSON:tearDownClass): 201 POST http://10.180.1.21/identity/v3/auth/tokens 0.094s
2025-11-19 18:48:16.361 65707 INFO tempest.lib.common.rest_client [req-4a9532db-1f1a-4532-aa81-f18be22cf946 req-4a9532db-1f1a-4532-aa81-f18be22cf946 ] Request (ServersAdminTestJSON:setUpClass): 200 GET http://10.180.1.21/compute/v2.1/servers/f809fdd3-4f64-43a8-a9c0-732e2c3b676b 7.759s
2025-11-19 18:48:16.369 65707 INFO tempest.common.waiters [-] State transition "BUILD/networking" ==> "BUILD/spawning" after 9 second wait
2025-11-19 18:48:16.597 65693 INFO tempest.lib.common.rest_client [req-ce106198-9b33-4015-b1e3-ae4d513a100c req-ce106198-9b33-4015-b1e3-ae4d513a100c ] Request (QuotasAdminTestV257:test_get_updated_quotas): 200 PUT http://10.180.1.21/compute/v2.1/os-quota-sets/251f69d63039476c9e378d3b539a190f?user_id=09ab256d3339459299fa16999c780af1 7.834s
2025-11-19 18:48:16.622 65713 INFO tempest.lib.common.rest_client [req-a6a363d6-73f8-41ed-9d0e-58d2cfa020da req-a6a363d6-73f8-41ed-9d0e-58d2cfa020da ] Request (DeleteServersAdminTestJSON:tearDownClass): 404 GET http://10.180.1.21/compute/v2.1/servers/ecbec47f-9841-4580-91fd-bc9a748f43db 7.751s
2025-11-19 18:48:16.706 65721 INFO tempest.lib.common.rest_client [req-a46e9679-39aa-47d5-bda4-a7c6fcaa5c9a req-a46e9679-39aa-47d5-bda4-a7c6fcaa5c9a ] Request (ImagesMetadataTestJSON:tearDownClass): 200 GET http://10.180.1.21/networking/v2.0/security-groups?tenant_id=6ee28c69dc3243c983350071ccd6c8fc&name=default 0.363s
2025-11-19 18:48:16.719 65725 INFO tempest.lib.common.rest_client [req-47292d8a-4e68-4be7-98b1-881a512321f0 req-47292d8a-4e68-4be7-98b1-881a512321f0 ] Request (ImagesNegativeTestJSON:tearDownClass): 200 PUT http://10.180.1.21/networking/v2.0/routers/d41b3ad1-6848-4eb7-b82b-22e897a7c62f/remove_router_interface 1.056s
2025-11-19 18:48:16.835 65721 INFO tempest.lib.common.rest_client [req-c54b7200-e53d-49b5-b339-d009b6bb77e9 req-c54b7200-e53d-49b5-b339-d009b6bb77e9 ] Request (ImagesMetadataTestJSON:tearDownClass): 204 DELETE http://10.180.1.21/networking/v2.0/security-groups/1200690c-b6b3-4749-a83d-f5246daf976e 0.128s
2025-11-19 18:48:16.912 65721 INFO tempest.lib.common.rest_client [req-d9eee7ef-bb77-453c-9dd5-b900cf7c5ddc req-d9eee7ef-bb77-453c-9dd5-b900cf7c5ddc ] Request (ImagesMetadataTestJSON:tearDownClass): 204 DELETE http://10.180.1.21/identity/v3/projects/6ee28c69dc3243c983350071ccd6c8fc 0.076s
2025-11-19 18:48:16.972 65699 INFO tempest.lib.common.rest_client [req-4e4db7bd-60c3-4dce-a995-d265cabe61d3 req-4e4db7bd-60c3-4dce-a995-d265cabe61d3 ] Request (ImagesOneServerNegativeTestJSON:tearDown): 200 GET http://10.180.1.21/compute/v2.1/servers/afd4d0ce-df3b-4557-bcb8-a62de7a292f7 7.112s
2025-11-19 18:48:16.981 65699 INFO tempest.common.waiters [-] State transition "ACTIVE/image_uploading" ==> "ACTIVE/None" after 8 second wait
2025-11-19 18:48:17.020 65721 INFO tempest.lib.common.rest_client [req-0611866a-cc01-47a4-86bd-45a197f8f273 req-0611866a-cc01-47a4-86bd-45a197f8f273 ] Request (ListImagesTestJSON:setUpClass): 201 POST http://10.180.1.21/identity/v3/auth/tokens 0.106s
2025-11-19 18:48:17.061 65721 INFO tempest.lib.common.rest_client [req-77a8d27d-530d-45fc-b878-618457596eaa req-77a8d27d-530d-45fc-b878-618457596eaa ] Request (ListImagesTestJSON:setUpClass): 201 POST http://10.180.1.21/identity/v3/auth/tokens 0.037s
2025-11-19 18:48:17.106 65721 INFO tempest.lib.common.rest_client [req-d01cc758-f639-44c6-8df0-d71ea35f8c2f req-d01cc758-f639-44c6-8df0-d71ea35f8c2f ] Request (ListImagesTestJSON:setUpClass): 200 GET http://10.180.1.21/identity/v3/domains?name=Default 0.045s
