2025-11-19 18:47:13.821 65707 INFO tempest.common.waiters [-] State transition "REBUILD/rebuild_block_device_mapping" ==> "REBUILD/rebuild_spawning" after 5 second wait
2025-11-19 18:47:13.868 65717 INFO tempest.lib.common.rest_client [req-2a799eef-b98b-4e73-a426-4af41afee36d req-2a799eef-b98b-4e73-a426-4af41afee36d ] Request (FlavorsExtraSpecsTestJSON:tearDownClass): 204 DELETE http://10.180.1.21/identity/v3/projects/98355d2be1be44fa852b0049ce7aa431 0.133s
2025-11-19 18:47:13.936 65717 INFO tempest.lib.common.rest_client [req-47fa9b42-d711-48ea-9edd-2b1d6ba810b5 req-47fa9b42-d711-48ea-9edd-2b1d6ba810b5 ] Request (HostsAdminTestJSON:setUpClass): 201 POST http://10.180.1.21/identity/v3/auth/tokens 0.066s
2025-11-19 18:47:13.981 65717 INFO tempest.lib.common.rest_client [req-9be1639f-5e2c-40ca-a0b8-7b98353ce7a5 req-9be1639f-5e2c-40ca-a0b8-7b98353ce7a5 ] Request (HostsAdminTestJSON:setUpClass): 201 POST http://10.180.1.21/identity/v3/auth/tokens 0.037s
2025-11-19 18:47:14.030 65717 INFO tempest.lib.common.rest_client [req-7136a4a6-2815-4eac-980d-9ca62940cb35 req-7136a4a6-2815-4eac-980d-9ca62940cb35 ] Request (HostsAdminTestJSON:setUpClass): 200 GET http://10.180.1.21/identity/v3/domains?name=Default 0.049s
2025-11-19 18:47:14.076 65717 INFO tempest.lib.common.rest_client [req-4c6de167-faab-4b9d-88b3-3d8c6bcd32a6 req-4c6de167-faab-4b9d-88b3-3d8c6bcd32a6 ] Request (HostsAdminTestJSON:setUpClass): 201 POST http://10.180.1.21/identity/v3/projects 0.045s
2025-11-19 18:47:14.076 65730 INFO tempest.lib.common.rest_client [req-5bca4c85-65c3-45b1-85d0-e08d42e35f03 req-5bca4c85-65c3-45b1-85d0-e08d42e35f03 ] Request (FloatingIPDetailsTestJSON:tearDownClass): 204 DELETE http://10.180.1.21/networking/v2.0/networks/828b984f-59eb-4414-a912-ef0f1e69fae9 0.717s
2025-11-19 18:47:14.146 65679 INFO tempest.lib.common.rest_client [req-00db063b-83fa-4141-9598-3dbf0d0b97df req-00db063b-83fa-4141-9598-3dbf0d0b97df ] Request (ServersV294TestFqdnHostnames:setUpClass): 200 GET http://10.180.1.21/compute/v2.1/servers/2d9a8a87-1808-4cba-b8c0-676dbf9b7845 4.936s
2025-11-19 18:47:14.164 65717 INFO tempest.lib.common.rest_client [req-00b6ca43-3bb1-4989-afaf-d231e7905fdd req-00b6ca43-3bb1-4989-afaf-d231e7905fdd ] Request (HostsAdminTestJSON:setUpClass): 201 POST http://10.180.1.21/identity/v3/users 0.087s
2025-11-19 18:47:14.167 65679 INFO tempest.common.waiters [-] State transition "BUILD/None" ==> "BUILD/block_device_mapping" after 6 second wait
2025-11-19 18:47:14.174 65671 INFO tempest.lib.common.rest_client [req-2ebb79e8-515b-46d9-9291-78fcbbc1f339 req-2ebb79e8-515b-46d9-9291-78fcbbc1f339 ] Request (AggregatesAdminNegativeTestJSON:test_aggregate_create_with_existent_aggregate_name): 409 POST http://10.180.1.21/compute/v2.1/os-aggregates 4.164s
2025-11-19 18:47:14.211 65730 INFO tempest.lib.common.rest_client [req-6a257920-3969-4bb1-8c11-8369694fda67 req-6a257920-3969-4bb1-8c11-8369694fda67 ] Request (FloatingIPDetailsTestJSON:tearDownClass): 204 DELETE http://10.180.1.21/identity/v3/users/17f7daa6ea974fba8e3b1a1eb6bf979e 0.134s
2025-11-19 18:47:14.212 65730 INFO tempest.lib.common.dynamic_creds [-] Deleting project and security group for project: 6eaba3dcc24143ad84dce73f5a00cc54
2025-11-19 18:47:14.301 65717 INFO tempest.lib.common.rest_client [req-f454d706-f2bf-454c-9ae3-84100908fabe req-f454d706-f2bf-454c-9ae3-84100908fabe ] Request (HostsAdminTestJSON:setUpClass): 200 GET http://10.180.1.21/identity/v3/roles 0.137s
2025-11-19 18:47:14.335 65717 INFO tempest.lib.common.rest_client [req-2b1e7d53-c813-4181-bb55-4e4fb5d0fa55 req-2b1e7d53-c813-4181-bb55-4e4fb5d0fa55 ] Request (HostsAdminTestJSON:setUpClass): 204 PUT http://10.180.1.21/identity/v3/projects/a1b011d92e7e489a9febae5b0569f773/users/774320039a7042d1a4fa1d098888c2c4/roles/749426f8947e44e0aa0fe8d77cd864b2 0.033s
2025-11-19 18:47:14.336 65717 INFO tempest.lib.common.dynamic_creds [-] Dynamic test user 774320039a7042d1a4fa1d098888c2c4 is created with scope project and roles: ['member']
2025-11-19 18:47:14.336 65717 INFO tempest.lib.common.dynamic_creds [-] Acquired dynamic creds: credentials: Credentials: {'domain_id': 'default', 'domain_name': 'Default', 'username': 'tempest-HostsAdminTestJSON-136116427-project-member', 'project_domain_id': 'default', 'project_domain_name': 'Default', 'project_id': 'a1b011d92e7e489a9febae5b0569f773', 'project_name': 'tempest-HostsAdminTestJSON-136116427', 'tenant_id': 'a1b011d92e7e489a9febae5b0569f773', 'tenant_name': 'tempest-HostsAdminTestJSON-136116427', 'user_domain_id': 'default', 'user_domain_name': 'Default', 'user_id': '774320039a7042d1a4fa1d098888c2c4', 'system': None}, Network: None, Subnet: None, Router: None
2025-11-19 18:47:14.336 65717 INFO tempest.lib.common.dynamic_creds [-] Created isolated network resources for: credentials: Credentials: {'domain_id': 'default', 'domain_name': 'Default', 'username': 'tempest-HostsAdminTestJSON-136116427-project-member', 'project_domain_id': 'default', 'project_domain_name': 'Default', 'project_id': 'a1b011d92e7e489a9febae5b0569f773', 'project_name': 'tempest-HostsAdminTestJSON-136116427', 'tenant_id': 'a1b011d92e7e489a9febae5b0569f773', 'tenant_name': 'tempest-HostsAdminTestJSON-136116427', 'user_domain_id': 'default', 'user_domain_name': 'Default', 'user_id': '774320039a7042d1a4fa1d098888c2c4', 'system': None}, Network: None, Subnet: None, Router: None
2025-11-19 18:47:14.345 65669 INFO tempest.lib.common.rest_client [req-055837e9-ba82-4181-8902-f3e3cf00fe84 req-055837e9-ba82-4181-8902-f3e3cf00fe84 ] Request (SecurityGroupsTestAdminJSON:_run_cleanups): 202 DELETE http://10.180.1.21/compute/v2.1/os-security-groups/58495648-d5cf-477e-ad8f-23a2a9ebb412 4.388s
2025-11-19 18:47:14.416 65730 INFO tempest.lib.common.rest_client [req-fe0c79ab-6bce-4f7f-bd3d-7e1e5f604a0b req-fe0c79ab-6bce-4f7f-bd3d-7e1e5f604a0b ] Request (FloatingIPDetailsTestJSON:tearDownClass): 200 GET http://10.180.1.21/networking/v2.0/security-groups?tenant_id=6eaba3dcc24143ad84dce73f5a00cc54&name=default 0.203s
2025-11-19 18:47:14.419 65717 INFO tempest.lib.common.rest_client [req-b7d36c2e-2bcb-49f0-9774-a29efe14cdd3 req-b7d36c2e-2bcb-49f0-9774-a29efe14cdd3 ] Request (HostsAdminTestJSON:setUpClass): 201 POST http://10.180.1.21/identity/v3/auth/tokens 0.078s
2025-11-19 18:47:14.496 65717 INFO tempest.lib.common.rest_client [req-a174289b-9e74-4941-aa70-dd0d6abac27f req-a174289b-9e74-4941-aa70-dd0d6abac27f ] Request (HostsAdminTestJSON:setUpClass): 201 POST http://10.180.1.21/identity/v3/projects 0.076s
2025-11-19 18:47:14.504 65711 INFO tempest.lib.common.rest_client [req-7ba17909-5376-4f6f-bb9a-9531ee4619be req-7ba17909-5376-4f6f-bb9a-9531ee4619be ] Request (InstanceActionsNegativeTestJSON:tearDownClass): 200 GET http://10.180.1.21/compute/v2.1/servers/84a013e9-1697-4ebd-82e9-a5b3ce2451ff 4.328s
2025-11-19 18:47:14.566 65717 INFO tempest.lib.common.rest_client [req-a443c086-3a65-426d-ab0d-aea24f6e4200 req-a443c086-3a65-426d-ab0d-aea24f6e4200 ] Request (HostsAdminTestJSON:setUpClass): 201 POST http://10.180.1.21/identity/v3/users 0.070s
2025-11-19 18:47:14.590 65717 INFO tempest.lib.common.rest_client [req-fcf7dc03-aa64-4bfb-854c-ec93e84e405c req-fcf7dc03-aa64-4bfb-854c-ec93e84e405c ] Request (HostsAdminTestJSON:setUpClass): 200 GET http://10.180.1.21/identity/v3/roles 0.023s
2025-11-19 18:47:14.594 65730 INFO tempest.lib.common.rest_client [req-fd90cae0-dd00-476e-bd7a-9784864a1678 req-fd90cae0-dd00-476e-bd7a-9784864a1678 ] Request (FloatingIPDetailsTestJSON:tearDownClass): 204 DELETE http://10.180.1.21/networking/v2.0/security-groups/281ba540-dad5-4eb3-a684-2008a15b1f93 0.178s
2025-11-19 18:47:14.620 65717 INFO tempest.lib.common.rest_client [req-264f7aac-dc3b-4c80-812b-1afc8c595e67 req-264f7aac-dc3b-4c80-812b-1afc8c595e67 ] Request (HostsAdminTestJSON:setUpClass): 204 PUT http://10.180.1.21/identity/v3/projects/a06dba81e76b4bb09bd2b9b4e2cc6663/users/df836616fd4b4307ade81bcd918d3fd1/roles/8240286be26c4c2f96d2532b856ddd40 0.030s
2025-11-19 18:47:14.667 65730 INFO tempest.lib.common.rest_client [req-986e5db2-e528-4d01-a6cc-1d76c3b3a8c7 req-986e5db2-e528-4d01-a6cc-1d76c3b3a8c7 ] Request (FloatingIPDetailsTestJSON:tearDownClass): 204 DELETE http://10.180.1.21/identity/v3/projects/6eaba3dcc24143ad84dce73f5a00cc54 0.073s
2025-11-19 18:47:14.701 65690 INFO tempest.lib.common.rest_client [req-bb4db9d4-1b4f-4210-9330-cbbb8da310aa req-bb4db9d4-1b4f-4210-9330-cbbb8da310aa ] Request (FloatingIPsAssociationNegativeTestJSON:setUpClass): 200 GET http://10.180.1.21/compute/v2.1/servers/ba71e8b4-2dd9-49c2-a1c9-166ce2151bc6 4.493s
2025-11-19 18:47:14.731 65717 INFO tempest.lib.common.rest_client [req-a2e96c4d-2c9c-4099-87f3-1991e3c9e42a req-a2e96c4d-2c9c-4099-87f3-1991e3c9e42a ] Request (HostsAdminTestJSON:setUpClass): 200 GET http://10.180.1.21/identity/v3/roles 0.110s
2025-11-19 18:47:14.747 65691 INFO tempest.lib.common.rest_client [req-4f638160-9010-4f22-a4f0-bfa0508044ea req-4f638160-9010-4f22-a4f0-bfa0508044ea ] Request (InstanceActionsTestJSON:test_get_instance_action): 200 GET http://10.180.1.21/compute/v2.1/servers/2f3b6471-cf5e-4d8c-84f6-9956e83d4811/os-instance-actions/req-20e68677-4456-466a-adc4-e11198acd1ec 4.385s
2025-11-19 18:47:14.755 65695 INFO tempest.lib.common.rest_client [req-0fd530ae-329f-42f2-b582-41d003a2890d req-0fd530ae-329f-42f2-b582-41d003a2890d ] Request (HypervisorAdminNegativeTestJSON:test_get_hypervisor_list_with_non_admin_user): 403 GET http://10.180.1.21/compute/v2.1/os-hypervisors 4.317s
2025-11-19 18:47:14.757 65730 INFO tempest.lib.common.rest_client [req-2e0db2c6-5f29-4e43-9387-af1a296a81d5 req-2e0db2c6-5f29-4e43-9387-af1a296a81d5 ] Request (SecurityGroupRulesTestJSON:setUpClass): 201 POST http://10.180.1.21/identity/v3/auth/tokens 0.088s
2025-11-19 18:47:14.763 65717 INFO tempest.lib.common.rest_client [req-ed83a4ac-6d9c-49af-8f2d-13d9af2c1517 req-ed83a4ac-6d9c-49af-8f2d-13d9af2c1517 ] Request (HostsAdminTestJSON:setUpClass): 204 PUT http://10.180.1.21/identity/v3/projects/a06dba81e76b4bb09bd2b9b4e2cc6663/users/df836616fd4b4307ade81bcd918d3fd1/roles/8240286be26c4c2f96d2532b856ddd40 0.031s
2025-11-19 18:47:14.763 65717 INFO tempest.lib.common.dynamic_creds [-] Dynamic test user df836616fd4b4307ade81bcd918d3fd1 is created with scope project and roles: ['admin']
2025-11-19 18:47:14.763 65717 INFO tempest.lib.common.dynamic_creds [-] Acquired dynamic creds: credentials: Credentials: {'domain_id': 'default', 'domain_name': 'Default', 'username': 'tempest-HostsAdminTestJSON-1114538466-project-admin', 'project_domain_id': 'default', 'project_domain_name': 'Default', 'project_id': 'a06dba81e76b4bb09bd2b9b4e2cc6663', 'project_name': 'tempest-HostsAdminTestJSON-1114538466', 'tenant_id': 'a06dba81e76b4bb09bd2b9b4e2cc6663', 'tenant_name': 'tempest-HostsAdminTestJSON-1114538466', 'user_domain_id': 'default', 'user_domain_name': 'Default', 'user_id': 'df836616fd4b4307ade81bcd918d3fd1', 'system': None}, Network: None, Subnet: None, Router: None
2025-11-19 18:47:14.763 65717 INFO tempest.lib.common.dynamic_creds [-] Created isolated network resources for: credentials: Credentials: {'domain_id': 'default', 'domain_name': 'Default', 'username': 'tempest-HostsAdminTestJSON-1114538466-project-admin', 'project_domain_id': 'default', 'project_domain_name': 'Default', 'project_id': 'a06dba81e76b4bb09bd2b9b4e2cc6663', 'project_name': 'tempest-HostsAdminTestJSON-1114538466', 'tenant_id': 'a06dba81e76b4bb09bd2b9b4e2cc6663', 'tenant_name': 'tempest-HostsAdminTestJSON-1114538466', 'user_domain_id': 'default', 'user_domain_name': 'Default', 'user_id': 'df836616fd4b4307ade81bcd918d3fd1', 'system': None}, Network: None, Subnet: None, Router: None
2025-11-19 18:47:14.787 65715 INFO tempest.lib.common.rest_client [req-9f73b4e4-a277-4058-9083-a237aafc6a6d req-9f73b4e4-a277-4058-9083-a237aafc6a6d ] Request (FlavorsV2TestJSON:test_list_flavors_with_detail): 200 GET http://10.180.1.21/compute/v2.1/flavors/detail 4.247s
2025-11-19 18:47:14.802 65683 INFO tempest.lib.common.rest_client [req-e1df3bd5-a2b1-4b66-a7d4-44fea37d7ebc req-e1df3bd5-a2b1-4b66-a7d4-44fea37d7ebc ] Request (HostsAdminNegativeTestJSON:test_update_nonexistent_host): 404 PUT http://10.180.1.21/compute/v2.1/os-hosts/nonexistent_hostname 4.118s
2025-11-19 18:47:14.858 65730 INFO tempest.lib.common.rest_client [req-728f18f0-9a5a-4f46-8a77-1668205e5c13 req-728f18f0-9a5a-4f46-8a77-1668205e5c13 ] Request (SecurityGroupRulesTestJSON:setUpClass): 201 POST http://10.180.1.21/identity/v3/auth/tokens 0.096s
2025-11-19 18:47:14.868 65717 INFO tempest.lib.common.rest_client [req-13b34337-8bc6-4f36-9981-655e4ba62e02 req-13b34337-8bc6-4f36-9981-655e4ba62e02 ] Request (HostsAdminTestJSON:setUpClass): 201 POST http://10.180.1.21/identity/v3/auth/tokens 0.099s
2025-11-19 18:47:14.893 65730 INFO tempest.lib.common.rest_client [req-77e9453f-33f6-41e8-9c7b-584cca2768d8 req-77e9453f-33f6-41e8-9c7b-584cca2768d8 ] Request (SecurityGroupRulesTestJSON:setUpClass): 200 GET http://10.180.1.21/identity/v3/domains?name=Default 0.034s
2025-11-19 18:47:14.922 65730 INFO tempest.lib.common.rest_client [req-d5e6d0af-bb09-42e5-a25a-2488c279c6ea req-d5e6d0af-bb09-42e5-a25a-2488c279c6ea ] Request (SecurityGroupRulesTestJSON:setUpClass): 201 POST http://10.180.1.21/identity/v3/projects 0.028s
2025-11-19 18:47:14.926 65687 INFO tempest.lib.common.rest_client [req-a9b7fe13-a7e0-4045-b089-c086b90aa307 req-a9b7fe13-a7e0-4045-b089-c086b90aa307 ] Request (AttachInterfacesTestJSON:test_create_list_show_delete_interfaces_by_fixed_ip): 200 GET http://10.180.1.21/compute/v2.1/servers/902670d6-2187-40b7-8163-9468c6b12183/os-interface 4.238s
2025-11-19 18:47:14.927 65683 INFO tempest.lib.common.rest_client [req-97f2009e-055d-4166-9408-72a935c087f4 req-97f2009e-055d-4166-9408-72a935c087f4 ] Request (HostsAdminNegativeTestJSON:tearDownClass): 204 DELETE http://10.180.1.21/identity/v3/users/94b7af6c47dc4006bf0c40fb81153f0f 0.124s
2025-11-19 18:47:14.943 65677 INFO tempest.lib.common.rest_client [req-0033ca0a-43f3-41cc-9ead-afe5d5784b27 req-0033ca0a-43f3-41cc-9ead-afe5d5784b27 ] Request (FlavorsAdminTestJSON:_run_cleanups): 202 DELETE http://10.180.1.21/compute/v2.1/flavors/41eb658b-0c12-495a-a665-c49ff3e16fe2 4.231s
2025-11-19 18:47:15.002 65730 INFO tempest.lib.common.rest_client [req-64dcb908-ae20-437a-9c6b-9a546f38475d req-64dcb908-ae20-437a-9c6b-9a546f38475d ] Request (SecurityGroupRulesTestJSON:setUpClass): 201 POST http://10.180.1.21/identity/v3/users 0.079s
2025-11-19 18:47:15.040 65683 INFO tempest.lib.common.rest_client [req-96043b79-3c7c-4361-ab34-4cadb4b65702 req-96043b79-3c7c-4361-ab34-4cadb4b65702 ] Request (HostsAdminNegativeTestJSON:tearDownClass): 204 DELETE http://10.180.1.21/identity/v3/users/d35dcedb66394381ada7f13056e9a070 0.112s
2025-11-19 18:47:15.040 65683 INFO tempest.lib.common.dynamic_creds [-] Deleting project and security group for project: 722d271c65024004a5e68f9ed55b9ee9
2025-11-19 18:47:15.080 65719 INFO tempest.lib.common.rest_client [req-37651c91-71fe-4327-8123-9a48de5077b3 req-37651c91-71fe-4327-8123-9a48de5077b3 ] Request (ServerDiskConfigTestJSON:test_rebuild_server_with_auto_disk_config): 202 POST http://10.180.1.21/compute/v2.1/servers 5.046s
2025-11-19 18:47:15.094 65730 INFO tempest.lib.common.rest_client [req-9f2bece9-6d69-46a9-a1b3-1b453489bdbe req-9f2bece9-6d69-46a9-a1b3-1b453489bdbe ] Request (SecurityGroupRulesTestJSON:setUpClass): 200 GET http://10.180.1.21/identity/v3/roles 0.090s
2025-11-19 18:47:15.111 65675 INFO tempest.lib.common.rest_client [req-d6b45ee0-dd3e-4b9d-b2de-8c1972bfeb81 req-d6b45ee0-dd3e-4b9d-b2de-8c1972bfeb81 ] Request (FlavorsAccessNegativeTestJSON:_run_cleanups): 200 GET http://10.180.1.21/compute/v2.1/flavors/detail 4.120s
2025-11-19 18:47:15.126 65683 INFO tempest.lib.common.rest_client [req-b48364a9-5f80-44d3-9a83-ea7a7f51cad2 req-b48364a9-5f80-44d3-9a83-ea7a7f51cad2 ] Request (HostsAdminNegativeTestJSON:tearDownClass): 201 POST http://10.180.1.21/identity/v3/auth/tokens 0.086s
2025-11-19 18:47:15.178 65730 INFO tempest.lib.common.rest_client [req-ab9ae2b6-886d-448c-9ea5-95fc8af38284 req-ab9ae2b6-886d-448c-9ea5-95fc8af38284 ] Request (SecurityGroupRulesTestJSON:setUpClass): 204 PUT http://10.180.1.21/identity/v3/projects/33161116750d4f9a8956be347995efb3/users/d86136a41f5c4567afc7f07fa97afb1c/roles/749426f8947e44e0aa0fe8d77cd864b2 0.083s
2025-11-19 18:47:15.178 65730 INFO tempest.lib.common.dynamic_creds [-] Dynamic test user d86136a41f5c4567afc7f07fa97afb1c is created with scope project and roles: ['member']
2025-11-19 18:47:15.179 65730 INFO tempest.lib.common.dynamic_creds [-] Acquired dynamic creds: credentials: Credentials: {'domain_id': 'default', 'domain_name': 'Default', 'username': 'tempest-SecurityGroupRulesTestJSON-197896353-project-member', 'project_domain_id': 'default', 'project_domain_name': 'Default', 'project_id': '33161116750d4f9a8956be347995efb3', 'project_name': 'tempest-SecurityGroupRulesTestJSON-197896353', 'tenant_id': '33161116750d4f9a8956be347995efb3', 'tenant_name': 'tempest-SecurityGroupRulesTestJSON-197896353', 'user_domain_id': 'default', 'user_domain_name': 'Default', 'user_id': 'd86136a41f5c4567afc7f07fa97afb1c', 'system': None}, Network: None, Subnet: None, Router: None
2025-11-19 18:47:15.273 65730 INFO tempest.lib.common.rest_client [req-43028977-9504-4b6f-b99a-5ad1bd2900a3 req-43028977-9504-4b6f-b99a-5ad1bd2900a3 ] Request (SecurityGroupRulesTestJSON:setUpClass): 201 POST http://10.180.1.21/identity/v3/auth/tokens 0.094s
2025-11-19 18:47:15.585 65687 INFO tempest.lib.common.rest_client [req-551cd1e6-fac5-49ff-9f06-1bcf50874a55 req-551cd1e6-fac5-49ff-9f06-1bcf50874a55 ] Request (AttachInterfacesTestJSON:test_create_list_show_delete_interfaces_by_fixed_ip): 200 PUT http://10.180.1.21/networking/v2.0/floatingips/2b1b36e2-e29e-426b-877d-b4f0fa2863e5 0.655s
2025-11-19 18:47:15.586 65673 INFO tempest.lib.common.rest_client [req-6b3fdaf2-4076-49f8-8494-e71e4c8ad5c3 req-6b3fdaf2-4076-49f8-8494-e71e4c8ad5c3 ] Request (FloatingIPsTestJSON:_run_cleanups): 404 DELETE http://10.180.1.21/compute/v2.1/os-floating-ips/a0e3d238-8027-461a-a315-471c57c63cc1 4.734s
2025-11-19 18:47:15.629 65713 INFO tempest.lib.common.rest_client [req-d6e63e20-782f-4b81-ac25-ea775fdd6698 req-d6e63e20-782f-4b81-ac25-ea775fdd6698 ] Request (DeleteServersAdminTestJSON:test_delete_server_while_in_error_state): 200 GET http://10.180.1.21/compute/v2.1/servers/ecbec47f-9841-4580-91fd-bc9a748f43db 4.536s
2025-11-19 18:47:15.643 65713 INFO tempest.common.waiters [-] State transition "BUILD/None" ==> "BUILD/networking" after 5 second wait
2025-11-19 18:47:15.679 65721 INFO tempest.lib.common.rest_client [req-d02b0f60-7595-4d85-a7fb-d81a0e93c576 req-d02b0f60-7595-4d85-a7fb-d81a0e93c576 ] Request (ImagesMetadataTestJSON:test_get_image_metadata_item): 200 GET http://10.180.1.21/compute/v2.1/images/6983bfb3-fc1b-46ce-b772-1eeb3c4dd1ea/metadata/os_distro 4.314s
2025-11-19 18:47:15.817 65723 INFO tempest.lib.common.rest_client [req-f71b8bbb-c323-462e-a9cb-2ec287df8e5b req-f71b8bbb-c323-462e-a9cb-2ec287df8e5b ] Request (QuotasAdminTestJSON:test_get_updated_quotas): 200 PUT http://10.180.1.21/compute/v2.1/os-quota-sets/2c6515a90bc84be99412ba5779909320 4.606s
2025-11-19 18:47:15.847 65683 INFO tempest.lib.common.rest_client [req-e954fe02-12f8-49c4-8bab-39f3ead2ab03 req-e954fe02-12f8-49c4-8bab-39f3ead2ab03 ] Request (HostsAdminNegativeTestJSON:tearDownClass): 200 GET http://10.180.1.21/networking/v2.0/security-groups?tenant_id=722d271c65024004a5e68f9ed55b9ee9&name=default 0.720s
2025-11-19 18:47:15.856 65685 INFO tempest.lib.common.rest_client [req-64809a46-c819-4065-80b5-a7d747cd78b9 req-64809a46-c819-4065-80b5-a7d747cd78b9 ] Request (QuotasAdminNegativeTest:test_create_server_when_instances_quota_is_full): 200 GET http://10.180.1.21/compute/v2.1/os-quota-sets/782853222c90494d8b0f65f2b92254d4 4.391s
2025-11-19 18:47:15.958 65730 INFO tempest.lib.common.rest_client [req-8d0a2e19-1a00-40a4-97c5-bf8dc38d4079 req-8d0a2e19-1a00-40a4-97c5-bf8dc38d4079 ] Request (SecurityGroupRulesTestJSON:setUpClass): 201 POST http://10.180.1.21/networking/v2.0/networks 0.685s
2025-11-19 18:47:15.983 65697 INFO tempest.lib.common.rest_client [req-b7b78e93-bb37-4795-aa00-abccc5c6d9cb req-b7b78e93-bb37-4795-aa00-abccc5c6d9cb ] Request (VolumesAdminNegativeTest:tearDownClass): 204 DELETE http://10.180.1.21/compute/v2.1/servers/6b095e46-97b7-4e40-bbcd-1fd8a12d8256 4.370s
2025-11-19 18:47:16.114 65683 INFO tempest.lib.common.rest_client [req-d3148127-eb43-4f22-85c2-38d848c2dec0 req-d3148127-eb43-4f22-85c2-38d848c2dec0 ] Request (HostsAdminNegativeTestJSON:tearDownClass): 204 DELETE http://10.180.1.21/networking/v2.0/security-groups/5f984a30-3a07-4f89-b6f4-3b578c8e29c3 0.267s
2025-11-19 18:47:16.197 65683 INFO tempest.lib.common.rest_client [req-b4c1bef6-ad30-4112-a749-58e4cfccc634 req-b4c1bef6-ad30-4112-a749-58e4cfccc634 ] Request (HostsAdminNegativeTestJSON:tearDownClass): 204 DELETE http://10.180.1.21/identity/v3/projects/722d271c65024004a5e68f9ed55b9ee9 0.083s
2025-11-19 18:47:16.198 65683 INFO tempest.lib.common.dynamic_creds [-] Deleting project and security group for project: c6803a6f12a84bd5a3e902ad54ac7168
2025-11-19 18:47:16.423 65730 INFO tempest.lib.common.rest_client [req-5c5770be-7e0d-4f42-997e-4c8a7f85c5eb req-5c5770be-7e0d-4f42-997e-4c8a7f85c5eb ] Request (SecurityGroupRulesTestJSON:setUpClass): 201 POST http://10.180.1.21/networking/v2.0/subnets 0.464s
2025-11-19 18:47:16.797 65673 INFO tempest.lib.common.rest_client [req-b4acf750-bf5d-44a4-84fd-ec905f5aa6b2 req-b4acf750-bf5d-44a4-84fd-ec905f5aa6b2 ] Request (FloatingIPsTestJSON:tearDownClass): 200 PUT http://10.180.1.21/networking/v2.0/routers/31e768cd-8852-49c6-8ad6-85d22c27e968/remove_router_interface 1.207s
2025-11-19 18:47:16.838 65701 INFO tempest.lib.common.rest_client [req-1ebec1e3-d646-4b5d-8040-eea54a53c129 req-1ebec1e3-d646-4b5d-8040-eea54a53c129 ] Request (ServersWithSpecificFlavorTestJSON:test_verify_created_server_ephemeral_disk): 200 GET http://10.180.1.21/compute/v2.1/servers/6748088d-f3b3-401f-9808-fe6771658d42 5.319s
2025-11-19 18:47:16.847 65701 INFO tempest.common.waiters [-] State transition "BUILD/networking" ==> "BUILD/spawning" after 11 second wait
2025-11-19 18:47:16.919 65709 WARNING tempest.lib.common.ssh [-] Failed to establish authenticated ssh connection to cirros@10.180.180.148 ([Errno None] Unable to connect to port 22 on 10.180.180.148). Number attempts: 4. Retry after 5 seconds.: paramiko.ssh_exception.NoValidConnectionsError: [Errno None] Unable to connect to port 22 on 10.180.180.148
2025-11-19 18:47:16.991 65683 INFO tempest.lib.common.rest_client [req-522a3815-d208-4015-8962-ecdc2ba736e6 req-522a3815-d208-4015-8962-ecdc2ba736e6 ] Request (HostsAdminNegativeTestJSON:tearDownClass): 200 GET http://10.180.1.21/networking/v2.0/security-groups?tenant_id=c6803a6f12a84bd5a3e902ad54ac7168&name=default 0.793s
2025-11-19 18:47:17.782 65730 INFO tempest.lib.common.rest_client [req-9651ed9b-4111-4693-9da2-9e77478ba592 req-9651ed9b-4111-4693-9da2-9e77478ba592 ] Request (SecurityGroupRulesTestJSON:setUpClass): 201 POST http://10.180.1.21/networking/v2.0/routers 1.358s
2025-11-19 18:47:17.823 65699 INFO tempest.lib.common.rest_client [req-ea5bfddf-395e-4234-8400-2c699c758ed4 req-ea5bfddf-395e-4234-8400-2c699c758ed4 ] Request (ImagesOneServerNegativeTestJSON:setUp): 200 GET http://10.180.1.21/compute/v2.1/servers/afd4d0ce-df3b-4557-bcb8-a62de7a292f7 4.963s
2025-11-19 18:47:18.206 65673 INFO tempest.lib.common.rest_client [req-75c25e75-735a-45e2-aa4a-65117c774c63 req-75c25e75-735a-45e2-aa4a-65117c774c63 ] Request (FloatingIPsTestJSON:tearDownClass): 204 DELETE http://10.180.1.21/networking/v2.0/routers/31e768cd-8852-49c6-8ad6-85d22c27e968 1.408s
2025-11-19 18:47:18.293 65703 INFO tempest.lib.common.rest_client [req-a0f7538f-7c36-47bd-af00-049f90a7fb92 req-a0f7538f-7c36-47bd-af00-049f90a7fb92 ] Request (VolumesAssistedSnapshotsTest:test_volume_assisted_snapshot_create_delete): 200 GET http://10.180.1.21/compute/v2.1/servers/99bb94b7-7e4f-43ec-abff-55ea2ca54103/os-interface 4.886s
2025-11-19 18:47:18.334 65667 INFO tempest.lib.common.rest_client [req-f6f6f102-d3cd-4a6c-a96f-7f4427502572 req-f6f6f102-d3cd-4a6c-a96f-7f4427502572 ] Request (ImagesTestJSON:test_create_image_from_stopped_server): 200 GET http://10.180.1.21/compute/v2.1/images/b787906f-94ce-4d3a-83a5-93befae56a32 4.424s
2025-11-19 18:47:18.356 65671 INFO tempest.lib.common.rest_client [req-a5f6b48d-35aa-463d-a13f-b4586a6c10d5 req-a5f6b48d-35aa-463d-a13f-b4586a6c10d5 ] Request (AggregatesAdminNegativeTestJSON:_run_cleanups): 200 DELETE http://10.180.1.21/compute/v2.1/os-aggregates/4 4.181s
2025-11-19 18:47:18.402 65683 INFO tempest.lib.common.rest_client [req-f1b767ae-457b-4558-b0c1-a909111fcceb req-f1b767ae-457b-4558-b0c1-a909111fcceb ] Request (HostsAdminNegativeTestJSON:tearDownClass): 204 DELETE http://10.180.1.21/networking/v2.0/security-groups/f3ac84c0-6209-4626-88c5-9bb3eb67c2e1 1.410s
2025-11-19 18:47:18.543 65683 INFO tempest.lib.common.rest_client [req-64c97505-79ef-4c28-845c-241dedfdbc0c req-64c97505-79ef-4c28-845c-241dedfdbc0c ] Request (HostsAdminNegativeTestJSON:tearDownClass): 204 DELETE http://10.180.1.21/identity/v3/projects/c6803a6f12a84bd5a3e902ad54ac7168 0.140s
2025-11-19 18:47:18.621 65683 INFO tempest.lib.common.rest_client [req-6a9793b6-77ae-46ce-9d70-175bd8d57c22 req-6a9793b6-77ae-46ce-9d70-175bd8d57c22 ] Request (TenantUsagesNegativeTestJSON:setUpClass): 201 POST http://10.180.1.21/identity/v3/auth/tokens 0.077s
2025-11-19 18:47:18.661 65683 INFO tempest.lib.common.rest_client [req-319cb6e0-5e3f-4c28-a92a-0fe6d0555e68 req-319cb6e0-5e3f-4c28-a92a-0fe6d0555e68 ] Request (TenantUsagesNegativeTestJSON:setUpClass): 201 POST http://10.180.1.21/identity/v3/auth/tokens 0.035s
2025-11-19 18:47:18.688 65683 INFO tempest.lib.common.rest_client [req-1fd5a6a5-dbfe-4a33-90ac-03e82e31fc30 req-1fd5a6a5-dbfe-4a33-90ac-03e82e31fc30 ] Request (TenantUsagesNegativeTestJSON:setUpClass): 200 GET http://10.180.1.21/identity/v3/domains?name=Default 0.027s
2025-11-19 18:47:18.719 65683 INFO tempest.lib.common.rest_client [req-2196bb2f-eead-4778-a80f-8428f5a9e22a req-2196bb2f-eead-4778-a80f-8428f5a9e22a ] Request (TenantUsagesNegativeTestJSON:setUpClass): 201 POST http://10.180.1.21/identity/v3/projects 0.029s
2025-11-19 18:47:18.812 65683 INFO tempest.lib.common.rest_client [req-1c2847da-e1b3-418b-89fb-93b97a4e98ff req-1c2847da-e1b3-418b-89fb-93b97a4e98ff ] Request (TenantUsagesNegativeTestJSON:setUpClass): 201 POST http://10.180.1.21/identity/v3/users 0.092s
2025-11-19 18:47:18.835 65683 INFO tempest.lib.common.rest_client [req-a36f8d5d-8a7c-44b4-926f-193ee0739319 req-a36f8d5d-8a7c-44b4-926f-193ee0739319 ] Request (TenantUsagesNegativeTestJSON:setUpClass): 200 GET http://10.180.1.21/identity/v3/roles 0.023s
2025-11-19 18:47:18.871 65683 INFO tempest.lib.common.rest_client [req-5fc36384-d0f1-4ddb-8cbf-ab18cd613e99 req-5fc36384-d0f1-4ddb-8cbf-ab18cd613e99 ] Request (TenantUsagesNegativeTestJSON:setUpClass): 204 PUT http://10.180.1.21/identity/v3/projects/3a684e067e894e329b4abe8f381e7a3e/users/2f340d4ded4c46d298e155b230d09d37/roles/749426f8947e44e0aa0fe8d77cd864b2 0.035s
2025-11-19 18:47:18.871 65683 INFO tempest.lib.common.dynamic_creds [-] Dynamic test user 2f340d4ded4c46d298e155b230d09d37 is created with scope project and roles: ['member']
2025-11-19 18:47:18.872 65683 INFO tempest.lib.common.dynamic_creds [-] Acquired dynamic creds: credentials: Credentials: {'domain_id': 'default', 'domain_name': 'Default', 'username': 'tempest-TenantUsagesNegativeTestJSON-424539800-project-member', 'project_domain_id': 'default', 'project_domain_name': 'Default', 'project_id': '3a684e067e894e329b4abe8f381e7a3e', 'project_name': 'tempest-TenantUsagesNegativeTestJSON-424539800', 'tenant_id': '3a684e067e894e329b4abe8f381e7a3e', 'tenant_name': 'tempest-TenantUsagesNegativeTestJSON-424539800', 'user_domain_id': 'default', 'user_domain_name': 'Default', 'user_id': '2f340d4ded4c46d298e155b230d09d37', 'system': None}, Network: None, Subnet: None, Router: None
2025-11-19 18:47:18.872 65683 INFO tempest.lib.common.dynamic_creds [-] Created isolated network resources for: credentials: Credentials: {'domain_id': 'default', 'domain_name': 'Default', 'username': 'tempest-TenantUsagesNegativeTestJSON-424539800-project-member', 'project_domain_id': 'default', 'project_domain_name': 'Default', 'project_id': '3a684e067e894e329b4abe8f381e7a3e', 'project_name': 'tempest-TenantUsagesNegativeTestJSON-424539800', 'tenant_id': '3a684e067e894e329b4abe8f381e7a3e', 'tenant_name': 'tempest-TenantUsagesNegativeTestJSON-424539800', 'user_domain_id': 'default', 'user_domain_name': 'Default', 'user_id': '2f340d4ded4c46d298e155b230d09d37', 'system': None}, Network: None, Subnet: None, Router: None
2025-11-19 18:47:18.983 65683 INFO tempest.lib.common.rest_client [req-8e1ee2e2-144c-465e-8a29-11ec22f44bcb req-8e1ee2e2-144c-465e-8a29-11ec22f44bcb ] Request (TenantUsagesNegativeTestJSON:setUpClass): 201 POST http://10.180.1.21/identity/v3/auth/tokens 0.108s
2025-11-19 18:47:19.047 65673 INFO tempest.lib.common.rest_client [req-6da841c1-bca4-4bd4-8413-ca99661673ed req-6da841c1-bca4-4bd4-8413-ca99661673ed ] Request (FloatingIPsTestJSON:tearDownClass): 204 DELETE http://10.180.1.21/networking/v2.0/subnets/0bdec71c-488b-4b59-8469-cedf4fdca2f0 0.841s
2025-11-19 18:47:19.079 65683 INFO tempest.lib.common.rest_client [req-897f6b36-783d-478d-9ced-9a420833a448 req-897f6b36-783d-478d-9ced-9a420833a448 ] Request (TenantUsagesNegativeTestJSON:setUpClass): 201 POST http://10.180.1.21/identity/v3/projects 0.096s
2025-11-19 18:47:19.159 65683 INFO tempest.lib.common.rest_client [req-e0d2dd5f-30ca-48f5-9750-d36d8ea71c40 req-e0d2dd5f-30ca-48f5-9750-d36d8ea71c40 ] Request (TenantUsagesNegativeTestJSON:setUpClass): 201 POST http://10.180.1.21/identity/v3/users 0.079s
2025-11-19 18:47:19.185 65683 INFO tempest.lib.common.rest_client [req-425464a6-0f5b-4c14-b3d5-b7c958476ada req-425464a6-0f5b-4c14-b3d5-b7c958476ada ] Request (TenantUsagesNegativeTestJSON:setUpClass): 200 GET http://10.180.1.21/identity/v3/roles 0.026s
2025-11-19 18:47:19.214 65683 INFO tempest.lib.common.rest_client [req-a3a980f2-24d0-4daa-b52f-611ee2fcc0b5 req-a3a980f2-24d0-4daa-b52f-611ee2fcc0b5 ] Request (TenantUsagesNegativeTestJSON:setUpClass): 204 PUT http://10.180.1.21/identity/v3/projects/317c33415a2e4b2fb4c914fd71ec145d/users/b2d351c3e5664da9b95797de22c4ac58/roles/8240286be26c4c2f96d2532b856ddd40 0.028s
2025-11-19 18:47:19.322 65683 INFO tempest.lib.common.rest_client [req-fb9d2223-43b8-4be9-8065-d282968e9ac7 req-fb9d2223-43b8-4be9-8065-d282968e9ac7 ] Request (TenantUsagesNegativeTestJSON:setUpClass): 200 GET http://10.180.1.21/identity/v3/roles 0.108s
2025-11-19 18:47:19.345 65683 INFO tempest.lib.common.rest_client [req-9972c4c9-63ba-4a77-90f9-c0c9bba0516c req-9972c4c9-63ba-4a77-90f9-c0c9bba0516c ] Request (TenantUsagesNegativeTestJSON:setUpClass): 204 PUT http://10.180.1.21/identity/v3/projects/317c33415a2e4b2fb4c914fd71ec145d/users/b2d351c3e5664da9b95797de22c4ac58/roles/8240286be26c4c2f96d2532b856ddd40 0.023s
2025-11-19 18:47:19.346 65683 INFO tempest.lib.common.dynamic_creds [-] Dynamic test user b2d351c3e5664da9b95797de22c4ac58 is created with scope project and roles: ['admin']
2025-11-19 18:47:19.346 65683 INFO tempest.lib.common.dynamic_creds [-] Acquired dynamic creds: credentials: Credentials: {'domain_id': 'default', 'domain_name': 'Default', 'username': 'tempest-TenantUsagesNegativeTestJSON-259284939-project-admin', 'project_domain_id': 'default', 'project_domain_name': 'Default', 'project_id': '317c33415a2e4b2fb4c914fd71ec145d', 'project_name': 'tempest-TenantUsagesNegativeTestJSON-259284939', 'tenant_id': '317c33415a2e4b2fb4c914fd71ec145d', 'tenant_name': 'tempest-TenantUsagesNegativeTestJSON-259284939', 'user_domain_id': 'default', 'user_domain_name': 'Default', 'user_id': 'b2d351c3e5664da9b95797de22c4ac58', 'system': None}, Network: None, Subnet: None, Router: None
2025-11-19 18:47:19.346 65683 INFO tempest.lib.common.dynamic_creds [-] Created isolated network resources for: credentials: Credentials: {'domain_id': 'default', 'domain_name': 'Default', 'username': 'tempest-TenantUsagesNegativeTestJSON-259284939-project-admin', 'project_domain_id': 'default', 'project_domain_name': 'Default', 'project_id': '317c33415a2e4b2fb4c914fd71ec145d', 'project_name': 'tempest-TenantUsagesNegativeTestJSON-259284939', 'tenant_id': '317c33415a2e4b2fb4c914fd71ec145d', 'tenant_name': 'tempest-TenantUsagesNegativeTestJSON-259284939', 'user_domain_id': 'default', 'user_domain_name': 'Default', 'user_id': 'b2d351c3e5664da9b95797de22c4ac58', 'system': None}, Network: None, Subnet: None, Router: None
2025-11-19 18:47:19.445 65683 INFO tempest.lib.common.rest_client [req-69512797-b938-4158-93b8-b89bf1b107a1 req-69512797-b938-4158-93b8-b89bf1b107a1 ] Request (TenantUsagesNegativeTestJSON:setUpClass): 201 POST http://10.180.1.21/identity/v3/auth/tokens 0.096s
2025-11-19 18:47:19.596 65730 INFO tempest.lib.common.rest_client [req-a641a152-423c-4a24-8612-c8cf7da54f8d req-a641a152-423c-4a24-8612-c8cf7da54f8d ] Request (SecurityGroupRulesTestJSON:setUpClass): 200 PUT http://10.180.1.21/networking/v2.0/routers/19617f1d-4695-4d42-81f2-845eef9be9fd/add_router_interface 1.813s
2025-11-19 18:47:19.596 65730 INFO tempest.lib.common.dynamic_creds [-] Created isolated network resources for: credentials: Credentials: {'domain_id': 'default', 'domain_name': 'Default', 'username': 'tempest-SecurityGroupRulesTestJSON-197896353-project-member', 'project_domain_id': 'default', 'project_domain_name': 'Default', 'project_id': '33161116750d4f9a8956be347995efb3', 'project_name': 'tempest-SecurityGroupRulesTestJSON-197896353', 'tenant_id': '33161116750d4f9a8956be347995efb3', 'tenant_name': 'tempest-SecurityGroupRulesTestJSON-197896353', 'user_domain_id': 'default', 'user_domain_name': 'Default', 'user_id': 'd86136a41f5c4567afc7f07fa97afb1c', 'system': None}, Network: {'id': '28279545-8ca9-4bd5-989d-0a33ef9e2d32', 'name': 'tempest-SecurityGroupRulesTestJSON-572531045-network', 'tenant_id': '33161116750d4f9a8956be347995efb3', 'project_id': '33161116750d4f9a8956be347995efb3', 'admin_state_up': True, 'mtu': 8950, 'status': 'ACTIVE', 'subnets': [], 'shared': False, 'port_security_enabled': True, 'router:external': False, 'provider:network_type': 'vlan', 'provider:physical_network': 'default', 'provider:segmentation_id': 43, 'availability_zone_hints': [], 'availability_zones': [], 'ipv4_address_scope': None, 'ipv6_address_scope': None, 'description': '', 'tags': [], 'created_at': '2025-11-19T18:47:15Z', 'updated_at': '2025-11-19T18:47:15Z', 'revision_number': 1}, Subnet: {'id': '526b47b4-4e19-4d00-b304-9bc68061b501', 'name': 'tempest-SecurityGroupRulesTestJSON-572531045-subnet', 'tenant_id': '33161116750d4f9a8956be347995efb3', 'network_id': '28279545-8ca9-4bd5-989d-0a33ef9e2d32', 'ip_version': 4, 'subnetpool_id': None, 'enable_dhcp': True, 'ipv6_ra_mode': None, 'ipv6_address_mode': None, 'gateway_ip': '192.168.128.1', 'cidr': '192.168.128.0/28', 'allocation_pools': [{'start': '192.168.128.2', 'end': '192.168.128.14'}], 'host_routes': [], 'dns_nameservers': [], 'description': '', 'router:external': False, 'service_types': [], 'tags': [], 'created_at': '2025-11-19T18:47:16Z', 'updated_at': '2025-11-19T18:47:16Z', 'revision_number': 0, 'project_id': '33161116750d4f9a8956be347995efb3'}, Router: {'id': '19617f1d-4695-4d42-81f2-845eef9be9fd', 'name': 'tempest-SecurityGroupRulesTestJSON-572531045-router', 'tenant_id': '33161116750d4f9a8956be347995efb3', 'admin_state_up': True, 'status': 'ACTIVE', 'external_gateway_info': {'network_id': 'dcc9690b-5351-417b-bd1f-b51cdd11c0a2', 'external_fixed_ips': [{'subnet_id': '6afffef6-b5e6-495b-bfd3-785f7d63f226', 'ip_address': '10.180.180.194'}], 'enable_snat': True}, 'description': '', 'availability_zones': [], 'distributed': False, 'ha': False, 'availability_zone_hints': [], 'routes': [], 'flavor_id': None, 'tags': [], 'created_at': '2025-11-19T18:47:17Z', 'updated_at': '2025-11-19T18:47:17Z', 'revision_number': 2, 'project_id': '33161116750d4f9a8956be347995efb3'}
2025-11-19 18:47:19.640 65703 INFO tempest.lib.common.rest_client [req-b57e4c42-1c44-4dc1-9c9b-8309912dee4e req-b57e4c42-1c44-4dc1-9c9b-8309912dee4e ] Request (VolumesAssistedSnapshotsTest:test_volume_assisted_snapshot_create_delete): 200 PUT http://10.180.1.21/networking/v2.0/floatingips/394a4259-678a-42be-9457-bf074745ff28 1.345s
2025-11-19 18:47:19.642 65703 INFO tempest.lib.common.ssh [-] Creating ssh connection to '10.180.180.140:22' as 'cirros' with public key authentication
2025-11-19 18:47:19.702 65730 INFO tempest.lib.common.rest_client [req-f769fe26-ce81-48c8-8eb8-a02e39c984a0 req-f769fe26-ce81-48c8-8eb8-a02e39c984a0 ] Request (SecurityGroupRulesTestJSON:setUpClass): 201 POST http://10.180.1.21/identity/v3/auth/tokens 0.100s
2025-11-19 18:47:19.717 65705 INFO tempest.lib.common.rest_client [req-c774a941-7eea-49c4-a4f8-c04b05c0fa9f req-c774a941-7eea-49c4-a4f8-c04b05c0fa9f ] Request (TenantUsagesTestJSON:setUpClass): 200 GET http://10.180.1.21/compute/v2.1/servers/236f312d-bf55-499d-8116-cc350567df0b 5.821s
2025-11-19 18:47:19.724 65705 INFO tempest.common.waiters [-] State transition "BUILD/spawning" ==> "ACTIVE/None" after 17 second wait
2025-11-19 18:47:20.026 65669 INFO tempest.lib.common.rest_client [req-25158015-2863-4081-b25b-4150b47a71f5 req-25158015-2863-4081-b25b-4150b47a71f5 ] Request (SecurityGroupsTestAdminJSON:_run_cleanups): 202 DELETE http://10.180.1.21/compute/v2.1/os-security-groups/9e8e1ec5-78a5-4796-a124-03efd3c78795 5.681s
2025-11-19 18:47:20.035 65695 INFO tempest.lib.common.rest_client [req-8b33d941-e154-4cbc-b244-6fbb20016b5e req-8b33d941-e154-4cbc-b244-6fbb20016b5e ] Request (HypervisorAdminNegativeTestJSON:test_get_hypervisor_stats_with_non_admin_user): 403 GET http://10.180.1.21/compute/v2.1/os-hypervisors/statistics 5.278s
2025-11-19 18:47:20.110 65691 INFO tempest.lib.common.rest_client [req-34f336f6-9b19-472b-adc7-9e4fd64b0ef5 req-34f336f6-9b19-472b-adc7-9e4fd64b0ef5 ] Request (InstanceActionsTestJSON:test_list_instance_actions): 202 POST http://10.180.1.21/compute/v2.1/servers/2f3b6471-cf5e-4d8c-84f6-9956e83d4811/action 5.351s
2025-11-19 18:47:20.133 65715 INFO tempest.lib.common.rest_client [req-68b14622-67fd-4f9f-81e4-cd8b6a5e754b req-68b14622-67fd-4f9f-81e4-cd8b6a5e754b ] Request (FlavorsV2TestJSON:test_list_flavors_with_detail): 200 GET http://10.180.1.21/compute/v2.1/flavors/42 5.335s
2025-11-19 18:47:20.208 65673 INFO tempest.lib.common.rest_client [req-bf9eb878-7834-474a-993b-3a666bdf7f63 req-bf9eb878-7834-474a-993b-3a666bdf7f63 ] Request (FloatingIPsTestJSON:tearDownClass): 204 DELETE http://10.180.1.21/networking/v2.0/networks/7811f207-1e07-467d-8cbb-58b6d7fe3b52 1.160s
2025-11-19 18:47:20.431 65715 INFO tempest.lib.common.rest_client [req-1b6ea386-fde1-4520-8fe2-367d206d25e1 req-1b6ea386-fde1-4520-8fe2-367d206d25e1 ] Request (FlavorsV2TestJSON:tearDownClass): 204 DELETE http://10.180.1.21/identity/v3/users/44a1082d69224da8b8fefb0f267c66c6 0.293s
2025-11-19 18:47:20.431 65715 INFO tempest.lib.common.dynamic_creds [-] Deleting project and security group for project: c3420f20db674331a80d0ec5c834b703
2025-11-19 18:47:20.466 65707 INFO tempest.lib.common.rest_client [req-d4215a67-26e8-4c16-8259-a3173aa464fe req-d4215a67-26e8-4c16-8259-a3173aa464fe ] Request (ServersAdmin275Test:_run_cleanups): 200 GET http://10.180.1.21/compute/v2.1/servers/5a779355-1832-4c7c-b0c4-bd46bd22420b 5.644s
2025-11-19 18:47:20.480 65707 INFO tempest.common.waiters [-] State transition "REBUILD/rebuild_spawning" ==> "ACTIVE/None" after 12 second wait
2025-11-19 18:47:20.508 65725 INFO tempest.lib.common.rest_client [req-39a3c3a1-2fbf-4fc1-9dc3-4025b5f255d6 req-39a3c3a1-2fbf-4fc1-9dc3-4025b5f255d6 ] Request (ImagesNegativeTestJSON:test_create_image_from_deleted_server): 200 GET http://10.180.1.21/compute/v2.1/servers/5a5081c5-316c-46fd-b959-7b02e2cb1570 6.078s
2025-11-19 18:47:20.540 65677 INFO tempest.lib.common.rest_client [req-0395e624-6694-461d-9ce8-f0279381f6f3 req-0395e624-6694-461d-9ce8-f0279381f6f3 ] Request (FlavorsAdminTestJSON:_run_cleanups): 200 GET http://10.180.1.21/compute/v2.1/flavors/detail 5.596s
2025-11-19 18:47:20.544 65715 INFO tempest.lib.common.rest_client [req-6d62c78a-eba7-4e0e-878a-11005f724033 req-6d62c78a-eba7-4e0e-878a-11005f724033 ] Request (FlavorsV2TestJSON:tearDownClass): 201 POST http://10.180.1.21/identity/v3/auth/tokens 0.113s
2025-11-19 18:47:20.547 65673 INFO tempest.lib.common.rest_client [req-66ced0bb-bc67-47d0-af76-cb69c8ab64f5 req-66ced0bb-bc67-47d0-af76-cb69c8ab64f5 ] Request (FloatingIPsTestJSON:tearDownClass): 204 DELETE http://10.180.1.21/identity/v3/users/8406f99e024b41aba790b098542e4a11 0.339s
2025-11-19 18:47:20.548 65673 INFO tempest.lib.common.dynamic_creds [-] Deleting project and security group for project: 152fe1841ff14129bcab89863b8222f3
2025-11-19 18:47:20.711 65717 INFO tempest.lib.common.rest_client [req-79eaacf1-388e-46a2-a074-e9b39c7ab1b9 req-79eaacf1-388e-46a2-a074-e9b39c7ab1b9 ] Request (HostsAdminTestJSON:test_list_hosts): 200 GET http://10.180.1.21/compute/v2.1/os-hosts 5.841s
2025-11-19 18:47:20.730 65675 INFO tempest.lib.common.rest_client [req-abb163e4-72d3-434b-b7e3-1b8b5bb004a9 req-abb163e4-72d3-434b-b7e3-1b8b5bb004a9 ] Request (FlavorsAccessNegativeTestJSON:test_flavor_non_admin_remove): 200 POST http://10.180.1.21/compute/v2.1/flavors 5.611s
2025-11-19 18:47:20.829 65715 INFO tempest.lib.common.rest_client [req-71fcf6bc-76da-4fa4-9934-13f566a8e44a req-71fcf6bc-76da-4fa4-9934-13f566a8e44a ] Request (FlavorsV2TestJSON:tearDownClass): 200 GET http://10.180.1.21/networking/v2.0/security-groups?tenant_id=c3420f20db674331a80d0ec5c834b703&name=default 0.284s
2025-11-19 18:47:20.852 65673 INFO tempest.lib.common.rest_client [req-f35a066e-28f1-4659-a84b-3a3a800e60ce req-f35a066e-28f1-4659-a84b-3a3a800e60ce ] Request (FloatingIPsTestJSON:tearDownClass): 200 GET http://10.180.1.21/networking/v2.0/security-groups?tenant_id=152fe1841ff14129bcab89863b8222f3&name=default 0.304s
2025-11-19 18:47:20.878 65719 INFO tempest.lib.common.rest_client [req-dd9b8d86-aad8-457d-ae32-a73790021cbe req-dd9b8d86-aad8-457d-ae32-a73790021cbe ] Request (ServerDiskConfigTestJSON:test_rebuild_server_with_auto_disk_config): 200 GET http://10.180.1.21/compute/v2.1/servers/ec40d182-7a65-4bdd-a948-4bfe0345ba29 5.795s
2025-11-19 18:47:20.908 65711 INFO tempest.lib.common.rest_client [req-7284493e-a330-4f44-afb9-a3dbf1c37463 req-7284493e-a330-4f44-afb9-a3dbf1c37463 ] Request (InstanceActionsNegativeTestJSON:tearDownClass): 404 GET http://10.180.1.21/compute/v2.1/servers/84a013e9-1697-4ebd-82e9-a5b3ce2451ff 5.396s
2025-11-19 18:47:21.110 65715 INFO tempest.lib.common.rest_client [req-fdea4415-99fb-4810-ad2e-1c6431e737f8 req-fdea4415-99fb-4810-ad2e-1c6431e737f8 ] Request (FlavorsV2TestJSON:tearDownClass): 204 DELETE http://10.180.1.21/networking/v2.0/security-groups/6fc36e3f-4464-4185-b0c7-7712dac94079 0.281s
2025-11-19 18:47:21.207 65715 INFO tempest.lib.common.rest_client [req-473bc023-36f7-42cd-95ac-cd1e9240ba7a req-473bc023-36f7-42cd-95ac-cd1e9240ba7a ] Request (FlavorsV2TestJSON:tearDownClass): 204 DELETE http://10.180.1.21/identity/v3/projects/c3420f20db674331a80d0ec5c834b703 0.096s
2025-11-19 18:47:21.211 65673 INFO tempest.lib.common.rest_client [req-c7b348ed-41df-45e5-8074-b25fcc11abc0 req-c7b348ed-41df-45e5-8074-b25fcc11abc0 ] Request (FloatingIPsTestJSON:tearDownClass): 204 DELETE http://10.180.1.21/networking/v2.0/security-groups/91aa8c78-0914-417f-a646-42d02405e020 0.353s
2025-11-19 18:47:21.316 65715 INFO tempest.lib.common.rest_client [req-8958f59f-9aec-4e2d-b589-6e31df975d17 req-8958f59f-9aec-4e2d-b589-6e31df975d17 ] Request (AbsoluteLimitsTestJSON:setUpClass): 201 POST http://10.180.1.21/identity/v3/auth/tokens 0.108s
2025-11-19 18:47:21.370 65673 INFO tempest.lib.common.rest_client [req-d219f290-44a9-42d8-aa45-85bebdd017de req-d219f290-44a9-42d8-aa45-85bebdd017de ] Request (FloatingIPsTestJSON:tearDownClass): 204 DELETE http://10.180.1.21/identity/v3/projects/152fe1841ff14129bcab89863b8222f3 0.158s
2025-11-19 18:47:21.405 65715 INFO tempest.lib.common.rest_client [req-7c41fd3c-0ea1-490f-958e-48256652e19f req-7c41fd3c-0ea1-490f-958e-48256652e19f ] Request (AbsoluteLimitsTestJSON:setUpClass): 201 POST http://10.180.1.21/identity/v3/auth/tokens 0.086s
2025-11-19 18:47:21.434 65673 INFO tempest.lib.common.rest_client [req-c1f7fcdf-44be-4da3-bc12-4ccdca2ea3a9 req-c1f7fcdf-44be-4da3-bc12-4ccdca2ea3a9 ] Request (ServersListShow296Test:setUpClass): 201 POST http://10.180.1.21/identity/v3/auth/tokens 0.061s
2025-11-19 18:47:21.442 65715 INFO tempest.lib.common.rest_client [req-7f2886e8-9c59-4c84-b2d1-cf38aae2d71e req-7f2886e8-9c59-4c84-b2d1-cf38aae2d71e ] Request (AbsoluteLimitsTestJSON:setUpClass): 200 GET http://10.180.1.21/identity/v3/domains?name=Default 0.037s
2025-11-19 18:47:21.470 65673 INFO tempest.lib.common.rest_client [req-a67ed186-5bf6-4a79-ba4f-245f60a7e108 req-a67ed186-5bf6-4a79-ba4f-245f60a7e108 ] Request (ServersListShow296Test:setUpClass): 201 POST http://10.180.1.21/identity/v3/auth/tokens 0.032s
2025-11-19 18:47:21.484 65715 INFO tempest.lib.common.rest_client [req-3e577e79-e832-4cfc-b86c-a9c93bf3c18a req-3e577e79-e832-4cfc-b86c-a9c93bf3c18a ] Request (AbsoluteLimitsTestJSON:setUpClass): 201 POST http://10.180.1.21/identity/v3/projects 0.041s
2025-11-19 18:47:21.497 65673 INFO tempest.lib.common.rest_client [req-d17c53e8-7f12-48f5-a37f-5b238e98049b req-d17c53e8-7f12-48f5-a37f-5b238e98049b ] Request (ServersListShow296Test:setUpClass): 200 GET http://10.180.1.21/identity/v3/domains?name=Default 0.027s
2025-11-19 18:47:21.556 65715 INFO tempest.lib.common.rest_client [req-f35fa2bb-5c63-4aa0-838e-e4b067e5b039 req-f35fa2bb-5c63-4aa0-838e-e4b067e5b039 ] Request (AbsoluteLimitsTestJSON:setUpClass): 201 POST http://10.180.1.21/identity/v3/users 0.071s
2025-11-19 18:47:21.567 65673 INFO tempest.lib.common.rest_client [req-59116c61-40a9-4189-b73c-8b6d9c2127ba req-59116c61-40a9-4189-b73c-8b6d9c2127ba ] Request (ServersListShow296Test:setUpClass): 201 POST http://10.180.1.21/identity/v3/projects 0.069s
2025-11-19 18:47:21.579 65715 INFO tempest.lib.common.rest_client [req-07f1bc2a-d8f8-48d3-9a21-22a29a56d745 req-07f1bc2a-d8f8-48d3-9a21-22a29a56d745 ] Request (AbsoluteLimitsTestJSON:setUpClass): 200 GET http://10.180.1.21/identity/v3/roles 0.023s
2025-11-19 18:47:21.639 65673 INFO tempest.lib.common.rest_client [req-43a6ed80-8109-435e-8e74-ec0f367a5597 req-43a6ed80-8109-435e-8e74-ec0f367a5597 ] Request (ServersListShow296Test:setUpClass): 201 POST http://10.180.1.21/identity/v3/users 0.071s
2025-11-19 18:47:21.651 65715 INFO tempest.lib.common.rest_client [req-b8a630a3-17d2-4169-87e2-b0e5156af61b req-b8a630a3-17d2-4169-87e2-b0e5156af61b ] Request (AbsoluteLimitsTestJSON:setUpClass): 204 PUT http://10.180.1.21/identity/v3/projects/8f6b892650234ff6a846244e1ec5eb4e/users/32c087a22edf4a2ebca3e498ab8cb2b5/roles/749426f8947e44e0aa0fe8d77cd864b2 0.069s
2025-11-19 18:47:21.651 65715 INFO tempest.lib.common.dynamic_creds [-] Dynamic test user 32c087a22edf4a2ebca3e498ab8cb2b5 is created with scope project and roles: ['member']
2025-11-19 18:47:21.651 65715 INFO tempest.lib.common.dynamic_creds [-] Acquired dynamic creds: credentials: Credentials: {'domain_id': 'default', 'domain_name': 'Default', 'username': 'tempest-AbsoluteLimitsTestJSON-1839666462-project-member', 'project_domain_id': 'default', 'project_domain_name': 'Default', 'project_id': '8f6b892650234ff6a846244e1ec5eb4e', 'project_name': 'tempest-AbsoluteLimitsTestJSON-1839666462', 'tenant_id': '8f6b892650234ff6a846244e1ec5eb4e', 'tenant_name': 'tempest-AbsoluteLimitsTestJSON-1839666462', 'user_domain_id': 'default', 'user_domain_name': 'Default', 'user_id': '32c087a22edf4a2ebca3e498ab8cb2b5', 'system': None}, Network: None, Subnet: None, Router: None
2025-11-19 18:47:21.651 65715 INFO tempest.lib.common.dynamic_creds [-] Created isolated network resources for: credentials: Credentials: {'domain_id': 'default', 'domain_name': 'Default', 'username': 'tempest-AbsoluteLimitsTestJSON-1839666462-project-member', 'project_domain_id': 'default', 'project_domain_name': 'Default', 'project_id': '8f6b892650234ff6a846244e1ec5eb4e', 'project_name': 'tempest-AbsoluteLimitsTestJSON-1839666462', 'tenant_id': '8f6b892650234ff6a846244e1ec5eb4e', 'tenant_name': 'tempest-AbsoluteLimitsTestJSON-1839666462', 'user_domain_id': 'default', 'user_domain_name': 'Default', 'user_id': '32c087a22edf4a2ebca3e498ab8cb2b5', 'system': None}, Network: None, Subnet: None, Router: None
2025-11-19 18:47:21.659 65673 INFO tempest.lib.common.rest_client [req-71b7ad7d-131a-4624-938e-105e77a170ee req-71b7ad7d-131a-4624-938e-105e77a170ee ] Request (ServersListShow296Test:setUpClass): 200 GET http://10.180.1.21/identity/v3/roles 0.020s
2025-11-19 18:47:21.726 65715 INFO tempest.lib.common.rest_client [req-3ec9c9f6-7f7d-4f2a-93c4-fb926a108b73 req-3ec9c9f6-7f7d-4f2a-93c4-fb926a108b73 ] Request (AbsoluteLimitsTestJSON:setUpClass): 201 POST http://10.180.1.21/identity/v3/auth/tokens 0.071s
2025-11-19 18:47:21.735 65673 INFO tempest.lib.common.rest_client [req-d4e2ee40-857a-496c-8aaf-bfa42437bc8a req-d4e2ee40-857a-496c-8aaf-bfa42437bc8a ] Request (ServersListShow296Test:setUpClass): 204 PUT http://10.180.1.21/identity/v3/projects/ed52465f361a456f9d57270d4f987ff5/users/73299dab95124d628b63d92904f4fcfa/roles/749426f8947e44e0aa0fe8d77cd864b2 0.075s
2025-11-19 18:47:21.735 65673 INFO tempest.lib.common.dynamic_creds [-] Dynamic test user 73299dab95124d628b63d92904f4fcfa is created with scope project and roles: ['member']
