2025-11-19 18:50:12.116 65687 INFO tempest.lib.common.rest_client [req-ce9e598e-f167-4493-bfc6-4fc791394472 req-ce9e598e-f167-4493-bfc6-4fc791394472 ] Request (AttachInterfacesTestJSON:test_create_list_show_delete_interfaces_by_network_port): 200 GET http://10.180.1.21/compute/v2.1/servers/54bd4aa6-4a56-4a2a-8fbd-bfe487b07c95 2.979s
2025-11-19 18:50:12.128 65685 INFO tempest.lib.common.rest_client [req-544a6bca-48dc-4b6b-bbf9-fef2d4ec081f req-544a6bca-48dc-4b6b-bbf9-fef2d4ec081f ] Request (FloatingIPsAssociationTestJSON:tearDownClass): 200 GET http://10.180.1.21/compute/v2.1/servers/8116f071-1037-40f9-a445-a80295ee9f32 2.791s
2025-11-19 18:50:12.148 65691 INFO tempest.lib.common.rest_client [req-20632da6-5d95-469e-a98e-853bab35aede req-20632da6-5d95-469e-a98e-853bab35aede ] Request (ServersTestJSON:_run_cleanups): 404 GET http://10.180.1.21/compute/v2.1/servers/cae84e86-145a-4cac-9ac5-6335bbba6723 2.436s
2025-11-19 18:50:12.154 65673 INFO tempest.lib.common.rest_client [req-186d6e51-a7b2-43e9-959b-2092b13bba8f req-186d6e51-a7b2-43e9-959b-2092b13bba8f ] Request (ServersListShow298Test:tearDownClass): 204 DELETE http://10.180.1.21/identity/v3/projects/ef072894db0a4a6f93698a51c1ab5b3e 0.100s
2025-11-19 18:50:12.183 65717 INFO tempest.lib.common.rest_client [req-495c7727-1677-423e-97d3-19a22669c95e req-495c7727-1677-423e-97d3-19a22669c95e ] Request (MigrationsAdminTest:test_resize_server_revert_deleted_flavor): 200 GET http://10.180.1.21/compute/v2.1/servers/fbde1056-d0d0-489d-b0d9-2340f21d93b2 2.819s
2025-11-19 18:50:12.190 65707 INFO tempest.lib.common.rest_client [req-71df6782-b2b3-4fbb-8a69-b6516cad49cc req-71df6782-b2b3-4fbb-8a69-b6516cad49cc ] Request (ServersAdminTestJSON:test_list_servers_by_admin_with_specified_tenant): 200 GET http://10.180.1.21/compute/v2.1/servers/detail?all_tenants=&tenant_id=4db1f61fab714d9898ddd4e102f0e62c 2.078s
2025-11-19 18:50:12.215 65695 INFO tempest.lib.common.rest_client [req-7c0703ad-5c49-4cbb-b46f-28e744b96e11 req-7c0703ad-5c49-4cbb-b46f-28e744b96e11 ] Request (ServerGroupTestJSON:tearDownClass): 204 DELETE http://10.180.1.21/compute/v2.1/os-server-groups/5a234351-866a-4e77-a21b-4408bbd7dc1a 1.136s
2025-11-19 18:50:12.246 65673 INFO tempest.lib.common.rest_client [req-cab88a79-cdc2-4c73-b02d-9e2daf2a3462 req-cab88a79-cdc2-4c73-b02d-9e2daf2a3462 ] Request (VolumesSnapshotsTestJSON:setUpClass): 201 POST http://10.180.1.21/identity/v3/auth/tokens 0.089s
2025-11-19 18:50:12.262 65705 INFO tempest.lib.common.rest_client [req-d053c5e7-b962-4bb3-a266-8c0658c6bcdd req-d053c5e7-b962-4bb3-a266-8c0658c6bcdd ] Request (DeleteServersTestJSON:setUpClass): 200 PUT http://10.180.1.21/networking/v2.0/routers/8290dec7-f0bd-4c49-a661-33bbd62f1a62/add_router_interface 0.999s
2025-11-19 18:50:12.262 65705 INFO tempest.lib.common.dynamic_creds [-] Created isolated network resources for: credentials: Credentials: {'domain_id': 'default', 'domain_name': 'Default', 'username': 'tempest-DeleteServersTestJSON-1650633726-project-member', 'project_domain_id': 'default', 'project_domain_name': 'Default', 'project_id': '8dd9904144be4569923ea49161909455', 'project_name': 'tempest-DeleteServersTestJSON-1650633726', 'tenant_id': '8dd9904144be4569923ea49161909455', 'tenant_name': 'tempest-DeleteServersTestJSON-1650633726', 'user_domain_id': 'default', 'user_domain_name': 'Default', 'user_id': 'daf0bfbcc760432183d8b3f2c9b64e84', 'system': None}, Network: {'id': 'f71009e2-3c58-4bcb-9a91-3dc2749f04b9', 'name': 'tempest-DeleteServersTestJSON-1664985342-network', 'tenant_id': '8dd9904144be4569923ea49161909455', 'project_id': '8dd9904144be4569923ea49161909455', 'admin_state_up': True, 'mtu': 8950, 'status': 'ACTIVE', 'subnets': [], 'shared': False, 'port_security_enabled': True, 'router:external': False, 'provider:network_type': 'vlan', 'provider:physical_network': 'default', 'provider:segmentation_id': 61, 'availability_zone_hints': [], 'availability_zones': [], 'ipv4_address_scope': None, 'ipv6_address_scope': None, 'description': '', 'tags': [], 'created_at': '2025-11-19T18:50:08Z', 'updated_at': '2025-11-19T18:50:08Z', 'revision_number': 1}, Subnet: {'id': '27a1026d-52a8-4ce6-9200-c479ca8e7bc0', 'name': 'tempest-DeleteServersTestJSON-1664985342-subnet', 'tenant_id': '8dd9904144be4569923ea49161909455', 'network_id': 'f71009e2-3c58-4bcb-9a91-3dc2749f04b9', 'ip_version': 4, 'subnetpool_id': None, 'enable_dhcp': True, 'ipv6_ra_mode': None, 'ipv6_address_mode': None, 'gateway_ip': '192.168.128.1', 'cidr': '192.168.128.0/28', 'allocation_pools': [{'start': '192.168.128.2', 'end': '192.168.128.14'}], 'host_routes': [], 'dns_nameservers': [], 'description': '', 'router:external': False, 'service_types': [], 'tags': [], 'created_at': '2025-11-19T18:50:09Z', 'updated_at': '2025-11-19T18:50:09Z', 'revision_number': 0, 'project_id': '8dd9904144be4569923ea49161909455'}, Router: {'id': '8290dec7-f0bd-4c49-a661-33bbd62f1a62', 'name': 'tempest-DeleteServersTestJSON-1664985342-router', 'tenant_id': '8dd9904144be4569923ea49161909455', 'admin_state_up': True, 'status': 'ACTIVE', 'external_gateway_info': {'network_id': 'dcc9690b-5351-417b-bd1f-b51cdd11c0a2', 'external_fixed_ips': [{'subnet_id': '6afffef6-b5e6-495b-bfd3-785f7d63f226', 'ip_address': '10.180.180.146'}], 'enable_snat': True}, 'description': '', 'availability_zones': [], 'distributed': False, 'ha': False, 'availability_zone_hints': [], 'routes': [], 'flavor_id': None, 'tags': [], 'created_at': '2025-11-19T18:50:10Z', 'updated_at': '2025-11-19T18:50:10Z', 'revision_number': 2, 'project_id': '8dd9904144be4569923ea49161909455'}
2025-11-19 18:50:12.284 65673 INFO tempest.lib.common.rest_client [req-59c2068e-56e3-4764-b417-72b95bc529fe req-59c2068e-56e3-4764-b417-72b95bc529fe ] Request (VolumesSnapshotsTestJSON:setUpClass): 201 POST http://10.180.1.21/identity/v3/auth/tokens 0.035s
2025-11-19 18:50:12.349 65683 INFO tempest.lib.common.rest_client [req-b320a676-7f74-4d3e-ab74-7eff4fe2d56a req-b320a676-7f74-4d3e-ab74-7eff4fe2d56a ] Request (ServerShowV247Test:tearDownClass): 200 GET http://10.180.1.21/compute/v2.1/servers/624c6132-348a-4de6-a18c-fa1a7a9cc912 1.258s
2025-11-19 18:50:12.351 65673 INFO tempest.lib.common.rest_client [req-a2d58038-65a1-43ae-b52c-0fb744aaed7f req-a2d58038-65a1-43ae-b52c-0fb744aaed7f ] Request (VolumesSnapshotsTestJSON:setUpClass): 200 GET http://10.180.1.21/identity/v3/domains?name=Default 0.066s
2025-11-19 18:50:12.367 65705 INFO tempest.lib.common.rest_client [req-c461106d-ad0e-46b3-ad21-abbe774c08b0 req-c461106d-ad0e-46b3-ad21-abbe774c08b0 ] Request (DeleteServersTestJSON:setUpClass): 201 POST http://10.180.1.21/identity/v3/auth/tokens 0.101s
2025-11-19 18:50:12.401 65673 INFO tempest.lib.common.rest_client [req-a1adc9ec-456a-49fd-9ccd-442d4e424527 req-a1adc9ec-456a-49fd-9ccd-442d4e424527 ] Request (VolumesSnapshotsTestJSON:setUpClass): 201 POST http://10.180.1.21/identity/v3/projects 0.049s
2025-11-19 18:50:12.448 65705 INFO tempest.lib.common.rest_client [req-606f1732-2972-45d1-aeed-395e9ba94ed3 req-606f1732-2972-45d1-aeed-395e9ba94ed3 ] Request (DeleteServersTestJSON:test_delete_active_server): 201 POST http://10.180.1.21/identity/v3/auth/tokens 0.074s
2025-11-19 18:50:12.448 65705 INFO tempest.lib.common.fixed_network [-] (DeleteServersTestJSON:test_delete_active_server) Found network {'id': 'f71009e2-3c58-4bcb-9a91-3dc2749f04b9', 'name': 'tempest-DeleteServersTestJSON-1664985342-network', 'tenant_id': '8dd9904144be4569923ea49161909455', 'project_id': '8dd9904144be4569923ea49161909455', 'admin_state_up': True, 'mtu': 8950, 'status': 'ACTIVE', 'subnets': [], 'shared': False, 'port_security_enabled': True, 'router:external': False, 'provider:network_type': 'vlan', 'provider:physical_network': 'default', 'provider:segmentation_id': 61, 'availability_zone_hints': [], 'availability_zones': [], 'ipv4_address_scope': None, 'ipv6_address_scope': None, 'description': '', 'tags': [], 'created_at': '2025-11-19T18:50:08Z', 'updated_at': '2025-11-19T18:50:08Z', 'revision_number': 1} available for tenant
2025-11-19 18:50:12.460 65719 INFO tempest.lib.common.rest_client [req-ce5d5433-d672-4471-92af-c144d437a61d req-ce5d5433-d672-4471-92af-c144d437a61d ] Request (ServerDiskConfigTestJSON:test_resize_server_from_auto_to_manual): 200 PUT http://10.180.1.21/compute/v2.1/servers/f0d95e71-98e3-48f3-b405-10ca0904b9a1 0.844s
2025-11-19 18:50:12.489 65673 INFO tempest.lib.common.rest_client [req-6ca92ff0-b81e-4c11-868a-55b6c3d250c4 req-6ca92ff0-b81e-4c11-868a-55b6c3d250c4 ] Request (VolumesSnapshotsTestJSON:setUpClass): 201 POST http://10.180.1.21/identity/v3/users 0.088s
2025-11-19 18:50:12.520 65673 INFO tempest.lib.common.rest_client [req-ab747331-5f97-465f-8d67-0e454a1fdcd3 req-ab747331-5f97-465f-8d67-0e454a1fdcd3 ] Request (VolumesSnapshotsTestJSON:setUpClass): 200 GET http://10.180.1.21/identity/v3/roles 0.030s
2025-11-19 18:50:12.524 65667 INFO tempest.lib.common.rest_client [req-4cfee96c-d732-4fd2-b931-59dfd6e6abb4 req-4cfee96c-d732-4fd2-b931-59dfd6e6abb4 ] Request (ImagesTestJSON:test_create_server_from_snapshot): 200 GET http://10.180.1.21/compute/v2.1/images/09026c44-d27c-4e3c-93da-87851f95e653 0.843s
2025-11-19 18:50:12.562 65673 INFO tempest.lib.common.rest_client [req-1ae1a4b5-b884-4c13-b4a5-a5a45db34449 req-1ae1a4b5-b884-4c13-b4a5-a5a45db34449 ] Request (VolumesSnapshotsTestJSON:setUpClass): 204 PUT http://10.180.1.21/identity/v3/projects/9d0d163869364cf8a2d451bceb44568f/users/eea6c4c78b394cbf977269dc9f039e78/roles/749426f8947e44e0aa0fe8d77cd864b2 0.041s
2025-11-19 18:50:12.562 65673 INFO tempest.lib.common.dynamic_creds [-] Dynamic test user eea6c4c78b394cbf977269dc9f039e78 is created with scope project and roles: ['member']
2025-11-19 18:50:12.562 65673 INFO tempest.lib.common.dynamic_creds [-] Acquired dynamic creds: credentials: Credentials: {'domain_id': 'default', 'domain_name': 'Default', 'username': 'tempest-VolumesSnapshotsTestJSON-1871247858-project-member', 'project_domain_id': 'default', 'project_domain_name': 'Default', 'project_id': '9d0d163869364cf8a2d451bceb44568f', 'project_name': 'tempest-VolumesSnapshotsTestJSON-1871247858', 'tenant_id': '9d0d163869364cf8a2d451bceb44568f', 'tenant_name': 'tempest-VolumesSnapshotsTestJSON-1871247858', 'user_domain_id': 'default', 'user_domain_name': 'Default', 'user_id': 'eea6c4c78b394cbf977269dc9f039e78', 'system': None}, Network: None, Subnet: None, Router: None
2025-11-19 18:50:12.563 65673 INFO tempest.lib.common.dynamic_creds [-] Created isolated network resources for: credentials: Credentials: {'domain_id': 'default', 'domain_name': 'Default', 'username': 'tempest-VolumesSnapshotsTestJSON-1871247858-project-member', 'project_domain_id': 'default', 'project_domain_name': 'Default', 'project_id': '9d0d163869364cf8a2d451bceb44568f', 'project_name': 'tempest-VolumesSnapshotsTestJSON-1871247858', 'tenant_id': '9d0d163869364cf8a2d451bceb44568f', 'tenant_name': 'tempest-VolumesSnapshotsTestJSON-1871247858', 'user_domain_id': 'default', 'user_domain_name': 'Default', 'user_id': 'eea6c4c78b394cbf977269dc9f039e78', 'system': None}, Network: None, Subnet: None, Router: None
2025-11-19 18:50:12.599 65701 WARNING tempest.lib.common.ssh [-] Failed to establish authenticated ssh connection to cirros@10.180.180.214 ([Errno None] Unable to connect to port 22 on 10.180.180.214). Number attempts: 4. Retry after 5 seconds.: paramiko.ssh_exception.NoValidConnectionsError: [Errno None] Unable to connect to port 22 on 10.180.180.214
2025-11-19 18:50:12.613 65667 INFO tempest.lib.common.rest_client [req-4c9459f3-54bd-4071-a504-d98f9e6f09d8 req-4c9459f3-54bd-4071-a504-d98f9e6f09d8 ] Request (ImagesTestJSON:test_create_server_from_snapshot): 201 POST http://10.180.1.21/identity/v3/auth/tokens 0.082s
2025-11-19 18:50:12.614 65667 INFO tempest.lib.common.fixed_network [-] (ImagesTestJSON:test_create_server_from_snapshot) Found network {'id': 'd93986ee-8080-4018-b147-e9cfcb2160ed', 'name': 'tempest-ImagesTestJSON-1800372108-network', 'tenant_id': '70e977c136ed4bab98ab05017c093baf', 'project_id': '70e977c136ed4bab98ab05017c093baf', 'admin_state_up': True, 'mtu': 8950, 'status': 'ACTIVE', 'subnets': [], 'shared': False, 'port_security_enabled': True, 'router:external': False, 'provider:network_type': 'vlan', 'provider:physical_network': 'default', 'provider:segmentation_id': 33, 'availability_zone_hints': [], 'availability_zones': [], 'ipv4_address_scope': None, 'ipv6_address_scope': None, 'description': '', 'tags': [], 'created_at': '2025-11-19T18:46:18Z', 'updated_at': '2025-11-19T18:46:18Z', 'revision_number': 1} available for tenant
2025-11-19 18:50:12.631 65723 INFO tempest.lib.common.rest_client [req-619f79c0-b526-4d83-a362-8bae6001010d req-619f79c0-b526-4d83-a362-8bae6001010d ] Request (ServersAdminNegativeTestJSON:tearDownClass): 200 GET http://10.180.1.21/compute/v2.1/servers/afe64b1d-598a-46a5-bbe4-923352d6b3db 0.547s
2025-11-19 18:50:12.655 65673 INFO tempest.lib.common.rest_client [req-22814033-5686-45c4-933d-f5b5e8f15a45 req-22814033-5686-45c4-933d-f5b5e8f15a45 ] Request (VolumesSnapshotsTestJSON:setUpClass): 201 POST http://10.180.1.21/identity/v3/auth/tokens 0.087s
2025-11-19 18:50:12.681 65691 INFO tempest.lib.common.rest_client [req-1745ed4b-0d07-4171-a6a8-599414ab1d66 req-1745ed4b-0d07-4171-a6a8-599414ab1d66 ] Request (ServersTestJSON:test_create_specify_keypair): 200 POST http://10.180.1.21/compute/v2.1/os-keypairs 0.531s
2025-11-19 18:50:12.759 65693 INFO tempest.lib.common.rest_client [req-180db1f3-1e36-4df0-a0ba-6367849f9a0a req-180db1f3-1e36-4df0-a0ba-6367849f9a0a ] Request (SecurityGroupsTestJSON:test_list_security_groups_by_server): 200 GET http://10.180.1.21/compute/v2.1/servers/db362585-18c4-4e3c-a2b2-fe29022986c9 0.564s
2025-11-19 18:50:12.768 65707 INFO tempest.lib.common.rest_client [req-fc5c5a16-3139-44a3-9937-39a4cab0db5e req-fc5c5a16-3139-44a3-9937-39a4cab0db5e ] Request (ServersAdminTestJSON:test_list_servers_detailed_filter_by_invalid_status): 200 GET http://10.180.1.21/compute/v2.1/servers/detail?status=invalid_status 0.561s
2025-11-19 18:50:12.837 65669 INFO tempest.lib.common.rest_client [req-29f5e988-ee83-4e28-9a34-c365f813df05 req-29f5e988-ee83-4e28-9a34-c365f813df05 ] Request (MultipleCreateTestJSON:test_multiple_create): 202 POST http://10.180.1.21/compute/v2.1/servers 1.673s
2025-11-19 18:50:12.892 65677 INFO tempest.lib.common.rest_client [req-344c6c66-d111-43e3-ace8-e448c27e7377 req-344c6c66-d111-43e3-ace8-e448c27e7377 ] Request (ServersNegativeTestMultiTenantJSON:setUpClass): 200 GET http://10.180.1.21/compute/v2.1/servers/82f3b4da-7787-4516-8596-6269fd46ed32 0.667s
2025-11-19 18:50:12.903 65677 INFO tempest.common.waiters [-] State transition "BUILD/spawning" ==> "ACTIVE/None" after 51 second wait
2025-11-19 18:50:12.921 65709 INFO tempest.lib.common.rest_client [req-c61ff700-79ec-4093-8f75-ff8008f34359 req-c61ff700-79ec-4093-8f75-ff8008f34359 ] Request (ServerRescueNegativeTestJSON:setUpClass): 200 GET http://10.180.1.21/compute/v2.1/servers/d10cf0e3-297c-4e53-8c92-7e35fd0029bd 0.634s
2025-11-19 18:50:12.964 65699 INFO tempest.lib.common.rest_client [req-8ec61faf-92a4-4851-bd75-ae2113bb8c0a req-8ec61faf-92a4-4851-bd75-ae2113bb8c0a ] Request (ImagesOneServerNegativeTestJSON:_run_cleanups): 200 GET http://10.180.1.21/compute/v2.1/servers/28bf857a-0c4a-4748-a231-79e721a5dee0 0.669s
2025-11-19 18:50:13.047 65703 WARNING tempest.lib.common.ssh [-] Failed to establish authenticated ssh connection to cirros@10.180.180.140 ([Errno None] Unable to connect to port 22 on 10.180.180.140). Number attempts: 15. Retry after 16 seconds.: paramiko.ssh_exception.NoValidConnectionsError: [Errno None] Unable to connect to port 22 on 10.180.180.140
2025-11-19 18:50:13.134 65719 INFO tempest.lib.common.rest_client [req-31a588fa-96a2-443e-8398-c8784144b260 req-31a588fa-96a2-443e-8398-c8784144b260 ] Request (ServerDiskConfigTestJSON:test_resize_server_from_auto_to_manual): 200 GET http://10.180.1.21/compute/v2.1/servers/f0d95e71-98e3-48f3-b405-10ca0904b9a1 0.664s
2025-11-19 18:50:13.168 65695 INFO tempest.lib.common.rest_client [req-bbfc1779-0351-4e37-99a0-2ce1bd0f5cbd req-bbfc1779-0351-4e37-99a0-2ce1bd0f5cbd ] Request (ServerGroupTestJSON:tearDownClass): 200 PUT http://10.180.1.21/networking/v2.0/routers/4e925c5c-c967-4c16-a5d0-752689617b2b/remove_router_interface 0.952s
2025-11-19 18:50:13.358 65675 INFO tempest.lib.common.rest_client [req-3bba18ac-f2d8-4819-8f87-0dbfe963af73 req-3bba18ac-f2d8-4819-8f87-0dbfe963af73 ] Request (ServersTestManualDisk:setUpClass): 200 GET http://10.180.1.21/compute/v2.1/servers/60c56856-7a0d-4a28-9fff-fbbf3c803852 0.807s
2025-11-19 18:50:13.520 65705 INFO tempest.lib.common.rest_client [req-5be3b435-9cf2-4595-8a70-5e7eae09524a req-5be3b435-9cf2-4595-8a70-5e7eae09524a ] Request (DeleteServersTestJSON:test_delete_active_server): 202 POST http://10.180.1.21/compute/v2.1/servers 1.071s
2025-11-19 18:50:13.701 65695 INFO tempest.lib.common.rest_client [req-3b2f604b-801a-4c56-9fe9-e111f45fbfbb req-3b2f604b-801a-4c56-9fe9-e111f45fbfbb ] Request (ServerGroupTestJSON:tearDownClass): 204 DELETE http://10.180.1.21/networking/v2.0/routers/4e925c5c-c967-4c16-a5d0-752689617b2b 0.532s
2025-11-19 18:50:13.855 65673 INFO tempest.lib.common.rest_client [req-df61455e-6d96-4655-bbfb-f785c1cbe1f6 req-df61455e-6d96-4655-bbfb-f785c1cbe1f6 ] Request (VolumesSnapshotsTestJSON:test_volume_snapshot_create_get_list_delete): 200 POST http://10.180.1.21/compute/v2.1/os-volumes 1.199s
2025-11-19 18:50:13.859 65667 INFO tempest.lib.common.rest_client [req-58d577a5-0887-4a1c-a30a-6d1cc8033e05 req-58d577a5-0887-4a1c-a30a-6d1cc8033e05 ] Request (ImagesTestJSON:test_create_server_from_snapshot): 202 POST http://10.180.1.21/compute/v2.1/servers 1.245s
2025-11-19 18:50:13.873 65691 INFO tempest.lib.common.rest_client [req-441428d4-a5bf-4928-bedd-f2e2bc66b6cd req-441428d4-a5bf-4928-bedd-f2e2bc66b6cd ] Request (ServersTestJSON:test_create_specify_keypair): 200 GET http://10.180.1.21/compute/v2.1/os-keypairs 1.190s
2025-11-19 18:50:13.917 65695 INFO tempest.lib.common.rest_client [req-d4be2e06-6d58-479f-b083-5d7676edf8c1 req-d4be2e06-6d58-479f-b083-5d7676edf8c1 ] Request (ServerGroupTestJSON:tearDownClass): 204 DELETE http://10.180.1.21/networking/v2.0/subnets/324b5b28-02df-43bf-abb5-0e0185f288a8 0.215s
2025-11-19 18:50:13.968 65707 INFO tempest.lib.common.rest_client [req-ef9e4fd2-751b-47d7-942a-d7abd4dee5d4 req-ef9e4fd2-751b-47d7-942a-d7abd4dee5d4 ] Request (ServersAdminTestJSON:test_list_servers_filter_by_error_status): 202 POST http://10.180.1.21/compute/v2.1/servers/63289f96-52d0-4986-8f19-b9026b1a5eb2/action 1.192s
2025-11-19 18:50:14.012 65669 INFO tempest.lib.common.rest_client [req-9b4599a9-cebe-43b2-a78c-d5fb77eaddbb req-9b4599a9-cebe-43b2-a78c-d5fb77eaddbb ] Request (MultipleCreateTestJSON:test_multiple_create): 200 GET http://10.180.1.21/compute/v2.1/servers 1.173s
2025-11-19 18:50:14.014 65691 INFO tempest.lib.common.rest_client [req-ea95fb11-87d7-4a02-8322-eb04040e7f01 req-ea95fb11-87d7-4a02-8322-eb04040e7f01 ] Request (ServersTestJSON:test_create_specify_keypair): 201 POST http://10.180.1.21/identity/v3/auth/tokens 0.135s
2025-11-19 18:50:14.014 65691 INFO tempest.lib.common.fixed_network [-] (ServersTestJSON:test_create_specify_keypair) Found network {'id': '2856de00-f723-41b5-8ee3-88be8adf0f1b', 'name': 'tempest-ServersTestJSON-1059004839-network', 'tenant_id': '1bae1c5f661b4a28a535e0476d323069', 'project_id': '1bae1c5f661b4a28a535e0476d323069', 'admin_state_up': True, 'mtu': 8950, 'status': 'ACTIVE', 'subnets': [], 'shared': False, 'port_security_enabled': True, 'router:external': False, 'provider:network_type': 'vlan', 'provider:physical_network': 'default', 'provider:segmentation_id': 308, 'availability_zone_hints': [], 'availability_zones': [], 'ipv4_address_scope': None, 'ipv6_address_scope': None, 'description': '', 'tags': [], 'created_at': '2025-11-19T18:48:01Z', 'updated_at': '2025-11-19T18:48:01Z', 'revision_number': 1} available for tenant
2025-11-19 18:50:14.151 65715 INFO tempest.lib.common.rest_client [req-90351ab8-d2af-46f9-a9a7-a340e80206e4 req-90351ab8-d2af-46f9-a9a7-a340e80206e4 ] Request (ServerRescueTestJSON:tearDownClass): 200 GET http://10.180.1.21/compute/v2.1/servers/9a8a66e3-e763-45f3-a694-6175dca3a37b 1.204s
2025-11-19 18:50:14.185 65677 INFO tempest.lib.common.rest_client [req-0f09bcad-855d-4f2e-9ba4-3d37ab3c04e3 req-0f09bcad-855d-4f2e-9ba4-3d37ab3c04e3 ] Request (ServersNegativeTestMultiTenantJSON:setUp): 200 GET http://10.180.1.21/compute/v2.1/servers/82f3b4da-7787-4516-8596-6269fd46ed32 1.281s
2025-11-19 18:50:14.283 65685 INFO tempest.lib.common.rest_client [req-ed828062-f1d7-4a22-a3a6-22ebb9e64c53 req-ed828062-f1d7-4a22-a3a6-22ebb9e64c53 ] Request (FloatingIPsAssociationTestJSON:tearDownClass): 200 GET http://10.180.1.21/compute/v2.1/servers/8116f071-1037-40f9-a445-a80295ee9f32 1.141s
2025-11-19 18:50:14.315 65687 INFO tempest.lib.common.rest_client [req-ec3209c9-a759-49fa-99c4-e03680dd5b9a req-ec3209c9-a759-49fa-99c4-e03680dd5b9a ] Request (AttachInterfacesTestJSON:test_create_list_show_delete_interfaces_by_network_port): 200 GET http://10.180.1.21/compute/v2.1/servers/54bd4aa6-4a56-4a2a-8fbd-bfe487b07c95 1.190s
2025-11-19 18:50:14.324 65687 INFO tempest.common.waiters [-] State transition "BUILD/spawning" ==> "ACTIVE/None" after 52 second wait
2025-11-19 18:50:14.337 65695 INFO tempest.lib.common.rest_client [req-10244ddf-231a-4763-837a-9d15f6ee013f req-10244ddf-231a-4763-837a-9d15f6ee013f ] Request (ServerGroupTestJSON:tearDownClass): 204 DELETE http://10.180.1.21/networking/v2.0/networks/86cc3a4e-16cc-4eb6-8827-e2f7129d8850 0.420s
2025-11-19 18:50:14.378 65717 INFO tempest.lib.common.rest_client [req-a0562c9c-22f2-42f2-88c3-84575a1570b2 req-a0562c9c-22f2-42f2-88c3-84575a1570b2 ] Request (MigrationsAdminTest:test_resize_server_revert_deleted_flavor): 200 GET http://10.180.1.21/compute/v2.1/servers/fbde1056-d0d0-489d-b0d9-2340f21d93b2 1.181s
2025-11-19 18:50:14.439 65719 INFO tempest.lib.common.rest_client [req-aa820391-80d3-4692-be7c-54b538d944fa req-aa820391-80d3-4692-be7c-54b538d944fa ] Request (ServerDiskConfigTestJSON:test_resize_server_from_auto_to_manual): 200 GET http://10.180.1.21/compute/v2.1/servers/f0d95e71-98e3-48f3-b405-10ca0904b9a1 1.296s
2025-11-19 18:50:14.509 65683 INFO tempest.lib.common.rest_client [req-608afab0-bbec-4300-8a6a-055ff1b8c8a8 req-608afab0-bbec-4300-8a6a-055ff1b8c8a8 ] Request (ServerShowV247Test:tearDownClass): 200 GET http://10.180.1.21/compute/v2.1/servers/624c6132-348a-4de6-a18c-fa1a7a9cc912 1.148s
2025-11-19 18:50:14.530 65705 INFO tempest.lib.common.rest_client [req-bcaed4ea-cd9d-454f-a23f-0c3c3d16b015 req-bcaed4ea-cd9d-454f-a23f-0c3c3d16b015 ] Request (DeleteServersTestJSON:test_delete_active_server): 200 GET http://10.180.1.21/compute/v2.1/servers/1650ea89-c3ec-48c3-aa05-8d9ee87f7c3b 1.007s
2025-11-19 18:50:14.606 65693 INFO tempest.lib.common.rest_client [req-c0273844-3999-463b-bf0d-78c504666d93 req-c0273844-3999-463b-bf0d-78c504666d93 ] Request (SecurityGroupsTestJSON:test_list_security_groups_by_server): 200 GET http://10.180.1.21/compute/v2.1/servers/db362585-18c4-4e3c-a2b2-fe29022986c9 0.836s
2025-11-19 18:50:14.612 65695 INFO tempest.lib.common.rest_client [req-0ed9d826-7ea6-47c3-89c9-e4402fbe905b req-0ed9d826-7ea6-47c3-89c9-e4402fbe905b ] Request (ServerGroupTestJSON:tearDownClass): 204 DELETE http://10.180.1.21/identity/v3/users/906360916be1422a9e298c0d697e5865 0.274s
2025-11-19 18:50:14.612 65695 INFO tempest.lib.common.dynamic_creds [-] Deleting project and security group for project: d5f559702b7844f6b0cbe3cf876ae1a4
2025-11-19 18:50:14.617 65723 INFO tempest.lib.common.rest_client [req-3c4b9567-6324-4188-9813-5d828145bce8 req-3c4b9567-6324-4188-9813-5d828145bce8 ] Request (ServersAdminNegativeTestJSON:tearDownClass): 200 GET http://10.180.1.21/compute/v2.1/servers/afe64b1d-598a-46a5-bbe4-923352d6b3db 0.975s
2025-11-19 18:50:14.663 65695 INFO tempest.lib.common.rest_client [req-3bd0efd2-e8b5-45d2-951e-1eed45eb0ad5 req-3bd0efd2-e8b5-45d2-951e-1eed45eb0ad5 ] Request (ServerGroupTestJSON:tearDownClass): 200 GET http://10.180.1.21/networking/v2.0/security-groups?tenant_id=d5f559702b7844f6b0cbe3cf876ae1a4&name=default 0.050s
2025-11-19 18:50:14.675 65667 INFO tempest.lib.common.rest_client [req-36e6e5cf-06f3-4c76-9025-a4eedad23531 req-36e6e5cf-06f3-4c76-9025-a4eedad23531 ] Request (ImagesTestJSON:test_create_server_from_snapshot): 200 GET http://10.180.1.21/compute/v2.1/servers/3784dda8-049f-4bbf-b66f-41388262c489 0.814s
2025-11-19 18:50:14.682 65673 INFO tempest.lib.common.rest_client [req-9b1ef0e6-71f0-4b8f-9536-eae7e796d6f4 req-9b1ef0e6-71f0-4b8f-9536-eae7e796d6f4 ] Request (VolumesSnapshotsTestJSON:test_volume_snapshot_create_get_list_delete): 200 GET http://10.180.1.21/compute/v2.1/os-volumes/d0bb6e83-e049-4bcd-bbe5-9d7f513537a6 0.821s
2025-11-19 18:50:14.688 65673 INFO tempest.common.waiters [-] volume d0bb6e83-e049-4bcd-bbe5-9d7f513537a6 reached available after waiting for 0.687974 seconds
2025-11-19 18:50:14.765 65709 INFO tempest.lib.common.rest_client [req-77cf2bcd-b253-4d1c-b7fc-31cc1f80cb95 req-77cf2bcd-b253-4d1c-b7fc-31cc1f80cb95 ] Request (ServerRescueNegativeTestJSON:setUpClass): 200 GET http://10.180.1.21/compute/v2.1/servers/d10cf0e3-297c-4e53-8c92-7e35fd0029bd 0.834s
2025-11-19 18:50:14.780 65695 INFO tempest.lib.common.rest_client [req-5966430b-6400-4782-aa26-eee70e962da4 req-5966430b-6400-4782-aa26-eee70e962da4 ] Request (ServerGroupTestJSON:tearDownClass): 204 DELETE http://10.180.1.21/networking/v2.0/security-groups/fe2a986e-7b9a-48e2-95ea-33a0bfe16c8a 0.117s
2025-11-19 18:50:14.803 65707 INFO tempest.lib.common.rest_client [req-ba1ae30c-d377-40ac-90b4-8c4f5a3c5e6a req-ba1ae30c-d377-40ac-90b4-8c4f5a3c5e6a ] Request (ServersAdminTestJSON:test_list_servers_filter_by_error_status): 200 GET http://10.180.1.21/compute/v2.1/servers?status=error 0.835s
2025-11-19 18:50:14.830 65699 INFO tempest.lib.common.rest_client [req-0fc772c8-59e0-4593-9f2f-1573ca860495 req-0fc772c8-59e0-4593-9f2f-1573ca860495 ] Request (ImagesOneServerNegativeTestJSON:_run_cleanups): 200 GET http://10.180.1.21/compute/v2.1/servers/28bf857a-0c4a-4748-a231-79e721a5dee0 0.856s
2025-11-19 18:50:14.871 65669 INFO tempest.lib.common.rest_client [req-6d0acaba-b8e0-42a5-b639-5a60d75973a4 req-6d0acaba-b8e0-42a5-b639-5a60d75973a4 ] Request (MultipleCreateTestJSON:test_multiple_create): 200 GET http://10.180.1.21/compute/v2.1/servers/6a200b07-785b-4f4a-85d5-74e297a51e73 0.857s
2025-11-19 18:50:14.914 65695 INFO tempest.lib.common.rest_client [req-257c1c33-9d97-4fc0-8999-29a67911d7d2 req-257c1c33-9d97-4fc0-8999-29a67911d7d2 ] Request (ServerGroupTestJSON:tearDownClass): 204 DELETE http://10.180.1.21/identity/v3/projects/d5f559702b7844f6b0cbe3cf876ae1a4 0.132s
2025-11-19 18:50:15.025 65677 INFO tempest.lib.common.rest_client [req-553b696d-6cfb-4cb4-a5d2-57031ec9d07c req-553b696d-6cfb-4cb4-a5d2-57031ec9d07c ] Request (ServersNegativeTestMultiTenantJSON:test_delete_a_server_of_another_tenant): 404 DELETE http://10.180.1.21/compute/v2.1/servers/82f3b4da-7787-4516-8596-6269fd46ed32 0.827s
2025-11-19 18:50:15.146 65687 INFO tempest.lib.common.rest_client [req-06b869a6-221a-416b-afad-8a2deff0da78 req-06b869a6-221a-416b-afad-8a2deff0da78 ] Request (AttachInterfacesTestJSON:test_create_list_show_delete_interfaces_by_network_port): 200 GET http://10.180.1.21/compute/v2.1/servers/54bd4aa6-4a56-4a2a-8fbd-bfe487b07c95/os-interface 0.821s
2025-11-19 18:50:15.215 65691 INFO tempest.lib.common.rest_client [req-10369645-1e81-4db5-9f6a-85206491318c req-10369645-1e81-4db5-9f6a-85206491318c ] Request (ServersTestJSON:test_create_specify_keypair): 202 POST http://10.180.1.21/compute/v2.1/servers 1.201s
2025-11-19 18:50:15.320 65675 INFO tempest.lib.common.rest_client [req-765a8865-66ae-4e3a-ab9f-24c4f74a94a0 req-765a8865-66ae-4e3a-ab9f-24c4f74a94a0 ] Request (ServersTestManualDisk:setUpClass): 200 GET http://10.180.1.21/compute/v2.1/servers/60c56856-7a0d-4a28-9fff-fbbf3c803852 0.947s
2025-11-19 18:50:15.402 65719 INFO tempest.lib.common.rest_client [req-1073e94b-501b-40f3-9fe7-c55f6b844adc req-1073e94b-501b-40f3-9fe7-c55f6b844adc ] Request (ServerDiskConfigTestJSON:test_resize_server_from_auto_to_manual): 202 POST http://10.180.1.21/compute/v2.1/servers/f0d95e71-98e3-48f3-b405-10ca0904b9a1/action 0.954s
2025-11-19 18:50:15.510 65673 INFO tempest.lib.common.rest_client [req-7835c930-7c4f-448d-94ff-53386bdf3495 req-7835c930-7c4f-448d-94ff-53386bdf3495 ] Request (VolumesSnapshotsTestJSON:test_volume_snapshot_create_get_list_delete): 200 POST http://10.180.1.21/compute/v2.1/os-snapshots 0.822s
2025-11-19 18:50:15.516 65707 INFO tempest.lib.common.rest_client [req-203acf37-faec-4413-adfe-253847eea7b9 req-203acf37-faec-4413-adfe-253847eea7b9 ] Request (ServersAdminTestJSON:test_list_servers_filter_by_error_status): 202 POST http://10.180.1.21/compute/v2.1/servers/63289f96-52d0-4986-8f19-b9026b1a5eb2/action 0.711s
2025-11-19 18:50:15.670 65715 INFO tempest.lib.common.rest_client [req-b63aa81c-7eb4-4936-9bc4-48ce49ff9545 req-b63aa81c-7eb4-4936-9bc4-48ce49ff9545 ] Request (ServerRescueTestJSON:tearDownClass): 200 GET http://10.180.1.21/compute/v2.1/servers/9a8a66e3-e763-45f3-a694-6175dca3a37b 0.506s
2025-11-19 18:50:15.866 65677 INFO tempest.lib.common.rest_client [req-719688ff-cf7f-4d72-8d75-b6dd04fa19fd req-719688ff-cf7f-4d72-8d75-b6dd04fa19fd ] Request (ServersNegativeTestMultiTenantJSON:setUp): 200 GET http://10.180.1.21/compute/v2.1/servers/82f3b4da-7787-4516-8596-6269fd46ed32 0.839s
2025-11-19 18:50:15.938 65691 INFO tempest.lib.common.rest_client [req-c48b0baf-8269-4074-ad6c-79059c314f10 req-c48b0baf-8269-4074-ad6c-79059c314f10 ] Request (ServersTestJSON:test_create_specify_keypair): 200 GET http://10.180.1.21/compute/v2.1/servers/db773fe8-1054-4f80-9591-15c3797b57c6 0.720s
2025-11-19 18:50:15.985 65685 INFO tempest.lib.common.rest_client [req-ba4a173e-31c9-40e9-8775-e9f11d491d66 req-ba4a173e-31c9-40e9-8775-e9f11d491d66 ] Request (FloatingIPsAssociationTestJSON:tearDownClass): 200 GET http://10.180.1.21/compute/v2.1/servers/8116f071-1037-40f9-a445-a80295ee9f32 0.688s
2025-11-19 18:50:16.042 65717 INFO tempest.lib.common.rest_client [req-24df0e87-5566-41a1-9531-a3610656a0ad req-24df0e87-5566-41a1-9531-a3610656a0ad ] Request (MigrationsAdminTest:test_resize_server_revert_deleted_flavor): 200 GET http://10.180.1.21/compute/v2.1/servers/fbde1056-d0d0-489d-b0d9-2340f21d93b2 0.652s
2025-11-19 18:50:16.085 65673 INFO tempest.lib.common.rest_client [req-09409a3a-d3eb-4396-a670-5e641a3a583c req-09409a3a-d3eb-4396-a670-5e641a3a583c ] Request (VolumesSnapshotsTestJSON:test_volume_snapshot_create_get_list_delete): 200 GET http://10.180.1.21/compute/v2.1/os-snapshots/f1d8e58a-8acd-4f09-b103-03992dd716b2 0.571s
2025-11-19 18:50:16.184 65719 INFO tempest.lib.common.rest_client [req-7adeb563-1c9d-4d2f-9a67-f1b213bb8fda req-7adeb563-1c9d-4d2f-9a67-f1b213bb8fda ] Request (ServerDiskConfigTestJSON:test_resize_server_from_auto_to_manual): 200 GET http://10.180.1.21/compute/v2.1/servers/f0d95e71-98e3-48f3-b405-10ca0904b9a1 0.781s
2025-11-19 18:50:16.310 65687 INFO tempest.lib.common.rest_client [req-fd11e8f1-9ff0-4f5b-a49d-be52658605fd req-fd11e8f1-9ff0-4f5b-a49d-be52658605fd ] Request (AttachInterfacesTestJSON:test_create_list_show_delete_interfaces_by_network_port): 200 PUT http://10.180.1.21/networking/v2.0/floatingips/9dec8224-73b5-48fb-ac37-55b80ba4e77f 1.162s
2025-11-19 18:50:16.341 65683 INFO tempest.lib.common.rest_client [req-6900acee-8d28-4f1b-be9d-099e32ae049e req-6900acee-8d28-4f1b-be9d-099e32ae049e ] Request (ServerShowV247Test:tearDownClass): 200 GET http://10.180.1.21/compute/v2.1/servers/624c6132-348a-4de6-a18c-fa1a7a9cc912 0.819s
2025-11-19 18:50:16.364 65707 INFO tempest.lib.common.rest_client [req-509de904-2c68-4f2c-8394-3b4ea8931d20 req-509de904-2c68-4f2c-8394-3b4ea8931d20 ] Request (ServersAdminTestJSON:test_list_servers_filter_by_error_status): 200 GET http://10.180.1.21/compute/v2.1/servers/63289f96-52d0-4986-8f19-b9026b1a5eb2 0.847s
2025-11-19 18:50:16.408 65705 INFO tempest.lib.common.rest_client [req-141e80cc-419d-47be-879d-f055945d619e req-141e80cc-419d-47be-879d-f055945d619e ] Request (DeleteServersTestJSON:test_delete_active_server): 200 GET http://10.180.1.21/compute/v2.1/servers/1650ea89-c3ec-48c3-aa05-8d9ee87f7c3b 0.863s
2025-11-19 18:50:16.416 65705 INFO tempest.common.waiters [-] State transition "BUILD/scheduling" ==> "BUILD/None" after 2 second wait
2025-11-19 18:50:16.433 65693 INFO tempest.lib.common.rest_client [req-7da94e02-e99a-496c-b0f2-55cb1c2862f9 req-7da94e02-e99a-496c-b0f2-55cb1c2862f9 ] Request (SecurityGroupsTestJSON:test_list_security_groups_by_server): 200 GET http://10.180.1.21/compute/v2.1/servers/db362585-18c4-4e3c-a2b2-fe29022986c9 0.818s
2025-11-19 18:50:16.440 65693 INFO tempest.common.waiters [-] State transition "BUILD/None" ==> "BUILD/networking" after 23 second wait
2025-11-19 18:50:16.497 65667 INFO tempest.lib.common.rest_client [req-a35c60dc-a187-4dce-8876-248b829f3bca req-a35c60dc-a187-4dce-8876-248b829f3bca ] Request (ImagesTestJSON:test_create_server_from_snapshot): 200 GET http://10.180.1.21/compute/v2.1/servers/3784dda8-049f-4bbf-b66f-41388262c489 0.810s
2025-11-19 18:50:16.504 65667 INFO tempest.common.waiters [-] State transition "BUILD/scheduling" ==> "BUILD/None" after 2 second wait
2025-11-19 18:50:16.511 65723 INFO tempest.lib.common.rest_client [req-a20c8067-a9e2-4bb3-9211-db9f4611f89c req-a20c8067-a9e2-4bb3-9211-db9f4611f89c ] Request (ServersAdminNegativeTestJSON:tearDownClass): 200 GET http://10.180.1.21/compute/v2.1/servers/afe64b1d-598a-46a5-bbe4-923352d6b3db 0.886s
2025-11-19 18:50:16.562 65709 INFO tempest.lib.common.rest_client [req-78a89cf5-1f79-4e1e-8451-0783eaf9b3b0 req-78a89cf5-1f79-4e1e-8451-0783eaf9b3b0 ] Request (ServerRescueNegativeTestJSON:setUpClass): 200 GET http://10.180.1.21/compute/v2.1/servers/d10cf0e3-297c-4e53-8c92-7e35fd0029bd 0.787s
2025-11-19 18:50:16.581 65699 INFO tempest.lib.common.rest_client [req-695bc602-9e07-44d6-9a6d-6b2e33c5ec3c req-695bc602-9e07-44d6-9a6d-6b2e33c5ec3c ] Request (ImagesOneServerNegativeTestJSON:_run_cleanups): 200 GET http://10.180.1.21/compute/v2.1/servers/28bf857a-0c4a-4748-a231-79e721a5dee0 0.740s
2025-11-19 18:50:16.588 65677 INFO tempest.lib.common.rest_client [req-cb08298c-b575-426f-94f7-c040df603c2b req-cb08298c-b575-426f-94f7-c040df603c2b ] Request (ServersNegativeTestMultiTenantJSON:test_update_server_of_another_tenant): 404 PUT http://10.180.1.21/compute/v2.1/servers/82f3b4da-7787-4516-8596-6269fd46ed32 0.709s
2025-11-19 18:50:16.646 65673 INFO tempest.lib.common.rest_client [req-ca78b929-164f-4567-93e5-7bce02f39337 req-ca78b929-164f-4567-93e5-7bce02f39337 ] Request (VolumesSnapshotsTestJSON:test_volume_snapshot_create_get_list_delete): 200 GET http://10.180.1.21/compute/v2.1/os-snapshots 0.559s
2025-11-19 18:50:16.650 65669 INFO tempest.lib.common.rest_client [req-99981ac5-33f4-4d71-89e2-1e7cf4ac884d req-99981ac5-33f4-4d71-89e2-1e7cf4ac884d ] Request (MultipleCreateTestJSON:test_multiple_create): 200 GET http://10.180.1.21/compute/v2.1/servers/6a200b07-785b-4f4a-85d5-74e297a51e73 0.770s
2025-11-19 18:50:16.796 65675 INFO tempest.lib.common.rest_client [req-0f39717e-7796-453b-94fa-3bc0942d050f req-0f39717e-7796-453b-94fa-3bc0942d050f ] Request (ServersTestManualDisk:setUpClass): 200 GET http://10.180.1.21/compute/v2.1/servers/60c56856-7a0d-4a28-9fff-fbbf3c803852 0.464s
2025-11-19 18:50:16.796 65687 INFO tempest.lib.common.rest_client [req-cb15cfc5-e39c-4e26-b953-7c54b35e571f req-cb15cfc5-e39c-4e26-b953-7c54b35e571f ] Request (AttachInterfacesTestJSON:test_create_list_show_delete_interfaces_by_network_port): 200 GET http://10.180.1.21/compute/v2.1/servers/54bd4aa6-4a56-4a2a-8fbd-bfe487b07c95 0.486s
2025-11-19 18:50:16.805 65687 INFO tempest.lib.common.ssh [-] Creating ssh connection to '10.180.180.185:22' as 'cirros' with public key authentication
2025-11-19 18:50:16.878 65677 INFO tempest.lib.common.rest_client [req-f6610880-5cd2-4c15-9155-d557d70f9ed2 req-f6610880-5cd2-4c15-9155-d557d70f9ed2 ] Request (ServersNegativeTestMultiTenantJSON:tearDownClass): 204 DELETE http://10.180.1.21/compute/v2.1/servers/82f3b4da-7787-4516-8596-6269fd46ed32 0.288s
2025-11-19 18:50:16.887 65730 WARNING tempest.lib.common.ssh [-] Failed to establish authenticated ssh connection to cirros@10.180.180.196 ([Errno None] Unable to connect to port 22 on 10.180.180.196). Number attempts: 3. Retry after 4 seconds.: paramiko.ssh_exception.NoValidConnectionsError: [Errno None] Unable to connect to port 22 on 10.180.180.196
2025-11-19 18:50:16.910 65673 INFO tempest.lib.common.rest_client [req-fefa72ed-f9fd-4e6e-864e-3c11df2a7a7f req-fefa72ed-f9fd-4e6e-864e-3c11df2a7a7f ] Request (VolumesSnapshotsTestJSON:_run_cleanups): 200 GET http://10.180.1.21/compute/v2.1/os-snapshots/f1d8e58a-8acd-4f09-b103-03992dd716b2 0.261s
2025-11-19 18:50:16.912 65673 INFO tempest.common.waiters [-] snapshot f1d8e58a-8acd-4f09-b103-03992dd716b2 reached available after waiting for 0.912451 seconds
2025-11-19 18:50:16.913 65707 INFO tempest.lib.common.rest_client [req-0bfc34aa-9fd3-4d98-ac71-60f7725e691f req-0bfc34aa-9fd3-4d98-ac71-60f7725e691f ] Request (ServersAdminTestJSON:test_list_servers_filter_by_exist_host): 200 GET http://10.180.1.21/compute/v2.1/servers/63289f96-52d0-4986-8f19-b9026b1a5eb2 0.538s
2025-11-19 18:50:17.012 65715 INFO tempest.lib.common.rest_client [req-ad5c9dda-6ee5-4ade-a86b-0247068254ef req-ad5c9dda-6ee5-4ade-a86b-0247068254ef ] Request (ServerRescueTestJSON:tearDownClass): 200 GET http://10.180.1.21/compute/v2.1/servers/9a8a66e3-e763-45f3-a694-6175dca3a37b 0.327s
2025-11-19 18:50:17.047 65677 INFO tempest.lib.common.rest_client [req-8e31fe1a-9d58-4fce-acd5-b8f9fc7478c3 req-8e31fe1a-9d58-4fce-acd5-b8f9fc7478c3 ] Request (ServersNegativeTestMultiTenantJSON:tearDownClass): 200 GET http://10.180.1.21/compute/v2.1/servers/82f3b4da-7787-4516-8596-6269fd46ed32 0.169s
2025-11-19 18:50:17.086 65673 INFO tempest.lib.common.rest_client [req-9107602c-f5ec-45ee-b605-76b2e8315b14 req-9107602c-f5ec-45ee-b605-76b2e8315b14 ] Request (VolumesSnapshotsTestJSON:_run_cleanups): 202 DELETE http://10.180.1.21/compute/v2.1/os-snapshots/f1d8e58a-8acd-4f09-b103-03992dd716b2 0.173s
2025-11-19 18:50:17.152 65691 INFO tempest.lib.common.rest_client [req-a1e5cd44-98b5-4666-9f0a-ace4fdda675e req-a1e5cd44-98b5-4666-9f0a-ace4fdda675e ] Request (ServersTestJSON:test_create_specify_keypair): 200 GET http://10.180.1.21/compute/v2.1/servers/db773fe8-1054-4f80-9591-15c3797b57c6 0.205s
2025-11-19 18:50:17.169 65707 INFO tempest.lib.common.rest_client [req-5815c55b-d644-4654-8adb-1e6a70cb735d req-5815c55b-d644-4654-8adb-1e6a70cb735d ] Request (ServersAdminTestJSON:test_list_servers_filter_by_exist_host): 200 GET http://10.180.1.21/compute/v2.1/servers?host=cpu-1&all_tenants=1 0.247s
2025-11-19 18:50:17.234 65685 INFO tempest.lib.common.rest_client [req-da332da9-714e-4cda-a9af-caaec1e64dde req-da332da9-714e-4cda-a9af-caaec1e64dde ] Request (FloatingIPsAssociationTestJSON:tearDownClass): 200 GET http://10.180.1.21/compute/v2.1/servers/8116f071-1037-40f9-a445-a80295ee9f32 0.240s
2025-11-19 18:50:17.247 65717 INFO tempest.lib.common.rest_client [req-2f352198-3269-4760-9657-65a818fd0f77 req-2f352198-3269-4760-9657-65a818fd0f77 ] Request (MigrationsAdminTest:test_resize_server_revert_deleted_flavor): 200 GET http://10.180.1.21/compute/v2.1/servers/fbde1056-d0d0-489d-b0d9-2340f21d93b2 0.196s
2025-11-19 18:50:17.254 65673 INFO tempest.lib.common.rest_client [req-a74fbafe-04ac-48d6-8440-f1d479eac3ef req-a74fbafe-04ac-48d6-8440-f1d479eac3ef ] Request (VolumesSnapshotsTestJSON:_run_cleanups): 404 GET http://10.180.1.21/compute/v2.1/os-snapshots/f1d8e58a-8acd-4f09-b103-03992dd716b2 0.168s
2025-11-19 18:50:17.270 65707 INFO tempest.lib.common.rest_client [req-67a6e32d-a8d3-42cb-a6eb-fbffacf093f5 req-67a6e32d-a8d3-42cb-a6eb-fbffacf093f5 ] Request (ServersAdminTestJSON:test_list_servers_filter_by_exist_host): 200 GET http://10.180.1.21/compute/v2.1/servers?host=nonexistent_host&all_tenants=1 0.097s
2025-11-19 18:50:17.327 65673 INFO tempest.lib.common.rest_client [req-14ad8f9f-6cdf-4781-b176-d91977ecdad2 req-14ad8f9f-6cdf-4781-b176-d91977ecdad2 ] Request (VolumesSnapshotsTestJSON:_run_cleanups): 202 DELETE http://10.180.1.21/compute/v2.1/os-volumes/d0bb6e83-e049-4bcd-bbe5-9d7f513537a6 0.072s
2025-11-19 18:50:17.413 65707 INFO tempest.lib.common.rest_client [req-3a4995ab-d9bd-4924-a7fd-21cc3bd19a13 req-3a4995ab-d9bd-4924-a7fd-21cc3bd19a13 ] Request (ServersAdminTestJSON:test_rebuild_server_in_error_state): 202 POST http://10.180.1.21/compute/v2.1/servers/63289f96-52d0-4986-8f19-b9026b1a5eb2/action 0.140s
2025-11-19 18:50:17.444 65673 INFO tempest.lib.common.rest_client [req-2fa21104-9f5b-4242-ba56-e3b1d8d0fd82 req-2fa21104-9f5b-4242-ba56-e3b1d8d0fd82 ] Request (VolumesSnapshotsTestJSON:_run_cleanups): 404 GET http://10.180.1.21/compute/v2.1/os-volumes/d0bb6e83-e049-4bcd-bbe5-9d7f513537a6 0.116s
2025-11-19 18:50:17.489 65719 INFO tempest.lib.common.rest_client [req-24dde05f-6c43-4ed7-a475-2a2aefc5221c req-24dde05f-6c43-4ed7-a475-2a2aefc5221c ] Request (ServerDiskConfigTestJSON:test_resize_server_from_auto_to_manual): 200 GET http://10.180.1.21/compute/v2.1/servers/f0d95e71-98e3-48f3-b405-10ca0904b9a1 0.297s
2025-11-19 18:50:17.550 65683 INFO tempest.lib.common.rest_client [req-8a7d0699-dbad-435f-95b4-62d8b2006ef5 req-8a7d0699-dbad-435f-95b4-62d8b2006ef5 ] Request (ServerShowV247Test:tearDownClass): 200 GET http://10.180.1.21/compute/v2.1/servers/624c6132-348a-4de6-a18c-fa1a7a9cc912 0.199s
2025-11-19 18:50:17.611 65705 INFO tempest.lib.common.rest_client [req-99666ef9-0e72-443b-9596-9e6ba1d0a0b1 req-99666ef9-0e72-443b-9596-9e6ba1d0a0b1 ] Request (DeleteServersTestJSON:test_delete_active_server): 200 GET http://10.180.1.21/compute/v2.1/servers/1650ea89-c3ec-48c3-aa05-8d9ee87f7c3b 0.194s
2025-11-19 18:50:17.675 65707 INFO tempest.lib.common.rest_client [req-2a899006-5ded-40dc-83cc-9a83e7f5fd20 req-2a899006-5ded-40dc-83cc-9a83e7f5fd20 ] Request (ServersAdminTestJSON:test_rebuild_server_in_error_state): 202 POST http://10.180.1.21/compute/v2.1/servers/63289f96-52d0-4986-8f19-b9026b1a5eb2/action 0.261s
2025-11-19 18:50:17.698 65673 INFO tempest.lib.common.rest_client [req-10d88fe1-9204-4d2f-9f24-ca9145feff70 req-10d88fe1-9204-4d2f-9f24-ca9145feff70 ] Request (VolumesSnapshotsTestJSON:tearDownClass): 404 DELETE http://10.180.1.21/compute/v2.1/os-volumes/d0bb6e83-e049-4bcd-bbe5-9d7f513537a6 0.248s
2025-11-19 18:50:17.736 65693 INFO tempest.lib.common.rest_client [req-babf2eab-737f-4e12-9fe7-cf7c57705501 req-babf2eab-737f-4e12-9fe7-cf7c57705501 ] Request (SecurityGroupsTestJSON:test_list_security_groups_by_server): 200 GET http://10.180.1.21/compute/v2.1/servers/db362585-18c4-4e3c-a2b2-fe29022986c9 0.294s
2025-11-19 18:50:17.743 65693 INFO tempest.common.waiters [-] State transition "BUILD/networking" ==> "BUILD/spawning" after 24 second wait
2025-11-19 18:50:17.750 65667 INFO tempest.lib.common.rest_client [req-7e1592e1-87d3-44c5-9414-8f0469e87a99 req-7e1592e1-87d3-44c5-9414-8f0469e87a99 ] Request (ImagesTestJSON:test_create_server_from_snapshot): 200 GET http://10.180.1.21/compute/v2.1/servers/3784dda8-049f-4bbf-b66f-41388262c489 0.244s
2025-11-19 18:50:17.797 65723 INFO tempest.lib.common.rest_client [req-d6576378-eb72-4bbc-8a0a-67541b1b9354 req-d6576378-eb72-4bbc-8a0a-67541b1b9354 ] Request (ServersAdminNegativeTestJSON:tearDownClass): 200 GET http://10.180.1.21/compute/v2.1/servers/afe64b1d-598a-46a5-bbe4-923352d6b3db 0.277s
2025-11-19 18:50:17.812 65709 INFO tempest.lib.common.rest_client [req-280be5b9-7eef-4644-ad85-0bcf9f9b7400 req-280be5b9-7eef-4644-ad85-0bcf9f9b7400 ] Request (ServerRescueNegativeTestJSON:setUpClass): 200 GET http://10.180.1.21/compute/v2.1/servers/d10cf0e3-297c-4e53-8c92-7e35fd0029bd 0.242s
2025-11-19 18:50:17.849 65699 INFO tempest.lib.common.rest_client [req-20d5fc05-e94b-41cb-af71-3c4e55fe8c05 req-20d5fc05-e94b-41cb-af71-3c4e55fe8c05 ] Request (ImagesOneServerNegativeTestJSON:_run_cleanups): 200 GET http://10.180.1.21/compute/v2.1/servers/28bf857a-0c4a-4748-a231-79e721a5dee0 0.261s
2025-11-19 18:50:17.862 65669 INFO tempest.lib.common.rest_client [req-6ca7fedd-72a0-4b9c-b616-7b66511980ff req-6ca7fedd-72a0-4b9c-b616-7b66511980ff ] Request (MultipleCreateTestJSON:test_multiple_create): 200 GET http://10.180.1.21/compute/v2.1/servers/6a200b07-785b-4f4a-85d5-74e297a51e73 0.200s
2025-11-19 18:50:17.884 65673 INFO tempest.lib.common.rest_client [req-b9aa705a-2ba4-4cef-9107-afaf6ba8b85e req-b9aa705a-2ba4-4cef-9107-afaf6ba8b85e ] Request (VolumesSnapshotsTestJSON:tearDownClass): 404 GET http://10.180.1.21/compute/v2.1/os-volumes/d0bb6e83-e049-4bcd-bbe5-9d7f513537a6 0.185s
2025-11-19 18:50:18.001 65673 INFO tempest.lib.common.rest_client [req-23939d43-77bf-4e9d-80d3-90728bb9e674 req-23939d43-77bf-4e9d-80d3-90728bb9e674 ] Request (VolumesSnapshotsTestJSON:tearDownClass): 204 DELETE http://10.180.1.21/identity/v3/users/eea6c4c78b394cbf977269dc9f039e78 0.117s
2025-11-19 18:50:18.001 65673 INFO tempest.lib.common.dynamic_creds [-] Deleting project and security group for project: 9d0d163869364cf8a2d451bceb44568f
2025-11-19 18:50:18.004 65707 INFO tempest.lib.common.rest_client [req-d8d9ed86-daaf-44ce-ad37-23dcfb2235c1 req-d8d9ed86-daaf-44ce-ad37-23dcfb2235c1 ] Request (ServersAdminTestJSON:test_rebuild_server_in_error_state): 200 GET http://10.180.1.21/compute/v2.1/servers/63289f96-52d0-4986-8f19-b9026b1a5eb2 0.323s
2025-11-19 18:50:18.029 65675 INFO tempest.lib.common.rest_client [req-036f72c3-0d29-4e64-91cc-1ee8a6db39de req-036f72c3-0d29-4e64-91cc-1ee8a6db39de ] Request (ServersTestManualDisk:setUpClass): 200 GET http://10.180.1.21/compute/v2.1/servers/60c56856-7a0d-4a28-9fff-fbbf3c803852 0.223s
2025-11-19 18:50:18.063 65673 INFO tempest.lib.common.rest_client [req-e24d2adc-7ba3-4a47-8262-f933c4f5827c req-e24d2adc-7ba3-4a47-8262-f933c4f5827c ] Request (VolumesSnapshotsTestJSON:tearDownClass): 201 POST http://10.180.1.21/identity/v3/auth/tokens 0.062s
2025-11-19 18:50:18.089 65715 INFO tempest.lib.common.rest_client [req-20704104-2d25-4c09-ab27-b3754d1e39fd req-20704104-2d25-4c09-ab27-b3754d1e39fd ] Request (ServerRescueTestJSON:tearDownClass): 200 GET http://10.180.1.21/compute/v2.1/servers/9a8a66e3-e763-45f3-a694-6175dca3a37b 0.066s
2025-11-19 18:50:18.253 65673 INFO tempest.lib.common.rest_client [req-148edb93-b425-4fb0-b035-c8769e244f1d req-148edb93-b425-4fb0-b035-c8769e244f1d ] Request (VolumesSnapshotsTestJSON:tearDownClass): 200 GET http://10.180.1.21/networking/v2.0/security-groups?tenant_id=9d0d163869364cf8a2d451bceb44568f&name=default 0.189s
2025-11-19 18:50:18.307 65691 INFO tempest.lib.common.rest_client [req-ae182bb2-79e6-4fab-af9f-ac5b06c3ac03 req-ae182bb2-79e6-4fab-af9f-ac5b06c3ac03 ] Request (ServersTestJSON:test_create_specify_keypair): 200 GET http://10.180.1.21/compute/v2.1/servers/db773fe8-1054-4f80-9591-15c3797b57c6 0.146s
2025-11-19 18:50:18.405 65673 INFO tempest.lib.common.rest_client [req-0e5c52cd-fbd1-437c-8e28-61af2b5729a8 req-0e5c52cd-fbd1-437c-8e28-61af2b5729a8 ] Request (VolumesSnapshotsTestJSON:tearDownClass): 204 DELETE http://10.180.1.21/networking/v2.0/security-groups/607eb278-789b-4ace-8551-a3955d3eb868 0.152s
2025-11-19 18:50:18.415 65677 INFO tempest.lib.common.rest_client [req-ed8aa9d1-3784-4bbe-a628-808418e5092c req-ed8aa9d1-3784-4bbe-a628-808418e5092c ] Request (ServersNegativeTestMultiTenantJSON:tearDownClass): 200 GET http://10.180.1.21/compute/v2.1/servers/82f3b4da-7787-4516-8596-6269fd46ed32 0.354s
2025-11-19 18:50:18.427 65685 INFO tempest.lib.common.rest_client [req-735460ad-42b1-40ab-8631-1f61c2bdbda8 req-735460ad-42b1-40ab-8631-1f61c2bdbda8 ] Request (FloatingIPsAssociationTestJSON:tearDownClass): 200 GET http://10.180.1.21/compute/v2.1/servers/8116f071-1037-40f9-a445-a80295ee9f32 0.183s
2025-11-19 18:50:18.488 65717 INFO tempest.lib.common.rest_client [req-d0ba1c75-163a-4063-b123-009d22cf046d req-d0ba1c75-163a-4063-b123-009d22cf046d ] Request (MigrationsAdminTest:test_resize_server_revert_deleted_flavor): 200 GET http://10.180.1.21/compute/v2.1/servers/fbde1056-d0d0-489d-b0d9-2340f21d93b2 0.231s
2025-11-19 18:50:18.488 65673 INFO tempest.lib.common.rest_client [req-a8f321eb-7bf6-4870-a56c-af1797869e9a req-a8f321eb-7bf6-4870-a56c-af1797869e9a ] Request (VolumesSnapshotsTestJSON:tearDownClass): 204 DELETE http://10.180.1.21/identity/v3/projects/9d0d163869364cf8a2d451bceb44568f 0.083s
2025-11-19 18:50:18.633 65683 INFO tempest.lib.common.rest_client [req-a1eefd14-9def-45d1-9a95-3ec2289a1640 req-a1eefd14-9def-45d1-9a95-3ec2289a1640 ] Request (ServerShowV247Test:tearDownClass): 200 GET http://10.180.1.21/compute/v2.1/servers/624c6132-348a-4de6-a18c-fa1a7a9cc912 0.072s
2025-11-19 18:50:18.662 65719 INFO tempest.lib.common.rest_client [req-39b445ce-fb2c-4b63-9030-ec48ff336cc6 req-39b445ce-fb2c-4b63-9030-ec48ff336cc6 ] Request (ServerDiskConfigTestJSON:test_resize_server_from_auto_to_manual): 200 GET http://10.180.1.21/compute/v2.1/servers/f0d95e71-98e3-48f3-b405-10ca0904b9a1 0.164s
2025-11-19 18:50:18.700 65705 INFO tempest.lib.common.rest_client [req-50d73a65-e4ad-4c45-87ac-ebf6f1887d8c req-50d73a65-e4ad-4c45-87ac-ebf6f1887d8c ] Request (DeleteServersTestJSON:test_delete_active_server): 200 GET http://10.180.1.21/compute/v2.1/servers/1650ea89-c3ec-48c3-aa05-8d9ee87f7c3b 0.080s
2025-11-19 18:50:18.816 65667 INFO tempest.lib.common.rest_client [req-cc036a1f-5242-49ba-91f1-f0c377faa0c6 req-cc036a1f-5242-49ba-91f1-f0c377faa0c6 ] Request (ImagesTestJSON:test_create_server_from_snapshot): 200 GET http://10.180.1.21/compute/v2.1/servers/3784dda8-049f-4bbf-b66f-41388262c489 0.056s
2025-11-19 18:50:18.845 65693 INFO tempest.lib.common.rest_client [req-afe2f796-3e67-4ad0-a6b5-e6ebc5f03b75 req-afe2f796-3e67-4ad0-a6b5-e6ebc5f03b75 ] Request (SecurityGroupsTestJSON:test_list_security_groups_by_server): 200 GET http://10.180.1.21/compute/v2.1/servers/db362585-18c4-4e3c-a2b2-fe29022986c9 0.101s
