2025-11-19 18:49:16.327 65687 INFO tempest.lib.common.rest_client [req-4419ed46-1131-4efe-b592-bcde89c9eece req-4419ed46-1131-4efe-b592-bcde89c9eece ] Request (AttachInterfacesTestJSON:_run_cleanups): 204 DELETE http://10.180.1.21/networking/v2.0/security-groups/fe99b2f9-1a64-4b73-a16d-c0c508d90f04 0.426s
2025-11-19 18:49:16.359 65691 INFO tempest.lib.common.rest_client [req-920b362c-ffdb-46b0-8269-204d00c57731 req-920b362c-ffdb-46b0-8269-204d00c57731 ] Request (ServersTestJSON:test_create_server_with_ipv6_addr_only): 200 GET http://10.180.1.21/compute/v2.1/servers/cae84e86-145a-4cac-9ac5-6335bbba6723 2.241s
2025-11-19 18:49:16.532 65677 INFO tempest.lib.common.rest_client [req-be5edb91-62fb-459a-b63c-2ff635a1c252 req-be5edb91-62fb-459a-b63c-2ff635a1c252 ] Request (ServersNegativeTestMultiTenantJSON:setUpClass): 201 POST http://10.180.1.21/networking/v2.0/subnets 0.464s
2025-11-19 18:49:16.602 65687 INFO tempest.lib.common.rest_client [req-d6ebaf2c-716b-46f9-9d61-3939ad9df792 req-d6ebaf2c-716b-46f9-9d61-3939ad9df792 ] Request (AttachInterfacesTestJSON:_run_cleanups): 404 GET http://10.180.1.21/networking/v2.0/security-groups/fe99b2f9-1a64-4b73-a16d-c0c508d90f04 0.275s
2025-11-19 18:49:16.615 65683 INFO tempest.lib.common.rest_client [req-87baa176-bd8e-4a13-a18f-af1003ca66f8 req-87baa176-bd8e-4a13-a18f-af1003ca66f8 ] Request (ServerShowV247Test:test_update_rebuild_list_server): 200 GET http://10.180.1.21/compute/v2.1/servers/624c6132-348a-4de6-a18c-fa1a7a9cc912 2.331s
2025-11-19 18:49:16.632 65667 INFO tempest.lib.common.rest_client [req-82ba1db1-55cd-4c48-9ae9-0f28da7b03d0 req-82ba1db1-55cd-4c48-9ae9-0f28da7b03d0 ] Request (ImagesTestJSON:test_create_server_from_snapshot): 200 GET http://10.180.1.21/compute/v2.1/servers/27671e9a-155b-43a0-a678-8b8ff1896f39 2.309s
2025-11-19 18:49:16.705 65690 INFO tempest.lib.common.rest_client [req-04733fb3-fab3-4565-875b-9af57ca9dfc9 req-04733fb3-fab3-4565-875b-9af57ca9dfc9 ] Request (ServerGroup264TestJSON:setUpClass): 200 PUT http://10.180.1.21/networking/v2.0/routers/375f0f04-1d3e-4420-ad75-a6c250bea7c1/add_router_interface 1.093s
2025-11-19 18:49:16.706 65690 INFO tempest.lib.common.dynamic_creds [-] Created isolated network resources for: credentials: Credentials: {'domain_id': 'default', 'domain_name': 'Default', 'username': 'tempest-ServerGroup264TestJSON-1029015102-project-member', 'project_domain_id': 'default', 'project_domain_name': 'Default', 'project_id': '1ac794d14f944cc1b7f1003948528949', 'project_name': 'tempest-ServerGroup264TestJSON-1029015102', 'tenant_id': '1ac794d14f944cc1b7f1003948528949', 'tenant_name': 'tempest-ServerGroup264TestJSON-1029015102', 'user_domain_id': 'default', 'user_domain_name': 'Default', 'user_id': 'b79845bd203045e3ac6861ff1e6c71a2', 'system': None}, Network: {'id': 'ded18f2e-006e-424a-8b14-2ffa7eaa9e88', 'name': 'tempest-ServerGroup264TestJSON-118641118-network', 'tenant_id': '1ac794d14f944cc1b7f1003948528949', 'project_id': '1ac794d14f944cc1b7f1003948528949', 'admin_state_up': True, 'mtu': 8950, 'status': 'ACTIVE', 'subnets': [], 'shared': False, 'port_security_enabled': True, 'router:external': False, 'provider:network_type': 'vlan', 'provider:physical_network': 'default', 'provider:segmentation_id': 782, 'availability_zone_hints': [], 'availability_zones': [], 'ipv4_address_scope': None, 'ipv6_address_scope': None, 'description': '', 'tags': [], 'created_at': '2025-11-19T18:49:14Z', 'updated_at': '2025-11-19T18:49:14Z', 'revision_number': 1}, Subnet: {'id': '22ce0154-de1e-4b3f-996f-4282794ac6a2', 'name': 'tempest-ServerGroup264TestJSON-118641118-subnet', 'tenant_id': '1ac794d14f944cc1b7f1003948528949', 'network_id': 'ded18f2e-006e-424a-8b14-2ffa7eaa9e88', 'ip_version': 4, 'subnetpool_id': None, 'enable_dhcp': True, 'ipv6_ra_mode': None, 'ipv6_address_mode': None, 'gateway_ip': '192.168.128.1', 'cidr': '192.168.128.0/28', 'allocation_pools': [{'start': '192.168.128.2', 'end': '192.168.128.14'}], 'host_routes': [], 'dns_nameservers': [], 'description': '', 'router:external': False, 'service_types': [], 'tags': [], 'created_at': '2025-11-19T18:49:14Z', 'updated_at': '2025-11-19T18:49:14Z', 'revision_number': 0, 'project_id': '1ac794d14f944cc1b7f1003948528949'}, Router: {'id': '375f0f04-1d3e-4420-ad75-a6c250bea7c1', 'name': 'tempest-ServerGroup264TestJSON-118641118-router', 'tenant_id': '1ac794d14f944cc1b7f1003948528949', 'admin_state_up': True, 'status': 'ACTIVE', 'external_gateway_info': {'network_id': 'dcc9690b-5351-417b-bd1f-b51cdd11c0a2', 'external_fixed_ips': [{'subnet_id': '6afffef6-b5e6-495b-bfd3-785f7d63f226', 'ip_address': '10.180.180.170'}], 'enable_snat': True}, 'description': '', 'availability_zones': [], 'distributed': False, 'ha': False, 'availability_zone_hints': [], 'routes': [], 'flavor_id': None, 'tags': [], 'created_at': '2025-11-19T18:49:14Z', 'updated_at': '2025-11-19T18:49:15Z', 'revision_number': 2, 'project_id': '1ac794d14f944cc1b7f1003948528949'}
2025-11-19 18:49:16.827 65690 INFO tempest.lib.common.rest_client [req-0682d8ac-07b3-47d2-b87c-a8260c9d070f req-0682d8ac-07b3-47d2-b87c-a8260c9d070f ] Request (ServerGroup264TestJSON:setUpClass): 201 POST http://10.180.1.21/identity/v3/auth/tokens 0.117s
2025-11-19 18:49:17.013 65687 INFO tempest.lib.common.rest_client [req-e1f6b753-80a0-4337-8784-676b333dd6fa req-e1f6b753-80a0-4337-8784-676b333dd6fa ] Request (AttachInterfacesTestJSON:_run_cleanups): 204 DELETE http://10.180.1.21/networking/v2.0/floatingips/2b1b36e2-e29e-426b-877d-b4f0fa2863e5 0.410s
2025-11-19 18:49:17.242 65699 INFO tempest.lib.common.rest_client [req-4c9a579e-b90f-48b4-bbd5-63c5158fdb7c req-4c9a579e-b90f-48b4-bbd5-63c5158fdb7c ] Request (ImagesOneServerNegativeTestJSON:setUp): 200 GET http://10.180.1.21/compute/v2.1/servers/1b6555a0-ba5b-43ba-bab6-0e92c98b48b4 2.714s
2025-11-19 18:49:17.267 65685 INFO tempest.lib.common.rest_client [req-e4dd1469-baab-4b4b-b4f4-52edcbd2aa96 req-e4dd1469-baab-4b4b-b4f4-52edcbd2aa96 ] Request (FloatingIPsAssociationTestJSON:test_associate_already_associated_floating_ip): 200 GET http://10.180.1.21/compute/v2.1/servers/9c62f06d-eaf5-41cd-aef3-6e049dfc29d8 2.435s
2025-11-19 18:49:17.279 65685 INFO tempest.common.waiters [-] State transition "BUILD/spawning" ==> "ACTIVE/None" after 36 second wait
2025-11-19 18:49:17.453 65677 INFO tempest.lib.common.rest_client [req-a816a7ed-19ae-40ed-bfd7-b760e2ce8666 req-a816a7ed-19ae-40ed-bfd7-b760e2ce8666 ] Request (ServersNegativeTestMultiTenantJSON:setUpClass): 201 POST http://10.180.1.21/networking/v2.0/routers 0.920s
2025-11-19 18:49:17.519 65695 INFO tempest.lib.common.rest_client [req-09b2ce5b-adef-4f23-b6ca-4e46f5d8e10c req-09b2ce5b-adef-4f23-b6ca-4e46f5d8e10c ] Request (ServerGroupTestJSON:test_create_server_with_scheduler_hint_group): 200 GET http://10.180.1.21/compute/v2.1/servers/214b0fa2-28c0-4fe6-976d-d69066bc134e 2.614s
2025-11-19 18:49:17.604 65715 INFO tempest.lib.common.rest_client [req-9c790de0-a77a-430d-b59e-b7a4a1edef11 req-9c790de0-a77a-430d-b59e-b7a4a1edef11 ] Request (ServerRescueTestJSON:test_rescue_unrescue_instance): 200 GET http://10.180.1.21/compute/v2.1/servers/ffb45d00-62f0-4735-8b19-d83d25c9ba49 2.752s
2025-11-19 18:49:17.640 65697 INFO tempest.lib.common.rest_client [req-75cd05a5-448a-4a3c-870d-c895680d2bee req-75cd05a5-448a-4a3c-870d-c895680d2bee ] Request (ServerRescueTestJSONUnderV235:tearDownClass): 200 GET http://10.180.1.21/compute/v2.1/servers/29d94691-9732-4ed4-b67f-5218a96ad1ef 2.660s
2025-11-19 18:49:17.652 65697 INFO tempest.common.waiters [-] State transition "RESCUE/deleting" ==> "DELETED/None" after 7 second wait
2025-11-19 18:49:17.670 65701 INFO tempest.lib.common.rest_client [req-50dee9b3-c3d8-45b0-91e8-9a9a4c539c62 req-50dee9b3-c3d8-45b0-91e8-9a9a4c539c62 ] Request (ServersWithSpecificFlavorTestJSON:test_verify_created_server_ephemeral_disk): 200 GET http://10.180.1.21/compute/v2.1/servers/4d473ebf-524f-4e47-ba16-3193d569be2a 2.584s
2025-11-19 18:49:17.718 65719 INFO tempest.lib.common.rest_client [req-7491d0cb-7d8a-4835-966e-c5e902a6d424 req-7491d0cb-7d8a-4835-966e-c5e902a6d424 ] Request (ServerDiskConfigTestJSON:test_resize_server_from_auto_to_manual): 200 GET http://10.180.1.21/compute/v2.1/servers/f0d95e71-98e3-48f3-b405-10ca0904b9a1 2.473s
2025-11-19 18:49:17.788 65673 INFO tempest.lib.common.rest_client [req-8431e993-fad6-43c6-a134-020b05f64e0e req-8431e993-fad6-43c6-a134-020b05f64e0e ] Request (ServersListShow298Test:test_list_show_update_rebuild_server_298): 200 GET http://10.180.1.21/compute/v2.1/servers/5fc5d847-90ff-4b4e-88d0-9d70324da71f 2.237s
2025-11-19 18:49:17.803 65673 INFO tempest.common.waiters [-] State transition "BUILD/None" ==> "BUILD/networking" after 32 second wait
2025-11-19 18:49:17.825 65723 INFO tempest.lib.common.rest_client [req-7078ec5f-cf4b-4cdb-a2f3-1e0aecfee16c req-7078ec5f-cf4b-4cdb-a2f3-1e0aecfee16c ] Request (ServersAdminNegativeTestJSON:test_resize_server_using_overlimit_ram): 200 POST http://10.180.1.21/compute/v2.1/flavors 2.135s
2025-11-19 18:49:18.167 65693 INFO tempest.lib.common.rest_client [req-bf9bd733-a07e-4f3b-b8ae-8542c8e1b2e1 req-bf9bd733-a07e-4f3b-b8ae-8542c8e1b2e1 ] Request (ServerDiagnosticsTest:tearDownClass): 200 GET http://10.180.1.21/compute/v2.1/servers/189168f9-883a-46ac-a347-cc4f38e6b7ac 2.408s
2025-11-19 18:49:18.193 65709 INFO tempest.lib.common.rest_client [req-38b44d4c-1656-43a4-91b9-723fc9a419ad req-38b44d4c-1656-43a4-91b9-723fc9a419ad ] Request (ServerAddressesTestJSON:tearDownClass): 200 GET http://10.180.1.21/compute/v2.1/servers/3b5b5274-755e-4dba-af2e-19324c00315e 2.626s
2025-11-19 18:49:18.253 65711 INFO tempest.lib.common.rest_client [req-7be365e3-91d9-4350-adfe-ccadc33fa2e1 req-7be365e3-91d9-4350-adfe-ccadc33fa2e1 ] Request (ServerTagsTestJSON:tearDownClass): 200 GET http://10.180.1.21/compute/v2.1/servers/2a28c451-3aa1-439e-9d87-05a6b1cf9d5c 2.473s
2025-11-19 18:49:18.290 65675 INFO tempest.lib.common.rest_client [req-f91320bf-c44f-490d-b22e-9b0cef483454 req-f91320bf-c44f-490d-b22e-9b0cef483454 ] Request (SecurityGroupRulesNegativeTestJSON:test_create_security_group_rule_with_invalid_from_port): 400 POST http://10.180.1.21/compute/v2.1/os-security-group-rules 2.117s
2025-11-19 18:49:18.367 65705 INFO tempest.lib.common.rest_client [req-301c1b22-aa3c-4553-a925-9217dbd1841e req-301c1b22-aa3c-4553-a925-9217dbd1841e ] Request (AttachInterfacesUnderV243Test:test_add_remove_fixed_ip): 200 GET http://10.180.1.21/compute/v2.1/servers/047e67a7-f747-4c6b-b73c-a1d54ce53bc7/os-interface 2.209s
2025-11-19 18:49:18.474 65677 INFO tempest.lib.common.rest_client [req-1caca3c7-69d1-44ca-99f9-1aca9de8cb7b req-1caca3c7-69d1-44ca-99f9-1aca9de8cb7b ] Request (ServersNegativeTestMultiTenantJSON:setUpClass): 200 PUT http://10.180.1.21/networking/v2.0/routers/1687e420-67b5-4c0e-8dbb-88b486677a52/add_router_interface 1.020s
2025-11-19 18:49:18.475 65677 INFO tempest.lib.common.dynamic_creds [-] Created isolated network resources for: credentials: Credentials: {'domain_id': 'default', 'domain_name': 'Default', 'username': 'tempest-ServersNegativeTestMultiTenantJSON-1118394211-project-member', 'project_domain_id': 'default', 'project_domain_name': 'Default', 'project_id': '25c2b3ae53bf471ebe391cef25e4409a', 'project_name': 'tempest-ServersNegativeTestMultiTenantJSON-1118394211', 'tenant_id': '25c2b3ae53bf471ebe391cef25e4409a', 'tenant_name': 'tempest-ServersNegativeTestMultiTenantJSON-1118394211', 'user_domain_id': 'default', 'user_domain_name': 'Default', 'user_id': 'b681f56b32bf4685b408db60a8476c0f', 'system': None}, Network: {'id': '9695cb1a-70e2-401f-bd28-22fa817cac72', 'name': 'tempest-ServersNegativeTestMultiTenantJSON-469427228-network', 'tenant_id': '25c2b3ae53bf471ebe391cef25e4409a', 'project_id': '25c2b3ae53bf471ebe391cef25e4409a', 'admin_state_up': True, 'mtu': 8950, 'status': 'ACTIVE', 'subnets': [], 'shared': False, 'port_security_enabled': True, 'router:external': False, 'provider:network_type': 'vlan', 'provider:physical_network': 'default', 'provider:segmentation_id': 131, 'availability_zone_hints': [], 'availability_zones': [], 'ipv4_address_scope': None, 'ipv6_address_scope': None, 'description': '', 'tags': [], 'created_at': '2025-11-19T18:49:15Z', 'updated_at': '2025-11-19T18:49:16Z', 'revision_number': 1}, Subnet: {'id': 'f16ba129-da52-4292-9cf2-a6e825c78299', 'name': 'tempest-ServersNegativeTestMultiTenantJSON-469427228-subnet', 'tenant_id': '25c2b3ae53bf471ebe391cef25e4409a', 'network_id': '9695cb1a-70e2-401f-bd28-22fa817cac72', 'ip_version': 4, 'subnetpool_id': None, 'enable_dhcp': True, 'ipv6_ra_mode': None, 'ipv6_address_mode': None, 'gateway_ip': '192.168.128.1', 'cidr': '192.168.128.0/28', 'allocation_pools': [{'start': '192.168.128.2', 'end': '192.168.128.14'}], 'host_routes': [], 'dns_nameservers': [], 'description': '', 'router:external': False, 'service_types': [], 'tags': [], 'created_at': '2025-11-19T18:49:16Z', 'updated_at': '2025-11-19T18:49:16Z', 'revision_number': 0, 'project_id': '25c2b3ae53bf471ebe391cef25e4409a'}, Router: {'id': '1687e420-67b5-4c0e-8dbb-88b486677a52', 'name': 'tempest-ServersNegativeTestMultiTenantJSON-469427228-router', 'tenant_id': '25c2b3ae53bf471ebe391cef25e4409a', 'admin_state_up': True, 'status': 'ACTIVE', 'external_gateway_info': {'network_id': 'dcc9690b-5351-417b-bd1f-b51cdd11c0a2', 'external_fixed_ips': [{'subnet_id': '6afffef6-b5e6-495b-bfd3-785f7d63f226', 'ip_address': '10.180.180.145'}], 'enable_snat': True}, 'description': '', 'availability_zones': [], 'distributed': False, 'ha': False, 'availability_zone_hints': [], 'routes': [], 'flavor_id': None, 'tags': [], 'created_at': '2025-11-19T18:49:16Z', 'updated_at': '2025-11-19T18:49:17Z', 'revision_number': 2, 'project_id': '25c2b3ae53bf471ebe391cef25e4409a'}
2025-11-19 18:49:18.509 65713 INFO tempest.lib.common.rest_client [req-7f14168a-2367-4e04-976e-6413ea0c1f1d req-7f14168a-2367-4e04-976e-6413ea0c1f1d ] Request (ServersTestBootFromVolume:setUpClass): 200 GET http://10.180.1.21/compute/v2.1/servers/b3319ce7-35d9-4141-8bb5-ed503113dbc5 2.075s
2025-11-19 18:49:18.546 65717 INFO tempest.lib.common.rest_client [req-ba777b83-4250-4dde-a451-6aaea53a65d0 req-ba777b83-4250-4dde-a451-6aaea53a65d0 ] Request (MigrationsAdminTest:test_list_migrations_in_flavor_resize_situation): 200 GET http://10.180.1.21/compute/v2.1/servers/889a5965-48c7-43bb-945a-2ab8053892c8 2.294s
2025-11-19 18:49:18.585 65677 INFO tempest.lib.common.rest_client [req-8834a85a-eca2-49f1-b1c1-ad04576e072a req-8834a85a-eca2-49f1-b1c1-ad04576e072a ] Request (ServersNegativeTestMultiTenantJSON:setUpClass): 201 POST http://10.180.1.21/identity/v3/auth/tokens 0.105s
2025-11-19 18:49:18.603 65730 INFO tempest.lib.common.rest_client [req-64c70e22-8a09-4a16-843b-aaec5f70bb98 req-64c70e22-8a09-4a16-843b-aaec5f70bb98 ] Request (ServerActionsTestOtherB:setUpClass): 200 GET http://10.180.1.21/compute/v2.1/servers/35e326ba-cb2a-4566-948a-2399f8f15489 2.132s
2025-11-19 18:49:18.610 65730 INFO tempest.common.waiters [-] State transition "BUILD/scheduling" ==> "BUILD/None" after 9 second wait
2025-11-19 18:49:18.684 65677 INFO tempest.lib.common.rest_client [req-ba05e4c4-bee9-4287-95e1-e6c54e5da6d8 req-ba05e4c4-bee9-4287-95e1-e6c54e5da6d8 ] Request (ServersNegativeTestMultiTenantJSON:setUpClass): 201 POST http://10.180.1.21/identity/v3/auth/tokens 0.089s
2025-11-19 18:49:18.685 65677 INFO tempest.lib.common.fixed_network [-] (ServersNegativeTestMultiTenantJSON:setUpClass) Found network {'id': 'cbed715d-0404-4bb4-b382-3b484534b27b', 'name': 'tempest-ServersNegativeTestMultiTenantJSON-2140072161-network', 'tenant_id': '5f27b3db4b754486be8d3def587ddd30', 'project_id': '5f27b3db4b754486be8d3def587ddd30', 'admin_state_up': True, 'mtu': 8950, 'status': 'ACTIVE', 'subnets': [], 'shared': False, 'port_security_enabled': True, 'router:external': False, 'provider:network_type': 'vlan', 'provider:physical_network': 'default', 'provider:segmentation_id': 593, 'availability_zone_hints': [], 'availability_zones': [], 'ipv4_address_scope': None, 'ipv6_address_scope': None, 'description': '', 'tags': [], 'created_at': '2025-11-19T18:49:12Z', 'updated_at': '2025-11-19T18:49:12Z', 'revision_number': 1} available for tenant
2025-11-19 18:49:18.777 65690 INFO tempest.lib.common.rest_client [req-fe2dc68e-9ed5-4e8b-9ce8-6fad4ee638f0 req-fe2dc68e-9ed5-4e8b-9ce8-6fad4ee638f0 ] Request (ServerGroup264TestJSON:test_create_get_server_group): 200 POST http://10.180.1.21/compute/v2.1/os-server-groups 1.949s
2025-11-19 18:49:18.831 65669 INFO tempest.lib.common.rest_client [req-073f33fc-41ea-4b7f-ac87-0489e0857751 req-073f33fc-41ea-4b7f-ac87-0489e0857751 ] Request (ServersTestMultiNic:test_verify_multiple_nics_order): 200 GET http://10.180.1.21/compute/v2.1/servers/eb6c519f-0aff-4fe2-a235-18264a35f7c5 1.983s
2025-11-19 18:49:18.845 65707 INFO tempest.lib.common.rest_client [req-8c8a0de3-8c2d-4232-9e7f-cf94e91914dd req-8c8a0de3-8c2d-4232-9e7f-cf94e91914dd ] Request (ServersAdminTestJSON:test_inject_network_info): 200 GET http://10.180.1.21/compute/v2.1/servers/71c873f7-ecf2-42ce-96b8-d4e79fb6e0e6 1.969s
2025-11-19 18:49:18.878 65687 INFO tempest.lib.common.rest_client [req-67e18c96-45dc-49df-b6e8-1a0cdab42277 req-67e18c96-45dc-49df-b6e8-1a0cdab42277 ] Request (ValidationResourcesFixture:setUp): 200 POST http://10.180.1.21/compute/v2.1/os-keypairs 1.863s
2025-11-19 18:49:19.008 65687 INFO tempest.lib.common.rest_client [req-058fa7c4-a480-4dc0-947a-fbcaf0fb46d3 req-058fa7c4-a480-4dc0-947a-fbcaf0fb46d3 ] Request (ValidationResourcesFixture:setUp): 201 POST http://10.180.1.21/networking/v2.0/security-groups 0.128s
2025-11-19 18:49:19.131 65687 INFO tempest.lib.common.rest_client [req-4cfabe13-8adc-4dcb-b05c-6db8c8de0d26 req-4cfabe13-8adc-4dcb-b05c-6db8c8de0d26 ] Request (ValidationResourcesFixture:setUp): 201 POST http://10.180.1.21/networking/v2.0/security-group-rules 0.122s
2025-11-19 18:49:19.262 65687 INFO tempest.lib.common.rest_client [req-1f124ace-c013-4d65-81a2-7c138226e8f4 req-1f124ace-c013-4d65-81a2-7c138226e8f4 ] Request (ValidationResourcesFixture:setUp): 201 POST http://10.180.1.21/networking/v2.0/security-group-rules 0.130s
2025-11-19 18:49:19.443 65699 INFO tempest.lib.common.rest_client [req-1ed7ffbf-77df-4355-b3a0-0a7f15f17ad9 req-1ed7ffbf-77df-4355-b3a0-0a7f15f17ad9 ] Request (ImagesOneServerNegativeTestJSON:test_delete_image_that_is_not_yet_active): 202 POST http://10.180.1.21/compute/v2.1/servers/1b6555a0-ba5b-43ba-bab6-0e92c98b48b4/action 2.193s
2025-11-19 18:49:19.651 65691 INFO tempest.lib.common.rest_client [req-ac52aeaf-433a-4ee0-8ef9-4bcdc4f3c728 req-ac52aeaf-433a-4ee0-8ef9-4bcdc4f3c728 ] Request (ServersTestJSON:test_create_server_with_ipv6_addr_only): 200 GET http://10.180.1.21/compute/v2.1/servers/cae84e86-145a-4cac-9ac5-6335bbba6723 2.284s
2025-11-19 18:49:19.740 65683 INFO tempest.lib.common.rest_client [req-d1b133fe-dd43-4ec5-aa0b-463b31db502d req-d1b133fe-dd43-4ec5-aa0b-463b31db502d ] Request (ServerShowV247Test:test_update_rebuild_list_server): 200 GET http://10.180.1.21/compute/v2.1/servers/624c6132-348a-4de6-a18c-fa1a7a9cc912 2.110s
2025-11-19 18:49:19.786 65687 INFO tempest.lib.common.rest_client [req-2b6d7b24-c269-40cd-a372-b51599c78092 req-2b6d7b24-c269-40cd-a372-b51599c78092 ] Request (ValidationResourcesFixture:setUp): 201 POST http://10.180.1.21/networking/v2.0/floatingips 0.524s
2025-11-19 18:49:19.818 65667 INFO tempest.lib.common.rest_client [req-e992eee3-6c71-4d66-ba7c-e93a3d10dde0 req-e992eee3-6c71-4d66-ba7c-e93a3d10dde0 ] Request (ImagesTestJSON:test_create_server_from_snapshot): 200 GET http://10.180.1.21/compute/v2.1/servers/27671e9a-155b-43a0-a678-8b8ff1896f39 2.175s
2025-11-19 18:49:19.885 65687 INFO tempest.lib.common.rest_client [req-b93011da-7fe2-4fdc-b2f1-c70e4b7a7567 req-b93011da-7fe2-4fdc-b2f1-c70e4b7a7567 ] Request (AttachInterfacesTestJSON:test_create_list_show_delete_interfaces_by_network_port): 201 POST http://10.180.1.21/identity/v3/auth/tokens 0.094s
2025-11-19 18:49:19.885 65687 INFO tempest.lib.common.fixed_network [-] (AttachInterfacesTestJSON:test_create_list_show_delete_interfaces_by_network_port) Found network {'id': '90a325b5-a6cb-4507-93c7-9c473856a103', 'name': 'tempest-AttachInterfacesTestJSON-1323997741-network', 'tenant_id': 'd931950e255349e8952c3326e40f4be6', 'project_id': 'd931950e255349e8952c3326e40f4be6', 'admin_state_up': True, 'mtu': 8950, 'status': 'ACTIVE', 'subnets': [], 'shared': False, 'port_security_enabled': True, 'router:external': False, 'provider:network_type': 'vlan', 'provider:physical_network': 'default', 'provider:segmentation_id': 629, 'availability_zone_hints': [], 'availability_zones': [], 'ipv4_address_scope': None, 'ipv6_address_scope': None, 'description': '', 'tags': [], 'created_at': '2025-11-19T18:46:34Z', 'updated_at': '2025-11-19T18:46:34Z', 'revision_number': 1} available for tenant
2025-11-19 18:49:19.956 65685 INFO tempest.lib.common.rest_client [req-020da785-cf14-4711-b129-c83b9a47c566 req-020da785-cf14-4711-b129-c83b9a47c566 ] Request (FloatingIPsAssociationTestJSON:test_associate_already_associated_floating_ip): 202 POST http://10.180.1.21/compute/v2.1/servers/8116f071-1037-40f9-a445-a80295ee9f32/action 2.676s
2025-11-19 18:49:19.985 65675 INFO tempest.lib.common.rest_client [req-d53172e4-f3b5-4e0c-ab82-cf8605b4e2fa req-d53172e4-f3b5-4e0c-ab82-cf8605b4e2fa ] Request (SecurityGroupRulesNegativeTestJSON:test_create_security_group_rule_with_invalid_id): 400 POST http://10.180.1.21/compute/v2.1/os-security-group-rules 1.693s
2025-11-19 18:49:19.989 65723 INFO tempest.lib.common.rest_client [req-339a486f-c183-48dd-9153-f16f5fe9edf0 req-339a486f-c183-48dd-9153-f16f5fe9edf0 ] Request (ServersAdminNegativeTestJSON:test_resize_server_using_overlimit_ram): 403 POST http://10.180.1.21/compute/v2.1/servers/afe64b1d-598a-46a5-bbe4-923352d6b3db/action 2.161s
2025-11-19 18:49:20.053 65705 INFO tempest.lib.common.rest_client [req-f73f2489-276b-445c-88ed-89940b9da136 req-f73f2489-276b-445c-88ed-89940b9da136 ] Request (AttachInterfacesUnderV243Test:test_add_remove_fixed_ip): 200 GET http://10.180.1.21/compute/v2.1/servers/047e67a7-f747-4c6b-b73c-a1d54ce53bc7/os-interface/51e425d8-8419-45c8-9b75-8cf2b9ce916f 1.679s
2025-11-19 18:49:20.057 65695 INFO tempest.lib.common.rest_client [req-be602408-1d40-457c-8e92-8d1d579d4fd1 req-be602408-1d40-457c-8e92-8d1d579d4fd1 ] Request (ServerGroupTestJSON:test_create_server_with_scheduler_hint_group): 200 GET http://10.180.1.21/compute/v2.1/servers/214b0fa2-28c0-4fe6-976d-d69066bc134e 1.524s
2025-11-19 18:49:20.119 65697 INFO tempest.lib.common.rest_client [req-833f5829-3141-407e-afa2-eaaf1ab80a02 req-833f5829-3141-407e-afa2-eaaf1ab80a02 ] Request (ServerRescueTestJSONUnderV235:tearDownClass): 200 GET http://10.180.1.21/compute/v2.1/servers/29d94691-9732-4ed4-b67f-5218a96ad1ef 1.466s
2025-11-19 18:49:20.172 65701 INFO tempest.lib.common.rest_client [req-6a234959-00c4-4ca9-8a6a-19ef183a65a4 req-6a234959-00c4-4ca9-8a6a-19ef183a65a4 ] Request (ServersWithSpecificFlavorTestJSON:test_verify_created_server_ephemeral_disk): 200 GET http://10.180.1.21/compute/v2.1/servers/4d473ebf-524f-4e47-ba16-3193d569be2a 1.492s
2025-11-19 18:49:20.202 65715 INFO tempest.lib.common.rest_client [req-53d43650-41d0-443c-bd9d-789ccb795ece req-53d43650-41d0-443c-bd9d-789ccb795ece ] Request (ServerRescueTestJSON:test_rescue_unrescue_instance): 200 GET http://10.180.1.21/compute/v2.1/servers/ffb45d00-62f0-4735-8b19-d83d25c9ba49 1.591s
2025-11-19 18:49:20.247 65703 WARNING tempest.lib.common.ssh [-] Failed to establish authenticated ssh connection to cirros@10.180.180.140 ([Errno None] Unable to connect to port 22 on 10.180.180.140). Number attempts: 12. Retry after 13 seconds.: paramiko.ssh_exception.NoValidConnectionsError: [Errno None] Unable to connect to port 22 on 10.180.180.140
2025-11-19 18:49:20.258 65719 INFO tempest.lib.common.rest_client [req-fcda2117-7f11-457a-9816-9830c3716c13 req-fcda2117-7f11-457a-9816-9830c3716c13 ] Request (ServerDiskConfigTestJSON:test_resize_server_from_auto_to_manual): 200 GET http://10.180.1.21/compute/v2.1/servers/f0d95e71-98e3-48f3-b405-10ca0904b9a1 1.529s
2025-11-19 18:49:20.269 65690 INFO tempest.lib.common.rest_client [req-1e4a82ff-c84d-41c9-9937-7e587f847678 req-1e4a82ff-c84d-41c9-9937-7e587f847678 ] Request (ServerGroup264TestJSON:test_create_get_server_group): 200 GET http://10.180.1.21/compute/v2.1/os-server-groups 1.490s
2025-11-19 18:49:20.338 65673 INFO tempest.lib.common.rest_client [req-dc329e8e-7a6b-4a0c-a610-11b1077a02a3 req-dc329e8e-7a6b-4a0c-a610-11b1077a02a3 ] Request (ServersListShow298Test:test_list_show_update_rebuild_server_298): 200 GET http://10.180.1.21/compute/v2.1/servers/5fc5d847-90ff-4b4e-88d0-9d70324da71f 1.533s
2025-11-19 18:49:20.350 65673 INFO tempest.common.waiters [-] State transition "BUILD/networking" ==> "BUILD/spawning" after 35 second wait
2025-11-19 18:49:20.419 65693 INFO tempest.lib.common.rest_client [req-e951d3f5-90f7-493f-9252-ff13c5938180 req-e951d3f5-90f7-493f-9252-ff13c5938180 ] Request (ServerDiagnosticsTest:tearDownClass): 200 GET http://10.180.1.21/compute/v2.1/servers/189168f9-883a-46ac-a347-cc4f38e6b7ac 1.241s
2025-11-19 18:49:20.503 65709 INFO tempest.lib.common.rest_client [req-be3e59cb-9695-44f5-9bcc-546e9c57592a req-be3e59cb-9695-44f5-9bcc-546e9c57592a ] Request (ServerAddressesTestJSON:tearDownClass): 200 GET http://10.180.1.21/compute/v2.1/servers/3b5b5274-755e-4dba-af2e-19324c00315e 1.302s
2025-11-19 18:49:20.510 65709 INFO tempest.common.waiters [-] State transition "ACTIVE/deleting" ==> "DELETED/None" after 2 second wait
2025-11-19 18:49:20.565 65711 INFO tempest.lib.common.rest_client [req-2e1c3cd0-991e-413f-8c69-2a927dfbdef6 req-2e1c3cd0-991e-413f-8c69-2a927dfbdef6 ] Request (ServerTagsTestJSON:tearDownClass): 200 GET http://10.180.1.21/compute/v2.1/servers/2a28c451-3aa1-439e-9d87-05a6b1cf9d5c 1.296s
2025-11-19 18:49:20.577 65677 INFO tempest.lib.common.rest_client [req-282b1273-9fa9-492e-8dc1-58ee8b6ab6ea req-282b1273-9fa9-492e-8dc1-58ee8b6ab6ea ] Request (ServersNegativeTestMultiTenantJSON:setUpClass): 202 POST http://10.180.1.21/compute/v2.1/servers 1.891s
2025-11-19 18:49:20.642 65713 INFO tempest.lib.common.rest_client [req-7e8f64ae-7930-485a-883d-0dcb43d328dc req-7e8f64ae-7930-485a-883d-0dcb43d328dc ] Request (ServersTestBootFromVolume:setUpClass): 200 GET http://10.180.1.21/compute/v2.1/servers/b3319ce7-35d9-4141-8bb5-ed503113dbc5 1.123s
2025-11-19 18:49:20.665 65699 INFO tempest.lib.common.rest_client [req-fd3d19ee-fb70-4be4-bed9-b8288a09cf18 req-fd3d19ee-fb70-4be4-bed9-b8288a09cf18 ] Request (ImagesOneServerNegativeTestJSON:test_delete_image_that_is_not_yet_active): 204 DELETE http://10.180.1.21/compute/v2.1/images/43767099-f44d-4059-86a0-7f034d93bddb 1.219s
2025-11-19 18:49:20.720 65730 INFO tempest.lib.common.rest_client [req-01191c1e-97af-4a44-b103-fcfc0bbafecc req-01191c1e-97af-4a44-b103-fcfc0bbafecc ] Request (ServerActionsTestOtherB:setUpClass): 200 GET http://10.180.1.21/compute/v2.1/servers/35e326ba-cb2a-4566-948a-2399f8f15489 1.108s
2025-11-19 18:49:20.777 65717 INFO tempest.lib.common.rest_client [req-ff454359-5a9f-4a34-bdc2-b8d0cd6b8793 req-ff454359-5a9f-4a34-bdc2-b8d0cd6b8793 ] Request (MigrationsAdminTest:test_list_migrations_in_flavor_resize_situation): 200 GET http://10.180.1.21/compute/v2.1/servers/889a5965-48c7-43bb-945a-2ab8053892c8 1.223s
2025-11-19 18:49:20.837 65707 INFO tempest.lib.common.rest_client [req-72c905f0-68a9-4268-84b2-98bc0d3278e7 req-72c905f0-68a9-4268-84b2-98bc0d3278e7 ] Request (ServersAdminTestJSON:test_inject_network_info): 200 GET http://10.180.1.21/compute/v2.1/servers/71c873f7-ecf2-42ce-96b8-d4e79fb6e0e6 0.979s
2025-11-19 18:49:20.860 65669 INFO tempest.lib.common.rest_client [req-46415d01-b850-41c5-a671-919dfbe013cc req-46415d01-b850-41c5-a671-919dfbe013cc ] Request (ServersTestMultiNic:test_verify_multiple_nics_order): 200 GET http://10.180.1.21/compute/v2.1/servers/eb6c519f-0aff-4fe2-a235-18264a35f7c5 1.020s
2025-11-19 18:49:21.212 65687 INFO tempest.lib.common.rest_client [req-2c3007eb-de61-40c6-a5c5-4da970d63a71 req-2c3007eb-de61-40c6-a5c5-4da970d63a71 ] Request (AttachInterfacesTestJSON:test_create_list_show_delete_interfaces_by_network_port): 202 POST http://10.180.1.21/compute/v2.1/servers 1.326s
2025-11-19 18:49:21.336 65675 INFO tempest.lib.common.rest_client [req-2f35c8e7-6380-4b3d-a7d4-dba256691294 req-2f35c8e7-6380-4b3d-a7d4-dba256691294 ] Request (SecurityGroupRulesNegativeTestJSON:test_create_security_group_rule_with_invalid_ip_protocol): 200 POST http://10.180.1.21/compute/v2.1/os-security-groups 1.350s
2025-11-19 18:49:21.361 65723 INFO tempest.lib.common.rest_client [req-a5417410-2c3d-4efd-ae99-5f3363381c74 req-a5417410-2c3d-4efd-ae99-5f3363381c74 ] Request (ServersAdminNegativeTestJSON:_run_cleanups): 202 DELETE http://10.180.1.21/compute/v2.1/flavors/950028793 1.372s
2025-11-19 18:49:21.398 65705 INFO tempest.lib.common.rest_client [req-970da9b5-d760-4da8-a3f4-7787811fe86f req-970da9b5-d760-4da8-a3f4-7787811fe86f ] Request (AttachInterfacesUnderV243Test:test_add_remove_fixed_ip): 200 GET http://10.180.1.21/compute/v2.1/servers/047e67a7-f747-4c6b-b73c-a1d54ce53bc7/ips 1.342s
2025-11-19 18:49:21.473 65690 INFO tempest.lib.common.rest_client [req-f92eaa07-6444-4daf-bc9e-3dfe390bb00c req-f92eaa07-6444-4daf-bc9e-3dfe390bb00c ] Request (ServerGroup264TestJSON:test_create_get_server_group): 200 GET http://10.180.1.21/compute/v2.1/os-server-groups/6542a607-f759-4e96-b667-9405539dc04b 1.202s
2025-11-19 18:49:21.841 65677 INFO tempest.lib.common.rest_client [req-ba852fc4-2c4a-48a0-a9ab-348f0c0a33e6 req-ba852fc4-2c4a-48a0-a9ab-348f0c0a33e6 ] Request (ServersNegativeTestMultiTenantJSON:setUpClass): 200 GET http://10.180.1.21/compute/v2.1/servers/82f3b4da-7787-4516-8596-6269fd46ed32 1.260s
2025-11-19 18:49:21.958 65691 INFO tempest.lib.common.rest_client [req-9d14997c-e9d4-449a-be62-3b8a978bc7e3 req-9d14997c-e9d4-449a-be62-3b8a978bc7e3 ] Request (ServersTestJSON:test_create_server_with_ipv6_addr_only): 200 GET http://10.180.1.21/compute/v2.1/servers/cae84e86-145a-4cac-9ac5-6335bbba6723 1.297s
2025-11-19 18:49:21.986 65699 INFO tempest.lib.common.rest_client [req-e4e34131-8f06-4e25-86b6-36feba30369a req-e4e34131-8f06-4e25-86b6-36feba30369a ] Request (ImagesOneServerNegativeTestJSON:test_delete_image_that_is_not_yet_active): 404 GET http://10.180.1.21/compute/v2.1/images/43767099-f44d-4059-86a0-7f034d93bddb 1.320s
2025-11-19 18:49:22.078 65683 INFO tempest.lib.common.rest_client [req-6abd3254-27dd-45cb-a610-ccb097dc9363 req-6abd3254-27dd-45cb-a610-ccb097dc9363 ] Request (ServerShowV247Test:test_update_rebuild_list_server): 200 GET http://10.180.1.21/compute/v2.1/servers/624c6132-348a-4de6-a18c-fa1a7a9cc912 1.322s
2025-11-19 18:49:22.172 65667 INFO tempest.lib.common.rest_client [req-f1aa4cd0-8ffa-4a38-a044-3f287b66d546 req-f1aa4cd0-8ffa-4a38-a044-3f287b66d546 ] Request (ImagesTestJSON:test_create_server_from_snapshot): 200 GET http://10.180.1.21/compute/v2.1/servers/27671e9a-155b-43a0-a678-8b8ff1896f39 1.344s
2025-11-19 18:49:22.445 65695 INFO tempest.lib.common.rest_client [req-c8e445ab-6942-451b-af07-d3ad315abe5b req-c8e445ab-6942-451b-af07-d3ad315abe5b ] Request (ServerGroupTestJSON:test_create_server_with_scheduler_hint_group): 200 GET http://10.180.1.21/compute/v2.1/servers/214b0fa2-28c0-4fe6-976d-d69066bc134e 1.381s
2025-11-19 18:49:22.456 65695 INFO tempest.common.waiters [-] State transition "BUILD/None" ==> "BUILD/block_device_mapping" after 35 second wait
2025-11-19 18:49:22.579 65697 INFO tempest.lib.common.rest_client [req-c2e0d204-a058-4c50-b562-561948919dc1 req-c2e0d204-a058-4c50-b562-561948919dc1 ] Request (ServerRescueTestJSONUnderV235:tearDownClass): 200 GET http://10.180.1.21/compute/v2.1/servers/29d94691-9732-4ed4-b67f-5218a96ad1ef 1.450s
2025-11-19 18:49:22.639 65701 INFO tempest.lib.common.rest_client [req-dd06e8ec-6c95-437e-aa74-cf51334f4198 req-dd06e8ec-6c95-437e-aa74-cf51334f4198 ] Request (ServersWithSpecificFlavorTestJSON:test_verify_created_server_ephemeral_disk): 200 GET http://10.180.1.21/compute/v2.1/servers/4d473ebf-524f-4e47-ba16-3193d569be2a 1.459s
2025-11-19 18:49:22.869 65715 INFO tempest.lib.common.rest_client [req-f1a695b5-6118-475c-a33d-1490b35c6760 req-f1a695b5-6118-475c-a33d-1490b35c6760 ] Request (ServerRescueTestJSON:test_rescue_unrescue_instance): 200 GET http://10.180.1.21/compute/v2.1/servers/ffb45d00-62f0-4735-8b19-d83d25c9ba49 1.659s
2025-11-19 18:49:22.876 65715 INFO tempest.common.waiters [-] State transition "RESCUE/unrescuing" ==> "ACTIVE/None" after 5 second wait
2025-11-19 18:49:22.940 65687 INFO tempest.lib.common.rest_client [req-a171ce31-f8d5-483d-b305-6ce45ff16698 req-a171ce31-f8d5-483d-b305-6ce45ff16698 ] Request (AttachInterfacesTestJSON:test_create_list_show_delete_interfaces_by_network_port): 200 GET http://10.180.1.21/compute/v2.1/servers/54bd4aa6-4a56-4a2a-8fbd-bfe487b07c95 1.726s
2025-11-19 18:49:23.016 65685 INFO tempest.lib.common.rest_client [req-263492c5-9e09-4ab3-9d4b-6f6cb82dabee req-263492c5-9e09-4ab3-9d4b-6f6cb82dabee ] Request (FloatingIPsAssociationTestJSON:test_associate_already_associated_floating_ip): 202 POST http://10.180.1.21/compute/v2.1/servers/9c62f06d-eaf5-41cd-aef3-6e049dfc29d8/action 3.060s
2025-11-19 18:49:23.027 65719 INFO tempest.lib.common.rest_client [req-9abacdf4-3723-4987-9edb-dae2f529f515 req-9abacdf4-3723-4987-9edb-dae2f529f515 ] Request (ServerDiskConfigTestJSON:test_resize_server_from_auto_to_manual): 200 GET http://10.180.1.21/compute/v2.1/servers/f0d95e71-98e3-48f3-b405-10ca0904b9a1 1.761s
2025-11-19 18:49:23.046 65675 INFO tempest.lib.common.rest_client [req-9d388d42-70aa-490d-9888-ea422256d227 req-9d388d42-70aa-490d-9888-ea422256d227 ] Request (SecurityGroupRulesNegativeTestJSON:test_create_security_group_rule_with_invalid_ip_protocol): 400 POST http://10.180.1.21/compute/v2.1/os-security-group-rules 1.704s
2025-11-19 18:49:23.074 65723 INFO tempest.lib.common.rest_client [req-d7e7b17a-58bc-4fac-8929-58fc987736b6 req-d7e7b17a-58bc-4fac-8929-58fc987736b6 ] Request (ServersAdminNegativeTestJSON:_run_cleanups): 200 GET http://10.180.1.21/compute/v2.1/flavors/detail 1.712s
2025-11-19 18:49:23.091 65673 INFO tempest.lib.common.rest_client [req-39d26738-85a2-47e1-bfe5-7c15004a097c req-39d26738-85a2-47e1-bfe5-7c15004a097c ] Request (ServersListShow298Test:test_list_show_update_rebuild_server_298): 200 GET http://10.180.1.21/compute/v2.1/servers/5fc5d847-90ff-4b4e-88d0-9d70324da71f 1.740s
2025-11-19 18:49:23.110 65705 INFO tempest.lib.common.rest_client [req-bda39a07-1777-47ef-bb63-050fc1add8d1 req-bda39a07-1777-47ef-bb63-050fc1add8d1 ] Request (AttachInterfacesUnderV243Test:test_add_remove_fixed_ip): 202 POST http://10.180.1.21/compute/v2.1/servers/047e67a7-f747-4c6b-b73c-a1d54ce53bc7/action 1.710s
2025-11-19 18:49:23.136 65690 INFO tempest.lib.common.rest_client [req-8cdc3ec1-9155-4a54-8997-75652607d2ba req-8cdc3ec1-9155-4a54-8997-75652607d2ba ] Request (ServerGroup264TestJSON:_run_cleanups): 204 DELETE http://10.180.1.21/compute/v2.1/os-server-groups/6542a607-f759-4e96-b667-9405539dc04b 1.660s
2025-11-19 18:49:23.161 65693 INFO tempest.lib.common.rest_client [req-c92d9fcf-902a-4402-b75d-d75525d8434b req-c92d9fcf-902a-4402-b75d-d75525d8434b ] Request (ServerDiagnosticsTest:tearDownClass): 200 GET http://10.180.1.21/compute/v2.1/servers/189168f9-883a-46ac-a347-cc4f38e6b7ac 1.733s
2025-11-19 18:49:23.200 65709 INFO tempest.lib.common.rest_client [req-788bb8e6-9fcc-49d6-a39d-0074b238dbd6 req-788bb8e6-9fcc-49d6-a39d-0074b238dbd6 ] Request (ServerAddressesTestJSON:tearDownClass): 200 GET http://10.180.1.21/compute/v2.1/servers/3b5b5274-755e-4dba-af2e-19324c00315e 1.688s
2025-11-19 18:49:23.237 65711 INFO tempest.lib.common.rest_client [req-b12d937e-b141-4864-8d4d-d22909c52072 req-b12d937e-b141-4864-8d4d-d22909c52072 ] Request (ServerTagsTestJSON:tearDownClass): 200 GET http://10.180.1.21/compute/v2.1/servers/2a28c451-3aa1-439e-9d87-05a6b1cf9d5c 1.659s
2025-11-19 18:49:23.252 65713 INFO tempest.lib.common.rest_client [req-ac99edcf-b664-4162-88d0-25af1942a37e req-ac99edcf-b664-4162-88d0-25af1942a37e ] Request (ServersTestBootFromVolume:setUpClass): 200 GET http://10.180.1.21/compute/v2.1/servers/b3319ce7-35d9-4141-8bb5-ed503113dbc5 1.597s
2025-11-19 18:49:23.299 65730 INFO tempest.lib.common.rest_client [req-0477590f-f7bb-4cf4-a122-44db2d700920 req-0477590f-f7bb-4cf4-a122-44db2d700920 ] Request (ServerActionsTestOtherB:setUpClass): 200 GET http://10.180.1.21/compute/v2.1/servers/35e326ba-cb2a-4566-948a-2399f8f15489 1.571s
2025-11-19 18:49:23.368 65707 INFO tempest.lib.common.rest_client [req-ee00de42-5a60-4ca9-8b25-67569f635618 req-ee00de42-5a60-4ca9-8b25-67569f635618 ] Request (ServersAdminTestJSON:test_inject_network_info): 200 GET http://10.180.1.21/compute/v2.1/servers/71c873f7-ecf2-42ce-96b8-d4e79fb6e0e6 1.522s
2025-11-19 18:49:23.386 65707 INFO tempest.common.waiters [-] State transition "BUILD/scheduling" ==> "BUILD/None" after 14 second wait
2025-11-19 18:49:23.408 65717 INFO tempest.lib.common.rest_client [req-34883d1b-e69d-4ee4-924c-29430f524523 req-34883d1b-e69d-4ee4-924c-29430f524523 ] Request (MigrationsAdminTest:test_list_migrations_in_flavor_resize_situation): 200 GET http://10.180.1.21/compute/v2.1/servers/889a5965-48c7-43bb-945a-2ab8053892c8 1.618s
2025-11-19 18:49:23.564 65699 INFO tempest.lib.common.rest_client [req-bd661fa6-e3d5-4b20-b248-81a5e63d6edd req-bd661fa6-e3d5-4b20-b248-81a5e63d6edd ] Request (ImagesOneServerNegativeTestJSON:tearDown): 200 GET http://10.180.1.21/compute/v2.1/servers/1b6555a0-ba5b-43ba-bab6-0e92c98b48b4 1.577s
2025-11-19 18:49:23.566 65669 INFO tempest.lib.common.rest_client [req-152142ff-9fb1-40c9-9ecc-fa2eb4baaf34 req-152142ff-9fb1-40c9-9ecc-fa2eb4baaf34 ] Request (ServersTestMultiNic:test_verify_multiple_nics_order): 200 GET http://10.180.1.21/compute/v2.1/servers/eb6c519f-0aff-4fe2-a235-18264a35f7c5 1.697s
2025-11-19 18:49:23.574 65669 INFO tempest.common.waiters [-] State transition "BUILD/spawning" ==> "ACTIVE/None" after 40 second wait
2025-11-19 18:49:23.626 65677 INFO tempest.lib.common.rest_client [req-ebb38b45-0858-4110-9af5-96fe1777e430 req-ebb38b45-0858-4110-9af5-96fe1777e430 ] Request (ServersNegativeTestMultiTenantJSON:setUpClass): 200 GET http://10.180.1.21/compute/v2.1/servers/82f3b4da-7787-4516-8596-6269fd46ed32 0.771s
2025-11-19 18:49:23.690 65691 INFO tempest.lib.common.rest_client [req-4c79d37b-091e-48cf-a419-20a528855385 req-4c79d37b-091e-48cf-a419-20a528855385 ] Request (ServersTestJSON:test_create_server_with_ipv6_addr_only): 200 GET http://10.180.1.21/compute/v2.1/servers/cae84e86-145a-4cac-9ac5-6335bbba6723 0.722s
2025-11-19 18:49:23.739 65715 INFO tempest.lib.common.rest_client [req-24bd63d3-125e-45e5-8ce4-f6f5a1688d03 req-24bd63d3-125e-45e5-8ce4-f6f5a1688d03 ] Request (ServerRescueTestJSON:tearDownClass): 204 DELETE http://10.180.1.21/compute/v2.1/servers/ffb45d00-62f0-4735-8b19-d83d25c9ba49 0.862s
2025-11-19 18:49:23.934 65675 INFO tempest.lib.common.rest_client [req-9b50cff7-12e1-4b47-9e4c-30544cd0d013 req-9b50cff7-12e1-4b47-9e4c-30544cd0d013 ] Request (SecurityGroupRulesNegativeTestJSON:test_create_security_group_rule_with_invalid_port_range): 200 POST http://10.180.1.21/compute/v2.1/os-security-groups 0.886s
2025-11-19 18:49:24.037 65685 INFO tempest.lib.common.rest_client [req-50eff9e2-f5e8-4e32-b152-b9f03477759f req-50eff9e2-f5e8-4e32-b152-b9f03477759f ] Request (FloatingIPsAssociationTestJSON:test_associate_already_associated_floating_ip): 409 POST http://10.180.1.21/compute/v2.1/servers/8116f071-1037-40f9-a445-a80295ee9f32/action 1.020s
2025-11-19 18:49:24.047 65723 INFO tempest.lib.common.rest_client [req-72342a71-1475-4e71-a60e-f47585685053 req-72342a71-1475-4e71-a60e-f47585685053 ] Request (ServersAdminNegativeTestJSON:test_resize_server_using_overlimit_vcpus): 200 GET http://10.180.1.21/compute/v2.1/os-quota-sets/98b6370fc04f40fd9d8223b1357d872b 0.965s
2025-11-19 18:49:24.079 65705 INFO tempest.lib.common.rest_client [req-eb496137-3864-4310-864f-737b95a6efb0 req-eb496137-3864-4310-864f-737b95a6efb0 ] Request (AttachInterfacesUnderV243Test:test_add_remove_fixed_ip): 200 GET http://10.180.1.21/compute/v2.1/servers/047e67a7-f747-4c6b-b73c-a1d54ce53bc7/ips 0.968s
2025-11-19 18:49:24.087 65690 INFO tempest.lib.common.rest_client [req-86be9c42-2624-4c35-98d3-cafb4fd48588 req-86be9c42-2624-4c35-98d3-cafb4fd48588 ] Request (ServerGroup264TestJSON:tearDownClass): 404 DELETE http://10.180.1.21/compute/v2.1/os-server-groups/6542a607-f759-4e96-b667-9405539dc04b 0.946s
2025-11-19 18:49:24.108 65683 INFO tempest.lib.common.rest_client [req-7a147d15-4861-412b-8807-b77f8c68973a req-7a147d15-4861-412b-8807-b77f8c68973a ] Request (ServerShowV247Test:test_update_rebuild_list_server): 200 GET http://10.180.1.21/compute/v2.1/servers/624c6132-348a-4de6-a18c-fa1a7a9cc912 1.015s
2025-11-19 18:49:24.235 65667 INFO tempest.lib.common.rest_client [req-4c988405-ee5a-4434-beba-504d972f1bb6 req-4c988405-ee5a-4434-beba-504d972f1bb6 ] Request (ImagesTestJSON:test_create_server_from_snapshot): 200 GET http://10.180.1.21/compute/v2.1/servers/27671e9a-155b-43a0-a678-8b8ff1896f39 1.051s
2025-11-19 18:49:24.290 65669 INFO tempest.lib.common.rest_client [req-3f923796-9b07-4117-a9a9-df3c927aaa6c req-3f923796-9b07-4117-a9a9-df3c927aaa6c ] Request (ServersTestMultiNic:test_verify_multiple_nics_order): 200 GET http://10.180.1.21/compute/v2.1/servers/eb6c519f-0aff-4fe2-a235-18264a35f7c5/ips 0.716s
2025-11-19 18:49:24.322 65695 INFO tempest.lib.common.rest_client [req-abb9bd7d-769a-4232-8c04-7a09c69a1fbd req-abb9bd7d-769a-4232-8c04-7a09c69a1fbd ] Request (ServerGroupTestJSON:test_create_server_with_scheduler_hint_group): 200 GET http://10.180.1.21/compute/v2.1/servers/214b0fa2-28c0-4fe6-976d-d69066bc134e 0.864s
2025-11-19 18:49:24.333 65695 INFO tempest.common.waiters [-] State transition "BUILD/block_device_mapping" ==> "BUILD/spawning" after 37 second wait
2025-11-19 18:49:24.358 65697 INFO tempest.lib.common.rest_client [req-a43c2500-0277-4691-8e8e-71319f9137e2 req-a43c2500-0277-4691-8e8e-71319f9137e2 ] Request (ServerRescueTestJSONUnderV235:tearDownClass): 200 GET http://10.180.1.21/compute/v2.1/servers/29d94691-9732-4ed4-b67f-5218a96ad1ef 0.772s
2025-11-19 18:49:24.883 65701 INFO tempest.lib.common.rest_client [req-ff3a04c9-6f72-43a8-bada-00621ba8304b req-ff3a04c9-6f72-43a8-bada-00621ba8304b ] Request (ServersWithSpecificFlavorTestJSON:test_verify_created_server_ephemeral_disk): 200 GET http://10.180.1.21/compute/v2.1/servers/4d473ebf-524f-4e47-ba16-3193d569be2a 1.231s
2025-11-19 18:49:24.935 65690 INFO tempest.lib.common.rest_client [req-5a19af75-dd7b-48c0-987e-1edd2ad50562 req-5a19af75-dd7b-48c0-987e-1edd2ad50562 ] Request (ServerGroup264TestJSON:tearDownClass): 200 PUT http://10.180.1.21/networking/v2.0/routers/375f0f04-1d3e-4420-ad75-a6c250bea7c1/remove_router_interface 0.847s
2025-11-19 18:49:24.992 65675 INFO tempest.lib.common.rest_client [req-2bb25432-970f-4fa1-b9e6-2914cc4824dc req-2bb25432-970f-4fa1-b9e6-2914cc4824dc ] Request (SecurityGroupRulesNegativeTestJSON:test_create_security_group_rule_with_invalid_port_range): 400 POST http://10.180.1.21/compute/v2.1/os-security-group-rules 1.054s
2025-11-19 18:49:25.046 65715 INFO tempest.lib.common.rest_client [req-dc15ed93-c7be-4302-b00c-bd337b40dd33 req-dc15ed93-c7be-4302-b00c-bd337b40dd33 ] Request (ServerRescueTestJSON:tearDownClass): 200 GET http://10.180.1.21/compute/v2.1/servers/ffb45d00-62f0-4735-8b19-d83d25c9ba49 1.306s
2025-11-19 18:49:25.154 65687 INFO tempest.lib.common.rest_client [req-761a618a-43e0-4644-a6d0-f4565ad6ad62 req-761a618a-43e0-4644-a6d0-f4565ad6ad62 ] Request (AttachInterfacesTestJSON:test_create_list_show_delete_interfaces_by_network_port): 200 GET http://10.180.1.21/compute/v2.1/servers/54bd4aa6-4a56-4a2a-8fbd-bfe487b07c95 1.202s
2025-11-19 18:49:25.294 65719 INFO tempest.lib.common.rest_client [req-03171583-8e66-4f03-8ece-b9a4aa151020 req-03171583-8e66-4f03-8ece-b9a4aa151020 ] Request (ServerDiskConfigTestJSON:test_resize_server_from_auto_to_manual): 200 GET http://10.180.1.21/compute/v2.1/servers/f0d95e71-98e3-48f3-b405-10ca0904b9a1 1.255s
2025-11-19 18:49:25.304 65719 INFO tempest.common.waiters [-] State transition "BUILD/scheduling" ==> "BUILD/None" after 11 second wait
2025-11-19 18:49:25.314 65723 INFO tempest.lib.common.rest_client [req-d3281055-7079-45dd-95b8-400463c21ec2 req-d3281055-7079-45dd-95b8-400463c21ec2 ] Request (ServersAdminNegativeTestJSON:test_resize_server_using_overlimit_vcpus): 200 POST http://10.180.1.21/compute/v2.1/flavors 1.265s
2025-11-19 18:49:25.388 65690 INFO tempest.lib.common.rest_client [req-7ccfb829-faab-47b1-9f92-8b01e495cf5e req-7ccfb829-faab-47b1-9f92-8b01e495cf5e ] Request (ServerGroup264TestJSON:tearDownClass): 204 DELETE http://10.180.1.21/networking/v2.0/routers/375f0f04-1d3e-4420-ad75-a6c250bea7c1 0.452s
2025-11-19 18:49:25.464 65673 INFO tempest.lib.common.rest_client [req-0b2cc65c-2671-4bc8-bc06-34e97dc9bc08 req-0b2cc65c-2671-4bc8-bc06-34e97dc9bc08 ] Request (ServersListShow298Test:test_list_show_update_rebuild_server_298): 200 GET http://10.180.1.21/compute/v2.1/servers/5fc5d847-90ff-4b4e-88d0-9d70324da71f 1.362s
2025-11-19 18:49:25.583 65690 INFO tempest.lib.common.rest_client [req-be9ba688-1301-4402-abf4-8472c5a672b1 req-be9ba688-1301-4402-abf4-8472c5a672b1 ] Request (ServerGroup264TestJSON:tearDownClass): 204 DELETE http://10.180.1.21/networking/v2.0/subnets/22ce0154-de1e-4b3f-996f-4282794ac6a2 0.194s
2025-11-19 18:49:25.617 65693 INFO tempest.lib.common.rest_client [req-688781db-6c80-47ca-b636-fca717d4a31b req-688781db-6c80-47ca-b636-fca717d4a31b ] Request (ServerDiagnosticsTest:tearDownClass): 200 GET http://10.180.1.21/compute/v2.1/servers/189168f9-883a-46ac-a347-cc4f38e6b7ac 1.448s
2025-11-19 18:49:25.818 65690 INFO tempest.lib.common.rest_client [req-55bbe47f-b61d-4ef8-ad6c-a36b85c13d8d req-55bbe47f-b61d-4ef8-ad6c-a36b85c13d8d ] Request (ServerGroup264TestJSON:tearDownClass): 204 DELETE http://10.180.1.21/networking/v2.0/networks/ded18f2e-006e-424a-8b14-2ffa7eaa9e88 0.235s
2025-11-19 18:49:25.930 65709 INFO tempest.lib.common.rest_client [req-0a887174-7032-4b7d-9d5d-6a6842e535f0 req-0a887174-7032-4b7d-9d5d-6a6842e535f0 ] Request (ServerAddressesTestJSON:tearDownClass): 200 GET http://10.180.1.21/compute/v2.1/servers/3b5b5274-755e-4dba-af2e-19324c00315e 1.722s
2025-11-19 18:49:25.976 65711 INFO tempest.lib.common.rest_client [req-0ea170a2-540a-43bd-8b04-b5c625c9c640 req-0ea170a2-540a-43bd-8b04-b5c625c9c640 ] Request (ServerTagsTestJSON:tearDownClass): 404 GET http://10.180.1.21/compute/v2.1/servers/2a28c451-3aa1-439e-9d87-05a6b1cf9d5c 1.724s
2025-11-19 18:49:26.007 65690 INFO tempest.lib.common.rest_client [req-b1e56294-1ec4-46ce-afe8-11396cc5c8c5 req-b1e56294-1ec4-46ce-afe8-11396cc5c8c5 ] Request (ServerGroup264TestJSON:tearDownClass): 204 DELETE http://10.180.1.21/identity/v3/users/b79845bd203045e3ac6861ff1e6c71a2 0.188s
2025-11-19 18:49:26.007 65690 INFO tempest.lib.common.dynamic_creds [-] Deleting project and security group for project: 1ac794d14f944cc1b7f1003948528949
2025-11-19 18:49:26.463 65690 INFO tempest.lib.common.rest_client [req-81ae21f8-ba5d-4374-ae27-a639531ad968 req-81ae21f8-ba5d-4374-ae27-a639531ad968 ] Request (ServerGroup264TestJSON:tearDownClass): 200 GET http://10.180.1.21/networking/v2.0/security-groups?tenant_id=1ac794d14f944cc1b7f1003948528949&name=default 0.455s
2025-11-19 18:49:26.487 65713 INFO tempest.lib.common.rest_client [req-64b7f219-7202-4571-aa8a-6b9097440584 req-64b7f219-7202-4571-aa8a-6b9097440584 ] Request (ServersTestBootFromVolume:setUpClass): 200 GET http://10.180.1.21/compute/v2.1/servers/b3319ce7-35d9-4141-8bb5-ed503113dbc5 2.222s
2025-11-19 18:49:26.597 65690 INFO tempest.lib.common.rest_client [req-4d90d30e-aeff-4f0b-bd65-6d23a0c705ea req-4d90d30e-aeff-4f0b-bd65-6d23a0c705ea ] Request (ServerGroup264TestJSON:tearDownClass): 204 DELETE http://10.180.1.21/networking/v2.0/security-groups/d758861e-c95a-493c-8909-f6f16b3821fa 0.134s
2025-11-19 18:49:26.600 65669 INFO tempest.lib.common.rest_client [req-2576628a-5265-4fe2-bc19-d65f2f7eaf3f req-2576628a-5265-4fe2-bc19-d65f2f7eaf3f ] Request (ServersTestMultiNic:_run_cleanups): 204 DELETE http://10.180.1.21/compute/v2.1/servers/eb6c519f-0aff-4fe2-a235-18264a35f7c5 2.307s
2025-11-19 18:49:26.658 65730 INFO tempest.lib.common.rest_client [req-e2be087f-f55a-4313-98d1-49b8ac4923c7 req-e2be087f-f55a-4313-98d1-49b8ac4923c7 ] Request (ServerActionsTestOtherB:setUpClass): 200 GET http://10.180.1.21/compute/v2.1/servers/35e326ba-cb2a-4566-948a-2399f8f15489 2.349s
2025-11-19 18:49:26.701 65690 INFO tempest.lib.common.rest_client [req-e5dd9053-e6ff-4bd1-abfd-7dd841313a21 req-e5dd9053-e6ff-4bd1-abfd-7dd841313a21 ] Request (ServerGroup264TestJSON:tearDownClass): 204 DELETE http://10.180.1.21/identity/v3/projects/1ac794d14f944cc1b7f1003948528949 0.103s
2025-11-19 18:49:26.720 65707 INFO tempest.lib.common.rest_client [req-081526ac-871c-45b7-9078-dbeba654e742 req-081526ac-871c-45b7-9078-dbeba654e742 ] Request (ServersAdminTestJSON:test_inject_network_info): 200 GET http://10.180.1.21/compute/v2.1/servers/71c873f7-ecf2-42ce-96b8-d4e79fb6e0e6 2.332s
2025-11-19 18:49:26.787 65711 INFO tempest.lib.common.rest_client [req-6d595a53-dfa3-4eef-bd37-ff5856981676 req-6d595a53-dfa3-4eef-bd37-ff5856981676 ] Request (ServerTagsTestJSON:tearDownClass): 200 PUT http://10.180.1.21/networking/v2.0/routers/f8a89744-245f-4ef5-979d-5055ad877267/remove_router_interface 0.810s
2025-11-19 18:49:26.854 65685 INFO tempest.lib.common.rest_client [req-b233fee7-d1c3-4477-9d0f-e318974b9e02 req-b233fee7-d1c3-4477-9d0f-e318974b9e02 ] Request (FloatingIPsAssociationTestJSON:_run_cleanups): 202 POST http://10.180.1.21/compute/v2.1/servers/9c62f06d-eaf5-41cd-aef3-6e049dfc29d8/action 2.816s
