2025-11-19 18:48:44.886 65687 INFO tempest.lib.common.rest_client [req-3f8e33e4-838f-4383-92d8-eb47c5adbcc3 req-3f8e33e4-838f-4383-92d8-eb47c5adbcc3 ] Request (AttachInterfacesTestJSON:_run_cleanups): 200 GET http://10.180.1.21/compute/v2.1/servers/902670d6-2187-40b7-8163-9468c6b12183 1.446s
2025-11-19 18:48:44.907 65721 INFO tempest.lib.common.rest_client [req-f3f1fd71-9769-4862-87f8-6a426d30b42d req-f3f1fd71-9769-4862-87f8-6a426d30b42d ] Request (VolumesNegativeTest:test_volume_get_nonexistent_volume_id): 404 GET http://10.180.1.21/compute/v2.1/os-volumes/6d0ee577-8939-45c4-b807-e3eddf34b911 1.439s
2025-11-19 18:48:44.972 65711 INFO tempest.lib.common.rest_client [req-fa75cb12-12b3-48fd-8346-8ce525036e41 req-fa75cb12-12b3-48fd-8346-8ce525036e41 ] Request (ServerTagsTestJSON:test_update_all_tags): 201 PUT http://10.180.1.21/compute/v2.1/servers/2a28c451-3aa1-439e-9d87-05a6b1cf9d5c/tags/tempest-tag-611979128 1.489s
2025-11-19 18:48:45.005 65721 INFO tempest.lib.common.rest_client [req-7783ffd5-4726-42d7-bde0-aafb310298a9 req-7783ffd5-4726-42d7-bde0-aafb310298a9 ] Request (VolumesNegativeTest:tearDownClass): 204 DELETE http://10.180.1.21/identity/v3/users/48df1e0277a644b6a4b52e8ac1a779e3 0.093s
2025-11-19 18:48:45.005 65721 INFO tempest.lib.common.dynamic_creds [-] Deleting project and security group for project: d551ce16eaa9416db97865a90821966e
2025-11-19 18:48:45.026 65709 INFO tempest.lib.common.rest_client [req-3258c4ac-606e-4a84-8b66-0d4aad3ecd5c req-3258c4ac-606e-4a84-8b66-0d4aad3ecd5c ] Request (ServerAddressesTestJSON:setUpClass): 200 GET http://10.180.1.21/compute/v2.1/servers/3b5b5274-755e-4dba-af2e-19324c00315e 1.518s
2025-11-19 18:48:45.068 65721 INFO tempest.lib.common.rest_client [req-15815b41-9161-40fc-84ec-e91527e16b48 req-15815b41-9161-40fc-84ec-e91527e16b48 ] Request (VolumesNegativeTest:tearDownClass): 201 POST http://10.180.1.21/identity/v3/auth/tokens 0.062s
2025-11-19 18:48:45.076 65713 INFO tempest.lib.common.rest_client [req-b5c99008-1a41-45a9-918a-25adf67d848c req-b5c99008-1a41-45a9-918a-25adf67d848c ] Request (ServersTestBootFromVolume:setUpClass): 200 GET http://10.180.1.21/volume/v3/volumes/2f4225e3-1e47-4627-a4bd-fa0b32db684d 0.030s
2025-11-19 18:48:45.167 65723 INFO tempest.lib.common.rest_client [req-25f7435b-ab5f-478d-820a-8fb6c6c72d3a req-25f7435b-ab5f-478d-820a-8fb6c6c72d3a ] Request (ServersAdminNegativeTestJSON:test_migrate_server_invalid_state): 200 GET http://10.180.1.21/compute/v2.1/servers/68e14e88-5764-4978-98a9-d25415b02c9d 1.568s
2025-11-19 18:48:45.174 65723 INFO tempest.common.waiters [-] State transition "BUILD/networking" ==> "BUILD/spawning" after 15 second wait
2025-11-19 18:48:45.255 65721 INFO tempest.lib.common.rest_client [req-2457cbe6-277b-4b39-9700-3442a519a98f req-2457cbe6-277b-4b39-9700-3442a519a98f ] Request (VolumesNegativeTest:tearDownClass): 200 GET http://10.180.1.21/networking/v2.0/security-groups?tenant_id=d551ce16eaa9416db97865a90821966e&name=default 0.186s
2025-11-19 18:48:45.269 65695 INFO tempest.lib.common.rest_client [req-0cf02034-2259-4164-ac01-f9c51742c8ea req-0cf02034-2259-4164-ac01-f9c51742c8ea ] Request (ServerGroupTestJSON:test_create_server_with_scheduler_hint_group): 202 POST http://10.180.1.21/compute/v2.1/servers 1.824s
2025-11-19 18:48:45.287 65715 INFO tempest.lib.common.rest_client [req-6cf43149-94dc-45e2-8a8c-318f06967d87 req-6cf43149-94dc-45e2-8a8c-318f06967d87 ] Request (ServerRescueTestJSON:test_rescue_unrescue_instance): 200 GET http://10.180.1.21/compute/v2.1/servers/ffb45d00-62f0-4735-8b19-d83d25c9ba49 1.524s
2025-11-19 18:48:45.298 65715 INFO tempest.common.waiters [-] State transition "BUILD/None" ==> "BUILD/networking" after 15 second wait
2025-11-19 18:48:45.384 65721 INFO tempest.lib.common.rest_client [req-e6f8c6c2-75d6-404f-8112-306e156f23d2 req-e6f8c6c2-75d6-404f-8112-306e156f23d2 ] Request (VolumesNegativeTest:tearDownClass): 204 DELETE http://10.180.1.21/networking/v2.0/security-groups/34ec3202-e23c-40fd-9c35-a4257ef72e7a 0.128s
2025-11-19 18:48:45.430 65699 INFO tempest.lib.common.rest_client [req-a5b64eb1-04b9-4b7d-93a1-3722f9c01ab8 req-a5b64eb1-04b9-4b7d-93a1-3722f9c01ab8 ] Request (ImagesOneServerNegativeTestJSON:_run_cleanups): 200 GET http://10.180.1.21/compute/v2.1/servers/1b6555a0-ba5b-43ba-bab6-0e92c98b48b4 1.646s
2025-11-19 18:48:45.437 65673 INFO tempest.lib.common.rest_client [req-3eab08d2-c951-48c4-95dc-6f93b8fbc107 req-3eab08d2-c951-48c4-95dc-6f93b8fbc107 ] Request (ServersListShow298Test:test_list_show_update_rebuild_server_298): 200 GET http://10.180.1.21/compute/v2.1/servers/5fc5d847-90ff-4b4e-88d0-9d70324da71f 1.672s
2025-11-19 18:48:45.446 65705 WARNING tempest.lib.common.ssh [-] Failed to establish authenticated ssh connection to cirros@10.180.180.234 ([Errno None] Unable to connect to port 22 on 10.180.180.234). Number attempts: 1. Retry after 2 seconds.: paramiko.ssh_exception.NoValidConnectionsError: [Errno None] Unable to connect to port 22 on 10.180.180.234
2025-11-19 18:48:45.495 65721 INFO tempest.lib.common.rest_client [req-d3cd6b75-f23b-4d63-b9a2-5885596bcce6 req-d3cd6b75-f23b-4d63-b9a2-5885596bcce6 ] Request (VolumesNegativeTest:tearDownClass): 204 DELETE http://10.180.1.21/identity/v3/projects/d551ce16eaa9416db97865a90821966e 0.110s
2025-11-19 18:48:45.523 65693 INFO tempest.lib.common.rest_client [req-a50aaa2c-a4f3-4880-af82-4c4e0028d6be req-a50aaa2c-a4f3-4880-af82-4c4e0028d6be ] Request (ServerDiagnosticsTest:test_get_server_diagnostics): 200 GET http://10.180.1.21/compute/v2.1/servers/189168f9-883a-46ac-a347-cc4f38e6b7ac 1.550s
2025-11-19 18:48:45.584 65683 INFO tempest.lib.common.rest_client [req-48648826-45bc-420c-959d-9759cce87e8d req-48648826-45bc-420c-959d-9759cce87e8d ] Request (ServerShowV247Test:test_update_rebuild_list_server): 202 POST http://10.180.1.21/compute/v2.1/servers 1.798s
2025-11-19 18:48:45.694 65669 INFO tempest.lib.common.rest_client [req-92a63f9b-7b72-4734-ab23-b6280c929614 req-92a63f9b-7b72-4734-ab23-b6280c929614 ] Request (ServersTestMultiNic:test_verify_multiple_nics_order): 200 GET http://10.180.1.21/compute/v2.1/servers/eb6c519f-0aff-4fe2-a235-18264a35f7c5 1.649s
2025-11-19 18:48:45.706 65669 INFO tempest.common.waiters [-] State transition "BUILD/scheduling" ==> "BUILD/None" after 2 second wait
2025-11-19 18:48:45.757 65671 INFO tempest.lib.common.rest_client [req-71b9ab87-b4c0-4916-bc24-2e921b320eab req-71b9ab87-b4c0-4916-bc24-2e921b320eab ] Request (HypervisorAdminTestJSON:test_get_hypervisor_list): 200 GET http://10.180.1.21/compute/v2.1/os-hypervisors 1.761s
2025-11-19 18:48:45.867 65675 INFO tempest.lib.common.rest_client [req-9509ae0a-97ee-4649-a625-266f766179e9 req-9509ae0a-97ee-4649-a625-266f766179e9 ] Request (KeyPairsV2TestJSON:test_keypairs_create_list_delete): 200 POST http://10.180.1.21/compute/v2.1/os-keypairs 1.631s
2025-11-19 18:48:45.953 65701 INFO tempest.lib.common.rest_client [req-e88ef4ff-92da-45fe-b968-dd682f85264d req-e88ef4ff-92da-45fe-b968-dd682f85264d ] Request (ServersWithSpecificFlavorTestJSON:test_verify_created_server_ephemeral_disk): 204 DELETE http://10.180.1.21/compute/v2.1/servers/6748088d-f3b3-401f-9808-fe6771658d42 1.547s
2025-11-19 18:48:46.050 65701 INFO tempest.lib.common.rest_client [req-417b8c4d-0ac6-4e93-8dc5-9a696fdd0a3c req-417b8c4d-0ac6-4e93-8dc5-9a696fdd0a3c ] Request (ServersWithSpecificFlavorTestJSON:test_verify_created_server_ephemeral_disk): 201 POST http://10.180.1.21/identity/v3/auth/tokens 0.094s
2025-11-19 18:48:46.051 65701 INFO tempest.lib.common.fixed_network [-] (ServersWithSpecificFlavorTestJSON:test_verify_created_server_ephemeral_disk) Found network {'id': 'a17e65b7-c53b-4392-80c0-9336cd66ff60', 'name': 'tempest-ServersWithSpecificFlavorTestJSON-1057893274-network', 'tenant_id': '4ba600ce740c413396f6243ea52dd99c', 'project_id': '4ba600ce740c413396f6243ea52dd99c', 'admin_state_up': True, 'mtu': 8950, 'status': 'ACTIVE', 'subnets': [], 'shared': False, 'port_security_enabled': True, 'router:external': False, 'provider:network_type': 'vlan', 'provider:physical_network': 'default', 'provider:segmentation_id': 565, 'availability_zone_hints': [], 'availability_zones': [], 'ipv4_address_scope': None, 'ipv6_address_scope': None, 'description': '', 'tags': [], 'created_at': '2025-11-19T18:46:19Z', 'updated_at': '2025-11-19T18:46:19Z', 'revision_number': 1} available for tenant
2025-11-19 18:48:46.121 65713 INFO tempest.lib.common.rest_client [req-a9f8fc5f-92cb-48f0-a3bf-b2f34299a9a8 req-a9f8fc5f-92cb-48f0-a3bf-b2f34299a9a8 ] Request (ServersTestBootFromVolume:setUpClass): 200 GET http://10.180.1.21/volume/v3/volumes/2f4225e3-1e47-4627-a4bd-fa0b32db684d 0.039s
2025-11-19 18:48:46.461 65707 INFO tempest.lib.common.rest_client [req-1b2b93fb-733c-4597-ac49-4f0064d023ed req-1b2b93fb-733c-4597-ac49-4f0064d023ed ] Request (ServersAdminTestJSON:test_create_server_with_scheduling_hint): 200 GET http://10.180.1.21/compute/v2.1/servers/f8c24cac-9899-44bd-ae51-87fcd9f96d0a 1.921s
2025-11-19 18:48:46.979 65697 INFO tempest.lib.common.rest_client [req-f8df278f-749e-4191-b44d-15c033de6c18 req-f8df278f-749e-4191-b44d-15c033de6c18 ] Request (ServerRescueTestJSONUnderV235:test_rescued_vm_add_remove_security_group): 202 POST http://10.180.1.21/compute/v2.1/servers/29d94691-9732-4ed4-b67f-5218a96ad1ef/action 2.803s
2025-11-19 18:48:47.005 65677 INFO tempest.lib.common.rest_client [req-41d9252c-4c65-4d99-b996-97b11e92a5a5 req-41d9252c-4c65-4d99-b996-97b11e92a5a5 ] Request (FlavorsAdminTestJSON:_run_cleanups): 200 GET http://10.180.1.21/compute/v2.1/flavors/detail 2.280s
2025-11-19 18:48:47.058 65719 INFO tempest.lib.common.rest_client [req-a500fa21-f2f7-406e-8aa2-7250aa500a5f req-a500fa21-f2f7-406e-8aa2-7250aa500a5f ] Request (ServerDiskConfigTestJSON:test_rebuild_server_with_manual_disk_config): 200 GET http://10.180.1.21/compute/v2.1/servers/c6c26e84-d6dc-4e10-ba31-ce81cb19b021 2.352s
2025-11-19 18:48:47.161 65713 INFO tempest.lib.common.rest_client [req-869a8bff-56f0-40cd-b0f6-aed6f9e73554 req-869a8bff-56f0-40cd-b0f6-aed6f9e73554 ] Request (ServersTestBootFromVolume:setUpClass): 200 GET http://10.180.1.21/volume/v3/volumes/2f4225e3-1e47-4627-a4bd-fa0b32db684d 0.030s
2025-11-19 18:48:47.356 65730 INFO tempest.lib.common.rest_client [req-cb5c42d7-37a6-49dd-9986-2f53229f9e4f req-cb5c42d7-37a6-49dd-9986-2f53229f9e4f ] Request (SecurityGroupRulesTestJSON:tearDownClass): 202 DELETE http://10.180.1.21/compute/v2.1/os-security-groups/8dc5044e-8061-41fd-98d9-cf894e7dbac4 2.496s
2025-11-19 18:48:47.529 65690 INFO tempest.lib.common.rest_client [req-05d593c9-0426-4a01-b308-af654b0e2fe9 req-05d593c9-0426-4a01-b308-af654b0e2fe9 ] Request (FloatingIPsAssociationNegativeTestJSON:tearDownClass): 200 GET http://10.180.1.21/compute/v2.1/servers/ba71e8b4-2dd9-49c2-a1c9-166ce2151bc6 2.634s
2025-11-19 18:48:47.615 65711 INFO tempest.lib.common.rest_client [req-f2c52490-e5fc-479c-bc78-4a7988115bcc req-f2c52490-e5fc-479c-bc78-4a7988115bcc ] Request (ServerTagsTestJSON:test_update_all_tags): 201 PUT http://10.180.1.21/compute/v2.1/servers/2a28c451-3aa1-439e-9d87-05a6b1cf9d5c/tags/tempest-tag-798396577 2.642s
2025-11-19 18:48:47.670 65685 INFO tempest.lib.common.rest_client [req-c295676a-f1e7-4cbb-9383-948dcb0a84a0 req-c295676a-f1e7-4cbb-9383-948dcb0a84a0 ] Request (FloatingIPsAssociationTestJSON:test_associate_already_associated_floating_ip): 200 GET http://10.180.1.21/compute/v2.1/servers/9c62f06d-eaf5-41cd-aef3-6e049dfc29d8 2.463s
2025-11-19 18:48:47.694 65691 INFO tempest.lib.common.rest_client [req-7086cbaf-5820-43d9-99da-ce74579e3217 req-7086cbaf-5820-43d9-99da-ce74579e3217 ] Request (ServersTestJSON:test_create_server_with_ipv6_addr_only): 202 POST http://10.180.1.21/compute/v2.1/servers 2.896s
2025-11-19 18:48:47.709 65667 INFO tempest.lib.common.rest_client [req-9af6ee86-5e28-4e8a-b6c2-85fbcbc46ed8 req-9af6ee86-5e28-4e8a-b6c2-85fbcbc46ed8 ] Request (ImagesTestJSON:test_create_image_from_suspended_server): 200 GET http://10.180.1.21/compute/v2.1/images/dd2ef9c4-4e27-46dd-b0b8-910c2c9543f8 2.487s
2025-11-19 18:48:47.747 65695 INFO tempest.lib.common.rest_client [req-7736802b-7627-45a9-b11e-597e776898c2 req-7736802b-7627-45a9-b11e-597e776898c2 ] Request (ServerGroupTestJSON:test_create_server_with_scheduler_hint_group): 200 GET http://10.180.1.21/compute/v2.1/servers/214b0fa2-28c0-4fe6-976d-d69066bc134e 2.476s
2025-11-19 18:48:47.770 65683 INFO tempest.lib.common.rest_client [req-fe074e60-d925-4815-8d92-5424210310d3 req-fe074e60-d925-4815-8d92-5424210310d3 ] Request (ServerShowV247Test:test_update_rebuild_list_server): 200 PUT http://10.180.1.21/compute/v2.1/servers/624c6132-348a-4de6-a18c-fa1a7a9cc912 2.183s
2025-11-19 18:48:47.801 65671 INFO tempest.lib.common.rest_client [req-5e84199d-9825-48f4-a7b9-49e0f15d27fc req-5e84199d-9825-48f4-a7b9-49e0f15d27fc ] Request (HypervisorAdminTestJSON:test_get_hypervisor_list_details): 200 GET http://10.180.1.21/compute/v2.1/os-hypervisors/detail 2.041s
2025-11-19 18:48:47.836 65675 INFO tempest.lib.common.rest_client [req-e3a04684-cecc-41bf-9320-ac6da99227a7 req-e3a04684-cecc-41bf-9320-ac6da99227a7 ] Request (KeyPairsV2TestJSON:test_keypairs_create_list_delete): 200 POST http://10.180.1.21/compute/v2.1/os-keypairs 1.966s
2025-11-19 18:48:47.898 65717 INFO tempest.lib.common.rest_client [req-f3b35970-49b8-4a6a-8e24-dedc794a61bb req-f3b35970-49b8-4a6a-8e24-dedc794a61bb ] Request (MigrationsAdminTest:test_list_migrations_in_flavor_resize_situation): 200 GET http://10.180.1.21/compute/v2.1/servers/889a5965-48c7-43bb-945a-2ab8053892c8 2.217s
2025-11-19 18:48:47.913 65687 INFO tempest.lib.common.rest_client [req-707ecd2c-3e19-4d92-8918-593452842c71 req-707ecd2c-3e19-4d92-8918-593452842c71 ] Request (AttachInterfacesTestJSON:_run_cleanups): 200 GET http://10.180.1.21/compute/v2.1/servers/902670d6-2187-40b7-8163-9468c6b12183 2.018s
2025-11-19 18:48:47.920 65687 INFO tempest.common.waiters [-] State transition "ACTIVE/deleting" ==> "DELETED/None" after 3 second wait
2025-11-19 18:48:47.968 65709 INFO tempest.lib.common.rest_client [req-1222b8ae-0504-484d-ba4e-09a9ae65839b req-1222b8ae-0504-484d-ba4e-09a9ae65839b ] Request (ServerAddressesTestJSON:setUpClass): 200 GET http://10.180.1.21/compute/v2.1/servers/3b5b5274-755e-4dba-af2e-19324c00315e 1.934s
2025-11-19 18:48:48.149 65723 INFO tempest.lib.common.rest_client [req-957012c4-5eee-413c-a905-973d3494140e req-957012c4-5eee-413c-a905-973d3494140e ] Request (ServersAdminNegativeTestJSON:test_migrate_server_invalid_state): 200 GET http://10.180.1.21/compute/v2.1/servers/68e14e88-5764-4978-98a9-d25415b02c9d 1.973s
2025-11-19 18:48:48.202 65713 INFO tempest.lib.common.rest_client [req-b6e5cc3e-0086-4af9-a8d2-f4d815924dc6 req-b6e5cc3e-0086-4af9-a8d2-f4d815924dc6 ] Request (ServersTestBootFromVolume:setUpClass): 200 GET http://10.180.1.21/volume/v3/volumes/2f4225e3-1e47-4627-a4bd-fa0b32db684d 0.030s
2025-11-19 18:48:48.440 65715 INFO tempest.lib.common.rest_client [req-46e4e8f4-22d0-4182-a848-75d15e3508f6 req-46e4e8f4-22d0-4182-a848-75d15e3508f6 ] Request (ServerRescueTestJSON:test_rescue_unrescue_instance): 200 GET http://10.180.1.21/compute/v2.1/servers/ffb45d00-62f0-4735-8b19-d83d25c9ba49 2.140s
2025-11-19 18:48:48.449 65715 INFO tempest.common.waiters [-] State transition "BUILD/networking" ==> "BUILD/spawning" after 18 second wait
2025-11-19 18:48:48.503 65705 WARNING tempest.lib.common.ssh [-] Failed to establish authenticated ssh connection to cirros@10.180.180.234 ([Errno None] Unable to connect to port 22 on 10.180.180.234). Number attempts: 2. Retry after 3 seconds.: paramiko.ssh_exception.NoValidConnectionsError: [Errno None] Unable to connect to port 22 on 10.180.180.234
2025-11-19 18:48:48.892 65699 INFO tempest.lib.common.rest_client [req-76cac44c-b5c7-4be7-a921-21367850aeee req-76cac44c-b5c7-4be7-a921-21367850aeee ] Request (ImagesOneServerNegativeTestJSON:_run_cleanups): 200 GET http://10.180.1.21/compute/v2.1/servers/1b6555a0-ba5b-43ba-bab6-0e92c98b48b4 2.452s
2025-11-19 18:48:49.002 65701 INFO tempest.lib.common.rest_client [req-bbfec9d2-c7e8-4f99-bbfd-2667fbb208c7 req-bbfec9d2-c7e8-4f99-bbfd-2667fbb208c7 ] Request (ServersWithSpecificFlavorTestJSON:test_verify_created_server_ephemeral_disk): 202 POST http://10.180.1.21/compute/v2.1/servers 2.950s
2025-11-19 18:48:49.003 65673 INFO tempest.lib.common.rest_client [req-6107ece0-0637-4ec8-b46f-018200d86c9c req-6107ece0-0637-4ec8-b46f-018200d86c9c ] Request (ServersListShow298Test:test_list_show_update_rebuild_server_298): 200 GET http://10.180.1.21/compute/v2.1/servers/5fc5d847-90ff-4b4e-88d0-9d70324da71f 2.555s
2025-11-19 18:48:49.075 65669 INFO tempest.lib.common.rest_client [req-c4b2b4a0-acf3-4c0a-bcb0-982d11126632 req-c4b2b4a0-acf3-4c0a-bcb0-982d11126632 ] Request (ServersTestMultiNic:test_verify_multiple_nics_order): 200 GET http://10.180.1.21/compute/v2.1/servers/eb6c519f-0aff-4fe2-a235-18264a35f7c5 2.367s
2025-11-19 18:48:49.197 65693 INFO tempest.lib.common.rest_client [req-06a1fc2d-e606-44f5-9f8f-ee4e2168651f req-06a1fc2d-e606-44f5-9f8f-ee4e2168651f ] Request (ServerDiagnosticsTest:test_get_server_diagnostics): 200 GET http://10.180.1.21/compute/v2.1/servers/189168f9-883a-46ac-a347-cc4f38e6b7ac 2.666s
2025-11-19 18:48:49.204 65693 INFO tempest.common.waiters [-] State transition "BUILD/None" ==> "BUILD/spawning" after 18 second wait
2025-11-19 18:48:49.213 65677 INFO tempest.lib.common.rest_client [req-31294971-340a-4668-a5d9-af7539c4b291 req-31294971-340a-4668-a5d9-af7539c4b291 ] Request (FlavorsAdminTestJSON:test_list_non_public_flavor): 200 POST http://10.180.1.21/compute/v2.1/flavors 2.201s
2025-11-19 18:48:49.238 65713 INFO tempest.lib.common.rest_client [req-add17167-5e7c-43b5-b434-f2b10ff836a6 req-add17167-5e7c-43b5-b434-f2b10ff836a6 ] Request (ServersTestBootFromVolume:setUpClass): 200 GET http://10.180.1.21/volume/v3/volumes/2f4225e3-1e47-4627-a4bd-fa0b32db684d 0.026s
2025-11-19 18:48:49.259 65719 INFO tempest.lib.common.rest_client [req-b1d25952-09c4-441d-8ee3-5e5aa8d7a991 req-b1d25952-09c4-441d-8ee3-5e5aa8d7a991 ] Request (ServerDiskConfigTestJSON:test_rebuild_server_with_manual_disk_config): 200 PUT http://10.180.1.21/compute/v2.1/servers/c6c26e84-d6dc-4e10-ba31-ce81cb19b021 2.192s
2025-11-19 18:48:49.798 65730 INFO tempest.lib.common.rest_client [req-17c203d2-86ef-4cbf-be03-85bfc6c9beeb req-17c203d2-86ef-4cbf-be03-85bfc6c9beeb ] Request (SecurityGroupRulesTestJSON:tearDownClass): 202 DELETE http://10.180.1.21/compute/v2.1/os-security-groups/27bf2bda-4180-49e6-9bd3-ddd3084bdb2f 2.441s
2025-11-19 18:48:49.843 65697 INFO tempest.lib.common.rest_client [req-8f92d8a5-b5d7-4be4-9f1d-67fc3e465200 req-8f92d8a5-b5d7-4be4-9f1d-67fc3e465200 ] Request (ServerRescueTestJSONUnderV235:test_rescued_vm_associate_dissociate_floating_ip): 200 POST http://10.180.1.21/compute/v2.1/os-floating-ips 2.862s
2025-11-19 18:48:49.862 65707 INFO tempest.lib.common.rest_client [req-6abf5929-c77f-4bcc-978d-2d24972c36bc req-6abf5929-c77f-4bcc-978d-2d24972c36bc ] Request (ServersAdminTestJSON:test_create_server_with_scheduling_hint): 200 GET http://10.180.1.21/compute/v2.1/servers/f8c24cac-9899-44bd-ae51-87fcd9f96d0a 2.392s
2025-11-19 18:48:49.911 65691 INFO tempest.lib.common.rest_client [req-726f7ee6-c3c9-4a30-a691-5a70e2744c40 req-726f7ee6-c3c9-4a30-a691-5a70e2744c40 ] Request (ServersTestJSON:test_create_server_with_ipv6_addr_only): 200 GET http://10.180.1.21/compute/v2.1/servers/cae84e86-145a-4cac-9ac5-6335bbba6723 2.215s
2025-11-19 18:48:49.913 65711 INFO tempest.lib.common.rest_client [req-63a855ee-ff50-4d4a-a262-52b7f566b321 req-63a855ee-ff50-4d4a-a262-52b7f566b321 ] Request (ServerTagsTestJSON:test_update_all_tags): 200 PUT http://10.180.1.21/compute/v2.1/servers/2a28c451-3aa1-439e-9d87-05a6b1cf9d5c/tags 2.297s
2025-11-19 18:48:49.966 65667 INFO tempest.lib.common.rest_client [req-74bd4ac3-ab95-4607-b0e5-0556b1c9ba3a req-74bd4ac3-ab95-4607-b0e5-0556b1c9ba3a ] Request (ImagesTestJSON:test_create_image_from_suspended_server): 200 GET http://10.180.1.21/compute/v2.1/images/dd2ef9c4-4e27-46dd-b0b8-910c2c9543f8 2.252s
2025-11-19 18:48:49.992 65683 INFO tempest.lib.common.rest_client [req-d8bdb3c3-cdd5-4bdd-8137-e88eed8c2d36 req-d8bdb3c3-cdd5-4bdd-8137-e88eed8c2d36 ] Request (ServerShowV247Test:test_update_rebuild_list_server): 200 GET http://10.180.1.21/compute/v2.1/servers/624c6132-348a-4de6-a18c-fa1a7a9cc912 2.214s
2025-11-19 18:48:50.002 65667 INFO tempest.lib.common.rest_client [req-4441908d-5f33-4eee-ab9e-b7bd55f34936 req-4441908d-5f33-4eee-ab9e-b7bd55f34936 ] Request (ImagesTestJSON:test_create_image_from_suspended_server): 200 GET http://10.180.1.21/image/v2/images/dd2ef9c4-4e27-46dd-b0b8-910c2c9543f8/tasks 0.032s
2025-11-19 18:48:50.028 65671 INFO tempest.lib.common.rest_client [req-8196d7c2-c585-40bb-981a-912f584929c8 req-8196d7c2-c585-40bb-981a-912f584929c8 ] Request (HypervisorAdminTestJSON:test_get_hypervisor_show_details): 200 GET http://10.180.1.21/compute/v2.1/os-hypervisors 2.221s
2025-11-19 18:48:50.039 65703 WARNING tempest.lib.common.ssh [-] Failed to establish authenticated ssh connection to cirros@10.180.180.140 ([Errno None] Unable to connect to port 22 on 10.180.180.140). Number attempts: 10. Retry after 11 seconds.: paramiko.ssh_exception.NoValidConnectionsError: [Errno None] Unable to connect to port 22 on 10.180.180.140
2025-11-19 18:48:50.068 65675 INFO tempest.lib.common.rest_client [req-3d87954f-fe2f-4eb7-97b5-d5b6c22ba219 req-3d87954f-fe2f-4eb7-97b5-d5b6c22ba219 ] Request (KeyPairsV2TestJSON:test_keypairs_create_list_delete): 200 POST http://10.180.1.21/compute/v2.1/os-keypairs 2.230s
2025-11-19 18:48:50.108 65690 INFO tempest.lib.common.rest_client [req-6f720587-3a5c-470e-80d7-50bd3db9b78f req-6f720587-3a5c-470e-80d7-50bd3db9b78f ] Request (FloatingIPsAssociationNegativeTestJSON:tearDownClass): 200 GET http://10.180.1.21/compute/v2.1/servers/ba71e8b4-2dd9-49c2-a1c9-166ce2151bc6 1.571s
2025-11-19 18:48:50.124 65685 INFO tempest.lib.common.rest_client [req-5741926e-4229-42ac-83ed-4794e4034615 req-5741926e-4229-42ac-83ed-4794e4034615 ] Request (FloatingIPsAssociationTestJSON:test_associate_already_associated_floating_ip): 200 GET http://10.180.1.21/compute/v2.1/servers/9c62f06d-eaf5-41cd-aef3-6e049dfc29d8 1.445s
2025-11-19 18:48:50.157 65695 INFO tempest.lib.common.rest_client [req-7dd9eb7c-9855-4caa-9f46-a59166c2351d req-7dd9eb7c-9855-4caa-9f46-a59166c2351d ] Request (ServerGroupTestJSON:test_create_server_with_scheduler_hint_group): 200 GET http://10.180.1.21/compute/v2.1/servers/214b0fa2-28c0-4fe6-976d-d69066bc134e 1.400s
2025-11-19 18:48:50.214 65687 INFO tempest.lib.common.rest_client [req-96de0250-49f7-42ec-8cc5-e154e5ce8971 req-96de0250-49f7-42ec-8cc5-e154e5ce8971 ] Request (AttachInterfacesTestJSON:_run_cleanups): 200 GET http://10.180.1.21/compute/v2.1/servers/902670d6-2187-40b7-8163-9468c6b12183 1.293s
2025-11-19 18:48:50.261 65709 INFO tempest.lib.common.rest_client [req-8758ebfd-1ae3-4360-b867-27651bd16aa2 req-8758ebfd-1ae3-4360-b867-27651bd16aa2 ] Request (ServerAddressesTestJSON:setUpClass): 200 GET http://10.180.1.21/compute/v2.1/servers/3b5b5274-755e-4dba-af2e-19324c00315e 1.281s
2025-11-19 18:48:50.273 65717 INFO tempest.lib.common.rest_client [req-e418e09b-ecea-496f-afec-337b76a7c4eb req-e418e09b-ecea-496f-afec-337b76a7c4eb ] Request (MigrationsAdminTest:test_list_migrations_in_flavor_resize_situation): 200 GET http://10.180.1.21/compute/v2.1/servers/889a5965-48c7-43bb-945a-2ab8053892c8 1.364s
2025-11-19 18:48:50.277 65713 INFO tempest.lib.common.rest_client [req-697bd719-fc96-4fcb-b940-56ecf0328e4f req-697bd719-fc96-4fcb-b940-56ecf0328e4f ] Request (ServersTestBootFromVolume:setUpClass): 200 GET http://10.180.1.21/volume/v3/volumes/2f4225e3-1e47-4627-a4bd-fa0b32db684d 0.032s
2025-11-19 18:48:50.311 65701 INFO tempest.lib.common.rest_client [req-58205a3d-f9f0-46e9-a492-0a673b22a5d8 req-58205a3d-f9f0-46e9-a492-0a673b22a5d8 ] Request (ServersWithSpecificFlavorTestJSON:test_verify_created_server_ephemeral_disk): 200 GET http://10.180.1.21/compute/v2.1/servers/4d473ebf-524f-4e47-ba16-3193d569be2a 1.307s
2025-11-19 18:48:50.334 65677 INFO tempest.lib.common.rest_client [req-e8be282d-4b7d-4d9f-b1d7-1e8a6658be86 req-e8be282d-4b7d-4d9f-b1d7-1e8a6658be86 ] Request (FlavorsAdminTestJSON:test_list_non_public_flavor): 200 GET http://10.180.1.21/compute/v2.1/flavors/detail 1.118s
2025-11-19 18:48:50.385 65723 INFO tempest.lib.common.rest_client [req-a2737fb3-5a4f-49f3-ba83-3dc114057892 req-a2737fb3-5a4f-49f3-ba83-3dc114057892 ] Request (ServersAdminNegativeTestJSON:test_migrate_server_invalid_state): 200 GET http://10.180.1.21/compute/v2.1/servers/68e14e88-5764-4978-98a9-d25415b02c9d 1.227s
2025-11-19 18:48:50.522 65719 INFO tempest.lib.common.rest_client [req-0d3a2fce-f2ea-4c72-99cc-850fdf793381 req-0d3a2fce-f2ea-4c72-99cc-850fdf793381 ] Request (ServerDiskConfigTestJSON:test_rebuild_server_with_manual_disk_config): 200 GET http://10.180.1.21/compute/v2.1/servers/c6c26e84-d6dc-4e10-ba31-ce81cb19b021 1.256s
2025-11-19 18:48:50.546 65715 INFO tempest.lib.common.rest_client [req-ab238ad7-25fd-473c-b73e-06097417365d req-ab238ad7-25fd-473c-b73e-06097417365d ] Request (ServerRescueTestJSON:test_rescue_unrescue_instance): 200 GET http://10.180.1.21/compute/v2.1/servers/ffb45d00-62f0-4735-8b19-d83d25c9ba49 1.096s
2025-11-19 18:48:50.817 65730 INFO tempest.lib.common.rest_client [req-b0bb548f-c044-4fe3-8ec1-d21e366e4504 req-b0bb548f-c044-4fe3-8ec1-d21e366e4504 ] Request (SecurityGroupRulesTestJSON:tearDownClass): 202 DELETE http://10.180.1.21/compute/v2.1/os-security-groups/13bed462-f978-41f1-832e-3bedbdcc567d 1.018s
2025-11-19 18:48:51.320 65713 INFO tempest.lib.common.rest_client [req-3a6f8c87-3868-48d4-ad0d-9bd58ffe6a48 req-3a6f8c87-3868-48d4-ad0d-9bd58ffe6a48 ] Request (ServersTestBootFromVolume:setUpClass): 200 GET http://10.180.1.21/volume/v3/volumes/2f4225e3-1e47-4627-a4bd-fa0b32db684d 0.035s
2025-11-19 18:48:51.653 65730 INFO tempest.lib.common.rest_client [req-e552c6fc-dde6-414c-9ca2-0e9fff38db16 req-e552c6fc-dde6-414c-9ca2-0e9fff38db16 ] Request (SecurityGroupRulesTestJSON:tearDownClass): 200 PUT http://10.180.1.21/networking/v2.0/routers/19617f1d-4695-4d42-81f2-845eef9be9fd/remove_router_interface 0.836s
2025-11-19 18:48:51.704 65699 INFO tempest.lib.common.rest_client [req-e7d1f891-4c22-49af-b708-1abcfccecb06 req-e7d1f891-4c22-49af-b708-1abcfccecb06 ] Request (ImagesOneServerNegativeTestJSON:_run_cleanups): 200 GET http://10.180.1.21/compute/v2.1/servers/1b6555a0-ba5b-43ba-bab6-0e92c98b48b4 1.802s
2025-11-19 18:48:51.722 65711 INFO tempest.lib.common.rest_client [req-ca73d52a-4b84-4c69-bb26-3d6c106c824d req-ca73d52a-4b84-4c69-bb26-3d6c106c824d ] Request (ServerTagsTestJSON:test_update_all_tags): 200 GET http://10.180.1.21/compute/v2.1/servers/2a28c451-3aa1-439e-9d87-05a6b1cf9d5c/tags 1.808s
2025-11-19 18:48:51.854 65667 INFO tempest.lib.common.rest_client [req-aafa256f-c2fc-49c6-9759-f7fbf87c300f req-aafa256f-c2fc-49c6-9759-f7fbf87c300f ] Request (ImagesTestJSON:_run_cleanups): 204 DELETE http://10.180.1.21/compute/v2.1/images/dd2ef9c4-4e27-46dd-b0b8-910c2c9543f8 1.851s
2025-11-19 18:48:52.009 65705 WARNING tempest.lib.common.ssh [-] Failed to establish authenticated ssh connection to cirros@10.180.180.234 ([Errno None] Unable to connect to port 22 on 10.180.180.234). Number attempts: 3. Retry after 4 seconds.: paramiko.ssh_exception.NoValidConnectionsError: [Errno None] Unable to connect to port 22 on 10.180.180.234
2025-11-19 18:48:52.365 65713 INFO tempest.lib.common.rest_client [req-fa89c1f7-25f8-4354-bda2-0b5582d31a76 req-fa89c1f7-25f8-4354-bda2-0b5582d31a76 ] Request (ServersTestBootFromVolume:setUpClass): 200 GET http://10.180.1.21/volume/v3/volumes/2f4225e3-1e47-4627-a4bd-fa0b32db684d 0.035s
2025-11-19 18:48:52.551 65673 INFO tempest.lib.common.rest_client [req-de925e2a-cc6c-4615-ab88-fe4fed57c2ec req-de925e2a-cc6c-4615-ab88-fe4fed57c2ec ] Request (ServersListShow298Test:test_list_show_update_rebuild_server_298): 200 GET http://10.180.1.21/compute/v2.1/servers/5fc5d847-90ff-4b4e-88d0-9d70324da71f 2.536s
2025-11-19 18:48:52.589 65671 INFO tempest.lib.common.rest_client [req-7f599b67-8741-4767-b0b3-1e9ab610288d req-7f599b67-8741-4767-b0b3-1e9ab610288d ] Request (HypervisorAdminTestJSON:test_get_hypervisor_show_details): 200 GET http://10.180.1.21/compute/v2.1/os-hypervisors/1 2.560s
2025-11-19 18:48:52.603 65675 INFO tempest.lib.common.rest_client [req-d6c808bc-946d-4508-9f1a-7ba55180059d req-d6c808bc-946d-4508-9f1a-7ba55180059d ] Request (KeyPairsV2TestJSON:test_keypairs_create_list_delete): 200 GET http://10.180.1.21/compute/v2.1/os-keypairs 2.533s
2025-11-19 18:48:52.674 65730 INFO tempest.lib.common.rest_client [req-ce91dcd1-fcc0-4cc5-9605-fef65185c7cc req-ce91dcd1-fcc0-4cc5-9605-fef65185c7cc ] Request (SecurityGroupRulesTestJSON:tearDownClass): 204 DELETE http://10.180.1.21/networking/v2.0/routers/19617f1d-4695-4d42-81f2-845eef9be9fd 1.020s
2025-11-19 18:48:52.714 65669 INFO tempest.lib.common.rest_client [req-9100b559-1538-485e-b59c-9c668bd94fd7 req-9100b559-1538-485e-b59c-9c668bd94fd7 ] Request (ServersTestMultiNic:test_verify_multiple_nics_order): 200 GET http://10.180.1.21/compute/v2.1/servers/eb6c519f-0aff-4fe2-a235-18264a35f7c5 2.630s
2025-11-19 18:48:52.870 65730 INFO tempest.lib.common.rest_client [req-cc1df7f6-e921-4f82-b510-d9a6b8d12dd6 req-cc1df7f6-e921-4f82-b510-d9a6b8d12dd6 ] Request (SecurityGroupRulesTestJSON:tearDownClass): 204 DELETE http://10.180.1.21/networking/v2.0/subnets/526b47b4-4e19-4d00-b304-9bc68061b501 0.196s
2025-11-19 18:48:52.938 65693 INFO tempest.lib.common.rest_client [req-d92d83ab-64f9-4e8e-a287-b5cb5f0139b3 req-d92d83ab-64f9-4e8e-a287-b5cb5f0139b3 ] Request (ServerDiagnosticsTest:test_get_server_diagnostics): 200 GET http://10.180.1.21/compute/v2.1/servers/189168f9-883a-46ac-a347-cc4f38e6b7ac 2.733s
2025-11-19 18:48:52.971 65677 INFO tempest.lib.common.rest_client [req-4cd9db60-9f23-48c3-9723-7505640cf1fc req-4cd9db60-9f23-48c3-9723-7505640cf1fc ] Request (FlavorsAdminTestJSON:test_list_non_public_flavor): 200 GET http://10.180.1.21/compute/v2.1/flavors/detail 2.633s
2025-11-19 18:48:53.120 65697 INFO tempest.lib.common.rest_client [req-02928779-d03f-4eec-9d79-2fc877dcf72d req-02928779-d03f-4eec-9d79-2fc877dcf72d ] Request (ServerRescueTestJSONUnderV235:test_rescued_vm_associate_dissociate_floating_ip): 202 POST http://10.180.1.21/compute/v2.1/servers/29d94691-9732-4ed4-b67f-5218a96ad1ef/action 3.275s
2025-11-19 18:48:53.158 65719 INFO tempest.lib.common.rest_client [req-1607a182-e56b-435b-ae9d-db7e257dd007 req-1607a182-e56b-435b-ae9d-db7e257dd007 ] Request (ServerDiskConfigTestJSON:test_rebuild_server_with_manual_disk_config): 200 GET http://10.180.1.21/compute/v2.1/servers/c6c26e84-d6dc-4e10-ba31-ce81cb19b021 2.629s
2025-11-19 18:48:53.195 65730 INFO tempest.lib.common.rest_client [req-4a715b4e-90f9-4ed3-8e3e-726a7c5bd8e4 req-4a715b4e-90f9-4ed3-8e3e-726a7c5bd8e4 ] Request (SecurityGroupRulesTestJSON:tearDownClass): 204 DELETE http://10.180.1.21/networking/v2.0/networks/28279545-8ca9-4bd5-989d-0a33ef9e2d32 0.325s
2025-11-19 18:48:53.222 65691 INFO tempest.lib.common.rest_client [req-0c1a4195-1081-498e-af29-9bb34cd2c141 req-0c1a4195-1081-498e-af29-9bb34cd2c141 ] Request (ServersTestJSON:test_create_server_with_ipv6_addr_only): 200 GET http://10.180.1.21/compute/v2.1/servers/cae84e86-145a-4cac-9ac5-6335bbba6723 2.304s
2025-11-19 18:48:53.288 65683 INFO tempest.lib.common.rest_client [req-143e929b-b74c-49c9-8b03-36302fd515ce req-143e929b-b74c-49c9-8b03-36302fd515ce ] Request (ServerShowV247Test:test_update_rebuild_list_server): 200 GET http://10.180.1.21/compute/v2.1/servers/624c6132-348a-4de6-a18c-fa1a7a9cc912 2.277s
2025-11-19 18:48:53.310 65707 INFO tempest.lib.common.rest_client [req-f7ced07a-2ed7-4d5a-a9cc-9c34a94776e5 req-f7ced07a-2ed7-4d5a-a9cc-9c34a94776e5 ] Request (ServersAdminTestJSON:test_create_server_with_scheduling_hint): 200 GET http://10.180.1.21/compute/v2.1/servers/f8c24cac-9899-44bd-ae51-87fcd9f96d0a 2.441s
2025-11-19 18:48:53.319 65707 INFO tempest.common.waiters [-] State transition "BUILD/None" ==> "BUILD/spawning" after 22 second wait
2025-11-19 18:48:53.325 65730 INFO tempest.lib.common.rest_client [req-006b9670-3429-4f3c-a671-05737f298f48 req-006b9670-3429-4f3c-a671-05737f298f48 ] Request (SecurityGroupRulesTestJSON:tearDownClass): 204 DELETE http://10.180.1.21/identity/v3/users/d86136a41f5c4567afc7f07fa97afb1c 0.129s
2025-11-19 18:48:53.325 65730 INFO tempest.lib.common.dynamic_creds [-] Deleting project and security group for project: 33161116750d4f9a8956be347995efb3
2025-11-19 18:48:53.360 65730 INFO tempest.lib.common.rest_client [req-5d34fb11-0b14-41e9-b5cd-db94557db9df req-5d34fb11-0b14-41e9-b5cd-db94557db9df ] Request (SecurityGroupRulesTestJSON:tearDownClass): 200 GET http://10.180.1.21/networking/v2.0/security-groups?tenant_id=33161116750d4f9a8956be347995efb3&name=default 0.035s
2025-11-19 18:48:53.384 65690 INFO tempest.lib.common.rest_client [req-4c941d59-6c4e-42b7-8f2e-f3a64412f08b req-4c941d59-6c4e-42b7-8f2e-f3a64412f08b ] Request (FloatingIPsAssociationNegativeTestJSON:tearDownClass): 200 GET http://10.180.1.21/compute/v2.1/servers/ba71e8b4-2dd9-49c2-a1c9-166ce2151bc6 2.267s
2025-11-19 18:48:53.412 65685 INFO tempest.lib.common.rest_client [req-e430546e-8d6c-48a7-b1b5-d7d4f4abfec6 req-e430546e-8d6c-48a7-b1b5-d7d4f4abfec6 ] Request (FloatingIPsAssociationTestJSON:test_associate_already_associated_floating_ip): 200 GET http://10.180.1.21/compute/v2.1/servers/9c62f06d-eaf5-41cd-aef3-6e049dfc29d8 2.280s
2025-11-19 18:48:53.421 65713 INFO tempest.lib.common.rest_client [req-188bb7c6-e5fb-42bc-99c3-19ad84390983 req-188bb7c6-e5fb-42bc-99c3-19ad84390983 ] Request (ServersTestBootFromVolume:setUpClass): 200 GET http://10.180.1.21/volume/v3/volumes/2f4225e3-1e47-4627-a4bd-fa0b32db684d 0.048s
2025-11-19 18:48:53.501 65730 INFO tempest.lib.common.rest_client [req-dab30753-569a-43c2-af29-b31a9971a197 req-dab30753-569a-43c2-af29-b31a9971a197 ] Request (SecurityGroupRulesTestJSON:tearDownClass): 204 DELETE http://10.180.1.21/networking/v2.0/security-groups/74333ea3-b213-4ea2-aad4-a2f85bd9222e 0.140s
2025-11-19 18:48:53.528 65695 INFO tempest.lib.common.rest_client [req-f44c4a6b-7726-4d4a-8389-55a8d1c15e13 req-f44c4a6b-7726-4d4a-8389-55a8d1c15e13 ] Request (ServerGroupTestJSON:test_create_server_with_scheduler_hint_group): 200 GET http://10.180.1.21/compute/v2.1/servers/214b0fa2-28c0-4fe6-976d-d69066bc134e 2.362s
2025-11-19 18:48:53.547 65687 INFO tempest.lib.common.rest_client [req-f39a3ff1-0695-465f-8665-7e304183dcbd req-f39a3ff1-0695-465f-8665-7e304183dcbd ] Request (AttachInterfacesTestJSON:_run_cleanups): 200 GET http://10.180.1.21/compute/v2.1/servers/902670d6-2187-40b7-8163-9468c6b12183 2.325s
2025-11-19 18:48:53.636 65730 INFO tempest.lib.common.rest_client [req-bfe3fbb3-4693-4b7c-bf72-0b13b23ff24a req-bfe3fbb3-4693-4b7c-bf72-0b13b23ff24a ] Request (SecurityGroupRulesTestJSON:tearDownClass): 204 DELETE http://10.180.1.21/identity/v3/projects/33161116750d4f9a8956be347995efb3 0.134s
2025-11-19 18:48:53.712 65730 INFO tempest.lib.common.rest_client [req-699ead70-2bba-4625-a32c-c638f281e444 req-699ead70-2bba-4625-a32c-c638f281e444 ] Request (ServerActionsTestOtherB:setUpClass): 201 POST http://10.180.1.21/identity/v3/auth/tokens 0.074s
2025-11-19 18:48:53.735 65709 INFO tempest.lib.common.rest_client [req-0080779e-d470-4f65-b37b-17ac34b4521d req-0080779e-d470-4f65-b37b-17ac34b4521d ] Request (ServerAddressesTestJSON:setUpClass): 200 GET http://10.180.1.21/compute/v2.1/servers/3b5b5274-755e-4dba-af2e-19324c00315e 2.467s
2025-11-19 18:48:53.741 65730 INFO tempest.lib.common.rest_client [req-ba00476c-d1ba-4595-8cf1-0e15427464f0 req-ba00476c-d1ba-4595-8cf1-0e15427464f0 ] Request (ServerActionsTestOtherB:setUpClass): 201 POST http://10.180.1.21/identity/v3/auth/tokens 0.027s
2025-11-19 18:48:53.744 65709 INFO tempest.common.waiters [-] State transition "BUILD/None" ==> "BUILD/networking" after 19 second wait
2025-11-19 18:48:53.768 65717 INFO tempest.lib.common.rest_client [req-61527378-ac43-4803-b80e-13d52b3eaf50 req-61527378-ac43-4803-b80e-13d52b3eaf50 ] Request (MigrationsAdminTest:test_list_migrations_in_flavor_resize_situation): 200 GET http://10.180.1.21/compute/v2.1/servers/889a5965-48c7-43bb-945a-2ab8053892c8 2.488s
2025-11-19 18:48:53.778 65730 INFO tempest.lib.common.rest_client [req-f9b8fb90-a13b-4c02-9609-98956801d2f9 req-f9b8fb90-a13b-4c02-9609-98956801d2f9 ] Request (ServerActionsTestOtherB:setUpClass): 200 GET http://10.180.1.21/identity/v3/domains?name=Default 0.037s
2025-11-19 18:48:53.804 65730 INFO tempest.lib.common.rest_client [req-20a0cfd4-5b05-4add-8886-d9a2dbecd5a4 req-20a0cfd4-5b05-4add-8886-d9a2dbecd5a4 ] Request (ServerActionsTestOtherB:setUpClass): 201 POST http://10.180.1.21/identity/v3/projects 0.025s
2025-11-19 18:48:53.805 65701 INFO tempest.lib.common.rest_client [req-49bb173a-6ae2-4ad6-9858-6e4481101d0b req-49bb173a-6ae2-4ad6-9858-6e4481101d0b ] Request (ServersWithSpecificFlavorTestJSON:test_verify_created_server_ephemeral_disk): 200 GET http://10.180.1.21/compute/v2.1/servers/4d473ebf-524f-4e47-ba16-3193d569be2a 2.486s
2025-11-19 18:48:53.874 65730 INFO tempest.lib.common.rest_client [req-d4a911a9-8c4a-498d-b7c2-8367152fc2b4 req-d4a911a9-8c4a-498d-b7c2-8367152fc2b4 ] Request (ServerActionsTestOtherB:setUpClass): 201 POST http://10.180.1.21/identity/v3/users 0.069s
2025-11-19 18:48:53.907 65730 INFO tempest.lib.common.rest_client [req-b2ff0f28-128d-4e58-9a2f-baffa305236a req-b2ff0f28-128d-4e58-9a2f-baffa305236a ] Request (ServerActionsTestOtherB:setUpClass): 200 GET http://10.180.1.21/identity/v3/roles 0.032s
2025-11-19 18:48:53.939 65730 INFO tempest.lib.common.rest_client [req-174cb0eb-8367-44f8-ad09-02e67af6070c req-174cb0eb-8367-44f8-ad09-02e67af6070c ] Request (ServerActionsTestOtherB:setUpClass): 204 PUT http://10.180.1.21/identity/v3/projects/d3583587531c4a55a93cfd4d1ccfac03/users/2f7cda0db2cb4ed0828d5d0641b76c7b/roles/749426f8947e44e0aa0fe8d77cd864b2 0.031s
2025-11-19 18:48:53.939 65730 INFO tempest.lib.common.dynamic_creds [-] Dynamic test user 2f7cda0db2cb4ed0828d5d0641b76c7b is created with scope project and roles: ['member']
2025-11-19 18:48:53.939 65730 INFO tempest.lib.common.dynamic_creds [-] Acquired dynamic creds: credentials: Credentials: {'domain_id': 'default', 'domain_name': 'Default', 'username': 'tempest-ServerActionsTestOtherB-242195843-project-member', 'project_domain_id': 'default', 'project_domain_name': 'Default', 'project_id': 'd3583587531c4a55a93cfd4d1ccfac03', 'project_name': 'tempest-ServerActionsTestOtherB-242195843', 'tenant_id': 'd3583587531c4a55a93cfd4d1ccfac03', 'tenant_name': 'tempest-ServerActionsTestOtherB-242195843', 'user_domain_id': 'default', 'user_domain_name': 'Default', 'user_id': '2f7cda0db2cb4ed0828d5d0641b76c7b', 'system': None}, Network: None, Subnet: None, Router: None
2025-11-19 18:48:54.012 65730 INFO tempest.lib.common.rest_client [req-2e8b415e-902b-4079-9f2d-cdbc77124897 req-2e8b415e-902b-4079-9f2d-cdbc77124897 ] Request (ServerActionsTestOtherB:setUpClass): 201 POST http://10.180.1.21/identity/v3/auth/tokens 0.072s
2025-11-19 18:48:54.027 65723 INFO tempest.lib.common.rest_client [req-db7d1a92-8195-4d3d-a922-4efd3f59290c req-db7d1a92-8195-4d3d-a922-4efd3f59290c ] Request (ServersAdminNegativeTestJSON:test_migrate_server_invalid_state): 200 GET http://10.180.1.21/compute/v2.1/servers/68e14e88-5764-4978-98a9-d25415b02c9d 2.634s
2025-11-19 18:48:54.097 65711 INFO tempest.lib.common.rest_client [req-c027c59f-d007-4bb7-927d-ea93f64357d9 req-c027c59f-d007-4bb7-927d-ea93f64357d9 ] Request (ServerTagsTestJSON:_run_cleanups): 204 DELETE http://10.180.1.21/compute/v2.1/servers/2a28c451-3aa1-439e-9d87-05a6b1cf9d5c/tags 2.373s
2025-11-19 18:48:54.126 65715 INFO tempest.lib.common.rest_client [req-6524f65e-5678-45a9-b307-a606423daa05 req-6524f65e-5678-45a9-b307-a606423daa05 ] Request (ServerRescueTestJSON:test_rescue_unrescue_instance): 200 GET http://10.180.1.21/compute/v2.1/servers/ffb45d00-62f0-4735-8b19-d83d25c9ba49 2.573s
2025-11-19 18:48:54.194 65667 INFO tempest.lib.common.rest_client [req-0cf319d3-5824-492b-bd32-f6de50fe3d2e req-0cf319d3-5824-492b-bd32-f6de50fe3d2e ] Request (ImagesTestJSON:_run_cleanups): 204 DELETE http://10.180.1.21/compute/v2.1/servers/21183848-d024-4417-8847-196d6f8d22d4 2.339s
2025-11-19 18:48:54.197 65671 INFO tempest.lib.common.rest_client [req-c0122d8c-d89c-4c2c-9e9a-80dfaf41dc53 req-c0122d8c-d89c-4c2c-9e9a-80dfaf41dc53 ] Request (HypervisorAdminTestJSON:test_get_hypervisor_stats): 200 GET http://10.180.1.21/compute/v2.1/os-hypervisors/statistics 1.603s
2025-11-19 18:48:54.216 65675 INFO tempest.lib.common.rest_client [req-e2b5985a-30d2-4158-a399-549e72946b9d req-e2b5985a-30d2-4158-a399-549e72946b9d ] Request (KeyPairsV2TestJSON:_run_cleanups): 202 DELETE http://10.180.1.21/compute/v2.1/os-keypairs/tempest-KeyPairsV2TestJSON-keypair-472271376 1.611s
2025-11-19 18:48:54.234 65677 INFO tempest.lib.common.rest_client [req-995dc87b-a19f-4790-806e-a0d375df9e1a req-995dc87b-a19f-4790-806e-a0d375df9e1a ] Request (FlavorsAdminTestJSON:_run_cleanups): 202 DELETE http://10.180.1.21/compute/v2.1/flavors/1677148016 1.256s
2025-11-19 18:48:54.274 65667 INFO tempest.lib.common.rest_client [req-0032cab4-4bea-45f5-8678-fad9c608f6b2 req-0032cab4-4bea-45f5-8678-fad9c608f6b2 ] Request (ImagesTestJSON:test_create_server_from_snapshot): 201 POST http://10.180.1.21/identity/v3/auth/tokens 0.070s
2025-11-19 18:48:54.274 65667 INFO tempest.lib.common.fixed_network [-] (ImagesTestJSON:test_create_server_from_snapshot) Found network {'id': 'd93986ee-8080-4018-b147-e9cfcb2160ed', 'name': 'tempest-ImagesTestJSON-1800372108-network', 'tenant_id': '70e977c136ed4bab98ab05017c093baf', 'project_id': '70e977c136ed4bab98ab05017c093baf', 'admin_state_up': True, 'mtu': 8950, 'status': 'ACTIVE', 'subnets': [], 'shared': False, 'port_security_enabled': True, 'router:external': False, 'provider:network_type': 'vlan', 'provider:physical_network': 'default', 'provider:segmentation_id': 33, 'availability_zone_hints': [], 'availability_zones': [], 'ipv4_address_scope': None, 'ipv6_address_scope': None, 'description': '', 'tags': [], 'created_at': '2025-11-19T18:46:18Z', 'updated_at': '2025-11-19T18:46:18Z', 'revision_number': 1} available for tenant
2025-11-19 18:48:54.289 65671 INFO tempest.lib.common.rest_client [req-9d081bb3-854e-4cff-a65e-05ea24e87bcb req-9d081bb3-854e-4cff-a65e-05ea24e87bcb ] Request (HypervisorAdminTestJSON:tearDownClass): 204 DELETE http://10.180.1.21/identity/v3/users/339b27713c404bfb891f7d64a278216a 0.088s
2025-11-19 18:48:54.452 65671 INFO tempest.lib.common.rest_client [req-baa58cac-cfda-40bf-b8de-135a3b28367b req-baa58cac-cfda-40bf-b8de-135a3b28367b ] Request (HypervisorAdminTestJSON:tearDownClass): 204 DELETE http://10.180.1.21/identity/v3/users/d90b4182f5694b6fafd96ec403562ed0 0.163s
2025-11-19 18:48:54.453 65671 INFO tempest.lib.common.dynamic_creds [-] Deleting project and security group for project: 1c4cb42839bf491db852356d065978ce
2025-11-19 18:48:54.461 65713 INFO tempest.lib.common.rest_client [req-d31b4b20-8eb7-4486-ba4e-476970cec719 req-d31b4b20-8eb7-4486-ba4e-476970cec719 ] Request (ServersTestBootFromVolume:setUpClass): 200 GET http://10.180.1.21/volume/v3/volumes/2f4225e3-1e47-4627-a4bd-fa0b32db684d 0.032s
2025-11-19 18:48:54.474 65730 INFO tempest.lib.common.rest_client [req-d58ec88b-9eb1-41b2-b548-c6ac5aa77d91 req-d58ec88b-9eb1-41b2-b548-c6ac5aa77d91 ] Request (ServerActionsTestOtherB:setUpClass): 201 POST http://10.180.1.21/networking/v2.0/networks 0.462s
2025-11-19 18:48:54.532 65671 INFO tempest.lib.common.rest_client [req-85fa2675-f171-4f5d-a5ee-3435fe80a2c7 req-85fa2675-f171-4f5d-a5ee-3435fe80a2c7 ] Request (HypervisorAdminTestJSON:tearDownClass): 201 POST http://10.180.1.21/identity/v3/auth/tokens 0.079s
2025-11-19 18:48:54.624 65699 INFO tempest.lib.common.rest_client [req-1babce6c-6d2b-4b56-94c8-331a2799cd64 req-1babce6c-6d2b-4b56-94c8-331a2799cd64 ] Request (ImagesOneServerNegativeTestJSON:_run_cleanups): 200 GET http://10.180.1.21/compute/v2.1/servers/1b6555a0-ba5b-43ba-bab6-0e92c98b48b4 1.906s
2025-11-19 18:48:54.770 65730 INFO tempest.lib.common.rest_client [req-6bc4626e-f978-4665-a15f-310c9cbb6466 req-6bc4626e-f978-4665-a15f-310c9cbb6466 ] Request (ServerActionsTestOtherB:setUpClass): 201 POST http://10.180.1.21/networking/v2.0/subnets 0.295s
2025-11-19 18:48:54.794 65719 INFO tempest.lib.common.rest_client [req-70c7fa01-92fb-494f-b903-69fddb61baa8 req-70c7fa01-92fb-494f-b903-69fddb61baa8 ] Request (ServerDiskConfigTestJSON:test_rebuild_server_with_manual_disk_config): 202 POST http://10.180.1.21/compute/v2.1/servers/c6c26e84-d6dc-4e10-ba31-ce81cb19b021/action 1.626s
2025-11-19 18:48:54.941 65671 INFO tempest.lib.common.rest_client [req-0bd180a8-b4df-4a5f-aa25-2087d0ea3c55 req-0bd180a8-b4df-4a5f-aa25-2087d0ea3c55 ] Request (HypervisorAdminTestJSON:tearDownClass): 200 GET http://10.180.1.21/networking/v2.0/security-groups?tenant_id=1c4cb42839bf491db852356d065978ce&name=default 0.409s
2025-11-19 18:48:55.307 65673 INFO tempest.lib.common.rest_client [req-a762d522-136f-43a2-8151-b4bee70b68ba req-a762d522-136f-43a2-8151-b4bee70b68ba ] Request (ServersListShow298Test:test_list_show_update_rebuild_server_298): 200 GET http://10.180.1.21/compute/v2.1/servers/5fc5d847-90ff-4b4e-88d0-9d70324da71f 1.741s
2025-11-19 18:48:55.424 65671 INFO tempest.lib.common.rest_client [req-935542fe-7ede-4bc8-b4e6-c86d7a7b7077 req-935542fe-7ede-4bc8-b4e6-c86d7a7b7077 ] Request (HypervisorAdminTestJSON:tearDownClass): 204 DELETE http://10.180.1.21/networking/v2.0/security-groups/d883513f-7f10-40fd-8c3e-8c3790d8934a 0.482s
2025-11-19 18:48:55.503 65713 INFO tempest.lib.common.rest_client [req-c1ce9717-9c0c-435c-a729-951c97f59e8b req-c1ce9717-9c0c-435c-a729-951c97f59e8b ] Request (ServersTestBootFromVolume:setUpClass): 200 GET http://10.180.1.21/volume/v3/volumes/2f4225e3-1e47-4627-a4bd-fa0b32db684d 0.033s
2025-11-19 18:48:55.506 65671 INFO tempest.lib.common.rest_client [req-5fd43f99-935f-4c36-8cd4-2217890af07a req-5fd43f99-935f-4c36-8cd4-2217890af07a ] Request (HypervisorAdminTestJSON:tearDownClass): 204 DELETE http://10.180.1.21/identity/v3/projects/1c4cb42839bf491db852356d065978ce 0.081s
2025-11-19 18:48:55.506 65671 INFO tempest.lib.common.dynamic_creds [-] Deleting project and security group for project: 8da4bef78f044cf58ab95ec00ad1d35f
2025-11-19 18:48:55.582 65669 INFO tempest.lib.common.rest_client [req-2698c2e5-fc3b-4c2f-a076-f1931c41d065 req-2698c2e5-fc3b-4c2f-a076-f1931c41d065 ] Request (ServersTestMultiNic:test_verify_multiple_nics_order): 200 GET http://10.180.1.21/compute/v2.1/servers/eb6c519f-0aff-4fe2-a235-18264a35f7c5 1.860s
2025-11-19 18:48:55.721 65671 INFO tempest.lib.common.rest_client [req-86767d0b-4043-4cb1-81e4-257c31c6d853 req-86767d0b-4043-4cb1-81e4-257c31c6d853 ] Request (HypervisorAdminTestJSON:tearDownClass): 200 GET http://10.180.1.21/networking/v2.0/security-groups?tenant_id=8da4bef78f044cf58ab95ec00ad1d35f&name=default 0.215s
2025-11-19 18:48:55.798 65730 INFO tempest.lib.common.rest_client [req-318d0798-df5f-4f2c-bdab-3d5acf9a1128 req-318d0798-df5f-4f2c-bdab-3d5acf9a1128 ] Request (ServerActionsTestOtherB:setUpClass): 201 POST http://10.180.1.21/networking/v2.0/routers 1.028s
2025-11-19 18:48:55.890 65671 INFO tempest.lib.common.rest_client [req-3ef6ce50-aefa-4845-8481-b6010e6880ee req-3ef6ce50-aefa-4845-8481-b6010e6880ee ] Request (HypervisorAdminTestJSON:tearDownClass): 204 DELETE http://10.180.1.21/networking/v2.0/security-groups/360b62af-e77b-406e-9e49-67c08a5baf0a 0.168s
2025-11-19 18:48:55.937 65693 INFO tempest.lib.common.rest_client [req-107121d6-dc3a-4cda-93a9-e7692476488e req-107121d6-dc3a-4cda-93a9-e7692476488e ] Request (ServerDiagnosticsTest:test_get_server_diagnostics): 200 GET http://10.180.1.21/compute/v2.1/servers/189168f9-883a-46ac-a347-cc4f38e6b7ac 1.982s
2025-11-19 18:48:56.063 65671 INFO tempest.lib.common.rest_client [req-d8534195-225a-4567-9e86-84ec44476e49 req-d8534195-225a-4567-9e86-84ec44476e49 ] Request (HypervisorAdminTestJSON:tearDownClass): 204 DELETE http://10.180.1.21/identity/v3/projects/8da4bef78f044cf58ab95ec00ad1d35f 0.173s
2025-11-19 18:48:56.064 65671 INFO tempest.test [-] raised in ServersOnMultiNodesTest.setUpClass. Invoking tearDownClass.
2025-11-19 18:48:56.070 65711 INFO tempest.lib.common.rest_client [req-c66f528c-479d-4634-8420-c348ebb24590 req-c66f528c-479d-4634-8420-c348ebb24590 ] Request (ServerTagsTestJSON:tearDownClass): 204 DELETE http://10.180.1.21/compute/v2.1/servers/2a28c451-3aa1-439e-9d87-05a6b1cf9d5c 1.968s
2025-11-19 18:48:56.091 65675 INFO tempest.lib.common.rest_client [req-448c5c12-c1c5-49c9-9356-5793c72d42ba req-448c5c12-c1c5-49c9-9356-5793c72d42ba ] Request (KeyPairsV2TestJSON:_run_cleanups): 202 DELETE http://10.180.1.21/compute/v2.1/os-keypairs/tempest-KeyPairsV2TestJSON-keypair-243832241 1.874s
2025-11-19 18:48:56.151 65671 INFO tempest.lib.common.rest_client [req-3fec1eaa-89bd-479f-ab58-d4acd95b75db req-3fec1eaa-89bd-479f-ab58-d4acd95b75db ] Request (ComputeTenantNetworksTest:setUpClass): 201 POST http://10.180.1.21/identity/v3/auth/tokens 0.081s
2025-11-19 18:48:56.201 65671 INFO tempest.lib.common.rest_client [req-fbe04e8f-8256-4d3d-bf0e-a2b7f78009ed req-fbe04e8f-8256-4d3d-bf0e-a2b7f78009ed ] Request (ComputeTenantNetworksTest:setUpClass): 201 POST http://10.180.1.21/identity/v3/auth/tokens 0.048s
2025-11-19 18:48:56.235 65671 INFO tempest.lib.common.rest_client [req-eeeeaff5-a357-41e7-8327-dbb5722b4d38 req-eeeeaff5-a357-41e7-8327-dbb5722b4d38 ] Request (ComputeTenantNetworksTest:setUpClass): 200 GET http://10.180.1.21/identity/v3/domains?name=Default 0.033s
2025-11-19 18:48:56.271 65671 INFO tempest.lib.common.rest_client [req-374e074c-b627-4b3d-ad02-e1a8bcc4865c req-374e074c-b627-4b3d-ad02-e1a8bcc4865c ] Request (ComputeTenantNetworksTest:setUpClass): 201 POST http://10.180.1.21/identity/v3/projects 0.035s
