2025-11-19 18:47:38.991 65697 INFO tempest.lib.common.rest_client [req-ad30eba2-e296-4d33-88ce-c96e6612b3fb req-ad30eba2-e296-4d33-88ce-c96e6612b3fb ] Request (FloatingIPDetailsNegativeTestJSON:setUpClass): 201 POST http://10.180.1.21/identity/v3/auth/tokens 0.077s
2025-11-19 18:47:39.033 65697 INFO tempest.lib.common.rest_client [req-5333e6fa-4d59-4bce-865f-e0b623207eb7 req-5333e6fa-4d59-4bce-865f-e0b623207eb7 ] Request (FloatingIPDetailsNegativeTestJSON:setUpClass): 201 POST http://10.180.1.21/identity/v3/auth/tokens 0.037s
2025-11-19 18:47:39.064 65697 INFO tempest.lib.common.rest_client [req-e86e0c4e-d1b1-4d2c-bb3f-b43a9f3a2202 req-e86e0c4e-d1b1-4d2c-bb3f-b43a9f3a2202 ] Request (FloatingIPDetailsNegativeTestJSON:setUpClass): 200 GET http://10.180.1.21/identity/v3/domains?name=Default 0.031s
2025-11-19 18:47:39.092 65705 INFO tempest.lib.common.rest_client [req-8e8769de-9379-4173-81ad-8380b80c8561 req-8e8769de-9379-4173-81ad-8380b80c8561 ] Request (TenantUsagesTestJSON:tearDownClass): 200 GET http://10.180.1.21/compute/v2.1/servers/236f312d-bf55-499d-8116-cc350567df0b 4.173s
2025-11-19 18:47:39.094 65685 INFO tempest.lib.common.rest_client [req-5481fc4c-c4b9-4995-b42a-97e06f5a8635 req-5481fc4c-c4b9-4995-b42a-97e06f5a8635 ] Request (QuotasAdminNegativeTest:test_create_server_when_memory_quota_is_full): 200 PUT http://10.180.1.21/compute/v2.1/os-quota-sets/782853222c90494d8b0f65f2b92254d4 4.261s
2025-11-19 18:47:39.107 65697 INFO tempest.lib.common.rest_client [req-7fc38678-2148-4bd6-ae7d-ddc636afd913 req-7fc38678-2148-4bd6-ae7d-ddc636afd913 ] Request (FloatingIPDetailsNegativeTestJSON:setUpClass): 201 POST http://10.180.1.21/identity/v3/projects 0.042s
2025-11-19 18:47:39.169 65697 INFO tempest.lib.common.rest_client [req-79e488c9-b614-4967-b37c-e967543f8a74 req-79e488c9-b614-4967-b37c-e967543f8a74 ] Request (FloatingIPDetailsNegativeTestJSON:setUpClass): 201 POST http://10.180.1.21/identity/v3/users 0.061s
2025-11-19 18:47:39.188 65685 INFO tempest.lib.common.rest_client [req-e3b2c342-899f-40e6-8cf7-3ad11ac8b2a4 req-e3b2c342-899f-40e6-8cf7-3ad11ac8b2a4 ] Request (QuotasAdminNegativeTest:test_create_server_when_memory_quota_is_full): 201 POST http://10.180.1.21/identity/v3/auth/tokens 0.086s
2025-11-19 18:47:39.188 65685 INFO tempest.lib.common.fixed_network [-] (QuotasAdminNegativeTest:test_create_server_when_memory_quota_is_full) Found network None available for tenant
2025-11-19 18:47:39.201 65697 INFO tempest.lib.common.rest_client [req-d2e0b0ef-9653-4d17-b420-ab6d74b58c79 req-d2e0b0ef-9653-4d17-b420-ab6d74b58c79 ] Request (FloatingIPDetailsNegativeTestJSON:setUpClass): 200 GET http://10.180.1.21/identity/v3/roles 0.031s
2025-11-19 18:47:39.241 65697 INFO tempest.lib.common.rest_client [req-daaf9bd1-f2f1-4749-9962-7cb012e857a2 req-daaf9bd1-f2f1-4749-9962-7cb012e857a2 ] Request (FloatingIPDetailsNegativeTestJSON:setUpClass): 204 PUT http://10.180.1.21/identity/v3/projects/5a26de85a22441f19d65a3ea643e615e/users/3a15421e4f1c4dd088604288471e7f5d/roles/749426f8947e44e0aa0fe8d77cd864b2 0.039s
2025-11-19 18:47:39.241 65697 INFO tempest.lib.common.dynamic_creds [-] Dynamic test user 3a15421e4f1c4dd088604288471e7f5d is created with scope project and roles: ['member']
2025-11-19 18:47:39.241 65697 INFO tempest.lib.common.dynamic_creds [-] Acquired dynamic creds: credentials: Credentials: {'domain_id': 'default', 'domain_name': 'Default', 'username': 'tempest-FloatingIPDetailsNegativeTestJSON-1568063449-project-member', 'project_domain_id': 'default', 'project_domain_name': 'Default', 'project_id': '5a26de85a22441f19d65a3ea643e615e', 'project_name': 'tempest-FloatingIPDetailsNegativeTestJSON-1568063449', 'tenant_id': '5a26de85a22441f19d65a3ea643e615e', 'tenant_name': 'tempest-FloatingIPDetailsNegativeTestJSON-1568063449', 'user_domain_id': 'default', 'user_domain_name': 'Default', 'user_id': '3a15421e4f1c4dd088604288471e7f5d', 'system': None}, Network: None, Subnet: None, Router: None
2025-11-19 18:47:39.270 65673 INFO tempest.lib.common.rest_client [req-de29baf5-685f-4947-a05a-477dfed983e2 req-de29baf5-685f-4947-a05a-477dfed983e2 ] Request (ServersListShow296Test:test_list_show_update_rebuild_server_296): 200 GET http://10.180.1.21/compute/v2.1/servers/fca440b5-be5f-4733-9f1b-df608eb94a1f 4.001s
2025-11-19 18:47:39.286 65673 INFO tempest.common.waiters [-] State transition "BUILD/spawning" ==> "ACTIVE/None" after 10 second wait
2025-11-19 18:47:39.365 65697 INFO tempest.lib.common.rest_client [req-6a51c99d-69dc-4502-b21b-5f930f669bf4 req-6a51c99d-69dc-4502-b21b-5f930f669bf4 ] Request (FloatingIPDetailsNegativeTestJSON:setUpClass): 201 POST http://10.180.1.21/identity/v3/auth/tokens 0.123s
2025-11-19 18:47:39.380 65679 INFO tempest.lib.common.rest_client [req-192adfce-3746-4533-be5e-a3380ff89ffb req-192adfce-3746-4533-be5e-a3380ff89ffb ] Request (ServersV294TestFqdnHostnames:setUpClass): 200 GET http://10.180.1.21/compute/v2.1/servers/2d9a8a87-1808-4cba-b8c0-676dbf9b7845 2.957s
2025-11-19 18:47:39.391 65679 INFO tempest.api.compute.base [-] Attempting to verify tagged devices in server 2d9a8a87-1808-4cba-b8c0-676dbf9b7845 via the metadata service: http://169.254.169.254/openstack/latest/meta_data.json
2025-11-19 18:47:39.391 65679 INFO tempest.lib.common.ssh [-] Creating ssh connection to '10.180.180.235:22' as 'cirros' with public key authentication
2025-11-19 18:47:39.512 65709 WARNING tempest.lib.common.ssh [-] Failed to establish authenticated ssh connection to cirros@10.180.180.148 ([Errno None] Unable to connect to port 22 on 10.180.180.148). Number attempts: 7. Retry after 8 seconds.: paramiko.ssh_exception.NoValidConnectionsError: [Errno None] Unable to connect to port 22 on 10.180.180.148
2025-11-19 18:47:39.700 65707 INFO tempest.lib.common.rest_client [req-3cc5c1af-846f-403a-8a43-4027b36268b5 req-3cc5c1af-846f-403a-8a43-4027b36268b5 ] Request (ServersAdminTestJSON:setUpClass): 200 PUT http://10.180.1.21/networking/v2.0/routers/68926d3b-b229-43df-848d-01302f3cbefb/add_router_interface 1.524s
2025-11-19 18:47:39.700 65707 INFO tempest.lib.common.dynamic_creds [-] Created isolated network resources for: credentials: Credentials: {'domain_id': 'default', 'domain_name': 'Default', 'username': 'tempest-ServersAdminTestJSON-1396726910-project-member', 'project_domain_id': 'default', 'project_domain_name': 'Default', 'project_id': 'f04f60877c314a4f9305bd8f855aa311', 'project_name': 'tempest-ServersAdminTestJSON-1396726910', 'tenant_id': 'f04f60877c314a4f9305bd8f855aa311', 'tenant_name': 'tempest-ServersAdminTestJSON-1396726910', 'user_domain_id': 'default', 'user_domain_name': 'Default', 'user_id': '90991e47946f47eb847b935b83cc8b31', 'system': None}, Network: {'id': 'ec70b5d2-88ae-4518-97d0-8f26aaed72c4', 'name': 'tempest-ServersAdminTestJSON-1769813664-network', 'tenant_id': 'f04f60877c314a4f9305bd8f855aa311', 'project_id': 'f04f60877c314a4f9305bd8f855aa311', 'admin_state_up': True, 'mtu': 8950, 'status': 'ACTIVE', 'subnets': [], 'shared': False, 'port_security_enabled': True, 'router:external': False, 'provider:network_type': 'vlan', 'provider:physical_network': 'default', 'provider:segmentation_id': 163, 'availability_zone_hints': [], 'availability_zones': [], 'ipv4_address_scope': None, 'ipv6_address_scope': None, 'description': '', 'tags': [], 'created_at': '2025-11-19T18:47:36Z', 'updated_at': '2025-11-19T18:47:36Z', 'revision_number': 1}, Subnet: {'id': '03380fae-deaa-4c89-b10c-1cd76c23be97', 'name': 'tempest-ServersAdminTestJSON-1769813664-subnet', 'tenant_id': 'f04f60877c314a4f9305bd8f855aa311', 'network_id': 'ec70b5d2-88ae-4518-97d0-8f26aaed72c4', 'ip_version': 4, 'subnetpool_id': None, 'enable_dhcp': True, 'ipv6_ra_mode': None, 'ipv6_address_mode': None, 'gateway_ip': '192.168.128.1', 'cidr': '192.168.128.0/28', 'allocation_pools': [{'start': '192.168.128.2', 'end': '192.168.128.14'}], 'host_routes': [], 'dns_nameservers': [], 'description': '', 'router:external': False, 'service_types': [], 'tags': [], 'created_at': '2025-11-19T18:47:37Z', 'updated_at': '2025-11-19T18:47:37Z', 'revision_number': 0, 'project_id': 'f04f60877c314a4f9305bd8f855aa311'}, Router: {'id': '68926d3b-b229-43df-848d-01302f3cbefb', 'name': 'tempest-ServersAdminTestJSON-1769813664-router', 'tenant_id': 'f04f60877c314a4f9305bd8f855aa311', 'admin_state_up': True, 'status': 'ACTIVE', 'external_gateway_info': {'network_id': 'dcc9690b-5351-417b-bd1f-b51cdd11c0a2', 'external_fixed_ips': [{'subnet_id': '6afffef6-b5e6-495b-bfd3-785f7d63f226', 'ip_address': '10.180.180.193'}], 'enable_snat': True}, 'description': '', 'availability_zones': [], 'distributed': False, 'ha': False, 'availability_zone_hints': [], 'routes': [], 'flavor_id': None, 'tags': [], 'created_at': '2025-11-19T18:47:37Z', 'updated_at': '2025-11-19T18:47:37Z', 'revision_number': 2, 'project_id': 'f04f60877c314a4f9305bd8f855aa311'}
2025-11-19 18:47:39.747 65715 INFO tempest.lib.common.rest_client [req-1e8f4aed-ec1b-4efc-8b70-068bb00df01c req-1e8f4aed-ec1b-4efc-8b70-068bb00df01c ] Request (ServerRescueTestJSON:setUpClass): 200 GET http://10.180.1.21/compute/v2.1/servers/9a8a66e3-e763-45f3-a694-6175dca3a37b 3.178s
2025-11-19 18:47:39.820 65707 INFO tempest.lib.common.rest_client [req-231a97ac-6a3c-4efc-8bab-f27d0ceddf03 req-231a97ac-6a3c-4efc-8bab-f27d0ceddf03 ] Request (ServersAdminTestJSON:setUpClass): 201 POST http://10.180.1.21/identity/v3/auth/tokens 0.115s
2025-11-19 18:47:39.870 65707 INFO tempest.lib.common.rest_client [req-9eb03808-4464-4bb0-b2dc-7100c55ff310 req-9eb03808-4464-4bb0-b2dc-7100c55ff310 ] Request (ServersAdminTestJSON:setUpClass): 201 POST http://10.180.1.21/identity/v3/projects 0.048s
2025-11-19 18:47:39.946 65707 INFO tempest.lib.common.rest_client [req-b58c056a-b520-498e-9c97-7512af5997de req-b58c056a-b520-498e-9c97-7512af5997de ] Request (ServersAdminTestJSON:setUpClass): 201 POST http://10.180.1.21/identity/v3/users 0.074s
2025-11-19 18:47:39.974 65707 INFO tempest.lib.common.rest_client [req-7722e0e0-2a50-493b-bd84-70c9c3bbe3b7 req-7722e0e0-2a50-493b-bd84-70c9c3bbe3b7 ] Request (ServersAdminTestJSON:setUpClass): 200 GET http://10.180.1.21/identity/v3/roles 0.027s
2025-11-19 18:47:40.016 65707 INFO tempest.lib.common.rest_client [req-19217852-7bf0-4b6c-b61e-27c59aa1d09e req-19217852-7bf0-4b6c-b61e-27c59aa1d09e ] Request (ServersAdminTestJSON:setUpClass): 204 PUT http://10.180.1.21/identity/v3/projects/4db1f61fab714d9898ddd4e102f0e62c/users/6a851789841b42998c99817bb0f199e0/roles/8240286be26c4c2f96d2532b856ddd40 0.041s
2025-11-19 18:47:40.086 65707 INFO tempest.lib.common.rest_client [req-9ac19980-93e2-4084-bd70-1b26c11fc40d req-9ac19980-93e2-4084-bd70-1b26c11fc40d ] Request (ServersAdminTestJSON:setUpClass): 200 GET http://10.180.1.21/identity/v3/roles 0.070s
2025-11-19 18:47:40.091 65697 INFO tempest.lib.common.rest_client [req-059f4e26-18d9-4d28-872a-da0415329150 req-059f4e26-18d9-4d28-872a-da0415329150 ] Request (FloatingIPDetailsNegativeTestJSON:setUpClass): 201 POST http://10.180.1.21/networking/v2.0/networks 0.726s
2025-11-19 18:47:40.118 65707 INFO tempest.lib.common.rest_client [req-dfe5a952-0e40-4a32-bea0-eb639031da93 req-dfe5a952-0e40-4a32-bea0-eb639031da93 ] Request (ServersAdminTestJSON:setUpClass): 204 PUT http://10.180.1.21/identity/v3/projects/4db1f61fab714d9898ddd4e102f0e62c/users/6a851789841b42998c99817bb0f199e0/roles/8240286be26c4c2f96d2532b856ddd40 0.031s
2025-11-19 18:47:40.118 65707 INFO tempest.lib.common.dynamic_creds [-] Dynamic test user 6a851789841b42998c99817bb0f199e0 is created with scope project and roles: ['admin']
2025-11-19 18:47:40.118 65707 INFO tempest.lib.common.dynamic_creds [-] Acquired dynamic creds: credentials: Credentials: {'domain_id': 'default', 'domain_name': 'Default', 'username': 'tempest-ServersAdminTestJSON-292305148-project-admin', 'project_domain_id': 'default', 'project_domain_name': 'Default', 'project_id': '4db1f61fab714d9898ddd4e102f0e62c', 'project_name': 'tempest-ServersAdminTestJSON-292305148', 'tenant_id': '4db1f61fab714d9898ddd4e102f0e62c', 'tenant_name': 'tempest-ServersAdminTestJSON-292305148', 'user_domain_id': 'default', 'user_domain_name': 'Default', 'user_id': '6a851789841b42998c99817bb0f199e0', 'system': None}, Network: None, Subnet: None, Router: None
2025-11-19 18:47:40.203 65730 INFO tempest.lib.common.rest_client [req-432447dc-0c5e-4dd2-86ce-4d870d7b01e2 req-432447dc-0c5e-4dd2-86ce-4d870d7b01e2 ] Request (SecurityGroupRulesTestJSON:test_security_group_rules_create_with_optional_group_id): 200 POST http://10.180.1.21/compute/v2.1/os-security-groups 3.105s
2025-11-19 18:47:40.212 65695 INFO tempest.lib.common.rest_client [req-48c3074e-5a2f-4dd5-b769-c57a6867650a req-48c3074e-5a2f-4dd5-b769-c57a6867650a ] Request (HypervisorAdminNegativeTestJSON:test_show_hypervisor_with_non_admin_user): 403 GET http://10.180.1.21/compute/v2.1/os-hypervisors/1 3.073s
2025-11-19 18:47:40.238 65677 INFO tempest.lib.common.rest_client [req-f6891405-7c1e-488c-b051-87dca55d46eb req-f6891405-7c1e-488c-b051-87dca55d46eb ] Request (FlavorsAdminTestJSON:_run_cleanups): 200 GET http://10.180.1.21/compute/v2.1/flavors/detail 3.077s
2025-11-19 18:47:40.245 65687 WARNING tempest.lib.common.ssh [-] Failed to establish authenticated ssh connection to cirros@10.180.180.189 ([Errno None] Unable to connect to port 22 on 10.180.180.189). Number attempts: 5. Retry after 6 seconds.: paramiko.ssh_exception.NoValidConnectionsError: [Errno None] Unable to connect to port 22 on 10.180.180.189
2025-11-19 18:47:40.274 65717 INFO tempest.lib.common.rest_client [req-38c988b7-0100-456d-a7f6-1cb44fc22ed7 req-38c988b7-0100-456d-a7f6-1cb44fc22ed7 ] Request (HostsAdminTestJSON:test_show_host_detail): 200 GET http://10.180.1.21/compute/v2.1/os-hosts 3.084s
2025-11-19 18:47:40.391 65667 INFO tempest.lib.common.rest_client [req-6b6ef032-c5ea-40df-bb76-7db11b563146 req-6b6ef032-c5ea-40df-bb76-7db11b563146 ] Request (ImagesTestJSON:_run_cleanups): 204 DELETE http://10.180.1.21/compute/v2.1/servers/a65ab2a4-9d05-4954-90f8-ce18aaa55a37 2.998s
2025-11-19 18:47:40.419 65697 INFO tempest.lib.common.rest_client [req-951786f5-d722-4c53-bbb6-96dda5cb52a2 req-951786f5-d722-4c53-bbb6-96dda5cb52a2 ] Request (FloatingIPDetailsNegativeTestJSON:setUpClass): 201 POST http://10.180.1.21/networking/v2.0/subnets 0.327s
2025-11-19 18:47:40.467 65667 INFO tempest.lib.common.rest_client [req-c9cf74d9-ee57-4634-8449-c89feccdbea9 req-c9cf74d9-ee57-4634-8449-c89feccdbea9 ] Request (ImagesTestJSON:test_create_image_from_suspended_server): 201 POST http://10.180.1.21/identity/v3/auth/tokens 0.071s
2025-11-19 18:47:40.468 65667 INFO tempest.lib.common.fixed_network [-] (ImagesTestJSON:test_create_image_from_suspended_server) Found network {'id': 'd93986ee-8080-4018-b147-e9cfcb2160ed', 'name': 'tempest-ImagesTestJSON-1800372108-network', 'tenant_id': '70e977c136ed4bab98ab05017c093baf', 'project_id': '70e977c136ed4bab98ab05017c093baf', 'admin_state_up': True, 'mtu': 8950, 'status': 'ACTIVE', 'subnets': [], 'shared': False, 'port_security_enabled': True, 'router:external': False, 'provider:network_type': 'vlan', 'provider:physical_network': 'default', 'provider:segmentation_id': 33, 'availability_zone_hints': [], 'availability_zones': [], 'ipv4_address_scope': None, 'ipv6_address_scope': None, 'description': '', 'tags': [], 'created_at': '2025-11-19T18:46:18Z', 'updated_at': '2025-11-19T18:46:18Z', 'revision_number': 1} available for tenant
2025-11-19 18:47:40.612 65707 INFO tempest.lib.common.rest_client [req-78aea5e0-c2d0-4bfa-b29b-990984eae7f1 req-78aea5e0-c2d0-4bfa-b29b-990984eae7f1 ] Request (ServersAdminTestJSON:setUpClass): 201 POST http://10.180.1.21/networking/v2.0/networks 0.493s
2025-11-19 18:47:41.472 65697 INFO tempest.lib.common.rest_client [req-b050c0e5-d601-4f28-8ab5-b7845a94098c req-b050c0e5-d601-4f28-8ab5-b7845a94098c ] Request (FloatingIPDetailsNegativeTestJSON:setUpClass): 201 POST http://10.180.1.21/networking/v2.0/routers 1.052s
2025-11-19 18:47:41.628 65707 INFO tempest.lib.common.rest_client [req-e1dde818-2924-4e5d-b558-efe6aed90f1e req-e1dde818-2924-4e5d-b558-efe6aed90f1e ] Request (ServersAdminTestJSON:setUpClass): 201 POST http://10.180.1.21/networking/v2.0/subnets 1.016s
2025-11-19 18:47:41.662 65719 INFO tempest.lib.common.rest_client [req-0af7d40b-69c5-4257-bf4d-76308be96091 req-0af7d40b-69c5-4257-bf4d-76308be96091 ] Request (ServerDiskConfigTestJSON:test_rebuild_server_with_auto_disk_config): 200 GET http://10.180.1.21/compute/v2.1/servers/ec40d182-7a65-4bdd-a948-4bfe0345ba29 3.782s
2025-11-19 18:47:41.687 65675 INFO tempest.lib.common.rest_client [req-9702ed80-99fe-4d9b-9398-f3f18c223b89 req-9702ed80-99fe-4d9b-9398-f3f18c223b89 ] Request (FlavorsAccessNegativeTestJSON:_run_cleanups): 200 GET http://10.180.1.21/compute/v2.1/flavors/detail 3.794s
2025-11-19 18:47:41.777 65683 INFO tempest.lib.common.rest_client [req-53bbb279-dea1-46f5-8038-b19bd8133157 req-53bbb279-dea1-46f5-8038-b19bd8133157 ] Request (ServerAddressesNegativeTestJSON:setUpClass): 202 POST http://10.180.1.21/compute/v2.1/servers 4.956s
2025-11-19 18:47:41.788 65671 INFO tempest.lib.common.rest_client [req-e12ca6b3-c892-4c04-a32c-603fcf92167c req-e12ca6b3-c892-4c04-a32c-603fcf92167c ] Request (AggregatesAdminNegativeTestJSON:test_aggregate_get_details_as_user): 403 GET http://10.180.1.21/compute/v2.1/os-aggregates/6 3.640s
2025-11-19 18:47:42.067 65721 INFO tempest.lib.common.rest_client [req-9e663f21-6560-491a-8e13-f788d8b4f188 req-9e663f21-6560-491a-8e13-f788d8b4f188 ] Request (ImagesMetadataTestJSON:setUp): 200 PUT http://10.180.1.21/compute/v2.1/images/6983bfb3-fc1b-46ce-b772-1eeb3c4dd1ea/metadata 3.876s
2025-11-19 18:47:42.388 65723 INFO tempest.lib.common.rest_client [req-9ca3e709-95b3-4831-b898-a66554bca0cf req-9ca3e709-95b3-4831-b898-a66554bca0cf ] Request (QuotasAdminTestJSON:_run_cleanups): 200 PUT http://10.180.1.21/compute/v2.1/os-quota-sets/0e95b29be2c14e42b1f18486478e3879 3.866s
2025-11-19 18:47:42.415 65725 INFO tempest.lib.common.rest_client [req-bed2ec11-5180-4175-9638-219ef6424435 req-bed2ec11-5180-4175-9638-219ef6424435 ] Request (ImagesNegativeTestJSON:test_create_image_from_deleted_server): 404 POST http://10.180.1.21/compute/v2.1/servers/5a5081c5-316c-46fd-b959-7b02e2cb1570/action 3.861s
2025-11-19 18:47:42.457 65679 WARNING tempest.lib.common.ssh [-] Failed to establish authenticated ssh connection to cirros@10.180.180.235 ([Errno None] Unable to connect to port 22 on 10.180.180.235). Number attempts: 1. Retry after 2 seconds.: paramiko.ssh_exception.NoValidConnectionsError: [Errno None] Unable to connect to port 22 on 10.180.180.235
2025-11-19 18:47:42.521 65723 INFO tempest.lib.common.rest_client [req-c04c5df5-d3c6-4168-ac92-9f223c55eb0e req-c04c5df5-d3c6-4168-ac92-9f223c55eb0e ] Request (QuotasAdminTestJSON:tearDownClass): 204 DELETE http://10.180.1.21/identity/v3/users/26aeb9baa5db46c0a3185a1fe0b37a0a 0.129s
2025-11-19 18:47:42.577 65697 INFO tempest.lib.common.rest_client [req-1a71ef35-9332-4d70-be9b-b910f3f0b7ac req-1a71ef35-9332-4d70-be9b-b910f3f0b7ac ] Request (FloatingIPDetailsNegativeTestJSON:setUpClass): 200 PUT http://10.180.1.21/networking/v2.0/routers/61af34da-471a-4efd-a9e5-2932b07eb2ae/add_router_interface 1.104s
2025-11-19 18:47:42.577 65697 INFO tempest.lib.common.dynamic_creds [-] Created isolated network resources for: credentials: Credentials: {'domain_id': 'default', 'domain_name': 'Default', 'username': 'tempest-FloatingIPDetailsNegativeTestJSON-1568063449-project-member', 'project_domain_id': 'default', 'project_domain_name': 'Default', 'project_id': '5a26de85a22441f19d65a3ea643e615e', 'project_name': 'tempest-FloatingIPDetailsNegativeTestJSON-1568063449', 'tenant_id': '5a26de85a22441f19d65a3ea643e615e', 'tenant_name': 'tempest-FloatingIPDetailsNegativeTestJSON-1568063449', 'user_domain_id': 'default', 'user_domain_name': 'Default', 'user_id': '3a15421e4f1c4dd088604288471e7f5d', 'system': None}, Network: {'id': '07397531-df1f-4c1f-a1e2-ef0a6e254bc4', 'name': 'tempest-FloatingIPDetailsNegativeTestJSON-1748804168-network', 'tenant_id': '5a26de85a22441f19d65a3ea643e615e', 'project_id': '5a26de85a22441f19d65a3ea643e615e', 'admin_state_up': True, 'mtu': 8950, 'status': 'ACTIVE', 'subnets': [], 'shared': False, 'port_security_enabled': True, 'router:external': False, 'provider:network_type': 'vlan', 'provider:physical_network': 'default', 'provider:segmentation_id': 766, 'availability_zone_hints': [], 'availability_zones': [], 'ipv4_address_scope': None, 'ipv6_address_scope': None, 'description': '', 'tags': [], 'created_at': '2025-11-19T18:47:39Z', 'updated_at': '2025-11-19T18:47:40Z', 'revision_number': 1}, Subnet: {'id': 'b52febe8-15ae-4002-9248-b4039f9d94c2', 'name': 'tempest-FloatingIPDetailsNegativeTestJSON-1748804168-subnet', 'tenant_id': '5a26de85a22441f19d65a3ea643e615e', 'network_id': '07397531-df1f-4c1f-a1e2-ef0a6e254bc4', 'ip_version': 4, 'subnetpool_id': None, 'enable_dhcp': True, 'ipv6_ra_mode': None, 'ipv6_address_mode': None, 'gateway_ip': '192.168.128.1', 'cidr': '192.168.128.0/28', 'allocation_pools': [{'start': '192.168.128.2', 'end': '192.168.128.14'}], 'host_routes': [], 'dns_nameservers': [], 'description': '', 'router:external': False, 'service_types': [], 'tags': [], 'created_at': '2025-11-19T18:47:40Z', 'updated_at': '2025-11-19T18:47:40Z', 'revision_number': 0, 'project_id': '5a26de85a22441f19d65a3ea643e615e'}, Router: {'id': '61af34da-471a-4efd-a9e5-2932b07eb2ae', 'name': 'tempest-FloatingIPDetailsNegativeTestJSON-1748804168-router', 'tenant_id': '5a26de85a22441f19d65a3ea643e615e', 'admin_state_up': True, 'status': 'ACTIVE', 'external_gateway_info': {'network_id': 'dcc9690b-5351-417b-bd1f-b51cdd11c0a2', 'external_fixed_ips': [{'subnet_id': '6afffef6-b5e6-495b-bfd3-785f7d63f226', 'ip_address': '10.180.180.246'}], 'enable_snat': True}, 'description': '', 'availability_zones': [], 'distributed': False, 'ha': False, 'availability_zone_hints': [], 'routes': [], 'flavor_id': None, 'tags': [], 'created_at': '2025-11-19T18:47:40Z', 'updated_at': '2025-11-19T18:47:41Z', 'revision_number': 2, 'project_id': '5a26de85a22441f19d65a3ea643e615e'}
2025-11-19 18:47:42.625 65723 INFO tempest.lib.common.rest_client [req-2dc88c87-3568-4c6a-a424-e49578e784fa req-2dc88c87-3568-4c6a-a424-e49578e784fa ] Request (QuotasAdminTestJSON:tearDownClass): 204 DELETE http://10.180.1.21/identity/v3/users/abe8b35226f34a3ba6004ced2316b726 0.104s
2025-11-19 18:47:42.626 65723 INFO tempest.lib.common.dynamic_creds [-] Deleting project and security group for project: 7568bac1d4974b8188655f31ab708bda
2025-11-19 18:47:42.639 65669 INFO tempest.lib.common.rest_client [req-dd0d4eb6-52d8-4dde-8a36-8491aa78f286 req-dd0d4eb6-52d8-4dde-8a36-8491aa78f286 ] Request (ServersTestMultiNic:test_verify_duplicate_network_nics): 200 GET http://10.180.1.21/compute/v2.1/servers/83d0dec9-dd22-4254-9073-2d30b8bc3004 4.693s
2025-11-19 18:47:42.656 65697 INFO tempest.lib.common.rest_client [req-58ef1b97-10b4-4a19-9346-0ce03f9ec7f9 req-58ef1b97-10b4-4a19-9346-0ce03f9ec7f9 ] Request (FloatingIPDetailsNegativeTestJSON:setUpClass): 201 POST http://10.180.1.21/identity/v3/auth/tokens 0.075s
2025-11-19 18:47:42.683 65723 INFO tempest.lib.common.rest_client [req-d155a35d-a6dc-4411-bcef-166ef179453d req-d155a35d-a6dc-4411-bcef-166ef179453d ] Request (QuotasAdminTestJSON:tearDownClass): 201 POST http://10.180.1.21/identity/v3/auth/tokens 0.057s
2025-11-19 18:47:42.854 65707 INFO tempest.lib.common.rest_client [req-b4dedf7a-50c2-411c-98e7-7fe15d329fef req-b4dedf7a-50c2-411c-98e7-7fe15d329fef ] Request (ServersAdminTestJSON:setUpClass): 201 POST http://10.180.1.21/networking/v2.0/routers 1.225s
2025-11-19 18:47:42.904 65691 INFO tempest.lib.common.rest_client [req-79a3cd3f-1c87-4058-bda6-d1cd6c950bc9 req-79a3cd3f-1c87-4058-bda6-d1cd6c950bc9 ] Request (InstanceActionsTestJSON:tearDownClass): 200 GET http://10.180.1.21/compute/v2.1/servers/2f3b6471-cf5e-4d8c-84f6-9956e83d4811 4.167s
2025-11-19 18:47:43.132 65723 INFO tempest.lib.common.rest_client [req-0ffa340f-002b-4d78-b20c-ae62b545e76c req-0ffa340f-002b-4d78-b20c-ae62b545e76c ] Request (QuotasAdminTestJSON:tearDownClass): 200 GET http://10.180.1.21/networking/v2.0/security-groups?tenant_id=7568bac1d4974b8188655f31ab708bda&name=default 0.449s
2025-11-19 18:47:43.242 65713 INFO tempest.lib.common.rest_client [req-65dcc251-81c4-40b5-9343-9bac1a14b47f req-65dcc251-81c4-40b5-9343-9bac1a14b47f ] Request (DeleteServersAdminTestJSON:test_delete_server_while_in_error_state): 200 GET http://10.180.1.21/compute/v2.1/servers/ecbec47f-9841-4580-91fd-bc9a748f43db 4.605s
2025-11-19 18:47:43.544 65703 WARNING tempest.lib.common.ssh [-] Failed to establish authenticated ssh connection to cirros@10.180.180.140 ([Errno None] Unable to connect to port 22 on 10.180.180.140). Number attempts: 4. Retry after 5 seconds.: paramiko.ssh_exception.NoValidConnectionsError: [Errno None] Unable to connect to port 22 on 10.180.180.140
2025-11-19 18:47:43.655 65723 INFO tempest.lib.common.rest_client [req-25f71701-b3c7-4b1a-906b-099034a1dd85 req-25f71701-b3c7-4b1a-906b-099034a1dd85 ] Request (QuotasAdminTestJSON:tearDownClass): 204 DELETE http://10.180.1.21/networking/v2.0/security-groups/6dae5d34-8815-403f-8207-e901dbae3a97 0.522s
2025-11-19 18:47:43.739 65723 INFO tempest.lib.common.rest_client [req-e073f76a-0ad0-4623-95b5-0927142db31d req-e073f76a-0ad0-4623-95b5-0927142db31d ] Request (QuotasAdminTestJSON:tearDownClass): 204 DELETE http://10.180.1.21/identity/v3/projects/7568bac1d4974b8188655f31ab708bda 0.083s
2025-11-19 18:47:43.739 65723 INFO tempest.lib.common.dynamic_creds [-] Deleting project and security group for project: 0e95b29be2c14e42b1f18486478e3879
2025-11-19 18:47:44.160 65707 INFO tempest.lib.common.rest_client [req-710790ee-b26a-437b-a24b-7638368c1666 req-710790ee-b26a-437b-a24b-7638368c1666 ] Request (ServersAdminTestJSON:setUpClass): 200 PUT http://10.180.1.21/networking/v2.0/routers/d23a3635-05f9-488c-93e8-a3fb2c378ebd/add_router_interface 1.305s
2025-11-19 18:47:44.161 65707 INFO tempest.lib.common.dynamic_creds [-] Created isolated network resources for: credentials: Credentials: {'domain_id': 'default', 'domain_name': 'Default', 'username': 'tempest-ServersAdminTestJSON-292305148-project-admin', 'project_domain_id': 'default', 'project_domain_name': 'Default', 'project_id': '4db1f61fab714d9898ddd4e102f0e62c', 'project_name': 'tempest-ServersAdminTestJSON-292305148', 'tenant_id': '4db1f61fab714d9898ddd4e102f0e62c', 'tenant_name': 'tempest-ServersAdminTestJSON-292305148', 'user_domain_id': 'default', 'user_domain_name': 'Default', 'user_id': '6a851789841b42998c99817bb0f199e0', 'system': None}, Network: {'id': '567deb9f-01a2-42ec-a03b-1cd5b8908f66', 'name': 'tempest-ServersAdminTestJSON-909410801-network', 'tenant_id': '4db1f61fab714d9898ddd4e102f0e62c', 'project_id': '4db1f61fab714d9898ddd4e102f0e62c', 'admin_state_up': True, 'mtu': 8950, 'status': 'ACTIVE', 'subnets': [], 'shared': False, 'port_security_enabled': True, 'router:external': False, 'provider:network_type': 'vlan', 'provider:physical_network': 'default', 'provider:segmentation_id': 990, 'availability_zone_hints': [], 'availability_zones': [], 'ipv4_address_scope': None, 'ipv6_address_scope': None, 'description': '', 'tags': [], 'created_at': '2025-11-19T18:47:40Z', 'updated_at': '2025-11-19T18:47:40Z', 'revision_number': 1}, Subnet: {'id': '27c18545-adcf-4662-b7d9-9506c9aa052e', 'name': 'tempest-ServersAdminTestJSON-909410801-subnet', 'tenant_id': '4db1f61fab714d9898ddd4e102f0e62c', 'network_id': '567deb9f-01a2-42ec-a03b-1cd5b8908f66', 'ip_version': 4, 'subnetpool_id': None, 'enable_dhcp': True, 'ipv6_ra_mode': None, 'ipv6_address_mode': None, 'gateway_ip': '192.168.128.1', 'cidr': '192.168.128.0/28', 'allocation_pools': [{'start': '192.168.128.2', 'end': '192.168.128.14'}], 'host_routes': [], 'dns_nameservers': [], 'description': '', 'router:external': False, 'service_types': [], 'tags': [], 'created_at': '2025-11-19T18:47:41Z', 'updated_at': '2025-11-19T18:47:41Z', 'revision_number': 0, 'project_id': '4db1f61fab714d9898ddd4e102f0e62c'}, Router: {'id': 'd23a3635-05f9-488c-93e8-a3fb2c378ebd', 'name': 'tempest-ServersAdminTestJSON-909410801-router', 'tenant_id': '4db1f61fab714d9898ddd4e102f0e62c', 'admin_state_up': True, 'status': 'ACTIVE', 'external_gateway_info': {'network_id': 'dcc9690b-5351-417b-bd1f-b51cdd11c0a2', 'external_fixed_ips': [{'subnet_id': '6afffef6-b5e6-495b-bfd3-785f7d63f226', 'ip_address': '10.180.180.207'}], 'enable_snat': True}, 'description': '', 'availability_zones': [], 'distributed': False, 'ha': False, 'availability_zone_hints': [], 'routes': [], 'flavor_id': None, 'tags': [], 'created_at': '2025-11-19T18:47:42Z', 'updated_at': '2025-11-19T18:47:42Z', 'revision_number': 2, 'project_id': '4db1f61fab714d9898ddd4e102f0e62c'}
2025-11-19 18:47:44.274 65707 INFO tempest.lib.common.rest_client [req-9717ab28-cf6a-41af-ba51-9dffe7d4fc99 req-9717ab28-cf6a-41af-ba51-9dffe7d4fc99 ] Request (ServersAdminTestJSON:setUpClass): 201 POST http://10.180.1.21/identity/v3/auth/tokens 0.107s
2025-11-19 18:47:44.367 65707 INFO tempest.lib.common.rest_client [req-40875d09-88d2-496b-9043-9a7ffe4c2f48 req-40875d09-88d2-496b-9043-9a7ffe4c2f48 ] Request (ServersAdminTestJSON:setUpClass): 201 POST http://10.180.1.21/identity/v3/auth/tokens 0.088s
2025-11-19 18:47:44.367 65707 INFO tempest.lib.common.fixed_network [-] (ServersAdminTestJSON:setUpClass) Found network {'id': 'ec70b5d2-88ae-4518-97d0-8f26aaed72c4', 'name': 'tempest-ServersAdminTestJSON-1769813664-network', 'tenant_id': 'f04f60877c314a4f9305bd8f855aa311', 'project_id': 'f04f60877c314a4f9305bd8f855aa311', 'admin_state_up': True, 'mtu': 8950, 'status': 'ACTIVE', 'subnets': [], 'shared': False, 'port_security_enabled': True, 'router:external': False, 'provider:network_type': 'vlan', 'provider:physical_network': 'default', 'provider:segmentation_id': 163, 'availability_zone_hints': [], 'availability_zones': [], 'ipv4_address_scope': None, 'ipv6_address_scope': None, 'description': '', 'tags': [], 'created_at': '2025-11-19T18:47:36Z', 'updated_at': '2025-11-19T18:47:36Z', 'revision_number': 1} available for tenant
2025-11-19 18:47:44.517 65723 INFO tempest.lib.common.rest_client [req-035ce137-0237-4572-be0a-cc7e4190892f req-035ce137-0237-4572-be0a-cc7e4190892f ] Request (QuotasAdminTestJSON:tearDownClass): 200 GET http://10.180.1.21/networking/v2.0/security-groups?tenant_id=0e95b29be2c14e42b1f18486478e3879&name=default 0.777s
2025-11-19 18:47:44.578 65699 INFO tempest.lib.common.rest_client [req-6cc4d0cd-02e4-475e-89c8-f5405f0cfb57 req-6cc4d0cd-02e4-475e-89c8-f5405f0cfb57 ] Request (ImagesOneServerNegativeTestJSON:setUp): 200 GET http://10.180.1.21/compute/v2.1/servers/afd4d0ce-df3b-4557-bcb8-a62de7a292f7 5.581s
2025-11-19 18:47:44.961 65679 WARNING tempest.lib.common.ssh [-] Failed to establish authenticated ssh connection to cirros@10.180.180.235 ([Errno None] Unable to connect to port 22 on 10.180.180.235). Number attempts: 2. Retry after 3 seconds.: paramiko.ssh_exception.NoValidConnectionsError: [Errno None] Unable to connect to port 22 on 10.180.180.235
2025-11-19 18:47:45.186 65723 INFO tempest.lib.common.rest_client [req-fa3215ed-a82b-42ed-85d6-4eccba464913 req-fa3215ed-a82b-42ed-85d6-4eccba464913 ] Request (QuotasAdminTestJSON:tearDownClass): 204 DELETE http://10.180.1.21/networking/v2.0/security-groups/b51aa876-aea1-443c-a2c6-87e786e6c6f7 0.669s
2025-11-19 18:47:45.363 65723 INFO tempest.lib.common.rest_client [req-0051f1e3-6d1e-47da-8e9b-2d4fc755bd7b req-0051f1e3-6d1e-47da-8e9b-2d4fc755bd7b ] Request (QuotasAdminTestJSON:tearDownClass): 204 DELETE http://10.180.1.21/identity/v3/projects/0e95b29be2c14e42b1f18486478e3879 0.176s
2025-11-19 18:47:45.379 65711 INFO tempest.lib.common.rest_client [req-f89bd10b-8fde-40ff-9e21-38eaad9b2409 req-f89bd10b-8fde-40ff-9e21-38eaad9b2409 ] Request (ServerTagsTestJSON:setUpClass): 200 GET http://10.180.1.21/compute/v2.1/servers/2a28c451-3aa1-439e-9d87-05a6b1cf9d5c 6.250s
2025-11-19 18:47:45.393 65711 INFO tempest.common.waiters [-] State transition "BUILD/None" ==> "BUILD/spawning" after 7 second wait
2025-11-19 18:47:45.472 65723 INFO tempest.lib.common.rest_client [req-6a30b72e-2dbd-44b3-8959-16154138b7c4 req-6a30b72e-2dbd-44b3-8959-16154138b7c4 ] Request (ServersAdminNegativeTestJSON:setUpClass): 201 POST http://10.180.1.21/identity/v3/auth/tokens 0.107s
2025-11-19 18:47:45.513 65723 INFO tempest.lib.common.rest_client [req-d8ae2268-1205-49cd-8721-6866cf3e52b7 req-d8ae2268-1205-49cd-8721-6866cf3e52b7 ] Request (ServersAdminNegativeTestJSON:setUpClass): 201 POST http://10.180.1.21/identity/v3/auth/tokens 0.037s
2025-11-19 18:47:45.527 65701 WARNING tempest.lib.common.ssh [-] Failed to establish authenticated ssh connection to cirros@10.180.180.214 ([Errno None] Unable to connect to port 22 on 10.180.180.214). Number attempts: 3. Retry after 4 seconds.: paramiko.ssh_exception.NoValidConnectionsError: [Errno None] Unable to connect to port 22 on 10.180.180.214
2025-11-19 18:47:45.539 65723 INFO tempest.lib.common.rest_client [req-d07350ce-4abc-4b34-9974-48240ab891d1 req-d07350ce-4abc-4b34-9974-48240ab891d1 ] Request (ServersAdminNegativeTestJSON:setUpClass): 200 GET http://10.180.1.21/identity/v3/domains?name=Default 0.026s
2025-11-19 18:47:45.578 65723 INFO tempest.lib.common.rest_client [req-0f767ad2-a5f9-4c16-a754-98ebe8073227 req-0f767ad2-a5f9-4c16-a754-98ebe8073227 ] Request (ServersAdminNegativeTestJSON:setUpClass): 201 POST http://10.180.1.21/identity/v3/projects 0.038s
2025-11-19 18:47:45.616 65685 INFO tempest.lib.common.rest_client [req-2fecd864-5c09-43cb-affe-dbd61d1a897e req-2fecd864-5c09-43cb-affe-dbd61d1a897e ] Request (QuotasAdminNegativeTest:test_create_server_when_memory_quota_is_full): 403 POST http://10.180.1.21/compute/v2.1/servers 6.427s
2025-11-19 18:47:45.665 65723 INFO tempest.lib.common.rest_client [req-23782f95-062e-4642-bc83-6f9fdf2802da req-23782f95-062e-4642-bc83-6f9fdf2802da ] Request (ServersAdminNegativeTestJSON:setUpClass): 201 POST http://10.180.1.21/identity/v3/users 0.086s
2025-11-19 18:47:45.680 65690 INFO tempest.lib.common.rest_client [req-0e62b1ce-bca7-408d-9fc0-5b23ddbf904e req-0e62b1ce-bca7-408d-9fc0-5b23ddbf904e ] Request (FloatingIPsAssociationNegativeTestJSON:test_associate_ip_to_server_with_floating_ip): 202 POST http://10.180.1.21/compute/v2.1/servers/ba71e8b4-2dd9-49c2-a1c9-166ce2151bc6/action 6.752s
2025-11-19 18:47:45.701 65723 INFO tempest.lib.common.rest_client [req-90c1dfce-46f7-4e23-a634-47757a9ae091 req-90c1dfce-46f7-4e23-a634-47757a9ae091 ] Request (ServersAdminNegativeTestJSON:setUpClass): 200 GET http://10.180.1.21/identity/v3/roles 0.035s
2025-11-19 18:47:45.717 65705 INFO tempest.lib.common.rest_client [req-6afe099e-d469-4e3b-ab9f-1da317e3d0f5 req-6afe099e-d469-4e3b-ab9f-1da317e3d0f5 ] Request (TenantUsagesTestJSON:tearDownClass): 404 GET http://10.180.1.21/compute/v2.1/servers/236f312d-bf55-499d-8116-cc350567df0b 5.613s
2025-11-19 18:47:45.753 65723 INFO tempest.lib.common.rest_client [req-10600bb2-1e21-4033-bf73-3627f555ff9b req-10600bb2-1e21-4033-bf73-3627f555ff9b ] Request (ServersAdminNegativeTestJSON:setUpClass): 204 PUT http://10.180.1.21/identity/v3/projects/63e2348006ec496c868442fcf961371b/users/b5b298a1cbbf45358032a1e9f046d5be/roles/749426f8947e44e0aa0fe8d77cd864b2 0.051s
2025-11-19 18:47:45.753 65723 INFO tempest.lib.common.dynamic_creds [-] Dynamic test user b5b298a1cbbf45358032a1e9f046d5be is created with scope project and roles: ['member']
2025-11-19 18:47:45.753 65723 INFO tempest.lib.common.dynamic_creds [-] Acquired dynamic creds: credentials: Credentials: {'domain_id': 'default', 'domain_name': 'Default', 'username': 'tempest-ServersAdminNegativeTestJSON-2047870263-project-member', 'project_domain_id': 'default', 'project_domain_name': 'Default', 'project_id': '63e2348006ec496c868442fcf961371b', 'project_name': 'tempest-ServersAdminNegativeTestJSON-2047870263', 'tenant_id': '63e2348006ec496c868442fcf961371b', 'tenant_name': 'tempest-ServersAdminNegativeTestJSON-2047870263', 'user_domain_id': 'default', 'user_domain_name': 'Default', 'user_id': 'b5b298a1cbbf45358032a1e9f046d5be', 'system': None}, Network: None, Subnet: None, Router: None
2025-11-19 18:47:45.754 65723 INFO tempest.lib.common.dynamic_creds [-] Created isolated network resources for: credentials: Credentials: {'domain_id': 'default', 'domain_name': 'Default', 'username': 'tempest-ServersAdminNegativeTestJSON-2047870263-project-member', 'project_domain_id': 'default', 'project_domain_name': 'Default', 'project_id': '63e2348006ec496c868442fcf961371b', 'project_name': 'tempest-ServersAdminNegativeTestJSON-2047870263', 'tenant_id': '63e2348006ec496c868442fcf961371b', 'tenant_name': 'tempest-ServersAdminNegativeTestJSON-2047870263', 'user_domain_id': 'default', 'user_domain_name': 'Default', 'user_id': 'b5b298a1cbbf45358032a1e9f046d5be', 'system': None}, Network: None, Subnet: None, Router: None
2025-11-19 18:47:45.819 65673 INFO tempest.lib.common.rest_client [req-9d9c4ca2-6f9e-49ee-a4b1-e2a4774c10e1 req-9d9c4ca2-6f9e-49ee-a4b1-e2a4774c10e1 ] Request (ServersListShow296Test:test_list_show_update_rebuild_server_296): 200 GET http://10.180.1.21/compute/v2.1/servers/detail 6.532s
2025-11-19 18:47:45.823 65695 INFO tempest.lib.common.rest_client [req-0568dac8-c934-4d19-9e9f-2a5858203fe1 req-0568dac8-c934-4d19-9e9f-2a5858203fe1 ] Request (HypervisorAdminNegativeTestJSON:test_show_nonexistent_hypervisor): 404 GET http://10.180.1.21/compute/v2.1/os-hypervisors/5674d322-0f6c-44e7-80cf-8b5380f5b579 5.609s
2025-11-19 18:47:45.835 65705 INFO tempest.lib.common.rest_client [req-3a392a49-d7a6-42bf-abaa-4739dc703717 req-3a392a49-d7a6-42bf-abaa-4739dc703717 ] Request (TenantUsagesTestJSON:tearDownClass): 204 DELETE http://10.180.1.21/identity/v3/users/ea3769aabe3c42af94c75f3611c63f03 0.118s
2025-11-19 18:47:45.850 65677 INFO tempest.lib.common.rest_client [req-f0cff433-447b-4195-9a15-299679957f47 req-f0cff433-447b-4195-9a15-299679957f47 ] Request (FlavorsAdminTestJSON:test_create_server_with_non_public_flavor): 200 POST http://10.180.1.21/compute/v2.1/flavors 5.603s
2025-11-19 18:47:45.880 65723 INFO tempest.lib.common.rest_client [req-666f8079-0a31-469a-96de-48a10a2c13a9 req-666f8079-0a31-469a-96de-48a10a2c13a9 ] Request (ServersAdminNegativeTestJSON:setUpClass): 201 POST http://10.180.1.21/identity/v3/auth/tokens 0.123s
2025-11-19 18:47:45.920 65717 INFO tempest.lib.common.rest_client [req-acf8211b-0909-4eea-ab99-dfebde02fd4e req-acf8211b-0909-4eea-ab99-dfebde02fd4e ] Request (HostsAdminTestJSON:test_show_host_detail): 200 GET http://10.180.1.21/compute/v2.1/os-hosts/cpu-1 5.645s
2025-11-19 18:47:45.935 65730 INFO tempest.lib.common.rest_client [req-d389a3e4-05a5-4986-8013-4658ff6825ea req-d389a3e4-05a5-4986-8013-4658ff6825ea ] Request (SecurityGroupRulesTestJSON:test_security_group_rules_create_with_optional_group_id): 200 POST http://10.180.1.21/compute/v2.1/os-security-groups 5.726s
2025-11-19 18:47:46.014 65695 INFO tempest.lib.common.rest_client [req-4f61eb4d-5ad7-4a37-a925-bbe9a152c142 req-4f61eb4d-5ad7-4a37-a925-bbe9a152c142 ] Request (HypervisorAdminNegativeTestJSON:tearDownClass): 204 DELETE http://10.180.1.21/identity/v3/users/c34066a4b2c4429485ba8e12a4f1a286 0.187s
2025-11-19 18:47:46.044 65705 INFO tempest.lib.common.rest_client [req-e0573d0c-0ce2-4057-b418-35551093596d req-e0573d0c-0ce2-4057-b418-35551093596d ] Request (TenantUsagesTestJSON:tearDownClass): 204 DELETE http://10.180.1.21/identity/v3/users/1d109e7f806b4f7ca2dd9cf6d9c41d7f 0.207s
2025-11-19 18:47:46.045 65705 INFO tempest.lib.common.dynamic_creds [-] Deleting project and security group for project: e4c3adef73cc410c9f2db61d1dd0fee1
2025-11-19 18:47:46.130 65723 INFO tempest.lib.common.rest_client [req-6ab7a3c7-431e-40a2-98e1-368595ebc1f8 req-6ab7a3c7-431e-40a2-98e1-368595ebc1f8 ] Request (ServersAdminNegativeTestJSON:setUpClass): 201 POST http://10.180.1.21/identity/v3/projects 0.250s
2025-11-19 18:47:46.180 65717 INFO tempest.lib.common.rest_client [req-e8529767-6491-4fd6-b7f6-e032a60d2542 req-e8529767-6491-4fd6-b7f6-e032a60d2542 ] Request (HostsAdminTestJSON:tearDownClass): 204 DELETE http://10.180.1.21/identity/v3/users/774320039a7042d1a4fa1d098888c2c4 0.256s
2025-11-19 18:47:46.211 65715 INFO tempest.lib.common.rest_client [req-a3207b03-2e01-4ef7-bc88-46254bb659aa req-a3207b03-2e01-4ef7-bc88-46254bb659aa ] Request (ServerRescueTestJSON:setUpClass): 200 GET http://10.180.1.21/compute/v2.1/servers/9a8a66e3-e763-45f3-a694-6175dca3a37b 5.451s
2025-11-19 18:47:46.234 65715 INFO tempest.common.waiters [-] State transition "BUILD/None" ==> "BUILD/spawning" after 7 second wait
2025-11-19 18:47:46.248 65705 INFO tempest.lib.common.rest_client [req-dec93416-a4ef-438a-832a-5baf86ac43da req-dec93416-a4ef-438a-832a-5baf86ac43da ] Request (TenantUsagesTestJSON:tearDownClass): 201 POST http://10.180.1.21/identity/v3/auth/tokens 0.203s
2025-11-19 18:47:46.282 65723 INFO tempest.lib.common.rest_client [req-acd1e244-112b-4db6-a7db-0adafba59ec4 req-acd1e244-112b-4db6-a7db-0adafba59ec4 ] Request (ServersAdminNegativeTestJSON:setUpClass): 201 POST http://10.180.1.21/identity/v3/users 0.151s
2025-11-19 18:47:46.333 65695 INFO tempest.lib.common.rest_client [req-bf8e0567-32a1-4cc8-9b03-cff1b71f1fae req-bf8e0567-32a1-4cc8-9b03-cff1b71f1fae ] Request (HypervisorAdminNegativeTestJSON:tearDownClass): 204 DELETE http://10.180.1.21/identity/v3/users/1561aab9af5f45dfb3632809e026c22e 0.319s
2025-11-19 18:47:46.334 65695 INFO tempest.lib.common.dynamic_creds [-] Deleting project and security group for project: 7bc9f9bc128846c296276056d82bc2f2
2025-11-19 18:47:46.492 65719 INFO tempest.lib.common.rest_client [req-6b410d6e-767e-489a-8a9c-fa2d5411bf3c req-6b410d6e-767e-489a-8a9c-fa2d5411bf3c ] Request (ServerDiskConfigTestJSON:test_rebuild_server_with_auto_disk_config): 202 POST http://10.180.1.21/compute/v2.1/servers/ec40d182-7a65-4bdd-a948-4bfe0345ba29/action 4.820s
2025-11-19 18:47:46.512 65675 INFO tempest.lib.common.rest_client [req-3626d5bf-8155-47f3-9ecc-ae388537c2a6 req-3626d5bf-8155-47f3-9ecc-ae388537c2a6 ] Request (FlavorsAccessNegativeTestJSON:test_remove_flavor_access_not_found): 200 POST http://10.180.1.21/compute/v2.1/flavors 4.819s
2025-11-19 18:47:46.576 65723 INFO tempest.lib.common.rest_client [req-e8613096-c1c4-4e9b-8009-ea0517e034e3 req-e8613096-c1c4-4e9b-8009-ea0517e034e3 ] Request (ServersAdminNegativeTestJSON:setUpClass): 200 GET http://10.180.1.21/identity/v3/roles 0.294s
2025-11-19 18:47:46.635 65717 INFO tempest.lib.common.rest_client [req-f3e69cd8-1753-4bd3-9cfe-a61d1b0ed6c0 req-f3e69cd8-1753-4bd3-9cfe-a61d1b0ed6c0 ] Request (HostsAdminTestJSON:tearDownClass): 204 DELETE http://10.180.1.21/identity/v3/users/df836616fd4b4307ade81bcd918d3fd1 0.454s
2025-11-19 18:47:46.635 65717 INFO tempest.lib.common.dynamic_creds [-] Deleting project and security group for project: a06dba81e76b4bb09bd2b9b4e2cc6663
2025-11-19 18:47:46.649 65695 INFO tempest.lib.common.rest_client [req-5f7bcb44-e032-4e8e-8742-d44959ce64bb req-5f7bcb44-e032-4e8e-8742-d44959ce64bb ] Request (HypervisorAdminNegativeTestJSON:tearDownClass): 201 POST http://10.180.1.21/identity/v3/auth/tokens 0.315s
2025-11-19 18:47:46.680 65705 INFO tempest.lib.common.rest_client [req-85423e3a-1d89-424a-9095-c1d1edd0da2a req-85423e3a-1d89-424a-9095-c1d1edd0da2a ] Request (TenantUsagesTestJSON:tearDownClass): 200 GET http://10.180.1.21/networking/v2.0/security-groups?tenant_id=e4c3adef73cc410c9f2db61d1dd0fee1&name=default 0.432s
2025-11-19 18:47:46.704 65717 INFO tempest.lib.common.rest_client [req-9ac262b9-a488-4ee7-b934-2e115aa87298 req-9ac262b9-a488-4ee7-b934-2e115aa87298 ] Request (HostsAdminTestJSON:tearDownClass): 201 POST http://10.180.1.21/identity/v3/auth/tokens 0.069s
2025-11-19 18:47:46.725 65723 INFO tempest.lib.common.rest_client [req-21875aa8-9ade-4d44-9203-1bd580a895eb req-21875aa8-9ade-4d44-9203-1bd580a895eb ] Request (ServersAdminNegativeTestJSON:setUpClass): 204 PUT http://10.180.1.21/identity/v3/projects/98b6370fc04f40fd9d8223b1357d872b/users/5eb6c2e930494c29a94ff4969434bf6f/roles/8240286be26c4c2f96d2532b856ddd40 0.148s
2025-11-19 18:47:46.752 65683 INFO tempest.lib.common.rest_client [req-3c4d6d1d-4550-4b22-9686-7f9702dd2b4d req-3c4d6d1d-4550-4b22-9686-7f9702dd2b4d ] Request (ServerAddressesNegativeTestJSON:setUpClass): 200 GET http://10.180.1.21/compute/v2.1/servers/24c1cf6b-6004-4699-8bb5-705ff7cf45f8 4.973s
2025-11-19 18:47:46.755 65687 INFO paramiko.transport [-] Connected (version 2.0, client dropbear_2020.81)
2025-11-19 18:47:46.774 65671 INFO tempest.lib.common.rest_client [req-b835aa1f-d527-4bc0-945d-15466036d7bb req-b835aa1f-d527-4bc0-945d-15466036d7bb ] Request (AggregatesAdminNegativeTestJSON:_run_cleanups): 200 DELETE http://10.180.1.21/compute/v2.1/os-aggregates/6 4.985s
2025-11-19 18:47:46.805 65667 INFO tempest.lib.common.rest_client [req-f84c01a0-ad91-415d-9084-f72bfe508450 req-f84c01a0-ad91-415d-9084-f72bfe508450 ] Request (ImagesTestJSON:test_create_image_from_suspended_server): 202 POST http://10.180.1.21/compute/v2.1/servers 6.336s
2025-11-19 18:47:46.833 65687 INFO paramiko.transport [-] Authentication (publickey) successful!
2025-11-19 18:47:46.834 65687 INFO tempest.lib.common.ssh [-] ssh connection to cirros@10.180.180.189 successfully created
2025-11-19 18:47:46.855 65723 INFO tempest.lib.common.rest_client [req-b9e38892-d1d2-45df-9e2b-5ad1dab1477a req-b9e38892-d1d2-45df-9e2b-5ad1dab1477a ] Request (ServersAdminNegativeTestJSON:setUpClass): 200 GET http://10.180.1.21/identity/v3/roles 0.130s
2025-11-19 18:47:46.901 65723 INFO tempest.lib.common.rest_client [req-0b4f2dd1-5605-4555-9e23-5f54be997fe5 req-0b4f2dd1-5605-4555-9e23-5f54be997fe5 ] Request (ServersAdminNegativeTestJSON:setUpClass): 204 PUT http://10.180.1.21/identity/v3/projects/98b6370fc04f40fd9d8223b1357d872b/users/5eb6c2e930494c29a94ff4969434bf6f/roles/8240286be26c4c2f96d2532b856ddd40 0.045s
2025-11-19 18:47:46.901 65723 INFO tempest.lib.common.dynamic_creds [-] Dynamic test user 5eb6c2e930494c29a94ff4969434bf6f is created with scope project and roles: ['admin']
2025-11-19 18:47:46.902 65723 INFO tempest.lib.common.dynamic_creds [-] Acquired dynamic creds: credentials: Credentials: {'domain_id': 'default', 'domain_name': 'Default', 'username': 'tempest-ServersAdminNegativeTestJSON-872780550-project-admin', 'project_domain_id': 'default', 'project_domain_name': 'Default', 'project_id': '98b6370fc04f40fd9d8223b1357d872b', 'project_name': 'tempest-ServersAdminNegativeTestJSON-872780550', 'tenant_id': '98b6370fc04f40fd9d8223b1357d872b', 'tenant_name': 'tempest-ServersAdminNegativeTestJSON-872780550', 'user_domain_id': 'default', 'user_domain_name': 'Default', 'user_id': '5eb6c2e930494c29a94ff4969434bf6f', 'system': None}, Network: None, Subnet: None, Router: None
2025-11-19 18:47:46.902 65723 INFO tempest.lib.common.dynamic_creds [-] Created isolated network resources for: credentials: Credentials: {'domain_id': 'default', 'domain_name': 'Default', 'username': 'tempest-ServersAdminNegativeTestJSON-872780550-project-admin', 'project_domain_id': 'default', 'project_domain_name': 'Default', 'project_id': '98b6370fc04f40fd9d8223b1357d872b', 'project_name': 'tempest-ServersAdminNegativeTestJSON-872780550', 'tenant_id': '98b6370fc04f40fd9d8223b1357d872b', 'tenant_name': 'tempest-ServersAdminNegativeTestJSON-872780550', 'user_domain_id': 'default', 'user_domain_name': 'Default', 'user_id': '5eb6c2e930494c29a94ff4969434bf6f', 'system': None}, Network: None, Subnet: None, Router: None
2025-11-19 18:47:46.999 65723 INFO tempest.lib.common.rest_client [req-ee1128d2-d8ca-4615-b06d-a2f8952daf9b req-ee1128d2-d8ca-4615-b06d-a2f8952daf9b ] Request (ServersAdminNegativeTestJSON:setUpClass): 201 POST http://10.180.1.21/identity/v3/auth/tokens 0.093s
2025-11-19 18:47:47.046 65695 INFO tempest.lib.common.rest_client [req-24bce2a5-6a1c-49e0-a9d5-321ac4a86f95 req-24bce2a5-6a1c-49e0-a9d5-321ac4a86f95 ] Request (HypervisorAdminNegativeTestJSON:tearDownClass): 200 GET http://10.180.1.21/networking/v2.0/security-groups?tenant_id=7bc9f9bc128846c296276056d82bc2f2&name=default 0.394s
2025-11-19 18:47:47.077 65723 INFO tempest.lib.common.rest_client [req-42956d6d-b0a4-40e4-994b-28494cacadbe req-42956d6d-b0a4-40e4-994b-28494cacadbe ] Request (ServersAdminNegativeTestJSON:setUpClass): 201 POST http://10.180.1.21/identity/v3/auth/tokens 0.073s
2025-11-19 18:47:47.078 65723 INFO tempest.lib.common.fixed_network [-] (ServersAdminNegativeTestJSON:setUpClass) Found network None available for tenant
2025-11-19 18:47:47.104 65681 INFO tempest.lib.common.rest_client [req-320d5153-2b20-4659-b9ee-0add9afc6236 req-320d5153-2b20-4659-b9ee-0add9afc6236 ] Request (AbsoluteLimitsNegativeTestJSON:test_max_metadata_exceed_limit): 200 GET http://10.180.1.21/compute/v2.1/limits 4.710s
2025-11-19 18:47:47.117 65725 INFO tempest.lib.common.rest_client [req-9fd429b4-3255-4215-a1d8-810bee093b5e req-9fd429b4-3255-4215-a1d8-810bee093b5e ] Request (ImagesNegativeTestJSON:test_create_image_from_invalid_server): 404 POST http://10.180.1.21/compute/v2.1/servers/tempest-invalid-747803335/action 4.700s
2025-11-19 18:47:47.153 65721 INFO tempest.lib.common.rest_client [req-8125579d-74fd-43a2-bdfe-0fbfe1f82572 req-8125579d-74fd-43a2-bdfe-0fbfe1f82572 ] Request (ImagesMetadataTestJSON:test_set_image_metadata_item): 200 PUT http://10.180.1.21/compute/v2.1/images/6983bfb3-fc1b-46ce-b772-1eeb3c4dd1ea/metadata/os_version 5.085s
2025-11-19 18:47:47.170 65681 INFO tempest.lib.common.rest_client [req-fe60a964-f79d-4a3c-81ed-4c738df5bff1 req-fe60a964-f79d-4a3c-81ed-4c738df5bff1 ] Request (AbsoluteLimitsNegativeTestJSON:test_max_metadata_exceed_limit): 201 POST http://10.180.1.21/identity/v3/auth/tokens 0.052s
2025-11-19 18:47:47.170 65681 INFO tempest.lib.common.fixed_network [-] (AbsoluteLimitsNegativeTestJSON:test_max_metadata_exceed_limit) Found network None available for tenant
