2025-11-19 18:48:33.446 65671 INFO tempest.lib.common.rest_client [req-535d1b5b-a352-4cd4-9ad6-a73538aa533f req-535d1b5b-a352-4cd4-9ad6-a73538aa533f ] Request (AggregatesAdminNegativeTestJSON:test_aggregate_remove_nonexistent_host): 404 POST http://10.180.1.21/compute/v2.1/os-aggregates/8/action 3.419s
2025-11-19 18:48:33.561 65690 INFO tempest.lib.common.rest_client [req-7e7753ec-3f10-45c8-8d2f-0fa78bbce822 req-7e7753ec-3f10-45c8-8d2f-0fa78bbce822 ] Request (FloatingIPsAssociationNegativeTestJSON:tearDownClass): 204 DELETE http://10.180.1.21/compute/v2.1/servers/ba71e8b4-2dd9-49c2-a1c9-166ce2151bc6 3.450s
2025-11-19 18:48:33.714 65721 INFO tempest.lib.common.rest_client [req-7f7f42d7-35e2-47ff-9718-6a2bd6a94d29 req-7f7f42d7-35e2-47ff-9718-6a2bd6a94d29 ] Request (VolumesNegativeTest:test_create_volume_with_invalid_size): 400 POST http://10.180.1.21/compute/v2.1/os-volumes 3.178s
2025-11-19 18:48:33.768 65701 WARNING tempest.lib.common.ssh [-] Failed to establish authenticated ssh connection to cirros@10.180.180.214 ([Errno None] Unable to connect to port 22 on 10.180.180.214). Number attempts: 9. Retry after 10 seconds.: paramiko.ssh_exception.NoValidConnectionsError: [Errno None] Unable to connect to port 22 on 10.180.180.214
2025-11-19 18:48:33.879 65730 INFO tempest.lib.common.rest_client [req-839ad3a3-b8a3-4dd8-8278-d10449bfdfde req-839ad3a3-b8a3-4dd8-8278-d10449bfdfde ] Request (SecurityGroupRulesTestJSON:test_security_group_rules_list): 200 POST http://10.180.1.21/compute/v2.1/os-security-group-rules 3.297s
2025-11-19 18:48:34.011 65675 INFO tempest.lib.common.rest_client [req-36b0094b-94a7-49d1-810f-9b24c64c7d92 req-36b0094b-94a7-49d1-810f-9b24c64c7d92 ] Request (KeyPairsV2TestJSON:test_get_keypair_detail): 200 POST http://10.180.1.21/compute/v2.1/os-keypairs 2.825s
2025-11-19 18:48:34.040 65717 INFO tempest.lib.common.rest_client [req-d56f4fb4-b152-4a7b-b023-141b761c6b79 req-d56f4fb4-b152-4a7b-b023-141b761c6b79 ] Request (MigrationsAdminTest:test_list_migrations_in_flavor_resize_situation): 202 POST http://10.180.1.21/compute/v2.1/servers/889a5965-48c7-43bb-945a-2ab8053892c8/action 3.807s
2025-11-19 18:48:34.097 65709 INFO tempest.lib.common.rest_client [req-2808a7cb-0ff0-4408-821f-f1f60925a71f req-2808a7cb-0ff0-4408-821f-f1f60925a71f ] Request (ServerAddressesTestJSON:setUpClass): 200 GET http://10.180.1.21/compute/v2.1/servers/3b5b5274-755e-4dba-af2e-19324c00315e 2.873s
2025-11-19 18:48:34.143 65683 INFO tempest.lib.common.rest_client [req-91749eb6-ac07-4802-b004-399291125b80 req-91749eb6-ac07-4802-b004-399291125b80 ] Request (ServerAddressesNegativeTestJSON:tearDownClass): 200 GET http://10.180.1.21/compute/v2.1/servers/24c1cf6b-6004-4699-8bb5-705ff7cf45f8 2.873s
2025-11-19 18:48:34.193 65695 INFO tempest.lib.common.rest_client [req-d026c7e0-e48f-401c-a80e-e28db39ed48c req-d026c7e0-e48f-401c-a80e-e28db39ed48c ] Request (ServerGroupTestJSON:test_create_delete_server_group_with_affinity_policy): 200 POST http://10.180.1.21/compute/v2.1/os-server-groups 2.906s
2025-11-19 18:48:34.209 65723 INFO tempest.lib.common.rest_client [req-d9537f01-d90a-4a0c-b436-e54a0c12783e req-d9537f01-d90a-4a0c-b436-e54a0c12783e ] Request (ServersAdminNegativeTestJSON:test_migrate_server_invalid_state): 200 GET http://10.180.1.21/compute/v2.1/servers/68e14e88-5764-4978-98a9-d25415b02c9d 2.851s
2025-11-19 18:48:34.232 65713 INFO tempest.lib.common.rest_client [req-41c6e992-045b-40e1-b9f0-c78b8fdc4fb8 req-41c6e992-045b-40e1-b9f0-c78b8fdc4fb8 ] Request (ServersTestBootFromVolume:setUpClass): 200 PUT http://10.180.1.21/networking/v2.0/routers/1405a907-a0e7-4668-9490-660dc7cb0e46/add_router_interface 1.174s
2025-11-19 18:48:34.232 65713 INFO tempest.lib.common.dynamic_creds [-] Created isolated network resources for: credentials: Credentials: {'domain_id': 'default', 'domain_name': 'Default', 'username': 'tempest-ServersTestBootFromVolume-407856697-project-member', 'project_domain_id': 'default', 'project_domain_name': 'Default', 'project_id': '7a1e144c71e04d53b5cb67817e9c825d', 'project_name': 'tempest-ServersTestBootFromVolume-407856697', 'tenant_id': '7a1e144c71e04d53b5cb67817e9c825d', 'tenant_name': 'tempest-ServersTestBootFromVolume-407856697', 'user_domain_id': 'default', 'user_domain_name': 'Default', 'user_id': '07448ce2c40242fa9585b2b608fbae91', 'system': None}, Network: {'id': '8581e416-ba57-46b5-b05a-f6091a5bedde', 'name': 'tempest-ServersTestBootFromVolume-394760361-network', 'tenant_id': '7a1e144c71e04d53b5cb67817e9c825d', 'project_id': '7a1e144c71e04d53b5cb67817e9c825d', 'admin_state_up': True, 'mtu': 8950, 'status': 'ACTIVE', 'subnets': [], 'shared': False, 'port_security_enabled': True, 'router:external': False, 'provider:network_type': 'vlan', 'provider:physical_network': 'default', 'provider:segmentation_id': 875, 'availability_zone_hints': [], 'availability_zones': [], 'ipv4_address_scope': None, 'ipv6_address_scope': None, 'description': '', 'tags': [], 'created_at': '2025-11-19T18:48:31Z', 'updated_at': '2025-11-19T18:48:31Z', 'revision_number': 1}, Subnet: {'id': 'b1cc7b8e-7d09-46d5-a2b1-6bbac9e69560', 'name': 'tempest-ServersTestBootFromVolume-394760361-subnet', 'tenant_id': '7a1e144c71e04d53b5cb67817e9c825d', 'network_id': '8581e416-ba57-46b5-b05a-f6091a5bedde', 'ip_version': 4, 'subnetpool_id': None, 'enable_dhcp': True, 'ipv6_ra_mode': None, 'ipv6_address_mode': None, 'gateway_ip': '192.168.128.1', 'cidr': '192.168.128.0/28', 'allocation_pools': [{'start': '192.168.128.2', 'end': '192.168.128.14'}], 'host_routes': [], 'dns_nameservers': [], 'description': '', 'router:external': False, 'service_types': [], 'tags': [], 'created_at': '2025-11-19T18:48:31Z', 'updated_at': '2025-11-19T18:48:31Z', 'revision_number': 0, 'project_id': '7a1e144c71e04d53b5cb67817e9c825d'}, Router: {'id': '1405a907-a0e7-4668-9490-660dc7cb0e46', 'name': 'tempest-ServersTestBootFromVolume-394760361-router', 'tenant_id': '7a1e144c71e04d53b5cb67817e9c825d', 'admin_state_up': True, 'status': 'ACTIVE', 'external_gateway_info': {'network_id': 'dcc9690b-5351-417b-bd1f-b51cdd11c0a2', 'external_fixed_ips': [{'subnet_id': '6afffef6-b5e6-495b-bfd3-785f7d63f226', 'ip_address': '10.180.180.254'}], 'enable_snat': True}, 'description': '', 'availability_zones': [], 'distributed': False, 'ha': False, 'availability_zone_hints': [], 'routes': [], 'flavor_id': None, 'tags': [], 'created_at': '2025-11-19T18:48:31Z', 'updated_at': '2025-11-19T18:48:32Z', 'revision_number': 2, 'project_id': '7a1e144c71e04d53b5cb67817e9c825d'}
2025-11-19 18:48:34.284 65669 INFO tempest.lib.common.rest_client [req-001a18a8-86ed-4872-aefc-40fcc2cef9a3 req-001a18a8-86ed-4872-aefc-40fcc2cef9a3 ] Request (ServersTestMultiNic:_run_cleanups): 200 GET http://10.180.1.21/compute/v2.1/servers/83d0dec9-dd22-4254-9073-2d30b8bc3004 2.698s
2025-11-19 18:48:34.335 65713 INFO tempest.lib.common.rest_client [req-3b7b90de-23a9-4c32-b5fe-853b1ea47911 req-3b7b90de-23a9-4c32-b5fe-853b1ea47911 ] Request (ServersTestBootFromVolume:setUpClass): 201 POST http://10.180.1.21/identity/v3/auth/tokens 0.098s
2025-11-19 18:48:34.399 65673 INFO tempest.lib.common.rest_client [req-488acaf9-6585-467f-aff4-7b2d328401b5 req-488acaf9-6585-467f-aff4-7b2d328401b5 ] Request (ServersListShow296Test:tearDownClass): 200 GET http://10.180.1.21/compute/v2.1/servers/fca440b5-be5f-4733-9f1b-df608eb94a1f 2.546s
2025-11-19 18:48:34.428 65705 INFO tempest.lib.common.rest_client [req-f99ed72e-6680-4a51-9e8d-17ca2cbda637 req-f99ed72e-6680-4a51-9e8d-17ca2cbda637 ] Request (AttachInterfacesUnderV243Test:test_add_remove_fixed_ip): 200 GET http://10.180.1.21/compute/v2.1/servers/047e67a7-f747-4c6b-b73c-a1d54ce53bc7 2.674s
2025-11-19 18:48:34.465 65715 INFO tempest.lib.common.rest_client [req-6c5fe7be-9d05-41ae-9790-d1b18dbcda42 req-6c5fe7be-9d05-41ae-9790-d1b18dbcda42 ] Request (ServerRescueTestJSON:test_rescue_unrescue_instance): 200 GET http://10.180.1.21/compute/v2.1/servers/ffb45d00-62f0-4735-8b19-d83d25c9ba49 2.546s
2025-11-19 18:48:34.581 65693 INFO tempest.lib.common.rest_client [req-6edf9ded-6142-4905-9a18-6e43ba4734ce req-6edf9ded-6142-4905-9a18-6e43ba4734ce ] Request (ServerDiagnosticsTest:test_get_server_diagnostics): 200 GET http://10.180.1.21/compute/v2.1/servers/189168f9-883a-46ac-a347-cc4f38e6b7ac 1.998s
2025-11-19 18:48:34.629 65697 INFO tempest.lib.common.rest_client [req-420fc15e-312f-48a4-b238-0b22ad4c2d9b req-420fc15e-312f-48a4-b238-0b22ad4c2d9b ] Request (ServerRescueTestJSONUnderV235:setUpClass): 200 GET http://10.180.1.21/compute/v2.1/servers/29d94691-9732-4ed4-b67f-5218a96ad1ef 2.528s
2025-11-19 18:48:34.714 65707 INFO tempest.lib.common.rest_client [req-38b1093a-98e3-48f9-9fe5-497b8570ea05 req-38b1093a-98e3-48f9-9fe5-497b8570ea05 ] Request (ServersAdminTestJSON:test_create_server_with_scheduling_hint): 200 GET http://10.180.1.21/compute/v2.1/servers/f8c24cac-9899-44bd-ae51-87fcd9f96d0a 1.891s
2025-11-19 18:48:34.762 65699 INFO tempest.lib.common.rest_client [req-c86f20a5-3997-4a65-ab9b-579ae0aed2bc req-c86f20a5-3997-4a65-ab9b-579ae0aed2bc ] Request (ImagesOneServerNegativeTestJSON:_run_cleanups): 200 POST http://10.180.1.21/compute/v2.1/os-keypairs 1.444s
2025-11-19 18:48:34.770 65685 INFO tempest.lib.common.rest_client [req-129ef568-44ed-4677-80a4-edbc4712efa0 req-129ef568-44ed-4677-80a4-edbc4712efa0 ] Request (FloatingIPsAssociationTestJSON:setUpClass): 200 GET http://10.180.1.21/compute/v2.1/servers/8116f071-1037-40f9-a445-a80295ee9f32 1.963s
2025-11-19 18:48:34.782 65685 INFO tempest.common.waiters [-] State transition "BUILD/spawning" ==> "ACTIVE/None" after 16 second wait
2025-11-19 18:48:34.822 65681 INFO tempest.lib.common.rest_client [req-a0f0b776-5ca6-4c42-be63-17df4e827075 req-a0f0b776-5ca6-4c42-be63-17df4e827075 ] Request (VolumesTestJSON:test_volume_list_with_detail_param_limit): 200 GET http://10.180.1.21/compute/v2.1/os-volumes/detail?limit=2 1.434s
2025-11-19 18:48:34.857 65677 INFO tempest.lib.common.rest_client [req-cb50860a-56bb-47f6-a7fb-b300d5169ede req-cb50860a-56bb-47f6-a7fb-b300d5169ede ] Request (FlavorsAdminTestJSON:test_is_public_string_variations): 200 GET http://10.180.1.21/compute/v2.1/flavors/detail?is_public=t 1.467s
2025-11-19 18:48:34.910 65687 INFO tempest.lib.common.rest_client [req-94a3cb5e-3949-4a1e-8dc9-2489c117706e req-94a3cb5e-3949-4a1e-8dc9-2489c117706e ] Request (AttachInterfacesTestJSON:test_create_list_show_delete_interfaces_by_fixed_ip): 200 GET http://10.180.1.21/compute/v2.1/servers/902670d6-2187-40b7-8163-9468c6b12183/os-interface 1.547s
2025-11-19 18:48:34.917 65711 INFO tempest.lib.common.rest_client [req-22efe98e-87b9-46d9-9a7c-31da15a8dc6b req-22efe98e-87b9-46d9-9a7c-31da15a8dc6b ] Request (ServerTagsTestJSON:_run_cleanups): 204 DELETE http://10.180.1.21/compute/v2.1/servers/2a28c451-3aa1-439e-9d87-05a6b1cf9d5c/tags 1.504s
2025-11-19 18:48:34.939 65671 INFO tempest.lib.common.rest_client [req-f1fa55ca-5bf4-4ab6-803a-c7947d1c576d req-f1fa55ca-5bf4-4ab6-803a-c7947d1c576d ] Request (AggregatesAdminNegativeTestJSON:_run_cleanups): 200 DELETE http://10.180.1.21/compute/v2.1/os-aggregates/8 1.492s
2025-11-19 18:48:34.949 65721 INFO tempest.lib.common.rest_client [req-20ef5a49-58a9-482d-a0ea-16f6a8bfc2a5 req-20ef5a49-58a9-482d-a0ea-16f6a8bfc2a5 ] Request (VolumesNegativeTest:test_create_volume_with_size_zero): 400 POST http://10.180.1.21/compute/v2.1/os-volumes 1.232s
2025-11-19 18:48:34.950 65699 INFO tempest.lib.common.rest_client [req-809c8e3d-4f6f-456a-ab64-f8051ab059d4 req-809c8e3d-4f6f-456a-ab64-f8051ab059d4 ] Request (ImagesOneServerNegativeTestJSON:_run_cleanups): 201 POST http://10.180.1.21/networking/v2.0/security-groups 0.184s
2025-11-19 18:48:35.066 65671 INFO tempest.lib.common.rest_client [req-f9fbd00c-0ce7-42a2-955f-338d834cbbbd req-f9fbd00c-0ce7-42a2-955f-338d834cbbbd ] Request (AggregatesAdminNegativeTestJSON:tearDownClass): 204 DELETE http://10.180.1.21/identity/v3/users/2336d5f81d004c0daf8f6d0bb966bcf6 0.126s
2025-11-19 18:48:35.080 65699 INFO tempest.lib.common.rest_client [req-b15548f4-48c6-49a5-a2b4-e6411ee5bb0e req-b15548f4-48c6-49a5-a2b4-e6411ee5bb0e ] Request (ImagesOneServerNegativeTestJSON:_run_cleanups): 201 POST http://10.180.1.21/networking/v2.0/security-group-rules 0.129s
2025-11-19 18:48:35.101 65730 INFO tempest.lib.common.rest_client [req-4f26f731-5126-49c9-82aa-e866a00f05ac req-4f26f731-5126-49c9-82aa-e866a00f05ac ] Request (SecurityGroupRulesTestJSON:test_security_group_rules_list): 200 GET http://10.180.1.21/compute/v2.1/os-security-groups/349cd993-3312-4f67-bc99-84d9f095017e 1.218s
2025-11-19 18:48:35.116 65675 INFO tempest.lib.common.rest_client [req-3b362870-db7f-4013-a7ba-96b3b10f3948 req-3b362870-db7f-4013-a7ba-96b3b10f3948 ] Request (KeyPairsV2TestJSON:test_get_keypair_detail): 200 GET http://10.180.1.21/compute/v2.1/os-keypairs/tempest-keypair-410328287 1.103s
2025-11-19 18:48:35.118 65690 INFO tempest.lib.common.rest_client [req-d7e08de4-fd55-4165-b2fa-e89f8da802ee req-d7e08de4-fd55-4165-b2fa-e89f8da802ee ] Request (FloatingIPsAssociationNegativeTestJSON:tearDownClass): 200 GET http://10.180.1.21/compute/v2.1/servers/ba71e8b4-2dd9-49c2-a1c9-166ce2151bc6 1.556s
2025-11-19 18:48:35.151 65695 INFO tempest.lib.common.rest_client [req-3ca41fac-e399-4cd3-b1c2-d5d387a1443d req-3ca41fac-e399-4cd3-b1c2-d5d387a1443d ] Request (ServerGroupTestJSON:test_create_delete_server_group_with_affinity_policy): 204 DELETE http://10.180.1.21/compute/v2.1/os-server-groups/bc8382f5-13c3-4558-9ea6-3af4d515a67c 0.955s
2025-11-19 18:48:35.224 65671 INFO tempest.lib.common.rest_client [req-76cd4f37-dba1-4417-ab22-57a3f9d9eceb req-76cd4f37-dba1-4417-ab22-57a3f9d9eceb ] Request (AggregatesAdminNegativeTestJSON:tearDownClass): 204 DELETE http://10.180.1.21/identity/v3/users/153cfc87b21d40899568473a8c77529a 0.157s
2025-11-19 18:48:35.224 65671 INFO tempest.lib.common.dynamic_creds [-] Deleting project and security group for project: b37c52d66d6f4ed8a20466efb4c61f54
2025-11-19 18:48:35.225 65699 INFO tempest.lib.common.rest_client [req-07ff8284-06b5-4c73-8522-1cad69652fe5 req-07ff8284-06b5-4c73-8522-1cad69652fe5 ] Request (ImagesOneServerNegativeTestJSON:_run_cleanups): 201 POST http://10.180.1.21/networking/v2.0/security-group-rules 0.144s
2025-11-19 18:48:35.302 65671 INFO tempest.lib.common.rest_client [req-4c2e64f1-f47a-47cd-a396-4e9a02cedf4e req-4c2e64f1-f47a-47cd-a396-4e9a02cedf4e ] Request (AggregatesAdminNegativeTestJSON:tearDownClass): 201 POST http://10.180.1.21/identity/v3/auth/tokens 0.078s
2025-11-19 18:48:35.340 65717 INFO tempest.lib.common.rest_client [req-7be45cc5-6961-4498-b478-4fe7ff0de09d req-7be45cc5-6961-4498-b478-4fe7ff0de09d ] Request (MigrationsAdminTest:test_list_migrations_in_flavor_resize_situation): 200 GET http://10.180.1.21/compute/v2.1/servers/889a5965-48c7-43bb-945a-2ab8053892c8 1.300s
2025-11-19 18:48:35.367 65691 INFO tempest.lib.common.rest_client [req-1ccaaca8-169a-46ad-9dd4-fdcfe8d0044f req-1ccaaca8-169a-46ad-9dd4-fdcfe8d0044f ] Request (ServersTestJSON:test_create_server_specify_multibyte_character_name): 200 GET http://10.180.1.21/compute/v2.1/servers/0d252380-9967-49f4-a18c-282f2690f806 1.098s
2025-11-19 18:48:35.536 65713 INFO tempest.lib.common.rest_client [req-11eb5c7a-3fd0-482b-9525-580a3f5c067e req-11eb5c7a-3fd0-482b-9525-580a3f5c067e ] Request (ServersTestBootFromVolume:setUpClass): 200 POST http://10.180.1.21/compute/v2.1/os-keypairs 1.197s
2025-11-19 18:48:35.591 65667 INFO tempest.lib.common.rest_client [req-ad1f028f-5375-4e2a-9852-206d7eb0d576 req-ad1f028f-5375-4e2a-9852-206d7eb0d576 ] Request (ImagesTestJSON:test_create_image_from_suspended_server): 200 GET http://10.180.1.21/compute/v2.1/images/dd2ef9c4-4e27-46dd-b0b8-910c2c9543f8 1.157s
2025-11-19 18:48:35.612 65671 INFO tempest.lib.common.rest_client [req-d0b384d1-410d-4e1c-9c04-a7c812af437b req-d0b384d1-410d-4e1c-9c04-a7c812af437b ] Request (AggregatesAdminNegativeTestJSON:tearDownClass): 200 GET http://10.180.1.21/networking/v2.0/security-groups?tenant_id=b37c52d66d6f4ed8a20466efb4c61f54&name=default 0.306s
2025-11-19 18:48:35.817 65713 INFO tempest.lib.common.rest_client [req-d6c61dc2-609a-4e80-bbb9-3769ebb02e2b req-d6c61dc2-609a-4e80-bbb9-3769ebb02e2b ] Request (ServersTestBootFromVolume:setUpClass): 201 POST http://10.180.1.21/networking/v2.0/security-groups 0.278s
2025-11-19 18:48:35.821 65699 INFO tempest.lib.common.rest_client [req-39fd82e5-34a9-47ea-b056-4c829766e69b req-39fd82e5-34a9-47ea-b056-4c829766e69b ] Request (ImagesOneServerNegativeTestJSON:_run_cleanups): 201 POST http://10.180.1.21/networking/v2.0/floatingips 0.595s
2025-11-19 18:48:35.911 65699 INFO tempest.lib.common.rest_client [req-b1c9dd8b-c810-4b0c-b339-958d3783c273 req-b1c9dd8b-c810-4b0c-b339-958d3783c273 ] Request (ImagesOneServerNegativeTestJSON:_run_cleanups): 201 POST http://10.180.1.21/identity/v3/auth/tokens 0.086s
2025-11-19 18:48:35.911 65699 INFO tempest.lib.common.fixed_network [-] (ImagesOneServerNegativeTestJSON:_run_cleanups) Found network {'id': 'bc82a645-19a1-41b2-a434-8d9d7eaba1f9', 'name': 'tempest-ImagesOneServerNegativeTestJSON-1883842481-network', 'tenant_id': 'cfe9871eecf9466c88d1c8b56ace4d12', 'project_id': 'cfe9871eecf9466c88d1c8b56ace4d12', 'admin_state_up': True, 'mtu': 8950, 'status': 'ACTIVE', 'subnets': [], 'shared': False, 'port_security_enabled': True, 'router:external': False, 'provider:network_type': 'vlan', 'provider:physical_network': 'default', 'provider:segmentation_id': 920, 'availability_zone_hints': [], 'availability_zones': [], 'ipv4_address_scope': None, 'ipv6_address_scope': None, 'description': '', 'tags': [], 'created_at': '2025-11-19T18:46:27Z', 'updated_at': '2025-11-19T18:46:27Z', 'revision_number': 1} available for tenant
2025-11-19 18:48:35.916 65671 INFO tempest.lib.common.rest_client [req-abb6b1ac-b8d1-48f3-9640-385c68a9dbaa req-abb6b1ac-b8d1-48f3-9640-385c68a9dbaa ] Request (AggregatesAdminNegativeTestJSON:tearDownClass): 204 DELETE http://10.180.1.21/networking/v2.0/security-groups/dba57919-7402-42f0-a04e-af4ca1c5da77 0.301s
2025-11-19 18:48:35.932 65719 INFO tempest.lib.common.rest_client [req-3318ab41-2a73-4603-972c-3beded4d634b req-3318ab41-2a73-4603-972c-3beded4d634b ] Request (ServerDiskConfigTestJSON:test_rebuild_server_with_manual_disk_config): 200 GET http://10.180.1.21/compute/v2.1/servers/c6c26e84-d6dc-4e10-ba31-ce81cb19b021 1.630s
2025-11-19 18:48:35.940 65719 INFO tempest.common.waiters [-] State transition "BUILD/block_device_mapping" ==> "BUILD/spawning" after 12 second wait
2025-11-19 18:48:36.003 65681 INFO tempest.lib.common.rest_client [req-a89f23a7-aef6-4926-b107-660358bdab5a req-a89f23a7-aef6-4926-b107-660358bdab5a ] Request (VolumesTestJSON:test_volume_list_with_detail_param_offset_and_limit): 200 GET http://10.180.1.21/compute/v2.1/os-volumes/detail 1.171s
2025-11-19 18:48:36.033 65671 INFO tempest.lib.common.rest_client [req-c2f62ff4-3b9f-44d6-aeb6-31e7238328b4 req-c2f62ff4-3b9f-44d6-aeb6-31e7238328b4 ] Request (AggregatesAdminNegativeTestJSON:tearDownClass): 204 DELETE http://10.180.1.21/identity/v3/projects/b37c52d66d6f4ed8a20466efb4c61f54 0.116s
2025-11-19 18:48:36.035 65671 INFO tempest.lib.common.dynamic_creds [-] Deleting project and security group for project: 7ca0cd12b9784b059b1dca60ca3c062b
2025-11-19 18:48:36.041 65677 INFO tempest.lib.common.rest_client [req-2d1ca6e6-b051-46a1-907a-b4214727f100 req-2d1ca6e6-b051-46a1-907a-b4214727f100 ] Request (FlavorsAdminTestJSON:test_is_public_string_variations): 200 GET http://10.180.1.21/compute/v2.1/flavors/detail?is_public=true 1.176s
2025-11-19 18:48:36.064 65713 INFO tempest.lib.common.rest_client [req-7ebbbb2b-b288-4241-9ef3-dede8c1445e4 req-7ebbbb2b-b288-4241-9ef3-dede8c1445e4 ] Request (ServersTestBootFromVolume:setUpClass): 201 POST http://10.180.1.21/networking/v2.0/security-group-rules 0.246s
2025-11-19 18:48:36.137 65711 INFO tempest.lib.common.rest_client [req-41c8984d-2822-464e-9f59-1a545e57ed52 req-41c8984d-2822-464e-9f59-1a545e57ed52 ] Request (ServerTagsTestJSON:test_delete_all_tags): 201 PUT http://10.180.1.21/compute/v2.1/servers/2a28c451-3aa1-439e-9d87-05a6b1cf9d5c/tags/tempest-tag-1523386723 1.219s
2025-11-19 18:48:36.143 65721 INFO tempest.lib.common.rest_client [req-b1348a63-1fbc-47bd-8ad4-06c08ef27cf1 req-b1348a63-1fbc-47bd-8ad4-06c08ef27cf1 ] Request (VolumesNegativeTest:test_create_volume_without_passing_size): 400 POST http://10.180.1.21/compute/v2.1/os-volumes 1.191s
2025-11-19 18:48:36.262 65671 INFO tempest.lib.common.rest_client [req-ad29ab0f-5045-4d33-bb60-56475a92dd6f req-ad29ab0f-5045-4d33-bb60-56475a92dd6f ] Request (AggregatesAdminNegativeTestJSON:tearDownClass): 200 GET http://10.180.1.21/networking/v2.0/security-groups?tenant_id=7ca0cd12b9784b059b1dca60ca3c062b&name=default 0.227s
2025-11-19 18:48:36.365 65713 INFO tempest.lib.common.rest_client [req-ce20c602-5841-4c13-932a-73c40ab9308f req-ce20c602-5841-4c13-932a-73c40ab9308f ] Request (ServersTestBootFromVolume:setUpClass): 201 POST http://10.180.1.21/networking/v2.0/security-group-rules 0.300s
2025-11-19 18:48:36.471 65703 WARNING tempest.lib.common.ssh [-] Failed to establish authenticated ssh connection to cirros@10.180.180.140 ([Errno None] Unable to connect to port 22 on 10.180.180.140). Number attempts: 9. Retry after 10 seconds.: paramiko.ssh_exception.NoValidConnectionsError: [Errno None] Unable to connect to port 22 on 10.180.180.140
2025-11-19 18:48:36.573 65671 INFO tempest.lib.common.rest_client [req-9b129f66-81f4-44b3-ace5-010e32da49bf req-9b129f66-81f4-44b3-ace5-010e32da49bf ] Request (AggregatesAdminNegativeTestJSON:tearDownClass): 204 DELETE http://10.180.1.21/networking/v2.0/security-groups/84e0dd25-838d-46c6-bce6-1be7e771fd15 0.310s
2025-11-19 18:48:36.698 65671 INFO tempest.lib.common.rest_client [req-520d16db-9d96-4334-aa8c-f5902f9719ba req-520d16db-9d96-4334-aa8c-f5902f9719ba ] Request (AggregatesAdminNegativeTestJSON:tearDownClass): 204 DELETE http://10.180.1.21/identity/v3/projects/7ca0cd12b9784b059b1dca60ca3c062b 0.125s
2025-11-19 18:48:36.778 65671 INFO tempest.lib.common.rest_client [req-45db0174-31ee-467f-837a-32c4309d4ec3 req-45db0174-31ee-467f-837a-32c4309d4ec3 ] Request (AZAdminV2TestJSON:setUpClass): 201 POST http://10.180.1.21/identity/v3/auth/tokens 0.078s
2025-11-19 18:48:36.814 65671 INFO tempest.lib.common.rest_client [req-6c728391-bb2a-4a74-9546-d1da81c892e3 req-6c728391-bb2a-4a74-9546-d1da81c892e3 ] Request (AZAdminV2TestJSON:setUpClass): 201 POST http://10.180.1.21/identity/v3/auth/tokens 0.032s
2025-11-19 18:48:36.855 65671 INFO tempest.lib.common.rest_client [req-8514e639-0ac5-47a0-a8eb-fbf004dd62e3 req-8514e639-0ac5-47a0-a8eb-fbf004dd62e3 ] Request (AZAdminV2TestJSON:setUpClass): 200 GET http://10.180.1.21/identity/v3/domains?name=Default 0.041s
2025-11-19 18:48:36.897 65671 INFO tempest.lib.common.rest_client [req-64b1eba8-0035-4e19-a9a9-b51e486bf02f req-64b1eba8-0035-4e19-a9a9-b51e486bf02f ] Request (AZAdminV2TestJSON:setUpClass): 201 POST http://10.180.1.21/identity/v3/projects 0.041s
2025-11-19 18:48:36.954 65713 INFO tempest.lib.common.rest_client [req-a9b70510-ca59-4ab9-9170-7aa19dc5c2f7 req-a9b70510-ca59-4ab9-9170-7aa19dc5c2f7 ] Request (ServersTestBootFromVolume:setUpClass): 201 POST http://10.180.1.21/networking/v2.0/floatingips 0.589s
2025-11-19 18:48:36.966 65730 INFO tempest.lib.common.rest_client [req-bae9cc99-1378-4481-b4a2-2498e5272193 req-bae9cc99-1378-4481-b4a2-2498e5272193 ] Request (SecurityGroupRulesTestJSON:_run_cleanups): 202 DELETE http://10.180.1.21/compute/v2.1/os-security-group-rules/c1da672f-bc63-4d86-a2eb-a4740c962224 1.861s
2025-11-19 18:48:36.977 65671 INFO tempest.lib.common.rest_client [req-4af00eb5-325e-42d5-98a8-2abc82bc3346 req-4af00eb5-325e-42d5-98a8-2abc82bc3346 ] Request (AZAdminV2TestJSON:setUpClass): 201 POST http://10.180.1.21/identity/v3/users 0.079s
2025-11-19 18:48:37.001 65685 INFO tempest.lib.common.rest_client [req-250946ed-7633-48c0-b766-917ff54dc82d req-250946ed-7633-48c0-b766-917ff54dc82d ] Request (FloatingIPsAssociationTestJSON:setUpClass): 200 POST http://10.180.1.21/compute/v2.1/os-floating-ips 2.218s
2025-11-19 18:48:37.028 65675 INFO tempest.lib.common.rest_client [req-50e24e95-faea-4611-85bc-4f008a9f968f req-50e24e95-faea-4611-85bc-4f008a9f968f ] Request (KeyPairsV2TestJSON:_run_cleanups): 202 DELETE http://10.180.1.21/compute/v2.1/os-keypairs/tempest-keypair-410328287 1.909s
2025-11-19 18:48:37.047 65713 INFO tempest.lib.common.rest_client [req-8a141706-c867-4f38-b744-58cc37b8ecfc req-8a141706-c867-4f38-b744-58cc37b8ecfc ] Request (ServersTestBootFromVolume:setUpClass): 201 POST http://10.180.1.21/identity/v3/auth/tokens 0.087s
2025-11-19 18:48:37.050 65713 INFO tempest.lib.common.fixed_network [-] (ServersTestBootFromVolume:setUpClass) Found network {'id': '8581e416-ba57-46b5-b05a-f6091a5bedde', 'name': 'tempest-ServersTestBootFromVolume-394760361-network', 'tenant_id': '7a1e144c71e04d53b5cb67817e9c825d', 'project_id': '7a1e144c71e04d53b5cb67817e9c825d', 'admin_state_up': True, 'mtu': 8950, 'status': 'ACTIVE', 'subnets': [], 'shared': False, 'port_security_enabled': True, 'router:external': False, 'provider:network_type': 'vlan', 'provider:physical_network': 'default', 'provider:segmentation_id': 875, 'availability_zone_hints': [], 'availability_zones': [], 'ipv4_address_scope': None, 'ipv6_address_scope': None, 'description': '', 'tags': [], 'created_at': '2025-11-19T18:48:31Z', 'updated_at': '2025-11-19T18:48:31Z', 'revision_number': 1} available for tenant
2025-11-19 18:48:37.052 65709 INFO tempest.lib.common.rest_client [req-b11245fd-b49b-4ecc-8d7f-c0e8beed866a req-b11245fd-b49b-4ecc-8d7f-c0e8beed866a ] Request (ServerAddressesTestJSON:setUpClass): 200 GET http://10.180.1.21/compute/v2.1/servers/3b5b5274-755e-4dba-af2e-19324c00315e 1.945s
2025-11-19 18:48:37.064 65671 INFO tempest.lib.common.rest_client [req-56ca43be-fb3c-409f-ac1d-b29c852b556f req-56ca43be-fb3c-409f-ac1d-b29c852b556f ] Request (AZAdminV2TestJSON:setUpClass): 200 GET http://10.180.1.21/identity/v3/roles 0.087s
2025-11-19 18:48:37.080 65695 INFO tempest.lib.common.rest_client [req-ef5516be-217b-4de4-a174-486071240bc6 req-ef5516be-217b-4de4-a174-486071240bc6 ] Request (ServerGroupTestJSON:test_create_delete_server_group_with_affinity_policy): 200 GET http://10.180.1.21/compute/v2.1/os-server-groups 1.928s
2025-11-19 18:48:37.099 65683 INFO tempest.lib.common.rest_client [req-57b5ce3a-5f48-4843-8eef-1ce7aa782392 req-57b5ce3a-5f48-4843-8eef-1ce7aa782392 ] Request (ServerAddressesNegativeTestJSON:tearDownClass): 404 GET http://10.180.1.21/compute/v2.1/servers/24c1cf6b-6004-4699-8bb5-705ff7cf45f8 1.944s
2025-11-19 18:48:37.138 65685 INFO tempest.lib.common.rest_client [req-292db9e9-63ca-4ecb-a198-a0e599182e12 req-292db9e9-63ca-4ecb-a198-a0e599182e12 ] Request (FloatingIPsAssociationTestJSON:test_associate_already_associated_floating_ip): 201 POST http://10.180.1.21/identity/v3/auth/tokens 0.128s
2025-11-19 18:48:37.139 65685 INFO tempest.lib.common.fixed_network [-] (FloatingIPsAssociationTestJSON:test_associate_already_associated_floating_ip) Found network {'id': 'e5793996-1392-48b4-af85-d5daee21af65', 'name': 'tempest-FloatingIPsAssociationTestJSON-365193360-network', 'tenant_id': 'fc25a182a43f4f3e8c40c2421b36c9c6', 'project_id': 'fc25a182a43f4f3e8c40c2421b36c9c6', 'admin_state_up': True, 'mtu': 8950, 'status': 'ACTIVE', 'subnets': [], 'shared': False, 'port_security_enabled': True, 'router:external': False, 'provider:network_type': 'vlan', 'provider:physical_network': 'default', 'provider:segmentation_id': 51, 'availability_zone_hints': [], 'availability_zones': [], 'ipv4_address_scope': None, 'ipv6_address_scope': None, 'description': '', 'tags': [], 'created_at': '2025-11-19T18:47:59Z', 'updated_at': '2025-11-19T18:47:59Z', 'revision_number': 1} available for tenant
2025-11-19 18:48:37.171 65669 INFO tempest.lib.common.rest_client [req-185b2895-42ba-4d18-aab7-83ab06e54f1e req-185b2895-42ba-4d18-aab7-83ab06e54f1e ] Request (ServersTestMultiNic:_run_cleanups): 404 GET http://10.180.1.21/compute/v2.1/servers/83d0dec9-dd22-4254-9073-2d30b8bc3004 1.875s
2025-11-19 18:48:37.177 65671 INFO tempest.lib.common.rest_client [req-3cc1e52c-ff30-4fbe-a59e-3f2efa3abe92 req-3cc1e52c-ff30-4fbe-a59e-3f2efa3abe92 ] Request (AZAdminV2TestJSON:setUpClass): 204 PUT http://10.180.1.21/identity/v3/projects/bc10c218e6bd47a8b4472c69d421f7fa/users/490865a3c35f4bfbbe36d9e2eec1408f/roles/749426f8947e44e0aa0fe8d77cd864b2 0.112s
2025-11-19 18:48:37.178 65671 INFO tempest.lib.common.dynamic_creds [-] Dynamic test user 490865a3c35f4bfbbe36d9e2eec1408f is created with scope project and roles: ['member']
2025-11-19 18:48:37.179 65671 INFO tempest.lib.common.dynamic_creds [-] Acquired dynamic creds: credentials: Credentials: {'domain_id': 'default', 'domain_name': 'Default', 'username': 'tempest-AZAdminV2TestJSON-1484515963-project-member', 'project_domain_id': 'default', 'project_domain_name': 'Default', 'project_id': 'bc10c218e6bd47a8b4472c69d421f7fa', 'project_name': 'tempest-AZAdminV2TestJSON-1484515963', 'tenant_id': 'bc10c218e6bd47a8b4472c69d421f7fa', 'tenant_name': 'tempest-AZAdminV2TestJSON-1484515963', 'user_domain_id': 'default', 'user_domain_name': 'Default', 'user_id': '490865a3c35f4bfbbe36d9e2eec1408f', 'system': None}, Network: None, Subnet: None, Router: None
2025-11-19 18:48:37.179 65671 INFO tempest.lib.common.dynamic_creds [-] Created isolated network resources for: credentials: Credentials: {'domain_id': 'default', 'domain_name': 'Default', 'username': 'tempest-AZAdminV2TestJSON-1484515963-project-member', 'project_domain_id': 'default', 'project_domain_name': 'Default', 'project_id': 'bc10c218e6bd47a8b4472c69d421f7fa', 'project_name': 'tempest-AZAdminV2TestJSON-1484515963', 'tenant_id': 'bc10c218e6bd47a8b4472c69d421f7fa', 'tenant_name': 'tempest-AZAdminV2TestJSON-1484515963', 'user_domain_id': 'default', 'user_domain_name': 'Default', 'user_id': '490865a3c35f4bfbbe36d9e2eec1408f', 'system': None}, Network: None, Subnet: None, Router: None
2025-11-19 18:48:37.235 65723 INFO tempest.lib.common.rest_client [req-4f6685f2-b8ab-4881-9ad0-f385f7839694 req-4f6685f2-b8ab-4881-9ad0-f385f7839694 ] Request (ServersAdminNegativeTestJSON:test_migrate_server_invalid_state): 200 GET http://10.180.1.21/compute/v2.1/servers/68e14e88-5764-4978-98a9-d25415b02c9d 2.012s
2025-11-19 18:48:37.305 65671 INFO tempest.lib.common.rest_client [req-73ce37c2-921f-4d64-942e-2b7cdfad9bc1 req-73ce37c2-921f-4d64-942e-2b7cdfad9bc1 ] Request (AZAdminV2TestJSON:setUpClass): 201 POST http://10.180.1.21/identity/v3/auth/tokens 0.123s
2025-11-19 18:48:37.411 65671 INFO tempest.lib.common.rest_client [req-5cb17a03-0bda-4119-987b-b37bfc577065 req-5cb17a03-0bda-4119-987b-b37bfc577065 ] Request (AZAdminV2TestJSON:setUpClass): 201 POST http://10.180.1.21/identity/v3/projects 0.105s
2025-11-19 18:48:37.457 65669 INFO tempest.lib.common.rest_client [req-06431757-3260-4ab4-a816-354981d1302a req-06431757-3260-4ab4-a816-354981d1302a ] Request (ServersTestMultiNic:_run_cleanups): 204 DELETE http://10.180.1.21/networking/v2.0/subnets/eb0cc3f3-62a5-4457-8762-f239d0763d4e 0.285s
2025-11-19 18:48:37.502 65673 INFO tempest.lib.common.rest_client [req-b02e665d-d8f9-4c3f-afd7-7bc50234b92e req-b02e665d-d8f9-4c3f-afd7-7bc50234b92e ] Request (ServersListShow296Test:tearDownClass): 200 GET http://10.180.1.21/compute/v2.1/servers/fca440b5-be5f-4733-9f1b-df608eb94a1f 2.088s
2025-11-19 18:48:37.537 65671 INFO tempest.lib.common.rest_client [req-fb10fa04-0e6a-484f-9ff9-f7af97a7804e req-fb10fa04-0e6a-484f-9ff9-f7af97a7804e ] Request (AZAdminV2TestJSON:setUpClass): 201 POST http://10.180.1.21/identity/v3/users 0.125s
2025-11-19 18:48:37.576 65671 INFO tempest.lib.common.rest_client [req-f4c3028c-f0ad-42c3-9402-5e1afacf8a95 req-f4c3028c-f0ad-42c3-9402-5e1afacf8a95 ] Request (AZAdminV2TestJSON:setUpClass): 200 GET http://10.180.1.21/identity/v3/roles 0.039s
2025-11-19 18:48:37.623 65671 INFO tempest.lib.common.rest_client [req-baeaf932-8688-40e9-95f2-fcda22e2778a req-baeaf932-8688-40e9-95f2-fcda22e2778a ] Request (AZAdminV2TestJSON:setUpClass): 204 PUT http://10.180.1.21/identity/v3/projects/3b22ac91c54648d18c1c843acc81cce4/users/af48a6f6d8e04801b9ef5367873a8130/roles/8240286be26c4c2f96d2532b856ddd40 0.045s
2025-11-19 18:48:37.681 65713 INFO tempest.lib.common.rest_client [req-29e68d0b-8c81-4f57-8480-f2d9b8bcdff5 req-29e68d0b-8c81-4f57-8480-f2d9b8bcdff5 ] Request (ServersTestBootFromVolume:setUpClass): 202 POST http://10.180.1.21/volume/v3/volumes 0.629s
2025-11-19 18:48:37.692 65671 INFO tempest.lib.common.rest_client [req-1568056d-9ff0-4867-9974-b82d4e4a0910 req-1568056d-9ff0-4867-9974-b82d4e4a0910 ] Request (AZAdminV2TestJSON:setUpClass): 200 GET http://10.180.1.21/identity/v3/roles 0.069s
2025-11-19 18:48:37.715 65671 INFO tempest.lib.common.rest_client [req-27797559-ff43-4f6a-838a-f2ecfc3b4ee4 req-27797559-ff43-4f6a-838a-f2ecfc3b4ee4 ] Request (AZAdminV2TestJSON:setUpClass): 204 PUT http://10.180.1.21/identity/v3/projects/3b22ac91c54648d18c1c843acc81cce4/users/af48a6f6d8e04801b9ef5367873a8130/roles/8240286be26c4c2f96d2532b856ddd40 0.022s
2025-11-19 18:48:37.716 65671 INFO tempest.lib.common.dynamic_creds [-] Dynamic test user af48a6f6d8e04801b9ef5367873a8130 is created with scope project and roles: ['admin']
2025-11-19 18:48:37.716 65671 INFO tempest.lib.common.dynamic_creds [-] Acquired dynamic creds: credentials: Credentials: {'domain_id': 'default', 'domain_name': 'Default', 'username': 'tempest-AZAdminV2TestJSON-543090758-project-admin', 'project_domain_id': 'default', 'project_domain_name': 'Default', 'project_id': '3b22ac91c54648d18c1c843acc81cce4', 'project_name': 'tempest-AZAdminV2TestJSON-543090758', 'tenant_id': '3b22ac91c54648d18c1c843acc81cce4', 'tenant_name': 'tempest-AZAdminV2TestJSON-543090758', 'user_domain_id': 'default', 'user_domain_name': 'Default', 'user_id': 'af48a6f6d8e04801b9ef5367873a8130', 'system': None}, Network: None, Subnet: None, Router: None
2025-11-19 18:48:37.716 65671 INFO tempest.lib.common.dynamic_creds [-] Created isolated network resources for: credentials: Credentials: {'domain_id': 'default', 'domain_name': 'Default', 'username': 'tempest-AZAdminV2TestJSON-543090758-project-admin', 'project_domain_id': 'default', 'project_domain_name': 'Default', 'project_id': '3b22ac91c54648d18c1c843acc81cce4', 'project_name': 'tempest-AZAdminV2TestJSON-543090758', 'tenant_id': '3b22ac91c54648d18c1c843acc81cce4', 'tenant_name': 'tempest-AZAdminV2TestJSON-543090758', 'user_domain_id': 'default', 'user_domain_name': 'Default', 'user_id': 'af48a6f6d8e04801b9ef5367873a8130', 'system': None}, Network: None, Subnet: None, Router: None
2025-11-19 18:48:37.743 65713 INFO tempest.lib.common.rest_client [req-9872dbb5-32ae-4a26-8ce7-9dd1699d6cc7 req-9872dbb5-32ae-4a26-8ce7-9dd1699d6cc7 ] Request (ServersTestBootFromVolume:setUpClass): 200 GET http://10.180.1.21/volume/v3/volumes/2f4225e3-1e47-4627-a4bd-fa0b32db684d 0.050s
2025-11-19 18:48:37.895 65671 INFO tempest.lib.common.rest_client [req-b42d57bc-5855-4fe6-b67f-d1dabd0c9a32 req-b42d57bc-5855-4fe6-b67f-d1dabd0c9a32 ] Request (AZAdminV2TestJSON:setUpClass): 201 POST http://10.180.1.21/identity/v3/auth/tokens 0.176s
2025-11-19 18:48:38.004 65669 INFO tempest.lib.common.rest_client [req-d4b482d4-f02a-474f-a5b2-95067fc7859f req-d4b482d4-f02a-474f-a5b2-95067fc7859f ] Request (ServersTestMultiNic:_run_cleanups): 204 DELETE http://10.180.1.21/networking/v2.0/networks/74a0cd82-10b7-4bfc-866d-df9deec12a99 0.547s
2025-11-19 18:48:38.036 65715 INFO tempest.lib.common.rest_client [req-2f0ee0b7-05a1-49b9-8668-a7e0958a3cf9 req-2f0ee0b7-05a1-49b9-8668-a7e0958a3cf9 ] Request (ServerRescueTestJSON:test_rescue_unrescue_instance): 200 GET http://10.180.1.21/compute/v2.1/servers/ffb45d00-62f0-4735-8b19-d83d25c9ba49 2.558s
2025-11-19 18:48:38.080 65705 INFO tempest.lib.common.rest_client [req-6f499f23-e4b0-4fb1-a8c1-18052031c8f4 req-6f499f23-e4b0-4fb1-a8c1-18052031c8f4 ] Request (AttachInterfacesUnderV243Test:test_add_remove_fixed_ip): 200 GET http://10.180.1.21/compute/v2.1/servers/047e67a7-f747-4c6b-b73c-a1d54ce53bc7 2.640s
2025-11-19 18:48:38.088 65705 INFO tempest.common.waiters [-] State transition "BUILD/spawning" ==> "ACTIVE/None" after 19 second wait
2025-11-19 18:48:38.207 65669 INFO tempest.lib.common.rest_client [req-f1d6bb3d-0362-4765-9cbf-cfef73874923 req-f1d6bb3d-0362-4765-9cbf-cfef73874923 ] Request (ServersTestMultiNic:_run_cleanups): 204 DELETE http://10.180.1.21/networking/v2.0/subnets/6190e9a8-d712-4fe5-ae10-4c1aae84a6c2 0.202s
2025-11-19 18:48:38.233 65693 INFO tempest.lib.common.rest_client [req-7479e714-a900-40cb-b5be-35e9055a9a0c req-7479e714-a900-40cb-b5be-35e9055a9a0c ] Request (ServerDiagnosticsTest:test_get_server_diagnostics): 200 GET http://10.180.1.21/compute/v2.1/servers/189168f9-883a-46ac-a347-cc4f38e6b7ac 2.642s
2025-11-19 18:48:38.242 65683 INFO tempest.lib.common.rest_client [req-9bc3bff6-ade0-4b8f-8fb2-56e72cfa397e req-9bc3bff6-ade0-4b8f-8fb2-56e72cfa397e ] Request (ServerAddressesNegativeTestJSON:tearDownClass): 200 PUT http://10.180.1.21/networking/v2.0/routers/3bb4bfd2-88ad-49e1-b18c-b6ee72c0e30b/remove_router_interface 1.143s
2025-11-19 18:48:38.627 65669 INFO tempest.lib.common.rest_client [req-aae8b21f-a702-4d1a-b9d3-ea7f492beeed req-aae8b21f-a702-4d1a-b9d3-ea7f492beeed ] Request (ServersTestMultiNic:_run_cleanups): 204 DELETE http://10.180.1.21/networking/v2.0/networks/cdc00a3d-0ee5-45b1-8766-091a6bf1702c 0.419s
2025-11-19 18:48:38.660 65707 INFO tempest.lib.common.rest_client [req-9d89f464-072d-44c8-9bf3-89d9af5fbffa req-9d89f464-072d-44c8-9bf3-89d9af5fbffa ] Request (ServersAdminTestJSON:test_create_server_with_scheduling_hint): 200 GET http://10.180.1.21/compute/v2.1/servers/f8c24cac-9899-44bd-ae51-87fcd9f96d0a 2.935s
2025-11-19 18:48:38.695 65697 INFO tempest.lib.common.rest_client [req-20bdb471-87a2-4ef2-8421-76d396fba3b4 req-20bdb471-87a2-4ef2-8421-76d396fba3b4 ] Request (ServerRescueTestJSONUnderV235:setUpClass): 200 GET http://10.180.1.21/compute/v2.1/servers/29d94691-9732-4ed4-b67f-5218a96ad1ef 3.056s
2025-11-19 18:48:38.804 65713 INFO tempest.lib.common.rest_client [req-701f2ec1-6cfd-464a-87ae-9df09ef20bbf req-701f2ec1-6cfd-464a-87ae-9df09ef20bbf ] Request (ServersTestBootFromVolume:setUpClass): 200 GET http://10.180.1.21/volume/v3/volumes/2f4225e3-1e47-4627-a4bd-fa0b32db684d 0.050s
2025-11-19 18:48:38.835 65669 INFO tempest.lib.common.rest_client [req-7225eae1-7638-43bd-a9e8-6d22aeaa3d55 req-7225eae1-7638-43bd-a9e8-6d22aeaa3d55 ] Request (ServersTestMultiNic:test_verify_multiple_nics_order): 201 POST http://10.180.1.21/networking/v2.0/networks 0.206s
2025-11-19 18:48:38.882 65683 INFO tempest.lib.common.rest_client [req-45fee62a-6c49-43d6-814b-b118169cf8a8 req-45fee62a-6c49-43d6-814b-b118169cf8a8 ] Request (ServerAddressesNegativeTestJSON:tearDownClass): 204 DELETE http://10.180.1.21/networking/v2.0/routers/3bb4bfd2-88ad-49e1-b18c-b6ee72c0e30b 0.639s
2025-11-19 18:48:38.924 65687 INFO tempest.lib.common.rest_client [req-8cf2b015-de22-4874-a33e-63af8616af88 req-8cf2b015-de22-4874-a33e-63af8616af88 ] Request (AttachInterfacesTestJSON:test_create_list_show_delete_interfaces_by_fixed_ip): 200 GET http://10.180.1.21/compute/v2.1/servers/902670d6-2187-40b7-8163-9468c6b12183/os-interface 3.008s
2025-11-19 18:48:39.007 65681 INFO tempest.lib.common.rest_client [req-399d7fd4-f8ab-4002-b0e1-ee5a8830af88 req-399d7fd4-f8ab-4002-b0e1-ee5a8830af88 ] Request (VolumesTestJSON:test_volume_list_with_detail_param_offset_and_limit): 200 GET http://10.180.1.21/compute/v2.1/os-volumes/detail?offset=1&limit=1 2.997s
2025-11-19 18:48:39.030 65677 INFO tempest.lib.common.rest_client [req-bd8c0adb-e324-440d-a4b4-6d5ce53bebda req-bd8c0adb-e324-440d-a4b4-6d5ce53bebda ] Request (FlavorsAdminTestJSON:test_is_public_string_variations): 200 GET http://10.180.1.21/compute/v2.1/flavors/detail?is_public=yes 2.983s
2025-11-19 18:48:39.080 65683 INFO tempest.lib.common.rest_client [req-a3bdb9a6-aefc-4db0-8834-5d0d2019ffd5 req-a3bdb9a6-aefc-4db0-8834-5d0d2019ffd5 ] Request (ServerAddressesNegativeTestJSON:tearDownClass): 204 DELETE http://10.180.1.21/networking/v2.0/subnets/703d8deb-48bd-47f2-a749-30b12a97ba05 0.197s
2025-11-19 18:48:39.112 65690 INFO tempest.lib.common.rest_client [req-cf8a7a6a-3c52-4349-bc25-098302f7396d req-cf8a7a6a-3c52-4349-bc25-098302f7396d ] Request (FloatingIPsAssociationNegativeTestJSON:tearDownClass): 200 GET http://10.180.1.21/compute/v2.1/servers/ba71e8b4-2dd9-49c2-a1c9-166ce2151bc6 2.982s
2025-11-19 18:48:39.120 65690 INFO tempest.common.waiters [-] State transition "ACTIVE/deleting" ==> "DELETED/None" after 4 second wait
2025-11-19 18:48:39.127 65669 INFO tempest.lib.common.rest_client [req-98a2031b-371d-483c-8599-73a6f0837646 req-98a2031b-371d-483c-8599-73a6f0837646 ] Request (ServersTestMultiNic:test_verify_multiple_nics_order): 201 POST http://10.180.1.21/networking/v2.0/subnets 0.291s
2025-11-19 18:48:39.171 65711 INFO tempest.lib.common.rest_client [req-a5db582c-b918-4bf4-99b5-dbaf3e3665c6 req-a5db582c-b918-4bf4-99b5-dbaf3e3665c6 ] Request (ServerTagsTestJSON:test_delete_all_tags): 201 PUT http://10.180.1.21/compute/v2.1/servers/2a28c451-3aa1-439e-9d87-05a6b1cf9d5c/tags/tempest-tag-1937391488 3.032s
2025-11-19 18:48:39.193 65721 INFO tempest.lib.common.rest_client [req-e594b0f7-dda0-4903-99d1-4ddca217b68b req-e594b0f7-dda0-4903-99d1-4ddca217b68b ] Request (VolumesNegativeTest:test_delete_invalid_volume_id): 404 DELETE http://10.180.1.21/compute/v2.1/os-volumes/tempest-invalid-1757135076 3.044s
2025-11-19 18:48:39.315 65669 INFO tempest.lib.common.rest_client [req-e7674715-6444-49f8-bf98-2e0d3158ef41 req-e7674715-6444-49f8-bf98-2e0d3158ef41 ] Request (ServersTestMultiNic:test_verify_multiple_nics_order): 201 POST http://10.180.1.21/networking/v2.0/networks 0.187s
2025-11-19 18:48:39.419 65683 INFO tempest.lib.common.rest_client [req-c7df1531-d010-4681-878d-283aa4e2d445 req-c7df1531-d010-4681-878d-283aa4e2d445 ] Request (ServerAddressesNegativeTestJSON:tearDownClass): 204 DELETE http://10.180.1.21/networking/v2.0/networks/4e2ddcf9-e123-4082-930a-38684269aab7 0.338s
2025-11-19 18:48:39.535 65717 INFO tempest.lib.common.rest_client [req-89123748-0320-4491-b11f-911ddfbbe263 req-89123748-0320-4491-b11f-911ddfbbe263 ] Request (MigrationsAdminTest:test_list_migrations_in_flavor_resize_situation): 200 GET http://10.180.1.21/compute/v2.1/servers/889a5965-48c7-43bb-945a-2ab8053892c8 3.182s
2025-11-19 18:48:39.562 65683 INFO tempest.lib.common.rest_client [req-9e3c3e2b-3e03-4481-bd87-f6805fc1800b req-9e3c3e2b-3e03-4481-bd87-f6805fc1800b ] Request (ServerAddressesNegativeTestJSON:tearDownClass): 204 DELETE http://10.180.1.21/identity/v3/users/7f08e370dfa844ca845c716aba7ebece 0.142s
2025-11-19 18:48:39.562 65683 INFO tempest.lib.common.dynamic_creds [-] Deleting project and security group for project: 339c054c8a664b479342ef2545f1fef9
2025-11-19 18:48:39.587 65699 INFO tempest.lib.common.rest_client [req-7fcde01c-f9b5-435e-bf31-c331126813f9 req-7fcde01c-f9b5-435e-bf31-c331126813f9 ] Request (ImagesOneServerNegativeTestJSON:_run_cleanups): 202 POST http://10.180.1.21/compute/v2.1/servers 3.674s
2025-11-19 18:48:39.594 65683 INFO tempest.lib.common.rest_client [req-b4f09814-ea52-48f0-9800-f71fe29666bf req-b4f09814-ea52-48f0-9800-f71fe29666bf ] Request (ServerAddressesNegativeTestJSON:tearDownClass): 200 GET http://10.180.1.21/networking/v2.0/security-groups?tenant_id=339c054c8a664b479342ef2545f1fef9&name=default 0.031s
2025-11-19 18:48:39.630 65667 INFO tempest.lib.common.rest_client [req-264e947d-421f-47eb-ab80-e92c296a7d1a req-264e947d-421f-47eb-ab80-e92c296a7d1a ] Request (ImagesTestJSON:test_create_image_from_suspended_server): 200 GET http://10.180.1.21/compute/v2.1/images/dd2ef9c4-4e27-46dd-b0b8-910c2c9543f8 3.034s
2025-11-19 18:48:39.653 65669 INFO tempest.lib.common.rest_client [req-8bea1c53-f0c1-4dc5-8c30-c025cc519ce7 req-8bea1c53-f0c1-4dc5-8c30-c025cc519ce7 ] Request (ServersTestMultiNic:test_verify_multiple_nics_order): 201 POST http://10.180.1.21/networking/v2.0/subnets 0.337s
2025-11-19 18:48:39.713 65669 INFO tempest.lib.common.rest_client [req-b5804540-3916-42f0-a9b0-7fac0174af25 req-b5804540-3916-42f0-a9b0-7fac0174af25 ] Request (ServersTestMultiNic:test_verify_multiple_nics_order): 201 POST http://10.180.1.21/identity/v3/auth/tokens 0.057s
2025-11-19 18:48:39.714 65669 INFO tempest.lib.common.fixed_network [-] (ServersTestMultiNic:test_verify_multiple_nics_order) Found network {'id': 'b801c309-6dbb-42da-9497-6bb6fd7f1165', 'name': 'tempest-ServersTestMultiNic-1647425337-network', 'tenant_id': '882926defb894b4ca2e0c1826f375b0d', 'project_id': '882926defb894b4ca2e0c1826f375b0d', 'admin_state_up': True, 'mtu': 8950, 'status': 'ACTIVE', 'subnets': [], 'shared': False, 'port_security_enabled': True, 'router:external': False, 'provider:network_type': 'vlan', 'provider:physical_network': 'default', 'provider:segmentation_id': 193, 'availability_zone_hints': [], 'availability_zones': [], 'ipv4_address_scope': None, 'ipv6_address_scope': None, 'description': '', 'tags': [], 'created_at': '2025-11-19T18:47:26Z', 'updated_at': '2025-11-19T18:47:26Z', 'revision_number': 1} available for tenant
2025-11-19 18:48:39.771 65683 INFO tempest.lib.common.rest_client [req-82e55529-68ab-47e9-9847-23f39780e9cf req-82e55529-68ab-47e9-9847-23f39780e9cf ] Request (ServerAddressesNegativeTestJSON:tearDownClass): 204 DELETE http://10.180.1.21/networking/v2.0/security-groups/766f2879-43f7-4902-b3ae-2f1232806292 0.177s
2025-11-19 18:48:39.772 65691 INFO tempest.lib.common.rest_client [req-10528ba0-7927-4b99-9a27-b312147a1084 req-10528ba0-7927-4b99-9a27-b312147a1084 ] Request (ServersTestJSON:test_create_server_specify_multibyte_character_name): 200 GET http://10.180.1.21/compute/v2.1/servers/0d252380-9967-49f4-a18c-282f2690f806 3.396s
2025-11-19 18:48:39.784 65691 INFO tempest.common.waiters [-] State transition "BUILD/spawning" ==> "ACTIVE/None" after 21 second wait
2025-11-19 18:48:39.811 65719 INFO tempest.lib.common.rest_client [req-ef37fb11-7062-4521-9cbf-c45e2bddab29 req-ef37fb11-7062-4521-9cbf-c45e2bddab29 ] Request (ServerDiskConfigTestJSON:test_rebuild_server_with_manual_disk_config): 200 GET http://10.180.1.21/compute/v2.1/servers/c6c26e84-d6dc-4e10-ba31-ce81cb19b021 2.870s
2025-11-19 18:48:39.856 65691 INFO tempest.lib.common.rest_client [req-85c8be1f-240b-4e10-83f5-e5f2e0be5b60 req-85c8be1f-240b-4e10-83f5-e5f2e0be5b60 ] Request (ServersTestJSON:test_create_server_with_admin_password): 201 POST http://10.180.1.21/identity/v3/auth/tokens 0.067s
2025-11-19 18:48:39.856 65691 INFO tempest.lib.common.fixed_network [-] (ServersTestJSON:test_create_server_with_admin_password) Found network {'id': '2856de00-f723-41b5-8ee3-88be8adf0f1b', 'name': 'tempest-ServersTestJSON-1059004839-network', 'tenant_id': '1bae1c5f661b4a28a535e0476d323069', 'project_id': '1bae1c5f661b4a28a535e0476d323069', 'admin_state_up': True, 'mtu': 8950, 'status': 'ACTIVE', 'subnets': [], 'shared': False, 'port_security_enabled': True, 'router:external': False, 'provider:network_type': 'vlan', 'provider:physical_network': 'default', 'provider:segmentation_id': 308, 'availability_zone_hints': [], 'availability_zones': [], 'ipv4_address_scope': None, 'ipv6_address_scope': None, 'description': '', 'tags': [], 'created_at': '2025-11-19T18:48:01Z', 'updated_at': '2025-11-19T18:48:01Z', 'revision_number': 1} available for tenant
2025-11-19 18:48:39.861 65713 INFO tempest.lib.common.rest_client [req-0bb29da9-168b-4654-b8ab-4b6045ea7d63 req-0bb29da9-168b-4654-b8ab-4b6045ea7d63 ] Request (ServersTestBootFromVolume:setUpClass): 200 GET http://10.180.1.21/volume/v3/volumes/2f4225e3-1e47-4627-a4bd-fa0b32db684d 0.044s
2025-11-19 18:48:39.865 65675 INFO tempest.lib.common.rest_client [req-7aafef77-4f41-47f6-9653-021fb148f5b3 req-7aafef77-4f41-47f6-9653-021fb148f5b3 ] Request (KeyPairsV2TestJSON:test_keypair_create_delete): 200 POST http://10.180.1.21/compute/v2.1/os-keypairs 2.835s
2025-11-19 18:48:39.893 65683 INFO tempest.lib.common.rest_client [req-bcaeec63-327e-45b3-9def-8c11aa5c2dfd req-bcaeec63-327e-45b3-9def-8c11aa5c2dfd ] Request (ServerAddressesNegativeTestJSON:tearDownClass): 204 DELETE http://10.180.1.21/identity/v3/projects/339c054c8a664b479342ef2545f1fef9 0.121s
2025-11-19 18:48:39.916 65730 INFO tempest.lib.common.rest_client [req-0e25008d-267e-4c91-8523-fa2f78772557 req-0e25008d-267e-4c91-8523-fa2f78772557 ] Request (SecurityGroupRulesTestJSON:tearDownClass): 202 DELETE http://10.180.1.21/compute/v2.1/os-security-groups/349cd993-3312-4f67-bc99-84d9f095017e 2.948s
2025-11-19 18:48:39.929 65695 INFO tempest.lib.common.rest_client [req-c07fc7d8-67d4-4545-86ab-1b810912646f req-c07fc7d8-67d4-4545-86ab-1b810912646f ] Request (ServerGroupTestJSON:test_create_delete_server_group_with_anti_affinity_policy): 200 POST http://10.180.1.21/compute/v2.1/os-server-groups 2.846s
2025-11-19 18:48:39.962 65683 INFO tempest.lib.common.rest_client [req-e97d5443-703b-4459-b8a2-8d9dd9e20575 req-e97d5443-703b-4459-b8a2-8d9dd9e20575 ] Request (ServerShowV247Test:setUpClass): 201 POST http://10.180.1.21/identity/v3/auth/tokens 0.066s
2025-11-19 18:48:39.995 65683 INFO tempest.lib.common.rest_client [req-b08ea044-1b87-4f26-a109-0dfa35092cf9 req-b08ea044-1b87-4f26-a109-0dfa35092cf9 ] Request (ServerShowV247Test:setUpClass): 201 POST http://10.180.1.21/identity/v3/auth/tokens 0.030s
2025-11-19 18:48:40.023 65683 INFO tempest.lib.common.rest_client [req-0243a63f-dad6-4efc-8a58-f9ba9a419924 req-0243a63f-dad6-4efc-8a58-f9ba9a419924 ] Request (ServerShowV247Test:setUpClass): 200 GET http://10.180.1.21/identity/v3/domains?name=Default 0.027s
2025-11-19 18:48:40.062 65671 INFO tempest.lib.common.rest_client [req-c2021c1a-ded2-4295-a513-f9a245ff69a4 req-c2021c1a-ded2-4295-a513-f9a245ff69a4 ] Request (AZAdminV2TestJSON:test_get_availability_zone_list): 200 GET http://10.180.1.21/compute/v2.1/os-availability-zone 2.166s
