2025-11-19 18:46:54.782 65730 INFO tempest.lib.common.rest_client [req-8b4fb5fd-3407-4d68-9e1f-223b108779f2 req-8b4fb5fd-3407-4d68-9e1f-223b108779f2 ] Request (FloatingIPDetailsTestJSON:_run_cleanups): 202 DELETE http://10.180.1.21/compute/v2.1/os-floating-ips/dc424d15-3204-49fd-b24b-bc58470658fb 4.884s
2025-11-19 18:46:54.823 65685 INFO tempest.lib.common.rest_client [req-4a6895f7-e829-4b9b-b647-520c80a3d197 req-4a6895f7-e829-4b9b-b647-520c80a3d197 ] Request (FlavorsAccessTestJSON:_run_cleanups): 200 GET http://10.180.1.21/compute/v2.1/flavors/detail 4.310s
2025-11-19 18:46:55.017 65685 INFO tempest.lib.common.rest_client [req-29fc29ec-bdd0-4021-ba98-1b0c2059fb9a req-29fc29ec-bdd0-4021-ba98-1b0c2059fb9a ] Request (FlavorsAccessTestJSON:tearDownClass): 204 DELETE http://10.180.1.21/identity/v3/users/16f110d091e1476f858f911d0852722f 0.184s
2025-11-19 18:46:55.159 65685 INFO tempest.lib.common.rest_client [req-154ab945-a5e2-4a34-a0ee-ee3d5e869611 req-154ab945-a5e2-4a34-a0ee-ee3d5e869611 ] Request (FlavorsAccessTestJSON:tearDownClass): 204 DELETE http://10.180.1.21/identity/v3/users/5fac652c697545858727fbe27875824a 0.140s
2025-11-19 18:46:55.160 65685 INFO tempest.lib.common.dynamic_creds [-] Deleting project and security group for project: bd6ec64d44f544abb336299e545ad2b0
2025-11-19 18:46:55.230 65685 INFO tempest.lib.common.rest_client [req-11557040-970c-40e0-823a-e9ef3afa3c5c req-11557040-970c-40e0-823a-e9ef3afa3c5c ] Request (FlavorsAccessTestJSON:tearDownClass): 201 POST http://10.180.1.21/identity/v3/auth/tokens 0.070s
2025-11-19 18:46:55.508 65679 INFO tempest.lib.common.rest_client [req-6bcbe42e-452d-4e28-a726-141c4e7386ba req-6bcbe42e-452d-4e28-a726-141c4e7386ba ] Request (ServersV294TestFqdnHostnames:setUpClass): 201 POST http://10.180.1.21/networking/v2.0/routers 1.360s
2025-11-19 18:46:55.524 65709 INFO tempest.lib.common.rest_client [req-0c0d7d8c-5691-4c64-81f8-9fffc7cbfd8b req-0c0d7d8c-5691-4c64-81f8-9fffc7cbfd8b ] Request (ServersTestFqdnHostnames:test_create_server_with_fqdn_name): 200 PUT http://10.180.1.21/networking/v2.0/floatingips/56facc2f-004b-4802-94c5-67297e41b72d 1.122s
2025-11-19 18:46:55.526 65709 INFO tempest.lib.common.ssh [-] Creating ssh connection to '10.180.180.148:22' as 'cirros' with public key authentication
2025-11-19 18:46:55.976 65685 INFO tempest.lib.common.rest_client [req-28044b3d-0996-4c31-a2e3-99cb789cf9a5 req-28044b3d-0996-4c31-a2e3-99cb789cf9a5 ] Request (FlavorsAccessTestJSON:tearDownClass): 200 GET http://10.180.1.21/networking/v2.0/security-groups?tenant_id=bd6ec64d44f544abb336299e545ad2b0&name=default 0.745s
2025-11-19 18:46:56.420 65711 INFO tempest.lib.common.rest_client [req-ff4b952b-537b-41b4-91a5-5eb2b37c16cc req-ff4b952b-537b-41b4-91a5-5eb2b37c16cc ] Request (InstanceActionsNegativeTestJSON:setUpClass): 200 GET http://10.180.1.21/compute/v2.1/servers/84a013e9-1697-4ebd-82e9-a5b3ce2451ff 5.834s
2025-11-19 18:46:56.529 65685 INFO tempest.lib.common.rest_client [req-da3dddd0-f4a1-4c84-b2d9-1ebb680e272e req-da3dddd0-f4a1-4c84-b2d9-1ebb680e272e ] Request (FlavorsAccessTestJSON:tearDownClass): 204 DELETE http://10.180.1.21/networking/v2.0/security-groups/d115d12d-93fd-40f2-9cdc-76334b76c419 0.553s
2025-11-19 18:46:56.541 65673 INFO tempest.lib.common.rest_client [req-141a4c49-1a2e-4023-adbb-e662e6e1969e req-141a4c49-1a2e-4023-adbb-e662e6e1969e ] Request (FloatingIPsTestJSON:test_allocate_floating_ip): 200 GET http://10.180.1.21/compute/v2.1/os-floating-ips 6.083s
2025-11-19 18:46:56.644 65685 INFO tempest.lib.common.rest_client [req-95b24e8f-95ba-4bb8-a648-a841b3c729c6 req-95b24e8f-95ba-4bb8-a648-a841b3c729c6 ] Request (FlavorsAccessTestJSON:tearDownClass): 204 DELETE http://10.180.1.21/identity/v3/projects/bd6ec64d44f544abb336299e545ad2b0 0.114s
2025-11-19 18:46:56.644 65685 INFO tempest.lib.common.dynamic_creds [-] Deleting project and security group for project: f2f109327fa74d3da24c81a4fe325a35
2025-11-19 18:46:56.741 65679 INFO tempest.lib.common.rest_client [req-8e4faab4-0e34-493c-9295-02d6e50626a9 req-8e4faab4-0e34-493c-9295-02d6e50626a9 ] Request (ServersV294TestFqdnHostnames:setUpClass): 200 PUT http://10.180.1.21/networking/v2.0/routers/b72d7878-ea26-4693-8628-9b43c42d6d4a/add_router_interface 1.232s
2025-11-19 18:46:56.741 65679 INFO tempest.lib.common.dynamic_creds [-] Created isolated network resources for: credentials: Credentials: {'domain_id': 'default', 'domain_name': 'Default', 'username': 'tempest-ServersV294TestFqdnHostnames-1873851894-project-member', 'project_domain_id': 'default', 'project_domain_name': 'Default', 'project_id': '6d9c75054dc84a0aac6207adaba2f48c', 'project_name': 'tempest-ServersV294TestFqdnHostnames-1873851894', 'tenant_id': '6d9c75054dc84a0aac6207adaba2f48c', 'tenant_name': 'tempest-ServersV294TestFqdnHostnames-1873851894', 'user_domain_id': 'default', 'user_domain_name': 'Default', 'user_id': '17d60fa287894cbb94a57c251248b27a', 'system': None}, Network: {'id': '9e3f4c97-fe58-44b7-a6ff-3c96d34a576d', 'name': 'tempest-ServersV294TestFqdnHostnames-148815106-network', 'tenant_id': '6d9c75054dc84a0aac6207adaba2f48c', 'project_id': '6d9c75054dc84a0aac6207adaba2f48c', 'admin_state_up': True, 'mtu': 8950, 'status': 'ACTIVE', 'subnets': [], 'shared': False, 'port_security_enabled': True, 'router:external': False, 'provider:network_type': 'vlan', 'provider:physical_network': 'default', 'provider:segmentation_id': 229, 'availability_zone_hints': [], 'availability_zones': [], 'ipv4_address_scope': None, 'ipv6_address_scope': None, 'description': '', 'tags': [], 'created_at': '2025-11-19T18:46:52Z', 'updated_at': '2025-11-19T18:46:52Z', 'revision_number': 1}, Subnet: {'id': '1e5e9661-021f-4b39-91b2-239729898a10', 'name': 'tempest-ServersV294TestFqdnHostnames-148815106-subnet', 'tenant_id': '6d9c75054dc84a0aac6207adaba2f48c', 'network_id': '9e3f4c97-fe58-44b7-a6ff-3c96d34a576d', 'ip_version': 4, 'subnetpool_id': None, 'enable_dhcp': True, 'ipv6_ra_mode': None, 'ipv6_address_mode': None, 'gateway_ip': '192.168.128.1', 'cidr': '192.168.128.0/28', 'allocation_pools': [{'start': '192.168.128.2', 'end': '192.168.128.14'}], 'host_routes': [], 'dns_nameservers': [], 'description': '', 'router:external': False, 'service_types': [], 'tags': [], 'created_at': '2025-11-19T18:46:54Z', 'updated_at': '2025-11-19T18:46:54Z', 'revision_number': 0, 'project_id': '6d9c75054dc84a0aac6207adaba2f48c'}, Router: {'id': 'b72d7878-ea26-4693-8628-9b43c42d6d4a', 'name': 'tempest-ServersV294TestFqdnHostnames-148815106-router', 'tenant_id': '6d9c75054dc84a0aac6207adaba2f48c', 'admin_state_up': True, 'status': 'ACTIVE', 'external_gateway_info': {'network_id': 'dcc9690b-5351-417b-bd1f-b51cdd11c0a2', 'external_fixed_ips': [{'subnet_id': '6afffef6-b5e6-495b-bfd3-785f7d63f226', 'ip_address': '10.180.180.224'}], 'enable_snat': True}, 'description': '', 'availability_zones': [], 'distributed': False, 'ha': False, 'availability_zone_hints': [], 'routes': [], 'flavor_id': None, 'tags': [], 'created_at': '2025-11-19T18:46:54Z', 'updated_at': '2025-11-19T18:46:55Z', 'revision_number': 2, 'project_id': '6d9c75054dc84a0aac6207adaba2f48c'}
2025-11-19 18:46:56.827 65679 INFO tempest.lib.common.rest_client [req-b127ce45-928b-4f04-84d6-d21bbb451a7c req-b127ce45-928b-4f04-84d6-d21bbb451a7c ] Request (ServersV294TestFqdnHostnames:setUpClass): 201 POST http://10.180.1.21/identity/v3/auth/tokens 0.082s
2025-11-19 18:46:57.120 65685 INFO tempest.lib.common.rest_client [req-7e3ee162-2731-475f-b0ff-8fa18289dde8 req-7e3ee162-2731-475f-b0ff-8fa18289dde8 ] Request (FlavorsAccessTestJSON:tearDownClass): 200 GET http://10.180.1.21/networking/v2.0/security-groups?tenant_id=f2f109327fa74d3da24c81a4fe325a35&name=default 0.475s
2025-11-19 18:46:57.175 65697 INFO tempest.lib.common.rest_client [req-2f11aae9-ca92-48ec-b282-15182708f31f req-2f11aae9-ca92-48ec-b282-15182708f31f ] Request (VolumesAdminNegativeTest:test_update_attached_volume_with_nonexistent_volume_in_uri): 200 GET http://10.180.1.21/compute/v2.1/servers/6b095e46-97b7-4e40-bbcd-1fd8a12d8256 6.483s
2025-11-19 18:46:57.184 65697 INFO tempest.common.waiters [-] State transition "BUILD/networking" ==> "BUILD/spawning" after 16 second wait
2025-11-19 18:46:57.227 65691 INFO tempest.lib.common.rest_client [req-db26a949-c213-449a-98a9-26f224cfdec7 req-db26a949-c213-449a-98a9-26f224cfdec7 ] Request (InstanceActionsTestJSON:setUpClass): 200 GET http://10.180.1.21/compute/v2.1/servers/2f3b6471-cf5e-4d8c-84f6-9956e83d4811 6.508s
2025-11-19 18:46:57.237 65691 INFO tempest.common.waiters [-] State transition "BUILD/None" ==> "BUILD/spawning" after 16 second wait
2025-11-19 18:46:57.246 65719 INFO tempest.lib.common.rest_client [req-8ad4607b-544b-4c6b-bbe2-3603bbb218de req-8ad4607b-544b-4c6b-bbe2-3603bbb218de ] Request (ImagesDeleteNegativeTestJSON:test_delete_image_non_hex_string_id): 404 DELETE http://10.180.1.21/compute/v2.1/images/9ce9d898-e6ab-44cb-afb0-30df32b5540j 6.307s
2025-11-19 18:46:57.268 65671 INFO tempest.lib.common.rest_client [req-6b6b0faf-0c84-44d7-ab26-4627867c453e req-6b6b0faf-0c84-44d7-ab26-4627867c453e ] Request (AggregatesAdminNegativeTestJSON:_run_cleanups): 200 DELETE http://10.180.1.21/compute/v2.1/os-aggregates/3 6.287s
2025-11-19 18:46:57.362 65685 INFO tempest.lib.common.rest_client [req-e4f16695-b69a-4926-b7e0-2d1673f54dd6 req-e4f16695-b69a-4926-b7e0-2d1673f54dd6 ] Request (FlavorsAccessTestJSON:tearDownClass): 204 DELETE http://10.180.1.21/networking/v2.0/security-groups/dcc5c276-c5da-489e-a557-ee24c185f115 0.242s
2025-11-19 18:46:57.488 65685 INFO tempest.lib.common.rest_client [req-eb94c18c-42b4-46bf-8a62-7472f738160a req-eb94c18c-42b4-46bf-8a62-7472f738160a ] Request (FlavorsAccessTestJSON:tearDownClass): 204 DELETE http://10.180.1.21/identity/v3/projects/f2f109327fa74d3da24c81a4fe325a35 0.126s
2025-11-19 18:46:57.537 65669 INFO tempest.lib.common.rest_client [req-32d75e6e-c4f4-4f49-9b5e-f717bfc99ac7 req-32d75e6e-c4f4-4f49-9b5e-f717bfc99ac7 ] Request (SecurityGroupsTestAdminJSON:test_list_security_groups_list_all_tenants_filter): 200 POST http://10.180.1.21/compute/v2.1/os-security-groups 6.619s
2025-11-19 18:46:57.573 65685 INFO tempest.lib.common.rest_client [req-119a8688-ce92-469a-a1c4-be6f8d381c64 req-119a8688-ce92-469a-a1c4-be6f8d381c64 ] Request (QuotasAdminNegativeTest:setUpClass): 201 POST http://10.180.1.21/identity/v3/auth/tokens 0.083s
2025-11-19 18:46:57.610 65685 INFO tempest.lib.common.rest_client [req-10b2d2e5-1c3d-45a6-89d0-b61950df93a6 req-10b2d2e5-1c3d-45a6-89d0-b61950df93a6 ] Request (QuotasAdminNegativeTest:setUpClass): 201 POST http://10.180.1.21/identity/v3/auth/tokens 0.033s
2025-11-19 18:46:57.640 65685 INFO tempest.lib.common.rest_client [req-7588fabc-bfb8-4302-aa39-2c965dd8c81e req-7588fabc-bfb8-4302-aa39-2c965dd8c81e ] Request (QuotasAdminNegativeTest:setUpClass): 200 GET http://10.180.1.21/identity/v3/domains?name=Default 0.030s
2025-11-19 18:46:57.680 65685 INFO tempest.lib.common.rest_client [req-be3f7509-6f29-479d-a6fe-61b8723ad780 req-be3f7509-6f29-479d-a6fe-61b8723ad780 ] Request (QuotasAdminNegativeTest:setUpClass): 201 POST http://10.180.1.21/identity/v3/projects 0.039s
2025-11-19 18:46:57.762 65685 INFO tempest.lib.common.rest_client [req-280d45e5-6508-43ae-abf2-5b719ff8d172 req-280d45e5-6508-43ae-abf2-5b719ff8d172 ] Request (QuotasAdminNegativeTest:setUpClass): 201 POST http://10.180.1.21/identity/v3/users 0.082s
2025-11-19 18:46:57.790 65685 INFO tempest.lib.common.rest_client [req-d3df9ac7-a15f-4f87-ba8a-493cecf3b214 req-d3df9ac7-a15f-4f87-ba8a-493cecf3b214 ] Request (QuotasAdminNegativeTest:setUpClass): 200 GET http://10.180.1.21/identity/v3/roles 0.027s
2025-11-19 18:46:57.837 65685 INFO tempest.lib.common.rest_client [req-6d90307e-29b1-4ef8-9518-c0f1c5d11f91 req-6d90307e-29b1-4ef8-9518-c0f1c5d11f91 ] Request (QuotasAdminNegativeTest:setUpClass): 204 PUT http://10.180.1.21/identity/v3/projects/782853222c90494d8b0f65f2b92254d4/users/f122902db1444a228255d9d67d815c69/roles/749426f8947e44e0aa0fe8d77cd864b2 0.046s
2025-11-19 18:46:57.837 65685 INFO tempest.lib.common.dynamic_creds [-] Dynamic test user f122902db1444a228255d9d67d815c69 is created with scope project and roles: ['member']
2025-11-19 18:46:57.837 65685 INFO tempest.lib.common.dynamic_creds [-] Acquired dynamic creds: credentials: Credentials: {'domain_id': 'default', 'domain_name': 'Default', 'username': 'tempest-QuotasAdminNegativeTest-442748438-project-member', 'project_domain_id': 'default', 'project_domain_name': 'Default', 'project_id': '782853222c90494d8b0f65f2b92254d4', 'project_name': 'tempest-QuotasAdminNegativeTest-442748438', 'tenant_id': '782853222c90494d8b0f65f2b92254d4', 'tenant_name': 'tempest-QuotasAdminNegativeTest-442748438', 'user_domain_id': 'default', 'user_domain_name': 'Default', 'user_id': 'f122902db1444a228255d9d67d815c69', 'system': None}, Network: None, Subnet: None, Router: None
2025-11-19 18:46:57.838 65685 INFO tempest.lib.common.dynamic_creds [-] Created isolated network resources for: credentials: Credentials: {'domain_id': 'default', 'domain_name': 'Default', 'username': 'tempest-QuotasAdminNegativeTest-442748438-project-member', 'project_domain_id': 'default', 'project_domain_name': 'Default', 'project_id': '782853222c90494d8b0f65f2b92254d4', 'project_name': 'tempest-QuotasAdminNegativeTest-442748438', 'tenant_id': '782853222c90494d8b0f65f2b92254d4', 'tenant_name': 'tempest-QuotasAdminNegativeTest-442748438', 'user_domain_id': 'default', 'user_domain_name': 'Default', 'user_id': 'f122902db1444a228255d9d67d815c69', 'system': None}, Network: None, Subnet: None, Router: None
2025-11-19 18:46:57.936 65685 INFO tempest.lib.common.rest_client [req-6a88bf1d-02ea-42c7-af22-b3527761e72b req-6a88bf1d-02ea-42c7-af22-b3527761e72b ] Request (QuotasAdminNegativeTest:setUpClass): 201 POST http://10.180.1.21/identity/v3/auth/tokens 0.095s
2025-11-19 18:46:58.034 65685 INFO tempest.lib.common.rest_client [req-a8a6799c-a24e-4ba2-b8bd-8c772e9fea95 req-a8a6799c-a24e-4ba2-b8bd-8c772e9fea95 ] Request (QuotasAdminNegativeTest:setUpClass): 201 POST http://10.180.1.21/identity/v3/projects 0.097s
2025-11-19 18:46:58.114 65685 INFO tempest.lib.common.rest_client [req-4429053a-568c-4878-b819-7f03d7418267 req-4429053a-568c-4878-b819-7f03d7418267 ] Request (QuotasAdminNegativeTest:setUpClass): 201 POST http://10.180.1.21/identity/v3/users 0.079s
2025-11-19 18:46:58.142 65685 INFO tempest.lib.common.rest_client [req-cf86a82a-cf1c-4214-94cf-06b119907e51 req-cf86a82a-cf1c-4214-94cf-06b119907e51 ] Request (QuotasAdminNegativeTest:setUpClass): 200 GET http://10.180.1.21/identity/v3/roles 0.027s
2025-11-19 18:46:58.191 65685 INFO tempest.lib.common.rest_client [req-0220a635-79d6-456e-a441-02ba99787742 req-0220a635-79d6-456e-a441-02ba99787742 ] Request (QuotasAdminNegativeTest:setUpClass): 204 PUT http://10.180.1.21/identity/v3/projects/886575abce6f4f659c8852fb3db718c5/users/77f92ec53a7440e99b0b2abb23cadcef/roles/8240286be26c4c2f96d2532b856ddd40 0.049s
2025-11-19 18:46:58.258 65699 INFO tempest.lib.common.rest_client [req-d0e9ef49-af29-4bce-99c1-4eed7dbe6e56 req-d0e9ef49-af29-4bce-99c1-4eed7dbe6e56 ] Request (ImagesOneServerNegativeTestJSON:setUpClass): 200 GET http://10.180.1.21/compute/v2.1/servers/afd4d0ce-df3b-4557-bcb8-a62de7a292f7 7.021s
2025-11-19 18:46:58.293 65687 INFO tempest.lib.common.rest_client [req-c8ca60c9-d792-406c-8565-c347f59bbb28 req-c8ca60c9-d792-406c-8565-c347f59bbb28 ] Request (AttachInterfacesTestJSON:test_create_list_show_delete_interfaces_by_fixed_ip): 200 GET http://10.180.1.21/compute/v2.1/servers/902670d6-2187-40b7-8163-9468c6b12183 6.982s
2025-11-19 18:46:58.297 65685 INFO tempest.lib.common.rest_client [req-f7404a48-76cc-48ce-a10e-06b3f7744572 req-f7404a48-76cc-48ce-a10e-06b3f7744572 ] Request (QuotasAdminNegativeTest:setUpClass): 200 GET http://10.180.1.21/identity/v3/roles 0.105s
2025-11-19 18:46:58.302 65687 INFO tempest.common.waiters [-] State transition "BUILD/None" ==> "BUILD/spawning" after 11 second wait
2025-11-19 18:46:58.319 65685 INFO tempest.lib.common.rest_client [req-0c444ab0-e8b4-45a3-a0a3-77d8e20d7221 req-0c444ab0-e8b4-45a3-a0a3-77d8e20d7221 ] Request (QuotasAdminNegativeTest:setUpClass): 204 PUT http://10.180.1.21/identity/v3/projects/886575abce6f4f659c8852fb3db718c5/users/77f92ec53a7440e99b0b2abb23cadcef/roles/8240286be26c4c2f96d2532b856ddd40 0.022s
2025-11-19 18:46:58.319 65685 INFO tempest.lib.common.dynamic_creds [-] Dynamic test user 77f92ec53a7440e99b0b2abb23cadcef is created with scope project and roles: ['admin']
2025-11-19 18:46:58.320 65685 INFO tempest.lib.common.dynamic_creds [-] Acquired dynamic creds: credentials: Credentials: {'domain_id': 'default', 'domain_name': 'Default', 'username': 'tempest-QuotasAdminNegativeTest-665821618-project-admin', 'project_domain_id': 'default', 'project_domain_name': 'Default', 'project_id': '886575abce6f4f659c8852fb3db718c5', 'project_name': 'tempest-QuotasAdminNegativeTest-665821618', 'tenant_id': '886575abce6f4f659c8852fb3db718c5', 'tenant_name': 'tempest-QuotasAdminNegativeTest-665821618', 'user_domain_id': 'default', 'user_domain_name': 'Default', 'user_id': '77f92ec53a7440e99b0b2abb23cadcef', 'system': None}, Network: None, Subnet: None, Router: None
2025-11-19 18:46:58.320 65685 INFO tempest.lib.common.dynamic_creds [-] Created isolated network resources for: credentials: Credentials: {'domain_id': 'default', 'domain_name': 'Default', 'username': 'tempest-QuotasAdminNegativeTest-665821618-project-admin', 'project_domain_id': 'default', 'project_domain_name': 'Default', 'project_id': '886575abce6f4f659c8852fb3db718c5', 'project_name': 'tempest-QuotasAdminNegativeTest-665821618', 'tenant_id': '886575abce6f4f659c8852fb3db718c5', 'tenant_name': 'tempest-QuotasAdminNegativeTest-665821618', 'user_domain_id': 'default', 'user_domain_name': 'Default', 'user_id': '77f92ec53a7440e99b0b2abb23cadcef', 'system': None}, Network: None, Subnet: None, Router: None
2025-11-19 18:46:58.439 65707 INFO tempest.lib.common.rest_client [req-960344d8-24d1-467c-99f7-659323efa9a4 req-960344d8-24d1-467c-99f7-659323efa9a4 ] Request (ServersAdmin275Test:test_rebuild_update_server_275): 200 GET http://10.180.1.21/compute/v2.1/servers/5a779355-1832-4c7c-b0c4-bd46bd22420b 6.972s
2025-11-19 18:46:58.449 65685 INFO tempest.lib.common.rest_client [req-b15c32f1-b0af-4874-a31d-8d96e859b74d req-b15c32f1-b0af-4874-a31d-8d96e859b74d ] Request (QuotasAdminNegativeTest:setUpClass): 201 POST http://10.180.1.21/identity/v3/auth/tokens 0.126s
2025-11-19 18:46:58.478 65690 INFO tempest.lib.common.rest_client [req-1232e86c-e7dc-4e94-9925-d442992e9b97 req-1232e86c-e7dc-4e94-9925-d442992e9b97 ] Request (ServicesAdminNegativeV253TestJSON:test_get_service_with_valid_service_and_invalid_host): 200 GET http://10.180.1.21/compute/v2.1/os-services?host=xxx&binary=nova-scheduler 6.996s
2025-11-19 18:46:58.497 65715 INFO tempest.lib.common.rest_client [req-e716dd8c-3d8b-41d6-be30-8715c3a73a79 req-e716dd8c-3d8b-41d6-be30-8715c3a73a79 ] Request (FlavorsV2TestJSON:test_list_flavors_filter_by_min_ram): 200 GET http://10.180.1.21/compute/v2.1/flavors/42 6.987s
2025-11-19 18:46:58.506 65695 INFO tempest.lib.common.rest_client [req-5059ab02-7162-4f58-877b-f3d085719d61 req-5059ab02-7162-4f58-877b-f3d085719d61 ] Request (FlavorsExtraSpecsNegativeTestJSON:test_flavor_update_more_key): 400 PUT http://10.180.1.21/compute/v2.1/flavors/980316960/os-extra_specs/hw:numa_nodes 6.991s
2025-11-19 18:46:58.518 65723 INFO tempest.lib.common.rest_client [req-6d5d1bb9-b44c-401c-b36e-9d0379910b2d req-6d5d1bb9-b44c-401c-b36e-9d0379910b2d ] Request (QuotasAdminTestJSON:test_delete_quota): 200 GET http://10.180.1.21/compute/v2.1/os-quota-sets/f3c24176ad0e4ae3b78ab79cedbbf523 7.060s
2025-11-19 18:46:58.531 65683 INFO tempest.lib.common.rest_client [req-28343a92-500f-4b56-9ba9-2595e40d6ca8 req-28343a92-500f-4b56-9ba9-2595e40d6ca8 ] Request (HostsAdminNegativeTestJSON:test_startup_nonexistent_host): 404 GET http://10.180.1.21/compute/v2.1/os-hosts/nonexistent_hostname/startup 6.995s
2025-11-19 18:46:58.542 65677 INFO tempest.lib.common.rest_client [req-ae76036e-14ce-42c9-8147-e1ccd43d0627 req-ae76036e-14ce-42c9-8147-e1ccd43d0627 ] Request (FlavorsAdminTestJSON:_run_cleanups): 200 GET http://10.180.1.21/compute/v2.1/flavors/detail 7.013s
2025-11-19 18:46:58.564 65675 INFO tempest.lib.common.rest_client [req-4b3894f8-b35b-4373-be4d-f948e24797fa req-4b3894f8-b35b-4373-be4d-f948e24797fa ] Request (FlavorsAccessNegativeTestJSON:_run_cleanups): 202 DELETE http://10.180.1.21/compute/v2.1/flavors/90226692 6.990s
2025-11-19 18:46:58.571 65701 INFO tempest.lib.common.rest_client [req-5a496835-5428-427e-9f96-61a1480f7173 req-5a496835-5428-427e-9f96-61a1480f7173 ] Request (ValidationResourcesFixture:setUp): 200 POST http://10.180.1.21/compute/v2.1/os-keypairs 7.011s
2025-11-19 18:46:58.591 65717 INFO tempest.lib.common.rest_client [req-fd92034c-a209-41c7-9d91-9b6de3bb788b req-fd92034c-a209-41c7-9d91-9b6de3bb788b ] Request (FlavorsExtraSpecsTestJSON:test_flavor_set_get_update_show_unset_keys): 200 DELETE http://10.180.1.21/compute/v2.1/flavors/1404538647/os-extra_specs/hw:numa_nodes 7.004s
2025-11-19 18:46:58.699 65701 INFO tempest.lib.common.rest_client [req-1381178a-f588-472b-b779-077e5b59f41a req-1381178a-f588-472b-b779-077e5b59f41a ] Request (ValidationResourcesFixture:setUp): 201 POST http://10.180.1.21/networking/v2.0/security-groups 0.126s
2025-11-19 18:46:58.757 65713 INFO tempest.lib.common.rest_client [req-0da5dd16-43ac-40b4-87ba-49b3e05dc78c req-0da5dd16-43ac-40b4-87ba-49b3e05dc78c ] Request (DeleteServersAdminTestJSON:test_admin_delete_servers_of_others): 200 GET http://10.180.1.21/compute/v2.1/servers/f48e6ca1-dcbf-425e-87a7-826d548dd956 6.921s
2025-11-19 18:46:58.796 65721 INFO tempest.lib.common.rest_client [req-4c896207-6721-475d-b3c6-e4e1011ab8e4 req-4c896207-6721-475d-b3c6-e4e1011ab8e4 ] Request (ImagesMetadataTestJSON:setUpClass): 200 GET http://10.180.1.21/compute/v2.1/images/6983bfb3-fc1b-46ce-b772-1eeb3c4dd1ea 6.588s
2025-11-19 18:46:58.854 65701 INFO tempest.lib.common.rest_client [req-aa9b200d-3029-451d-8d9b-f981edae9d4e req-aa9b200d-3029-451d-8d9b-f981edae9d4e ] Request (ValidationResourcesFixture:setUp): 201 POST http://10.180.1.21/networking/v2.0/security-group-rules 0.154s
2025-11-19 18:46:58.888 65703 INFO tempest.lib.common.rest_client [req-e70f3538-3060-4bff-9fbf-af0522921cf7 req-e70f3538-3060-4bff-9fbf-af0522921cf7 ] Request (VolumesAssistedSnapshotsTest:test_volume_assisted_snapshot_create_delete): 200 GET http://10.180.1.21/compute/v2.1/servers/99bb94b7-7e4f-43ec-abff-55ea2ca54103 7.158s
2025-11-19 18:46:58.897 65703 INFO tempest.common.waiters [-] State transition "BUILD/None" ==> "BUILD/spawning" after 14 second wait
2025-11-19 18:46:58.967 65701 INFO tempest.lib.common.rest_client [req-735327e1-367b-4580-9bbe-020ce129b568 req-735327e1-367b-4580-9bbe-020ce129b568 ] Request (ValidationResourcesFixture:setUp): 201 POST http://10.180.1.21/networking/v2.0/security-group-rules 0.113s
2025-11-19 18:46:59.444 65701 INFO tempest.lib.common.rest_client [req-82357875-c0de-4b9c-b73e-42eb4d65cdc0 req-82357875-c0de-4b9c-b73e-42eb4d65cdc0 ] Request (ValidationResourcesFixture:setUp): 201 POST http://10.180.1.21/networking/v2.0/floatingips 0.476s
2025-11-19 18:46:59.489 65667 INFO tempest.lib.common.rest_client [req-56954f1e-f0f8-4d0a-a29d-b519e8fc9407 req-56954f1e-f0f8-4d0a-a29d-b519e8fc9407 ] Request (ImagesTestJSON:test_create_image_from_stopped_server): 200 GET http://10.180.1.21/compute/v2.1/servers/a65ab2a4-9d05-4954-90f8-ce18aaa55a37 5.452s
2025-11-19 18:46:59.500 65667 INFO tempest.common.waiters [-] State transition "BUILD/spawning" ==> "ACTIVE/None" after 22 second wait
2025-11-19 18:46:59.516 65701 INFO tempest.lib.common.rest_client [req-97469df7-055d-4df6-88b6-f22641a9f3e9 req-97469df7-055d-4df6-88b6-f22641a9f3e9 ] Request (ServersWithSpecificFlavorTestJSON:test_verify_created_server_ephemeral_disk): 201 POST http://10.180.1.21/identity/v3/auth/tokens 0.068s
2025-11-19 18:46:59.517 65701 INFO tempest.lib.common.fixed_network [-] (ServersWithSpecificFlavorTestJSON:test_verify_created_server_ephemeral_disk) Found network {'id': 'a17e65b7-c53b-4392-80c0-9336cd66ff60', 'name': 'tempest-ServersWithSpecificFlavorTestJSON-1057893274-network', 'tenant_id': '4ba600ce740c413396f6243ea52dd99c', 'project_id': '4ba600ce740c413396f6243ea52dd99c', 'admin_state_up': True, 'mtu': 8950, 'status': 'ACTIVE', 'subnets': [], 'shared': False, 'port_security_enabled': True, 'router:external': False, 'provider:network_type': 'vlan', 'provider:physical_network': 'default', 'provider:segmentation_id': 565, 'availability_zone_hints': [], 'availability_zones': [], 'ipv4_address_scope': None, 'ipv6_address_scope': None, 'description': '', 'tags': [], 'created_at': '2025-11-19T18:46:19Z', 'updated_at': '2025-11-19T18:46:19Z', 'revision_number': 1} available for tenant
2025-11-19 18:46:59.643 65709 WARNING tempest.lib.common.ssh [-] Failed to establish authenticated ssh connection to cirros@10.180.180.148 ([Errno None] Unable to connect to port 22 on 10.180.180.148). Number attempts: 1. Retry after 2 seconds.: paramiko.ssh_exception.NoValidConnectionsError: [Errno None] Unable to connect to port 22 on 10.180.180.148
2025-11-19 18:46:59.901 65705 INFO tempest.lib.common.rest_client [req-c0178f12-c100-493f-80d0-2b2dc0605d81 req-c0178f12-c100-493f-80d0-2b2dc0605d81 ] Request (TenantUsagesTestJSON:setUpClass): 202 POST http://10.180.1.21/compute/v2.1/servers 5.860s
2025-11-19 18:47:00.077 65730 INFO tempest.lib.common.rest_client [req-4808f3e2-5270-4536-adb0-69e59ffbd816 req-4808f3e2-5270-4536-adb0-69e59ffbd816 ] Request (FloatingIPDetailsTestJSON:test_list_floating_ips): 200 GET http://10.180.1.21/compute/v2.1/os-floating-ips 5.289s
2025-11-19 18:47:00.123 65725 INFO tempest.lib.common.rest_client [req-33beb9eb-fd91-4cb8-8e56-f0878f80e343 req-33beb9eb-fd91-4cb8-8e56-f0878f80e343 ] Request (ImagesNegativeTestJSON:test_create_image_from_deleted_server): 202 POST http://10.180.1.21/compute/v2.1/servers 6.064s
2025-11-19 18:47:00.259 65679 INFO tempest.lib.common.rest_client [req-f831ef3b-56c1-419d-8e3a-63d6e3494c4f req-f831ef3b-56c1-419d-8e3a-63d6e3494c4f ] Request (ServersV294TestFqdnHostnames:setUpClass): 201 POST http://10.180.1.21/compute/v2.1/os-keypairs 3.430s
2025-11-19 18:47:00.276 65719 INFO tempest.lib.common.rest_client [req-2bbd072a-51a9-4ea6-b0a1-3f75ddc6991f req-2bbd072a-51a9-4ea6-b0a1-3f75ddc6991f ] Request (ImagesDeleteNegativeTestJSON:test_delete_image_with_id_over_character_limit): 404 DELETE http://10.180.1.21/compute/v2.1/images/b2819322-d7ad-466a-a850-67871d8193fd1 3.027s
2025-11-19 18:47:00.285 65671 INFO tempest.lib.common.rest_client [req-e0a663e0-779b-4a65-a378-dccdd5419645 req-e0a663e0-779b-4a65-a378-dccdd5419645 ] Request (AggregatesAdminNegativeTestJSON:test_aggregate_create_aggregate_name_length_exceeds_255): 400 POST http://10.180.1.21/compute/v2.1/os-aggregates 3.015s
2025-11-19 18:47:00.448 65679 INFO tempest.lib.common.rest_client [req-573fce42-6f8d-4692-8968-81424f2d2a34 req-573fce42-6f8d-4692-8968-81424f2d2a34 ] Request (ServersV294TestFqdnHostnames:setUpClass): 201 POST http://10.180.1.21/networking/v2.0/security-groups 0.187s
2025-11-19 18:47:00.589 65673 INFO tempest.lib.common.rest_client [req-6989c1fe-1e90-4161-9eda-4be151a97b7d req-6989c1fe-1e90-4161-9eda-4be151a97b7d ] Request (FloatingIPsTestJSON:_run_cleanups): 202 DELETE http://10.180.1.21/compute/v2.1/os-floating-ips/4e013f37-67da-4ea4-8fe0-54f36dae47b5 4.045s
2025-11-19 18:47:00.621 65711 INFO tempest.lib.common.rest_client [req-417b0cf4-6b60-4ba0-8738-b2edb53941ac req-417b0cf4-6b60-4ba0-8738-b2edb53941ac ] Request (InstanceActionsNegativeTestJSON:setUpClass): 200 GET http://10.180.1.21/compute/v2.1/servers/84a013e9-1697-4ebd-82e9-a5b3ce2451ff 3.189s
2025-11-19 18:47:00.631 65711 INFO tempest.common.waiters [-] State transition "BUILD/spawning" ==> "ACTIVE/None" after 23 second wait
2025-11-19 18:47:00.644 65679 INFO tempest.lib.common.rest_client [req-4923044e-2e29-4511-a869-4e4d6205cfdc req-4923044e-2e29-4511-a869-4e4d6205cfdc ] Request (ServersV294TestFqdnHostnames:setUpClass): 201 POST http://10.180.1.21/networking/v2.0/security-group-rules 0.195s
2025-11-19 18:47:00.768 65679 INFO tempest.lib.common.rest_client [req-d3c2ab13-569d-49f8-ab1d-5ffd6ac1a87b req-d3c2ab13-569d-49f8-ab1d-5ffd6ac1a87b ] Request (ServersV294TestFqdnHostnames:setUpClass): 201 POST http://10.180.1.21/networking/v2.0/security-group-rules 0.123s
2025-11-19 18:47:00.849 65697 INFO tempest.lib.common.rest_client [req-0dafc79b-c990-4ea9-9ccc-f098dfc8364e req-0dafc79b-c990-4ea9-9ccc-f098dfc8364e ] Request (VolumesAdminNegativeTest:test_update_attached_volume_with_nonexistent_volume_in_uri): 200 GET http://10.180.1.21/compute/v2.1/servers/6b095e46-97b7-4e40-bbcd-1fd8a12d8256 2.661s
2025-11-19 18:47:01.088 65691 INFO tempest.lib.common.rest_client [req-4cb3130a-2dbc-479c-b3f4-59cbd58398f7 req-4cb3130a-2dbc-479c-b3f4-59cbd58398f7 ] Request (InstanceActionsTestJSON:setUpClass): 200 GET http://10.180.1.21/compute/v2.1/servers/2f3b6471-cf5e-4d8c-84f6-9956e83d4811 2.849s
2025-11-19 18:47:01.181 65685 INFO tempest.lib.common.rest_client [req-0c879e15-1315-48a6-8af6-0476810237cb req-0c879e15-1315-48a6-8af6-0476810237cb ] Request (QuotasAdminNegativeTest:test_create_server_when_cpu_quota_is_full): 200 GET http://10.180.1.21/compute/v2.1/os-quota-sets/782853222c90494d8b0f65f2b92254d4 2.729s
2025-11-19 18:47:01.182 65679 INFO tempest.lib.common.rest_client [req-8175410f-b4cb-49a2-8bd8-356a0adcb252 req-8175410f-b4cb-49a2-8bd8-356a0adcb252 ] Request (ServersV294TestFqdnHostnames:setUpClass): 201 POST http://10.180.1.21/networking/v2.0/floatingips 0.414s
2025-11-19 18:47:01.243 65679 INFO tempest.lib.common.rest_client [req-aa9acb30-b569-4581-add0-e3a1753a60c1 req-aa9acb30-b569-4581-add0-e3a1753a60c1 ] Request (ServersV294TestFqdnHostnames:setUpClass): 201 POST http://10.180.1.21/identity/v3/auth/tokens 0.057s
2025-11-19 18:47:01.244 65679 INFO tempest.lib.common.fixed_network [-] (ServersV294TestFqdnHostnames:setUpClass) Found network {'id': '9e3f4c97-fe58-44b7-a6ff-3c96d34a576d', 'name': 'tempest-ServersV294TestFqdnHostnames-148815106-network', 'tenant_id': '6d9c75054dc84a0aac6207adaba2f48c', 'project_id': '6d9c75054dc84a0aac6207adaba2f48c', 'admin_state_up': True, 'mtu': 8950, 'status': 'ACTIVE', 'subnets': [], 'shared': False, 'port_security_enabled': True, 'router:external': False, 'provider:network_type': 'vlan', 'provider:physical_network': 'default', 'provider:segmentation_id': 229, 'availability_zone_hints': [], 'availability_zones': [], 'ipv4_address_scope': None, 'ipv6_address_scope': None, 'description': '', 'tags': [], 'created_at': '2025-11-19T18:46:52Z', 'updated_at': '2025-11-19T18:46:52Z', 'revision_number': 1} available for tenant
2025-11-19 18:47:01.301 65690 INFO tempest.lib.common.rest_client [req-4cb77605-6ec1-4fe2-9780-c2e40f836601 req-4cb77605-6ec1-4fe2-9780-c2e40f836601 ] Request (ServicesAdminNegativeV253TestJSON:test_list_services_with_non_admin_user): 403 GET http://10.180.1.21/compute/v2.1/os-services 2.820s
2025-11-19 18:47:01.337 65715 INFO tempest.lib.common.rest_client [req-94b80298-6b46-4fc2-9cdd-1c7326224bb6 req-94b80298-6b46-4fc2-9cdd-1c7326224bb6 ] Request (FlavorsV2TestJSON:test_list_flavors_filter_by_min_ram): 200 GET http://10.180.1.21/compute/v2.1/flavors?minRam=193 2.837s
2025-11-19 18:47:01.354 65695 INFO tempest.lib.common.rest_client [req-66738203-cfc9-4088-95ca-3ae1a2b715f5 req-66738203-cfc9-4088-95ca-3ae1a2b715f5 ] Request (FlavorsExtraSpecsNegativeTestJSON:tearDownClass): 202 DELETE http://10.180.1.21/compute/v2.1/flavors/980316960 2.847s
2025-11-19 18:47:01.442 65723 INFO tempest.lib.common.rest_client [req-54ba4a70-6380-4c6b-b20e-a2916350e36c req-54ba4a70-6380-4c6b-b20e-a2916350e36c ] Request (QuotasAdminTestJSON:test_delete_quota): 200 PUT http://10.180.1.21/compute/v2.1/os-quota-sets/f3c24176ad0e4ae3b78ab79cedbbf523 2.921s
2025-11-19 18:47:01.447 65683 INFO tempest.lib.common.rest_client [req-45165925-3311-4d7b-b57f-9463c2ab0f29 req-45165925-3311-4d7b-b57f-9463c2ab0f29 ] Request (HostsAdminNegativeTestJSON:test_update_host_with_invalid_maintenance_mode): 400 PUT http://10.180.1.21/compute/v2.1/os-hosts/devstack 2.915s
2025-11-19 18:47:01.447 65690 INFO tempest.lib.common.rest_client [req-e1cb1f05-3dc4-4b8c-9378-eb88e7d63905 req-e1cb1f05-3dc4-4b8c-9378-eb88e7d63905 ] Request (ServicesAdminNegativeV253TestJSON:tearDownClass): 204 DELETE http://10.180.1.21/identity/v3/users/9fde676149b94265a85f3235ae5e7866 0.141s
2025-11-19 18:47:01.463 65677 INFO tempest.lib.common.rest_client [req-b46565c9-a356-47fd-99c6-8a0367b3793c req-b46565c9-a356-47fd-99c6-8a0367b3793c ] Request (FlavorsAdminTestJSON:test_create_flavor_with_none_id): 200 POST http://10.180.1.21/compute/v2.1/flavors 2.915s
2025-11-19 18:47:01.486 65675 INFO tempest.lib.common.rest_client [req-66026e16-5db7-4e4d-b6bd-2972a414d270 req-66026e16-5db7-4e4d-b6bd-2972a414d270 ] Request (FlavorsAccessNegativeTestJSON:_run_cleanups): 200 GET http://10.180.1.21/compute/v2.1/flavors/detail 2.921s
2025-11-19 18:47:01.502 65717 INFO tempest.lib.common.rest_client [req-ed58b334-57cb-47f7-9da3-d3c4bd82d95f req-ed58b334-57cb-47f7-9da3-d3c4bd82d95f ] Request (FlavorsExtraSpecsTestJSON:test_flavor_set_get_update_show_unset_keys): 200 DELETE http://10.180.1.21/compute/v2.1/flavors/1404538647/os-extra_specs/hw:cpu_policy 2.910s
2025-11-19 18:47:01.563 65690 INFO tempest.lib.common.rest_client [req-5e9303ed-968a-4b15-8655-6783b6d3fedd req-5e9303ed-968a-4b15-8655-6783b6d3fedd ] Request (ServicesAdminNegativeV253TestJSON:tearDownClass): 204 DELETE http://10.180.1.21/identity/v3/users/862d0df885a6461b88a7be008f76062e 0.115s
2025-11-19 18:47:01.563 65690 INFO tempest.lib.common.dynamic_creds [-] Deleting project and security group for project: a848d6be81b0423caf9680b08a2954f1
2025-11-19 18:47:01.627 65690 INFO tempest.lib.common.rest_client [req-9a6e39c0-5f78-470d-9e5d-41c21eafd2c3 req-9a6e39c0-5f78-470d-9e5d-41c21eafd2c3 ] Request (ServicesAdminNegativeV253TestJSON:tearDownClass): 201 POST http://10.180.1.21/identity/v3/auth/tokens 0.064s
2025-11-19 18:47:01.739 65721 INFO tempest.lib.common.rest_client [req-aa73d1e0-42a4-4a4a-93ee-f773433149ff req-aa73d1e0-42a4-4a4a-93ee-f773433149ff ] Request (ImagesMetadataTestJSON:setUp): 200 PUT http://10.180.1.21/compute/v2.1/images/6983bfb3-fc1b-46ce-b772-1eeb3c4dd1ea/metadata 2.939s
2025-11-19 18:47:01.788 65690 INFO tempest.lib.common.rest_client [req-8d29b9ae-32da-40a2-bc9e-c8fa66d4138b req-8d29b9ae-32da-40a2-bc9e-c8fa66d4138b ] Request (ServicesAdminNegativeV253TestJSON:tearDownClass): 200 GET http://10.180.1.21/networking/v2.0/security-groups?tenant_id=a848d6be81b0423caf9680b08a2954f1&name=default 0.160s
2025-11-19 18:47:01.894 65690 INFO tempest.lib.common.rest_client [req-8b0f031a-e4e1-442e-acac-e46adddfd3f4 req-8b0f031a-e4e1-442e-acac-e46adddfd3f4 ] Request (ServicesAdminNegativeV253TestJSON:tearDownClass): 204 DELETE http://10.180.1.21/networking/v2.0/security-groups/e25512fa-3d15-468c-ae88-83de4e89d1af 0.105s
2025-11-19 18:47:01.912 65699 INFO tempest.lib.common.rest_client [req-0849a0a4-1de7-4561-ab6b-a052ceee4a9e req-0849a0a4-1de7-4561-ab6b-a052ceee4a9e ] Request (ImagesOneServerNegativeTestJSON:setUpClass): 200 GET http://10.180.1.21/compute/v2.1/servers/afd4d0ce-df3b-4557-bcb8-a62de7a292f7 2.647s
2025-11-19 18:47:01.923 65699 INFO tempest.common.waiters [-] State transition "BUILD/spawning" ==> "ACTIVE/None" after 21 second wait
2025-11-19 18:47:01.994 65690 INFO tempest.lib.common.rest_client [req-89eb7d19-84bf-4013-a232-29cde35a71a5 req-89eb7d19-84bf-4013-a232-29cde35a71a5 ] Request (ServicesAdminNegativeV253TestJSON:tearDownClass): 204 DELETE http://10.180.1.21/identity/v3/projects/a848d6be81b0423caf9680b08a2954f1 0.099s
2025-11-19 18:47:01.994 65690 INFO tempest.lib.common.dynamic_creds [-] Deleting project and security group for project: a4f8462ebfa242f681bd1afec3afb7d3
2025-11-19 18:47:02.058 65687 INFO tempest.lib.common.rest_client [req-db94daeb-7daa-4c31-b542-7146195d8a97 req-db94daeb-7daa-4c31-b542-7146195d8a97 ] Request (AttachInterfacesTestJSON:test_create_list_show_delete_interfaces_by_fixed_ip): 200 GET http://10.180.1.21/compute/v2.1/servers/902670d6-2187-40b7-8163-9468c6b12183 2.753s
2025-11-19 18:47:02.151 65690 INFO tempest.lib.common.rest_client [req-009206ae-52c5-4cc3-9291-b46f156c84ba req-009206ae-52c5-4cc3-9291-b46f156c84ba ] Request (ServicesAdminNegativeV253TestJSON:tearDownClass): 200 GET http://10.180.1.21/networking/v2.0/security-groups?tenant_id=a4f8462ebfa242f681bd1afec3afb7d3&name=default 0.157s
2025-11-19 18:47:02.160 65707 INFO tempest.lib.common.rest_client [req-3ac12b37-851f-4765-aac8-b8e9a0be9538 req-3ac12b37-851f-4765-aac8-b8e9a0be9538 ] Request (ServersAdmin275Test:test_rebuild_update_server_275): 200 GET http://10.180.1.21/compute/v2.1/servers/5a779355-1832-4c7c-b0c4-bd46bd22420b 2.703s
2025-11-19 18:47:02.171 65707 INFO tempest.common.waiters [-] State transition "REBUILD/rebuild_spawning" ==> "ACTIVE/None" after 4 second wait
2025-11-19 18:47:02.272 65667 INFO tempest.lib.common.rest_client [req-6acdf806-764c-47f2-acab-755d3ef4c22e req-6acdf806-764c-47f2-acab-755d3ef4c22e ] Request (ImagesTestJSON:test_create_image_from_stopped_server): 202 POST http://10.180.1.21/compute/v2.1/servers/a65ab2a4-9d05-4954-90f8-ce18aaa55a37/action 2.771s
2025-11-19 18:47:02.294 65690 INFO tempest.lib.common.rest_client [req-a36654ee-6d46-41e6-b316-d96b6a2915b0 req-a36654ee-6d46-41e6-b316-d96b6a2915b0 ] Request (ServicesAdminNegativeV253TestJSON:tearDownClass): 204 DELETE http://10.180.1.21/networking/v2.0/security-groups/d6fd92a1-c458-4098-b251-95fc52ea40b1 0.142s
2025-11-19 18:47:02.418 65690 INFO tempest.lib.common.rest_client [req-cdc3ee0f-2611-4c74-87e3-b82c6bda98ef req-cdc3ee0f-2611-4c74-87e3-b82c6bda98ef ] Request (ServicesAdminNegativeV253TestJSON:tearDownClass): 204 DELETE http://10.180.1.21/identity/v3/projects/a4f8462ebfa242f681bd1afec3afb7d3 0.123s
2025-11-19 18:47:02.478 65690 INFO tempest.lib.common.rest_client [req-9b5af373-f26c-4f54-98d9-b4ddeffa53f0 req-9b5af373-f26c-4f54-98d9-b4ddeffa53f0 ] Request (FloatingIPsAssociationNegativeTestJSON:setUpClass): 201 POST http://10.180.1.21/identity/v3/auth/tokens 0.058s
2025-11-19 18:47:02.507 65690 INFO tempest.lib.common.rest_client [req-d87a8fb4-085b-4a34-986e-3e25a38f2539 req-d87a8fb4-085b-4a34-986e-3e25a38f2539 ] Request (FloatingIPsAssociationNegativeTestJSON:setUpClass): 201 POST http://10.180.1.21/identity/v3/auth/tokens 0.026s
2025-11-19 18:47:02.530 65690 INFO tempest.lib.common.rest_client [req-2856b90a-5b95-4ed8-aecf-2b694419393e req-2856b90a-5b95-4ed8-aecf-2b694419393e ] Request (FloatingIPsAssociationNegativeTestJSON:setUpClass): 200 GET http://10.180.1.21/identity/v3/domains?name=Default 0.022s
2025-11-19 18:47:02.559 65690 INFO tempest.lib.common.rest_client [req-11969d16-176f-4d8a-91d1-09516d7b17d5 req-11969d16-176f-4d8a-91d1-09516d7b17d5 ] Request (FloatingIPsAssociationNegativeTestJSON:setUpClass): 201 POST http://10.180.1.21/identity/v3/projects 0.028s
2025-11-19 18:47:02.627 65690 INFO tempest.lib.common.rest_client [req-1048ec8d-4d43-441f-8519-a546580de20b req-1048ec8d-4d43-441f-8519-a546580de20b ] Request (FloatingIPsAssociationNegativeTestJSON:setUpClass): 201 POST http://10.180.1.21/identity/v3/users 0.068s
2025-11-19 18:47:02.639 65701 INFO tempest.lib.common.rest_client [req-2183983e-495c-4987-a6ec-b00dc536ceda req-2183983e-495c-4987-a6ec-b00dc536ceda ] Request (ServersWithSpecificFlavorTestJSON:test_verify_created_server_ephemeral_disk): 202 POST http://10.180.1.21/compute/v2.1/servers 3.121s
2025-11-19 18:47:02.649 65690 INFO tempest.lib.common.rest_client [req-42c1f4cc-5399-40ff-8c50-52693ca96f56 req-42c1f4cc-5399-40ff-8c50-52693ca96f56 ] Request (FloatingIPsAssociationNegativeTestJSON:setUpClass): 200 GET http://10.180.1.21/identity/v3/roles 0.021s
2025-11-19 18:47:02.676 65690 INFO tempest.lib.common.rest_client [req-7cc96bb6-591c-4c52-817a-a87f51854ad2 req-7cc96bb6-591c-4c52-817a-a87f51854ad2 ] Request (FloatingIPsAssociationNegativeTestJSON:setUpClass): 204 PUT http://10.180.1.21/identity/v3/projects/be7985be483d482a8657fded09fa32f3/users/07e5aa42222b42f5931240653d33de5e/roles/749426f8947e44e0aa0fe8d77cd864b2 0.026s
2025-11-19 18:47:02.676 65690 INFO tempest.lib.common.dynamic_creds [-] Dynamic test user 07e5aa42222b42f5931240653d33de5e is created with scope project and roles: ['member']
2025-11-19 18:47:02.676 65690 INFO tempest.lib.common.dynamic_creds [-] Acquired dynamic creds: credentials: Credentials: {'domain_id': 'default', 'domain_name': 'Default', 'username': 'tempest-FloatingIPsAssociationNegativeTestJSON-716705452-project-member', 'project_domain_id': 'default', 'project_domain_name': 'Default', 'project_id': 'be7985be483d482a8657fded09fa32f3', 'project_name': 'tempest-FloatingIPsAssociationNegativeTestJSON-716705452', 'tenant_id': 'be7985be483d482a8657fded09fa32f3', 'tenant_name': 'tempest-FloatingIPsAssociationNegativeTestJSON-716705452', 'user_domain_id': 'default', 'user_domain_name': 'Default', 'user_id': '07e5aa42222b42f5931240653d33de5e', 'system': None}, Network: None, Subnet: None, Router: None
2025-11-19 18:47:02.711 65709 WARNING tempest.lib.common.ssh [-] Failed to establish authenticated ssh connection to cirros@10.180.180.148 ([Errno None] Unable to connect to port 22 on 10.180.180.148). Number attempts: 2. Retry after 3 seconds.: paramiko.ssh_exception.NoValidConnectionsError: [Errno None] Unable to connect to port 22 on 10.180.180.148
2025-11-19 18:47:02.749 65690 INFO tempest.lib.common.rest_client [req-f020b160-8467-4900-bf07-104d74b4c6fa req-f020b160-8467-4900-bf07-104d74b4c6fa ] Request (FloatingIPsAssociationNegativeTestJSON:setUpClass): 201 POST http://10.180.1.21/identity/v3/auth/tokens 0.072s
2025-11-19 18:47:02.759 65669 INFO tempest.lib.common.rest_client [req-41c48856-5799-4aef-8c46-52c4a670245d req-41c48856-5799-4aef-8c46-52c4a670245d ] Request (SecurityGroupsTestAdminJSON:test_list_security_groups_list_all_tenants_filter): 200 GET http://10.180.1.21/compute/v2.1/os-security-groups?all_tenants=true 5.219s
2025-11-19 18:47:02.848 65713 INFO tempest.lib.common.rest_client [req-ce3c9433-f1e2-4acf-84b8-9352f7c92911 req-ce3c9433-f1e2-4acf-84b8-9352f7c92911 ] Request (DeleteServersAdminTestJSON:test_admin_delete_servers_of_others): 404 GET http://10.180.1.21/compute/v2.1/servers/f48e6ca1-dcbf-425e-87a7-826d548dd956 3.083s
2025-11-19 18:47:02.936 65713 INFO tempest.lib.common.rest_client [req-cf831e41-c4bb-442b-945d-5a4c5ab7d6fc req-cf831e41-c4bb-442b-945d-5a4c5ab7d6fc ] Request (DeleteServersAdminTestJSON:test_delete_server_while_in_error_state): 201 POST http://10.180.1.21/identity/v3/auth/tokens 0.079s
2025-11-19 18:47:02.936 65713 INFO tempest.lib.common.fixed_network [-] (DeleteServersAdminTestJSON:test_delete_server_while_in_error_state) Found network None available for tenant
2025-11-19 18:47:02.965 65705 INFO tempest.lib.common.rest_client [req-28b5b6aa-f3d8-4b41-b367-37149fd6edd2 req-28b5b6aa-f3d8-4b41-b367-37149fd6edd2 ] Request (TenantUsagesTestJSON:setUpClass): 200 GET http://10.180.1.21/compute/v2.1/servers/236f312d-bf55-499d-8116-cc350567df0b 3.062s
2025-11-19 18:47:03.006 65703 INFO tempest.lib.common.rest_client [req-a6ea40c3-6499-403c-90aa-c27ca4006373 req-a6ea40c3-6499-403c-90aa-c27ca4006373 ] Request (VolumesAssistedSnapshotsTest:test_volume_assisted_snapshot_create_delete): 200 GET http://10.180.1.21/compute/v2.1/servers/99bb94b7-7e4f-43ec-abff-55ea2ca54103 3.108s
2025-11-19 18:47:03.079 65690 INFO tempest.lib.common.rest_client [req-1bb56efd-8b12-433d-ac64-c0c514150606 req-1bb56efd-8b12-433d-ac64-c0c514150606 ] Request (FloatingIPsAssociationNegativeTestJSON:setUpClass): 201 POST http://10.180.1.21/networking/v2.0/networks 0.330s
2025-11-19 18:47:03.097 65725 INFO tempest.lib.common.rest_client [req-07eda590-7484-4ba5-ad5b-5170a22613f4 req-07eda590-7484-4ba5-ad5b-5170a22613f4 ] Request (ImagesNegativeTestJSON:test_create_image_from_deleted_server): 200 GET http://10.180.1.21/compute/v2.1/servers/5a5081c5-316c-46fd-b959-7b02e2cb1570 2.972s
2025-11-19 18:47:03.120 65719 INFO tempest.lib.common.rest_client [req-498d707e-63db-41c8-bbb4-845b608f790a req-498d707e-63db-41c8-bbb4-845b608f790a ] Request (ImagesDeleteNegativeTestJSON:test_delete_image_with_invalid_image_id): 404 DELETE http://10.180.1.21/compute/v2.1/images/tempest-invalid-1675684177 2.840s
2025-11-19 18:47:03.127 65671 INFO tempest.lib.common.rest_client [req-a62fc0d0-447f-49ba-984f-3408ff970dbf req-a62fc0d0-447f-49ba-984f-3408ff970dbf ] Request (AggregatesAdminNegativeTestJSON:test_aggregate_create_aggregate_name_length_less_than_1): 400 POST http://10.180.1.21/compute/v2.1/os-aggregates 2.840s
2025-11-19 18:47:03.323 65690 INFO tempest.lib.common.rest_client [req-ad39872e-32db-4e99-b4eb-7dcc087a3736 req-ad39872e-32db-4e99-b4eb-7dcc087a3736 ] Request (FloatingIPsAssociationNegativeTestJSON:setUpClass): 201 POST http://10.180.1.21/networking/v2.0/subnets 0.243s
2025-11-19 18:47:03.535 65730 INFO tempest.lib.common.rest_client [req-807967a1-9a4b-426e-8c75-73571ea74f53 req-807967a1-9a4b-426e-8c75-73571ea74f53 ] Request (FloatingIPDetailsTestJSON:tearDownClass): 202 DELETE http://10.180.1.21/compute/v2.1/os-floating-ips/166ff2e4-afca-4fc6-8da9-2ad507ce8c2d 3.453s
2025-11-19 18:47:03.579 65711 INFO tempest.lib.common.rest_client [req-4e78b016-d424-48a6-a300-b1d21c62d26b req-4e78b016-d424-48a6-a300-b1d21c62d26b ] Request (InstanceActionsNegativeTestJSON:test_get_instance_action_invalid_request): 404 GET http://10.180.1.21/compute/v2.1/servers/84a013e9-1697-4ebd-82e9-a5b3ce2451ff/os-instance-actions/999 2.945s
2025-11-19 18:47:03.807 65673 INFO tempest.lib.common.rest_client [req-38144068-7cb8-459f-a1eb-8614f2a3526d req-38144068-7cb8-459f-a1eb-8614f2a3526d ] Request (FloatingIPsTestJSON:test_delete_floating_ip): 200 POST http://10.180.1.21/compute/v2.1/os-floating-ips 3.217s
2025-11-19 18:47:03.809 65685 INFO tempest.lib.common.rest_client [req-d3f6012d-2e64-470a-b12a-68464d075056 req-d3f6012d-2e64-470a-b12a-68464d075056 ] Request (QuotasAdminNegativeTest:test_create_server_when_cpu_quota_is_full): 200 PUT http://10.180.1.21/compute/v2.1/os-quota-sets/782853222c90494d8b0f65f2b92254d4 2.625s
2025-11-19 18:47:03.832 65715 INFO tempest.lib.common.rest_client [req-d665fde1-de6c-4579-8718-b79abdd04914 req-d665fde1-de6c-4579-8718-b79abdd04914 ] Request (FlavorsV2TestJSON:test_list_flavors_limit_results): 200 GET http://10.180.1.21/compute/v2.1/flavors?limit=1 2.491s
2025-11-19 18:47:03.858 65695 INFO tempest.lib.common.rest_client [req-19edaefe-4fe4-44b2-8a76-5a38d5b00e89 req-19edaefe-4fe4-44b2-8a76-5a38d5b00e89 ] Request (FlavorsExtraSpecsNegativeTestJSON:tearDownClass): 200 GET http://10.180.1.21/compute/v2.1/flavors/detail 2.502s
2025-11-19 18:47:03.869 65723 INFO tempest.lib.common.rest_client [req-27a4e419-9ec3-4969-b9e5-0cc806dca379 req-27a4e419-9ec3-4969-b9e5-0cc806dca379 ] Request (QuotasAdminTestJSON:test_delete_quota): 202 DELETE http://10.180.1.21/compute/v2.1/os-quota-sets/f3c24176ad0e4ae3b78ab79cedbbf523 2.425s
2025-11-19 18:47:03.877 65683 INFO tempest.lib.common.rest_client [req-672fbc5f-d3be-4b8e-9ba3-1898f44230b9 req-672fbc5f-d3be-4b8e-9ba3-1898f44230b9 ] Request (HostsAdminNegativeTestJSON:test_update_host_with_invalid_status): 400 PUT http://10.180.1.21/compute/v2.1/os-hosts/devstack 2.428s
2025-11-19 18:47:03.909 65677 INFO tempest.lib.common.rest_client [req-81ae4931-e8c1-451a-898b-c85d45ca5dc1 req-81ae4931-e8c1-451a-898b-c85d45ca5dc1 ] Request (FlavorsAdminTestJSON:_run_cleanups): 202 DELETE http://10.180.1.21/compute/v2.1/flavors/e26befbd-9cbf-4638-b3d5-336c76193333 2.443s
2025-11-19 18:47:03.914 65685 INFO tempest.lib.common.rest_client [req-fe6b738c-d893-4366-bb1a-6d802b4736f0 req-fe6b738c-d893-4366-bb1a-6d802b4736f0 ] Request (QuotasAdminNegativeTest:test_create_server_when_cpu_quota_is_full): 201 POST http://10.180.1.21/identity/v3/auth/tokens 0.096s
2025-11-19 18:47:03.915 65685 INFO tempest.lib.common.fixed_network [-] (QuotasAdminNegativeTest:test_create_server_when_cpu_quota_is_full) Found network None available for tenant
2025-11-19 18:47:03.937 65675 INFO tempest.lib.common.rest_client [req-8d7059d1-c63c-4ea0-9ffc-62f2e5a9099a req-8d7059d1-c63c-4ea0-9ffc-62f2e5a9099a ] Request (FlavorsAccessNegativeTestJSON:test_flavor_non_admin_add): 200 POST http://10.180.1.21/compute/v2.1/flavors 2.441s
2025-11-19 18:47:03.949 65717 INFO tempest.lib.common.rest_client [req-46ff6bc7-93fa-4043-bef9-ed64d47914d4 req-46ff6bc7-93fa-4043-bef9-ed64d47914d4 ] Request (FlavorsExtraSpecsTestJSON:test_flavor_set_get_update_show_unset_keys): 200 GET http://10.180.1.21/compute/v2.1/flavors/1404538647/os-extra_specs 2.447s
2025-11-19 18:47:03.957 65695 INFO tempest.lib.common.rest_client [req-a9be4500-e93c-410b-a889-fcaf24b01bc1 req-a9be4500-e93c-410b-a889-fcaf24b01bc1 ] Request (FlavorsExtraSpecsNegativeTestJSON:tearDownClass): 204 DELETE http://10.180.1.21/identity/v3/users/d1a5e7272581417988edfa3ccd686dd1 0.092s
2025-11-19 18:47:04.077 65695 INFO tempest.lib.common.rest_client [req-1a6e8bc4-8a8a-472a-85ac-568c5a215ea6 req-1a6e8bc4-8a8a-472a-85ac-568c5a215ea6 ] Request (FlavorsExtraSpecsNegativeTestJSON:tearDownClass): 204 DELETE http://10.180.1.21/identity/v3/users/5aeafb796267436486f090d02e722040 0.119s
2025-11-19 18:47:04.077 65695 INFO tempest.lib.common.dynamic_creds [-] Deleting project and security group for project: 59665cac08d1476e94b20fc80c8ca6ea
2025-11-19 18:47:04.105 65721 INFO tempest.lib.common.rest_client [req-d537d6aa-df2a-4617-be80-2e2a36661b08 req-d537d6aa-df2a-4617-be80-2e2a36661b08 ] Request (ImagesMetadataTestJSON:test_delete_image_metadata_item): 204 DELETE http://10.180.1.21/compute/v2.1/images/6983bfb3-fc1b-46ce-b772-1eeb3c4dd1ea/metadata/os_version 2.365s
