2025-11-19 17:54:01.800 67276 INFO tempest.lib.common.rest_client [req-bbafbbc6-d443-4267-a1b8-3dd94ddb79d7 req-bbafbbc6-d443-4267-a1b8-3dd94ddb79d7 ] Request (TenantUsagesTestJSON:setUpClass): 200 GET http://10.180.1.21/compute/v2.1/servers/909ca246-c54f-4759-8b70-65d4249540db 0.064s
2025-11-19 17:54:02.011 67233 INFO tempest.lib.common.rest_client [req-db5c5116-73a9-4eb0-bce0-9c8508c8c0bd req-db5c5116-73a9-4eb0-bce0-9c8508c8c0bd ] Request (ServersTestManualDisk:tearDownClass): 204 DELETE http://10.180.1.21/networking/v2.0/floatingips/f7745b03-bf2f-4fa3-9341-597411529cab 0.291s
2025-11-19 17:54:02.030 67211 INFO tempest.lib.common.rest_client [req-9e3411df-0c5f-4c6a-9c57-849c94a092c5 req-9e3411df-0c5f-4c6a-9c57-849c94a092c5 ] Request (ImagesTestJSON:test_create_server_from_snapshot): 200 GET http://10.180.1.21/compute/v2.1/servers/f941cada-61f3-44f1-9ac4-27cac80917b3 0.114s
2025-11-19 17:54:02.056 67231 INFO tempest.lib.common.rest_client [req-9bd931b2-2ec8-4aa3-87dd-3e0a7636daf9 req-9bd931b2-2ec8-4aa3-87dd-3e0a7636daf9 ] Request (MigrationsAdminTest:test_resize_server_revert_deleted_flavor): 200 GET http://10.180.1.21/compute/v2.1/servers/ab6acb2e-5b30-4ae3-abbd-cd073bcec44f 0.208s
2025-11-19 17:54:02.243 67249 INFO tempest.lib.common.rest_client [req-f21a094d-22bc-46c6-8532-ae7b62842447 req-f21a094d-22bc-46c6-8532-ae7b62842447 ] Request (ServerGroupTestJSON:test_create_server_with_scheduler_hint_group): 200 GET http://10.180.1.21/compute/v2.1/servers/115e7812-4782-406d-9361-9b01083a6928 0.241s
2025-11-19 17:54:02.268 67247 INFO tempest.lib.common.rest_client [req-8f8e7c67-90fb-4945-91f9-786160829c0b req-8f8e7c67-90fb-4945-91f9-786160829c0b ] Request (ServersAdminTestJSON:test_inject_network_info): 200 GET http://10.180.1.21/compute/v2.1/servers/7e3a19b1-6ff4-48b2-a559-054360765a1f 0.277s
2025-11-19 17:54:02.271 67267 WARNING tempest.lib.common.ssh [-] Failed to establish authenticated ssh connection to cirros@10.180.180.172 ([Errno None] Unable to connect to port 22 on 10.180.180.172). Number attempts: 7. Retry after 8 seconds.: paramiko.ssh_exception.NoValidConnectionsError: [Errno None] Unable to connect to port 22 on 10.180.180.172
2025-11-19 17:54:02.277 67247 INFO tempest.common.waiters [-] State transition "BUILD/spawning" ==> "ACTIVE/None" after 48 second wait
2025-11-19 17:54:02.288 67229 INFO tempest.lib.common.rest_client [req-8125bd2f-31b7-4e73-a9e2-926101060498 req-8125bd2f-31b7-4e73-a9e2-926101060498 ] Request (ListImageFiltersTestJSON:setUpClass): 200 GET http://10.180.1.21/compute/v2.1/images/0280de50-b80e-486a-b4f0-e6635165fb8b 0.250s
2025-11-19 17:54:02.339 67251 INFO tempest.lib.common.rest_client [req-d0fac13f-2536-4a81-82b4-aad06454af98 req-d0fac13f-2536-4a81-82b4-aad06454af98 ] Request (SecurityGroupsTestJSON:test_server_security_groups): 200 GET http://10.180.1.21/compute/v2.1/servers/50753e96-ccee-4223-8d85-eaa931f621d5 0.291s
2025-11-19 17:54:02.391 67219 INFO tempest.lib.common.rest_client [req-abfb4c00-7c77-4a33-846c-38a6d1296d94 req-abfb4c00-7c77-4a33-846c-38a6d1296d94 ] Request (ServersListShow2100Test:test_list_show_rebuild_update_server_2100): 200 GET http://10.180.1.21/compute/v2.1/servers/050c7e3d-3a55-48e7-814a-88f061d4e6b5 0.272s
2025-11-19 17:54:02.435 67264 INFO tempest.lib.common.rest_client [req-65fbc2c0-471d-4abe-9fd1-567bcde14e98 req-65fbc2c0-471d-4abe-9fd1-567bcde14e98 ] Request (FloatingIPsAssociationNegativeTestJSON:tearDownClass): 200 GET http://10.180.1.21/compute/v2.1/servers/959752d3-7864-4921-b318-8645ebd247c9 0.251s
2025-11-19 17:54:02.518 67243 INFO tempest.lib.common.rest_client [req-54fd80af-751e-4303-a174-1da29d05a138 req-54fd80af-751e-4303-a174-1da29d05a138 ] Request (AttachInterfacesV270Test:tearDownClass): 200 GET http://10.180.1.21/compute/v2.1/servers/a0b7f1ab-1251-4dca-9ce3-5eaa0c465e1e 0.241s
2025-11-19 17:54:02.547 67235 INFO tempest.lib.common.rest_client [req-8924d10e-8712-4725-9a44-c4a050ad333d req-8924d10e-8712-4725-9a44-c4a050ad333d ] Request (ServerPasswordTestJSON:tearDownClass): 200 GET http://10.180.1.21/compute/v2.1/servers/8f8bcfcd-e9a6-4464-a30e-74a52c4f5fd2 0.341s
2025-11-19 17:54:02.659 67217 INFO tempest.lib.common.rest_client [req-31c09646-d9ae-4676-9e2b-ce1cf0ca5759 req-31c09646-d9ae-4676-9e2b-ce1cf0ca5759 ] Request (InstanceActionsTestJSON:setUpClass): 200 GET http://10.180.1.21/compute/v2.1/servers/4b701d31-49e6-4f80-bfc7-784d1e65587e 0.332s
2025-11-19 17:54:02.735 67239 INFO tempest.lib.common.rest_client [req-85b3fa72-de14-4a62-9fb6-7f8a4d46c980 req-85b3fa72-de14-4a62-9fb6-7f8a4d46c980 ] Request (ServersAdmin275Test:tearDownClass): 200 GET http://10.180.1.21/compute/v2.1/servers/ba2c29c2-f608-40cd-81b2-c6658c3feb39 0.385s
2025-11-19 17:54:02.761 67247 INFO tempest.lib.common.rest_client [req-672de222-c44a-44c4-b50e-d781bf3b00a4 req-672de222-c44a-44c4-b50e-d781bf3b00a4 ] Request (ServersAdminTestJSON:test_inject_network_info): 202 POST http://10.180.1.21/compute/v2.1/servers/7e3a19b1-6ff4-48b2-a559-054360765a1f/action 0.483s
2025-11-19 17:54:02.878 67233 INFO tempest.lib.common.rest_client [req-d04c06d2-dbd8-4b06-9376-8e26fad4ba76 req-d04c06d2-dbd8-4b06-9376-8e26fad4ba76 ] Request (ServersTestManualDisk:tearDownClass): 200 PUT http://10.180.1.21/networking/v2.0/routers/4e62498d-19b0-46fe-864d-9620188a7cca/remove_router_interface 0.866s
2025-11-19 17:54:02.924 67271 INFO tempest.lib.common.rest_client [req-2ab6ba2c-06cd-4d51-bbe4-0df34edc8de5 req-2ab6ba2c-06cd-4d51-bbe4-0df34edc8de5 ] Request (ServerActionsTestJSON:setUpClass): 200 GET http://10.180.1.21/compute/v2.1/servers/447391c3-b763-4adc-8efa-3e4a1ee3f78a 0.536s
2025-11-19 17:54:02.942 67215 INFO tempest.lib.common.rest_client [req-1beb053f-370a-4ffe-a6b4-a377074d0d54 req-1beb053f-370a-4ffe-a6b4-a377074d0d54 ] Request (VolumesAssistedSnapshotsTest:tearDownClass): 200 GET http://10.180.1.21/compute/v2.1/servers/7da3cbcd-f708-46ae-863d-1de8e097ed59 0.534s
2025-11-19 17:54:03.088 67227 INFO tempest.lib.common.rest_client [req-96758fbf-a547-424f-8812-6c5d0d6864d0 req-96758fbf-a547-424f-8812-6c5d0d6864d0 ] Request (ImagesOneServerNegativeTestJSON:_run_cleanups): 200 GET http://10.180.1.21/compute/v2.1/servers/f92a0135-d8fc-4703-9868-27de71ed5974 0.643s
2025-11-19 17:54:03.103 67253 INFO tempest.lib.common.rest_client [req-60d6dd2c-3d41-4be6-b26c-384bd3038edf req-60d6dd2c-3d41-4be6-b26c-384bd3038edf ] Request (ImagesOneServerTestJSON:tearDownClass): 200 GET http://10.180.1.21/compute/v2.1/servers/702f4b16-b253-4eaf-bfca-18122e735c04 0.628s
2025-11-19 17:54:03.152 67273 INFO tempest.lib.common.rest_client [req-420f85f5-e0bf-4b1b-b45b-9cce932e7337 req-420f85f5-e0bf-4b1b-b45b-9cce932e7337 ] Request (ServerActionsTestOtherB:setUpClass): 200 GET http://10.180.1.21/compute/v2.1/servers/df9c23ef-cf67-493f-bacc-feaa8dd5cd11 0.648s
2025-11-19 17:54:03.385 67259 INFO tempest.lib.common.rest_client [req-15c0cca2-b36a-42f7-8e1b-f1d111ce7a62 req-15c0cca2-b36a-42f7-8e1b-f1d111ce7a62 ] Request (ServersAdminNegativeTestJSON:tearDownClass): 200 GET http://10.180.1.21/compute/v2.1/servers/3f7f280d-2ee2-499e-9c7f-e918be349d3a 0.799s
2025-11-19 17:54:03.407 67245 INFO tempest.lib.common.rest_client [req-b3e53589-9598-4946-9a19-5628a2fed750 req-b3e53589-9598-4946-9a19-5628a2fed750 ] Request (ServerDiagnosticsNegativeTest:test_get_server_diagnostics_by_non_admin): 200 GET http://10.180.1.21/compute/v2.1/servers/d683082f-e97c-493e-af15-ede2a2a9799e 0.792s
2025-11-19 17:54:03.407 67233 INFO tempest.lib.common.rest_client [req-edba31e9-cbeb-467e-a383-e78a3d528201 req-edba31e9-cbeb-467e-a383-e78a3d528201 ] Request (ServersTestManualDisk:tearDownClass): 204 DELETE http://10.180.1.21/networking/v2.0/routers/4e62498d-19b0-46fe-864d-9620188a7cca 0.529s
2025-11-19 17:54:03.416 67245 INFO tempest.common.waiters [-] State transition "BUILD/scheduling" ==> "BUILD/None" after 17 second wait
2025-11-19 17:54:03.524 67221 INFO tempest.lib.common.rest_client [req-3330f335-c6bc-4609-af83-2b903f37874e req-3330f335-c6bc-4609-af83-2b903f37874e ] Request (MultipleCreateTestJSON:_run_cleanups): 200 GET http://10.180.1.21/compute/v2.1/servers/9266d5fb-b155-400a-9175-29018055151d 0.856s
2025-11-19 17:54:03.540 67223 INFO tempest.lib.common.rest_client [req-9a6d41ff-7aab-47ac-9e70-1bf7287ce78e req-9a6d41ff-7aab-47ac-9e70-1bf7287ce78e ] Request (ServersTestJSON:tearDownClass): 200 GET http://10.180.1.21/compute/v2.1/servers/63f527bd-09cb-48dd-83fa-6a7c0aa98c1f 0.854s
2025-11-19 17:54:03.592 67247 INFO tempest.lib.common.rest_client [req-e7ff2223-8f5d-46d6-9d2b-b850686d0172 req-e7ff2223-8f5d-46d6-9d2b-b850686d0172 ] Request (ServersAdminTestJSON:test_list_servers_by_admin): 200 GET http://10.180.1.21/compute/v2.1/servers/detail 0.830s
2025-11-19 17:54:03.610 67233 INFO tempest.lib.common.rest_client [req-1d3e7a76-9e01-4a49-aa51-de787d6bf63a req-1d3e7a76-9e01-4a49-aa51-de787d6bf63a ] Request (ServersTestManualDisk:tearDownClass): 204 DELETE http://10.180.1.21/networking/v2.0/subnets/fcd47225-3c32-4bc5-9ce5-4c0b3fc1969e 0.203s
2025-11-19 17:54:03.639 67257 INFO tempest.lib.common.rest_client [req-e5b4abf3-7ed3-472d-b79e-f103510daf03 req-e5b4abf3-7ed3-472d-b79e-f103510daf03 ] Request (DeleteServersTestJSON:test_delete_server_while_in_attached_volume): 200 GET http://10.180.1.21/compute/v2.1/servers/3809a949-de51-4cc4-ac68-5dddd6f69bc9 0.886s
2025-11-19 17:54:03.691 67255 INFO tempest.lib.common.rest_client [req-17385095-6580-4666-9d03-1c66e47b8ceb req-17385095-6580-4666-9d03-1c66e47b8ceb ] Request (ServerTagsTestJSON:tearDownClass): 200 GET http://10.180.1.21/compute/v2.1/servers/ef85d33f-8d18-4707-804d-0d02e9509523 0.904s
2025-11-19 17:54:03.757 67276 INFO tempest.lib.common.rest_client [req-9e45452a-3788-434c-ba85-3f99cdc64edb req-9e45452a-3788-434c-ba85-3f99cdc64edb ] Request (TenantUsagesTestJSON:setUpClass): 200 GET http://10.180.1.21/compute/v2.1/servers/909ca246-c54f-4759-8b70-65d4249540db 0.947s
2025-11-19 17:54:03.780 67211 INFO tempest.lib.common.rest_client [req-b290ae8e-ee59-4316-a141-547c1b9bb2c4 req-b290ae8e-ee59-4316-a141-547c1b9bb2c4 ] Request (ImagesTestJSON:test_create_server_from_snapshot): 200 GET http://10.180.1.21/compute/v2.1/servers/f941cada-61f3-44f1-9ac4-27cac80917b3 0.742s
2025-11-19 17:54:03.894 67249 INFO tempest.lib.common.rest_client [req-6a561005-3298-48a7-86d5-cfb6ac5756fb req-6a561005-3298-48a7-86d5-cfb6ac5756fb ] Request (ServerGroupTestJSON:test_create_server_with_scheduler_hint_group): 200 GET http://10.180.1.21/compute/v2.1/servers/115e7812-4782-406d-9361-9b01083a6928 0.638s
2025-11-19 17:54:03.929 67231 INFO tempest.lib.common.rest_client [req-de245615-0b0a-4f5e-84cb-98c69b70341e req-de245615-0b0a-4f5e-84cb-98c69b70341e ] Request (MigrationsAdminTest:test_resize_server_revert_deleted_flavor): 200 GET http://10.180.1.21/compute/v2.1/servers/ab6acb2e-5b30-4ae3-abbd-cd073bcec44f 0.863s
2025-11-19 17:54:03.942 67229 INFO tempest.lib.common.rest_client [req-1c22c047-c50a-4dd1-82ae-acec5b1887d1 req-1c22c047-c50a-4dd1-82ae-acec5b1887d1 ] Request (ListImageFiltersTestJSON:setUpClass): 200 GET http://10.180.1.21/compute/v2.1/images/0280de50-b80e-486a-b4f0-e6635165fb8b 0.648s
2025-11-19 17:54:03.983 67233 INFO tempest.lib.common.rest_client [req-ae8f5a83-c569-442b-b34b-0bf8cf845947 req-ae8f5a83-c569-442b-b34b-0bf8cf845947 ] Request (ServersTestManualDisk:tearDownClass): 204 DELETE http://10.180.1.21/networking/v2.0/networks/18db7530-7d94-4f2f-a121-5ad055da5b35 0.371s
2025-11-19 17:54:04.017 67251 INFO tempest.lib.common.rest_client [req-85d74bb5-5d82-4c33-8f80-1746dc87c4ab req-85d74bb5-5d82-4c33-8f80-1746dc87c4ab ] Request (SecurityGroupsTestJSON:test_server_security_groups): 200 GET http://10.180.1.21/compute/v2.1/servers/50753e96-ccee-4223-8d85-eaa931f621d5 0.669s
2025-11-19 17:54:04.034 67219 INFO tempest.lib.common.rest_client [req-26f290a6-d290-4916-ad96-f6a4584e9b0a req-26f290a6-d290-4916-ad96-f6a4584e9b0a ] Request (ServersListShow2100Test:test_list_show_rebuild_update_server_2100): 200 GET http://10.180.1.21/compute/v2.1/servers/050c7e3d-3a55-48e7-814a-88f061d4e6b5 0.621s
2025-11-19 17:54:04.102 67264 INFO tempest.lib.common.rest_client [req-ca446d6e-23ef-4433-b5cb-5a4282e01ef0 req-ca446d6e-23ef-4433-b5cb-5a4282e01ef0 ] Request (FloatingIPsAssociationNegativeTestJSON:tearDownClass): 200 GET http://10.180.1.21/compute/v2.1/servers/959752d3-7864-4921-b318-8645ebd247c9 0.657s
2025-11-19 17:54:04.127 67243 INFO tempest.lib.common.rest_client [req-33ed0a4d-134f-4759-86e8-083c8236aaf1 req-33ed0a4d-134f-4759-86e8-083c8236aaf1 ] Request (AttachInterfacesV270Test:tearDownClass): 200 GET http://10.180.1.21/compute/v2.1/servers/a0b7f1ab-1251-4dca-9ce3-5eaa0c465e1e 0.593s
2025-11-19 17:54:04.134 67233 INFO tempest.lib.common.rest_client [req-d57aac0d-5dee-4580-969b-3074baa45ce5 req-d57aac0d-5dee-4580-969b-3074baa45ce5 ] Request (ServersTestManualDisk:tearDownClass): 204 DELETE http://10.180.1.21/identity/v3/users/6f0d9e018b4c48b69b10c9786234af7f 0.151s
2025-11-19 17:54:04.134 67233 INFO tempest.lib.common.dynamic_creds [-] Deleting project and security group for project: 61cf34eac08c4e00856105d0369083a0
2025-11-19 17:54:04.172 67233 INFO tempest.lib.common.rest_client [req-a9b265cb-b5c5-4b24-953e-458f11b1ca55 req-a9b265cb-b5c5-4b24-953e-458f11b1ca55 ] Request (ServersTestManualDisk:tearDownClass): 200 GET http://10.180.1.21/networking/v2.0/security-groups?tenant_id=61cf34eac08c4e00856105d0369083a0&name=default 0.038s
2025-11-19 17:54:04.184 67235 INFO tempest.lib.common.rest_client [req-871ac0d1-bdf9-4518-b1fd-e69a6761c021 req-871ac0d1-bdf9-4518-b1fd-e69a6761c021 ] Request (ServerPasswordTestJSON:tearDownClass): 200 GET http://10.180.1.21/compute/v2.1/servers/8f8bcfcd-e9a6-4464-a30e-74a52c4f5fd2 0.622s
2025-11-19 17:54:04.359 67233 INFO tempest.lib.common.rest_client [req-fe3f782a-57d0-406a-a9da-1870e7124a6f req-fe3f782a-57d0-406a-a9da-1870e7124a6f ] Request (ServersTestManualDisk:tearDownClass): 204 DELETE http://10.180.1.21/networking/v2.0/security-groups/b3b64725-736a-4321-83c6-12d55f1f71be 0.186s
2025-11-19 17:54:04.420 67217 INFO tempest.lib.common.rest_client [req-42992202-d466-473b-86c1-ed5868191c14 req-42992202-d466-473b-86c1-ed5868191c14 ] Request (InstanceActionsTestJSON:setUpClass): 200 GET http://10.180.1.21/compute/v2.1/servers/4b701d31-49e6-4f80-bfc7-784d1e65587e 0.748s
2025-11-19 17:54:04.502 67239 INFO tempest.lib.common.rest_client [req-52c5d1d3-63b8-4eb6-a978-b27c41c15f8c req-52c5d1d3-63b8-4eb6-a978-b27c41c15f8c ] Request (ServersAdmin275Test:tearDownClass): 200 GET http://10.180.1.21/compute/v2.1/servers/ba2c29c2-f608-40cd-81b2-c6658c3feb39 0.752s
2025-11-19 17:54:04.505 67233 INFO tempest.lib.common.rest_client [req-7ab849a1-cd72-484c-a995-b7a6b3a53ec0 req-7ab849a1-cd72-484c-a995-b7a6b3a53ec0 ] Request (ServersTestManualDisk:tearDownClass): 204 DELETE http://10.180.1.21/identity/v3/projects/61cf34eac08c4e00856105d0369083a0 0.146s
2025-11-19 17:54:04.515 67247 INFO tempest.lib.common.rest_client [req-63cd3473-b203-4337-b7df-607a788c0a23 req-63cd3473-b203-4337-b7df-607a788c0a23 ] Request (ServersAdminTestJSON:test_list_servers_by_admin_with_all_tenants): 200 GET http://10.180.1.21/compute/v2.1/servers/detail?all_tenants= 0.911s
2025-11-19 17:54:04.556 67247 WARNING tempest.lib.common.rest_client [-] Deprecated: "tenant_id" property is deprecated for removal, use "project_id" instead
2025-11-19 17:54:04.559 67271 INFO tempest.lib.common.rest_client [req-6a548320-bcbe-437c-8713-4e702e9a27e9 req-6a548320-bcbe-437c-8713-4e702e9a27e9 ] Request (ServerActionsTestJSON:setUpClass): 200 GET http://10.180.1.21/compute/v2.1/servers/447391c3-b763-4adc-8efa-3e4a1ee3f78a 0.617s
2025-11-19 17:54:04.585 67233 INFO tempest.lib.common.rest_client [req-dc8a2ba5-60c9-4aea-9e0a-c61441b47a38 req-dc8a2ba5-60c9-4aea-9e0a-c61441b47a38 ] Request (ServerGroup264TestJSON:setUpClass): 201 POST http://10.180.1.21/identity/v3/auth/tokens 0.078s
2025-11-19 17:54:04.591 67215 INFO tempest.lib.common.rest_client [req-2125c71d-32ad-4fb3-b6b4-0f2a45538b21 req-2125c71d-32ad-4fb3-b6b4-0f2a45538b21 ] Request (VolumesAssistedSnapshotsTest:tearDownClass): 200 GET http://10.180.1.21/compute/v2.1/servers/7da3cbcd-f708-46ae-863d-1de8e097ed59 0.640s
2025-11-19 17:54:04.619 67233 INFO tempest.lib.common.rest_client [req-0dce28df-2028-41da-b419-bde50727fd6e req-0dce28df-2028-41da-b419-bde50727fd6e ] Request (ServerGroup264TestJSON:setUpClass): 201 POST http://10.180.1.21/identity/v3/auth/tokens 0.031s
2025-11-19 17:54:04.654 67227 INFO tempest.lib.common.rest_client [req-61cadf37-f64a-48c1-b908-93630e54977b req-61cadf37-f64a-48c1-b908-93630e54977b ] Request (ImagesOneServerNegativeTestJSON:_run_cleanups): 200 GET http://10.180.1.21/compute/v2.1/servers/f92a0135-d8fc-4703-9868-27de71ed5974 0.557s
2025-11-19 17:54:04.655 67233 INFO tempest.lib.common.rest_client [req-c76b5dbf-4e3a-4bb5-978e-7a780e88e2ce req-c76b5dbf-4e3a-4bb5-978e-7a780e88e2ce ] Request (ServerGroup264TestJSON:setUpClass): 200 GET http://10.180.1.21/identity/v3/domains?name=Default 0.035s
2025-11-19 17:54:04.669 67253 INFO tempest.lib.common.rest_client [req-2becde92-92aa-41ff-a1a0-5e8fe510547e req-2becde92-92aa-41ff-a1a0-5e8fe510547e ] Request (ImagesOneServerTestJSON:tearDownClass): 200 GET http://10.180.1.21/compute/v2.1/servers/702f4b16-b253-4eaf-bfca-18122e735c04 0.553s
2025-11-19 17:54:04.689 67233 INFO tempest.lib.common.rest_client [req-075d04ce-6a7a-44fe-ade2-b39bf7d05232 req-075d04ce-6a7a-44fe-ade2-b39bf7d05232 ] Request (ServerGroup264TestJSON:setUpClass): 201 POST http://10.180.1.21/identity/v3/projects 0.034s
2025-11-19 17:54:04.719 67273 INFO tempest.lib.common.rest_client [req-e13ab257-2376-435f-9464-4ef4bc4e9d18 req-e13ab257-2376-435f-9464-4ef4bc4e9d18 ] Request (ServerActionsTestOtherB:setUpClass): 200 GET http://10.180.1.21/compute/v2.1/servers/df9c23ef-cf67-493f-bacc-feaa8dd5cd11 0.556s
2025-11-19 17:54:04.726 67225 WARNING tempest.lib.common.ssh [-] Failed to establish authenticated ssh connection to cirros@10.180.180.191 ([Errno None] Unable to connect to port 22 on 10.180.180.191). Number attempts: 11. Retry after 12 seconds.: paramiko.ssh_exception.NoValidConnectionsError: [Errno None] Unable to connect to port 22 on 10.180.180.191
2025-11-19 17:54:04.753 67259 INFO tempest.lib.common.rest_client [req-d56f3545-a53e-4866-bfe3-f33e941fe5bc req-d56f3545-a53e-4866-bfe3-f33e941fe5bc ] Request (ServersAdminNegativeTestJSON:tearDownClass): 200 GET http://10.180.1.21/compute/v2.1/servers/3f7f280d-2ee2-499e-9c7f-e918be349d3a 0.359s
2025-11-19 17:54:04.762 67259 INFO tempest.common.waiters [-] State transition "ACTIVE/deleting" ==> "DELETED/None" after 4 second wait
2025-11-19 17:54:04.781 67233 INFO tempest.lib.common.rest_client [req-7cf54335-f730-4f29-be87-490b031aed7e req-7cf54335-f730-4f29-be87-490b031aed7e ] Request (ServerGroup264TestJSON:setUpClass): 201 POST http://10.180.1.21/identity/v3/users 0.091s
2025-11-19 17:54:04.788 67245 INFO tempest.lib.common.rest_client [req-8f0a7255-304f-4013-98da-a456566dafe8 req-8f0a7255-304f-4013-98da-a456566dafe8 ] Request (ServerDiagnosticsNegativeTest:test_get_server_diagnostics_by_non_admin): 200 GET http://10.180.1.21/compute/v2.1/servers/d683082f-e97c-493e-af15-ede2a2a9799e 0.368s
2025-11-19 17:54:04.809 67233 INFO tempest.lib.common.rest_client [req-ac82bd64-a3b1-49d4-acd6-a928d84c400e req-ac82bd64-a3b1-49d4-acd6-a928d84c400e ] Request (ServerGroup264TestJSON:setUpClass): 200 GET http://10.180.1.21/identity/v3/roles 0.027s
2025-11-19 17:54:04.825 67221 INFO tempest.lib.common.rest_client [req-d3ec7e16-350a-4e53-a08b-11c2a5a3f6a4 req-d3ec7e16-350a-4e53-a08b-11c2a5a3f6a4 ] Request (MultipleCreateTestJSON:_run_cleanups): 200 GET http://10.180.1.21/compute/v2.1/servers/9266d5fb-b155-400a-9175-29018055151d 0.290s
2025-11-19 17:54:04.838 67233 INFO tempest.lib.common.rest_client [req-2db3016b-4826-4932-8b34-6a63eabc6552 req-2db3016b-4826-4932-8b34-6a63eabc6552 ] Request (ServerGroup264TestJSON:setUpClass): 204 PUT http://10.180.1.21/identity/v3/projects/12d0fe51d6b24772979dc8b134e1b077/users/9c6ecdcc9a5644868b7e7ce744f5572a/roles/02ca1a0bfb4a461ea93350fb4e4a27ba 0.028s
2025-11-19 17:54:04.838 67233 INFO tempest.lib.common.dynamic_creds [-] Dynamic test user 9c6ecdcc9a5644868b7e7ce744f5572a is created with scope project and roles: ['member']
2025-11-19 17:54:04.838 67233 INFO tempest.lib.common.dynamic_creds [-] Acquired dynamic creds: credentials: Credentials: {'domain_id': 'default', 'domain_name': 'Default', 'username': 'tempest-ServerGroup264TestJSON-881467562-project-member', 'project_domain_id': 'default', 'project_domain_name': 'Default', 'project_id': '12d0fe51d6b24772979dc8b134e1b077', 'project_name': 'tempest-ServerGroup264TestJSON-881467562', 'tenant_id': '12d0fe51d6b24772979dc8b134e1b077', 'tenant_name': 'tempest-ServerGroup264TestJSON-881467562', 'user_domain_id': 'default', 'user_domain_name': 'Default', 'user_id': '9c6ecdcc9a5644868b7e7ce744f5572a', 'system': None}, Network: None, Subnet: None, Router: None
2025-11-19 17:54:04.857 67223 INFO tempest.lib.common.rest_client [req-6c5f40b1-93ff-4fad-8f82-a00d219a9987 req-6c5f40b1-93ff-4fad-8f82-a00d219a9987 ] Request (ServersTestJSON:tearDownClass): 200 GET http://10.180.1.21/compute/v2.1/servers/63f527bd-09cb-48dd-83fa-6a7c0aa98c1f 0.301s
2025-11-19 17:54:04.862 67247 INFO tempest.lib.common.rest_client [req-65570028-11a0-4253-b5c4-5e411620d81d req-65570028-11a0-4253-b5c4-5e411620d81d ] Request (ServersAdminTestJSON:test_list_servers_by_admin_with_specified_tenant): 200 GET http://10.180.1.21/compute/v2.1/servers/detail?tenant_id=013548accaed41d694d45d6c1d4e2768 0.305s
2025-11-19 17:54:04.951 67233 INFO tempest.lib.common.rest_client [req-de609e7a-0063-4496-bec6-c9df5f1bc061 req-de609e7a-0063-4496-bec6-c9df5f1bc061 ] Request (ServerGroup264TestJSON:setUpClass): 201 POST http://10.180.1.21/identity/v3/auth/tokens 0.113s
2025-11-19 17:54:04.955 67257 INFO tempest.lib.common.rest_client [req-a2ed9808-7e98-4b6c-bf37-9e0a0d3f26c3 req-a2ed9808-7e98-4b6c-bf37-9e0a0d3f26c3 ] Request (DeleteServersTestJSON:test_delete_server_while_in_attached_volume): 200 GET http://10.180.1.21/compute/v2.1/servers/3809a949-de51-4cc4-ac68-5dddd6f69bc9 0.307s
2025-11-19 17:54:04.960 67255 INFO tempest.lib.common.rest_client [req-6511d18f-0d81-4b38-a34a-08c68aaf5607 req-6511d18f-0d81-4b38-a34a-08c68aaf5607 ] Request (ServerTagsTestJSON:tearDownClass): 200 GET http://10.180.1.21/compute/v2.1/servers/ef85d33f-8d18-4707-804d-0d02e9509523 0.259s
2025-11-19 17:54:05.013 67276 INFO tempest.lib.common.rest_client [req-e4b32490-1c4a-42c3-8052-14355aa40def req-e4b32490-1c4a-42c3-8052-14355aa40def ] Request (TenantUsagesTestJSON:setUpClass): 200 GET http://10.180.1.21/compute/v2.1/servers/909ca246-c54f-4759-8b70-65d4249540db 0.248s
2025-11-19 17:54:05.030 67211 INFO tempest.lib.common.rest_client [req-45ed78a0-b740-477f-aca8-1aff2f5346d3 req-45ed78a0-b740-477f-aca8-1aff2f5346d3 ] Request (ImagesTestJSON:test_create_server_from_snapshot): 200 GET http://10.180.1.21/compute/v2.1/servers/f941cada-61f3-44f1-9ac4-27cac80917b3 0.240s
2025-11-19 17:54:05.095 67249 INFO tempest.lib.common.rest_client [req-8a4d24ea-c20f-459e-8350-d0be46d6607f req-8a4d24ea-c20f-459e-8350-d0be46d6607f ] Request (ServerGroupTestJSON:test_create_server_with_scheduler_hint_group): 200 GET http://10.180.1.21/compute/v2.1/servers/115e7812-4782-406d-9361-9b01083a6928 0.191s
2025-11-19 17:54:05.217 67247 INFO tempest.lib.common.rest_client [req-ce481426-d37a-4df5-8679-fd036777fcae req-ce481426-d37a-4df5-8679-fd036777fcae ] Request (ServersAdminTestJSON:test_list_servers_by_admin_with_specified_tenant): 200 GET http://10.180.1.21/compute/v2.1/servers/detail?all_tenants=&tenant_id=013548accaed41d694d45d6c1d4e2768 0.346s
2025-11-19 17:54:05.238 67233 INFO tempest.lib.common.rest_client [req-32fcd15e-bafc-4855-974a-bdff8d1ae07b req-32fcd15e-bafc-4855-974a-bdff8d1ae07b ] Request (ServerGroup264TestJSON:setUpClass): 201 POST http://10.180.1.21/networking/v2.0/networks 0.286s
2025-11-19 17:54:05.255 67231 INFO tempest.lib.common.rest_client [req-6b9d465a-ef5c-4335-9000-4f981d49e5b1 req-6b9d465a-ef5c-4335-9000-4f981d49e5b1 ] Request (MigrationsAdminTest:test_resize_server_revert_deleted_flavor): 200 GET http://10.180.1.21/compute/v2.1/servers/ab6acb2e-5b30-4ae3-abbd-cd073bcec44f 0.312s
2025-11-19 17:54:05.271 67229 INFO tempest.lib.common.rest_client [req-44094afc-6b19-4d34-b10c-ee9378355ee5 req-44094afc-6b19-4d34-b10c-ee9378355ee5 ] Request (ListImageFiltersTestJSON:setUpClass): 200 GET http://10.180.1.21/compute/v2.1/images/0280de50-b80e-486a-b4f0-e6635165fb8b 0.320s
2025-11-19 17:54:05.314 67251 INFO tempest.lib.common.rest_client [req-e2395b0d-c90b-4302-a365-ff1e87a7bace req-e2395b0d-c90b-4302-a365-ff1e87a7bace ] Request (SecurityGroupsTestJSON:test_server_security_groups): 200 GET http://10.180.1.21/compute/v2.1/servers/50753e96-ccee-4223-8d85-eaa931f621d5 0.287s
2025-11-19 17:54:05.365 67219 INFO tempest.lib.common.rest_client [req-ed167e8c-7a65-4380-9122-93b3a0cc2285 req-ed167e8c-7a65-4380-9122-93b3a0cc2285 ] Request (ServersListShow2100Test:test_list_show_rebuild_update_server_2100): 200 GET http://10.180.1.21/compute/v2.1/servers/050c7e3d-3a55-48e7-814a-88f061d4e6b5 0.317s
2025-11-19 17:54:05.391 67264 INFO tempest.lib.common.rest_client [req-b01f2a61-9498-47b7-a9c2-f0bb626ca9c9 req-b01f2a61-9498-47b7-a9c2-f0bb626ca9c9 ] Request (FloatingIPsAssociationNegativeTestJSON:tearDownClass): 200 GET http://10.180.1.21/compute/v2.1/servers/959752d3-7864-4921-b318-8645ebd247c9 0.280s
2025-11-19 17:54:05.422 67233 INFO tempest.lib.common.rest_client [req-54f55c9f-b7a5-49de-a118-8c36601b1efa req-54f55c9f-b7a5-49de-a118-8c36601b1efa ] Request (ServerGroup264TestJSON:setUpClass): 201 POST http://10.180.1.21/networking/v2.0/subnets 0.183s
2025-11-19 17:54:05.430 67243 INFO tempest.lib.common.rest_client [req-5ae856cb-f0fb-4299-b287-88bddfebd0cb req-5ae856cb-f0fb-4299-b287-88bddfebd0cb ] Request (AttachInterfacesV270Test:tearDownClass): 200 GET http://10.180.1.21/compute/v2.1/servers/a0b7f1ab-1251-4dca-9ce3-5eaa0c465e1e 0.289s
2025-11-19 17:54:05.453 67235 INFO tempest.lib.common.rest_client [req-dc6f361d-4b27-4345-83d4-fa6cc428bda1 req-dc6f361d-4b27-4345-83d4-fa6cc428bda1 ] Request (ServerPasswordTestJSON:tearDownClass): 200 GET http://10.180.1.21/compute/v2.1/servers/8f8bcfcd-e9a6-4464-a30e-74a52c4f5fd2 0.257s
2025-11-19 17:54:05.461 67235 INFO tempest.common.waiters [-] State transition "ACTIVE/deleting" ==> "DELETED/None" after 4 second wait
2025-11-19 17:54:05.467 67247 INFO tempest.lib.common.rest_client [req-e70f6239-1a50-4e9a-909a-a39fb065789e req-e70f6239-1a50-4e9a-909a-a39fb065789e ] Request (ServersAdminTestJSON:test_list_servers_by_admin_with_specified_tenant): 200 GET http://10.180.1.21/compute/v2.1/servers/detail?all_tenants=&tenant_id=1ed7abf69e0547d5b417631f131be325 0.229s
2025-11-19 17:54:05.487 67247 INFO tempest.lib.common.rest_client [req-b265b42a-6433-43ec-b8f7-ec42511de06b req-b265b42a-6433-43ec-b8f7-ec42511de06b ] Request (ServersAdminTestJSON:test_list_servers_detailed_filter_by_invalid_status): 200 GET http://10.180.1.21/compute/v2.1/servers/detail?status=invalid_status 0.009s
2025-11-19 17:54:05.602 67247 INFO tempest.lib.common.rest_client [req-1609d49e-6d5f-4f67-888f-4edf28a54bd7 req-1609d49e-6d5f-4f67-888f-4edf28a54bd7 ] Request (ServersAdminTestJSON:test_list_servers_filter_by_error_status): 202 POST http://10.180.1.21/compute/v2.1/servers/234436ef-cdef-4559-bf40-95ed9c3a3e97/action 0.107s
2025-11-19 17:54:05.621 67217 INFO tempest.lib.common.rest_client [req-a12ca3fa-76ff-4236-9365-7f07778630ae req-a12ca3fa-76ff-4236-9365-7f07778630ae ] Request (InstanceActionsTestJSON:setUpClass): 200 GET http://10.180.1.21/compute/v2.1/servers/4b701d31-49e6-4f80-bfc7-784d1e65587e 0.188s
2025-11-19 17:54:05.694 67239 INFO tempest.lib.common.rest_client [req-0678c4ba-8def-4ba1-bcb1-fe5b4fe96236 req-0678c4ba-8def-4ba1-bcb1-fe5b4fe96236 ] Request (ServersAdmin275Test:tearDownClass): 200 GET http://10.180.1.21/compute/v2.1/servers/ba2c29c2-f608-40cd-81b2-c6658c3feb39 0.177s
2025-11-19 17:54:05.706 67271 INFO tempest.lib.common.rest_client [req-3506a0da-4bce-498f-bfaa-32c6ca950a7c req-3506a0da-4bce-498f-bfaa-32c6ca950a7c ] Request (ServerActionsTestJSON:setUpClass): 200 GET http://10.180.1.21/compute/v2.1/servers/447391c3-b763-4adc-8efa-3e4a1ee3f78a 0.134s
2025-11-19 17:54:05.763 67215 INFO tempest.lib.common.rest_client [req-fdf92ceb-4b20-4650-98b6-4dcd788ab0df req-fdf92ceb-4b20-4650-98b6-4dcd788ab0df ] Request (VolumesAssistedSnapshotsTest:tearDownClass): 200 GET http://10.180.1.21/compute/v2.1/servers/7da3cbcd-f708-46ae-863d-1de8e097ed59 0.164s
2025-11-19 17:54:05.816 67247 INFO tempest.lib.common.rest_client [req-afd76883-054d-49f0-9b06-56d5ca82f25b req-afd76883-054d-49f0-9b06-56d5ca82f25b ] Request (ServersAdminTestJSON:test_list_servers_filter_by_error_status): 200 GET http://10.180.1.21/compute/v2.1/servers?status=error 0.213s
2025-11-19 17:54:05.820 67227 INFO tempest.lib.common.rest_client [req-f7747da8-15cb-4ee8-b523-67789b2351fd req-f7747da8-15cb-4ee8-b523-67789b2351fd ] Request (ImagesOneServerNegativeTestJSON:_run_cleanups): 200 GET http://10.180.1.21/compute/v2.1/servers/f92a0135-d8fc-4703-9868-27de71ed5974 0.155s
2025-11-19 17:54:05.886 67273 INFO tempest.lib.common.rest_client [req-638808d0-b292-4d5f-9350-6db2d4bfb4fe req-638808d0-b292-4d5f-9350-6db2d4bfb4fe ] Request (ServerActionsTestOtherB:setUpClass): 200 GET http://10.180.1.21/compute/v2.1/servers/df9c23ef-cf67-493f-bacc-feaa8dd5cd11 0.154s
2025-11-19 17:54:05.910 67253 INFO tempest.lib.common.rest_client [req-89564c22-38f3-4aa5-b229-562603b10b94 req-89564c22-38f3-4aa5-b229-562603b10b94 ] Request (ImagesOneServerTestJSON:tearDownClass): 200 GET http://10.180.1.21/compute/v2.1/servers/702f4b16-b253-4eaf-bfca-18122e735c04 0.232s
2025-11-19 17:54:05.975 67259 INFO tempest.lib.common.rest_client [req-9131a230-2b83-41c3-9d67-af3ae48d2a76 req-9131a230-2b83-41c3-9d67-af3ae48d2a76 ] Request (ServersAdminNegativeTestJSON:tearDownClass): 200 GET http://10.180.1.21/compute/v2.1/servers/3f7f280d-2ee2-499e-9c7f-e918be349d3a 0.212s
2025-11-19 17:54:05.993 67245 INFO tempest.lib.common.rest_client [req-b652937b-bbad-48a2-b0e0-6e4a88e9cc88 req-b652937b-bbad-48a2-b0e0-6e4a88e9cc88 ] Request (ServerDiagnosticsNegativeTest:test_get_server_diagnostics_by_non_admin): 200 GET http://10.180.1.21/compute/v2.1/servers/d683082f-e97c-493e-af15-ede2a2a9799e 0.194s
2025-11-19 17:54:06.041 67247 INFO tempest.lib.common.rest_client [req-2d525ce5-1e73-4bf5-86c6-4a269b93846c req-2d525ce5-1e73-4bf5-86c6-4a269b93846c ] Request (ServersAdminTestJSON:test_list_servers_filter_by_error_status): 202 POST http://10.180.1.21/compute/v2.1/servers/234436ef-cdef-4559-bf40-95ed9c3a3e97/action 0.223s
2025-11-19 17:54:06.112 67221 INFO tempest.lib.common.rest_client [req-73f818a6-3622-405c-aa4a-21ed7f27e902 req-73f818a6-3622-405c-aa4a-21ed7f27e902 ] Request (MultipleCreateTestJSON:_run_cleanups): 200 GET http://10.180.1.21/compute/v2.1/servers/9266d5fb-b155-400a-9175-29018055151d 0.275s
2025-11-19 17:54:06.126 67223 INFO tempest.lib.common.rest_client [req-ea2c0ed4-087e-499b-81cc-7ab0b7d94b19 req-ea2c0ed4-087e-499b-81cc-7ab0b7d94b19 ] Request (ServersTestJSON:tearDownClass): 200 GET http://10.180.1.21/compute/v2.1/servers/63f527bd-09cb-48dd-83fa-6a7c0aa98c1f 0.258s
2025-11-19 17:54:06.308 67233 INFO tempest.lib.common.rest_client [req-f9bd1a16-6ac3-4e7e-b82c-03d611883b8e req-f9bd1a16-6ac3-4e7e-b82c-03d611883b8e ] Request (ServerGroup264TestJSON:setUpClass): 201 POST http://10.180.1.21/networking/v2.0/routers 0.886s
2025-11-19 17:54:06.331 67257 INFO tempest.lib.common.rest_client [req-b2fb14b4-62bc-47ce-9d95-c295dfce5399 req-b2fb14b4-62bc-47ce-9d95-c295dfce5399 ] Request (DeleteServersTestJSON:test_delete_server_while_in_attached_volume): 200 GET http://10.180.1.21/compute/v2.1/servers/3809a949-de51-4cc4-ac68-5dddd6f69bc9 0.365s
2025-11-19 17:54:06.349 67255 INFO tempest.lib.common.rest_client [req-c189ba6d-e0a0-4278-be28-6af7fda666f6 req-c189ba6d-e0a0-4278-be28-6af7fda666f6 ] Request (ServerTagsTestJSON:tearDownClass): 200 GET http://10.180.1.21/compute/v2.1/servers/ef85d33f-8d18-4707-804d-0d02e9509523 0.376s
2025-11-19 17:54:06.504 67276 INFO tempest.lib.common.rest_client [req-e5a63ee5-ceb0-4ca6-875b-7536109e6fd2 req-e5a63ee5-ceb0-4ca6-875b-7536109e6fd2 ] Request (TenantUsagesTestJSON:setUpClass): 200 GET http://10.180.1.21/compute/v2.1/servers/909ca246-c54f-4759-8b70-65d4249540db 0.483s
2025-11-19 17:54:06.519 67211 INFO tempest.lib.common.rest_client [req-d480b662-e02a-4967-a437-ebc6a9b1ed80 req-d480b662-e02a-4967-a437-ebc6a9b1ed80 ] Request (ImagesTestJSON:test_create_server_from_snapshot): 200 GET http://10.180.1.21/compute/v2.1/servers/f941cada-61f3-44f1-9ac4-27cac80917b3 0.479s
2025-11-19 17:54:07.219 67233 INFO tempest.lib.common.rest_client [req-d4f76c15-1aa8-45f9-91cf-08c8f041c0aa req-d4f76c15-1aa8-45f9-91cf-08c8f041c0aa ] Request (ServerGroup264TestJSON:setUpClass): 200 PUT http://10.180.1.21/networking/v2.0/routers/c45ed87e-c2ff-4ff9-914c-d42d9c96b306/add_router_interface 0.910s
2025-11-19 17:54:07.219 67233 INFO tempest.lib.common.dynamic_creds [-] Created isolated network resources for: credentials: Credentials: {'domain_id': 'default', 'domain_name': 'Default', 'username': 'tempest-ServerGroup264TestJSON-881467562-project-member', 'project_domain_id': 'default', 'project_domain_name': 'Default', 'project_id': '12d0fe51d6b24772979dc8b134e1b077', 'project_name': 'tempest-ServerGroup264TestJSON-881467562', 'tenant_id': '12d0fe51d6b24772979dc8b134e1b077', 'tenant_name': 'tempest-ServerGroup264TestJSON-881467562', 'user_domain_id': 'default', 'user_domain_name': 'Default', 'user_id': '9c6ecdcc9a5644868b7e7ce744f5572a', 'system': None}, Network: {'id': '94f84697-ba78-4a31-aaca-989e8cc95d67', 'name': 'tempest-ServerGroup264TestJSON-374139087-network', 'tenant_id': '12d0fe51d6b24772979dc8b134e1b077', 'project_id': '12d0fe51d6b24772979dc8b134e1b077', 'admin_state_up': True, 'mtu': 8950, 'status': 'ACTIVE', 'subnets': [], 'shared': False, 'port_security_enabled': True, 'router:external': False, 'provider:network_type': 'vlan', 'provider:physical_network': 'default', 'provider:segmentation_id': 511, 'availability_zone_hints': [], 'availability_zones': [], 'ipv4_address_scope': None, 'ipv6_address_scope': None, 'description': '', 'tags': [], 'created_at': '2025-11-19T17:54:05Z', 'updated_at': '2025-11-19T17:54:05Z', 'revision_number': 1}, Subnet: {'id': 'c05e90c0-9e29-49ba-aaf9-baef7976d79f', 'name': 'tempest-ServerGroup264TestJSON-374139087-subnet', 'tenant_id': '12d0fe51d6b24772979dc8b134e1b077', 'network_id': '94f84697-ba78-4a31-aaca-989e8cc95d67', 'ip_version': 4, 'subnetpool_id': None, 'enable_dhcp': True, 'ipv6_ra_mode': None, 'ipv6_address_mode': None, 'gateway_ip': '192.168.128.1', 'cidr': '192.168.128.0/28', 'allocation_pools': [{'start': '192.168.128.2', 'end': '192.168.128.14'}], 'host_routes': [], 'dns_nameservers': [], 'description': '', 'router:external': False, 'service_types': [], 'tags': [], 'created_at': '2025-11-19T17:54:05Z', 'updated_at': '2025-11-19T17:54:05Z', 'revision_number': 0, 'project_id': '12d0fe51d6b24772979dc8b134e1b077'}, Router: {'id': 'c45ed87e-c2ff-4ff9-914c-d42d9c96b306', 'name': 'tempest-ServerGroup264TestJSON-374139087-router', 'tenant_id': '12d0fe51d6b24772979dc8b134e1b077', 'admin_state_up': True, 'status': 'ACTIVE', 'external_gateway_info': {'network_id': '3ad09776-d2d3-44f3-9ed5-beb7611f78ee', 'external_fixed_ips': [{'subnet_id': 'c521d099-11e0-4337-a8fe-8f41e173ad04', 'ip_address': '10.180.180.131'}], 'enable_snat': True}, 'description': '', 'availability_zones': [], 'distributed': False, 'ha': False, 'availability_zone_hints': [], 'routes': [], 'flavor_id': None, 'tags': [], 'created_at': '2025-11-19T17:54:05Z', 'updated_at': '2025-11-19T17:54:05Z', 'revision_number': 2, 'project_id': '12d0fe51d6b24772979dc8b134e1b077'}
2025-11-19 17:54:07.315 67233 INFO tempest.lib.common.rest_client [req-788849b8-208d-4b5f-9a10-0a946042e3ff req-788849b8-208d-4b5f-9a10-0a946042e3ff ] Request (ServerGroup264TestJSON:setUpClass): 201 POST http://10.180.1.21/identity/v3/auth/tokens 0.090s
2025-11-19 17:54:07.345 67249 INFO tempest.lib.common.rest_client [req-904bca49-4c13-4811-9d5a-8f93d6a9783c req-904bca49-4c13-4811-9d5a-8f93d6a9783c ] Request (ServerGroupTestJSON:test_create_server_with_scheduler_hint_group): 200 GET http://10.180.1.21/compute/v2.1/servers/115e7812-4782-406d-9361-9b01083a6928 1.240s
2025-11-19 17:54:07.353 67249 INFO tempest.common.waiters [-] State transition "BUILD/None" ==> "BUILD/networking" after 37 second wait
2025-11-19 17:54:07.370 67247 INFO tempest.lib.common.rest_client [req-183944e2-61f9-452b-9c3f-e24e459442a5 req-183944e2-61f9-452b-9c3f-e24e459442a5 ] Request (ServersAdminTestJSON:test_list_servers_filter_by_error_status): 200 GET http://10.180.1.21/compute/v2.1/servers/234436ef-cdef-4559-bf40-95ed9c3a3e97 1.327s
2025-11-19 17:54:07.416 67229 INFO tempest.lib.common.rest_client [req-f904558b-6068-4de3-89f3-ab5e1e0e849b req-f904558b-6068-4de3-89f3-ab5e1e0e849b ] Request (ListImageFiltersTestJSON:setUpClass): 200 GET http://10.180.1.21/compute/v2.1/images/0280de50-b80e-486a-b4f0-e6635165fb8b 1.139s
2025-11-19 17:54:07.475 67251 INFO tempest.lib.common.rest_client [req-cd9208fb-c2f4-4c79-868a-88b0f813e574 req-cd9208fb-c2f4-4c79-868a-88b0f813e574 ] Request (SecurityGroupsTestJSON:test_server_security_groups): 200 GET http://10.180.1.21/compute/v2.1/servers/50753e96-ccee-4223-8d85-eaa931f621d5 1.152s
2025-11-19 17:54:07.501 67231 INFO tempest.lib.common.rest_client [req-6a005810-9758-469d-b7d1-2d89c12268c0 req-6a005810-9758-469d-b7d1-2d89c12268c0 ] Request (MigrationsAdminTest:test_resize_server_revert_deleted_flavor): 200 GET http://10.180.1.21/compute/v2.1/servers/ab6acb2e-5b30-4ae3-abbd-cd073bcec44f 1.235s
2025-11-19 17:54:07.508 67231 INFO tempest.common.waiters [-] State transition "BUILD/spawning" ==> "ACTIVE/None" after 51 second wait
2025-11-19 17:54:07.549 67219 INFO tempest.lib.common.rest_client [req-95fe64d1-2c21-42d9-b07d-5e1e3589f06d req-95fe64d1-2c21-42d9-b07d-5e1e3589f06d ] Request (ServersListShow2100Test:test_list_show_rebuild_update_server_2100): 200 GET http://10.180.1.21/compute/v2.1/servers/050c7e3d-3a55-48e7-814a-88f061d4e6b5 1.158s
2025-11-19 17:54:07.574 67264 INFO tempest.lib.common.rest_client [req-2672e573-bfce-49db-8fe5-607427e15b88 req-2672e573-bfce-49db-8fe5-607427e15b88 ] Request (FloatingIPsAssociationNegativeTestJSON:tearDownClass): 200 GET http://10.180.1.21/compute/v2.1/servers/959752d3-7864-4921-b318-8645ebd247c9 1.170s
2025-11-19 17:54:07.628 67243 INFO tempest.lib.common.rest_client [req-8729b916-feac-4806-9f4c-194864c69db6 req-8729b916-feac-4806-9f4c-194864c69db6 ] Request (AttachInterfacesV270Test:tearDownClass): 200 GET http://10.180.1.21/compute/v2.1/servers/a0b7f1ab-1251-4dca-9ce3-5eaa0c465e1e 1.184s
2025-11-19 17:54:07.646 67235 INFO tempest.lib.common.rest_client [req-45cf55bc-3d14-4192-bc58-5c1f469dd450 req-45cf55bc-3d14-4192-bc58-5c1f469dd450 ] Request (ServerPasswordTestJSON:tearDownClass): 200 GET http://10.180.1.21/compute/v2.1/servers/8f8bcfcd-e9a6-4464-a30e-74a52c4f5fd2 1.184s
2025-11-19 17:54:07.669 67239 INFO tempest.lib.common.rest_client [req-f84cb448-8d17-4112-8c4a-4171817b4683 req-f84cb448-8d17-4112-8c4a-4171817b4683 ] Request (ServersAdmin275Test:tearDownClass): 404 GET http://10.180.1.21/compute/v2.1/servers/ba2c29c2-f608-40cd-81b2-c6658c3feb39 0.960s
2025-11-19 17:54:07.769 67239 INFO tempest.lib.common.rest_client [req-f1f62de3-d2f4-4dee-be2d-c11704ba41fa req-f1f62de3-d2f4-4dee-be2d-c11704ba41fa ] Request (ServersAdmin275Test:tearDownClass): 204 DELETE http://10.180.1.21/identity/v3/users/e86e6f7fb7234514b9871e0a5cad9a46 0.100s
2025-11-19 17:54:07.776 67271 INFO tempest.lib.common.rest_client [req-cdcdb641-4000-4ed4-b472-84d852e37fa5 req-cdcdb641-4000-4ed4-b472-84d852e37fa5 ] Request (ServerActionsTestJSON:setUpClass): 200 GET http://10.180.1.21/compute/v2.1/servers/447391c3-b763-4adc-8efa-3e4a1ee3f78a 1.060s
2025-11-19 17:54:07.788 67271 INFO tempest.common.waiters [-] State transition "BUILD/scheduling" ==> "BUILD/None" after 7 second wait
2025-11-19 17:54:07.800 67217 INFO tempest.lib.common.rest_client [req-23e2966c-452e-4ded-b2d8-dc11a229d78f req-23e2966c-452e-4ded-b2d8-dc11a229d78f ] Request (InstanceActionsTestJSON:setUpClass): 200 GET http://10.180.1.21/compute/v2.1/servers/4b701d31-49e6-4f80-bfc7-784d1e65587e 1.169s
2025-11-19 17:54:07.873 67227 INFO tempest.lib.common.rest_client [req-820233ae-7e36-46e1-bf33-2d26a736bcb2 req-820233ae-7e36-46e1-bf33-2d26a736bcb2 ] Request (ImagesOneServerNegativeTestJSON:_run_cleanups): 200 GET http://10.180.1.21/compute/v2.1/servers/f92a0135-d8fc-4703-9868-27de71ed5974 1.040s
2025-11-19 17:54:07.887 67215 INFO tempest.lib.common.rest_client [req-47e7ed99-9158-40ff-942e-feb5aebd756b req-47e7ed99-9158-40ff-942e-feb5aebd756b ] Request (VolumesAssistedSnapshotsTest:tearDownClass): 200 GET http://10.180.1.21/compute/v2.1/servers/7da3cbcd-f708-46ae-863d-1de8e097ed59 1.115s
2025-11-19 17:54:07.946 67239 INFO tempest.lib.common.rest_client [req-3ddc26c0-9561-41b3-86ee-30d1fcf4a619 req-3ddc26c0-9561-41b3-86ee-30d1fcf4a619 ] Request (ServersAdmin275Test:tearDownClass): 204 DELETE http://10.180.1.21/identity/v3/users/79287c510ddc4a23ae54e56b95a25f2d 0.176s
2025-11-19 17:54:07.946 67239 INFO tempest.lib.common.dynamic_creds [-] Deleting project and security group for project: 5c0287c13aa74895bea07d1a4955b835
2025-11-19 17:54:07.962 67273 INFO tempest.lib.common.rest_client [req-9768977b-74f6-4383-814a-ee3517b9a12b req-9768977b-74f6-4383-814a-ee3517b9a12b ] Request (ServerActionsTestOtherB:setUpClass): 200 GET http://10.180.1.21/compute/v2.1/servers/df9c23ef-cf67-493f-bacc-feaa8dd5cd11 1.062s
2025-11-19 17:54:07.973 67253 INFO tempest.lib.common.rest_client [req-f6d8a909-3a58-4374-843a-82398726b77b req-f6d8a909-3a58-4374-843a-82398726b77b ] Request (ImagesOneServerTestJSON:tearDownClass): 200 GET http://10.180.1.21/compute/v2.1/servers/702f4b16-b253-4eaf-bfca-18122e735c04 1.054s
2025-11-19 17:54:08.043 67239 INFO tempest.lib.common.rest_client [req-ca4bbf82-7254-486e-b976-ad18093b4662 req-ca4bbf82-7254-486e-b976-ad18093b4662 ] Request (ServersAdmin275Test:tearDownClass): 201 POST http://10.180.1.21/identity/v3/auth/tokens 0.096s
2025-11-19 17:54:08.049 67259 INFO tempest.lib.common.rest_client [req-db3da36d-d54b-4128-baf7-187f830b8a00 req-db3da36d-d54b-4128-baf7-187f830b8a00 ] Request (ServersAdminNegativeTestJSON:tearDownClass): 200 GET http://10.180.1.21/compute/v2.1/servers/3f7f280d-2ee2-499e-9c7f-e918be349d3a 1.066s
2025-11-19 17:54:08.223 67221 INFO tempest.lib.common.rest_client [req-4d8675b1-28f8-4a3f-8c1d-f556eab1a69b req-4d8675b1-28f8-4a3f-8c1d-f556eab1a69b ] Request (MultipleCreateTestJSON:_run_cleanups): 200 GET http://10.180.1.21/compute/v2.1/servers/9266d5fb-b155-400a-9175-29018055151d 1.098s
2025-11-19 17:54:08.241 67239 INFO tempest.lib.common.rest_client [req-fad681dd-c7e9-4eac-836c-90227eeaec9e req-fad681dd-c7e9-4eac-836c-90227eeaec9e ] Request (ServersAdmin275Test:tearDownClass): 200 GET http://10.180.1.21/networking/v2.0/security-groups?tenant_id=5c0287c13aa74895bea07d1a4955b835&name=default 0.197s
2025-11-19 17:54:08.295 67245 INFO tempest.lib.common.rest_client [req-e22830c5-d42e-4b55-b2ef-b2fa9d236cda req-e22830c5-d42e-4b55-b2ef-b2fa9d236cda ] Request (ServerDiagnosticsNegativeTest:test_get_server_diagnostics_by_non_admin): 200 GET http://10.180.1.21/compute/v2.1/servers/d683082f-e97c-493e-af15-ede2a2a9799e 1.293s
2025-11-19 17:54:08.324 67223 INFO tempest.lib.common.rest_client [req-dfc2e191-dddd-4822-89a5-84b7307a3e3b req-dfc2e191-dddd-4822-89a5-84b7307a3e3b ] Request (ServersTestJSON:tearDownClass): 200 GET http://10.180.1.21/compute/v2.1/servers/63f527bd-09cb-48dd-83fa-6a7c0aa98c1f 1.190s
2025-11-19 17:54:08.357 67239 INFO tempest.lib.common.rest_client [req-7d54d0ff-0b20-49ee-9f0b-1326c79a4adf req-7d54d0ff-0b20-49ee-9f0b-1326c79a4adf ] Request (ServersAdmin275Test:tearDownClass): 204 DELETE http://10.180.1.21/networking/v2.0/security-groups/c828c1a4-df62-4765-a376-2c28791d3517 0.116s
2025-11-19 17:54:08.387 67257 INFO tempest.lib.common.rest_client [req-14e15645-1a7f-4a61-b8f1-55706d2bb55c req-14e15645-1a7f-4a61-b8f1-55706d2bb55c ] Request (DeleteServersTestJSON:test_delete_server_while_in_attached_volume): 200 GET http://10.180.1.21/compute/v2.1/servers/3809a949-de51-4cc4-ac68-5dddd6f69bc9 1.048s
2025-11-19 17:54:08.445 67239 INFO tempest.lib.common.rest_client [req-459e59a7-e292-441c-8512-5b9138118c96 req-459e59a7-e292-441c-8512-5b9138118c96 ] Request (ServersAdmin275Test:tearDownClass): 204 DELETE http://10.180.1.21/identity/v3/projects/5c0287c13aa74895bea07d1a4955b835 0.087s
2025-11-19 17:54:08.445 67239 INFO tempest.lib.common.dynamic_creds [-] Deleting project and security group for project: 895fa6ab615d4e1eb91e12041d85acb2
2025-11-19 17:54:08.454 67255 INFO tempest.lib.common.rest_client [req-6921075c-e089-4fe2-94e5-b8412f62e8c5 req-6921075c-e089-4fe2-94e5-b8412f62e8c5 ] Request (ServerTagsTestJSON:tearDownClass): 200 GET http://10.180.1.21/compute/v2.1/servers/ef85d33f-8d18-4707-804d-0d02e9509523 1.092s
2025-11-19 17:54:08.474 67233 INFO tempest.lib.common.rest_client [req-391028af-ee12-4de3-9bb9-319121820b2c req-391028af-ee12-4de3-9bb9-319121820b2c ] Request (ServerGroup264TestJSON:test_create_get_server_group): 200 POST http://10.180.1.21/compute/v2.1/os-server-groups 1.158s
2025-11-19 17:54:08.518 67229 INFO tempest.lib.common.rest_client [req-2cbcb7ed-fe69-419c-b648-0cc2af555c3d req-2cbcb7ed-fe69-419c-b648-0cc2af555c3d ] Request (ListImageFiltersTestJSON:setUpClass): 200 GET http://10.180.1.21/compute/v2.1/images/0280de50-b80e-486a-b4f0-e6635165fb8b 1.098s
2025-11-19 17:54:08.558 67239 INFO tempest.lib.common.rest_client [req-76c3606f-a9e0-4dd5-98a0-ecb11dafd0b7 req-76c3606f-a9e0-4dd5-98a0-ecb11dafd0b7 ] Request (ServersAdmin275Test:tearDownClass): 200 GET http://10.180.1.21/networking/v2.0/security-groups?tenant_id=895fa6ab615d4e1eb91e12041d85acb2&name=default 0.112s
2025-11-19 17:54:08.581 67247 INFO tempest.lib.common.rest_client [req-8ed5202a-caa8-4839-afa7-175f379c3ee1 req-8ed5202a-caa8-4839-afa7-175f379c3ee1 ] Request (ServersAdminTestJSON:test_list_servers_filter_by_exist_host): 200 GET http://10.180.1.21/compute/v2.1/servers/234436ef-cdef-4559-bf40-95ed9c3a3e97 1.202s
2025-11-19 17:54:08.622 67231 INFO tempest.lib.common.rest_client [req-7d25f7a4-e828-4c4f-adc6-54f1fdbd970d req-7d25f7a4-e828-4c4f-adc6-54f1fdbd970d ] Request (MigrationsAdminTest:test_resize_server_revert_deleted_flavor): 200 GET http://10.180.1.21/compute/v2.1/servers/ab6acb2e-5b30-4ae3-abbd-cd073bcec44f 1.113s
2025-11-19 17:54:08.638 67276 INFO tempest.lib.common.rest_client [req-ba1a2f8a-3882-4d80-ab83-e4fea9891737 req-ba1a2f8a-3882-4d80-ab83-e4fea9891737 ] Request (TenantUsagesTestJSON:setUpClass): 200 GET http://10.180.1.21/compute/v2.1/servers/909ca246-c54f-4759-8b70-65d4249540db 1.125s
2025-11-19 17:54:08.667 67239 INFO tempest.lib.common.rest_client [req-643e2c36-6a86-4940-a38d-0e4483de969a req-643e2c36-6a86-4940-a38d-0e4483de969a ] Request (ServersAdmin275Test:tearDownClass): 204 DELETE http://10.180.1.21/networking/v2.0/security-groups/3ab4527d-30ac-424b-884c-18587de29c54 0.109s
2025-11-19 17:54:08.676 67211 INFO tempest.lib.common.rest_client [req-651536f7-61b1-4ef7-8962-9d1bcc7e56f3 req-651536f7-61b1-4ef7-8962-9d1bcc7e56f3 ] Request (ImagesTestJSON:test_create_server_from_snapshot): 200 GET http://10.180.1.21/compute/v2.1/servers/f941cada-61f3-44f1-9ac4-27cac80917b3 1.148s
2025-11-19 17:54:08.688 67233 INFO tempest.lib.common.rest_client [req-19bf9fb7-b039-4aff-a4fa-45ec999f3617 req-19bf9fb7-b039-4aff-a4fa-45ec999f3617 ] Request (ServerGroup264TestJSON:test_create_get_server_group): 200 GET http://10.180.1.21/compute/v2.1/os-server-groups 0.212s
2025-11-19 17:54:08.740 67251 INFO tempest.lib.common.rest_client [req-db81255a-1576-4ece-aeb6-7fb9554429f8 req-db81255a-1576-4ece-aeb6-7fb9554429f8 ] Request (SecurityGroupsTestJSON:test_server_security_groups): 200 GET http://10.180.1.21/compute/v2.1/servers/50753e96-ccee-4223-8d85-eaa931f621d5 0.257s
2025-11-19 17:54:08.768 67249 INFO tempest.lib.common.rest_client [req-b510494e-19e4-490c-852c-0f1c10f7def5 req-b510494e-19e4-490c-852c-0f1c10f7def5 ] Request (ServerGroupTestJSON:test_create_server_with_scheduler_hint_group): 200 GET http://10.180.1.21/compute/v2.1/servers/115e7812-4782-406d-9361-9b01083a6928 0.414s
2025-11-19 17:54:08.776 67249 INFO tempest.common.waiters [-] State transition "BUILD/networking" ==> "BUILD/spawning" after 38 second wait
2025-11-19 17:54:08.789 67239 INFO tempest.lib.common.rest_client [req-e309b0cc-a247-428b-a7e9-9310167028fa req-e309b0cc-a247-428b-a7e9-9310167028fa ] Request (ServersAdmin275Test:tearDownClass): 204 DELETE http://10.180.1.21/identity/v3/projects/895fa6ab615d4e1eb91e12041d85acb2 0.122s
2025-11-19 17:54:08.790 67239 INFO tempest.test [-] raised in TestVolumeSwap.setUpClass. Invoking tearDownClass.
2025-11-19 17:54:08.857 67219 INFO tempest.lib.common.rest_client [req-2f636ece-2e88-4c63-8611-86810bd7d753 req-2f636ece-2e88-4c63-8611-86810bd7d753 ] Request (ServersListShow2100Test:test_list_show_rebuild_update_server_2100): 200 GET http://10.180.1.21/compute/v2.1/servers/050c7e3d-3a55-48e7-814a-88f061d4e6b5 0.295s
2025-11-19 17:54:08.889 67239 INFO tempest.lib.common.rest_client [req-1a31ff0d-4289-4c9b-b876-de9972565da0 req-1a31ff0d-4289-4c9b-b876-de9972565da0 ] Request (ServerActionsTestOtherA:setUpClass): 201 POST http://10.180.1.21/identity/v3/auth/tokens 0.094s
2025-11-19 17:54:08.937 67239 INFO tempest.lib.common.rest_client [req-8076f49d-7859-4843-8d22-d2ba983acc55 req-8076f49d-7859-4843-8d22-d2ba983acc55 ] Request (ServerActionsTestOtherA:setUpClass): 201 POST http://10.180.1.21/identity/v3/auth/tokens 0.045s
