2025-11-19 17:55:04.465 67243 INFO tempest.lib.common.rest_client [req-fc4ab673-a8d9-47f4-976a-3c9ad76e6055 req-fc4ab673-a8d9-47f4-976a-3c9ad76e6055 ] Request (ServerActionsV293TestJSON:setUpClass): 200 GET http://10.180.1.21/volume/v3/volumes/b8b10a9b-269d-448f-957a-fbe1abdf7955 0.045s
2025-11-19 17:55:04.495 67249 INFO tempest.lib.common.rest_client [req-89c798ed-b93b-492d-9b6d-7ab8778ceec5 req-89c798ed-b93b-492d-9b6d-7ab8778ceec5 ] Request (ServerGroupTestJSON:_run_cleanups): 200 GET http://10.180.1.21/compute/v2.1/servers/115e7812-4782-406d-9361-9b01083a6928 0.432s
2025-11-19 17:55:04.508 67219 INFO tempest.lib.common.rest_client [req-e7c0b553-3f14-44e3-a84d-17a37275a158 req-e7c0b553-3f14-44e3-a84d-17a37275a158 ] Request (ServersListShow2100Test:tearDownClass): 200 GET http://10.180.1.21/compute/v2.1/servers/050c7e3d-3a55-48e7-814a-88f061d4e6b5 0.351s
2025-11-19 17:55:04.564 67239 INFO tempest.lib.common.rest_client [req-9970015b-affb-4c39-9447-607e6e44d2d5 req-9970015b-affb-4c39-9447-607e6e44d2d5 ] Request (ServerActionsTestOtherA:setUpClass): 200 GET http://10.180.1.21/compute/v2.1/servers/f797511a-6e6f-45e9-899d-b4c47b1667a6 0.340s
2025-11-19 17:55:04.638 67257 INFO tempest.lib.common.rest_client [req-b5bb10cb-02d3-46e9-996f-11b2383d1c11 req-b5bb10cb-02d3-46e9-996f-11b2383d1c11 ] Request (DeleteServersTestJSON:test_delete_server_while_in_shelved_state): 200 GET http://10.180.1.21/compute/v2.1/servers/8ccf5100-7fd1-401a-8fe7-a14a026d05f1 0.350s
2025-11-19 17:55:04.655 67271 INFO tempest.lib.common.rest_client [req-a56dbdc4-9b03-405f-83b1-b44c91a2ad35 req-a56dbdc4-9b03-405f-83b1-b44c91a2ad35 ] Request (ServerActionsTestJSON:setUpClass): 200 GET http://10.180.1.21/compute/v2.1/servers/447391c3-b763-4adc-8efa-3e4a1ee3f78a 0.420s
2025-11-19 17:55:04.678 67215 INFO tempest.lib.common.rest_client [req-8280af28-c1b8-4871-8c03-c86d09bd417a req-8280af28-c1b8-4871-8c03-c86d09bd417a ] Request (FlavorsExtraSpecsNegativeTestJSON:test_flavor_non_admin_update_specific_key): 200 POST http://10.180.1.21/compute/v2.1/flavors/1807269032/os-extra_specs 0.256s
2025-11-19 17:55:04.710 67251 INFO tempest.lib.common.rest_client [req-78830457-b51c-435e-930a-5edc1a79cc14 req-78830457-b51c-435e-930a-5edc1a79cc14 ] Request (SecurityGroupsTestJSON:test_server_security_groups): 200 GET http://10.180.1.21/compute/v2.1/servers/50753e96-ccee-4223-8d85-eaa931f621d5 0.407s
2025-11-19 17:55:04.768 67235 INFO tempest.lib.common.rest_client [req-849a2528-ac7c-4991-9445-43beb3f680af req-849a2528-ac7c-4991-9445-43beb3f680af ] Request (ServerShowV257Test:test_rebuild_server): 200 GET http://10.180.1.21/compute/v2.1/servers/9576e741-6bb3-4afe-ac50-0e8434220a7c 0.311s
2025-11-19 17:55:04.774 67215 INFO tempest.lib.common.rest_client [req-339d2e62-9a18-4282-bda4-3eb0545c2f21 req-339d2e62-9a18-4282-bda4-3eb0545c2f21 ] Request (FlavorsExtraSpecsNegativeTestJSON:test_flavor_non_admin_update_specific_key): 403 PUT http://10.180.1.21/compute/v2.1/flavors/1807269032/os-extra_specs/hw:numa_nodes 0.094s
2025-11-19 17:55:04.795 67229 INFO tempest.lib.common.rest_client [req-83055d94-d0f5-4301-ba42-a2801ad1be84 req-83055d94-d0f5-4301-ba42-a2801ad1be84 ] Request (ListImageFiltersTestJSON:tearDownClass): 204 DELETE http://10.180.1.21/compute/v2.1/images/770160fa-5ee9-47ce-82c6-b91a67caeac8 0.366s
2025-11-19 17:55:04.807 67215 INFO tempest.lib.common.rest_client [req-13f55db4-42ba-4221-bd42-9818462b7d41 req-13f55db4-42ba-4221-bd42-9818462b7d41 ] Request (FlavorsExtraSpecsNegativeTestJSON:test_flavor_unset_nonexistent_key): 404 DELETE http://10.180.1.21/compute/v2.1/flavors/1807269032/os-extra_specs/hw:cpu_thread_policy 0.032s
2025-11-19 17:55:04.840 67253 INFO tempest.lib.common.rest_client [req-2c156cdc-e32a-43ea-819e-2eb316d6a477 req-2c156cdc-e32a-43ea-819e-2eb316d6a477 ] Request (ServersTestFqdnHostnames:test_create_server_with_fqdn_name): 200 GET http://10.180.1.21/compute/v2.1/servers/5299f9f9-66bb-44b1-aa40-e619ffe6db16 0.123s
2025-11-19 17:55:04.849 67215 INFO tempest.lib.common.rest_client [req-dcee56f3-fe88-439d-b112-107ca99798eb req-dcee56f3-fe88-439d-b112-107ca99798eb ] Request (FlavorsExtraSpecsNegativeTestJSON:test_flavor_update_mismatch_key): 400 PUT http://10.180.1.21/compute/v2.1/flavors/1807269032/os-extra_specs/hw:numa_nodes 0.040s
2025-11-19 17:55:04.896 67215 INFO tempest.lib.common.rest_client [req-7bc6c016-b908-4033-a703-bfd95f6da3db req-7bc6c016-b908-4033-a703-bfd95f6da3db ] Request (FlavorsExtraSpecsNegativeTestJSON:test_flavor_update_more_key): 400 PUT http://10.180.1.21/compute/v2.1/flavors/1807269032/os-extra_specs/hw:numa_nodes 0.045s
2025-11-19 17:55:04.916 67229 INFO tempest.lib.common.rest_client [req-c0c959e6-6eb2-4d38-85c1-9900996bdd3c req-c0c959e6-6eb2-4d38-85c1-9900996bdd3c ] Request (ListImageFiltersTestJSON:tearDownClass): 204 DELETE http://10.180.1.21/compute/v2.1/images/47993fb9-f762-4491-bcfd-03be63d1014f 0.121s
2025-11-19 17:55:04.946 67215 INFO tempest.lib.common.rest_client [req-072b7579-daea-403c-b40c-a368ae7382b7 req-072b7579-daea-403c-b40c-a368ae7382b7 ] Request (FlavorsExtraSpecsNegativeTestJSON:tearDownClass): 202 DELETE http://10.180.1.21/compute/v2.1/flavors/1807269032 0.048s
2025-11-19 17:55:05.053 67231 INFO tempest.lib.common.rest_client [req-8a5b7363-c89c-45db-91f2-b61784042c41 req-8a5b7363-c89c-45db-91f2-b61784042c41 ] Request (MigrationsAdminTest:test_resize_server_revert_deleted_flavor): 200 GET http://10.180.1.21/compute/v2.1/servers/ab6acb2e-5b30-4ae3-abbd-cd073bcec44f 0.163s
2025-11-19 17:55:05.076 67215 INFO tempest.lib.common.rest_client [req-b58cdfec-1093-42fd-9e7f-0c3b904c65fd req-b58cdfec-1093-42fd-9e7f-0c3b904c65fd ] Request (FlavorsExtraSpecsNegativeTestJSON:tearDownClass): 200 GET http://10.180.1.21/compute/v2.1/flavors/detail 0.129s
2025-11-19 17:55:05.091 67229 INFO tempest.lib.common.rest_client [req-6dcd1e02-90d3-4adc-b319-bc0eb40415a7 req-6dcd1e02-90d3-4adc-b319-bc0eb40415a7 ] Request (ListImageFiltersTestJSON:tearDownClass): 204 DELETE http://10.180.1.21/compute/v2.1/images/0280de50-b80e-486a-b4f0-e6635165fb8b 0.174s
2025-11-19 17:55:05.160 67276 INFO tempest.lib.common.rest_client [req-b80be724-e8a7-4a9c-b885-6d2758180dcb req-b80be724-e8a7-4a9c-b885-6d2758180dcb ] Request (TenantUsagesTestJSON:tearDownClass): 200 GET http://10.180.1.21/compute/v2.1/servers/909ca246-c54f-4759-8b70-65d4249540db 0.145s
2025-11-19 17:55:05.233 67217 INFO tempest.lib.common.rest_client [req-3fc7f566-5d8d-4697-9981-02a148fe5d43 req-3fc7f566-5d8d-4697-9981-02a148fe5d43 ] Request (InstanceActionsTestJSON:tearDownClass): 200 GET http://10.180.1.21/compute/v2.1/servers/4b701d31-49e6-4f80-bfc7-784d1e65587e 0.125s
2025-11-19 17:55:05.237 67229 INFO tempest.lib.common.rest_client [req-eb69d4f7-c33e-494a-8e79-44e104328028 req-eb69d4f7-c33e-494a-8e79-44e104328028 ] Request (ListImageFiltersTestJSON:tearDownClass): 204 DELETE http://10.180.1.21/compute/v2.1/servers/e98184f0-c473-401e-9b86-4763fff8f480 0.146s
2025-11-19 17:55:05.255 67215 INFO tempest.lib.common.rest_client [req-76d18d34-fbeb-4d62-b401-e6c7a4caccfe req-76d18d34-fbeb-4d62-b401-e6c7a4caccfe ] Request (FlavorsExtraSpecsNegativeTestJSON:tearDownClass): 204 DELETE http://10.180.1.21/identity/v3/users/4e8ebcf283774b1d877147ce347bca94 0.174s
2025-11-19 17:55:05.292 67225 INFO tempest.lib.common.rest_client [req-6648604d-1514-4f24-8449-f7204ab4be43 req-6648604d-1514-4f24-8449-f7204ab4be43 ] Request (ServersWithSpecificFlavorTestJSON:test_verify_created_server_ephemeral_disk): 200 GET http://10.180.1.21/compute/v2.1/servers/c21de1df-e583-46cb-b0e3-c5ac508d8cb5 0.098s
2025-11-19 17:55:05.372 67245 INFO tempest.lib.common.rest_client [req-bfd206f7-3597-42de-924a-9c2cb7174f0a req-bfd206f7-3597-42de-924a-9c2cb7174f0a ] Request (ServerDiagnosticsNegativeTest:test_get_server_diagnostics_by_non_admin): 200 GET http://10.180.1.21/compute/v2.1/servers/d683082f-e97c-493e-af15-ede2a2a9799e 0.170s
2025-11-19 17:55:05.378 67245 INFO tempest.common.waiters [-] State transition "BUILD/spawning" ==> "ACTIVE/None" after 79 second wait
2025-11-19 17:55:05.386 67215 INFO tempest.lib.common.rest_client [req-2f67fdd7-e9ae-4a43-bdad-ac2837e3d6f6 req-2f67fdd7-e9ae-4a43-bdad-ac2837e3d6f6 ] Request (FlavorsExtraSpecsNegativeTestJSON:tearDownClass): 204 DELETE http://10.180.1.21/identity/v3/users/2e9eea1360d24c9dbcf3a587ea7d9a92 0.130s
2025-11-19 17:55:05.386 67215 INFO tempest.lib.common.dynamic_creds [-] Deleting project and security group for project: 03d1d0b67ceb441d8c2fd46a326a290f
2025-11-19 17:55:05.435 67229 INFO tempest.lib.common.rest_client [req-bef9a7cc-74db-4fe3-9080-48862625699d req-bef9a7cc-74db-4fe3-9080-48862625699d ] Request (ListImageFiltersTestJSON:tearDownClass): 200 GET http://10.180.1.21/compute/v2.1/servers/e98184f0-c473-401e-9b86-4763fff8f480 0.197s
2025-11-19 17:55:05.446 67247 INFO tempest.lib.common.rest_client [req-ca2da326-6901-4217-aaa3-026379fe3b31 req-ca2da326-6901-4217-aaa3-026379fe3b31 ] Request (ServersAdminTestJSON:tearDownClass): 200 GET http://10.180.1.21/compute/v2.1/servers/7e3a19b1-6ff4-48b2-a559-054360765a1f 0.180s
2025-11-19 17:55:05.469 67215 INFO tempest.lib.common.rest_client [req-6bcdf83f-a27f-4390-b504-dd44cda3f2dc req-6bcdf83f-a27f-4390-b504-dd44cda3f2dc ] Request (FlavorsExtraSpecsNegativeTestJSON:tearDownClass): 201 POST http://10.180.1.21/identity/v3/auth/tokens 0.083s
2025-11-19 17:55:05.491 67211 INFO tempest.lib.common.rest_client [req-360085eb-233d-4362-93c4-0efc282e2aee req-360085eb-233d-4362-93c4-0efc282e2aee ] Request (ImagesTestJSON:test_create_server_from_snapshot): 200 GET http://10.180.1.21/compute/v2.1/images/9cfadf72-96ce-423e-90db-8bfa149f6864 0.179s
2025-11-19 17:55:05.501 67264 INFO tempest.lib.common.rest_client [req-9dd9cffc-0c82-4dc9-8d86-bf733938c0ce req-9dd9cffc-0c82-4dc9-8d86-bf733938c0ce ] Request (ServersAaction247Test:test_create_backup): 200 GET http://10.180.1.21/compute/v2.1/servers/0255037c-e94b-424a-9fb3-3a365d346fc4 0.230s
2025-11-19 17:55:05.513 67243 INFO tempest.lib.common.rest_client [req-0301a7a8-1ba8-4caf-86b4-cf9ec936a353 req-0301a7a8-1ba8-4caf-86b4-cf9ec936a353 ] Request (ServerActionsV293TestJSON:setUpClass): 200 GET http://10.180.1.21/volume/v3/volumes/b8b10a9b-269d-448f-957a-fbe1abdf7955 0.040s
2025-11-19 17:55:05.539 67221 INFO tempest.lib.common.rest_client [req-bb9aa60c-710e-497f-b69c-7284d3748899 req-bb9aa60c-710e-497f-b69c-7284d3748899 ] Request (MultipleCreateTestJSON:test_multiple_create_with_reservation_return): 200 GET http://10.180.1.21/compute/v2.1/servers/2d6b0f57-f920-4097-a639-9584c26fd89c 0.207s
2025-11-19 17:55:05.562 67245 INFO tempest.lib.common.rest_client [req-71a22ff3-7a71-46cf-b840-53f429bebe0f req-71a22ff3-7a71-46cf-b840-53f429bebe0f ] Request (ServerDiagnosticsNegativeTest:test_get_server_diagnostics_by_non_admin): 403 GET http://10.180.1.21/compute/v2.1/servers/d683082f-e97c-493e-af15-ede2a2a9799e/diagnostics 0.183s
2025-11-19 17:55:05.574 67259 INFO tempest.lib.common.rest_client [req-bd64812b-b098-4fcb-907e-fa36adb6c328 req-bd64812b-b098-4fcb-907e-fa36adb6c328 ] Request (ServersNegativeTestMultiTenantJSON:setUpClass): 200 GET http://10.180.1.21/compute/v2.1/servers/eaee2510-71f7-47a5-9aa5-d947153e768a 0.215s
2025-11-19 17:55:05.693 67227 INFO tempest.lib.common.rest_client [req-fd7799c5-db1a-4166-a40b-1220640a491a req-fd7799c5-db1a-4166-a40b-1220640a491a ] Request (ImagesOneServerNegativeTestJSON:_run_cleanups): 200 GET http://10.180.1.21/compute/v2.1/servers/f92a0135-d8fc-4703-9868-27de71ed5974 0.303s
2025-11-19 17:55:05.702 67227 INFO tempest.common.waiters [-] State transition "ACTIVE/deleting" ==> "DELETED/None" after 3 second wait
2025-11-19 17:55:05.707 67215 INFO tempest.lib.common.rest_client [req-13c49317-d137-46b0-b9ab-379f2152f77f req-13c49317-d137-46b0-b9ab-379f2152f77f ] Request (FlavorsExtraSpecsNegativeTestJSON:tearDownClass): 200 GET http://10.180.1.21/networking/v2.0/security-groups?tenant_id=03d1d0b67ceb441d8c2fd46a326a290f&name=default 0.238s
2025-11-19 17:55:05.714 67267 INFO tempest.lib.common.rest_client [req-372ff082-b204-406a-8197-fb1ff5f3698f req-372ff082-b204-406a-8197-fb1ff5f3698f ] Request (AttachInterfacesUnderV243Test:_run_cleanups): 200 GET http://10.180.1.21/compute/v2.1/servers/2075f415-043e-4d81-884d-07348190e678 0.287s
2025-11-19 17:55:05.768 67249 INFO tempest.lib.common.rest_client [req-14c8e4e7-de8b-44b0-8f32-7914ea5823b5 req-14c8e4e7-de8b-44b0-8f32-7914ea5823b5 ] Request (ServerGroupTestJSON:_run_cleanups): 200 GET http://10.180.1.21/compute/v2.1/servers/115e7812-4782-406d-9361-9b01083a6928 0.264s
2025-11-19 17:55:05.789 67219 INFO tempest.lib.common.rest_client [req-bbaac73a-912f-4ade-8255-3d001a8c6e8c req-bbaac73a-912f-4ade-8255-3d001a8c6e8c ] Request (ServersListShow2100Test:tearDownClass): 200 GET http://10.180.1.21/compute/v2.1/servers/050c7e3d-3a55-48e7-814a-88f061d4e6b5 0.263s
2025-11-19 17:55:05.808 67215 INFO tempest.lib.common.rest_client [req-ba1833ad-0c45-4b37-9b06-0fd6ca85f764 req-ba1833ad-0c45-4b37-9b06-0fd6ca85f764 ] Request (FlavorsExtraSpecsNegativeTestJSON:tearDownClass): 204 DELETE http://10.180.1.21/networking/v2.0/security-groups/56a58b8c-c493-472a-ba3f-ef49ad47d928 0.100s
2025-11-19 17:55:05.847 67239 INFO tempest.lib.common.rest_client [req-26b55718-fa4d-44e8-9ccb-a77fce2b50ed req-26b55718-fa4d-44e8-9ccb-a77fce2b50ed ] Request (ServerActionsTestOtherA:setUpClass): 200 GET http://10.180.1.21/compute/v2.1/servers/f797511a-6e6f-45e9-899d-b4c47b1667a6 0.271s
2025-11-19 17:55:05.854 67239 INFO tempest.common.waiters [-] State transition "BUILD/None" ==> "BUILD/networking" after 49 second wait
2025-11-19 17:55:05.879 67245 INFO tempest.lib.common.rest_client [req-47896e8e-1380-489b-a4f5-041e3d977a97 req-47896e8e-1380-489b-a4f5-041e3d977a97 ] Request (ServerDiagnosticsNegativeTest:tearDownClass): 204 DELETE http://10.180.1.21/compute/v2.1/servers/d683082f-e97c-493e-af15-ede2a2a9799e 0.316s
2025-11-19 17:55:05.895 67215 INFO tempest.lib.common.rest_client [req-0929cfd2-3708-484a-b488-ca283ab97306 req-0929cfd2-3708-484a-b488-ca283ab97306 ] Request (FlavorsExtraSpecsNegativeTestJSON:tearDownClass): 204 DELETE http://10.180.1.21/identity/v3/projects/03d1d0b67ceb441d8c2fd46a326a290f 0.087s
2025-11-19 17:55:05.895 67215 INFO tempest.lib.common.dynamic_creds [-] Deleting project and security group for project: 8b6144eecf334b308f0c8a1d92512cb7
2025-11-19 17:55:05.909 67257 INFO tempest.lib.common.rest_client [req-4b227b30-3818-47f2-a024-7ead97b1cd2e req-4b227b30-3818-47f2-a024-7ead97b1cd2e ] Request (DeleteServersTestJSON:test_delete_server_while_in_shelved_state): 200 GET http://10.180.1.21/compute/v2.1/servers/8ccf5100-7fd1-401a-8fe7-a14a026d05f1 0.263s
2025-11-19 17:55:06.035 67251 INFO tempest.lib.common.rest_client [req-5a0e25b9-ca0a-4e8f-a7df-4dc00ccc1e02 req-5a0e25b9-ca0a-4e8f-a7df-4dc00ccc1e02 ] Request (SecurityGroupsTestJSON:test_server_security_groups): 200 GET http://10.180.1.21/compute/v2.1/servers/50753e96-ccee-4223-8d85-eaa931f621d5 0.308s
2025-11-19 17:55:06.047 67215 INFO tempest.lib.common.rest_client [req-5233e440-a72e-442b-8ff1-9bc301b2c5f9 req-5233e440-a72e-442b-8ff1-9bc301b2c5f9 ] Request (FlavorsExtraSpecsNegativeTestJSON:tearDownClass): 200 GET http://10.180.1.21/networking/v2.0/security-groups?tenant_id=8b6144eecf334b308f0c8a1d92512cb7&name=default 0.151s
2025-11-19 17:55:06.061 67271 INFO tempest.lib.common.rest_client [req-5f690465-1fc6-4114-9904-3da4ab68c02a req-5f690465-1fc6-4114-9904-3da4ab68c02a ] Request (ServerActionsTestJSON:setUpClass): 200 GET http://10.180.1.21/compute/v2.1/servers/447391c3-b763-4adc-8efa-3e4a1ee3f78a 0.399s
2025-11-19 17:55:06.103 67235 INFO tempest.lib.common.rest_client [req-b90c3780-6cb5-4544-ab0e-bd5a8452ffaa req-b90c3780-6cb5-4544-ab0e-bd5a8452ffaa ] Request (ServerShowV257Test:test_rebuild_server): 200 GET http://10.180.1.21/compute/v2.1/servers/9576e741-6bb3-4afe-ac50-0e8434220a7c 0.325s
2025-11-19 17:55:06.111 67235 INFO tempest.common.waiters [-] State transition "BUILD/scheduling" ==> "BUILD/None" after 3 second wait
2025-11-19 17:55:06.115 67253 INFO tempest.lib.common.rest_client [req-2713c5fd-b7d2-4f47-ac28-0e4f583ec759 req-2713c5fd-b7d2-4f47-ac28-0e4f583ec759 ] Request (ServersTestFqdnHostnames:test_create_server_with_fqdn_name): 200 GET http://10.180.1.21/compute/v2.1/servers/5299f9f9-66bb-44b1-aa40-e619ffe6db16 0.266s
2025-11-19 17:55:06.138 67215 INFO tempest.lib.common.rest_client [req-0cc09bc8-de66-4a71-b429-34c2aca9ce18 req-0cc09bc8-de66-4a71-b429-34c2aca9ce18 ] Request (FlavorsExtraSpecsNegativeTestJSON:tearDownClass): 204 DELETE http://10.180.1.21/networking/v2.0/security-groups/c80548af-61cd-4144-bf32-7c2016c077a7 0.090s
2025-11-19 17:55:06.237 67245 INFO tempest.lib.common.rest_client [req-7eb0d1ae-1298-4663-b9d6-45f9a117e0b6 req-7eb0d1ae-1298-4663-b9d6-45f9a117e0b6 ] Request (ServerDiagnosticsNegativeTest:tearDownClass): 200 GET http://10.180.1.21/compute/v2.1/servers/d683082f-e97c-493e-af15-ede2a2a9799e 0.357s
2025-11-19 17:55:06.261 67231 INFO tempest.lib.common.rest_client [req-bf9394fc-935a-4f81-8203-86cff0e59a90 req-bf9394fc-935a-4f81-8203-86cff0e59a90 ] Request (MigrationsAdminTest:test_resize_server_revert_deleted_flavor): 200 GET http://10.180.1.21/compute/v2.1/servers/ab6acb2e-5b30-4ae3-abbd-cd073bcec44f 0.200s
2025-11-19 17:55:06.268 67231 INFO tempest.common.waiters [-] State transition "RESIZE/resize_prep" ==> "RESIZE/resize_migrating" after 55 second wait
2025-11-19 17:55:06.281 67215 INFO tempest.lib.common.rest_client [req-6bed2c81-e6a0-41cb-af06-d663c61e1744 req-6bed2c81-e6a0-41cb-af06-d663c61e1744 ] Request (FlavorsExtraSpecsNegativeTestJSON:tearDownClass): 204 DELETE http://10.180.1.21/identity/v3/projects/8b6144eecf334b308f0c8a1d92512cb7 0.141s
2025-11-19 17:55:06.335 67276 INFO tempest.lib.common.rest_client [req-4b06bfe1-52da-42a4-ba6f-8fe82b8ba466 req-4b06bfe1-52da-42a4-ba6f-8fe82b8ba466 ] Request (TenantUsagesTestJSON:tearDownClass): 200 GET http://10.180.1.21/compute/v2.1/servers/909ca246-c54f-4759-8b70-65d4249540db 0.165s
2025-11-19 17:55:06.350 67217 INFO tempest.lib.common.rest_client [req-625720e0-5910-4590-849b-ea84c657ff8b req-625720e0-5910-4590-849b-ea84c657ff8b ] Request (InstanceActionsTestJSON:tearDownClass): 200 GET http://10.180.1.21/compute/v2.1/servers/4b701d31-49e6-4f80-bfc7-784d1e65587e 0.104s
2025-11-19 17:55:06.384 67215 INFO tempest.lib.common.rest_client [req-3713e593-582e-461b-949e-f4ba37d706fc req-3713e593-582e-461b-949e-f4ba37d706fc ] Request (FloatingIPsAssociationTestJSON:setUpClass): 201 POST http://10.180.1.21/identity/v3/auth/tokens 0.102s
2025-11-19 17:55:06.409 67225 INFO tempest.lib.common.rest_client [req-b8176341-d409-4b48-8b89-769968884ef4 req-b8176341-d409-4b48-8b89-769968884ef4 ] Request (ServersWithSpecificFlavorTestJSON:test_verify_created_server_ephemeral_disk): 200 GET http://10.180.1.21/compute/v2.1/servers/c21de1df-e583-46cb-b0e3-c5ac508d8cb5 0.107s
2025-11-19 17:55:06.424 67215 INFO tempest.lib.common.rest_client [req-a1675e1d-b211-4370-861c-38504c60ad96 req-a1675e1d-b211-4370-861c-38504c60ad96 ] Request (FloatingIPsAssociationTestJSON:setUpClass): 201 POST http://10.180.1.21/identity/v3/auth/tokens 0.037s
2025-11-19 17:55:06.456 67215 INFO tempest.lib.common.rest_client [req-71b8ffd3-a5d8-46a0-9674-942599bebf2d req-71b8ffd3-a5d8-46a0-9674-942599bebf2d ] Request (FloatingIPsAssociationTestJSON:setUpClass): 200 GET http://10.180.1.21/identity/v3/domains?name=Default 0.031s
2025-11-19 17:55:06.498 67215 INFO tempest.lib.common.rest_client [req-3e41dda7-414f-46b4-935d-84436debdb7a req-3e41dda7-414f-46b4-935d-84436debdb7a ] Request (FloatingIPsAssociationTestJSON:setUpClass): 201 POST http://10.180.1.21/identity/v3/projects 0.041s
2025-11-19 17:55:06.565 67243 INFO tempest.lib.common.rest_client [req-969e6dbc-beb0-43eb-8bf1-f9eb388a77ca req-969e6dbc-beb0-43eb-8bf1-f9eb388a77ca ] Request (ServerActionsV293TestJSON:setUpClass): 200 GET http://10.180.1.21/volume/v3/volumes/b8b10a9b-269d-448f-957a-fbe1abdf7955 0.044s
2025-11-19 17:55:06.572 67247 INFO tempest.lib.common.rest_client [req-732faad5-8834-4a0e-b402-d425514f7f41 req-732faad5-8834-4a0e-b402-d425514f7f41 ] Request (ServersAdminTestJSON:tearDownClass): 200 GET http://10.180.1.21/compute/v2.1/servers/7e3a19b1-6ff4-48b2-a559-054360765a1f 0.117s
2025-11-19 17:55:06.581 67243 INFO tempest.common.waiters [-] volume b8b10a9b-269d-448f-957a-fbe1abdf7955 reached available after waiting for 19.581388 seconds
2025-11-19 17:55:06.588 67215 INFO tempest.lib.common.rest_client [req-def11bf4-cc2f-4cfd-aede-6ceebe5226a5 req-def11bf4-cc2f-4cfd-aede-6ceebe5226a5 ] Request (FloatingIPsAssociationTestJSON:setUpClass): 201 POST http://10.180.1.21/identity/v3/users 0.089s
2025-11-19 17:55:06.612 67229 INFO tempest.lib.common.rest_client [req-8eff8596-078b-4612-9a06-773dcb93fc79 req-8eff8596-078b-4612-9a06-773dcb93fc79 ] Request (ListImageFiltersTestJSON:tearDownClass): 200 GET http://10.180.1.21/compute/v2.1/servers/e98184f0-c473-401e-9b86-4763fff8f480 0.169s
2025-11-19 17:55:06.623 67211 INFO tempest.lib.common.rest_client [req-e93530a6-4d97-46b3-a508-ebaf1883df99 req-e93530a6-4d97-46b3-a508-ebaf1883df99 ] Request (ImagesTestJSON:test_create_server_from_snapshot): 200 GET http://10.180.1.21/compute/v2.1/images/9cfadf72-96ce-423e-90db-8bfa149f6864 0.121s
2025-11-19 17:55:06.630 67215 INFO tempest.lib.common.rest_client [req-813bb778-d043-4b43-9e07-836ad4ca3a4c req-813bb778-d043-4b43-9e07-836ad4ca3a4c ] Request (FloatingIPsAssociationTestJSON:setUpClass): 200 GET http://10.180.1.21/identity/v3/roles 0.042s
2025-11-19 17:55:06.673 67215 INFO tempest.lib.common.rest_client [req-4a8f35d9-c095-4a9c-b94e-5fd7b2cb502c req-4a8f35d9-c095-4a9c-b94e-5fd7b2cb502c ] Request (FloatingIPsAssociationTestJSON:setUpClass): 204 PUT http://10.180.1.21/identity/v3/projects/752cacb4f1344bbe95007dce2293ee93/users/0e2dcfd710974334a4a0e8c04be047f5/roles/02ca1a0bfb4a461ea93350fb4e4a27ba 0.042s
2025-11-19 17:55:06.673 67215 INFO tempest.lib.common.dynamic_creds [-] Dynamic test user 0e2dcfd710974334a4a0e8c04be047f5 is created with scope project and roles: ['member']
2025-11-19 17:55:06.673 67215 INFO tempest.lib.common.dynamic_creds [-] Acquired dynamic creds: credentials: Credentials: {'domain_id': 'default', 'domain_name': 'Default', 'username': 'tempest-FloatingIPsAssociationTestJSON-358300736-project-member', 'project_domain_id': 'default', 'project_domain_name': 'Default', 'project_id': '752cacb4f1344bbe95007dce2293ee93', 'project_name': 'tempest-FloatingIPsAssociationTestJSON-358300736', 'tenant_id': '752cacb4f1344bbe95007dce2293ee93', 'tenant_name': 'tempest-FloatingIPsAssociationTestJSON-358300736', 'user_domain_id': 'default', 'user_domain_name': 'Default', 'user_id': '0e2dcfd710974334a4a0e8c04be047f5', 'system': None}, Network: None, Subnet: None, Router: None
2025-11-19 17:55:06.703 67264 INFO tempest.lib.common.rest_client [req-1eb24346-d59a-4d6e-82a2-5a09dfcee9b5 req-1eb24346-d59a-4d6e-82a2-5a09dfcee9b5 ] Request (ServersAaction247Test:test_create_backup): 200 GET http://10.180.1.21/compute/v2.1/servers/0255037c-e94b-424a-9fb3-3a365d346fc4 0.192s
2025-11-19 17:55:06.714 67221 INFO tempest.lib.common.rest_client [req-1c698755-a11e-4a9d-acb3-4f31ed1d5af6 req-1c698755-a11e-4a9d-acb3-4f31ed1d5af6 ] Request (MultipleCreateTestJSON:test_multiple_create_with_reservation_return): 200 GET http://10.180.1.21/compute/v2.1/servers/2d6b0f57-f920-4097-a639-9584c26fd89c 0.167s
2025-11-19 17:55:06.787 67215 INFO tempest.lib.common.rest_client [req-cd74d4e4-3640-439c-8637-928119d77ee7 req-cd74d4e4-3640-439c-8637-928119d77ee7 ] Request (FloatingIPsAssociationTestJSON:setUpClass): 201 POST http://10.180.1.21/identity/v3/auth/tokens 0.113s
2025-11-19 17:55:06.813 67259 INFO tempest.lib.common.rest_client [req-669fcbad-fdad-4b0e-9fac-7889f627fccc req-669fcbad-fdad-4b0e-9fac-7889f627fccc ] Request (ServersNegativeTestMultiTenantJSON:setUpClass): 200 GET http://10.180.1.21/compute/v2.1/servers/eaee2510-71f7-47a5-9aa5-d947153e768a 0.225s
2025-11-19 17:55:07.131 67215 INFO tempest.lib.common.rest_client [req-f2594802-34f1-4877-8921-18a06a8c4835 req-f2594802-34f1-4877-8921-18a06a8c4835 ] Request (FloatingIPsAssociationTestJSON:setUpClass): 201 POST http://10.180.1.21/networking/v2.0/networks 0.343s
2025-11-19 17:55:07.209 67227 INFO tempest.lib.common.rest_client [req-26525c5c-7e05-44cf-92fa-6e7c2cc52a8b req-26525c5c-7e05-44cf-92fa-6e7c2cc52a8b ] Request (ImagesOneServerNegativeTestJSON:_run_cleanups): 200 GET http://10.180.1.21/compute/v2.1/servers/f92a0135-d8fc-4703-9868-27de71ed5974 0.505s
2025-11-19 17:55:07.386 67215 INFO tempest.lib.common.rest_client [req-707def85-ffbd-4b68-a818-294bba9e8fe9 req-707def85-ffbd-4b68-a818-294bba9e8fe9 ] Request (FloatingIPsAssociationTestJSON:setUpClass): 201 POST http://10.180.1.21/networking/v2.0/subnets 0.255s
2025-11-19 17:55:07.456 67267 INFO tempest.lib.common.rest_client [req-88cae9bd-75a6-47c6-89d1-54549f10007f req-88cae9bd-75a6-47c6-89d1-54549f10007f ] Request (AttachInterfacesUnderV243Test:_run_cleanups): 200 GET http://10.180.1.21/compute/v2.1/servers/2075f415-043e-4d81-884d-07348190e678 0.733s
2025-11-19 17:55:08.362 67215 INFO tempest.lib.common.rest_client [req-6999617e-3b7f-4c1d-b82d-e342f48d7ad8 req-6999617e-3b7f-4c1d-b82d-e342f48d7ad8 ] Request (FloatingIPsAssociationTestJSON:setUpClass): 201 POST http://10.180.1.21/networking/v2.0/routers 0.975s
2025-11-19 17:55:08.440 67249 INFO tempest.lib.common.rest_client [req-169f40a4-5063-4548-b304-45975598ed86 req-169f40a4-5063-4548-b304-45975598ed86 ] Request (ServerGroupTestJSON:_run_cleanups): 200 GET http://10.180.1.21/compute/v2.1/servers/115e7812-4782-406d-9361-9b01083a6928 1.661s
2025-11-19 17:55:09.112 67219 INFO tempest.lib.common.rest_client [req-5dd41218-4900-4229-8853-e095586ca035 req-5dd41218-4900-4229-8853-e095586ca035 ] Request (ServersListShow2100Test:tearDownClass): 200 GET http://10.180.1.21/compute/v2.1/servers/050c7e3d-3a55-48e7-814a-88f061d4e6b5 2.309s
2025-11-19 17:55:09.264 67239 INFO tempest.lib.common.rest_client [req-057f0316-3338-4ab1-9504-8f0f2099054d req-057f0316-3338-4ab1-9504-8f0f2099054d ] Request (ServerActionsTestOtherA:setUpClass): 200 GET http://10.180.1.21/compute/v2.1/servers/f797511a-6e6f-45e9-899d-b4c47b1667a6 2.409s
2025-11-19 17:55:09.271 67239 INFO tempest.common.waiters [-] State transition "BUILD/networking" ==> "BUILD/spawning" after 53 second wait
2025-11-19 17:55:09.323 67257 INFO tempest.lib.common.rest_client [req-8e4825a3-c5f1-4543-8bf7-a77dc73b3133 req-8e4825a3-c5f1-4543-8bf7-a77dc73b3133 ] Request (DeleteServersTestJSON:test_delete_server_while_in_shelved_state): 200 GET http://10.180.1.21/compute/v2.1/servers/8ccf5100-7fd1-401a-8fe7-a14a026d05f1 2.405s
2025-11-19 17:55:09.389 67251 INFO tempest.lib.common.rest_client [req-25d9130e-a46c-4362-b7d9-c49d5dabdac1 req-25d9130e-a46c-4362-b7d9-c49d5dabdac1 ] Request (SecurityGroupsTestJSON:test_server_security_groups): 200 GET http://10.180.1.21/compute/v2.1/servers/50753e96-ccee-4223-8d85-eaa931f621d5 2.347s
2025-11-19 17:55:09.392 67243 INFO tempest.lib.common.rest_client [req-2e9860e4-3c4e-41cb-a1ff-e88323cbef01 req-2e9860e4-3c4e-41cb-a1ff-e88323cbef01 ] Request (ServerActionsV293TestJSON:setUpClass): 202 POST http://10.180.1.21/compute/v2.1/servers 2.810s
2025-11-19 17:55:09.452 67215 INFO tempest.lib.common.rest_client [req-eb2e16fa-44ba-4367-a8d8-adb750d145af req-eb2e16fa-44ba-4367-a8d8-adb750d145af ] Request (FloatingIPsAssociationTestJSON:setUpClass): 200 PUT http://10.180.1.21/networking/v2.0/routers/9289412c-7cdb-48cd-b8ef-4cbad7bb9ca4/add_router_interface 1.089s
2025-11-19 17:55:09.452 67215 INFO tempest.lib.common.dynamic_creds [-] Created isolated network resources for: credentials: Credentials: {'domain_id': 'default', 'domain_name': 'Default', 'username': 'tempest-FloatingIPsAssociationTestJSON-358300736-project-member', 'project_domain_id': 'default', 'project_domain_name': 'Default', 'project_id': '752cacb4f1344bbe95007dce2293ee93', 'project_name': 'tempest-FloatingIPsAssociationTestJSON-358300736', 'tenant_id': '752cacb4f1344bbe95007dce2293ee93', 'tenant_name': 'tempest-FloatingIPsAssociationTestJSON-358300736', 'user_domain_id': 'default', 'user_domain_name': 'Default', 'user_id': '0e2dcfd710974334a4a0e8c04be047f5', 'system': None}, Network: {'id': 'bbba938d-83ae-4bcb-851b-7d38992e67ce', 'name': 'tempest-FloatingIPsAssociationTestJSON-1150874428-network', 'tenant_id': '752cacb4f1344bbe95007dce2293ee93', 'project_id': '752cacb4f1344bbe95007dce2293ee93', 'admin_state_up': True, 'mtu': 8950, 'status': 'ACTIVE', 'subnets': [], 'shared': False, 'port_security_enabled': True, 'router:external': False, 'provider:network_type': 'vlan', 'provider:physical_network': 'default', 'provider:segmentation_id': 890, 'availability_zone_hints': [], 'availability_zones': [], 'ipv4_address_scope': None, 'ipv6_address_scope': None, 'description': '', 'tags': [], 'created_at': '2025-11-19T17:55:07Z', 'updated_at': '2025-11-19T17:55:07Z', 'revision_number': 1}, Subnet: {'id': '985a0c2b-a0d5-4017-8dcf-4cf08beb2d3d', 'name': 'tempest-FloatingIPsAssociationTestJSON-1150874428-subnet', 'tenant_id': '752cacb4f1344bbe95007dce2293ee93', 'network_id': 'bbba938d-83ae-4bcb-851b-7d38992e67ce', 'ip_version': 4, 'subnetpool_id': None, 'enable_dhcp': True, 'ipv6_ra_mode': None, 'ipv6_address_mode': None, 'gateway_ip': '192.168.128.1', 'cidr': '192.168.128.0/28', 'allocation_pools': [{'start': '192.168.128.2', 'end': '192.168.128.14'}], 'host_routes': [], 'dns_nameservers': [], 'description': '', 'router:external': False, 'service_types': [], 'tags': [], 'created_at': '2025-11-19T17:55:07Z', 'updated_at': '2025-11-19T17:55:07Z', 'revision_number': 0, 'project_id': '752cacb4f1344bbe95007dce2293ee93'}, Router: {'id': '9289412c-7cdb-48cd-b8ef-4cbad7bb9ca4', 'name': 'tempest-FloatingIPsAssociationTestJSON-1150874428-router', 'tenant_id': '752cacb4f1344bbe95007dce2293ee93', 'admin_state_up': True, 'status': 'ACTIVE', 'external_gateway_info': {'network_id': '3ad09776-d2d3-44f3-9ed5-beb7611f78ee', 'external_fixed_ips': [{'subnet_id': 'c521d099-11e0-4337-a8fe-8f41e173ad04', 'ip_address': '10.180.180.198'}], 'enable_snat': True}, 'description': '', 'availability_zones': [], 'distributed': False, 'ha': False, 'availability_zone_hints': [], 'routes': [], 'flavor_id': None, 'tags': [], 'created_at': '2025-11-19T17:55:07Z', 'updated_at': '2025-11-19T17:55:07Z', 'revision_number': 2, 'project_id': '752cacb4f1344bbe95007dce2293ee93'}
2025-11-19 17:55:09.505 67235 INFO tempest.lib.common.rest_client [req-406587fe-44d3-4fb9-9880-f121d4786722 req-406587fe-44d3-4fb9-9880-f121d4786722 ] Request (ServerShowV257Test:test_rebuild_server): 200 GET http://10.180.1.21/compute/v2.1/servers/9576e741-6bb3-4afe-ac50-0e8434220a7c 2.392s
2025-11-19 17:55:09.530 67271 INFO tempest.lib.common.rest_client [req-3fdcf36f-ec71-4d97-a064-cf73ace06c81 req-3fdcf36f-ec71-4d97-a064-cf73ace06c81 ] Request (ServerActionsTestJSON:setUpClass): 200 GET http://10.180.1.21/compute/v2.1/servers/447391c3-b763-4adc-8efa-3e4a1ee3f78a 2.457s
2025-11-19 17:55:09.581 67215 INFO tempest.lib.common.rest_client [req-1980eca5-5ec8-496e-b7f8-9e22f797094a req-1980eca5-5ec8-496e-b7f8-9e22f797094a ] Request (FloatingIPsAssociationTestJSON:setUpClass): 201 POST http://10.180.1.21/identity/v3/auth/tokens 0.123s
2025-11-19 17:55:09.593 67253 INFO tempest.lib.common.rest_client [req-34d1ce30-2295-4091-8098-8b48f4259419 req-34d1ce30-2295-4091-8098-8b48f4259419 ] Request (ServersTestFqdnHostnames:test_create_server_with_fqdn_name): 200 GET http://10.180.1.21/compute/v2.1/servers/5299f9f9-66bb-44b1-aa40-e619ffe6db16 2.469s
2025-11-19 17:55:09.600 67245 INFO tempest.lib.common.rest_client [req-aa74b51e-33f4-4c00-9fa7-f147884a393e req-aa74b51e-33f4-4c00-9fa7-f147884a393e ] Request (ServerDiagnosticsNegativeTest:tearDownClass): 200 GET http://10.180.1.21/compute/v2.1/servers/d683082f-e97c-493e-af15-ede2a2a9799e 2.351s
2025-11-19 17:55:09.626 67215 INFO tempest.lib.common.rest_client [req-e2cc23b4-293c-471a-832c-9a8216961587 req-e2cc23b4-293c-471a-832c-9a8216961587 ] Request (FloatingIPsAssociationTestJSON:setUpClass): 201 POST http://10.180.1.21/identity/v3/auth/tokens 0.039s
2025-11-19 17:55:09.628 67215 INFO tempest.lib.common.fixed_network [-] (FloatingIPsAssociationTestJSON:setUpClass) Found network {'id': 'bbba938d-83ae-4bcb-851b-7d38992e67ce', 'name': 'tempest-FloatingIPsAssociationTestJSON-1150874428-network', 'tenant_id': '752cacb4f1344bbe95007dce2293ee93', 'project_id': '752cacb4f1344bbe95007dce2293ee93', 'admin_state_up': True, 'mtu': 8950, 'status': 'ACTIVE', 'subnets': [], 'shared': False, 'port_security_enabled': True, 'router:external': False, 'provider:network_type': 'vlan', 'provider:physical_network': 'default', 'provider:segmentation_id': 890, 'availability_zone_hints': [], 'availability_zones': [], 'ipv4_address_scope': None, 'ipv6_address_scope': None, 'description': '', 'tags': [], 'created_at': '2025-11-19T17:55:07Z', 'updated_at': '2025-11-19T17:55:07Z', 'revision_number': 1} available for tenant
2025-11-19 17:55:09.662 67276 INFO tempest.lib.common.rest_client [req-0b41cec1-f3ac-4cea-a452-6ea7d1a81951 req-0b41cec1-f3ac-4cea-a452-6ea7d1a81951 ] Request (TenantUsagesTestJSON:tearDownClass): 200 GET http://10.180.1.21/compute/v2.1/servers/909ca246-c54f-4759-8b70-65d4249540db 2.311s
2025-11-19 17:55:09.682 67217 INFO tempest.lib.common.rest_client [req-4ce0c19e-c2fc-4c9c-8102-98c27218a826 req-4ce0c19e-c2fc-4c9c-8102-98c27218a826 ] Request (InstanceActionsTestJSON:tearDownClass): 404 GET http://10.180.1.21/compute/v2.1/servers/4b701d31-49e6-4f80-bfc7-784d1e65587e 2.314s
2025-11-19 17:55:09.791 67231 INFO tempest.lib.common.rest_client [req-2d2e3598-293e-4dd4-9390-1996660f37c8 req-2d2e3598-293e-4dd4-9390-1996660f37c8 ] Request (MigrationsAdminTest:test_resize_server_revert_deleted_flavor): 200 GET http://10.180.1.21/compute/v2.1/servers/ab6acb2e-5b30-4ae3-abbd-cd073bcec44f 2.521s
2025-11-19 17:55:09.809 67225 INFO tempest.lib.common.rest_client [req-f718ac18-5c22-441a-9919-b845f0c50876 req-f718ac18-5c22-441a-9919-b845f0c50876 ] Request (ServersWithSpecificFlavorTestJSON:test_verify_created_server_ephemeral_disk): 200 GET http://10.180.1.21/compute/v2.1/servers/c21de1df-e583-46cb-b0e3-c5ac508d8cb5 2.392s
2025-11-19 17:55:09.861 67247 INFO tempest.lib.common.rest_client [req-4e873ae8-dacf-4636-ba83-501ef5c03b50 req-4e873ae8-dacf-4636-ba83-501ef5c03b50 ] Request (ServersAdminTestJSON:tearDownClass): 200 GET http://10.180.1.21/compute/v2.1/servers/7e3a19b1-6ff4-48b2-a559-054360765a1f 2.273s
2025-11-19 17:55:09.882 67229 INFO tempest.lib.common.rest_client [req-7571661d-4ff5-4ef7-b6ed-786b51a7abb7 req-7571661d-4ff5-4ef7-b6ed-786b51a7abb7 ] Request (ListImageFiltersTestJSON:tearDownClass): 200 GET http://10.180.1.21/compute/v2.1/servers/e98184f0-c473-401e-9b86-4763fff8f480 2.259s
2025-11-19 17:55:09.913 67211 INFO tempest.lib.common.rest_client [req-811b2e52-9a88-4ae7-b5fc-dfd9ae5af942 req-811b2e52-9a88-4ae7-b5fc-dfd9ae5af942 ] Request (ImagesTestJSON:test_create_server_from_snapshot): 200 GET http://10.180.1.21/compute/v2.1/images/9cfadf72-96ce-423e-90db-8bfa149f6864 2.281s
2025-11-19 17:55:09.969 67264 INFO tempest.lib.common.rest_client [req-31cb07e2-fa98-46d7-9533-d03609bbdd9a req-31cb07e2-fa98-46d7-9533-d03609bbdd9a ] Request (ServersAaction247Test:test_create_backup): 200 GET http://10.180.1.21/compute/v2.1/servers/0255037c-e94b-424a-9fb3-3a365d346fc4 2.256s
2025-11-19 17:55:10.006 67221 INFO tempest.lib.common.rest_client [req-a2d9e1d3-3ad7-4a2c-9e3e-7e74f8e81fd1 req-a2d9e1d3-3ad7-4a2c-9e3e-7e74f8e81fd1 ] Request (MultipleCreateTestJSON:test_multiple_create_with_reservation_return): 200 GET http://10.180.1.21/compute/v2.1/servers/2d6b0f57-f920-4097-a639-9584c26fd89c 2.277s
2025-11-19 17:55:10.042 67259 INFO tempest.lib.common.rest_client [req-9d9a446f-5ed3-43b9-acef-9c849c658528 req-9d9a446f-5ed3-43b9-acef-9c849c658528 ] Request (ServersNegativeTestMultiTenantJSON:setUpClass): 200 GET http://10.180.1.21/compute/v2.1/servers/eaee2510-71f7-47a5-9aa5-d947153e768a 2.218s
2025-11-19 17:55:10.049 67259 INFO tempest.common.waiters [-] State transition "BUILD/scheduling" ==> "BUILD/None" after 6 second wait
2025-11-19 17:55:10.101 67227 INFO tempest.lib.common.rest_client [req-af5865b7-b482-4ae8-b16f-b7e632799fe4 req-af5865b7-b482-4ae8-b16f-b7e632799fe4 ] Request (ImagesOneServerNegativeTestJSON:_run_cleanups): 200 GET http://10.180.1.21/compute/v2.1/servers/f92a0135-d8fc-4703-9868-27de71ed5974 1.881s
2025-11-19 17:55:10.139 67267 INFO tempest.lib.common.rest_client [req-bfdb53c5-f92a-4418-b837-887c8e9b6be2 req-bfdb53c5-f92a-4418-b837-887c8e9b6be2 ] Request (AttachInterfacesUnderV243Test:_run_cleanups): 200 GET http://10.180.1.21/compute/v2.1/servers/2075f415-043e-4d81-884d-07348190e678 1.674s
2025-11-19 17:55:10.201 67243 INFO tempest.lib.common.rest_client [req-f814adb9-204e-4622-b3dc-1c32d4718db5 req-f814adb9-204e-4622-b3dc-1c32d4718db5 ] Request (ServerActionsV293TestJSON:setUpClass): 200 GET http://10.180.1.21/compute/v2.1/servers/41ed22d8-14f2-41f7-83b5-3ab06ed6e2b0 0.806s
2025-11-19 17:55:10.211 67249 INFO tempest.lib.common.rest_client [req-9377f6f5-c753-4694-b95b-836602e033fd req-9377f6f5-c753-4694-b95b-836602e033fd ] Request (ServerGroupTestJSON:_run_cleanups): 200 GET http://10.180.1.21/compute/v2.1/servers/115e7812-4782-406d-9361-9b01083a6928 0.761s
2025-11-19 17:55:10.300 67219 INFO tempest.lib.common.rest_client [req-4348b244-9870-4a4e-90ce-3d27b4cdcdf8 req-4348b244-9870-4a4e-90ce-3d27b4cdcdf8 ] Request (ServersListShow2100Test:tearDownClass): 200 GET http://10.180.1.21/compute/v2.1/servers/050c7e3d-3a55-48e7-814a-88f061d4e6b5 0.173s
2025-11-19 17:55:10.479 67239 INFO tempest.lib.common.rest_client [req-3e57028d-4795-4e7c-88b4-601eb4f7af5c req-3e57028d-4795-4e7c-88b4-601eb4f7af5c ] Request (ServerActionsTestOtherA:setUpClass): 200 GET http://10.180.1.21/compute/v2.1/servers/f797511a-6e6f-45e9-899d-b4c47b1667a6 0.207s
2025-11-19 17:55:10.503 67273 WARNING tempest.lib.common.ssh [-] Failed to establish authenticated ssh connection to cirros@10.180.180.211 ([Errno None] Unable to connect to port 22 on 10.180.180.211). Number attempts: 6. Retry after 7 seconds.: paramiko.ssh_exception.NoValidConnectionsError: [Errno None] Unable to connect to port 22 on 10.180.180.211
2025-11-19 17:55:10.555 67217 INFO tempest.lib.common.rest_client [req-20b21cec-b8c6-4000-9a46-134d4798e5f8 req-20b21cec-b8c6-4000-9a46-134d4798e5f8 ] Request (InstanceActionsTestJSON:tearDownClass): 200 PUT http://10.180.1.21/networking/v2.0/routers/14bd6410-29aa-4ceb-8ba4-b165dbc73c52/remove_router_interface 0.872s
2025-11-19 17:55:10.575 67257 INFO tempest.lib.common.rest_client [req-d0513d93-b5af-4ac3-a449-f4caae60eef8 req-d0513d93-b5af-4ac3-a449-f4caae60eef8 ] Request (DeleteServersTestJSON:test_delete_server_while_in_shelved_state): 200 GET http://10.180.1.21/compute/v2.1/servers/8ccf5100-7fd1-401a-8fe7-a14a026d05f1 0.241s
2025-11-19 17:55:10.675 67251 INFO tempest.lib.common.rest_client [req-5c606dd2-92ee-4bb3-812e-ff0c6d932aa5 req-5c606dd2-92ee-4bb3-812e-ff0c6d932aa5 ] Request (SecurityGroupsTestJSON:test_server_security_groups): 200 GET http://10.180.1.21/compute/v2.1/servers/50753e96-ccee-4223-8d85-eaa931f621d5 0.273s
2025-11-19 17:55:10.754 67215 INFO tempest.lib.common.rest_client [req-129c4ce6-94dd-4ea2-97bd-63adcf3731e2 req-129c4ce6-94dd-4ea2-97bd-63adcf3731e2 ] Request (FloatingIPsAssociationTestJSON:setUpClass): 202 POST http://10.180.1.21/compute/v2.1/servers 1.126s
2025-11-19 17:55:10.763 67235 INFO tempest.lib.common.rest_client [req-f863aa03-1c29-4602-bc75-05d227df5e14 req-f863aa03-1c29-4602-bc75-05d227df5e14 ] Request (ServerShowV257Test:test_rebuild_server): 200 GET http://10.180.1.21/compute/v2.1/servers/9576e741-6bb3-4afe-ac50-0e8434220a7c 0.245s
2025-11-19 17:55:10.901 67253 INFO tempest.lib.common.rest_client [req-4bc9a58b-1c0d-43d9-ab4a-9d8866670b13 req-4bc9a58b-1c0d-43d9-ab4a-9d8866670b13 ] Request (ServersTestFqdnHostnames:test_create_server_with_fqdn_name): 200 GET http://10.180.1.21/compute/v2.1/servers/5299f9f9-66bb-44b1-aa40-e619ffe6db16 0.297s
2025-11-19 17:55:10.948 67271 INFO tempest.lib.common.rest_client [req-52f3a222-d128-48b9-bdaa-d0fb63cf1d81 req-52f3a222-d128-48b9-bdaa-d0fb63cf1d81 ] Request (ServerActionsTestJSON:setUpClass): 200 GET http://10.180.1.21/compute/v2.1/servers/447391c3-b763-4adc-8efa-3e4a1ee3f78a 0.410s
2025-11-19 17:55:10.987 67245 INFO tempest.lib.common.rest_client [req-f584a52f-7247-4ba4-bb57-5cc9c26118fe req-f584a52f-7247-4ba4-bb57-5cc9c26118fe ] Request (ServerDiagnosticsNegativeTest:tearDownClass): 200 GET http://10.180.1.21/compute/v2.1/servers/d683082f-e97c-493e-af15-ede2a2a9799e 0.374s
2025-11-19 17:55:10.996 67245 INFO tempest.common.waiters [-] State transition "ACTIVE/deleting" ==> "DELETED/None" after 4 second wait
2025-11-19 17:55:11.026 67217 INFO tempest.lib.common.rest_client [req-f8746ded-c544-4b5b-a829-3eafe8f2fadd req-f8746ded-c544-4b5b-a829-3eafe8f2fadd ] Request (InstanceActionsTestJSON:tearDownClass): 204 DELETE http://10.180.1.21/networking/v2.0/routers/14bd6410-29aa-4ceb-8ba4-b165dbc73c52 0.471s
2025-11-19 17:55:11.033 67276 INFO tempest.lib.common.rest_client [req-5e69ee4f-2534-4519-9d1a-bfd6744a7e9c req-5e69ee4f-2534-4519-9d1a-bfd6744a7e9c ] Request (TenantUsagesTestJSON:tearDownClass): 200 GET http://10.180.1.21/compute/v2.1/servers/909ca246-c54f-4759-8b70-65d4249540db 0.361s
2025-11-19 17:55:11.049 67215 INFO tempest.lib.common.rest_client [req-84b2e7e4-c816-4d8c-8cae-f7ad4527c339 req-84b2e7e4-c816-4d8c-8cae-f7ad4527c339 ] Request (FloatingIPsAssociationTestJSON:setUpClass): 200 GET http://10.180.1.21/compute/v2.1/servers/68401da3-b826-4fd2-9701-0008093f0dd1 0.293s
2025-11-19 17:55:11.151 67225 INFO tempest.lib.common.rest_client [req-590f8d4f-1263-454a-b798-f869c06b446d req-590f8d4f-1263-454a-b798-f869c06b446d ] Request (ServersWithSpecificFlavorTestJSON:test_verify_created_server_ephemeral_disk): 200 GET http://10.180.1.21/compute/v2.1/servers/c21de1df-e583-46cb-b0e3-c5ac508d8cb5 0.332s
2025-11-19 17:55:11.173 67231 INFO tempest.lib.common.rest_client [req-25e4aa04-3b1d-47d7-8ffc-87e3cea33f53 req-25e4aa04-3b1d-47d7-8ffc-87e3cea33f53 ] Request (MigrationsAdminTest:test_resize_server_revert_deleted_flavor): 200 GET http://10.180.1.21/compute/v2.1/servers/ab6acb2e-5b30-4ae3-abbd-cd073bcec44f 0.371s
2025-11-19 17:55:11.190 67217 INFO tempest.lib.common.rest_client [req-3ca7fb50-3612-4708-9f47-d8db7ce8485e req-3ca7fb50-3612-4708-9f47-d8db7ce8485e ] Request (InstanceActionsTestJSON:tearDownClass): 204 DELETE http://10.180.1.21/networking/v2.0/subnets/3429612f-deac-413c-b9bf-ae62516e9d0a 0.164s
2025-11-19 17:55:11.215 67247 INFO tempest.lib.common.rest_client [req-080bc033-0e84-4864-bcbf-a166e9d02e53 req-080bc033-0e84-4864-bcbf-a166e9d02e53 ] Request (ServersAdminTestJSON:tearDownClass): 200 GET http://10.180.1.21/compute/v2.1/servers/7e3a19b1-6ff4-48b2-a559-054360765a1f 0.340s
2025-11-19 17:55:11.242 67229 INFO tempest.lib.common.rest_client [req-8381514d-7b60-44df-b9f4-2c42e4b19329 req-8381514d-7b60-44df-b9f4-2c42e4b19329 ] Request (ListImageFiltersTestJSON:tearDownClass): 200 GET http://10.180.1.21/compute/v2.1/servers/e98184f0-c473-401e-9b86-4763fff8f480 0.348s
2025-11-19 17:55:11.253 67229 INFO tempest.common.waiters [-] State transition "ACTIVE/deleting" ==> "DELETED/None" after 6 second wait
2025-11-19 17:55:11.268 67211 INFO tempest.lib.common.rest_client [req-ec686bc0-bec1-449e-bf21-340a999e2b9b req-ec686bc0-bec1-449e-bf21-340a999e2b9b ] Request (ImagesTestJSON:test_create_server_from_snapshot): 200 GET http://10.180.1.21/compute/v2.1/images/9cfadf72-96ce-423e-90db-8bfa149f6864 0.349s
2025-11-19 17:55:11.314 67264 INFO tempest.lib.common.rest_client [req-8e5cb11a-8533-49f0-9c35-793230c266b8 req-8e5cb11a-8533-49f0-9c35-793230c266b8 ] Request (ServersAaction247Test:test_create_backup): 200 GET http://10.180.1.21/compute/v2.1/servers/0255037c-e94b-424a-9fb3-3a365d346fc4 0.330s
2025-11-19 17:55:11.327 67221 INFO tempest.lib.common.rest_client [req-c0784489-0e5b-4347-801d-233242f615cc req-c0784489-0e5b-4347-801d-233242f615cc ] Request (MultipleCreateTestJSON:test_multiple_create_with_reservation_return): 200 GET http://10.180.1.21/compute/v2.1/servers/2d6b0f57-f920-4097-a639-9584c26fd89c 0.304s
2025-11-19 17:55:11.380 67259 INFO tempest.lib.common.rest_client [req-bd79496b-9157-4c37-8628-3c33f2e59d76 req-bd79496b-9157-4c37-8628-3c33f2e59d76 ] Request (ServersNegativeTestMultiTenantJSON:setUpClass): 200 GET http://10.180.1.21/compute/v2.1/servers/eaee2510-71f7-47a5-9aa5-d947153e768a 0.329s
2025-11-19 17:55:11.404 67227 INFO tempest.lib.common.rest_client [req-8af5487e-3a18-41f2-8c1e-f2302f820137 req-8af5487e-3a18-41f2-8c1e-f2302f820137 ] Request (ImagesOneServerNegativeTestJSON:_run_cleanups): 200 GET http://10.180.1.21/compute/v2.1/servers/f92a0135-d8fc-4703-9868-27de71ed5974 0.290s
2025-11-19 17:55:11.452 67267 INFO tempest.lib.common.rest_client [req-788d3127-5595-4ec4-a222-e76704cd4d76 req-788d3127-5595-4ec4-a222-e76704cd4d76 ] Request (AttachInterfacesUnderV243Test:_run_cleanups): 200 GET http://10.180.1.21/compute/v2.1/servers/2075f415-043e-4d81-884d-07348190e678 0.303s
2025-11-19 17:55:11.459 67217 INFO tempest.lib.common.rest_client [req-6ba536ca-6bbb-4535-9b64-4cf1cfb37da5 req-6ba536ca-6bbb-4535-9b64-4cf1cfb37da5 ] Request (InstanceActionsTestJSON:tearDownClass): 204 DELETE http://10.180.1.21/networking/v2.0/networks/5e212fa9-ce0e-41ce-be7f-7e44114f6981 0.268s
2025-11-19 17:55:11.476 67249 INFO tempest.lib.common.rest_client [req-6db4cfc0-d2f2-44dc-8b61-673f1a6d392a req-6db4cfc0-d2f2-44dc-8b61-673f1a6d392a ] Request (ServerGroupTestJSON:_run_cleanups): 404 GET http://10.180.1.21/compute/v2.1/servers/115e7812-4782-406d-9361-9b01083a6928 0.254s
2025-11-19 17:55:11.477 67243 INFO tempest.lib.common.rest_client [req-bd844711-2978-45be-8e6f-d37c1a42d5ad req-bd844711-2978-45be-8e6f-d37c1a42d5ad ] Request (ServerActionsV293TestJSON:setUpClass): 200 GET http://10.180.1.21/compute/v2.1/servers/41ed22d8-14f2-41f7-83b5-3ab06ed6e2b0 0.264s
2025-11-19 17:55:11.520 67249 INFO tempest.lib.common.rest_client [req-db10edac-d7f0-41d2-8428-7a7e8393485a req-db10edac-d7f0-41d2-8428-7a7e8393485a ] Request (ServerGroupTestJSON:test_list_server_groups): 200 GET http://10.180.1.21/compute/v2.1/os-server-groups 0.041s
2025-11-19 17:55:11.561 67219 INFO tempest.lib.common.rest_client [req-31552884-ba7d-4e12-b15b-c67f9ae6b068 req-31552884-ba7d-4e12-b15b-c67f9ae6b068 ] Request (ServersListShow2100Test:tearDownClass): 200 GET http://10.180.1.21/compute/v2.1/servers/050c7e3d-3a55-48e7-814a-88f061d4e6b5 0.247s
2025-11-19 17:55:11.572 67217 INFO tempest.lib.common.rest_client [req-320096b9-4bdf-41a2-b622-fefd284ec56d req-320096b9-4bdf-41a2-b622-fefd284ec56d ] Request (InstanceActionsTestJSON:tearDownClass): 204 DELETE http://10.180.1.21/identity/v3/users/1e2f204b2541449d9479312e502e6a99 0.112s
2025-11-19 17:55:11.572 67217 INFO tempest.lib.common.dynamic_creds [-] Deleting project and security group for project: a199a46d96e94111a5c3065230e21475
2025-11-19 17:55:11.587 67249 INFO tempest.lib.common.rest_client [req-d8e9ef97-e337-4624-bcdc-abeb987a3641 req-d8e9ef97-e337-4624-bcdc-abeb987a3641 ] Request (ServerGroupTestJSON:test_show_server_group): 200 GET http://10.180.1.21/compute/v2.1/os-server-groups/a1440cc3-363b-47ae-8f35-a46f1f5346f9 0.065s
2025-11-19 17:55:11.607 67217 INFO tempest.lib.common.rest_client [req-8aab68ca-becb-4e70-a8fd-9c74c2d138c4 req-8aab68ca-becb-4e70-a8fd-9c74c2d138c4 ] Request (InstanceActionsTestJSON:tearDownClass): 200 GET http://10.180.1.21/networking/v2.0/security-groups?tenant_id=a199a46d96e94111a5c3065230e21475&name=default 0.034s
2025-11-19 17:55:11.641 67239 INFO tempest.lib.common.rest_client [req-815b56d2-07e5-4926-b3b7-d39779b2fc85 req-815b56d2-07e5-4926-b3b7-d39779b2fc85 ] Request (ServerActionsTestOtherA:setUpClass): 200 GET http://10.180.1.21/compute/v2.1/servers/f797511a-6e6f-45e9-899d-b4c47b1667a6 0.149s
2025-11-19 17:55:11.651 67257 INFO tempest.lib.common.rest_client [req-8fee7fe1-fa9b-4e54-a356-233738eb0031 req-8fee7fe1-fa9b-4e54-a356-233738eb0031 ] Request (DeleteServersTestJSON:test_delete_server_while_in_shelved_state): 200 GET http://10.180.1.21/compute/v2.1/servers/8ccf5100-7fd1-401a-8fe7-a14a026d05f1 0.068s
2025-11-19 17:55:11.661 67249 INFO tempest.lib.common.rest_client [req-4e3ad65b-1c96-41a8-a269-b731ab25791d req-4e3ad65b-1c96-41a8-a269-b731ab25791d ] Request (ServerGroupTestJSON:tearDownClass): 404 DELETE http://10.180.1.21/compute/v2.1/servers/115e7812-4782-406d-9361-9b01083a6928 0.070s
2025-11-19 17:55:11.690 67249 INFO tempest.lib.common.rest_client [req-58c34876-af3f-45b6-be02-6943c31865bf req-58c34876-af3f-45b6-be02-6943c31865bf ] Request (ServerGroupTestJSON:tearDownClass): 404 GET http://10.180.1.21/compute/v2.1/servers/115e7812-4782-406d-9361-9b01083a6928 0.028s
2025-11-19 17:55:11.690 67217 INFO tempest.lib.common.rest_client [req-00227c4b-c594-4dce-b90d-cf98460ca41f req-00227c4b-c594-4dce-b90d-cf98460ca41f ] Request (InstanceActionsTestJSON:tearDownClass): 204 DELETE http://10.180.1.21/networking/v2.0/security-groups/a8f5660e-cdcb-4850-84ec-137bbc961d44 0.083s
2025-11-19 17:55:11.703 67249 INFO tempest.lib.common.rest_client [req-74b057b5-8e57-4048-850a-7043e4ecc4f5 req-74b057b5-8e57-4048-850a-7043e4ecc4f5 ] Request (ServerGroupTestJSON:tearDownClass): 404 DELETE http://10.180.1.21/compute/v2.1/os-server-groups/c68ab876-dc7f-4787-abb1-d57607135db8 0.013s
2025-11-19 17:55:11.713 67249 INFO tempest.lib.common.rest_client [req-fd9289c5-7cda-4156-be6f-f48b2472b3f8 req-fd9289c5-7cda-4156-be6f-f48b2472b3f8 ] Request (ServerGroupTestJSON:tearDownClass): 404 DELETE http://10.180.1.21/compute/v2.1/os-server-groups/5e75cd66-9658-4424-8738-573052d47a79 0.010s
