2025-11-19 17:54:31.448 67249 INFO tempest.lib.common.rest_client [req-8b3cdbbe-da09-43af-8404-7a3d5a6baf78 req-8b3cdbbe-da09-43af-8404-7a3d5a6baf78 ] Request (ServerGroupTestJSON:_run_cleanups): 200 GET http://10.180.1.21/compute/v2.1/servers/115e7812-4782-406d-9361-9b01083a6928 0.161s
2025-11-19 17:54:31.450 67235 INFO tempest.lib.common.rest_client [req-9b13bd7a-f51e-452c-84f4-b42157376e9e req-9b13bd7a-f51e-452c-84f4-b42157376e9e ] Request (ServerPasswordTestJSON:tearDownClass): 200 GET http://10.180.1.21/compute/v2.1/servers/8f8bcfcd-e9a6-4464-a30e-74a52c4f5fd2 0.097s
2025-11-19 17:54:31.499 67223 INFO tempest.lib.common.rest_client [req-ff67e72c-ac1b-4c19-badb-3240ced401b1 req-ff67e72c-ac1b-4c19-badb-3240ced401b1 ] Request (MultipleCreateNegativeTestJSON:setUpClass): 201 POST http://10.180.1.21/identity/v3/auth/tokens 0.047s
2025-11-19 17:54:31.511 67271 INFO tempest.lib.common.rest_client [req-ac54ed26-dfee-4dc2-a70a-706bb4e809dc req-ac54ed26-dfee-4dc2-a70a-706bb4e809dc ] Request (ServerActionsTestJSON:setUpClass): 200 GET http://10.180.1.21/compute/v2.1/servers/447391c3-b763-4adc-8efa-3e4a1ee3f78a 0.098s
2025-11-19 17:54:31.524 67223 INFO tempest.lib.common.rest_client [req-bbd7db7d-d9d0-48ae-857f-202731490138 req-bbd7db7d-d9d0-48ae-857f-202731490138 ] Request (MultipleCreateNegativeTestJSON:setUpClass): 200 GET http://10.180.1.21/identity/v3/domains?name=Default 0.024s
2025-11-19 17:54:31.536 67243 INFO tempest.lib.common.rest_client [req-13ca6181-bc56-4006-9fa0-8742557a2edf req-13ca6181-bc56-4006-9fa0-8742557a2edf ] Request (AttachInterfacesV270Test:tearDownClass): 200 GET http://10.180.1.21/compute/v2.1/servers/a0b7f1ab-1251-4dca-9ce3-5eaa0c465e1e 0.159s
2025-11-19 17:54:31.559 67223 INFO tempest.lib.common.rest_client [req-3c26eefb-ba80-46c5-84dd-38c799806fd0 req-3c26eefb-ba80-46c5-84dd-38c799806fd0 ] Request (MultipleCreateNegativeTestJSON:setUpClass): 201 POST http://10.180.1.21/identity/v3/projects 0.035s
2025-11-19 17:54:31.564 67239 INFO tempest.lib.common.rest_client [req-a15368bd-379d-4c1d-a9f5-00af05267e60 req-a15368bd-379d-4c1d-a9f5-00af05267e60 ] Request (ServerActionsTestOtherA:setUpClass): 200 GET http://10.180.1.21/compute/v2.1/servers/f797511a-6e6f-45e9-899d-b4c47b1667a6 0.120s
2025-11-19 17:54:31.596 67257 INFO tempest.lib.common.rest_client [req-4b0d4c02-2d6b-402d-820e-e619606f91e8 req-4b0d4c02-2d6b-402d-820e-e619606f91e8 ] Request (DeleteServersTestJSON:test_delete_server_while_in_shelved_state): 200 GET http://10.180.1.21/compute/v2.1/servers/8ccf5100-7fd1-401a-8fe7-a14a026d05f1 0.115s
2025-11-19 17:54:31.631 67223 INFO tempest.lib.common.rest_client [req-5e22e182-9ba2-4903-9feb-ac5b52821c20 req-5e22e182-9ba2-4903-9feb-ac5b52821c20 ] Request (MultipleCreateNegativeTestJSON:setUpClass): 201 POST http://10.180.1.21/identity/v3/users 0.072s
2025-11-19 17:54:31.637 67227 INFO tempest.lib.common.rest_client [req-81fac7c6-78bb-464c-b3b8-8b7ba4467fe2 req-81fac7c6-78bb-464c-b3b8-8b7ba4467fe2 ] Request (ImagesOneServerNegativeTestJSON:_run_cleanups): 200 GET http://10.180.1.21/compute/v2.1/servers/f92a0135-d8fc-4703-9868-27de71ed5974 0.127s
2025-11-19 17:54:31.661 67223 INFO tempest.lib.common.rest_client [req-9116d1e9-c13a-48d2-962a-c6a0c49a05d2 req-9116d1e9-c13a-48d2-962a-c6a0c49a05d2 ] Request (MultipleCreateNegativeTestJSON:setUpClass): 200 GET http://10.180.1.21/identity/v3/roles 0.029s
2025-11-19 17:54:31.667 67253 INFO tempest.lib.common.rest_client [req-809472c4-3e2a-4a54-b96a-450a7dddbe05 req-809472c4-3e2a-4a54-b96a-450a7dddbe05 ] Request (ServersTestFqdnHostnames:test_create_server_with_fqdn_name): 200 GET http://10.180.1.21/compute/v2.1/servers/5299f9f9-66bb-44b1-aa40-e619ffe6db16 0.136s
2025-11-19 17:54:31.698 67223 INFO tempest.lib.common.rest_client [req-dcac1d1d-9dd9-43f4-8a08-873fab465ec7 req-dcac1d1d-9dd9-43f4-8a08-873fab465ec7 ] Request (MultipleCreateNegativeTestJSON:setUpClass): 204 PUT http://10.180.1.21/identity/v3/projects/0c097a45c40747138d56e94544b54f84/users/6a99be4938c548e79aa5cc66b0cf44f2/roles/02ca1a0bfb4a461ea93350fb4e4a27ba 0.036s
2025-11-19 17:54:31.698 67223 INFO tempest.lib.common.dynamic_creds [-] Dynamic test user 6a99be4938c548e79aa5cc66b0cf44f2 is created with scope project and roles: ['member']
2025-11-19 17:54:31.699 67223 INFO tempest.lib.common.dynamic_creds [-] Acquired dynamic creds: credentials: Credentials: {'domain_id': 'default', 'domain_name': 'Default', 'username': 'tempest-MultipleCreateNegativeTestJSON-387788541-project-member', 'project_domain_id': 'default', 'project_domain_name': 'Default', 'project_id': '0c097a45c40747138d56e94544b54f84', 'project_name': 'tempest-MultipleCreateNegativeTestJSON-387788541', 'tenant_id': '0c097a45c40747138d56e94544b54f84', 'tenant_name': 'tempest-MultipleCreateNegativeTestJSON-387788541', 'user_domain_id': 'default', 'user_domain_name': 'Default', 'user_id': '6a99be4938c548e79aa5cc66b0cf44f2', 'system': None}, Network: None, Subnet: None, Router: None
2025-11-19 17:54:31.699 67223 INFO tempest.lib.common.dynamic_creds [-] Created isolated network resources for: credentials: Credentials: {'domain_id': 'default', 'domain_name': 'Default', 'username': 'tempest-MultipleCreateNegativeTestJSON-387788541-project-member', 'project_domain_id': 'default', 'project_domain_name': 'Default', 'project_id': '0c097a45c40747138d56e94544b54f84', 'project_name': 'tempest-MultipleCreateNegativeTestJSON-387788541', 'tenant_id': '0c097a45c40747138d56e94544b54f84', 'tenant_name': 'tempest-MultipleCreateNegativeTestJSON-387788541', 'user_domain_id': 'default', 'user_domain_name': 'Default', 'user_id': '6a99be4938c548e79aa5cc66b0cf44f2', 'system': None}, Network: None, Subnet: None, Router: None
2025-11-19 17:54:31.714 67215 INFO tempest.lib.common.rest_client [req-349ced0d-b26d-401f-b518-6429d3d49d6e req-349ced0d-b26d-401f-b518-6429d3d49d6e ] Request (VolumesAssistedSnapshotsTest:tearDownClass): 200 GET http://10.180.1.21/compute/v2.1/servers/7da3cbcd-f708-46ae-863d-1de8e097ed59 0.093s
2025-11-19 17:54:31.780 67259 INFO tempest.lib.common.rest_client [req-c6af8b3e-8e01-48e1-93d4-1c75c1cd52d4 req-c6af8b3e-8e01-48e1-93d4-1c75c1cd52d4 ] Request (ServersAdminNegativeTestJSON:tearDownClass): 200 GET http://10.180.1.21/compute/v2.1/servers/3f7f280d-2ee2-499e-9c7f-e918be349d3a 0.093s
2025-11-19 17:54:31.797 67223 INFO tempest.lib.common.rest_client [req-22ce7bd7-7bb6-4f38-9286-99ccebddf9a0 req-22ce7bd7-7bb6-4f38-9286-99ccebddf9a0 ] Request (MultipleCreateNegativeTestJSON:setUpClass): 201 POST http://10.180.1.21/identity/v3/auth/tokens 0.095s
2025-11-19 17:54:31.840 67223 INFO tempest.lib.common.rest_client [req-c2c913d4-2e35-4baa-9cc8-bcb56c482603 req-c2c913d4-2e35-4baa-9cc8-bcb56c482603 ] Request (MultipleCreateNegativeTestJSON:test_max_count_less_than_min_count): 201 POST http://10.180.1.21/identity/v3/auth/tokens 0.038s
2025-11-19 17:54:31.841 67223 INFO tempest.lib.common.fixed_network [-] (MultipleCreateNegativeTestJSON:test_max_count_less_than_min_count) Found network None available for tenant
2025-11-19 17:54:31.842 67273 INFO tempest.lib.common.rest_client [req-ca92a408-acd5-4a5f-be53-c19861ed2d5c req-ca92a408-acd5-4a5f-be53-c19861ed2d5c ] Request (ServerActionsTestOtherB:setUpClass): 200 GET http://10.180.1.21/compute/v2.1/servers/df9c23ef-cf67-493f-bacc-feaa8dd5cd11 0.187s
2025-11-19 17:54:31.854 67217 INFO tempest.lib.common.rest_client [req-c9943c2e-f6b1-4f65-9bb7-ffc4757181dd req-c9943c2e-f6b1-4f65-9bb7-ffc4757181dd ] Request (InstanceActionsTestJSON:tearDownClass): 200 GET http://10.180.1.21/compute/v2.1/servers/4b701d31-49e6-4f80-bfc7-784d1e65587e 0.100s
2025-11-19 17:54:31.921 67245 INFO tempest.lib.common.rest_client [req-391a91f1-a332-4bbe-9aab-6f26c1ee75b1 req-391a91f1-a332-4bbe-9aab-6f26c1ee75b1 ] Request (ServerDiagnosticsNegativeTest:test_get_server_diagnostics_by_non_admin): 200 GET http://10.180.1.21/compute/v2.1/servers/d683082f-e97c-493e-af15-ede2a2a9799e 0.150s
2025-11-19 17:54:31.930 67276 INFO tempest.lib.common.rest_client [req-27af7fc5-548d-406b-9843-cda2377b33cd req-27af7fc5-548d-406b-9843-cda2377b33cd ] Request (TenantUsagesTestJSON:setUpClass): 200 GET http://10.180.1.21/compute/v2.1/servers/909ca246-c54f-4759-8b70-65d4249540db 0.091s
2025-11-19 17:54:32.012 67255 INFO tempest.lib.common.rest_client [req-57287e4d-8a99-40f0-826e-a156e498d622 req-57287e4d-8a99-40f0-826e-a156e498d622 ] Request (ServerTagsTestJSON:tearDownClass): 200 GET http://10.180.1.21/compute/v2.1/servers/ef85d33f-8d18-4707-804d-0d02e9509523 0.140s
2025-11-19 17:54:32.019 67223 INFO tempest.lib.common.rest_client [req-7214c34c-0713-41a2-a171-0ee56e2dae1e req-7214c34c-0713-41a2-a171-0ee56e2dae1e ] Request (MultipleCreateNegativeTestJSON:test_max_count_less_than_min_count): 400 POST http://10.180.1.21/compute/v2.1/servers 0.178s
2025-11-19 17:54:32.055 67223 INFO tempest.lib.common.rest_client [req-c74b15ef-a8af-4b52-88b5-cb414c06e2a3 req-c74b15ef-a8af-4b52-88b5-cb414c06e2a3 ] Request (MultipleCreateNegativeTestJSON:test_max_count_less_than_one): 201 POST http://10.180.1.21/identity/v3/auth/tokens 0.031s
2025-11-19 17:54:32.055 67223 INFO tempest.lib.common.fixed_network [-] (MultipleCreateNegativeTestJSON:test_max_count_less_than_one) Found network None available for tenant
2025-11-19 17:54:32.067 67211 INFO tempest.lib.common.rest_client [req-55a65ebe-a136-4b4b-a991-24b0dc7f6f2f req-55a65ebe-a136-4b4b-a991-24b0dc7f6f2f ] Request (ImagesTestJSON:test_create_server_from_snapshot): 200 GET http://10.180.1.21/compute/v2.1/servers/f941cada-61f3-44f1-9ac4-27cac80917b3 0.067s
2025-11-19 17:54:32.073 67223 INFO tempest.lib.common.rest_client [req-a709bd38-8900-47d0-b45c-5436fe5c6870 req-a709bd38-8900-47d0-b45c-5436fe5c6870 ] Request (MultipleCreateNegativeTestJSON:test_max_count_less_than_one): 400 POST http://10.180.1.21/compute/v2.1/servers 0.017s
2025-11-19 17:54:32.105 67223 INFO tempest.lib.common.rest_client [req-f1284767-951a-4ca1-a681-001bc5ec3ef0 req-f1284767-951a-4ca1-a681-001bc5ec3ef0 ] Request (MultipleCreateNegativeTestJSON:test_max_count_non_integer): 201 POST http://10.180.1.21/identity/v3/auth/tokens 0.027s
2025-11-19 17:54:32.105 67223 INFO tempest.lib.common.fixed_network [-] (MultipleCreateNegativeTestJSON:test_max_count_non_integer) Found network None available for tenant
2025-11-19 17:54:32.117 67223 INFO tempest.lib.common.rest_client [req-20ae969f-02df-4f08-9689-15cc581be034 req-20ae969f-02df-4f08-9689-15cc581be034 ] Request (MultipleCreateNegativeTestJSON:test_max_count_non_integer): 400 POST http://10.180.1.21/compute/v2.1/servers 0.011s
2025-11-19 17:54:32.148 67223 INFO tempest.lib.common.rest_client [req-1f64f9c9-7b83-453a-9040-30122ebfe354 req-1f64f9c9-7b83-453a-9040-30122ebfe354 ] Request (MultipleCreateNegativeTestJSON:test_min_count_less_than_one): 201 POST http://10.180.1.21/identity/v3/auth/tokens 0.027s
2025-11-19 17:54:32.148 67223 INFO tempest.lib.common.fixed_network [-] (MultipleCreateNegativeTestJSON:test_min_count_less_than_one) Found network None available for tenant
2025-11-19 17:54:32.153 67229 INFO tempest.lib.common.rest_client [req-18f9046e-1ade-4529-9351-fa097711c062 req-18f9046e-1ade-4529-9351-fa097711c062 ] Request (ListImageFiltersTestJSON:setUpClass): 200 GET http://10.180.1.21/compute/v2.1/servers/e98184f0-c473-401e-9b86-4763fff8f480 0.119s
2025-11-19 17:54:32.157 67223 INFO tempest.lib.common.rest_client [req-70849da5-8e5d-4e85-9369-3d446162fe4f req-70849da5-8e5d-4e85-9369-3d446162fe4f ] Request (MultipleCreateNegativeTestJSON:test_min_count_less_than_one): 400 POST http://10.180.1.21/compute/v2.1/servers 0.008s
2025-11-19 17:54:32.161 67229 INFO tempest.common.waiters [-] State transition "ACTIVE/image_uploading" ==> "ACTIVE/None" after 3 second wait
2025-11-19 17:54:32.190 67223 INFO tempest.lib.common.rest_client [req-af17e937-cb0c-4acc-b808-15961e38aa27 req-af17e937-cb0c-4acc-b808-15961e38aa27 ] Request (MultipleCreateNegativeTestJSON:test_min_count_non_integer): 201 POST http://10.180.1.21/identity/v3/auth/tokens 0.029s
2025-11-19 17:54:32.191 67223 INFO tempest.lib.common.fixed_network [-] (MultipleCreateNegativeTestJSON:test_min_count_non_integer) Found network None available for tenant
2025-11-19 17:54:32.284 67231 INFO tempest.lib.common.rest_client [req-8265899a-2e8d-46f5-a059-bc3fff9f9a33 req-8265899a-2e8d-46f5-a059-bc3fff9f9a33 ] Request (MigrationsAdminTest:test_resize_server_revert_deleted_flavor): 200 GET http://10.180.1.21/compute/v2.1/servers/ab6acb2e-5b30-4ae3-abbd-cd073bcec44f 0.107s
2025-11-19 17:54:32.290 67223 INFO tempest.lib.common.rest_client [req-6ae07076-e562-4c47-8c22-f144136d8fb8 req-6ae07076-e562-4c47-8c22-f144136d8fb8 ] Request (MultipleCreateNegativeTestJSON:test_min_count_non_integer): 400 POST http://10.180.1.21/compute/v2.1/servers 0.098s
2025-11-19 17:54:32.388 67223 INFO tempest.lib.common.rest_client [req-c7537f0c-ff3b-4a2c-9e30-828477eee601 req-c7537f0c-ff3b-4a2c-9e30-828477eee601 ] Request (MultipleCreateNegativeTestJSON:tearDownClass): 204 DELETE http://10.180.1.21/identity/v3/users/6a99be4938c548e79aa5cc66b0cf44f2 0.095s
2025-11-19 17:54:32.388 67223 INFO tempest.lib.common.dynamic_creds [-] Deleting project and security group for project: 0c097a45c40747138d56e94544b54f84
2025-11-19 17:54:32.423 67251 INFO tempest.lib.common.rest_client [req-5c6ed8fe-1a28-452c-9910-fcb0c5a9c593 req-5c6ed8fe-1a28-452c-9910-fcb0c5a9c593 ] Request (SecurityGroupsTestJSON:test_server_security_groups): 200 GET http://10.180.1.21/compute/v2.1/servers/50753e96-ccee-4223-8d85-eaa931f621d5 0.227s
2025-11-19 17:54:32.431 67251 INFO tempest.common.waiters [-] State transition "HARD_REBOOT/rebooting_hard" ==> "HARD_REBOOT/reboot_started_hard" after 4 second wait
2025-11-19 17:54:32.453 67223 INFO tempest.lib.common.rest_client [req-232fbd1a-3750-4e5d-a84f-c734b900d87d req-232fbd1a-3750-4e5d-a84f-c734b900d87d ] Request (MultipleCreateNegativeTestJSON:tearDownClass): 201 POST http://10.180.1.21/identity/v3/auth/tokens 0.064s
2025-11-19 17:54:32.491 67219 INFO tempest.lib.common.rest_client [req-cc2c31ba-8e03-4e8b-be19-8eecc829fe6e req-cc2c31ba-8e03-4e8b-be19-8eecc829fe6e ] Request (ServersListShow2100Test:test_list_show_rebuild_update_server_2100): 200 GET http://10.180.1.21/compute/v2.1/servers/050c7e3d-3a55-48e7-814a-88f061d4e6b5 0.243s
2025-11-19 17:54:32.503 67219 INFO tempest.common.waiters [-] State transition "BUILD/spawning" ==> "ACTIVE/None" after 59 second wait
2025-11-19 17:54:32.589 67247 INFO tempest.lib.common.rest_client [req-cd195219-2be4-4b48-bfe1-1a48225e266d req-cd195219-2be4-4b48-bfe1-1a48225e266d ] Request (ServersAdminTestJSON:_run_cleanups): 200 GET http://10.180.1.21/compute/v2.1/servers/234436ef-cdef-4559-bf40-95ed9c3a3e97 0.296s
2025-11-19 17:54:32.600 67229 INFO tempest.lib.common.rest_client [req-a284c586-9cc7-4dd2-b7f8-65bd528d5e9b req-a284c586-9cc7-4dd2-b7f8-65bd528d5e9b ] Request (ListImageFiltersTestJSON:setUpClass): 202 POST http://10.180.1.21/compute/v2.1/servers/1cfb6506-0a8c-4635-a372-fc041a92e1a3/action 0.439s
2025-11-19 17:54:32.633 67223 INFO tempest.lib.common.rest_client [req-b25b1634-4ec0-4fc7-a794-c3d27cbef795 req-b25b1634-4ec0-4fc7-a794-c3d27cbef795 ] Request (MultipleCreateNegativeTestJSON:tearDownClass): 200 GET http://10.180.1.21/networking/v2.0/security-groups?tenant_id=0c097a45c40747138d56e94544b54f84&name=default 0.179s
2025-11-19 17:54:32.656 67267 INFO tempest.lib.common.rest_client [req-6263d499-467b-4c8f-818e-ab4884612437 req-6263d499-467b-4c8f-818e-ab4884612437 ] Request (AttachInterfacesUnderV243Test:_run_cleanups): 200 GET http://10.180.1.21/compute/v2.1/servers/2075f415-043e-4d81-884d-07348190e678 0.350s
2025-11-19 17:54:32.660 67221 INFO tempest.lib.common.rest_client [req-033875d5-dc0b-4cd9-b599-cfbd2c794a78 req-033875d5-dc0b-4cd9-b599-cfbd2c794a78 ] Request (MultipleCreateTestJSON:test_multiple_create_with_reservation_return): 200 GET http://10.180.1.21/compute/v2.1/servers/2d6b0f57-f920-4097-a639-9584c26fd89c 0.287s
2025-11-19 17:54:32.720 67264 INFO tempest.lib.common.rest_client [req-f75cc4b8-184e-4c0f-b74b-586d9b77064d req-f75cc4b8-184e-4c0f-b74b-586d9b77064d ] Request (FloatingIPsAssociationNegativeTestJSON:tearDownClass): 200 GET http://10.180.1.21/compute/v2.1/servers/959752d3-7864-4921-b318-8645ebd247c9 0.334s
2025-11-19 17:54:32.741 67249 INFO tempest.lib.common.rest_client [req-2ca48234-e9c8-4f55-9998-77ff13c96875 req-2ca48234-e9c8-4f55-9998-77ff13c96875 ] Request (ServerGroupTestJSON:_run_cleanups): 200 GET http://10.180.1.21/compute/v2.1/servers/115e7812-4782-406d-9361-9b01083a6928 0.282s
2025-11-19 17:54:32.765 67223 INFO tempest.lib.common.rest_client [req-b3213829-4238-4338-ad4b-d7f9704df550 req-b3213829-4238-4338-ad4b-d7f9704df550 ] Request (MultipleCreateNegativeTestJSON:tearDownClass): 204 DELETE http://10.180.1.21/networking/v2.0/security-groups/73d2e361-cb4b-4d76-a9a1-aee0626a4d97 0.132s
2025-11-19 17:54:32.802 67235 INFO tempest.lib.common.rest_client [req-49307851-6703-4999-8cbe-82a71429422c req-49307851-6703-4999-8cbe-82a71429422c ] Request (ServerPasswordTestJSON:tearDownClass): 200 GET http://10.180.1.21/compute/v2.1/servers/8f8bcfcd-e9a6-4464-a30e-74a52c4f5fd2 0.344s
2025-11-19 17:54:32.866 67271 INFO tempest.lib.common.rest_client [req-7a657e98-8e12-432b-bd06-b8d2ace34865 req-7a657e98-8e12-432b-bd06-b8d2ace34865 ] Request (ServerActionsTestJSON:setUpClass): 200 GET http://10.180.1.21/compute/v2.1/servers/447391c3-b763-4adc-8efa-3e4a1ee3f78a 0.346s
2025-11-19 17:54:32.869 67223 INFO tempest.lib.common.rest_client [req-8689be7a-2811-4dd2-b77b-b58428a65834 req-8689be7a-2811-4dd2-b77b-b58428a65834 ] Request (MultipleCreateNegativeTestJSON:tearDownClass): 204 DELETE http://10.180.1.21/identity/v3/projects/0c097a45c40747138d56e94544b54f84 0.104s
2025-11-19 17:54:32.936 67219 INFO tempest.lib.common.rest_client [req-de212de8-37b5-4a3a-af24-f0b18d739580 req-de212de8-37b5-4a3a-af24-f0b18d739580 ] Request (ServersListShow2100Test:test_list_show_rebuild_update_server_2100): 200 GET http://10.180.1.21/compute/v2.1/servers/detail 0.432s
2025-11-19 17:54:32.965 67223 INFO tempest.lib.common.rest_client [req-2f8a769e-046f-4392-887a-f6a00dec5944 req-2f8a769e-046f-4392-887a-f6a00dec5944 ] Request (TestVersions:setUpClass): 201 POST http://10.180.1.21/identity/v3/auth/tokens 0.092s
2025-11-19 17:54:32.975 67243 INFO tempest.lib.common.rest_client [req-b79c1923-bee0-4b8e-bd69-f4a315cb2808 req-b79c1923-bee0-4b8e-bd69-f4a315cb2808 ] Request (AttachInterfacesV270Test:tearDownClass): 200 GET http://10.180.1.21/compute/v2.1/servers/a0b7f1ab-1251-4dca-9ce3-5eaa0c465e1e 0.429s
2025-11-19 17:54:33.012 67239 INFO tempest.lib.common.rest_client [req-bab13583-bc34-4bee-bb26-774c0d128f1f req-bab13583-bc34-4bee-bb26-774c0d128f1f ] Request (ServerActionsTestOtherA:setUpClass): 200 GET http://10.180.1.21/compute/v2.1/servers/f797511a-6e6f-45e9-899d-b4c47b1667a6 0.438s
2025-11-19 17:54:33.019 67229 INFO tempest.lib.common.rest_client [req-264aa911-2978-498b-ad5e-1969d4ad7e6f req-264aa911-2978-498b-ad5e-1969d4ad7e6f ] Request (ListImageFiltersTestJSON:setUpClass): 200 GET http://10.180.1.21/compute/v2.1/images/770160fa-5ee9-47ce-82c6-b91a67caeac8 0.417s
2025-11-19 17:54:33.025 67223 INFO tempest.lib.common.rest_client [req-575fc2c4-0c42-4429-a76b-acb5d76f7873 req-575fc2c4-0c42-4429-a76b-acb5d76f7873 ] Request (TestVersions:setUpClass): 201 POST http://10.180.1.21/identity/v3/auth/tokens 0.055s
2025-11-19 17:54:33.058 67223 INFO tempest.lib.common.rest_client [req-02d2803a-f927-4a18-b252-75c87a712719 req-02d2803a-f927-4a18-b252-75c87a712719 ] Request (TestVersions:setUpClass): 200 GET http://10.180.1.21/identity/v3/domains?name=Default 0.032s
2025-11-19 17:54:33.086 67257 INFO tempest.lib.common.rest_client [req-03844dc9-1e8d-4b2c-87e6-201dd9e208a9 req-03844dc9-1e8d-4b2c-87e6-201dd9e208a9 ] Request (DeleteServersTestJSON:test_delete_server_while_in_shelved_state): 200 GET http://10.180.1.21/compute/v2.1/servers/8ccf5100-7fd1-401a-8fe7-a14a026d05f1 0.479s
2025-11-19 17:54:33.087 67227 INFO tempest.lib.common.rest_client [req-c6b130ac-71d5-4dc2-9a59-6ee982af9afe req-c6b130ac-71d5-4dc2-9a59-6ee982af9afe ] Request (ImagesOneServerNegativeTestJSON:_run_cleanups): 200 GET http://10.180.1.21/compute/v2.1/servers/f92a0135-d8fc-4703-9868-27de71ed5974 0.442s
2025-11-19 17:54:33.097 67223 INFO tempest.lib.common.rest_client [req-2588d95e-5477-41f5-9758-83d6c7b4580d req-2588d95e-5477-41f5-9758-83d6c7b4580d ] Request (TestVersions:setUpClass): 201 POST http://10.180.1.21/identity/v3/projects 0.039s
2025-11-19 17:54:33.152 67253 INFO tempest.lib.common.rest_client [req-c3882fb7-535d-4171-902c-9a3a47870291 req-c3882fb7-535d-4171-902c-9a3a47870291 ] Request (ServersTestFqdnHostnames:test_create_server_with_fqdn_name): 200 GET http://10.180.1.21/compute/v2.1/servers/5299f9f9-66bb-44b1-aa40-e619ffe6db16 0.472s
2025-11-19 17:54:33.159 67215 INFO tempest.lib.common.rest_client [req-9c3ed496-2172-4e15-aaa6-7b4a746928bb req-9c3ed496-2172-4e15-aaa6-7b4a746928bb ] Request (VolumesAssistedSnapshotsTest:tearDownClass): 200 GET http://10.180.1.21/compute/v2.1/servers/7da3cbcd-f708-46ae-863d-1de8e097ed59 0.435s
2025-11-19 17:54:33.175 67223 INFO tempest.lib.common.rest_client [req-203ed34b-4207-4ec8-a5b7-af96dcda4b98 req-203ed34b-4207-4ec8-a5b7-af96dcda4b98 ] Request (TestVersions:setUpClass): 201 POST http://10.180.1.21/identity/v3/users 0.077s
2025-11-19 17:54:33.198 67223 INFO tempest.lib.common.rest_client [req-4f9d786f-d6c2-463e-a5e2-de1164dce7de req-4f9d786f-d6c2-463e-a5e2-de1164dce7de ] Request (TestVersions:setUpClass): 200 GET http://10.180.1.21/identity/v3/roles 0.023s
2025-11-19 17:54:33.219 67259 INFO tempest.lib.common.rest_client [req-7f736205-2dfa-478d-939a-0fc172a7de1b req-7f736205-2dfa-478d-939a-0fc172a7de1b ] Request (ServersAdminNegativeTestJSON:tearDownClass): 200 GET http://10.180.1.21/compute/v2.1/servers/3f7f280d-2ee2-499e-9c7f-e918be349d3a 0.431s
2025-11-19 17:54:33.237 67223 INFO tempest.lib.common.rest_client [req-daa62214-199c-413a-b667-325952f9c6c1 req-daa62214-199c-413a-b667-325952f9c6c1 ] Request (TestVersions:setUpClass): 204 PUT http://10.180.1.21/identity/v3/projects/e3254c9b13af4ba7b6d3d2a838c7232a/users/000a2cde5d70414aacc9f7b34e9a3208/roles/02ca1a0bfb4a461ea93350fb4e4a27ba 0.038s
2025-11-19 17:54:33.237 67223 INFO tempest.lib.common.dynamic_creds [-] Dynamic test user 000a2cde5d70414aacc9f7b34e9a3208 is created with scope project and roles: ['member']
2025-11-19 17:54:33.238 67223 INFO tempest.lib.common.dynamic_creds [-] Acquired dynamic creds: credentials: Credentials: {'domain_id': 'default', 'domain_name': 'Default', 'username': 'tempest-TestVersions-2661583-project-member', 'project_domain_id': 'default', 'project_domain_name': 'Default', 'project_id': 'e3254c9b13af4ba7b6d3d2a838c7232a', 'project_name': 'tempest-TestVersions-2661583', 'tenant_id': 'e3254c9b13af4ba7b6d3d2a838c7232a', 'tenant_name': 'tempest-TestVersions-2661583', 'user_domain_id': 'default', 'user_domain_name': 'Default', 'user_id': '000a2cde5d70414aacc9f7b34e9a3208', 'system': None}, Network: None, Subnet: None, Router: None
2025-11-19 17:54:33.238 67223 INFO tempest.lib.common.dynamic_creds [-] Created isolated network resources for: credentials: Credentials: {'domain_id': 'default', 'domain_name': 'Default', 'username': 'tempest-TestVersions-2661583-project-member', 'project_domain_id': 'default', 'project_domain_name': 'Default', 'project_id': 'e3254c9b13af4ba7b6d3d2a838c7232a', 'project_name': 'tempest-TestVersions-2661583', 'tenant_id': 'e3254c9b13af4ba7b6d3d2a838c7232a', 'tenant_name': 'tempest-TestVersions-2661583', 'user_domain_id': 'default', 'user_domain_name': 'Default', 'user_id': '000a2cde5d70414aacc9f7b34e9a3208', 'system': None}, Network: None, Subnet: None, Router: None
2025-11-19 17:54:33.305 67217 INFO tempest.lib.common.rest_client [req-bd53edcd-7d55-42af-a884-4d0329d85e15 req-bd53edcd-7d55-42af-a884-4d0329d85e15 ] Request (InstanceActionsTestJSON:tearDownClass): 200 GET http://10.180.1.21/compute/v2.1/servers/4b701d31-49e6-4f80-bfc7-784d1e65587e 0.437s
2025-11-19 17:54:33.324 67223 INFO tempest.lib.common.rest_client [req-b8e15631-12ac-4910-a73a-22bd1556faf2 req-b8e15631-12ac-4910-a73a-22bd1556faf2 ] Request (TestVersions:setUpClass): 201 POST http://10.180.1.21/identity/v3/auth/tokens 0.083s
2025-11-19 17:54:33.329 67273 INFO tempest.lib.common.rest_client [req-f148032b-96ba-490f-88f4-32a8721c6a0e req-f148032b-96ba-490f-88f4-32a8721c6a0e ] Request (ServerActionsTestOtherB:setUpClass): 200 GET http://10.180.1.21/compute/v2.1/servers/df9c23ef-cf67-493f-bacc-feaa8dd5cd11 0.479s
2025-11-19 17:54:33.361 67245 INFO tempest.lib.common.rest_client [req-0e66c474-cd44-4018-9aac-e2e682577692 req-0e66c474-cd44-4018-9aac-e2e682577692 ] Request (ServerDiagnosticsNegativeTest:test_get_server_diagnostics_by_non_admin): 200 GET http://10.180.1.21/compute/v2.1/servers/d683082f-e97c-493e-af15-ede2a2a9799e 0.427s
2025-11-19 17:54:33.379 67276 INFO tempest.lib.common.rest_client [req-d0cc2059-afed-41c1-a574-583f223305b3 req-d0cc2059-afed-41c1-a574-583f223305b3 ] Request (TenantUsagesTestJSON:setUpClass): 200 GET http://10.180.1.21/compute/v2.1/servers/909ca246-c54f-4759-8b70-65d4249540db 0.435s
2025-11-19 17:54:33.433 67219 INFO tempest.lib.common.rest_client [req-4cd797f3-f55f-4afe-bc1f-a97d5442f591 req-4cd797f3-f55f-4afe-bc1f-a97d5442f591 ] Request (ServersListShow2100Test:test_list_show_rebuild_update_server_2100): 200 GET http://10.180.1.21/compute/v2.1/servers/050c7e3d-3a55-48e7-814a-88f061d4e6b5 0.481s
2025-11-19 17:54:33.442 67255 INFO tempest.lib.common.rest_client [req-5dbb31c8-a8f1-4b0e-8c34-4ab7043ce500 req-5dbb31c8-a8f1-4b0e-8c34-4ab7043ce500 ] Request (ServerTagsTestJSON:tearDownClass): 200 GET http://10.180.1.21/compute/v2.1/servers/ef85d33f-8d18-4707-804d-0d02e9509523 0.421s
2025-11-19 17:54:33.489 67211 INFO tempest.lib.common.rest_client [req-d8c971f1-b693-4b70-a04f-b6c5caaf387f req-d8c971f1-b693-4b70-a04f-b6c5caaf387f ] Request (ImagesTestJSON:test_create_server_from_snapshot): 200 GET http://10.180.1.21/compute/v2.1/servers/f941cada-61f3-44f1-9ac4-27cac80917b3 0.414s
2025-11-19 17:54:33.493 67223 INFO tempest.lib.common.rest_client [-] Request (TestVersions:test_get_version_details): 200 GET http://10.180.1.21/compute/ 0.167s
2025-11-19 17:54:33.562 67231 INFO tempest.lib.common.rest_client [req-b26ddc90-8dd6-4890-829a-d108aedf21fb req-b26ddc90-8dd6-4890-829a-d108aedf21fb ] Request (MigrationsAdminTest:test_resize_server_revert_deleted_flavor): 200 GET http://10.180.1.21/compute/v2.1/servers/ab6acb2e-5b30-4ae3-abbd-cd073bcec44f 0.271s
2025-11-19 17:54:33.589 67251 INFO tempest.lib.common.rest_client [req-a6de40f0-bee6-4ee8-80c0-18a7e08bad96 req-a6de40f0-bee6-4ee8-80c0-18a7e08bad96 ] Request (SecurityGroupsTestJSON:test_server_security_groups): 200 GET http://10.180.1.21/compute/v2.1/servers/50753e96-ccee-4223-8d85-eaa931f621d5 0.156s
2025-11-19 17:54:33.593 67223 INFO tempest.lib.common.rest_client [req-e848dd27-a24f-45e0-bc61-8c324e9028c8 req-e848dd27-a24f-45e0-bc61-8c324e9028c8 ] Request (TestVersions:test_get_version_details): 200 GET http://10.180.1.21/compute/v2/ 0.097s
2025-11-19 17:54:33.597 67251 INFO tempest.common.waiters [-] State transition "HARD_REBOOT/reboot_started_hard" ==> "ACTIVE/None" after 5 second wait
2025-11-19 17:54:33.601 67223 INFO tempest.lib.common.rest_client [req-aba9b8d1-d4a0-49ce-888c-09736d709580 req-aba9b8d1-d4a0-49ce-888c-09736d709580 ] Request (TestVersions:test_get_version_details): 200 GET http://10.180.1.21/compute/v2.1/ 0.006s
2025-11-19 17:54:33.630 67219 INFO tempest.lib.common.rest_client [req-0cd8a9e8-7d67-4042-a5c7-33fcc8508da0 req-0cd8a9e8-7d67-4042-a5c7-33fcc8508da0 ] Request (ServersListShow2100Test:test_list_show_rebuild_update_server_2100): 200 PUT http://10.180.1.21/compute/v2.1/servers/050c7e3d-3a55-48e7-814a-88f061d4e6b5 0.182s
2025-11-19 17:54:33.725 67247 INFO tempest.lib.common.rest_client [req-2283dd23-3078-46ff-b646-4833b8b23ee4 req-2283dd23-3078-46ff-b646-4833b8b23ee4 ] Request (ServersAdminTestJSON:_run_cleanups): 200 GET http://10.180.1.21/compute/v2.1/servers/234436ef-cdef-4559-bf40-95ed9c3a3e97 0.128s
2025-11-19 17:54:33.729 67223 INFO tempest.lib.common.rest_client [-] Request (TestVersions:test_list_api_versions): 200 GET http://10.180.1.21/compute/ 0.125s
2025-11-19 17:54:33.732 67247 INFO tempest.common.waiters [-] State transition "REBUILD/rebuild_spawning" ==> "ACTIVE/None" after 10 second wait
2025-11-19 17:54:33.802 67219 INFO tempest.lib.common.rest_client [req-0b7e7a89-999f-4574-930b-7ca62946625d req-0b7e7a89-999f-4574-930b-7ca62946625d ] Request (ServersListShow2100Test:test_list_show_rebuild_update_server_2100): 200 GET http://10.180.1.21/compute/v2.1/servers/050c7e3d-3a55-48e7-814a-88f061d4e6b5 0.160s
2025-11-19 17:54:33.856 67225 WARNING tempest.lib.common.ssh [-] Failed to establish authenticated ssh connection to cirros@10.180.180.191 ([Errno None] Unable to connect to port 22 on 10.180.180.191). Number attempts: 13. Retry after 14 seconds.: paramiko.ssh_exception.NoValidConnectionsError: [Errno None] Unable to connect to port 22 on 10.180.180.191
2025-11-19 17:54:33.903 67267 INFO tempest.lib.common.rest_client [req-6dd6a3bc-3b11-4fd2-935c-fa180e01a936 req-6dd6a3bc-3b11-4fd2-935c-fa180e01a936 ] Request (AttachInterfacesUnderV243Test:_run_cleanups): 200 GET http://10.180.1.21/compute/v2.1/servers/2075f415-043e-4d81-884d-07348190e678 0.237s
2025-11-19 17:54:33.906 67223 INFO tempest.lib.common.rest_client [req-96e63dcf-2c2f-4139-8a7d-66c483ebb182 req-96e63dcf-2c2f-4139-8a7d-66c483ebb182 ] Request (TestVersions:tearDownClass): 204 DELETE http://10.180.1.21/identity/v3/users/000a2cde5d70414aacc9f7b34e9a3208 0.169s
2025-11-19 17:54:33.906 67223 INFO tempest.lib.common.dynamic_creds [-] Deleting project and security group for project: e3254c9b13af4ba7b6d3d2a838c7232a
2025-11-19 17:54:33.991 67221 INFO tempest.lib.common.rest_client [req-cb118b02-4456-4fd4-9a8f-1b84438cee88 req-cb118b02-4456-4fd4-9a8f-1b84438cee88 ] Request (MultipleCreateTestJSON:test_multiple_create_with_reservation_return): 200 GET http://10.180.1.21/compute/v2.1/servers/2d6b0f57-f920-4097-a639-9584c26fd89c 0.322s
2025-11-19 17:54:33.998 67223 INFO tempest.lib.common.rest_client [req-1f33ee79-56ef-412b-b24f-3039b5476ca4 req-1f33ee79-56ef-412b-b24f-3039b5476ca4 ] Request (TestVersions:tearDownClass): 201 POST http://10.180.1.21/identity/v3/auth/tokens 0.092s
2025-11-19 17:54:34.165 67251 INFO tempest.lib.common.rest_client [req-bf980a00-7f53-41cb-a69d-02240ffcbb61 req-bf980a00-7f53-41cb-a69d-02240ffcbb61 ] Request (SecurityGroupsTestJSON:test_server_security_groups): 202 POST http://10.180.1.21/compute/v2.1/servers/50753e96-ccee-4223-8d85-eaa931f621d5/action 0.568s
2025-11-19 17:54:34.191 67264 INFO tempest.lib.common.rest_client [req-c25e7d56-d572-4d80-8d8e-7c5f1956870f req-c25e7d56-d572-4d80-8d8e-7c5f1956870f ] Request (FloatingIPsAssociationNegativeTestJSON:tearDownClass): 200 GET http://10.180.1.21/compute/v2.1/servers/959752d3-7864-4921-b318-8645ebd247c9 0.460s
2025-11-19 17:54:34.225 67223 INFO tempest.lib.common.rest_client [req-55179dfb-b54e-407f-aff8-b8bfb09e38ac req-55179dfb-b54e-407f-aff8-b8bfb09e38ac ] Request (TestVersions:tearDownClass): 200 GET http://10.180.1.21/networking/v2.0/security-groups?tenant_id=e3254c9b13af4ba7b6d3d2a838c7232a&name=default 0.227s
2025-11-19 17:54:34.236 67247 INFO tempest.lib.common.rest_client [req-9b00fc47-38a5-45f7-8f1b-07586f5dc331 req-9b00fc47-38a5-45f7-8f1b-07586f5dc331 ] Request (ServersAdminTestJSON:test_reset_state_server): 202 POST http://10.180.1.21/compute/v2.1/servers/234436ef-cdef-4559-bf40-95ed9c3a3e97/action 0.503s
2025-11-19 17:54:34.251 67249 INFO tempest.lib.common.rest_client [req-ae520298-bccd-41fd-ae92-972e6cfb9308 req-ae520298-bccd-41fd-ae92-972e6cfb9308 ] Request (ServerGroupTestJSON:_run_cleanups): 200 GET http://10.180.1.21/compute/v2.1/servers/115e7812-4782-406d-9361-9b01083a6928 0.502s
2025-11-19 17:54:34.297 67235 INFO tempest.lib.common.rest_client [req-787c3be0-130e-43f3-83f5-62efb9a3faa6 req-787c3be0-130e-43f3-83f5-62efb9a3faa6 ] Request (ServerPasswordTestJSON:tearDownClass): 200 GET http://10.180.1.21/compute/v2.1/servers/8f8bcfcd-e9a6-4464-a30e-74a52c4f5fd2 0.480s
2025-11-19 17:54:34.339 67223 INFO tempest.lib.common.rest_client [req-7638cc03-0cf3-4fa5-9d28-3e0ec1e991f7 req-7638cc03-0cf3-4fa5-9d28-3e0ec1e991f7 ] Request (TestVersions:tearDownClass): 204 DELETE http://10.180.1.21/networking/v2.0/security-groups/6587cd56-51ee-48eb-b537-cc330139c7da 0.113s
2025-11-19 17:54:34.357 67271 INFO tempest.lib.common.rest_client [req-34588d0a-29e9-42a5-924c-906a438b1d75 req-34588d0a-29e9-42a5-924c-906a438b1d75 ] Request (ServerActionsTestJSON:setUpClass): 200 GET http://10.180.1.21/compute/v2.1/servers/447391c3-b763-4adc-8efa-3e4a1ee3f78a 0.481s
2025-11-19 17:54:34.414 67223 INFO tempest.lib.common.rest_client [req-df155752-5f5b-46dc-923d-3f5470d97fb2 req-df155752-5f5b-46dc-923d-3f5470d97fb2 ] Request (TestVersions:tearDownClass): 204 DELETE http://10.180.1.21/identity/v3/projects/e3254c9b13af4ba7b6d3d2a838c7232a 0.074s
2025-11-19 17:54:34.425 67243 INFO tempest.lib.common.rest_client [req-7d57ca75-dab0-4aba-a754-4d24d2129c4b req-7d57ca75-dab0-4aba-a754-4d24d2129c4b ] Request (AttachInterfacesV270Test:tearDownClass): 200 GET http://10.180.1.21/compute/v2.1/servers/a0b7f1ab-1251-4dca-9ce3-5eaa0c465e1e 0.439s
2025-11-19 17:54:34.447 67219 INFO tempest.lib.common.rest_client [req-33cea814-3575-447d-b4bc-86fdec9c25f1 req-33cea814-3575-447d-b4bc-86fdec9c25f1 ] Request (ServersListShow2100Test:test_list_show_rebuild_update_server_2100): 202 POST http://10.180.1.21/compute/v2.1/servers/050c7e3d-3a55-48e7-814a-88f061d4e6b5/action 0.628s
2025-11-19 17:54:34.478 67239 INFO tempest.lib.common.rest_client [req-7b9b94ef-9b5b-4bbf-9531-e488213200ce req-7b9b94ef-9b5b-4bbf-9531-e488213200ce ] Request (ServerActionsTestOtherA:setUpClass): 200 GET http://10.180.1.21/compute/v2.1/servers/f797511a-6e6f-45e9-899d-b4c47b1667a6 0.455s
2025-11-19 17:54:34.483 67229 INFO tempest.lib.common.rest_client [req-2d89601d-ffc2-4133-8eb9-3b9980b77f22 req-2d89601d-ffc2-4133-8eb9-3b9980b77f22 ] Request (ListImageFiltersTestJSON:setUpClass): 200 GET http://10.180.1.21/compute/v2.1/images/770160fa-5ee9-47ce-82c6-b91a67caeac8 0.458s
2025-11-19 17:54:34.534 67227 INFO tempest.lib.common.rest_client [req-b0b96e35-ee8d-453d-9be2-bf52d0dc22ea req-b0b96e35-ee8d-453d-9be2-bf52d0dc22ea ] Request (ImagesOneServerNegativeTestJSON:_run_cleanups): 200 GET http://10.180.1.21/compute/v2.1/servers/f92a0135-d8fc-4703-9868-27de71ed5974 0.435s
2025-11-19 17:54:34.538 67257 INFO tempest.lib.common.rest_client [req-6f91ff91-2f8b-4b02-bad2-770210e43a86 req-6f91ff91-2f8b-4b02-bad2-770210e43a86 ] Request (DeleteServersTestJSON:test_delete_server_while_in_shelved_state): 200 GET http://10.180.1.21/compute/v2.1/servers/8ccf5100-7fd1-401a-8fe7-a14a026d05f1 0.443s
2025-11-19 17:54:34.542 67227 INFO tempest.common.waiters [-] State transition "BUILD/None" ==> "BUILD/networking" after 54 second wait
2025-11-19 17:54:34.597 67253 INFO tempest.lib.common.rest_client [req-338662e9-6499-4bda-bd6c-7c4cca4c7861 req-338662e9-6499-4bda-bd6c-7c4cca4c7861 ] Request (ServersTestFqdnHostnames:test_create_server_with_fqdn_name): 200 GET http://10.180.1.21/compute/v2.1/servers/5299f9f9-66bb-44b1-aa40-e619ffe6db16 0.435s
2025-11-19 17:54:34.619 67251 INFO tempest.lib.common.rest_client [req-6e57cd5d-4bef-4458-9678-3d8bbec3f58a req-6e57cd5d-4bef-4458-9678-3d8bbec3f58a ] Request (SecurityGroupsTestJSON:test_server_security_groups): 400 DELETE http://10.180.1.21/compute/v2.1/os-security-groups/8d8aeb5b-6d65-4f9d-a1c6-600e85ce59a8 0.453s
2025-11-19 17:54:34.659 67215 INFO tempest.lib.common.rest_client [req-2893efe6-a6e3-49ea-a254-ef756a18d420 req-2893efe6-a6e3-49ea-a254-ef756a18d420 ] Request (VolumesAssistedSnapshotsTest:tearDownClass): 200 GET http://10.180.1.21/compute/v2.1/servers/7da3cbcd-f708-46ae-863d-1de8e097ed59 0.491s
2025-11-19 17:54:34.780 67247 INFO tempest.lib.common.rest_client [req-afe2d92e-d202-43bb-a09b-e57c6f5a87fe req-afe2d92e-d202-43bb-a09b-e57c6f5a87fe ] Request (ServersAdminTestJSON:test_reset_state_server): 200 GET http://10.180.1.21/compute/v2.1/servers/234436ef-cdef-4559-bf40-95ed9c3a3e97 0.543s
2025-11-19 17:54:34.844 67217 INFO tempest.lib.common.rest_client [req-4f51d86d-243c-4f49-9a60-21188a770702 req-4f51d86d-243c-4f49-9a60-21188a770702 ] Request (InstanceActionsTestJSON:tearDownClass): 200 GET http://10.180.1.21/compute/v2.1/servers/4b701d31-49e6-4f80-bfc7-784d1e65587e 0.530s
2025-11-19 17:54:34.992 67273 INFO tempest.lib.common.rest_client [req-8d5a89b5-287c-4a4c-b1ea-c1eb002bfd95 req-8d5a89b5-287c-4a4c-b1ea-c1eb002bfd95 ] Request (ServerActionsTestOtherB:setUpClass): 200 GET http://10.180.1.21/compute/v2.1/servers/df9c23ef-cf67-493f-bacc-feaa8dd5cd11 0.651s
2025-11-19 17:54:35.005 67259 INFO tempest.lib.common.rest_client [req-8daa2ac5-98e9-44b6-8cc2-8b13a3ed1184 req-8daa2ac5-98e9-44b6-8cc2-8b13a3ed1184 ] Request (ServersAdminNegativeTestJSON:tearDownClass): 200 GET http://10.180.1.21/compute/v2.1/servers/3f7f280d-2ee2-499e-9c7f-e918be349d3a 0.773s
2025-11-19 17:54:35.052 67245 INFO tempest.lib.common.rest_client [req-de62302e-d6b9-44c4-b6a4-5fd29c018df4 req-de62302e-d6b9-44c4-b6a4-5fd29c018df4 ] Request (ServerDiagnosticsNegativeTest:test_get_server_diagnostics_by_non_admin): 200 GET http://10.180.1.21/compute/v2.1/servers/d683082f-e97c-493e-af15-ede2a2a9799e 0.682s
2025-11-19 17:54:35.071 67276 INFO tempest.lib.common.rest_client [req-e2b7a2ff-5f81-4545-a2b7-d705058fe9f4 req-e2b7a2ff-5f81-4545-a2b7-d705058fe9f4 ] Request (TenantUsagesTestJSON:setUpClass): 200 GET http://10.180.1.21/compute/v2.1/servers/909ca246-c54f-4759-8b70-65d4249540db 0.685s
2025-11-19 17:54:35.140 67255 INFO tempest.lib.common.rest_client [req-2549a845-6878-46b8-9d14-b5985b3ebb68 req-2549a845-6878-46b8-9d14-b5985b3ebb68 ] Request (ServerTagsTestJSON:tearDownClass): 200 GET http://10.180.1.21/compute/v2.1/servers/ef85d33f-8d18-4707-804d-0d02e9509523 0.688s
2025-11-19 17:54:35.196 67219 INFO tempest.lib.common.rest_client [req-c968bd52-8365-4ecb-814b-75829ecfc9cd req-c968bd52-8365-4ecb-814b-75829ecfc9cd ] Request (ServersListShow2100Test:test_list_show_rebuild_update_server_2100): 200 GET http://10.180.1.21/compute/v2.1/servers/050c7e3d-3a55-48e7-814a-88f061d4e6b5 0.734s
2025-11-19 17:54:35.224 67211 INFO tempest.lib.common.rest_client [req-cc6fe9aa-61e5-4440-8e17-d93875b4aee0 req-cc6fe9aa-61e5-4440-8e17-d93875b4aee0 ] Request (ImagesTestJSON:test_create_server_from_snapshot): 200 GET http://10.180.1.21/compute/v2.1/servers/f941cada-61f3-44f1-9ac4-27cac80917b3 0.727s
2025-11-19 17:54:35.325 67251 INFO tempest.lib.common.rest_client [req-51c5879c-5f98-4217-b17b-465c3c4a7f1b req-51c5879c-5f98-4217-b17b-465c3c4a7f1b ] Request (SecurityGroupsTestJSON:test_server_security_groups): 204 DELETE http://10.180.1.21/compute/v2.1/servers/50753e96-ccee-4223-8d85-eaa931f621d5 0.706s
2025-11-19 17:54:35.375 67231 INFO tempest.lib.common.rest_client [req-db3eb710-341a-42ee-ac9e-2703e56e4ee8 req-db3eb710-341a-42ee-ac9e-2703e56e4ee8 ] Request (MigrationsAdminTest:test_resize_server_revert_deleted_flavor): 200 GET http://10.180.1.21/compute/v2.1/servers/ab6acb2e-5b30-4ae3-abbd-cd073bcec44f 0.805s
2025-11-19 17:54:35.394 67247 INFO tempest.lib.common.rest_client [req-ea29234a-27e9-42bf-ab25-ccca09e2882a req-ea29234a-27e9-42bf-ab25-ccca09e2882a ] Request (ServersAdminTestJSON:test_reset_state_server): 202 POST http://10.180.1.21/compute/v2.1/servers/234436ef-cdef-4559-bf40-95ed9c3a3e97/action 0.604s
2025-11-19 17:54:35.468 67267 INFO tempest.lib.common.rest_client [req-b71fd9c0-4cc3-4f71-bc28-7c44139952bc req-b71fd9c0-4cc3-4f71-bc28-7c44139952bc ] Request (AttachInterfacesUnderV243Test:_run_cleanups): 200 GET http://10.180.1.21/compute/v2.1/servers/2075f415-043e-4d81-884d-07348190e678 0.555s
2025-11-19 17:54:35.487 67221 INFO tempest.lib.common.rest_client [req-cf84664d-6c50-49a3-921b-b1724c042c0e req-cf84664d-6c50-49a3-921b-b1724c042c0e ] Request (MultipleCreateTestJSON:test_multiple_create_with_reservation_return): 200 GET http://10.180.1.21/compute/v2.1/servers/2d6b0f57-f920-4097-a639-9584c26fd89c 0.488s
2025-11-19 17:54:35.534 67264 INFO tempest.lib.common.rest_client [req-38106b00-1ba9-40e8-bf19-f2ee6fef3693 req-38106b00-1ba9-40e8-bf19-f2ee6fef3693 ] Request (FloatingIPsAssociationNegativeTestJSON:tearDownClass): 200 GET http://10.180.1.21/compute/v2.1/servers/959752d3-7864-4921-b318-8645ebd247c9 0.336s
2025-11-19 17:54:35.554 67249 INFO tempest.lib.common.rest_client [req-008caf5b-0883-4719-842e-3ca1d81d923a req-008caf5b-0883-4719-842e-3ca1d81d923a ] Request (ServerGroupTestJSON:_run_cleanups): 200 GET http://10.180.1.21/compute/v2.1/servers/115e7812-4782-406d-9361-9b01083a6928 0.295s
2025-11-19 17:54:35.613 67235 INFO tempest.lib.common.rest_client [req-81e285d4-5365-4ba3-b89d-6162aae295e7 req-81e285d4-5365-4ba3-b89d-6162aae295e7 ] Request (ServerPasswordTestJSON:tearDownClass): 200 GET http://10.180.1.21/compute/v2.1/servers/8f8bcfcd-e9a6-4464-a30e-74a52c4f5fd2 0.305s
2025-11-19 17:54:35.692 67251 INFO tempest.lib.common.rest_client [req-a41202df-9c74-4fac-b2ad-152765bca6df req-a41202df-9c74-4fac-b2ad-152765bca6df ] Request (SecurityGroupsTestJSON:test_server_security_groups): 200 GET http://10.180.1.21/compute/v2.1/servers/50753e96-ccee-4223-8d85-eaa931f621d5 0.366s
2025-11-19 17:54:35.701 67271 INFO tempest.lib.common.rest_client [req-81ed5de5-8acf-4a0e-aade-95b44e47e2d6 req-81ed5de5-8acf-4a0e-aade-95b44e47e2d6 ] Request (ServerActionsTestJSON:setUpClass): 200 GET http://10.180.1.21/compute/v2.1/servers/447391c3-b763-4adc-8efa-3e4a1ee3f78a 0.333s
2025-11-19 17:54:35.781 67243 INFO tempest.lib.common.rest_client [req-38a6c46c-7204-4c14-99f9-1be062bf0ef3 req-38a6c46c-7204-4c14-99f9-1be062bf0ef3 ] Request (AttachInterfacesV270Test:tearDownClass): 200 GET http://10.180.1.21/compute/v2.1/servers/a0b7f1ab-1251-4dca-9ce3-5eaa0c465e1e 0.345s
2025-11-19 17:54:35.802 67247 INFO tempest.lib.common.rest_client [req-97eade7a-cd03-489e-986b-5b45f8b0a314 req-97eade7a-cd03-489e-986b-5b45f8b0a314 ] Request (ServersAdminTestJSON:test_reset_state_server): 200 GET http://10.180.1.21/compute/v2.1/servers/234436ef-cdef-4559-bf40-95ed9c3a3e97 0.407s
2025-11-19 17:54:35.820 67229 INFO tempest.lib.common.rest_client [req-ffe8b378-be44-4473-afaf-18287dd2afb7 req-ffe8b378-be44-4473-afaf-18287dd2afb7 ] Request (ListImageFiltersTestJSON:setUpClass): 200 GET http://10.180.1.21/compute/v2.1/images/770160fa-5ee9-47ce-82c6-b91a67caeac8 0.333s
2025-11-19 17:54:35.859 67239 INFO tempest.lib.common.rest_client [req-f10bfb45-5c8a-49c9-bc4e-5bdb7529d94e req-f10bfb45-5c8a-49c9-bc4e-5bdb7529d94e ] Request (ServerActionsTestOtherA:setUpClass): 200 GET http://10.180.1.21/compute/v2.1/servers/f797511a-6e6f-45e9-899d-b4c47b1667a6 0.369s
2025-11-19 17:54:35.970 67257 INFO tempest.lib.common.rest_client [req-bfaf54dc-3e83-4069-8afe-bf4f6f549488 req-bfaf54dc-3e83-4069-8afe-bf4f6f549488 ] Request (DeleteServersTestJSON:test_delete_server_while_in_shelved_state): 200 GET http://10.180.1.21/compute/v2.1/servers/8ccf5100-7fd1-401a-8fe7-a14a026d05f1 0.416s
2025-11-19 17:54:35.992 67227 INFO tempest.lib.common.rest_client [req-4969a4bf-07e5-4df7-9cbc-c30825a0bf56 req-4969a4bf-07e5-4df7-9cbc-c30825a0bf56 ] Request (ImagesOneServerNegativeTestJSON:_run_cleanups): 200 GET http://10.180.1.21/compute/v2.1/servers/f92a0135-d8fc-4703-9868-27de71ed5974 0.448s
2025-11-19 17:54:35.999 67227 INFO tempest.common.waiters [-] State transition "BUILD/networking" ==> "BUILD/block_device_mapping" after 55 second wait
2025-11-19 17:54:36.024 67253 INFO tempest.lib.common.rest_client [req-dede27ad-43d8-498e-8b15-2760aabdb5d4 req-dede27ad-43d8-498e-8b15-2760aabdb5d4 ] Request (ServersTestFqdnHostnames:test_create_server_with_fqdn_name): 200 GET http://10.180.1.21/compute/v2.1/servers/5299f9f9-66bb-44b1-aa40-e619ffe6db16 0.420s
2025-11-19 17:54:36.056 67215 INFO tempest.lib.common.rest_client [req-55d5cee0-5d0f-475d-9498-98473e70c134 req-55d5cee0-5d0f-475d-9498-98473e70c134 ] Request (VolumesAssistedSnapshotsTest:tearDownClass): 200 GET http://10.180.1.21/compute/v2.1/servers/7da3cbcd-f708-46ae-863d-1de8e097ed59 0.387s
2025-11-19 17:54:36.108 67247 INFO tempest.lib.common.rest_client [req-f48ee02d-351f-4268-ad09-da274810a6f5 req-f48ee02d-351f-4268-ad09-da274810a6f5 ] Request (ServersAdminTestJSON:tearDownClass): 204 DELETE http://10.180.1.21/compute/v2.1/servers/7e3a19b1-6ff4-48b2-a559-054360765a1f 0.294s
2025-11-19 17:54:36.125 67217 INFO tempest.lib.common.rest_client [req-a83a2226-9046-4800-899d-e42c281fd89b req-a83a2226-9046-4800-899d-e42c281fd89b ] Request (InstanceActionsTestJSON:tearDownClass): 200 GET http://10.180.1.21/compute/v2.1/servers/4b701d31-49e6-4f80-bfc7-784d1e65587e 0.274s
2025-11-19 17:54:36.204 67259 INFO tempest.lib.common.rest_client [req-7c804c5b-be4a-4a29-9d09-e4cb31a7c094 req-7c804c5b-be4a-4a29-9d09-e4cb31a7c094 ] Request (ServersAdminNegativeTestJSON:tearDownClass): 200 GET http://10.180.1.21/compute/v2.1/servers/3f7f280d-2ee2-499e-9c7f-e918be349d3a 0.191s
2025-11-19 17:54:36.234 67273 INFO tempest.lib.common.rest_client [req-77bee57f-75d8-4a24-9d01-dba69fc1f648 req-77bee57f-75d8-4a24-9d01-dba69fc1f648 ] Request (ServerActionsTestOtherB:setUpClass): 200 GET http://10.180.1.21/compute/v2.1/servers/df9c23ef-cf67-493f-bacc-feaa8dd5cd11 0.234s
2025-11-19 17:54:36.242 67273 INFO tempest.common.waiters [-] State transition "BUILD/spawning" ==> "ACTIVE/None" after 62 second wait
2025-11-19 17:54:36.255 67245 INFO tempest.lib.common.rest_client [req-5a90d81a-115d-4514-8a87-e46a35e5dedc req-5a90d81a-115d-4514-8a87-e46a35e5dedc ] Request (ServerDiagnosticsNegativeTest:test_get_server_diagnostics_by_non_admin): 200 GET http://10.180.1.21/compute/v2.1/servers/d683082f-e97c-493e-af15-ede2a2a9799e 0.194s
2025-11-19 17:54:36.290 67276 INFO tempest.lib.common.rest_client [req-f23f2920-6fc6-4583-b702-5dd26ae26579 req-f23f2920-6fc6-4583-b702-5dd26ae26579 ] Request (TenantUsagesTestJSON:setUpClass): 200 GET http://10.180.1.21/compute/v2.1/servers/909ca246-c54f-4759-8b70-65d4249540db 0.207s
2025-11-19 17:54:36.395 67255 INFO tempest.lib.common.rest_client [req-a6cf908a-6ba1-4a24-9f1c-d7710dd22923 req-a6cf908a-6ba1-4a24-9f1c-d7710dd22923 ] Request (ServerTagsTestJSON:tearDownClass): 200 GET http://10.180.1.21/compute/v2.1/servers/ef85d33f-8d18-4707-804d-0d02e9509523 0.245s
2025-11-19 17:54:36.419 67247 INFO tempest.lib.common.rest_client [req-945d8eb7-a3d0-47fc-a15d-7aa678aed18d req-945d8eb7-a3d0-47fc-a15d-7aa678aed18d ] Request (ServersAdminTestJSON:tearDownClass): 200 GET http://10.180.1.21/compute/v2.1/servers/7e3a19b1-6ff4-48b2-a559-054360765a1f 0.310s
2025-11-19 17:54:36.468 67219 INFO tempest.lib.common.rest_client [req-9801a50e-c144-4f98-ae05-b1b605f23426 req-9801a50e-c144-4f98-ae05-b1b605f23426 ] Request (ServersListShow2100Test:test_list_show_rebuild_update_server_2100): 200 GET http://10.180.1.21/compute/v2.1/servers/050c7e3d-3a55-48e7-814a-88f061d4e6b5 0.252s
2025-11-19 17:54:36.482 67211 INFO tempest.lib.common.rest_client [req-e2b4c5e9-9668-4f4b-aa5f-d40a8f2ab5a9 req-e2b4c5e9-9668-4f4b-aa5f-d40a8f2ab5a9 ] Request (ImagesTestJSON:test_create_server_from_snapshot): 200 GET http://10.180.1.21/compute/v2.1/servers/f941cada-61f3-44f1-9ac4-27cac80917b3 0.244s
2025-11-19 17:54:36.537 67273 INFO tempest.lib.common.rest_client [req-3ae26d46-24b1-4016-9b9d-aaf4f62c3f9e req-3ae26d46-24b1-4016-9b9d-aaf4f62c3f9e ] Request (ServerActionsTestOtherB:setUpClass): 200 GET http://10.180.1.21/compute/v2.1/servers/df9c23ef-cf67-493f-bacc-feaa8dd5cd11/os-interface 0.295s
2025-11-19 17:54:37.021 67231 INFO tempest.lib.common.rest_client [req-e39cec9c-7ffc-40e7-be30-ac8fa6d25788 req-e39cec9c-7ffc-40e7-be30-ac8fa6d25788 ] Request (MigrationsAdminTest:test_resize_server_revert_deleted_flavor): 200 GET http://10.180.1.21/compute/v2.1/servers/ab6acb2e-5b30-4ae3-abbd-cd073bcec44f 0.636s
2025-11-19 17:54:37.040 67267 INFO tempest.lib.common.rest_client [req-337ab995-c5eb-4f1d-8286-2425c04021f2 req-337ab995-c5eb-4f1d-8286-2425c04021f2 ] Request (AttachInterfacesUnderV243Test:_run_cleanups): 200 GET http://10.180.1.21/compute/v2.1/servers/2075f415-043e-4d81-884d-07348190e678 0.561s
2025-11-19 17:54:37.067 67264 INFO tempest.lib.common.rest_client [req-b264ba61-8578-4556-86d7-d9b13cf1a215 req-b264ba61-8578-4556-86d7-d9b13cf1a215 ] Request (FloatingIPsAssociationNegativeTestJSON:tearDownClass): 404 GET http://10.180.1.21/compute/v2.1/servers/959752d3-7864-4921-b318-8645ebd247c9 0.519s
2025-11-19 17:54:37.105 67273 INFO tempest.lib.common.rest_client [req-e16fe809-60a4-4a65-808d-a8381595aa0f req-e16fe809-60a4-4a65-808d-a8381595aa0f ] Request (ServerActionsTestOtherB:setUpClass): 200 PUT http://10.180.1.21/networking/v2.0/floatingips/4451967d-1a90-490f-bff3-d635e586c3db 0.565s
2025-11-19 17:54:37.107 67273 INFO tempest.lib.common.ssh [-] Creating ssh connection to '10.180.180.211:22' as 'cirros' with public key authentication
2025-11-19 17:54:37.139 67221 INFO tempest.lib.common.rest_client [req-52511ee9-b0eb-450e-8919-1530bdc86e65 req-52511ee9-b0eb-450e-8919-1530bdc86e65 ] Request (MultipleCreateTestJSON:test_multiple_create_with_reservation_return): 200 GET http://10.180.1.21/compute/v2.1/servers/2d6b0f57-f920-4097-a639-9584c26fd89c 0.643s
2025-11-19 17:54:37.156 67249 INFO tempest.lib.common.rest_client [req-7c54c547-b91c-483c-9f0d-3a535ad1b6f5 req-7c54c547-b91c-483c-9f0d-3a535ad1b6f5 ] Request (ServerGroupTestJSON:_run_cleanups): 200 GET http://10.180.1.21/compute/v2.1/servers/115e7812-4782-406d-9361-9b01083a6928 0.589s
2025-11-19 17:54:37.213 67235 INFO tempest.lib.common.rest_client [req-8673bf1f-0e67-4bdd-86a4-b12895340f44 req-8673bf1f-0e67-4bdd-86a4-b12895340f44 ] Request (ServerPasswordTestJSON:tearDownClass): 200 GET http://10.180.1.21/compute/v2.1/servers/8f8bcfcd-e9a6-4464-a30e-74a52c4f5fd2 0.590s
