2025-11-19 17:54:23.808 67271 INFO tempest.lib.common.rest_client [req-b3335bb5-9bc5-4d37-a27e-72ecca2905c4 req-b3335bb5-9bc5-4d37-a27e-72ecca2905c4 ] Request (ServerActionsTestJSON:setUpClass): 200 GET http://10.180.1.21/compute/v2.1/servers/447391c3-b763-4adc-8efa-3e4a1ee3f78a 0.113s
2025-11-19 17:54:23.828 67239 INFO tempest.lib.common.rest_client [req-15163ef6-3e2c-4831-8919-f3b0ebf5f2da req-15163ef6-3e2c-4831-8919-f3b0ebf5f2da ] Request (ServerActionsTestOtherA:setUpClass): 200 GET http://10.180.1.21/compute/v2.1/servers/f797511a-6e6f-45e9-899d-b4c47b1667a6 0.060s
2025-11-19 17:54:23.869 67257 INFO tempest.lib.common.rest_client [req-1cac5b05-bd8e-4f00-851f-50995b564736 req-1cac5b05-bd8e-4f00-851f-50995b564736 ] Request (DeleteServersTestJSON:test_delete_server_while_in_shelved_state): 200 GET http://10.180.1.21/compute/v2.1/servers/8ccf5100-7fd1-401a-8fe7-a14a026d05f1 0.072s
2025-11-19 17:54:23.894 67227 INFO tempest.lib.common.rest_client [req-aab1788b-3411-47bd-8b76-6201eaa1b6d1 req-aab1788b-3411-47bd-8b76-6201eaa1b6d1 ] Request (ImagesOneServerNegativeTestJSON:_run_cleanups): 200 GET http://10.180.1.21/compute/v2.1/servers/f92a0135-d8fc-4703-9868-27de71ed5974 0.066s
2025-11-19 17:54:23.943 67253 INFO tempest.lib.common.rest_client [req-9296af88-0ebb-4000-be0a-6f20cec25f65 req-9296af88-0ebb-4000-be0a-6f20cec25f65 ] Request (ServersTestFqdnHostnames:test_create_server_with_fqdn_name): 200 GET http://10.180.1.21/compute/v2.1/servers/5299f9f9-66bb-44b1-aa40-e619ffe6db16 0.103s
2025-11-19 17:54:23.974 67273 INFO tempest.lib.common.rest_client [req-6a6be07c-99cc-4730-a2ca-3d9aab1c30b6 req-6a6be07c-99cc-4730-a2ca-3d9aab1c30b6 ] Request (ServerActionsTestOtherB:setUpClass): 200 GET http://10.180.1.21/compute/v2.1/servers/df9c23ef-cf67-493f-bacc-feaa8dd5cd11 0.068s
2025-11-19 17:54:24.030 67215 INFO tempest.lib.common.rest_client [req-8ad77041-7730-4699-bb31-959e1370554b req-8ad77041-7730-4699-bb31-959e1370554b ] Request (VolumesAssistedSnapshotsTest:tearDownClass): 200 GET http://10.180.1.21/compute/v2.1/servers/7da3cbcd-f708-46ae-863d-1de8e097ed59 0.086s
2025-11-19 17:54:24.050 67259 INFO tempest.lib.common.rest_client [req-c2290627-db8c-4454-9256-14536b863292 req-c2290627-db8c-4454-9256-14536b863292 ] Request (ServersAdminNegativeTestJSON:tearDownClass): 200 GET http://10.180.1.21/compute/v2.1/servers/3f7f280d-2ee2-499e-9c7f-e918be349d3a 0.071s
2025-11-19 17:54:24.118 67217 INFO tempest.lib.common.rest_client [req-23b7ddfc-a7f3-4c29-a6f8-78a3ede4fdde req-23b7ddfc-a7f3-4c29-a6f8-78a3ede4fdde ] Request (InstanceActionsTestJSON:tearDownClass): 200 GET http://10.180.1.21/compute/v2.1/servers/4b701d31-49e6-4f80-bfc7-784d1e65587e 0.072s
2025-11-19 17:54:24.173 67245 INFO tempest.lib.common.rest_client [req-70955948-f18e-4e5f-95a2-38fe093fb851 req-70955948-f18e-4e5f-95a2-38fe093fb851 ] Request (ServerDiagnosticsNegativeTest:test_get_server_diagnostics_by_non_admin): 200 GET http://10.180.1.21/compute/v2.1/servers/d683082f-e97c-493e-af15-ede2a2a9799e 0.060s
2025-11-19 17:54:24.192 67229 INFO tempest.lib.common.rest_client [req-f6284ebe-61ea-4f49-a3bc-86e04823e80f req-f6284ebe-61ea-4f49-a3bc-86e04823e80f ] Request (ListImageFiltersTestJSON:setUpClass): 200 GET http://10.180.1.21/compute/v2.1/images/47993fb9-f762-4491-bcfd-03be63d1014f 0.044s
2025-11-19 17:54:24.270 67276 INFO tempest.lib.common.rest_client [req-ab14a9f1-33c9-4b96-baf5-6003b5bbd3d2 req-ab14a9f1-33c9-4b96-baf5-6003b5bbd3d2 ] Request (TenantUsagesTestJSON:setUpClass): 200 GET http://10.180.1.21/compute/v2.1/servers/909ca246-c54f-4759-8b70-65d4249540db 0.058s
2025-11-19 17:54:24.368 67223 INFO tempest.lib.common.rest_client [req-6ee31eb7-fd9c-45b0-bfb5-c4b05c507bf2 req-6ee31eb7-fd9c-45b0-bfb5-c4b05c507bf2 ] Request (ServersTestJSON:tearDownClass): 200 GET http://10.180.1.21/compute/v2.1/servers/63f527bd-09cb-48dd-83fa-6a7c0aa98c1f 0.068s
2025-11-19 17:54:24.407 67255 INFO tempest.lib.common.rest_client [req-ded24d1c-3096-41f2-b839-156d79d008cb req-ded24d1c-3096-41f2-b839-156d79d008cb ] Request (ServerTagsTestJSON:tearDownClass): 200 GET http://10.180.1.21/compute/v2.1/servers/ef85d33f-8d18-4707-804d-0d02e9509523 0.067s
2025-11-19 17:54:24.430 67211 INFO tempest.lib.common.rest_client [req-39c0f6a4-fa7c-405a-8c9c-5362dc1582f2 req-39c0f6a4-fa7c-405a-8c9c-5362dc1582f2 ] Request (ImagesTestJSON:test_create_server_from_snapshot): 200 GET http://10.180.1.21/compute/v2.1/servers/f941cada-61f3-44f1-9ac4-27cac80917b3 0.068s
2025-11-19 17:54:24.551 67231 INFO tempest.lib.common.rest_client [req-bcc655ad-5208-4ee2-8dd6-be20384287cc req-bcc655ad-5208-4ee2-8dd6-be20384287cc ] Request (MigrationsAdminTest:test_resize_server_revert_deleted_flavor): 200 GET http://10.180.1.21/compute/v2.1/servers/ab6acb2e-5b30-4ae3-abbd-cd073bcec44f 0.104s
2025-11-19 17:54:24.577 67247 INFO tempest.lib.common.rest_client [req-e18d4558-c10b-4b9c-a5ff-512e85cae642 req-e18d4558-c10b-4b9c-a5ff-512e85cae642 ] Request (ServersAdminTestJSON:_run_cleanups): 200 GET http://10.180.1.21/compute/v2.1/servers/234436ef-cdef-4559-bf40-95ed9c3a3e97 0.113s
2025-11-19 17:54:24.617 67219 INFO tempest.lib.common.rest_client [req-edb29f77-965f-4c98-8b1c-faa3036117d5 req-edb29f77-965f-4c98-8b1c-faa3036117d5 ] Request (ServersListShow2100Test:test_list_show_rebuild_update_server_2100): 200 GET http://10.180.1.21/compute/v2.1/servers/050c7e3d-3a55-48e7-814a-88f061d4e6b5 0.092s
2025-11-19 17:54:24.632 67219 INFO tempest.common.waiters [-] State transition "BUILD/networking" ==> "BUILD/block_device_mapping" after 51 second wait
2025-11-19 17:54:24.715 67267 INFO tempest.lib.common.rest_client [req-cd131bee-5966-42f6-aeac-3a8b7a0c73d8 req-cd131bee-5966-42f6-aeac-3a8b7a0c73d8 ] Request (AttachInterfacesUnderV243Test:_run_cleanups): 200 GET http://10.180.1.21/compute/v2.1/servers/2075f415-043e-4d81-884d-07348190e678 0.154s
2025-11-19 17:54:24.722 67251 INFO tempest.lib.common.rest_client [req-af8506c3-69b1-4b46-baba-2fdab63c8924 req-af8506c3-69b1-4b46-baba-2fdab63c8924 ] Request (SecurityGroupsTestJSON:test_server_security_groups): 200 GET http://10.180.1.21/compute/v2.1/servers/50753e96-ccee-4223-8d85-eaa931f621d5 0.115s
2025-11-19 17:54:24.776 67264 INFO tempest.lib.common.rest_client [req-3a28df67-5146-4091-9f8b-3254b87c8c43 req-3a28df67-5146-4091-9f8b-3254b87c8c43 ] Request (FloatingIPsAssociationNegativeTestJSON:tearDownClass): 200 GET http://10.180.1.21/compute/v2.1/servers/959752d3-7864-4921-b318-8645ebd247c9 0.153s
2025-11-19 17:54:24.793 67249 INFO tempest.lib.common.rest_client [req-683679c1-30e5-4e72-8f19-4fb359b3b0e6 req-683679c1-30e5-4e72-8f19-4fb359b3b0e6 ] Request (ServerGroupTestJSON:_run_cleanups): 200 GET http://10.180.1.21/compute/v2.1/servers/115e7812-4782-406d-9361-9b01083a6928 0.121s
2025-11-19 17:54:24.837 67221 INFO tempest.lib.common.rest_client [req-93bb9ecd-217d-4fe1-97db-9080125c2566 req-93bb9ecd-217d-4fe1-97db-9080125c2566 ] Request (MultipleCreateTestJSON:test_multiple_create_with_reservation_return): 200 GET http://10.180.1.21/compute/v2.1/servers/2d6b0f57-f920-4097-a639-9584c26fd89c 0.150s
2025-11-19 17:54:24.871 67235 INFO tempest.lib.common.rest_client [req-dd5d9b34-4b5d-4952-ae29-3177b468b96d req-dd5d9b34-4b5d-4952-ae29-3177b468b96d ] Request (ServerPasswordTestJSON:tearDownClass): 200 GET http://10.180.1.21/compute/v2.1/servers/8f8bcfcd-e9a6-4464-a30e-74a52c4f5fd2 0.120s
2025-11-19 17:54:24.917 67243 INFO tempest.lib.common.rest_client [req-53ee3c46-9dfe-472e-91dc-09177f8f7e66 req-53ee3c46-9dfe-472e-91dc-09177f8f7e66 ] Request (AttachInterfacesV270Test:tearDownClass): 200 GET http://10.180.1.21/compute/v2.1/servers/a0b7f1ab-1251-4dca-9ce3-5eaa0c465e1e 0.158s
2025-11-19 17:54:24.940 67271 INFO tempest.lib.common.rest_client [req-eb6f6106-5100-46a9-9011-ad21a1fa6320 req-eb6f6106-5100-46a9-9011-ad21a1fa6320 ] Request (ServerActionsTestJSON:setUpClass): 200 GET http://10.180.1.21/compute/v2.1/servers/447391c3-b763-4adc-8efa-3e4a1ee3f78a 0.124s
2025-11-19 17:54:24.980 67239 INFO tempest.lib.common.rest_client [req-e36324b1-ceed-4bc4-b401-df5921339f39 req-e36324b1-ceed-4bc4-b401-df5921339f39 ] Request (ServerActionsTestOtherA:setUpClass): 200 GET http://10.180.1.21/compute/v2.1/servers/f797511a-6e6f-45e9-899d-b4c47b1667a6 0.141s
2025-11-19 17:54:24.995 67257 INFO tempest.lib.common.rest_client [req-7aac8d77-06cf-48cf-a8c6-58dd46dc56d2 req-7aac8d77-06cf-48cf-a8c6-58dd46dc56d2 ] Request (DeleteServersTestJSON:test_delete_server_while_in_shelved_state): 200 GET http://10.180.1.21/compute/v2.1/servers/8ccf5100-7fd1-401a-8fe7-a14a026d05f1 0.117s
2025-11-19 17:54:25.032 67227 INFO tempest.lib.common.rest_client [req-0d49fce6-07d0-4046-aae5-590fd834b5e8 req-0d49fce6-07d0-4046-aae5-590fd834b5e8 ] Request (ImagesOneServerNegativeTestJSON:_run_cleanups): 200 GET http://10.180.1.21/compute/v2.1/servers/f92a0135-d8fc-4703-9868-27de71ed5974 0.127s
2025-11-19 17:54:25.050 67253 INFO tempest.lib.common.rest_client [req-fe313e78-ff24-41f2-9ae9-873f30434b62 req-fe313e78-ff24-41f2-9ae9-873f30434b62 ] Request (ServersTestFqdnHostnames:test_create_server_with_fqdn_name): 200 GET http://10.180.1.21/compute/v2.1/servers/5299f9f9-66bb-44b1-aa40-e619ffe6db16 0.096s
2025-11-19 17:54:25.089 67273 INFO tempest.lib.common.rest_client [req-da522e87-a43b-424e-85d0-743d6dc152ae req-da522e87-a43b-424e-85d0-743d6dc152ae ] Request (ServerActionsTestOtherB:setUpClass): 200 GET http://10.180.1.21/compute/v2.1/servers/df9c23ef-cf67-493f-bacc-feaa8dd5cd11 0.102s
2025-11-19 17:54:25.112 67215 INFO tempest.lib.common.rest_client [req-3cd94596-c0da-456f-a9e9-7ea82fb18272 req-3cd94596-c0da-456f-a9e9-7ea82fb18272 ] Request (VolumesAssistedSnapshotsTest:tearDownClass): 200 GET http://10.180.1.21/compute/v2.1/servers/7da3cbcd-f708-46ae-863d-1de8e097ed59 0.072s
2025-11-19 17:54:25.151 67259 INFO tempest.lib.common.rest_client [req-3061edb0-b917-44af-8982-b73207f8aae6 req-3061edb0-b917-44af-8982-b73207f8aae6 ] Request (ServersAdminNegativeTestJSON:tearDownClass): 200 GET http://10.180.1.21/compute/v2.1/servers/3f7f280d-2ee2-499e-9c7f-e918be349d3a 0.092s
2025-11-19 17:54:25.196 67217 INFO tempest.lib.common.rest_client [req-f0a9305b-766f-434d-8297-d15f1044527c req-f0a9305b-766f-434d-8297-d15f1044527c ] Request (InstanceActionsTestJSON:tearDownClass): 200 GET http://10.180.1.21/compute/v2.1/servers/4b701d31-49e6-4f80-bfc7-784d1e65587e 0.067s
2025-11-19 17:54:25.234 67229 INFO tempest.lib.common.rest_client [req-b7eff2b9-a055-4bdb-b132-39c729797dc8 req-b7eff2b9-a055-4bdb-b132-39c729797dc8 ] Request (ListImageFiltersTestJSON:setUpClass): 200 GET http://10.180.1.21/compute/v2.1/images/47993fb9-f762-4491-bcfd-03be63d1014f 0.037s
2025-11-19 17:54:25.240 67245 INFO tempest.lib.common.rest_client [req-9ed39c7a-3a6d-4345-bf7b-2c5ccf047df8 req-9ed39c7a-3a6d-4345-bf7b-2c5ccf047df8 ] Request (ServerDiagnosticsNegativeTest:test_get_server_diagnostics_by_non_admin): 200 GET http://10.180.1.21/compute/v2.1/servers/d683082f-e97c-493e-af15-ede2a2a9799e 0.059s
2025-11-19 17:54:25.337 67276 INFO tempest.lib.common.rest_client [req-85b44e39-9b43-4f4e-aec1-9a37421e33b4 req-85b44e39-9b43-4f4e-aec1-9a37421e33b4 ] Request (TenantUsagesTestJSON:setUpClass): 200 GET http://10.180.1.21/compute/v2.1/servers/909ca246-c54f-4759-8b70-65d4249540db 0.058s
2025-11-19 17:54:25.447 67223 INFO tempest.lib.common.rest_client [req-34ddb896-a39a-40ec-92df-ab69bdc47c0a req-34ddb896-a39a-40ec-92df-ab69bdc47c0a ] Request (ServersTestJSON:tearDownClass): 200 GET http://10.180.1.21/compute/v2.1/servers/63f527bd-09cb-48dd-83fa-6a7c0aa98c1f 0.070s
2025-11-19 17:54:25.489 67255 INFO tempest.lib.common.rest_client [req-51282fbe-1d17-4c0c-bba0-677363abeda2 req-51282fbe-1d17-4c0c-bba0-677363abeda2 ] Request (ServerTagsTestJSON:tearDownClass): 200 GET http://10.180.1.21/compute/v2.1/servers/ef85d33f-8d18-4707-804d-0d02e9509523 0.068s
2025-11-19 17:54:25.507 67211 INFO tempest.lib.common.rest_client [req-c6d933a3-f41c-4ca5-b01f-bb0eff502104 req-c6d933a3-f41c-4ca5-b01f-bb0eff502104 ] Request (ImagesTestJSON:test_create_server_from_snapshot): 200 GET http://10.180.1.21/compute/v2.1/servers/f941cada-61f3-44f1-9ac4-27cac80917b3 0.070s
2025-11-19 17:54:25.754 67231 INFO tempest.lib.common.rest_client [req-6cb26ad5-6531-49a7-8630-c2d168f3665b req-6cb26ad5-6531-49a7-8630-c2d168f3665b ] Request (MigrationsAdminTest:test_resize_server_revert_deleted_flavor): 200 GET http://10.180.1.21/compute/v2.1/servers/ab6acb2e-5b30-4ae3-abbd-cd073bcec44f 0.195s
2025-11-19 17:54:25.787 67247 INFO tempest.lib.common.rest_client [req-0e488455-f00f-4551-91de-31c523992c99 req-0e488455-f00f-4551-91de-31c523992c99 ] Request (ServersAdminTestJSON:_run_cleanups): 200 GET http://10.180.1.21/compute/v2.1/servers/234436ef-cdef-4559-bf40-95ed9c3a3e97 0.202s
2025-11-19 17:54:25.831 67219 INFO tempest.lib.common.rest_client [req-7ea0547d-4b57-410c-b27e-59670d9ff98a req-7ea0547d-4b57-410c-b27e-59670d9ff98a ] Request (ServersListShow2100Test:test_list_show_rebuild_update_server_2100): 200 GET http://10.180.1.21/compute/v2.1/servers/050c7e3d-3a55-48e7-814a-88f061d4e6b5 0.197s
2025-11-19 17:54:25.842 67219 INFO tempest.common.waiters [-] State transition "BUILD/block_device_mapping" ==> "BUILD/spawning" after 52 second wait
2025-11-19 17:54:25.855 67267 INFO tempest.lib.common.rest_client [req-25fa4a61-5f29-4bca-8b50-6717e02fc0d1 req-25fa4a61-5f29-4bca-8b50-6717e02fc0d1 ] Request (AttachInterfacesUnderV243Test:_run_cleanups): 200 GET http://10.180.1.21/compute/v2.1/servers/2075f415-043e-4d81-884d-07348190e678 0.132s
2025-11-19 17:54:25.964 67264 INFO tempest.lib.common.rest_client [req-cd42300c-8c8f-468e-8c5f-c73322ba6161 req-cd42300c-8c8f-468e-8c5f-c73322ba6161 ] Request (FloatingIPsAssociationNegativeTestJSON:tearDownClass): 200 GET http://10.180.1.21/compute/v2.1/servers/959752d3-7864-4921-b318-8645ebd247c9 0.180s
2025-11-19 17:54:25.995 67251 INFO tempest.lib.common.rest_client [req-02751ded-7d73-4ef4-a145-8000eb029115 req-02751ded-7d73-4ef4-a145-8000eb029115 ] Request (SecurityGroupsTestJSON:test_server_security_groups): 200 GET http://10.180.1.21/compute/v2.1/servers/50753e96-ccee-4223-8d85-eaa931f621d5 0.264s
2025-11-19 17:54:26.002 67251 INFO tempest.common.waiters [-] State transition "BUILD/spawning" ==> "ACTIVE/None" after 54 second wait
2025-11-19 17:54:26.035 67249 INFO tempest.lib.common.rest_client [req-5fd358c4-47aa-48fd-9460-fefc58dea213 req-5fd358c4-47aa-48fd-9460-fefc58dea213 ] Request (ServerGroupTestJSON:_run_cleanups): 200 GET http://10.180.1.21/compute/v2.1/servers/115e7812-4782-406d-9361-9b01083a6928 0.234s
2025-11-19 17:54:26.049 67221 INFO tempest.lib.common.rest_client [req-03158619-dee2-4609-a42c-c3075e301f80 req-03158619-dee2-4609-a42c-c3075e301f80 ] Request (MultipleCreateTestJSON:test_multiple_create_with_reservation_return): 200 GET http://10.180.1.21/compute/v2.1/servers/2d6b0f57-f920-4097-a639-9584c26fd89c 0.202s
2025-11-19 17:54:26.096 67235 INFO tempest.lib.common.rest_client [req-3b1728e3-bfe3-4892-869f-f3f12238b87c req-3b1728e3-bfe3-4892-869f-f3f12238b87c ] Request (ServerPasswordTestJSON:tearDownClass): 200 GET http://10.180.1.21/compute/v2.1/servers/8f8bcfcd-e9a6-4464-a30e-74a52c4f5fd2 0.214s
2025-11-19 17:54:26.115 67243 INFO tempest.lib.common.rest_client [req-551a2c60-fdfb-497c-886f-805562a7592c req-551a2c60-fdfb-497c-886f-805562a7592c ] Request (AttachInterfacesV270Test:tearDownClass): 200 GET http://10.180.1.21/compute/v2.1/servers/a0b7f1ab-1251-4dca-9ce3-5eaa0c465e1e 0.189s
2025-11-19 17:54:26.149 67271 INFO tempest.lib.common.rest_client [req-2c663f27-d25b-4b3b-9594-c4762039786d req-2c663f27-d25b-4b3b-9594-c4762039786d ] Request (ServerActionsTestJSON:setUpClass): 200 GET http://10.180.1.21/compute/v2.1/servers/447391c3-b763-4adc-8efa-3e4a1ee3f78a 0.201s
2025-11-19 17:54:26.166 67239 INFO tempest.lib.common.rest_client [req-bc4dd123-e474-4180-9aac-a2f9e917e163 req-bc4dd123-e474-4180-9aac-a2f9e917e163 ] Request (ServerActionsTestOtherA:setUpClass): 200 GET http://10.180.1.21/compute/v2.1/servers/f797511a-6e6f-45e9-899d-b4c47b1667a6 0.178s
2025-11-19 17:54:26.216 67257 INFO tempest.lib.common.rest_client [req-4f397792-6ca1-49bc-86e2-fc8ef7614b5b req-4f397792-6ca1-49bc-86e2-fc8ef7614b5b ] Request (DeleteServersTestJSON:test_delete_server_while_in_shelved_state): 200 GET http://10.180.1.21/compute/v2.1/servers/8ccf5100-7fd1-401a-8fe7-a14a026d05f1 0.212s
2025-11-19 17:54:26.267 67227 INFO tempest.lib.common.rest_client [req-469c61ad-ca58-4c3a-93e5-a371ec5713f4 req-469c61ad-ca58-4c3a-93e5-a371ec5713f4 ] Request (ImagesOneServerNegativeTestJSON:_run_cleanups): 200 GET http://10.180.1.21/compute/v2.1/servers/f92a0135-d8fc-4703-9868-27de71ed5974 0.227s
2025-11-19 17:54:26.347 67253 INFO tempest.lib.common.rest_client [req-fd80f9c3-34a3-404d-aa7a-880cd7421149 req-fd80f9c3-34a3-404d-aa7a-880cd7421149 ] Request (ServersTestFqdnHostnames:test_create_server_with_fqdn_name): 200 GET http://10.180.1.21/compute/v2.1/servers/5299f9f9-66bb-44b1-aa40-e619ffe6db16 0.289s
2025-11-19 17:54:26.502 67251 INFO tempest.lib.common.rest_client [req-735b97e3-8a76-4e55-bf76-06c147c4bf78 req-735b97e3-8a76-4e55-bf76-06c147c4bf78 ] Request (SecurityGroupsTestJSON:test_server_security_groups): 202 POST http://10.180.1.21/compute/v2.1/servers/50753e96-ccee-4223-8d85-eaa931f621d5/action 0.500s
2025-11-19 17:54:26.531 67273 INFO tempest.lib.common.rest_client [req-7abd745b-b3da-442e-9751-71929776ecd4 req-7abd745b-b3da-442e-9751-71929776ecd4 ] Request (ServerActionsTestOtherB:setUpClass): 200 GET http://10.180.1.21/compute/v2.1/servers/df9c23ef-cf67-493f-bacc-feaa8dd5cd11 0.434s
2025-11-19 17:54:26.539 67273 INFO tempest.common.waiters [-] State transition "BUILD/None" ==> "BUILD/networking" after 52 second wait
2025-11-19 17:54:26.580 67215 INFO tempest.lib.common.rest_client [req-fb6f3f71-e6ac-452d-98ed-4c99da043a36 req-fb6f3f71-e6ac-452d-98ed-4c99da043a36 ] Request (VolumesAssistedSnapshotsTest:tearDownClass): 200 GET http://10.180.1.21/compute/v2.1/servers/7da3cbcd-f708-46ae-863d-1de8e097ed59 0.457s
2025-11-19 17:54:26.614 67259 INFO tempest.lib.common.rest_client [req-2d005f27-6796-4b2c-82ee-4489e88c0304 req-2d005f27-6796-4b2c-82ee-4489e88c0304 ] Request (ServersAdminNegativeTestJSON:tearDownClass): 200 GET http://10.180.1.21/compute/v2.1/servers/3f7f280d-2ee2-499e-9c7f-e918be349d3a 0.453s
2025-11-19 17:54:26.670 67217 INFO tempest.lib.common.rest_client [req-6e4200ee-0038-4aba-91b7-8fd6bfcf62d4 req-6e4200ee-0038-4aba-91b7-8fd6bfcf62d4 ] Request (InstanceActionsTestJSON:tearDownClass): 200 GET http://10.180.1.21/compute/v2.1/servers/4b701d31-49e6-4f80-bfc7-784d1e65587e 0.466s
2025-11-19 17:54:26.678 67229 INFO tempest.lib.common.rest_client [req-316689df-e472-4ae8-b291-b6f7427456f3 req-316689df-e472-4ae8-b291-b6f7427456f3 ] Request (ListImageFiltersTestJSON:setUpClass): 200 GET http://10.180.1.21/compute/v2.1/images/47993fb9-f762-4491-bcfd-03be63d1014f 0.439s
2025-11-19 17:54:26.732 67245 INFO tempest.lib.common.rest_client [req-dc8ecb89-6741-48dc-8876-84a31f1bee86 req-dc8ecb89-6741-48dc-8876-84a31f1bee86 ] Request (ServerDiagnosticsNegativeTest:test_get_server_diagnostics_by_non_admin): 200 GET http://10.180.1.21/compute/v2.1/servers/d683082f-e97c-493e-af15-ede2a2a9799e 0.484s
2025-11-19 17:54:26.743 67276 INFO tempest.lib.common.rest_client [req-9aa49b77-cef9-4dfa-918c-d74c20fb95a7 req-9aa49b77-cef9-4dfa-918c-d74c20fb95a7 ] Request (TenantUsagesTestJSON:setUpClass): 200 GET http://10.180.1.21/compute/v2.1/servers/909ca246-c54f-4759-8b70-65d4249540db 0.397s
2025-11-19 17:54:26.804 67223 INFO tempest.lib.common.rest_client [req-7596644c-9347-4d09-aced-4b6bb4c78103 req-7596644c-9347-4d09-aced-4b6bb4c78103 ] Request (ServersTestJSON:tearDownClass): 200 GET http://10.180.1.21/compute/v2.1/servers/63f527bd-09cb-48dd-83fa-6a7c0aa98c1f 0.349s
2025-11-19 17:54:27.342 67255 INFO tempest.lib.common.rest_client [req-d6381e40-1f1d-4948-acdd-39bbaa89939f req-d6381e40-1f1d-4948-acdd-39bbaa89939f ] Request (ServerTagsTestJSON:tearDownClass): 200 GET http://10.180.1.21/compute/v2.1/servers/ef85d33f-8d18-4707-804d-0d02e9509523 0.843s
2025-11-19 17:54:27.434 67251 INFO tempest.lib.common.rest_client [req-ef104278-3529-42ac-a1ba-93935f473cec req-ef104278-3529-42ac-a1ba-93935f473cec ] Request (SecurityGroupsTestJSON:test_server_security_groups): 400 DELETE http://10.180.1.21/compute/v2.1/os-security-groups/2894f0de-c794-4b89-a9ce-7aeb4a43bda5 0.931s
2025-11-19 17:54:27.457 67211 INFO tempest.lib.common.rest_client [req-7cea3daa-ca18-43b3-b905-252ce1e3ad23 req-7cea3daa-ca18-43b3-b905-252ce1e3ad23 ] Request (ImagesTestJSON:test_create_server_from_snapshot): 200 GET http://10.180.1.21/compute/v2.1/servers/f941cada-61f3-44f1-9ac4-27cac80917b3 0.941s
2025-11-19 17:54:27.638 67231 INFO tempest.lib.common.rest_client [req-a28c88bb-e38f-4c5e-9c12-1240f5aae043 req-a28c88bb-e38f-4c5e-9c12-1240f5aae043 ] Request (MigrationsAdminTest:test_resize_server_revert_deleted_flavor): 200 GET http://10.180.1.21/compute/v2.1/servers/ab6acb2e-5b30-4ae3-abbd-cd073bcec44f 0.873s
2025-11-19 17:54:27.682 67247 INFO tempest.lib.common.rest_client [req-0eb14938-b1cb-4b70-bca8-25e3b261f5f7 req-0eb14938-b1cb-4b70-bca8-25e3b261f5f7 ] Request (ServersAdminTestJSON:_run_cleanups): 200 GET http://10.180.1.21/compute/v2.1/servers/234436ef-cdef-4559-bf40-95ed9c3a3e97 0.887s
2025-11-19 17:54:27.690 67247 INFO tempest.common.waiters [-] State transition "REBUILD/rebuilding" ==> "REBUILD/rebuild_spawning" after 4 second wait
2025-11-19 17:54:27.733 67219 INFO tempest.lib.common.rest_client [req-6d7d333d-de31-4e6b-aae2-ef3f7205f918 req-6d7d333d-de31-4e6b-aae2-ef3f7205f918 ] Request (ServersListShow2100Test:test_list_show_rebuild_update_server_2100): 200 GET http://10.180.1.21/compute/v2.1/servers/050c7e3d-3a55-48e7-814a-88f061d4e6b5 0.890s
2025-11-19 17:54:27.775 67267 INFO tempest.lib.common.rest_client [req-32064a45-2c83-4392-9233-371cb565ec1f req-32064a45-2c83-4392-9233-371cb565ec1f ] Request (AttachInterfacesUnderV243Test:_run_cleanups): 200 GET http://10.180.1.21/compute/v2.1/servers/2075f415-043e-4d81-884d-07348190e678 0.909s
2025-11-19 17:54:27.781 67267 INFO tempest.common.waiters [-] State transition "ACTIVE/deleting" ==> "DELETED/None" after 4 second wait
2025-11-19 17:54:27.838 67264 INFO tempest.lib.common.rest_client [req-850d2ff0-2c2a-4fd9-87d4-d38f62d00cbd req-850d2ff0-2c2a-4fd9-87d4-d38f62d00cbd ] Request (FloatingIPsAssociationNegativeTestJSON:tearDownClass): 200 GET http://10.180.1.21/compute/v2.1/servers/959752d3-7864-4921-b318-8645ebd247c9 0.866s
2025-11-19 17:54:27.859 67249 INFO tempest.lib.common.rest_client [req-459accfa-8ff7-4285-8d16-09bf230da72e req-459accfa-8ff7-4285-8d16-09bf230da72e ] Request (ServerGroupTestJSON:_run_cleanups): 200 GET http://10.180.1.21/compute/v2.1/servers/115e7812-4782-406d-9361-9b01083a6928 0.817s
2025-11-19 17:54:27.904 67221 INFO tempest.lib.common.rest_client [req-37e05ad6-3600-4e8a-8264-a5e132e5f3ae req-37e05ad6-3600-4e8a-8264-a5e132e5f3ae ] Request (MultipleCreateTestJSON:test_multiple_create_with_reservation_return): 200 GET http://10.180.1.21/compute/v2.1/servers/2d6b0f57-f920-4097-a639-9584c26fd89c 0.846s
2025-11-19 17:54:27.933 67235 INFO tempest.lib.common.rest_client [req-df4a6661-03d3-426f-9b49-674d40672686 req-df4a6661-03d3-426f-9b49-674d40672686 ] Request (ServerPasswordTestJSON:tearDownClass): 200 GET http://10.180.1.21/compute/v2.1/servers/8f8bcfcd-e9a6-4464-a30e-74a52c4f5fd2 0.828s
2025-11-19 17:54:27.986 67243 INFO tempest.lib.common.rest_client [req-fbf6e236-4def-4749-8be9-6cd778fee0ef req-fbf6e236-4def-4749-8be9-6cd778fee0ef ] Request (AttachInterfacesV270Test:tearDownClass): 200 GET http://10.180.1.21/compute/v2.1/servers/a0b7f1ab-1251-4dca-9ce3-5eaa0c465e1e 0.861s
2025-11-19 17:54:27.999 67271 INFO tempest.lib.common.rest_client [req-e2fa69af-862f-47c3-a7ce-566dd11c96b7 req-e2fa69af-862f-47c3-a7ce-566dd11c96b7 ] Request (ServerActionsTestJSON:setUpClass): 200 GET http://10.180.1.21/compute/v2.1/servers/447391c3-b763-4adc-8efa-3e4a1ee3f78a 0.840s
2025-11-19 17:54:28.051 67239 INFO tempest.lib.common.rest_client [req-41fa842e-f2dc-4f98-a9b4-57d01689417c req-41fa842e-f2dc-4f98-a9b4-57d01689417c ] Request (ServerActionsTestOtherA:setUpClass): 200 GET http://10.180.1.21/compute/v2.1/servers/f797511a-6e6f-45e9-899d-b4c47b1667a6 0.873s
2025-11-19 17:54:28.066 67257 INFO tempest.lib.common.rest_client [req-96c1a5a6-c4e7-4ce7-a66e-8c3389839dfd req-96c1a5a6-c4e7-4ce7-a66e-8c3389839dfd ] Request (DeleteServersTestJSON:test_delete_server_while_in_shelved_state): 200 GET http://10.180.1.21/compute/v2.1/servers/8ccf5100-7fd1-401a-8fe7-a14a026d05f1 0.839s
2025-11-19 17:54:28.073 67257 INFO tempest.common.waiters [-] State transition "BUILD/scheduling" ==> "BUILD/None" after 11 second wait
2025-11-19 17:54:28.113 67227 INFO tempest.lib.common.rest_client [req-f7b1ed19-f033-4665-abe1-d2f18d803eac req-f7b1ed19-f033-4665-abe1-d2f18d803eac ] Request (ImagesOneServerNegativeTestJSON:_run_cleanups): 200 GET http://10.180.1.21/compute/v2.1/servers/f92a0135-d8fc-4703-9868-27de71ed5974 0.837s
2025-11-19 17:54:28.127 67253 INFO tempest.lib.common.rest_client [req-8fb8679c-0be7-492a-b0f7-9f31f247f354 req-8fb8679c-0be7-492a-b0f7-9f31f247f354 ] Request (ServersTestFqdnHostnames:test_create_server_with_fqdn_name): 200 GET http://10.180.1.21/compute/v2.1/servers/5299f9f9-66bb-44b1-aa40-e619ffe6db16 0.769s
2025-11-19 17:54:28.187 67251 INFO tempest.lib.common.rest_client [req-40ebc6b9-8ffd-41ec-ad3b-d4ce142710f4 req-40ebc6b9-8ffd-41ec-ad3b-d4ce142710f4 ] Request (SecurityGroupsTestJSON:test_server_security_groups): 202 POST http://10.180.1.21/compute/v2.1/servers/50753e96-ccee-4223-8d85-eaa931f621d5/action 0.752s
2025-11-19 17:54:28.237 67273 INFO tempest.lib.common.rest_client [req-30ade4fc-7998-4156-895b-61eec1fd9f19 req-30ade4fc-7998-4156-895b-61eec1fd9f19 ] Request (ServerActionsTestOtherB:setUpClass): 200 GET http://10.180.1.21/compute/v2.1/servers/df9c23ef-cf67-493f-bacc-feaa8dd5cd11 0.697s
2025-11-19 17:54:28.245 67273 INFO tempest.common.waiters [-] State transition "BUILD/networking" ==> "BUILD/spawning" after 54 second wait
2025-11-19 17:54:28.269 67215 INFO tempest.lib.common.rest_client [req-3b02d7ae-b786-4cd8-8dfa-c3c5517c37fd req-3b02d7ae-b786-4cd8-8dfa-c3c5517c37fd ] Request (VolumesAssistedSnapshotsTest:tearDownClass): 200 GET http://10.180.1.21/compute/v2.1/servers/7da3cbcd-f708-46ae-863d-1de8e097ed59 0.678s
2025-11-19 17:54:28.302 67259 INFO tempest.lib.common.rest_client [req-242cd0ff-1a66-4972-bb08-781ae0465452 req-242cd0ff-1a66-4972-bb08-781ae0465452 ] Request (ServersAdminNegativeTestJSON:tearDownClass): 200 GET http://10.180.1.21/compute/v2.1/servers/3f7f280d-2ee2-499e-9c7f-e918be349d3a 0.679s
2025-11-19 17:54:28.330 67217 INFO tempest.lib.common.rest_client [req-6e1b4e36-5792-428b-8721-7006b3bbc188 req-6e1b4e36-5792-428b-8721-7006b3bbc188 ] Request (InstanceActionsTestJSON:tearDownClass): 200 GET http://10.180.1.21/compute/v2.1/servers/4b701d31-49e6-4f80-bfc7-784d1e65587e 0.651s
2025-11-19 17:54:28.340 67229 INFO tempest.lib.common.rest_client [req-4ac7dee6-a37c-493e-b4c7-a552c68030a5 req-4ac7dee6-a37c-493e-b4c7-a552c68030a5 ] Request (ListImageFiltersTestJSON:setUpClass): 200 GET http://10.180.1.21/compute/v2.1/images/47993fb9-f762-4491-bcfd-03be63d1014f 0.656s
2025-11-19 17:54:28.385 67245 INFO tempest.lib.common.rest_client [req-6d56d502-85d6-4cbf-8c46-2b69103af204 req-6d56d502-85d6-4cbf-8c46-2b69103af204 ] Request (ServerDiagnosticsNegativeTest:test_get_server_diagnostics_by_non_admin): 200 GET http://10.180.1.21/compute/v2.1/servers/d683082f-e97c-493e-af15-ede2a2a9799e 0.645s
2025-11-19 17:54:28.405 67276 INFO tempest.lib.common.rest_client [req-f5dac051-79d5-45fb-97cf-c70dc8dae0da req-f5dac051-79d5-45fb-97cf-c70dc8dae0da ] Request (TenantUsagesTestJSON:setUpClass): 200 GET http://10.180.1.21/compute/v2.1/servers/909ca246-c54f-4759-8b70-65d4249540db 0.654s
2025-11-19 17:54:28.408 67223 INFO tempest.lib.common.rest_client [req-22d60808-a29c-45d0-91b9-031752188a79 req-22d60808-a29c-45d0-91b9-031752188a79 ] Request (ServersTestJSON:tearDownClass): 404 GET http://10.180.1.21/compute/v2.1/servers/63f527bd-09cb-48dd-83fa-6a7c0aa98c1f 0.595s
2025-11-19 17:54:28.480 67255 INFO tempest.lib.common.rest_client [req-a959c6e1-9ed8-439a-8884-807787743824 req-a959c6e1-9ed8-439a-8884-807787743824 ] Request (ServerTagsTestJSON:tearDownClass): 200 GET http://10.180.1.21/compute/v2.1/servers/ef85d33f-8d18-4707-804d-0d02e9509523 0.124s
2025-11-19 17:54:28.499 67223 INFO tempest.lib.common.rest_client [req-5f78b382-41ac-4aa5-ba63-d3d4f5596227 req-5f78b382-41ac-4aa5-ba63-d3d4f5596227 ] Request (ServersTestJSON:tearDownClass): 202 DELETE http://10.180.1.21/compute/v2.1/os-keypairs/tempest-keypair-775110280 0.090s
2025-11-19 17:54:28.570 67211 INFO tempest.lib.common.rest_client [req-023547bf-76e9-4fab-9fab-e8c725ff82ff req-023547bf-76e9-4fab-9fab-e8c725ff82ff ] Request (ImagesTestJSON:test_create_server_from_snapshot): 200 GET http://10.180.1.21/compute/v2.1/servers/f941cada-61f3-44f1-9ac4-27cac80917b3 0.105s
2025-11-19 17:54:28.595 67223 INFO tempest.lib.common.rest_client [req-e621d51d-b12d-46f8-b6ea-5d39ad708e1c req-e621d51d-b12d-46f8-b6ea-5d39ad708e1c ] Request (ServersTestJSON:tearDownClass): 204 DELETE http://10.180.1.21/networking/v2.0/security-groups/db3c18d0-0157-4b32-aa29-403e7eda3e16 0.095s
2025-11-19 17:54:28.605 67223 INFO tempest.lib.common.rest_client [req-4d1e5455-a792-42f3-8b8e-15a67197ed55 req-4d1e5455-a792-42f3-8b8e-15a67197ed55 ] Request (ServersTestJSON:tearDownClass): 404 GET http://10.180.1.21/networking/v2.0/security-groups/db3c18d0-0157-4b32-aa29-403e7eda3e16 0.010s
2025-11-19 17:54:28.608 67251 INFO tempest.lib.common.rest_client [req-fcd823ff-f9ad-4d0e-ab64-89095dfea50c req-fcd823ff-f9ad-4d0e-ab64-89095dfea50c ] Request (SecurityGroupsTestJSON:test_server_security_groups): 200 GET http://10.180.1.21/compute/v2.1/servers/50753e96-ccee-4223-8d85-eaa931f621d5 0.421s
2025-11-19 17:54:28.766 67231 INFO tempest.lib.common.rest_client [req-4a1e7c67-cf84-42f1-9c69-14c2f69ccbdb req-4a1e7c67-cf84-42f1-9c69-14c2f69ccbdb ] Request (MigrationsAdminTest:test_resize_server_revert_deleted_flavor): 200 GET http://10.180.1.21/compute/v2.1/servers/ab6acb2e-5b30-4ae3-abbd-cd073bcec44f 0.118s
2025-11-19 17:54:28.835 67223 INFO tempest.lib.common.rest_client [req-b8717ca1-f090-4286-914c-13c93760acbf req-b8717ca1-f090-4286-914c-13c93760acbf ] Request (ServersTestJSON:tearDownClass): 204 DELETE http://10.180.1.21/networking/v2.0/floatingips/069304cd-9f85-4cc8-931e-4898e9fcf6a1 0.229s
2025-11-19 17:54:28.862 67219 INFO tempest.lib.common.rest_client [req-b8a65aea-765c-4231-a6f3-29ef5056d77c req-b8a65aea-765c-4231-a6f3-29ef5056d77c ] Request (ServersListShow2100Test:test_list_show_rebuild_update_server_2100): 200 GET http://10.180.1.21/compute/v2.1/servers/050c7e3d-3a55-48e7-814a-88f061d4e6b5 0.116s
2025-11-19 17:54:28.884 67247 INFO tempest.lib.common.rest_client [req-cb574a83-f040-4818-bb18-0f042b3c56f6 req-cb574a83-f040-4818-bb18-0f042b3c56f6 ] Request (ServersAdminTestJSON:_run_cleanups): 200 GET http://10.180.1.21/compute/v2.1/servers/234436ef-cdef-4559-bf40-95ed9c3a3e97 0.193s
2025-11-19 17:54:28.954 67267 INFO tempest.lib.common.rest_client [req-e754fb80-9203-4e0b-9dd0-f2d4f65f4285 req-e754fb80-9203-4e0b-9dd0-f2d4f65f4285 ] Request (AttachInterfacesUnderV243Test:_run_cleanups): 200 GET http://10.180.1.21/compute/v2.1/servers/2075f415-043e-4d81-884d-07348190e678 0.170s
2025-11-19 17:54:28.998 67264 INFO tempest.lib.common.rest_client [req-4cbe36c6-c1a6-4882-b950-b19183abf481 req-4cbe36c6-c1a6-4882-b950-b19183abf481 ] Request (FloatingIPsAssociationNegativeTestJSON:tearDownClass): 200 GET http://10.180.1.21/compute/v2.1/servers/959752d3-7864-4921-b318-8645ebd247c9 0.150s
2025-11-19 17:54:29.032 67249 INFO tempest.lib.common.rest_client [req-5cf123b4-3964-4109-b83a-93c259ead5b6 req-5cf123b4-3964-4109-b83a-93c259ead5b6 ] Request (ServerGroupTestJSON:_run_cleanups): 200 GET http://10.180.1.21/compute/v2.1/servers/115e7812-4782-406d-9361-9b01083a6928 0.164s
2025-11-19 17:54:29.054 67221 INFO tempest.lib.common.rest_client [req-80a4660b-9bf0-4d53-a964-3a4cee0f6ef2 req-80a4660b-9bf0-4d53-a964-3a4cee0f6ef2 ] Request (MultipleCreateTestJSON:test_multiple_create_with_reservation_return): 200 GET http://10.180.1.21/compute/v2.1/servers/2d6b0f57-f920-4097-a639-9584c26fd89c 0.142s
2025-11-19 17:54:29.111 67235 INFO tempest.lib.common.rest_client [req-223c7559-358b-4ee0-af21-f07342d89e23 req-223c7559-358b-4ee0-af21-f07342d89e23 ] Request (ServerPasswordTestJSON:tearDownClass): 200 GET http://10.180.1.21/compute/v2.1/servers/8f8bcfcd-e9a6-4464-a30e-74a52c4f5fd2 0.168s
2025-11-19 17:54:29.131 67243 INFO tempest.lib.common.rest_client [req-c48e8957-62c2-4bee-ba95-f15fa6d4d98d req-c48e8957-62c2-4bee-ba95-f15fa6d4d98d ] Request (AttachInterfacesV270Test:tearDownClass): 200 GET http://10.180.1.21/compute/v2.1/servers/a0b7f1ab-1251-4dca-9ce3-5eaa0c465e1e 0.134s
2025-11-19 17:54:29.163 67271 INFO tempest.lib.common.rest_client [req-de93fff4-b477-4344-bceb-99c2a3625ce1 req-de93fff4-b477-4344-bceb-99c2a3625ce1 ] Request (ServerActionsTestJSON:setUpClass): 200 GET http://10.180.1.21/compute/v2.1/servers/447391c3-b763-4adc-8efa-3e4a1ee3f78a 0.151s
2025-11-19 17:54:29.192 67239 INFO tempest.lib.common.rest_client [req-9c213410-ef01-431d-a0cd-9aa6ac7b6e2a req-9c213410-ef01-431d-a0cd-9aa6ac7b6e2a ] Request (ServerActionsTestOtherA:setUpClass): 200 GET http://10.180.1.21/compute/v2.1/servers/f797511a-6e6f-45e9-899d-b4c47b1667a6 0.133s
2025-11-19 17:54:29.216 67257 INFO tempest.lib.common.rest_client [req-dc0b99be-a626-4f51-a359-2de5d7549ef4 req-dc0b99be-a626-4f51-a359-2de5d7549ef4 ] Request (DeleteServersTestJSON:test_delete_server_while_in_shelved_state): 200 GET http://10.180.1.21/compute/v2.1/servers/8ccf5100-7fd1-401a-8fe7-a14a026d05f1 0.142s
2025-11-19 17:54:29.251 67227 INFO tempest.lib.common.rest_client [req-68c74b99-bdb1-4131-90de-d9692a9b37d0 req-68c74b99-bdb1-4131-90de-d9692a9b37d0 ] Request (ImagesOneServerNegativeTestJSON:_run_cleanups): 200 GET http://10.180.1.21/compute/v2.1/servers/f92a0135-d8fc-4703-9868-27de71ed5974 0.130s
2025-11-19 17:54:29.270 67253 INFO tempest.lib.common.rest_client [req-5920df32-fe0f-4463-bd9a-8b9711ebde22 req-5920df32-fe0f-4463-bd9a-8b9711ebde22 ] Request (ServersTestFqdnHostnames:test_create_server_with_fqdn_name): 200 GET http://10.180.1.21/compute/v2.1/servers/5299f9f9-66bb-44b1-aa40-e619ffe6db16 0.134s
2025-11-19 17:54:29.355 67273 INFO tempest.lib.common.rest_client [req-00fe2427-bc62-4ca9-a6e6-60504969ce53 req-00fe2427-bc62-4ca9-a6e6-60504969ce53 ] Request (ServerActionsTestOtherB:setUpClass): 200 GET http://10.180.1.21/compute/v2.1/servers/df9c23ef-cf67-493f-bacc-feaa8dd5cd11 0.109s
2025-11-19 17:54:29.369 67215 INFO tempest.lib.common.rest_client [req-941c63f5-7060-4c76-9344-95d5b9a1f3b1 req-941c63f5-7060-4c76-9344-95d5b9a1f3b1 ] Request (VolumesAssistedSnapshotsTest:tearDownClass): 200 GET http://10.180.1.21/compute/v2.1/servers/7da3cbcd-f708-46ae-863d-1de8e097ed59 0.091s
2025-11-19 17:54:29.411 67259 INFO tempest.lib.common.rest_client [req-501b40a7-04a9-4245-8986-d52faa983fcf req-501b40a7-04a9-4245-8986-d52faa983fcf ] Request (ServersAdminNegativeTestJSON:tearDownClass): 200 GET http://10.180.1.21/compute/v2.1/servers/3f7f280d-2ee2-499e-9c7f-e918be349d3a 0.100s
2025-11-19 17:54:29.425 67217 INFO tempest.lib.common.rest_client [req-75ee1d40-9428-4163-94d4-aa3400350168 req-75ee1d40-9428-4163-94d4-aa3400350168 ] Request (InstanceActionsTestJSON:tearDownClass): 200 GET http://10.180.1.21/compute/v2.1/servers/4b701d31-49e6-4f80-bfc7-784d1e65587e 0.086s
2025-11-19 17:54:29.451 67229 INFO tempest.lib.common.rest_client [req-0f2db125-f840-4a93-a6d8-2c8741b30256 req-0f2db125-f840-4a93-a6d8-2c8741b30256 ] Request (ListImageFiltersTestJSON:setUpClass): 200 GET http://10.180.1.21/compute/v2.1/images/47993fb9-f762-4491-bcfd-03be63d1014f 0.108s
2025-11-19 17:54:29.487 67245 INFO tempest.lib.common.rest_client [req-216c1eef-2ef1-4c7a-81fa-ab39fe258370 req-216c1eef-2ef1-4c7a-81fa-ab39fe258370 ] Request (ServerDiagnosticsNegativeTest:test_get_server_diagnostics_by_non_admin): 200 GET http://10.180.1.21/compute/v2.1/servers/d683082f-e97c-493e-af15-ede2a2a9799e 0.094s
2025-11-19 17:54:29.520 67276 INFO tempest.lib.common.rest_client [req-c9a21b33-9bb1-4c90-b5e2-8abba15343d1 req-c9a21b33-9bb1-4c90-b5e2-8abba15343d1 ] Request (TenantUsagesTestJSON:setUpClass): 200 GET http://10.180.1.21/compute/v2.1/servers/909ca246-c54f-4759-8b70-65d4249540db 0.107s
2025-11-19 17:54:29.524 67229 INFO tempest.lib.common.rest_client [req-bafc3aaf-c99c-476f-bbf4-4cad10037c56 req-bafc3aaf-c99c-476f-bbf4-4cad10037c56 ] Request (ListImageFiltersTestJSON:setUpClass): 200 GET http://10.180.1.21/compute/v2.1/images/47993fb9-f762-4491-bcfd-03be63d1014f 0.068s
2025-11-19 17:54:29.627 67255 INFO tempest.lib.common.rest_client [req-212a43c6-9a59-4275-bd6c-5ffe3257d3c9 req-212a43c6-9a59-4275-bd6c-5ffe3257d3c9 ] Request (ServerTagsTestJSON:tearDownClass): 200 GET http://10.180.1.21/compute/v2.1/servers/ef85d33f-8d18-4707-804d-0d02e9509523 0.138s
2025-11-19 17:54:29.638 67223 INFO tempest.lib.common.rest_client [req-2d21c7c2-4464-4027-a9d7-f88067893268 req-2d21c7c2-4464-4027-a9d7-f88067893268 ] Request (ServersTestJSON:tearDownClass): 200 PUT http://10.180.1.21/networking/v2.0/routers/def60809-569e-4e20-b6c6-a5c3feee4491/remove_router_interface 0.803s
2025-11-19 17:54:29.671 67229 INFO tempest.lib.common.rest_client [req-185956fa-64af-43c1-b071-99751d1e5bcb req-185956fa-64af-43c1-b071-99751d1e5bcb ] Request (ListImageFiltersTestJSON:setUpClass): 200 GET http://10.180.1.21/compute/v2.1/servers/e98184f0-c473-401e-9b86-4763fff8f480 0.140s
2025-11-19 17:54:29.688 67211 INFO tempest.lib.common.rest_client [req-56651dcf-13ba-49e1-8d98-6e754f97ec2e req-56651dcf-13ba-49e1-8d98-6e754f97ec2e ] Request (ImagesTestJSON:test_create_server_from_snapshot): 200 GET http://10.180.1.21/compute/v2.1/servers/f941cada-61f3-44f1-9ac4-27cac80917b3 0.109s
2025-11-19 17:54:29.798 67251 INFO tempest.lib.common.rest_client [req-6162bfcf-f5c5-4283-9012-6d23c7e39c36 req-6162bfcf-f5c5-4283-9012-6d23c7e39c36 ] Request (SecurityGroupsTestJSON:test_server_security_groups): 200 GET http://10.180.1.21/compute/v2.1/servers/50753e96-ccee-4223-8d85-eaa931f621d5 0.181s
2025-11-19 17:54:29.915 67231 INFO tempest.lib.common.rest_client [req-8ae0ea94-e904-4801-b709-647717ad4041 req-8ae0ea94-e904-4801-b709-647717ad4041 ] Request (MigrationsAdminTest:test_resize_server_revert_deleted_flavor): 200 GET http://10.180.1.21/compute/v2.1/servers/ab6acb2e-5b30-4ae3-abbd-cd073bcec44f 0.141s
2025-11-19 17:54:30.035 67219 INFO tempest.lib.common.rest_client [req-fb38cac7-d620-40d9-b777-f75056f95527 req-fb38cac7-d620-40d9-b777-f75056f95527 ] Request (ServersListShow2100Test:test_list_show_rebuild_update_server_2100): 200 GET http://10.180.1.21/compute/v2.1/servers/050c7e3d-3a55-48e7-814a-88f061d4e6b5 0.154s
2025-11-19 17:54:30.062 67223 INFO tempest.lib.common.rest_client [req-c325ce11-bba7-41ec-a3df-658be9653a1c req-c325ce11-bba7-41ec-a3df-658be9653a1c ] Request (ServersTestJSON:tearDownClass): 204 DELETE http://10.180.1.21/networking/v2.0/routers/def60809-569e-4e20-b6c6-a5c3feee4491 0.423s
2025-11-19 17:54:30.107 67247 INFO tempest.lib.common.rest_client [req-222b5d97-fcb6-4ee3-9dda-7997e0245edd req-222b5d97-fcb6-4ee3-9dda-7997e0245edd ] Request (ServersAdminTestJSON:_run_cleanups): 200 GET http://10.180.1.21/compute/v2.1/servers/234436ef-cdef-4559-bf40-95ed9c3a3e97 0.216s
2025-11-19 17:54:30.170 67267 INFO tempest.lib.common.rest_client [req-6fe20555-64d6-4dac-bf0f-b6926f8291e4 req-6fe20555-64d6-4dac-bf0f-b6926f8291e4 ] Request (AttachInterfacesUnderV243Test:_run_cleanups): 200 GET http://10.180.1.21/compute/v2.1/servers/2075f415-043e-4d81-884d-07348190e678 0.209s
2025-11-19 17:54:30.191 67264 INFO tempest.lib.common.rest_client [req-21747df0-6392-4e85-a600-46ec0741d221 req-21747df0-6392-4e85-a600-46ec0741d221 ] Request (FloatingIPsAssociationNegativeTestJSON:tearDownClass): 200 GET http://10.180.1.21/compute/v2.1/servers/959752d3-7864-4921-b318-8645ebd247c9 0.185s
2025-11-19 17:54:30.227 67223 INFO tempest.lib.common.rest_client [req-bab05b28-e9af-4e37-a8ef-59736bd60a10 req-bab05b28-e9af-4e37-a8ef-59736bd60a10 ] Request (ServersTestJSON:tearDownClass): 204 DELETE http://10.180.1.21/networking/v2.0/subnets/44f9905d-2a41-474a-b45b-2db9096c8734 0.164s
2025-11-19 17:54:30.259 67221 INFO tempest.lib.common.rest_client [req-09768907-48ca-4721-b8cb-fb76ea68ba45 req-09768907-48ca-4721-b8cb-fb76ea68ba45 ] Request (MultipleCreateTestJSON:test_multiple_create_with_reservation_return): 200 GET http://10.180.1.21/compute/v2.1/servers/2d6b0f57-f920-4097-a639-9584c26fd89c 0.197s
2025-11-19 17:54:30.273 67249 INFO tempest.lib.common.rest_client [req-ca58d59b-8320-487b-870c-d129ccc071ed req-ca58d59b-8320-487b-870c-d129ccc071ed ] Request (ServerGroupTestJSON:_run_cleanups): 200 GET http://10.180.1.21/compute/v2.1/servers/115e7812-4782-406d-9361-9b01083a6928 0.231s
2025-11-19 17:54:30.342 67235 INFO tempest.lib.common.rest_client [req-5ad872cc-35c7-466f-8929-f8b27b5747fb req-5ad872cc-35c7-466f-8929-f8b27b5747fb ] Request (ServerPasswordTestJSON:tearDownClass): 200 GET http://10.180.1.21/compute/v2.1/servers/8f8bcfcd-e9a6-4464-a30e-74a52c4f5fd2 0.221s
2025-11-19 17:54:30.363 67243 INFO tempest.lib.common.rest_client [req-4b28651c-98ca-48d4-bc30-0d0f108b467b req-4b28651c-98ca-48d4-bc30-0d0f108b467b ] Request (AttachInterfacesV270Test:tearDownClass): 200 GET http://10.180.1.21/compute/v2.1/servers/a0b7f1ab-1251-4dca-9ce3-5eaa0c465e1e 0.221s
2025-11-19 17:54:30.404 67271 INFO tempest.lib.common.rest_client [req-137556d7-2ab6-430e-902a-12c103e2408c req-137556d7-2ab6-430e-902a-12c103e2408c ] Request (ServerActionsTestJSON:setUpClass): 200 GET http://10.180.1.21/compute/v2.1/servers/447391c3-b763-4adc-8efa-3e4a1ee3f78a 0.232s
2025-11-19 17:54:30.432 67239 INFO tempest.lib.common.rest_client [req-7df9826e-50cf-4bd4-83fc-96d1f2dca69e req-7df9826e-50cf-4bd4-83fc-96d1f2dca69e ] Request (ServerActionsTestOtherA:setUpClass): 200 GET http://10.180.1.21/compute/v2.1/servers/f797511a-6e6f-45e9-899d-b4c47b1667a6 0.232s
2025-11-19 17:54:30.468 67257 INFO tempest.lib.common.rest_client [req-801a1289-d4f8-4dfa-93b1-06e9eeebe687 req-801a1289-d4f8-4dfa-93b1-06e9eeebe687 ] Request (DeleteServersTestJSON:test_delete_server_while_in_shelved_state): 200 GET http://10.180.1.21/compute/v2.1/servers/8ccf5100-7fd1-401a-8fe7-a14a026d05f1 0.241s
2025-11-19 17:54:30.497 67227 INFO tempest.lib.common.rest_client [req-23cfe2b9-7bc5-4453-a24c-a2de475a5749 req-23cfe2b9-7bc5-4453-a24c-a2de475a5749 ] Request (ImagesOneServerNegativeTestJSON:_run_cleanups): 200 GET http://10.180.1.21/compute/v2.1/servers/f92a0135-d8fc-4703-9868-27de71ed5974 0.237s
2025-11-19 17:54:30.519 67253 INFO tempest.lib.common.rest_client [req-cd5c4445-2a21-490f-a688-3d0894b3c2bf req-cd5c4445-2a21-490f-a688-3d0894b3c2bf ] Request (ServersTestFqdnHostnames:test_create_server_with_fqdn_name): 200 GET http://10.180.1.21/compute/v2.1/servers/5299f9f9-66bb-44b1-aa40-e619ffe6db16 0.241s
2025-11-19 17:54:30.611 67215 INFO tempest.lib.common.rest_client [req-6ec9a5ad-d196-4b87-b04b-d5592c72f628 req-6ec9a5ad-d196-4b87-b04b-d5592c72f628 ] Request (VolumesAssistedSnapshotsTest:tearDownClass): 200 GET http://10.180.1.21/compute/v2.1/servers/7da3cbcd-f708-46ae-863d-1de8e097ed59 0.234s
2025-11-19 17:54:30.642 67273 INFO tempest.lib.common.rest_client [req-4d692d4c-ec17-43d8-9b95-24ef6a2a73eb req-4d692d4c-ec17-43d8-9b95-24ef6a2a73eb ] Request (ServerActionsTestOtherB:setUpClass): 200 GET http://10.180.1.21/compute/v2.1/servers/df9c23ef-cf67-493f-bacc-feaa8dd5cd11 0.279s
2025-11-19 17:54:30.675 67259 INFO tempest.lib.common.rest_client [req-a1206c37-902a-4921-b964-123f4005a711 req-a1206c37-902a-4921-b964-123f4005a711 ] Request (ServersAdminNegativeTestJSON:tearDownClass): 200 GET http://10.180.1.21/compute/v2.1/servers/3f7f280d-2ee2-499e-9c7f-e918be349d3a 0.254s
2025-11-19 17:54:30.738 67217 INFO tempest.lib.common.rest_client [req-e0637b82-686b-4eb4-a064-46c984c4aac7 req-e0637b82-686b-4eb4-a064-46c984c4aac7 ] Request (InstanceActionsTestJSON:tearDownClass): 200 GET http://10.180.1.21/compute/v2.1/servers/4b701d31-49e6-4f80-bfc7-784d1e65587e 0.305s
2025-11-19 17:54:30.761 67245 INFO tempest.lib.common.rest_client [req-9a0ecc77-ab1d-42a0-bc9a-756410d4428c req-9a0ecc77-ab1d-42a0-bc9a-756410d4428c ] Request (ServerDiagnosticsNegativeTest:test_get_server_diagnostics_by_non_admin): 200 GET http://10.180.1.21/compute/v2.1/servers/d683082f-e97c-493e-af15-ede2a2a9799e 0.266s
2025-11-19 17:54:30.829 67276 INFO tempest.lib.common.rest_client [req-a74dfa74-a4f0-4d37-9dc4-847320de2555 req-a74dfa74-a4f0-4d37-9dc4-847320de2555 ] Request (TenantUsagesTestJSON:setUpClass): 200 GET http://10.180.1.21/compute/v2.1/servers/909ca246-c54f-4759-8b70-65d4249540db 0.296s
2025-11-19 17:54:30.860 67255 INFO tempest.lib.common.rest_client [req-9764dd24-94f9-4cfd-8663-0bfc240c1293 req-9764dd24-94f9-4cfd-8663-0bfc240c1293 ] Request (ServerTagsTestJSON:tearDownClass): 200 GET http://10.180.1.21/compute/v2.1/servers/ef85d33f-8d18-4707-804d-0d02e9509523 0.222s
2025-11-19 17:54:30.992 67211 INFO tempest.lib.common.rest_client [req-7326c095-c569-4d70-95cf-8abafb18a3d6 req-7326c095-c569-4d70-95cf-8abafb18a3d6 ] Request (ImagesTestJSON:test_create_server_from_snapshot): 200 GET http://10.180.1.21/compute/v2.1/servers/f941cada-61f3-44f1-9ac4-27cac80917b3 0.296s
2025-11-19 17:54:31.017 67223 INFO tempest.lib.common.rest_client [req-8171e3f1-e38f-4cbe-a7bd-39b230bdef59 req-8171e3f1-e38f-4cbe-a7bd-39b230bdef59 ] Request (ServersTestJSON:tearDownClass): 204 DELETE http://10.180.1.21/networking/v2.0/networks/6901dd0e-dfeb-4794-a0c7-3d7391af1478 0.790s
2025-11-19 17:54:31.024 67229 INFO tempest.lib.common.rest_client [req-28cf424a-7ae5-4383-be81-99517bbbe49a req-28cf424a-7ae5-4383-be81-99517bbbe49a ] Request (ListImageFiltersTestJSON:setUpClass): 200 GET http://10.180.1.21/compute/v2.1/servers/e98184f0-c473-401e-9b86-4763fff8f480 0.344s
2025-11-19 17:54:31.098 67223 INFO tempest.lib.common.rest_client [req-1812dea7-ab48-4346-a094-46a096781b60 req-1812dea7-ab48-4346-a094-46a096781b60 ] Request (ServersTestJSON:tearDownClass): 204 DELETE http://10.180.1.21/identity/v3/users/f2d3b296ef9a4bbcb101060e94827892 0.081s
2025-11-19 17:54:31.099 67223 INFO tempest.lib.common.dynamic_creds [-] Deleting project and security group for project: c4565f32d0e343b69987de9d3603fca4
2025-11-19 17:54:31.131 67223 INFO tempest.lib.common.rest_client [req-55522ea2-f454-4eb6-8e72-8da94b0bdd6d req-55522ea2-f454-4eb6-8e72-8da94b0bdd6d ] Request (ServersTestJSON:tearDownClass): 200 GET http://10.180.1.21/networking/v2.0/security-groups?tenant_id=c4565f32d0e343b69987de9d3603fca4&name=default 0.032s
2025-11-19 17:54:31.166 67231 INFO tempest.lib.common.rest_client [req-2a943acc-290c-4b4b-a43a-b989b53525aa req-2a943acc-290c-4b4b-a43a-b989b53525aa ] Request (MigrationsAdminTest:test_resize_server_revert_deleted_flavor): 200 GET http://10.180.1.21/compute/v2.1/servers/ab6acb2e-5b30-4ae3-abbd-cd073bcec44f 0.242s
2025-11-19 17:54:31.186 67251 INFO tempest.lib.common.rest_client [req-7366ad07-a762-469a-ba0d-2c2074152a5d req-7366ad07-a762-469a-ba0d-2c2074152a5d ] Request (SecurityGroupsTestJSON:test_server_security_groups): 200 GET http://10.180.1.21/compute/v2.1/servers/50753e96-ccee-4223-8d85-eaa931f621d5 0.379s
2025-11-19 17:54:31.233 67219 INFO tempest.lib.common.rest_client [req-051f49b8-c040-485e-b73d-2d891ec5e5a1 req-051f49b8-c040-485e-b73d-2d891ec5e5a1 ] Request (ServersListShow2100Test:test_list_show_rebuild_update_server_2100): 200 GET http://10.180.1.21/compute/v2.1/servers/050c7e3d-3a55-48e7-814a-88f061d4e6b5 0.180s
2025-11-19 17:54:31.241 67223 INFO tempest.lib.common.rest_client [req-0d910d52-2165-4be4-b03b-4a987d017897 req-0d910d52-2165-4be4-b03b-4a987d017897 ] Request (ServersTestJSON:tearDownClass): 204 DELETE http://10.180.1.21/networking/v2.0/security-groups/d2d2bece-ba6b-429a-b896-aa6ecced092e 0.109s
2025-11-19 17:54:31.284 67247 INFO tempest.lib.common.rest_client [req-f5b01166-e925-4306-97dd-a425b93e0184 req-f5b01166-e925-4306-97dd-a425b93e0184 ] Request (ServersAdminTestJSON:_run_cleanups): 200 GET http://10.180.1.21/compute/v2.1/servers/234436ef-cdef-4559-bf40-95ed9c3a3e97 0.168s
2025-11-19 17:54:31.298 67267 INFO tempest.lib.common.rest_client [req-6b3f2ee1-e5ed-4d2b-bfc4-fe48f03d3a83 req-6b3f2ee1-e5ed-4d2b-bfc4-fe48f03d3a83 ] Request (AttachInterfacesUnderV243Test:_run_cleanups): 200 GET http://10.180.1.21/compute/v2.1/servers/2075f415-043e-4d81-884d-07348190e678 0.115s
2025-11-19 17:54:31.340 67223 INFO tempest.lib.common.rest_client [req-a877e7a8-96c2-49b3-ba31-1abc9be7c564 req-a877e7a8-96c2-49b3-ba31-1abc9be7c564 ] Request (ServersTestJSON:tearDownClass): 204 DELETE http://10.180.1.21/identity/v3/projects/c4565f32d0e343b69987de9d3603fca4 0.099s
2025-11-19 17:54:31.361 67221 INFO tempest.lib.common.rest_client [req-b5eae10f-e3c5-4f4d-b86a-04ab5dfee04f req-b5eae10f-e3c5-4f4d-b86a-04ab5dfee04f ] Request (MultipleCreateTestJSON:test_multiple_create_with_reservation_return): 200 GET http://10.180.1.21/compute/v2.1/servers/2d6b0f57-f920-4097-a639-9584c26fd89c 0.090s
2025-11-19 17:54:31.378 67264 INFO tempest.lib.common.rest_client [req-98cf86e6-b678-4686-ab8a-f678036c06ef req-98cf86e6-b678-4686-ab8a-f678036c06ef ] Request (FloatingIPsAssociationNegativeTestJSON:tearDownClass): 200 GET http://10.180.1.21/compute/v2.1/servers/959752d3-7864-4921-b318-8645ebd247c9 0.175s
2025-11-19 17:54:31.447 67223 INFO tempest.lib.common.rest_client [req-1b9d6be0-fa48-43d5-81b5-c3fd56eddd4a req-1b9d6be0-fa48-43d5-81b5-c3fd56eddd4a ] Request (MultipleCreateNegativeTestJSON:setUpClass): 201 POST http://10.180.1.21/identity/v3/auth/tokens 0.105s
