2025-11-19 17:53:54.674 67271 INFO tempest.lib.common.dynamic_creds [-] Created isolated network resources for: credentials: Credentials: {'domain_id': 'default', 'domain_name': 'Default', 'username': 'tempest-ServerActionsTestJSON-1153645179-project-member', 'project_domain_id': 'default', 'project_domain_name': 'Default', 'project_id': '30199f7de32840e09232c480b63bda61', 'project_name': 'tempest-ServerActionsTestJSON-1153645179', 'tenant_id': '30199f7de32840e09232c480b63bda61', 'tenant_name': 'tempest-ServerActionsTestJSON-1153645179', 'user_domain_id': 'default', 'user_domain_name': 'Default', 'user_id': '9a9f39c5cdd14b1aa0bd78ffe75a5908', 'system': None}, Network: {'id': '0b8eb950-95d5-49be-a638-4ba2351f8c5a', 'name': 'tempest-ServerActionsTestJSON-1532646783-network', 'tenant_id': '30199f7de32840e09232c480b63bda61', 'project_id': '30199f7de32840e09232c480b63bda61', 'admin_state_up': True, 'mtu': 8950, 'status': 'ACTIVE', 'subnets': [], 'shared': False, 'port_security_enabled': True, 'router:external': False, 'provider:network_type': 'vlan', 'provider:physical_network': 'default', 'provider:segmentation_id': 683, 'availability_zone_hints': [], 'availability_zones': [], 'ipv4_address_scope': None, 'ipv6_address_scope': None, 'description': '', 'tags': [], 'created_at': '2025-11-19T17:53:52Z', 'updated_at': '2025-11-19T17:53:52Z', 'revision_number': 1}, Subnet: {'id': '0acf5421-4835-46fc-ba06-a17a76f8a0a9', 'name': 'tempest-ServerActionsTestJSON-1532646783-subnet', 'tenant_id': '30199f7de32840e09232c480b63bda61', 'network_id': '0b8eb950-95d5-49be-a638-4ba2351f8c5a', 'ip_version': 4, 'subnetpool_id': None, 'enable_dhcp': True, 'ipv6_ra_mode': None, 'ipv6_address_mode': None, 'gateway_ip': '192.168.128.1', 'cidr': '192.168.128.0/28', 'allocation_pools': [{'start': '192.168.128.2', 'end': '192.168.128.14'}], 'host_routes': [], 'dns_nameservers': [], 'description': '', 'router:external': False, 'service_types': [], 'tags': [], 'created_at': '2025-11-19T17:53:52Z', 'updated_at': '2025-11-19T17:53:52Z', 'revision_number': 0, 'project_id': '30199f7de32840e09232c480b63bda61'}, Router: {'id': 'afc413db-d396-4a76-8ade-754f91e5e167', 'name': 'tempest-ServerActionsTestJSON-1532646783-router', 'tenant_id': '30199f7de32840e09232c480b63bda61', 'admin_state_up': True, 'status': 'ACTIVE', 'external_gateway_info': {'network_id': '3ad09776-d2d3-44f3-9ed5-beb7611f78ee', 'external_fixed_ips': [{'subnet_id': 'c521d099-11e0-4337-a8fe-8f41e173ad04', 'ip_address': '10.180.180.173'}], 'enable_snat': True}, 'description': '', 'availability_zones': [], 'distributed': False, 'ha': False, 'availability_zone_hints': [], 'routes': [], 'flavor_id': None, 'tags': [], 'created_at': '2025-11-19T17:53:53Z', 'updated_at': '2025-11-19T17:53:53Z', 'revision_number': 2, 'project_id': '30199f7de32840e09232c480b63bda61'}
2025-11-19 17:53:54.702 67227 INFO tempest.lib.common.rest_client [req-2cf5507d-e407-45f6-80ba-d853aaa265e3 req-2cf5507d-e407-45f6-80ba-d853aaa265e3 ] Request (ImagesOneServerNegativeTestJSON:_run_cleanups): 200 GET http://10.180.1.21/compute/v2.1/servers/f92a0135-d8fc-4703-9868-27de71ed5974 2.149s
2025-11-19 17:53:54.739 67253 INFO tempest.lib.common.rest_client [req-deb17ba0-cf7e-4148-8386-ee189d3c69be req-deb17ba0-cf7e-4148-8386-ee189d3c69be ] Request (ImagesOneServerTestJSON:tearDownClass): 200 GET http://10.180.1.21/compute/v2.1/servers/702f4b16-b253-4eaf-bfca-18122e735c04 2.117s
2025-11-19 17:53:54.760 67267 WARNING tempest.lib.common.ssh [-] Failed to establish authenticated ssh connection to cirros@10.180.180.172 ([Errno None] Unable to connect to port 22 on 10.180.180.172). Number attempts: 6. Retry after 7 seconds.: paramiko.ssh_exception.NoValidConnectionsError: [Errno None] Unable to connect to port 22 on 10.180.180.172
2025-11-19 17:53:54.771 67271 INFO tempest.lib.common.rest_client [req-f3afffd4-2273-42e1-a753-dbff8d95ce93 req-f3afffd4-2273-42e1-a753-dbff8d95ce93 ] Request (ServerActionsTestJSON:setUpClass): 201 POST http://10.180.1.21/identity/v3/auth/tokens 0.092s
2025-11-19 17:53:54.783 67273 INFO tempest.lib.common.rest_client [req-60a71ee6-9781-456d-ab80-bdbfbedb0928 req-60a71ee6-9781-456d-ab80-bdbfbedb0928 ] Request (ServerActionsTestOtherB:setUpClass): 200 GET http://10.180.1.21/compute/v2.1/servers/df9c23ef-cf67-493f-bacc-feaa8dd5cd11 2.043s
2025-11-19 17:53:54.802 67255 INFO tempest.lib.common.rest_client [req-a329e969-c758-4670-96f4-749c16089b3d req-a329e969-c758-4670-96f4-749c16089b3d ] Request (ServerTagsTestJSON:test_update_all_tags): 200 GET http://10.180.1.21/compute/v2.1/servers/ef85d33f-8d18-4707-804d-0d02e9509523/tags 1.652s
2025-11-19 17:53:54.836 67259 INFO tempest.lib.common.rest_client [req-35cc44ae-5d14-4bd2-8070-191f2cf59fdb req-35cc44ae-5d14-4bd2-8070-191f2cf59fdb ] Request (ServersAdminNegativeTestJSON:tearDownClass): 200 GET http://10.180.1.21/compute/v2.1/servers/5c7dc2a1-13a5-4219-ad18-b2b4704a13b3 1.949s
2025-11-19 17:53:54.889 67233 INFO tempest.lib.common.rest_client [req-36d7eda2-40fd-407e-ac98-a95bdcb634d3 req-36d7eda2-40fd-407e-ac98-a95bdcb634d3 ] Request (ServersTestManualDisk:tearDownClass): 200 GET http://10.180.1.21/compute/v2.1/servers/9aa56675-a080-4448-a486-be3fc636ea27 1.710s
2025-11-19 17:53:54.900 67245 INFO tempest.lib.common.rest_client [req-bf4f5a89-73a4-492f-8fb6-cbe853666cc8 req-bf4f5a89-73a4-492f-8fb6-cbe853666cc8 ] Request (ServerDiagnosticsNegativeTest:test_get_server_diagnostics_by_non_admin): 200 GET http://10.180.1.21/compute/v2.1/servers/d683082f-e97c-493e-af15-ede2a2a9799e 1.657s
2025-11-19 17:53:54.964 67221 INFO tempest.lib.common.rest_client [req-29d31d08-dc04-4887-a8db-bf74c89a539f req-29d31d08-dc04-4887-a8db-bf74c89a539f ] Request (MultipleCreateTestJSON:_run_cleanups): 200 GET http://10.180.1.21/compute/v2.1/servers/9266d5fb-b155-400a-9175-29018055151d 1.659s
2025-11-19 17:53:54.977 67223 INFO tempest.lib.common.rest_client [req-bb9af961-478f-4944-8475-9e61ff3668ff req-bb9af961-478f-4944-8475-9e61ff3668ff ] Request (ServersTestJSON:tearDownClass): 200 GET http://10.180.1.21/compute/v2.1/servers/63f527bd-09cb-48dd-83fa-6a7c0aa98c1f 1.656s
2025-11-19 17:53:54.987 67237 INFO tempest.lib.common.rest_client [req-c823ccb4-5e09-4ad6-8a31-a9c2fc0cc0e4 req-c823ccb4-5e09-4ad6-8a31-a9c2fc0cc0e4 ] Request (VolumesNegativeTest:test_volume_delete_nonexistent_volume_id): 404 DELETE http://10.180.1.21/compute/v2.1/os-volumes/5e276827-213c-4374-870e-38bdbd4e7117 1.660s
2025-11-19 17:53:55.041 67257 INFO tempest.lib.common.rest_client [req-845496f8-3a69-4f73-8b27-d5ca2aea58a6 req-845496f8-3a69-4f73-8b27-d5ca2aea58a6 ] Request (DeleteServersTestJSON:test_delete_server_while_in_attached_volume): 200 GET http://10.180.1.21/compute/v2.1/servers/3809a949-de51-4cc4-ac68-5dddd6f69bc9 1.656s
2025-11-19 17:53:55.052 67276 INFO tempest.lib.common.rest_client [req-07a819e9-3029-4446-9d95-7a9873987c29 req-07a819e9-3029-4446-9d95-7a9873987c29 ] Request (TenantUsagesTestJSON:setUpClass): 200 GET http://10.180.1.21/compute/v2.1/servers/909ca246-c54f-4759-8b70-65d4249540db 1.647s
2025-11-19 17:53:55.139 67215 INFO tempest.lib.common.rest_client [req-be4814b5-e9c0-4fb0-9958-57698acc3471 req-be4814b5-e9c0-4fb0-9958-57698acc3471 ] Request (VolumesAssistedSnapshotsTest:tearDownClass): 204 DELETE http://10.180.1.21/compute/v2.1/servers/7da3cbcd-f708-46ae-863d-1de8e097ed59 1.654s
2025-11-19 17:53:55.191 67231 INFO tempest.lib.common.rest_client [req-3d7d5d7b-6c19-4159-9699-7d5cffff8d8f req-3d7d5d7b-6c19-4159-9699-7d5cffff8d8f ] Request (MigrationsAdminTest:test_resize_server_revert_deleted_flavor): 200 GET http://10.180.1.21/compute/v2.1/servers/ab6acb2e-5b30-4ae3-abbd-cd073bcec44f 1.666s
2025-11-19 17:53:55.200 67231 INFO tempest.common.waiters [-] State transition "BUILD/None" ==> "BUILD/spawning" after 39 second wait
2025-11-19 17:53:55.255 67247 INFO tempest.lib.common.rest_client [req-3fd2c163-dc6d-452f-a63c-849c424d2b48 req-3fd2c163-dc6d-452f-a63c-849c424d2b48 ] Request (ServersAdminTestJSON:test_inject_network_info): 200 GET http://10.180.1.21/compute/v2.1/servers/7e3a19b1-6ff4-48b2-a559-054360765a1f 1.692s
2025-11-19 17:53:55.273 67211 INFO tempest.lib.common.rest_client [req-9806c98d-ca3f-4e5b-bcde-67603020d25d req-9806c98d-ca3f-4e5b-bcde-67603020d25d ] Request (ImagesTestJSON:test_create_server_from_snapshot): 200 GET http://10.180.1.21/compute/v2.1/servers/f941cada-61f3-44f1-9ac4-27cac80917b3 1.489s
2025-11-19 17:53:55.304 67249 INFO tempest.lib.common.rest_client [req-c645a29e-de1c-4a82-b282-b187fb495660 req-c645a29e-de1c-4a82-b282-b187fb495660 ] Request (ServerGroupTestJSON:test_create_server_with_scheduler_hint_group): 200 GET http://10.180.1.21/compute/v2.1/servers/115e7812-4782-406d-9361-9b01083a6928 1.510s
2025-11-19 17:53:55.318 67213 INFO tempest.lib.common.rest_client [req-0be74ac2-f2d4-41c9-ac6f-9b3ce35fc4bf req-0be74ac2-f2d4-41c9-ac6f-9b3ce35fc4bf ] Request (VolumesTestJSON:test_volume_list_with_detail_param_limit): 200 GET http://10.180.1.21/compute/v2.1/os-volumes/detail?limit=2 1.506s
2025-11-19 17:53:55.348 67229 INFO tempest.lib.common.rest_client [req-3b80cd16-0565-4845-b80e-2e96c77bfe67 req-3b80cd16-0565-4845-b80e-2e96c77bfe67 ] Request (ListImageFiltersTestJSON:setUpClass): 200 GET http://10.180.1.21/compute/v2.1/images/0280de50-b80e-486a-b4f0-e6635165fb8b 1.520s
2025-11-19 17:53:55.394 67251 INFO tempest.lib.common.rest_client [req-7ba300e5-68c3-40c3-8be2-a0bf5b867ba9 req-7ba300e5-68c3-40c3-8be2-a0bf5b867ba9 ] Request (SecurityGroupsTestJSON:test_server_security_groups): 200 GET http://10.180.1.21/compute/v2.1/servers/50753e96-ccee-4223-8d85-eaa931f621d5 1.530s
2025-11-19 17:53:55.443 67219 INFO tempest.lib.common.rest_client [req-9f8a5558-ba12-4a14-b9bf-264de6fc3919 req-9f8a5558-ba12-4a14-b9bf-264de6fc3919 ] Request (ServersListShow2100Test:test_list_show_rebuild_update_server_2100): 200 GET http://10.180.1.21/compute/v2.1/servers/050c7e3d-3a55-48e7-814a-88f061d4e6b5 1.341s
2025-11-19 17:53:55.469 67217 INFO tempest.lib.common.rest_client [req-9d6a75ed-421d-445f-a155-29002c8f53df req-9d6a75ed-421d-445f-a155-29002c8f53df ] Request (InstanceActionsTestJSON:setUpClass): 200 GET http://10.180.1.21/compute/v2.1/servers/4b701d31-49e6-4f80-bfc7-784d1e65587e 1.134s
2025-11-19 17:53:55.521 67264 INFO tempest.lib.common.rest_client [req-08bf231b-ce6f-4764-bf70-b89f2c628327 req-08bf231b-ce6f-4764-bf70-b89f2c628327 ] Request (FloatingIPsAssociationNegativeTestJSON:tearDownClass): 200 GET http://10.180.1.21/compute/v2.1/servers/959752d3-7864-4921-b318-8645ebd247c9 1.176s
2025-11-19 17:53:55.544 67243 INFO tempest.lib.common.rest_client [req-d9afcf9f-bace-40cb-9f74-14c0ec5ba27c req-d9afcf9f-bace-40cb-9f74-14c0ec5ba27c ] Request (AttachInterfacesV270Test:tearDownClass): 200 GET http://10.180.1.21/compute/v2.1/servers/a0b7f1ab-1251-4dca-9ce3-5eaa0c465e1e 1.071s
2025-11-19 17:53:55.624 67235 INFO tempest.lib.common.rest_client [req-e18d1345-7a67-459e-94ae-6f8fbf9780b0 req-e18d1345-7a67-459e-94ae-6f8fbf9780b0 ] Request (ServerPasswordTestJSON:setUpClass): 200 GET http://10.180.1.21/compute/v2.1/servers/8f8bcfcd-e9a6-4464-a30e-74a52c4f5fd2 0.868s
2025-11-19 17:53:55.627 67239 INFO tempest.lib.common.rest_client [req-27f7c30e-9f74-468e-84c0-997917fb3497 req-27f7c30e-9f74-468e-84c0-997917fb3497 ] Request (ServersAdmin275Test:tearDownClass): 200 GET http://10.180.1.21/compute/v2.1/servers/ba2c29c2-f608-40cd-81b2-c6658c3feb39 0.856s
2025-11-19 17:53:55.678 67255 INFO tempest.lib.common.rest_client [req-db277a9b-f88c-4a52-a3a6-a14547dd2fe4 req-db277a9b-f88c-4a52-a3a6-a14547dd2fe4 ] Request (ServerTagsTestJSON:_run_cleanups): 204 DELETE http://10.180.1.21/compute/v2.1/servers/ef85d33f-8d18-4707-804d-0d02e9509523/tags 0.874s
2025-11-19 17:53:55.703 67237 INFO tempest.lib.common.rest_client [req-a17c422e-16d9-4d25-9661-7255fd6ec8ae req-a17c422e-16d9-4d25-9661-7255fd6ec8ae ] Request (VolumesNegativeTest:test_volume_get_nonexistent_volume_id): 404 GET http://10.180.1.21/compute/v2.1/os-volumes/e02591d2-7365-418f-854d-9cdfc7b33e1d 0.715s
2025-11-19 17:53:55.755 67271 INFO tempest.lib.common.rest_client [req-ee0ec523-aed1-432e-95c6-6e8245589ce0 req-ee0ec523-aed1-432e-95c6-6e8245589ce0 ] Request (ServerActionsTestJSON:setUpClass): 200 POST http://10.180.1.21/compute/v2.1/os-keypairs 0.982s
2025-11-19 17:53:55.831 67237 INFO tempest.lib.common.rest_client [req-b3a70019-6198-4ed8-8d86-7e091d0cf651 req-b3a70019-6198-4ed8-8d86-7e091d0cf651 ] Request (VolumesNegativeTest:tearDownClass): 204 DELETE http://10.180.1.21/identity/v3/users/522703c84f124a9c8c52c958e196161f 0.124s
2025-11-19 17:53:55.832 67237 INFO tempest.lib.common.dynamic_creds [-] Deleting project and security group for project: e2a4230280174475b3e0490fe922b49b
2025-11-19 17:53:55.841 67213 INFO tempest.lib.common.rest_client [req-ffda35f7-3475-4d26-b5db-cceedf54d138 req-ffda35f7-3475-4d26-b5db-cceedf54d138 ] Request (VolumesTestJSON:test_volume_list_with_detail_param_offset_and_limit): 200 GET http://10.180.1.21/compute/v2.1/os-volumes/detail 0.519s
2025-11-19 17:53:55.880 67215 INFO tempest.lib.common.rest_client [req-2c13c6a4-a0b3-46ea-a83f-4285d0492280 req-2c13c6a4-a0b3-46ea-a83f-4285d0492280 ] Request (VolumesAssistedSnapshotsTest:tearDownClass): 200 GET http://10.180.1.21/compute/v2.1/servers/7da3cbcd-f708-46ae-863d-1de8e097ed59 0.741s
2025-11-19 17:53:55.957 67227 INFO tempest.lib.common.rest_client [req-17fc2a5b-4ad6-48ac-8f6c-35cb23613f06 req-17fc2a5b-4ad6-48ac-8f6c-35cb23613f06 ] Request (ImagesOneServerNegativeTestJSON:_run_cleanups): 200 GET http://10.180.1.21/compute/v2.1/servers/f92a0135-d8fc-4703-9868-27de71ed5974 0.245s
2025-11-19 17:53:55.959 67237 INFO tempest.lib.common.rest_client [req-6f451601-3881-4df1-aa91-cccd10223071 req-6f451601-3881-4df1-aa91-cccd10223071 ] Request (VolumesNegativeTest:tearDownClass): 201 POST http://10.180.1.21/identity/v3/auth/tokens 0.126s
2025-11-19 17:53:55.961 67271 INFO tempest.lib.common.rest_client [req-415a6180-c24d-4b89-89be-d36c890a84e5 req-415a6180-c24d-4b89-89be-d36c890a84e5 ] Request (ServerActionsTestJSON:setUpClass): 201 POST http://10.180.1.21/networking/v2.0/security-groups 0.202s
2025-11-19 17:53:55.991 67255 INFO tempest.lib.common.rest_client [req-a06a13a3-de11-4021-a5cb-fd22f3de2e79 req-a06a13a3-de11-4021-a5cb-fd22f3de2e79 ] Request (ServerTagsTestJSON:tearDownClass): 204 DELETE http://10.180.1.21/compute/v2.1/servers/ef85d33f-8d18-4707-804d-0d02e9509523 0.307s
2025-11-19 17:53:56.094 67271 INFO tempest.lib.common.rest_client [req-59a9b907-684e-4a03-a111-5e5cef3fbc1f req-59a9b907-684e-4a03-a111-5e5cef3fbc1f ] Request (ServerActionsTestJSON:setUpClass): 201 POST http://10.180.1.21/networking/v2.0/security-group-rules 0.132s
2025-11-19 17:53:56.124 67253 INFO tempest.lib.common.rest_client [req-0228a912-8713-4058-839d-1ba686bde053 req-0228a912-8713-4058-839d-1ba686bde053 ] Request (ImagesOneServerTestJSON:tearDownClass): 200 GET http://10.180.1.21/compute/v2.1/servers/702f4b16-b253-4eaf-bfca-18122e735c04 0.376s
2025-11-19 17:53:56.138 67273 INFO tempest.lib.common.rest_client [req-9c96b91c-2e94-4a73-99a9-864057d8e896 req-9c96b91c-2e94-4a73-99a9-864057d8e896 ] Request (ServerActionsTestOtherB:setUpClass): 200 GET http://10.180.1.21/compute/v2.1/servers/df9c23ef-cf67-493f-bacc-feaa8dd5cd11 0.346s
2025-11-19 17:53:56.190 67213 INFO tempest.lib.common.rest_client [req-bf592fa3-4e17-4787-a103-4d567b941609 req-bf592fa3-4e17-4787-a103-4d567b941609 ] Request (VolumesTestJSON:test_volume_list_with_detail_param_offset_and_limit): 200 GET http://10.180.1.21/compute/v2.1/os-volumes/detail?offset=1&limit=1 0.341s
2025-11-19 17:53:56.221 67237 INFO tempest.lib.common.rest_client [req-1488011a-cad4-44e9-be93-e6af4a853884 req-1488011a-cad4-44e9-be93-e6af4a853884 ] Request (VolumesNegativeTest:tearDownClass): 200 GET http://10.180.1.21/networking/v2.0/security-groups?tenant_id=e2a4230280174475b3e0490fe922b49b&name=default 0.262s
2025-11-19 17:53:56.238 67271 INFO tempest.lib.common.rest_client [req-93e69105-7ce4-48b0-9771-762f69cad61c req-93e69105-7ce4-48b0-9771-762f69cad61c ] Request (ServerActionsTestJSON:setUpClass): 201 POST http://10.180.1.21/networking/v2.0/security-group-rules 0.144s
2025-11-19 17:53:56.248 67259 INFO tempest.lib.common.rest_client [req-8c435f23-9050-423b-9eab-fdcc2e7fed09 req-8c435f23-9050-423b-9eab-fdcc2e7fed09 ] Request (ServersAdminNegativeTestJSON:tearDownClass): 200 GET http://10.180.1.21/compute/v2.1/servers/5c7dc2a1-13a5-4219-ad18-b2b4704a13b3 0.397s
2025-11-19 17:53:56.341 67237 INFO tempest.lib.common.rest_client [req-1171daa4-5951-452c-8250-88931059aaee req-1171daa4-5951-452c-8250-88931059aaee ] Request (VolumesNegativeTest:tearDownClass): 204 DELETE http://10.180.1.21/networking/v2.0/security-groups/b337e773-3020-4c34-ace4-1ba67f436f46 0.120s
2025-11-19 17:53:56.367 67233 INFO tempest.lib.common.rest_client [req-7fdd3661-b676-4cd9-9277-39f804470ac9 req-7fdd3661-b676-4cd9-9277-39f804470ac9 ] Request (ServersTestManualDisk:tearDownClass): 200 GET http://10.180.1.21/compute/v2.1/servers/9aa56675-a080-4448-a486-be3fc636ea27 0.470s
2025-11-19 17:53:56.393 67245 INFO tempest.lib.common.rest_client [req-646630b5-0958-4dd6-9f1f-c5bd1d45b57e req-646630b5-0958-4dd6-9f1f-c5bd1d45b57e ] Request (ServerDiagnosticsNegativeTest:test_get_server_diagnostics_by_non_admin): 200 GET http://10.180.1.21/compute/v2.1/servers/d683082f-e97c-493e-af15-ede2a2a9799e 0.484s
2025-11-19 17:53:56.442 67221 INFO tempest.lib.common.rest_client [req-f8781eec-9104-44f4-b2d1-f8c855320373 req-f8781eec-9104-44f4-b2d1-f8c855320373 ] Request (MultipleCreateTestJSON:_run_cleanups): 200 GET http://10.180.1.21/compute/v2.1/servers/9266d5fb-b155-400a-9175-29018055151d 0.470s
2025-11-19 17:53:56.446 67237 INFO tempest.lib.common.rest_client [req-5e768f52-07de-48fa-a693-3078ca164ab5 req-5e768f52-07de-48fa-a693-3078ca164ab5 ] Request (VolumesNegativeTest:tearDownClass): 204 DELETE http://10.180.1.21/identity/v3/projects/e2a4230280174475b3e0490fe922b49b 0.104s
2025-11-19 17:53:56.465 67223 INFO tempest.lib.common.rest_client [req-6c7cc621-d6c6-4cf2-b55b-9de619f9f49f req-6c7cc621-d6c6-4cf2-b55b-9de619f9f49f ] Request (ServersTestJSON:tearDownClass): 200 GET http://10.180.1.21/compute/v2.1/servers/63f527bd-09cb-48dd-83fa-6a7c0aa98c1f 0.479s
2025-11-19 17:53:56.625 67257 INFO tempest.lib.common.rest_client [req-041a7ecb-334c-438b-a638-be40a069ea7b req-041a7ecb-334c-438b-a638-be40a069ea7b ] Request (DeleteServersTestJSON:test_delete_server_while_in_attached_volume): 200 GET http://10.180.1.21/compute/v2.1/servers/3809a949-de51-4cc4-ac68-5dddd6f69bc9 0.573s
2025-11-19 17:53:56.684 67255 INFO tempest.lib.common.rest_client [req-e4f911d5-f12e-43d9-b658-648dbc93930c req-e4f911d5-f12e-43d9-b658-648dbc93930c ] Request (ServerTagsTestJSON:tearDownClass): 200 GET http://10.180.1.21/compute/v2.1/servers/ef85d33f-8d18-4707-804d-0d02e9509523 0.692s
2025-11-19 17:53:56.726 67213 INFO tempest.lib.common.rest_client [req-bec2ab2c-01d2-43f2-88d3-85be14b91e76 req-bec2ab2c-01d2-43f2-88d3-85be14b91e76 ] Request (VolumesTestJSON:test_volume_list_with_details): 200 GET http://10.180.1.21/compute/v2.1/os-volumes/detail 0.530s
2025-11-19 17:53:56.763 67276 INFO tempest.lib.common.rest_client [req-29e4a8b6-5f2c-4663-99d5-3f1fba57676f req-29e4a8b6-5f2c-4663-99d5-3f1fba57676f ] Request (TenantUsagesTestJSON:setUpClass): 200 GET http://10.180.1.21/compute/v2.1/servers/909ca246-c54f-4759-8b70-65d4249540db 0.703s
2025-11-19 17:53:56.784 67271 INFO tempest.lib.common.rest_client [req-152e038f-aa77-49a0-aca6-08dc32b6017b req-152e038f-aa77-49a0-aca6-08dc32b6017b ] Request (ServerActionsTestJSON:setUpClass): 201 POST http://10.180.1.21/networking/v2.0/floatingips 0.546s
2025-11-19 17:53:56.787 67213 INFO tempest.lib.common.rest_client [req-c53899eb-023c-4d39-adfb-77d643ee801e req-c53899eb-023c-4d39-adfb-77d643ee801e ] Request (VolumesTestJSON:tearDownClass): 202 DELETE http://10.180.1.21/volume/v3/volumes/31b51179-98ec-49f7-9663-e1a27dc59a70 0.052s
2025-11-19 17:53:56.824 67213 INFO tempest.lib.common.rest_client [req-6ffaa572-d5a1-46d6-85f3-257d3671dd24 req-6ffaa572-d5a1-46d6-85f3-257d3671dd24 ] Request (VolumesTestJSON:tearDownClass): 200 GET http://10.180.1.21/volume/v3/volumes/31b51179-98ec-49f7-9663-e1a27dc59a70 0.036s
2025-11-19 17:53:56.928 67271 INFO tempest.lib.common.rest_client [req-ce83fa3b-f27e-4281-8d47-459432964dcf req-ce83fa3b-f27e-4281-8d47-459432964dcf ] Request (ServerActionsTestJSON:setUpClass): 201 POST http://10.180.1.21/identity/v3/auth/tokens 0.140s
2025-11-19 17:53:56.929 67271 INFO tempest.lib.common.fixed_network [-] (ServerActionsTestJSON:setUpClass) Found network {'id': '0b8eb950-95d5-49be-a638-4ba2351f8c5a', 'name': 'tempest-ServerActionsTestJSON-1532646783-network', 'tenant_id': '30199f7de32840e09232c480b63bda61', 'project_id': '30199f7de32840e09232c480b63bda61', 'admin_state_up': True, 'mtu': 8950, 'status': 'ACTIVE', 'subnets': [], 'shared': False, 'port_security_enabled': True, 'router:external': False, 'provider:network_type': 'vlan', 'provider:physical_network': 'default', 'provider:segmentation_id': 683, 'availability_zone_hints': [], 'availability_zones': [], 'ipv4_address_scope': None, 'ipv6_address_scope': None, 'description': '', 'tags': [], 'created_at': '2025-11-19T17:53:52Z', 'updated_at': '2025-11-19T17:53:52Z', 'revision_number': 1} available for tenant
2025-11-19 17:53:57.019 67247 INFO tempest.lib.common.rest_client [req-09991a35-6ec4-4bb3-a7f5-323d53e7585b req-09991a35-6ec4-4bb3-a7f5-323d53e7585b ] Request (ServersAdminTestJSON:test_inject_network_info): 200 GET http://10.180.1.21/compute/v2.1/servers/7e3a19b1-6ff4-48b2-a559-054360765a1f 0.756s
2025-11-19 17:53:57.019 67231 INFO tempest.lib.common.rest_client [req-cc44fcee-eed2-4a92-afe1-a4f828b9656a req-cc44fcee-eed2-4a92-afe1-a4f828b9656a ] Request (MigrationsAdminTest:test_resize_server_revert_deleted_flavor): 200 GET http://10.180.1.21/compute/v2.1/servers/ab6acb2e-5b30-4ae3-abbd-cd073bcec44f 0.816s
2025-11-19 17:53:57.098 67211 INFO tempest.lib.common.rest_client [req-c505bbc6-a155-42df-a6ac-4e6a3ff9054f req-c505bbc6-a155-42df-a6ac-4e6a3ff9054f ] Request (ImagesTestJSON:test_create_server_from_snapshot): 200 GET http://10.180.1.21/compute/v2.1/servers/f941cada-61f3-44f1-9ac4-27cac80917b3 0.816s
2025-11-19 17:53:57.102 67249 INFO tempest.lib.common.rest_client [req-21c96140-df9e-4c2b-9b17-8fa1c449fdb5 req-21c96140-df9e-4c2b-9b17-8fa1c449fdb5 ] Request (ServerGroupTestJSON:test_create_server_with_scheduler_hint_group): 200 GET http://10.180.1.21/compute/v2.1/servers/115e7812-4782-406d-9361-9b01083a6928 0.787s
2025-11-19 17:53:57.152 67229 INFO tempest.lib.common.rest_client [req-4f845f4e-3224-4d23-bae8-778919c38281 req-4f845f4e-3224-4d23-bae8-778919c38281 ] Request (ListImageFiltersTestJSON:setUpClass): 200 GET http://10.180.1.21/compute/v2.1/images/0280de50-b80e-486a-b4f0-e6635165fb8b 0.798s
2025-11-19 17:53:57.184 67251 INFO tempest.lib.common.rest_client [req-2a9e9245-b4e4-4ede-9e7a-d8fa3b1d76f0 req-2a9e9245-b4e4-4ede-9e7a-d8fa3b1d76f0 ] Request (SecurityGroupsTestJSON:test_server_security_groups): 200 GET http://10.180.1.21/compute/v2.1/servers/50753e96-ccee-4223-8d85-eaa931f621d5 0.778s
2025-11-19 17:53:57.261 67219 INFO tempest.lib.common.rest_client [req-88dd8811-60e3-4bb8-be8b-69ba6c65023d req-88dd8811-60e3-4bb8-be8b-69ba6c65023d ] Request (ServersListShow2100Test:test_list_show_rebuild_update_server_2100): 200 GET http://10.180.1.21/compute/v2.1/servers/050c7e3d-3a55-48e7-814a-88f061d4e6b5 0.803s
2025-11-19 17:53:57.276 67217 INFO tempest.lib.common.rest_client [req-583807a7-2e8e-4c71-9b7c-a2e56905b9c6 req-583807a7-2e8e-4c71-9b7c-a2e56905b9c6 ] Request (InstanceActionsTestJSON:setUpClass): 200 GET http://10.180.1.21/compute/v2.1/servers/4b701d31-49e6-4f80-bfc7-784d1e65587e 0.797s
2025-11-19 17:53:57.289 67217 INFO tempest.common.waiters [-] State transition "BUILD/None" ==> "BUILD/networking" after 39 second wait
2025-11-19 17:53:57.401 67264 INFO tempest.lib.common.rest_client [req-b782afa6-a52f-4a14-a0b9-4521dff3dbdd req-b782afa6-a52f-4a14-a0b9-4521dff3dbdd ] Request (FloatingIPsAssociationNegativeTestJSON:tearDownClass): 200 GET http://10.180.1.21/compute/v2.1/servers/959752d3-7864-4921-b318-8645ebd247c9 0.872s
2025-11-19 17:53:57.427 67243 INFO tempest.lib.common.rest_client [req-68f5284a-6db4-4243-b8a7-e5c2213ccce6 req-68f5284a-6db4-4243-b8a7-e5c2213ccce6 ] Request (AttachInterfacesV270Test:tearDownClass): 200 GET http://10.180.1.21/compute/v2.1/servers/a0b7f1ab-1251-4dca-9ce3-5eaa0c465e1e 0.865s
2025-11-19 17:53:57.617 67239 INFO tempest.lib.common.rest_client [req-238dbdfa-d2f4-4fdb-8e6b-0c2fe4d29810 req-238dbdfa-d2f4-4fdb-8e6b-0c2fe4d29810 ] Request (ServersAdmin275Test:tearDownClass): 200 GET http://10.180.1.21/compute/v2.1/servers/ba2c29c2-f608-40cd-81b2-c6658c3feb39 0.976s
2025-11-19 17:53:57.860 67213 INFO tempest.lib.common.rest_client [req-87751b13-547f-4790-87fc-283f4afdc87f req-87751b13-547f-4790-87fc-283f4afdc87f ] Request (VolumesTestJSON:tearDownClass): 404 GET http://10.180.1.21/volume/v3/volumes/31b51179-98ec-49f7-9663-e1a27dc59a70 0.023s
2025-11-19 17:53:57.909 67213 INFO tempest.lib.common.rest_client [req-90ac269b-4fd4-4f84-bb6e-aec6b8580fee req-90ac269b-4fd4-4f84-bb6e-aec6b8580fee ] Request (VolumesTestJSON:tearDownClass): 202 DELETE http://10.180.1.21/volume/v3/volumes/19d6a76b-38ec-4be6-8705-cde886c24b7c 0.048s
2025-11-19 17:53:57.956 67213 INFO tempest.lib.common.rest_client [req-ee175296-e2ce-46df-9a81-e5f6f4728a7b req-ee175296-e2ce-46df-9a81-e5f6f4728a7b ] Request (VolumesTestJSON:tearDownClass): 200 GET http://10.180.1.21/volume/v3/volumes/19d6a76b-38ec-4be6-8705-cde886c24b7c 0.046s
2025-11-19 17:53:58.505 67235 INFO tempest.lib.common.rest_client [req-ec454ed8-a3f3-440b-8bd6-f405540eab98 req-ec454ed8-a3f3-440b-8bd6-f405540eab98 ] Request (ServerPasswordTestJSON:setUpClass): 200 GET http://10.180.1.21/compute/v2.1/servers/8f8bcfcd-e9a6-4464-a30e-74a52c4f5fd2 1.873s
2025-11-19 17:53:58.515 67215 INFO tempest.lib.common.rest_client [req-e0a8c2e8-b1d1-418e-91d1-76eac82430af req-e0a8c2e8-b1d1-418e-91d1-76eac82430af ] Request (VolumesAssistedSnapshotsTest:tearDownClass): 200 GET http://10.180.1.21/compute/v2.1/servers/7da3cbcd-f708-46ae-863d-1de8e097ed59 1.623s
2025-11-19 17:53:58.606 67227 INFO tempest.lib.common.rest_client [req-9a7d0d01-0f48-4a82-ab98-f4ae3b1d6c66 req-9a7d0d01-0f48-4a82-ab98-f4ae3b1d6c66 ] Request (ImagesOneServerNegativeTestJSON:_run_cleanups): 200 GET http://10.180.1.21/compute/v2.1/servers/f92a0135-d8fc-4703-9868-27de71ed5974 1.637s
2025-11-19 17:53:58.997 67213 INFO tempest.lib.common.rest_client [req-aee8480d-b925-406a-af90-c5608f0bba52 req-aee8480d-b925-406a-af90-c5608f0bba52 ] Request (VolumesTestJSON:tearDownClass): 404 GET http://10.180.1.21/volume/v3/volumes/19d6a76b-38ec-4be6-8705-cde886c24b7c 0.032s
2025-11-19 17:53:59.002 67253 INFO tempest.lib.common.rest_client [req-c214823e-6a59-44b3-9750-74721d27d740 req-c214823e-6a59-44b3-9750-74721d27d740 ] Request (ImagesOneServerTestJSON:tearDownClass): 200 GET http://10.180.1.21/compute/v2.1/servers/702f4b16-b253-4eaf-bfca-18122e735c04 1.866s
2025-11-19 17:53:59.069 67213 INFO tempest.lib.common.rest_client [req-9d1c4ffe-2a42-4947-8b41-ae9498e33db4 req-9d1c4ffe-2a42-4947-8b41-ae9498e33db4 ] Request (VolumesTestJSON:tearDownClass): 202 DELETE http://10.180.1.21/volume/v3/volumes/d76b6781-de20-4cc4-878e-368de58bacf0 0.071s
2025-11-19 17:53:59.108 67213 INFO tempest.lib.common.rest_client [req-19d9ed8f-2c61-4e03-b3ce-4ceac7b181e1 req-19d9ed8f-2c61-4e03-b3ce-4ceac7b181e1 ] Request (VolumesTestJSON:tearDownClass): 200 GET http://10.180.1.21/volume/v3/volumes/d76b6781-de20-4cc4-878e-368de58bacf0 0.039s
2025-11-19 17:53:59.118 67273 INFO tempest.lib.common.rest_client [req-e3a8fa7b-903b-46f4-8f97-47e38c3d5a75 req-e3a8fa7b-903b-46f4-8f97-47e38c3d5a75 ] Request (ServerActionsTestOtherB:setUpClass): 200 GET http://10.180.1.21/compute/v2.1/servers/df9c23ef-cf67-493f-bacc-feaa8dd5cd11 1.966s
2025-11-19 17:53:59.146 67259 INFO tempest.lib.common.rest_client [req-d4854578-8869-4560-b24d-4de347020f53 req-d4854578-8869-4560-b24d-4de347020f53 ] Request (ServersAdminNegativeTestJSON:tearDownClass): 404 GET http://10.180.1.21/compute/v2.1/servers/5c7dc2a1-13a5-4219-ad18-b2b4704a13b3 1.885s
2025-11-19 17:53:59.214 67233 INFO tempest.lib.common.rest_client [req-36fe728f-f791-4585-9d1a-8864525d4bf8 req-36fe728f-f791-4585-9d1a-8864525d4bf8 ] Request (ServersTestManualDisk:tearDownClass): 200 GET http://10.180.1.21/compute/v2.1/servers/9aa56675-a080-4448-a486-be3fc636ea27 1.835s
2025-11-19 17:53:59.272 67245 INFO tempest.lib.common.rest_client [req-25c04212-45ad-4902-b02c-98a0751bc48a req-25c04212-45ad-4902-b02c-98a0751bc48a ] Request (ServerDiagnosticsNegativeTest:test_get_server_diagnostics_by_non_admin): 200 GET http://10.180.1.21/compute/v2.1/servers/d683082f-e97c-493e-af15-ede2a2a9799e 1.864s
2025-11-19 17:53:59.298 67271 INFO tempest.lib.common.rest_client [req-1917fa1d-bad3-4377-9936-9c5c81d87c0e req-1917fa1d-bad3-4377-9936-9c5c81d87c0e ] Request (ServerActionsTestJSON:setUpClass): 202 POST http://10.180.1.21/compute/v2.1/servers 2.367s
2025-11-19 17:53:59.358 67221 INFO tempest.lib.common.rest_client [req-721cba89-3f8a-409d-af91-2f84d418d626 req-721cba89-3f8a-409d-af91-2f84d418d626 ] Request (MultipleCreateTestJSON:_run_cleanups): 200 GET http://10.180.1.21/compute/v2.1/servers/9266d5fb-b155-400a-9175-29018055151d 1.909s
2025-11-19 17:53:59.381 67223 INFO tempest.lib.common.rest_client [req-2e71bf6c-5c87-48e9-81b1-99215b3f39b5 req-2e71bf6c-5c87-48e9-81b1-99215b3f39b5 ] Request (ServersTestJSON:tearDownClass): 200 GET http://10.180.1.21/compute/v2.1/servers/63f527bd-09cb-48dd-83fa-6a7c0aa98c1f 1.907s
2025-11-19 17:53:59.419 67257 INFO tempest.lib.common.rest_client [req-be0c2bc5-1319-4af4-8ece-dc498d2fe306 req-be0c2bc5-1319-4af4-8ece-dc498d2fe306 ] Request (DeleteServersTestJSON:test_delete_server_while_in_attached_volume): 200 GET http://10.180.1.21/compute/v2.1/servers/3809a949-de51-4cc4-ac68-5dddd6f69bc9 1.782s
2025-11-19 17:53:59.449 67255 INFO tempest.lib.common.rest_client [req-bd3a50a9-867a-47c3-8f6b-4c7417671448 req-bd3a50a9-867a-47c3-8f6b-4c7417671448 ] Request (ServerTagsTestJSON:tearDownClass): 200 GET http://10.180.1.21/compute/v2.1/servers/ef85d33f-8d18-4707-804d-0d02e9509523 1.751s
2025-11-19 17:53:59.483 67276 INFO tempest.lib.common.rest_client [req-db9757ab-1048-4b46-b876-bf50c651f9c1 req-db9757ab-1048-4b46-b876-bf50c651f9c1 ] Request (TenantUsagesTestJSON:setUpClass): 200 GET http://10.180.1.21/compute/v2.1/servers/909ca246-c54f-4759-8b70-65d4249540db 1.703s
2025-11-19 17:53:59.591 67231 INFO tempest.lib.common.rest_client [req-84f176e5-8a03-41f3-b3cc-33fa9f88d12e req-84f176e5-8a03-41f3-b3cc-33fa9f88d12e ] Request (MigrationsAdminTest:test_resize_server_revert_deleted_flavor): 200 GET http://10.180.1.21/compute/v2.1/servers/ab6acb2e-5b30-4ae3-abbd-cd073bcec44f 1.558s
2025-11-19 17:53:59.636 67247 INFO tempest.lib.common.rest_client [req-eeda00e2-580c-4f08-b08e-e75399814cb8 req-eeda00e2-580c-4f08-b08e-e75399814cb8 ] Request (ServersAdminTestJSON:test_inject_network_info): 200 GET http://10.180.1.21/compute/v2.1/servers/7e3a19b1-6ff4-48b2-a559-054360765a1f 1.605s
2025-11-19 17:53:59.653 67211 INFO tempest.lib.common.rest_client [req-b318bd38-2b0c-4e8b-9cb4-913bd598903f req-b318bd38-2b0c-4e8b-9cb4-913bd598903f ] Request (ImagesTestJSON:test_create_server_from_snapshot): 200 GET http://10.180.1.21/compute/v2.1/servers/f941cada-61f3-44f1-9ac4-27cac80917b3 1.547s
2025-11-19 17:53:59.660 67211 INFO tempest.common.waiters [-] State transition "BUILD/scheduling" ==> "BUILD/None" after 18 second wait
2025-11-19 17:53:59.695 67249 INFO tempest.lib.common.rest_client [req-af721b34-7291-481f-9bd5-95a4c43e4e3e req-af721b34-7291-481f-9bd5-95a4c43e4e3e ] Request (ServerGroupTestJSON:test_create_server_with_scheduler_hint_group): 200 GET http://10.180.1.21/compute/v2.1/servers/115e7812-4782-406d-9361-9b01083a6928 1.581s
2025-11-19 17:53:59.699 67229 INFO tempest.lib.common.rest_client [req-50f1ee30-7845-45d0-b10c-f8d4f7956cd2 req-50f1ee30-7845-45d0-b10c-f8d4f7956cd2 ] Request (ListImageFiltersTestJSON:setUpClass): 200 GET http://10.180.1.21/compute/v2.1/images/0280de50-b80e-486a-b4f0-e6635165fb8b 1.540s
2025-11-19 17:53:59.752 67251 INFO tempest.lib.common.rest_client [req-e755914c-459d-4e0e-92eb-256715383df3 req-e755914c-459d-4e0e-92eb-256715383df3 ] Request (SecurityGroupsTestJSON:test_server_security_groups): 200 GET http://10.180.1.21/compute/v2.1/servers/50753e96-ccee-4223-8d85-eaa931f621d5 1.555s
2025-11-19 17:53:59.766 67219 INFO tempest.lib.common.rest_client [req-e49be8df-38bc-4299-80f3-607517fb6c37 req-e49be8df-38bc-4299-80f3-607517fb6c37 ] Request (ServersListShow2100Test:test_list_show_rebuild_update_server_2100): 200 GET http://10.180.1.21/compute/v2.1/servers/050c7e3d-3a55-48e7-814a-88f061d4e6b5 1.484s
2025-11-19 17:53:59.827 67264 INFO tempest.lib.common.rest_client [req-bd628766-cee4-4f34-8fdc-d5c596895037 req-bd628766-cee4-4f34-8fdc-d5c596895037 ] Request (FloatingIPsAssociationNegativeTestJSON:tearDownClass): 200 GET http://10.180.1.21/compute/v2.1/servers/959752d3-7864-4921-b318-8645ebd247c9 1.410s
2025-11-19 17:53:59.874 67217 INFO tempest.lib.common.rest_client [req-0c869641-791c-4af1-b176-fcfafb886234 req-0c869641-791c-4af1-b176-fcfafb886234 ] Request (InstanceActionsTestJSON:setUpClass): 200 GET http://10.180.1.21/compute/v2.1/servers/4b701d31-49e6-4f80-bfc7-784d1e65587e 1.583s
2025-11-19 17:53:59.882 67217 INFO tempest.common.waiters [-] State transition "BUILD/networking" ==> "BUILD/spawning" after 41 second wait
2025-11-19 17:53:59.923 67243 INFO tempest.lib.common.rest_client [req-2c09adef-a98a-4715-8388-158a3bc644d5 req-2c09adef-a98a-4715-8388-158a3bc644d5 ] Request (AttachInterfacesV270Test:tearDownClass): 200 GET http://10.180.1.21/compute/v2.1/servers/a0b7f1ab-1251-4dca-9ce3-5eaa0c465e1e 1.484s
2025-11-19 17:54:00.018 67239 INFO tempest.lib.common.rest_client [req-d2abeec0-a46d-4c5d-9c74-60c034ad0a09 req-d2abeec0-a46d-4c5d-9c74-60c034ad0a09 ] Request (ServersAdmin275Test:tearDownClass): 200 GET http://10.180.1.21/compute/v2.1/servers/ba2c29c2-f608-40cd-81b2-c6658c3feb39 1.378s
2025-11-19 17:54:00.056 67259 INFO tempest.lib.common.rest_client [req-cb7ebe27-6c5c-41b3-8033-e6ed35a72eb6 req-cb7ebe27-6c5c-41b3-8033-e6ed35a72eb6 ] Request (ServersAdminNegativeTestJSON:tearDownClass): 204 DELETE http://10.180.1.21/compute/v2.1/servers/3f7f280d-2ee2-499e-9c7f-e918be349d3a 0.908s
2025-11-19 17:54:00.084 67271 INFO tempest.lib.common.rest_client [req-9a02af1c-68d6-402f-8417-b29b6008f3f1 req-9a02af1c-68d6-402f-8417-b29b6008f3f1 ] Request (ServerActionsTestJSON:setUpClass): 200 GET http://10.180.1.21/compute/v2.1/servers/447391c3-b763-4adc-8efa-3e4a1ee3f78a 0.784s
2025-11-19 17:54:00.133 67213 INFO tempest.lib.common.rest_client [req-870c98b2-3ce7-49c6-bda6-b6e31f5b00cc req-870c98b2-3ce7-49c6-bda6-b6e31f5b00cc ] Request (VolumesTestJSON:tearDownClass): 404 GET http://10.180.1.21/volume/v3/volumes/d76b6781-de20-4cc4-878e-368de58bacf0 0.017s
2025-11-19 17:54:00.157 67215 INFO tempest.lib.common.rest_client [req-87e179fa-e0dd-44ad-962c-2b272c0e9866 req-87e179fa-e0dd-44ad-962c-2b272c0e9866 ] Request (VolumesAssistedSnapshotsTest:tearDownClass): 200 GET http://10.180.1.21/compute/v2.1/servers/7da3cbcd-f708-46ae-863d-1de8e097ed59 0.629s
2025-11-19 17:54:00.165 67215 INFO tempest.common.waiters [-] State transition "ACTIVE/deleting" ==> "DELETED/None" after 5 second wait
2025-11-19 17:54:00.212 67227 INFO tempest.lib.common.rest_client [req-2961eb75-0cc0-4baa-ac43-c56216f46854 req-2961eb75-0cc0-4baa-ac43-c56216f46854 ] Request (ImagesOneServerNegativeTestJSON:_run_cleanups): 200 GET http://10.180.1.21/compute/v2.1/servers/f92a0135-d8fc-4703-9868-27de71ed5974 0.599s
2025-11-19 17:54:00.225 67235 INFO tempest.lib.common.rest_client [req-586631dd-b000-4d61-bbad-1a6622e347eb req-586631dd-b000-4d61-bbad-1a6622e347eb ] Request (ServerPasswordTestJSON:setUpClass): 200 GET http://10.180.1.21/compute/v2.1/servers/8f8bcfcd-e9a6-4464-a30e-74a52c4f5fd2 0.712s
2025-11-19 17:54:00.236 67235 INFO tempest.common.waiters [-] State transition "BUILD/spawning" ==> "ACTIVE/None" after 49 second wait
2025-11-19 17:54:00.260 67213 INFO tempest.lib.common.rest_client [req-0223870c-e989-42a3-9a41-d7122e2ee42c req-0223870c-e989-42a3-9a41-d7122e2ee42c ] Request (VolumesTestJSON:tearDownClass): 204 DELETE http://10.180.1.21/identity/v3/users/70bcf4229030423c85ffbeaa1500c518 0.126s
2025-11-19 17:54:00.260 67213 INFO tempest.lib.common.dynamic_creds [-] Deleting project and security group for project: 04192f99c1314039a6e7c3e88e543773
2025-11-19 17:54:00.282 67253 INFO tempest.lib.common.rest_client [req-37beeda5-b9db-4571-ae66-bd0d5ef1c23d req-37beeda5-b9db-4571-ae66-bd0d5ef1c23d ] Request (ImagesOneServerTestJSON:tearDownClass): 200 GET http://10.180.1.21/compute/v2.1/servers/702f4b16-b253-4eaf-bfca-18122e735c04 0.268s
2025-11-19 17:54:00.328 67213 INFO tempest.lib.common.rest_client [req-e88e3715-06ac-4deb-afce-b5061288b751 req-e88e3715-06ac-4deb-afce-b5061288b751 ] Request (VolumesTestJSON:tearDownClass): 201 POST http://10.180.1.21/identity/v3/auth/tokens 0.067s
2025-11-19 17:54:00.364 67273 INFO tempest.lib.common.rest_client [req-cd2bc404-4073-4404-879e-09bfd429bfe2 req-cd2bc404-4073-4404-879e-09bfd429bfe2 ] Request (ServerActionsTestOtherB:setUpClass): 200 GET http://10.180.1.21/compute/v2.1/servers/df9c23ef-cf67-493f-bacc-feaa8dd5cd11 0.236s
2025-11-19 17:54:00.391 67259 INFO tempest.lib.common.rest_client [req-9e664249-3b6d-40d9-97d1-851bd3c5a742 req-9e664249-3b6d-40d9-97d1-851bd3c5a742 ] Request (ServersAdminNegativeTestJSON:tearDownClass): 200 GET http://10.180.1.21/compute/v2.1/servers/3f7f280d-2ee2-499e-9c7f-e918be349d3a 0.335s
2025-11-19 17:54:00.435 67233 INFO tempest.lib.common.rest_client [req-e32f10ab-16e4-4600-af0f-b6395a39e49a req-e32f10ab-16e4-4600-af0f-b6395a39e49a ] Request (ServersTestManualDisk:tearDownClass): 200 GET http://10.180.1.21/compute/v2.1/servers/9aa56675-a080-4448-a486-be3fc636ea27 0.213s
2025-11-19 17:54:00.458 67235 INFO tempest.lib.common.rest_client [req-c281a723-dd17-43cb-91ac-3ea2e5362df4 req-c281a723-dd17-43cb-91ac-3ea2e5362df4 ] Request (ServerPasswordTestJSON:test_delete_server_password): 204 DELETE http://10.180.1.21/compute/v2.1/servers/8f8bcfcd-e9a6-4464-a30e-74a52c4f5fd2/os-server-password 0.221s
2025-11-19 17:54:00.502 67245 INFO tempest.lib.common.rest_client [req-73d1bf39-7a0c-414c-b6e6-f68c1e6e4b2e req-73d1bf39-7a0c-414c-b6e6-f68c1e6e4b2e ] Request (ServerDiagnosticsNegativeTest:test_get_server_diagnostics_by_non_admin): 200 GET http://10.180.1.21/compute/v2.1/servers/d683082f-e97c-493e-af15-ede2a2a9799e 0.222s
2025-11-19 17:54:00.557 67221 INFO tempest.lib.common.rest_client [req-13048e7a-74c7-4c8c-a010-9f6514d45711 req-13048e7a-74c7-4c8c-a010-9f6514d45711 ] Request (MultipleCreateTestJSON:_run_cleanups): 200 GET http://10.180.1.21/compute/v2.1/servers/9266d5fb-b155-400a-9175-29018055151d 0.189s
2025-11-19 17:54:00.560 67213 INFO tempest.lib.common.rest_client [req-252a7b03-0cec-4f11-a627-6f0c4199a0b5 req-252a7b03-0cec-4f11-a627-6f0c4199a0b5 ] Request (VolumesTestJSON:tearDownClass): 200 GET http://10.180.1.21/networking/v2.0/security-groups?tenant_id=04192f99c1314039a6e7c3e88e543773&name=default 0.232s
2025-11-19 17:54:00.587 67223 INFO tempest.lib.common.rest_client [req-02d73e38-1af4-45ea-a9c7-39fc0960948c req-02d73e38-1af4-45ea-a9c7-39fc0960948c ] Request (ServersTestJSON:tearDownClass): 200 GET http://10.180.1.21/compute/v2.1/servers/63f527bd-09cb-48dd-83fa-6a7c0aa98c1f 0.199s
2025-11-19 17:54:00.619 67235 INFO tempest.lib.common.rest_client [req-e43a5d55-2d81-4d7f-b4b5-80e30512dc4a req-e43a5d55-2d81-4d7f-b4b5-80e30512dc4a ] Request (ServerPasswordTestJSON:test_get_server_password): 200 GET http://10.180.1.21/compute/v2.1/servers/8f8bcfcd-e9a6-4464-a30e-74a52c4f5fd2/os-server-password 0.160s
2025-11-19 17:54:00.667 67257 INFO tempest.lib.common.rest_client [req-88160828-b6c0-4646-8c91-1cb87b1c6ceb req-88160828-b6c0-4646-8c91-1cb87b1c6ceb ] Request (DeleteServersTestJSON:test_delete_server_while_in_attached_volume): 200 GET http://10.180.1.21/compute/v2.1/servers/3809a949-de51-4cc4-ac68-5dddd6f69bc9 0.238s
2025-11-19 17:54:00.694 67255 INFO tempest.lib.common.rest_client [req-fe5cac82-e0e9-43b1-8eab-01dca56f1f48 req-fe5cac82-e0e9-43b1-8eab-01dca56f1f48 ] Request (ServerTagsTestJSON:tearDownClass): 200 GET http://10.180.1.21/compute/v2.1/servers/ef85d33f-8d18-4707-804d-0d02e9509523 0.233s
2025-11-19 17:54:00.703 67213 INFO tempest.lib.common.rest_client [req-ee511abe-7432-4bae-b4f7-e46676bd2940 req-ee511abe-7432-4bae-b4f7-e46676bd2940 ] Request (VolumesTestJSON:tearDownClass): 204 DELETE http://10.180.1.21/networking/v2.0/security-groups/da41f486-2f7d-4e7b-89e6-b47f20d3f733 0.141s
2025-11-19 17:54:00.708 67255 INFO tempest.common.waiters [-] State transition "ACTIVE/deleting" ==> "DELETED/None" after 4 second wait
2025-11-19 17:54:00.726 67276 INFO tempest.lib.common.rest_client [req-be592e4a-87dd-484b-8864-af512fb4fc2d req-be592e4a-87dd-484b-8864-af512fb4fc2d ] Request (TenantUsagesTestJSON:setUpClass): 200 GET http://10.180.1.21/compute/v2.1/servers/909ca246-c54f-4759-8b70-65d4249540db 0.229s
2025-11-19 17:54:00.801 67213 INFO tempest.lib.common.rest_client [req-7658b84b-df97-4cab-b44f-2c0c79ba9551 req-7658b84b-df97-4cab-b44f-2c0c79ba9551 ] Request (VolumesTestJSON:tearDownClass): 204 DELETE http://10.180.1.21/identity/v3/projects/04192f99c1314039a6e7c3e88e543773 0.096s
2025-11-19 17:54:00.829 67235 INFO tempest.lib.common.rest_client [req-025eba95-746c-4fc3-b9a2-36ae00e62b26 req-025eba95-746c-4fc3-b9a2-36ae00e62b26 ] Request (ServerPasswordTestJSON:tearDownClass): 204 DELETE http://10.180.1.21/compute/v2.1/servers/8f8bcfcd-e9a6-4464-a30e-74a52c4f5fd2 0.208s
2025-11-19 17:54:00.837 67231 INFO tempest.lib.common.rest_client [req-3fb4be68-da2a-4967-9cd9-fde9b5b53adb req-3fb4be68-da2a-4967-9cd9-fde9b5b53adb ] Request (MigrationsAdminTest:test_resize_server_revert_deleted_flavor): 200 GET http://10.180.1.21/compute/v2.1/servers/ab6acb2e-5b30-4ae3-abbd-cd073bcec44f 0.236s
2025-11-19 17:54:00.908 67211 INFO tempest.lib.common.rest_client [req-5be8118e-9828-49a8-8c26-820c68077f29 req-5be8118e-9828-49a8-8c26-820c68077f29 ] Request (ImagesTestJSON:test_create_server_from_snapshot): 200 GET http://10.180.1.21/compute/v2.1/servers/f941cada-61f3-44f1-9ac4-27cac80917b3 0.245s
2025-11-19 17:54:00.983 67247 INFO tempest.lib.common.rest_client [req-812a5cfd-97f4-475b-bc27-285c73143891 req-812a5cfd-97f4-475b-bc27-285c73143891 ] Request (ServersAdminTestJSON:test_inject_network_info): 200 GET http://10.180.1.21/compute/v2.1/servers/7e3a19b1-6ff4-48b2-a559-054360765a1f 0.339s
2025-11-19 17:54:00.983 67249 INFO tempest.lib.common.rest_client [req-fada9d79-d195-484e-85c7-a75a67cab37e req-fada9d79-d195-484e-85c7-a75a67cab37e ] Request (ServerGroupTestJSON:test_create_server_with_scheduler_hint_group): 200 GET http://10.180.1.21/compute/v2.1/servers/115e7812-4782-406d-9361-9b01083a6928 0.277s
2025-11-19 17:54:01.034 67229 INFO tempest.lib.common.rest_client [req-03150545-b627-4874-b4cd-622655b3e14b req-03150545-b627-4874-b4cd-622655b3e14b ] Request (ListImageFiltersTestJSON:setUpClass): 200 GET http://10.180.1.21/compute/v2.1/images/0280de50-b80e-486a-b4f0-e6635165fb8b 0.328s
2025-11-19 17:54:01.039 67251 INFO tempest.lib.common.rest_client [req-4a71e45a-747c-492a-be3d-1cb75d7b385b req-4a71e45a-747c-492a-be3d-1cb75d7b385b ] Request (SecurityGroupsTestJSON:test_server_security_groups): 200 GET http://10.180.1.21/compute/v2.1/servers/50753e96-ccee-4223-8d85-eaa931f621d5 0.279s
2025-11-19 17:54:01.107 67219 INFO tempest.lib.common.rest_client [req-22e040a8-5f31-46a9-bf24-6b17058a9870 req-22e040a8-5f31-46a9-bf24-6b17058a9870 ] Request (ServersListShow2100Test:test_list_show_rebuild_update_server_2100): 200 GET http://10.180.1.21/compute/v2.1/servers/050c7e3d-3a55-48e7-814a-88f061d4e6b5 0.324s
2025-11-19 17:54:01.176 67264 INFO tempest.lib.common.rest_client [req-d41cf321-c7b2-4e50-ab4e-f5ea6180a27f req-d41cf321-c7b2-4e50-ab4e-f5ea6180a27f ] Request (FloatingIPsAssociationNegativeTestJSON:tearDownClass): 200 GET http://10.180.1.21/compute/v2.1/servers/959752d3-7864-4921-b318-8645ebd247c9 0.341s
2025-11-19 17:54:01.198 67235 INFO tempest.lib.common.rest_client [req-97c03cb8-c15e-4ef6-952e-d3a80a71fc61 req-97c03cb8-c15e-4ef6-952e-d3a80a71fc61 ] Request (ServerPasswordTestJSON:tearDownClass): 200 GET http://10.180.1.21/compute/v2.1/servers/8f8bcfcd-e9a6-4464-a30e-74a52c4f5fd2 0.368s
2025-11-19 17:54:01.264 67243 INFO tempest.lib.common.rest_client [req-8a5bb9aa-5220-4f71-8c1d-77c25b4a3b8b req-8a5bb9aa-5220-4f71-8c1d-77c25b4a3b8b ] Request (AttachInterfacesV270Test:tearDownClass): 200 GET http://10.180.1.21/compute/v2.1/servers/a0b7f1ab-1251-4dca-9ce3-5eaa0c465e1e 0.324s
2025-11-19 17:54:01.317 67217 INFO tempest.lib.common.rest_client [req-f4fe1c48-4d64-42fe-a247-1f334aa4e84c req-f4fe1c48-4d64-42fe-a247-1f334aa4e84c ] Request (InstanceActionsTestJSON:setUpClass): 200 GET http://10.180.1.21/compute/v2.1/servers/4b701d31-49e6-4f80-bfc7-784d1e65587e 0.434s
2025-11-19 17:54:01.339 67239 INFO tempest.lib.common.rest_client [req-08ce1646-4971-4363-8475-c68b89a7a8fa req-08ce1646-4971-4363-8475-c68b89a7a8fa ] Request (ServersAdmin275Test:tearDownClass): 200 GET http://10.180.1.21/compute/v2.1/servers/ba2c29c2-f608-40cd-81b2-c6658c3feb39 0.306s
2025-11-19 17:54:01.378 67271 INFO tempest.lib.common.rest_client [req-af1ac002-e958-4e1e-9e0f-9167ff882bf1 req-af1ac002-e958-4e1e-9e0f-9167ff882bf1 ] Request (ServerActionsTestJSON:setUpClass): 200 GET http://10.180.1.21/compute/v2.1/servers/447391c3-b763-4adc-8efa-3e4a1ee3f78a 0.286s
2025-11-19 17:54:01.401 67215 INFO tempest.lib.common.rest_client [req-b1945d70-a977-45fa-9b87-69e4e33a561f req-b1945d70-a977-45fa-9b87-69e4e33a561f ] Request (VolumesAssistedSnapshotsTest:tearDownClass): 200 GET http://10.180.1.21/compute/v2.1/servers/7da3cbcd-f708-46ae-863d-1de8e097ed59 0.235s
2025-11-19 17:54:01.436 67227 INFO tempest.lib.common.rest_client [req-72c84da2-a6ab-4cea-9afb-7ea361b37727 req-72c84da2-a6ab-4cea-9afb-7ea361b37727 ] Request (ImagesOneServerNegativeTestJSON:_run_cleanups): 200 GET http://10.180.1.21/compute/v2.1/servers/f92a0135-d8fc-4703-9868-27de71ed5974 0.214s
2025-11-19 17:54:01.465 67253 INFO tempest.lib.common.rest_client [req-363e1a7d-9540-4870-8ba8-7ad833ad685d req-363e1a7d-9540-4870-8ba8-7ad833ad685d ] Request (ImagesOneServerTestJSON:tearDownClass): 200 GET http://10.180.1.21/compute/v2.1/servers/702f4b16-b253-4eaf-bfca-18122e735c04 0.174s
2025-11-19 17:54:01.495 67273 INFO tempest.lib.common.rest_client [req-a502e8fc-610f-48f9-a0e3-25f1883489b7 req-a502e8fc-610f-48f9-a0e3-25f1883489b7 ] Request (ServerActionsTestOtherB:setUpClass): 200 GET http://10.180.1.21/compute/v2.1/servers/df9c23ef-cf67-493f-bacc-feaa8dd5cd11 0.121s
2025-11-19 17:54:01.516 67233 INFO tempest.lib.common.rest_client [req-4ecacdea-12a9-4680-8c0e-bcef9fd08cb3 req-4ecacdea-12a9-4680-8c0e-bcef9fd08cb3 ] Request (ServersTestManualDisk:tearDownClass): 404 GET http://10.180.1.21/compute/v2.1/servers/9aa56675-a080-4448-a486-be3fc636ea27 0.067s
2025-11-19 17:54:01.578 67259 INFO tempest.lib.common.rest_client [req-660b3f7c-316d-4882-8d8f-2e2319be6646 req-660b3f7c-316d-4882-8d8f-2e2319be6646 ] Request (ServersAdminNegativeTestJSON:tearDownClass): 200 GET http://10.180.1.21/compute/v2.1/servers/3f7f280d-2ee2-499e-9c7f-e918be349d3a 0.178s
2025-11-19 17:54:01.598 67233 INFO tempest.lib.common.rest_client [req-dbfee637-ea0c-4806-b8a6-5555f716dfe2 req-dbfee637-ea0c-4806-b8a6-5555f716dfe2 ] Request (ServersTestManualDisk:tearDownClass): 202 DELETE http://10.180.1.21/compute/v2.1/os-keypairs/tempest-keypair-27755998 0.082s
2025-11-19 17:54:01.605 67245 INFO tempest.lib.common.rest_client [req-155d3d40-39e5-43de-bac2-fca3f57bbff3 req-155d3d40-39e5-43de-bac2-fca3f57bbff3 ] Request (ServerDiagnosticsNegativeTest:test_get_server_diagnostics_by_non_admin): 200 GET http://10.180.1.21/compute/v2.1/servers/d683082f-e97c-493e-af15-ede2a2a9799e 0.093s
2025-11-19 17:54:01.660 67221 INFO tempest.lib.common.rest_client [req-cfa7de6f-739a-4bc9-8e7d-cc4a78b1cca8 req-cfa7de6f-739a-4bc9-8e7d-cc4a78b1cca8 ] Request (MultipleCreateTestJSON:_run_cleanups): 200 GET http://10.180.1.21/compute/v2.1/servers/9266d5fb-b155-400a-9175-29018055151d 0.094s
2025-11-19 17:54:01.678 67223 INFO tempest.lib.common.rest_client [req-347ba0ec-3f4d-47b2-879b-86587ac10523 req-347ba0ec-3f4d-47b2-879b-86587ac10523 ] Request (ServersTestJSON:tearDownClass): 200 GET http://10.180.1.21/compute/v2.1/servers/63f527bd-09cb-48dd-83fa-6a7c0aa98c1f 0.082s
2025-11-19 17:54:01.705 67233 INFO tempest.lib.common.rest_client [req-6bce8f88-fe3a-4f13-97f5-7f394599e46a req-6bce8f88-fe3a-4f13-97f5-7f394599e46a ] Request (ServersTestManualDisk:tearDownClass): 204 DELETE http://10.180.1.21/networking/v2.0/security-groups/acbae6a5-b9cb-4715-9a33-1f4541e42659 0.106s
2025-11-19 17:54:01.719 67233 INFO tempest.lib.common.rest_client [req-97838ae5-4e40-4194-bee2-ea3465f1c497 req-97838ae5-4e40-4194-bee2-ea3465f1c497 ] Request (ServersTestManualDisk:tearDownClass): 404 GET http://10.180.1.21/networking/v2.0/security-groups/acbae6a5-b9cb-4715-9a33-1f4541e42659 0.013s
2025-11-19 17:54:01.745 67257 INFO tempest.lib.common.rest_client [req-bc48b74b-c5e7-45e8-afde-fc08d6546452 req-bc48b74b-c5e7-45e8-afde-fc08d6546452 ] Request (DeleteServersTestJSON:test_delete_server_while_in_attached_volume): 200 GET http://10.180.1.21/compute/v2.1/servers/3809a949-de51-4cc4-ac68-5dddd6f69bc9 0.069s
2025-11-19 17:54:01.778 67255 INFO tempest.lib.common.rest_client [req-f0ce5c91-d6c0-4f4a-b3a9-dbf5a668669f req-f0ce5c91-d6c0-4f4a-b3a9-dbf5a668669f ] Request (ServerTagsTestJSON:tearDownClass): 200 GET http://10.180.1.21/compute/v2.1/servers/ef85d33f-8d18-4707-804d-0d02e9509523 0.069s
