2025-06-14 12:22:05.279 63349 INFO tempest.lib.common.rest_client [req-f7561a33-d9ae-4a23-95f1-aff0c05923f7 req-f7561a33-d9ae-4a23-95f1-aff0c05923f7 ] Request (ServerShowV257Test:test_rebuild_server): 200 GET http://10.180.1.21/compute/v2.1/servers/9a82e2f5-c681-4e89-bd1b-4d3c153b0b2c 0.504s
2025-06-14 12:22:05.350 63325 INFO tempest.lib.common.rest_client [req-d0070d50-fc6d-450f-bc40-0bd450ee6dbc req-d0070d50-fc6d-450f-bc40-0bd450ee6dbc ] Request (ImagesOneServerNegativeTestJSON:_run_cleanups): 200 GET http://10.180.1.21/compute/v2.1/servers/ed279ec6-f5bb-4e3e-aa0d-8c4739baf24d 0.572s
2025-06-14 12:22:05.420 63313 INFO tempest.lib.common.rest_client [req-99d23e51-0c6d-493c-a5a6-26c2e4e3be10 req-99d23e51-0c6d-493c-a5a6-26c2e4e3be10 ] Request (ListImageFiltersTestJSON:setUpClass): 200 GET http://10.180.1.21/compute/v2.1/servers/4398cb00-ac09-4d96-8505-ef5c3a426b48 0.586s
2025-06-14 12:22:05.516 63299 INFO tempest.lib.common.rest_client [req-d876037c-9a34-4d87-8845-9e6884182935 req-d876037c-9a34-4d87-8845-9e6884182935 ] Request (FloatingIPsAssociationTestJSON:tearDownClass): 200 GET http://10.180.1.21/compute/v2.1/servers/85f38a11-9eec-4cfc-b7e9-a10660b797c4 0.655s
2025-06-14 12:22:05.521 63307 INFO tempest.lib.common.rest_client [req-f2161665-525f-4f7c-ace0-504592293fb1 req-f2161665-525f-4f7c-ace0-504592293fb1 ] Request (ServerRescueTestJSON:setUpClass): 201 POST http://10.180.1.21:9696/networking/v2.0/networks 0.441s
2025-06-14 12:22:05.608 63303 INFO tempest.lib.common.rest_client [req-c85ad44e-aad9-4415-9179-a511e32b7053 req-c85ad44e-aad9-4415-9179-a511e32b7053 ] Request (ServerActionsTestOtherA:test_rebuild_server_in_stop_state): 202 POST http://10.180.1.21/compute/v2.1/servers/3d4d6c69-f535-4814-ba99-2148d92a56e9/action 0.714s
2025-06-14 12:22:05.644 63355 INFO tempest.lib.common.rest_client [req-6a59db37-bf22-4129-9c0e-e98ccaabc6b1 req-6a59db37-bf22-4129-9c0e-e98ccaabc6b1 ] Request (ServerRescueTestJSONUnderV235:test_rescued_vm_add_remove_security_group): 202 POST http://10.180.1.21/compute/v2.1/servers/6ba2a89d-c16d-4a88-9a39-890b5d1e8805/action 0.991s
2025-06-14 12:22:05.698 63359 INFO tempest.lib.common.rest_client [req-f8487aad-91a5-4ebb-994e-4920ded8f369 req-f8487aad-91a5-4ebb-994e-4920ded8f369 ] Request (ServerMetadataNegativeTestJSON:tearDownClass): 200 GET http://10.180.1.21/compute/v2.1/servers/bcfd5eec-379f-4ee7-9b51-25bdf9f06331 0.747s
2025-06-14 12:22:05.716 63329 INFO tempest.lib.common.rest_client [req-f933551e-a9bf-4384-943c-b6713c121fca req-f933551e-a9bf-4384-943c-b6713c121fca ] Request (ServerExternalEventsTest:tearDownClass): 200 GET http://10.180.1.21/compute/v2.1/servers/1a5841ee-5077-498f-b6e6-142ab4408bda 0.762s
2025-06-14 12:22:05.746 63307 INFO tempest.lib.common.rest_client [req-d9ce0904-9217-4dd0-99ec-0275d0c9eec0 req-d9ce0904-9217-4dd0-99ec-0275d0c9eec0 ] Request (ServerRescueTestJSON:setUpClass): 201 POST http://10.180.1.21:9696/networking/v2.0/subnets 0.224s
2025-06-14 12:22:05.850 63336 WARNING tempest.lib.common.ssh [-] Failed to establish authenticated ssh connection to cirros@10.180.180.140 ([Errno None] Unable to connect to port 22 on 10.180.180.140). Number attempts: 10. Retry after 11 seconds.: paramiko.ssh_exception.NoValidConnectionsError: [Errno None] Unable to connect to port 22 on 10.180.180.140
2025-06-14 12:22:05.899 63327 INFO tempest.lib.common.rest_client [req-119be202-a5a9-4461-b80c-dcfe9b4bbc33 req-119be202-a5a9-4461-b80c-dcfe9b4bbc33 ] Request (SecurityGroupsTestJSON:test_security_groups_create_list_delete): 200 GET http://10.180.1.21/compute/v2.1/os-security-groups 0.687s
2025-06-14 12:22:05.903 63357 INFO tempest.lib.common.rest_client [req-a9427ef2-e895-452b-b19a-8b5e25c052e8 req-a9427ef2-e895-452b-b19a-8b5e25c052e8 ] Request (MigrationsAdminTest:test_list_migrations_in_flavor_resize_situation): 200 GET http://10.180.1.21/compute/v2.1/servers/a2324457-b2cf-4522-a94a-a5a76231aa9c 0.768s
2025-06-14 12:22:06.031 63321 INFO tempest.lib.common.rest_client [req-65da0c93-830c-4284-9037-4a244c61b96a req-65da0c93-830c-4284-9037-4a244c61b96a ] Request (ServersAdminTestJSON:test_rebuild_server_in_error_state): 200 GET http://10.180.1.21/compute/v2.1/servers/e0c137c2-6f96-400f-9a9a-8d413f6826b0 0.614s
2025-06-14 12:22:06.043 63321 INFO tempest.common.waiters [-] State transition "REBUILD/rebuild_spawning" ==> "ACTIVE/None" after 11 second wait
2025-06-14 12:22:06.075 63351 WARNING tempest.lib.common.ssh [-] Failed to establish authenticated ssh connection to cirros@10.180.180.241 ([Errno None] Unable to connect to port 22 on 10.180.180.241). Number attempts: 6. Retry after 7 seconds.: paramiko.ssh_exception.NoValidConnectionsError: [Errno None] Unable to connect to port 22 on 10.180.180.241
2025-06-14 12:22:06.104 63317 INFO tempest.lib.common.rest_client [req-7c990ad8-c195-4698-8ee1-57c11f5555cc req-7c990ad8-c195-4698-8ee1-57c11f5555cc ] Request (ServerActionsV293TestJSON:setUpClass): 200 GET http://10.180.1.21/compute/v2.1/servers/2394a624-e98a-4704-910b-7953d093e762 0.605s
2025-06-14 12:22:06.211 63347 INFO tempest.lib.common.rest_client [req-e5189d7d-6a7b-483e-9100-3fb545dcffe7 req-e5189d7d-6a7b-483e-9100-3fb545dcffe7 ] Request (ServersTestMultiNic:_run_cleanups): 200 GET http://10.180.1.21/compute/v2.1/servers/3d4886b0-5036-4acf-8286-14e030f0382d 0.981s
2025-06-14 12:22:06.230 63303 INFO tempest.lib.common.rest_client [req-4c57f48c-93a2-42b2-bee7-fd6647670c33 req-4c57f48c-93a2-42b2-bee7-fd6647670c33 ] Request (ServerActionsTestOtherA:test_rebuild_server_in_stop_state): 200 GET http://10.180.1.21/compute/v2.1/servers/3d4d6c69-f535-4814-ba99-2148d92a56e9 0.621s
2025-06-14 12:22:06.415 63307 INFO tempest.lib.common.rest_client [req-a1756901-a850-4efd-b4da-85b9878d69f5 req-a1756901-a850-4efd-b4da-85b9878d69f5 ] Request (ServerRescueTestJSON:setUpClass): 201 POST http://10.180.1.21:9696/networking/v2.0/routers 0.668s
2025-06-14 12:22:06.692 63353 INFO tempest.lib.common.rest_client [req-97260c51-132b-42bf-a5f3-3a9332996e23 req-97260c51-132b-42bf-a5f3-3a9332996e23 ] Request (AttachInterfacesV270Test:test_create_get_list_interfaces): 200 GET http://10.180.1.21/compute/v2.1/servers/ee169eb1-7f24-4cbc-ba40-faefd752e75b 1.036s
2025-06-14 12:22:06.803 63337 INFO tempest.lib.common.rest_client [req-4dcc155f-27c8-4613-8d11-cfa60fc86330 req-4dcc155f-27c8-4613-8d11-cfa60fc86330 ] Request (ServerRescueNegativeTestJSON:setUpClass): 200 GET http://10.180.1.21/compute/v2.1/servers/cb7add9c-5bfd-4e66-9078-4c9fd7e05ff8 1.081s
2025-06-14 12:22:06.855 63339 INFO tempest.lib.common.rest_client [req-8477580d-edab-43f5-9549-fc794a85f82e req-8477580d-edab-43f5-9549-fc794a85f82e ] Request (ServersAdminNegativeTestJSON:test_migrate_server_invalid_state): 200 GET http://10.180.1.21/compute/v2.1/servers/9f3f2c5d-edf2-43cb-884c-175385aedadd 1.072s
2025-06-14 12:22:06.879 63355 INFO tempest.lib.common.rest_client [req-b5a15149-a414-4e4d-be95-e0a0efb7e001 req-b5a15149-a414-4e4d-be95-e0a0efb7e001 ] Request (ServerRescueTestJSONUnderV235:test_rescued_vm_add_remove_security_group): 202 POST http://10.180.1.21/compute/v2.1/servers/6ba2a89d-c16d-4a88-9a39-890b5d1e8805/action 1.235s
2025-06-14 12:22:06.973 63311 INFO tempest.lib.common.rest_client [req-56f4e116-e200-4507-9f62-d490bb8139ca req-56f4e116-e200-4507-9f62-d490bb8139ca ] Request (AttachVolumeTestJSON:test_attach_detach_volume): 200 GET http://10.180.1.21/compute/v2.1/servers/8ed8415c-9e2e-47f1-b3f1-a06b129b1f77 1.082s
2025-06-14 12:22:07.033 63327 INFO tempest.lib.common.rest_client [req-5f4b2bf9-49b5-4a72-b464-74e1bf758375 req-5f4b2bf9-49b5-4a72-b464-74e1bf758375 ] Request (SecurityGroupsTestJSON:test_security_groups_create_list_delete): 202 DELETE http://10.180.1.21/compute/v2.1/os-security-groups/88a1728f-5570-45f5-ad76-64a96c7aa9c1 1.130s
2025-06-14 12:22:07.040 63315 INFO tempest.lib.common.rest_client [req-26386474-29cc-4821-b5bb-9075cdb96009 req-26386474-29cc-4821-b5bb-9075cdb96009 ] Request (ServerGroupTestJSON:test_create_server_with_scheduler_hint_group): 200 GET http://10.180.1.21/compute/v2.1/servers/1c23893d-524b-465a-b289-d04a4d3c9e5a 1.099s
2025-06-14 12:22:07.060 63297 INFO tempest.lib.common.rest_client [req-36a77ef2-551e-484f-81b7-79a8b28e85ca req-36a77ef2-551e-484f-81b7-79a8b28e85ca ] Request (ServerPasswordTestJSON:tearDownClass): 404 GET http://10.180.1.21/compute/v2.1/servers/5b497fd9-7b68-4a7b-a155-bb93004b29da 1.111s
2025-06-14 12:22:07.109 63333 INFO tempest.lib.common.rest_client [req-65f2ba37-7433-4622-acc6-6a9f2f6cbc88 req-65f2ba37-7433-4622-acc6-6a9f2f6cbc88 ] Request (ServerActionsTestJSON:setUpClass): 200 GET http://10.180.1.21/compute/v2.1/servers/15f739e9-f387-4b1a-8d9c-3482915eb2b5 1.097s
2025-06-14 12:22:07.117 63333 INFO tempest.common.waiters [-] State transition "BUILD/scheduling" ==> "BUILD/None" after 19 second wait
2025-06-14 12:22:07.145 63319 INFO tempest.lib.common.rest_client [req-12b79b04-ec05-416c-acf0-caa7c5923665 req-12b79b04-ec05-416c-acf0-caa7c5923665 ] Request (FloatingIPsAssociationNegativeTestJSON:tearDownClass): 200 GET http://10.180.1.21/compute/v2.1/servers/d1ca890a-802b-424b-9e79-95ac46977bce 1.119s
2025-06-14 12:22:07.221 63349 INFO tempest.lib.common.rest_client [req-f1959114-fc66-4390-9674-8203985593f0 req-f1959114-fc66-4390-9674-8203985593f0 ] Request (ServerShowV257Test:test_rebuild_server): 200 GET http://10.180.1.21/compute/v2.1/servers/9a82e2f5-c681-4e89-bd1b-4d3c153b0b2c 0.931s
2025-06-14 12:22:07.301 63325 INFO tempest.lib.common.rest_client [req-6328b0af-ef3c-4c9e-936c-77f9c47a838f req-6328b0af-ef3c-4c9e-936c-77f9c47a838f ] Request (ImagesOneServerNegativeTestJSON:_run_cleanups): 200 GET http://10.180.1.21/compute/v2.1/servers/ed279ec6-f5bb-4e3e-aa0d-8c4739baf24d 0.943s
2025-06-14 12:22:07.392 63313 INFO tempest.lib.common.rest_client [req-0206d11a-e244-4848-886c-83164de29270 req-0206d11a-e244-4848-886c-83164de29270 ] Request (ListImageFiltersTestJSON:setUpClass): 200 GET http://10.180.1.21/compute/v2.1/servers/4398cb00-ac09-4d96-8505-ef5c3a426b48 0.964s
2025-06-14 12:22:07.415 63321 INFO tempest.lib.common.rest_client [req-54eed089-fba3-4e3b-994c-ddc6f9a79e59 req-54eed089-fba3-4e3b-994c-ddc6f9a79e59 ] Request (ServersAdminTestJSON:test_rebuild_server_in_error_state): 200 GET http://10.180.1.21/compute/v2.1/servers/e0c137c2-6f96-400f-9a9a-8d413f6826b0 1.371s
2025-06-14 12:22:07.495 63299 INFO tempest.lib.common.rest_client [req-812c9f03-5a5e-47a1-afc3-411f7c8fb5e4 req-812c9f03-5a5e-47a1-afc3-411f7c8fb5e4 ] Request (FloatingIPsAssociationTestJSON:tearDownClass): 200 GET http://10.180.1.21/compute/v2.1/servers/85f38a11-9eec-4cfc-b7e9-a10660b797c4 0.963s
2025-06-14 12:22:07.499 63359 INFO tempest.lib.common.rest_client [req-696c3df3-4723-43db-a001-4f4787199591 req-696c3df3-4723-43db-a001-4f4787199591 ] Request (ServerMetadataNegativeTestJSON:tearDownClass): 200 GET http://10.180.1.21/compute/v2.1/servers/bcfd5eec-379f-4ee7-9b51-25bdf9f06331 0.791s
2025-06-14 12:22:07.561 63329 INFO tempest.lib.common.rest_client [req-64229e0b-491f-430c-ac64-33046828bf4f req-64229e0b-491f-430c-ac64-33046828bf4f ] Request (ServerExternalEventsTest:tearDownClass): 200 GET http://10.180.1.21/compute/v2.1/servers/1a5841ee-5077-498f-b6e6-142ab4408bda 0.832s
2025-06-14 12:22:07.681 63307 INFO tempest.lib.common.rest_client [req-c06e8f9b-c6bb-4fe1-a340-8d7fc6339d93 req-c06e8f9b-c6bb-4fe1-a340-8d7fc6339d93 ] Request (ServerRescueTestJSON:setUpClass): 200 PUT http://10.180.1.21:9696/networking/v2.0/routers/20fb67d3-a332-4c50-ae34-68379ed9815f/add_router_interface 1.265s
2025-06-14 12:22:07.681 63307 INFO tempest.lib.common.dynamic_creds [-] Created isolated network resources for: credentials: Credentials: {'domain_id': 'default', 'domain_name': 'Default', 'username': 'tempest-ServerRescueTestJSON-1023946604-project-member', 'project_domain_id': 'default', 'project_domain_name': 'Default', 'project_id': '8e3e3eb6818f422cb899e7279691efcf', 'project_name': 'tempest-ServerRescueTestJSON-1023946604', 'tenant_id': '8e3e3eb6818f422cb899e7279691efcf', 'tenant_name': 'tempest-ServerRescueTestJSON-1023946604', 'user_domain_id': 'default', 'user_domain_name': 'Default', 'user_id': '2273813756314367bb05c47a3d74339b', 'system': None}, Network: {'id': '5c0d3adf-9c56-4c14-bcdf-bb7bd76166b8', 'name': 'tempest-ServerRescueTestJSON-1598419964-network', 'tenant_id': '8e3e3eb6818f422cb899e7279691efcf', 'admin_state_up': True, 'mtu': 8950, 'status': 'ACTIVE', 'subnets': [], 'shared': False, 'project_id': '8e3e3eb6818f422cb899e7279691efcf', 'port_security_enabled': True, 'router:external': False, 'provider:network_type': 'vlan', 'provider:physical_network': 'default', 'provider:segmentation_id': 633, 'availability_zone_hints': [], 'availability_zones': [], 'ipv4_address_scope': None, 'ipv6_address_scope': None, 'description': '', 'tags': [], 'created_at': '2025-06-14T12:22:05Z', 'updated_at': '2025-06-14T12:22:05Z', 'revision_number': 1}, Subnet: {'id': 'd6600e71-534f-4c8c-9fed-22dac3d467b3', 'name': 'tempest-ServerRescueTestJSON-1598419964-subnet', 'tenant_id': '8e3e3eb6818f422cb899e7279691efcf', 'network_id': '5c0d3adf-9c56-4c14-bcdf-bb7bd76166b8', 'ip_version': 4, 'subnetpool_id': None, 'enable_dhcp': False, 'ipv6_ra_mode': None, 'ipv6_address_mode': None, 'gateway_ip': '192.168.128.1', 'cidr': '192.168.128.0/28', 'allocation_pools': [{'start': '192.168.128.2', 'end': '192.168.128.14'}], 'host_routes': [], 'dns_nameservers': [], 'description': '', 'router:external': False, 'service_types': [], 'tags': [], 'created_at': '2025-06-14T12:22:05Z', 'updated_at': '2025-06-14T12:22:05Z', 'revision_number': 0, 'project_id': '8e3e3eb6818f422cb899e7279691efcf'}, Router: {'id': '20fb67d3-a332-4c50-ae34-68379ed9815f', 'name': 'tempest-ServerRescueTestJSON-1598419964-router', 'tenant_id': '8e3e3eb6818f422cb899e7279691efcf', 'admin_state_up': True, 'status': 'ACTIVE', 'external_gateway_info': {'network_id': 'b3a02297-03e0-4a80-a387-ddd50de1bc28', 'external_fixed_ips': [{'subnet_id': '9e769ad5-6357-4c9e-950d-14f2b1aab6ff', 'ip_address': '10.180.180.222'}], 'enable_snat': True}, 'description': '', 'availability_zones': [], 'distributed': False, 'ha': False, 'availability_zone_hints': [], 'routes': [], 'flavor_id': None, 'tags': [], 'created_at': '2025-06-14T12:22:05Z', 'updated_at': '2025-06-14T12:22:06Z', 'revision_number': 2, 'project_id': '8e3e3eb6818f422cb899e7279691efcf'}
2025-06-14 12:22:07.754 63357 INFO tempest.lib.common.rest_client [req-3265433d-7b04-4ce2-8813-efefffaee749 req-3265433d-7b04-4ce2-8813-efefffaee749 ] Request (MigrationsAdminTest:test_list_migrations_in_flavor_resize_situation): 200 GET http://10.180.1.21/compute/v2.1/servers/a2324457-b2cf-4522-a94a-a5a76231aa9c 0.842s
2025-06-14 12:22:07.778 63307 INFO tempest.lib.common.rest_client [req-373ff0bd-5058-4ddf-965e-d99f9b191233 req-373ff0bd-5058-4ddf-965e-d99f9b191233 ] Request (ServerRescueTestJSON:setUpClass): 201 POST http://10.180.1.21/identity/v3/auth/tokens 0.092s
2025-06-14 12:22:07.784 63327 INFO tempest.lib.common.rest_client [req-530d8b20-1eb2-42b5-aacf-10e0d1875143 req-530d8b20-1eb2-42b5-aacf-10e0d1875143 ] Request (SecurityGroupsTestJSON:test_security_groups_create_list_delete): 404 GET http://10.180.1.21/compute/v2.1/os-security-groups/88a1728f-5570-45f5-ad76-64a96c7aa9c1 0.750s
2025-06-14 12:22:07.827 63307 INFO tempest.lib.common.rest_client [req-5676e580-51a5-41f7-be9f-554b6de17230 req-5676e580-51a5-41f7-be9f-554b6de17230 ] Request (ServerRescueTestJSON:setUpClass): 201 POST http://10.180.1.21/identity/v3/auth/tokens 0.045s
2025-06-14 12:22:07.828 63307 INFO tempest.lib.common.fixed_network [-] (ServerRescueTestJSON:setUpClass) Found network {'id': '5c0d3adf-9c56-4c14-bcdf-bb7bd76166b8', 'name': 'tempest-ServerRescueTestJSON-1598419964-network', 'tenant_id': '8e3e3eb6818f422cb899e7279691efcf', 'admin_state_up': True, 'mtu': 8950, 'status': 'ACTIVE', 'subnets': [], 'shared': False, 'project_id': '8e3e3eb6818f422cb899e7279691efcf', 'port_security_enabled': True, 'router:external': False, 'provider:network_type': 'vlan', 'provider:physical_network': 'default', 'provider:segmentation_id': 633, 'availability_zone_hints': [], 'availability_zones': [], 'ipv4_address_scope': None, 'ipv6_address_scope': None, 'description': '', 'tags': [], 'created_at': '2025-06-14T12:22:05Z', 'updated_at': '2025-06-14T12:22:05Z', 'revision_number': 1} available for tenant
2025-06-14 12:22:07.868 63317 INFO tempest.lib.common.rest_client [req-fc7662ad-4524-437d-bf38-ae2db56cc309 req-fc7662ad-4524-437d-bf38-ae2db56cc309 ] Request (ServerActionsV293TestJSON:setUpClass): 200 GET http://10.180.1.21/compute/v2.1/servers/2394a624-e98a-4704-910b-7953d093e762 0.754s
2025-06-14 12:22:07.892 63347 INFO tempest.lib.common.rest_client [req-7a3d0143-2fc9-419b-b1f5-0c1a4d564b84 req-7a3d0143-2fc9-419b-b1f5-0c1a4d564b84 ] Request (ServersTestMultiNic:_run_cleanups): 404 GET http://10.180.1.21/compute/v2.1/servers/3d4886b0-5036-4acf-8286-14e030f0382d 0.672s
2025-06-14 12:22:08.033 63347 INFO tempest.lib.common.rest_client [req-6835212c-4840-46ac-9fda-3ffd01388239 req-6835212c-4840-46ac-9fda-3ffd01388239 ] Request (ServersTestMultiNic:_run_cleanups): 204 DELETE http://10.180.1.21:9696/networking/v2.0/subnets/d962774f-d0fa-40e3-988c-c583c3756442 0.140s
2025-06-14 12:22:08.065 63303 INFO tempest.lib.common.rest_client [req-40e0903e-621b-423a-a6db-d542fbe1849e req-40e0903e-621b-423a-a6db-d542fbe1849e ] Request (ServerActionsTestOtherA:test_rebuild_server_in_stop_state): 200 GET http://10.180.1.21/compute/v2.1/servers/3d4d6c69-f535-4814-ba99-2148d92a56e9 0.825s
2025-06-14 12:22:08.074 63303 INFO tempest.common.waiters [-] State transition "ACTIVE/powering-off" ==> "SHUTOFF/None" after 2 second wait
2025-06-14 12:22:08.265 63305 WARNING tempest.lib.common.ssh [-] Failed to establish authenticated ssh connection to cirros@10.180.180.208 ([Errno None] Unable to connect to port 22 on 10.180.180.208). Number attempts: 6. Retry after 7 seconds.: paramiko.ssh_exception.NoValidConnectionsError: [Errno None] Unable to connect to port 22 on 10.180.180.208
2025-06-14 12:22:08.281 63309 WARNING tempest.lib.common.ssh [-] Failed to establish authenticated ssh connection to cirros@10.180.180.196 ([Errno None] Unable to connect to port 22 on 10.180.180.196). Number attempts: 11. Retry after 12 seconds.: paramiko.ssh_exception.NoValidConnectionsError: [Errno None] Unable to connect to port 22 on 10.180.180.196
2025-06-14 12:22:08.290 63321 INFO tempest.lib.common.rest_client [req-95a9d7e8-234e-436f-ba6b-dcb12db10231 req-95a9d7e8-234e-436f-ba6b-dcb12db10231 ] Request (ServersAdminTestJSON:_run_cleanups): 202 POST http://10.180.1.21/compute/v2.1/servers/e0c137c2-6f96-400f-9a9a-8d413f6826b0/action 0.866s
2025-06-14 12:22:08.328 63347 INFO tempest.lib.common.rest_client [req-19c47e49-d170-4821-8146-029b3ed2752c req-19c47e49-d170-4821-8146-029b3ed2752c ] Request (ServersTestMultiNic:_run_cleanups): 204 DELETE http://10.180.1.21:9696/networking/v2.0/networks/0ff6c002-d81a-440c-a37b-b81067afb6b5 0.295s
2025-06-14 12:22:08.455 63353 INFO tempest.lib.common.rest_client [req-76803530-59ce-4790-9512-1851c413a7dc req-76803530-59ce-4790-9512-1851c413a7dc ] Request (AttachInterfacesV270Test:test_create_get_list_interfaces): 200 GET http://10.180.1.21/compute/v2.1/servers/ee169eb1-7f24-4cbc-ba40-faefd752e75b 0.752s
2025-06-14 12:22:08.494 63347 INFO tempest.lib.common.rest_client [req-db24420d-6500-4aac-b213-3599428a6c68 req-db24420d-6500-4aac-b213-3599428a6c68 ] Request (ServersTestMultiNic:_run_cleanups): 204 DELETE http://10.180.1.21:9696/networking/v2.0/subnets/824914e7-3870-42e4-ba2a-1ed1fd37f53a 0.165s
2025-06-14 12:22:08.587 63297 INFO tempest.lib.common.rest_client [req-d05a68b8-0525-4b5a-9967-c0cf534230d7 req-d05a68b8-0525-4b5a-9967-c0cf534230d7 ] Request (ServerPasswordTestJSON:tearDownClass): 200 PUT http://10.180.1.21:9696/networking/v2.0/routers/b26b0bd8-9c52-4434-9d44-38f65f7c3323/remove_router_interface 1.527s
2025-06-14 12:22:08.616 63355 INFO tempest.lib.common.rest_client [req-3098d24b-8cf8-4c9e-a137-5251c5fff82c req-3098d24b-8cf8-4c9e-a137-5251c5fff82c ] Request (ServerRescueTestJSONUnderV235:test_rescued_vm_associate_dissociate_floating_ip): 200 POST http://10.180.1.21/compute/v2.1/os-floating-ips 1.735s
2025-06-14 12:22:08.678 63337 INFO tempest.lib.common.rest_client [req-9d5ee99f-2b36-4caa-a0e2-b6f304651064 req-9d5ee99f-2b36-4caa-a0e2-b6f304651064 ] Request (ServerRescueNegativeTestJSON:setUpClass): 200 GET http://10.180.1.21/compute/v2.1/servers/cb7add9c-5bfd-4e66-9078-4c9fd7e05ff8 0.868s
2025-06-14 12:22:08.686 63327 INFO tempest.lib.common.rest_client [req-5cad3bb3-490b-417d-9119-f01637c6a11c req-5cad3bb3-490b-417d-9119-f01637c6a11c ] Request (SecurityGroupsTestJSON:test_security_groups_create_list_delete): 202 DELETE http://10.180.1.21/compute/v2.1/os-security-groups/05b6fb31-c938-466a-a0a9-20dbb3bfe196 0.901s
2025-06-14 12:22:08.747 63339 INFO tempest.lib.common.rest_client [req-f05fc388-f747-418f-8c2c-8ce22337e6eb req-f05fc388-f747-418f-8c2c-8ce22337e6eb ] Request (ServersAdminNegativeTestJSON:test_migrate_server_invalid_state): 200 GET http://10.180.1.21/compute/v2.1/servers/9f3f2c5d-edf2-43cb-884c-175385aedadd 0.879s
2025-06-14 12:22:08.780 63347 INFO tempest.lib.common.rest_client [req-c7636e1e-1dd3-4de7-8ed9-8292b0c19048 req-c7636e1e-1dd3-4de7-8ed9-8292b0c19048 ] Request (ServersTestMultiNic:_run_cleanups): 204 DELETE http://10.180.1.21:9696/networking/v2.0/networks/bbbb5307-3cac-411d-ba0e-b20ec2816e10 0.286s
2025-06-14 12:22:08.917 63347 INFO tempest.lib.common.rest_client [req-9e778022-1a8d-4fd3-a2f5-640294a74e76 req-9e778022-1a8d-4fd3-a2f5-640294a74e76 ] Request (ServersTestMultiNic:test_verify_multiple_nics_order): 201 POST http://10.180.1.21:9696/networking/v2.0/networks 0.135s
2025-06-14 12:22:08.973 63311 INFO tempest.lib.common.rest_client [req-5f8723eb-85fc-4ce7-92b6-8b9fbf9aeb78 req-5f8723eb-85fc-4ce7-92b6-8b9fbf9aeb78 ] Request (AttachVolumeTestJSON:test_attach_detach_volume): 200 GET http://10.180.1.21/compute/v2.1/servers/8ed8415c-9e2e-47f1-b3f1-a06b129b1f77 0.988s
2025-06-14 12:22:08.983 63311 INFO tempest.common.waiters [-] State transition "BUILD/spawning" ==> "ACTIVE/None" after 56 second wait
2025-06-14 12:22:09.061 63315 INFO tempest.lib.common.rest_client [req-386f57e4-d947-4432-89c8-220b86d975d1 req-386f57e4-d947-4432-89c8-220b86d975d1 ] Request (ServerGroupTestJSON:test_create_server_with_scheduler_hint_group): 200 GET http://10.180.1.21/compute/v2.1/servers/1c23893d-524b-465a-b289-d04a4d3c9e5a 1.009s
2025-06-14 12:22:09.167 63347 INFO tempest.lib.common.rest_client [req-34d56517-521d-4fab-96cb-bc5aac4cdd1d req-34d56517-521d-4fab-96cb-bc5aac4cdd1d ] Request (ServersTestMultiNic:test_verify_multiple_nics_order): 201 POST http://10.180.1.21:9696/networking/v2.0/subnets 0.250s
2025-06-14 12:22:09.233 63297 INFO tempest.lib.common.rest_client [req-37cdc84d-adb5-437d-9976-7f4a4097d719 req-37cdc84d-adb5-437d-9976-7f4a4097d719 ] Request (ServerPasswordTestJSON:tearDownClass): 204 DELETE http://10.180.1.21:9696/networking/v2.0/routers/b26b0bd8-9c52-4434-9d44-38f65f7c3323 0.645s
2025-06-14 12:22:09.270 63303 INFO tempest.lib.common.rest_client [req-63c427b8-3535-48c3-8d47-c1486be9feb0 req-63c427b8-3535-48c3-8d47-c1486be9feb0 ] Request (ServerActionsTestOtherA:test_rebuild_server_in_stop_state): 202 POST http://10.180.1.21/compute/v2.1/servers/3d4d6c69-f535-4814-ba99-2148d92a56e9/action 1.196s
2025-06-14 12:22:09.281 63307 INFO tempest.lib.common.rest_client [req-50f07b32-75b6-47ce-b56e-37fa3376a7ed req-50f07b32-75b6-47ce-b56e-37fa3376a7ed ] Request (ServerRescueTestJSON:setUpClass): 202 POST http://10.180.1.21/compute/v2.1/servers 1.453s
2025-06-14 12:22:09.304 63347 INFO tempest.lib.common.rest_client [req-1dc0724f-b177-4a62-ad66-7d5da86ede74 req-1dc0724f-b177-4a62-ad66-7d5da86ede74 ] Request (ServersTestMultiNic:test_verify_multiple_nics_order): 201 POST http://10.180.1.21:9696/networking/v2.0/networks 0.136s
2025-06-14 12:22:09.305 63323 WARNING tempest.lib.common.ssh [-] Failed to establish authenticated ssh connection to cirros@10.180.180.225 ([Errno None] Unable to connect to port 22 on 10.180.180.225). Number attempts: 9. Retry after 10 seconds.: paramiko.ssh_exception.NoValidConnectionsError: [Errno None] Unable to connect to port 22 on 10.180.180.225
2025-06-14 12:22:09.323 63333 INFO tempest.lib.common.rest_client [req-25ea67e5-4c38-4943-9b24-403a78204934 req-25ea67e5-4c38-4943-9b24-403a78204934 ] Request (ServerActionsTestJSON:setUpClass): 200 GET http://10.180.1.21/compute/v2.1/servers/15f739e9-f387-4b1a-8d9c-3482915eb2b5 1.204s
2025-06-14 12:22:09.357 63319 INFO tempest.lib.common.rest_client [req-acc5d30f-11d7-43ea-92d6-bbe5697afd32 req-acc5d30f-11d7-43ea-92d6-bbe5697afd32 ] Request (FloatingIPsAssociationNegativeTestJSON:tearDownClass): 200 GET http://10.180.1.21/compute/v2.1/servers/d1ca890a-802b-424b-9e79-95ac46977bce 1.200s
2025-06-14 12:22:09.397 63349 INFO tempest.lib.common.rest_client [req-7beb8de5-cca0-4aeb-8231-6003080dafeb req-7beb8de5-cca0-4aeb-8231-6003080dafeb ] Request (ServerShowV257Test:test_rebuild_server): 200 GET http://10.180.1.21/compute/v2.1/servers/9a82e2f5-c681-4e89-bd1b-4d3c153b0b2c 1.165s
2025-06-14 12:22:09.470 63325 INFO tempest.lib.common.rest_client [req-60e9104b-0144-4258-a7c8-a690c3108e7e req-60e9104b-0144-4258-a7c8-a690c3108e7e ] Request (ImagesOneServerNegativeTestJSON:_run_cleanups): 200 GET http://10.180.1.21/compute/v2.1/servers/ed279ec6-f5bb-4e3e-aa0d-8c4739baf24d 1.159s
2025-06-14 12:22:09.473 63297 INFO tempest.lib.common.rest_client [req-a4586563-5e2c-418d-be1c-e42638d565a0 req-a4586563-5e2c-418d-be1c-e42638d565a0 ] Request (ServerPasswordTestJSON:tearDownClass): 204 DELETE http://10.180.1.21:9696/networking/v2.0/subnets/36a4fdc4-5af9-436e-a5ba-753b7283b3b4 0.240s
2025-06-14 12:22:09.496 63321 INFO tempest.lib.common.rest_client [req-01867f00-ea6f-4492-8a46-4a39f193b44f req-01867f00-ea6f-4492-8a46-4a39f193b44f ] Request (ServersAdminTestJSON:_run_cleanups): 200 GET http://10.180.1.21/compute/v2.1/servers/e0c137c2-6f96-400f-9a9a-8d413f6826b0 1.200s
2025-06-14 12:22:09.526 63313 INFO tempest.lib.common.rest_client [req-9c59f1f6-f675-4193-881b-5937d8715918 req-9c59f1f6-f675-4193-881b-5937d8715918 ] Request (ListImageFiltersTestJSON:setUpClass): 200 GET http://10.180.1.21/compute/v2.1/servers/4398cb00-ac09-4d96-8505-ef5c3a426b48 1.124s
2025-06-14 12:22:09.631 63347 INFO tempest.lib.common.rest_client [req-85e75903-4883-41e9-8b91-388d140b191e req-85e75903-4883-41e9-8b91-388d140b191e ] Request (ServersTestMultiNic:test_verify_multiple_nics_order): 201 POST http://10.180.1.21:9696/networking/v2.0/subnets 0.326s
2025-06-14 12:22:09.708 63347 INFO tempest.lib.common.rest_client [req-1513790c-0902-4d42-a7dd-39597f4ae4d5 req-1513790c-0902-4d42-a7dd-39597f4ae4d5 ] Request (ServersTestMultiNic:test_verify_multiple_nics_order): 201 POST http://10.180.1.21/identity/v3/auth/tokens 0.074s
2025-06-14 12:22:09.709 63347 INFO tempest.lib.common.fixed_network [-] (ServersTestMultiNic:test_verify_multiple_nics_order) Found network {'id': '950f5397-c884-406f-b714-151c8230444a', 'name': 'tempest-ServersTestMultiNic-734415511-network', 'tenant_id': 'bc3abe24ee274789a5efb3d07fd66291', 'admin_state_up': True, 'mtu': 8950, 'status': 'ACTIVE', 'subnets': [], 'shared': False, 'project_id': 'bc3abe24ee274789a5efb3d07fd66291', 'port_security_enabled': True, 'router:external': False, 'provider:network_type': 'vlan', 'provider:physical_network': 'default', 'provider:segmentation_id': 37, 'availability_zone_hints': [], 'availability_zones': [], 'ipv4_address_scope': None, 'ipv6_address_scope': None, 'description': '', 'tags': [], 'created_at': '2025-06-14T12:20:31Z', 'updated_at': '2025-06-14T12:20:31Z', 'revision_number': 1} available for tenant
2025-06-14 12:22:09.814 63297 INFO tempest.lib.common.rest_client [req-54ef6fab-1181-4bc8-bb31-d23b9a5fef2e req-54ef6fab-1181-4bc8-bb31-d23b9a5fef2e ] Request (ServerPasswordTestJSON:tearDownClass): 204 DELETE http://10.180.1.21:9696/networking/v2.0/networks/921d90a0-4912-4bfe-8714-29b6bb6b2632 0.341s
2025-06-14 12:22:09.833 63299 INFO tempest.lib.common.rest_client [req-0b21b791-2a27-4982-b225-1ac121d8bd42 req-0b21b791-2a27-4982-b225-1ac121d8bd42 ] Request (FloatingIPsAssociationTestJSON:tearDownClass): 200 GET http://10.180.1.21/compute/v2.1/servers/85f38a11-9eec-4cfc-b7e9-a10660b797c4 1.328s
2025-06-14 12:22:09.839 63359 INFO tempest.lib.common.rest_client [req-7c4f9f74-a0bc-4247-993f-1571e1e84103 req-7c4f9f74-a0bc-4247-993f-1571e1e84103 ] Request (ServerMetadataNegativeTestJSON:tearDownClass): 200 GET http://10.180.1.21/compute/v2.1/servers/bcfd5eec-379f-4ee7-9b51-25bdf9f06331 1.332s
2025-06-14 12:22:09.922 63329 INFO tempest.lib.common.rest_client [req-34a6419c-5ac4-4eaa-8585-e76f59dcf402 req-34a6419c-5ac4-4eaa-8585-e76f59dcf402 ] Request (ServerExternalEventsTest:tearDownClass): 200 GET http://10.180.1.21/compute/v2.1/servers/1a5841ee-5077-498f-b6e6-142ab4408bda 1.348s
2025-06-14 12:22:09.950 63297 INFO tempest.lib.common.rest_client [req-e5a8f715-63fe-4018-a93c-a461a3c8bfe6 req-e5a8f715-63fe-4018-a93c-a461a3c8bfe6 ] Request (ServerPasswordTestJSON:tearDownClass): 204 DELETE http://10.180.1.21/identity/v3/users/04decd77fd9a418da6a1b9b112c5126f 0.136s
2025-06-14 12:22:09.950 63297 INFO tempest.lib.common.dynamic_creds [-] Deleting project and security group for project: b34f55fbbba947a198c0b7fb80a68193
2025-06-14 12:22:09.955 63327 INFO tempest.lib.common.rest_client [req-31f9d74d-d811-45d0-a5de-2841e8b74222 req-31f9d74d-d811-45d0-a5de-2841e8b74222 ] Request (SecurityGroupsTestJSON:test_security_groups_create_list_delete): 404 GET http://10.180.1.21/compute/v2.1/os-security-groups/05b6fb31-c938-466a-a0a9-20dbb3bfe196 1.269s
2025-06-14 12:22:10.000 63297 INFO tempest.lib.common.rest_client [req-717b3a4e-a38c-4969-a029-6360ab105717 req-717b3a4e-a38c-4969-a029-6360ab105717 ] Request (ServerPasswordTestJSON:tearDownClass): 200 GET http://10.180.1.21:9696/networking/v2.0/security-groups?tenant_id=b34f55fbbba947a198c0b7fb80a68193&name=default 0.049s
2025-06-14 12:22:10.108 63297 INFO tempest.lib.common.rest_client [req-5b132475-b790-4e72-bb0c-be112223f925 req-5b132475-b790-4e72-bb0c-be112223f925 ] Request (ServerPasswordTestJSON:tearDownClass): 204 DELETE http://10.180.1.21:9696/networking/v2.0/security-groups/a1262ce7-9d69-4ee4-9458-d12053088d94 0.107s
2025-06-14 12:22:10.191 63357 INFO tempest.lib.common.rest_client [req-045d3496-aefe-4746-bd69-64456b1f53e8 req-045d3496-aefe-4746-bd69-64456b1f53e8 ] Request (MigrationsAdminTest:test_list_migrations_in_flavor_resize_situation): 200 GET http://10.180.1.21/compute/v2.1/servers/a2324457-b2cf-4522-a94a-a5a76231aa9c 1.426s
2025-06-14 12:22:10.216 63297 INFO tempest.lib.common.rest_client [req-f786d078-dd0e-4d88-adfc-411bd2710650 req-f786d078-dd0e-4d88-adfc-411bd2710650 ] Request (ServerPasswordTestJSON:tearDownClass): 204 DELETE http://10.180.1.21/identity/v3/projects/b34f55fbbba947a198c0b7fb80a68193 0.108s
2025-06-14 12:22:10.263 63317 INFO tempest.lib.common.rest_client [req-5a730dd0-5263-4cf7-a92d-36fe4966bd23 req-5a730dd0-5263-4cf7-a92d-36fe4966bd23 ] Request (ServerActionsV293TestJSON:setUpClass): 200 GET http://10.180.1.21/compute/v2.1/servers/2394a624-e98a-4704-910b-7953d093e762 1.382s
2025-06-14 12:22:10.290 63297 INFO tempest.lib.common.rest_client [req-f172b9c4-cc5c-452e-b299-922f9a230fec req-f172b9c4-cc5c-452e-b299-922f9a230fec ] Request (ServersNegativeTestJSON:setUpClass): 201 POST http://10.180.1.21/identity/v3/auth/tokens 0.071s
2025-06-14 12:22:10.319 63297 INFO tempest.lib.common.rest_client [req-2f63ffc4-cab3-4e60-99a6-e0d400ae5fd9 req-2f63ffc4-cab3-4e60-99a6-e0d400ae5fd9 ] Request (ServersNegativeTestJSON:setUpClass): 201 POST http://10.180.1.21/identity/v3/auth/tokens 0.026s
2025-06-14 12:22:10.339 63311 INFO tempest.lib.common.rest_client [req-22551a1e-f533-4264-9a6a-daa902af813c req-22551a1e-f533-4264-9a6a-daa902af813c ] Request (AttachVolumeTestJSON:test_attach_detach_volume): 200 GET http://10.180.1.21/compute/v2.1/servers/8ed8415c-9e2e-47f1-b3f1-a06b129b1f77/os-interface 1.355s
2025-06-14 12:22:10.345 63297 INFO tempest.lib.common.rest_client [req-99822657-1906-4fc7-a156-4fd6ebcfd1c6 req-99822657-1906-4fc7-a156-4fd6ebcfd1c6 ] Request (ServersNegativeTestJSON:setUpClass): 200 GET http://10.180.1.21/identity/v3/domains?name=Default 0.026s
2025-06-14 12:22:10.377 63297 INFO tempest.lib.common.rest_client [req-222dbb2b-afdd-479f-b9e8-c7463fa118dc req-222dbb2b-afdd-479f-b9e8-c7463fa118dc ] Request (ServersNegativeTestJSON:setUpClass): 201 POST http://10.180.1.21/identity/v3/projects 0.031s
2025-06-14 12:22:10.400 63307 INFO tempest.lib.common.rest_client [req-323fda24-8319-43e5-9f41-6faf23d14c9f req-323fda24-8319-43e5-9f41-6faf23d14c9f ] Request (ServerRescueTestJSON:setUpClass): 200 GET http://10.180.1.21/compute/v2.1/servers/9edbba21-b4e1-4219-9c72-ba75974067c8 1.117s
2025-06-14 12:22:10.441 63297 INFO tempest.lib.common.rest_client [req-d44fea34-9444-494f-b36a-419823e61381 req-d44fea34-9444-494f-b36a-419823e61381 ] Request (ServersNegativeTestJSON:setUpClass): 201 POST http://10.180.1.21/identity/v3/users 0.063s
2025-06-14 12:22:10.465 63297 INFO tempest.lib.common.rest_client [req-122f4569-1452-4654-b01c-ffbcafaf7b63 req-122f4569-1452-4654-b01c-ffbcafaf7b63 ] Request (ServersNegativeTestJSON:setUpClass): 200 GET http://10.180.1.21/identity/v3/roles 0.023s
2025-06-14 12:22:10.500 63297 INFO tempest.lib.common.rest_client [req-507fe39a-3a35-4f8d-8b4a-0bfbb06af159 req-507fe39a-3a35-4f8d-8b4a-0bfbb06af159 ] Request (ServersNegativeTestJSON:setUpClass): 204 PUT http://10.180.1.21/identity/v3/projects/60b0e1b532754160bde6b6d242b49dcc/users/cd8446fdd02d4f198c38a832a66e7cd6/roles/beea4e4577474418be852571c0a10e8a 0.035s
2025-06-14 12:22:10.501 63297 INFO tempest.lib.common.dynamic_creds [-] Dynamic test user cd8446fdd02d4f198c38a832a66e7cd6 is created with scope project and roles: ['member']
2025-06-14 12:22:10.501 63297 INFO tempest.lib.common.dynamic_creds [-] Acquired dynamic creds: credentials: Credentials: {'domain_id': 'default', 'domain_name': 'Default', 'username': 'tempest-ServersNegativeTestJSON-729475527-project-member', 'project_domain_id': 'default', 'project_domain_name': 'Default', 'project_id': '60b0e1b532754160bde6b6d242b49dcc', 'project_name': 'tempest-ServersNegativeTestJSON-729475527', 'tenant_id': '60b0e1b532754160bde6b6d242b49dcc', 'tenant_name': 'tempest-ServersNegativeTestJSON-729475527', 'user_domain_id': 'default', 'user_domain_name': 'Default', 'user_id': 'cd8446fdd02d4f198c38a832a66e7cd6', 'system': None}, Network: None, Subnet: None, Router: None
2025-06-14 12:22:10.519 63303 INFO tempest.lib.common.rest_client [req-2e3d674b-3048-49fa-b233-4a0a3e08e589 req-2e3d674b-3048-49fa-b233-4a0a3e08e589 ] Request (ServerActionsTestOtherA:test_rebuild_server_in_stop_state): 200 GET http://10.180.1.21/compute/v2.1/servers/3d4d6c69-f535-4814-ba99-2148d92a56e9 1.237s
2025-06-14 12:22:10.577 63297 INFO tempest.lib.common.rest_client [req-873e713f-3370-45ff-a3bf-c9cbd9e2faf5 req-873e713f-3370-45ff-a3bf-c9cbd9e2faf5 ] Request (ServersNegativeTestJSON:setUpClass): 201 POST http://10.180.1.21/identity/v3/auth/tokens 0.075s
2025-06-14 12:22:10.670 63353 INFO tempest.lib.common.rest_client [req-889018a4-f88f-4375-831f-135d812964da req-889018a4-f88f-4375-831f-135d812964da ] Request (AttachInterfacesV270Test:test_create_get_list_interfaces): 200 GET http://10.180.1.21/compute/v2.1/servers/ee169eb1-7f24-4cbc-ba40-faefd752e75b 1.201s
2025-06-14 12:22:10.759 63337 INFO tempest.lib.common.rest_client [req-e6a41f4b-e0a0-45bf-be4c-593da59b13c9 req-e6a41f4b-e0a0-45bf-be4c-593da59b13c9 ] Request (ServerRescueNegativeTestJSON:setUpClass): 200 GET http://10.180.1.21/compute/v2.1/servers/cb7add9c-5bfd-4e66-9078-4c9fd7e05ff8 1.072s
2025-06-14 12:22:11.044 63311 INFO tempest.lib.common.rest_client [req-035711b2-13d2-48c2-ab77-a8e49d5969cd req-035711b2-13d2-48c2-ab77-a8e49d5969cd ] Request (AttachVolumeTestJSON:test_attach_detach_volume): 200 PUT http://10.180.1.21:9696/networking/v2.0/floatingips/f01d715d-dd3f-418e-ad12-a7fbfaf0c78c 0.702s
2025-06-14 12:22:11.046 63311 INFO tempest.lib.common.ssh [-] Creating ssh connection to '10.180.180.211:22' as 'cirros' with public key authentication
2025-06-14 12:22:11.142 63355 INFO tempest.lib.common.rest_client [req-5dfde7af-694b-4206-8ec3-da12f28f02a8 req-5dfde7af-694b-4206-8ec3-da12f28f02a8 ] Request (ServerRescueTestJSONUnderV235:test_rescued_vm_associate_dissociate_floating_ip): 202 POST http://10.180.1.21/compute/v2.1/servers/6ba2a89d-c16d-4a88-9a39-890b5d1e8805/action 2.524s
2025-06-14 12:22:11.149 63297 INFO tempest.lib.common.rest_client [req-cfabf3e2-f0b3-4bf4-a3a4-ea2defa18bc9 req-cfabf3e2-f0b3-4bf4-a3a4-ea2defa18bc9 ] Request (ServersNegativeTestJSON:setUpClass): 201 POST http://10.180.1.21:9696/networking/v2.0/networks 0.572s
2025-06-14 12:22:11.197 63345 WARNING tempest.lib.common.ssh [-] Failed to establish authenticated ssh connection to cirros@10.180.180.247 ([Errno None] Unable to connect to port 22 on 10.180.180.247). Number attempts: 9. Retry after 10 seconds.: paramiko.ssh_exception.NoValidConnectionsError: [Errno None] Unable to connect to port 22 on 10.180.180.247
2025-06-14 12:22:11.220 63339 INFO tempest.lib.common.rest_client [req-59455a33-5107-4d96-a8d0-d05a005db7ab req-59455a33-5107-4d96-a8d0-d05a005db7ab ] Request (ServersAdminNegativeTestJSON:test_migrate_server_invalid_state): 200 GET http://10.180.1.21/compute/v2.1/servers/9f3f2c5d-edf2-43cb-884c-175385aedadd 1.465s
2025-06-14 12:22:11.396 63327 INFO tempest.lib.common.rest_client [req-5efc5408-f65b-45de-8b58-6bcacb5e8ca7 req-5efc5408-f65b-45de-8b58-6bcacb5e8ca7 ] Request (SecurityGroupsTestJSON:test_security_groups_create_list_delete): 202 DELETE http://10.180.1.21/compute/v2.1/os-security-groups/b074271b-0d13-4621-997d-48ab039cebc5 1.440s
2025-06-14 12:22:11.452 63297 INFO tempest.lib.common.rest_client [req-bd9f909f-4384-405e-96bc-2cb467366c45 req-bd9f909f-4384-405e-96bc-2cb467366c45 ] Request (ServersNegativeTestJSON:setUpClass): 201 POST http://10.180.1.21:9696/networking/v2.0/subnets 0.302s
2025-06-14 12:22:11.453 63315 INFO tempest.lib.common.rest_client [req-048381f6-2e91-4869-8ab6-0bfbebc9f9eb req-048381f6-2e91-4869-8ab6-0bfbebc9f9eb ] Request (ServerGroupTestJSON:test_create_server_with_scheduler_hint_group): 200 GET http://10.180.1.21/compute/v2.1/servers/1c23893d-524b-465a-b289-d04a4d3c9e5a 1.380s
2025-06-14 12:22:11.523 63347 INFO tempest.lib.common.rest_client [req-a1a5f89a-e6fe-4145-9110-703689ebf4f4 req-a1a5f89a-e6fe-4145-9110-703689ebf4f4 ] Request (ServersTestMultiNic:test_verify_multiple_nics_order): 202 POST http://10.180.1.21/compute/v2.1/servers 1.813s
2025-06-14 12:22:11.543 63333 INFO tempest.lib.common.rest_client [req-8649829c-1838-4b3f-b096-6ffa1039cf23 req-8649829c-1838-4b3f-b096-6ffa1039cf23 ] Request (ServerActionsTestJSON:setUpClass): 200 GET http://10.180.1.21/compute/v2.1/servers/15f739e9-f387-4b1a-8d9c-3482915eb2b5 1.210s
2025-06-14 12:22:11.544 63319 INFO tempest.lib.common.rest_client [req-86b001ef-9cba-4ce7-8588-79f18278e0d6 req-86b001ef-9cba-4ce7-8588-79f18278e0d6 ] Request (FloatingIPsAssociationNegativeTestJSON:tearDownClass): 404 GET http://10.180.1.21/compute/v2.1/servers/d1ca890a-802b-424b-9e79-95ac46977bce 1.176s
2025-06-14 12:22:11.636 63325 INFO tempest.lib.common.rest_client [req-fc92897c-2038-4749-8bdd-5ce665f5d15d req-fc92897c-2038-4749-8bdd-5ce665f5d15d ] Request (ImagesOneServerNegativeTestJSON:_run_cleanups): 200 GET http://10.180.1.21/compute/v2.1/servers/ed279ec6-f5bb-4e3e-aa0d-8c4739baf24d 1.152s
2025-06-14 12:22:11.650 63349 INFO tempest.lib.common.rest_client [req-4db78542-68a6-4cbe-8dec-65c8aeea661a req-4db78542-68a6-4cbe-8dec-65c8aeea661a ] Request (ServerShowV257Test:test_rebuild_server): 200 GET http://10.180.1.21/compute/v2.1/servers/9a82e2f5-c681-4e89-bd1b-4d3c153b0b2c 1.241s
2025-06-14 12:22:11.659 63349 INFO tempest.common.waiters [-] State transition "BUILD/scheduling" ==> "BUILD/None" after 18 second wait
2025-06-14 12:22:11.672 63301 WARNING tempest.lib.common.ssh [-] Failed to establish authenticated ssh connection to cirros@10.180.180.231 ([Errno None] Unable to connect to port 22 on 10.180.180.231). Number attempts: 11. Retry after 12 seconds.: paramiko.ssh_exception.NoValidConnectionsError: [Errno None] Unable to connect to port 22 on 10.180.180.231
2025-06-14 12:22:11.735 63313 INFO tempest.lib.common.rest_client [req-c4adb2db-b3ac-4260-a7ba-8306ef99d1bf req-c4adb2db-b3ac-4260-a7ba-8306ef99d1bf ] Request (ListImageFiltersTestJSON:setUpClass): 200 GET http://10.180.1.21/compute/v2.1/servers/4398cb00-ac09-4d96-8505-ef5c3a426b48 1.200s
2025-06-14 12:22:11.799 63299 INFO tempest.lib.common.rest_client [req-f5ff0ff5-8ae2-4673-83c3-f22cfd6bc96b req-f5ff0ff5-8ae2-4673-83c3-f22cfd6bc96b ] Request (FloatingIPsAssociationTestJSON:tearDownClass): 200 GET http://10.180.1.21/compute/v2.1/servers/85f38a11-9eec-4cfc-b7e9-a10660b797c4 0.956s
2025-06-14 12:22:11.816 63321 INFO tempest.lib.common.rest_client [req-18fa2f6a-22e4-406b-ad9f-293c8abbf3f4 req-18fa2f6a-22e4-406b-ad9f-293c8abbf3f4 ] Request (ServersAdminTestJSON:_run_cleanups): 200 GET http://10.180.1.21/compute/v2.1/servers/e0c137c2-6f96-400f-9a9a-8d413f6826b0 1.312s
2025-06-14 12:22:11.824 63321 INFO tempest.common.waiters [-] State transition "REBUILD/rebuilding" ==> "REBUILD/rebuild_spawning" after 2 second wait
2025-06-14 12:22:11.862 63359 INFO tempest.lib.common.rest_client [req-a18d5a16-f4b1-42f8-8cbd-dc413c04c786 req-a18d5a16-f4b1-42f8-8cbd-dc413c04c786 ] Request (ServerMetadataNegativeTestJSON:tearDownClass): 200 GET http://10.180.1.21/compute/v2.1/servers/bcfd5eec-379f-4ee7-9b51-25bdf9f06331 1.013s
2025-06-14 12:22:11.894 63329 INFO tempest.lib.common.rest_client [req-9dcc42e6-ff0c-48fe-abae-3bc209095405 req-9dcc42e6-ff0c-48fe-abae-3bc209095405 ] Request (ServerExternalEventsTest:tearDownClass): 200 GET http://10.180.1.21/compute/v2.1/servers/1a5841ee-5077-498f-b6e6-142ab4408bda 0.962s
2025-06-14 12:22:12.098 63357 INFO tempest.lib.common.rest_client [req-17d0c50b-cc25-4cdb-a2c6-4447a6dacdaa req-17d0c50b-cc25-4cdb-a2c6-4447a6dacdaa ] Request (MigrationsAdminTest:test_list_migrations_in_flavor_resize_situation): 200 GET http://10.180.1.21/compute/v2.1/servers/a2324457-b2cf-4522-a94a-a5a76231aa9c 0.898s
2025-06-14 12:22:12.193 63317 INFO tempest.lib.common.rest_client [req-bec88a91-3c66-4857-bbd2-15f2dd78b397 req-bec88a91-3c66-4857-bbd2-15f2dd78b397 ] Request (ServerActionsV293TestJSON:setUpClass): 200 GET http://10.180.1.21/compute/v2.1/servers/2394a624-e98a-4704-910b-7953d093e762 0.916s
2025-06-14 12:22:12.228 63327 INFO tempest.lib.common.rest_client [req-842f8659-4dce-4039-948c-d5925692ae48 req-842f8659-4dce-4039-948c-d5925692ae48 ] Request (SecurityGroupsTestJSON:test_security_groups_create_list_delete): 404 GET http://10.180.1.21/compute/v2.1/os-security-groups/b074271b-0d13-4621-997d-48ab039cebc5 0.831s
2025-06-14 12:22:12.295 63307 INFO tempest.lib.common.rest_client [req-495666d6-ba54-4bca-93d4-98b025c6a75c req-495666d6-ba54-4bca-93d4-98b025c6a75c ] Request (ServerRescueTestJSON:setUpClass): 200 GET http://10.180.1.21/compute/v2.1/servers/9edbba21-b4e1-4219-9c72-ba75974067c8 0.886s
2025-06-14 12:22:12.369 63347 INFO tempest.lib.common.rest_client [req-80cd1193-5bdb-4513-8c44-eb59954faf7b req-80cd1193-5bdb-4513-8c44-eb59954faf7b ] Request (ServersTestMultiNic:test_verify_multiple_nics_order): 200 GET http://10.180.1.21/compute/v2.1/servers/3503fa46-8fec-4253-85a7-f6f4c516cb97 0.844s
2025-06-14 12:22:12.890 63303 INFO tempest.lib.common.rest_client [req-32e8e370-abe2-4486-bdc5-5e793ae4d0d1 req-32e8e370-abe2-4486-bdc5-5e793ae4d0d1 ] Request (ServerActionsTestOtherA:test_rebuild_server_in_stop_state): 200 GET http://10.180.1.21/compute/v2.1/servers/3d4d6c69-f535-4814-ba99-2148d92a56e9 1.360s
2025-06-14 12:22:12.899 63303 INFO tempest.common.waiters [-] State transition "REBUILD/rebuilding" ==> "REBUILD/rebuild_spawning" after 2 second wait
2025-06-14 12:22:13.241 63353 INFO tempest.lib.common.rest_client [req-fc8f3e1a-9f1c-40f5-b4f6-48b81d751412 req-fc8f3e1a-9f1c-40f5-b4f6-48b81d751412 ] Request (AttachInterfacesV270Test:test_create_get_list_interfaces): 200 GET http://10.180.1.21/compute/v2.1/servers/ee169eb1-7f24-4cbc-ba40-faefd752e75b 1.556s
2025-06-14 12:22:13.256 63353 INFO tempest.common.waiters [-] State transition "BUILD/spawning" ==> "ACTIVE/None" after 59 second wait
2025-06-14 12:22:13.315 63337 INFO tempest.lib.common.rest_client [req-f00c205d-fbe1-42ee-bf2c-2dc2c92f0018 req-f00c205d-fbe1-42ee-bf2c-2dc2c92f0018 ] Request (ServerRescueNegativeTestJSON:setUpClass): 200 GET http://10.180.1.21/compute/v2.1/servers/cb7add9c-5bfd-4e66-9078-4c9fd7e05ff8 1.549s
2025-06-14 12:22:13.518 63297 INFO tempest.lib.common.rest_client [req-bbceca3c-9614-4c70-ba10-68cbbba9444e req-bbceca3c-9614-4c70-ba10-68cbbba9444e ] Request (ServersNegativeTestJSON:setUpClass): 201 POST http://10.180.1.21:9696/networking/v2.0/routers 2.065s
2025-06-14 12:22:13.561 63327 INFO tempest.lib.common.rest_client [req-be13b40e-5235-4469-80b5-8ae00e8f80b8 req-be13b40e-5235-4469-80b5-8ae00e8f80b8 ] Request (SecurityGroupsTestJSON:test_security_groups_create_list_delete): 200 GET http://10.180.1.21/compute/v2.1/os-security-groups 1.333s
2025-06-14 12:22:13.584 63351 WARNING tempest.lib.common.ssh [-] Failed to establish authenticated ssh connection to cirros@10.180.180.241 ([Errno None] Unable to connect to port 22 on 10.180.180.241). Number attempts: 7. Retry after 8 seconds.: paramiko.ssh_exception.NoValidConnectionsError: [Errno None] Unable to connect to port 22 on 10.180.180.241
2025-06-14 12:22:13.679 63319 INFO tempest.lib.common.rest_client [req-affd04d1-df47-4a94-b444-46ddd54eca18 req-affd04d1-df47-4a94-b444-46ddd54eca18 ] Request (FloatingIPsAssociationNegativeTestJSON:tearDownClass): 200 PUT http://10.180.1.21:9696/networking/v2.0/routers/259e66ca-13c9-4004-b93c-04365ed3aa35/remove_router_interface 2.134s
2025-06-14 12:22:13.679 63339 INFO tempest.lib.common.rest_client [req-f0e2145e-6af3-4a88-99f2-a5ac66d55c7c req-f0e2145e-6af3-4a88-99f2-a5ac66d55c7c ] Request (ServersAdminNegativeTestJSON:test_migrate_server_invalid_state): 200 GET http://10.180.1.21/compute/v2.1/servers/9f3f2c5d-edf2-43cb-884c-175385aedadd 1.449s
2025-06-14 12:22:13.756 63315 INFO tempest.lib.common.rest_client [req-ae5b6416-43b6-469e-a413-420156634652 req-ae5b6416-43b6-469e-a413-420156634652 ] Request (ServerGroupTestJSON:test_create_server_with_scheduler_hint_group): 200 GET http://10.180.1.21/compute/v2.1/servers/1c23893d-524b-465a-b289-d04a4d3c9e5a 1.295s
2025-06-14 12:22:13.826 63333 INFO tempest.lib.common.rest_client [req-f356a10f-5ed7-4e97-9362-ab8796ddfb7b req-f356a10f-5ed7-4e97-9362-ab8796ddfb7b ] Request (ServerActionsTestJSON:setUpClass): 200 GET http://10.180.1.21/compute/v2.1/servers/15f739e9-f387-4b1a-8d9c-3482915eb2b5 1.268s
2025-06-14 12:22:13.914 63355 INFO tempest.lib.common.rest_client [req-b3e8c3ea-cd10-4ddf-8191-ef540457b552 req-b3e8c3ea-cd10-4ddf-8191-ef540457b552 ] Request (ServerRescueTestJSONUnderV235:test_rescued_vm_associate_dissociate_floating_ip): 202 POST http://10.180.1.21/compute/v2.1/servers/6ba2a89d-c16d-4a88-9a39-890b5d1e8805/action 2.771s
2025-06-14 12:22:13.949 63325 INFO tempest.lib.common.rest_client [req-b0fa6852-6902-42a2-8391-f970f0562609 req-b0fa6852-6902-42a2-8391-f970f0562609 ] Request (ImagesOneServerNegativeTestJSON:_run_cleanups): 200 GET http://10.180.1.21/compute/v2.1/servers/ed279ec6-f5bb-4e3e-aa0d-8c4739baf24d 1.303s
2025-06-14 12:22:13.995 63349 INFO tempest.lib.common.rest_client [req-32d1defb-1157-4ac3-b783-46f4f556969b req-32d1defb-1157-4ac3-b783-46f4f556969b ] Request (ServerShowV257Test:test_rebuild_server): 200 GET http://10.180.1.21/compute/v2.1/servers/9a82e2f5-c681-4e89-bd1b-4d3c153b0b2c 1.334s
2025-06-14 12:22:14.024 63313 INFO tempest.lib.common.rest_client [req-71c9cf7f-8720-4591-a266-49e5a54bef79 req-71c9cf7f-8720-4591-a266-49e5a54bef79 ] Request (ListImageFiltersTestJSON:setUpClass): 200 GET http://10.180.1.21/compute/v2.1/servers/4398cb00-ac09-4d96-8505-ef5c3a426b48 1.276s
2025-06-14 12:22:14.078 63299 INFO tempest.lib.common.rest_client [req-ce659cd9-5c66-4a7b-be8b-8bb8e50102b5 req-ce659cd9-5c66-4a7b-be8b-8bb8e50102b5 ] Request (FloatingIPsAssociationTestJSON:tearDownClass): 200 GET http://10.180.1.21/compute/v2.1/servers/85f38a11-9eec-4cfc-b7e9-a10660b797c4 1.263s
2025-06-14 12:22:14.152 63359 INFO tempest.lib.common.rest_client [req-2918fc8b-2f79-4665-8d93-933812d33aad req-2918fc8b-2f79-4665-8d93-933812d33aad ] Request (ServerMetadataNegativeTestJSON:tearDownClass): 200 GET http://10.180.1.21/compute/v2.1/servers/bcfd5eec-379f-4ee7-9b51-25bdf9f06331 1.280s
2025-06-14 12:22:14.228 63329 INFO tempest.lib.common.rest_client [req-3dcdb20c-6348-4251-a7b4-7f8a9d3281c6 req-3dcdb20c-6348-4251-a7b4-7f8a9d3281c6 ] Request (ServerExternalEventsTest:tearDownClass): 200 GET http://10.180.1.21/compute/v2.1/servers/1a5841ee-5077-498f-b6e6-142ab4408bda 1.321s
2025-06-14 12:22:14.311 63321 INFO tempest.lib.common.rest_client [req-3c47d493-269c-42aa-8052-523af1d823bd req-3c47d493-269c-42aa-8052-523af1d823bd ] Request (ServersAdminTestJSON:_run_cleanups): 200 GET http://10.180.1.21/compute/v2.1/servers/e0c137c2-6f96-400f-9a9a-8d413f6826b0 1.487s
2025-06-14 12:22:14.375 63317 INFO tempest.lib.common.rest_client [req-1c032122-5e23-4f69-be07-01177e8d91ad req-1c032122-5e23-4f69-be07-01177e8d91ad ] Request (ServerActionsV293TestJSON:setUpClass): 200 GET http://10.180.1.21/compute/v2.1/servers/2394a624-e98a-4704-910b-7953d093e762 1.171s
2025-06-14 12:22:14.377 63357 INFO tempest.lib.common.rest_client [req-856b48de-9eff-40d3-b44f-8b81d2ebc260 req-856b48de-9eff-40d3-b44f-8b81d2ebc260 ] Request (MigrationsAdminTest:test_list_migrations_in_flavor_resize_situation): 200 GET http://10.180.1.21/compute/v2.1/servers/a2324457-b2cf-4522-a94a-a5a76231aa9c 1.267s
