2025-06-14 12:21:01.015 63327 INFO tempest.lib.common.fixed_network [-] (SecurityGroupsTestJSON:test_list_security_groups_by_server) Found network {'id': '6c3a138d-3151-4e6d-b64f-4193d95a4c22', 'name': 'tempest-SecurityGroupsTestJSON-1724766171-network', 'tenant_id': 'ef8ce59ce5474c519edaec7e8aef8ecb', 'admin_state_up': True, 'mtu': 8950, 'status': 'ACTIVE', 'subnets': [], 'shared': False, 'project_id': 'ef8ce59ce5474c519edaec7e8aef8ecb', 'port_security_enabled': True, 'router:external': False, 'provider:network_type': 'vlan', 'provider:physical_network': 'default', 'provider:segmentation_id': 84, 'availability_zone_hints': [], 'availability_zones': [], 'ipv4_address_scope': None, 'ipv6_address_scope': None, 'description': '', 'tags': [], 'created_at': '2025-06-14T12:20:53Z', 'updated_at': '2025-06-14T12:20:53Z', 'revision_number': 1} available for tenant
2025-06-14 12:21:01.117 63311 INFO tempest.lib.common.rest_client [req-a07c71f4-84ba-4a50-b1ab-382568adf0d7 req-a07c71f4-84ba-4a50-b1ab-382568adf0d7 ] Request (HypervisorAdminV228Test:tearDownClass): 204 DELETE http://10.180.1.21/identity/v3/users/1709f723060e481ca6656e9543ee1215 0.161s
2025-06-14 12:21:01.118 63311 INFO tempest.lib.common.dynamic_creds [-] Deleting project and security group for project: 83da40029b8140c7bcab75c8d9ef295c
2025-06-14 12:21:01.187 63311 INFO tempest.lib.common.rest_client [req-f74d91e4-9261-4756-95b4-3761f41cf5f3 req-f74d91e4-9261-4756-95b4-3761f41cf5f3 ] Request (HypervisorAdminV228Test:tearDownClass): 201 POST http://10.180.1.21/identity/v3/auth/tokens 0.069s
2025-06-14 12:21:01.209 63353 INFO tempest.lib.common.rest_client [req-4c85b967-20ed-4bcf-8bf8-4b67f62f95c0 req-4c85b967-20ed-4bcf-8bf8-4b67f62f95c0 ] Request (SecurityGroupRulesTestJSON:tearDownClass): 202 DELETE http://10.180.1.21/compute/v2.1/os-security-groups/538155ed-ab13-4f7a-b3b5-bfff4be7b046 1.671s
2025-06-14 12:21:01.210 63357 INFO tempest.lib.common.rest_client [req-b3cb9b0a-149e-4bda-b090-6f02b919185a req-b3cb9b0a-149e-4bda-b090-6f02b919185a ] Request (MigrationsAdminTest:test_list_migrations_in_flavor_resize_situation): 200 GET http://10.180.1.21/compute/v2.1/servers/a2324457-b2cf-4522-a94a-a5a76231aa9c 1.492s
2025-06-14 12:21:01.246 63337 INFO tempest.lib.common.rest_client [req-ffa726b3-4876-49e6-adc5-e28f4ec51653 req-ffa726b3-4876-49e6-adc5-e28f4ec51653 ] Request (ImagesNegativeTestJSON:test_create_image_from_deleted_server): 404 POST http://10.180.1.21/compute/v2.1/servers/c3b0f84a-c43e-474e-9d84-d6b2b912aab1/action 1.487s
2025-06-14 12:21:01.295 63339 INFO tempest.lib.common.rest_client [req-0dc51a5d-7f13-4338-b2b1-a931c3ea4155 req-0dc51a5d-7f13-4338-b2b1-a931c3ea4155 ] Request (ServersAdminNegativeTestJSON:setUpClass): 200 GET http://10.180.1.21/compute/v2.1/servers/4494ad3b-3582-4af4-8a59-c80717a7322b 0.969s
2025-06-14 12:21:01.323 63305 INFO tempest.lib.common.rest_client [req-e00400e9-391b-4a5a-9fe3-805935ff2f29 req-e00400e9-391b-4a5a-9fe3-805935ff2f29 ] Request (ServersTestManualDisk:setUpClass): 200 GET http://10.180.1.21/compute/v2.1/servers/a789a162-af65-4a9b-8bf0-f9af13faa171 0.997s
2025-06-14 12:21:01.337 63341 INFO tempest.lib.common.rest_client [req-eaac934b-941c-454b-ba5c-4909c2f7cef1 req-eaac934b-941c-454b-ba5c-4909c2f7cef1 ] Request (SecurityGroupsNegativeTestJSON:tearDownClass): 200 PUT http://10.180.1.21:9696/networking/v2.0/routers/94aec0f0-5fa0-43b8-826d-0063fc3c463c/remove_router_interface 1.605s
2025-06-14 12:21:01.371 63325 INFO tempest.lib.common.rest_client [req-27cb90b0-54b6-4ed9-bfac-d61815945e1e req-27cb90b0-54b6-4ed9-bfac-d61815945e1e ] Request (ImagesOneServerNegativeTestJSON:setUpClass): 200 GET http://10.180.1.21/compute/v2.1/servers/ed279ec6-f5bb-4e3e-aa0d-8c4739baf24d 0.965s
2025-06-14 12:21:01.378 63325 INFO tempest.common.waiters [-] State transition "BUILD/None" ==> "BUILD/networking" after 20 second wait
2025-06-14 12:21:01.407 63315 INFO tempest.lib.common.rest_client [req-d887579e-cf05-43c4-8e43-1ba9c5968993 req-d887579e-cf05-43c4-8e43-1ba9c5968993 ] Request (InstanceActionsNegativeTestJSON:tearDownClass): 200 GET http://10.180.1.21/compute/v2.1/servers/0577df56-dcb7-4a57-95e7-b1685ffb6ed8 0.932s
2025-06-14 12:21:01.511 63319 INFO tempest.lib.common.rest_client [req-b4c3463a-3494-4ce0-83d4-beb3eb951940 req-b4c3463a-3494-4ce0-83d4-beb3eb951940 ] Request (FloatingIPsAssociationNegativeTestJSON:setUpClass): 200 GET http://10.180.1.21/compute/v2.1/servers/d1ca890a-802b-424b-9e79-95ac46977bce 0.929s
2025-06-14 12:21:01.614 63321 INFO tempest.lib.common.rest_client [req-e424bbca-fa26-4aba-bff1-2cd1f8075822 req-e424bbca-fa26-4aba-bff1-2cd1f8075822 ] Request (ServersAdminTestJSON:test_inject_network_info): 200 GET http://10.180.1.21/compute/v2.1/servers/2d1e9010-7346-4161-8ad4-60b9020f1c89 1.001s
2025-06-14 12:21:01.720 63351 INFO tempest.lib.common.rest_client [req-f4114862-bbb2-447b-ab30-92b34ee386e5 req-f4114862-bbb2-447b-ab30-92b34ee386e5 ] Request (AttachVolumeShelveTestJSON:test_attach_volume_shelved_or_offload_server): 200 GET http://10.180.1.21/compute/v2.1/servers/6c1e3938-2389-4a99-a533-df5521d552e0 1.060s
2025-06-14 12:21:01.731 63311 INFO tempest.lib.common.rest_client [req-ad944070-edc2-4588-89d9-90ceba6839cd req-ad944070-edc2-4588-89d9-90ceba6839cd ] Request (HypervisorAdminV228Test:tearDownClass): 200 GET http://10.180.1.21:9696/networking/v2.0/security-groups?tenant_id=83da40029b8140c7bcab75c8d9ef295c&name=default 0.543s
2025-06-14 12:21:01.837 63355 INFO tempest.lib.common.rest_client [req-f7c97c1d-eb13-4b8c-a7db-e0106236fc57 req-f7c97c1d-eb13-4b8c-a7db-e0106236fc57 ] Request (ServerRescueTestJSONUnderV235:setUpClass): 200 GET http://10.180.1.21/compute/v2.1/servers/6ba2a89d-c16d-4a88-9a39-890b5d1e8805 1.161s
2025-06-14 12:21:01.898 63311 INFO tempest.lib.common.rest_client [req-3ff3cd22-7a82-4512-926c-ab24e9298399 req-3ff3cd22-7a82-4512-926c-ab24e9298399 ] Request (HypervisorAdminV228Test:tearDownClass): 204 DELETE http://10.180.1.21:9696/networking/v2.0/security-groups/4b6da78c-df22-4169-85d4-c8cb40eadb67 0.167s
2025-06-14 12:21:01.970 63311 INFO tempest.lib.common.rest_client [req-004bbd9c-3316-489a-a1a6-b30ae169e022 req-004bbd9c-3316-489a-a1a6-b30ae169e022 ] Request (HypervisorAdminV228Test:tearDownClass): 204 DELETE http://10.180.1.21/identity/v3/projects/83da40029b8140c7bcab75c8d9ef295c 0.071s
2025-06-14 12:21:01.970 63311 INFO tempest.lib.common.dynamic_creds [-] Deleting project and security group for project: 7736b415054f471faa25bdf5fdb42985
2025-06-14 12:21:02.039 63333 INFO tempest.lib.common.rest_client [req-5ca974eb-f633-47dd-8816-c5eebd90912a req-5ca974eb-f633-47dd-8816-c5eebd90912a ] Request (DeleteServersAdminTestJSON:test_delete_server_while_in_error_state): 200 GET http://10.180.1.21/compute/v2.1/servers/bd9bcb3d-1fd3-442e-b28b-cf1746a998e2 1.340s
2025-06-14 12:21:02.137 63349 INFO tempest.lib.common.rest_client [req-576140b0-9bc2-4243-ad2c-e7b8df5908ab req-576140b0-9bc2-4243-ad2c-e7b8df5908ab ] Request (ServersAdmin275Test:test_rebuild_update_server_275): 200 GET http://10.180.1.21/compute/v2.1/servers/ebc928de-0e22-4fba-a2ad-304da3e8351b 1.388s
2025-06-14 12:21:02.148 63349 INFO tempest.common.waiters [-] State transition "REBUILD/rebuild_spawning" ==> "ACTIVE/None" after 10 second wait
2025-06-14 12:21:02.154 63359 INFO tempest.lib.common.rest_client [req-38908eb6-96a7-40d6-aef4-4c21a5f82f09 req-38908eb6-96a7-40d6-aef4-4c21a5f82f09 ] Request (ServerMetadataNegativeTestJSON:setUpClass): 202 POST http://10.180.1.21/compute/v2.1/servers 1.623s
2025-06-14 12:21:02.168 63323 WARNING tempest.lib.common.ssh [-] Failed to establish authenticated ssh connection to cirros@10.180.180.225 ([Errno None] Unable to connect to port 22 on 10.180.180.225). Number attempts: 2. Retry after 3 seconds.: paramiko.ssh_exception.NoValidConnectionsError: [Errno None] Unable to connect to port 22 on 10.180.180.225
2025-06-14 12:21:02.182 63313 INFO tempest.lib.common.rest_client [req-dd87ea29-b935-4b47-b7a4-48acb3243713 req-dd87ea29-b935-4b47-b7a4-48acb3243713 ] Request (FlavorsAdminTestJSON:test_list_public_flavor_with_other_user): 200 GET http://10.180.1.21/compute/v2.1/flavors/detail 1.252s
2025-06-14 12:21:02.187 63317 INFO tempest.lib.common.rest_client [req-3461f52e-de18-4e01-9fcc-c53aad9f4dba req-3461f52e-de18-4e01-9fcc-c53aad9f4dba ] Request (HypervisorAdminNegativeTestJSON:test_show_hypervisor_with_non_admin_user): 403 GET http://10.180.1.21/compute/v2.1/os-hypervisors/1 1.218s
2025-06-14 12:21:02.218 63341 INFO tempest.lib.common.rest_client [req-ea33d4d1-6362-4ff3-b3d1-ed19d4986ccc req-ea33d4d1-6362-4ff3-b3d1-ed19d4986ccc ] Request (SecurityGroupsNegativeTestJSON:tearDownClass): 204 DELETE http://10.180.1.21:9696/networking/v2.0/routers/94aec0f0-5fa0-43b8-826d-0063fc3c463c 0.880s
2025-06-14 12:21:02.260 63311 INFO tempest.lib.common.rest_client [req-751decc8-b5fe-4909-a500-daf58cc9a7a5 req-751decc8-b5fe-4909-a500-daf58cc9a7a5 ] Request (HypervisorAdminV228Test:tearDownClass): 200 GET http://10.180.1.21:9696/networking/v2.0/security-groups?tenant_id=7736b415054f471faa25bdf5fdb42985&name=default 0.290s
2025-06-14 12:21:02.446 63311 INFO tempest.lib.common.rest_client [req-26ada9f0-6006-4542-b2c3-adbcd3a8766e req-26ada9f0-6006-4542-b2c3-adbcd3a8766e ] Request (HypervisorAdminV228Test:tearDownClass): 204 DELETE http://10.180.1.21:9696/networking/v2.0/security-groups/4f18fb63-2997-46c4-8f52-59002929ea92 0.185s
2025-06-14 12:21:02.588 63311 INFO tempest.lib.common.rest_client [req-0510448c-d6dd-4bd7-971e-15a912358093 req-0510448c-d6dd-4bd7-971e-15a912358093 ] Request (HypervisorAdminV228Test:tearDownClass): 204 DELETE http://10.180.1.21/identity/v3/projects/7736b415054f471faa25bdf5fdb42985 0.141s
2025-06-14 12:21:02.666 63311 INFO tempest.lib.common.rest_client [req-53095f09-a41d-4aa9-98d9-da4a772a6dee req-53095f09-a41d-4aa9-98d9-da4a772a6dee ] Request (AttachVolumeTestJSON:setUpClass): 201 POST http://10.180.1.21/identity/v3/auth/tokens 0.074s
2025-06-14 12:21:02.697 63311 INFO tempest.lib.common.rest_client [req-fdaff8ad-ba04-4742-b3df-1ecda2c7a95d req-fdaff8ad-ba04-4742-b3df-1ecda2c7a95d ] Request (AttachVolumeTestJSON:setUpClass): 201 POST http://10.180.1.21/identity/v3/auth/tokens 0.028s
2025-06-14 12:21:02.733 63311 INFO tempest.lib.common.rest_client [req-0a9e7b93-cbb9-4b1d-b77a-68f359164c2b req-0a9e7b93-cbb9-4b1d-b77a-68f359164c2b ] Request (AttachVolumeTestJSON:setUpClass): 200 GET http://10.180.1.21/identity/v3/domains?name=Default 0.035s
2025-06-14 12:21:02.748 63341 INFO tempest.lib.common.rest_client [req-9fb40051-917c-4c59-b697-f805795a4e06 req-9fb40051-917c-4c59-b697-f805795a4e06 ] Request (SecurityGroupsNegativeTestJSON:tearDownClass): 204 DELETE http://10.180.1.21:9696/networking/v2.0/subnets/3acd9004-9d4c-43d5-b227-dd757305e842 0.530s
2025-06-14 12:21:02.768 63311 INFO tempest.lib.common.rest_client [req-cdfd4a3d-bc6f-40d0-9473-dea831954cdc req-cdfd4a3d-bc6f-40d0-9473-dea831954cdc ] Request (AttachVolumeTestJSON:setUpClass): 201 POST http://10.180.1.21/identity/v3/projects 0.035s
2025-06-14 12:21:02.850 63311 INFO tempest.lib.common.rest_client [req-d963bf85-6323-4641-9e8c-3c88fa576b18 req-d963bf85-6323-4641-9e8c-3c88fa576b18 ] Request (AttachVolumeTestJSON:setUpClass): 201 POST http://10.180.1.21/identity/v3/users 0.081s
2025-06-14 12:21:02.879 63311 INFO tempest.lib.common.rest_client [req-01c2f9a1-d701-4ec6-94da-dbe51c475a05 req-01c2f9a1-d701-4ec6-94da-dbe51c475a05 ] Request (AttachVolumeTestJSON:setUpClass): 200 GET http://10.180.1.21/identity/v3/roles 0.028s
2025-06-14 12:21:02.912 63311 INFO tempest.lib.common.rest_client [req-fa454bf8-312f-4b03-923d-a3630db53fe5 req-fa454bf8-312f-4b03-923d-a3630db53fe5 ] Request (AttachVolumeTestJSON:setUpClass): 204 PUT http://10.180.1.21/identity/v3/projects/3277da2b1de34325819b8000f066a7c1/users/025cce6335c84be6ba49c448105c890e/roles/beea4e4577474418be852571c0a10e8a 0.033s
2025-06-14 12:21:02.912 63311 INFO tempest.lib.common.dynamic_creds [-] Dynamic test user 025cce6335c84be6ba49c448105c890e is created with scope project and roles: ['member']
2025-06-14 12:21:02.913 63311 INFO tempest.lib.common.dynamic_creds [-] Acquired dynamic creds: credentials: Credentials: {'domain_id': 'default', 'domain_name': 'Default', 'username': 'tempest-AttachVolumeTestJSON-1387786992-project-member', 'project_domain_id': 'default', 'project_domain_name': 'Default', 'project_id': '3277da2b1de34325819b8000f066a7c1', 'project_name': 'tempest-AttachVolumeTestJSON-1387786992', 'tenant_id': '3277da2b1de34325819b8000f066a7c1', 'tenant_name': 'tempest-AttachVolumeTestJSON-1387786992', 'user_domain_id': 'default', 'user_domain_name': 'Default', 'user_id': '025cce6335c84be6ba49c448105c890e', 'system': None}, Network: None, Subnet: None, Router: None
2025-06-14 12:21:02.914 63341 INFO tempest.lib.common.rest_client [req-f6d923c9-6c40-4a79-97ce-ae9ec1955285 req-f6d923c9-6c40-4a79-97ce-ae9ec1955285 ] Request (SecurityGroupsNegativeTestJSON:tearDownClass): 204 DELETE http://10.180.1.21:9696/networking/v2.0/networks/04ab6406-d42b-4635-aeee-f8cedce07f41 0.165s
2025-06-14 12:21:02.977 63311 INFO tempest.lib.common.rest_client [req-0fa8ba38-873f-4aba-980a-9aa04fbd20c0 req-0fa8ba38-873f-4aba-980a-9aa04fbd20c0 ] Request (AttachVolumeTestJSON:setUpClass): 201 POST http://10.180.1.21/identity/v3/auth/tokens 0.064s
2025-06-14 12:21:03.047 63341 INFO tempest.lib.common.rest_client [req-fa3fa865-cc06-45e8-8758-f2ee880abda1 req-fa3fa865-cc06-45e8-8758-f2ee880abda1 ] Request (SecurityGroupsNegativeTestJSON:tearDownClass): 204 DELETE http://10.180.1.21/identity/v3/users/3b58f8cbbcdb4a61a87c1919247298e9 0.132s
2025-06-14 12:21:03.047 63341 INFO tempest.lib.common.dynamic_creds [-] Deleting project and security group for project: 18a53bbe88c846ef88b3c3148c674a5d
2025-06-14 12:21:03.088 63341 INFO tempest.lib.common.rest_client [req-ac28f85c-7fc3-4bfe-9ab4-c0c9ecb1fefe req-ac28f85c-7fc3-4bfe-9ab4-c0c9ecb1fefe ] Request (SecurityGroupsNegativeTestJSON:tearDownClass): 200 GET http://10.180.1.21:9696/networking/v2.0/security-groups?tenant_id=18a53bbe88c846ef88b3c3148c674a5d&name=default 0.041s
2025-06-14 12:21:03.096 63327 INFO tempest.lib.common.rest_client [req-db04b790-5a84-442a-8b7c-7303ba1b1394 req-db04b790-5a84-442a-8b7c-7303ba1b1394 ] Request (SecurityGroupsTestJSON:test_list_security_groups_by_server): 202 POST http://10.180.1.21/compute/v2.1/servers 2.080s
2025-06-14 12:21:03.196 63353 INFO tempest.lib.common.rest_client [req-f6547c78-8f06-4047-bee1-fe03418b4aab req-f6547c78-8f06-4047-bee1-fe03418b4aab ] Request (SecurityGroupRulesTestJSON:tearDownClass): 200 PUT http://10.180.1.21:9696/networking/v2.0/routers/55921e51-6e30-4a16-805f-bcaffe8d8951/remove_router_interface 1.986s
2025-06-14 12:21:03.204 63347 INFO tempest.lib.common.rest_client [req-e1cfd72e-2d83-4529-90a0-8484f10298ae req-e1cfd72e-2d83-4529-90a0-8484f10298ae ] Request (ServersTestMultiNic:test_verify_duplicate_network_nics): 200 GET http://10.180.1.21/compute/v2.1/servers/3d4886b0-5036-4acf-8286-14e030f0382d 2.156s
2025-06-14 12:21:03.258 63341 INFO tempest.lib.common.rest_client [req-b10cdb3b-183d-4fdc-8a80-7e360faa1880 req-b10cdb3b-183d-4fdc-8a80-7e360faa1880 ] Request (SecurityGroupsNegativeTestJSON:tearDownClass): 204 DELETE http://10.180.1.21:9696/networking/v2.0/security-groups/d2ebe840-9c81-4fc3-b0dc-4c654a67dfca 0.169s
2025-06-14 12:21:03.310 63329 INFO tempest.lib.common.rest_client [req-719f2282-9d60-40e0-8f11-b3b135c71813 req-719f2282-9d60-40e0-8f11-b3b135c71813 ] Request (ServerExternalEventsTest:test_create_server_external_events): 200 GET http://10.180.1.21/compute/v2.1/servers/1a5841ee-5077-498f-b6e6-142ab4408bda 2.253s
2025-06-14 12:21:03.393 63307 INFO tempest.lib.common.rest_client [req-43fcfdd4-2f26-4d61-acea-79ee59e78035 req-43fcfdd4-2f26-4d61-acea-79ee59e78035 ] Request (ServerAddressesNegativeTestJSON:setUpClass): 200 GET http://10.180.1.21/compute/v2.1/servers/faea4a23-f4b3-4990-85aa-d92affa76fd4 2.280s
2025-06-14 12:21:03.426 63341 INFO tempest.lib.common.rest_client [req-c9c4acf0-1599-4ba1-8bc9-6fcdacee4ffa req-c9c4acf0-1599-4ba1-8bc9-6fcdacee4ffa ] Request (SecurityGroupsNegativeTestJSON:tearDownClass): 204 DELETE http://10.180.1.21/identity/v3/projects/18a53bbe88c846ef88b3c3148c674a5d 0.166s
2025-06-14 12:21:03.437 63337 INFO tempest.lib.common.rest_client [req-0a963211-e053-47d4-835d-2f1514ca44a0 req-0a963211-e053-47d4-835d-2f1514ca44a0 ] Request (ImagesNegativeTestJSON:test_create_image_from_invalid_server): 404 POST http://10.180.1.21/compute/v2.1/servers/tempest-invalid-472985183/action 2.189s
2025-06-14 12:21:03.574 63297 INFO tempest.lib.common.rest_client [req-b5acb135-bcd8-4968-9872-337bcacee924 req-b5acb135-bcd8-4968-9872-337bcacee924 ] Request (ServerPasswordTestJSON:setUpClass): 200 GET http://10.180.1.21/compute/v2.1/servers/5b497fd9-7b68-4a7b-a155-bb93004b29da 1.881s
2025-06-14 12:21:03.753 63311 INFO tempest.lib.common.rest_client [req-62f05f2f-8682-444a-9757-064b55517029 req-62f05f2f-8682-444a-9757-064b55517029 ] Request (AttachVolumeTestJSON:setUpClass): 201 POST http://10.180.1.21:9696/networking/v2.0/networks 0.776s
2025-06-14 12:21:03.787 63303 INFO paramiko.transport [-] Connected (version 2.0, client dropbear_2020.81)
2025-06-14 12:21:03.849 63303 INFO paramiko.transport [-] Authentication (publickey) successful!
2025-06-14 12:21:03.850 63303 INFO tempest.lib.common.ssh [-] ssh connection to cirros@10.180.180.181 successfully created
2025-06-14 12:21:03.947 63345 INFO tempest.lib.common.rest_client [req-e7b32fd3-0f84-4fea-a68d-a37ea7d4b585 req-e7b32fd3-0f84-4fea-a68d-a37ea7d4b585 ] Request (ServersTestFqdnHostnames:test_create_server_with_fqdn_name): 200 GET http://10.180.1.21/compute/v2.1/servers/1a267cc6-b428-4d9e-84d8-c72462578458 1.996s
2025-06-14 12:21:03.959 63345 INFO tempest.common.waiters [-] State transition "BUILD/spawning" ==> "ACTIVE/None" after 34 second wait
2025-06-14 12:21:04.261 63353 INFO tempest.lib.common.rest_client [req-67de4667-d1f3-46cb-a878-bc4ba99c48db req-67de4667-d1f3-46cb-a878-bc4ba99c48db ] Request (SecurityGroupRulesTestJSON:tearDownClass): 204 DELETE http://10.180.1.21:9696/networking/v2.0/routers/55921e51-6e30-4a16-805f-bcaffe8d8951 1.065s
2025-06-14 12:21:04.285 63311 INFO tempest.lib.common.rest_client [req-d7bc33fe-219e-4411-af15-e3e317c9fe8b req-d7bc33fe-219e-4411-af15-e3e317c9fe8b ] Request (AttachVolumeTestJSON:setUpClass): 201 POST http://10.180.1.21:9696/networking/v2.0/subnets 0.531s
2025-06-14 12:21:04.382 63299 INFO tempest.lib.common.rest_client [req-1e69c966-8f87-4195-a32e-3eec9d322fd1 req-1e69c966-8f87-4195-a32e-3eec9d322fd1 ] Request (FloatingIPsAssociationTestJSON:test_associate_disassociate_floating_ip): 202 POST http://10.180.1.21/compute/v2.1/servers/85f38a11-9eec-4cfc-b7e9-a10660b797c4/action 3.609s
2025-06-14 12:21:04.450 63359 INFO tempest.lib.common.rest_client [req-9f6bb38c-fb7a-4c66-9772-2f005c634fb3 req-9f6bb38c-fb7a-4c66-9772-2f005c634fb3 ] Request (ServerMetadataNegativeTestJSON:setUpClass): 200 GET http://10.180.1.21/compute/v2.1/servers/bcfd5eec-379f-4ee7-9b51-25bdf9f06331 2.293s
2025-06-14 12:21:04.465 63353 INFO tempest.lib.common.rest_client [req-630893bb-0b0f-4210-b496-7480074fe7ca req-630893bb-0b0f-4210-b496-7480074fe7ca ] Request (SecurityGroupRulesTestJSON:tearDownClass): 204 DELETE http://10.180.1.21:9696/networking/v2.0/subnets/fd37c93e-0bf8-43bc-b134-808b34e3226c 0.203s
2025-06-14 12:21:04.476 63349 INFO tempest.lib.common.rest_client [req-2145c5e3-da73-421d-90a4-e92f016a1519 req-2145c5e3-da73-421d-90a4-e92f016a1519 ] Request (ServersAdmin275Test:test_rebuild_update_server_275): 202 POST http://10.180.1.21/compute/v2.1/servers/ebc928de-0e22-4fba-a2ad-304da3e8351b/action 2.327s
2025-06-14 12:21:04.477 63313 INFO tempest.lib.common.rest_client [req-fa3b6755-57d6-4327-896e-2873ba7d1201 req-fa3b6755-57d6-4327-896e-2873ba7d1201 ] Request (FlavorsAdminTestJSON:_run_cleanups): 202 DELETE http://10.180.1.21/compute/v2.1/flavors/419741118 2.288s
2025-06-14 12:21:04.485 63317 INFO tempest.lib.common.rest_client [req-ceaebcdc-611d-4801-a206-e901a27f02f0 req-ceaebcdc-611d-4801-a206-e901a27f02f0 ] Request (HypervisorAdminNegativeTestJSON:test_show_nonexistent_hypervisor): 404 GET http://10.180.1.21/compute/v2.1/os-hypervisors/65bec833-914e-406b-8791-54645a4c7bd4 2.296s
2025-06-14 12:21:04.583 63339 INFO tempest.lib.common.rest_client [req-95fa2ae5-a296-4fe9-afe2-83f361747803 req-95fa2ae5-a296-4fe9-afe2-83f361747803 ] Request (ServersAdminNegativeTestJSON:setUpClass): 200 GET http://10.180.1.21/compute/v2.1/servers/4494ad3b-3582-4af4-8a59-c80717a7322b 2.277s
2025-06-14 12:21:04.598 63339 INFO tempest.common.waiters [-] State transition "BUILD/scheduling" ==> "BUILD/None" after 5 second wait
2025-06-14 12:21:04.664 63305 INFO tempest.lib.common.rest_client [req-ce5e10fe-c61c-42f1-b200-fed8b7d2fed9 req-ce5e10fe-c61c-42f1-b200-fed8b7d2fed9 ] Request (ServersTestManualDisk:setUpClass): 200 GET http://10.180.1.21/compute/v2.1/servers/a789a162-af65-4a9b-8bf0-f9af13faa171 2.328s
2025-06-14 12:21:04.685 63317 INFO tempest.lib.common.rest_client [req-e2e1b1cd-3302-4d28-b1a8-d1f446026cc5 req-e2e1b1cd-3302-4d28-b1a8-d1f446026cc5 ] Request (HypervisorAdminNegativeTestJSON:tearDownClass): 204 DELETE http://10.180.1.21/identity/v3/users/50e021f914a34f62b5779a6c2229c5d2 0.198s
2025-06-14 12:21:04.733 63357 INFO tempest.lib.common.rest_client [req-e4aaaa4b-9926-4281-8484-74651b77729c req-e4aaaa4b-9926-4281-8484-74651b77729c ] Request (MigrationsAdminTest:test_list_migrations_in_flavor_resize_situation): 200 GET http://10.180.1.21/compute/v2.1/servers/a2324457-b2cf-4522-a94a-a5a76231aa9c 2.513s
2025-06-14 12:21:04.841 63315 INFO tempest.lib.common.rest_client [req-d12130bf-4f51-4060-a411-39d0f88f6ba5 req-d12130bf-4f51-4060-a411-39d0f88f6ba5 ] Request (InstanceActionsNegativeTestJSON:tearDownClass): 200 GET http://10.180.1.21/compute/v2.1/servers/0577df56-dcb7-4a57-95e7-b1685ffb6ed8 2.419s
2025-06-14 12:21:04.842 63317 INFO tempest.lib.common.rest_client [req-0064c397-eb99-404a-83da-af949ced254c req-0064c397-eb99-404a-83da-af949ced254c ] Request (HypervisorAdminNegativeTestJSON:tearDownClass): 204 DELETE http://10.180.1.21/identity/v3/users/8d48dd28f16e4e3ba5a6e48e5e383fc2 0.156s
2025-06-14 12:21:04.842 63317 INFO tempest.lib.common.dynamic_creds [-] Deleting project and security group for project: 79e416c137f447f79a3b8ebaf149f08c
2025-06-14 12:21:04.896 63325 INFO tempest.lib.common.rest_client [req-f295777c-46aa-4e5a-8518-10517b4c8623 req-f295777c-46aa-4e5a-8518-10517b4c8623 ] Request (ImagesOneServerNegativeTestJSON:setUpClass): 200 GET http://10.180.1.21/compute/v2.1/servers/ed279ec6-f5bb-4e3e-aa0d-8c4739baf24d 2.515s
2025-06-14 12:21:04.903 63325 INFO tempest.common.waiters [-] State transition "BUILD/networking" ==> "BUILD/spawning" after 23 second wait
2025-06-14 12:21:04.922 63319 INFO tempest.lib.common.rest_client [req-5071bede-fd21-4a56-bef4-1ff7e5fb0b11 req-5071bede-fd21-4a56-bef4-1ff7e5fb0b11 ] Request (FloatingIPsAssociationNegativeTestJSON:setUpClass): 200 GET http://10.180.1.21/compute/v2.1/servers/d1ca890a-802b-424b-9e79-95ac46977bce 2.402s
2025-06-14 12:21:04.940 63317 INFO tempest.lib.common.rest_client [req-840306b7-a8f1-4517-bfb5-ceff9e47a649 req-840306b7-a8f1-4517-bfb5-ceff9e47a649 ] Request (HypervisorAdminNegativeTestJSON:tearDownClass): 201 POST http://10.180.1.21/identity/v3/auth/tokens 0.098s
2025-06-14 12:21:04.967 63321 INFO tempest.lib.common.rest_client [req-20a43c17-f82f-431d-bbae-f71cca2be4aa req-20a43c17-f82f-431d-bbae-f71cca2be4aa ] Request (ServersAdminTestJSON:test_inject_network_info): 200 GET http://10.180.1.21/compute/v2.1/servers/2d1e9010-7346-4161-8ad4-60b9020f1c89 2.343s
2025-06-14 12:21:04.983 63353 INFO tempest.lib.common.rest_client [req-a9eb5011-a9ce-41f5-aebc-c4d865a0f15b req-a9eb5011-a9ce-41f5-aebc-c4d865a0f15b ] Request (SecurityGroupRulesTestJSON:tearDownClass): 204 DELETE http://10.180.1.21:9696/networking/v2.0/networks/bfff2af9-8bcb-4c1a-b141-5ef9902a11e7 0.517s
2025-06-14 12:21:04.989 63351 INFO tempest.lib.common.rest_client [req-37c9519b-f4e5-4744-b5ac-48ab42855ecd req-37c9519b-f4e5-4744-b5ac-48ab42855ecd ] Request (AttachVolumeShelveTestJSON:test_attach_volume_shelved_or_offload_server): 200 GET http://10.180.1.21/compute/v2.1/servers/6c1e3938-2389-4a99-a533-df5521d552e0 2.259s
2025-06-14 12:21:05.036 63355 INFO tempest.lib.common.rest_client [req-e8617d81-cf3d-45ba-98b6-689872c386c9 req-e8617d81-cf3d-45ba-98b6-689872c386c9 ] Request (ServerRescueTestJSONUnderV235:setUpClass): 200 GET http://10.180.1.21/compute/v2.1/servers/6ba2a89d-c16d-4a88-9a39-890b5d1e8805 2.187s
2025-06-14 12:21:05.060 63331 INFO paramiko.transport [-] Connected (version 2.0, client dropbear_2020.81)
2025-06-14 12:21:05.068 63353 INFO tempest.lib.common.rest_client [req-de4be9b6-ff94-4bec-afde-bfecf85a4756 req-de4be9b6-ff94-4bec-afde-bfecf85a4756 ] Request (SecurityGroupRulesTestJSON:tearDownClass): 204 DELETE http://10.180.1.21/identity/v3/users/dbfe3b5d3fca4a5b8e5134b9f89f0b7c 0.084s
2025-06-14 12:21:05.068 63353 INFO tempest.lib.common.dynamic_creds [-] Deleting project and security group for project: a6bbce304d6d4eef940941e7e95d1aba
2025-06-14 12:21:05.120 63327 INFO tempest.lib.common.rest_client [req-4983fcb4-44ce-4d42-b704-bc9146de76cf req-4983fcb4-44ce-4d42-b704-bc9146de76cf ] Request (SecurityGroupsTestJSON:test_list_security_groups_by_server): 200 GET http://10.180.1.21/compute/v2.1/servers/5e0935ca-e2c3-477b-9a9a-9b6f0cd75bb3 2.022s
2025-06-14 12:21:05.124 63331 INFO paramiko.transport [-] Authentication (publickey) successful!
2025-06-14 12:21:05.125 63331 INFO tempest.lib.common.ssh [-] ssh connection to cirros@10.180.180.200 successfully created
2025-06-14 12:21:05.130 63337 INFO tempest.lib.common.rest_client [req-f0788356-b560-4c79-9f88-45d1e482018d req-f0788356-b560-4c79-9f88-45d1e482018d ] Request (ImagesNegativeTestJSON:test_create_image_specify_uuid_35_characters_or_less): 404 POST http://10.180.1.21/compute/v2.1/servers/aaaaaaaaaaaaaaaaaaaaaaaaaaaaaaaaaaa/action 1.691s
2025-06-14 12:21:05.133 63331 INFO tempest.lib.common.ssh [-] Creating ssh connection to '10.180.180.200:22' as 'cirros' with public key authentication
2025-06-14 12:21:05.136 63331 INFO paramiko.transport [-] Connected (version 2.0, client dropbear_2020.81)
2025-06-14 12:21:05.150 63353 INFO tempest.lib.common.rest_client [req-b4ac79b8-390c-453d-8a20-47f26390ee8f req-b4ac79b8-390c-453d-8a20-47f26390ee8f ] Request (SecurityGroupRulesTestJSON:tearDownClass): 200 GET http://10.180.1.21:9696/networking/v2.0/security-groups?tenant_id=a6bbce304d6d4eef940941e7e95d1aba&name=default 0.082s
2025-06-14 12:21:05.188 63333 INFO tempest.lib.common.rest_client [req-debd9f6b-567b-456d-af45-ca82b7505a03 req-debd9f6b-567b-456d-af45-ca82b7505a03 ] Request (DeleteServersAdminTestJSON:test_delete_server_while_in_error_state): 200 GET http://10.180.1.21/compute/v2.1/servers/bd9bcb3d-1fd3-442e-b28b-cf1746a998e2 2.138s
2025-06-14 12:21:05.237 63331 INFO paramiko.transport [-] Authentication (publickey) successful!
2025-06-14 12:21:05.237 63331 INFO tempest.lib.common.ssh [-] ssh connection to cirros@10.180.180.200 successfully created
2025-06-14 12:21:05.302 63345 INFO tempest.lib.common.rest_client [req-3ebff3e1-f6bc-419b-a257-c572562afd60 req-3ebff3e1-f6bc-419b-a257-c572562afd60 ] Request (ServersTestFqdnHostnames:test_create_server_with_fqdn_name): 200 GET http://10.180.1.21/compute/v2.1/servers/1a267cc6-b428-4d9e-84d8-c72462578458/os-interface 1.342s
2025-06-14 12:21:05.323 63317 INFO tempest.lib.common.rest_client [req-b9351ce6-6efb-41cc-96b8-a0c85ef77a0b req-b9351ce6-6efb-41cc-96b8-a0c85ef77a0b ] Request (HypervisorAdminNegativeTestJSON:tearDownClass): 200 GET http://10.180.1.21:9696/networking/v2.0/security-groups?tenant_id=79e416c137f447f79a3b8ebaf149f08c&name=default 0.383s
2025-06-14 12:21:05.368 63353 INFO tempest.lib.common.rest_client [req-25faa519-ad8d-4781-91cf-e4ccf4bf16fa req-25faa519-ad8d-4781-91cf-e4ccf4bf16fa ] Request (SecurityGroupRulesTestJSON:tearDownClass): 204 DELETE http://10.180.1.21:9696/networking/v2.0/security-groups/68e09830-625d-42a5-84bf-cb4124de6e8c 0.218s
2025-06-14 12:21:05.369 63309 WARNING tempest.lib.common.ssh [-] Failed to establish authenticated ssh connection to cirros@10.180.180.196 ([Errno None] Unable to connect to port 22 on 10.180.180.196). Number attempts: 6. Retry after 7 seconds.: paramiko.ssh_exception.NoValidConnectionsError: [Errno None] Unable to connect to port 22 on 10.180.180.196
2025-06-14 12:21:05.422 63303 INFO tempest.lib.common.rest_client [req-913043ca-65f8-4d1e-b5cd-b8eea8ed4c66 req-913043ca-65f8-4d1e-b5cd-b8eea8ed4c66 ] Request (ServerActionsTestOtherA:setUp): 200 GET http://10.180.1.21/compute/v2.1/servers/cb4bb9fb-0aa9-49ad-8bf3-5de70c69437c 1.571s
2025-06-14 12:21:05.463 63353 INFO tempest.lib.common.rest_client [req-941ea4da-720d-491a-a2fc-83dae0c75498 req-941ea4da-720d-491a-a2fc-83dae0c75498 ] Request (SecurityGroupRulesTestJSON:tearDownClass): 204 DELETE http://10.180.1.21/identity/v3/projects/a6bbce304d6d4eef940941e7e95d1aba 0.094s
2025-06-14 12:21:05.491 63329 INFO tempest.lib.common.rest_client [req-14f08924-74d4-4cdc-b39c-cb93e85b9b2c req-14f08924-74d4-4cdc-b39c-cb93e85b9b2c ] Request (ServerExternalEventsTest:test_create_server_external_events): 200 GET http://10.180.1.21/compute/v2.1/servers/1a5841ee-5077-498f-b6e6-142ab4408bda 1.171s
2025-06-14 12:21:05.497 63317 INFO tempest.lib.common.rest_client [req-e5598db9-af34-4ba6-8be7-98aac0628574 req-e5598db9-af34-4ba6-8be7-98aac0628574 ] Request (HypervisorAdminNegativeTestJSON:tearDownClass): 204 DELETE http://10.180.1.21:9696/networking/v2.0/security-groups/b115e815-7683-4ec4-9196-03c2db6be992 0.172s
2025-06-14 12:21:05.517 63303 INFO tempest.lib.common.rest_client [req-ac95ea43-f479-4a14-b5db-f37e462fcec1 req-ac95ea43-f479-4a14-b5db-f37e462fcec1 ] Request (ServerActionsTestOtherA:test_rebuild_server_in_stop_state): 201 POST http://10.180.1.21/identity/v3/auth/tokens 0.085s
2025-06-14 12:21:05.518 63303 INFO tempest.lib.common.fixed_network [-] (ServerActionsTestOtherA:test_rebuild_server_in_stop_state) Found network {'id': '1828d731-a2e2-48dd-9d0e-deb2e03f4fda', 'name': 'tempest-ServerActionsTestOtherA-1215063425-network', 'tenant_id': '7da774b2ff8a4556b6bc6594ab064e1d', 'admin_state_up': True, 'mtu': 8950, 'status': 'ACTIVE', 'subnets': [], 'shared': False, 'project_id': '7da774b2ff8a4556b6bc6594ab064e1d', 'port_security_enabled': True, 'router:external': False, 'provider:network_type': 'vlan', 'provider:physical_network': 'default', 'provider:segmentation_id': 830, 'availability_zone_hints': [], 'availability_zones': [], 'ipv4_address_scope': None, 'ipv6_address_scope': None, 'description': '', 'tags': [], 'created_at': '2025-06-14T12:19:45Z', 'updated_at': '2025-06-14T12:19:45Z', 'revision_number': 1} available for tenant
2025-06-14 12:21:05.568 63353 INFO tempest.lib.common.rest_client [req-d7ec018c-d28e-476d-8c1a-2976f1fd2083 req-d7ec018c-d28e-476d-8c1a-2976f1fd2083 ] Request (AttachInterfacesV270Test:setUpClass): 201 POST http://10.180.1.21/identity/v3/auth/tokens 0.104s
2025-06-14 12:21:05.603 63347 INFO tempest.lib.common.rest_client [req-7414a1e7-9b8d-4eb6-b4fe-bc54d633fa29 req-7414a1e7-9b8d-4eb6-b4fe-bc54d633fa29 ] Request (ServersTestMultiNic:test_verify_duplicate_network_nics): 200 GET http://10.180.1.21/compute/v2.1/servers/3d4886b0-5036-4acf-8286-14e030f0382d 1.384s
2025-06-14 12:21:05.612 63347 INFO tempest.common.waiters [-] State transition "BUILD/None" ==> "BUILD/spawning" after 19 second wait
2025-06-14 12:21:05.617 63317 INFO tempest.lib.common.rest_client [req-2ff4abe7-478a-4134-b268-38f5536f9f47 req-2ff4abe7-478a-4134-b268-38f5536f9f47 ] Request (HypervisorAdminNegativeTestJSON:tearDownClass): 204 DELETE http://10.180.1.21/identity/v3/projects/79e416c137f447f79a3b8ebaf149f08c 0.119s
2025-06-14 12:21:05.617 63317 INFO tempest.lib.common.dynamic_creds [-] Deleting project and security group for project: 1dfd89e47c024043b75148a948da9927
2025-06-14 12:21:05.667 63353 INFO tempest.lib.common.rest_client [req-6672c3ab-975d-42cc-963c-7560d7009ad3 req-6672c3ab-975d-42cc-963c-7560d7009ad3 ] Request (AttachInterfacesV270Test:setUpClass): 201 POST http://10.180.1.21/identity/v3/auth/tokens 0.095s
2025-06-14 12:21:05.675 63299 INFO tempest.lib.common.rest_client [req-a866b4b5-c143-4aed-b72d-ae577d1e4b14 req-a866b4b5-c143-4aed-b72d-ae577d1e4b14 ] Request (FloatingIPsAssociationTestJSON:test_associate_disassociate_floating_ip): 200 GET http://10.180.1.21/compute/v2.1/os-floating-ips/c08d431a-468c-43bf-b8c1-4201d50cbb6a 1.291s
2025-06-14 12:21:05.699 63353 INFO tempest.lib.common.rest_client [req-c97ac7db-e490-4145-a2f4-3e0248196655 req-c97ac7db-e490-4145-a2f4-3e0248196655 ] Request (AttachInterfacesV270Test:setUpClass): 200 GET http://10.180.1.21/identity/v3/domains?name=Default 0.032s
2025-06-14 12:21:05.700 63307 INFO tempest.lib.common.rest_client [req-969c5928-0a74-4c8a-8b8c-a27cf40fc0c3 req-969c5928-0a74-4c8a-8b8c-a27cf40fc0c3 ] Request (ServerAddressesNegativeTestJSON:setUpClass): 200 GET http://10.180.1.21/compute/v2.1/servers/faea4a23-f4b3-4990-85aa-d92affa76fd4 1.291s
2025-06-14 12:21:05.713 63313 INFO tempest.lib.common.rest_client [req-870728d0-df0c-4637-95d3-3043de0238fd req-870728d0-df0c-4637-95d3-3043de0238fd ] Request (FlavorsAdminTestJSON:_run_cleanups): 200 GET http://10.180.1.21/compute/v2.1/flavors/detail 1.236s
2025-06-14 12:21:05.743 63353 INFO tempest.lib.common.rest_client [req-0296113a-4bb1-4a38-925e-3fa4a8238ca0 req-0296113a-4bb1-4a38-925e-3fa4a8238ca0 ] Request (AttachInterfacesV270Test:setUpClass): 201 POST http://10.180.1.21/identity/v3/projects 0.043s
2025-06-14 12:21:05.766 63311 INFO tempest.lib.common.rest_client [req-f93ec7ae-c6af-4c07-9709-95fde5d51b17 req-f93ec7ae-c6af-4c07-9709-95fde5d51b17 ] Request (AttachVolumeTestJSON:setUpClass): 201 POST http://10.180.1.21:9696/networking/v2.0/routers 1.480s
2025-06-14 12:21:05.797 63317 INFO tempest.lib.common.rest_client [req-53b876ce-c752-4dc3-9ce2-39efee708ecc req-53b876ce-c752-4dc3-9ce2-39efee708ecc ] Request (HypervisorAdminNegativeTestJSON:tearDownClass): 200 GET http://10.180.1.21:9696/networking/v2.0/security-groups?tenant_id=1dfd89e47c024043b75148a948da9927&name=default 0.179s
2025-06-14 12:21:05.802 63297 INFO tempest.lib.common.rest_client [req-d9b48002-598d-47b1-91e3-3ba85fd07f1c req-d9b48002-598d-47b1-91e3-3ba85fd07f1c ] Request (ServerPasswordTestJSON:setUpClass): 200 GET http://10.180.1.21/compute/v2.1/servers/5b497fd9-7b68-4a7b-a155-bb93004b29da 1.216s
2025-06-14 12:21:05.813 63337 INFO tempest.lib.common.rest_client [req-5d7a33e0-cca8-4ee9-9208-40638c3cdf6d req-5d7a33e0-cca8-4ee9-9208-40638c3cdf6d ] Request (ImagesNegativeTestJSON:test_create_image_specify_uuid_37_characters_or_more): 404 POST http://10.180.1.21/compute/v2.1/servers/aaaaaaaaaaaaaaaaaaaaaaaaaaaaaaaaaaaaa/action 0.681s
2025-06-14 12:21:05.819 63349 INFO tempest.lib.common.rest_client [req-c2c78d9c-f2e0-4ca6-82c7-87afe46ea672 req-c2c78d9c-f2e0-4ca6-82c7-87afe46ea672 ] Request (ServersAdmin275Test:_run_cleanups): 200 GET http://10.180.1.21/compute/v2.1/servers/ebc928de-0e22-4fba-a2ad-304da3e8351b 1.327s
2025-06-14 12:21:05.864 63353 INFO tempest.lib.common.rest_client [req-19839004-13e1-4ca6-8829-d2257f5880ee req-19839004-13e1-4ca6-8829-d2257f5880ee ] Request (AttachInterfacesV270Test:setUpClass): 201 POST http://10.180.1.21/identity/v3/users 0.120s
2025-06-14 12:21:05.909 63359 INFO tempest.lib.common.rest_client [req-f4456e58-4ae8-49b7-8626-f116e53e0127 req-f4456e58-4ae8-49b7-8626-f116e53e0127 ] Request (ServerMetadataNegativeTestJSON:setUpClass): 200 GET http://10.180.1.21/compute/v2.1/servers/bcfd5eec-379f-4ee7-9b51-25bdf9f06331 0.450s
2025-06-14 12:21:05.919 63313 INFO tempest.lib.common.rest_client [req-a631a110-8c56-4993-8021-d1251dd067ae req-a631a110-8c56-4993-8021-d1251dd067ae ] Request (FlavorsAdminTestJSON:tearDownClass): 204 DELETE http://10.180.1.21/identity/v3/users/3ed4a9ef48524c0c91f52926dd7c67d5 0.193s
2025-06-14 12:21:05.937 63353 INFO tempest.lib.common.rest_client [req-6b81ebb0-9a11-446d-a038-3e39763ff5a8 req-6b81ebb0-9a11-446d-a038-3e39763ff5a8 ] Request (AttachInterfacesV270Test:setUpClass): 200 GET http://10.180.1.21/identity/v3/roles 0.072s
2025-06-14 12:21:05.951 63317 INFO tempest.lib.common.rest_client [req-718ad5bf-a2ce-4b36-bcc5-d7ce395ea08c req-718ad5bf-a2ce-4b36-bcc5-d7ce395ea08c ] Request (HypervisorAdminNegativeTestJSON:tearDownClass): 204 DELETE http://10.180.1.21:9696/networking/v2.0/security-groups/ca57289d-b79b-45f7-b426-0012f46335af 0.153s
2025-06-14 12:21:05.972 63339 INFO tempest.lib.common.rest_client [req-cf35c0e7-6ce9-408b-b8b2-91b37781d81f req-cf35c0e7-6ce9-408b-b8b2-91b37781d81f ] Request (ServersAdminNegativeTestJSON:setUpClass): 200 GET http://10.180.1.21/compute/v2.1/servers/4494ad3b-3582-4af4-8a59-c80717a7322b 0.373s
2025-06-14 12:21:06.011 63353 INFO tempest.lib.common.rest_client [req-284b7c1c-8f6b-478c-b152-ae2eee9c54f0 req-284b7c1c-8f6b-478c-b152-ae2eee9c54f0 ] Request (AttachInterfacesV270Test:setUpClass): 204 PUT http://10.180.1.21/identity/v3/projects/c0a4067574c74559b5cadb7e675e1155/users/79a96e72fc504eaf80a23dbd09669da7/roles/beea4e4577474418be852571c0a10e8a 0.073s
2025-06-14 12:21:06.011 63353 INFO tempest.lib.common.dynamic_creds [-] Dynamic test user 79a96e72fc504eaf80a23dbd09669da7 is created with scope project and roles: ['member']
2025-06-14 12:21:06.011 63353 INFO tempest.lib.common.dynamic_creds [-] Acquired dynamic creds: credentials: Credentials: {'domain_id': 'default', 'domain_name': 'Default', 'username': 'tempest-AttachInterfacesV270Test-1569833341-project-member', 'project_domain_id': 'default', 'project_domain_name': 'Default', 'project_id': 'c0a4067574c74559b5cadb7e675e1155', 'project_name': 'tempest-AttachInterfacesV270Test-1569833341', 'tenant_id': 'c0a4067574c74559b5cadb7e675e1155', 'tenant_name': 'tempest-AttachInterfacesV270Test-1569833341', 'user_domain_id': 'default', 'user_domain_name': 'Default', 'user_id': '79a96e72fc504eaf80a23dbd09669da7', 'system': None}, Network: None, Subnet: None, Router: None
2025-06-14 12:21:06.024 63313 INFO tempest.lib.common.rest_client [req-c944105b-6aa2-426d-b262-3f959d6c4425 req-c944105b-6aa2-426d-b262-3f959d6c4425 ] Request (FlavorsAdminTestJSON:tearDownClass): 204 DELETE http://10.180.1.21/identity/v3/users/33c2cb9e9b4849c7b04725eeef63c62c 0.104s
2025-06-14 12:21:06.024 63313 INFO tempest.lib.common.dynamic_creds [-] Deleting project and security group for project: f8f25920efd64ec5a701156563af1786
2025-06-14 12:21:06.039 63305 INFO tempest.lib.common.rest_client [req-4b405c45-033f-4096-aeac-2f81fef13b80 req-4b405c45-033f-4096-aeac-2f81fef13b80 ] Request (ServersTestManualDisk:setUpClass): 200 GET http://10.180.1.21/compute/v2.1/servers/a789a162-af65-4a9b-8bf0-f9af13faa171 0.363s
2025-06-14 12:21:06.088 63353 INFO tempest.lib.common.rest_client [req-a5b67dad-4fab-4900-a1ac-0002c1fd5a55 req-a5b67dad-4fab-4900-a1ac-0002c1fd5a55 ] Request (AttachInterfacesV270Test:setUpClass): 201 POST http://10.180.1.21/identity/v3/auth/tokens 0.076s
2025-06-14 12:21:06.110 63313 INFO tempest.lib.common.rest_client [req-3b0bc3d6-d1cc-4864-8f27-9903193bf2df req-3b0bc3d6-d1cc-4864-8f27-9903193bf2df ] Request (FlavorsAdminTestJSON:tearDownClass): 201 POST http://10.180.1.21/identity/v3/auth/tokens 0.085s
2025-06-14 12:21:06.137 63317 INFO tempest.lib.common.rest_client [req-92c5de8b-17fa-4c40-b57d-8f0bd9621ba9 req-92c5de8b-17fa-4c40-b57d-8f0bd9621ba9 ] Request (HypervisorAdminNegativeTestJSON:tearDownClass): 204 DELETE http://10.180.1.21/identity/v3/projects/1dfd89e47c024043b75148a948da9927 0.185s
2025-06-14 12:21:06.264 63317 INFO tempest.lib.common.rest_client [req-cf3b9669-a97e-4112-a37b-3e37e8e9f009 req-cf3b9669-a97e-4112-a37b-3e37e8e9f009 ] Request (AbsoluteLimitsTestJSON:setUpClass): 201 POST http://10.180.1.21/identity/v3/auth/tokens 0.125s
2025-06-14 12:21:06.281 63303 INFO tempest.lib.common.rest_client [req-2ae867a0-3a73-4250-8f6f-0efe69816030 req-2ae867a0-3a73-4250-8f6f-0efe69816030 ] Request (ServerActionsTestOtherA:test_rebuild_server_in_stop_state): 202 POST http://10.180.1.21/compute/v2.1/servers 0.762s
2025-06-14 12:21:06.299 63317 INFO tempest.lib.common.rest_client [req-2ac0f299-2325-4d49-b321-b608f783d9b8 req-2ac0f299-2325-4d49-b321-b608f783d9b8 ] Request (AbsoluteLimitsTestJSON:setUpClass): 201 POST http://10.180.1.21/identity/v3/auth/tokens 0.030s
2025-06-14 12:21:06.324 63317 INFO tempest.lib.common.rest_client [req-81f81436-fe60-4189-8bd5-131f14ef6342 req-81f81436-fe60-4189-8bd5-131f14ef6342 ] Request (AbsoluteLimitsTestJSON:setUpClass): 200 GET http://10.180.1.21/identity/v3/domains?name=Default 0.025s
2025-06-14 12:21:06.355 63317 INFO tempest.lib.common.rest_client [req-5f89a946-7aca-423d-b6ea-2e2ad3b6feca req-5f89a946-7aca-423d-b6ea-2e2ad3b6feca ] Request (AbsoluteLimitsTestJSON:setUpClass): 201 POST http://10.180.1.21/identity/v3/projects 0.030s
2025-06-14 12:21:06.448 63317 INFO tempest.lib.common.rest_client [req-660333fe-427e-4079-8142-779d82902786 req-660333fe-427e-4079-8142-779d82902786 ] Request (AbsoluteLimitsTestJSON:setUpClass): 201 POST http://10.180.1.21/identity/v3/users 0.092s
2025-06-14 12:21:06.469 63317 INFO tempest.lib.common.rest_client [req-77077ad0-750c-41d6-8fc1-d9c0aae95b0f req-77077ad0-750c-41d6-8fc1-d9c0aae95b0f ] Request (AbsoluteLimitsTestJSON:setUpClass): 200 GET http://10.180.1.21/identity/v3/roles 0.021s
2025-06-14 12:21:06.495 63317 INFO tempest.lib.common.rest_client [req-d0a11dd5-9230-41da-b041-bffc28e1720c req-d0a11dd5-9230-41da-b041-bffc28e1720c ] Request (AbsoluteLimitsTestJSON:setUpClass): 204 PUT http://10.180.1.21/identity/v3/projects/12bebf29338c45dcabee2c30a1fa2f6b/users/b4c030a4a4d648d18b521a8a70d3bed1/roles/beea4e4577474418be852571c0a10e8a 0.025s
2025-06-14 12:21:06.495 63317 INFO tempest.lib.common.dynamic_creds [-] Dynamic test user b4c030a4a4d648d18b521a8a70d3bed1 is created with scope project and roles: ['member']
2025-06-14 12:21:06.496 63317 INFO tempest.lib.common.dynamic_creds [-] Acquired dynamic creds: credentials: Credentials: {'domain_id': 'default', 'domain_name': 'Default', 'username': 'tempest-AbsoluteLimitsTestJSON-1754584800-project-member', 'project_domain_id': 'default', 'project_domain_name': 'Default', 'project_id': '12bebf29338c45dcabee2c30a1fa2f6b', 'project_name': 'tempest-AbsoluteLimitsTestJSON-1754584800', 'tenant_id': '12bebf29338c45dcabee2c30a1fa2f6b', 'tenant_name': 'tempest-AbsoluteLimitsTestJSON-1754584800', 'user_domain_id': 'default', 'user_domain_name': 'Default', 'user_id': 'b4c030a4a4d648d18b521a8a70d3bed1', 'system': None}, Network: None, Subnet: None, Router: None
2025-06-14 12:21:06.496 63317 INFO tempest.lib.common.dynamic_creds [-] Created isolated network resources for: credentials: Credentials: {'domain_id': 'default', 'domain_name': 'Default', 'username': 'tempest-AbsoluteLimitsTestJSON-1754584800-project-member', 'project_domain_id': 'default', 'project_domain_name': 'Default', 'project_id': '12bebf29338c45dcabee2c30a1fa2f6b', 'project_name': 'tempest-AbsoluteLimitsTestJSON-1754584800', 'tenant_id': '12bebf29338c45dcabee2c30a1fa2f6b', 'tenant_name': 'tempest-AbsoluteLimitsTestJSON-1754584800', 'user_domain_id': 'default', 'user_domain_name': 'Default', 'user_id': 'b4c030a4a4d648d18b521a8a70d3bed1', 'system': None}, Network: None, Subnet: None, Router: None
2025-06-14 12:21:06.618 63317 INFO tempest.lib.common.rest_client [req-e4803edc-ac66-45db-ba0d-9afc5659845e req-e4803edc-ac66-45db-ba0d-9afc5659845e ] Request (AbsoluteLimitsTestJSON:setUpClass): 201 POST http://10.180.1.21/identity/v3/auth/tokens 0.119s
2025-06-14 12:21:06.626 63345 INFO tempest.lib.common.rest_client [req-4f58d52b-f040-4267-8d2e-3dcc4a55d818 req-4f58d52b-f040-4267-8d2e-3dcc4a55d818 ] Request (ServersTestFqdnHostnames:test_create_server_with_fqdn_name): 200 PUT http://10.180.1.21:9696/networking/v2.0/floatingips/090fdbe3-1670-4381-a285-bf1f7f70e867 1.322s
2025-06-14 12:21:06.627 63345 INFO tempest.lib.common.ssh [-] Creating ssh connection to '10.180.180.247:22' as 'cirros' with public key authentication
2025-06-14 12:21:06.748 63313 INFO tempest.lib.common.rest_client [req-ae98b703-d47e-4054-a3e9-82ed5aa12120 req-ae98b703-d47e-4054-a3e9-82ed5aa12120 ] Request (FlavorsAdminTestJSON:tearDownClass): 200 GET http://10.180.1.21:9696/networking/v2.0/security-groups?tenant_id=f8f25920efd64ec5a701156563af1786&name=default 0.637s
2025-06-14 12:21:06.802 63357 INFO tempest.lib.common.rest_client [req-73d61e72-6a8f-4bb0-83fe-2fb7000554e1 req-73d61e72-6a8f-4bb0-83fe-2fb7000554e1 ] Request (MigrationsAdminTest:test_list_migrations_in_flavor_resize_situation): 200 GET http://10.180.1.21/compute/v2.1/servers/a2324457-b2cf-4522-a94a-a5a76231aa9c 1.054s
2025-06-14 12:21:06.824 63337 INFO tempest.lib.common.rest_client [req-7b6e1a53-9cbb-4cb9-bb77-d75c58ee1d7d req-7b6e1a53-9cbb-4cb9-bb77-d75c58ee1d7d ] Request (ImagesNegativeTestJSON:tearDownClass): 404 DELETE http://10.180.1.21/compute/v2.1/servers/c3b0f84a-c43e-474e-9d84-d6b2b912aab1 1.009s
2025-06-14 12:21:06.907 63315 INFO tempest.lib.common.rest_client [req-1ddb424b-2c5b-4925-916c-4b8622234f87 req-1ddb424b-2c5b-4925-916c-4b8622234f87 ] Request (InstanceActionsNegativeTestJSON:tearDownClass): 200 GET http://10.180.1.21/compute/v2.1/servers/0577df56-dcb7-4a57-95e7-b1685ffb6ed8 1.058s
2025-06-14 12:21:07.011 63313 INFO tempest.lib.common.rest_client [req-23ddae47-e03e-4f05-b664-66eaf14d5986 req-23ddae47-e03e-4f05-b664-66eaf14d5986 ] Request (FlavorsAdminTestJSON:tearDownClass): 204 DELETE http://10.180.1.21:9696/networking/v2.0/security-groups/af511f0a-d668-4a50-81e0-99cd340140ab 0.263s
2025-06-14 12:21:07.035 63353 INFO tempest.lib.common.rest_client [req-1ba1f25d-f54f-451e-b062-fe403dee5889 req-1ba1f25d-f54f-451e-b062-fe403dee5889 ] Request (AttachInterfacesV270Test:setUpClass): 201 POST http://10.180.1.21:9696/networking/v2.0/networks 0.947s
2025-06-14 12:21:07.073 63325 INFO tempest.lib.common.rest_client [req-4c7a2cc4-1578-45a6-a775-f2073e0e7cd0 req-4c7a2cc4-1578-45a6-a775-f2073e0e7cd0 ] Request (ImagesOneServerNegativeTestJSON:setUpClass): 200 GET http://10.180.1.21/compute/v2.1/servers/ed279ec6-f5bb-4e3e-aa0d-8c4739baf24d 1.168s
2025-06-14 12:21:07.143 63319 INFO tempest.lib.common.rest_client [req-b1178f37-933b-4a56-9b01-3f17c84544fe req-b1178f37-933b-4a56-9b01-3f17c84544fe ] Request (FloatingIPsAssociationNegativeTestJSON:setUpClass): 200 GET http://10.180.1.21/compute/v2.1/servers/d1ca890a-802b-424b-9e79-95ac46977bce 1.209s
2025-06-14 12:21:07.152 63319 INFO tempest.common.waiters [-] State transition "BUILD/None" ==> "BUILD/networking" after 19 second wait
2025-06-14 12:21:07.159 63313 INFO tempest.lib.common.rest_client [req-03681f19-936f-490c-863a-9d4bd27a1e46 req-03681f19-936f-490c-863a-9d4bd27a1e46 ] Request (FlavorsAdminTestJSON:tearDownClass): 204 DELETE http://10.180.1.21/identity/v3/projects/f8f25920efd64ec5a701156563af1786 0.147s
2025-06-14 12:21:07.159 63313 INFO tempest.lib.common.dynamic_creds [-] Deleting project and security group for project: 78d286a562e5451f9965dfb212978b4d
2025-06-14 12:21:07.211 63321 INFO tempest.lib.common.rest_client [req-90da539a-31df-45cd-a3df-8151e8f2f611 req-90da539a-31df-45cd-a3df-8151e8f2f611 ] Request (ServersAdminTestJSON:test_inject_network_info): 200 GET http://10.180.1.21/compute/v2.1/servers/2d1e9010-7346-4161-8ad4-60b9020f1c89 1.231s
2025-06-14 12:21:07.288 63351 INFO tempest.lib.common.rest_client [req-5555394a-cc59-429a-b43f-088e99c23075 req-5555394a-cc59-429a-b43f-088e99c23075 ] Request (AttachVolumeShelveTestJSON:test_attach_volume_shelved_or_offload_server): 200 GET http://10.180.1.21/compute/v2.1/servers/6c1e3938-2389-4a99-a533-df5521d552e0 1.286s
2025-06-14 12:21:07.357 63355 INFO tempest.lib.common.rest_client [req-90cb84f6-9f49-4c74-8f3d-c871b102530e req-90cb84f6-9f49-4c74-8f3d-c871b102530e ] Request (ServerRescueTestJSONUnderV235:setUpClass): 200 GET http://10.180.1.21/compute/v2.1/servers/6ba2a89d-c16d-4a88-9a39-890b5d1e8805 1.304s
2025-06-14 12:21:07.382 63313 INFO tempest.lib.common.rest_client [req-a9326313-82bd-4227-8c55-5cd997efb59b req-a9326313-82bd-4227-8c55-5cd997efb59b ] Request (FlavorsAdminTestJSON:tearDownClass): 200 GET http://10.180.1.21:9696/networking/v2.0/security-groups?tenant_id=78d286a562e5451f9965dfb212978b4d&name=default 0.222s
2025-06-14 12:21:07.424 63327 INFO tempest.lib.common.rest_client [req-bab7bbfc-154a-4a32-b7f3-efd96e34937f req-bab7bbfc-154a-4a32-b7f3-efd96e34937f ] Request (SecurityGroupsTestJSON:test_list_security_groups_by_server): 200 GET http://10.180.1.21/compute/v2.1/servers/5e0935ca-e2c3-477b-9a9a-9b6f0cd75bb3 1.290s
2025-06-14 12:21:07.467 63353 INFO tempest.lib.common.rest_client [req-ad283aeb-9d19-4250-be57-ffb6e8ac3246 req-ad283aeb-9d19-4250-be57-ffb6e8ac3246 ] Request (AttachInterfacesV270Test:setUpClass): 201 POST http://10.180.1.21:9696/networking/v2.0/subnets 0.431s
2025-06-14 12:21:07.595 63333 INFO tempest.lib.common.rest_client [req-f01feec3-47e1-49f2-bf36-e5583d1ffa4c req-f01feec3-47e1-49f2-bf36-e5583d1ffa4c ] Request (DeleteServersAdminTestJSON:test_delete_server_while_in_error_state): 200 GET http://10.180.1.21/compute/v2.1/servers/bd9bcb3d-1fd3-442e-b28b-cf1746a998e2 1.397s
2025-06-14 12:21:07.605 63333 INFO tempest.common.waiters [-] State transition "BUILD/spawning" ==> "ACTIVE/None" after 34 second wait
2025-06-14 12:21:07.633 63313 INFO tempest.lib.common.rest_client [req-6e6ce24c-a739-45a0-9450-93847f8a2154 req-6e6ce24c-a739-45a0-9450-93847f8a2154 ] Request (FlavorsAdminTestJSON:tearDownClass): 204 DELETE http://10.180.1.21:9696/networking/v2.0/security-groups/49ad7eff-6e6e-4463-84e0-21bbb3d81a2e 0.251s
2025-06-14 12:21:07.698 63303 INFO tempest.lib.common.rest_client [req-c8945ea3-2e9f-4aa7-8281-7ef7956a2fb5 req-c8945ea3-2e9f-4aa7-8281-7ef7956a2fb5 ] Request (ServerActionsTestOtherA:test_rebuild_server_in_stop_state): 200 GET http://10.180.1.21/compute/v2.1/servers/3d4d6c69-f535-4814-ba99-2148d92a56e9 1.415s
