2025-06-14 12:22:21.560 63339 INFO tempest.lib.common.rest_client [req-2e482b1c-ef4d-41ca-a89d-f3bf421f6e73 req-2e482b1c-ef4d-41ca-a89d-f3bf421f6e73 ] Request (ServersAdminNegativeTestJSON:test_migrate_server_invalid_state): 200 GET http://10.180.1.21/compute/v2.1/servers/9f3f2c5d-edf2-43cb-884c-175385aedadd 0.074s
2025-06-14 12:22:21.569 63303 INFO tempest.lib.common.rest_client [req-b2741f2a-0597-4410-8cc9-60f6ec06f3b8 req-b2741f2a-0597-4410-8cc9-60f6ec06f3b8 ] Request (ServerActionsTestOtherA:test_rebuild_server_in_stop_state): 200 GET http://10.180.1.21/compute/v2.1/servers/3d4d6c69-f535-4814-ba99-2148d92a56e9 0.114s
2025-06-14 12:22:21.636 63315 INFO tempest.lib.common.rest_client [req-6b434c5e-4e0a-405c-af5b-89be162aecf5 req-6b434c5e-4e0a-405c-af5b-89be162aecf5 ] Request (ServerGroupTestJSON:test_create_server_with_scheduler_hint_group): 200 GET http://10.180.1.21/compute/v2.1/servers/1c23893d-524b-465a-b289-d04a4d3c9e5a 0.105s
2025-06-14 12:22:21.645 63333 INFO tempest.lib.common.rest_client [req-ff2a5d95-5665-44c3-9617-e122ead824fb req-ff2a5d95-5665-44c3-9617-e122ead824fb ] Request (ServerActionsTestJSON:setUpClass): 200 GET http://10.180.1.21/compute/v2.1/servers/15f739e9-f387-4b1a-8d9c-3482915eb2b5 0.098s
2025-06-14 12:22:21.663 63329 INFO tempest.lib.common.rest_client [req-89e8fa97-d092-477e-ba81-2c3667fad6b4 req-89e8fa97-d092-477e-ba81-2c3667fad6b4 ] Request (ServerExternalEventsTest:tearDownClass): 204 DELETE http://10.180.1.21:9696/networking/v2.0/security-groups/6470948c-9310-4eb1-9844-1bb918096cd2 0.144s
2025-06-14 12:22:21.711 63313 INFO tempest.lib.common.rest_client [req-1df901cf-a4ef-4e74-8700-60ccd78272f3 req-1df901cf-a4ef-4e74-8700-60ccd78272f3 ] Request (ListImageFiltersTestJSON:setUpClass): 200 GET http://10.180.1.21/compute/v2.1/servers/4398cb00-ac09-4d96-8505-ef5c3a426b48 0.103s
2025-06-14 12:22:21.715 63349 INFO tempest.lib.common.rest_client [req-93a95665-37c9-4652-9882-f62efa1806bc req-93a95665-37c9-4652-9882-f62efa1806bc ] Request (ServerShowV257Test:test_rebuild_server): 200 GET http://10.180.1.21/compute/v2.1/servers/9a82e2f5-c681-4e89-bd1b-4d3c153b0b2c 0.128s
2025-06-14 12:22:21.729 63345 INFO paramiko.transport [-] Connected (version 2.0, client dropbear_2020.81)
2025-06-14 12:22:21.755 63329 INFO tempest.lib.common.rest_client [req-36050b32-2aa5-474c-bd6f-3ffc84e61d7f req-36050b32-2aa5-474c-bd6f-3ffc84e61d7f ] Request (ServerExternalEventsTest:tearDownClass): 204 DELETE http://10.180.1.21/identity/v3/projects/e45fccddefba4862992d0c2a3a821dcd 0.092s
2025-06-14 12:22:21.755 63329 INFO tempest.lib.common.dynamic_creds [-] Deleting project and security group for project: 28c3562d414940018089db69f530e6e9
2025-06-14 12:22:21.776 63325 INFO tempest.lib.common.rest_client [req-91678df6-8f12-4c4a-9abe-c64c909b87bf req-91678df6-8f12-4c4a-9abe-c64c909b87bf ] Request (ImagesOneServerNegativeTestJSON:_run_cleanups): 200 GET http://10.180.1.21/compute/v2.1/servers/17fc5405-e120-47fd-8334-253e3e525084 0.131s
2025-06-14 12:22:21.784 63311 WARNING tempest.lib.common.ssh [-] Failed to establish authenticated ssh connection to cirros@10.180.180.211 ([Errno None] Unable to connect to port 22 on 10.180.180.211). Number attempts: 2. Retry after 3 seconds.: paramiko.ssh_exception.NoValidConnectionsError: [Errno None] Unable to connect to port 22 on 10.180.180.211
2025-06-14 12:22:21.787 63299 INFO tempest.lib.common.rest_client [req-42753179-73a5-4614-b064-4d1d6a3daf5a req-42753179-73a5-4614-b064-4d1d6a3daf5a ] Request (FloatingIPsAssociationTestJSON:tearDownClass): 200 GET http://10.180.1.21/compute/v2.1/servers/85f38a11-9eec-4cfc-b7e9-a10660b797c4 0.079s
2025-06-14 12:22:21.790 63329 INFO tempest.lib.common.rest_client [req-89f7c55b-e31c-49d1-91a7-d8d90197a33c req-89f7c55b-e31c-49d1-91a7-d8d90197a33c ] Request (ServerExternalEventsTest:tearDownClass): 200 GET http://10.180.1.21:9696/networking/v2.0/security-groups?tenant_id=28c3562d414940018089db69f530e6e9&name=default 0.034s
2025-06-14 12:22:21.836 63345 INFO paramiko.transport [-] Authentication (publickey) successful!
2025-06-14 12:22:21.837 63345 INFO tempest.lib.common.ssh [-] ssh connection to cirros@10.180.180.247 successfully created
2025-06-14 12:22:21.850 63359 INFO tempest.lib.common.rest_client [req-20523f76-af2c-4b0b-8992-2d45875f0fe1 req-20523f76-af2c-4b0b-8992-2d45875f0fe1 ] Request (ServerMetadataNegativeTestJSON:tearDownClass): 200 GET http://10.180.1.21/compute/v2.1/servers/bcfd5eec-379f-4ee7-9b51-25bdf9f06331 0.117s
2025-06-14 12:22:21.853 63327 INFO tempest.lib.common.rest_client [req-9db502d6-3e68-458f-9957-6b0acfdffbf5 req-9db502d6-3e68-458f-9957-6b0acfdffbf5 ] Request (SecurityGroupsTestJSON:test_server_security_groups): 200 GET http://10.180.1.21/compute/v2.1/servers/f475bb94-2408-4d17-8877-3f09a1f72746 0.062s
2025-06-14 12:22:21.895 63355 INFO tempest.lib.common.rest_client [req-a79f0064-1edc-4a89-8fd6-404c2e757d04 req-a79f0064-1edc-4a89-8fd6-404c2e757d04 ] Request (ServerRescueTestJSONUnderV235:tearDownClass): 200 GET http://10.180.1.21/compute/v2.1/servers/6ba2a89d-c16d-4a88-9a39-890b5d1e8805 0.065s
2025-06-14 12:22:21.899 63329 INFO tempest.lib.common.rest_client [req-32cfdaf4-2832-4898-a42a-e6fe89f39165 req-32cfdaf4-2832-4898-a42a-e6fe89f39165 ] Request (ServerExternalEventsTest:tearDownClass): 204 DELETE http://10.180.1.21:9696/networking/v2.0/security-groups/0a5c90ff-575c-404c-9432-915836e29303 0.108s
2025-06-14 12:22:21.928 63345 INFO tempest.lib.common.rest_client [req-c6cf4f0d-ad41-4054-87f2-783fb63b94f4 req-c6cf4f0d-ad41-4054-87f2-783fb63b94f4 ] Request (ServersTestFqdnHostnames:tearDownClass): 204 DELETE http://10.180.1.21/compute/v2.1/servers/1a267cc6-b428-4d9e-84d8-c72462578458 0.080s
2025-06-14 12:22:22.003 63329 INFO tempest.lib.common.rest_client [req-c276cb33-1794-40d8-9546-86e441a00921 req-c276cb33-1794-40d8-9546-86e441a00921 ] Request (ServerExternalEventsTest:tearDownClass): 204 DELETE http://10.180.1.21/identity/v3/projects/28c3562d414940018089db69f530e6e9 0.104s
2025-06-14 12:22:22.004 63329 INFO tempest.lib.common.dynamic_creds [-] Deleting project and security group for project: 9974476fb9314685a246dea3eb908e02
2025-06-14 12:22:22.020 63317 INFO tempest.lib.common.rest_client [req-0a0a2ead-64c2-4e6b-8f03-379f64f92008 req-0a0a2ead-64c2-4e6b-8f03-379f64f92008 ] Request (ServerActionsV293TestJSON:setUpClass): 200 GET http://10.180.1.21/compute/v2.1/servers/2394a624-e98a-4704-910b-7953d093e762 0.083s
2025-06-14 12:22:22.094 63351 WARNING tempest.lib.common.ssh [-] Failed to establish authenticated ssh connection to cirros@10.180.180.241 ([Errno None] Unable to connect to port 22 on 10.180.180.241). Number attempts: 8. Retry after 9 seconds.: paramiko.ssh_exception.NoValidConnectionsError: [Errno None] Unable to connect to port 22 on 10.180.180.241
2025-06-14 12:22:22.094 63353 INFO tempest.lib.common.rest_client [req-aa3b8bb7-8965-4867-84f5-bf6c9f98c3be req-aa3b8bb7-8965-4867-84f5-bf6c9f98c3be ] Request (AttachInterfacesV270Test:tearDownClass): 200 GET http://10.180.1.21/compute/v2.1/servers/ee169eb1-7f24-4cbc-ba40-faefd752e75b 0.095s
2025-06-14 12:22:22.097 63345 INFO tempest.lib.common.rest_client [req-435f3325-6948-4f9f-ae94-e28029791129 req-435f3325-6948-4f9f-ae94-e28029791129 ] Request (ServersTestFqdnHostnames:tearDownClass): 200 GET http://10.180.1.21/compute/v2.1/servers/1a267cc6-b428-4d9e-84d8-c72462578458 0.169s
2025-06-14 12:22:22.110 63329 INFO tempest.lib.common.rest_client [req-3c52cee7-4ca0-487e-9fac-5f4a0f173d4f req-3c52cee7-4ca0-487e-9fac-5f4a0f173d4f ] Request (ServerExternalEventsTest:tearDownClass): 200 GET http://10.180.1.21:9696/networking/v2.0/security-groups?tenant_id=9974476fb9314685a246dea3eb908e02&name=default 0.106s
2025-06-14 12:22:22.156 63319 INFO tempest.lib.common.rest_client [req-f92cc2b6-dd0c-4cdd-9c20-17f965726f92 req-f92cc2b6-dd0c-4cdd-9c20-17f965726f92 ] Request (MultipleCreateTestJSON:test_multiple_create): 200 GET http://10.180.1.21/compute/v2.1/servers/5c91be97-b5af-4cb4-9173-a972d72318af 0.099s
2025-06-14 12:22:22.157 63307 INFO tempest.lib.common.rest_client [req-30e2a95c-b951-471c-a4ba-e13dfaa25317 req-30e2a95c-b951-471c-a4ba-e13dfaa25317 ] Request (ServerRescueTestJSON:setUpClass): 200 GET http://10.180.1.21/compute/v2.1/servers/9edbba21-b4e1-4219-9c72-ba75974067c8 0.149s
2025-06-14 12:22:22.198 63329 INFO tempest.lib.common.rest_client [req-e53e64b9-6066-46de-b9fd-ad146a7f45b1 req-e53e64b9-6066-46de-b9fd-ad146a7f45b1 ] Request (ServerExternalEventsTest:tearDownClass): 204 DELETE http://10.180.1.21:9696/networking/v2.0/security-groups/92103564-9fed-4bed-a923-d879618355ef 0.088s
2025-06-14 12:22:22.223 63347 INFO tempest.lib.common.rest_client [req-62d91edb-5cbc-46c0-8f3d-de2c8f5697f4 req-62d91edb-5cbc-46c0-8f3d-de2c8f5697f4 ] Request (ServersTestMultiNic:test_verify_multiple_nics_order): 200 GET http://10.180.1.21/compute/v2.1/servers/3503fa46-8fec-4253-85a7-f6f4c516cb97 0.107s
2025-06-14 12:22:22.268 63321 INFO tempest.lib.common.rest_client [req-3a0e84ea-0872-40c5-a350-71b279535aed req-3a0e84ea-0872-40c5-a350-71b279535aed ] Request (ServersAdminTestJSON:_run_cleanups): 200 GET http://10.180.1.21/compute/v2.1/servers/e0c137c2-6f96-400f-9a9a-8d413f6826b0 0.127s
2025-06-14 12:22:22.275 63321 INFO tempest.common.waiters [-] State transition "REBUILD/rebuild_spawning" ==> "ACTIVE/None" after 13 second wait
2025-06-14 12:22:22.314 63329 INFO tempest.lib.common.rest_client [req-f3cd2578-0f18-4014-ab3f-9c29d89a66c1 req-f3cd2578-0f18-4014-ab3f-9c29d89a66c1 ] Request (ServerExternalEventsTest:tearDownClass): 204 DELETE http://10.180.1.21/identity/v3/projects/9974476fb9314685a246dea3eb908e02 0.115s
2025-06-14 12:22:22.341 63321 INFO tempest.lib.common.rest_client [req-2848c224-9279-4e0f-992b-5ac003821878 req-2848c224-9279-4e0f-992b-5ac003821878 ] Request (ServersAdminTestJSON:test_reset_state_server): 202 POST http://10.180.1.21/compute/v2.1/servers/e0c137c2-6f96-400f-9a9a-8d413f6826b0/action 0.063s
2025-06-14 12:22:22.397 63329 INFO tempest.lib.common.rest_client [req-61e19fd8-f1d7-43d6-b8e7-de35c6e10816 req-61e19fd8-f1d7-43d6-b8e7-de35c6e10816 ] Request (MultipleCreateNegativeTestJSON:setUpClass): 201 POST http://10.180.1.21/identity/v3/auth/tokens 0.081s
2025-06-14 12:22:22.412 63297 INFO tempest.lib.common.rest_client [req-df38d277-5783-4136-8367-39299adcea39 req-df38d277-5783-4136-8367-39299adcea39 ] Request (ServersNegativeTestJSON:setUpClass): 200 GET http://10.180.1.21/compute/v2.1/servers/710ae78e-7be1-4074-9f02-80e9902261ab 0.123s
2025-06-14 12:22:22.429 63329 INFO tempest.lib.common.rest_client [req-666ca7b4-00ef-4ee4-87d1-f12f3b15c3be req-666ca7b4-00ef-4ee4-87d1-f12f3b15c3be ] Request (MultipleCreateNegativeTestJSON:setUpClass): 201 POST http://10.180.1.21/identity/v3/auth/tokens 0.029s
2025-06-14 12:22:22.456 63329 INFO tempest.lib.common.rest_client [req-0595e605-7845-4310-81c5-518034414a31 req-0595e605-7845-4310-81c5-518034414a31 ] Request (MultipleCreateNegativeTestJSON:setUpClass): 200 GET http://10.180.1.21/identity/v3/domains?name=Default 0.027s
2025-06-14 12:22:22.469 63357 INFO tempest.lib.common.rest_client [req-93e248b6-63f3-4c4b-bf5e-29957a8f07b4 req-93e248b6-63f3-4c4b-bf5e-29957a8f07b4 ] Request (MigrationsAdminTest:test_list_migrations_in_flavor_resize_situation): 200 GET http://10.180.1.21/compute/v2.1/servers/a2324457-b2cf-4522-a94a-a5a76231aa9c 0.183s
2025-06-14 12:22:22.489 63329 INFO tempest.lib.common.rest_client [req-8528e467-e79a-491b-a791-f0966405bc8d req-8528e467-e79a-491b-a791-f0966405bc8d ] Request (MultipleCreateNegativeTestJSON:setUpClass): 201 POST http://10.180.1.21/identity/v3/projects 0.032s
2025-06-14 12:22:22.527 63321 INFO tempest.lib.common.rest_client [req-9242dc3c-d5d8-4baa-9c3f-5e8d7e5aff4b req-9242dc3c-d5d8-4baa-9c3f-5e8d7e5aff4b ] Request (ServersAdminTestJSON:test_reset_state_server): 200 GET http://10.180.1.21/compute/v2.1/servers/e0c137c2-6f96-400f-9a9a-8d413f6826b0 0.185s
2025-06-14 12:22:22.543 63329 INFO tempest.lib.common.rest_client [req-4fc0f867-0edc-4858-89e0-d80eaa7ca1c9 req-4fc0f867-0edc-4858-89e0-d80eaa7ca1c9 ] Request (MultipleCreateNegativeTestJSON:setUpClass): 201 POST http://10.180.1.21/identity/v3/users 0.054s
2025-06-14 12:22:22.564 63329 INFO tempest.lib.common.rest_client [req-3309af74-1bbe-440e-9f67-a76e838c5510 req-3309af74-1bbe-440e-9f67-a76e838c5510 ] Request (MultipleCreateNegativeTestJSON:setUpClass): 200 GET http://10.180.1.21/identity/v3/roles 0.020s
2025-06-14 12:22:22.602 63321 INFO tempest.lib.common.rest_client [req-3b24aa03-b92b-42eb-a579-8d4883147eab req-3b24aa03-b92b-42eb-a579-8d4883147eab ] Request (ServersAdminTestJSON:test_reset_state_server): 202 POST http://10.180.1.21/compute/v2.1/servers/e0c137c2-6f96-400f-9a9a-8d413f6826b0/action 0.067s
2025-06-14 12:22:22.604 63329 INFO tempest.lib.common.rest_client [req-ca21b115-3d2f-49f3-81f5-5b7ff5e8b06b req-ca21b115-3d2f-49f3-81f5-5b7ff5e8b06b ] Request (MultipleCreateNegativeTestJSON:setUpClass): 204 PUT http://10.180.1.21/identity/v3/projects/468a42c2e4854849ad0f60979de59001/users/a297de3656394f059a65612630ae11aa/roles/beea4e4577474418be852571c0a10e8a 0.039s
2025-06-14 12:22:22.605 63329 INFO tempest.lib.common.dynamic_creds [-] Dynamic test user a297de3656394f059a65612630ae11aa is created with scope project and roles: ['member']
2025-06-14 12:22:22.605 63329 INFO tempest.lib.common.dynamic_creds [-] Acquired dynamic creds: credentials: Credentials: {'domain_id': 'default', 'domain_name': 'Default', 'username': 'tempest-MultipleCreateNegativeTestJSON-1387237312-project-member', 'project_domain_id': 'default', 'project_domain_name': 'Default', 'project_id': '468a42c2e4854849ad0f60979de59001', 'project_name': 'tempest-MultipleCreateNegativeTestJSON-1387237312', 'tenant_id': '468a42c2e4854849ad0f60979de59001', 'tenant_name': 'tempest-MultipleCreateNegativeTestJSON-1387237312', 'user_domain_id': 'default', 'user_domain_name': 'Default', 'user_id': 'a297de3656394f059a65612630ae11aa', 'system': None}, Network: None, Subnet: None, Router: None
2025-06-14 12:22:22.605 63329 INFO tempest.lib.common.dynamic_creds [-] Created isolated network resources for: credentials: Credentials: {'domain_id': 'default', 'domain_name': 'Default', 'username': 'tempest-MultipleCreateNegativeTestJSON-1387237312-project-member', 'project_domain_id': 'default', 'project_domain_name': 'Default', 'project_id': '468a42c2e4854849ad0f60979de59001', 'project_name': 'tempest-MultipleCreateNegativeTestJSON-1387237312', 'tenant_id': '468a42c2e4854849ad0f60979de59001', 'tenant_name': 'tempest-MultipleCreateNegativeTestJSON-1387237312', 'user_domain_id': 'default', 'user_domain_name': 'Default', 'user_id': 'a297de3656394f059a65612630ae11aa', 'system': None}, Network: None, Subnet: None, Router: None
2025-06-14 12:22:22.617 63337 INFO tempest.lib.common.rest_client [req-c9e45346-ecce-4909-8278-c314a2400106 req-c9e45346-ecce-4909-8278-c314a2400106 ] Request (ServerRescueNegativeTestJSON:setUpClass): 200 GET http://10.180.1.21/compute/v2.1/servers/cb7add9c-5bfd-4e66-9078-4c9fd7e05ff8 0.108s
2025-06-14 12:22:22.657 63339 INFO tempest.lib.common.rest_client [req-83e49894-a32c-4ccb-9826-f7b33619fad0 req-83e49894-a32c-4ccb-9826-f7b33619fad0 ] Request (ServersAdminNegativeTestJSON:test_migrate_server_invalid_state): 200 GET http://10.180.1.21/compute/v2.1/servers/9f3f2c5d-edf2-43cb-884c-175385aedadd 0.087s
2025-06-14 12:22:22.693 63329 INFO tempest.lib.common.rest_client [req-0d8b81fe-67cd-4394-9fc3-a06ed1791da2 req-0d8b81fe-67cd-4394-9fc3-a06ed1791da2 ] Request (MultipleCreateNegativeTestJSON:setUpClass): 201 POST http://10.180.1.21/identity/v3/auth/tokens 0.084s
2025-06-14 12:22:22.722 63329 INFO tempest.lib.common.rest_client [req-d57c7ddc-71c2-4793-bf5c-e8903fecde9e req-d57c7ddc-71c2-4793-bf5c-e8903fecde9e ] Request (MultipleCreateNegativeTestJSON:test_max_count_less_than_min_count): 201 POST http://10.180.1.21/identity/v3/auth/tokens 0.024s
2025-06-14 12:22:22.722 63329 INFO tempest.lib.common.fixed_network [-] (MultipleCreateNegativeTestJSON:test_max_count_less_than_min_count) Found network None available for tenant
2025-06-14 12:22:22.789 63303 INFO tempest.lib.common.rest_client [req-8d72d6fd-0a0a-4ff8-adb2-ab2a7c5876c8 req-8d72d6fd-0a0a-4ff8-adb2-ab2a7c5876c8 ] Request (ServerActionsTestOtherA:test_rebuild_server_in_stop_state): 200 GET http://10.180.1.21/compute/v2.1/servers/3d4d6c69-f535-4814-ba99-2148d92a56e9 0.206s
2025-06-14 12:22:22.795 63321 INFO tempest.lib.common.rest_client [req-0e832a17-d900-496d-bfd4-1625180936a8 req-0e832a17-d900-496d-bfd4-1625180936a8 ] Request (ServersAdminTestJSON:test_reset_state_server): 200 GET http://10.180.1.21/compute/v2.1/servers/e0c137c2-6f96-400f-9a9a-8d413f6826b0 0.192s
2025-06-14 12:22:22.796 63303 INFO tempest.common.waiters [-] State transition "ACTIVE/powering-off" ==> "SHUTOFF/None" after 12 second wait
2025-06-14 12:22:22.855 63315 INFO tempest.lib.common.rest_client [req-7f08242b-fcf8-489c-a814-91922bda7ff3 req-7f08242b-fcf8-489c-a814-91922bda7ff3 ] Request (ServerGroupTestJSON:test_create_server_with_scheduler_hint_group): 200 GET http://10.180.1.21/compute/v2.1/servers/1c23893d-524b-465a-b289-d04a4d3c9e5a 0.209s
2025-06-14 12:22:22.856 63333 INFO tempest.lib.common.rest_client [req-4173c1ac-1700-4e46-bffc-8dc46ca0a029 req-4173c1ac-1700-4e46-bffc-8dc46ca0a029 ] Request (ServerActionsTestJSON:setUpClass): 200 GET http://10.180.1.21/compute/v2.1/servers/15f739e9-f387-4b1a-8d9c-3482915eb2b5 0.199s
2025-06-14 12:22:22.872 63323 WARNING tempest.lib.common.ssh [-] Failed to establish authenticated ssh connection to cirros@10.180.180.225 ([Errno None] Unable to connect to port 22 on 10.180.180.225). Number attempts: 10. Retry after 11 seconds.: paramiko.ssh_exception.NoValidConnectionsError: [Errno None] Unable to connect to port 22 on 10.180.180.225
2025-06-14 12:22:22.905 63313 INFO tempest.lib.common.rest_client [req-05a28f39-6f7c-4a15-a25a-ad2c82744b95 req-05a28f39-6f7c-4a15-a25a-ad2c82744b95 ] Request (ListImageFiltersTestJSON:setUpClass): 200 GET http://10.180.1.21/compute/v2.1/servers/4398cb00-ac09-4d96-8505-ef5c3a426b48 0.184s
2025-06-14 12:22:22.950 63329 INFO tempest.lib.common.rest_client [req-b3636c28-06ff-41c1-bd69-b764c3072803 req-b3636c28-06ff-41c1-bd69-b764c3072803 ] Request (MultipleCreateNegativeTestJSON:test_max_count_less_than_min_count): 400 POST http://10.180.1.21/compute/v2.1/servers 0.226s
2025-06-14 12:22:22.960 63349 INFO tempest.lib.common.rest_client [req-ca44e0a4-2406-4c3b-b6b6-f17f741f958c req-ca44e0a4-2406-4c3b-b6b6-f17f741f958c ] Request (ServerShowV257Test:test_rebuild_server): 200 GET http://10.180.1.21/compute/v2.1/servers/9a82e2f5-c681-4e89-bd1b-4d3c153b0b2c 0.227s
2025-06-14 12:22:22.981 63299 INFO tempest.lib.common.rest_client [req-fde07171-0af9-4e88-a6e7-faeb7368bb0f req-fde07171-0af9-4e88-a6e7-faeb7368bb0f ] Request (FloatingIPsAssociationTestJSON:tearDownClass): 404 GET http://10.180.1.21/compute/v2.1/servers/85f38a11-9eec-4cfc-b7e9-a10660b797c4 0.186s
2025-06-14 12:22:22.984 63329 INFO tempest.lib.common.rest_client [req-436756aa-e2c6-4037-bb1c-a6a53c99b2c2 req-436756aa-e2c6-4037-bb1c-a6a53c99b2c2 ] Request (MultipleCreateNegativeTestJSON:test_max_count_less_than_one): 201 POST http://10.180.1.21/identity/v3/auth/tokens 0.030s
2025-06-14 12:22:22.985 63329 INFO tempest.lib.common.fixed_network [-] (MultipleCreateNegativeTestJSON:test_max_count_less_than_one) Found network None available for tenant
2025-06-14 12:22:23.006 63325 INFO tempest.lib.common.rest_client [req-258eb9fe-8e00-4562-82a7-dc6fcf9d43a4 req-258eb9fe-8e00-4562-82a7-dc6fcf9d43a4 ] Request (ImagesOneServerNegativeTestJSON:_run_cleanups): 200 GET http://10.180.1.21/compute/v2.1/servers/17fc5405-e120-47fd-8334-253e3e525084 0.221s
2025-06-14 12:22:23.084 63303 INFO tempest.lib.common.rest_client [req-6a1be864-44c8-45d6-909c-b6bb9291783a req-6a1be864-44c8-45d6-909c-b6bb9291783a ] Request (ServerActionsTestOtherA:test_rebuild_server_in_stop_state): 200 GET http://10.180.1.21/compute/v2.1/servers/3d4d6c69-f535-4814-ba99-2148d92a56e9 0.287s
2025-06-14 12:22:23.099 63321 INFO tempest.lib.common.rest_client [req-2cddf1ed-56b2-4686-8d37-79ad59ca41ff req-2cddf1ed-56b2-4686-8d37-79ad59ca41ff ] Request (ServersAdminTestJSON:tearDownClass): 204 DELETE http://10.180.1.21/compute/v2.1/servers/2d1e9010-7346-4161-8ad4-60b9020f1c89 0.294s
2025-06-14 12:22:23.158 63327 INFO tempest.lib.common.rest_client [req-d0e18980-c135-4dea-9ac9-2125e284d24f req-d0e18980-c135-4dea-9ac9-2125e284d24f ] Request (SecurityGroupsTestJSON:test_server_security_groups): 200 GET http://10.180.1.21/compute/v2.1/servers/f475bb94-2408-4d17-8877-3f09a1f72746 0.294s
2025-06-14 12:22:23.160 63359 INFO tempest.lib.common.rest_client [req-2e860277-ed08-43fa-a05a-ddd2ddf0c7ea req-2e860277-ed08-43fa-a05a-ddd2ddf0c7ea ] Request (ServerMetadataNegativeTestJSON:tearDownClass): 200 GET http://10.180.1.21/compute/v2.1/servers/bcfd5eec-379f-4ee7-9b51-25bdf9f06331 0.301s
2025-06-14 12:22:23.165 63329 INFO tempest.lib.common.rest_client [req-cf51a1a6-da66-49b3-ae6a-33a20d217512 req-cf51a1a6-da66-49b3-ae6a-33a20d217512 ] Request (MultipleCreateNegativeTestJSON:test_max_count_less_than_one): 400 POST http://10.180.1.21/compute/v2.1/servers 0.180s
2025-06-14 12:22:23.198 63329 INFO tempest.lib.common.rest_client [req-5fa1d4c4-e529-44b0-8d39-2245e8de1e0e req-5fa1d4c4-e529-44b0-8d39-2245e8de1e0e ] Request (MultipleCreateNegativeTestJSON:test_max_count_non_integer): 201 POST http://10.180.1.21/identity/v3/auth/tokens 0.028s
2025-06-14 12:22:23.199 63329 INFO tempest.lib.common.fixed_network [-] (MultipleCreateNegativeTestJSON:test_max_count_non_integer) Found network None available for tenant
2025-06-14 12:22:23.220 63355 INFO tempest.lib.common.rest_client [req-897d5872-8740-49db-960a-467db18f30d9 req-897d5872-8740-49db-960a-467db18f30d9 ] Request (ServerRescueTestJSONUnderV235:tearDownClass): 200 GET http://10.180.1.21/compute/v2.1/servers/6ba2a89d-c16d-4a88-9a39-890b5d1e8805 0.315s
2025-06-14 12:22:23.226 63317 INFO tempest.lib.common.rest_client [req-35305717-f589-46e3-bfcf-3e169fd9c47f req-35305717-f589-46e3-bfcf-3e169fd9c47f ] Request (ServerActionsV293TestJSON:setUpClass): 200 GET http://10.180.1.21/compute/v2.1/servers/2394a624-e98a-4704-910b-7953d093e762 0.196s
2025-06-14 12:22:23.227 63355 INFO tempest.common.waiters [-] State transition "RESCUE/deleting" ==> "DELETED/None" after 5 second wait
2025-06-14 12:22:23.332 63321 INFO tempest.lib.common.rest_client [req-dab01c14-d0a5-4c36-b16e-6d29e73e0c03 req-dab01c14-d0a5-4c36-b16e-6d29e73e0c03 ] Request (ServersAdminTestJSON:tearDownClass): 200 GET http://10.180.1.21/compute/v2.1/servers/2d1e9010-7346-4161-8ad4-60b9020f1c89 0.233s
2025-06-14 12:22:23.342 63303 INFO tempest.lib.common.rest_client [req-4fc03219-7a8c-41c4-a124-52586b484948 req-4fc03219-7a8c-41c4-a124-52586b484948 ] Request (ServerActionsTestOtherA:tearDown): 200 GET http://10.180.1.21/compute/v2.1/servers/cb4bb9fb-0aa9-49ad-8bf3-5de70c69437c 0.245s
2025-06-14 12:22:23.404 63353 INFO tempest.lib.common.rest_client [req-e1b4cbbf-450b-4c02-a885-3125510280db req-e1b4cbbf-450b-4c02-a885-3125510280db ] Request (AttachInterfacesV270Test:tearDownClass): 200 GET http://10.180.1.21/compute/v2.1/servers/ee169eb1-7f24-4cbc-ba40-faefd752e75b 0.301s
2025-06-14 12:22:23.414 63353 INFO tempest.common.waiters [-] State transition "ACTIVE/deleting" ==> "DELETED/None" after 5 second wait
2025-06-14 12:22:23.439 63345 INFO tempest.lib.common.rest_client [req-3afb59e5-5152-45fd-861b-42da920e6fa3 req-3afb59e5-5152-45fd-861b-42da920e6fa3 ] Request (ServersTestFqdnHostnames:tearDownClass): 200 GET http://10.180.1.21/compute/v2.1/servers/1a267cc6-b428-4d9e-84d8-c72462578458 0.333s
2025-06-14 12:22:23.452 63307 INFO tempest.lib.common.rest_client [req-d47d3777-832f-466f-9a79-4dabe1d4a293 req-d47d3777-832f-466f-9a79-4dabe1d4a293 ] Request (ServerRescueTestJSON:setUpClass): 200 GET http://10.180.1.21/compute/v2.1/servers/9edbba21-b4e1-4219-9c72-ba75974067c8 0.286s
2025-06-14 12:22:23.459 63329 INFO tempest.lib.common.rest_client [req-47205916-bbd1-4751-93b5-fbe0f427fd83 req-47205916-bbd1-4751-93b5-fbe0f427fd83 ] Request (MultipleCreateNegativeTestJSON:test_max_count_non_integer): 400 POST http://10.180.1.21/compute/v2.1/servers 0.260s
2025-06-14 12:22:23.498 63329 INFO tempest.lib.common.rest_client [req-dcab6028-9f49-4ddd-8afe-060127d8eee8 req-dcab6028-9f49-4ddd-8afe-060127d8eee8 ] Request (MultipleCreateNegativeTestJSON:test_min_count_less_than_one): 201 POST http://10.180.1.21/identity/v3/auth/tokens 0.033s
2025-06-14 12:22:23.499 63329 INFO tempest.lib.common.fixed_network [-] (MultipleCreateNegativeTestJSON:test_min_count_less_than_one) Found network None available for tenant
2025-06-14 12:22:23.511 63319 INFO tempest.lib.common.rest_client [req-dc1ea649-8791-40fd-94ab-28b17dc6bfc9 req-dc1ea649-8791-40fd-94ab-28b17dc6bfc9 ] Request (MultipleCreateTestJSON:test_multiple_create): 200 GET http://10.180.1.21/compute/v2.1/servers/5c91be97-b5af-4cb4-9173-a972d72318af 0.344s
2025-06-14 12:22:23.513 63347 INFO tempest.lib.common.rest_client [req-5e2166cd-a0c4-42f9-a30c-5cba73a8128c req-5e2166cd-a0c4-42f9-a30c-5cba73a8128c ] Request (ServersTestMultiNic:test_verify_multiple_nics_order): 200 GET http://10.180.1.21/compute/v2.1/servers/3503fa46-8fec-4253-85a7-f6f4c516cb97 0.283s
2025-06-14 12:22:23.575 63297 INFO tempest.lib.common.rest_client [req-82171db3-3334-4a4d-8e1f-717a95ff4a0a req-82171db3-3334-4a4d-8e1f-717a95ff4a0a ] Request (ServersNegativeTestJSON:setUpClass): 200 GET http://10.180.1.21/compute/v2.1/servers/710ae78e-7be1-4074-9f02-80e9902261ab 0.153s
2025-06-14 12:22:23.603 63303 INFO tempest.lib.common.rest_client [req-3204cbb6-7bf1-44c4-8089-de6048853926 req-3204cbb6-7bf1-44c4-8089-de6048853926 ] Request (ServerActionsTestOtherA:_run_cleanups): 204 DELETE http://10.180.1.21/compute/v2.1/servers/3d4d6c69-f535-4814-ba99-2148d92a56e9 0.251s
2025-06-14 12:22:23.608 63329 INFO tempest.lib.common.rest_client [req-caa16c55-8748-4f5e-834a-9545e4a634fb req-caa16c55-8748-4f5e-834a-9545e4a634fb ] Request (MultipleCreateNegativeTestJSON:test_min_count_less_than_one): 400 POST http://10.180.1.21/compute/v2.1/servers 0.108s
2025-06-14 12:22:23.650 63329 INFO tempest.lib.common.rest_client [req-ce5f98aa-23bf-43d7-8cce-fbe62b2e4414 req-ce5f98aa-23bf-43d7-8cce-fbe62b2e4414 ] Request (MultipleCreateNegativeTestJSON:test_min_count_non_integer): 201 POST http://10.180.1.21/identity/v3/auth/tokens 0.036s
2025-06-14 12:22:23.651 63329 INFO tempest.lib.common.fixed_network [-] (MultipleCreateNegativeTestJSON:test_min_count_non_integer) Found network None available for tenant
2025-06-14 12:22:23.700 63299 INFO tempest.lib.common.rest_client [req-a90956d0-c221-45c9-b132-a6ef817c5911 req-a90956d0-c221-45c9-b132-a6ef817c5911 ] Request (FloatingIPsAssociationTestJSON:tearDownClass): 200 PUT http://10.180.1.21:9696/networking/v2.0/routers/b07e6532-aec2-4a0e-8559-10377cd1598a/remove_router_interface 0.718s
2025-06-14 12:22:23.720 63357 INFO tempest.lib.common.rest_client [req-25c7a2f2-1dbf-4a3e-a7e7-b034a34e4a97 req-25c7a2f2-1dbf-4a3e-a7e7-b034a34e4a97 ] Request (MigrationsAdminTest:test_list_migrations_in_flavor_resize_situation): 200 GET http://10.180.1.21/compute/v2.1/servers/a2324457-b2cf-4522-a94a-a5a76231aa9c 0.240s
2025-06-14 12:22:23.731 63303 INFO tempest.lib.common.rest_client [req-26309a20-2551-4251-a830-970abc4fbf84 req-26309a20-2551-4251-a830-970abc4fbf84 ] Request (ServerActionsTestOtherA:_run_cleanups): 200 GET http://10.180.1.21/compute/v2.1/servers/3d4d6c69-f535-4814-ba99-2148d92a56e9 0.128s
2025-06-14 12:22:23.739 63329 INFO tempest.lib.common.rest_client [req-d9f5e11a-69b0-4618-94af-6d2740677d59 req-d9f5e11a-69b0-4618-94af-6d2740677d59 ] Request (MultipleCreateNegativeTestJSON:test_min_count_non_integer): 400 POST http://10.180.1.21/compute/v2.1/servers 0.087s
2025-06-14 12:22:23.802 63339 INFO tempest.lib.common.rest_client [req-e7302a9c-c1ca-49b0-8ad9-f05e5237ebad req-e7302a9c-c1ca-49b0-8ad9-f05e5237ebad ] Request (ServersAdminNegativeTestJSON:test_migrate_server_invalid_state): 200 GET http://10.180.1.21/compute/v2.1/servers/9f3f2c5d-edf2-43cb-884c-175385aedadd 0.135s
2025-06-14 12:22:23.868 63337 INFO tempest.lib.common.rest_client [req-8642373e-b3a0-4144-bb31-824377fb36a6 req-8642373e-b3a0-4144-bb31-824377fb36a6 ] Request (ServerRescueNegativeTestJSON:setUpClass): 200 GET http://10.180.1.21/compute/v2.1/servers/cb7add9c-5bfd-4e66-9078-4c9fd7e05ff8 0.242s
2025-06-14 12:22:23.897 63309 WARNING tempest.lib.common.ssh [-] Failed to establish authenticated ssh connection to cirros@10.180.180.196 ([Errno None] Unable to connect to port 22 on 10.180.180.196). Number attempts: 12. Retry after 13 seconds.: paramiko.ssh_exception.NoValidConnectionsError: [Errno None] Unable to connect to port 22 on 10.180.180.196
2025-06-14 12:22:23.904 63329 INFO tempest.lib.common.rest_client [req-88bb3ee5-ed06-426a-b1d5-77fb5679e5ff req-88bb3ee5-ed06-426a-b1d5-77fb5679e5ff ] Request (MultipleCreateNegativeTestJSON:tearDownClass): 204 DELETE http://10.180.1.21/identity/v3/users/a297de3656394f059a65612630ae11aa 0.163s
2025-06-14 12:22:23.904 63329 INFO tempest.lib.common.dynamic_creds [-] Deleting project and security group for project: 468a42c2e4854849ad0f60979de59001
2025-06-14 12:22:23.931 63315 INFO tempest.lib.common.rest_client [req-1203fc97-5bb7-4563-ad03-7fbf003a0fea req-1203fc97-5bb7-4563-ad03-7fbf003a0fea ] Request (ServerGroupTestJSON:test_create_server_with_scheduler_hint_group): 200 GET http://10.180.1.21/compute/v2.1/servers/1c23893d-524b-465a-b289-d04a4d3c9e5a 0.066s
2025-06-14 12:22:23.933 63333 INFO tempest.lib.common.rest_client [req-4f9002e9-4698-402b-b486-a45ce7744454 req-4f9002e9-4698-402b-b486-a45ce7744454 ] Request (ServerActionsTestJSON:setUpClass): 200 GET http://10.180.1.21/compute/v2.1/servers/15f739e9-f387-4b1a-8d9c-3482915eb2b5 0.067s
2025-06-14 12:22:23.970 63329 INFO tempest.lib.common.rest_client [req-b2b0e8a5-9cb5-46c0-8bd6-f7bae0b320f3 req-b2b0e8a5-9cb5-46c0-8bd6-f7bae0b320f3 ] Request (MultipleCreateNegativeTestJSON:tearDownClass): 201 POST http://10.180.1.21/identity/v3/auth/tokens 0.065s
2025-06-14 12:22:23.991 63313 INFO tempest.lib.common.rest_client [req-478807a3-751e-43c5-9ae7-aa67ee952d64 req-478807a3-751e-43c5-9ae7-aa67ee952d64 ] Request (ListImageFiltersTestJSON:setUpClass): 200 GET http://10.180.1.21/compute/v2.1/servers/4398cb00-ac09-4d96-8505-ef5c3a426b48 0.078s
2025-06-14 12:22:24.033 63349 INFO tempest.lib.common.rest_client [req-c352fb42-38ee-40d5-ab9a-3807f2c3ee16 req-c352fb42-38ee-40d5-ab9a-3807f2c3ee16 ] Request (ServerShowV257Test:test_rebuild_server): 200 GET http://10.180.1.21/compute/v2.1/servers/9a82e2f5-c681-4e89-bd1b-4d3c153b0b2c 0.061s
2025-06-14 12:22:24.065 63325 INFO tempest.lib.common.rest_client [req-f0e94179-cb57-4a2a-82b7-78d19bb97117 req-f0e94179-cb57-4a2a-82b7-78d19bb97117 ] Request (ImagesOneServerNegativeTestJSON:_run_cleanups): 200 GET http://10.180.1.21/compute/v2.1/servers/17fc5405-e120-47fd-8334-253e3e525084 0.049s
2025-06-14 12:22:24.153 63299 INFO tempest.lib.common.rest_client [req-a170001e-405d-4586-b74d-9d54a6dfa3b2 req-a170001e-405d-4586-b74d-9d54a6dfa3b2 ] Request (FloatingIPsAssociationTestJSON:tearDownClass): 204 DELETE http://10.180.1.21:9696/networking/v2.0/routers/b07e6532-aec2-4a0e-8559-10377cd1598a 0.452s
2025-06-14 12:22:24.241 63329 INFO tempest.lib.common.rest_client [req-31efa5c7-63ae-4121-bad5-cdf921cefd0f req-31efa5c7-63ae-4121-bad5-cdf921cefd0f ] Request (MultipleCreateNegativeTestJSON:tearDownClass): 200 GET http://10.180.1.21:9696/networking/v2.0/security-groups?tenant_id=468a42c2e4854849ad0f60979de59001&name=default 0.271s
2025-06-14 12:22:24.269 63327 INFO tempest.lib.common.rest_client [req-b715b6c8-a589-4d2b-af78-34dc5bc88973 req-b715b6c8-a589-4d2b-af78-34dc5bc88973 ] Request (SecurityGroupsTestJSON:test_server_security_groups): 200 GET http://10.180.1.21/compute/v2.1/servers/f475bb94-2408-4d17-8877-3f09a1f72746 0.102s
2025-06-14 12:22:24.275 63359 INFO tempest.lib.common.rest_client [req-8fba1eab-1b69-4cc7-88ad-18307a4178ec req-8fba1eab-1b69-4cc7-88ad-18307a4178ec ] Request (ServerMetadataNegativeTestJSON:tearDownClass): 200 GET http://10.180.1.21/compute/v2.1/servers/bcfd5eec-379f-4ee7-9b51-25bdf9f06331 0.104s
2025-06-14 12:22:24.286 63305 INFO paramiko.transport [-] Connected (version 2.0, client dropbear_2020.81)
2025-06-14 12:22:24.344 63299 INFO tempest.lib.common.rest_client [req-5e59a460-b04c-4d2a-8ccb-f6c18dafabd6 req-5e59a460-b04c-4d2a-8ccb-f6c18dafabd6 ] Request (FloatingIPsAssociationTestJSON:tearDownClass): 204 DELETE http://10.180.1.21:9696/networking/v2.0/subnets/28166690-cb7c-4836-9abd-f0f8dc537dda 0.191s
2025-06-14 12:22:24.348 63305 INFO paramiko.transport [-] Authentication (publickey) successful!
2025-06-14 12:22:24.348 63305 INFO tempest.lib.common.ssh [-] ssh connection to cirros@10.180.180.208 successfully created
2025-06-14 12:22:24.353 63317 INFO tempest.lib.common.rest_client [req-14557962-405d-40fb-a144-6fe7d6a1367c req-14557962-405d-40fb-a144-6fe7d6a1367c ] Request (ServerActionsV293TestJSON:setUpClass): 200 GET http://10.180.1.21/compute/v2.1/servers/2394a624-e98a-4704-910b-7953d093e762 0.116s
2025-06-14 12:22:24.358 63355 INFO tempest.lib.common.rest_client [req-9c5637da-3d2a-49bd-a90d-292d827b035b req-9c5637da-3d2a-49bd-a90d-292d827b035b ] Request (ServerRescueTestJSONUnderV235:tearDownClass): 200 GET http://10.180.1.21/compute/v2.1/servers/6ba2a89d-c16d-4a88-9a39-890b5d1e8805 0.129s
2025-06-14 12:22:24.410 63329 INFO tempest.lib.common.rest_client [req-7449574e-5ee5-470f-9403-ba961bacd350 req-7449574e-5ee5-470f-9403-ba961bacd350 ] Request (MultipleCreateNegativeTestJSON:tearDownClass): 204 DELETE http://10.180.1.21:9696/networking/v2.0/security-groups/2b42ffdb-e960-4f80-9f60-ad4000f16cd9 0.168s
2025-06-14 12:22:24.438 63305 INFO tempest.lib.common.rest_client [req-241034a7-099e-4356-9f53-ef23c9519b26 req-241034a7-099e-4356-9f53-ef23c9519b26 ] Request (ServersTestManualDisk:test_list_servers): 200 GET http://10.180.1.21/compute/v2.1/servers 0.082s
2025-06-14 12:22:24.492 63329 INFO tempest.lib.common.rest_client [req-84911c81-62ff-4bf0-aa41-c7261cf3922a req-84911c81-62ff-4bf0-aa41-c7261cf3922a ] Request (MultipleCreateNegativeTestJSON:tearDownClass): 204 DELETE http://10.180.1.21/identity/v3/projects/468a42c2e4854849ad0f60979de59001 0.081s
2025-06-14 12:22:24.519 63353 INFO tempest.lib.common.rest_client [req-18c3a757-f743-4764-80dc-42a41b1e5ed9 req-18c3a757-f743-4764-80dc-42a41b1e5ed9 ] Request (AttachInterfacesV270Test:tearDownClass): 200 GET http://10.180.1.21/compute/v2.1/servers/ee169eb1-7f24-4cbc-ba40-faefd752e75b 0.102s
2025-06-14 12:22:24.519 63321 INFO tempest.lib.common.rest_client [req-2ef25df6-9ada-4038-8103-365f50967511 req-2ef25df6-9ada-4038-8103-365f50967511 ] Request (ServersAdminTestJSON:tearDownClass): 200 GET http://10.180.1.21/compute/v2.1/servers/2d1e9010-7346-4161-8ad4-60b9020f1c89 0.179s
2025-06-14 12:22:24.605 63329 INFO tempest.lib.common.rest_client [req-181ba5e8-c500-4136-9dd5-2c9847b3e77c req-181ba5e8-c500-4136-9dd5-2c9847b3e77c ] Request (ServerGroup264TestJSON:setUpClass): 201 POST http://10.180.1.21/identity/v3/auth/tokens 0.111s
2025-06-14 12:22:24.643 63329 INFO tempest.lib.common.rest_client [req-2d35f4a6-ce9c-4656-87ba-92a1ca238c83 req-2d35f4a6-ce9c-4656-87ba-92a1ca238c83 ] Request (ServerGroup264TestJSON:setUpClass): 201 POST http://10.180.1.21/identity/v3/auth/tokens 0.036s
2025-06-14 12:22:24.680 63329 INFO tempest.lib.common.rest_client [req-0767c0c2-360e-49d3-a925-8ca604a4e18d req-0767c0c2-360e-49d3-a925-8ca604a4e18d ] Request (ServerGroup264TestJSON:setUpClass): 200 GET http://10.180.1.21/identity/v3/domains?name=Default 0.036s
2025-06-14 12:22:24.694 63345 INFO tempest.lib.common.rest_client [req-582d52a0-ab98-4a12-b1c8-eafa4d4cd4af req-582d52a0-ab98-4a12-b1c8-eafa4d4cd4af ] Request (ServersTestFqdnHostnames:tearDownClass): 200 GET http://10.180.1.21/compute/v2.1/servers/1a267cc6-b428-4d9e-84d8-c72462578458 0.245s
2025-06-14 12:22:24.712 63329 INFO tempest.lib.common.rest_client [req-1a8a9f01-ed41-43cf-ae79-2ed4f145ab4f req-1a8a9f01-ed41-43cf-ae79-2ed4f145ab4f ] Request (ServerGroup264TestJSON:setUpClass): 201 POST http://10.180.1.21/identity/v3/projects 0.031s
2025-06-14 12:22:24.763 63307 INFO tempest.lib.common.rest_client [req-c6930a2d-9ed2-4f7a-8c15-9da2ca14ffe0 req-c6930a2d-9ed2-4f7a-8c15-9da2ca14ffe0 ] Request (ServerRescueTestJSON:setUpClass): 200 GET http://10.180.1.21/compute/v2.1/servers/9edbba21-b4e1-4219-9c72-ba75974067c8 0.299s
2025-06-14 12:22:24.788 63329 INFO tempest.lib.common.rest_client [req-9344d942-bab9-4469-984b-0025d07d9470 req-9344d942-bab9-4469-984b-0025d07d9470 ] Request (ServerGroup264TestJSON:setUpClass): 201 POST http://10.180.1.21/identity/v3/users 0.075s
2025-06-14 12:22:24.811 63305 INFO tempest.lib.common.rest_client [req-73aaafab-1426-44bd-a68d-25d1c2a5332e req-73aaafab-1426-44bd-a68d-25d1c2a5332e ] Request (ServersTestManualDisk:test_list_servers_with_detail): 200 GET http://10.180.1.21/compute/v2.1/servers/detail 0.370s
2025-06-14 12:22:24.814 63329 INFO tempest.lib.common.rest_client [req-a31db344-0385-4323-955e-a498d818ece3 req-a31db344-0385-4323-955e-a498d818ece3 ] Request (ServerGroup264TestJSON:setUpClass): 200 GET http://10.180.1.21/identity/v3/roles 0.024s
2025-06-14 12:22:24.836 63299 INFO tempest.lib.common.rest_client [req-87294694-424b-4557-bff5-8b07a1a16d5a req-87294694-424b-4557-bff5-8b07a1a16d5a ] Request (FloatingIPsAssociationTestJSON:tearDownClass): 204 DELETE http://10.180.1.21:9696/networking/v2.0/networks/7d46e362-dfec-4598-80a0-86202b10cfdc 0.492s
2025-06-14 12:22:24.843 63329 INFO tempest.lib.common.rest_client [req-f13a36de-34df-4f69-9272-1f978c8b85f9 req-f13a36de-34df-4f69-9272-1f978c8b85f9 ] Request (ServerGroup264TestJSON:setUpClass): 204 PUT http://10.180.1.21/identity/v3/projects/256b56abcb894804bc77de50a265f2dc/users/99f7f2ff4e344f4cb25980ff9f7e4414/roles/beea4e4577474418be852571c0a10e8a 0.028s
2025-06-14 12:22:24.843 63329 INFO tempest.lib.common.dynamic_creds [-] Dynamic test user 99f7f2ff4e344f4cb25980ff9f7e4414 is created with scope project and roles: ['member']
2025-06-14 12:22:24.843 63329 INFO tempest.lib.common.dynamic_creds [-] Acquired dynamic creds: credentials: Credentials: {'domain_id': 'default', 'domain_name': 'Default', 'username': 'tempest-ServerGroup264TestJSON-882038175-project-member', 'project_domain_id': 'default', 'project_domain_name': 'Default', 'project_id': '256b56abcb894804bc77de50a265f2dc', 'project_name': 'tempest-ServerGroup264TestJSON-882038175', 'tenant_id': '256b56abcb894804bc77de50a265f2dc', 'tenant_name': 'tempest-ServerGroup264TestJSON-882038175', 'user_domain_id': 'default', 'user_domain_name': 'Default', 'user_id': '99f7f2ff4e344f4cb25980ff9f7e4414', 'system': None}, Network: None, Subnet: None, Router: None
2025-06-14 12:22:24.867 63319 INFO tempest.lib.common.rest_client [req-264c5074-afc5-40bf-824e-f699d8120d33 req-264c5074-afc5-40bf-824e-f699d8120d33 ] Request (MultipleCreateTestJSON:test_multiple_create): 200 GET http://10.180.1.21/compute/v2.1/servers/5c91be97-b5af-4cb4-9173-a972d72318af 0.348s
2025-06-14 12:22:24.881 63347 INFO tempest.lib.common.rest_client [req-c59abbc5-fa5b-4444-b696-1c12d44d75d5 req-c59abbc5-fa5b-4444-b696-1c12d44d75d5 ] Request (ServersTestMultiNic:test_verify_multiple_nics_order): 200 GET http://10.180.1.21/compute/v2.1/servers/3503fa46-8fec-4253-85a7-f6f4c516cb97 0.349s
2025-06-14 12:22:24.892 63347 INFO tempest.common.waiters [-] State transition "BUILD/scheduling" ==> "BUILD/None" after 12 second wait
2025-06-14 12:22:24.917 63329 INFO tempest.lib.common.rest_client [req-fb1a69d2-c189-4f1b-b217-8ff8c369af6d req-fb1a69d2-c189-4f1b-b217-8ff8c369af6d ] Request (ServerGroup264TestJSON:setUpClass): 201 POST http://10.180.1.21/identity/v3/auth/tokens 0.074s
2025-06-14 12:22:24.927 63297 INFO tempest.lib.common.rest_client [req-ce03fc33-08fa-453b-a1da-5a266c4436f5 req-ce03fc33-08fa-453b-a1da-5a266c4436f5 ] Request (ServersNegativeTestJSON:setUpClass): 200 GET http://10.180.1.21/compute/v2.1/servers/710ae78e-7be1-4074-9f02-80e9902261ab 0.342s
2025-06-14 12:22:24.967 63299 INFO tempest.lib.common.rest_client [req-9a548b00-5c10-4b25-903a-f474c051932f req-9a548b00-5c10-4b25-903a-f474c051932f ] Request (FloatingIPsAssociationTestJSON:tearDownClass): 204 DELETE http://10.180.1.21/identity/v3/users/8b08c30524f3455594a96754ac63019c 0.130s
2025-06-14 12:22:24.967 63299 INFO tempest.lib.common.dynamic_creds [-] Deleting project and security group for project: b7f4db017a024464845902be701f3dc3
2025-06-14 12:22:25.023 63299 INFO tempest.lib.common.rest_client [req-62d89931-11dc-4895-b6d6-a030edb72296 req-62d89931-11dc-4895-b6d6-a030edb72296 ] Request (FloatingIPsAssociationTestJSON:tearDownClass): 200 GET http://10.180.1.21:9696/networking/v2.0/security-groups?tenant_id=b7f4db017a024464845902be701f3dc3&name=default 0.055s
2025-06-14 12:22:25.127 63299 INFO tempest.lib.common.rest_client [req-1ee9c364-8084-4a68-8a64-174cfaed5085 req-1ee9c364-8084-4a68-8a64-174cfaed5085 ] Request (FloatingIPsAssociationTestJSON:tearDownClass): 204 DELETE http://10.180.1.21:9696/networking/v2.0/security-groups/7989ce3f-24d4-41ad-b400-9895be68ebe4 0.104s
2025-06-14 12:22:25.196 63299 INFO tempest.lib.common.rest_client [req-a44e17b7-58e4-4662-a65a-5ec043ecb9a4 req-a44e17b7-58e4-4662-a65a-5ec043ecb9a4 ] Request (FloatingIPsAssociationTestJSON:tearDownClass): 204 DELETE http://10.180.1.21/identity/v3/projects/b7f4db017a024464845902be701f3dc3 0.068s
2025-06-14 12:22:25.241 63357 INFO tempest.lib.common.rest_client [req-911e592f-6f87-411c-b1ea-4bf75a807ca9 req-911e592f-6f87-411c-b1ea-4bf75a807ca9 ] Request (MigrationsAdminTest:test_list_migrations_in_flavor_resize_situation): 200 GET http://10.180.1.21/compute/v2.1/servers/a2324457-b2cf-4522-a94a-a5a76231aa9c 0.511s
2025-06-14 12:22:25.290 63311 WARNING tempest.lib.common.ssh [-] Failed to establish authenticated ssh connection to cirros@10.180.180.211 ([Errno None] Unable to connect to port 22 on 10.180.180.211). Number attempts: 3. Retry after 4 seconds.: paramiko.ssh_exception.NoValidConnectionsError: [Errno None] Unable to connect to port 22 on 10.180.180.211
2025-06-14 12:22:25.292 63299 INFO tempest.lib.common.rest_client [req-1c6b185b-ce61-4b5a-a1f8-409305d70b99 req-1c6b185b-ce61-4b5a-a1f8-409305d70b99 ] Request (ImagesMetadataTestJSON:setUpClass): 201 POST http://10.180.1.21/identity/v3/auth/tokens 0.093s
2025-06-14 12:22:25.324 63339 INFO tempest.lib.common.rest_client [req-14cec5c8-181c-4d0b-8e14-74df86d6eed5 req-14cec5c8-181c-4d0b-8e14-74df86d6eed5 ] Request (ServersAdminNegativeTestJSON:test_migrate_server_invalid_state): 200 GET http://10.180.1.21/compute/v2.1/servers/9f3f2c5d-edf2-43cb-884c-175385aedadd 0.514s
2025-06-14 12:22:25.325 63299 INFO tempest.lib.common.rest_client [req-0c1f049e-5ac3-49ad-a89b-776b31969714 req-0c1f049e-5ac3-49ad-a89b-776b31969714 ] Request (ImagesMetadataTestJSON:setUpClass): 201 POST http://10.180.1.21/identity/v3/auth/tokens 0.031s
2025-06-14 12:22:25.338 63305 INFO tempest.lib.common.rest_client [req-ad8c38a6-7918-481e-b398-77bc386302fa req-ad8c38a6-7918-481e-b398-77bc386302fa ] Request (ServersTestManualDisk:test_verify_created_server_vcpus): 200 GET http://10.180.1.21/compute/v2.1/flavors/42 0.517s
2025-06-14 12:22:25.341 63305 INFO tempest.lib.common.ssh [-] Creating ssh connection to '10.180.180.208:22' as 'cirros' with public key authentication
2025-06-14 12:22:25.344 63305 INFO paramiko.transport [-] Connected (version 2.0, client dropbear_2020.81)
2025-06-14 12:22:25.355 63299 INFO tempest.lib.common.rest_client [req-8b3eb9ce-c796-400e-be5b-12cd64da5ddd req-8b3eb9ce-c796-400e-be5b-12cd64da5ddd ] Request (ImagesMetadataTestJSON:setUpClass): 200 GET http://10.180.1.21/identity/v3/domains?name=Default 0.029s
2025-06-14 12:22:25.385 63303 INFO tempest.lib.common.rest_client [req-003aa6d7-dc00-4be0-8445-2d45a7e0a328 req-003aa6d7-dc00-4be0-8445-2d45a7e0a328 ] Request (ServerActionsTestOtherA:_run_cleanups): 200 GET http://10.180.1.21/compute/v2.1/servers/3d4d6c69-f535-4814-ba99-2148d92a56e9 0.645s
2025-06-14 12:22:25.388 63299 INFO tempest.lib.common.rest_client [req-764374f6-4d3e-4444-a09e-3c0436c0b7e0 req-764374f6-4d3e-4444-a09e-3c0436c0b7e0 ] Request (ImagesMetadataTestJSON:setUpClass): 201 POST http://10.180.1.21/identity/v3/projects 0.033s
2025-06-14 12:22:25.446 63305 INFO paramiko.transport [-] Authentication (publickey) successful!
2025-06-14 12:22:25.447 63305 INFO tempest.lib.common.ssh [-] ssh connection to cirros@10.180.180.208 successfully created
2025-06-14 12:22:25.465 63315 INFO tempest.lib.common.rest_client [req-5dd98161-e9c3-4288-be00-a9db4fb8f264 req-5dd98161-e9c3-4288-be00-a9db4fb8f264 ] Request (ServerGroupTestJSON:test_create_server_with_scheduler_hint_group): 200 GET http://10.180.1.21/compute/v2.1/servers/1c23893d-524b-465a-b289-d04a4d3c9e5a 0.517s
2025-06-14 12:22:25.470 63299 INFO tempest.lib.common.rest_client [req-e7186512-9c01-4fc8-8fe0-2d78b648ae63 req-e7186512-9c01-4fc8-8fe0-2d78b648ae63 ] Request (ImagesMetadataTestJSON:setUpClass): 201 POST http://10.180.1.21/identity/v3/users 0.081s
2025-06-14 12:22:25.513 63337 INFO tempest.lib.common.rest_client [req-1c4a6f8a-fc10-4e77-8545-e3e4adf2d449 req-1c4a6f8a-fc10-4e77-8545-e3e4adf2d449 ] Request (ServerRescueNegativeTestJSON:setUpClass): 200 GET http://10.180.1.21/compute/v2.1/servers/cb7add9c-5bfd-4e66-9078-4c9fd7e05ff8 0.637s
2025-06-14 12:22:25.513 63299 INFO tempest.lib.common.rest_client [req-9065f6eb-882f-4bd3-a685-e52c7ecc5793 req-9065f6eb-882f-4bd3-a685-e52c7ecc5793 ] Request (ImagesMetadataTestJSON:setUpClass): 200 GET http://10.180.1.21/identity/v3/roles 0.042s
2025-06-14 12:22:25.578 63299 INFO tempest.lib.common.rest_client [req-1d2944c7-4eb1-474b-afd5-d08da9d15470 req-1d2944c7-4eb1-474b-afd5-d08da9d15470 ] Request (ImagesMetadataTestJSON:setUpClass): 204 PUT http://10.180.1.21/identity/v3/projects/361637b35271448088dcfd14ca472947/users/0b635d8b18d046eda7892b767f6b3fb8/roles/beea4e4577474418be852571c0a10e8a 0.064s
2025-06-14 12:22:25.578 63299 INFO tempest.lib.common.dynamic_creds [-] Dynamic test user 0b635d8b18d046eda7892b767f6b3fb8 is created with scope project and roles: ['member']
2025-06-14 12:22:25.579 63299 INFO tempest.lib.common.dynamic_creds [-] Acquired dynamic creds: credentials: Credentials: {'domain_id': 'default', 'domain_name': 'Default', 'username': 'tempest-ImagesMetadataTestJSON-1406136891-project-member', 'project_domain_id': 'default', 'project_domain_name': 'Default', 'project_id': '361637b35271448088dcfd14ca472947', 'project_name': 'tempest-ImagesMetadataTestJSON-1406136891', 'tenant_id': '361637b35271448088dcfd14ca472947', 'tenant_name': 'tempest-ImagesMetadataTestJSON-1406136891', 'user_domain_id': 'default', 'user_domain_name': 'Default', 'user_id': '0b635d8b18d046eda7892b767f6b3fb8', 'system': None}, Network: None, Subnet: None, Router: None
2025-06-14 12:22:25.579 63299 INFO tempest.lib.common.dynamic_creds [-] Created isolated network resources for: credentials: Credentials: {'domain_id': 'default', 'domain_name': 'Default', 'username': 'tempest-ImagesMetadataTestJSON-1406136891-project-member', 'project_domain_id': 'default', 'project_domain_name': 'Default', 'project_id': '361637b35271448088dcfd14ca472947', 'project_name': 'tempest-ImagesMetadataTestJSON-1406136891', 'tenant_id': '361637b35271448088dcfd14ca472947', 'tenant_name': 'tempest-ImagesMetadataTestJSON-1406136891', 'user_domain_id': 'default', 'user_domain_name': 'Default', 'user_id': '0b635d8b18d046eda7892b767f6b3fb8', 'system': None}, Network: None, Subnet: None, Router: None
2025-06-14 12:22:25.616 63333 INFO tempest.lib.common.rest_client [req-3994812b-fd97-4b90-94bd-80fc52a57327 req-3994812b-fd97-4b90-94bd-80fc52a57327 ] Request (ServerActionsTestJSON:setUpClass): 200 GET http://10.180.1.21/compute/v2.1/servers/15f739e9-f387-4b1a-8d9c-3482915eb2b5 0.668s
2025-06-14 12:22:25.622 63313 INFO tempest.lib.common.rest_client [req-d226c0ea-3736-4fd7-a85a-f74765678329 req-d226c0ea-3736-4fd7-a85a-f74765678329 ] Request (ListImageFiltersTestJSON:setUpClass): 200 GET http://10.180.1.21/compute/v2.1/servers/4398cb00-ac09-4d96-8505-ef5c3a426b48 0.623s
2025-06-14 12:22:25.669 63329 INFO tempest.lib.common.rest_client [req-e6803c7f-4af6-4cfd-91f1-b3d5b8100349 req-e6803c7f-4af6-4cfd-91f1-b3d5b8100349 ] Request (ServerGroup264TestJSON:setUpClass): 201 POST http://10.180.1.21:9696/networking/v2.0/networks 0.751s
2025-06-14 12:22:25.712 63349 INFO tempest.lib.common.rest_client [req-5bd209a2-1eb9-49e8-96e0-7a5ab9a964b6 req-5bd209a2-1eb9-49e8-96e0-7a5ab9a964b6 ] Request (ServerShowV257Test:test_rebuild_server): 200 GET http://10.180.1.21/compute/v2.1/servers/9a82e2f5-c681-4e89-bd1b-4d3c153b0b2c 0.668s
2025-06-14 12:22:25.712 63299 INFO tempest.lib.common.rest_client [req-2d5d7c9b-f08d-4d7e-8227-88a47497e202 req-2d5d7c9b-f08d-4d7e-8227-88a47497e202 ] Request (ImagesMetadataTestJSON:setUpClass): 201 POST http://10.180.1.21/identity/v3/auth/tokens 0.127s
2025-06-14 12:22:25.723 63325 INFO tempest.lib.common.rest_client [req-b99a9c4f-d33a-408f-b07f-58a0ec340341 req-b99a9c4f-d33a-408f-b07f-58a0ec340341 ] Request (ImagesOneServerNegativeTestJSON:_run_cleanups): 200 GET http://10.180.1.21/compute/v2.1/servers/17fc5405-e120-47fd-8334-253e3e525084 0.650s
2025-06-14 12:22:25.784 63327 INFO tempest.lib.common.rest_client [req-434d5744-14e2-4840-b509-03e99cfd8e6d req-434d5744-14e2-4840-b509-03e99cfd8e6d ] Request (SecurityGroupsTestJSON:test_server_security_groups): 200 GET http://10.180.1.21/compute/v2.1/servers/f475bb94-2408-4d17-8877-3f09a1f72746 0.506s
2025-06-14 12:22:25.815 63359 INFO tempest.lib.common.rest_client [req-ad41616e-3f8e-4f11-bdeb-b7363e574d98 req-ad41616e-3f8e-4f11-bdeb-b7363e574d98 ] Request (ServerMetadataNegativeTestJSON:tearDownClass): 200 GET http://10.180.1.21/compute/v2.1/servers/bcfd5eec-379f-4ee7-9b51-25bdf9f06331 0.532s
