2025-06-14 12:20:04.124 63327 INFO tempest.lib.common.rest_client [req-6e1486ab-2cd1-4bb1-b664-45a41f63e99a req-6e1486ab-2cd1-4bb1-b664-45a41f63e99a ] Request (ServicesAdminNegativeTestJSON:setUpClass): 200 GET http://10.180.1.21/identity/v3/roles 0.147s
2025-06-14 12:20:04.131 63325 INFO tempest.lib.common.rest_client [req-0b279906-97e0-4249-8a8c-f77c614f5545 req-0b279906-97e0-4249-8a8c-f77c614f5545 ] Request (SecurityGroupsTestAdminJSON:setUpClass): 201 POST http://10.180.1.21/identity/v3/users 0.143s
2025-06-14 12:20:04.150 63347 INFO tempest.lib.common.rest_client [req-f4492876-e831-4995-9a43-1a837044f450 req-f4492876-e831-4995-9a43-1a837044f450 ] Request (ServicesAdminNegativeV253TestJSON:setUpClass): 204 PUT http://10.180.1.21/identity/v3/projects/71c03916234b476fad121e51f46f9d2b/users/e3af0fdfe064480c88e384c7266019a9/roles/a50f146a001a47af9e39d3c9eb239ba7 0.105s
2025-06-14 12:20:04.159 63311 INFO tempest.lib.common.rest_client [req-1cb72250-623c-4322-a84e-3561a88b2318 req-1cb72250-623c-4322-a84e-3561a88b2318 ] Request (FlavorsV255TestJSON:setUpClass): 204 PUT http://10.180.1.21/identity/v3/projects/cdd0afcd095b434dacccb9d86883bd27/users/5e7a43789ebe4adda8601b96fc354d4a/roles/a50f146a001a47af9e39d3c9eb239ba7 0.093s
2025-06-14 12:20:04.241 63305 INFO tempest.lib.common.rest_client [req-8e569056-5c2e-40d4-b0b7-d871ac4243bf req-8e569056-5c2e-40d4-b0b7-d871ac4243bf ] Request (HypervisorAdminUnderV252Test:setUpClass): 201 POST http://10.180.1.21/identity/v3/auth/tokens 0.173s
2025-06-14 12:20:04.244 63353 INFO tempest.lib.common.rest_client [req-2e3fb57a-89fd-4c5e-9636-21bb1bc3d349 req-2e3fb57a-89fd-4c5e-9636-21bb1bc3d349 ] Request (SecurityGroupRulesTestJSON:setUpClass): 201 POST http://10.180.1.21:9696/networking/v2.0/subnets 1.210s
2025-06-14 12:20:04.273 63327 INFO tempest.lib.common.rest_client [req-daacf311-fefa-4f10-bf8e-091237fe90c3 req-daacf311-fefa-4f10-bf8e-091237fe90c3 ] Request (ServicesAdminNegativeTestJSON:setUpClass): 204 PUT http://10.180.1.21/identity/v3/projects/e52bcc9ac3a544c3a8f9815a53e7520c/users/fd8036fa21fb4ce889b40037781c0541/roles/a50f146a001a47af9e39d3c9eb239ba7 0.149s
2025-06-14 12:20:04.273 63327 INFO tempest.lib.common.dynamic_creds [-] Dynamic test user fd8036fa21fb4ce889b40037781c0541 is created with scope project and roles: ['admin']
2025-06-14 12:20:04.274 63327 INFO tempest.lib.common.dynamic_creds [-] Acquired dynamic creds: credentials: Credentials: {'domain_id': 'default', 'domain_name': 'Default', 'username': 'tempest-ServicesAdminNegativeTestJSON-1791072304-project-admin', 'project_domain_id': 'default', 'project_domain_name': 'Default', 'project_id': 'e52bcc9ac3a544c3a8f9815a53e7520c', 'project_name': 'tempest-ServicesAdminNegativeTestJSON-1791072304', 'tenant_id': 'e52bcc9ac3a544c3a8f9815a53e7520c', 'tenant_name': 'tempest-ServicesAdminNegativeTestJSON-1791072304', 'user_domain_id': 'default', 'user_domain_name': 'Default', 'user_id': 'fd8036fa21fb4ce889b40037781c0541', 'system': None}, Network: None, Subnet: None, Router: None
2025-06-14 12:20:04.274 63327 INFO tempest.lib.common.dynamic_creds [-] Created isolated network resources for: credentials: Credentials: {'domain_id': 'default', 'domain_name': 'Default', 'username': 'tempest-ServicesAdminNegativeTestJSON-1791072304-project-admin', 'project_domain_id': 'default', 'project_domain_name': 'Default', 'project_id': 'e52bcc9ac3a544c3a8f9815a53e7520c', 'project_name': 'tempest-ServicesAdminNegativeTestJSON-1791072304', 'tenant_id': 'e52bcc9ac3a544c3a8f9815a53e7520c', 'tenant_name': 'tempest-ServicesAdminNegativeTestJSON-1791072304', 'user_domain_id': 'default', 'user_domain_name': 'Default', 'user_id': 'fd8036fa21fb4ce889b40037781c0541', 'system': None}, Network: None, Subnet: None, Router: None
2025-06-14 12:20:04.274 63297 INFO tempest.lib.common.rest_client [req-45a03e35-c371-4dca-bac6-18e9140a6d92 req-45a03e35-c371-4dca-bac6-18e9140a6d92 ] Request (FlavorsExtraSpecsTestJSON:tearDownClass): 204 DELETE http://10.180.1.21:9696/networking/v2.0/security-groups/6d51d8a9-d266-44a3-8405-9e4143dcbedf 0.603s
2025-06-14 12:20:04.319 63345 INFO tempest.lib.common.rest_client [req-9dcec1a9-a9c7-4440-930c-0a656c726440 req-9dcec1a9-a9c7-4440-930c-0a656c726440 ] Request (QuotaClassesAdminTestJSON:tearDownClass): 204 DELETE http://10.180.1.21/identity/v3/projects/195784ea53a3415aa61efa52d22da478 0.225s
2025-06-14 12:20:04.319 63345 INFO tempest.lib.common.dynamic_creds [-] Deleting project and security group for project: 12dacc3395fb4eabb39a07b0e4836d95
2025-06-14 12:20:04.368 63325 INFO tempest.lib.common.rest_client [req-5c23120d-6191-43e4-9a05-fc2b8768309a req-5c23120d-6191-43e4-9a05-fc2b8768309a ] Request (SecurityGroupsTestAdminJSON:setUpClass): 200 GET http://10.180.1.21/identity/v3/roles 0.237s
2025-06-14 12:20:04.374 63347 INFO tempest.lib.common.rest_client [req-8ac8217a-8054-42b5-b4a6-f681563105bf req-8ac8217a-8054-42b5-b4a6-f681563105bf ] Request (ServicesAdminNegativeV253TestJSON:setUpClass): 200 GET http://10.180.1.21/identity/v3/roles 0.223s
2025-06-14 12:20:04.405 63311 INFO tempest.lib.common.rest_client [req-31e76ba7-fd2a-447e-8ee8-5ab68ba5334b req-31e76ba7-fd2a-447e-8ee8-5ab68ba5334b ] Request (FlavorsV255TestJSON:setUpClass): 200 GET http://10.180.1.21/identity/v3/roles 0.246s
2025-06-14 12:20:04.476 63297 INFO tempest.lib.common.rest_client [req-d7746a46-0aa6-4846-a121-ab2ccfdb7ed7 req-d7746a46-0aa6-4846-a121-ab2ccfdb7ed7 ] Request (FlavorsExtraSpecsTestJSON:tearDownClass): 204 DELETE http://10.180.1.21/identity/v3/projects/28a7d3ddaba24919962127273b54efb2 0.201s
2025-06-14 12:20:04.478 63297 INFO tempest.test [-] raised in UnshelveToHostMultiNodesTest.setUpClass. Invoking tearDownClass.
2025-06-14 12:20:04.494 63336 INFO tempest.lib.common.rest_client [req-d0c92f2b-e514-46c5-908f-bb64b7880eba req-d0c92f2b-e514-46c5-908f-bb64b7880eba ] Request (ServersWithSpecificFlavorTestJSON:test_verify_created_server_ephemeral_disk): 202 POST http://10.180.1.21/compute/v2.1/servers 2.699s
2025-06-14 12:20:04.533 63343 INFO tempest.lib.common.rest_client [req-000c40a9-dcda-446a-bdc1-56f9de0ef2d8 req-000c40a9-dcda-446a-bdc1-56f9de0ef2d8 ] Request (FloatingIPsNegativeTestJSON:tearDownClass): 204 DELETE http://10.180.1.21:9696/networking/v2.0/subnets/8d984489-0372-429a-91a6-cb1cdfd583f1 0.599s
2025-06-14 12:20:04.559 63319 INFO tempest.lib.common.rest_client [req-692507fb-16dc-456f-8aa0-1082076ccc05 req-692507fb-16dc-456f-8aa0-1082076ccc05 ] Request (FloatingIPsTestJSON:setUpClass): 201 POST http://10.180.1.21:9696/networking/v2.0/routers 4.688s
2025-06-14 12:20:04.588 63327 INFO tempest.lib.common.rest_client [req-581f7013-0234-44e4-818b-3d67fca2ea41 req-581f7013-0234-44e4-818b-3d67fca2ea41 ] Request (ServicesAdminNegativeTestJSON:setUpClass): 201 POST http://10.180.1.21/identity/v3/auth/tokens 0.311s
2025-06-14 12:20:04.620 63325 INFO tempest.lib.common.rest_client [req-9ebcc43a-7c17-434f-8607-6372c9279be6 req-9ebcc43a-7c17-434f-8607-6372c9279be6 ] Request (SecurityGroupsTestAdminJSON:setUpClass): 204 PUT http://10.180.1.21/identity/v3/projects/24b72e7263d14c32a750e2321d937bdc/users/18e071841b0548058697cd3a2acf7066/roles/beea4e4577474418be852571c0a10e8a 0.251s
2025-06-14 12:20:04.620 63325 INFO tempest.lib.common.dynamic_creds [-] Dynamic test user 18e071841b0548058697cd3a2acf7066 is created with scope project and roles: ['member']
2025-06-14 12:20:04.620 63325 INFO tempest.lib.common.dynamic_creds [-] Acquired dynamic creds: credentials: Credentials: {'domain_id': 'default', 'domain_name': 'Default', 'username': 'tempest-SecurityGroupsTestAdminJSON-1865863540-project-member', 'project_domain_id': 'default', 'project_domain_name': 'Default', 'project_id': '24b72e7263d14c32a750e2321d937bdc', 'project_name': 'tempest-SecurityGroupsTestAdminJSON-1865863540', 'tenant_id': '24b72e7263d14c32a750e2321d937bdc', 'tenant_name': 'tempest-SecurityGroupsTestAdminJSON-1865863540', 'user_domain_id': 'default', 'user_domain_name': 'Default', 'user_id': '18e071841b0548058697cd3a2acf7066', 'system': None}, Network: None, Subnet: None, Router: None
2025-06-14 12:20:04.620 63347 INFO tempest.lib.common.rest_client [req-b5767b69-688c-41f8-b36f-585ad4cf248e req-b5767b69-688c-41f8-b36f-585ad4cf248e ] Request (ServicesAdminNegativeV253TestJSON:setUpClass): 204 PUT http://10.180.1.21/identity/v3/projects/71c03916234b476fad121e51f46f9d2b/users/e3af0fdfe064480c88e384c7266019a9/roles/a50f146a001a47af9e39d3c9eb239ba7 0.245s
2025-06-14 12:20:04.620 63325 INFO tempest.lib.common.dynamic_creds [-] Created isolated network resources for: credentials: Credentials: {'domain_id': 'default', 'domain_name': 'Default', 'username': 'tempest-SecurityGroupsTestAdminJSON-1865863540-project-member', 'project_domain_id': 'default', 'project_domain_name': 'Default', 'project_id': '24b72e7263d14c32a750e2321d937bdc', 'project_name': 'tempest-SecurityGroupsTestAdminJSON-1865863540', 'tenant_id': '24b72e7263d14c32a750e2321d937bdc', 'tenant_name': 'tempest-SecurityGroupsTestAdminJSON-1865863540', 'user_domain_id': 'default', 'user_domain_name': 'Default', 'user_id': '18e071841b0548058697cd3a2acf7066', 'system': None}, Network: None, Subnet: None, Router: None
2025-06-14 12:20:04.620 63347 INFO tempest.lib.common.dynamic_creds [-] Dynamic test user e3af0fdfe064480c88e384c7266019a9 is created with scope project and roles: ['admin']
2025-06-14 12:20:04.621 63347 INFO tempest.lib.common.dynamic_creds [-] Acquired dynamic creds: credentials: Credentials: {'domain_id': 'default', 'domain_name': 'Default', 'username': 'tempest-ServicesAdminNegativeV253TestJSON-1929465528-project-admin', 'project_domain_id': 'default', 'project_domain_name': 'Default', 'project_id': '71c03916234b476fad121e51f46f9d2b', 'project_name': 'tempest-ServicesAdminNegativeV253TestJSON-1929465528', 'tenant_id': '71c03916234b476fad121e51f46f9d2b', 'tenant_name': 'tempest-ServicesAdminNegativeV253TestJSON-1929465528', 'user_domain_id': 'default', 'user_domain_name': 'Default', 'user_id': 'e3af0fdfe064480c88e384c7266019a9', 'system': None}, Network: None, Subnet: None, Router: None
2025-06-14 12:20:04.621 63347 INFO tempest.lib.common.dynamic_creds [-] Created isolated network resources for: credentials: Credentials: {'domain_id': 'default', 'domain_name': 'Default', 'username': 'tempest-ServicesAdminNegativeV253TestJSON-1929465528-project-admin', 'project_domain_id': 'default', 'project_domain_name': 'Default', 'project_id': '71c03916234b476fad121e51f46f9d2b', 'project_name': 'tempest-ServicesAdminNegativeV253TestJSON-1929465528', 'tenant_id': '71c03916234b476fad121e51f46f9d2b', 'tenant_name': 'tempest-ServicesAdminNegativeV253TestJSON-1929465528', 'user_domain_id': 'default', 'user_domain_name': 'Default', 'user_id': 'e3af0fdfe064480c88e384c7266019a9', 'system': None}, Network: None, Subnet: None, Router: None
2025-06-14 12:20:04.640 63303 INFO tempest.lib.common.rest_client [req-4cb444c6-1989-42bd-846c-c6e7dd82cd18 req-4cb444c6-1989-42bd-846c-c6e7dd82cd18 ] Request (ServerActionsTestOtherA:setUpClass): 200 GET http://10.180.1.21/compute/v2.1/servers/cb4bb9fb-0aa9-49ad-8bf3-5de70c69437c 2.290s
2025-06-14 12:20:04.659 63357 INFO tempest.lib.common.rest_client [req-e1ef9a3c-35ab-4ce5-9bba-31e5486cb4a1 req-e1ef9a3c-35ab-4ce5-9bba-31e5486cb4a1 ] Request (HypervisorAdminNegativeUnderV252Test:tearDownClass): 204 DELETE http://10.180.1.21:9696/networking/v2.0/security-groups/d209211e-e09b-4204-9681-8a80447ebf73 0.720s
2025-06-14 12:20:04.663 63303 INFO tempest.common.waiters [-] State transition "BUILD/scheduling" ==> "BUILD/None" after 7 second wait
2025-06-14 12:20:04.683 63317 INFO tempest.lib.common.rest_client [req-2ca55085-5abf-41e0-8c50-b8d6397cda22 req-2ca55085-5abf-41e0-8c50-b8d6397cda22 ] Request (AggregatesAdminNegativeTestJSON:test_aggregate_create_with_existent_aggregate_name): 200 POST http://10.180.1.21/compute/v2.1/os-aggregates 2.306s
2025-06-14 12:20:04.805 63297 INFO tempest.lib.common.rest_client [req-fc839956-52bc-4791-8639-5472ce3573d2 req-fc839956-52bc-4791-8639-5472ce3573d2 ] Request (FloatingIPDetailsTestJSON:setUpClass): 201 POST http://10.180.1.21/identity/v3/auth/tokens 0.323s
2025-06-14 12:20:04.812 63311 INFO tempest.lib.common.rest_client [req-811819c4-806b-4687-9ccb-c9b7d3bb6580 req-811819c4-806b-4687-9ccb-c9b7d3bb6580 ] Request (FlavorsV255TestJSON:setUpClass): 204 PUT http://10.180.1.21/identity/v3/projects/cdd0afcd095b434dacccb9d86883bd27/users/5e7a43789ebe4adda8601b96fc354d4a/roles/a50f146a001a47af9e39d3c9eb239ba7 0.406s
2025-06-14 12:20:04.812 63311 INFO tempest.lib.common.dynamic_creds [-] Dynamic test user 5e7a43789ebe4adda8601b96fc354d4a is created with scope project and roles: ['admin']
2025-06-14 12:20:04.813 63311 INFO tempest.lib.common.dynamic_creds [-] Acquired dynamic creds: credentials: Credentials: {'domain_id': 'default', 'domain_name': 'Default', 'username': 'tempest-FlavorsV255TestJSON-1438367087-project-admin', 'project_domain_id': 'default', 'project_domain_name': 'Default', 'project_id': 'cdd0afcd095b434dacccb9d86883bd27', 'project_name': 'tempest-FlavorsV255TestJSON-1438367087', 'tenant_id': 'cdd0afcd095b434dacccb9d86883bd27', 'tenant_name': 'tempest-FlavorsV255TestJSON-1438367087', 'user_domain_id': 'default', 'user_domain_name': 'Default', 'user_id': '5e7a43789ebe4adda8601b96fc354d4a', 'system': None}, Network: None, Subnet: None, Router: None
2025-06-14 12:20:04.813 63311 INFO tempest.lib.common.dynamic_creds [-] Created isolated network resources for: credentials: Credentials: {'domain_id': 'default', 'domain_name': 'Default', 'username': 'tempest-FlavorsV255TestJSON-1438367087-project-admin', 'project_domain_id': 'default', 'project_domain_name': 'Default', 'project_id': 'cdd0afcd095b434dacccb9d86883bd27', 'project_name': 'tempest-FlavorsV255TestJSON-1438367087', 'tenant_id': 'cdd0afcd095b434dacccb9d86883bd27', 'tenant_name': 'tempest-FlavorsV255TestJSON-1438367087', 'user_domain_id': 'default', 'user_domain_name': 'Default', 'user_id': '5e7a43789ebe4adda8601b96fc354d4a', 'system': None}, Network: None, Subnet: None, Router: None
2025-06-14 12:20:04.839 63323 INFO tempest.lib.common.rest_client [req-782975e9-63bc-4ef0-a13e-ccc11ff3a22f req-782975e9-63bc-4ef0-a13e-ccc11ff3a22f ] Request (ServersTestBootFromVolume:setUpClass): 200 GET http://10.180.1.21/volume/v3/volumes/1f196b27-f06d-4d6e-95a1-fbb93be9fbea 0.037s
2025-06-14 12:20:04.882 63325 INFO tempest.lib.common.rest_client [req-e9dd4339-620d-470c-a223-22be20462356 req-e9dd4339-620d-470c-a223-22be20462356 ] Request (SecurityGroupsTestAdminJSON:setUpClass): 201 POST http://10.180.1.21/identity/v3/auth/tokens 0.257s
2025-06-14 12:20:04.885 63347 INFO tempest.lib.common.rest_client [req-ba188eb8-b5d5-4148-b3ba-5a7de9b8d1bf req-ba188eb8-b5d5-4148-b3ba-5a7de9b8d1bf ] Request (ServicesAdminNegativeV253TestJSON:setUpClass): 201 POST http://10.180.1.21/identity/v3/auth/tokens 0.256s
2025-06-14 12:20:04.941 63297 INFO tempest.lib.common.rest_client [req-069c0b2f-0a18-4b93-8dc2-93825e6c2111 req-069c0b2f-0a18-4b93-8dc2-93825e6c2111 ] Request (FloatingIPDetailsTestJSON:setUpClass): 201 POST http://10.180.1.21/identity/v3/auth/tokens 0.132s
2025-06-14 12:20:04.951 63345 INFO tempest.lib.common.rest_client [req-3c17d896-45ba-4236-95a9-bf2184c2df91 req-3c17d896-45ba-4236-95a9-bf2184c2df91 ] Request (QuotaClassesAdminTestJSON:tearDownClass): 200 GET http://10.180.1.21:9696/networking/v2.0/security-groups?tenant_id=12dacc3395fb4eabb39a07b0e4836d95&name=default 0.631s
2025-06-14 12:20:04.987 63357 INFO tempest.lib.common.rest_client [req-c6dc650e-be93-4b3d-9ba1-1799d1f854eb req-c6dc650e-be93-4b3d-9ba1-1799d1f854eb ] Request (HypervisorAdminNegativeUnderV252Test:tearDownClass): 204 DELETE http://10.180.1.21/identity/v3/projects/1dc9db03b8f74c44933ba494a041a706 0.328s
2025-06-14 12:20:05.009 63311 INFO tempest.lib.common.rest_client [req-95c4d368-6e41-4c84-a5ee-0ea527881025 req-95c4d368-6e41-4c84-a5ee-0ea527881025 ] Request (FlavorsV255TestJSON:setUpClass): 201 POST http://10.180.1.21/identity/v3/auth/tokens 0.193s
2025-06-14 12:20:05.066 63343 INFO tempest.lib.common.rest_client [req-c5542441-0594-4574-ae71-6e0dcad4c88c req-c5542441-0594-4574-ae71-6e0dcad4c88c ] Request (FloatingIPsNegativeTestJSON:tearDownClass): 204 DELETE http://10.180.1.21:9696/networking/v2.0/networks/47d99a87-584d-4010-9cbb-042d71f8b964 0.533s
2025-06-14 12:20:05.083 63325 INFO tempest.lib.common.rest_client [req-b057e810-1ca8-4a71-a55e-e13bec8cacc3 req-b057e810-1ca8-4a71-a55e-e13bec8cacc3 ] Request (SecurityGroupsTestAdminJSON:setUpClass): 201 POST http://10.180.1.21/identity/v3/projects 0.200s
2025-06-14 12:20:05.105 63321 INFO tempest.lib.common.rest_client [req-5411e5cd-cf50-4437-880a-1e13882193f5 req-5411e5cd-cf50-4437-880a-1e13882193f5 ] Request (ServersAdminTestJSON:setUpClass): 200 GET http://10.180.1.21/compute/v2.1/servers/5c62c393-d671-4a14-b37f-9ed921c10c0d 2.606s
2025-06-14 12:20:05.114 63321 INFO tempest.common.waiters [-] State transition "BUILD/networking" ==> "BUILD/spawning" after 15 second wait
2025-06-14 12:20:05.131 63313 INFO tempest.lib.common.rest_client [req-27dafc80-48f5-44df-ae4c-dfd26dd5e5de req-27dafc80-48f5-44df-ae4c-dfd26dd5e5de ] Request (FlavorsAdminTestJSON:test_create_list_flavor_without_extra_data): 200 POST http://10.180.1.21/compute/v2.1/flavors 2.582s
2025-06-14 12:20:05.160 63297 INFO tempest.lib.common.rest_client [req-471beef3-a56c-4ac0-a028-a20861165a34 req-471beef3-a56c-4ac0-a028-a20861165a34 ] Request (FloatingIPDetailsTestJSON:setUpClass): 200 GET http://10.180.1.21/identity/v3/domains?name=Default 0.219s
2025-06-14 12:20:05.190 63357 INFO tempest.lib.common.rest_client [req-3c515c89-ca8c-4489-abcf-95832d0209d6 req-3c515c89-ca8c-4489-abcf-95832d0209d6 ] Request (MigrationsAdminTest:setUpClass): 201 POST http://10.180.1.21/identity/v3/auth/tokens 0.201s
2025-06-14 12:20:05.282 63337 INFO tempest.lib.common.rest_client [req-78fda4de-3546-4228-9d14-2bfaddf22d08 req-78fda4de-3546-4228-9d14-2bfaddf22d08 ] Request (ImagesNegativeTestJSON:setUpClass): 200 PUT http://10.180.1.21:9696/networking/v2.0/routers/5bafc296-df07-43ea-93d2-060ab81079e3/add_router_interface 5.426s
2025-06-14 12:20:05.283 63337 INFO tempest.lib.common.dynamic_creds [-] Created isolated network resources for: credentials: Credentials: {'domain_id': 'default', 'domain_name': 'Default', 'username': 'tempest-ImagesNegativeTestJSON-390298219-project-member', 'project_domain_id': 'default', 'project_domain_name': 'Default', 'project_id': '5601e40923cd49af93f3504fb9f2852c', 'project_name': 'tempest-ImagesNegativeTestJSON-390298219', 'tenant_id': '5601e40923cd49af93f3504fb9f2852c', 'tenant_name': 'tempest-ImagesNegativeTestJSON-390298219', 'user_domain_id': 'default', 'user_domain_name': 'Default', 'user_id': 'f21f73f47fb0486fb33d0ab00ac9c1de', 'system': None}, Network: {'id': '0996daaa-9320-4186-aed6-0cfa97df7654', 'name': 'tempest-ImagesNegativeTestJSON-1607501333-network', 'tenant_id': '5601e40923cd49af93f3504fb9f2852c', 'admin_state_up': True, 'mtu': 8950, 'status': 'ACTIVE', 'subnets': [], 'shared': False, 'project_id': '5601e40923cd49af93f3504fb9f2852c', 'port_security_enabled': True, 'router:external': False, 'provider:network_type': 'vlan', 'provider:physical_network': 'default', 'provider:segmentation_id': 429, 'availability_zone_hints': [], 'availability_zones': [], 'ipv4_address_scope': None, 'ipv6_address_scope': None, 'description': '', 'tags': [], 'created_at': '2025-06-14T12:19:56Z', 'updated_at': '2025-06-14T12:19:56Z', 'revision_number': 1}, Subnet: {'id': '5911195e-34fe-435f-9811-6dda6bf26554', 'name': 'tempest-ImagesNegativeTestJSON-1607501333-subnet', 'tenant_id': '5601e40923cd49af93f3504fb9f2852c', 'network_id': '0996daaa-9320-4186-aed6-0cfa97df7654', 'ip_version': 4, 'subnetpool_id': None, 'enable_dhcp': True, 'ipv6_ra_mode': None, 'ipv6_address_mode': None, 'gateway_ip': '192.168.128.1', 'cidr': '192.168.128.0/28', 'allocation_pools': [{'start': '192.168.128.2', 'end': '192.168.128.14'}], 'host_routes': [], 'dns_nameservers': [], 'description': '', 'router:external': False, 'service_types': [], 'tags': [], 'created_at': '2025-06-14T12:19:56Z', 'updated_at': '2025-06-14T12:19:56Z', 'revision_number': 0, 'project_id': '5601e40923cd49af93f3504fb9f2852c'}, Router: {'id': '5bafc296-df07-43ea-93d2-060ab81079e3', 'name': 'tempest-ImagesNegativeTestJSON-1607501333-router', 'tenant_id': '5601e40923cd49af93f3504fb9f2852c', 'admin_state_up': True, 'status': 'ACTIVE', 'external_gateway_info': {'network_id': 'b3a02297-03e0-4a80-a387-ddd50de1bc28', 'external_fixed_ips': [{'subnet_id': '9e769ad5-6357-4c9e-950d-14f2b1aab6ff', 'ip_address': '10.180.180.243'}], 'enable_snat': True}, 'description': '', 'availability_zones': [], 'distributed': False, 'ha': False, 'availability_zone_hints': [], 'routes': [], 'flavor_id': None, 'tags': [], 'created_at': '2025-06-14T12:19:57Z', 'updated_at': '2025-06-14T12:19:58Z', 'revision_number': 2, 'project_id': '5601e40923cd49af93f3504fb9f2852c'}
2025-06-14 12:20:05.288 63343 INFO tempest.lib.common.rest_client [req-52b472ab-44ae-43b5-8691-facf8942bce1 req-52b472ab-44ae-43b5-8691-facf8942bce1 ] Request (FloatingIPsNegativeTestJSON:tearDownClass): 204 DELETE http://10.180.1.21/identity/v3/users/944debe4cb67455582f55929ae9642b6 0.221s
2025-06-14 12:20:05.288 63343 INFO tempest.lib.common.dynamic_creds [-] Deleting project and security group for project: cadde9e744584dfb99a4791885b2e3b2
2025-06-14 12:20:05.327 63325 INFO tempest.lib.common.rest_client [req-ff81862d-3f53-40b2-b864-45fea8eaf5c4 req-ff81862d-3f53-40b2-b864-45fea8eaf5c4 ] Request (SecurityGroupsTestAdminJSON:setUpClass): 201 POST http://10.180.1.21/identity/v3/users 0.244s
2025-06-14 12:20:05.348 63297 INFO tempest.lib.common.rest_client [req-e12bca95-eda8-4235-bf01-68ebc115f478 req-e12bca95-eda8-4235-bf01-68ebc115f478 ] Request (FloatingIPDetailsTestJSON:setUpClass): 201 POST http://10.180.1.21/identity/v3/projects 0.187s
2025-06-14 12:20:05.368 63345 INFO tempest.lib.common.rest_client [req-781f50db-3a3d-49e1-b842-5783b15867cc req-781f50db-3a3d-49e1-b842-5783b15867cc ] Request (QuotaClassesAdminTestJSON:tearDownClass): 204 DELETE http://10.180.1.21:9696/networking/v2.0/security-groups/603f2014-4526-4eb3-82b4-8cfe69ece696 0.416s
2025-06-14 12:20:05.381 63357 INFO tempest.lib.common.rest_client [req-e4707678-4d4f-492d-aba5-c51c7d9e9ab0 req-e4707678-4d4f-492d-aba5-c51c7d9e9ab0 ] Request (MigrationsAdminTest:setUpClass): 201 POST http://10.180.1.21/identity/v3/auth/tokens 0.188s
2025-06-14 12:20:05.384 63333 INFO tempest.lib.common.rest_client [req-90e3aa96-2ccb-4846-8407-815f8df168c8 req-90e3aa96-2ccb-4846-8407-815f8df168c8 ] Request (DeleteServersAdminTestJSON:test_admin_delete_servers_of_others): 200 GET http://10.180.1.21/compute/v2.1/servers/53027197-00a7-4d30-8020-32d98d5708c6 2.796s
2025-06-14 12:20:05.425 63343 INFO tempest.lib.common.rest_client [req-7d64ebab-9a6f-44f8-82a3-1707fcfcc26d req-7d64ebab-9a6f-44f8-82a3-1707fcfcc26d ] Request (FloatingIPsNegativeTestJSON:tearDownClass): 200 GET http://10.180.1.21:9696/networking/v2.0/security-groups?tenant_id=cadde9e744584dfb99a4791885b2e3b2&name=default 0.136s
2025-06-14 12:20:05.453 63325 INFO tempest.lib.common.rest_client [req-e9b9d271-b6fb-4a2c-b662-40802948397a req-e9b9d271-b6fb-4a2c-b662-40802948397a ] Request (SecurityGroupsTestAdminJSON:setUpClass): 200 GET http://10.180.1.21/identity/v3/roles 0.125s
2025-06-14 12:20:05.496 63337 INFO tempest.lib.common.rest_client [req-756a71ab-ad0f-46d7-a084-bac355f01398 req-756a71ab-ad0f-46d7-a084-bac355f01398 ] Request (ImagesNegativeTestJSON:setUpClass): 201 POST http://10.180.1.21/identity/v3/auth/tokens 0.208s
2025-06-14 12:20:05.512 63297 INFO tempest.lib.common.rest_client [req-dd33444a-2b78-40e4-bd76-3d064a1da7b4 req-dd33444a-2b78-40e4-bd76-3d064a1da7b4 ] Request (FloatingIPDetailsTestJSON:setUpClass): 201 POST http://10.180.1.21/identity/v3/users 0.164s
2025-06-14 12:20:05.557 63357 INFO tempest.lib.common.rest_client [req-ab9fbcbc-3263-4ca2-958b-4fba8fb5a443 req-ab9fbcbc-3263-4ca2-958b-4fba8fb5a443 ] Request (MigrationsAdminTest:setUpClass): 200 GET http://10.180.1.21/identity/v3/domains?name=Default 0.175s
2025-06-14 12:20:05.601 63345 INFO tempest.lib.common.rest_client [req-6f5d01a1-a5ba-4559-a310-9243ba550c99 req-6f5d01a1-a5ba-4559-a310-9243ba550c99 ] Request (QuotaClassesAdminTestJSON:tearDownClass): 204 DELETE http://10.180.1.21/identity/v3/projects/12dacc3395fb4eabb39a07b0e4836d95 0.233s
2025-06-14 12:20:05.682 63325 INFO tempest.lib.common.rest_client [req-1c8215e3-2778-46b8-bbb1-98d3d768bb6e req-1c8215e3-2778-46b8-bbb1-98d3d768bb6e ] Request (SecurityGroupsTestAdminJSON:setUpClass): 204 PUT http://10.180.1.21/identity/v3/projects/aa1d9bfc0cb04154a150a220edff6f06/users/ac2b6bafd8ea4546b07f19b17e349657/roles/a50f146a001a47af9e39d3c9eb239ba7 0.229s
2025-06-14 12:20:05.731 63299 INFO tempest.lib.common.rest_client [req-977e665e-7867-410e-b87f-57bb94090a6d req-977e665e-7867-410e-b87f-57bb94090a6d ] Request (FloatingIPsAssociationTestJSON:setUpClass): 200 POST http://10.180.1.21/compute/v2.1/os-floating-ips 3.449s
2025-06-14 12:20:05.756 63337 INFO tempest.lib.common.rest_client [req-ef20155e-ad4d-4cef-8422-558f68c0d070 req-ef20155e-ad4d-4cef-8422-558f68c0d070 ] Request (ImagesNegativeTestJSON:test_create_image_from_deleted_server): 201 POST http://10.180.1.21/identity/v3/auth/tokens 0.257s
2025-06-14 12:20:05.757 63337 INFO tempest.lib.common.fixed_network [-] (ImagesNegativeTestJSON:test_create_image_from_deleted_server) Found network {'id': '0996daaa-9320-4186-aed6-0cfa97df7654', 'name': 'tempest-ImagesNegativeTestJSON-1607501333-network', 'tenant_id': '5601e40923cd49af93f3504fb9f2852c', 'admin_state_up': True, 'mtu': 8950, 'status': 'ACTIVE', 'subnets': [], 'shared': False, 'project_id': '5601e40923cd49af93f3504fb9f2852c', 'port_security_enabled': True, 'router:external': False, 'provider:network_type': 'vlan', 'provider:physical_network': 'default', 'provider:segmentation_id': 429, 'availability_zone_hints': [], 'availability_zones': [], 'ipv4_address_scope': None, 'ipv6_address_scope': None, 'description': '', 'tags': [], 'created_at': '2025-06-14T12:19:56Z', 'updated_at': '2025-06-14T12:19:56Z', 'revision_number': 1} available for tenant
2025-06-14 12:20:05.828 63357 INFO tempest.lib.common.rest_client [req-51c4b0ad-d8ea-4ed4-b13b-edde75c7f8bd req-51c4b0ad-d8ea-4ed4-b13b-edde75c7f8bd ] Request (MigrationsAdminTest:setUpClass): 201 POST http://10.180.1.21/identity/v3/projects 0.271s
2025-06-14 12:20:05.831 63339 INFO tempest.lib.common.rest_client [req-cd80cc2f-5c1a-4b57-81e5-4cbeace28bd0 req-cd80cc2f-5c1a-4b57-81e5-4cbeace28bd0 ] Request (ServerDiagnosticsTest:test_get_server_diagnostics): 200 GET http://10.180.1.21/compute/v2.1/servers/351a677f-4485-4803-9404-bf49b0fcb3eb 3.121s
2025-06-14 12:20:05.832 63297 INFO tempest.lib.common.rest_client [req-258f59f4-7de0-42df-9ebe-fc08517de801 req-258f59f4-7de0-42df-9ebe-fc08517de801 ] Request (FloatingIPDetailsTestJSON:setUpClass): 200 GET http://10.180.1.21/identity/v3/roles 0.319s
2025-06-14 12:20:05.840 63339 INFO tempest.common.waiters [-] State transition "BUILD/None" ==> "BUILD/networking" after 13 second wait
2025-06-14 12:20:05.879 63323 INFO tempest.lib.common.rest_client [req-a181003d-03a0-4c89-8017-a4e6634e8018 req-a181003d-03a0-4c89-8017-a4e6634e8018 ] Request (ServersTestBootFromVolume:setUpClass): 200 GET http://10.180.1.21/volume/v3/volumes/1f196b27-f06d-4d6e-95a1-fbb93be9fbea 0.031s
2025-06-14 12:20:05.884 63315 INFO tempest.lib.common.rest_client [req-b4e01087-b094-41ed-8734-889dcc2d81d4 req-b4e01087-b094-41ed-8734-889dcc2d81d4 ] Request (InstanceActionsNegativeTestJSON:setUpClass): 201 POST http://10.180.1.21:9696/networking/v2.0/routers 3.511s
2025-06-14 12:20:05.887 63325 INFO tempest.lib.common.rest_client [req-b7cc2650-92eb-421a-a65d-167087b6ab63 req-b7cc2650-92eb-421a-a65d-167087b6ab63 ] Request (SecurityGroupsTestAdminJSON:setUpClass): 200 GET http://10.180.1.21/identity/v3/roles 0.204s
2025-06-14 12:20:05.894 63345 INFO tempest.lib.common.rest_client [req-7a98a603-2099-4f19-bd1c-3f079c9c9a07 req-7a98a603-2099-4f19-bd1c-3f079c9c9a07 ] Request (FloatingIPDetailsNegativeTestJSON:setUpClass): 201 POST http://10.180.1.21/identity/v3/auth/tokens 0.291s
2025-06-14 12:20:05.922 63357 INFO tempest.lib.common.rest_client [req-af408892-2f46-4dc1-ad07-39b91c5cec50 req-af408892-2f46-4dc1-ad07-39b91c5cec50 ] Request (MigrationsAdminTest:setUpClass): 201 POST http://10.180.1.21/identity/v3/users 0.093s
2025-06-14 12:20:05.944 63299 INFO tempest.lib.common.rest_client [req-b9724703-1cfd-4a4b-af1e-75eb3da749e2 req-b9724703-1cfd-4a4b-af1e-75eb3da749e2 ] Request (FloatingIPsAssociationTestJSON:test_associate_already_associated_floating_ip): 201 POST http://10.180.1.21/identity/v3/auth/tokens 0.207s
2025-06-14 12:20:05.944 63299 INFO tempest.lib.common.fixed_network [-] (FloatingIPsAssociationTestJSON:test_associate_already_associated_floating_ip) Found network {'id': '7d46e362-dfec-4598-80a0-86202b10cfdc', 'name': 'tempest-FloatingIPsAssociationTestJSON-322706049-network', 'tenant_id': 'b7f4db017a024464845902be701f3dc3', 'admin_state_up': True, 'mtu': 8950, 'status': 'ACTIVE', 'subnets': [], 'shared': False, 'project_id': 'b7f4db017a024464845902be701f3dc3', 'port_security_enabled': True, 'router:external': False, 'provider:network_type': 'vlan', 'provider:physical_network': 'default', 'provider:segmentation_id': 931, 'availability_zone_hints': [], 'availability_zones': [], 'ipv4_address_scope': None, 'ipv6_address_scope': None, 'description': '', 'tags': [], 'created_at': '2025-06-14T12:19:32Z', 'updated_at': '2025-06-14T12:19:32Z', 'revision_number': 1} available for tenant
2025-06-14 12:20:05.949 63297 INFO tempest.lib.common.rest_client [req-cab0025f-3235-445a-8f63-48c383de2332 req-cab0025f-3235-445a-8f63-48c383de2332 ] Request (FloatingIPDetailsTestJSON:setUpClass): 204 PUT http://10.180.1.21/identity/v3/projects/6861848fd51449deb10479bee5fa9a05/users/e3a91ceb69be47d6932a2fd576a66de6/roles/beea4e4577474418be852571c0a10e8a 0.116s
2025-06-14 12:20:05.949 63297 INFO tempest.lib.common.dynamic_creds [-] Dynamic test user e3a91ceb69be47d6932a2fd576a66de6 is created with scope project and roles: ['member']
2025-06-14 12:20:05.949 63297 INFO tempest.lib.common.dynamic_creds [-] Acquired dynamic creds: credentials: Credentials: {'domain_id': 'default', 'domain_name': 'Default', 'username': 'tempest-FloatingIPDetailsTestJSON-93916869-project-member', 'project_domain_id': 'default', 'project_domain_name': 'Default', 'project_id': '6861848fd51449deb10479bee5fa9a05', 'project_name': 'tempest-FloatingIPDetailsTestJSON-93916869', 'tenant_id': '6861848fd51449deb10479bee5fa9a05', 'tenant_name': 'tempest-FloatingIPDetailsTestJSON-93916869', 'user_domain_id': 'default', 'user_domain_name': 'Default', 'user_id': 'e3a91ceb69be47d6932a2fd576a66de6', 'system': None}, Network: None, Subnet: None, Router: None
2025-06-14 12:20:05.998 63325 INFO tempest.lib.common.rest_client [req-c513ff6d-911b-475d-92af-9393f9e5deda req-c513ff6d-911b-475d-92af-9393f9e5deda ] Request (SecurityGroupsTestAdminJSON:setUpClass): 204 PUT http://10.180.1.21/identity/v3/projects/aa1d9bfc0cb04154a150a220edff6f06/users/ac2b6bafd8ea4546b07f19b17e349657/roles/a50f146a001a47af9e39d3c9eb239ba7 0.110s
2025-06-14 12:20:05.998 63325 INFO tempest.lib.common.dynamic_creds [-] Dynamic test user ac2b6bafd8ea4546b07f19b17e349657 is created with scope project and roles: ['admin']
2025-06-14 12:20:05.998 63325 INFO tempest.lib.common.dynamic_creds [-] Acquired dynamic creds: credentials: Credentials: {'domain_id': 'default', 'domain_name': 'Default', 'username': 'tempest-SecurityGroupsTestAdminJSON-522755331-project-admin', 'project_domain_id': 'default', 'project_domain_name': 'Default', 'project_id': 'aa1d9bfc0cb04154a150a220edff6f06', 'project_name': 'tempest-SecurityGroupsTestAdminJSON-522755331', 'tenant_id': 'aa1d9bfc0cb04154a150a220edff6f06', 'tenant_name': 'tempest-SecurityGroupsTestAdminJSON-522755331', 'user_domain_id': 'default', 'user_domain_name': 'Default', 'user_id': 'ac2b6bafd8ea4546b07f19b17e349657', 'system': None}, Network: None, Subnet: None, Router: None
2025-06-14 12:20:05.998 63325 INFO tempest.lib.common.dynamic_creds [-] Created isolated network resources for: credentials: Credentials: {'domain_id': 'default', 'domain_name': 'Default', 'username': 'tempest-SecurityGroupsTestAdminJSON-522755331-project-admin', 'project_domain_id': 'default', 'project_domain_name': 'Default', 'project_id': 'aa1d9bfc0cb04154a150a220edff6f06', 'project_name': 'tempest-SecurityGroupsTestAdminJSON-522755331', 'tenant_id': 'aa1d9bfc0cb04154a150a220edff6f06', 'tenant_name': 'tempest-SecurityGroupsTestAdminJSON-522755331', 'user_domain_id': 'default', 'user_domain_name': 'Default', 'user_id': 'ac2b6bafd8ea4546b07f19b17e349657', 'system': None}, Network: None, Subnet: None, Router: None
2025-06-14 12:20:06.084 63343 INFO tempest.lib.common.rest_client [req-13f52653-c08e-4bf1-819b-e868cd13d816 req-13f52653-c08e-4bf1-819b-e868cd13d816 ] Request (FloatingIPsNegativeTestJSON:tearDownClass): 204 DELETE http://10.180.1.21:9696/networking/v2.0/security-groups/656d932c-c2ba-4391-8cab-7e5c5537bfdb 0.658s
2025-06-14 12:20:06.112 63351 INFO tempest.lib.common.rest_client [req-cc71d06a-7cd8-4d59-ad71-04fe0354f312 req-cc71d06a-7cd8-4d59-ad71-04fe0354f312 ] Request (QuotasAdminTestJSON:test_delete_quota): 200 GET http://10.180.1.21/compute/v2.1/os-quota-sets/06d70e617c204766877192729b360f7a 3.459s
2025-06-14 12:20:06.167 63357 INFO tempest.lib.common.rest_client [req-ca7fa3ac-098b-4c79-abec-61a9406eb278 req-ca7fa3ac-098b-4c79-abec-61a9406eb278 ] Request (MigrationsAdminTest:setUpClass): 200 GET http://10.180.1.21/identity/v3/roles 0.244s
2025-06-14 12:20:06.190 63345 INFO tempest.lib.common.rest_client [req-1c90ee55-9c91-4e2d-a603-44d7dfba9986 req-1c90ee55-9c91-4e2d-a603-44d7dfba9986 ] Request (FloatingIPDetailsNegativeTestJSON:setUpClass): 201 POST http://10.180.1.21/identity/v3/auth/tokens 0.291s
2025-06-14 12:20:06.194 63297 INFO tempest.lib.common.rest_client [req-406adc17-0aa4-43f5-a0cf-ac590a1c3237 req-406adc17-0aa4-43f5-a0cf-ac590a1c3237 ] Request (FloatingIPDetailsTestJSON:setUpClass): 201 POST http://10.180.1.21/identity/v3/auth/tokens 0.244s
2025-06-14 12:20:06.261 63343 INFO tempest.lib.common.rest_client [req-16dce8db-afbd-403a-88d7-ec816a7f91e3 req-16dce8db-afbd-403a-88d7-ec816a7f91e3 ] Request (FloatingIPsNegativeTestJSON:tearDownClass): 204 DELETE http://10.180.1.21/identity/v3/projects/cadde9e744584dfb99a4791885b2e3b2 0.176s
2025-06-14 12:20:06.262 63343 INFO tempest.test [-] raised in ServerBootFromVolumeStableRescueTest.setUpClass. Invoking tearDownClass.
2025-06-14 12:20:06.263 63343 INFO tempest.test [-] raised in AttachVolumeMultiAttachTest.setUpClass. Invoking tearDownClass.
2025-06-14 12:20:06.285 63325 INFO tempest.lib.common.rest_client [req-722cb66f-73e2-4f29-a9cb-ba21084b1a20 req-722cb66f-73e2-4f29-a9cb-ba21084b1a20 ] Request (SecurityGroupsTestAdminJSON:setUpClass): 201 POST http://10.180.1.21/identity/v3/auth/tokens 0.281s
2025-06-14 12:20:06.318 63345 INFO tempest.lib.common.rest_client [req-79fd4685-2698-4258-8294-b07f04422140 req-79fd4685-2698-4258-8294-b07f04422140 ] Request (FloatingIPDetailsNegativeTestJSON:setUpClass): 200 GET http://10.180.1.21/identity/v3/domains?name=Default 0.127s
2025-06-14 12:20:06.320 63357 INFO tempest.lib.common.rest_client [req-ea59d8ac-8592-43e5-a48d-f2b3c166e301 req-ea59d8ac-8592-43e5-a48d-f2b3c166e301 ] Request (MigrationsAdminTest:setUpClass): 204 PUT http://10.180.1.21/identity/v3/projects/529abfb738ed4f0fa1a570b118854673/users/d0a48a6f511e4914a92176409c04abb6/roles/beea4e4577474418be852571c0a10e8a 0.153s
2025-06-14 12:20:06.321 63357 INFO tempest.lib.common.dynamic_creds [-] Dynamic test user d0a48a6f511e4914a92176409c04abb6 is created with scope project and roles: ['member']
2025-06-14 12:20:06.321 63357 INFO tempest.lib.common.dynamic_creds [-] Acquired dynamic creds: credentials: Credentials: {'domain_id': 'default', 'domain_name': 'Default', 'username': 'tempest-MigrationsAdminTest-518512597-project-member', 'project_domain_id': 'default', 'project_domain_name': 'Default', 'project_id': '529abfb738ed4f0fa1a570b118854673', 'project_name': 'tempest-MigrationsAdminTest-518512597', 'tenant_id': '529abfb738ed4f0fa1a570b118854673', 'tenant_name': 'tempest-MigrationsAdminTest-518512597', 'user_domain_id': 'default', 'user_domain_name': 'Default', 'user_id': 'd0a48a6f511e4914a92176409c04abb6', 'system': None}, Network: None, Subnet: None, Router: None
2025-06-14 12:20:06.322 63357 INFO tempest.lib.common.dynamic_creds [-] Created isolated network resources for: credentials: Credentials: {'domain_id': 'default', 'domain_name': 'Default', 'username': 'tempest-MigrationsAdminTest-518512597-project-member', 'project_domain_id': 'default', 'project_domain_name': 'Default', 'project_id': '529abfb738ed4f0fa1a570b118854673', 'project_name': 'tempest-MigrationsAdminTest-518512597', 'tenant_id': '529abfb738ed4f0fa1a570b118854673', 'tenant_name': 'tempest-MigrationsAdminTest-518512597', 'user_domain_id': 'default', 'user_domain_name': 'Default', 'user_id': 'd0a48a6f511e4914a92176409c04abb6', 'system': None}, Network: None, Subnet: None, Router: None
2025-06-14 12:20:06.344 63341 INFO tempest.lib.common.rest_client [req-19e3067e-977c-4848-8ac7-3e11ac1c9385 req-19e3067e-977c-4848-8ac7-3e11ac1c9385 ] Request (TenantUsagesTestJSON:setUpClass): 200 GET http://10.180.1.21/compute/v2.1/servers/c92a681f-0102-46a1-80e0-8908793c63d4 3.467s
2025-06-14 12:20:06.351 63349 INFO tempest.lib.common.rest_client [req-96e59356-f982-428c-b256-2147d9edfc9f req-96e59356-f982-428c-b256-2147d9edfc9f ] Request (QuotasAdminNegativeTest:test_update_quota_normal_user): 403 PUT http://10.180.1.21/compute/v2.1/os-quota-sets/10bf6a255d0a4e91ac7aaec71b860f0c 3.454s
2025-06-14 12:20:06.355 63341 INFO tempest.common.waiters [-] State transition "BUILD/spawning" ==> "ACTIVE/None" after 19 second wait
2025-06-14 12:20:06.373 63355 INFO tempest.lib.common.rest_client [req-d94bdcd2-4c67-4a2f-b902-15ecbd61d66d req-d94bdcd2-4c67-4a2f-b902-15ecbd61d66d ] Request (SecurityGroupRulesNegativeTestJSON:setUpClass): 200 PUT http://10.180.1.21:9696/networking/v2.0/routers/e5b3a19b-2a0b-44c0-a5f3-e24ad26cd580/add_router_interface 3.693s
2025-06-14 12:20:06.374 63355 INFO tempest.lib.common.dynamic_creds [-] Created isolated network resources for: credentials: Credentials: {'domain_id': 'default', 'domain_name': 'Default', 'username': 'tempest-SecurityGroupRulesNegativeTestJSON-1783017906-project-member', 'project_domain_id': 'default', 'project_domain_name': 'Default', 'project_id': '2077beec442348d9a0d2beda094bfcfd', 'project_name': 'tempest-SecurityGroupRulesNegativeTestJSON-1783017906', 'tenant_id': '2077beec442348d9a0d2beda094bfcfd', 'tenant_name': 'tempest-SecurityGroupRulesNegativeTestJSON-1783017906', 'user_domain_id': 'default', 'user_domain_name': 'Default', 'user_id': 'a8c5ccfb6e7b453cba22ea289637ddc2', 'system': None}, Network: {'id': '53d836ca-cedf-4887-935f-be578231b672', 'name': 'tempest-SecurityGroupRulesNegativeTestJSON-1246916558-network', 'tenant_id': '2077beec442348d9a0d2beda094bfcfd', 'admin_state_up': True, 'mtu': 8950, 'status': 'ACTIVE', 'subnets': [], 'shared': False, 'project_id': '2077beec442348d9a0d2beda094bfcfd', 'port_security_enabled': True, 'router:external': False, 'provider:network_type': 'vlan', 'provider:physical_network': 'default', 'provider:segmentation_id': 287, 'availability_zone_hints': [], 'availability_zones': [], 'ipv4_address_scope': None, 'ipv6_address_scope': None, 'description': '', 'tags': [], 'created_at': '2025-06-14T12:19:57Z', 'updated_at': '2025-06-14T12:19:57Z', 'revision_number': 1}, Subnet: {'id': '1952e149-7d7b-4d8f-af81-56c34636f537', 'name': 'tempest-SecurityGroupRulesNegativeTestJSON-1246916558-subnet', 'tenant_id': '2077beec442348d9a0d2beda094bfcfd', 'network_id': '53d836ca-cedf-4887-935f-be578231b672', 'ip_version': 4, 'subnetpool_id': None, 'enable_dhcp': True, 'ipv6_ra_mode': None, 'ipv6_address_mode': None, 'gateway_ip': '192.168.128.1', 'cidr': '192.168.128.0/28', 'allocation_pools': [{'start': '192.168.128.2', 'end': '192.168.128.14'}], 'host_routes': [], 'dns_nameservers': [], 'description': '', 'router:external': False, 'service_types': [], 'tags': [], 'created_at': '2025-06-14T12:19:57Z', 'updated_at': '2025-06-14T12:19:57Z', 'revision_number': 0, 'project_id': '2077beec442348d9a0d2beda094bfcfd'}, Router: {'id': 'e5b3a19b-2a0b-44c0-a5f3-e24ad26cd580', 'name': 'tempest-SecurityGroupRulesNegativeTestJSON-1246916558-router', 'tenant_id': '2077beec442348d9a0d2beda094bfcfd', 'admin_state_up': True, 'status': 'ACTIVE', 'external_gateway_info': {'network_id': 'b3a02297-03e0-4a80-a387-ddd50de1bc28', 'external_fixed_ips': [{'subnet_id': '9e769ad5-6357-4c9e-950d-14f2b1aab6ff', 'ip_address': '10.180.180.162'}], 'enable_snat': True}, 'description': '', 'availability_zones': [], 'distributed': False, 'ha': False, 'availability_zone_hints': [], 'routes': [], 'flavor_id': None, 'tags': [], 'created_at': '2025-06-14T12:19:58Z', 'updated_at': '2025-06-14T12:20:00Z', 'revision_number': 2, 'project_id': '2077beec442348d9a0d2beda094bfcfd'}
2025-06-14 12:20:06.397 63345 INFO tempest.lib.common.rest_client [req-840f8b18-77e7-4594-9ff2-b1864384b665 req-840f8b18-77e7-4594-9ff2-b1864384b665 ] Request (FloatingIPDetailsNegativeTestJSON:setUpClass): 201 POST http://10.180.1.21/identity/v3/projects 0.079s
2025-06-14 12:20:06.490 63357 INFO tempest.lib.common.rest_client [req-bdc2e051-3df7-40c1-b9af-4c47dd70ac73 req-bdc2e051-3df7-40c1-b9af-4c47dd70ac73 ] Request (MigrationsAdminTest:setUpClass): 201 POST http://10.180.1.21/identity/v3/auth/tokens 0.163s
2025-06-14 12:20:06.592 63355 INFO tempest.lib.common.rest_client [req-492156ac-dda9-49bf-b816-0581f355e263 req-492156ac-dda9-49bf-b816-0581f355e263 ] Request (SecurityGroupRulesNegativeTestJSON:setUpClass): 201 POST http://10.180.1.21/identity/v3/auth/tokens 0.215s
2025-06-14 12:20:06.609 63349 INFO tempest.lib.common.rest_client [req-1a8aeac2-c51f-4a30-8675-5a314340edef req-1a8aeac2-c51f-4a30-8675-5a314340edef ] Request (QuotasAdminNegativeTest:tearDownClass): 204 DELETE http://10.180.1.21/identity/v3/users/1a4566f8be2c444a915b63f6136aca21 0.255s
2025-06-14 12:20:06.702 63329 INFO tempest.lib.common.rest_client [req-efd98236-6ef8-44b4-8dce-32afc102ce92 req-efd98236-6ef8-44b4-8dce-32afc102ce92 ] Request (ServerDiagnosticsV248Test:test_get_server_diagnostics): 200 GET http://10.180.1.21/compute/v2.1/servers/e56bf6cf-788c-4ce1-b149-d8356b98758d/diagnostics 3.955s
2025-06-14 12:20:06.745 63345 INFO tempest.lib.common.rest_client [req-a4499389-a495-4928-bda3-2cafdee81d5c req-a4499389-a495-4928-bda3-2cafdee81d5c ] Request (FloatingIPDetailsNegativeTestJSON:setUpClass): 201 POST http://10.180.1.21/identity/v3/users 0.347s
2025-06-14 12:20:06.760 63357 INFO tempest.lib.common.rest_client [req-bbfe2939-8afd-4e37-9cb6-667e8e3243fd req-bbfe2939-8afd-4e37-9cb6-667e8e3243fd ] Request (MigrationsAdminTest:setUpClass): 201 POST http://10.180.1.21/identity/v3/projects 0.270s
2025-06-14 12:20:06.834 63301 INFO tempest.lib.common.rest_client [req-45c1e196-b122-4510-8cc3-65f70bfd67aa req-45c1e196-b122-4510-8cc3-65f70bfd67aa ] Request (VolumesAssistedSnapshotsTest:test_volume_assisted_snapshot_create_delete): 200 GET http://10.180.1.21/compute/v2.1/servers/4e0cbb4d-bd01-4e54-98fa-cbb50c646014 3.730s
2025-06-14 12:20:06.941 63323 INFO tempest.lib.common.rest_client [req-5a7fa653-d2ff-4f89-b26a-05a22f0ad832 req-5a7fa653-d2ff-4f89-b26a-05a22f0ad832 ] Request (ServersTestBootFromVolume:setUpClass): 200 GET http://10.180.1.21/volume/v3/volumes/1f196b27-f06d-4d6e-95a1-fbb93be9fbea 0.056s
2025-06-14 12:20:06.944 63297 INFO tempest.lib.common.rest_client [req-a96ad7d6-fb30-43c6-8b6a-4e5531e13703 req-a96ad7d6-fb30-43c6-8b6a-4e5531e13703 ] Request (FloatingIPDetailsTestJSON:setUpClass): 201 POST http://10.180.1.21:9696/networking/v2.0/networks 0.750s
2025-06-14 12:20:06.948 63323 INFO tempest.common.waiters [-] volume 1f196b27-f06d-4d6e-95a1-fbb93be9fbea reached available after waiting for 21.948346 seconds
2025-06-14 12:20:06.955 63349 INFO tempest.lib.common.rest_client [req-46504431-2e00-4f45-b097-c27c6af26c1a req-46504431-2e00-4f45-b097-c27c6af26c1a ] Request (QuotasAdminNegativeTest:tearDownClass): 204 DELETE http://10.180.1.21/identity/v3/users/0c1bc44c0a5a40d4bd2b3ed722154481 0.346s
2025-06-14 12:20:06.958 63349 INFO tempest.lib.common.dynamic_creds [-] Deleting project and security group for project: 153f8ed475444e3d931345ac6e555a14
2025-06-14 12:20:07.017 63345 INFO tempest.lib.common.rest_client [req-5563b762-c8c6-49ed-8764-47336e96f4d3 req-5563b762-c8c6-49ed-8764-47336e96f4d3 ] Request (FloatingIPDetailsNegativeTestJSON:setUpClass): 200 GET http://10.180.1.21/identity/v3/roles 0.272s
2025-06-14 12:20:07.038 63307 INFO tempest.lib.common.rest_client [req-034a99e9-e6cb-4a9e-8037-b0172ea866af req-034a99e9-e6cb-4a9e-8037-b0172ea866af ] Request (FlavorsAccessNegativeTestJSON:test_flavor_non_admin_remove): 200 POST http://10.180.1.21/compute/v2.1/flavors/655188116/action 4.125s
2025-06-14 12:20:07.047 63349 INFO tempest.lib.common.rest_client [req-760015db-df33-42d0-a5b5-d903eef0a0b6 req-760015db-df33-42d0-a5b5-d903eef0a0b6 ] Request (QuotasAdminNegativeTest:tearDownClass): 201 POST http://10.180.1.21/identity/v3/auth/tokens 0.088s
2025-06-14 12:20:07.072 63345 INFO tempest.lib.common.rest_client [req-f848814b-8a21-454a-a2a5-5c62133b11d6 req-f848814b-8a21-454a-a2a5-5c62133b11d6 ] Request (FloatingIPDetailsNegativeTestJSON:setUpClass): 204 PUT http://10.180.1.21/identity/v3/projects/f4ae0d44f1894ef4960d89c6a9ea1b1d/users/e1fb1db45fbf4b0e816ef92c128fdbc4/roles/beea4e4577474418be852571c0a10e8a 0.053s
2025-06-14 12:20:07.072 63345 INFO tempest.lib.common.dynamic_creds [-] Dynamic test user e1fb1db45fbf4b0e816ef92c128fdbc4 is created with scope project and roles: ['member']
2025-06-14 12:20:07.072 63345 INFO tempest.lib.common.dynamic_creds [-] Acquired dynamic creds: credentials: Credentials: {'domain_id': 'default', 'domain_name': 'Default', 'username': 'tempest-FloatingIPDetailsNegativeTestJSON-2001987604-project-member', 'project_domain_id': 'default', 'project_domain_name': 'Default', 'project_id': 'f4ae0d44f1894ef4960d89c6a9ea1b1d', 'project_name': 'tempest-FloatingIPDetailsNegativeTestJSON-2001987604', 'tenant_id': 'f4ae0d44f1894ef4960d89c6a9ea1b1d', 'tenant_name': 'tempest-FloatingIPDetailsNegativeTestJSON-2001987604', 'user_domain_id': 'default', 'user_domain_name': 'Default', 'user_id': 'e1fb1db45fbf4b0e816ef92c128fdbc4', 'system': None}, Network: None, Subnet: None, Router: None
2025-06-14 12:20:07.086 63357 INFO tempest.lib.common.rest_client [req-9d3306ca-5626-4bef-b44f-9d6d0cd377bb req-9d3306ca-5626-4bef-b44f-9d6d0cd377bb ] Request (MigrationsAdminTest:setUpClass): 201 POST http://10.180.1.21/identity/v3/users 0.325s
2025-06-14 12:20:07.135 63345 INFO tempest.lib.common.rest_client [req-1063778c-dfa0-48d9-993c-59ad9aadeaaf req-1063778c-dfa0-48d9-993c-59ad9aadeaaf ] Request (FloatingIPDetailsNegativeTestJSON:setUpClass): 201 POST http://10.180.1.21/identity/v3/auth/tokens 0.062s
2025-06-14 12:20:07.144 63357 INFO tempest.lib.common.rest_client [req-4800f0c5-0c50-45fb-9614-9b3fbd438ec1 req-4800f0c5-0c50-45fb-9614-9b3fbd438ec1 ] Request (MigrationsAdminTest:setUpClass): 200 GET http://10.180.1.21/identity/v3/roles 0.057s
2025-06-14 12:20:07.171 63357 INFO tempest.lib.common.rest_client [req-ee24a336-45e1-4d90-9b74-7f85726bdc10 req-ee24a336-45e1-4d90-9b74-7f85726bdc10 ] Request (MigrationsAdminTest:setUpClass): 204 PUT http://10.180.1.21/identity/v3/projects/6eed03c66c5f40b6ab142248233ce92d/users/de97cf1757ba4a4ba28a96addcd34a8b/roles/a50f146a001a47af9e39d3c9eb239ba7 0.027s
2025-06-14 12:20:07.207 63353 INFO tempest.lib.common.rest_client [req-02ca9ccd-ecca-45ff-b794-cab0b1c13cca req-02ca9ccd-ecca-45ff-b794-cab0b1c13cca ] Request (SecurityGroupRulesTestJSON:setUpClass): 201 POST http://10.180.1.21:9696/networking/v2.0/routers 2.963s
2025-06-14 12:20:07.268 63357 INFO tempest.lib.common.rest_client [req-2034ffac-e673-4ab8-976b-127b02383ba0 req-2034ffac-e673-4ab8-976b-127b02383ba0 ] Request (MigrationsAdminTest:setUpClass): 200 GET http://10.180.1.21/identity/v3/roles 0.096s
2025-06-14 12:20:07.290 63357 INFO tempest.lib.common.rest_client [req-82a5e297-70d8-4af7-93e9-476ce44ca53b req-82a5e297-70d8-4af7-93e9-476ce44ca53b ] Request (MigrationsAdminTest:setUpClass): 204 PUT http://10.180.1.21/identity/v3/projects/6eed03c66c5f40b6ab142248233ce92d/users/de97cf1757ba4a4ba28a96addcd34a8b/roles/a50f146a001a47af9e39d3c9eb239ba7 0.021s
2025-06-14 12:20:07.291 63357 INFO tempest.lib.common.dynamic_creds [-] Dynamic test user de97cf1757ba4a4ba28a96addcd34a8b is created with scope project and roles: ['admin']
2025-06-14 12:20:07.291 63357 INFO tempest.lib.common.dynamic_creds [-] Acquired dynamic creds: credentials: Credentials: {'domain_id': 'default', 'domain_name': 'Default', 'username': 'tempest-MigrationsAdminTest-1890906595-project-admin', 'project_domain_id': 'default', 'project_domain_name': 'Default', 'project_id': '6eed03c66c5f40b6ab142248233ce92d', 'project_name': 'tempest-MigrationsAdminTest-1890906595', 'tenant_id': '6eed03c66c5f40b6ab142248233ce92d', 'tenant_name': 'tempest-MigrationsAdminTest-1890906595', 'user_domain_id': 'default', 'user_domain_name': 'Default', 'user_id': 'de97cf1757ba4a4ba28a96addcd34a8b', 'system': None}, Network: None, Subnet: None, Router: None
