2025-06-14 01:24:48.596 61758 INFO tempest.lib.common.rest_client [req-2c0c9e87-4620-42a7-ae8e-4dff6c9e8cf6 req-2c0c9e87-4620-42a7-ae8e-4dff6c9e8cf6 ] Request (MigrationsAdminTest:test_list_migrations_in_flavor_resize_situation): 200 GET http://10.180.1.21/compute/v2.1/servers/94b6a93d-de4d-4600-94af-81dce16b22f7 0.120s
2025-06-14 01:24:48.604 61778 INFO tempest.lib.common.rest_client [req-a7400e73-41d8-4fdd-9a86-74fcfaff6366 req-a7400e73-41d8-4fdd-9a86-74fcfaff6366 ] Request (ServersTestJSON:setUpClass): 200 GET http://10.180.1.21/compute/v2.1/servers/d2056fc4-ff5c-4c9f-ad5c-d0ecb466f618 0.091s
2025-06-14 01:24:48.639 61740 INFO tempest.lib.common.rest_client [req-351e8dff-f246-41e7-8a97-5c33daaf0db5 req-351e8dff-f246-41e7-8a97-5c33daaf0db5 ] Request (VolumesAssistedSnapshotsTest:test_volume_assisted_snapshot_create_delete): 200 GET http://10.180.1.21/compute/v2.1/servers/766a9405-8a7d-4876-8569-964d2e73fedb 0.085s
2025-06-14 01:24:48.683 61748 INFO tempest.lib.common.rest_client [req-5fdd78f7-025e-44f2-b716-9d64504d4394 req-5fdd78f7-025e-44f2-b716-9d64504d4394 ] Request (ServerMetadataTestJSON:setUpClass): 200 GET http://10.180.1.21/compute/v2.1/servers/63fdeef4-93e6-408c-9b37-33bf3532a6e8 0.086s
2025-06-14 01:24:48.728 61734 INFO tempest.lib.common.rest_client [req-d32403fc-547b-438a-b0a0-b2a2b718c923 req-d32403fc-547b-438a-b0a0-b2a2b718c923 ] Request (AttachInterfacesV270Test:test_create_get_list_interfaces): 200 GET http://10.180.1.21/compute/v2.1/servers/1438771e-fd84-4dac-81b1-c2df19972ebe 0.115s
2025-06-14 01:24:48.732 61742 INFO tempest.lib.common.rest_client [req-14d48bb4-5484-4998-be18-fadbf374879b req-14d48bb4-5484-4998-be18-fadbf374879b ] Request (ServersAdminNegativeTestJSON:setUpClass): 200 GET http://10.180.1.21/compute/v2.1/servers/2d853a6e-4c2f-401e-9088-54e82bec1150 0.166s
2025-06-14 01:24:48.773 61722 INFO tempest.lib.common.rest_client [req-976a89cc-1e7b-4efb-ac08-e3c366df9ced req-976a89cc-1e7b-4efb-ac08-e3c366df9ced ] Request (ServersTestManualDisk:setUpClass): 200 GET http://10.180.1.21/compute/v2.1/servers/a91235be-0b5f-4b2a-8da3-569ec393305a 0.121s
2025-06-14 01:24:48.774 61746 INFO tempest.lib.common.rest_client [req-56706b94-ac6c-441a-93ca-b54b00002b5a req-56706b94-ac6c-441a-93ca-b54b00002b5a ] Request (ServersV294TestFqdnHostnames:setUpClass): 200 GET http://10.180.1.21/compute/v2.1/servers/c737971c-735e-4317-b0e6-eb73bfc8456a 0.128s
2025-06-14 01:24:48.921 61726 INFO tempest.lib.common.rest_client [req-dfba464d-1a3a-4e67-bc79-e8e1be1d6431 req-dfba464d-1a3a-4e67-bc79-e8e1be1d6431 ] Request (ServerExternalEventsTest:test_create_server_external_events): 200 GET http://10.180.1.21/compute/v2.1/servers/fb2c262b-17cf-44a2-a30f-a7fab3d6fe40 0.089s
2025-06-14 01:24:49.039 61768 INFO tempest.lib.common.rest_client [req-580ffa9c-d866-4969-960b-9c777aadb379 req-580ffa9c-d866-4969-960b-9c777aadb379 ] Request (DeleteServersAdminTestJSON:test_admin_delete_servers_of_others): 200 GET http://10.180.1.21/compute/v2.1/servers/f59b0b04-643c-497c-90a0-a7f885c1eb3b 0.089s
2025-06-14 01:24:49.088 61772 INFO tempest.lib.common.rest_client [req-205c55c5-7a4b-4fce-b33c-ceb81107d88f req-205c55c5-7a4b-4fce-b33c-ceb81107d88f ] Request (ListImageFiltersTestJSON:setUpClass): 200 GET http://10.180.1.21/compute/v2.1/servers/e6a7a2d1-a50d-478c-9c27-fe58504fa14b 0.042s
2025-06-14 01:24:49.134 61782 INFO tempest.lib.common.rest_client [req-811badc2-cd61-4b42-b9cd-2d35ad007b84 req-811badc2-cd61-4b42-b9cd-2d35ad007b84 ] Request (ServerDiagnosticsNegativeTest:test_get_server_diagnostics_by_non_admin): 200 GET http://10.180.1.21/compute/v2.1/servers/f21a02ec-4fa2-439c-aa56-570e175a8b5e 0.089s
2025-06-14 01:24:49.139 61764 INFO tempest.lib.common.rest_client [req-00c33d9e-80d1-42af-b4ce-f8b039e1018f req-00c33d9e-80d1-42af-b4ce-f8b039e1018f ] Request (ServersAaction247Test:test_create_backup): 200 GET http://10.180.1.21/compute/v2.1/servers/53a53e12-741a-4104-91d1-8d41f2b490ab 0.047s
2025-06-14 01:24:49.180 61756 INFO tempest.lib.common.rest_client [req-200316bd-6c92-4f0b-9924-e5ab6513d5d8 req-200316bd-6c92-4f0b-9924-e5ab6513d5d8 ] Request (ImagesOneServerTestJSON:setUpClass): 200 GET http://10.180.1.21/compute/v2.1/servers/23b7562f-035c-487f-a1f2-279b69ca4355 0.047s
2025-06-14 01:24:49.219 61754 INFO tempest.lib.common.rest_client [req-7befa8fc-ab7e-41d0-bf9a-72d2e7ed5c3c req-7befa8fc-ab7e-41d0-bf9a-72d2e7ed5c3c ] Request (ServersAdminTestJSON:setUpClass): 200 GET http://10.180.1.21/compute/v2.1/servers/3395aaef-0db6-4fab-b8a5-79b781129690 0.087s
2025-06-14 01:24:49.220 61752 INFO tempest.lib.common.rest_client [req-24deebd5-7680-412f-80c0-b28610f2499a req-24deebd5-7680-412f-80c0-b28610f2499a ] Request (FloatingIPsAssociationTestJSON:setUpClass): 200 GET http://10.180.1.21/compute/v2.1/servers/20a0ddf2-83bc-4e56-8208-12bb200c26e2 0.046s
2025-06-14 01:24:49.261 61762 INFO tempest.lib.common.rest_client [req-a75c888c-ae71-40af-8d40-3006753f3c3d req-a75c888c-ae71-40af-8d40-3006753f3c3d ] Request (ImagesNegativeTestJSON:test_create_image_from_deleted_server): 200 GET http://10.180.1.21/compute/v2.1/servers/276e62bf-fd35-47ed-b422-b45fb4a89ed2 0.086s
2025-06-14 01:24:49.261 61780 INFO tempest.lib.common.rest_client [req-32186e96-ceed-4f7f-bc45-1c4ded5fa449 req-32186e96-ceed-4f7f-bc45-1c4ded5fa449 ] Request (VolumesAdminNegativeTest:test_update_attached_volume_with_nonexistent_volume_in_body): 200 GET http://10.180.1.21/compute/v2.1/servers/9d46e2f3-2bb8-40d2-9e45-43e8c06c8d1f 0.044s
2025-06-14 01:24:49.304 61745 INFO tempest.lib.common.rest_client [req-2e73f6ac-3071-4b24-99d2-722697e03b00 req-2e73f6ac-3071-4b24-99d2-722697e03b00 ] Request (ServersWithSpecificFlavorTestJSON:test_verify_created_server_ephemeral_disk): 200 GET http://10.180.1.21/compute/v2.1/servers/2d57a929-eb61-471d-b0a1-d1e366201ccc 0.085s
2025-06-14 01:24:49.308 61736 INFO tempest.lib.common.rest_client [req-f6c1dd6b-24d6-4dd3-b947-e6cd481a8312 req-f6c1dd6b-24d6-4dd3-b947-e6cd481a8312 ] Request (ServersTestMultiNic:test_verify_duplicate_network_nics): 200 GET http://10.180.1.21/compute/v2.1/servers/61c5fe8a-8fab-4fca-b03e-b583b2566162 0.044s
2025-06-14 01:24:49.350 61728 INFO tempest.lib.common.rest_client [req-be5651e3-c911-4356-8398-cf660a3b9f8c req-be5651e3-c911-4356-8398-cf660a3b9f8c ] Request (ServerRescueNegativeTestJSON:setUpClass): 200 GET http://10.180.1.21/compute/v2.1/servers/d8cc1718-c721-478b-807a-d6ae1eb09c7c 0.043s
2025-06-14 01:24:49.392 61730 INFO tempest.lib.common.rest_client [req-22528363-4187-4088-906a-bd9e54154c52 req-22528363-4187-4088-906a-bd9e54154c52 ] Request (FloatingIPsAssociationNegativeTestJSON:setUpClass): 200 GET http://10.180.1.21/compute/v2.1/servers/85c2cfe1-443a-4373-bdba-b2a957a8681b 0.088s
2025-06-14 01:24:49.394 61760 INFO tempest.lib.common.rest_client [req-b14255d3-04b4-41ab-96e0-0256a87e25de req-b14255d3-04b4-41ab-96e0-0256a87e25de ] Request (DeleteServersTestJSON:test_delete_active_server): 200 GET http://10.180.1.21/compute/v2.1/servers/697179bb-2391-4434-8144-ee917aa84441 0.045s
2025-06-14 01:24:49.437 61774 INFO tempest.lib.common.rest_client [req-6cd53d09-3f65-403a-b9fc-0bd54cb7f062 req-6cd53d09-3f65-403a-b9fc-0bd54cb7f062 ] Request (ServerDiskConfigTestJSON:test_rebuild_server_with_auto_disk_config): 200 GET http://10.180.1.21/compute/v2.1/servers/3ca84343-76bb-46f4-89d8-3cc45ac3dc0b 0.044s
2025-06-14 01:24:49.479 61732 INFO tempest.lib.common.rest_client [req-1a653dde-1cea-480d-9af7-11210d1a75b1 req-1a653dde-1cea-480d-9af7-11210d1a75b1 ] Request (ServerAddressesNegativeTestJSON:setUpClass): 200 GET http://10.180.1.21/compute/v2.1/servers/f152a563-2988-4fac-9974-af25e17f14d1 0.043s
2025-06-14 01:24:49.484 61720 INFO tempest.lib.common.rest_client [req-72add78b-c501-482b-8b79-91591be333f4 req-72add78b-c501-482b-8b79-91591be333f4 ] Request (ServerDiagnosticsTest:test_get_server_diagnostics): 200 GET http://10.180.1.21/compute/v2.1/servers/b6dbc66b-ba8c-4f5f-93e3-fef9a50b104b 0.093s
2025-06-14 01:24:49.522 61751 INFO tempest.lib.common.rest_client [req-e7a76f5f-489e-4596-b1a5-c3e54f745d97 req-e7a76f5f-489e-4596-b1a5-c3e54f745d97 ] Request (AttachVolumeTestJSON:test_attach_detach_volume): 200 GET http://10.180.1.21/compute/v2.1/servers/56f9a2d5-b28d-4a2a-bc52-2b8a00ee1c0a 0.045s
2025-06-14 01:24:49.565 61770 INFO tempest.lib.common.rest_client [req-128c06fd-922d-474e-ad12-5dcd8295cb8f req-128c06fd-922d-474e-ad12-5dcd8295cb8f ] Request (ServersTestBootFromVolume:setUpClass): 200 GET http://10.180.1.21/compute/v2.1/servers/e4395e44-91f2-4f9b-a902-12859618f9cd 0.046s
2025-06-14 01:24:49.607 61724 INFO tempest.lib.common.rest_client [req-21f3317c-ac53-4105-ac40-f7ca06349c34 req-21f3317c-ac53-4105-ac40-f7ca06349c34 ] Request (AttachInterfacesTestJSON:test_create_list_show_delete_interfaces_by_fixed_ip): 200 GET http://10.180.1.21/compute/v2.1/servers/a84b19ff-892b-43cb-9fd7-8f8b23f612a6 0.090s
2025-06-14 01:24:49.623 61738 INFO tempest.lib.common.rest_client [req-d4c3839d-bd46-43bc-b20c-eab7c1786bf7 req-d4c3839d-bd46-43bc-b20c-eab7c1786bf7 ] Request (ServersListShow296Test:test_list_show_update_rebuild_server_296): 200 GET http://10.180.1.21/compute/v2.1/servers/a5eb3371-1899-44cb-ba30-44aa4d54b2ee 0.051s
2025-06-14 01:24:49.666 61778 INFO tempest.lib.common.rest_client [req-17f2ad25-003a-4554-92fd-764dd0e41678 req-17f2ad25-003a-4554-92fd-764dd0e41678 ] Request (ServersTestJSON:setUpClass): 200 GET http://10.180.1.21/compute/v2.1/servers/d2056fc4-ff5c-4c9f-ad5c-d0ecb466f618 0.054s
2025-06-14 01:24:49.694 61758 INFO tempest.lib.common.rest_client [req-41739dd1-e3d7-4d24-bd4d-ad2f861f2685 req-41739dd1-e3d7-4d24-bd4d-ad2f861f2685 ] Request (MigrationsAdminTest:test_list_migrations_in_flavor_resize_situation): 200 GET http://10.180.1.21/compute/v2.1/servers/94b6a93d-de4d-4600-94af-81dce16b22f7 0.091s
2025-06-14 01:24:49.709 61740 INFO tempest.lib.common.rest_client [req-e04388bb-e8eb-4c1f-90ec-4019165d63e6 req-e04388bb-e8eb-4c1f-90ec-4019165d63e6 ] Request (VolumesAssistedSnapshotsTest:test_volume_assisted_snapshot_create_delete): 200 GET http://10.180.1.21/compute/v2.1/servers/766a9405-8a7d-4876-8569-964d2e73fedb 0.062s
2025-06-14 01:24:49.735 61748 INFO tempest.lib.common.rest_client [req-cad6f74d-9141-476b-83b7-e7e57174d119 req-cad6f74d-9141-476b-83b7-e7e57174d119 ] Request (ServerMetadataTestJSON:setUpClass): 200 GET http://10.180.1.21/compute/v2.1/servers/63fdeef4-93e6-408c-9b37-33bf3532a6e8 0.044s
2025-06-14 01:24:49.785 61734 INFO tempest.lib.common.rest_client [req-8fc5a799-79fe-4e9b-9855-d244a3068aec req-8fc5a799-79fe-4e9b-9855-d244a3068aec ] Request (AttachInterfacesV270Test:test_create_get_list_interfaces): 200 GET http://10.180.1.21/compute/v2.1/servers/1438771e-fd84-4dac-81b1-c2df19972ebe 0.047s
2025-06-14 01:24:49.828 61722 INFO tempest.lib.common.rest_client [req-cbb98497-2b8d-4e9e-b239-e588af45a182 req-cbb98497-2b8d-4e9e-b239-e588af45a182 ] Request (ServersTestManualDisk:setUpClass): 200 GET http://10.180.1.21/compute/v2.1/servers/a91235be-0b5f-4b2a-8da3-569ec393305a 0.047s
2025-06-14 01:24:49.829 61742 INFO tempest.lib.common.rest_client [req-1b44eeda-57fd-4095-b8d7-d9420a5e116e req-1b44eeda-57fd-4095-b8d7-d9420a5e116e ] Request (ServersAdminNegativeTestJSON:setUpClass): 200 GET http://10.180.1.21/compute/v2.1/servers/2d853a6e-4c2f-401e-9088-54e82bec1150 0.088s
2025-06-14 01:24:49.871 61746 INFO tempest.lib.common.rest_client [req-0683c885-1140-414e-94d0-1d4a56495c1a req-0683c885-1140-414e-94d0-1d4a56495c1a ] Request (ServersV294TestFqdnHostnames:setUpClass): 200 GET http://10.180.1.21/compute/v2.1/servers/c737971c-735e-4317-b0e6-eb73bfc8456a 0.087s
2025-06-14 01:24:50.018 61726 INFO tempest.lib.common.rest_client [req-fde0fc4b-2fba-46bc-8197-8355febdfb9c req-fde0fc4b-2fba-46bc-8197-8355febdfb9c ] Request (ServerExternalEventsTest:test_create_server_external_events): 200 GET http://10.180.1.21/compute/v2.1/servers/fb2c262b-17cf-44a2-a30f-a7fab3d6fe40 0.090s
2025-06-14 01:24:50.138 61768 INFO tempest.lib.common.rest_client [req-4fbc8457-a982-478a-a4c0-c75ed3718ec9 req-4fbc8457-a982-478a-a4c0-c75ed3718ec9 ] Request (DeleteServersAdminTestJSON:test_admin_delete_servers_of_others): 200 GET http://10.180.1.21/compute/v2.1/servers/f59b0b04-643c-497c-90a0-a7f885c1eb3b 0.092s
2025-06-14 01:24:50.144 61772 INFO tempest.lib.common.rest_client [req-93902dd7-383f-482c-8be4-a5c13244a80b req-93902dd7-383f-482c-8be4-a5c13244a80b ] Request (ListImageFiltersTestJSON:setUpClass): 200 GET http://10.180.1.21/compute/v2.1/servers/e6a7a2d1-a50d-478c-9c27-fe58504fa14b 0.048s
2025-06-14 01:24:50.197 61764 INFO tempest.lib.common.rest_client [req-01e6511d-7434-4244-a1ec-51a847234849 req-01e6511d-7434-4244-a1ec-51a847234849 ] Request (ServersAaction247Test:test_create_backup): 200 GET http://10.180.1.21/compute/v2.1/servers/53a53e12-741a-4104-91d1-8d41f2b490ab 0.049s
2025-06-14 01:24:50.232 61782 INFO tempest.lib.common.rest_client [req-29532ceb-3c49-46bf-8c32-6e0fa3de1bdd req-29532ceb-3c49-46bf-8c32-6e0fa3de1bdd ] Request (ServerDiagnosticsNegativeTest:test_get_server_diagnostics_by_non_admin): 200 GET http://10.180.1.21/compute/v2.1/servers/f21a02ec-4fa2-439c-aa56-570e175a8b5e 0.090s
2025-06-14 01:24:50.241 61756 INFO tempest.lib.common.rest_client [req-4038ee8b-a42c-4730-90fb-72478e184728 req-4038ee8b-a42c-4730-90fb-72478e184728 ] Request (ImagesOneServerTestJSON:setUpClass): 200 GET http://10.180.1.21/compute/v2.1/servers/23b7562f-035c-487f-a1f2-279b69ca4355 0.053s
2025-06-14 01:24:50.275 61752 INFO tempest.lib.common.rest_client [req-86e8b258-d990-4633-bf50-bd8941cfbc74 req-86e8b258-d990-4633-bf50-bd8941cfbc74 ] Request (FloatingIPsAssociationTestJSON:setUpClass): 200 GET http://10.180.1.21/compute/v2.1/servers/20a0ddf2-83bc-4e56-8208-12bb200c26e2 0.048s
2025-06-14 01:24:50.319 61762 INFO tempest.lib.common.rest_client [req-510a5ecb-2235-46b8-bdc3-0edad4e9688f req-510a5ecb-2235-46b8-bdc3-0edad4e9688f ] Request (ImagesNegativeTestJSON:test_create_image_from_deleted_server): 200 GET http://10.180.1.21/compute/v2.1/servers/276e62bf-fd35-47ed-b422-b45fb4a89ed2 0.051s
2025-06-14 01:24:50.329 61754 INFO tempest.lib.common.rest_client [req-d2e4c34c-816a-4d6b-9d99-ac7308e2a0da req-d2e4c34c-816a-4d6b-9d99-ac7308e2a0da ] Request (ServersAdminTestJSON:setUpClass): 200 GET http://10.180.1.21/compute/v2.1/servers/3395aaef-0db6-4fab-b8a5-79b781129690 0.102s
2025-06-14 01:24:50.362 61780 INFO tempest.lib.common.rest_client [req-2b80f64e-c883-4904-9468-818888624017 req-2b80f64e-c883-4904-9468-818888624017 ] Request (VolumesAdminNegativeTest:test_update_attached_volume_with_nonexistent_volume_in_body): 200 GET http://10.180.1.21/compute/v2.1/servers/9d46e2f3-2bb8-40d2-9e45-43e8c06c8d1f 0.093s
2025-06-14 01:24:50.373 61745 INFO tempest.lib.common.rest_client [req-7fde410b-9e29-4d6f-8b25-a79ad74cf45a req-7fde410b-9e29-4d6f-8b25-a79ad74cf45a ] Request (ServersWithSpecificFlavorTestJSON:test_verify_created_server_ephemeral_disk): 200 GET http://10.180.1.21/compute/v2.1/servers/2d57a929-eb61-471d-b0a1-d1e366201ccc 0.060s
2025-06-14 01:24:50.407 61736 INFO tempest.lib.common.rest_client [req-c325f2cc-2892-4519-adfe-7922182a85af req-c325f2cc-2892-4519-adfe-7922182a85af ] Request (ServersTestMultiNic:test_verify_duplicate_network_nics): 200 GET http://10.180.1.21/compute/v2.1/servers/61c5fe8a-8fab-4fca-b03e-b583b2566162 0.091s
2025-06-14 01:24:50.416 61728 INFO tempest.lib.common.rest_client [req-463ba43a-7d0f-4f39-9d04-b0bc59e784f3 req-463ba43a-7d0f-4f39-9d04-b0bc59e784f3 ] Request (ServerRescueNegativeTestJSON:setUpClass): 200 GET http://10.180.1.21/compute/v2.1/servers/d8cc1718-c721-478b-807a-d6ae1eb09c7c 0.059s
2025-06-14 01:24:50.457 61760 INFO tempest.lib.common.rest_client [req-9e2361e0-75ef-483c-b1e9-4dad7112ad50 req-9e2361e0-75ef-483c-b1e9-4dad7112ad50 ] Request (DeleteServersTestJSON:test_delete_active_server): 200 GET http://10.180.1.21/compute/v2.1/servers/697179bb-2391-4434-8144-ee917aa84441 0.055s
2025-06-14 01:24:50.499 61774 INFO tempest.lib.common.rest_client [req-07c5cab8-e724-4756-8e0f-57737bdc8b36 req-07c5cab8-e724-4756-8e0f-57737bdc8b36 ] Request (ServerDiskConfigTestJSON:test_rebuild_server_with_auto_disk_config): 200 GET http://10.180.1.21/compute/v2.1/servers/3ca84343-76bb-46f4-89d8-3cc45ac3dc0b 0.054s
2025-06-14 01:24:50.537 61730 INFO tempest.lib.common.rest_client [req-56d02586-6fed-4677-abb2-96a86ef9e224 req-56d02586-6fed-4677-abb2-96a86ef9e224 ] Request (FloatingIPsAssociationNegativeTestJSON:setUpClass): 200 GET http://10.180.1.21/compute/v2.1/servers/85c2cfe1-443a-4373-bdba-b2a957a8681b 0.137s
2025-06-14 01:24:50.544 61732 INFO tempest.lib.common.rest_client [req-fd8a668f-873c-44d4-864d-32e89301007f req-fd8a668f-873c-44d4-864d-32e89301007f ] Request (ServerAddressesNegativeTestJSON:setUpClass): 200 GET http://10.180.1.21/compute/v2.1/servers/f152a563-2988-4fac-9974-af25e17f14d1 0.057s
2025-06-14 01:24:50.592 61751 INFO tempest.lib.common.rest_client [req-5a021ebe-c3e4-4416-bf66-b2e5a5d6128a req-5a021ebe-c3e4-4416-bf66-b2e5a5d6128a ] Request (AttachVolumeTestJSON:test_attach_detach_volume): 200 GET http://10.180.1.21/compute/v2.1/servers/56f9a2d5-b28d-4a2a-bc52-2b8a00ee1c0a 0.062s
2025-06-14 01:24:50.629 61720 INFO tempest.lib.common.rest_client [req-dde503ee-9495-48a6-b823-841347ccb789 req-dde503ee-9495-48a6-b823-841347ccb789 ] Request (ServerDiagnosticsTest:test_get_server_diagnostics): 200 GET http://10.180.1.21/compute/v2.1/servers/b6dbc66b-ba8c-4f5f-93e3-fef9a50b104b 0.136s
2025-06-14 01:24:50.637 61770 INFO tempest.lib.common.rest_client [req-e086dc16-4502-48d6-91ec-03baa8d489c7 req-e086dc16-4502-48d6-91ec-03baa8d489c7 ] Request (ServersTestBootFromVolume:setUpClass): 200 GET http://10.180.1.21/compute/v2.1/servers/e4395e44-91f2-4f9b-a902-12859618f9cd 0.065s
2025-06-14 01:24:50.690 61738 INFO tempest.lib.common.rest_client [req-00a3bb22-f3c7-430b-a774-96dfb8f10893 req-00a3bb22-f3c7-430b-a774-96dfb8f10893 ] Request (ServersListShow296Test:test_list_show_update_rebuild_server_296): 200 GET http://10.180.1.21/compute/v2.1/servers/a5eb3371-1899-44cb-ba30-44aa4d54b2ee 0.057s
2025-06-14 01:24:50.734 61778 INFO tempest.lib.common.rest_client [req-f8ed1558-d720-493a-b289-762e5c4cf957 req-f8ed1558-d720-493a-b289-762e5c4cf957 ] Request (ServersTestJSON:setUpClass): 200 GET http://10.180.1.21/compute/v2.1/servers/d2056fc4-ff5c-4c9f-ad5c-d0ecb466f618 0.060s
2025-06-14 01:24:50.756 61724 INFO tempest.lib.common.rest_client [req-6b18ed40-85dc-4ccd-8fcd-de602cf08934 req-6b18ed40-85dc-4ccd-8fcd-de602cf08934 ] Request (AttachInterfacesTestJSON:test_create_list_show_delete_interfaces_by_fixed_ip): 200 GET http://10.180.1.21/compute/v2.1/servers/a84b19ff-892b-43cb-9fd7-8f8b23f612a6 0.141s
2025-06-14 01:24:50.798 61740 INFO tempest.lib.common.rest_client [req-a4619669-71dc-4211-ab4e-8056330a0604 req-a4619669-71dc-4211-ab4e-8056330a0604 ] Request (VolumesAssistedSnapshotsTest:test_volume_assisted_snapshot_create_delete): 200 GET http://10.180.1.21/compute/v2.1/servers/766a9405-8a7d-4876-8569-964d2e73fedb 0.082s
2025-06-14 01:24:50.826 61758 INFO tempest.lib.common.rest_client [req-ba60f3a7-6a8a-4b2b-9cc6-abfe186b8d0a req-ba60f3a7-6a8a-4b2b-9cc6-abfe186b8d0a ] Request (MigrationsAdminTest:test_list_migrations_in_flavor_resize_situation): 200 GET http://10.180.1.21/compute/v2.1/servers/94b6a93d-de4d-4600-94af-81dce16b22f7 0.124s
2025-06-14 01:24:50.841 61748 INFO tempest.lib.common.rest_client [req-98a344aa-5eab-4252-87bf-14156cb8a32c req-98a344aa-5eab-4252-87bf-14156cb8a32c ] Request (ServerMetadataTestJSON:setUpClass): 200 GET http://10.180.1.21/compute/v2.1/servers/63fdeef4-93e6-408c-9b37-33bf3532a6e8 0.097s
2025-06-14 01:24:50.871 61734 INFO tempest.lib.common.rest_client [req-d6a9e057-d099-49fe-a195-7fc4ceb6453a req-d6a9e057-d099-49fe-a195-7fc4ceb6453a ] Request (AttachInterfacesV270Test:test_create_get_list_interfaces): 200 GET http://10.180.1.21/compute/v2.1/servers/1438771e-fd84-4dac-81b1-c2df19972ebe 0.075s
2025-06-14 01:24:50.883 61722 INFO tempest.lib.common.rest_client [req-1d8175bc-e891-410d-9583-ab0a0df82ef1 req-1d8175bc-e891-410d-9583-ab0a0df82ef1 ] Request (ServersTestManualDisk:setUpClass): 200 GET http://10.180.1.21/compute/v2.1/servers/a91235be-0b5f-4b2a-8da3-569ec393305a 0.048s
2025-06-14 01:24:50.929 61746 INFO tempest.lib.common.rest_client [req-88b935dd-a4bd-46d8-89ef-6ef0aa0e5416 req-88b935dd-a4bd-46d8-89ef-6ef0aa0e5416 ] Request (ServersV294TestFqdnHostnames:setUpClass): 200 GET http://10.180.1.21/compute/v2.1/servers/c737971c-735e-4317-b0e6-eb73bfc8456a 0.048s
2025-06-14 01:24:50.958 61742 INFO tempest.lib.common.rest_client [req-06788f65-a778-41d3-8cc3-2f29c220f18f req-06788f65-a778-41d3-8cc3-2f29c220f18f ] Request (ServersAdminNegativeTestJSON:setUpClass): 200 GET http://10.180.1.21/compute/v2.1/servers/2d853a6e-4c2f-401e-9088-54e82bec1150 0.122s
2025-06-14 01:24:51.160 61726 INFO tempest.lib.common.rest_client [req-79e47570-cbbe-4956-bc4d-4bed8ce29481 req-79e47570-cbbe-4956-bc4d-4bed8ce29481 ] Request (ServerExternalEventsTest:test_create_server_external_events): 200 GET http://10.180.1.21/compute/v2.1/servers/fb2c262b-17cf-44a2-a30f-a7fab3d6fe40 0.134s
2025-06-14 01:24:51.209 61772 INFO tempest.lib.common.rest_client [req-e01b1b06-302b-41f1-bac4-c9233c356740 req-e01b1b06-302b-41f1-bac4-c9233c356740 ] Request (ListImageFiltersTestJSON:setUpClass): 200 GET http://10.180.1.21/compute/v2.1/servers/e6a7a2d1-a50d-478c-9c27-fe58504fa14b 0.058s
2025-06-14 01:24:51.260 61768 INFO tempest.lib.common.rest_client [req-bee90729-c0cc-4c49-8569-aea124081481 req-bee90729-c0cc-4c49-8569-aea124081481 ] Request (DeleteServersAdminTestJSON:test_admin_delete_servers_of_others): 200 GET http://10.180.1.21/compute/v2.1/servers/f59b0b04-643c-497c-90a0-a7f885c1eb3b 0.115s
2025-06-14 01:24:51.264 61764 INFO tempest.lib.common.rest_client [req-7143a075-02e0-48e1-84a8-c8a899b9fde2 req-7143a075-02e0-48e1-84a8-c8a899b9fde2 ] Request (ServersAaction247Test:test_create_backup): 200 GET http://10.180.1.21/compute/v2.1/servers/53a53e12-741a-4104-91d1-8d41f2b490ab 0.058s
2025-06-14 01:24:51.309 61756 INFO tempest.lib.common.rest_client [req-4824fb0e-c062-44b0-ae56-512b3379ec42 req-4824fb0e-c062-44b0-ae56-512b3379ec42 ] Request (ImagesOneServerTestJSON:setUpClass): 200 GET http://10.180.1.21/compute/v2.1/servers/23b7562f-035c-487f-a1f2-279b69ca4355 0.056s
2025-06-14 01:24:51.353 61752 INFO tempest.lib.common.rest_client [req-bcf02b87-2b4a-46bb-8eb8-870110e27daa req-bcf02b87-2b4a-46bb-8eb8-870110e27daa ] Request (FloatingIPsAssociationTestJSON:setUpClass): 200 GET http://10.180.1.21/compute/v2.1/servers/20a0ddf2-83bc-4e56-8208-12bb200c26e2 0.070s
2025-06-14 01:24:51.359 61782 INFO tempest.lib.common.rest_client [req-e5a75a58-7462-4917-8886-e478cc5f2a5e req-e5a75a58-7462-4917-8886-e478cc5f2a5e ] Request (ServerDiagnosticsNegativeTest:test_get_server_diagnostics_by_non_admin): 200 GET http://10.180.1.21/compute/v2.1/servers/f21a02ec-4fa2-439c-aa56-570e175a8b5e 0.120s
2025-06-14 01:24:51.396 61762 INFO tempest.lib.common.rest_client [req-af8134f1-8c0e-4bc1-8b80-793297336519 req-af8134f1-8c0e-4bc1-8b80-793297336519 ] Request (ImagesNegativeTestJSON:test_create_image_from_deleted_server): 200 GET http://10.180.1.21/compute/v2.1/servers/276e62bf-fd35-47ed-b422-b45fb4a89ed2 0.068s
2025-06-14 01:24:51.443 61780 INFO tempest.lib.common.rest_client [req-99d3d87c-819c-47c6-b73c-83283207ff7b req-99d3d87c-819c-47c6-b73c-83283207ff7b ] Request (VolumesAdminNegativeTest:test_update_attached_volume_with_nonexistent_volume_in_body): 200 GET http://10.180.1.21/compute/v2.1/servers/9d46e2f3-2bb8-40d2-9e45-43e8c06c8d1f 0.072s
2025-06-14 01:24:51.453 61754 INFO tempest.lib.common.rest_client [req-54fb3186-37d9-49f1-b913-444520a0fc10 req-54fb3186-37d9-49f1-b913-444520a0fc10 ] Request (ServersAdminTestJSON:setUpClass): 200 GET http://10.180.1.21/compute/v2.1/servers/3395aaef-0db6-4fab-b8a5-79b781129690 0.116s
2025-06-14 01:24:51.491 61745 INFO tempest.lib.common.rest_client [req-fbfa72ca-fc1b-4093-8b29-b2747781bbf9 req-fbfa72ca-fc1b-4093-8b29-b2747781bbf9 ] Request (ServersWithSpecificFlavorTestJSON:test_verify_created_server_ephemeral_disk): 200 GET http://10.180.1.21/compute/v2.1/servers/2d57a929-eb61-471d-b0a1-d1e366201ccc 0.109s
2025-06-14 01:24:51.507 61736 INFO tempest.lib.common.rest_client [req-80776d62-b784-4548-ab4a-cca4430dbade req-80776d62-b784-4548-ab4a-cca4430dbade ] Request (ServersTestMultiNic:test_verify_duplicate_network_nics): 200 GET http://10.180.1.21/compute/v2.1/servers/61c5fe8a-8fab-4fca-b03e-b583b2566162 0.093s
2025-06-14 01:24:51.538 61728 INFO tempest.lib.common.rest_client [req-3cff854b-20d9-4cf3-aa3b-b463e2ad06ea req-3cff854b-20d9-4cf3-aa3b-b463e2ad06ea ] Request (ServerRescueNegativeTestJSON:setUpClass): 200 GET http://10.180.1.21/compute/v2.1/servers/d8cc1718-c721-478b-807a-d6ae1eb09c7c 0.115s
2025-06-14 01:24:51.560 61760 INFO tempest.lib.common.rest_client [req-66694bfc-74a4-406f-bdc9-bcd32718ce35 req-66694bfc-74a4-406f-bdc9-bcd32718ce35 ] Request (DeleteServersTestJSON:test_delete_active_server): 200 GET http://10.180.1.21/compute/v2.1/servers/697179bb-2391-4434-8144-ee917aa84441 0.095s
2025-06-14 01:24:51.583 61774 INFO tempest.lib.common.rest_client [req-af899810-d8f7-4953-8c67-3cbb4783fd04 req-af899810-d8f7-4953-8c67-3cbb4783fd04 ] Request (ServerDiskConfigTestJSON:test_rebuild_server_with_auto_disk_config): 200 GET http://10.180.1.21/compute/v2.1/servers/3ca84343-76bb-46f4-89d8-3cc45ac3dc0b 0.075s
2025-06-14 01:24:51.626 61732 INFO tempest.lib.common.rest_client [req-343b13e0-985c-465a-8b8f-b0d40c829cfd req-343b13e0-985c-465a-8b8f-b0d40c829cfd ] Request (ServerAddressesNegativeTestJSON:setUpClass): 200 GET http://10.180.1.21/compute/v2.1/servers/f152a563-2988-4fac-9974-af25e17f14d1 0.074s
2025-06-14 01:24:51.670 61751 INFO tempest.lib.common.rest_client [req-3b96af27-e965-48f7-9f7d-c48b87f63316 req-3b96af27-e965-48f7-9f7d-c48b87f63316 ] Request (AttachVolumeTestJSON:test_attach_detach_volume): 200 GET http://10.180.1.21/compute/v2.1/servers/56f9a2d5-b28d-4a2a-bc52-2b8a00ee1c0a 0.071s
2025-06-14 01:24:51.727 61730 INFO tempest.lib.common.rest_client [req-81e9a2ab-89a1-437f-b0d3-8731af451e17 req-81e9a2ab-89a1-437f-b0d3-8731af451e17 ] Request (FloatingIPsAssociationNegativeTestJSON:setUpClass): 200 GET http://10.180.1.21/compute/v2.1/servers/85c2cfe1-443a-4373-bdba-b2a957a8681b 0.182s
2025-06-14 01:24:51.761 61720 INFO tempest.lib.common.rest_client [req-44449b09-fc14-48b0-8504-599a5c8a96ae req-44449b09-fc14-48b0-8504-599a5c8a96ae ] Request (ServerDiagnosticsTest:test_get_server_diagnostics): 200 GET http://10.180.1.21/compute/v2.1/servers/b6dbc66b-ba8c-4f5f-93e3-fef9a50b104b 0.125s
2025-06-14 01:24:51.782 61770 INFO tempest.lib.common.rest_client [req-443cff36-a4ed-4284-a5d6-53afcd3ec86e req-443cff36-a4ed-4284-a5d6-53afcd3ec86e ] Request (ServersTestBootFromVolume:setUpClass): 200 GET http://10.180.1.21/compute/v2.1/servers/e4395e44-91f2-4f9b-a902-12859618f9cd 0.137s
2025-06-14 01:24:51.822 61738 INFO tempest.lib.common.rest_client [req-22a86be4-8de5-438d-884c-ff77ff2df67f req-22a86be4-8de5-438d-884c-ff77ff2df67f ] Request (ServersListShow296Test:test_list_show_update_rebuild_server_296): 200 GET http://10.180.1.21/compute/v2.1/servers/a5eb3371-1899-44cb-ba30-44aa4d54b2ee 0.121s
2025-06-14 01:24:51.838 61778 INFO tempest.lib.common.rest_client [req-84699d4c-a6e9-4203-b831-b89e9bf34948 req-84699d4c-a6e9-4203-b831-b89e9bf34948 ] Request (ServersTestJSON:setUpClass): 200 GET http://10.180.1.21/compute/v2.1/servers/d2056fc4-ff5c-4c9f-ad5c-d0ecb466f618 0.095s
2025-06-14 01:24:51.891 61740 INFO tempest.lib.common.rest_client [req-2876ce86-b6e1-484d-b5fc-4a5e36aae00c req-2876ce86-b6e1-484d-b5fc-4a5e36aae00c ] Request (VolumesAssistedSnapshotsTest:test_volume_assisted_snapshot_create_delete): 200 GET http://10.180.1.21/compute/v2.1/servers/766a9405-8a7d-4876-8569-964d2e73fedb 0.085s
2025-06-14 01:24:51.923 61724 INFO tempest.lib.common.rest_client [req-7136bd42-d5b5-4f42-b818-c47bf10554f1 req-7136bd42-d5b5-4f42-b818-c47bf10554f1 ] Request (AttachInterfacesTestJSON:test_create_list_show_delete_interfaces_by_fixed_ip): 200 GET http://10.180.1.21/compute/v2.1/servers/a84b19ff-892b-43cb-9fd7-8f8b23f612a6 0.160s
2025-06-14 01:24:51.966 61748 INFO tempest.lib.common.rest_client [req-27ae8e09-6d45-431f-ae3f-de53ba7c1305 req-27ae8e09-6d45-431f-ae3f-de53ba7c1305 ] Request (ServerMetadataTestJSON:setUpClass): 200 GET http://10.180.1.21/compute/v2.1/servers/63fdeef4-93e6-408c-9b37-33bf3532a6e8 0.118s
2025-06-14 01:24:52.006 61758 INFO tempest.lib.common.rest_client [req-d0a23855-3ee0-4b8e-a639-a744d3dade78 req-d0a23855-3ee0-4b8e-a639-a744d3dade78 ] Request (MigrationsAdminTest:test_list_migrations_in_flavor_resize_situation): 200 GET http://10.180.1.21/compute/v2.1/servers/94b6a93d-de4d-4600-94af-81dce16b22f7 0.173s
2025-06-14 01:24:52.015 61734 INFO tempest.lib.common.rest_client [req-7b235bea-f6fd-4199-8ea0-c8fbd411c7db req-7b235bea-f6fd-4199-8ea0-c8fbd411c7db ] Request (AttachInterfacesV270Test:test_create_get_list_interfaces): 200 GET http://10.180.1.21/compute/v2.1/servers/1438771e-fd84-4dac-81b1-c2df19972ebe 0.134s
2025-06-14 01:24:52.064 61722 INFO tempest.lib.common.rest_client [req-d79f4b06-debe-4c30-ba0b-3111816b25a2 req-d79f4b06-debe-4c30-ba0b-3111816b25a2 ] Request (ServersTestManualDisk:setUpClass): 200 GET http://10.180.1.21/compute/v2.1/servers/a91235be-0b5f-4b2a-8da3-569ec393305a 0.174s
2025-06-14 01:24:52.071 61746 INFO tempest.lib.common.rest_client [req-ced4a953-f7e5-4442-8223-290a582e1761 req-ced4a953-f7e5-4442-8223-290a582e1761 ] Request (ServersV294TestFqdnHostnames:setUpClass): 200 GET http://10.180.1.21/compute/v2.1/servers/c737971c-735e-4317-b0e6-eb73bfc8456a 0.132s
2025-06-14 01:24:52.305 61726 INFO tempest.lib.common.rest_client [req-27ec34f1-e9ef-47aa-a53a-92ce7b2885c1 req-27ec34f1-e9ef-47aa-a53a-92ce7b2885c1 ] Request (ServerExternalEventsTest:test_create_server_external_events): 200 GET http://10.180.1.21/compute/v2.1/servers/fb2c262b-17cf-44a2-a30f-a7fab3d6fe40 0.137s
2025-06-14 01:24:52.361 61772 INFO tempest.lib.common.rest_client [req-c04596cc-b16d-4982-b360-5dd6105703a9 req-c04596cc-b16d-4982-b360-5dd6105703a9 ] Request (ListImageFiltersTestJSON:setUpClass): 200 GET http://10.180.1.21/compute/v2.1/servers/e6a7a2d1-a50d-478c-9c27-fe58504fa14b 0.144s
2025-06-14 01:24:52.390 61742 INFO tempest.lib.common.rest_client [req-0f111817-c4b6-426a-9621-0110cdb3229b req-0f111817-c4b6-426a-9621-0110cdb3229b ] Request (ServersAdminNegativeTestJSON:setUpClass): 200 GET http://10.180.1.21/compute/v2.1/servers/2d853a6e-4c2f-401e-9088-54e82bec1150 0.425s
2025-06-14 01:24:52.439 61764 INFO tempest.lib.common.rest_client [req-3c7f9803-a817-4d4f-a8fd-f5d3b82974ac req-3c7f9803-a817-4d4f-a8fd-f5d3b82974ac ] Request (ServersAaction247Test:test_create_backup): 200 GET http://10.180.1.21/compute/v2.1/servers/53a53e12-741a-4104-91d1-8d41f2b490ab 0.163s
2025-06-14 01:24:52.483 61756 INFO tempest.lib.common.rest_client [req-11438963-58c1-4006-b3de-cb63eb80756e req-11438963-58c1-4006-b3de-cb63eb80756e ] Request (ImagesOneServerTestJSON:setUpClass): 200 GET http://10.180.1.21/compute/v2.1/servers/23b7562f-035c-487f-a1f2-279b69ca4355 0.166s
2025-06-14 01:24:52.484 61768 INFO tempest.lib.common.rest_client [req-4d647a67-c812-4c29-bd48-8b06845300fb req-4d647a67-c812-4c29-bd48-8b06845300fb ] Request (DeleteServersAdminTestJSON:test_admin_delete_servers_of_others): 200 GET http://10.180.1.21/compute/v2.1/servers/f59b0b04-643c-497c-90a0-a7f885c1eb3b 0.214s
2025-06-14 01:24:52.524 61752 INFO tempest.lib.common.rest_client [req-31b2fa2e-25c9-4d7f-9173-a973ff479323 req-31b2fa2e-25c9-4d7f-9173-a973ff479323 ] Request (FloatingIPsAssociationTestJSON:setUpClass): 200 GET http://10.180.1.21/compute/v2.1/servers/20a0ddf2-83bc-4e56-8208-12bb200c26e2 0.164s
2025-06-14 01:24:52.569 61762 INFO tempest.lib.common.rest_client [req-2f4738e7-bf14-4da5-ad58-83afa736957a req-2f4738e7-bf14-4da5-ad58-83afa736957a ] Request (ImagesNegativeTestJSON:test_create_image_from_deleted_server): 200 GET http://10.180.1.21/compute/v2.1/servers/276e62bf-fd35-47ed-b422-b45fb4a89ed2 0.164s
2025-06-14 01:24:52.585 61782 INFO tempest.lib.common.rest_client [req-60b371dd-4ac6-4980-b9b6-c983d7c51c8b req-60b371dd-4ac6-4980-b9b6-c983d7c51c8b ] Request (ServerDiagnosticsNegativeTest:test_get_server_diagnostics_by_non_admin): 200 GET http://10.180.1.21/compute/v2.1/servers/f21a02ec-4fa2-439c-aa56-570e175a8b5e 0.219s
2025-06-14 01:24:52.615 61780 INFO tempest.lib.common.rest_client [req-1495443d-9b58-4473-ad7c-81b9804d6af3 req-1495443d-9b58-4473-ad7c-81b9804d6af3 ] Request (VolumesAdminNegativeTest:test_update_attached_volume_with_nonexistent_volume_in_body): 200 GET http://10.180.1.21/compute/v2.1/servers/9d46e2f3-2bb8-40d2-9e45-43e8c06c8d1f 0.165s
2025-06-14 01:24:52.659 61745 INFO tempest.lib.common.rest_client [req-4680d65c-4028-467f-9a4d-1165ca58b187 req-4680d65c-4028-467f-9a4d-1165ca58b187 ] Request (ServersWithSpecificFlavorTestJSON:test_verify_created_server_ephemeral_disk): 200 GET http://10.180.1.21/compute/v2.1/servers/2d57a929-eb61-471d-b0a1-d1e366201ccc 0.161s
2025-06-14 01:24:52.703 61736 INFO tempest.lib.common.rest_client [req-049d9032-c57e-4869-b9bd-bdb2b2a4001b req-049d9032-c57e-4869-b9bd-bdb2b2a4001b ] Request (ServersTestMultiNic:test_verify_duplicate_network_nics): 200 GET http://10.180.1.21/compute/v2.1/servers/61c5fe8a-8fab-4fca-b03e-b583b2566162 0.186s
2025-06-14 01:24:52.723 61754 INFO tempest.lib.common.rest_client [req-cfd11d13-05aa-4743-8d88-694e56864b64 req-cfd11d13-05aa-4743-8d88-694e56864b64 ] Request (ServersAdminTestJSON:setUpClass): 200 GET http://10.180.1.21/compute/v2.1/servers/3395aaef-0db6-4fab-b8a5-79b781129690 0.263s
2025-06-14 01:24:52.745 61728 INFO tempest.lib.common.rest_client [req-d460cf73-f7ec-462e-9fc2-922b3fda634a req-d460cf73-f7ec-462e-9fc2-922b3fda634a ] Request (ServerRescueNegativeTestJSON:setUpClass): 200 GET http://10.180.1.21/compute/v2.1/servers/d8cc1718-c721-478b-807a-d6ae1eb09c7c 0.200s
2025-06-14 01:24:52.768 61760 INFO tempest.lib.common.rest_client [req-cde0d588-9d5f-4816-ba02-11a4b1cbeaa7 req-cde0d588-9d5f-4816-ba02-11a4b1cbeaa7 ] Request (DeleteServersTestJSON:test_delete_active_server): 200 GET http://10.180.1.21/compute/v2.1/servers/697179bb-2391-4434-8144-ee917aa84441 0.200s
2025-06-14 01:24:52.794 61774 INFO tempest.lib.common.rest_client [req-0a1ba8b1-c84e-4725-afcd-ecd44646481e req-0a1ba8b1-c84e-4725-afcd-ecd44646481e ] Request (ServerDiskConfigTestJSON:test_rebuild_server_with_auto_disk_config): 200 GET http://10.180.1.21/compute/v2.1/servers/3ca84343-76bb-46f4-89d8-3cc45ac3dc0b 0.203s
2025-06-14 01:24:52.815 61732 INFO tempest.lib.common.rest_client [req-4c5564c5-b9e9-4998-a7c4-3feb43eedd55 req-4c5564c5-b9e9-4998-a7c4-3feb43eedd55 ] Request (ServerAddressesNegativeTestJSON:setUpClass): 200 GET http://10.180.1.21/compute/v2.1/servers/f152a563-2988-4fac-9974-af25e17f14d1 0.181s
2025-06-14 01:24:52.840 61751 INFO tempest.lib.common.rest_client [req-515ba39d-5226-4ddd-be04-922f4e7f4d6f req-515ba39d-5226-4ddd-be04-922f4e7f4d6f ] Request (AttachVolumeTestJSON:test_attach_detach_volume): 200 GET http://10.180.1.21/compute/v2.1/servers/56f9a2d5-b28d-4a2a-bc52-2b8a00ee1c0a 0.161s
2025-06-14 01:24:52.869 61730 INFO tempest.lib.common.rest_client [req-062cf1b0-e62c-4cfe-afb3-15615078192a req-062cf1b0-e62c-4cfe-afb3-15615078192a ] Request (FloatingIPsAssociationNegativeTestJSON:setUpClass): 200 GET http://10.180.1.21/compute/v2.1/servers/85c2cfe1-443a-4373-bdba-b2a957a8681b 0.134s
2025-06-14 01:24:52.878 61730 INFO tempest.common.waiters [-] State transition "BUILD/spawning" ==> "ERROR/None" after 156 second wait
2025-06-14 01:24:52.909 61770 INFO tempest.lib.common.rest_client [req-731fabed-45e1-47be-ae5f-68ac9a694115 req-731fabed-45e1-47be-ae5f-68ac9a694115 ] Request (ServersTestBootFromVolume:setUpClass): 200 GET http://10.180.1.21/compute/v2.1/servers/e4395e44-91f2-4f9b-a902-12859618f9cd 0.120s
2025-06-14 01:24:52.933 61720 INFO tempest.lib.common.rest_client [req-3bfb8303-35a7-4050-ab80-e54243b3b191 req-3bfb8303-35a7-4050-ab80-e54243b3b191 ] Request (ServerDiagnosticsTest:test_get_server_diagnostics): 200 GET http://10.180.1.21/compute/v2.1/servers/b6dbc66b-ba8c-4f5f-93e3-fef9a50b104b 0.165s
2025-06-14 01:24:52.976 61738 INFO tempest.lib.common.rest_client [req-c405cfa8-fee8-4534-94e4-8c713d943894 req-c405cfa8-fee8-4534-94e4-8c713d943894 ] Request (ServersListShow296Test:test_list_show_update_rebuild_server_296): 200 GET http://10.180.1.21/compute/v2.1/servers/a5eb3371-1899-44cb-ba30-44aa4d54b2ee 0.143s
2025-06-14 01:24:52.980 61778 INFO tempest.lib.common.rest_client [req-505d0afc-3098-4886-be4a-786324d9de62 req-505d0afc-3098-4886-be4a-786324d9de62 ] Request (ServersTestJSON:setUpClass): 200 GET http://10.180.1.21/compute/v2.1/servers/d2056fc4-ff5c-4c9f-ad5c-d0ecb466f618 0.135s
2025-06-14 01:24:53.030 61740 INFO tempest.lib.common.rest_client [req-3abe3e40-f5a2-485b-864f-9907b81d4b25 req-3abe3e40-f5a2-485b-864f-9907b81d4b25 ] Request (VolumesAssistedSnapshotsTest:test_volume_assisted_snapshot_create_delete): 200 GET http://10.180.1.21/compute/v2.1/servers/766a9405-8a7d-4876-8569-964d2e73fedb 0.129s
2025-06-14 01:24:53.128 61724 INFO tempest.lib.common.rest_client [req-8252f6e2-0710-42fd-93b6-ffe131a7da6d req-8252f6e2-0710-42fd-93b6-ffe131a7da6d ] Request (AttachInterfacesTestJSON:test_create_list_show_delete_interfaces_by_fixed_ip): 200 GET http://10.180.1.21/compute/v2.1/servers/a84b19ff-892b-43cb-9fd7-8f8b23f612a6 0.196s
2025-06-14 01:24:53.185 61748 INFO tempest.lib.common.rest_client [req-7b9e73ba-fc8f-4ef8-b78d-8fd066c3131c req-7b9e73ba-fc8f-4ef8-b78d-8fd066c3131c ] Request (ServerMetadataTestJSON:setUpClass): 200 GET http://10.180.1.21/compute/v2.1/servers/63fdeef4-93e6-408c-9b37-33bf3532a6e8 0.209s
2025-06-14 01:24:53.315 61758 INFO tempest.lib.common.rest_client [req-782ebdb3-0fd8-4356-b99e-c1176f268c26 req-782ebdb3-0fd8-4356-b99e-c1176f268c26 ] Request (MigrationsAdminTest:test_list_migrations_in_flavor_resize_situation): 200 GET http://10.180.1.21/compute/v2.1/servers/94b6a93d-de4d-4600-94af-81dce16b22f7 0.301s
2025-06-14 01:24:53.405 61730 INFO tempest.lib.common.rest_client [req-58be2b11-4f7f-4499-ad65-1e990f97945d req-58be2b11-4f7f-4499-ad65-1e990f97945d ] Request (FloatingIPsAssociationNegativeTestJSON:setUpClass): 204 DELETE http://10.180.1.21/compute/v2.1/servers/85c2cfe1-443a-4373-bdba-b2a957a8681b 0.527s
2025-06-14 01:24:53.466 61722 INFO tempest.lib.common.rest_client [req-3bf18c10-82d9-4300-9db5-7b0c4be0a28d req-3bf18c10-82d9-4300-9db5-7b0c4be0a28d ] Request (ServersTestManualDisk:setUpClass): 200 GET http://10.180.1.21/compute/v2.1/servers/a91235be-0b5f-4b2a-8da3-569ec393305a 0.390s
2025-06-14 01:24:53.481 61734 INFO tempest.lib.common.rest_client [req-c1a29590-9474-4040-ba43-56ccd7137202 req-c1a29590-9474-4040-ba43-56ccd7137202 ] Request (AttachInterfacesV270Test:test_create_get_list_interfaces): 200 GET http://10.180.1.21/compute/v2.1/servers/1438771e-fd84-4dac-81b1-c2df19972ebe 0.457s
2025-06-14 01:24:53.491 61734 INFO tempest.common.waiters [-] State transition "BUILD/scheduling" ==> "BUILD/spawning" after 131 second wait
2025-06-14 01:24:53.524 61746 INFO tempest.lib.common.rest_client [req-f979282b-c73a-4fb8-95ba-cd1228f0d860 req-f979282b-c73a-4fb8-95ba-cd1228f0d860 ] Request (ServersV294TestFqdnHostnames:setUpClass): 200 GET http://10.180.1.21/compute/v2.1/servers/c737971c-735e-4317-b0e6-eb73bfc8456a 0.443s
2025-06-14 01:24:53.582 61772 INFO tempest.lib.common.rest_client [req-14810356-f93a-4de8-a1ba-0c1df499d2df req-14810356-f93a-4de8-a1ba-0c1df499d2df ] Request (ListImageFiltersTestJSON:setUpClass): 200 GET http://10.180.1.21/compute/v2.1/servers/e6a7a2d1-a50d-478c-9c27-fe58504fa14b 0.208s
2025-06-14 01:24:53.584 61726 INFO tempest.lib.common.rest_client [req-3829168e-e672-4e18-8d55-90e1a4c38c66 req-3829168e-e672-4e18-8d55-90e1a4c38c66 ] Request (ServerExternalEventsTest:test_create_server_external_events): 200 GET http://10.180.1.21/compute/v2.1/servers/fb2c262b-17cf-44a2-a30f-a7fab3d6fe40 0.271s
2025-06-14 01:24:53.597 61730 INFO tempest.lib.common.rest_client [req-f77124e9-368a-49df-87fb-520b21ac437d req-f77124e9-368a-49df-87fb-520b21ac437d ] Request (FloatingIPsAssociationNegativeTestJSON:setUpClass): 404 GET http://10.180.1.21/compute/v2.1/servers/85c2cfe1-443a-4373-bdba-b2a957a8681b 0.192s
2025-06-14 01:24:53.598 61730 INFO tempest.test [-] raised in FloatingIPsAssociationNegativeTestJSON.setUpClass. Invoking tearDownClass.
2025-06-14 01:24:53.648 61764 INFO tempest.lib.common.rest_client [req-519c62fb-88ee-4095-ab8f-bb3a5bac5ff9 req-519c62fb-88ee-4095-ab8f-bb3a5bac5ff9 ] Request (ServersAaction247Test:test_create_backup): 200 GET http://10.180.1.21/compute/v2.1/servers/53a53e12-741a-4104-91d1-8d41f2b490ab 0.199s
2025-06-14 01:24:53.738 61742 INFO tempest.lib.common.rest_client [req-807a7aa6-3808-42a9-8429-3494804f07ac req-807a7aa6-3808-42a9-8429-3494804f07ac ] Request (ServersAdminNegativeTestJSON:setUpClass): 200 GET http://10.180.1.21/compute/v2.1/servers/2d853a6e-4c2f-401e-9088-54e82bec1150 0.341s
2025-06-14 01:24:53.787 61756 INFO tempest.lib.common.rest_client [req-0cf327ac-54d9-4fed-a3c8-cc6977fc1373 req-0cf327ac-54d9-4fed-a3c8-cc6977fc1373 ] Request (ImagesOneServerTestJSON:setUpClass): 200 GET http://10.180.1.21/compute/v2.1/servers/23b7562f-035c-487f-a1f2-279b69ca4355 0.294s
2025-06-14 01:24:53.819 61768 INFO tempest.lib.common.rest_client [req-9b28e4a2-0a48-4fff-8c19-3cf023b074dc req-9b28e4a2-0a48-4fff-8c19-3cf023b074dc ] Request (DeleteServersAdminTestJSON:test_admin_delete_servers_of_others): 200 GET http://10.180.1.21/compute/v2.1/servers/f59b0b04-643c-497c-90a0-a7f885c1eb3b 0.328s
2025-06-14 01:24:53.834 61752 INFO tempest.lib.common.rest_client [req-7d3cb346-44db-40e5-882c-097471c4bc93 req-7d3cb346-44db-40e5-882c-097471c4bc93 ] Request (FloatingIPsAssociationTestJSON:setUpClass): 200 GET http://10.180.1.21/compute/v2.1/servers/20a0ddf2-83bc-4e56-8208-12bb200c26e2 0.303s
2025-06-14 01:24:53.883 61762 INFO tempest.lib.common.rest_client [req-9df20aec-d164-4b87-b421-b86905e3d4a7 req-9df20aec-d164-4b87-b421-b86905e3d4a7 ] Request (ImagesNegativeTestJSON:test_create_image_from_deleted_server): 200 GET http://10.180.1.21/compute/v2.1/servers/276e62bf-fd35-47ed-b422-b45fb4a89ed2 0.306s
2025-06-14 01:24:53.935 61780 INFO tempest.lib.common.rest_client [req-b34441ce-c810-4dda-869a-9d67f2be6003 req-b34441ce-c810-4dda-869a-9d67f2be6003 ] Request (VolumesAdminNegativeTest:test_update_attached_volume_with_nonexistent_volume_in_body): 200 GET http://10.180.1.21/compute/v2.1/servers/9d46e2f3-2bb8-40d2-9e45-43e8c06c8d1f 0.313s
2025-06-14 01:24:53.968 61782 INFO tempest.lib.common.rest_client [req-c2378905-fd52-4303-b2ce-c524e1ccaf60 req-c2378905-fd52-4303-b2ce-c524e1ccaf60 ] Request (ServerDiagnosticsNegativeTest:test_get_server_diagnostics_by_non_admin): 200 GET http://10.180.1.21/compute/v2.1/servers/f21a02ec-4fa2-439c-aa56-570e175a8b5e 0.375s
2025-06-14 01:24:53.988 61745 INFO tempest.lib.common.rest_client [req-d87cd2ce-4db0-42f5-899e-fb4872702c30 req-d87cd2ce-4db0-42f5-899e-fb4872702c30 ] Request (ServersWithSpecificFlavorTestJSON:test_verify_created_server_ephemeral_disk): 200 GET http://10.180.1.21/compute/v2.1/servers/2d57a929-eb61-471d-b0a1-d1e366201ccc 0.319s
2025-06-14 01:24:54.144 61754 INFO tempest.lib.common.rest_client [req-689194cd-23b0-4ed0-ad25-199416661b77 req-689194cd-23b0-4ed0-ad25-199416661b77 ] Request (ServersAdminTestJSON:setUpClass): 200 GET http://10.180.1.21/compute/v2.1/servers/3395aaef-0db6-4fab-b8a5-79b781129690 0.413s
2025-06-14 01:24:54.169 61736 INFO tempest.lib.common.rest_client [req-0507adb1-bf9c-4a43-80dd-022c80d36294 req-0507adb1-bf9c-4a43-80dd-022c80d36294 ] Request (ServersTestMultiNic:test_verify_duplicate_network_nics): 200 GET http://10.180.1.21/compute/v2.1/servers/61c5fe8a-8fab-4fca-b03e-b583b2566162 0.459s
2025-06-14 01:24:54.197 61728 INFO tempest.lib.common.rest_client [req-ecbd5a41-f0b8-4e97-9c19-cb107ff5edc6 req-ecbd5a41-f0b8-4e97-9c19-cb107ff5edc6 ] Request (ServerRescueNegativeTestJSON:setUpClass): 200 GET http://10.180.1.21/compute/v2.1/servers/d8cc1718-c721-478b-807a-d6ae1eb09c7c 0.444s
2025-06-14 01:24:54.224 61760 INFO tempest.lib.common.rest_client [req-70168f85-5c3d-441d-ab0d-9b9671361a51 req-70168f85-5c3d-441d-ab0d-9b9671361a51 ] Request (DeleteServersTestJSON:test_delete_active_server): 200 GET http://10.180.1.21/compute/v2.1/servers/697179bb-2391-4434-8144-ee917aa84441 0.448s
2025-06-14 01:24:54.268 61774 INFO tempest.lib.common.rest_client [req-c169f5d4-25bd-46bf-9c3d-ea9f0bb5667c req-c169f5d4-25bd-46bf-9c3d-ea9f0bb5667c ] Request (ServerDiskConfigTestJSON:test_rebuild_server_with_auto_disk_config): 200 GET http://10.180.1.21/compute/v2.1/servers/3ca84343-76bb-46f4-89d8-3cc45ac3dc0b 0.466s
2025-06-14 01:24:54.295 61732 INFO tempest.lib.common.rest_client [req-915a49e1-9279-4019-9582-bfdfdd666ac3 req-915a49e1-9279-4019-9582-bfdfdd666ac3 ] Request (ServerAddressesNegativeTestJSON:setUpClass): 200 GET http://10.180.1.21/compute/v2.1/servers/f152a563-2988-4fac-9974-af25e17f14d1 0.472s
2025-06-14 01:24:54.326 61751 INFO tempest.lib.common.rest_client [req-75f8ff37-7dd8-4270-a7fe-520389e37683 req-75f8ff37-7dd8-4270-a7fe-520389e37683 ] Request (AttachVolumeTestJSON:test_attach_detach_volume): 200 GET http://10.180.1.21/compute/v2.1/servers/56f9a2d5-b28d-4a2a-bc52-2b8a00ee1c0a 0.477s
2025-06-14 01:24:54.354 61770 INFO tempest.lib.common.rest_client [req-6c260f11-4554-4ac8-b1d8-6a1cbc342708 req-6c260f11-4554-4ac8-b1d8-6a1cbc342708 ] Request (ServersTestBootFromVolume:setUpClass): 200 GET http://10.180.1.21/compute/v2.1/servers/e4395e44-91f2-4f9b-a902-12859618f9cd 0.437s
2025-06-14 01:24:54.426 61738 INFO tempest.lib.common.rest_client [req-105c1617-3105-4e56-8fb1-39710e5b17a4 req-105c1617-3105-4e56-8fb1-39710e5b17a4 ] Request (ServersListShow296Test:test_list_show_update_rebuild_server_296): 200 GET http://10.180.1.21/compute/v2.1/servers/a5eb3371-1899-44cb-ba30-44aa4d54b2ee 0.437s
2025-06-14 01:24:54.471 61778 INFO tempest.lib.common.rest_client [req-e37c6df1-90e6-40c3-8d50-d41f079d7c65 req-e37c6df1-90e6-40c3-8d50-d41f079d7c65 ] Request (ServersTestJSON:setUpClass): 200 GET http://10.180.1.21/compute/v2.1/servers/d2056fc4-ff5c-4c9f-ad5c-d0ecb466f618 0.483s
2025-06-14 01:24:54.492 61720 INFO tempest.lib.common.rest_client [req-36bf4edd-0a66-455c-b451-67445d843b9c req-36bf4edd-0a66-455c-b451-67445d843b9c ] Request (ServerDiagnosticsTest:test_get_server_diagnostics): 200 GET http://10.180.1.21/compute/v2.1/servers/b6dbc66b-ba8c-4f5f-93e3-fef9a50b104b 0.550s
2025-06-14 01:24:54.551 61740 INFO tempest.lib.common.rest_client [req-8ce874e3-8eba-4d75-b3f1-8c1d4184da31 req-8ce874e3-8eba-4d75-b3f1-8c1d4184da31 ] Request (VolumesAssistedSnapshotsTest:test_volume_assisted_snapshot_create_delete): 200 GET http://10.180.1.21/compute/v2.1/servers/766a9405-8a7d-4876-8569-964d2e73fedb 0.513s
2025-06-14 01:24:54.622 61748 INFO tempest.lib.common.rest_client [req-5939ef16-074c-4f5d-adc6-221333a6a131 req-5939ef16-074c-4f5d-adc6-221333a6a131 ] Request (ServerMetadataTestJSON:setUpClass): 200 GET http://10.180.1.21/compute/v2.1/servers/63fdeef4-93e6-408c-9b37-33bf3532a6e8 0.426s
2025-06-14 01:24:54.665 61724 INFO tempest.lib.common.rest_client [req-de89a6ec-c3e2-4e46-8b96-5f2498bc6e34 req-de89a6ec-c3e2-4e46-8b96-5f2498bc6e34 ] Request (AttachInterfacesTestJSON:test_create_list_show_delete_interfaces_by_fixed_ip): 200 GET http://10.180.1.21/compute/v2.1/servers/a84b19ff-892b-43cb-9fd7-8f8b23f612a6 0.530s
2025-06-14 01:24:54.727 61722 INFO tempest.lib.common.rest_client [req-700933ed-1b75-4f62-bcba-1208f9320496 req-700933ed-1b75-4f62-bcba-1208f9320496 ] Request (ServersTestManualDisk:setUpClass): 200 GET http://10.180.1.21/compute/v2.1/servers/a91235be-0b5f-4b2a-8da3-569ec393305a 0.253s
2025-06-14 01:24:54.798 61758 INFO tempest.lib.common.rest_client [req-136db5f0-a9dd-4f30-bf66-de6a31437795 req-136db5f0-a9dd-4f30-bf66-de6a31437795 ] Request (MigrationsAdminTest:test_list_migrations_in_flavor_resize_situation): 200 GET http://10.180.1.21/compute/v2.1/servers/94b6a93d-de4d-4600-94af-81dce16b22f7 0.476s
2025-06-14 01:24:54.863 61746 INFO tempest.lib.common.rest_client [req-b85c888d-7213-47d8-b24f-bb604e43408e req-b85c888d-7213-47d8-b24f-bb604e43408e ] Request (ServersV294TestFqdnHostnames:setUpClass): 200 GET http://10.180.1.21/compute/v2.1/servers/c737971c-735e-4317-b0e6-eb73bfc8456a 0.327s
2025-06-14 01:24:54.907 61730 INFO tempest.lib.common.rest_client [req-7bb0158a-3695-41d8-af22-427660451853 req-7bb0158a-3695-41d8-af22-427660451853 ] Request (FloatingIPsAssociationNegativeTestJSON:tearDownClass): 200 PUT http://10.180.1.21:9696/networking/v2.0/routers/a896f0b1-9578-4f3e-ace2-7353e73e73d9/remove_router_interface 1.309s
2025-06-14 01:24:54.909 61772 INFO tempest.lib.common.rest_client [req-db4f479f-8389-4dcd-84da-23a8f74d2ab6 req-db4f479f-8389-4dcd-84da-23a8f74d2ab6 ] Request (ListImageFiltersTestJSON:setUpClass): 200 GET http://10.180.1.21/compute/v2.1/servers/e6a7a2d1-a50d-478c-9c27-fe58504fa14b 0.319s
2025-06-14 01:24:54.951 61734 INFO tempest.lib.common.rest_client [req-a25993e3-7b6c-4c99-841b-d0bc6e593c6b req-a25993e3-7b6c-4c99-841b-d0bc6e593c6b ] Request (AttachInterfacesV270Test:test_create_get_list_interfaces): 200 GET http://10.180.1.21/compute/v2.1/servers/1438771e-fd84-4dac-81b1-c2df19972ebe 0.459s
2025-06-14 01:24:55.012 61764 INFO tempest.lib.common.rest_client [req-18902502-ecf0-44e6-a57f-e911f7b9f70b req-18902502-ecf0-44e6-a57f-e911f7b9f70b ] Request (ServersAaction247Test:test_create_backup): 200 GET http://10.180.1.21/compute/v2.1/servers/53a53e12-741a-4104-91d1-8d41f2b490ab 0.354s
2025-06-14 01:24:55.042 61726 INFO tempest.lib.common.rest_client [req-38b58d8c-eb4c-4b2a-9d46-4dc82252faba req-38b58d8c-eb4c-4b2a-9d46-4dc82252faba ] Request (ServerExternalEventsTest:test_create_server_external_events): 200 GET http://10.180.1.21/compute/v2.1/servers/fb2c262b-17cf-44a2-a30f-a7fab3d6fe40 0.449s
