2025-06-14 01:23:44.345 61772 INFO tempest.lib.common.rest_client [req-f3a7bf21-433e-45ba-b2da-3c695cc85123 req-f3a7bf21-433e-45ba-b2da-3c695cc85123 ] Request (ListImageFiltersTestJSON:setUpClass): 200 GET http://10.180.1.21/compute/v2.1/servers/e6a7a2d1-a50d-478c-9c27-fe58504fa14b 0.614s
2025-06-14 01:23:44.401 61738 INFO tempest.lib.common.rest_client [req-6ad24464-09b3-45a0-9885-8e5c9f2a9877 req-6ad24464-09b3-45a0-9885-8e5c9f2a9877 ] Request (ServersListShow296Test:test_list_show_update_rebuild_server_296): 200 GET http://10.180.1.21/compute/v2.1/servers/a5eb3371-1899-44cb-ba30-44aa4d54b2ee 0.591s
2025-06-14 01:23:44.451 61752 INFO tempest.lib.common.rest_client [req-51404b8e-32f9-4690-a17d-f2f665e6a62c req-51404b8e-32f9-4690-a17d-f2f665e6a62c ] Request (FloatingIPsAssociationTestJSON:setUpClass): 200 GET http://10.180.1.21/compute/v2.1/servers/20a0ddf2-83bc-4e56-8208-12bb200c26e2 0.588s
2025-06-14 01:23:44.498 61774 INFO tempest.lib.common.rest_client [req-b2964fcd-6edb-4606-9aa4-b39102e98423 req-b2964fcd-6edb-4606-9aa4-b39102e98423 ] Request (ServerDiskConfigTestJSON:test_rebuild_server_with_auto_disk_config): 200 GET http://10.180.1.21/compute/v2.1/servers/3ca84343-76bb-46f4-89d8-3cc45ac3dc0b 0.586s
2025-06-14 01:23:44.591 61726 INFO tempest.lib.common.rest_client [req-15ec97ef-e808-4562-8bce-75b6c1adca03 req-15ec97ef-e808-4562-8bce-75b6c1adca03 ] Request (ServerExternalEventsTest:test_create_server_external_events): 200 GET http://10.180.1.21/compute/v2.1/servers/fb2c262b-17cf-44a2-a30f-a7fab3d6fe40 0.632s
2025-06-14 01:23:44.639 61762 INFO tempest.lib.common.rest_client [req-9d366602-4bab-485b-98d8-d29105c20e1f req-9d366602-4bab-485b-98d8-d29105c20e1f ] Request (ImagesNegativeTestJSON:test_create_image_from_deleted_server): 200 GET http://10.180.1.21/compute/v2.1/servers/276e62bf-fd35-47ed-b422-b45fb4a89ed2 0.673s
2025-06-14 01:23:44.686 61780 INFO tempest.lib.common.rest_client [req-e569164e-ebb3-4e3a-b5c5-b7fb4629d956 req-e569164e-ebb3-4e3a-b5c5-b7fb4629d956 ] Request (VolumesAdminNegativeTest:test_update_attached_volume_with_nonexistent_volume_in_body): 200 GET http://10.180.1.21/compute/v2.1/servers/9d46e2f3-2bb8-40d2-9e45-43e8c06c8d1f 0.670s
2025-06-14 01:23:44.719 61728 INFO tempest.lib.common.rest_client [req-5ffe4c69-5518-43d6-8330-826943160e12 req-5ffe4c69-5518-43d6-8330-826943160e12 ] Request (ServerRescueNegativeTestJSON:setUpClass): 202 POST http://10.180.1.21/compute/v2.1/servers 0.894s
2025-06-14 01:23:44.732 61760 INFO tempest.lib.common.rest_client [req-3fdd9a13-f761-4de2-b886-d8d278123fd3 req-3fdd9a13-f761-4de2-b886-d8d278123fd3 ] Request (DeleteServersTestJSON:test_delete_active_server): 200 GET http://10.180.1.21/compute/v2.1/servers/697179bb-2391-4434-8144-ee917aa84441 0.667s
2025-06-14 01:23:44.834 61720 INFO tempest.lib.common.rest_client [req-07ddb4a0-9b02-46c8-8de6-75b40d9b70d3 req-07ddb4a0-9b02-46c8-8de6-75b40d9b70d3 ] Request (ServerDiagnosticsTest:test_get_server_diagnostics): 200 GET http://10.180.1.21/compute/v2.1/servers/b6dbc66b-ba8c-4f5f-93e3-fef9a50b104b 0.670s
2025-06-14 01:23:44.873 61758 INFO tempest.lib.common.rest_client [req-e0fce495-6499-4134-8f53-5781bd1b709e req-e0fce495-6499-4134-8f53-5781bd1b709e ] Request (MigrationsAdminTest:test_list_migrations_in_flavor_resize_situation): 200 GET http://10.180.1.21/compute/v2.1/servers/94b6a93d-de4d-4600-94af-81dce16b22f7 0.788s
2025-06-14 01:23:44.891 61736 INFO tempest.lib.common.rest_client [req-6cd46a01-1532-4729-ad3b-cb9ae1411cf7 req-6cd46a01-1532-4729-ad3b-cb9ae1411cf7 ] Request (ServersTestMultiNic:test_verify_duplicate_network_nics): 200 GET http://10.180.1.21/compute/v2.1/servers/61c5fe8a-8fab-4fca-b03e-b583b2566162 0.664s
2025-06-14 01:23:44.985 61777 INFO tempest.lib.common.rest_client [req-ef90766a-a3ad-4549-9555-c92374f26484 req-ef90766a-a3ad-4549-9555-c92374f26484 ] Request (SecurityGroupRulesTestJSON:test_security_group_rules_create_with_optional_group_id): 200 POST http://10.180.1.21/compute/v2.1/os-security-groups 0.690s
2025-06-14 01:23:44.999 61742 INFO tempest.lib.common.rest_client [req-bd060536-dbda-40d4-83a2-8a4389d4ab3e req-bd060536-dbda-40d4-83a2-8a4389d4ab3e ] Request (ServersAdminNegativeTestJSON:setUpClass): 200 GET http://10.180.1.21/compute/v2.1/servers/2d853a6e-4c2f-401e-9088-54e82bec1150 0.660s
2025-06-14 01:23:45.039 61745 INFO tempest.lib.common.rest_client [req-014ec754-43b1-4ed8-92bc-e7162c5f3eff req-014ec754-43b1-4ed8-92bc-e7162c5f3eff ] Request (ServersWithSpecificFlavorTestJSON:test_verify_created_server_ephemeral_disk): 200 GET http://10.180.1.21/compute/v2.1/servers/2d57a929-eb61-471d-b0a1-d1e366201ccc 0.652s
2025-06-14 01:23:45.062 61746 INFO tempest.lib.common.rest_client [req-6b1faf8e-3cc3-49d3-916c-8b8fea62e66d req-6b1faf8e-3cc3-49d3-916c-8b8fea62e66d ] Request (ServersV294TestFqdnHostnames:setUpClass): 200 GET http://10.180.1.21/compute/v2.1/servers/c737971c-735e-4317-b0e6-eb73bfc8456a 0.589s
2025-06-14 01:23:45.087 61732 INFO tempest.lib.common.rest_client [req-498fb531-66f2-4a87-8440-76805ff657c5 req-498fb531-66f2-4a87-8440-76805ff657c5 ] Request (ServerAddressesNegativeTestJSON:setUpClass): 200 GET http://10.180.1.21/compute/v2.1/servers/f152a563-2988-4fac-9974-af25e17f14d1 0.421s
2025-06-14 01:23:45.107 61728 INFO tempest.lib.common.rest_client [req-59bf7330-989d-462f-a587-5de12c14a61a req-59bf7330-989d-462f-a587-5de12c14a61a ] Request (ServerRescueNegativeTestJSON:setUpClass): 200 GET http://10.180.1.21/compute/v2.1/servers/f0ad826d-58d7-4a52-8767-4609170d964d 0.386s
2025-06-14 01:23:45.135 61748 INFO tempest.lib.common.rest_client [req-884a59f4-2400-48d4-ab6c-897b7539e922 req-884a59f4-2400-48d4-ab6c-897b7539e922 ] Request (ServerMetadataTestJSON:setUpClass): 200 GET http://10.180.1.21/compute/v2.1/servers/63fdeef4-93e6-408c-9b37-33bf3532a6e8 0.403s
2025-06-14 01:23:45.158 61770 INFO tempest.lib.common.rest_client [req-1764c632-9f5c-4ee3-b859-c7339f845ff0 req-1764c632-9f5c-4ee3-b859-c7339f845ff0 ] Request (ServersTestBootFromVolume:setUpClass): 200 GET http://10.180.1.21/compute/v2.1/servers/e4395e44-91f2-4f9b-a902-12859618f9cd 0.369s
2025-06-14 01:23:45.159 61728 INFO tempest.lib.common.rest_client [req-5b8c21c1-db94-42be-935b-745cd98ca0b0 req-5b8c21c1-db94-42be-935b-745cd98ca0b0 ] Request (ServerRescueNegativeTestJSON:setUpClass): 201 POST http://10.180.1.21/identity/v3/auth/tokens 0.041s
2025-06-14 01:23:45.159 61728 INFO tempest.lib.common.fixed_network [-] (ServerRescueNegativeTestJSON:setUpClass) Found network {'id': '7621c4e4-eca6-4a50-9f14-13a29a07fbd9', 'name': 'tempest-ServerRescueNegativeTestJSON-1169165935-network', 'tenant_id': '601c204339f14046b357006f3ac81ffe', 'admin_state_up': True, 'mtu': 8950, 'status': 'ACTIVE', 'subnets': [], 'shared': False, 'project_id': '601c204339f14046b357006f3ac81ffe', 'port_security_enabled': True, 'router:external': False, 'provider:network_type': 'vlan', 'provider:physical_network': 'default', 'provider:segmentation_id': 106, 'is_default': False, 'availability_zone_hints': [], 'availability_zones': [], 'ipv4_address_scope': None, 'ipv6_address_scope': None, 'description': '', 'tags': [], 'created_at': '2025-06-14T01:23:39Z', 'updated_at': '2025-06-14T01:23:40Z', 'revision_number': 1} available for tenant
2025-06-14 01:23:45.220 61778 INFO tempest.lib.common.rest_client [req-6529ce7d-ada4-41a9-8e54-aa1f53b5e8f2 req-6529ce7d-ada4-41a9-8e54-aa1f53b5e8f2 ] Request (ServersTestJSON:setUpClass): 200 GET http://10.180.1.21/compute/v2.1/servers/d2056fc4-ff5c-4c9f-ad5c-d0ecb466f618 0.370s
2025-06-14 01:23:45.254 61756 INFO tempest.lib.common.rest_client [req-1a0ae886-0d04-42c6-b7f8-f69db4983f5c req-1a0ae886-0d04-42c6-b7f8-f69db4983f5c ] Request (TenantUsagesTestJSON:setUpClass): 200 GET http://10.180.1.21/compute/v2.1/servers/33c87cb0-cd99-4c35-bcfa-899256be0460 0.412s
2025-06-14 01:23:45.275 61751 INFO tempest.lib.common.rest_client [req-6564d8dc-6115-45fc-a2d3-c9dd906db01f req-6564d8dc-6115-45fc-a2d3-c9dd906db01f ] Request (AttachVolumeTestJSON:test_attach_detach_volume): 200 GET http://10.180.1.21/compute/v2.1/servers/56f9a2d5-b28d-4a2a-bc52-2b8a00ee1c0a 0.376s
2025-06-14 01:23:45.306 61754 INFO tempest.lib.common.rest_client [req-d1672087-0464-4b29-95bc-3e048a0e9611 req-d1672087-0464-4b29-95bc-3e048a0e9611 ] Request (ServersAdminTestJSON:setUpClass): 200 GET http://10.180.1.21/compute/v2.1/servers/3395aaef-0db6-4fab-b8a5-79b781129690 0.352s
2025-06-14 01:23:45.378 61768 INFO tempest.lib.common.rest_client [req-0ef0a225-8d79-4f04-adc9-4ef1ed2be18f req-0ef0a225-8d79-4f04-adc9-4ef1ed2be18f ] Request (DeleteServersAdminTestJSON:test_admin_delete_servers_of_others): 200 GET http://10.180.1.21/compute/v2.1/servers/f59b0b04-643c-497c-90a0-a7f885c1eb3b 0.394s
2025-06-14 01:23:45.410 61777 INFO tempest.lib.common.rest_client [req-1edbb22d-b6e9-4a0c-9794-228cc328a122 req-1edbb22d-b6e9-4a0c-9794-228cc328a122 ] Request (SecurityGroupRulesTestJSON:test_security_group_rules_create_with_optional_group_id): 200 POST http://10.180.1.21/compute/v2.1/os-security-groups 0.422s
2025-06-14 01:23:45.529 61724 INFO tempest.lib.common.rest_client [req-a76b24e7-dd86-4109-9bee-0abb2a12cb66 req-a76b24e7-dd86-4109-9bee-0abb2a12cb66 ] Request (AttachInterfacesTestJSON:test_create_list_show_delete_interfaces_by_fixed_ip): 200 GET http://10.180.1.21/compute/v2.1/servers/a84b19ff-892b-43cb-9fd7-8f8b23f612a6 0.457s
2025-06-14 01:23:45.542 61730 INFO tempest.lib.common.rest_client [req-c4263589-e683-4840-9774-e5582d71d1b4 req-c4263589-e683-4840-9774-e5582d71d1b4 ] Request (FloatingIPsAssociationNegativeTestJSON:setUpClass): 200 GET http://10.180.1.21/compute/v2.1/servers/85c2cfe1-443a-4373-bdba-b2a957a8681b 0.449s
2025-06-14 01:23:45.574 61740 INFO tempest.lib.common.rest_client [req-9490b35a-b366-456f-99e9-2289b7d472cb req-9490b35a-b366-456f-99e9-2289b7d472cb ] Request (VolumesAssistedSnapshotsTest:test_volume_assisted_snapshot_create_delete): 200 GET http://10.180.1.21/compute/v2.1/servers/766a9405-8a7d-4876-8569-964d2e73fedb 0.456s
2025-06-14 01:23:45.588 61764 INFO tempest.lib.common.rest_client [req-eb86679e-26b0-4030-859d-fe1ca74a2687 req-eb86679e-26b0-4030-859d-fe1ca74a2687 ] Request (ServersAaction247Test:test_create_backup): 200 GET http://10.180.1.21/compute/v2.1/servers/53a53e12-741a-4104-91d1-8d41f2b490ab 0.436s
2025-06-14 01:23:45.633 61734 INFO tempest.lib.common.rest_client [req-f0f094b0-0809-4da5-8671-3dd850813486 req-f0f094b0-0809-4da5-8671-3dd850813486 ] Request (AttachInterfacesV270Test:test_create_get_list_interfaces): 200 GET http://10.180.1.21/compute/v2.1/servers/1438771e-fd84-4dac-81b1-c2df19972ebe 0.457s
2025-06-14 01:23:45.721 61782 INFO tempest.lib.common.rest_client [req-1f7faa04-6068-4efe-b4f7-debf7f091ce1 req-1f7faa04-6068-4efe-b4f7-debf7f091ce1 ] Request (ServerDiagnosticsNegativeTest:test_get_server_diagnostics_by_non_admin): 200 GET http://10.180.1.21/compute/v2.1/servers/f21a02ec-4fa2-439c-aa56-570e175a8b5e 0.423s
2025-06-14 01:23:45.771 61722 INFO tempest.lib.common.rest_client [req-a1113704-08bf-4c48-a538-d07b19c26fc5 req-a1113704-08bf-4c48-a538-d07b19c26fc5 ] Request (ServersTestManualDisk:setUpClass): 200 GET http://10.180.1.21/compute/v2.1/servers/a91235be-0b5f-4b2a-8da3-569ec393305a 0.418s
2025-06-14 01:23:45.817 61772 INFO tempest.lib.common.rest_client [req-91c42b76-41d9-48e7-af4f-7e11676798ec req-91c42b76-41d9-48e7-af4f-7e11676798ec ] Request (ListImageFiltersTestJSON:setUpClass): 200 GET http://10.180.1.21/compute/v2.1/servers/e6a7a2d1-a50d-478c-9c27-fe58504fa14b 0.463s
2025-06-14 01:23:45.875 61738 INFO tempest.lib.common.rest_client [req-292388a2-b5d1-4822-8f7a-fb0ec385bc6f req-292388a2-b5d1-4822-8f7a-fb0ec385bc6f ] Request (ServersListShow296Test:test_list_show_update_rebuild_server_296): 200 GET http://10.180.1.21/compute/v2.1/servers/a5eb3371-1899-44cb-ba30-44aa4d54b2ee 0.463s
2025-06-14 01:23:45.906 61728 INFO tempest.lib.common.rest_client [req-2e5ab2e1-51a6-496e-9728-cdebe0110fef req-2e5ab2e1-51a6-496e-9728-cdebe0110fef ] Request (ServerRescueNegativeTestJSON:setUpClass): 202 POST http://10.180.1.21/compute/v2.1/servers 0.746s
2025-06-14 01:23:45.959 61752 INFO tempest.lib.common.rest_client [req-aa31f6a9-1ddc-406c-9872-b8000da77df7 req-aa31f6a9-1ddc-406c-9872-b8000da77df7 ] Request (FloatingIPsAssociationTestJSON:setUpClass): 200 GET http://10.180.1.21/compute/v2.1/servers/20a0ddf2-83bc-4e56-8208-12bb200c26e2 0.500s
2025-06-14 01:23:46.005 61774 INFO tempest.lib.common.rest_client [req-6c780cf3-6d3f-4a6f-a0c9-0355fb1496f2 req-6c780cf3-6d3f-4a6f-a0c9-0355fb1496f2 ] Request (ServerDiskConfigTestJSON:test_rebuild_server_with_auto_disk_config): 200 GET http://10.180.1.21/compute/v2.1/servers/3ca84343-76bb-46f4-89d8-3cc45ac3dc0b 0.499s
2025-06-14 01:23:46.029 61777 INFO tempest.lib.common.rest_client [req-645ccad0-e6b4-4cad-a662-b87cd314a189 req-645ccad0-e6b4-4cad-a662-b87cd314a189 ] Request (SecurityGroupRulesTestJSON:test_security_group_rules_create_with_optional_group_id): 200 POST http://10.180.1.21/compute/v2.1/os-security-group-rules 0.616s
2025-06-14 01:23:46.032 61777 WARNING tempest.lib.common.rest_client [-] Deprecated: "tenant_id" property is deprecated for removal, use "project_id" instead
2025-06-14 01:23:46.094 61762 INFO tempest.lib.common.rest_client [req-f6070a49-c96e-4c37-82fc-eaa204c35585 req-f6070a49-c96e-4c37-82fc-eaa204c35585 ] Request (ImagesNegativeTestJSON:test_create_image_from_deleted_server): 200 GET http://10.180.1.21/compute/v2.1/servers/276e62bf-fd35-47ed-b422-b45fb4a89ed2 0.447s
2025-06-14 01:23:46.113 61726 INFO tempest.lib.common.rest_client [req-63774db2-db0d-402d-92f3-0d722b9774a9 req-63774db2-db0d-402d-92f3-0d722b9774a9 ] Request (ServerExternalEventsTest:test_create_server_external_events): 200 GET http://10.180.1.21/compute/v2.1/servers/fb2c262b-17cf-44a2-a30f-a7fab3d6fe40 0.513s
2025-06-14 01:23:46.139 61780 INFO tempest.lib.common.rest_client [req-e78933be-1869-4e28-bc5f-7bf8ca7dc307 req-e78933be-1869-4e28-bc5f-7bf8ca7dc307 ] Request (VolumesAdminNegativeTest:test_update_attached_volume_with_nonexistent_volume_in_body): 200 GET http://10.180.1.21/compute/v2.1/servers/9d46e2f3-2bb8-40d2-9e45-43e8c06c8d1f 0.446s
2025-06-14 01:23:46.158 61760 INFO tempest.lib.common.rest_client [req-308b66f6-04fe-45cd-9cf1-cd2396ce97ac req-308b66f6-04fe-45cd-9cf1-cd2396ce97ac ] Request (DeleteServersTestJSON:test_delete_active_server): 200 GET http://10.180.1.21/compute/v2.1/servers/697179bb-2391-4434-8144-ee917aa84441 0.418s
2025-06-14 01:23:46.265 61720 INFO tempest.lib.common.rest_client [req-9a58d19b-9788-4365-9e54-20c1e312b8c9 req-9a58d19b-9788-4365-9e54-20c1e312b8c9 ] Request (ServerDiagnosticsTest:test_get_server_diagnostics): 200 GET http://10.180.1.21/compute/v2.1/servers/b6dbc66b-ba8c-4f5f-93e3-fef9a50b104b 0.423s
2025-06-14 01:23:46.270 61758 INFO tempest.lib.common.rest_client [req-ce1ed2a8-473d-4e7d-8570-061717ed90d9 req-ce1ed2a8-473d-4e7d-8570-061717ed90d9 ] Request (MigrationsAdminTest:test_list_migrations_in_flavor_resize_situation): 200 GET http://10.180.1.21/compute/v2.1/servers/94b6a93d-de4d-4600-94af-81dce16b22f7 0.390s
2025-06-14 01:23:46.319 61728 INFO tempest.lib.common.rest_client [req-f4f9af77-ae16-43b9-8637-0323180793fc req-f4f9af77-ae16-43b9-8637-0323180793fc ] Request (ServerRescueNegativeTestJSON:setUpClass): 200 GET http://10.180.1.21/compute/v2.1/servers/d8cc1718-c721-478b-807a-d6ae1eb09c7c 0.411s
2025-06-14 01:23:46.320 61736 INFO tempest.lib.common.rest_client [req-fd7ff914-e1ad-4114-9813-4f58e6a44356 req-fd7ff914-e1ad-4114-9813-4f58e6a44356 ] Request (ServersTestMultiNic:test_verify_duplicate_network_nics): 200 GET http://10.180.1.21/compute/v2.1/servers/61c5fe8a-8fab-4fca-b03e-b583b2566162 0.420s
2025-06-14 01:23:46.430 61777 INFO tempest.lib.common.rest_client [req-70e1109e-cfca-45bf-acea-4189040d0766 req-70e1109e-cfca-45bf-acea-4189040d0766 ] Request (SecurityGroupRulesTestJSON:test_security_group_rules_delete_when_peer_group_deleted): 200 POST http://10.180.1.21/compute/v2.1/os-security-groups 0.397s
2025-06-14 01:23:46.467 61742 INFO tempest.lib.common.rest_client [req-4889eab5-12a2-4136-b6b9-d26686766e2e req-4889eab5-12a2-4136-b6b9-d26686766e2e ] Request (ServersAdminNegativeTestJSON:setUpClass): 200 GET http://10.180.1.21/compute/v2.1/servers/2d853a6e-4c2f-401e-9088-54e82bec1150 0.461s
2025-06-14 01:23:46.476 61745 INFO tempest.lib.common.rest_client [req-3b591346-e8ff-46ff-8eb1-886378312350 req-3b591346-e8ff-46ff-8eb1-886378312350 ] Request (ServersWithSpecificFlavorTestJSON:test_verify_created_server_ephemeral_disk): 200 GET http://10.180.1.21/compute/v2.1/servers/2d57a929-eb61-471d-b0a1-d1e366201ccc 0.426s
2025-06-14 01:23:46.515 61746 INFO tempest.lib.common.rest_client [req-45941e98-fe63-4e25-bbd2-de5867f35617 req-45941e98-fe63-4e25-bbd2-de5867f35617 ] Request (ServersV294TestFqdnHostnames:setUpClass): 200 GET http://10.180.1.21/compute/v2.1/servers/c737971c-735e-4317-b0e6-eb73bfc8456a 0.443s
2025-06-14 01:23:46.519 61732 INFO tempest.lib.common.rest_client [req-21db3da9-0173-4634-bb99-6aac9aa6d626 req-21db3da9-0173-4634-bb99-6aac9aa6d626 ] Request (ServerAddressesNegativeTestJSON:setUpClass): 200 GET http://10.180.1.21/compute/v2.1/servers/f152a563-2988-4fac-9974-af25e17f14d1 0.424s
2025-06-14 01:23:46.558 61748 INFO tempest.lib.common.rest_client [req-612cff5f-fcef-4e3c-b8ea-a7fad8dc996d req-612cff5f-fcef-4e3c-b8ea-a7fad8dc996d ] Request (ServerMetadataTestJSON:setUpClass): 200 GET http://10.180.1.21/compute/v2.1/servers/63fdeef4-93e6-408c-9b37-33bf3532a6e8 0.414s
2025-06-14 01:23:46.562 61770 INFO tempest.lib.common.rest_client [req-0e959c6a-7b83-4b34-95a7-a9c56db6c50f req-0e959c6a-7b83-4b34-95a7-a9c56db6c50f ] Request (ServersTestBootFromVolume:setUpClass): 200 GET http://10.180.1.21/compute/v2.1/servers/e4395e44-91f2-4f9b-a902-12859618f9cd 0.396s
2025-06-14 01:23:46.601 61778 INFO tempest.lib.common.rest_client [req-f081f9a8-3e88-47ed-9834-ea61133d4688 req-f081f9a8-3e88-47ed-9834-ea61133d4688 ] Request (ServersTestJSON:setUpClass): 200 GET http://10.180.1.21/compute/v2.1/servers/d2056fc4-ff5c-4c9f-ad5c-d0ecb466f618 0.372s
2025-06-14 01:23:46.641 61751 INFO tempest.lib.common.rest_client [req-c5d4782e-8b23-4e79-af3f-fb960d4e2d99 req-c5d4782e-8b23-4e79-af3f-fb960d4e2d99 ] Request (AttachVolumeTestJSON:test_attach_detach_volume): 200 GET http://10.180.1.21/compute/v2.1/servers/56f9a2d5-b28d-4a2a-bc52-2b8a00ee1c0a 0.359s
2025-06-14 01:23:46.652 61756 INFO tempest.lib.common.rest_client [req-210ce5f5-8d91-4089-820d-795d66ab5a68 req-210ce5f5-8d91-4089-820d-795d66ab5a68 ] Request (TenantUsagesTestJSON:setUpClass): 200 GET http://10.180.1.21/compute/v2.1/servers/33c87cb0-cd99-4c35-bcfa-899256be0460 0.390s
2025-06-14 01:23:46.686 61754 INFO tempest.lib.common.rest_client [req-bdd0610a-d252-46cd-a9c2-3e43afcd26a7 req-bdd0610a-d252-46cd-a9c2-3e43afcd26a7 ] Request (ServersAdminTestJSON:setUpClass): 200 GET http://10.180.1.21/compute/v2.1/servers/3395aaef-0db6-4fab-b8a5-79b781129690 0.372s
2025-06-14 01:23:46.737 61768 INFO tempest.lib.common.rest_client [req-2279a6b9-68c3-4c73-ad20-1f0ebad08c80 req-2279a6b9-68c3-4c73-ad20-1f0ebad08c80 ] Request (DeleteServersAdminTestJSON:test_admin_delete_servers_of_others): 200 GET http://10.180.1.21/compute/v2.1/servers/f59b0b04-643c-497c-90a0-a7f885c1eb3b 0.351s
2025-06-14 01:23:46.771 61777 INFO tempest.lib.common.rest_client [req-e088e283-24c0-43f7-a45f-893415537fbf req-e088e283-24c0-43f7-a45f-893415537fbf ] Request (SecurityGroupRulesTestJSON:test_security_group_rules_delete_when_peer_group_deleted): 200 POST http://10.180.1.21/compute/v2.1/os-security-groups 0.338s
2025-06-14 01:23:46.864 61724 INFO tempest.lib.common.rest_client [req-75a65425-b19d-4a4e-adb5-299fb7b66124 req-75a65425-b19d-4a4e-adb5-299fb7b66124 ] Request (AttachInterfacesTestJSON:test_create_list_show_delete_interfaces_by_fixed_ip): 200 GET http://10.180.1.21/compute/v2.1/servers/a84b19ff-892b-43cb-9fd7-8f8b23f612a6 0.327s
2025-06-14 01:23:46.902 61730 INFO tempest.lib.common.rest_client [req-aac308f5-7d69-4599-b506-55bf63720762 req-aac308f5-7d69-4599-b506-55bf63720762 ] Request (FloatingIPsAssociationNegativeTestJSON:setUpClass): 200 GET http://10.180.1.21/compute/v2.1/servers/85c2cfe1-443a-4373-bdba-b2a957a8681b 0.352s
2025-06-14 01:23:46.907 61740 INFO tempest.lib.common.rest_client [req-edb76871-c573-4a34-86cf-d737893699f0 req-edb76871-c573-4a34-86cf-d737893699f0 ] Request (VolumesAssistedSnapshotsTest:test_volume_assisted_snapshot_create_delete): 200 GET http://10.180.1.21/compute/v2.1/servers/766a9405-8a7d-4876-8569-964d2e73fedb 0.325s
2025-06-14 01:23:46.949 61764 INFO tempest.lib.common.rest_client [req-0d2b8757-6d77-493f-95c1-268d9177fd00 req-0d2b8757-6d77-493f-95c1-268d9177fd00 ] Request (ServersAaction247Test:test_create_backup): 200 GET http://10.180.1.21/compute/v2.1/servers/53a53e12-741a-4104-91d1-8d41f2b490ab 0.352s
2025-06-14 01:23:46.954 61734 INFO tempest.lib.common.rest_client [req-b4d04a5a-34ae-4d64-bd70-aa47c01eb9a6 req-b4d04a5a-34ae-4d64-bd70-aa47c01eb9a6 ] Request (AttachInterfacesV270Test:test_create_get_list_interfaces): 200 GET http://10.180.1.21/compute/v2.1/servers/1438771e-fd84-4dac-81b1-c2df19972ebe 0.310s
2025-06-14 01:23:47.037 61782 INFO tempest.lib.common.rest_client [req-371513ce-33f6-4b21-8b21-5292e03802c1 req-371513ce-33f6-4b21-8b21-5292e03802c1 ] Request (ServerDiagnosticsNegativeTest:test_get_server_diagnostics_by_non_admin): 200 GET http://10.180.1.21/compute/v2.1/servers/f21a02ec-4fa2-439c-aa56-570e175a8b5e 0.308s
2025-06-14 01:23:47.079 61722 INFO tempest.lib.common.rest_client [req-427b5763-3d1d-4efb-80c1-84784783ea33 req-427b5763-3d1d-4efb-80c1-84784783ea33 ] Request (ServersTestManualDisk:setUpClass): 200 GET http://10.180.1.21/compute/v2.1/servers/a91235be-0b5f-4b2a-8da3-569ec393305a 0.300s
2025-06-14 01:23:47.085 61777 INFO tempest.lib.common.rest_client [req-34863d33-9282-46b6-a508-bb86638abda4 req-34863d33-9282-46b6-a508-bb86638abda4 ] Request (SecurityGroupRulesTestJSON:test_security_group_rules_delete_when_peer_group_deleted): 200 POST http://10.180.1.21/compute/v2.1/os-security-group-rules 0.311s
2025-06-14 01:23:47.124 61772 INFO tempest.lib.common.rest_client [req-f0e2d96e-8a90-428b-ac6f-781787e77ee8 req-f0e2d96e-8a90-428b-ac6f-781787e77ee8 ] Request (ListImageFiltersTestJSON:setUpClass): 200 GET http://10.180.1.21/compute/v2.1/servers/e6a7a2d1-a50d-478c-9c27-fe58504fa14b 0.297s
2025-06-14 01:23:47.139 61738 INFO tempest.lib.common.rest_client [req-9417be54-d779-4978-84a0-a82088c5aa7e req-9417be54-d779-4978-84a0-a82088c5aa7e ] Request (ServersListShow296Test:test_list_show_update_rebuild_server_296): 200 GET http://10.180.1.21/compute/v2.1/servers/a5eb3371-1899-44cb-ba30-44aa4d54b2ee 0.252s
2025-06-14 01:23:47.166 61752 INFO tempest.lib.common.rest_client [req-b38b804c-2187-4e9e-9d8d-b34cdd8f0e29 req-b38b804c-2187-4e9e-9d8d-b34cdd8f0e29 ] Request (FloatingIPsAssociationTestJSON:setUpClass): 200 GET http://10.180.1.21/compute/v2.1/servers/20a0ddf2-83bc-4e56-8208-12bb200c26e2 0.200s
2025-06-14 01:23:47.187 61774 INFO tempest.lib.common.rest_client [req-89d640f8-f5b6-4999-bc96-c92127f524d7 req-89d640f8-f5b6-4999-bc96-c92127f524d7 ] Request (ServerDiskConfigTestJSON:test_rebuild_server_with_auto_disk_config): 200 GET http://10.180.1.21/compute/v2.1/servers/3ca84343-76bb-46f4-89d8-3cc45ac3dc0b 0.172s
2025-06-14 01:23:47.239 61762 INFO tempest.lib.common.rest_client [req-1475d1c0-5f88-4c3d-b822-041a3a316ff3 req-1475d1c0-5f88-4c3d-b822-041a3a316ff3 ] Request (ImagesNegativeTestJSON:test_create_image_from_deleted_server): 200 GET http://10.180.1.21/compute/v2.1/servers/276e62bf-fd35-47ed-b422-b45fb4a89ed2 0.137s
2025-06-14 01:23:47.282 61777 INFO tempest.lib.common.rest_client [req-f849d086-cb86-4076-ad46-41c97c9c68c6 req-f849d086-cb86-4076-ad46-41c97c9c68c6 ] Request (SecurityGroupRulesTestJSON:test_security_group_rules_delete_when_peer_group_deleted): 202 DELETE http://10.180.1.21/compute/v2.1/os-security-groups/2274f9e5-c829-4e09-8cd2-b0e0552e3f1f 0.195s
2025-06-14 01:23:47.327 61780 INFO tempest.lib.common.rest_client [req-b27fed6c-86c3-4e35-818d-72f86f7aa12c req-b27fed6c-86c3-4e35-818d-72f86f7aa12c ] Request (VolumesAdminNegativeTest:test_update_attached_volume_with_nonexistent_volume_in_body): 200 GET http://10.180.1.21/compute/v2.1/servers/9d46e2f3-2bb8-40d2-9e45-43e8c06c8d1f 0.180s
2025-06-14 01:23:47.342 61726 INFO tempest.lib.common.rest_client [req-5bb2c200-6433-4c9f-8b73-2cdf54e85feb req-5bb2c200-6433-4c9f-8b73-2cdf54e85feb ] Request (ServerExternalEventsTest:test_create_server_external_events): 200 GET http://10.180.1.21/compute/v2.1/servers/fb2c262b-17cf-44a2-a30f-a7fab3d6fe40 0.220s
2025-06-14 01:23:47.370 61760 INFO tempest.lib.common.rest_client [req-78e9fc64-fc8f-464e-8c8f-b8ae51291ac8 req-78e9fc64-fc8f-464e-8c8f-b8ae51291ac8 ] Request (DeleteServersTestJSON:test_delete_active_server): 200 GET http://10.180.1.21/compute/v2.1/servers/697179bb-2391-4434-8144-ee917aa84441 0.205s
2025-06-14 01:23:47.430 61720 INFO tempest.lib.common.rest_client [req-a65d9bb2-a5bd-4fdc-9b7f-4c8a0fd331aa req-a65d9bb2-a5bd-4fdc-9b7f-4c8a0fd331aa ] Request (ServerDiagnosticsTest:test_get_server_diagnostics): 200 GET http://10.180.1.21/compute/v2.1/servers/b6dbc66b-ba8c-4f5f-93e3-fef9a50b104b 0.157s
2025-06-14 01:23:47.453 61777 INFO tempest.lib.common.rest_client [req-574cc176-ecf1-4914-b2e3-f930612a72fb req-574cc176-ecf1-4914-b2e3-f930612a72fb ] Request (SecurityGroupRulesTestJSON:test_security_group_rules_delete_when_peer_group_deleted): 200 GET http://10.180.1.21/compute/v2.1/os-security-groups/7ad12c7b-a58f-4779-b8c8-d55e2f2df132 0.171s
2025-06-14 01:23:47.453 61758 INFO tempest.lib.common.rest_client [req-2006be6b-1e0a-4efd-883d-7df876ccf423 req-2006be6b-1e0a-4efd-883d-7df876ccf423 ] Request (MigrationsAdminTest:test_list_migrations_in_flavor_resize_situation): 200 GET http://10.180.1.21/compute/v2.1/servers/94b6a93d-de4d-4600-94af-81dce16b22f7 0.175s
2025-06-14 01:23:47.497 61728 INFO tempest.lib.common.rest_client [req-7389e8ea-0420-4086-ad2e-25dae80c77a3 req-7389e8ea-0420-4086-ad2e-25dae80c77a3 ] Request (ServerRescueNegativeTestJSON:setUpClass): 200 GET http://10.180.1.21/compute/v2.1/servers/d8cc1718-c721-478b-807a-d6ae1eb09c7c 0.170s
2025-06-14 01:23:47.497 61736 INFO tempest.lib.common.rest_client [req-455d7c38-3d18-4ba9-9705-132f8ed88a45 req-455d7c38-3d18-4ba9-9705-132f8ed88a45 ] Request (ServersTestMultiNic:test_verify_duplicate_network_nics): 200 GET http://10.180.1.21/compute/v2.1/servers/61c5fe8a-8fab-4fca-b03e-b583b2566162 0.169s
2025-06-14 01:23:47.582 61742 INFO tempest.lib.common.rest_client [req-b67a4d03-bb36-42ea-b74c-5b89e0fe5b1d req-b67a4d03-bb36-42ea-b74c-5b89e0fe5b1d ] Request (ServersAdminNegativeTestJSON:setUpClass): 200 GET http://10.180.1.21/compute/v2.1/servers/2d853a6e-4c2f-401e-9088-54e82bec1150 0.108s
2025-06-14 01:23:47.583 61777 INFO tempest.lib.common.rest_client [req-c1fb5002-e14b-4c67-ba33-b866f4b6c3c7 req-c1fb5002-e14b-4c67-ba33-b866f4b6c3c7 ] Request (SecurityGroupRulesTestJSON:test_security_group_rules_list): 200 POST http://10.180.1.21/compute/v2.1/os-security-groups 0.126s
2025-06-14 01:23:47.626 61745 INFO tempest.lib.common.rest_client [req-e03f9772-9e0a-4fe1-9dad-2f2c0652b70a req-e03f9772-9e0a-4fe1-9dad-2f2c0652b70a ] Request (ServersWithSpecificFlavorTestJSON:test_verify_created_server_ephemeral_disk): 200 GET http://10.180.1.21/compute/v2.1/servers/2d57a929-eb61-471d-b0a1-d1e366201ccc 0.143s
2025-06-14 01:23:47.633 61746 INFO tempest.lib.common.rest_client [req-7260a326-1d48-4e02-b1b3-5312f7c07d2f req-7260a326-1d48-4e02-b1b3-5312f7c07d2f ] Request (ServersV294TestFqdnHostnames:setUpClass): 200 GET http://10.180.1.21/compute/v2.1/servers/c737971c-735e-4317-b0e6-eb73bfc8456a 0.108s
2025-06-14 01:23:47.671 61732 INFO tempest.lib.common.rest_client [req-fbb1e71f-f3c1-4ce7-a3ae-41089a24355c req-fbb1e71f-f3c1-4ce7-a3ae-41089a24355c ] Request (ServerAddressesNegativeTestJSON:setUpClass): 200 GET http://10.180.1.21/compute/v2.1/servers/f152a563-2988-4fac-9974-af25e17f14d1 0.144s
2025-06-14 01:23:47.677 61748 INFO tempest.lib.common.rest_client [req-2f0e5adb-ea04-491b-9bcf-2f80d5de29dd req-2f0e5adb-ea04-491b-9bcf-2f80d5de29dd ] Request (ServerMetadataTestJSON:setUpClass): 200 GET http://10.180.1.21/compute/v2.1/servers/63fdeef4-93e6-408c-9b37-33bf3532a6e8 0.110s
2025-06-14 01:23:47.716 61770 INFO tempest.lib.common.rest_client [req-82563587-73e0-4909-8813-d89951bf93a6 req-82563587-73e0-4909-8813-d89951bf93a6 ] Request (ServersTestBootFromVolume:setUpClass): 200 GET http://10.180.1.21/compute/v2.1/servers/e4395e44-91f2-4f9b-a902-12859618f9cd 0.146s
2025-06-14 01:23:47.759 61778 INFO tempest.lib.common.rest_client [req-f22976f4-8899-42ab-aca2-b037ee038c78 req-f22976f4-8899-42ab-aca2-b037ee038c78 ] Request (ServersTestJSON:setUpClass): 200 GET http://10.180.1.21/compute/v2.1/servers/d2056fc4-ff5c-4c9f-ad5c-d0ecb466f618 0.150s
2025-06-14 01:23:47.793 61777 INFO tempest.lib.common.rest_client [req-dddc6fcd-5c67-46a3-baae-e0d19bcbfc76 req-dddc6fcd-5c67-46a3-baae-e0d19bcbfc76 ] Request (SecurityGroupRulesTestJSON:test_security_group_rules_list): 200 POST http://10.180.1.21/compute/v2.1/os-security-group-rules 0.207s
2025-06-14 01:23:47.814 61751 INFO tempest.lib.common.rest_client [req-f17e49e6-d65d-4527-af90-f2ebdddf2bcf req-f17e49e6-d65d-4527-af90-f2ebdddf2bcf ] Request (AttachVolumeTestJSON:test_attach_detach_volume): 200 GET http://10.180.1.21/compute/v2.1/servers/56f9a2d5-b28d-4a2a-bc52-2b8a00ee1c0a 0.165s
2025-06-14 01:23:47.860 61754 INFO tempest.lib.common.rest_client [req-f37300b0-df71-4457-971d-5cd188f13995 req-f37300b0-df71-4457-971d-5cd188f13995 ] Request (ServersAdminTestJSON:setUpClass): 200 GET http://10.180.1.21/compute/v2.1/servers/3395aaef-0db6-4fab-b8a5-79b781129690 0.165s
2025-06-14 01:23:47.950 61768 INFO tempest.lib.common.rest_client [req-c5d85106-8b84-4fb5-9e80-d520a35827d8 req-c5d85106-8b84-4fb5-9e80-d520a35827d8 ] Request (DeleteServersAdminTestJSON:test_admin_delete_servers_of_others): 200 GET http://10.180.1.21/compute/v2.1/servers/f59b0b04-643c-497c-90a0-a7f885c1eb3b 0.204s
2025-06-14 01:23:48.056 61756 INFO tempest.lib.common.rest_client [req-47092012-585b-4dd3-8059-6b74b6bbc04d req-47092012-585b-4dd3-8059-6b74b6bbc04d ] Request (TenantUsagesTestJSON:setUpClass): 200 GET http://10.180.1.21/compute/v2.1/servers/33c87cb0-cd99-4c35-bcfa-899256be0460 0.397s
2025-06-14 01:23:48.069 61777 INFO tempest.lib.common.rest_client [req-eb62345b-eeed-42b8-a614-3d86dadfc29e req-eb62345b-eeed-42b8-a614-3d86dadfc29e ] Request (SecurityGroupRulesTestJSON:test_security_group_rules_list): 200 POST http://10.180.1.21/compute/v2.1/os-security-group-rules 0.273s
2025-06-14 01:23:48.143 61724 INFO tempest.lib.common.rest_client [req-e0871774-13d3-4240-b149-64a66666def5 req-e0871774-13d3-4240-b149-64a66666def5 ] Request (AttachInterfacesTestJSON:test_create_list_show_delete_interfaces_by_fixed_ip): 200 GET http://10.180.1.21/compute/v2.1/servers/a84b19ff-892b-43cb-9fd7-8f8b23f612a6 0.272s
2025-06-14 01:23:48.163 61730 INFO tempest.lib.common.rest_client [req-3b586b4e-2b7b-4865-a610-e1bd2374df5b req-3b586b4e-2b7b-4865-a610-e1bd2374df5b ] Request (FloatingIPsAssociationNegativeTestJSON:setUpClass): 200 GET http://10.180.1.21/compute/v2.1/servers/85c2cfe1-443a-4373-bdba-b2a957a8681b 0.253s
2025-06-14 01:23:48.217 61740 INFO tempest.lib.common.rest_client [req-adf15e38-475e-47ad-8b57-e9075dc9be65 req-adf15e38-475e-47ad-8b57-e9075dc9be65 ] Request (VolumesAssistedSnapshotsTest:test_volume_assisted_snapshot_create_delete): 200 GET http://10.180.1.21/compute/v2.1/servers/766a9405-8a7d-4876-8569-964d2e73fedb 0.302s
2025-06-14 01:23:48.218 61764 INFO tempest.lib.common.rest_client [req-d81bd593-95bd-4444-afe9-e3d42261d1ca req-d81bd593-95bd-4444-afe9-e3d42261d1ca ] Request (ServersAaction247Test:test_create_backup): 200 GET http://10.180.1.21/compute/v2.1/servers/53a53e12-741a-4104-91d1-8d41f2b490ab 0.260s
2025-06-14 01:23:48.300 61734 INFO tempest.lib.common.rest_client [req-19e37390-fbca-471a-b1fd-73548286d005 req-19e37390-fbca-471a-b1fd-73548286d005 ] Request (AttachInterfacesV270Test:test_create_get_list_interfaces): 200 GET http://10.180.1.21/compute/v2.1/servers/1438771e-fd84-4dac-81b1-c2df19972ebe 0.336s
2025-06-14 01:23:48.317 61782 INFO tempest.lib.common.rest_client [req-b0e1eb89-1a27-4e40-8180-cd2d2f54f3e8 req-b0e1eb89-1a27-4e40-8180-cd2d2f54f3e8 ] Request (ServerDiagnosticsNegativeTest:test_get_server_diagnostics_by_non_admin): 200 GET http://10.180.1.21/compute/v2.1/servers/f21a02ec-4fa2-439c-aa56-570e175a8b5e 0.273s
2025-06-14 01:23:48.358 61777 INFO tempest.lib.common.rest_client [req-ea77dc21-8065-4ccb-8844-426b105e8faf req-ea77dc21-8065-4ccb-8844-426b105e8faf ] Request (SecurityGroupRulesTestJSON:test_security_group_rules_list): 200 GET http://10.180.1.21/compute/v2.1/os-security-groups/e2e8f392-ad76-44d4-a1cd-0341ff1b0b41 0.287s
2025-06-14 01:23:48.385 61722 INFO tempest.lib.common.rest_client [req-5576ab88-f304-45da-b6e3-c5fec5e49aff req-5576ab88-f304-45da-b6e3-c5fec5e49aff ] Request (ServersTestManualDisk:setUpClass): 200 GET http://10.180.1.21/compute/v2.1/servers/a91235be-0b5f-4b2a-8da3-569ec393305a 0.298s
2025-06-14 01:23:48.403 61772 INFO tempest.lib.common.rest_client [req-2553247c-e1e3-46ef-ad07-a738cfa69e85 req-2553247c-e1e3-46ef-ad07-a738cfa69e85 ] Request (ListImageFiltersTestJSON:setUpClass): 200 GET http://10.180.1.21/compute/v2.1/servers/e6a7a2d1-a50d-478c-9c27-fe58504fa14b 0.270s
2025-06-14 01:23:48.441 61738 INFO tempest.lib.common.rest_client [req-75d9f92f-28cb-4dd5-9161-db957b6c4169 req-75d9f92f-28cb-4dd5-9161-db957b6c4169 ] Request (ServersListShow296Test:test_list_show_update_rebuild_server_296): 200 GET http://10.180.1.21/compute/v2.1/servers/a5eb3371-1899-44cb-ba30-44aa4d54b2ee 0.293s
2025-06-14 01:23:48.444 61752 INFO tempest.lib.common.rest_client [req-6ea7a83a-986a-404d-bacf-c394c9c1810d req-6ea7a83a-986a-404d-bacf-c394c9c1810d ] Request (FloatingIPsAssociationTestJSON:setUpClass): 200 GET http://10.180.1.21/compute/v2.1/servers/20a0ddf2-83bc-4e56-8208-12bb200c26e2 0.269s
2025-06-14 01:23:48.483 61774 INFO tempest.lib.common.rest_client [req-90d8b9c6-62e8-45d0-9dbc-bbb8c0d042bd req-90d8b9c6-62e8-45d0-9dbc-bbb8c0d042bd ] Request (ServerDiskConfigTestJSON:test_rebuild_server_with_auto_disk_config): 200 GET http://10.180.1.21/compute/v2.1/servers/3ca84343-76bb-46f4-89d8-3cc45ac3dc0b 0.287s
2025-06-14 01:23:48.485 61762 INFO tempest.lib.common.rest_client [req-2310f62e-829f-45bc-a88d-848e7ea89aff req-2310f62e-829f-45bc-a88d-848e7ea89aff ] Request (ImagesNegativeTestJSON:test_create_image_from_deleted_server): 200 GET http://10.180.1.21/compute/v2.1/servers/276e62bf-fd35-47ed-b422-b45fb4a89ed2 0.237s
2025-06-14 01:23:48.524 61780 INFO tempest.lib.common.rest_client [req-7137691e-b90f-499e-a8b6-cd473773691b req-7137691e-b90f-499e-a8b6-cd473773691b ] Request (VolumesAdminNegativeTest:test_update_attached_volume_with_nonexistent_volume_in_body): 200 GET http://10.180.1.21/compute/v2.1/servers/9d46e2f3-2bb8-40d2-9e45-43e8c06c8d1f 0.180s
2025-06-14 01:23:48.571 61726 INFO tempest.lib.common.rest_client [req-14845b09-8707-4e0e-8876-2dca12e6d629 req-14845b09-8707-4e0e-8876-2dca12e6d629 ] Request (ServerExternalEventsTest:test_create_server_external_events): 200 GET http://10.180.1.21/compute/v2.1/servers/fb2c262b-17cf-44a2-a30f-a7fab3d6fe40 0.222s
2025-06-14 01:23:48.619 61760 INFO tempest.lib.common.rest_client [req-b64c394a-0353-4509-aab7-c2e2c38fa3ea req-b64c394a-0353-4509-aab7-c2e2c38fa3ea ] Request (DeleteServersTestJSON:test_delete_active_server): 200 GET http://10.180.1.21/compute/v2.1/servers/697179bb-2391-4434-8144-ee917aa84441 0.241s
2025-06-14 01:23:48.624 61777 INFO tempest.lib.common.rest_client [req-87eab80c-568e-44cd-8852-b09389c10fcc req-87eab80c-568e-44cd-8852-b09389c10fcc ] Request (SecurityGroupRulesTestJSON:_run_cleanups): 202 DELETE http://10.180.1.21/compute/v2.1/os-security-group-rules/fedec149-c4c0-489e-bdc0-3a9f158a0e65 0.262s
2025-06-14 01:23:48.728 61758 INFO tempest.lib.common.rest_client [req-e2e8a995-f6db-4f69-b4fb-7533596b268e req-e2e8a995-f6db-4f69-b4fb-7533596b268e ] Request (MigrationsAdminTest:test_list_migrations_in_flavor_resize_situation): 200 GET http://10.180.1.21/compute/v2.1/servers/94b6a93d-de4d-4600-94af-81dce16b22f7 0.267s
2025-06-14 01:23:48.728 61720 INFO tempest.lib.common.rest_client [req-233cfb00-c1e1-4b09-a873-1cdecfad881b req-233cfb00-c1e1-4b09-a873-1cdecfad881b ] Request (ServerDiagnosticsTest:test_get_server_diagnostics): 200 GET http://10.180.1.21/compute/v2.1/servers/b6dbc66b-ba8c-4f5f-93e3-fef9a50b104b 0.290s
2025-06-14 01:23:48.772 61736 INFO tempest.lib.common.rest_client [req-c9c30c9f-c9eb-424c-95ce-359c8300ece7 req-c9c30c9f-c9eb-424c-95ce-359c8300ece7 ] Request (ServersTestMultiNic:test_verify_duplicate_network_nics): 200 GET http://10.180.1.21/compute/v2.1/servers/61c5fe8a-8fab-4fca-b03e-b583b2566162 0.267s
2025-06-14 01:23:48.773 61728 INFO tempest.lib.common.rest_client [req-575d41c0-1afb-4963-bb96-cd8ba9589698 req-575d41c0-1afb-4963-bb96-cd8ba9589698 ] Request (ServerRescueNegativeTestJSON:setUpClass): 200 GET http://10.180.1.21/compute/v2.1/servers/d8cc1718-c721-478b-807a-d6ae1eb09c7c 0.268s
2025-06-14 01:23:48.863 61742 INFO tempest.lib.common.rest_client [req-4a491bd9-171d-4125-8700-14701d0bdd21 req-4a491bd9-171d-4125-8700-14701d0bdd21 ] Request (ServersAdminNegativeTestJSON:setUpClass): 200 GET http://10.180.1.21/compute/v2.1/servers/2d853a6e-4c2f-401e-9088-54e82bec1150 0.273s
2025-06-14 01:23:48.863 61777 INFO tempest.lib.common.rest_client [req-7ba846c4-0132-4416-a21c-e3f37ecfefec req-7ba846c4-0132-4416-a21c-e3f37ecfefec ] Request (SecurityGroupRulesTestJSON:tearDownClass): 202 DELETE http://10.180.1.21/compute/v2.1/os-security-groups/e2e8f392-ad76-44d4-a1cd-0341ff1b0b41 0.237s
2025-06-14 01:23:48.907 61745 INFO tempest.lib.common.rest_client [req-220d064f-47ed-472f-b2ec-47e7513cccce req-220d064f-47ed-472f-b2ec-47e7513cccce ] Request (ServersWithSpecificFlavorTestJSON:test_verify_created_server_ephemeral_disk): 200 GET http://10.180.1.21/compute/v2.1/servers/2d57a929-eb61-471d-b0a1-d1e366201ccc 0.273s
2025-06-14 01:23:48.913 61746 INFO tempest.lib.common.rest_client [req-82ecd72f-e459-4198-a055-da9a948af916 req-82ecd72f-e459-4198-a055-da9a948af916 ] Request (ServersV294TestFqdnHostnames:setUpClass): 200 GET http://10.180.1.21/compute/v2.1/servers/c737971c-735e-4317-b0e6-eb73bfc8456a 0.266s
2025-06-14 01:23:48.950 61732 INFO tempest.lib.common.rest_client [req-17f12b9a-7a22-49ef-965a-11f6a908ada5 req-17f12b9a-7a22-49ef-965a-11f6a908ada5 ] Request (ServerAddressesNegativeTestJSON:setUpClass): 200 GET http://10.180.1.21/compute/v2.1/servers/f152a563-2988-4fac-9974-af25e17f14d1 0.272s
2025-06-14 01:23:48.954 61748 INFO tempest.lib.common.rest_client [req-43232540-fdb7-4db2-a5c0-e18e91b98a13 req-43232540-fdb7-4db2-a5c0-e18e91b98a13 ] Request (ServerMetadataTestJSON:setUpClass): 200 GET http://10.180.1.21/compute/v2.1/servers/63fdeef4-93e6-408c-9b37-33bf3532a6e8 0.270s
2025-06-14 01:23:48.993 61770 INFO tempest.lib.common.rest_client [req-9f190684-ef12-4fdf-a656-47196a69caf3 req-9f190684-ef12-4fdf-a656-47196a69caf3 ] Request (ServersTestBootFromVolume:setUpClass): 200 GET http://10.180.1.21/compute/v2.1/servers/e4395e44-91f2-4f9b-a902-12859618f9cd 0.270s
2025-06-14 01:23:48.998 61778 INFO tempest.lib.common.rest_client [req-1452329f-c756-4b9b-a4b6-b4338d27ea28 req-1452329f-c756-4b9b-a4b6-b4338d27ea28 ] Request (ServersTestJSON:setUpClass): 200 GET http://10.180.1.21/compute/v2.1/servers/d2056fc4-ff5c-4c9f-ad5c-d0ecb466f618 0.231s
2025-06-14 01:23:49.011 61777 INFO tempest.lib.common.rest_client [req-14a63213-4867-4fd8-a8ae-0a175fee79b6 req-14a63213-4867-4fd8-a8ae-0a175fee79b6 ] Request (SecurityGroupRulesTestJSON:tearDownClass): 404 DELETE http://10.180.1.21/compute/v2.1/os-security-groups/2274f9e5-c829-4e09-8cd2-b0e0552e3f1f 0.148s
2025-06-14 01:23:49.035 61751 INFO tempest.lib.common.rest_client [req-81bef225-b871-46d7-aaf8-9b54dcda52de req-81bef225-b871-46d7-aaf8-9b54dcda52de ] Request (AttachVolumeTestJSON:test_attach_detach_volume): 200 GET http://10.180.1.21/compute/v2.1/servers/56f9a2d5-b28d-4a2a-bc52-2b8a00ee1c0a 0.214s
2025-06-14 01:23:49.057 61754 INFO tempest.lib.common.rest_client [req-d52921b5-1ed7-46b8-83ae-e4df95f4db26 req-d52921b5-1ed7-46b8-83ae-e4df95f4db26 ] Request (ServersAdminTestJSON:setUpClass): 200 GET http://10.180.1.21/compute/v2.1/servers/3395aaef-0db6-4fab-b8a5-79b781129690 0.190s
2025-06-14 01:23:49.120 61768 INFO tempest.lib.common.rest_client [req-3871bea4-c663-4b23-a73c-2531efc38844 req-3871bea4-c663-4b23-a73c-2531efc38844 ] Request (DeleteServersAdminTestJSON:test_admin_delete_servers_of_others): 200 GET http://10.180.1.21/compute/v2.1/servers/f59b0b04-643c-497c-90a0-a7f885c1eb3b 0.163s
2025-06-14 01:23:49.137 61777 INFO tempest.lib.common.rest_client [req-de05fb3c-8efb-4ef1-869e-9b56f4cb35bd req-de05fb3c-8efb-4ef1-869e-9b56f4cb35bd ] Request (SecurityGroupRulesTestJSON:tearDownClass): 202 DELETE http://10.180.1.21/compute/v2.1/os-security-groups/7ad12c7b-a58f-4779-b8c8-d55e2f2df132 0.125s
2025-06-14 01:23:49.207 61756 INFO tempest.lib.common.rest_client [req-3333309c-3843-4008-a45b-b563737f582f req-3333309c-3843-4008-a45b-b563737f582f ] Request (TenantUsagesTestJSON:setUpClass): 200 GET http://10.180.1.21/compute/v2.1/servers/33c87cb0-cd99-4c35-bcfa-899256be0460 0.142s
2025-06-14 01:23:49.236 61777 INFO tempest.lib.common.rest_client [req-7085f44d-00ec-445b-be45-93ae07e2e0f0 req-7085f44d-00ec-445b-be45-93ae07e2e0f0 ] Request (SecurityGroupRulesTestJSON:tearDownClass): 202 DELETE http://10.180.1.21/compute/v2.1/os-security-groups/7e4c17f0-8f8d-412d-9967-daddcfb6ac24 0.098s
2025-06-14 01:23:49.295 61724 INFO tempest.lib.common.rest_client [req-0c5a3b11-f371-48cc-892b-3e2f8cb8f465 req-0c5a3b11-f371-48cc-892b-3e2f8cb8f465 ] Request (AttachInterfacesTestJSON:test_create_list_show_delete_interfaces_by_fixed_ip): 200 GET http://10.180.1.21/compute/v2.1/servers/a84b19ff-892b-43cb-9fd7-8f8b23f612a6 0.144s
2025-06-14 01:23:49.323 61730 INFO tempest.lib.common.rest_client [req-98dffcf3-88ab-4bb8-abee-2fb20b2ffbe9 req-98dffcf3-88ab-4bb8-abee-2fb20b2ffbe9 ] Request (FloatingIPsAssociationNegativeTestJSON:setUpClass): 200 GET http://10.180.1.21/compute/v2.1/servers/85c2cfe1-443a-4373-bdba-b2a957a8681b 0.152s
2025-06-14 01:23:49.338 61740 INFO tempest.lib.common.rest_client [req-f2d7c8b2-077b-4d6e-836c-85994ef1d02e req-f2d7c8b2-077b-4d6e-836c-85994ef1d02e ] Request (VolumesAssistedSnapshotsTest:test_volume_assisted_snapshot_create_delete): 200 GET http://10.180.1.21/compute/v2.1/servers/766a9405-8a7d-4876-8569-964d2e73fedb 0.113s
2025-06-14 01:23:49.369 61764 INFO tempest.lib.common.rest_client [req-60cd79b7-7d9b-48b5-bac9-46576445722a req-60cd79b7-7d9b-48b5-bac9-46576445722a ] Request (ServersAaction247Test:test_create_backup): 200 GET http://10.180.1.21/compute/v2.1/servers/53a53e12-741a-4104-91d1-8d41f2b490ab 0.140s
2025-06-14 01:23:49.414 61734 INFO tempest.lib.common.rest_client [req-6350b5aa-53ff-4f52-8f60-7693e5ae9588 req-6350b5aa-53ff-4f52-8f60-7693e5ae9588 ] Request (AttachInterfacesV270Test:test_create_get_list_interfaces): 200 GET http://10.180.1.21/compute/v2.1/servers/1438771e-fd84-4dac-81b1-c2df19972ebe 0.104s
2025-06-14 01:23:49.419 61777 INFO tempest.lib.common.rest_client [req-f1dfe49d-e764-43e2-bda8-078528c42769 req-f1dfe49d-e764-43e2-bda8-078528c42769 ] Request (SecurityGroupRulesTestJSON:tearDownClass): 202 DELETE http://10.180.1.21/compute/v2.1/os-security-groups/d13ea199-6afa-4daf-a7eb-2fe145c8fc3a 0.183s
2025-06-14 01:23:49.465 61722 INFO tempest.lib.common.rest_client [req-6f27ae56-62df-41f4-b98e-bc27396ae495 req-6f27ae56-62df-41f4-b98e-bc27396ae495 ] Request (ServersTestManualDisk:setUpClass): 200 GET http://10.180.1.21/compute/v2.1/servers/a91235be-0b5f-4b2a-8da3-569ec393305a 0.073s
2025-06-14 01:23:49.503 61782 INFO tempest.lib.common.rest_client [req-14c7e54c-e691-4468-b200-170ade993bc6 req-14c7e54c-e691-4468-b200-170ade993bc6 ] Request (ServerDiagnosticsNegativeTest:test_get_server_diagnostics_by_non_admin): 200 GET http://10.180.1.21/compute/v2.1/servers/f21a02ec-4fa2-439c-aa56-570e175a8b5e 0.178s
2025-06-14 01:23:49.510 61772 INFO tempest.lib.common.rest_client [req-6ced8fa5-7f37-411b-bfd8-f431ff4ab4c9 req-6ced8fa5-7f37-411b-bfd8-f431ff4ab4c9 ] Request (ListImageFiltersTestJSON:setUpClass): 200 GET http://10.180.1.21/compute/v2.1/servers/e6a7a2d1-a50d-478c-9c27-fe58504fa14b 0.099s
2025-06-14 01:23:49.552 61752 INFO tempest.lib.common.rest_client [req-53322b35-66a9-4de9-b363-0524746635e9 req-53322b35-66a9-4de9-b363-0524746635e9 ] Request (FloatingIPsAssociationTestJSON:setUpClass): 200 GET http://10.180.1.21/compute/v2.1/servers/20a0ddf2-83bc-4e56-8208-12bb200c26e2 0.101s
2025-06-14 01:23:49.589 61777 INFO tempest.lib.common.rest_client [req-4c0a9eeb-01ca-4aad-9413-ced7018161de req-4c0a9eeb-01ca-4aad-9413-ced7018161de ] Request (SecurityGroupRulesTestJSON:tearDownClass): 202 DELETE http://10.180.1.21/compute/v2.1/os-security-groups/9f505f15-2447-4975-9e49-5aa286ce9f51 0.169s
2025-06-14 01:23:49.604 61738 INFO tempest.lib.common.rest_client [req-9f750017-3a39-4e79-850a-b103194bcff3 req-9f750017-3a39-4e79-850a-b103194bcff3 ] Request (ServersListShow296Test:test_list_show_update_rebuild_server_296): 200 GET http://10.180.1.21/compute/v2.1/servers/a5eb3371-1899-44cb-ba30-44aa4d54b2ee 0.153s
2025-06-14 01:23:49.635 61774 INFO tempest.lib.common.rest_client [req-376a7a0f-dc96-4e06-8a85-d46d803e9300 req-376a7a0f-dc96-4e06-8a85-d46d803e9300 ] Request (ServerDiskConfigTestJSON:test_rebuild_server_with_auto_disk_config): 200 GET http://10.180.1.21/compute/v2.1/servers/3ca84343-76bb-46f4-89d8-3cc45ac3dc0b 0.145s
2025-06-14 01:23:49.646 61762 INFO tempest.lib.common.rest_client [req-90e5daf9-b0a3-40d4-ac61-2d6c7af0a5fa req-90e5daf9-b0a3-40d4-ac61-2d6c7af0a5fa ] Request (ImagesNegativeTestJSON:test_create_image_from_deleted_server): 200 GET http://10.180.1.21/compute/v2.1/servers/276e62bf-fd35-47ed-b422-b45fb4a89ed2 0.153s
2025-06-14 01:23:49.683 61780 INFO tempest.lib.common.rest_client [req-9664900d-8df4-4491-9d28-a0650e8d86d4 req-9664900d-8df4-4491-9d28-a0650e8d86d4 ] Request (VolumesAdminNegativeTest:test_update_attached_volume_with_nonexistent_volume_in_body): 200 GET http://10.180.1.21/compute/v2.1/servers/9d46e2f3-2bb8-40d2-9e45-43e8c06c8d1f 0.151s
2025-06-14 01:23:49.732 61726 INFO tempest.lib.common.rest_client [req-b3b40572-c221-4fef-b6ec-3f145a212800 req-b3b40572-c221-4fef-b6ec-3f145a212800 ] Request (ServerExternalEventsTest:test_create_server_external_events): 200 GET http://10.180.1.21/compute/v2.1/servers/fb2c262b-17cf-44a2-a30f-a7fab3d6fe40 0.153s
2025-06-14 01:23:49.773 61777 INFO tempest.lib.common.rest_client [req-f60f28b2-1398-4d6b-8a3f-966b362e39b0 req-f60f28b2-1398-4d6b-8a3f-966b362e39b0 ] Request (SecurityGroupRulesTestJSON:tearDownClass): 202 DELETE http://10.180.1.21/compute/v2.1/os-security-groups/8b9e9778-9e6f-4ca3-92a0-2d94b2b224cc 0.184s
2025-06-14 01:23:49.776 61760 INFO tempest.lib.common.rest_client [req-80ee376a-c479-4853-8713-f6627c0571f1 req-80ee376a-c479-4853-8713-f6627c0571f1 ] Request (DeleteServersTestJSON:test_delete_active_server): 200 GET http://10.180.1.21/compute/v2.1/servers/697179bb-2391-4434-8144-ee917aa84441 0.148s
2025-06-14 01:23:49.913 61720 INFO tempest.lib.common.rest_client [req-88f4733a-118c-48ae-bbad-e1fedc566170 req-88f4733a-118c-48ae-bbad-e1fedc566170 ] Request (ServerDiagnosticsTest:test_get_server_diagnostics): 200 GET http://10.180.1.21/compute/v2.1/servers/b6dbc66b-ba8c-4f5f-93e3-fef9a50b104b 0.178s
2025-06-14 01:23:49.916 61758 INFO tempest.lib.common.rest_client [req-b5018cfd-5dcc-4dc3-819c-7a070eb14ed2 req-b5018cfd-5dcc-4dc3-819c-7a070eb14ed2 ] Request (MigrationsAdminTest:test_list_migrations_in_flavor_resize_situation): 200 GET http://10.180.1.21/compute/v2.1/servers/94b6a93d-de4d-4600-94af-81dce16b22f7 0.180s
2025-06-14 01:23:49.966 61728 INFO tempest.lib.common.rest_client [req-e7cf9ee9-6d01-4758-b00d-a87f031c30ac req-e7cf9ee9-6d01-4758-b00d-a87f031c30ac ] Request (ServerRescueNegativeTestJSON:setUpClass): 200 GET http://10.180.1.21/compute/v2.1/servers/d8cc1718-c721-478b-807a-d6ae1eb09c7c 0.186s
2025-06-14 01:23:49.974 61736 INFO tempest.lib.common.rest_client [req-359b4bd4-c87d-449c-8640-60e03222cada req-359b4bd4-c87d-449c-8640-60e03222cada ] Request (ServersTestMultiNic:test_verify_duplicate_network_nics): 200 GET http://10.180.1.21/compute/v2.1/servers/61c5fe8a-8fab-4fca-b03e-b583b2566162 0.193s
2025-06-14 01:23:50.023 61745 INFO tempest.lib.common.rest_client [req-70248f0c-427a-4ada-98aa-55e576e3caa5 req-70248f0c-427a-4ada-98aa-55e576e3caa5 ] Request (ServersWithSpecificFlavorTestJSON:test_verify_created_server_ephemeral_disk): 200 GET http://10.180.1.21/compute/v2.1/servers/2d57a929-eb61-471d-b0a1-d1e366201ccc 0.105s
2025-06-14 01:23:50.058 61742 INFO tempest.lib.common.rest_client [req-b550c1e2-85be-4428-acc3-aa5797939708 req-b550c1e2-85be-4428-acc3-aa5797939708 ] Request (ServersAdminNegativeTestJSON:setUpClass): 200 GET http://10.180.1.21/compute/v2.1/servers/2d853a6e-4c2f-401e-9088-54e82bec1150 0.187s
2025-06-14 01:23:50.083 61746 INFO tempest.lib.common.rest_client [req-124a37ad-7867-4478-97c3-87defef6b7fa req-124a37ad-7867-4478-97c3-87defef6b7fa ] Request (ServersV294TestFqdnHostnames:setUpClass): 200 GET http://10.180.1.21/compute/v2.1/servers/c737971c-735e-4317-b0e6-eb73bfc8456a 0.159s
2025-06-14 01:23:50.102 61732 INFO tempest.lib.common.rest_client [req-6e4fa379-b299-40f6-b521-3a8e69fa6eee req-6e4fa379-b299-40f6-b521-3a8e69fa6eee ] Request (ServerAddressesNegativeTestJSON:setUpClass): 200 GET http://10.180.1.21/compute/v2.1/servers/f152a563-2988-4fac-9974-af25e17f14d1 0.144s
2025-06-14 01:23:50.147 61770 INFO tempest.lib.common.rest_client [req-1ca9071e-6c1f-498a-a79f-1f79ab845ef9 req-1ca9071e-6c1f-498a-a79f-1f79ab845ef9 ] Request (ServersTestBootFromVolume:setUpClass): 200 GET http://10.180.1.21/compute/v2.1/servers/e4395e44-91f2-4f9b-a902-12859618f9cd 0.147s
