2025-06-14 01:25:06.422 61756 INFO tempest.lib.common.rest_client [req-f55878cb-4fce-4cd6-a5b7-27a7e65811de req-f55878cb-4fce-4cd6-a5b7-27a7e65811de ] Request (ImagesOneServerTestJSON:setUpClass): 200 GET http://10.180.1.21/compute/v2.1/servers/23b7562f-035c-487f-a1f2-279b69ca4355 0.043s
2025-06-14 01:25:06.602 61758 INFO tempest.lib.common.rest_client [req-d704fcf2-8d9f-4314-a189-ff31f83fc538 req-d704fcf2-8d9f-4314-a189-ff31f83fc538 ] Request (MigrationsAdminTest:test_list_migrations_in_flavor_resize_situation): 200 GET http://10.180.1.21/compute/v2.1/servers/94b6a93d-de4d-4600-94af-81dce16b22f7 0.124s
2025-06-14 01:25:06.645 61730 INFO tempest.lib.common.rest_client [req-3b248564-8f10-4628-b533-728ccc0dbbb8 req-3b248564-8f10-4628-b533-728ccc0dbbb8 ] Request (ServerRescueTestJSON:setUpClass): 200 GET http://10.180.1.21/compute/v2.1/servers/b8a27ad2-4cc5-4219-9bc3-5735433b153c 0.120s
2025-06-14 01:25:06.649 61724 INFO tempest.lib.common.rest_client [req-88626514-f98c-4e4b-a641-0b065df0de6a req-88626514-f98c-4e4b-a641-0b065df0de6a ] Request (AttachInterfacesTestJSON:test_create_list_show_delete_interfaces_by_fixed_ip): 200 GET http://10.180.1.21/compute/v2.1/servers/a84b19ff-892b-43cb-9fd7-8f8b23f612a6 0.127s
2025-06-14 01:25:06.686 61752 INFO tempest.lib.common.rest_client [req-ace1d7b5-7280-4c64-bf81-21991add7ad4 req-ace1d7b5-7280-4c64-bf81-21991add7ad4 ] Request (FloatingIPsAssociationTestJSON:setUpClass): 200 GET http://10.180.1.21/compute/v2.1/servers/20a0ddf2-83bc-4e56-8208-12bb200c26e2 0.121s
2025-06-14 01:25:06.734 61726 INFO tempest.lib.common.rest_client [req-42461cae-205b-49c0-8434-d5a77599c6a1 req-42461cae-205b-49c0-8434-d5a77599c6a1 ] Request (ServerExternalEventsTest:test_create_server_external_events): 200 GET http://10.180.1.21/compute/v2.1/servers/fb2c262b-17cf-44a2-a30f-a7fab3d6fe40 0.087s
2025-06-14 01:25:06.777 61734 INFO tempest.lib.common.rest_client [req-4aae903e-4342-4bde-ad35-9fc742d512ee req-4aae903e-4342-4bde-ad35-9fc742d512ee ] Request (AttachInterfacesV270Test:test_create_get_list_interfaces): 200 GET http://10.180.1.21/compute/v2.1/servers/1438771e-fd84-4dac-81b1-c2df19972ebe 0.126s
2025-06-14 01:25:06.780 61762 INFO tempest.lib.common.rest_client [req-4e21d354-90fd-4792-8750-470fe0dbce6d req-4e21d354-90fd-4792-8750-470fe0dbce6d ] Request (ImagesNegativeTestJSON:test_create_image_from_deleted_server): 200 GET http://10.180.1.21/compute/v2.1/servers/276e62bf-fd35-47ed-b422-b45fb4a89ed2 0.089s
2025-06-14 01:25:06.827 61745 INFO tempest.lib.common.rest_client [req-f2f1fcfa-e099-4703-b1a6-5a7970779fcc req-f2f1fcfa-e099-4703-b1a6-5a7970779fcc ] Request (ServersWithSpecificFlavorTestJSON:test_verify_created_server_ephemeral_disk): 200 GET http://10.180.1.21/compute/v2.1/servers/2d57a929-eb61-471d-b0a1-d1e366201ccc 0.094s
2025-06-14 01:25:06.868 61780 INFO tempest.lib.common.rest_client [req-6d189ec4-b119-4880-ad88-91531cafa019 req-6d189ec4-b119-4880-ad88-91531cafa019 ] Request (VolumesAdminNegativeTest:test_update_attached_volume_with_nonexistent_volume_in_body): 200 GET http://10.180.1.21/compute/v2.1/servers/9d46e2f3-2bb8-40d2-9e45-43e8c06c8d1f 0.094s
2025-06-14 01:25:06.869 61742 INFO tempest.lib.common.rest_client [req-8fb9cbc8-d239-42df-8ab7-91d3800543b5 req-8fb9cbc8-d239-42df-8ab7-91d3800543b5 ] Request (ServersAdminNegativeTestJSON:setUpClass): 200 GET http://10.180.1.21/compute/v2.1/servers/2d853a6e-4c2f-401e-9088-54e82bec1150 0.131s
2025-06-14 01:25:06.910 61736 INFO tempest.lib.common.rest_client [req-24c67451-8de9-47b2-ac00-7b80344c439d req-24c67451-8de9-47b2-ac00-7b80344c439d ] Request (ServersTestMultiNic:test_verify_duplicate_network_nics): 200 GET http://10.180.1.21/compute/v2.1/servers/61c5fe8a-8fab-4fca-b03e-b583b2566162 0.126s
2025-06-14 01:25:06.911 61728 INFO tempest.lib.common.rest_client [req-bb28152e-7624-418f-b331-4e8579e8e79c req-bb28152e-7624-418f-b331-4e8579e8e79c ] Request (ServerRescueNegativeTestJSON:setUpClass): 200 GET http://10.180.1.21/compute/v2.1/servers/d8cc1718-c721-478b-807a-d6ae1eb09c7c 0.093s
2025-06-14 01:25:06.952 61774 INFO tempest.lib.common.rest_client [req-06410f8d-4a16-40b9-bc1a-a66b46c9e017 req-06410f8d-4a16-40b9-bc1a-a66b46c9e017 ] Request (ServerDiskConfigTestJSON:test_rebuild_server_with_auto_disk_config): 200 GET http://10.180.1.21/compute/v2.1/servers/3ca84343-76bb-46f4-89d8-3cc45ac3dc0b 0.089s
2025-06-14 01:25:06.952 61760 INFO tempest.lib.common.rest_client [req-8ef67171-1d7a-4cff-adde-7927c0517497 req-8ef67171-1d7a-4cff-adde-7927c0517497 ] Request (DeleteServersTestJSON:test_delete_active_server): 200 GET http://10.180.1.21/compute/v2.1/servers/697179bb-2391-4434-8144-ee917aa84441 0.124s
2025-06-14 01:25:06.992 61732 INFO tempest.lib.common.rest_client [req-ce49593f-ec45-4055-a05d-72ef36a17c94 req-ce49593f-ec45-4055-a05d-72ef36a17c94 ] Request (ServerAddressesNegativeTestJSON:setUpClass): 200 GET http://10.180.1.21/compute/v2.1/servers/f152a563-2988-4fac-9974-af25e17f14d1 0.122s
2025-06-14 01:25:07.156 61768 INFO tempest.lib.common.rest_client [req-d56a8b98-33c1-4f20-b0b7-1ebbadab334b req-d56a8b98-33c1-4f20-b0b7-1ebbadab334b ] Request (DeleteServersAdminTestJSON:test_admin_delete_servers_of_others): 200 GET http://10.180.1.21/compute/v2.1/servers/f59b0b04-643c-497c-90a0-a7f885c1eb3b 0.092s
2025-06-14 01:25:07.197 61782 INFO tempest.lib.common.rest_client [req-fba5fffe-018e-45c3-8f33-dbd1c8f2be74 req-fba5fffe-018e-45c3-8f33-dbd1c8f2be74 ] Request (ServerDiagnosticsNegativeTest:test_get_server_diagnostics_by_non_admin): 200 GET http://10.180.1.21/compute/v2.1/servers/f21a02ec-4fa2-439c-aa56-570e175a8b5e 0.091s
2025-06-14 01:25:07.198 61751 INFO tempest.lib.common.rest_client [req-27209379-5790-4518-9a5f-fb5075aeb312 req-27209379-5790-4518-9a5f-fb5075aeb312 ] Request (AttachVolumeTestJSON:test_attach_detach_volume): 200 GET http://10.180.1.21/compute/v2.1/servers/56f9a2d5-b28d-4a2a-bc52-2b8a00ee1c0a 0.090s
2025-06-14 01:25:07.240 61770 INFO tempest.lib.common.rest_client [req-35758390-08ff-4cb6-b073-54a9ff09bac1 req-35758390-08ff-4cb6-b073-54a9ff09bac1 ] Request (ServersTestBootFromVolume:setUpClass): 200 GET http://10.180.1.21/compute/v2.1/servers/e4395e44-91f2-4f9b-a902-12859618f9cd 0.089s
2025-06-14 01:25:07.240 61778 INFO tempest.lib.common.rest_client [req-2e5730dc-d49e-4394-996b-670e15484f8f req-2e5730dc-d49e-4394-996b-670e15484f8f ] Request (ServersTestJSON:setUpClass): 200 GET http://10.180.1.21/compute/v2.1/servers/d2056fc4-ff5c-4c9f-ad5c-d0ecb466f618 0.087s
2025-06-14 01:25:07.281 61740 INFO tempest.lib.common.rest_client [req-385118f9-a83f-429d-8e75-0578248f9742 req-385118f9-a83f-429d-8e75-0578248f9742 ] Request (VolumesAssistedSnapshotsTest:test_volume_assisted_snapshot_create_delete): 200 GET http://10.180.1.21/compute/v2.1/servers/766a9405-8a7d-4876-8569-964d2e73fedb 0.083s
2025-06-14 01:25:07.282 61722 INFO tempest.lib.common.rest_client [req-bc1183c5-5281-48a3-8782-06c6bcb68df2 req-bc1183c5-5281-48a3-8782-06c6bcb68df2 ] Request (ServersTestManualDisk:setUpClass): 200 GET http://10.180.1.21/compute/v2.1/servers/a91235be-0b5f-4b2a-8da3-569ec393305a 0.084s
2025-06-14 01:25:07.322 61748 INFO tempest.lib.common.rest_client [req-df341457-433b-4ec1-bde7-366a333d11da req-df341457-433b-4ec1-bde7-366a333d11da ] Request (ServerMetadataTestJSON:setUpClass): 200 GET http://10.180.1.21/compute/v2.1/servers/63fdeef4-93e6-408c-9b37-33bf3532a6e8 0.082s
2025-06-14 01:25:07.334 61738 INFO tempest.lib.common.rest_client [req-7898edef-d123-4ebd-80aa-ef276c0ba3f2 req-7898edef-d123-4ebd-80aa-ef276c0ba3f2 ] Request (ServersListShow296Test:test_list_show_update_rebuild_server_296): 200 GET http://10.180.1.21/compute/v2.1/servers/a5eb3371-1899-44cb-ba30-44aa4d54b2ee 0.082s
2025-06-14 01:25:07.368 61746 INFO tempest.lib.common.rest_client [req-4030da08-1107-491a-8078-cac474912e5e req-4030da08-1107-491a-8078-cac474912e5e ] Request (ServersV294TestFqdnHostnames:setUpClass): 200 GET http://10.180.1.21/compute/v2.1/servers/c737971c-735e-4317-b0e6-eb73bfc8456a 0.076s
2025-06-14 01:25:07.377 61772 INFO tempest.lib.common.rest_client [req-203b3b74-0c38-4b5d-b774-834fee326d02 req-203b3b74-0c38-4b5d-b774-834fee326d02 ] Request (ListImageFiltersTestJSON:setUpClass): 200 GET http://10.180.1.21/compute/v2.1/servers/e6a7a2d1-a50d-478c-9c27-fe58504fa14b 0.044s
2025-06-14 01:25:07.422 61764 INFO tempest.lib.common.rest_client [req-a44642da-6f50-407d-80b4-a6fa851e226d req-a44642da-6f50-407d-80b4-a6fa851e226d ] Request (ServersAaction247Test:test_create_backup): 200 GET http://10.180.1.21/compute/v2.1/servers/53a53e12-741a-4104-91d1-8d41f2b490ab 0.045s
2025-06-14 01:25:07.452 61754 INFO tempest.lib.common.rest_client [req-9d518a5c-c60e-4cc8-ba77-e54ca2bc4f21 req-9d518a5c-c60e-4cc8-ba77-e54ca2bc4f21 ] Request (ServersAdminTestJSON:setUpClass): 200 GET http://10.180.1.21/compute/v2.1/servers/3395aaef-0db6-4fab-b8a5-79b781129690 0.116s
2025-06-14 01:25:07.493 61756 INFO tempest.lib.common.rest_client [req-98e143bb-7c55-4889-9412-b0ec425ea733 req-98e143bb-7c55-4889-9412-b0ec425ea733 ] Request (ImagesOneServerTestJSON:setUpClass): 200 GET http://10.180.1.21/compute/v2.1/servers/23b7562f-035c-487f-a1f2-279b69ca4355 0.064s
2025-06-14 01:25:07.508 61720 INFO tempest.lib.common.rest_client [req-43350d61-d596-4d91-92f6-28f41633e310 req-43350d61-d596-4d91-92f6-28f41633e310 ] Request (ServerDiagnosticsTest:test_get_server_diagnostics): 200 GET http://10.180.1.21/compute/v2.1/servers/b6dbc66b-ba8c-4f5f-93e3-fef9a50b104b 0.086s
2025-06-14 01:25:07.700 61758 INFO tempest.lib.common.rest_client [req-40ed7b92-8ec6-4d94-a9db-582cb7af0d64 req-40ed7b92-8ec6-4d94-a9db-582cb7af0d64 ] Request (MigrationsAdminTest:test_list_migrations_in_flavor_resize_situation): 200 GET http://10.180.1.21/compute/v2.1/servers/94b6a93d-de4d-4600-94af-81dce16b22f7 0.090s
2025-06-14 01:25:07.701 61730 INFO tempest.lib.common.rest_client [req-297ebb9b-c68c-4896-b57e-7abb01384cd6 req-297ebb9b-c68c-4896-b57e-7abb01384cd6 ] Request (ServerRescueTestJSON:setUpClass): 200 GET http://10.180.1.21/compute/v2.1/servers/b8a27ad2-4cc5-4219-9bc3-5735433b153c 0.048s
2025-06-14 01:25:07.741 61752 INFO tempest.lib.common.rest_client [req-9466e667-425e-4a31-a1a5-93ef69bae51e req-9466e667-425e-4a31-a1a5-93ef69bae51e ] Request (FloatingIPsAssociationTestJSON:setUpClass): 200 GET http://10.180.1.21/compute/v2.1/servers/20a0ddf2-83bc-4e56-8208-12bb200c26e2 0.048s
2025-06-14 01:25:07.822 61724 INFO tempest.lib.common.rest_client [req-b9eee515-d87d-497c-9c08-f21aaec66fab req-b9eee515-d87d-497c-9c08-f21aaec66fab ] Request (AttachInterfacesTestJSON:test_create_list_show_delete_interfaces_by_fixed_ip): 200 GET http://10.180.1.21/compute/v2.1/servers/a84b19ff-892b-43cb-9fd7-8f8b23f612a6 0.165s
2025-06-14 01:25:07.828 61726 INFO tempest.lib.common.rest_client [req-442db05d-68f9-4fe6-ba14-b3bcf497b9d6 req-442db05d-68f9-4fe6-ba14-b3bcf497b9d6 ] Request (ServerExternalEventsTest:test_create_server_external_events): 200 GET http://10.180.1.21/compute/v2.1/servers/fb2c262b-17cf-44a2-a30f-a7fab3d6fe40 0.086s
2025-06-14 01:25:07.870 61762 INFO tempest.lib.common.rest_client [req-1b0e4252-ad87-49e4-8e72-f3ed6124a3c8 req-1b0e4252-ad87-49e4-8e72-f3ed6124a3c8 ] Request (ImagesNegativeTestJSON:test_create_image_from_deleted_server): 200 GET http://10.180.1.21/compute/v2.1/servers/276e62bf-fd35-47ed-b422-b45fb4a89ed2 0.081s
2025-06-14 01:25:07.910 61734 INFO tempest.lib.common.rest_client [req-769d3f50-f158-4054-9abd-f7b20eeed6be req-769d3f50-f158-4054-9abd-f7b20eeed6be ] Request (AttachInterfacesV270Test:test_create_get_list_interfaces): 200 GET http://10.180.1.21/compute/v2.1/servers/1438771e-fd84-4dac-81b1-c2df19972ebe 0.123s
2025-06-14 01:25:07.913 61745 INFO tempest.lib.common.rest_client [req-42c49a43-7525-4ccf-883a-567370092045 req-42c49a43-7525-4ccf-883a-567370092045 ] Request (ServersWithSpecificFlavorTestJSON:test_verify_created_server_ephemeral_disk): 200 GET http://10.180.1.21/compute/v2.1/servers/2d57a929-eb61-471d-b0a1-d1e366201ccc 0.078s
2025-06-14 01:25:07.954 61780 INFO tempest.lib.common.rest_client [req-c54795ba-b1a5-42c9-9537-b0d4926a6b22 req-c54795ba-b1a5-42c9-9537-b0d4926a6b22 ] Request (VolumesAdminNegativeTest:test_update_attached_volume_with_nonexistent_volume_in_body): 200 GET http://10.180.1.21/compute/v2.1/servers/9d46e2f3-2bb8-40d2-9e45-43e8c06c8d1f 0.078s
2025-06-14 01:25:07.996 61736 INFO tempest.lib.common.rest_client [req-0fe68b89-170f-4919-b20d-883d57d87ac7 req-0fe68b89-170f-4919-b20d-883d57d87ac7 ] Request (ServersTestMultiNic:test_verify_duplicate_network_nics): 200 GET http://10.180.1.21/compute/v2.1/servers/61c5fe8a-8fab-4fca-b03e-b583b2566162 0.078s
2025-06-14 01:25:08.000 61742 INFO tempest.lib.common.rest_client [req-a3d7ba00-a4eb-46b4-b0d2-17c49fda0224 req-a3d7ba00-a4eb-46b4-b0d2-17c49fda0224 ] Request (ServersAdminNegativeTestJSON:setUpClass): 200 GET http://10.180.1.21/compute/v2.1/servers/2d853a6e-4c2f-401e-9088-54e82bec1150 0.123s
2025-06-14 01:25:08.036 61728 INFO tempest.lib.common.rest_client [req-64313e55-b7e4-4129-a88d-f18f3c45d30e req-64313e55-b7e4-4129-a88d-f18f3c45d30e ] Request (ServerRescueNegativeTestJSON:setUpClass): 200 GET http://10.180.1.21/compute/v2.1/servers/d8cc1718-c721-478b-807a-d6ae1eb09c7c 0.117s
2025-06-14 01:25:08.044 61760 INFO tempest.lib.common.rest_client [req-1e9a71ad-3cd8-443f-bf2c-46432c58a785 req-1e9a71ad-3cd8-443f-bf2c-46432c58a785 ] Request (DeleteServersTestJSON:test_delete_active_server): 200 GET http://10.180.1.21/compute/v2.1/servers/697179bb-2391-4434-8144-ee917aa84441 0.085s
2025-06-14 01:25:08.078 61774 INFO tempest.lib.common.rest_client [req-c1c35c3d-55d3-4ec0-8112-9606ef99278a req-c1c35c3d-55d3-4ec0-8112-9606ef99278a ] Request (ServerDiskConfigTestJSON:test_rebuild_server_with_auto_disk_config): 200 GET http://10.180.1.21/compute/v2.1/servers/3ca84343-76bb-46f4-89d8-3cc45ac3dc0b 0.119s
2025-06-14 01:25:08.086 61732 INFO tempest.lib.common.rest_client [req-e9cb3bc1-f872-4b77-a09c-3cb724be16df req-e9cb3bc1-f872-4b77-a09c-3cb724be16df ] Request (ServerAddressesNegativeTestJSON:setUpClass): 200 GET http://10.180.1.21/compute/v2.1/servers/f152a563-2988-4fac-9974-af25e17f14d1 0.086s
2025-06-14 01:25:08.251 61768 INFO tempest.lib.common.rest_client [req-c40bc649-a6e4-4294-9033-1dd96c36af25 req-c40bc649-a6e4-4294-9033-1dd96c36af25 ] Request (DeleteServersAdminTestJSON:test_admin_delete_servers_of_others): 200 GET http://10.180.1.21/compute/v2.1/servers/f59b0b04-643c-497c-90a0-a7f885c1eb3b 0.087s
2025-06-14 01:25:08.295 61751 INFO tempest.lib.common.rest_client [req-866bc871-51dd-4cfb-997d-2536ff2821a7 req-866bc871-51dd-4cfb-997d-2536ff2821a7 ] Request (AttachVolumeTestJSON:test_attach_detach_volume): 200 GET http://10.180.1.21/compute/v2.1/servers/56f9a2d5-b28d-4a2a-bc52-2b8a00ee1c0a 0.089s
2025-06-14 01:25:08.302 61782 INFO tempest.lib.common.rest_client [req-9b604a8c-bdc0-4cff-bd74-05e450b9b425 req-9b604a8c-bdc0-4cff-bd74-05e450b9b425 ] Request (ServerDiagnosticsNegativeTest:test_get_server_diagnostics_by_non_admin): 200 GET http://10.180.1.21/compute/v2.1/servers/f21a02ec-4fa2-439c-aa56-570e175a8b5e 0.097s
2025-06-14 01:25:08.343 61770 INFO tempest.lib.common.rest_client [req-ff5edb44-b999-4634-9297-448de5df99a4 req-ff5edb44-b999-4634-9297-448de5df99a4 ] Request (ServersTestBootFromVolume:setUpClass): 200 GET http://10.180.1.21/compute/v2.1/servers/e4395e44-91f2-4f9b-a902-12859618f9cd 0.096s
2025-06-14 01:25:08.349 61778 INFO tempest.lib.common.rest_client [req-9a1e2be6-e987-4154-809d-8625c73fef9c req-9a1e2be6-e987-4154-809d-8625c73fef9c ] Request (ServersTestJSON:setUpClass): 200 GET http://10.180.1.21/compute/v2.1/servers/d2056fc4-ff5c-4c9f-ad5c-d0ecb466f618 0.101s
2025-06-14 01:25:08.393 61722 INFO tempest.lib.common.rest_client [req-c88002e6-70c0-4c4b-9a21-4d7909c9b16a req-c88002e6-70c0-4c4b-9a21-4d7909c9b16a ] Request (ServersTestManualDisk:setUpClass): 200 GET http://10.180.1.21/compute/v2.1/servers/a91235be-0b5f-4b2a-8da3-569ec393305a 0.103s
2025-06-14 01:25:08.396 61740 INFO tempest.lib.common.rest_client [req-5f588049-c3bb-42fd-9deb-8eed750dc1a4 req-5f588049-c3bb-42fd-9deb-8eed750dc1a4 ] Request (VolumesAssistedSnapshotsTest:test_volume_assisted_snapshot_create_delete): 200 GET http://10.180.1.21/compute/v2.1/servers/766a9405-8a7d-4876-8569-964d2e73fedb 0.107s
2025-06-14 01:25:08.436 61748 INFO tempest.lib.common.rest_client [req-494d0ade-6e45-4e2d-8c6a-7271f8ada85b req-494d0ade-6e45-4e2d-8c6a-7271f8ada85b ] Request (ServerMetadataTestJSON:setUpClass): 200 GET http://10.180.1.21/compute/v2.1/servers/63fdeef4-93e6-408c-9b37-33bf3532a6e8 0.106s
2025-06-14 01:25:08.445 61738 INFO tempest.lib.common.rest_client [req-bcc5926f-1c95-42fa-ab6e-e185e273ba47 req-bcc5926f-1c95-42fa-ab6e-e185e273ba47 ] Request (ServersListShow296Test:test_list_show_update_rebuild_server_296): 200 GET http://10.180.1.21/compute/v2.1/servers/a5eb3371-1899-44cb-ba30-44aa4d54b2ee 0.101s
2025-06-14 01:25:08.485 61746 INFO tempest.lib.common.rest_client [req-6f2fc75f-abdb-4eee-a889-046939c58ac5 req-6f2fc75f-abdb-4eee-a889-046939c58ac5 ] Request (ServersV294TestFqdnHostnames:setUpClass): 200 GET http://10.180.1.21/compute/v2.1/servers/c737971c-735e-4317-b0e6-eb73bfc8456a 0.106s
2025-06-14 01:25:08.489 61772 INFO tempest.lib.common.rest_client [req-3733909e-21b9-48a7-aeec-db0d8bf5579a req-3733909e-21b9-48a7-aeec-db0d8bf5579a ] Request (ListImageFiltersTestJSON:setUpClass): 200 GET http://10.180.1.21/compute/v2.1/servers/e6a7a2d1-a50d-478c-9c27-fe58504fa14b 0.104s
2025-06-14 01:25:08.530 61764 INFO tempest.lib.common.rest_client [req-42b4896a-76ba-4a9d-9b14-10dd387b6939 req-42b4896a-76ba-4a9d-9b14-10dd387b6939 ] Request (ServersAaction247Test:test_create_backup): 200 GET http://10.180.1.21/compute/v2.1/servers/53a53e12-741a-4104-91d1-8d41f2b490ab 0.098s
2025-06-14 01:25:08.573 61756 INFO tempest.lib.common.rest_client [req-49eec676-30b0-4009-825d-57faf71767f7 req-49eec676-30b0-4009-825d-57faf71767f7 ] Request (ImagesOneServerTestJSON:setUpClass): 200 GET http://10.180.1.21/compute/v2.1/servers/23b7562f-035c-487f-a1f2-279b69ca4355 0.072s
2025-06-14 01:25:08.610 61754 INFO tempest.lib.common.rest_client [req-a69fe3c7-29cf-4183-91a6-365ad88c8e7a req-a69fe3c7-29cf-4183-91a6-365ad88c8e7a ] Request (ServersAdminTestJSON:setUpClass): 200 GET http://10.180.1.21/compute/v2.1/servers/3395aaef-0db6-4fab-b8a5-79b781129690 0.150s
2025-06-14 01:25:08.659 61720 INFO tempest.lib.common.rest_client [req-5e3db3b0-03ae-4bb8-8e0c-41e4556aecd5 req-5e3db3b0-03ae-4bb8-8e0c-41e4556aecd5 ] Request (ServerDiagnosticsTest:test_get_server_diagnostics): 200 GET http://10.180.1.21/compute/v2.1/servers/b6dbc66b-ba8c-4f5f-93e3-fef9a50b104b 0.143s
2025-06-14 01:25:08.758 61730 INFO tempest.lib.common.rest_client [req-88f4e34b-5fa3-44c4-8237-84075f994332 req-88f4e34b-5fa3-44c4-8237-84075f994332 ] Request (ServerRescueTestJSON:setUpClass): 200 GET http://10.180.1.21/compute/v2.1/servers/b8a27ad2-4cc5-4219-9bc3-5735433b153c 0.049s
2025-06-14 01:25:08.801 61752 INFO tempest.lib.common.rest_client [req-a91e9e1d-20af-44f2-aa9f-f29004287425 req-a91e9e1d-20af-44f2-aa9f-f29004287425 ] Request (FloatingIPsAssociationTestJSON:setUpClass): 200 GET http://10.180.1.21/compute/v2.1/servers/20a0ddf2-83bc-4e56-8208-12bb200c26e2 0.052s
2025-06-14 01:25:08.802 61758 INFO tempest.lib.common.rest_client [req-24641f3f-d054-4368-839d-607464aa1e98 req-24641f3f-d054-4368-839d-607464aa1e98 ] Request (MigrationsAdminTest:test_list_migrations_in_flavor_resize_situation): 200 GET http://10.180.1.21/compute/v2.1/servers/94b6a93d-de4d-4600-94af-81dce16b22f7 0.094s
2025-06-14 01:25:08.919 61724 INFO tempest.lib.common.rest_client [req-7c3645b3-a469-48f8-99ca-b5282d36a741 req-7c3645b3-a469-48f8-99ca-b5282d36a741 ] Request (AttachInterfacesTestJSON:test_create_list_show_delete_interfaces_by_fixed_ip): 200 GET http://10.180.1.21/compute/v2.1/servers/a84b19ff-892b-43cb-9fd7-8f8b23f612a6 0.088s
2025-06-14 01:25:08.926 61726 INFO tempest.lib.common.rest_client [req-ef3d530d-7ddc-4b8e-83a8-b91c7db3f55d req-ef3d530d-7ddc-4b8e-83a8-b91c7db3f55d ] Request (ServerExternalEventsTest:test_create_server_external_events): 200 GET http://10.180.1.21/compute/v2.1/servers/fb2c262b-17cf-44a2-a30f-a7fab3d6fe40 0.090s
2025-06-14 01:25:08.961 61762 INFO tempest.lib.common.rest_client [req-cc25dfef-efde-40b4-a2cf-92f0669d97e7 req-cc25dfef-efde-40b4-a2cf-92f0669d97e7 ] Request (ImagesNegativeTestJSON:test_create_image_from_deleted_server): 200 GET http://10.180.1.21/compute/v2.1/servers/276e62bf-fd35-47ed-b422-b45fb4a89ed2 0.084s
2025-06-14 01:25:09.003 61745 INFO tempest.lib.common.rest_client [req-4e2d8c92-bc78-47fb-a02a-7d93689762d9 req-4e2d8c92-bc78-47fb-a02a-7d93689762d9 ] Request (ServersWithSpecificFlavorTestJSON:test_verify_created_server_ephemeral_disk): 200 GET http://10.180.1.21/compute/v2.1/servers/2d57a929-eb61-471d-b0a1-d1e366201ccc 0.083s
2025-06-14 01:25:09.013 61734 INFO tempest.lib.common.rest_client [req-ec5020f7-66e0-47aa-90ee-cc3c2f683850 req-ec5020f7-66e0-47aa-90ee-cc3c2f683850 ] Request (AttachInterfacesV270Test:test_create_get_list_interfaces): 200 GET http://10.180.1.21/compute/v2.1/servers/1438771e-fd84-4dac-81b1-c2df19972ebe 0.094s
2025-06-14 01:25:09.047 61780 INFO tempest.lib.common.rest_client [req-2bee04be-fd75-4d3c-855b-0a3e5fd8543f req-2bee04be-fd75-4d3c-855b-0a3e5fd8543f ] Request (VolumesAdminNegativeTest:test_update_attached_volume_with_nonexistent_volume_in_body): 200 GET http://10.180.1.21/compute/v2.1/servers/9d46e2f3-2bb8-40d2-9e45-43e8c06c8d1f 0.085s
2025-06-14 01:25:09.055 61736 INFO tempest.lib.common.rest_client [req-bf6d2692-65b8-4693-a285-f21d9df531da req-bf6d2692-65b8-4693-a285-f21d9df531da ] Request (ServersTestMultiNic:test_verify_duplicate_network_nics): 200 GET http://10.180.1.21/compute/v2.1/servers/61c5fe8a-8fab-4fca-b03e-b583b2566162 0.051s
2025-06-14 01:25:09.099 61728 INFO tempest.lib.common.rest_client [req-81f37648-da16-4478-88f7-1dde01431403 req-81f37648-da16-4478-88f7-1dde01431403 ] Request (ServerRescueNegativeTestJSON:setUpClass): 200 GET http://10.180.1.21/compute/v2.1/servers/d8cc1718-c721-478b-807a-d6ae1eb09c7c 0.056s
2025-06-14 01:25:09.133 61742 INFO tempest.lib.common.rest_client [req-33dd58dc-bc11-4f1a-92cb-f9de25dae911 req-33dd58dc-bc11-4f1a-92cb-f9de25dae911 ] Request (ServersAdminNegativeTestJSON:setUpClass): 200 GET http://10.180.1.21/compute/v2.1/servers/2d853a6e-4c2f-401e-9088-54e82bec1150 0.125s
2025-06-14 01:25:09.142 61760 INFO tempest.lib.common.rest_client [req-65ffc495-c410-4aec-af31-77750a26a90e req-65ffc495-c410-4aec-af31-77750a26a90e ] Request (DeleteServersTestJSON:test_delete_active_server): 200 GET http://10.180.1.21/compute/v2.1/servers/697179bb-2391-4434-8144-ee917aa84441 0.090s
2025-06-14 01:25:09.177 61774 INFO tempest.lib.common.rest_client [req-43d762b6-0f12-4d32-a40d-0c3ec4ffb46e req-43d762b6-0f12-4d32-a40d-0c3ec4ffb46e ] Request (ServerDiskConfigTestJSON:test_rebuild_server_with_auto_disk_config): 200 GET http://10.180.1.21/compute/v2.1/servers/3ca84343-76bb-46f4-89d8-3cc45ac3dc0b 0.090s
2025-06-14 01:25:09.185 61732 INFO tempest.lib.common.rest_client [req-53ada073-292c-4d8c-ba26-81a7031b1e23 req-53ada073-292c-4d8c-ba26-81a7031b1e23 ] Request (ServerAddressesNegativeTestJSON:setUpClass): 200 GET http://10.180.1.21/compute/v2.1/servers/f152a563-2988-4fac-9974-af25e17f14d1 0.092s
2025-06-14 01:25:09.350 61751 INFO tempest.lib.common.rest_client [req-47c57037-fa22-4514-bca9-508f4de502fb req-47c57037-fa22-4514-bca9-508f4de502fb ] Request (AttachVolumeTestJSON:test_attach_detach_volume): 200 GET http://10.180.1.21/compute/v2.1/servers/56f9a2d5-b28d-4a2a-bc52-2b8a00ee1c0a 0.047s
2025-06-14 01:25:09.354 61768 INFO tempest.lib.common.rest_client [req-18a116b9-fecf-4a6f-8e04-6f70f808b19b req-18a116b9-fecf-4a6f-8e04-6f70f808b19b ] Request (DeleteServersAdminTestJSON:test_admin_delete_servers_of_others): 200 GET http://10.180.1.21/compute/v2.1/servers/f59b0b04-643c-497c-90a0-a7f885c1eb3b 0.094s
2025-06-14 01:25:09.396 61770 INFO tempest.lib.common.rest_client [req-8ceaf823-3377-413e-9a06-e2ae8e4a30de req-8ceaf823-3377-413e-9a06-e2ae8e4a30de ] Request (ServersTestBootFromVolume:setUpClass): 200 GET http://10.180.1.21/compute/v2.1/servers/e4395e44-91f2-4f9b-a902-12859618f9cd 0.045s
2025-06-14 01:25:09.437 61782 INFO tempest.lib.common.rest_client [req-35a48064-6444-4015-8900-8e750636d9e2 req-35a48064-6444-4015-8900-8e750636d9e2 ] Request (ServerDiagnosticsNegativeTest:test_get_server_diagnostics_by_non_admin): 200 GET http://10.180.1.21/compute/v2.1/servers/f21a02ec-4fa2-439c-aa56-570e175a8b5e 0.127s
2025-06-14 01:25:09.437 61778 INFO tempest.lib.common.rest_client [req-372ae777-62d2-4ece-910f-d928a6cfd6b7 req-372ae777-62d2-4ece-910f-d928a6cfd6b7 ] Request (ServersTestJSON:setUpClass): 200 GET http://10.180.1.21/compute/v2.1/servers/d2056fc4-ff5c-4c9f-ad5c-d0ecb466f618 0.080s
2025-06-14 01:25:09.479 61722 INFO tempest.lib.common.rest_client [req-2a941d43-3371-402b-a775-b049e305b8ab req-2a941d43-3371-402b-a775-b049e305b8ab ] Request (ServersTestManualDisk:setUpClass): 200 GET http://10.180.1.21/compute/v2.1/servers/a91235be-0b5f-4b2a-8da3-569ec393305a 0.079s
2025-06-14 01:25:09.479 61740 INFO tempest.lib.common.rest_client [req-b6572d6a-c0a6-4b78-939c-dbe6aa296a45 req-b6572d6a-c0a6-4b78-939c-dbe6aa296a45 ] Request (VolumesAssistedSnapshotsTest:test_volume_assisted_snapshot_create_delete): 200 GET http://10.180.1.21/compute/v2.1/servers/766a9405-8a7d-4876-8569-964d2e73fedb 0.076s
2025-06-14 01:25:09.525 61748 INFO tempest.lib.common.rest_client [req-f1227da5-d6a4-4eb8-a41d-5a813ecb3019 req-f1227da5-d6a4-4eb8-a41d-5a813ecb3019 ] Request (ServerMetadataTestJSON:setUpClass): 200 GET http://10.180.1.21/compute/v2.1/servers/63fdeef4-93e6-408c-9b37-33bf3532a6e8 0.081s
2025-06-14 01:25:09.533 61738 INFO tempest.lib.common.rest_client [req-55af254b-3dfb-4cd4-b2da-d910af32ab85 req-55af254b-3dfb-4cd4-b2da-d910af32ab85 ] Request (ServersListShow296Test:test_list_show_update_rebuild_server_296): 200 GET http://10.180.1.21/compute/v2.1/servers/a5eb3371-1899-44cb-ba30-44aa4d54b2ee 0.078s
2025-06-14 01:25:09.571 61746 INFO tempest.lib.common.rest_client [req-9633fbfd-60e2-41d1-a51c-a18953376b23 req-9633fbfd-60e2-41d1-a51c-a18953376b23 ] Request (ServersV294TestFqdnHostnames:setUpClass): 200 GET http://10.180.1.21/compute/v2.1/servers/c737971c-735e-4317-b0e6-eb73bfc8456a 0.076s
2025-06-14 01:25:09.575 61772 INFO tempest.lib.common.rest_client [req-b9bce517-cedb-4fb8-b96b-55ce5789a027 req-b9bce517-cedb-4fb8-b96b-55ce5789a027 ] Request (ListImageFiltersTestJSON:setUpClass): 200 GET http://10.180.1.21/compute/v2.1/servers/e6a7a2d1-a50d-478c-9c27-fe58504fa14b 0.078s
2025-06-14 01:25:09.616 61764 INFO tempest.lib.common.rest_client [req-8115cdbe-2452-49b8-aa76-0ae3e669770d req-8115cdbe-2452-49b8-aa76-0ae3e669770d ] Request (ServersAaction247Test:test_create_backup): 200 GET http://10.180.1.21/compute/v2.1/servers/53a53e12-741a-4104-91d1-8d41f2b490ab 0.076s
2025-06-14 01:25:09.623 61756 INFO tempest.lib.common.rest_client [req-764c9abe-5da5-4b84-93d6-8cbfcc1118fe req-764c9abe-5da5-4b84-93d6-8cbfcc1118fe ] Request (ImagesOneServerTestJSON:setUpClass): 200 GET http://10.180.1.21/compute/v2.1/servers/23b7562f-035c-487f-a1f2-279b69ca4355 0.043s
2025-06-14 01:25:09.742 61754 INFO tempest.lib.common.rest_client [req-2944554d-1d58-4c7d-8e36-928401ed29a4 req-2944554d-1d58-4c7d-8e36-928401ed29a4 ] Request (ServersAdminTestJSON:setUpClass): 200 GET http://10.180.1.21/compute/v2.1/servers/3395aaef-0db6-4fab-b8a5-79b781129690 0.124s
2025-06-14 01:25:09.759 61720 INFO tempest.lib.common.rest_client [req-1e2ef530-24c3-464e-adcb-d84f2711dec0 req-1e2ef530-24c3-464e-adcb-d84f2711dec0 ] Request (ServerDiagnosticsTest:test_get_server_diagnostics): 200 GET http://10.180.1.21/compute/v2.1/servers/b6dbc66b-ba8c-4f5f-93e3-fef9a50b104b 0.092s
2025-06-14 01:25:09.811 61730 INFO tempest.lib.common.rest_client [req-8c906108-fd42-4db4-afaf-de1e555bd70e req-8c906108-fd42-4db4-afaf-de1e555bd70e ] Request (ServerRescueTestJSON:setUpClass): 200 GET http://10.180.1.21/compute/v2.1/servers/b8a27ad2-4cc5-4219-9bc3-5735433b153c 0.045s
2025-06-14 01:25:09.854 61752 INFO tempest.lib.common.rest_client [req-12418c91-953d-4bf1-a6ad-dc1ac26f6ede req-12418c91-953d-4bf1-a6ad-dc1ac26f6ede ] Request (FloatingIPsAssociationTestJSON:setUpClass): 200 GET http://10.180.1.21/compute/v2.1/servers/20a0ddf2-83bc-4e56-8208-12bb200c26e2 0.045s
2025-06-14 01:25:09.895 61758 INFO tempest.lib.common.rest_client [req-2189a893-4164-4127-9f14-555acab354c9 req-2189a893-4164-4127-9f14-555acab354c9 ] Request (MigrationsAdminTest:test_list_migrations_in_flavor_resize_situation): 200 GET http://10.180.1.21/compute/v2.1/servers/94b6a93d-de4d-4600-94af-81dce16b22f7 0.086s
2025-06-14 01:25:10.016 61724 INFO tempest.lib.common.rest_client [req-e09cbdbc-c94f-47bf-9bef-4580fd2ac5f0 req-e09cbdbc-c94f-47bf-9bef-4580fd2ac5f0 ] Request (AttachInterfacesTestJSON:test_create_list_show_delete_interfaces_by_fixed_ip): 200 GET http://10.180.1.21/compute/v2.1/servers/a84b19ff-892b-43cb-9fd7-8f8b23f612a6 0.088s
2025-06-14 01:25:10.060 61762 INFO tempest.lib.common.rest_client [req-4caebfb6-8863-41a7-b606-52edc38f7bf2 req-4caebfb6-8863-41a7-b606-52edc38f7bf2 ] Request (ImagesNegativeTestJSON:test_create_image_from_deleted_server): 200 GET http://10.180.1.21/compute/v2.1/servers/276e62bf-fd35-47ed-b422-b45fb4a89ed2 0.091s
2025-06-14 01:25:10.061 61726 INFO tempest.lib.common.rest_client [req-c906c9d9-00d2-4f65-9df9-68a253384a8f req-c906c9d9-00d2-4f65-9df9-68a253384a8f ] Request (ServerExternalEventsTest:test_create_server_external_events): 200 GET http://10.180.1.21/compute/v2.1/servers/fb2c262b-17cf-44a2-a30f-a7fab3d6fe40 0.127s
2025-06-14 01:25:10.102 61745 INFO tempest.lib.common.rest_client [req-eaed06d8-3859-498d-b4a3-38d63e52e02b req-eaed06d8-3859-498d-b4a3-38d63e52e02b ] Request (ServersWithSpecificFlavorTestJSON:test_verify_created_server_ephemeral_disk): 200 GET http://10.180.1.21/compute/v2.1/servers/2d57a929-eb61-471d-b0a1-d1e366201ccc 0.090s
2025-06-14 01:25:10.143 61780 INFO tempest.lib.common.rest_client [req-9313c358-471d-47ed-9408-2887ba056247 req-9313c358-471d-47ed-9408-2887ba056247 ] Request (VolumesAdminNegativeTest:test_update_attached_volume_with_nonexistent_volume_in_body): 200 GET http://10.180.1.21/compute/v2.1/servers/9d46e2f3-2bb8-40d2-9e45-43e8c06c8d1f 0.088s
2025-06-14 01:25:10.185 61736 INFO tempest.lib.common.rest_client [req-1608a74e-3614-41c4-8c05-b42789e7bde4 req-1608a74e-3614-41c4-8c05-b42789e7bde4 ] Request (ServersTestMultiNic:test_verify_duplicate_network_nics): 200 GET http://10.180.1.21/compute/v2.1/servers/61c5fe8a-8fab-4fca-b03e-b583b2566162 0.122s
2025-06-14 01:25:10.191 61734 INFO tempest.lib.common.rest_client [req-e2028adc-f871-48d0-b76c-c12eee82530d req-e2028adc-f871-48d0-b76c-c12eee82530d ] Request (AttachInterfacesV270Test:test_create_get_list_interfaces): 200 GET http://10.180.1.21/compute/v2.1/servers/1438771e-fd84-4dac-81b1-c2df19972ebe 0.169s
2025-06-14 01:25:10.226 61728 INFO tempest.lib.common.rest_client [req-dfa62920-829f-42da-8f9b-2d31fca75841 req-dfa62920-829f-42da-8f9b-2d31fca75841 ] Request (ServerRescueNegativeTestJSON:setUpClass): 200 GET http://10.180.1.21/compute/v2.1/servers/d8cc1718-c721-478b-807a-d6ae1eb09c7c 0.120s
2025-06-14 01:25:10.267 61760 INFO tempest.lib.common.rest_client [req-fa56e390-e698-4c3b-8c82-d3f1167eebea req-fa56e390-e698-4c3b-8c82-d3f1167eebea ] Request (DeleteServersTestJSON:test_delete_active_server): 200 GET http://10.180.1.21/compute/v2.1/servers/697179bb-2391-4434-8144-ee917aa84441 0.117s
2025-06-14 01:25:10.278 61742 INFO tempest.lib.common.rest_client [req-872a850e-f113-4755-aef7-7a9d888d736a req-872a850e-f113-4755-aef7-7a9d888d736a ] Request (ServersAdminNegativeTestJSON:setUpClass): 200 GET http://10.180.1.21/compute/v2.1/servers/2d853a6e-4c2f-401e-9088-54e82bec1150 0.136s
2025-06-14 01:25:10.312 61774 INFO tempest.lib.common.rest_client [req-be4e8176-6359-48c3-b6cc-224eb8706cdb req-be4e8176-6359-48c3-b6cc-224eb8706cdb ] Request (ServerDiskConfigTestJSON:test_rebuild_server_with_auto_disk_config): 200 GET http://10.180.1.21/compute/v2.1/servers/3ca84343-76bb-46f4-89d8-3cc45ac3dc0b 0.127s
2025-06-14 01:25:10.323 61732 INFO tempest.lib.common.rest_client [req-546f1e54-893e-4ec9-b82c-f3b3d4703054 req-546f1e54-893e-4ec9-b82c-f3b3d4703054 ] Request (ServerAddressesNegativeTestJSON:setUpClass): 200 GET http://10.180.1.21/compute/v2.1/servers/f152a563-2988-4fac-9974-af25e17f14d1 0.130s
2025-06-14 01:25:10.403 61751 INFO tempest.lib.common.rest_client [req-1dc40865-2251-475e-b1f8-0ab28f3b2ed2 req-1dc40865-2251-475e-b1f8-0ab28f3b2ed2 ] Request (AttachVolumeTestJSON:test_attach_detach_volume): 200 GET http://10.180.1.21/compute/v2.1/servers/56f9a2d5-b28d-4a2a-bc52-2b8a00ee1c0a 0.045s
2025-06-14 01:25:10.445 61770 INFO tempest.lib.common.rest_client [req-78c1e9e0-907e-465c-b554-8effbea4591a req-78c1e9e0-907e-465c-b554-8effbea4591a ] Request (ServersTestBootFromVolume:setUpClass): 200 GET http://10.180.1.21/compute/v2.1/servers/e4395e44-91f2-4f9b-a902-12859618f9cd 0.042s
2025-06-14 01:25:10.449 61768 INFO tempest.lib.common.rest_client [req-2d7808bc-7307-46da-ad1f-9ef8c7d3463e req-2d7808bc-7307-46da-ad1f-9ef8c7d3463e ] Request (DeleteServersAdminTestJSON:test_admin_delete_servers_of_others): 200 GET http://10.180.1.21/compute/v2.1/servers/f59b0b04-643c-497c-90a0-a7f885c1eb3b 0.088s
2025-06-14 01:25:10.492 61778 INFO tempest.lib.common.rest_client [req-bef55585-bd26-4b99-9e65-7c9952767cee req-bef55585-bd26-4b99-9e65-7c9952767cee ] Request (ServersTestJSON:setUpClass): 200 GET http://10.180.1.21/compute/v2.1/servers/d2056fc4-ff5c-4c9f-ad5c-d0ecb466f618 0.047s
2025-06-14 01:25:10.530 61782 INFO tempest.lib.common.rest_client [req-5c1db750-c308-42cf-af3a-5e175df7026e req-5c1db750-c308-42cf-af3a-5e175df7026e ] Request (ServerDiagnosticsNegativeTest:test_get_server_diagnostics_by_non_admin): 200 GET http://10.180.1.21/compute/v2.1/servers/f21a02ec-4fa2-439c-aa56-570e175a8b5e 0.086s
2025-06-14 01:25:10.535 61740 INFO tempest.lib.common.rest_client [req-0902b43c-7f22-4dc0-9f61-814377539bf8 req-0902b43c-7f22-4dc0-9f61-814377539bf8 ] Request (VolumesAssistedSnapshotsTest:test_volume_assisted_snapshot_create_delete): 200 GET http://10.180.1.21/compute/v2.1/servers/766a9405-8a7d-4876-8569-964d2e73fedb 0.048s
2025-06-14 01:25:10.576 61748 INFO tempest.lib.common.rest_client [req-bc8c5f45-1876-46dc-853c-a45769b26b01 req-bc8c5f45-1876-46dc-853c-a45769b26b01 ] Request (ServerMetadataTestJSON:setUpClass): 200 GET http://10.180.1.21/compute/v2.1/servers/63fdeef4-93e6-408c-9b37-33bf3532a6e8 0.043s
2025-06-14 01:25:10.627 61738 INFO tempest.lib.common.rest_client [req-f884c007-ed0d-4c98-abba-3e8eaf39de52 req-f884c007-ed0d-4c98-abba-3e8eaf39de52 ] Request (ServersListShow296Test:test_list_show_update_rebuild_server_296): 200 GET http://10.180.1.21/compute/v2.1/servers/a5eb3371-1899-44cb-ba30-44aa4d54b2ee 0.084s
2025-06-14 01:25:10.676 61746 INFO tempest.lib.common.rest_client [req-712a5c39-ae3d-4fc5-9c81-f233464a8c96 req-712a5c39-ae3d-4fc5-9c81-f233464a8c96 ] Request (ServersV294TestFqdnHostnames:setUpClass): 200 GET http://10.180.1.21/compute/v2.1/servers/c737971c-735e-4317-b0e6-eb73bfc8456a 0.095s
2025-06-14 01:25:10.719 61772 INFO tempest.lib.common.rest_client [req-195e7d23-1782-4897-bbe0-f6f6a2c53932 req-195e7d23-1782-4897-bbe0-f6f6a2c53932 ] Request (ListImageFiltersTestJSON:setUpClass): 200 GET http://10.180.1.21/compute/v2.1/servers/e6a7a2d1-a50d-478c-9c27-fe58504fa14b 0.137s
2025-06-14 01:25:10.744 61722 INFO tempest.lib.common.rest_client [req-d7d3da59-57e1-4ffe-bbad-3eeb40058146 req-d7d3da59-57e1-4ffe-bbad-3eeb40058146 ] Request (ServersTestManualDisk:setUpClass): 200 GET http://10.180.1.21/compute/v2.1/servers/a91235be-0b5f-4b2a-8da3-569ec393305a 0.257s
2025-06-14 01:25:10.764 61764 INFO tempest.lib.common.rest_client [req-c7ce402d-1a29-4118-a65e-f29df9be3b7a req-c7ce402d-1a29-4118-a65e-f29df9be3b7a ] Request (ServersAaction247Test:test_create_backup): 200 GET http://10.180.1.21/compute/v2.1/servers/53a53e12-741a-4104-91d1-8d41f2b490ab 0.138s
2025-06-14 01:25:10.787 61756 INFO tempest.lib.common.rest_client [req-cf0bfb2f-85de-4708-a124-8190e9a91960 req-cf0bfb2f-85de-4708-a124-8190e9a91960 ] Request (ImagesOneServerTestJSON:setUpClass): 200 GET http://10.180.1.21/compute/v2.1/servers/23b7562f-035c-487f-a1f2-279b69ca4355 0.157s
2025-06-14 01:25:10.881 61754 INFO tempest.lib.common.rest_client [req-93deec5f-26d1-4c71-be7d-c10ae7f9ef75 req-93deec5f-26d1-4c71-be7d-c10ae7f9ef75 ] Request (ServersAdminTestJSON:setUpClass): 200 GET http://10.180.1.21/compute/v2.1/servers/3395aaef-0db6-4fab-b8a5-79b781129690 0.132s
2025-06-14 01:25:10.901 61720 INFO tempest.lib.common.rest_client [req-0dd7ce14-13c6-4e57-855f-04cdd8c21b52 req-0dd7ce14-13c6-4e57-855f-04cdd8c21b52 ] Request (ServerDiagnosticsTest:test_get_server_diagnostics): 200 GET http://10.180.1.21/compute/v2.1/servers/b6dbc66b-ba8c-4f5f-93e3-fef9a50b104b 0.134s
2025-06-14 01:25:10.924 61730 INFO tempest.lib.common.rest_client [req-158b4451-4ac1-4a78-b9cd-456fac16080d req-158b4451-4ac1-4a78-b9cd-456fac16080d ] Request (ServerRescueTestJSON:setUpClass): 200 GET http://10.180.1.21/compute/v2.1/servers/b8a27ad2-4cc5-4219-9bc3-5735433b153c 0.106s
2025-06-14 01:25:10.944 61752 INFO tempest.lib.common.rest_client [req-68bcc450-a569-45f0-92c8-febf159ec719 req-68bcc450-a569-45f0-92c8-febf159ec719 ] Request (FloatingIPsAssociationTestJSON:setUpClass): 200 GET http://10.180.1.21/compute/v2.1/servers/20a0ddf2-83bc-4e56-8208-12bb200c26e2 0.082s
2025-06-14 01:25:11.011 61758 INFO tempest.lib.common.rest_client [req-7cab02c4-8ce6-4207-925f-a018f4813e87 req-7cab02c4-8ce6-4207-925f-a018f4813e87 ] Request (MigrationsAdminTest:test_list_migrations_in_flavor_resize_situation): 200 GET http://10.180.1.21/compute/v2.1/servers/94b6a93d-de4d-4600-94af-81dce16b22f7 0.108s
2025-06-14 01:25:11.114 61762 INFO tempest.lib.common.rest_client [req-2810306d-6416-488e-9c1f-51c3dfc08741 req-2810306d-6416-488e-9c1f-51c3dfc08741 ] Request (ImagesNegativeTestJSON:test_create_image_from_deleted_server): 200 GET http://10.180.1.21/compute/v2.1/servers/276e62bf-fd35-47ed-b422-b45fb4a89ed2 0.047s
2025-06-14 01:25:11.115 61724 INFO tempest.lib.common.rest_client [req-2999ad47-6d90-40c2-bde9-698cef1bb7b9 req-2999ad47-6d90-40c2-bde9-698cef1bb7b9 ] Request (AttachInterfacesTestJSON:test_create_list_show_delete_interfaces_by_fixed_ip): 200 GET http://10.180.1.21/compute/v2.1/servers/a84b19ff-892b-43cb-9fd7-8f8b23f612a6 0.092s
2025-06-14 01:25:11.160 61745 INFO tempest.lib.common.rest_client [req-36abf554-ac1f-4f9c-ac12-0d0558943ef1 req-36abf554-ac1f-4f9c-ac12-0d0558943ef1 ] Request (ServersWithSpecificFlavorTestJSON:test_verify_created_server_ephemeral_disk): 200 GET http://10.180.1.21/compute/v2.1/servers/2d57a929-eb61-471d-b0a1-d1e366201ccc 0.051s
2025-06-14 01:25:11.202 61780 INFO tempest.lib.common.rest_client [req-0ffb9d43-02ba-4a62-ac48-5b79066aa7af req-0ffb9d43-02ba-4a62-ac48-5b79066aa7af ] Request (VolumesAdminNegativeTest:test_update_attached_volume_with_nonexistent_volume_in_body): 200 GET http://10.180.1.21/compute/v2.1/servers/9d46e2f3-2bb8-40d2-9e45-43e8c06c8d1f 0.050s
2025-06-14 01:25:11.205 61726 INFO tempest.lib.common.rest_client [req-32d5ea26-8df1-4ae2-ad71-f168203f1d86 req-32d5ea26-8df1-4ae2-ad71-f168203f1d86 ] Request (ServerExternalEventsTest:test_create_server_external_events): 200 GET http://10.180.1.21/compute/v2.1/servers/fb2c262b-17cf-44a2-a30f-a7fab3d6fe40 0.136s
2025-06-14 01:25:11.250 61736 INFO tempest.lib.common.rest_client [req-fb1efe8e-7f82-47e7-bc01-76404c719a56 req-fb1efe8e-7f82-47e7-bc01-76404c719a56 ] Request (ServersTestMultiNic:test_verify_duplicate_network_nics): 200 GET http://10.180.1.21/compute/v2.1/servers/61c5fe8a-8fab-4fca-b03e-b583b2566162 0.058s
2025-06-14 01:25:11.309 61728 INFO tempest.lib.common.rest_client [req-6c6b96e4-8853-457c-bc94-7572d7c4f49e req-6c6b96e4-8853-457c-bc94-7572d7c4f49e ] Request (ServerRescueNegativeTestJSON:setUpClass): 200 GET http://10.180.1.21/compute/v2.1/servers/d8cc1718-c721-478b-807a-d6ae1eb09c7c 0.075s
2025-06-14 01:25:11.315 61734 INFO tempest.lib.common.rest_client [req-2d726848-20d9-4dc4-827f-033553f35a0b req-2d726848-20d9-4dc4-827f-033553f35a0b ] Request (AttachInterfacesV270Test:test_create_get_list_interfaces): 200 GET http://10.180.1.21/compute/v2.1/servers/1438771e-fd84-4dac-81b1-c2df19972ebe 0.115s
2025-06-14 01:25:11.352 61760 INFO tempest.lib.common.rest_client [req-72d475a6-3de4-4b4a-8bb6-6a2feb02d2a0 req-72d475a6-3de4-4b4a-8bb6-6a2feb02d2a0 ] Request (DeleteServersTestJSON:test_delete_active_server): 200 GET http://10.180.1.21/compute/v2.1/servers/697179bb-2391-4434-8144-ee917aa84441 0.077s
2025-06-14 01:25:11.393 61774 INFO tempest.lib.common.rest_client [req-df839c0f-851e-4197-b45a-1f37d01d5c1e req-df839c0f-851e-4197-b45a-1f37d01d5c1e ] Request (ServerDiskConfigTestJSON:test_rebuild_server_with_auto_disk_config): 200 GET http://10.180.1.21/compute/v2.1/servers/3ca84343-76bb-46f4-89d8-3cc45ac3dc0b 0.072s
2025-06-14 01:25:11.407 61742 INFO tempest.lib.common.rest_client [req-6818bb9d-ef3b-4870-b1b0-0ad0e7a5ba49 req-6818bb9d-ef3b-4870-b1b0-0ad0e7a5ba49 ] Request (ServersAdminNegativeTestJSON:setUpClass): 200 GET http://10.180.1.21/compute/v2.1/servers/2d853a6e-4c2f-401e-9088-54e82bec1150 0.121s
2025-06-14 01:25:11.434 61732 INFO tempest.lib.common.rest_client [req-344dfc4c-ec4c-4e92-96ab-5d0e9211ffc9 req-344dfc4c-ec4c-4e92-96ab-5d0e9211ffc9 ] Request (ServerAddressesNegativeTestJSON:setUpClass): 200 GET http://10.180.1.21/compute/v2.1/servers/f152a563-2988-4fac-9974-af25e17f14d1 0.103s
2025-06-14 01:25:11.456 61751 INFO tempest.lib.common.rest_client [req-b0af8928-82cb-416f-839d-203b78beb752 req-b0af8928-82cb-416f-839d-203b78beb752 ] Request (AttachVolumeTestJSON:test_attach_detach_volume): 200 GET http://10.180.1.21/compute/v2.1/servers/56f9a2d5-b28d-4a2a-bc52-2b8a00ee1c0a 0.044s
2025-06-14 01:25:11.498 61770 INFO tempest.lib.common.rest_client [req-dfa05174-7b11-4222-bdf1-13befa49e241 req-dfa05174-7b11-4222-bdf1-13befa49e241 ] Request (ServersTestBootFromVolume:setUpClass): 200 GET http://10.180.1.21/compute/v2.1/servers/e4395e44-91f2-4f9b-a902-12859618f9cd 0.045s
2025-06-14 01:25:11.544 61778 INFO tempest.lib.common.rest_client [req-fd8cd51b-cde2-4129-9447-405b4e8199a7 req-fd8cd51b-cde2-4129-9447-405b4e8199a7 ] Request (ServersTestJSON:setUpClass): 200 GET http://10.180.1.21/compute/v2.1/servers/d2056fc4-ff5c-4c9f-ad5c-d0ecb466f618 0.045s
2025-06-14 01:25:11.547 61768 INFO tempest.lib.common.rest_client [req-541296b0-e73f-4c74-a576-27a52eb83ed5 req-541296b0-e73f-4c74-a576-27a52eb83ed5 ] Request (DeleteServersAdminTestJSON:test_admin_delete_servers_of_others): 200 GET http://10.180.1.21/compute/v2.1/servers/f59b0b04-643c-497c-90a0-a7f885c1eb3b 0.091s
2025-06-14 01:25:11.590 61740 INFO tempest.lib.common.rest_client [req-f0d5486d-38cf-47b6-8bfb-f2cbaa58eab9 req-f0d5486d-38cf-47b6-8bfb-f2cbaa58eab9 ] Request (VolumesAssistedSnapshotsTest:test_volume_assisted_snapshot_create_delete): 200 GET http://10.180.1.21/compute/v2.1/servers/766a9405-8a7d-4876-8569-964d2e73fedb 0.048s
2025-06-14 01:25:11.632 61748 INFO tempest.lib.common.rest_client [req-9673b2b6-3552-4afa-aaee-13bdcdb25d9f req-9673b2b6-3552-4afa-aaee-13bdcdb25d9f ] Request (ServerMetadataTestJSON:setUpClass): 200 GET http://10.180.1.21/compute/v2.1/servers/63fdeef4-93e6-408c-9b37-33bf3532a6e8 0.049s
2025-06-14 01:25:11.676 61782 INFO tempest.lib.common.rest_client [req-4b2727c8-ba4f-4970-ac97-afbc4cad561f req-4b2727c8-ba4f-4970-ac97-afbc4cad561f ] Request (ServerDiagnosticsNegativeTest:test_get_server_diagnostics_by_non_admin): 200 GET http://10.180.1.21/compute/v2.1/servers/f21a02ec-4fa2-439c-aa56-570e175a8b5e 0.138s
2025-06-14 01:25:11.691 61738 INFO tempest.lib.common.rest_client [req-d5e16664-16b1-45e6-bcd0-0cf3e7b63348 req-d5e16664-16b1-45e6-bcd0-0cf3e7b63348 ] Request (ServersListShow296Test:test_list_show_update_rebuild_server_296): 200 GET http://10.180.1.21/compute/v2.1/servers/a5eb3371-1899-44cb-ba30-44aa4d54b2ee 0.053s
2025-06-14 01:25:11.734 61746 INFO tempest.lib.common.rest_client [req-60367e7f-dccb-4cfe-8cb5-833757d82de7 req-60367e7f-dccb-4cfe-8cb5-833757d82de7 ] Request (ServersV294TestFqdnHostnames:setUpClass): 200 GET http://10.180.1.21/compute/v2.1/servers/c737971c-735e-4317-b0e6-eb73bfc8456a 0.048s
2025-06-14 01:25:11.771 61772 INFO tempest.lib.common.rest_client [req-9fda17e2-0f86-4115-8e3d-57c4965c80e7 req-9fda17e2-0f86-4115-8e3d-57c4965c80e7 ] Request (ListImageFiltersTestJSON:setUpClass): 200 GET http://10.180.1.21/compute/v2.1/servers/e6a7a2d1-a50d-478c-9c27-fe58504fa14b 0.045s
2025-06-14 01:25:11.799 61722 INFO tempest.lib.common.rest_client [req-97f755d9-1c6f-4979-a84b-b8439abcc48a req-97f755d9-1c6f-4979-a84b-b8439abcc48a ] Request (ServersTestManualDisk:setUpClass): 200 GET http://10.180.1.21/compute/v2.1/servers/a91235be-0b5f-4b2a-8da3-569ec393305a 0.047s
2025-06-14 01:25:11.824 61764 INFO tempest.lib.common.rest_client [req-c7e4636f-69a2-4893-92bb-f91aa60feb2e req-c7e4636f-69a2-4893-92bb-f91aa60feb2e ] Request (ServersAaction247Test:test_create_backup): 200 GET http://10.180.1.21/compute/v2.1/servers/53a53e12-741a-4104-91d1-8d41f2b490ab 0.049s
2025-06-14 01:25:11.843 61756 INFO tempest.lib.common.rest_client [req-c5dfd42e-6af9-4c38-a48b-bf6aa6b0dd90 req-c5dfd42e-6af9-4c38-a48b-bf6aa6b0dd90 ] Request (ImagesOneServerTestJSON:setUpClass): 200 GET http://10.180.1.21/compute/v2.1/servers/23b7562f-035c-487f-a1f2-279b69ca4355 0.047s
2025-06-14 01:25:11.978 61754 INFO tempest.lib.common.rest_client [req-4f826c81-03cf-434b-ab90-70caf81c7467 req-4f826c81-03cf-434b-ab90-70caf81c7467 ] Request (ServersAdminTestJSON:setUpClass): 200 GET http://10.180.1.21/compute/v2.1/servers/3395aaef-0db6-4fab-b8a5-79b781129690 0.089s
2025-06-14 01:25:11.999 61720 INFO tempest.lib.common.rest_client [req-6e57a55c-d28f-4393-bc49-5371deb00cb0 req-6e57a55c-d28f-4393-bc49-5371deb00cb0 ] Request (ServerDiagnosticsTest:test_get_server_diagnostics): 200 GET http://10.180.1.21/compute/v2.1/servers/b6dbc66b-ba8c-4f5f-93e3-fef9a50b104b 0.090s
2025-06-14 01:25:12.021 61730 INFO tempest.lib.common.rest_client [req-bbfade84-b442-4c20-92d0-c2d931891d62 req-bbfade84-b442-4c20-92d0-c2d931891d62 ] Request (ServerRescueTestJSON:setUpClass): 200 GET http://10.180.1.21/compute/v2.1/servers/b8a27ad2-4cc5-4219-9bc3-5735433b153c 0.090s
2025-06-14 01:25:12.046 61752 INFO tempest.lib.common.rest_client [req-d8348729-85b5-4f00-a0c1-9262c02bd3a8 req-d8348729-85b5-4f00-a0c1-9262c02bd3a8 ] Request (FloatingIPsAssociationTestJSON:setUpClass): 200 GET http://10.180.1.21/compute/v2.1/servers/20a0ddf2-83bc-4e56-8208-12bb200c26e2 0.094s
2025-06-14 01:25:12.105 61758 INFO tempest.lib.common.rest_client [req-919b1d41-be3d-40c6-b374-6a2982a6abee req-919b1d41-be3d-40c6-b374-6a2982a6abee ] Request (MigrationsAdminTest:test_list_migrations_in_flavor_resize_situation): 200 GET http://10.180.1.21/compute/v2.1/servers/94b6a93d-de4d-4600-94af-81dce16b22f7 0.085s
2025-06-14 01:25:12.169 61762 INFO tempest.lib.common.rest_client [req-f29df1a0-1853-4835-ac97-c67c8405a4a5 req-f29df1a0-1853-4835-ac97-c67c8405a4a5 ] Request (ImagesNegativeTestJSON:test_create_image_from_deleted_server): 200 GET http://10.180.1.21/compute/v2.1/servers/276e62bf-fd35-47ed-b422-b45fb4a89ed2 0.047s
2025-06-14 01:25:12.212 61745 INFO tempest.lib.common.rest_client [req-1bc2f152-00e0-4b06-a57c-0f6bfee20315 req-1bc2f152-00e0-4b06-a57c-0f6bfee20315 ] Request (ServersWithSpecificFlavorTestJSON:test_verify_created_server_ephemeral_disk): 200 GET http://10.180.1.21/compute/v2.1/servers/2d57a929-eb61-471d-b0a1-d1e366201ccc 0.044s
2025-06-14 01:25:12.250 61724 INFO tempest.lib.common.rest_client [req-3733db77-f377-42b9-a480-1547f9292a28 req-3733db77-f377-42b9-a480-1547f9292a28 ] Request (AttachInterfacesTestJSON:test_create_list_show_delete_interfaces_by_fixed_ip): 200 GET http://10.180.1.21/compute/v2.1/servers/a84b19ff-892b-43cb-9fd7-8f8b23f612a6 0.126s
2025-06-14 01:25:12.257 61780 INFO tempest.lib.common.rest_client [req-19188d7d-e9b9-48dd-b23d-c6b49896cb5a req-19188d7d-e9b9-48dd-b23d-c6b49896cb5a ] Request (VolumesAdminNegativeTest:test_update_attached_volume_with_nonexistent_volume_in_body): 200 GET http://10.180.1.21/compute/v2.1/servers/9d46e2f3-2bb8-40d2-9e45-43e8c06c8d1f 0.047s
2025-06-14 01:25:12.305 61736 INFO tempest.lib.common.rest_client [req-0acd0741-fe11-45cc-aed7-c816045f10c0 req-0acd0741-fe11-45cc-aed7-c816045f10c0 ] Request (ServersTestMultiNic:test_verify_duplicate_network_nics): 200 GET http://10.180.1.21/compute/v2.1/servers/61c5fe8a-8fab-4fca-b03e-b583b2566162 0.044s
2025-06-14 01:25:12.338 61726 INFO tempest.lib.common.rest_client [req-4305f07e-51e9-4715-ae45-5cee1a5139bf req-4305f07e-51e9-4715-ae45-5cee1a5139bf ] Request (ServerExternalEventsTest:test_create_server_external_events): 200 GET http://10.180.1.21/compute/v2.1/servers/fb2c262b-17cf-44a2-a30f-a7fab3d6fe40 0.124s
2025-06-14 01:25:12.361 61728 INFO tempest.lib.common.rest_client [req-4da89cb7-9a99-46ed-b09a-c9ea78261b5a req-4da89cb7-9a99-46ed-b09a-c9ea78261b5a ] Request (ServerRescueNegativeTestJSON:setUpClass): 200 GET http://10.180.1.21/compute/v2.1/servers/d8cc1718-c721-478b-807a-d6ae1eb09c7c 0.044s
2025-06-14 01:25:12.404 61760 INFO tempest.lib.common.rest_client [req-331a3695-12be-46b9-8272-8218a178c37e req-331a3695-12be-46b9-8272-8218a178c37e ] Request (DeleteServersTestJSON:test_delete_active_server): 200 GET http://10.180.1.21/compute/v2.1/servers/697179bb-2391-4434-8144-ee917aa84441 0.044s
2025-06-14 01:25:12.427 61734 INFO tempest.lib.common.rest_client [req-bbeb91e5-03b9-44b6-a112-5a5a9332fcfe req-bbeb91e5-03b9-44b6-a112-5a5a9332fcfe ] Request (AttachInterfacesV270Test:test_create_get_list_interfaces): 200 GET http://10.180.1.21/compute/v2.1/servers/1438771e-fd84-4dac-81b1-c2df19972ebe 0.102s
